03-17 18:55:02.897 10173 10204 D TimerTriggerController: Calling onTimerReset for timer: onIndcnVehSpdChanged
03-17 18:55:02.897 10173 10204 D TimerTriggerManager: Timer reset: onIndcnVehSpdChanged
03-17 18:55:02.897 10173 10204 I TimerTriggerController: Timer [onIndcnVehSpdChanged] reset, remaining: 1000ms, reset count: 479
03-17 18:55:02.897   582  3616 E WifiHAL : Invalid data received from driver
03-17 18:55:02.897   582  3616 E WifiHAL : Invalid data received from driver
03-17 18:55:02.897   582  3616 E WifiHAL : Invalid data received from driver
03-17 18:55:02.897   582  3616 E WifiHAL : Invalid data received from driver
03-17 18:55:02.897   582  3616 E WifiHAL : Invalid data received from driver
03-17 18:55:02.897   582  3616 E WifiHAL : Invalid data received from driver
03-17 18:55:02.897   582  3616 E WifiHAL : Invalid data received from driver
03-17 18:55:02.897 10173 10197 D TimerTriggerManager: init instance...
03-17 18:55:02.897 10173 10197 D TimerTriggerManager: Timer thread'TimerTriggerManager' is destroyed: false
03-17 18:55:02.897 10173 10197 D TimerTriggerManager: Timer 'onMntnWarnReqChanged' is running: true
03-17 18:55:02.897 10173 10197 D TimerTriggerManager: Sending reset signal to timer 'onMntnWarnReqChanged'
03-17 18:55:02.897 10173 10197 D TimerTriggerManager: Reset signal sent to timer 'onMntnWarnReqChanged'
03-17 18:55:02.898 10173 10204 D TimerTriggerController: Reset method called for timer: onMntnWarnReqChanged
03-17 18:55:02.898 10173 10204 D TimerTriggerController: Calling onTimerReset for timer: onMntnWarnReqChanged
03-17 18:55:02.898 10173 10204 D TimerTriggerManager: Timer reset: onMntnWarnReqChanged
03-17 18:55:02.898 10173 10204 I TimerTriggerController: Timer [onMntnWarnReqChanged] reset, remaining: 5000ms, reset count: 240
03-17 18:55:02.899   642   685 I mcuc    : sd Uart data : 6AA60208EE0002920272
03-17 18:55:02.904   642   685 I mcuc    : rev uart=2384,len=21, data : 6AA68108EE000D92020005000000000000000001E2
03-17 18:55:02.905   400  1006 D adayocomadapter-ParseProtocolFunc: printRaWMsg Name[MCUToUPstream recv] len[13] data[92020005000000000000000001]
03-17 18:55:02.905   400  1006 D adayocomadapter-CommunicationManager: onUpstreamback   member[0] dataLength[10] timePoint[236852]
03-17 18:55:02.905   400  1006 D adayocomadapter-ParseProtocolFunc: printRaWMsg Name[onUpstreamback] len[10] data[05000000000000000001]
03-17 18:55:02.905   400   452 D adayocomadapter-UpstreamHandler: processBeforePacket upSreamtProcessTimePoint[236852] 
03-17 18:55:02.905   400   452 D adayocomadapter-UpstreamHandler: processPacket UPSTREAM_QUEUE_DATA_TIMEOUT
03-17 18:55:02.905   400   452 D adayocomadapter-ParseProtocolFunc: parseCommonIPCLBytes Processing tableNumber[5]
03-17 18:55:02.905   400   452 D adayocomadapter-ParseProtocolFunc: parseCommonIPCLBytes Processing tablename[Table-5] tableSize[10]
03-17 18:55:02.905   400   452 D adayocomadapter-ParseProtocolFunc: printRaWMsg Name[byteStream recv] len[10] data[05000000000000000001]
03-17 18:55:02.905   400   452 D adayocomadapter-ParseProtocolFunc: printRaWMsg Name[IPCLtoVHAL] len[8] data[2140213400010000]
03-17 18:55:02.905   400   452 D adayocomadapter-ParseProtocolFunc: printRaWMsg Name[IPCLtoVHAL] len[8] data[2140213500010000]
03-17 18:55:02.905   400   452 D adayocomadapter-ParseProtocolFunc: printRaWMsg Name[IPCLtoVHAL] len[8] data[2140213600010000]
03-17 18:55:02.905   400   452 D adayocomadapter-ParseProtocolFunc: printRaWMsg Name[IPCLtoVHAL] len[8] data[2140213700010000]
03-17 18:55:02.905   400   452 D adayocomadapter-CommunicationManager: onUpstreamReceive isLoss 1 mPropertyId 0x21402134
03-17 18:55:02.905   400   452 D adayocomadapter-CommunicationManager: convertBytesToInt32Memcpy  0
03-17 18:55:02.905   400   452 D vw-vhal : notifyVehicleProperty, propId = 0x21402134, data = {status: 3, int32Values: [0]}
03-17 18:55:02.905   400   452 I DefaultVehicleHal_v2_0: DefaultVehicleHal::onPropertyValue, value:{.timestamp = 236852964360, .areaId = 0, .prop = 557850932, .status = UNAVAILABLE, .value = {.int32Values = [1]{0}, .floatValues = [0]{}, .int64Values = [0]{}, .bytes = [0]{}, .stringValue = ""}}
03-17 18:55:02.905   400   452 D adayocomadapter-CommunicationManager: onUpstreamReceive mPropertyId 0x21402134
03-17 18:55:02.905   400   452 D adayocomadapter-CommunicationManager: onUpstreamReceive isLoss 1 mPropertyId 0x21402135
03-17 18:55:02.905   400   452 D adayocomadapter-CommunicationManager: convertBytesToInt32Memcpy  0
03-17 18:55:02.905   400   452 D vw-vhal : notifyVehicleProperty, propId = 0x21402135, data = {status: 3, int32Values: [0]}
03-17 18:55:02.905   400   452 I DefaultVehicleHal_v2_0: DefaultVehicleHal::onPropertyValue, value:{.timestamp = 236853102693, .areaId = 0, .prop = 557850933, .status = UNAVAILABLE, .value = {.int32Values = [1]{0}, .floatValues = [0]{}, .int64Values = [0]{}, .bytes = [0]{}, .stringValue = ""}}
03-17 18:55:02.905   400   452 D adayocomadapter-CommunicationManager: onUpstreamReceive mPropertyId 0x21402135
03-17 18:55:02.905   400   452 D adayocomadapter-CommunicationManager: onUpstreamReceive isLoss 1 mPropertyId 0x21402136
03-17 18:55:02.905   400   452 D adayocomadapter-CommunicationManager: convertBytesToInt32Memcpy  0
03-17 18:55:02.905   400   452 D vw-vhal : notifyVehicleProperty, propId = 0x21402136, data = {status: 3, int32Values: [0]}
03-17 18:55:02.905   400   452 I DefaultVehicleHal_v2_0: DefaultVehicleHal::onPropertyValue, value:{.timestamp = 236853215693, .areaId = 0, .prop = 557850934, .status = UNAVAILABLE, .value = {.int32Values = [1]{0}, .floatValues = [0]{}, .int64Values = [0]{}, .bytes = [0]{}, .stringValue = ""}}
03-17 18:55:02.905   400   452 D adayocomadapter-CommunicationManager: onUpstreamReceive mPropertyId 0x21402136
03-17 18:55:02.905   400   452 D adayocomadapter-CommunicationManager: onUpstreamReceive isLoss 1 mPropertyId 0x21402137
03-17 18:55:02.905   400   452 D adayocomadapter-CommunicationManager: convertBytesToInt32Memcpy  0
03-17 18:55:02.905   400   452 D vw-vhal : notifyVehicleProperty, propId = 0x21402137, data = {status: 3, int32Values: [0]}
03-17 18:55:02.905   400   452 I DefaultVehicleHal_v2_0: DefaultVehicleHal::onPropertyValue, value:{.timestamp = 236853325693, .areaId = 0, .prop = 557850935, .status = UNAVAILABLE, .value = {.int32Values = [1]{0}, .floatValues = [0]{}, .int64Values = [0]{}, .bytes = [0]{}, .stringValue = ""}}
03-17 18:55:02.905   400   452 D adayocomadapter-CommunicationManager: onUpstreamReceive mPropertyId 0x21402137
03-17 18:55:02.936  2106  2492 I CarPopupManagementService: Retrying TextToSpeech initialization
03-17 18:55:02.936  2106  2492 W TextToSpeech: shutdown failed: not bound to TTS engine
03-17 18:55:02.937   316   316 I auditd  : avc:  denied  { find } for pid=2106 uid=1000 name=texttospeech scontext=u:r:carservice_app:s0 tcontext=u:object_r:texttospeech_service:s0 tclass=service_manager permissive=0
03-17 18:55:02.938  2106  2492 E TextToSpeech: System service is not available!
03-17 18:55:02.938  2106  2492 E TextToSpeech: Failed to bind to com.iflytek.cutefly.speechclient.hmi
03-17 18:55:02.938  2106  2492 I CarPopupManagementService: TextToSpeech init
03-17 18:55:02.938  2106  2492 E CarPopupManagementService: TextToSpeech init failed: -1
03-17 18:55:02.973   582  3616 E WifiHAL : Invalid data received from driver
03-17 18:55:02.975  2383  2600 D AdayoDoipServer294_Doip: [ne_doip_event_loop_dispatch][line:141] : count = 0
03-17 18:55:02.996 10173 10197 D TimerTriggerManager: init instance...
03-17 18:55:02.996 10173 10197 D TimerTriggerManager: Timer thread'TimerTriggerManager' is destroyed: false
03-17 18:55:02.996 10173 10197 D TimerTriggerManager: Timer 'onIndcnVehSpdChanged' is running: true
03-17 18:55:02.996 10173 10197 D TimerTriggerManager: Sending reset signal to timer 'onIndcnVehSpdChanged'
03-17 18:55:02.996 10173 10197 D TimerTriggerManager: Reset signal sent to timer 'onIndcnVehSpdChanged'
03-17 18:55:02.997 10173 10204 D TimerTriggerController: Reset method called for timer: onIndcnVehSpdChanged
03-17 18:55:02.997 10173 10204 D TimerTriggerController: Calling onTimerReset for timer: onIndcnVehSpdChanged
03-17 18:55:02.997 10173 10204 D TimerTriggerManager: Timer reset: onIndcnVehSpdChanged
03-17 18:55:02.997 10173 10204 I TimerTriggerController: Timer [onIndcnVehSpdChanged] reset, remaining: 1000ms, reset count: 480
03-17 18:55:03.028  2705  3422 E NetProxyJNI: getNetworkTraffic up: 373,down:68
03-17 18:55:03.028  2705  3422 I TboxServiceManager: 上下行类型变化 type:0
03-17 18:55:03.029  2705  3422 I TboxServiceStatusMonitor: onNetworkTrafficChange type: 0
03-17 18:55:03.031  1566  3186 D TboxNetworkManager: tboxNetworkbinder=null
03-17 18:55:03.049   582  3616 E WifiHAL : Invalid data received from driver
03-17 18:55:03.076  2383  2600 D AdayoDoipServer294_Doip: [ne_doip_event_loop_dispatch][line:141] : count = 0
03-17 18:55:03.080   642   685 I mcuc    : sd Uart data : 6AA60208EF0002920271
03-17 18:55:03.085   642   685 I mcuc    : rev uart=2385,len=57, data : 6AA68108EF0031920200114C465630314C5954455354564C4E30333000000000000000000000007F000100000000000007FE00010101010177
03-17 18:55:03.085   400  1006 D adayocomadapter-ParseProtocolFunc: printRaWMsg Name[MCUToUPstream recv] len[49] data[920200114C465630314C5954455354564C4E30333000000000000000000000007F000100000000000007FE000101010101]
03-17 18:55:03.085   400  1006 D adayocomadapter-CommunicationManager: onUpstreamback   member[0] dataLength[46] timePoint[237033]
03-17 18:55:03.085   400  1006 D adayocomadapter-ParseProtocolFunc: printRaWMsg Name[onUpstreamback] len[46] data[114C465630314C5954455354564C4E30333000000000000000000000007F000100000000000007FE000101010101]
03-17 18:55:03.085   400   452 D adayocomadapter-UpstreamHandler: processBeforePacket upSreamtProcessTimePoint[237033] 
03-17 18:55:03.085   400   452 D adayocomadapter-UpstreamHandler: processPacket UPSTREAM_QUEUE_DATA_TIMEOUT
03-17 18:55:03.085   400   452 D adayocomadapter-ParseProtocolFunc: parseCommonIPCLBytes Processing tableNumber[17]
03-17 18:55:03.085   400   452 D adayocomadapter-ParseProtocolFunc: parseCommonIPCLBytes Processing tablename[Table-17] tableSize[46]
03-17 18:55:03.085   400   452 D adayocomadapter-ParseProtocolFunc: printRaWMsg Name[byteStream recv] len[46] data[114C465630314C5954455354564C4E30333000000000000000000000007F000100000000000007FE000101010101]
03-17 18:55:03.085   400   452 D adayocomadapter-ParseProtocolFunc: printRaWMsg Name[IPCLtoVHAL] len[23] data[2110204701014C465630314C5954455354564C4E303330]
03-17 18:55:03.085   400   452 D adayocomadapter-ParseProtocolFunc: printRaWMsg Name[IPCLtoVHAL] len[7] data[21402013000100]
03-17 18:55:03.085   400   452 D adayocomadapter-ParseProtocolFunc: printRaWMsg Name[IPCLtoVHAL] len[7] data[2140216C000100]
03-17 18:55:03.085   400   452 D adayocomadapter-ParseProtocolFunc: printRaWMsg Name[IPCLtoVHAL] len[7] data[214020A6000100]
03-17 18:55:03.085   400   452 D adayocomadapter-ParseProtocolFunc: printRaWMsg Name[IPCLtoVHAL] len[7] data[214020FC000100]
03-17 18:55:03.085   400   452 D adayocomadapter-ParseProtocolFunc: printRaWMsg Name[IPCLtoVHAL] len[7] data[21402108000100]
03-17 18:55:03.085   400   452 D adayocomadapter-ParseProtocolFunc: printRaWMsg Name[IPCLtoVHAL] len[7] data[2140210A000100]
03-17 18:55:03.086   400   452 D adayocomadapter-ParseProtocolFunc: printRaWMsg Name[IPCLtoVHAL] len[7] data[2140202400017F]
03-17 18:55:03.086   400   452 D adayocomadapter-ParseProtocolFunc: printRaWMsg Name[IPCLtoVHAL] len[7] data[21402120000100]
03-17 18:55:03.086   400   452 D adayocomadapter-ParseProtocolFunc: printRaWMsg Name[IPCLtoVHAL] len[7] data[21402109000100]
03-17 18:55:03.086   400   452 D adayocomadapter-ParseProtocolFunc: printRaWMsg Name[IPCLtoVHAL] len[7] data[214020A7000100]
03-17 18:55:03.086   400   452 D adayocomadapter-ParseProtocolFunc: printRaWMsg Name[IPCLtoVHAL] len[7] data[2140212E000100]
03-17 18:55:03.086   400   452 D adayocomadapter-ParseProtocolFunc: printRaWMsg Name[IPCLtoVHAL] len[7] data[2140205F000100]
03-17 18:55:03.086   400   452 D adayocomadapter-ParseProtocolFunc: printRaWMsg Name[IPCLtoVHAL] len[7] data[21402100000100]
03-17 18:55:03.086   400   452 D adayocomadapter-ParseProtocolFunc: printRaWMsg Name[IPCLtoVHAL] len[8] data[214021A1000107FE]
03-17 18:55:03.086   400   452 D adayocomadapter-ParseProtocolFunc: printRaWMsg Name[IPCLtoVHAL] len[7] data[21402027000100]
03-17 18:55:03.086   400   452 D adayocomadapter-ParseProtocolFunc: printRaWMsg Name[IPCLtoVHAL] len[7] data[21402180000100]
03-17 18:55:03.086   400   452 D adayocomadapter-ParseProtocolFunc: printRaWMsg Name[IPCLtoVHAL] len[7] data[2140210B000100]
03-17 18:55:03.086   400   452 D adayocomadapter-ParseProtocolFunc: printRaWMsg Name[IPCLtoVHAL] len[7] data[2140217E000100]
03-17 18:55:03.086   400   452 D adayocomadapter-ParseProtocolFunc: printRaWMsg Name[IPCLtoVHAL] len[7] data[214020FE000101]
03-17 18:55:03.086   400   452 D adayocomadapter-ParseProtocolFunc: printRaWMsg Name[IPCLtoVHAL] len[7] data[214020FF000100]
03-17 18:55:03.086   400   452 D adayocomadapter-ParseProtocolFunc: printRaWMsg Name[IPCLtoVHAL] len[7] data[21402182000100]
03-17 18:55:03.086   400   452 D adayocomadapter-ParseProtocolFunc: printRaWMsg Name[IPCLtoVHAL] len[7] data[2140210C000100]
03-17 18:55:03.086   400   452 D adayocomadapter-CommunicationManager: onUpstreamReceive isLoss 1 mPropertyId 0x21102047
03-17 18:55:03.086   400   452 D adayocomadapter-CommunicationManager: byteArrayToHexString  LFV01LYTESTVLN030
03-17 18:55:03.086   400   452 D vw-vhal : notifyVehicleProperty, propId = 0x21102047, data = {status: 3, stringValue: "LFV01LYTESTVLN030"}
03-17 18:55:03.086   400   452 I DefaultVehicleHal_v2_0: DefaultVehicleHal::onPropertyValue, value:{.timestamp = 237033945360, .areaId = 0, .prop = 554704967, .status = UNAVAILABLE, .value = {.int32Values = [0]{}, .floatValues = [0]{}, .int64Values = [0]{}, .bytes = [0]{}, .stringValue = "LFV01LYTESTVLN030"}}
03-17 18:55:03.086   400   452 D adayocomadapter-CommunicationManager: onUpstreamReceive mPropertyId 0x21102047
03-17 18:55:03.086   400   452 D adayocomadapter-CommunicationManager: onUpstreamReceive isLoss 1 mPropertyId 0x21402013
03-17 18:55:03.086   400   452 D adayocomadapter-CommunicationManager: convertBytesToInt32Memcpy  0
03-17 18:55:03.086   400   452 D vw-vhal : notifyVehicleProperty, propId = 0x21402013, data = {status: 3, int32Values: [0]}
03-17 18:55:03.086   400   452 I DefaultVehicleHal_v2_0: DefaultVehicleHal::onPropertyValue, value:{.timestamp = 237034090026, .areaId = 0, .prop = 557850643, .status = UNAVAILABLE, .value = {.int32Values = [1]{0}, .floatValues = [0]{}, .int64Values = [0]{}, .bytes = [0]{}, .stringValue = ""}}
03-17 18:55:03.086   400   452 D adayocomadapter-CommunicationManager: onUpstreamReceive mPropertyId 0x21402013
03-17 18:55:03.086   400   452 D adayocomadapter-CommunicationManager: onUpstreamReceive isLoss 1 mPropertyId 0x2140216c
03-17 18:55:03.086   400   452 D adayocomadapter-CommunicationManager: convertBytesToInt32Memcpy  0
03-17 18:55:03.086   400   452 D vw-vhal : notifyVehicleProperty, propId = 0x2140216c, data = {status: 3, int32Values: [0]}
03-17 18:55:03.086   400   452 I DefaultVehicleHal_v2_0: DefaultVehicleHal::onPropertyValue, value:{.timestamp = 237034212360, .areaId = 0, .prop = 557850988, .status = UNAVAILABLE, .value = {.int32Values = [1]{0}, .floatValues = [0]{}, .int64Values = [0]{}, .bytes = [0]{}, .stringValue = ""}}
03-17 18:55:03.086   400   452 D adayocomadapter-CommunicationManager: onUpstreamReceive mPropertyId 0x2140216c
03-17 18:55:03.086   400   452 D adayocomadapter-CommunicationManager: onUpstreamReceive isLoss 1 mPropertyId 0x214020a6
03-17 18:55:03.086   400   452 D adayocomadapter-CommunicationManager: convertBytesToInt32Memcpy  0
03-17 18:55:03.086   400   452 D vw-vhal : notifyVehicleProperty, propId = 0x214020a6, data = {status: 3, int32Values: [0]}
03-17 18:55:03.086   400   452 I DefaultVehicleHal_v2_0: DefaultVehicleHal::onPropertyValue, value:{.timestamp = 237034326026, .areaId = 0, .prop = 557850790, .status = UNAVAILABLE, .value = {.int32Values = [1]{0}, .floatValues = [0]{}, .int64Values = [0]{}, .bytes = [0]{}, .stringValue = ""}}
03-17 18:55:03.086   400   452 D adayocomadapter-CommunicationManager: onUpstreamReceive mPropertyId 0x214020a6
03-17 18:55:03.086   400   452 D adayocomadapter-CommunicationManager: onUpstreamReceive isLoss 1 mPropertyId 0x214020fc
03-17 18:55:03.086   400   452 D adayocomadapter-CommunicationManager: convertBytesToInt32Memcpy  0
03-17 18:55:03.086   400   452 D vw-vhal : notifyVehicleProperty, propId = 0x214020fc, data = {status: 3, int32Values: [0]}
03-17 18:55:03.086   400   452 I DefaultVehicleHal_v2_0: DefaultVehicleHal::onPropertyValue, value:{.timestamp = 237034438026, .areaId = 0, .prop = 557850876, .status = UNAVAILABLE, .value = {.int32Values = [1]{0}, .floatValues = [0]{}, .int64Values = [0]{}, .bytes = [0]{}, .stringValue = ""}}
03-17 18:55:03.086   400   452 D adayocomadapter-CommunicationManager: onUpstreamReceive mPropertyId 0x214020fc
03-17 18:55:03.086   400   452 D adayocomadapter-CommunicationManager: onUpstreamReceive isLoss 1 mPropertyId 0x21402108
03-17 18:55:03.086   400   452 D adayocomadapter-CommunicationManager: convertBytesToInt32Memcpy  0
03-17 18:55:03.086   400   452 D vw-vhal : notifyVehicleProperty, propId = 0x21402108, data = {status: 3, int32Values: [0]}
03-17 18:55:03.087   400   452 I DefaultVehicleHal_v2_0: DefaultVehicleHal::onPropertyValue, value:{.timestamp = 237034547693, .areaId = 0, .prop = 557850888, .status = UNAVAILABLE, .value = {.int32Values = [1]{0}, .floatValues = [0]{}, .int64Values = [0]{}, .bytes = [0]{}, .stringValue = ""}}
03-17 18:55:03.087   400   452 D adayocomadapter-CommunicationManager: onUpstreamReceive mPropertyId 0x21402108
03-17 18:55:03.087   400   452 D adayocomadapter-CommunicationManager: onUpstreamReceive isLoss 1 mPropertyId 0x2140210a
03-17 18:55:03.087   400   452 D adayocomadapter-CommunicationManager: convertBytesToInt32Memcpy  0
03-17 18:55:03.087   400   452 D vw-vhal : notifyVehicleProperty, propId = 0x2140210a, data = {status: 3, int32Values: [0]}
03-17 18:55:03.087   400   452 I DefaultVehicleHal_v2_0: DefaultVehicleHal::onPropertyValue, value:{.timestamp = 237034659693, .areaId = 0, .prop = 557850890, .status = UNAVAILABLE, .value = {.int32Values = [1]{0}, .floatValues = [0]{}, .int64Values = [0]{}, .bytes = [0]{}, .stringValue = ""}}
03-17 18:55:03.087   400   452 D adayocomadapter-CommunicationManager: onUpstreamReceive mPropertyId 0x2140210a
03-17 18:55:03.087   400   452 D adayocomadapter-CommunicationManager: onUpstreamReceive isLoss 1 mPropertyId 0x21402024
03-17 18:55:03.087   400   452 D adayocomadapter-CommunicationManager: convertBytesToInt32Memcpy  127
03-17 18:55:03.087   400   452 D vw-vhal : notifyVehicleProperty, propId = 0x21402024, data = {status: 3, int32Values: [127]}
03-17 18:55:03.087   400   452 I DefaultVehicleHal_v2_0: DefaultVehicleHal::onPropertyValue, value:{.timestamp = 237034765360, .areaId = 0, .prop = 557850660, .status = UNAVAILABLE, .value = {.int32Values = [1]{127}, .floatValues = [0]{}, .int64Values = [0]{}, .bytes = [0]{}, .stringValue = ""}}
03-17 18:55:03.087   400   452 D adayocomadapter-CommunicationManager: onUpstreamReceive mPropertyId 0x21402024
03-17 18:55:03.087   400   452 D adayocomadapter-CommunicationManager: onUpstreamReceive isLoss 1 mPropertyId 0x21402120
03-17 18:55:03.087   400   452 D adayocomadapter-CommunicationManager: convertBytesToInt32Memcpy  0
03-17 18:55:03.087   400   452 D vw-vhal : notifyVehicleProperty, propId = 0x21402120, data = {status: 3, int32Values: [0]}
03-17 18:55:03.087   400   452 I DefaultVehicleHal_v2_0: DefaultVehicleHal::onPropertyValue, value:{.timestamp = 237034876026, .areaId = 0, .prop = 557850912, .status = UNAVAILABLE, .value = {.int32Values = [1]{0}, .floatValues = [0]{}, .int64Values = [0]{}, .bytes = [0]{}, .stringValue = ""}}
03-17 18:55:03.087   400   452 D adayocomadapter-CommunicationManager: onUpstreamReceive mPropertyId 0x21402120
03-17 18:55:03.087   400   452 D adayocomadapter-CommunicationManager: onUpstreamReceive isLoss 1 mPropertyId 0x21402109
03-17 18:55:03.087   400   452 D adayocomadapter-CommunicationManager: convertBytesToInt32Memcpy  0
03-17 18:55:03.087   400   452 D vw-vhal : notifyVehicleProperty, propId = 0x21402109, data = {status: 3, int32Values: [0]}
03-17 18:55:03.087   400   452 I DefaultVehicleHal_v2_0: DefaultVehicleHal::onPropertyValue, value:{.timestamp = 237034986026, .areaId = 0, .prop = 557850889, .status = UNAVAILABLE, .value = {.int32Values = [1]{0}, .floatValues = [0]{}, .int64Values = [0]{}, .bytes = [0]{}, .stringValue = ""}}
03-17 18:55:03.087   400   452 D adayocomadapter-CommunicationManager: onUpstreamReceive mPropertyId 0x21402109
03-17 18:55:03.087   400   452 D adayocomadapter-CommunicationManager: onUpstreamReceive isLoss 1 mPropertyId 0x214020a7
03-17 18:55:03.087   400   452 D adayocomadapter-CommunicationManager: convertBytesToInt32Memcpy  0
03-17 18:55:03.087   400   452 D vw-vhal : notifyVehicleProperty, propId = 0x214020a7, data = {status: 3, int32Values: [0]}
03-17 18:55:03.087   400   452 I DefaultVehicleHal_v2_0: DefaultVehicleHal::onPropertyValue, value:{.timestamp = 237035090693, .areaId = 0, .prop = 557850791, .status = UNAVAILABLE, .value = {.int32Values = [1]{0}, .floatValues = [0]{}, .int64Values = [0]{}, .bytes = [0]{}, .stringValue = ""}}
03-17 18:55:03.087   400   452 D adayocomadapter-CommunicationManager: onUpstreamReceive mPropertyId 0x214020a7
03-17 18:55:03.087   400   452 D adayocomadapter-CommunicationManager: onUpstreamReceive isLoss 1 mPropertyId 0x2140212e
03-17 18:55:03.087   400   452 D adayocomadapter-CommunicationManager: convertBytesToInt32Memcpy  0
03-17 18:55:03.087   400   452 D vw-vhal : notifyVehicleProperty, propId = 0x2140212e, data = {status: 3, int32Values: [0]}
03-17 18:55:03.087   400   452 I DefaultVehicleHal_v2_0: DefaultVehicleHal::onPropertyValue, value:{.timestamp = 237035197693, .areaId = 0, .prop = 557850926, .status = UNAVAILABLE, .value = {.int32Values = [1]{0}, .floatValues = [0]{}, .int64Values = [0]{}, .bytes = [0]{}, .stringValue = ""}}
03-17 18:55:03.087   400   452 D adayocomadapter-CommunicationManager: onUpstreamReceive mPropertyId 0x2140212e
03-17 18:55:03.087   400   452 D adayocomadapter-CommunicationManager: onUpstreamReceive isLoss 1 mPropertyId 0x2140205f
03-17 18:55:03.087   400   452 D adayocomadapter-CommunicationManager: convertBytesToInt32Memcpy  0
03-17 18:55:03.087   400   452 D vw-vhal : notifyVehicleProperty, propId = 0x2140205f, data = {status: 3, int32Values: [0]}
03-17 18:55:03.087   400   452 I DefaultVehicleHal_v2_0: DefaultVehicleHal::onPropertyValue, value:{.timestamp = 237035309026, .areaId = 0, .prop = 557850719, .status = UNAVAILABLE, .value = {.int32Values = [1]{0}, .floatValues = [0]{}, .int64Values = [0]{}, .bytes = [0]{}, .stringValue = ""}}
03-17 18:55:03.087   400   452 D adayocomadapter-CommunicationManager: onUpstreamReceive mPropertyId 0x2140205f
03-17 18:55:03.087   400   452 D adayocomadapter-CommunicationManager: onUpstreamReceive isLoss 1 mPropertyId 0x21402100
03-17 18:55:03.087   400   452 D adayocomadapter-CommunicationManager: convertBytesToInt32Memcpy  0
03-17 18:55:03.087   400   452 D vw-vhal : notifyVehicleProperty, propId = 0x21402100, data = {status: 3, int32Values: [0]}
03-17 18:55:03.087   400   452 I DefaultVehicleHal_v2_0: DefaultVehicleHal::onPropertyValue, value:{.timestamp = 237035417360, .areaId = 0, .prop = 557850880, .status = UNAVAILABLE, .value = {.int32Values = [1]{0}, .floatValues = [0]{}, .int64Values = [0]{}, .bytes = [0]{}, .stringValue = ""}}
03-17 18:55:03.087   400   452 D adayocomadapter-CommunicationManager: onUpstreamReceive mPropertyId 0x21402100
03-17 18:55:03.087   400   452 D adayocomadapter-CommunicationManager: onUpstreamReceive isLoss 1 mPropertyId 0x214021a1
03-17 18:55:03.087   400   452 D adayocomadapter-CommunicationManager: convertBytesToInt32Memcpy  2046
03-17 18:55:03.087   400   452 D vw-vhal : notifyVehicleProperty, propId = 0x214021a1, data = {status: 3, int32Values: [2046]}
03-17 18:55:03.087   400   452 I DefaultVehicleHal_v2_0: DefaultVehicleHal::onPropertyValue, value:{.timestamp = 237035528360, .areaId = 0, .prop = 557851041, .status = UNAVAILABLE, .value = {.int32Values = [1]{2046}, .floatValues = [0]{}, .int64Values = [0]{}, .bytes = [0]{}, .stringValue = ""}}
03-17 18:55:03.088   400   452 D adayocomadapter-CommunicationManager: onUpstreamReceive mPropertyId 0x214021a1
03-17 18:55:03.088   400   452 D adayocomadapter-CommunicationManager: onUpstreamReceive isLoss 1 mPropertyId 0x21402027
03-17 18:55:03.088   400   452 D adayocomadapter-CommunicationManager: convertBytesToInt32Memcpy  0
03-17 18:55:03.088   400   452 D vw-vhal : notifyVehicleProperty, propId = 0x21402027, data = {status: 3, int32Values: [0]}
03-17 18:55:03.088   400   452 I DefaultVehicleHal_v2_0: DefaultVehicleHal::onPropertyValue, value:{.timestamp = 237035650026, .areaId = 0, .prop = 557850663, .status = UNAVAILABLE, .value = {.int32Values = [1]{0}, .floatValues = [0]{}, .int64Values = [0]{}, .bytes = [0]{}, .stringValue = ""}}
03-17 18:55:03.088   400   452 D adayocomadapter-CommunicationManager: onUpstreamReceive mPropertyId 0x21402027
03-17 18:55:03.088   400   452 D adayocomadapter-CommunicationManager: onUpstreamReceive isLoss 1 mPropertyId 0x21402180
03-17 18:55:03.088   400   452 D adayocomadapter-CommunicationManager: convertBytesToInt32Memcpy  0
03-17 18:55:03.088   400   452 D vw-vhal : notifyVehicleProperty, propId = 0x21402180, data = {status: 3, int32Values: [0]}
03-17 18:55:03.088   400   452 I DefaultVehicleHal_v2_0: DefaultVehicleHal::onPropertyValue, value:{.timestamp = 237035760360, .areaId = 0, .prop = 557851008, .status = UNAVAILABLE, .value = {.int32Values = [1]{0}, .floatValues = [0]{}, .int64Values = [0]{}, .bytes = [0]{}, .stringValue = ""}}
03-17 18:55:03.088   400   452 D adayocomadapter-CommunicationManager: onUpstreamReceive mPropertyId 0x21402180
03-17 18:55:03.088   400   452 D adayocomadapter-CommunicationManager: onUpstreamReceive isLoss 1 mPropertyId 0x2140210b
03-17 18:55:03.088   400   452 D adayocomadapter-CommunicationManager: convertBytesToInt32Memcpy  0
03-17 18:55:03.088   400   452 D vw-vhal : notifyVehicleProperty, propId = 0x2140210b, data = {status: 3, int32Values: [0]}
03-17 18:55:03.088   400   452 I DefaultVehicleHal_v2_0: DefaultVehicleHal::onPropertyValue, value:{.timestamp = 237035869693, .areaId = 0, .prop = 557850891, .status = UNAVAILABLE, .value = {.int32Values = [1]{0}, .floatValues = [0]{}, .int64Values = [0]{}, .bytes = [0]{}, .stringValue = ""}}
03-17 18:55:03.088   400   452 D adayocomadapter-CommunicationManager: onUpstreamReceive mPropertyId 0x2140210b
03-17 18:55:03.088   400   452 D adayocomadapter-CommunicationManager: onUpstreamReceive isLoss 1 mPropertyId 0x2140217e
03-17 18:55:03.088   400   452 D adayocomadapter-CommunicationManager: convertBytesToInt32Memcpy  0
03-17 18:55:03.088   400   452 D vw-vhal : notifyVehicleProperty, propId = 0x2140217e, data = {status: 3, int32Values: [0]}
03-17 18:55:03.088   400   452 I DefaultVehicleHal_v2_0: DefaultVehicleHal::onPropertyValue, value:{.timestamp = 237035975026, .areaId = 0, .prop = 557851006, .status = UNAVAILABLE, .value = {.int32Values = [1]{0}, .floatValues = [0]{}, .int64Values = [0]{}, .bytes = [0]{}, .stringValue = ""}}
03-17 18:55:03.088   400   452 D adayocomadapter-CommunicationManager: onUpstreamReceive mPropertyId 0x2140217e
03-17 18:55:03.088   400   452 D adayocomadapter-CommunicationManager: onUpstreamReceive isLoss 1 mPropertyId 0x214020fe
03-17 18:55:03.088   400   452 D adayocomadapter-CommunicationManager: convertBytesToInt32Memcpy  1
03-17 18:55:03.088   400   452 D vw-vhal : notifyVehicleProperty, propId = 0x214020fe, data = {status: 3, int32Values: [1]}
03-17 18:55:03.088   400   452 I DefaultVehicleHal_v2_0: DefaultVehicleHal::onPropertyValue, value:{.timestamp = 237036106693, .areaId = 0, .prop = 557850878, .status = UNAVAILABLE, .value = {.int32Values = [1]{1}, .floatValues = [0]{}, .int64Values = [0]{}, .bytes = [0]{}, .stringValue = ""}}
03-17 18:55:03.088   400   452 D adayocomadapter-CommunicationManager: onUpstreamReceive mPropertyId 0x214020fe
03-17 18:55:03.088   400   452 D adayocomadapter-CommunicationManager: onUpstreamReceive isLoss 1 mPropertyId 0x214020ff
03-17 18:55:03.088   400   452 D adayocomadapter-CommunicationManager: convertBytesToInt32Memcpy  0
03-17 18:55:03.088   400   452 D vw-vhal : notifyVehicleProperty, propId = 0x214020ff, data = {status: 3, int32Values: [0]}
03-17 18:55:03.088   400   452 I DefaultVehicleHal_v2_0: DefaultVehicleHal::onPropertyValue, value:{.timestamp = 237036217693, .areaId = 0, .prop = 557850879, .status = UNAVAILABLE, .value = {.int32Values = [1]{0}, .floatValues = [0]{}, .int64Values = [0]{}, .bytes = [0]{}, .stringValue = ""}}
03-17 18:55:03.088   400   452 D adayocomadapter-CommunicationManager: onUpstreamReceive mPropertyId 0x214020ff
03-17 18:55:03.088   400   452 D adayocomadapter-CommunicationManager: onUpstreamReceive isLoss 1 mPropertyId 0x21402182
03-17 18:55:03.088   400   452 D adayocomadapter-CommunicationManager: convertBytesToInt32Memcpy  0
03-17 18:55:03.088   400   452 D vw-vhal : notifyVehicleProperty, propId = 0x21402182, data = {status: 3, int32Values: [0]}
03-17 18:55:03.088   400   452 I DefaultVehicleHal_v2_0: DefaultVehicleHal::onPropertyValue, value:{.timestamp = 237036330360, .areaId = 0, .prop = 557851010, .status = UNAVAILABLE, .value = {.int32Values = [1]{0}, .floatValues = [0]{}, .int64Values = [0]{}, .bytes = [0]{}, .stringValue = ""}}
03-17 18:55:03.088   400   452 D adayocomadapter-CommunicationManager: onUpstreamReceive mPropertyId 0x21402182
03-17 18:55:03.088   400   452 D adayocomadapter-CommunicationManager: onUpstreamReceive isLoss 1 mPropertyId 0x2140210c
03-17 18:55:03.088   400   452 D adayocomadapter-CommunicationManager: convertBytesToInt32Memcpy  0
03-17 18:55:03.088   400   452 D vw-vhal : notifyVehicleProperty, propId = 0x2140210c, data = {status: 3, int32Values: [0]}
03-17 18:55:03.088   400   452 I DefaultVehicleHal_v2_0: DefaultVehicleHal::onPropertyValue, value:{.timestamp = 237036437693, .areaId = 0, .prop = 557850892, .status = UNAVAILABLE, .value = {.int32Values = [1]{0}, .floatValues = [0]{}, .int64Values = [0]{}, .bytes = [0]{}, .stringValue = ""}}
03-17 18:55:03.088   400   452 D adayocomadapter-CommunicationManager: onUpstreamReceive mPropertyId 0x2140210c
03-17 18:55:03.096 10173 10197 D TimerTriggerManager: init instance...
03-17 18:55:03.096 10173 10197 D TimerTriggerManager: Timer thread'TimerTriggerManager' is destroyed: false
03-17 18:55:03.096 10173 10197 D TimerTriggerManager: Timer 'onMntnWarnReqChanged' is running: true
03-17 18:55:03.096 10173 10197 D TimerTriggerManager: Sending reset signal to timer 'onMntnWarnReqChanged'
03-17 18:55:03.096 10173 10197 D TimerTriggerManager: Reset signal sent to timer 'onMntnWarnReqChanged'
03-17 18:55:03.096 10173 10204 D TimerTriggerController: Reset method called for timer: onMntnWarnReqChanged
03-17 18:55:03.096 10173 10204 D TimerTriggerController: Calling onTimerReset for timer: onMntnWarnReqChanged
03-17 18:55:03.096 10173 10204 D TimerTriggerManager: Timer reset: onMntnWarnReqChanged
03-17 18:55:03.096 10173 10204 I TimerTriggerController: Timer [onMntnWarnReqChanged] reset, remaining: 5000ms, reset count: 241
03-17 18:55:03.096 10173 10197 D TimerTriggerManager: init instance...
03-17 18:55:03.096 10173 10197 D TimerTriggerManager: Timer thread'TimerTriggerManager' is destroyed: false
03-17 18:55:03.096 10173 10197 D TimerTriggerManager: Timer 'onIndcnVehSpdChanged' is running: true
03-17 18:55:03.096 10173 10197 D TimerTriggerManager: Sending reset signal to timer 'onIndcnVehSpdChanged'
03-17 18:55:03.096 10173 10197 D TimerTriggerManager: Reset signal sent to timer 'onIndcnVehSpdChanged'
03-17 18:55:03.097 10173 10204 D TimerTriggerController: Reset method called for timer: onIndcnVehSpdChanged
03-17 18:55:03.097 10173 10204 D TimerTriggerController: Calling onTimerReset for timer: onIndcnVehSpdChanged
03-17 18:55:03.097 10173 10204 D TimerTriggerManager: Timer reset: onIndcnVehSpdChanged
03-17 18:55:03.097 10173 10204 I TimerTriggerController: Timer [onIndcnVehSpdChanged] reset, remaining: 1000ms, reset count: 481
03-17 18:55:03.140   881   893 I PerfService: perfservice: restore_cpu /sys/devices/system/cpu/cpufreq/policy0/scaling_min_freq min=550000
03-17 18:55:03.147   582  3616 E WifiHAL : Invalid data received from driver
03-17 18:55:03.176  2383  2600 D AdayoDoipServer294_Doip: [ne_doip_event_loop_dispatch][line:141] : count = 0
03-17 18:55:03.182   903  1190 D JobScheduler.Quota: 10052 is now out of grace period
03-17 18:55:03.182  1566  2651 D TboxNetworkManager: tboxNetworkbinder=null
03-17 18:55:03.197 10173 10197 D TimerTriggerManager: init instance...
03-17 18:55:03.197 10173 10197 D TimerTriggerManager: Timer thread'TimerTriggerManager' is destroyed: false
03-17 18:55:03.197 10173 10197 D TimerTriggerManager: Timer 'onIndcnVehSpdChanged' is running: true
03-17 18:55:03.197 10173 10197 D TimerTriggerManager: Sending reset signal to timer 'onIndcnVehSpdChanged'
03-17 18:55:03.197 10173 10197 D TimerTriggerManager: Reset signal sent to timer 'onIndcnVehSpdChanged'
03-17 18:55:03.197 10173 10204 D TimerTriggerController: Reset method called for timer: onIndcnVehSpdChanged
03-17 18:55:03.197 10173 10204 D TimerTriggerController: Calling onTimerReset for timer: onIndcnVehSpdChanged
03-17 18:55:03.197 10173 10204 D TimerTriggerManager: Timer reset: onIndcnVehSpdChanged
03-17 18:55:03.198 10173 10204 I TimerTriggerController: Timer [onIndcnVehSpdChanged] reset, remaining: 1000ms, reset count: 482
03-17 18:55:03.243   582  3616 E WifiHAL : Invalid data received from driver
03-17 18:55:03.256   642   685 I mcuc    : sd Uart data : 6AA60208F00002920270
03-17 18:55:03.262   642   685 I mcuc    : rev uart=2386,len=15, data : 6AA68108F0000792020001000000EB
03-17 18:55:03.262   400  1006 D adayocomadapter-ParseProtocolFunc: printRaWMsg Name[MCUToUPstream recv] len[7] data[92020001000000]
03-17 18:55:03.262   400  1006 D adayocomadapter-CommunicationManager: onUpstreamback   member[0] dataLength[4] timePoint[237209]
03-17 18:55:03.262   400  1006 D adayocomadapter-ParseProtocolFunc: printRaWMsg Name[onUpstreamback] len[4] data[01000000]
03-17 18:55:03.262   400   452 D adayocomadapter-UpstreamHandler: processBeforePacket upSreamtProcessTimePoint[237210] 
03-17 18:55:03.262   400   452 D adayocomadapter-UpstreamHandler: processPacket UPSTREAM_QUEUE_DATA_TIMEOUT
03-17 18:55:03.262   400   452 D adayocomadapter-ParseProtocolFunc: parseCommonIPCLBytes Processing tableNumber[1]
03-17 18:55:03.262   400   452 D adayocomadapter-ParseProtocolFunc: parseCommonIPCLBytes Processing tablename[Table-1] tableSize[4]
03-17 18:55:03.262   400   452 D adayocomadapter-ParseProtocolFunc: printRaWMsg Name[byteStream recv] len[4] data[01000000]
03-17 18:55:03.262   400   452 D adayocomadapter-ParseProtocolFunc: printRaWMsg Name[IPCLtoVHAL] len[8] data[2140204800000000]
03-17 18:55:03.262   400   452 D adayocomadapter-CommunicationManager: onUpstreamReceive isLoss 0 mPropertyId 0x21402048
03-17 18:55:03.262   400   452 D adayocomadapter-CommunicationManager: convertBytesToInt32Memcpy  0
03-17 18:55:03.263   400   452 D vw-vhal : notifyVehicleProperty, propId = 0x21402048, data = {status: 2, int32Values: [0]}
03-17 18:55:03.263   400   452 I DefaultVehicleHal_v2_0: DefaultVehicleHal::onPropertyValue, value:{.timestamp = 237210750026, .areaId = 0, .prop = 557850696, .status = AVAILABLE, .value = {.int32Values = [1]{0}, .floatValues = [0]{}, .int64Values = [0]{}, .bytes = [0]{}, .stringValue = ""}}
03-17 18:55:03.263   400   452 D adayocomadapter-CommunicationManager: onUpstreamReceive mPropertyId 0x21402048
03-17 18:55:03.267 10122 10170 D ANWStack: [    237214][ANWBT] HCI Rx: RemoteNameComplete event, status=0x04 (Page Timeout(0x04)), bdaddr=38:2A:8B:31:88:C7, RemoteName=""
03-17 18:55:03.267 10122 10170 D ANWStack: 
03-17 18:55:03.267 10122 10170 D ANWAPI  : (10122|0x02CB0CB0)[BTAPI] AnwhciEventCallback 7 4
03-17 18:55:03.267 10122 10170 D ANWStack: [    237214][ANWBT] HCI_evREMOTENAMEREQUESTCOMPLETE received..........
03-17 18:55:03.267 10122 10170 D ANWStack: 
03-17 18:55:03.267 10122 10170 D ANWStack: [    237214][ANWBT] HCI_evREMOTENAMEREQUESTCOMPLETE: ++++++++++++++
03-17 18:55:03.267 10122 10170 D ANWStack: [    237215][ANWBT] HCI_evREMOTENAMEREQUESTCOMPLETE: ++++++++++++++
03-17 18:55:03.267 10122 10170 D ANWAPI  : (10122|0x02CB0CB0)[BTAPI] btsdk_device_discovery_cb
03-17 18:55:03.267 10122 10170 D ANWAPI  : (10122|0x02CB0CB0)[BTAPI] ===BTAPI_PostIdxAddrMsg_U32 145 0 190f1004
03-17 18:55:03.267 10122 10170 D ANWAPI  : (10122|0x02CB0CB0)[BTAPI] ===BTAPI_MallocIdxMsg 145 4
03-17 18:55:03.267 10122 10170 D ANWAPI  : (10122|0x02CB0CB0)[BTAPI] *BT_CB_Dispatch
03-17 18:55:03.267 10122 10170 D ANWAPI  : (10122|0x02CB0CB0)[BTAPI] *****SDK callback(0x91)
03-17 18:55:03.267 10122 10170 D ANWAPI  : (10122|0x02CB0CB0)[BTAPI] SDK***** [40:45:da:eb:e7:f4][0]
03-17 18:55:03.267 10122 10170 D ANWAPI  : (10122|0x02CB0CB0)[BTAPI] btsdk_exec_apicb start
03-17 18:55:03.268 10122 10170 D ANWAPI  : (10122|0x02CB0CB0)[BTAPI] Up: Msg receive[40:45:DA:EB:E7:F4]
03-17 18:55:03.268 10122 10170 D ANWAPI  : 
03-17 18:55:03.268 10122 10170 D ANWAPI  : (10122|0x02CB0CB0)[BTAPI] Up: APP << API:MsgHandler receive 0x91
03-17 18:55:03.268 10122 10170 D ANWAPI  : 
03-17 18:55:03.268 10122 10170 D ANWAPI  : (10122|0x02CB0CB0)[BTAPI] Up: AnWBT_DEVICE_INQUIRY_COMPLETED_IND 0
03-17 18:55:03.268 10122 10170 D ANWAPI  : 
03-17 18:55:03.268 10122 10170 I ANW bt_btif: MsgHandler: HAL bt_hal_cbacks->discovery_state_changed_cb
03-17 18:55:03.273 10122 10170 D ANWAPI  : (10122|0x02CB0CB0)[BTAPI] btsdk_exec_apicb end
03-17 18:55:03.275  1673  1673 I CarPlay_Service: onReceive(BluetoothPopupService.java:2)bluetoothReceiver action: android.bluetooth.adapter.action.DISCOVERY_FINISHED
03-17 18:55:03.275  1673  1673 I CarPlay_Service: onReceive(BluetoothPopupService.java:9)bluetoothReceiver 蓝牙扫描完成！
03-17 18:55:03.276  1917  1917 I Carlink_CarBtConnector: discover finished
03-17 18:55:03.276  1917  1917 D Carlink_CarLinkManager: bluetooth_state_change: 8, address: null, mBtDevices.size() =0
03-17 18:55:03.276  1917  1917 I Carlink_CarLinkManager: updateDrawerConnectionState: 0
03-17 18:55:03.276  2383  2600 D AdayoDoipServer294_Doip: [ne_doip_event_loop_dispatch][line:141] : count = 0
03-17 18:55:03.278  8377  8377 I CnsCarApp-BTRepositoryImpl: onScanningStateChanged, is start scan: false
03-17 18:55:03.286 10717 10717 I auditd  : type=1400 audit(0.0:23070): avc:  denied  { read } for  comm="pgrep" scontext=u:r:ota_init_shell:s0 tcontext=u:r:ueventd:s0 tclass=file permissive=0
03-17 18:55:03.286 10717 10717 W pgrep   : type=1400 audit(0.0:23070): avc:  denied  { read } for  scontext=u:r:ota_init_shell:s0 tcontext=u:r:ueventd:s0 tclass=file permissive=0
03-17 18:55:03.286 10717 10717 I auditd  : type=1400 audit(0.0:23071): avc:  denied  { read } for  comm="pgrep" scontext=u:r:ota_init_shell:s0 tcontext=u:r:prng_seeder:s0 tclass=file permissive=0
03-17 18:55:03.286 10717 10717 W pgrep   : type=1400 audit(0.0:23071): avc:  denied  { read } for  scontext=u:r:ota_init_shell:s0 tcontext=u:r:prng_seeder:s0 tclass=file permissive=0
03-17 18:55:03.286 10717 10717 I auditd  : type=1400 audit(0.0:23072): avc:  denied  { read } for  comm="pgrep" scontext=u:r:ota_init_shell:s0 tcontext=u:r:sdcvd:s0 tclass=file permissive=0
03-17 18:55:03.286 10717 10717 W pgrep   : type=1400 audit(0.0:23072): avc:  denied  { read } for  scontext=u:r:ota_init_shell:s0 tcontext=u:r:sdcvd:s0 tclass=file permissive=0
03-17 18:55:03.286 10717 10717 I auditd  : type=1400 audit(0.0:23073): avc:  denied  { read } for  comm="pgrep" scontext=u:r:ota_init_shell:s0 tcontext=u:r:sdprop:s0 tclass=file permissive=0
03-17 18:55:03.286 10717 10717 W pgrep   : type=1400 audit(0.0:23073): avc:  denied  { read } for  scontext=u:r:ota_init_shell:s0 tcontext=u:r:sdprop:s0 tclass=file permissive=0
03-17 18:55:03.286 10717 10717 I auditd  : type=1400 audit(0.0:23074): avc:  denied  { read } for  comm="pgrep" scontext=u:r:ota_init_shell:s0 tcontext=u:r:keystore:s0 tclass=file permissive=0
03-17 18:55:03.286 10717 10717 W pgrep   : type=1400 audit(0.0:23074): avc:  denied  { read } for  scontext=u:r:ota_init_shell:s0 tcontext=u:r:keystore:s0 tclass=file permissive=0
03-17 18:55:03.297 10173 10197 D TimerTriggerManager: init instance...
03-17 18:55:03.297 10173 10197 D TimerTriggerManager: Timer thread'TimerTriggerManager' is destroyed: false
03-17 18:55:03.297 10173 10197 D TimerTriggerManager: Timer 'onIndcnVehSpdChanged' is running: true
03-17 18:55:03.297 10173 10197 D TimerTriggerManager: Sending reset signal to timer 'onIndcnVehSpdChanged'
03-17 18:55:03.297 10173 10197 D TimerTriggerManager: Reset signal sent to timer 'onIndcnVehSpdChanged'
03-17 18:55:03.298 10173 10197 D TimerTriggerManager: init instance...
03-17 18:55:03.298 10173 10197 D TimerTriggerManager: Timer thread'TimerTriggerManager' is destroyed: false
03-17 18:55:03.298 10173 10197 D TimerTriggerManager: Timer 'onMntnWarnReqChanged' is running: true
03-17 18:55:03.298 10173 10197 D TimerTriggerManager: Sending reset signal to timer 'onMntnWarnReqChanged'
03-17 18:55:03.298 10173 10204 D TimerTriggerController: Reset method called for timer: onIndcnVehSpdChanged
03-17 18:55:03.298 10173 10204 D TimerTriggerController: Calling onTimerReset for timer: onIndcnVehSpdChanged
03-17 18:55:03.298 10173 10204 D TimerTriggerManager: Timer reset: onIndcnVehSpdChanged
03-17 18:55:03.298 10173 10197 D TimerTriggerManager: Reset signal sent to timer 'onMntnWarnReqChanged'
03-17 18:55:03.299 10173 10204 I TimerTriggerController: Timer [onIndcnVehSpdChanged] reset, remaining: 1000ms, reset count: 483
03-17 18:55:03.299 10173 10204 D TimerTriggerController: Reset method called for timer: onMntnWarnReqChanged
03-17 18:55:03.299 10173 10204 D TimerTriggerController: Calling onTimerReset for timer: onMntnWarnReqChanged
03-17 18:55:03.299 10173 10204 D TimerTriggerManager: Timer reset: onMntnWarnReqChanged
03-17 18:55:03.299 10173 10204 I TimerTriggerController: Timer [onMntnWarnReqChanged] reset, remaining: 5000ms, reset count: 242
03-17 18:55:03.318   642   685 I mcuc    : sd Uart data : 6AA60208F1000292026F
03-17 18:55:03.323   642   685 I mcuc    : rev uart=2387,len=32, data : 6AA68108F100189202001300FE00FE00FE0000000000000000000000010101CA
03-17 18:55:03.323   400  1006 D adayocomadapter-ParseProtocolFunc: printRaWMsg Name[MCUToUPstream recv] len[24] data[9202001300FE00FE00FE0000000000000000000000010101]
03-17 18:55:03.324   400  1006 D adayocomadapter-CommunicationManager: onUpstreamback   member[0] dataLength[21] timePoint[237271]
03-17 18:55:03.324   400  1006 D adayocomadapter-ParseProtocolFunc: printRaWMsg Name[onUpstreamback] len[21] data[1300FE00FE00FE0000000000000000000000010101]
03-17 18:55:03.324   400   452 D adayocomadapter-UpstreamHandler: processBeforePacket upSreamtProcessTimePoint[237271] 
03-17 18:55:03.324   400   452 D adayocomadapter-UpstreamHandler: processPacket UPSTREAM_QUEUE_DATA_TIMEOUT
03-17 18:55:03.324   400   452 D adayocomadapter-ParseProtocolFunc: parseCommonIPCLBytes Processing tableNumber[19]
03-17 18:55:03.324   400   452 D adayocomadapter-ParseProtocolFunc: parseCommonIPCLBytes Processing tablename[Table-19] tableSize[21]
03-17 18:55:03.324   400   452 D adayocomadapter-ParseProtocolFunc: printRaWMsg Name[byteStream recv] len[21] data[1300FE00FE00FE0000000000000000000000010101]
03-17 18:55:03.324   400   452 D adayocomadapter-ParseProtocolFunc: printRaWMsg Name[IPCLtoVHAL] len[7] data[21401028000100]
03-17 18:55:03.324   400   452 D adayocomadapter-ParseProtocolFunc: printRaWMsg Name[IPCLtoVHAL] len[7] data[214010290001FE]
03-17 18:55:03.324   400   452 D adayocomadapter-ParseProtocolFunc: printRaWMsg Name[IPCLtoVHAL] len[7] data[2140102E000100]
03-17 18:55:03.324   400   452 D adayocomadapter-ParseProtocolFunc: printRaWMsg Name[IPCLtoVHAL] len[7] data[2140102B000100]
03-17 18:55:03.324   400   452 D adayocomadapter-ParseProtocolFunc: printRaWMsg Name[IPCLtoVHAL] len[7] data[2140104C000100]
03-17 18:55:03.324   400   452 D adayocomadapter-ParseProtocolFunc: printRaWMsg Name[IPCLtoVHAL] len[7] data[2140102C0001FE]
03-17 18:55:03.324   400   452 D adayocomadapter-ParseProtocolFunc: printRaWMsg Name[IPCLtoVHAL] len[8] data[2140200700010000]
03-17 18:55:03.325   400   452 D adayocomadapter-ParseProtocolFunc: printRaWMsg Name[IPCLtoVHAL] len[7] data[2140102F0001FE]
03-17 18:55:03.325   400   452 D adayocomadapter-ParseProtocolFunc: printRaWMsg Name[IPCLtoVHAL] len[7] data[21401031000100]
03-17 18:55:03.325   400   452 D adayocomadapter-ParseProtocolFunc: printRaWMsg Name[IPCLtoVHAL] len[8] data[2140202200010000]
03-17 18:55:03.325   400   452 D adayocomadapter-ParseProtocolFunc: printRaWMsg Name[IPCLtoVHAL] len[10] data[21402023000100000000]
03-17 18:55:03.325   400   452 D adayocomadapter-ParseProtocolFunc: printRaWMsg Name[IPCLtoVHAL] len[7] data[2140104D000100]
03-17 18:55:03.325   400   452 D adayocomadapter-CommunicationManager: onUpstreamReceive isLoss 1 mPropertyId 0x21401028
03-17 18:55:03.325   400   452 D adayocomadapter-CommunicationManager: convertBytesToInt32Memcpy  0
03-17 18:55:03.325   400   452 D vw-vhal : notifyVehicleProperty, propId = 0x21401028, data = {status: 3, int32Values: [0]}
03-17 18:55:03.325   400   452 I DefaultVehicleHal_v2_0: DefaultVehicleHal::onPropertyValue, value:{.timestamp = 237273116026, .areaId = 0, .prop = 557846568, .status = UNAVAILABLE, .value = {.int32Values = [1]{0}, .floatValues = [0]{}, .int64Values = [0]{}, .bytes = [0]{}, .stringValue = ""}}
03-17 18:55:03.325   400   452 D adayocomadapter-CommunicationManager: onUpstreamReceive mPropertyId 0x21401028
03-17 18:55:03.325   400   452 D adayocomadapter-CommunicationManager: onUpstreamReceive isLoss 1 mPropertyId 0x21401029
03-17 18:55:03.325   400   452 D adayocomadapter-CommunicationManager: convertBytesToInt32Memcpy  254
03-17 18:55:03.325   400   452 D vw-vhal : notifyVehicleProperty, propId = 0x21401029, data = {status: 3, int32Values: [254]}
03-17 18:55:03.326   400   452 I DefaultVehicleHal_v2_0: DefaultVehicleHal::onPropertyValue, value:{.timestamp = 237273526360, .areaId = 0, .prop = 557846569, .status = UNAVAILABLE, .value = {.int32Values = [1]{254}, .floatValues = [0]{}, .int64Values = [0]{}, .bytes = [0]{}, .stringValue = ""}}
03-17 18:55:03.326   400   452 D adayocomadapter-CommunicationManager: onUpstreamReceive mPropertyId 0x21401029
03-17 18:55:03.326   400   452 D adayocomadapter-CommunicationManager: onUpstreamReceive isLoss 1 mPropertyId 0x2140102e
03-17 18:55:03.326   400   452 D adayocomadapter-CommunicationManager: convertBytesToInt32Memcpy  0
03-17 18:55:03.326   400   452 D vw-vhal : notifyVehicleProperty, propId = 0x2140102e, data = {status: 3, int32Values: [0]}
03-17 18:55:03.326   400   452 I DefaultVehicleHal_v2_0: DefaultVehicleHal::onPropertyValue, value:{.timestamp = 237273884360, .areaId = 0, .prop = 557846574, .status = UNAVAILABLE, .value = {.int32Values = [1]{0}, .floatValues = [0]{}, .int64Values = [0]{}, .bytes = [0]{}, .stringValue = ""}}
03-17 18:55:03.326   400   452 D adayocomadapter-CommunicationManager: onUpstreamReceive mPropertyId 0x2140102e
03-17 18:55:03.326   400   452 D adayocomadapter-CommunicationManager: onUpstreamReceive isLoss 1 mPropertyId 0x2140102b
03-17 18:55:03.326   400   452 D adayocomadapter-CommunicationManager: convertBytesToInt32Memcpy  0
03-17 18:55:03.326   400   452 D vw-vhal : notifyVehicleProperty, propId = 0x2140102b, data = {status: 3, int32Values: [0]}
03-17 18:55:03.326   400   452 I DefaultVehicleHal_v2_0: DefaultVehicleHal::onPropertyValue, value:{.timestamp = 237274225360, .areaId = 0, .prop = 557846571, .status = UNAVAILABLE, .value = {.int32Values = [1]{0}, .floatValues = [0]{}, .int64Values = [0]{}, .bytes = [0]{}, .stringValue = ""}}
03-17 18:55:03.326   400   452 D adayocomadapter-CommunicationManager: onUpstreamReceive mPropertyId 0x2140102b
03-17 18:55:03.326   400   452 D adayocomadapter-CommunicationManager: onUpstreamReceive isLoss 1 mPropertyId 0x2140104c
03-17 18:55:03.326   400   452 D adayocomadapter-CommunicationManager: convertBytesToInt32Memcpy  0
03-17 18:55:03.326   400   452 D vw-vhal : notifyVehicleProperty, propId = 0x2140104c, data = {status: 3, int32Values: [0]}
03-17 18:55:03.327   400   452 I DefaultVehicleHal_v2_0: DefaultVehicleHal::onPropertyValue, value:{.timestamp = 237274566693, .areaId = 0, .prop = 557846604, .status = UNAVAILABLE, .value = {.int32Values = [1]{0}, .floatValues = [0]{}, .int64Values = [0]{}, .bytes = [0]{}, .stringValue = ""}}
03-17 18:55:03.327   400   452 D adayocomadapter-CommunicationManager: onUpstreamReceive mPropertyId 0x2140104c
03-17 18:55:03.327   400   452 D adayocomadapter-CommunicationManager: onUpstreamReceive isLoss 1 mPropertyId 0x2140102c
03-17 18:55:03.327   400   452 D adayocomadapter-CommunicationManager: convertBytesToInt32Memcpy  254
03-17 18:55:03.327   400   452 D vw-vhal : notifyVehicleProperty, propId = 0x2140102c, data = {status: 3, int32Values: [254]}
03-17 18:55:03.327   400   452 I DefaultVehicleHal_v2_0: DefaultVehicleHal::onPropertyValue, value:{.timestamp = 237274909693, .areaId = 0, .prop = 557846572, .status = UNAVAILABLE, .value = {.int32Values = [1]{254}, .floatValues = [0]{}, .int64Values = [0]{}, .bytes = [0]{}, .stringValue = ""}}
03-17 18:55:03.327   400   452 D adayocomadapter-CommunicationManager: onUpstreamReceive mPropertyId 0x2140102c
