03-17 18:54:57.915   400   452 D adayocomadapter-CommunicationManager: onUpstreamReceive mPropertyId 0x2140201d
03-17 18:54:57.915   400   452 D adayocomadapter-CommunicationManager: onUpstreamReceive isLoss 0 mPropertyId 0x2140201e
03-17 18:54:57.915   400   452 D adayocomadapter-CommunicationManager: convertBytesToInt32Memcpy  0
03-17 18:54:57.915   400   452 D vw-vhal : notifyVehicleProperty, propId = 0x2140201e, data = {status: 2, int32Values: [0]}
03-17 18:54:57.915   400   452 I DefaultVehicleHal_v2_0: DefaultVehicleHal::onPropertyValue, value:{.timestamp = 231862908359, .areaId = 0, .prop = 557850654, .status = AVAILABLE, .value = {.int32Values = [1]{0}, .floatValues = [0]{}, .int64Values = [0]{}, .bytes = [0]{}, .stringValue = ""}}
03-17 18:54:57.915   400   452 D adayocomadapter-CommunicationManager: onUpstreamReceive mPropertyId 0x2140201e
03-17 18:54:57.918   582  3616 E WifiHAL : Invalid data received from driver
03-17 18:54:57.930  2106  2492 I CarPopupManagementService: Retrying TextToSpeech initialization
03-17 18:54:57.930  2106  2492 W TextToSpeech: shutdown failed: not bound to TTS engine
03-17 18:54:57.933   316   316 I auditd  : avc:  denied  { find } for pid=2106 uid=1000 name=texttospeech scontext=u:r:carservice_app:s0 tcontext=u:object_r:texttospeech_service:s0 tclass=service_manager permissive=0
03-17 18:54:57.934  2106  2492 E TextToSpeech: System service is not available!
03-17 18:54:57.934  2106  2492 E TextToSpeech: Failed to bind to com.iflytek.cutefly.speechclient.hmi
03-17 18:54:57.935  2106  2492 I CarPopupManagementService: TextToSpeech init
03-17 18:54:57.936  2106  2492 E CarPopupManagementService: TextToSpeech init failed: -1
03-17 18:54:57.956   582  3616 E WifiHAL : Invalid data received from driver
03-17 18:54:57.956   582  3616 E WifiHAL : Invalid data received from driver
03-17 18:54:57.956   582  3616 E WifiHAL : Invalid data received from driver
03-17 18:54:57.956   582  3616 E WifiHAL : Invalid data received from driver
03-17 18:54:57.956   582  3616 E WifiHAL : Invalid data received from driver
03-17 18:54:57.956   582  3616 E WifiHAL : Invalid data received from driver
03-17 18:54:57.957   582  3616 E WifiHAL : Invalid data received from driver
03-17 18:54:57.957   582  3616 E WifiHAL : Invalid data received from driver
03-17 18:54:57.964  2383  2600 D AdayoDoipServer294_Doip: [ne_doip_event_loop_dispatch][line:141] : count = 0
03-17 18:54:57.977   642   685 I mcuc    : sd Uart data : 6AA60208BF00029202A1
03-17 18:54:57.982   642   685 I mcuc    : rev uart=2334,len=21, data : 6AA68108BF000D920200080000000000000000010E
03-17 18:54:57.982   400  1006 D adayocomadapter-ParseProtocolFunc: printRaWMsg Name[MCUToUPstream recv] len[13] data[92020008000000000000000001]
03-17 18:54:57.982   400  1006 D adayocomadapter-CommunicationManager: onUpstreamback   member[0] dataLength[10] timePoint[231930]
03-17 18:54:57.983   400  1006 D adayocomadapter-ParseProtocolFunc: printRaWMsg Name[onUpstreamback] len[10] data[08000000000000000001]
03-17 18:54:57.983   400   452 D adayocomadapter-UpstreamHandler: processBeforePacket upSreamtProcessTimePoint[231930] 
03-17 18:54:57.983   400   452 D adayocomadapter-UpstreamHandler: processPacket UPSTREAM_QUEUE_DATA_TIMEOUT
03-17 18:54:57.983   400   452 D adayocomadapter-ParseProtocolFunc: parseCommonIPCLBytes Processing tableNumber[8]
03-17 18:54:57.983   400   452 D adayocomadapter-ParseProtocolFunc: parseCommonIPCLBytes Processing tablename[Table-8] tableSize[10]
03-17 18:54:57.983   400   452 D adayocomadapter-ParseProtocolFunc: printRaWMsg Name[byteStream recv] len[10] data[08000000000000000001]
03-17 18:54:57.983   400   452 D adayocomadapter-ParseProtocolFunc: printRaWMsg Name[IPCLtoVHAL] len[8] data[2141208F01010000]
03-17 18:54:57.983   582  3616 E WifiHAL : Invalid data received from driver
03-17 18:54:57.983   400   452 D adayocomadapter-ParseProtocolFunc: printRaWMsg Name[IPCLtoVHAL] len[8] data[2141209001010000]
03-17 18:54:57.983   400   452 D adayocomadapter-ParseProtocolFunc: printRaWMsg Name[IPCLtoVHAL] len[8] data[2141209101010000]
03-17 18:54:57.983   400   452 D adayocomadapter-ParseProtocolFunc: printRaWMsg Name[IPCLtoVHAL] len[8] data[2141209201010000]
03-17 18:54:57.983   400   452 D adayocomadapter-CommunicationManager: onUpstreamReceive isLoss 1 mPropertyId 0x2141208f
03-17 18:54:57.983   400   452 D vw-vhal : notifyVehicleProperty, propId = 0x2141208f, data = {status: 3, int32Values: [0, 0]}
03-17 18:54:57.984   400   452 I DefaultVehicleHal_v2_0: DefaultVehicleHal::onPropertyValue, value:{.timestamp = 231931570026, .areaId = 0, .prop = 557916303, .status = UNAVAILABLE, .value = {.int32Values = [2]{0, 0}, .floatValues = [0]{}, .int64Values = [0]{}, .bytes = [0]{}, .stringValue = ""}}
03-17 18:54:57.984   400   452 D adayocomadapter-CommunicationManager: onUpstreamReceive mPropertyId 0x2141208f
03-17 18:54:57.984   400   452 D adayocomadapter-CommunicationManager: onUpstreamReceive isLoss 1 mPropertyId 0x21412090
03-17 18:54:57.984   400   452 D vw-vhal : notifyVehicleProperty, propId = 0x21412090, data = {status: 3, int32Values: [0, 0]}
03-17 18:54:57.984   400   452 I DefaultVehicleHal_v2_0: DefaultVehicleHal::onPropertyValue, value:{.timestamp = 231931948026, .areaId = 0, .prop = 557916304, .status = UNAVAILABLE, .value = {.int32Values = [2]{0, 0}, .floatValues = [0]{}, .int64Values = [0]{}, .bytes = [0]{}, .stringValue = ""}}
03-17 18:54:57.984   400   452 D adayocomadapter-CommunicationManager: onUpstreamReceive mPropertyId 0x21412090
03-17 18:54:57.984   400   452 D adayocomadapter-CommunicationManager: onUpstreamReceive isLoss 1 mPropertyId 0x21412091
03-17 18:54:57.984   400   452 D vw-vhal : notifyVehicleProperty, propId = 0x21412091, data = {status: 3, int32Values: [0, 0]}
03-17 18:54:57.984   400   452 I DefaultVehicleHal_v2_0: DefaultVehicleHal::onPropertyValue, value:{.timestamp = 231932319359, .areaId = 0, .prop = 557916305, .status = UNAVAILABLE, .value = {.int32Values = [2]{0, 0}, .floatValues = [0]{}, .int64Values = [0]{}, .bytes = [0]{}, .stringValue = ""}}
03-17 18:54:57.984   400   452 D adayocomadapter-CommunicationManager: onUpstreamReceive mPropertyId 0x21412091
03-17 18:54:57.984   400   452 D adayocomadapter-CommunicationManager: onUpstreamReceive isLoss 1 mPropertyId 0x21412092
03-17 18:54:57.985   400   452 D vw-vhal : notifyVehicleProperty, propId = 0x21412092, data = {status: 3, int32Values: [0, 0]}
03-17 18:54:57.985   400   452 I DefaultVehicleHal_v2_0: DefaultVehicleHal::onPropertyValue, value:{.timestamp = 231932633692, .areaId = 0, .prop = 557916306, .status = UNAVAILABLE, .value = {.int32Values = [2]{0, 0}, .floatValues = [0]{}, .int64Values = [0]{}, .bytes = [0]{}, .stringValue = ""}}
03-17 18:54:57.985   400   452 D adayocomadapter-CommunicationManager: onUpstreamReceive mPropertyId 0x21412092
03-17 18:54:57.988 10173 10197 D TimerTriggerManager: init instance...
03-17 18:54:57.988 10173 10197 D TimerTriggerManager: Timer thread'TimerTriggerManager' is destroyed: false
03-17 18:54:57.988 10173 10197 D TimerTriggerManager: Timer 'onIndcnVehSpdChanged' is running: true
03-17 18:54:57.988 10173 10197 D TimerTriggerManager: Sending reset signal to timer 'onIndcnVehSpdChanged'
03-17 18:54:57.988 10173 10197 D TimerTriggerManager: Reset signal sent to timer 'onIndcnVehSpdChanged'
03-17 18:54:57.988 10173 10204 D TimerTriggerController: Reset method called for timer: onIndcnVehSpdChanged
03-17 18:54:57.988 10173 10204 D TimerTriggerController: Calling onTimerReset for timer: onIndcnVehSpdChanged
03-17 18:54:57.988 10173 10204 D TimerTriggerManager: Timer reset: onIndcnVehSpdChanged
03-17 18:54:57.989 10173 10204 I TimerTriggerController: Timer [onIndcnVehSpdChanged] reset, remaining: 1000ms, reset count: 430
03-17 18:54:57.992   582  3616 E WifiHAL : Invalid data received from driver
03-17 18:54:58.019   582  3616 E WifiHAL : Invalid data received from driver
03-17 18:54:58.031  1566  3186 D TboxNetworkManager: tboxNetworkbinder=null
03-17 18:54:58.057   642   685 I mcuc    : sd Uart data : 6AA60208C000029202A0
03-17 18:54:58.060   582  3616 E WifiHAL : Invalid data received from driver
03-17 18:54:58.063   642   685 I mcuc    : rev uart=2335,len=35, data : 6AA68108C0001B920202034C37582D30303130312E30312E3235303030314130303152
03-17 18:54:58.063   400  1006 D adayocomadapter-ParseProtocolFunc: printRaWMsg Name[MCUToUPstream recv] len[27] data[920202034C37582D30303130312E30312E32353030303141303031]
03-17 18:54:58.063   400  1006 D adayocomadapter-CommunicationManager: onUpstreamback   member[2] dataLength[24] timePoint[232011]
03-17 18:54:58.063   400  1006 D adayocomadapter-ParseProtocolFunc: printRaWMsg Name[onUpstreamback] len[24] data[034C37582D30303130312E30312E32353030303141303031]
03-17 18:54:58.063   400   452 D adayocomadapter-UpstreamHandler: processBeforePacket upSreamtProcessTimePoint[232011] 
03-17 18:54:58.063   400   452 D adayocomadapter-ParseProtocolFunc: parseGeneralIPCLBytes Processing tablename[Table-3] tableSize[23]
03-17 18:54:58.063   400   452 D adayocomadapter-ParseProtocolFunc: printRaWMsg Name[byteStream recv] len[24] data[034C37582D30303130312E30312E32353030303141303031]
03-17 18:54:58.063   400   452 D adayocomadapter-ParseProtocolFunc: printRaWMsg Name[IPCLtoVHAL] len[29] data[2110208E01004C37582D30303130312E30312E32353030303141303031]
03-17 18:54:58.063   400   452 D adayocomadapter-CommunicationManager: onUpstreamReceive isLoss 0 mPropertyId 0x2110208e
03-17 18:54:58.063   400   452 D adayocomadapter-CommunicationManager: byteArrayToHexString  L7X-00101.01.250001A001
03-17 18:54:58.063   400   452 D vw-vhal : notifyVehicleProperty, propId = 0x2110208e, data = {status: 2, stringValue: "L7X-00101.01.250001A001"}
03-17 18:54:58.063   400   452 I DefaultVehicleHal_v2_0: DefaultVehicleHal::onPropertyValue, value:{.timestamp = 232011400026, .areaId = 0, .prop = 554705038, .status = AVAILABLE, .value = {.int32Values = [0]{}, .floatValues = [0]{}, .int64Values = [0]{}, .bytes = [0]{}, .stringValue = "L7X-00101.01.250001A001"}}
03-17 18:54:58.063   400   452 D adayocomadapter-CommunicationManager: onUpstreamReceive mPropertyId 0x2110208e
03-17 18:54:58.064  2383  2600 D AdayoDoipServer294_Doip: [ne_doip_event_loop_dispatch][line:141] : count = 0
03-17 18:54:58.089 10173 10197 D TimerTriggerManager: init instance...
03-17 18:54:58.089 10173 10197 D TimerTriggerManager: Timer thread'TimerTriggerManager' is destroyed: false
03-17 18:54:58.089 10173 10197 D TimerTriggerManager: Timer 'onIndcnVehSpdChanged' is running: true
03-17 18:54:58.089 10173 10197 D TimerTriggerManager: Sending reset signal to timer 'onIndcnVehSpdChanged'
03-17 18:54:58.089 10173 10197 D TimerTriggerManager: Reset signal sent to timer 'onIndcnVehSpdChanged'
03-17 18:54:58.089 10173 10204 D TimerTriggerController: Reset method called for timer: onIndcnVehSpdChanged
03-17 18:54:58.089 10173 10204 D TimerTriggerController: Calling onTimerReset for timer: onIndcnVehSpdChanged
03-17 18:54:58.089 10173 10204 D TimerTriggerManager: Timer reset: onIndcnVehSpdChanged
03-17 18:54:58.090 10173 10204 I TimerTriggerController: Timer [onIndcnVehSpdChanged] reset, remaining: 1000ms, reset count: 431
03-17 18:54:58.090 10173 10197 D TimerTriggerManager: init instance...
03-17 18:54:58.090 10173 10197 D TimerTriggerManager: Timer thread'TimerTriggerManager' is destroyed: false
03-17 18:54:58.090 10173 10197 D TimerTriggerManager: Timer 'onMntnWarnReqChanged' is running: true
03-17 18:54:58.090 10173 10197 D TimerTriggerManager: Sending reset signal to timer 'onMntnWarnReqChanged'
03-17 18:54:58.090 10173 10197 D TimerTriggerManager: Reset signal sent to timer 'onMntnWarnReqChanged'
03-17 18:54:58.090 10173 10204 D TimerTriggerController: Reset method called for timer: onMntnWarnReqChanged
03-17 18:54:58.090 10173 10204 D TimerTriggerController: Calling onTimerReset for timer: onMntnWarnReqChanged
03-17 18:54:58.090 10173 10204 D TimerTriggerManager: Timer reset: onMntnWarnReqChanged
03-17 18:54:58.090 10173 10204 I TimerTriggerController: Timer [onMntnWarnReqChanged] reset, remaining: 5000ms, reset count: 216
03-17 18:54:58.114  1646  2260 D wkkSystemMonitorService: totalSystemLoad177.1487%
03-17 18:54:58.115  1646  2260 E DataCollectManager: eventId = thresholdUpload, data = {"IOString":"{\"type\": \" android_io \",\"subType\": \" write_rate \",\"currentValue\": \"0.01\",\"thresholdValue\": \" 10MB/s \",\"stat\": \"ReadKBps:0.01 MB/s,WriteKBps:0.15 MB/s, iops:7.00 times/s}"}
03-17 18:54:58.122  1627  1648 D CollectDataDataFiller: ===
03-17 18:54:58.122  1627  1648 D CollectDataDataFiller: Fill [AppId = SystemInfo] [EventId = thresholdUpload] with
03-17 18:54:58.122  1627  1648 D CollectDataDataFiller: [MsgId = ddb2e18c-81b9-483c-89e9-ae7ebc62abfd]
03-17 18:54:58.122  1627  1648 D CollectDataDataFiller: ===
03-17 18:54:58.139   582  3616 E WifiHAL : Invalid data received from driver
03-17 18:54:58.158   642   685 I mcuc    : sd Uart data : 6AA60208C1000292029F
03-17 18:54:58.163   642   685 I mcuc    : rev uart=2336,len=18, data : 6AA68108C1000A9202000600000000000111
03-17 18:54:58.163   642   685 I mcuc    : sd Uart data : 6AA60208C2000292029E
03-17 18:54:58.163   400  1006 D adayocomadapter-ParseProtocolFunc: printRaWMsg Name[MCUToUPstream recv] len[10] data[92020006000000000001]
03-17 18:54:58.163   400  1006 D adayocomadapter-CommunicationManager: onUpstreamback   member[0] dataLength[7] timePoint[232111]
03-17 18:54:58.163   400  1006 D adayocomadapter-ParseProtocolFunc: printRaWMsg Name[onUpstreamback] len[7] data[06000000000001]
03-17 18:54:58.163   400   452 D adayocomadapter-UpstreamHandler: processBeforePacket upSreamtProcessTimePoint[232111] 
03-17 18:54:58.163   400   452 D adayocomadapter-UpstreamHandler: processPacket UPSTREAM_QUEUE_DATA_TIMEOUT
03-17 18:54:58.163   400   452 D adayocomadapter-ParseProtocolFunc: parseCommonIPCLBytes Processing tableNumber[6]
03-17 18:54:58.163   400   452 D adayocomadapter-ParseProtocolFunc: parseCommonIPCLBytes Processing tablename[Table-6] tableSize[7]
03-17 18:54:58.163   400   452 D adayocomadapter-ParseProtocolFunc: printRaWMsg Name[byteStream recv] len[7] data[06000000000001]
03-17 18:54:58.163   400   452 D adayocomadapter-ParseProtocolFunc: printRaWMsg Name[IPCLtoVHAL] len[7] data[21402002000100]
03-17 18:54:58.163   400   452 D adayocomadapter-ParseProtocolFunc: printRaWMsg Name[IPCLtoVHAL] len[7] data[21402020000100]
03-17 18:54:58.163   400   452 D adayocomadapter-ParseProtocolFunc: printRaWMsg Name[IPCLtoVHAL] len[7] data[21402004000100]
03-17 18:54:58.163   400   452 D adayocomadapter-ParseProtocolFunc: printRaWMsg Name[IPCLtoVHAL] len[7] data[21402009000100]
03-17 18:54:58.164   400   452 D adayocomadapter-ParseProtocolFunc: printRaWMsg Name[IPCLtoVHAL] len[7] data[21402008000100]
03-17 18:54:58.164   400   452 D adayocomadapter-CommunicationManager: onUpstreamReceive isLoss 1 mPropertyId 0x21402002
03-17 18:54:58.164   400   452 D adayocomadapter-CommunicationManager: convertBytesToInt32Memcpy  0
03-17 18:54:58.164   400   452 D vw-vhal : notifyVehicleProperty, propId = 0x21402002, data = {status: 3, int32Values: [0]}
03-17 18:54:58.164   400   452 I DefaultVehicleHal_v2_0: DefaultVehicleHal::onPropertyValue, value:{.timestamp = 232111669692, .areaId = 0, .prop = 557850626, .status = UNAVAILABLE, .value = {.int32Values = [1]{0}, .floatValues = [0]{}, .int64Values = [0]{}, .bytes = [0]{}, .stringValue = ""}}
03-17 18:54:58.164   400   452 D adayocomadapter-CommunicationManager: onUpstreamReceive mPropertyId 0x21402002
03-17 18:54:58.164   400   452 D adayocomadapter-CommunicationManager: onUpstreamReceive isLoss 1 mPropertyId 0x21402020
03-17 18:54:58.164   400   452 D adayocomadapter-CommunicationManager: convertBytesToInt32Memcpy  0
03-17 18:54:58.164   400   452 D vw-vhal : notifyVehicleProperty, propId = 0x21402020, data = {status: 3, int32Values: [0]}
03-17 18:54:58.164   400   452 I DefaultVehicleHal_v2_0: DefaultVehicleHal::onPropertyValue, value:{.timestamp = 232111803359, .areaId = 0, .prop = 557850656, .status = UNAVAILABLE, .value = {.int32Values = [1]{0}, .floatValues = [0]{}, .int64Values = [0]{}, .bytes = [0]{}, .stringValue = ""}}
03-17 18:54:58.164   400   452 D adayocomadapter-CommunicationManager: onUpstreamReceive mPropertyId 0x21402020
03-17 18:54:58.164   400   452 D adayocomadapter-CommunicationManager: onUpstreamReceive isLoss 1 mPropertyId 0x21402004
03-17 18:54:58.164   400   452 D adayocomadapter-CommunicationManager: convertBytesToInt32Memcpy  0
03-17 18:54:58.164   400   452 D vw-vhal : notifyVehicleProperty, propId = 0x21402004, data = {status: 3, int32Values: [0]}
03-17 18:54:58.164   400   452 I DefaultVehicleHal_v2_0: DefaultVehicleHal::onPropertyValue, value:{.timestamp = 232111909026, .areaId = 0, .prop = 557850628, .status = UNAVAILABLE, .value = {.int32Values = [1]{0}, .floatValues = [0]{}, .int64Values = [0]{}, .bytes = [0]{}, .stringValue = ""}}
03-17 18:54:58.164   400   452 D adayocomadapter-CommunicationManager: onUpstreamReceive mPropertyId 0x21402004
03-17 18:54:58.164   400   452 D adayocomadapter-CommunicationManager: onUpstreamReceive isLoss 1 mPropertyId 0x21402009
03-17 18:54:58.164   400   452 D adayocomadapter-CommunicationManager: convertBytesToInt32Memcpy  0
03-17 18:54:58.164   400   452 D vw-vhal : notifyVehicleProperty, propId = 0x21402009, data = {status: 3, int32Values: [0]}
03-17 18:54:58.164   400   452 I DefaultVehicleHal_v2_0: DefaultVehicleHal::onPropertyValue, value:{.timestamp = 232112046359, .areaId = 0, .prop = 557850633, .status = UNAVAILABLE, .value = {.int32Values = [1]{0}, .floatValues = [0]{}, .int64Values = [0]{}, .bytes = [0]{}, .stringValue = ""}}
03-17 18:54:58.164   400   452 D adayocomadapter-CommunicationManager: onUpstreamReceive mPropertyId 0x21402009
03-17 18:54:58.164   400   452 D adayocomadapter-CommunicationManager: onUpstreamReceive isLoss 1 mPropertyId 0x21402008
03-17 18:54:58.164   400   452 D adayocomadapter-CommunicationManager: convertBytesToInt32Memcpy  0
03-17 18:54:58.164   400   452 D vw-vhal : notifyVehicleProperty, propId = 0x21402008, data = {status: 3, int32Values: [0]}
03-17 18:54:58.164   400   452 I DefaultVehicleHal_v2_0: DefaultVehicleHal::onPropertyValue, value:{.timestamp = 232112169692, .areaId = 0, .prop = 557850632, .status = UNAVAILABLE, .value = {.int32Values = [1]{0}, .floatValues = [0]{}, .int64Values = [0]{}, .bytes = [0]{}, .stringValue = ""}}
03-17 18:54:58.164   400   452 D adayocomadapter-CommunicationManager: onUpstreamReceive mPropertyId 0x21402008
03-17 18:54:58.164  2383  2600 D AdayoDoipServer294_Doip: [ne_doip_event_loop_dispatch][line:141] : count = 0
03-17 18:54:58.162 10684 10684 I auditd  : type=1400 audit(0.0:22721): avc:  denied  { read } for  comm="ps" name="pid_max" dev="proc" ino=74261 scontext=u:r:system_app:s0 tcontext=u:object_r:proc_pid_max:s0 tclass=file permissive=0
03-17 18:54:58.162 10684 10684 W ps      : type=1400 audit(0.0:22721): avc:  denied  { read } for  name="pid_max" dev="proc" ino=74261 scontext=u:r:system_app:s0 tcontext=u:object_r:proc_pid_max:s0 tclass=file permissive=0
03-17 18:54:58.162 10684 10684 I auditd  : type=1400 audit(0.0:22722): avc:  denied  { read } for  comm="ps" scontext=u:r:system_app:s0 tcontext=u:r:servicemanager:s0 tclass=file permissive=0
03-17 18:54:58.162 10684 10684 W ps      : type=1400 audit(0.0:22722): avc:  denied  { read } for  scontext=u:r:system_app:s0 tcontext=u:r:servicemanager:s0 tclass=file permissive=0
03-17 18:54:58.162 10684 10684 I auditd  : type=1400 audit(0.0:22723): avc:  denied  { read } for  comm="ps" scontext=u:r:system_app:s0 tcontext=u:r:hwservicemanager:s0 tclass=file permissive=0
03-17 18:54:58.162 10684 10684 W ps      : type=1400 audit(0.0:22723): avc:  denied  { read } for  scontext=u:r:system_app:s0 tcontext=u:r:hwservicemanager:s0 tclass=file permissive=0
03-17 18:54:58.162 10684 10684 I auditd  : type=1400 audit(0.0:22724): avc:  denied  { read } for  comm="ps" scontext=u:r:system_app:s0 tcontext=u:r:carpowerpolicyd:s0 tclass=file permissive=0
03-17 18:54:58.162 10684 10684 W ps      : type=1400 audit(0.0:22724): avc:  denied  { read } for  scontext=u:r:system_app:s0 tcontext=u:r:carpowerpolicyd:s0 tclass=file permissive=0
03-17 18:54:58.162 10684 10684 I auditd  : type=1400 audit(0.0:22725): avc:  denied  { read } for  comm="ps" scontext=u:r:system_app:s0 tcontext=u:r:fgebackcar:s0 tclass=file permissive=0
03-17 18:54:58.162 10684 10684 W ps      : type=1400 audit(0.0:22725): avc:  denied  { read } for  scontext=u:r:system_app:s0 tcontext=u:r:fgebackcar:s0 tclass=file permissive=0
01-01 08:03:53.318 10684 10684 W audit   : audit_lost=21803 audit_rate_limit=5 audit_backlog_limit=64
01-01 08:03:53.318 10684 10684 E audit   : rate limit exceeded
03-17 18:54:58.168   642   685 I mcuc    : rev uart=2337,len=14, data : 6AA68108C200069202001A000100
03-17 18:54:58.169   400  1006 D adayocomadapter-ParseProtocolFunc: printRaWMsg Name[MCUToUPstream recv] len[6] data[9202001A0001]
03-17 18:54:58.169   400  1006 D adayocomadapter-CommunicationManager: onUpstreamback   member[0] dataLength[3] timePoint[232116]
03-17 18:54:58.169   400  1006 D adayocomadapter-ParseProtocolFunc: printRaWMsg Name[onUpstreamback] len[3] data[1A0001]
03-17 18:54:58.169   400   452 D adayocomadapter-UpstreamHandler: processBeforePacket upSreamtProcessTimePoint[232116] 
03-17 18:54:58.169   400   452 D adayocomadapter-UpstreamHandler: processPacket UPSTREAM_QUEUE_DATA_TIMEOUT
03-17 18:54:58.169   400   452 D adayocomadapter-ParseProtocolFunc: parseCommonIPCLBytes Processing tableNumber[26]
03-17 18:54:58.169   400   452 D adayocomadapter-ParseProtocolFunc: parseCommonIPCLBytes Processing tablename[Table-26] tableSize[2]
03-17 18:54:58.169   400   452 D adayocomadapter-ParseProtocolFunc: printRaWMsg Name[byteStream recv] len[3] data[1A0001]
03-17 18:54:58.169   400   452 D adayocomadapter-ParseProtocolFunc: printRaWMsg Name[IPCLtoVHAL] len[7] data[214021C9000100]
03-17 18:54:58.169   400   452 D adayocomadapter-CommunicationManager: onUpstreamReceive isLoss 1 mPropertyId 0x214021c9
03-17 18:54:58.169   400   452 D adayocomadapter-CommunicationManager: convertBytesToInt32Memcpy  0
03-17 18:54:58.169   400   452 D vw-vhal : notifyVehicleProperty, propId = 0x214021c9, data = {status: 3, int32Values: [0]}
03-17 18:54:58.169   400   452 I DefaultVehicleHal_v2_0: DefaultVehicleHal::onPropertyValue, value:{.timestamp = 232116931026, .areaId = 0, .prop = 557851081, .status = UNAVAILABLE, .value = {.int32Values = [1]{0}, .floatValues = [0]{}, .int64Values = [0]{}, .bytes = [0]{}, .stringValue = ""}}
03-17 18:54:58.169   400   452 D adayocomadapter-CommunicationManager: onUpstreamReceive mPropertyId 0x214021c9
03-17 18:54:58.182  1566  2651 D TboxNetworkManager: tboxNetworkbinder=null
03-17 18:54:58.187 10173 10197 D TimerTriggerManager: init instance...
03-17 18:54:58.187 10173 10197 D TimerTriggerManager: Timer thread'TimerTriggerManager' is destroyed: false
03-17 18:54:58.187 10173 10197 D TimerTriggerManager: Timer 'onIndcnVehSpdChanged' is running: true
03-17 18:54:58.187 10173 10197 D TimerTriggerManager: Sending reset signal to timer 'onIndcnVehSpdChanged'
03-17 18:54:58.187 10173 10197 D TimerTriggerManager: Reset signal sent to timer 'onIndcnVehSpdChanged'
03-17 18:54:58.187 10173 10204 D TimerTriggerController: Reset method called for timer: onIndcnVehSpdChanged
03-17 18:54:58.187 10173 10204 D TimerTriggerController: Calling onTimerReset for timer: onIndcnVehSpdChanged
03-17 18:54:58.187 10173 10204 D TimerTriggerManager: Timer reset: onIndcnVehSpdChanged
03-17 18:54:58.187 10173 10204 I TimerTriggerController: Timer [onIndcnVehSpdChanged] reset, remaining: 1000ms, reset count: 432
03-17 18:54:58.213   582  3616 E WifiHAL : Invalid data received from driver
03-17 18:54:58.225   642   685 I mcuc    : sd Uart data : 6AA60208C3000292029D
03-17 18:54:58.230   642   685 I mcuc    : rev uart=2338,len=116, data : 6AA68108C3006C920200100000000000000000000000000000010000000000000000000000000000000000000000000000000000000000000000000000000000000000000000000000000000000000000000000000000000654E21000000000000000000000000000000000001010101010101C8
03-17 18:54:58.230   400  1006 D adayocomadapter-ParseProtocolFunc: printRaWMsg Name[MCUToUPstream recv] len[108] data[920200100000000000000000000000000000010000000000000000000000000000000000000000000000000000000000000000000000000000000000000000000000000000000000000000000000000000654E21000000000000000000000000000000000001010101010101]
03-17 18:54:58.230   400  1006 D adayocomadapter-CommunicationManager: onUpstreamback   member[0] dataLength[105] timePoint[232178]
03-17 18:54:58.230   400  1006 D adayocomadapter-ParseProtocolFunc: printRaWMsg Name[onUpstreamback] len[105] data[100000000000000000000000000000010000000000000000000000000000000000000000000000000000000000000000000000000000000000000000000000000000000000000000000000000000654E21000000000000000000000000000000000001010101010101]
03-17 18:54:58.230   400   452 D adayocomadapter-UpstreamHandler: processBeforePacket upSreamtProcessTimePoint[232178] 
03-17 18:54:58.230   400   452 D adayocomadapter-UpstreamHandler: processPacket UPSTREAM_QUEUE_DATA_TIMEOUT
03-17 18:54:58.230   400   452 D adayocomadapter-ParseProtocolFunc: parseCommonIPCLBytes Processing tableNumber[16]
03-17 18:54:58.230   400   452 D adayocomadapter-ParseProtocolFunc: parseCommonIPCLBytes Processing tablename[Table-16] tableSize[105]
03-17 18:54:58.231   400   452 D adayocomadapter-ParseProtocolFunc: printRaWMsg Name[byteStream recv] len[105] data[100000000000000000000000000000010000000000000000000000000000000000000000000000000000000000000000000000000000000000000000000000000000000000000000000000000000654E21000000000000000000000000000000000001010101010101]
03-17 18:54:58.231   400   452 D adayocomadapter-ParseProtocolFunc: printRaWMsg Name[IPCLtoVHAL] len[7] data[214021B1000100]
03-17 18:54:58.231   400   452 D adayocomadapter-ParseProtocolFunc: printRaWMsg Name[IPCLtoVHAL] len[7] data[21402212000100]
03-17 18:54:58.231   400   452 D adayocomadapter-ParseProtocolFunc: printRaWMsg Name[IPCLtoVHAL] len[7] data[214021B2000100]
03-17 18:54:58.231   400   452 D adayocomadapter-ParseProtocolFunc: printRaWMsg Name[IPCLtoVHAL] len[7] data[214021BD000100]
03-17 18:54:58.231   400   452 D adayocomadapter-ParseProtocolFunc: printRaWMsg Name[IPCLtoVHAL] len[7] data[2140221E000100]
03-17 18:54:58.231   400   452 D adayocomadapter-ParseProtocolFunc: printRaWMsg Name[IPCLtoVHAL] len[7] data[214021B3000100]
03-17 18:54:58.231   400   452 D adayocomadapter-ParseProtocolFunc: printRaWMsg Name[IPCLtoVHAL] len[7] data[21402214000100]
03-17 18:54:58.231   400   452 D adayocomadapter-ParseProtocolFunc: printRaWMsg Name[IPCLtoVHAL] len[7] data[214021B4000100]
03-17 18:54:58.231   400   452 D adayocomadapter-ParseProtocolFunc: printRaWMsg Name[IPCLtoVHAL] len[7] data[21402153000100]
03-17 18:54:58.231   400   452 D adayocomadapter-ParseProtocolFunc: printRaWMsg Name[IPCLtoVHAL] len[7] data[21402215000100]
03-17 18:54:58.231   400   452 D adayocomadapter-ParseProtocolFunc: printRaWMsg Name[IPCLtoVHAL] len[7] data[214021B5000100]
03-17 18:54:58.231   400   452 D adayocomadapter-ParseProtocolFunc: printRaWMsg Name[IPCLtoVHAL] len[7] data[21402154000100]
03-17 18:54:58.231   400   452 D adayocomadapter-ParseProtocolFunc: printRaWMsg Name[IPCLtoVHAL] len[7] data[214021B7000100]
03-17 18:54:58.231   400   452 D adayocomadapter-ParseProtocolFunc: printRaWMsg Name[IPCLtoVHAL] len[7] data[21402156000100]
03-17 18:54:58.231   400   452 D adayocomadapter-ParseProtocolFunc: printRaWMsg Name[IPCLtoVHAL] len[7] data[214021B8000100]
03-17 18:54:58.231   400   452 D adayocomadapter-ParseProtocolFunc: printRaWMsg Name[IPCLtoVHAL] len[7] data[21402157000100]
03-17 18:54:58.231   400   452 D adayocomadapter-ParseProtocolFunc: printRaWMsg Name[IPCLtoVHAL] len[7] data[21402219000100]
03-17 18:54:58.231   400   452 D adayocomadapter-ParseProtocolFunc: printRaWMsg Name[IPCLtoVHAL] len[7] data[2140215B000100]
03-17 18:54:58.231   400   452 D adayocomadapter-ParseProtocolFunc: printRaWMsg Name[IPCLtoVHAL] len[7] data[214021BC000100]
03-17 18:54:58.231   400   452 D adayocomadapter-ParseProtocolFunc: printRaWMsg Name[IPCLtoVHAL] len[7] data[2140221D000100]
03-17 18:54:58.231   400   452 D adayocomadapter-ParseProtocolFunc: printRaWMsg Name[IPCLtoVHAL] len[7] data[214021B9000100]
03-17 18:54:58.231   400   452 D adayocomadapter-ParseProtocolFunc: printRaWMsg Name[IPCLtoVHAL] len[7] data[2140221A000100]
03-17 18:54:58.231   400   452 D adayocomadapter-ParseProtocolFunc: printRaWMsg Name[IPCLtoVHAL] len[7] data[214021BB000100]
03-17 18:54:58.231   400   452 D adayocomadapter-ParseProtocolFunc: printRaWMsg Name[IPCLtoVHAL] len[7] data[2140215A000100]
03-17 18:54:58.231   400   452 D adayocomadapter-ParseProtocolFunc: printRaWMsg Name[IPCLtoVHAL] len[7] data[2140221C000100]
03-17 18:54:58.231   400   452 D adayocomadapter-ParseProtocolFunc: printRaWMsg Name[IPCLtoVHAL] len[7] data[214021BE000100]
03-17 18:54:58.231   400   452 D adayocomadapter-ParseProtocolFunc: printRaWMsg Name[IPCLtoVHAL] len[7] data[2140215D000100]
03-17 18:54:58.231   400   452 D adayocomadapter-ParseProtocolFunc: printRaWMsg Name[IPCLtoVHAL] len[7] data[2140221F000100]
03-17 18:54:58.231   400   452 D adayocomadapter-ParseProtocolFunc: printRaWMsg Name[IPCLtoVHAL] len[7] data[214021A5000100]
03-17 18:54:58.231   400   452 D adayocomadapter-ParseProtocolFunc: printRaWMsg Name[IPCLtoVHAL] len[7] data[21402107000100]
03-17 18:54:58.231   400   452 D adayocomadapter-ParseProtocolFunc: printRaWMsg Name[IPCLtoVHAL] len[7] data[2140222A000100]
03-17 18:54:58.231   400   452 D adayocomadapter-ParseProtocolFunc: printRaWMsg Name[IPCLtoVHAL] len[7] data[214021C3000100]
03-17 18:54:58.231   400   452 D adayocomadapter-ParseProtocolFunc: printRaWMsg Name[IPCLtoVHAL] len[7] data[214021A8000100]
03-17 18:54:58.231   400   452 D adayocomadapter-ParseProtocolFunc: printRaWMsg Name[IPCLtoVHAL] len[7] data[214021A6000101]
03-17 18:54:58.231   400   452 D adayocomadapter-ParseProtocolFunc: printRaWMsg Name[IPCLtoVHAL] len[7] data[214021A7000100]
03-17 18:54:58.231   400   452 D adayocomadapter-ParseProtocolFunc: printRaWMsg Name[IPCLtoVHAL] len[7] data[21402208000100]
03-17 18:54:58.231   400   452 D adayocomadapter-ParseProtocolFunc: printRaWMsg Name[IPCLtoVHAL] len[7] data[214021A9000100]
03-17 18:54:58.231   400   452 D adayocomadapter-ParseProtocolFunc: printRaWMsg Name[IPCLtoVHAL] len[7] data[214021AA000100]
03-17 18:54:58.231   400   452 D adayocomadapter-ParseProtocolFunc: printRaWMsg Name[IPCLtoVHAL] len[7] data[214021AB000100]
03-17 18:54:58.231   400   452 D adayocomadapter-ParseProtocolFunc: printRaWMsg Name[IPCLtoVHAL] len[7] data[214021AC000100]
03-17 18:54:58.231   400   452 D adayocomadapter-ParseProtocolFunc: printRaWMsg Name[IPCLtoVHAL] len[7] data[2140220D000100]
03-17 18:54:58.231   400   452 D adayocomadapter-ParseProtocolFunc: printRaWMsg Name[IPCLtoVHAL] len[7] data[214021AD000100]
03-17 18:54:58.231   400   452 D adayocomadapter-ParseProtocolFunc: printRaWMsg Name[IPCLtoVHAL] len[7] data[214021AE000100]
03-17 18:54:58.231   400   452 D adayocomadapter-ParseProtocolFunc: printRaWMsg Name[IPCLtoVHAL] len[7] data[214021AF000100]
03-17 18:54:58.231   400   452 D adayocomadapter-ParseProtocolFunc: printRaWMsg Name[IPCLtoVHAL] len[7] data[21402210000100]
03-17 18:54:58.231   400   452 D adayocomadapter-ParseProtocolFunc: printRaWMsg Name[IPCLtoVHAL] len[7] data[214021B0000100]
03-17 18:54:58.231   400   452 D adayocomadapter-ParseProtocolFunc: printRaWMsg Name[IPCLtoVHAL] len[7] data[21402211000100]
03-17 18:54:58.231   400   452 D adayocomadapter-ParseProtocolFunc: printRaWMsg Name[IPCLtoVHAL] len[7] data[214021B6000100]
03-17 18:54:58.231   400   452 D adayocomadapter-ParseProtocolFunc: printRaWMsg Name[IPCLtoVHAL] len[7] data[21402155000100]
03-17 18:54:58.231   400   452 D adayocomadapter-ParseProtocolFunc: printRaWMsg Name[IPCLtoVHAL] len[7] data[214021BA000100]
03-17 18:54:58.231   400   452 D adayocomadapter-ParseProtocolFunc: printRaWMsg Name[IPCLtoVHAL] len[7] data[21402159000100]
03-17 18:54:58.232   400   452 D adayocomadapter-ParseProtocolFunc: printRaWMsg Name[IPCLtoVHAL] len[7] data[214021BF000100]
03-17 18:54:58.232   400   452 D adayocomadapter-ParseProtocolFunc: printRaWMsg Name[IPCLtoVHAL] len[7] data[2140215E000100]
03-17 18:54:58.232   400   452 D adayocomadapter-ParseProtocolFunc: printRaWMsg Name[IPCLtoVHAL] len[7] data[21402220000100]
03-17 18:54:58.232   400   452 D adayocomadapter-ParseProtocolFunc: printRaWMsg Name[IPCLtoVHAL] len[7] data[214021C0000100]
03-17 18:54:58.232   400   452 D adayocomadapter-ParseProtocolFunc: printRaWMsg Name[IPCLtoVHAL] len[7] data[2140215F000100]
03-17 18:54:58.232   400   452 D adayocomadapter-ParseProtocolFunc: printRaWMsg Name[IPCLtoVHAL] len[7] data[214021C1000100]
03-17 18:54:58.232   400   452 D adayocomadapter-ParseProtocolFunc: printRaWMsg Name[IPCLtoVHAL] len[7] data[21402160000100]
03-17 18:54:58.232   400   452 D adayocomadapter-ParseProtocolFunc: printRaWMsg Name[IPCLtoVHAL] len[7] data[21402222000100]
03-17 18:54:58.232   400   452 D adayocomadapter-ParseProtocolFunc: printRaWMsg Name[IPCLtoVHAL] len[7] data[214021C2000100]
03-17 18:54:58.232   400   452 D adayocomadapter-ParseProtocolFunc: printRaWMsg Name[IPCLtoVHAL] len[7] data[214021C4000100]
03-17 18:54:58.232   400   452 D adayocomadapter-ParseProtocolFunc: printRaWMsg Name[IPCLtoVHAL] len[7] data[21402225000100]
03-17 18:54:58.232   400   452 D adayocomadapter-ParseProtocolFunc: printRaWMsg Name[IPCLtoVHAL] len[7] data[214021C5000100]
03-17 18:54:58.232   400   452 D adayocomadapter-ParseProtocolFunc: printRaWMsg Name[IPCLtoVHAL] len[7] data[21402226000100]
03-17 18:54:58.232   400   452 D adayocomadapter-ParseProtocolFunc: printRaWMsg Name[IPCLtoVHAL] len[7] data[214021C6000100]
03-17 18:54:58.232   400   452 D adayocomadapter-ParseProtocolFunc: printRaWMsg Name[IPCLtoVHAL] len[7] data[21402227000100]
03-17 18:54:58.232   400   452 D adayocomadapter-ParseProtocolFunc: printRaWMsg Name[IPCLtoVHAL] len[7] data[214021D3000100]
03-17 18:54:58.232   400   452 D adayocomadapter-ParseProtocolFunc: printRaWMsg Name[IPCLtoVHAL] len[7] data[21402234000100]
03-17 18:54:58.232   400   452 D adayocomadapter-ParseProtocolFunc: printRaWMsg Name[IPCLtoVHAL] len[7] data[214021D4000100]
03-17 18:54:58.232   400   452 D adayocomadapter-ParseProtocolFunc: printRaWMsg Name[IPCLtoVHAL] len[7] data[21402235000100]
03-17 18:54:58.232   400   452 D adayocomadapter-ParseProtocolFunc: printRaWMsg Name[IPCLtoVHAL] len[7] data[21402228000100]
03-17 18:54:58.232   400   452 D adayocomadapter-ParseProtocolFunc: printRaWMsg Name[IPCLtoVHAL] len[7] data[21402229000100]
03-17 18:54:58.232   400   452 D adayocomadapter-ParseProtocolFunc: printRaWMsg Name[IPCLtoVHAL] len[7] data[21402236000100]
03-17 18:54:58.232   400   452 D adayocomadapter-ParseProtocolFunc: printRaWMsg Name[IPCLtoVHAL] len[7] data[21402237000100]
03-17 18:54:58.232   400   452 D adayocomadapter-ParseProtocolFunc: printRaWMsg Name[IPCLtoVHAL] len[7] data[21402238000100]
03-17 18:54:58.232   400   452 D adayocomadapter-ParseProtocolFunc: printRaWMsg Name[IPCLtoVHAL] len[7] data[21402239000100]
03-17 18:54:58.232   400   452 D adayocomadapter-ParseProtocolFunc: printRaWMsg Name[IPCLtoVHAL] len[7] data[2140223A000100]
03-17 18:54:58.232   400   452 D adayocomadapter-ParseProtocolFunc: printRaWMsg Name[IPCLtoVHAL] len[7] data[2140223B000165]
03-17 18:54:58.232   400   452 D adayocomadapter-ParseProtocolFunc: printRaWMsg Name[IPCLtoVHAL] len[8] data[2140223C00014E21]
03-17 18:54:58.232   400   452 D adayocomadapter-ParseProtocolFunc: printRaWMsg Name[IPCLtoVHAL] len[7] data[21402241000100]
03-17 18:54:58.232   400   452 D adayocomadapter-ParseProtocolFunc: printRaWMsg Name[IPCLtoVHAL] len[7] data[21402242000100]
03-17 18:54:58.232   400   452 D adayocomadapter-ParseProtocolFunc: printRaWMsg Name[IPCLtoVHAL] len[7] data[214021E1000100]
03-17 18:54:58.232   400   452 D adayocomadapter-ParseProtocolFunc: printRaWMsg Name[IPCLtoVHAL] len[7] data[21402243000100]
03-17 18:54:58.232   400   452 D adayocomadapter-ParseProtocolFunc: printRaWMsg Name[IPCLtoVHAL] len[7] data[21402244000100]
03-17 18:54:58.232   400   452 D adayocomadapter-ParseProtocolFunc: printRaWMsg Name[IPCLtoVHAL] len[7] data[21402245000100]
03-17 18:54:58.232   400   452 D adayocomadapter-ParseProtocolFunc: printRaWMsg Name[IPCLtoVHAL] len[7] data[21402246000100]
03-17 18:54:58.232   400   452 D adayocomadapter-ParseProtocolFunc: printRaWMsg Name[IPCLtoVHAL] len[7] data[21402247000100]
03-17 18:54:58.232   400   452 D adayocomadapter-ParseProtocolFunc: printRaWMsg Name[IPCLtoVHAL] len[8] data[2140224800010000]
03-17 18:54:58.232   400   452 D adayocomadapter-ParseProtocolFunc: printRaWMsg Name[IPCLtoVHAL] len[7] data[21402249000100]
03-17 18:54:58.232   400   452 D adayocomadapter-ParseProtocolFunc: printRaWMsg Name[IPCLtoVHAL] len[7] data[2140224B000100]
03-17 18:54:58.232   400   452 D adayocomadapter-ParseProtocolFunc: printRaWMsg Name[IPCLtoVHAL] len[7] data[2140224D000100]
03-17 18:54:58.232   400   452 D adayocomadapter-ParseProtocolFunc: printRaWMsg Name[IPCLtoVHAL] len[7] data[2140224F000100]
03-17 18:54:58.232   400   452 D adayocomadapter-ParseProtocolFunc: printRaWMsg Name[IPCLtoVHAL] len[7] data[21402251000100]
03-17 18:54:58.232   400   452 D adayocomadapter-ParseProtocolFunc: printRaWMsg Name[IPCLtoVHAL] len[7] data[21402253000100]
03-17 18:54:58.232   400   452 D adayocomadapter-ParseProtocolFunc: printRaWMsg Name[IPCLtoVHAL] len[7] data[21402254000100]
03-17 18:54:58.232   400   452 D adayocomadapter-CommunicationManager: onUpstreamReceive isLoss 1 mPropertyId 0x214021b1
03-17 18:54:58.232   400   452 D adayocomadapter-CommunicationManager: convertBytesToInt32Memcpy  0
03-17 18:54:58.232   400   452 D vw-vhal : notifyVehicleProperty, propId = 0x214021b1, data = {status: 3, int32Values: [0]}
03-17 18:54:58.232   400   452 I DefaultVehicleHal_v2_0: DefaultVehicleHal::onPropertyValue, value:{.timestamp = 232180452692, .areaId = 0, .prop = 557851057, .status = UNAVAILABLE, .value = {.int32Values = [1]{0}, .floatValues = [0]{}, .int64Values = [0]{}, .bytes = [0]{}, .stringValue = ""}}
03-17 18:54:58.232   400   452 D adayocomadapter-CommunicationManager: onUpstreamReceive mPropertyId 0x214021b1
03-17 18:54:58.232   400   452 D adayocomadapter-CommunicationManager: onUpstreamReceive isLoss 1 mPropertyId 0x21402212
03-17 18:54:58.233   400   452 D adayocomadapter-CommunicationManager: convertBytesToInt32Memcpy  0
03-17 18:54:58.233   400   452 D vw-vhal : notifyVehicleProperty, propId = 0x21402212, data = {status: 3, int32Values: [0]}
03-17 18:54:58.233   400   452 I DefaultVehicleHal_v2_0: DefaultVehicleHal::onPropertyValue, value:{.timestamp = 232180611692, .areaId = 0, .prop = 557851154, .status = UNAVAILABLE, .value = {.int32Values = [1]{0}, .floatValues = [0]{}, .int64Values = [0]{}, .bytes = [0]{}, .stringValue = ""}}
03-17 18:54:58.233   400   452 D adayocomadapter-CommunicationManager: onUpstreamReceive mPropertyId 0x21402212
03-17 18:54:58.233   400   452 D adayocomadapter-CommunicationManager: onUpstreamReceive isLoss 1 mPropertyId 0x214021b2
03-17 18:54:58.233   400   452 D adayocomadapter-CommunicationManager: convertBytesToInt32Memcpy  0
03-17 18:54:58.233   400   452 D vw-vhal : notifyVehicleProperty, propId = 0x214021b2, data = {status: 3, int32Values: [0]}
03-17 18:54:58.233   400   452 I DefaultVehicleHal_v2_0: DefaultVehicleHal::onPropertyValue, value:{.timestamp = 232180724026, .areaId = 0, .prop = 557851058, .status = UNAVAILABLE, .value = {.int32Values = [1]{0}, .floatValues = [0]{}, .int64Values = [0]{}, .bytes = [0]{}, .stringValue = ""}}
03-17 18:54:58.233   400   452 D adayocomadapter-CommunicationManager: onUpstreamReceive mPropertyId 0x214021b2
03-17 18:54:58.233   400   452 D adayocomadapter-CommunicationManager: onUpstreamReceive isLoss 1 mPropertyId 0x214021bd
03-17 18:54:58.233   400   452 D adayocomadapter-CommunicationManager: convertBytesToInt32Memcpy  0
03-17 18:54:58.233   400   452 D vw-vhal : notifyVehicleProperty, propId = 0x214021bd, data = {status: 3, int32Values: [0]}
03-17 18:54:58.233   400   452 I DefaultVehicleHal_v2_0: DefaultVehicleHal::onPropertyValue, value:{.timestamp = 232180838359, .areaId = 0, .prop = 557851069, .status = UNAVAILABLE, .value = {.int32Values = [1]{0}, .floatValues = [0]{}, .int64Values = [0]{}, .bytes = [0]{}, .stringValue = ""}}
03-17 18:54:58.233   400   452 D adayocomadapter-CommunicationManager: onUpstreamReceive mPropertyId 0x214021bd
03-17 18:54:58.233   400   452 D adayocomadapter-CommunicationManager: onUpstreamReceive isLoss 1 mPropertyId 0x2140221e
03-17 18:54:58.233   400   452 D adayocomadapter-CommunicationManager: convertBytesToInt32Memcpy  0
03-17 18:54:58.233   400   452 D vw-vhal : notifyVehicleProperty, propId = 0x2140221e, data = {status: 3, int32Values: [0]}
03-17 18:54:58.233   400   452 I DefaultVehicleHal_v2_0: DefaultVehicleHal::onPropertyValue, value:{.timestamp = 232180951692, .areaId = 0, .prop = 557851166, .status = UNAVAILABLE, .value = {.int32Values = [1]{0}, .floatValues = [0]{}, .int64Values = [0]{}, .bytes = [0]{}, .stringValue = ""}}
03-17 18:54:58.233   400   452 D adayocomadapter-CommunicationManager: onUpstreamReceive mPropertyId 0x2140221e
03-17 18:54:58.233   400   452 D adayocomadapter-CommunicationManager: onUpstreamReceive isLoss 1 mPropertyId 0x214021b3
03-17 18:54:58.233   400   452 D adayocomadapter-CommunicationManager: convertBytesToInt32Memcpy  0
03-17 18:54:58.233   400   452 D vw-vhal : notifyVehicleProperty, propId = 0x214021b3, data = {status: 3, int32Values: [0]}
03-17 18:54:58.233   400   452 I DefaultVehicleHal_v2_0: DefaultVehicleHal::onPropertyValue, value:{.timestamp = 232181068359, .areaId = 0, .prop = 557851059, .status = UNAVAILABLE, .value = {.int32Values = [1]{0}, .floatValues = [0]{}, .int64Values = [0]{}, .bytes = [0]{}, .stringValue = ""}}
03-17 18:54:58.233   400   452 D adayocomadapter-CommunicationManager: onUpstreamReceive mPropertyId 0x214021b3
03-17 18:54:58.233   400   452 D adayocomadapter-CommunicationManager: onUpstreamReceive isLoss 1 mPropertyId 0x21402214
03-17 18:54:58.233   400   452 D adayocomadapter-CommunicationManager: convertBytesToInt32Memcpy  0
03-17 18:54:58.233   400   452 D vw-vhal : notifyVehicleProperty, propId = 0x21402214, data = {status: 3, int32Values: [0]}
03-17 18:54:58.233   400   452 I DefaultVehicleHal_v2_0: DefaultVehicleHal::onPropertyValue, value:{.timestamp = 232181177359, .areaId = 0, .prop = 557851156, .status = UNAVAILABLE, .value = {.int32Values = [1]{0}, .floatValues = [0]{}, .int64Values = [0]{}, .bytes = [0]{}, .stringValue = ""}}
03-17 18:54:58.233   400   452 D adayocomadapter-CommunicationManager: onUpstreamReceive mPropertyId 0x21402214
03-17 18:54:58.233   400   452 D adayocomadapter-CommunicationManager: onUpstreamReceive isLoss 1 mPropertyId 0x214021b4
03-17 18:54:58.233   400   452 D adayocomadapter-CommunicationManager: convertBytesToInt32Memcpy  0
03-17 18:54:58.233   400   452 D vw-vhal : notifyVehicleProperty, propId = 0x214021b4, data = {status: 3, int32Values: [0]}
03-17 18:54:58.233   400   452 I DefaultVehicleHal_v2_0: DefaultVehicleHal::onPropertyValue, value:{.timestamp = 232181287359, .areaId = 0, .prop = 557851060, .status = UNAVAILABLE, .value = {.int32Values = [1]{0}, .floatValues = [0]{}, .int64Values = [0]{}, .bytes = [0]{}, .stringValue = ""}}
03-17 18:54:58.233   400   452 D adayocomadapter-CommunicationManager: onUpstreamReceive mPropertyId 0x214021b4
03-17 18:54:58.233   400   452 D adayocomadapter-CommunicationManager: onUpstreamReceive isLoss 1 mPropertyId 0x21402153
03-17 18:54:58.233   400   452 D adayocomadapter-CommunicationManager: convertBytesToInt32Memcpy  0
03-17 18:54:58.233   400   452 D vw-vhal : notifyVehicleProperty, propId = 0x21402153, data = {status: 3, int32Values: [0]}
03-17 18:54:58.233   400   452 I DefaultVehicleHal_v2_0: DefaultVehicleHal::onPropertyValue, value:{.timestamp = 232181397359, .areaId = 0, .prop = 557850963, .status = UNAVAILABLE, .value = {.int32Values = [1]{0}, .floatValues = [0]{}, .int64Values = [0]{}, .bytes = [0]{}, .stringValue = ""}}
03-17 18:54:58.233   400   452 D adayocomadapter-CommunicationManager: onUpstreamReceive mPropertyId 0x21402153
03-17 18:54:58.233   400   452 D adayocomadapter-CommunicationManager: onUpstreamReceive isLoss 1 mPropertyId 0x21402215
03-17 18:54:58.233   400   452 D adayocomadapter-CommunicationManager: convertBytesToInt32Memcpy  0
03-17 18:54:58.233   400   452 D vw-vhal : notifyVehicleProperty, propId = 0x21402215, data = {status: 3, int32Values: [0]}
03-17 18:54:58.233   400   452 I DefaultVehicleHal_v2_0: DefaultVehicleHal::onPropertyValue, value:{.timestamp = 232181510359, .areaId = 0, .prop = 557851157, .status = UNAVAILABLE, .value = {.int32Values = [1]{0}, .floatValues = [0]{}, .int64Values = [0]{}, .bytes = [0]{}, .stringValue = ""}}
03-17 18:54:58.234   400   452 D adayocomadapter-CommunicationManager: onUpstreamReceive mPropertyId 0x21402215
03-17 18:54:58.234   400   452 D adayocomadapter-CommunicationManager: onUpstreamReceive isLoss 1 mPropertyId 0x214021b5
03-17 18:54:58.234   400   452 D adayocomadapter-CommunicationManager: convertBytesToInt32Memcpy  0
03-17 18:54:58.234   400   452 D vw-vhal : notifyVehicleProperty, propId = 0x214021b5, data = {status: 3, int32Values: [0]}
03-17 18:54:58.234   400   452 I DefaultVehicleHal_v2_0: DefaultVehicleHal::onPropertyValue, value:{.timestamp = 232181621692, .areaId = 0, .prop = 557851061, .status = UNAVAILABLE, .value = {.int32Values = [1]{0}, .floatValues = [0]{}, .int64Values = [0]{}, .bytes = [0]{}, .stringValue = ""}}
03-17 18:54:58.234   400   452 D adayocomadapter-CommunicationManager: onUpstreamReceive mPropertyId 0x214021b5
03-17 18:54:58.234   400   452 D adayocomadapter-CommunicationManager: onUpstreamReceive isLoss 1 mPropertyId 0x21402154
03-17 18:54:58.234   400   452 D adayocomadapter-CommunicationManager: convertBytesToInt32Memcpy  0
03-17 18:54:58.234   400   452 D vw-vhal : notifyVehicleProperty, propId = 0x21402154, data = {status: 3, int32Values: [0]}
03-17 18:54:58.234   400   452 I DefaultVehicleHal_v2_0: DefaultVehicleHal::onPropertyValue, value:{.timestamp = 232181733359, .areaId = 0, .prop = 557850964, .status = UNAVAILABLE, .value = {.int32Values = [1]{0}, .floatValues = [0]{}, .int64Values = [0]{}, .bytes = [0]{}, .stringValue = ""}}
03-17 18:54:58.234   400   452 D adayocomadapter-CommunicationManager: onUpstreamReceive mPropertyId 0x21402154
03-17 18:54:58.234   400   452 D adayocomadapter-CommunicationManager: onUpstreamReceive isLoss 1 mPropertyId 0x214021b7
03-17 18:54:58.234   400   452 D adayocomadapter-CommunicationManager: convertBytesToInt32Memcpy  0
03-17 18:54:58.234   400   452 D vw-vhal : notifyVehicleProperty, propId = 0x214021b7, data = {status: 3, int32Values: [0]}
03-17 18:54:58.234   400   452 I DefaultVehicleHal_v2_0: DefaultVehicleHal::onPropertyValue, value:{.timestamp = 232181840026, .areaId = 0, .prop = 557851063, .status = UNAVAILABLE, .value = {.int32Values = [1]{0}, .floatValues = [0]{}, .int64Values = [0]{}, .bytes = [0]{}, .stringValue = ""}}
03-17 18:54:58.234   400   452 D adayocomadapter-CommunicationManager: onUpstreamReceive mPropertyId 0x214021b7
03-17 18:54:58.234   400   452 D adayocomadapter-CommunicationManager: onUpstreamReceive isLoss 1 mPropertyId 0x21402156
03-17 18:54:58.234   400   452 D adayocomadapter-CommunicationManager: convertBytesToInt32Memcpy  0
03-17 18:54:58.234   400   452 D vw-vhal : notifyVehicleProperty, propId = 0x21402156, data = {status: 3, int32Values: [0]}
03-17 18:54:58.234   400   452 I DefaultVehicleHal_v2_0: DefaultVehicleHal::onPropertyValue, value:{.timestamp = 232181950359, .areaId = 0, .prop = 557850966, .status = UNAVAILABLE, .value = {.int32Values = [1]{0}, .floatValues = [0]{}, .int64Values = [0]{}, .bytes = [0]{}, .stringValue = ""}}
03-17 18:54:58.234   400   452 D adayocomadapter-CommunicationManager: onUpstreamReceive mPropertyId 0x21402156
03-17 18:54:58.234   400   452 D adayocomadapter-CommunicationManager: onUpstreamReceive isLoss 1 mPropertyId 0x214021b8
03-17 18:54:58.234   400   452 D adayocomadapter-CommunicationManager: convertBytesToInt32Memcpy  0
03-17 18:54:58.234   400   452 D vw-vhal : notifyVehicleProperty, propId = 0x214021b8, data = {status: 3, int32Values: [0]}
03-17 18:54:58.234   400   452 I DefaultVehicleHal_v2_0: DefaultVehicleHal::onPropertyValue, value:{.timestamp = 232182062026, .areaId = 0, .prop = 557851064, .status = UNAVAILABLE, .value = {.int32Values = [1]{0}, .floatValues = [0]{}, .int64Values = [0]{}, .bytes = [0]{}, .stringValue = ""}}
03-17 18:54:58.234   400   452 D adayocomadapter-CommunicationManager: onUpstreamReceive mPropertyId 0x214021b8
03-17 18:54:58.234   400   452 D adayocomadapter-CommunicationManager: onUpstreamReceive isLoss 1 mPropertyId 0x21402157
03-17 18:54:58.234   400   452 D adayocomadapter-CommunicationManager: convertBytesToInt32Memcpy  0
03-17 18:54:58.234   400   452 D vw-vhal : notifyVehicleProperty, propId = 0x21402157, data = {status: 3, int32Values: [0]}
03-17 18:54:58.234   400   452 I DefaultVehicleHal_v2_0: DefaultVehicleHal::onPropertyValue, value:{.timestamp = 232182190026, .areaId = 0, .prop = 557850967, .status = UNAVAILABLE, .value = {.int32Values = [1]{0}, .floatValues = [0]{}, .int64Values = [0]{}, .bytes = [0]{}, .stringValue = ""}}
03-17 18:54:58.234   400   452 D adayocomadapter-CommunicationManager: onUpstreamReceive mPropertyId 0x21402157
03-17 18:54:58.234   400   452 D adayocomadapter-CommunicationManager: onUpstreamReceive isLoss 1 mPropertyId 0x21402219
03-17 18:54:58.234   400   452 D adayocomadapter-CommunicationManager: convertBytesToInt32Memcpy  0
