03-17 18:54:52.339   400  1006 D adayocomadapter-CommunicationManager: sendToDownstream ret[0]   member[130] dataLength[4] timePoint[226286] 
03-17 18:54:52.339   400  1006 D adayocomadapter-ParseProtocolFunc: printRaWMsg Name[sendToDownstream] len[8] data[2141400F00202020]
03-17 18:54:52.339   400  1006 D adayocomadapter-CommunicationManager: sendToDownstream  000 mPropertyId[0x557924367]  
03-17 18:54:52.339   400   675 D adayocomadapter-DownstreamHandler: processBeforePacket downSreamtProcessTimePoint[226286] 
03-17 18:54:52.339   400   675 D adayocomadapter-DownstreamHandler: DownstreamHandler processPacket 
03-17 18:54:52.339   400   675 D adayocomadapter-DownstreamHandler: DownstreamHandler processPacket valueIndex 0x2141400f
03-17 18:54:52.339   400   675 D adayocomadapter-DownstreamHandler: DownstreamHandler processPacket 0003
03-17 18:54:52.339   400   675 D adayocomadapter-DownstreamHandler: DownstreamHandler processPacket sendMCUData2 
03-17 18:54:52.339   400   675 D adayocomadapter-CommunicationManager: sendMCUData 
03-17 18:54:52.339   400   675 D adayocomadapter-MCUInterfaceHandler: sendToMCU start
03-17 18:54:52.339  2106  3055 D CarPropertyService: mSyncGetSetPropertyOpCount: 0
03-17 18:54:52.339   642   800 I mcuc    : sd Uart data : 6AA60100CC000B1202022141400F0020202001
03-17 18:54:52.339   400   675 D adayocomadapter-ParseProtocolFunc: printRaWMsg Name[sendToMCU] len[11] data[1202022141400F00202020]
03-17 18:54:52.340  1646  3173 I CCarServiceManager: CarServiceManager->lambda$submitCameraInfo$0$com-adayo-aaop_deviceservice-manager-CarServiceManager()154:link:0     ---45:pool-4-thread-2
03-17 18:54:52.340   582  3616 E WifiHAL : Invalid data received from driver
03-17 18:54:52.346  2106  2460 D CAR.DIAGNOSTIC: Entry - Type: 0x01, ServiceId: 0x2071, InstanceId: 0x0001, MajorVersion: 0x01FFFFFF, TTL: 0
03-17 18:54:52.346  2106  2450 D CAR.DIAGNOSTIC: Entry - Type: 0x01, ServiceId: 0x2071, InstanceId: 0x0001, MajorVersion: 0x01FFFFFF, TTL: 0
03-17 18:54:52.346  2106  2458 D CAR.DIAGNOSTIC: Entry - Type: 0x01, ServiceId: 0x2071, InstanceId: 0x0001, MajorVersion: 0x01FFFFFF, TTL: 0
03-17 18:54:52.346  2106  2450 D CAR.DIAGNOSTIC: Entry - Type: 0x01, ServiceId: 0x4001, InstanceId: 0x0001, MajorVersion: 0x01FFFFFF, TTL: 0
03-17 18:54:52.346  2106  2460 D CAR.DIAGNOSTIC: Entry - Type: 0x01, ServiceId: 0x4001, InstanceId: 0x0001, MajorVersion: 0x01FFFFFF, TTL: 0
03-17 18:54:52.346  2106  2458 D CAR.DIAGNOSTIC: Entry - Type: 0x01, ServiceId: 0x4001, InstanceId: 0x0001, MajorVersion: 0x01FFFFFF, TTL: 0
03-17 18:54:52.350  2383  2600 D AdayoDoipServer294_Doip: [ne_doip_event_loop_dispatch][line:141] : count = 0
03-17 18:54:52.351  1566  3005 D ActionModelImpl: updateCurrentWindowAction
03-17 18:54:52.361   582  3616 E WifiHAL : Invalid data received from driver
03-17 18:54:52.361   582  3616 E WifiHAL : Invalid data received from driver
03-17 18:54:52.361   582  3616 E WifiHAL : Invalid data received from driver
03-17 18:54:52.362   582  3616 E WifiHAL : Invalid data received from driver
03-17 18:54:52.362   582  3616 E WifiHAL : Invalid data received from driver
03-17 18:54:52.362   582  3616 E WifiHAL : Invalid data received from driver
03-17 18:54:52.362   582  3616 E WifiHAL : Invalid data received from driver
03-17 18:54:52.379   642   685 I mcuc    : sd Uart data : 6AA602088900029202D7
03-17 18:54:52.384   642   685 I mcuc    : rev uart=2278,len=47, data : 6AA68108890027920200140000000000000000000000000000FFFFFFFFFFFFFFFF0000000000000000000101010123
03-17 18:54:52.384   400  1006 D adayocomadapter-ParseProtocolFunc: printRaWMsg Name[MCUToUPstream recv] len[39] data[920200140000000000000000000000000000FFFFFFFFFFFFFFFF00000000000000000001010101]
03-17 18:54:52.384   400  1006 D adayocomadapter-CommunicationManager: onUpstreamback   member[0] dataLength[36] timePoint[226332]
03-17 18:54:52.384   400  1006 D adayocomadapter-ParseProtocolFunc: printRaWMsg Name[onUpstreamback] len[36] data[140000000000000000000000000000FFFFFFFFFFFFFFFF00000000000000000001010101]
03-17 18:54:52.384   400   452 D adayocomadapter-UpstreamHandler: processBeforePacket upSreamtProcessTimePoint[226332] 
03-17 18:54:52.384   642   800 I mcuc    : file = hardware/interfaces/fgemcucomm/1.0/default/mcucomm/src/mcuCommFunctionTimer.cpp, function = startTimer  start timer OK = 204 
03-17 18:54:52.384   400   452 D adayocomadapter-UpstreamHandler: processPacket UPSTREAM_QUEUE_DATA_TIMEOUT
03-17 18:54:52.384   400   452 D adayocomadapter-ParseProtocolFunc: parseCommonIPCLBytes Processing tableNumber[20]
03-17 18:54:52.384   400   452 D adayocomadapter-ParseProtocolFunc: parseCommonIPCLBytes Processing tablename[Table-20] tableSize[36]
03-17 18:54:52.384   400   452 D adayocomadapter-ParseProtocolFunc: printRaWMsg Name[byteStream recv] len[36] data[140000000000000000000000000000FFFFFFFFFFFFFFFF00000000000000000001010101]
03-17 18:54:52.384   400   452 D adayocomadapter-ParseProtocolFunc: printRaWMsg Name[IPCLtoVHAL] len[7] data[2140200F000100]
03-17 18:54:52.384   400   452 D adayocomadapter-ParseProtocolFunc: printRaWMsg Name[IPCLtoVHAL] len[7] data[214020B0000100]
03-17 18:54:52.384   400   452 D adayocomadapter-ParseProtocolFunc: printRaWMsg Name[IPCLtoVHAL] len[9] data[214120160101000000]
03-17 18:54:52.384   400   452 D adayocomadapter-ParseProtocolFunc: printRaWMsg Name[IPCLtoVHAL] len[7] data[214020590001FF]
03-17 18:54:52.384   400   452 D adayocomadapter-ParseProtocolFunc: printRaWMsg Name[IPCLtoVHAL] len[7] data[2140201A000100]
03-17 18:54:52.384   400   452 D adayocomadapter-ParseProtocolFunc: printRaWMsg Name[IPCLtoVHAL] len[7] data[21402010000100]
03-17 18:54:52.384   400   452 D adayocomadapter-ParseProtocolFunc: printRaWMsg Name[IPCLtoVHAL] len[7] data[214020550001FF]
03-17 18:54:52.384   400   452 D adayocomadapter-ParseProtocolFunc: printRaWMsg Name[IPCLtoVHAL] len[7] data[214020B1000100]
03-17 18:54:52.384   400   452 D adayocomadapter-ParseProtocolFunc: printRaWMsg Name[IPCLtoVHAL] len[7] data[2140201B000100]
03-17 18:54:52.384   400   452 D adayocomadapter-ParseProtocolFunc: printRaWMsg Name[IPCLtoVHAL] len[7] data[21402018000100]
03-17 18:54:52.385   400   452 D adayocomadapter-ParseProtocolFunc: printRaWMsg Name[IPCLtoVHAL] len[7] data[21402190000100]
03-17 18:54:52.385   400   452 D adayocomadapter-ParseProtocolFunc: printRaWMsg Name[IPCLtoVHAL] len[7] data[21402021000100]
03-17 18:54:52.385   400   452 D adayocomadapter-ParseProtocolFunc: printRaWMsg Name[IPCLtoVHAL] len[7] data[214021C8000100]
03-17 18:54:52.385   400   452 D adayocomadapter-ParseProtocolFunc: printRaWMsg Name[IPCLtoVHAL] len[8] data[2140200A00010000]
03-17 18:54:52.385   400   452 D adayocomadapter-ParseProtocolFunc: printRaWMsg Name[IPCLtoVHAL] len[7] data[2140223E000100]
03-17 18:54:52.385   400   452 D adayocomadapter-ParseProtocolFunc: printRaWMsg Name[IPCLtoVHAL] len[7] data[21402119000100]
03-17 18:54:52.385   400   452 D adayocomadapter-ParseProtocolFunc: printRaWMsg Name[IPCLtoVHAL] len[7] data[21402005000100]
03-17 18:54:52.385   400   452 D adayocomadapter-ParseProtocolFunc: printRaWMsg Name[IPCLtoVHAL] len[7] data[2140214E000100]
03-17 18:54:52.385   400   452 D adayocomadapter-ParseProtocolFunc: printRaWMsg Name[IPCLtoVHAL] len[7] data[214020560001FF]
03-17 18:54:52.385   400   452 D adayocomadapter-ParseProtocolFunc: printRaWMsg Name[IPCLtoVHAL] len[7] data[214020570001FF]
03-17 18:54:52.385   400   452 D adayocomadapter-ParseProtocolFunc: printRaWMsg Name[IPCLtoVHAL] len[7] data[214020580001FF]
03-17 18:54:52.385   400   452 D adayocomadapter-ParseProtocolFunc: printRaWMsg Name[IPCLtoVHAL] len[7] data[2140205A0001FF]
03-17 18:54:52.385   400   452 D adayocomadapter-ParseProtocolFunc: printRaWMsg Name[IPCLtoVHAL] len[7] data[2140205B0001FF]
03-17 18:54:52.385   400   452 D adayocomadapter-ParseProtocolFunc: printRaWMsg Name[IPCLtoVHAL] len[7] data[2140205C0001FF]
03-17 18:54:52.385   400   452 D adayocomadapter-ParseProtocolFunc: printRaWMsg Name[IPCLtoVHAL] len[7] data[2140218E000100]
03-17 18:54:52.385   400   452 D adayocomadapter-ParseProtocolFunc: printRaWMsg Name[IPCLtoVHAL] len[7] data[2140218F000100]
03-17 18:54:52.385   400   452 D adayocomadapter-ParseProtocolFunc: printRaWMsg Name[IPCLtoVHAL] len[7] data[21402191000100]
03-17 18:54:52.385   400   452 D adayocomadapter-ParseProtocolFunc: printRaWMsg Name[IPCLtoVHAL] len[7] data[2140223D000100]
03-17 18:54:52.385   400   452 D adayocomadapter-CommunicationManager: onUpstreamReceive isLoss 1 mPropertyId 0x2140200f
03-17 18:54:52.385   400   452 D adayocomadapter-CommunicationManager: convertBytesToInt32Memcpy  0
03-17 18:54:52.385   400   452 D vw-vhal : notifyVehicleProperty, propId = 0x2140200f, data = {status: 3, int32Values: [0]}
03-17 18:54:52.385   400   452 I DefaultVehicleHal_v2_0: DefaultVehicleHal::onPropertyValue, value:{.timestamp = 226332985358, .areaId = 0, .prop = 557850639, .status = UNAVAILABLE, .value = {.int32Values = [1]{0}, .floatValues = [0]{}, .int64Values = [0]{}, .bytes = [0]{}, .stringValue = ""}}
03-17 18:54:52.385   400   452 D adayocomadapter-CommunicationManager: onUpstreamReceive mPropertyId 0x2140200f
03-17 18:54:52.385   400   452 D adayocomadapter-CommunicationManager: onUpstreamReceive isLoss 1 mPropertyId 0x214020b0
03-17 18:54:52.385   400   452 D adayocomadapter-CommunicationManager: convertBytesToInt32Memcpy  0
03-17 18:54:52.385   400   452 D vw-vhal : notifyVehicleProperty, propId = 0x214020b0, data = {status: 3, int32Values: [0]}
03-17 18:54:52.385   400   452 I DefaultVehicleHal_v2_0: DefaultVehicleHal::onPropertyValue, value:{.timestamp = 226333138025, .areaId = 0, .prop = 557850800, .status = UNAVAILABLE, .value = {.int32Values = [1]{0}, .floatValues = [0]{}, .int64Values = [0]{}, .bytes = [0]{}, .stringValue = ""}}
03-17 18:54:52.385   400   452 D adayocomadapter-CommunicationManager: onUpstreamReceive mPropertyId 0x214020b0
03-17 18:54:52.385   400   452 D adayocomadapter-CommunicationManager: onUpstreamReceive isLoss 1 mPropertyId 0x21412016
03-17 18:54:52.385   400   452 D vw-vhal : notifyVehicleProperty, propId = 0x21412016, data = {status: 3, int32Values: [0, 0, 0]}
03-17 18:54:52.385 10173 10197 D TimerTriggerManager: init instance...
03-17 18:54:52.385   400   452 I DefaultVehicleHal_v2_0: DefaultVehicleHal::onPropertyValue, value:{.timestamp = 226333254025, .areaId = 0, .prop = 557916182, .status = UNAVAILABLE, .value = {.int32Values = [3]{0, 0, 0}, .floatValues = [0]{}, .int64Values = [0]{}, .bytes = [0]{}, .stringValue = ""}}
03-17 18:54:52.385   400   452 D adayocomadapter-CommunicationManager: onUpstreamReceive mPropertyId 0x21412016
03-17 18:54:52.385   400   452 D adayocomadapter-CommunicationManager: onUpstreamReceive isLoss 1 mPropertyId 0x21402059
03-17 18:54:52.385   400   452 D adayocomadapter-CommunicationManager: convertBytesToInt32Memcpy  255
03-17 18:54:52.385 10173 10197 D TimerTriggerManager: Timer thread'TimerTriggerManager' is destroyed: false
03-17 18:54:52.385   400   452 D vw-vhal : notifyVehicleProperty, propId = 0x21402059, data = {status: 3, int32Values: [255]}
03-17 18:54:52.385   400   452 I DefaultVehicleHal_v2_0: DefaultVehicleHal::onPropertyValue, value:{.timestamp = 226333376358, .areaId = 0, .prop = 557850713, .status = UNAVAILABLE, .value = {.int32Values = [1]{255}, .floatValues = [0]{}, .int64Values = [0]{}, .bytes = [0]{}, .stringValue = ""}}
03-17 18:54:52.385 10173 10197 D TimerTriggerManager: Timer 'onIndcnVehSpdChanged' is running: true
03-17 18:54:52.385   400   452 D adayocomadapter-CommunicationManager: onUpstreamReceive mPropertyId 0x21402059
03-17 18:54:52.385   400   452 D adayocomadapter-CommunicationManager: onUpstreamReceive isLoss 1 mPropertyId 0x2140201a
03-17 18:54:52.385 10173 10197 D TimerTriggerManager: Sending reset signal to timer 'onIndcnVehSpdChanged'
03-17 18:54:52.385   400   452 D adayocomadapter-CommunicationManager: convertBytesToInt32Memcpy  0
03-17 18:54:52.385   400   452 D vw-vhal : notifyVehicleProperty, propId = 0x2140201a, data = {status: 3, int32Values: [0]}
03-17 18:54:52.385   400   452 I DefaultVehicleHal_v2_0: DefaultVehicleHal::onPropertyValue, value:{.timestamp = 226333510358, .areaId = 0, .prop = 557850650, .status = UNAVAILABLE, .value = {.int32Values = [1]{0}, .floatValues = [0]{}, .int64Values = [0]{}, .bytes = [0]{}, .stringValue = ""}}
03-17 18:54:52.386   400   452 D adayocomadapter-CommunicationManager: onUpstreamReceive mPropertyId 0x2140201a
03-17 18:54:52.385 10173 10197 D TimerTriggerManager: Reset signal sent to timer 'onIndcnVehSpdChanged'
03-17 18:54:52.386   400   452 D adayocomadapter-CommunicationManager: onUpstreamReceive isLoss 1 mPropertyId 0x21402010
03-17 18:54:52.386   400   452 D adayocomadapter-CommunicationManager: convertBytesToInt32Memcpy  0
03-17 18:54:52.386   400   452 D vw-vhal : notifyVehicleProperty, propId = 0x21402010, data = {status: 3, int32Values: [0]}
03-17 18:54:52.386   400   452 I DefaultVehicleHal_v2_0: DefaultVehicleHal::onPropertyValue, value:{.timestamp = 226333624358, .areaId = 0, .prop = 557850640, .status = UNAVAILABLE, .value = {.int32Values = [1]{0}, .floatValues = [0]{}, .int64Values = [0]{}, .bytes = [0]{}, .stringValue = ""}}
03-17 18:54:52.386   400   452 D adayocomadapter-CommunicationManager: onUpstreamReceive mPropertyId 0x21402010
03-17 18:54:52.386   400   452 D adayocomadapter-CommunicationManager: onUpstreamReceive isLoss 1 mPropertyId 0x21402055
03-17 18:54:52.386 10173 10204 D TimerTriggerController: Reset method called for timer: onIndcnVehSpdChanged
03-17 18:54:52.386   400   452 D adayocomadapter-CommunicationManager: convertBytesToInt32Memcpy  255
03-17 18:54:52.386   400   452 D vw-vhal : notifyVehicleProperty, propId = 0x21402055, data = {status: 3, int32Values: [255]}
03-17 18:54:52.386 10173 10204 D TimerTriggerController: Calling onTimerReset for timer: onIndcnVehSpdChanged
03-17 18:54:52.386 10173 10204 D TimerTriggerManager: Timer reset: onIndcnVehSpdChanged
03-17 18:54:52.386   400   452 I DefaultVehicleHal_v2_0: DefaultVehicleHal::onPropertyValue, value:{.timestamp = 226333752025, .areaId = 0, .prop = 557850709, .status = UNAVAILABLE, .value = {.int32Values = [1]{255}, .floatValues = [0]{}, .int64Values = [0]{}, .bytes = [0]{}, .stringValue = ""}}
03-17 18:54:52.386   400   452 D adayocomadapter-CommunicationManager: onUpstreamReceive mPropertyId 0x21402055
03-17 18:54:52.386   400   452 D adayocomadapter-CommunicationManager: onUpstreamReceive isLoss 1 mPropertyId 0x214020b1
03-17 18:54:52.386   400   452 D adayocomadapter-CommunicationManager: convertBytesToInt32Memcpy  0
03-17 18:54:52.386   400   452 D vw-vhal : notifyVehicleProperty, propId = 0x214020b1, data = {status: 3, int32Values: [0]}
03-17 18:54:52.386 10173 10204 I TimerTriggerController: Timer [onIndcnVehSpdChanged] reset, remaining: 1000ms, reset count: 374
03-17 18:54:52.386   400   452 I DefaultVehicleHal_v2_0: DefaultVehicleHal::onPropertyValue, value:{.timestamp = 226333863358, .areaId = 0, .prop = 557850801, .status = UNAVAILABLE, .value = {.int32Values = [1]{0}, .floatValues = [0]{}, .int64Values = [0]{}, .bytes = [0]{}, .stringValue = ""}}
03-17 18:54:52.386   400   452 D adayocomadapter-CommunicationManager: onUpstreamReceive mPropertyId 0x214020b1
03-17 18:54:52.386   400   452 D adayocomadapter-CommunicationManager: onUpstreamReceive isLoss 1 mPropertyId 0x2140201b
03-17 18:54:52.386   400   452 D adayocomadapter-CommunicationManager: convertBytesToInt32Memcpy  0
03-17 18:54:52.386   400   452 D vw-vhal : notifyVehicleProperty, propId = 0x2140201b, data = {status: 3, int32Values: [0]}
03-17 18:54:52.386   400   452 I DefaultVehicleHal_v2_0: DefaultVehicleHal::onPropertyValue, value:{.timestamp = 226333972358, .areaId = 0, .prop = 557850651, .status = UNAVAILABLE, .value = {.int32Values = [1]{0}, .floatValues = [0]{}, .int64Values = [0]{}, .bytes = [0]{}, .stringValue = ""}}
03-17 18:54:52.386   400   452 D adayocomadapter-CommunicationManager: onUpstreamReceive mPropertyId 0x2140201b
03-17 18:54:52.386   400   452 D adayocomadapter-CommunicationManager: onUpstreamReceive isLoss 1 mPropertyId 0x21402018
03-17 18:54:52.386   400   452 D adayocomadapter-CommunicationManager: convertBytesToInt32Memcpy  0
03-17 18:54:52.386   400   452 D vw-vhal : notifyVehicleProperty, propId = 0x21402018, data = {status: 3, int32Values: [0]}
03-17 18:54:52.386   400   452 I DefaultVehicleHal_v2_0: DefaultVehicleHal::onPropertyValue, value:{.timestamp = 226334101358, .areaId = 0, .prop = 557850648, .status = UNAVAILABLE, .value = {.int32Values = [1]{0}, .floatValues = [0]{}, .int64Values = [0]{}, .bytes = [0]{}, .stringValue = ""}}
03-17 18:54:52.386   400   452 D adayocomadapter-CommunicationManager: onUpstreamReceive mPropertyId 0x21402018
03-17 18:54:52.386   400   452 D adayocomadapter-CommunicationManager: onUpstreamReceive isLoss 1 mPropertyId 0x21402190
03-17 18:54:52.386   400   452 D adayocomadapter-CommunicationManager: convertBytesToInt32Memcpy  0
03-17 18:54:52.386   400   452 D vw-vhal : notifyVehicleProperty, propId = 0x21402190, data = {status: 3, int32Values: [0]}
03-17 18:54:52.386   400   452 I DefaultVehicleHal_v2_0: DefaultVehicleHal::onPropertyValue, value:{.timestamp = 226334219358, .areaId = 0, .prop = 557851024, .status = UNAVAILABLE, .value = {.int32Values = [1]{0}, .floatValues = [0]{}, .int64Values = [0]{}, .bytes = [0]{}, .stringValue = ""}}
03-17 18:54:52.386   400   452 D adayocomadapter-CommunicationManager: onUpstreamReceive mPropertyId 0x21402190
03-17 18:54:52.386   400   452 D adayocomadapter-CommunicationManager: onUpstreamReceive isLoss 1 mPropertyId 0x21402021
03-17 18:54:52.386   400   452 D adayocomadapter-CommunicationManager: convertBytesToInt32Memcpy  0
03-17 18:54:52.386   400   452 D vw-vhal : notifyVehicleProperty, propId = 0x21402021, data = {status: 3, int32Values: [0]}
03-17 18:54:52.386   400   452 I DefaultVehicleHal_v2_0: DefaultVehicleHal::onPropertyValue, value:{.timestamp = 226334328358, .areaId = 0, .prop = 557850657, .status = UNAVAILABLE, .value = {.int32Values = [1]{0}, .floatValues = [0]{}, .int64Values = [0]{}, .bytes = [0]{}, .stringValue = ""}}
03-17 18:54:52.386   400   452 D adayocomadapter-CommunicationManager: onUpstreamReceive mPropertyId 0x21402021
03-17 18:54:52.386   400   452 D adayocomadapter-CommunicationManager: onUpstreamReceive isLoss 1 mPropertyId 0x214021c8
03-17 18:54:52.386   400   452 D adayocomadapter-CommunicationManager: convertBytesToInt32Memcpy  0
03-17 18:54:52.386   400   452 D vw-vhal : notifyVehicleProperty, propId = 0x214021c8, data = {status: 3, int32Values: [0]}
03-17 18:54:52.386   400   452 I DefaultVehicleHal_v2_0: DefaultVehicleHal::onPropertyValue, value:{.timestamp = 226334442025, .areaId = 0, .prop = 557851080, .status = UNAVAILABLE, .value = {.int32Values = [1]{0}, .floatValues = [0]{}, .int64Values = [0]{}, .bytes = [0]{}, .stringValue = ""}}
03-17 18:54:52.386   400   452 D adayocomadapter-CommunicationManager: onUpstreamReceive mPropertyId 0x214021c8
03-17 18:54:52.386   400   452 D adayocomadapter-CommunicationManager: onUpstreamReceive isLoss 1 mPropertyId 0x2140200a
03-17 18:54:52.386   400   452 D adayocomadapter-CommunicationManager: convertBytesToInt32Memcpy  0
03-17 18:54:52.386   400   452 D vw-vhal : notifyVehicleProperty, propId = 0x2140200a, data = {status: 3, int32Values: [0]}
03-17 18:54:52.387   400   452 I DefaultVehicleHal_v2_0: DefaultVehicleHal::onPropertyValue, value:{.timestamp = 226334559025, .areaId = 0, .prop = 557850634, .status = UNAVAILABLE, .value = {.int32Values = [1]{0}, .floatValues = [0]{}, .int64Values = [0]{}, .bytes = [0]{}, .stringValue = ""}}
03-17 18:54:52.387   400   452 D adayocomadapter-CommunicationManager: onUpstreamReceive mPropertyId 0x2140200a
03-17 18:54:52.387   400   452 D adayocomadapter-CommunicationManager: onUpstreamReceive isLoss 1 mPropertyId 0x2140223e
03-17 18:54:52.387   400   452 D adayocomadapter-CommunicationManager: convertBytesToInt32Memcpy  0
03-17 18:54:52.387   400   452 D vw-vhal : notifyVehicleProperty, propId = 0x2140223e, data = {status: 3, int32Values: [0]}
03-17 18:54:52.387   400   452 I DefaultVehicleHal_v2_0: DefaultVehicleHal::onPropertyValue, value:{.timestamp = 226334668358, .areaId = 0, .prop = 557851198, .status = UNAVAILABLE, .value = {.int32Values = [1]{0}, .floatValues = [0]{}, .int64Values = [0]{}, .bytes = [0]{}, .stringValue = ""}}
03-17 18:54:52.387   400   452 D adayocomadapter-CommunicationManager: onUpstreamReceive mPropertyId 0x2140223e
03-17 18:54:52.387   400   452 D adayocomadapter-CommunicationManager: onUpstreamReceive isLoss 1 mPropertyId 0x21402119
03-17 18:54:52.387   400   452 D adayocomadapter-CommunicationManager: convertBytesToInt32Memcpy  0
03-17 18:54:52.387   400   452 D vw-vhal : notifyVehicleProperty, propId = 0x21402119, data = {status: 3, int32Values: [0]}
03-17 18:54:52.387   400   452 I DefaultVehicleHal_v2_0: DefaultVehicleHal::onPropertyValue, value:{.timestamp = 226334782025, .areaId = 0, .prop = 557850905, .status = UNAVAILABLE, .value = {.int32Values = [1]{0}, .floatValues = [0]{}, .int64Values = [0]{}, .bytes = [0]{}, .stringValue = ""}}
03-17 18:54:52.387   400   452 D adayocomadapter-CommunicationManager: onUpstreamReceive mPropertyId 0x21402119
03-17 18:54:52.387   400   452 D adayocomadapter-CommunicationManager: onUpstreamReceive isLoss 1 mPropertyId 0x21402005
03-17 18:54:52.387   400   452 D adayocomadapter-CommunicationManager: convertBytesToInt32Memcpy  0
03-17 18:54:52.387   400   452 D vw-vhal : notifyVehicleProperty, propId = 0x21402005, data = {status: 3, int32Values: [0]}
03-17 18:54:52.387   400   452 I DefaultVehicleHal_v2_0: DefaultVehicleHal::onPropertyValue, value:{.timestamp = 226334899692, .areaId = 0, .prop = 557850629, .status = UNAVAILABLE, .value = {.int32Values = [1]{0}, .floatValues = [0]{}, .int64Values = [0]{}, .bytes = [0]{}, .stringValue = ""}}
03-17 18:54:52.387   400   452 D adayocomadapter-CommunicationManager: onUpstreamReceive mPropertyId 0x21402005
03-17 18:54:52.387   400   452 D adayocomadapter-CommunicationManager: onUpstreamReceive isLoss 1 mPropertyId 0x2140214e
03-17 18:54:52.387   400   452 D adayocomadapter-CommunicationManager: convertBytesToInt32Memcpy  0
03-17 18:54:52.387   400   452 D vw-vhal : notifyVehicleProperty, propId = 0x2140214e, data = {status: 3, int32Values: [0]}
03-17 18:54:52.387   400   452 I DefaultVehicleHal_v2_0: DefaultVehicleHal::onPropertyValue, value:{.timestamp = 226335007692, .areaId = 0, .prop = 557850958, .status = UNAVAILABLE, .value = {.int32Values = [1]{0}, .floatValues = [0]{}, .int64Values = [0]{}, .bytes = [0]{}, .stringValue = ""}}
03-17 18:54:52.387   400   452 D adayocomadapter-CommunicationManager: onUpstreamReceive mPropertyId 0x2140214e
03-17 18:54:52.387   400   452 D adayocomadapter-CommunicationManager: onUpstreamReceive isLoss 1 mPropertyId 0x21402056
03-17 18:54:52.387   400   452 D adayocomadapter-CommunicationManager: convertBytesToInt32Memcpy  255
03-17 18:54:52.387   400   452 D vw-vhal : notifyVehicleProperty, propId = 0x21402056, data = {status: 3, int32Values: [255]}
03-17 18:54:52.387   400   452 I DefaultVehicleHal_v2_0: DefaultVehicleHal::onPropertyValue, value:{.timestamp = 226335115358, .areaId = 0, .prop = 557850710, .status = UNAVAILABLE, .value = {.int32Values = [1]{255}, .floatValues = [0]{}, .int64Values = [0]{}, .bytes = [0]{}, .stringValue = ""}}
03-17 18:54:52.387   400   452 D adayocomadapter-CommunicationManager: onUpstreamReceive mPropertyId 0x21402056
03-17 18:54:52.387   400   452 D adayocomadapter-CommunicationManager: onUpstreamReceive isLoss 1 mPropertyId 0x21402057
03-17 18:54:52.387   400   452 D adayocomadapter-CommunicationManager: convertBytesToInt32Memcpy  255
03-17 18:54:52.387   400   452 D vw-vhal : notifyVehicleProperty, propId = 0x21402057, data = {status: 3, int32Values: [255]}
03-17 18:54:52.387   400   452 I DefaultVehicleHal_v2_0: DefaultVehicleHal::onPropertyValue, value:{.timestamp = 226335227692, .areaId = 0, .prop = 557850711, .status = UNAVAILABLE, .value = {.int32Values = [1]{255}, .floatValues = [0]{}, .int64Values = [0]{}, .bytes = [0]{}, .stringValue = ""}}
03-17 18:54:52.387   400   452 D adayocomadapter-CommunicationManager: onUpstreamReceive mPropertyId 0x21402057
03-17 18:54:52.387   400   452 D adayocomadapter-CommunicationManager: onUpstreamReceive isLoss 1 mPropertyId 0x21402058
03-17 18:54:52.387   400   452 D adayocomadapter-CommunicationManager: convertBytesToInt32Memcpy  255
03-17 18:54:52.387   400   452 D vw-vhal : notifyVehicleProperty, propId = 0x21402058, data = {status: 3, int32Values: [255]}
03-17 18:54:52.387   400   452 I DefaultVehicleHal_v2_0: DefaultVehicleHal::onPropertyValue, value:{.timestamp = 226335336358, .areaId = 0, .prop = 557850712, .status = UNAVAILABLE, .value = {.int32Values = [1]{255}, .floatValues = [0]{}, .int64Values = [0]{}, .bytes = [0]{}, .stringValue = ""}}
03-17 18:54:52.387   400   452 D adayocomadapter-CommunicationManager: onUpstreamReceive mPropertyId 0x21402058
03-17 18:54:52.387   400   452 D adayocomadapter-CommunicationManager: onUpstreamReceive isLoss 1 mPropertyId 0x2140205a
03-17 18:54:52.387   400   452 D adayocomadapter-CommunicationManager: convertBytesToInt32Memcpy  255
03-17 18:54:52.387   400   452 D vw-vhal : notifyVehicleProperty, propId = 0x2140205a, data = {status: 3, int32Values: [255]}
03-17 18:54:52.387   400   452 I DefaultVehicleHal_v2_0: DefaultVehicleHal::onPropertyValue, value:{.timestamp = 226335441692, .areaId = 0, .prop = 557850714, .status = UNAVAILABLE, .value = {.int32Values = [1]{255}, .floatValues = [0]{}, .int64Values = [0]{}, .bytes = [0]{}, .stringValue = ""}}
03-17 18:54:52.387   400   452 D adayocomadapter-CommunicationManager: onUpstreamReceive mPropertyId 0x2140205a
03-17 18:54:52.387   400   452 D adayocomadapter-CommunicationManager: onUpstreamReceive isLoss 1 mPropertyId 0x2140205b
03-17 18:54:52.387   400   452 D adayocomadapter-CommunicationManager: convertBytesToInt32Memcpy  255
03-17 18:54:52.387   400   452 D vw-vhal : notifyVehicleProperty, propId = 0x2140205b, data = {status: 3, int32Values: [255]}
03-17 18:54:52.388   400   452 I DefaultVehicleHal_v2_0: DefaultVehicleHal::onPropertyValue, value:{.timestamp = 226335562692, .areaId = 0, .prop = 557850715, .status = UNAVAILABLE, .value = {.int32Values = [1]{255}, .floatValues = [0]{}, .int64Values = [0]{}, .bytes = [0]{}, .stringValue = ""}}
03-17 18:54:52.388   400   452 D adayocomadapter-CommunicationManager: onUpstreamReceive mPropertyId 0x2140205b
03-17 18:54:52.388   400   452 D adayocomadapter-CommunicationManager: onUpstreamReceive isLoss 1 mPropertyId 0x2140205c
03-17 18:54:52.388   400   452 D adayocomadapter-CommunicationManager: convertBytesToInt32Memcpy  255
03-17 18:54:52.388   400   452 D vw-vhal : notifyVehicleProperty, propId = 0x2140205c, data = {status: 3, int32Values: [255]}
03-17 18:54:52.388   400   452 I DefaultVehicleHal_v2_0: DefaultVehicleHal::onPropertyValue, value:{.timestamp = 226335676692, .areaId = 0, .prop = 557850716, .status = UNAVAILABLE, .value = {.int32Values = [1]{255}, .floatValues = [0]{}, .int64Values = [0]{}, .bytes = [0]{}, .stringValue = ""}}
03-17 18:54:52.388   400   452 D adayocomadapter-CommunicationManager: onUpstreamReceive mPropertyId 0x2140205c
03-17 18:54:52.388   400   452 D adayocomadapter-CommunicationManager: onUpstreamReceive isLoss 1 mPropertyId 0x2140218e
03-17 18:54:52.388   400   452 D adayocomadapter-CommunicationManager: convertBytesToInt32Memcpy  0
03-17 18:54:52.388   400   452 D vw-vhal : notifyVehicleProperty, propId = 0x2140218e, data = {status: 3, int32Values: [0]}
03-17 18:54:52.388   400   452 I DefaultVehicleHal_v2_0: DefaultVehicleHal::onPropertyValue, value:{.timestamp = 226335789025, .areaId = 0, .prop = 557851022, .status = UNAVAILABLE, .value = {.int32Values = [1]{0}, .floatValues = [0]{}, .int64Values = [0]{}, .bytes = [0]{}, .stringValue = ""}}
03-17 18:54:52.388   400   452 D adayocomadapter-CommunicationManager: onUpstreamReceive mPropertyId 0x2140218e
03-17 18:54:52.388   400   452 D adayocomadapter-CommunicationManager: onUpstreamReceive isLoss 1 mPropertyId 0x2140218f
03-17 18:54:52.388   400   452 D adayocomadapter-CommunicationManager: convertBytesToInt32Memcpy  0
03-17 18:54:52.388   400   452 D vw-vhal : notifyVehicleProperty, propId = 0x2140218f, data = {status: 3, int32Values: [0]}
03-17 18:54:52.388   400   452 I DefaultVehicleHal_v2_0: DefaultVehicleHal::onPropertyValue, value:{.timestamp = 226335903025, .areaId = 0, .prop = 557851023, .status = UNAVAILABLE, .value = {.int32Values = [1]{0}, .floatValues = [0]{}, .int64Values = [0]{}, .bytes = [0]{}, .stringValue = ""}}
03-17 18:54:52.388   400   452 D adayocomadapter-CommunicationManager: onUpstreamReceive mPropertyId 0x2140218f
03-17 18:54:52.388   400   452 D adayocomadapter-CommunicationManager: onUpstreamReceive isLoss 1 mPropertyId 0x21402191
03-17 18:54:52.388   400   452 D adayocomadapter-CommunicationManager: convertBytesToInt32Memcpy  0
03-17 18:54:52.388   400   452 D vw-vhal : notifyVehicleProperty, propId = 0x21402191, data = {status: 3, int32Values: [0]}
03-17 18:54:52.388   400   452 I DefaultVehicleHal_v2_0: DefaultVehicleHal::onPropertyValue, value:{.timestamp = 226336034025, .areaId = 0, .prop = 557851025, .status = UNAVAILABLE, .value = {.int32Values = [1]{0}, .floatValues = [0]{}, .int64Values = [0]{}, .bytes = [0]{}, .stringValue = ""}}
03-17 18:54:52.388   400   452 D adayocomadapter-CommunicationManager: onUpstreamReceive mPropertyId 0x21402191
03-17 18:54:52.388   400   452 D adayocomadapter-CommunicationManager: onUpstreamReceive isLoss 1 mPropertyId 0x2140223d
03-17 18:54:52.388   400   452 D adayocomadapter-CommunicationManager: convertBytesToInt32Memcpy  0
03-17 18:54:52.388   400   452 D vw-vhal : notifyVehicleProperty, propId = 0x2140223d, data = {status: 3, int32Values: [0]}
03-17 18:54:52.388   400   452 I DefaultVehicleHal_v2_0: DefaultVehicleHal::onPropertyValue, value:{.timestamp = 226336151358, .areaId = 0, .prop = 557851197, .status = UNAVAILABLE, .value = {.int32Values = [1]{0}, .floatValues = [0]{}, .int64Values = [0]{}, .bytes = [0]{}, .stringValue = ""}}
03-17 18:54:52.388   400   452 D adayocomadapter-CommunicationManager: onUpstreamReceive mPropertyId 0x2140223d
03-17 18:54:52.395   582  3616 E WifiHAL : Invalid data received from driver
03-17 18:54:52.395   642   685 I mcuc    : file = hardware/interfaces/fgemcucomm/1.0/default/mcucomm/src/mcuCommFunctionTimer.cpp, func = stopTimer  stop timer = 204 
03-17 18:54:52.395   642   685 I mcuc    : rev uart=2279,len=10, data : 6AA68200CC000212029C
03-17 18:54:52.417  1566  3005 D ActionFactory: dump System action, size=0, {}, User action, size=0, {}, App action, size=0, {}, Window action, size=25, {OFF,OFF,1854,往左滑,往右滑,往上滑,往下滑,再往下翻,滑到最顶,滑到最底,想去哪,回家,去公司,暂无播放内容,登录,车外扬声器,行人先行,行人先行,行人先行,礼让感谢,礼让感谢,礼让感谢,召唤乘客,召唤乘客,召唤乘客}, 
03-17 18:54:52.417  1566  3005 D ActionFactory: vs getViewCMD Keywords: [OFF, OFF, 1854, 往左滑, 往右滑, 往上滑, 往下滑, 再往下翻, 滑到最顶, 滑到最底, 想去哪, 回家, 去公司, 暂无播放内容, 登录, 车外扬声器, 行人先行, 行人先行, 行人先行, 礼让感谢, 礼让感谢, 礼让感谢, 召唤乘客, 召唤乘客, 召唤乘客]
03-17 18:54:52.438  1627  9082 I okhttp.OkHttpClient: --> POST https://api-c-data-uat.mosc.faw-vw.com/j01/hu/data-collection/trace-service/vehicle-trace/v2/upload?requestId=e2b73fe1-ca7c-453c-adb8-0119ebfecf9c&signt=1773744892430&appkey=HiVQY27x&sign=bf64df3574d90094b97a3e99c7995612
03-17 18:54:52.438  1627  9082 I okhttp.OkHttpClient: Content-Type: application/json; charset=UTF-8
03-17 18:54:52.439  1627  9082 I okhttp.OkHttpClient: Content-Length: 1565
03-17 18:54:52.439  1627  9082 I okhttp.OkHttpClient: Accept-Language: zh_CN
03-17 18:54:52.439  1627  9082 I okhttp.OkHttpClient: Did: JETTA_HU_JBEVJ01_L7X-00101.01.250001A001_v1.0.1_v0.0.1
03-17 18:54:52.439  1627  9082 I okhttp.OkHttpClient: Authorization: Bearer
03-17 18:54:52.439  1627  9082 I okhttp.OkHttpClient: X-FTB3-VIN: LFV01LYTESTVLN030
03-17 18:54:52.439  1627  9082 I okhttp.OkHttpClient: brandId: JETTA
03-17 18:54:52.440  1627  9082 I okhttp.OkHttpClient: {"compress":"GZIP","content":"H4sIAAAAAAAAAOVW227jNhD9FUNA3yQubxJFvzlpFps07i5qx22xXhiURMdqZVGVZKdukH/vULITS7kCRRe9PBjWHA4Pz4yOSH6+dVRRnCfO0Jnsqlqvz/OlcVwLznRZpSaHEYIwwhYstYIQnqJS5XbOxdl0OoI4TutdOxKbLNNxPU3X2hkSIZjgPBSESuY6iaph/q1z/nFSl2l+DTNu5069K/TcGQ7mzgBIS5Mmi9RA5M6dahNNH0ZvyrTWi1LVuh2NN2Wp83qmss0+BWTiZqhelbpamSw5GhwQPD55V+2Za1W38A9aJd+dFNXQTh7YDPdHu9Ae81mLDVIDMWU2qYbiqnfVnXMHNeltGuvz+2YsPlwtLk7OZheYLC7FTx7GBEP/CKI+hucR/BZb21D4w/bPOXDYSoHlwxUgeguFNaT3lVwVmVGJHfu9/nbfyKRMt9DH012c6aRJX2oSE0wDLwqY8DiR0gslCb0w9mNNBY4U1VZ2pvLrjbq2C/6xAtJ1dd3MJxELsAoSjwgVe5yL2FNCRR6LgohREhEtQ0g3FeSO2rfVhGAWQE58bEeL0vwCHmibgkmLgNBYtx6pdJ601VLXqXWu9rWOP07OYXiT2sAaDubA0+X7GSaXP0/PJtPZ5feYYSjgK9nWD/mDbUdZ1izTuPa02Fj/fIbH2JRgABt5xAVHXVXQWBtixKgFNpUubUzABcwCObxuC1BEm4SqqaFJ8ZH0LZQmWZMShIjyBjA3Kq1bWtKmlL81U1DQkphlvYfAthJ6dCwN95WRY2UM+fxYGEe8L0wiLjrCJMKsLwzjjjAhesIs1BP2qGWy0zKOqDxWBgyyq4wSxFlHGUaCvKZMPmoZxj1ltKeMdpSFCPdbFvRadtB+ECbulf41YawvTHRadij/wWVB2FNGkY87yhiiL7cMo/ANyvjLysCqHWWHNY6Usb0B3q7sbT3z+zbrKKMHzheUcSTCjs0Y4uFryviTyr64T597a71+6uADeLGx0p8/9wQLOBX8+cOP+rDyN/3Dr2nI8H66O9brqalVNgww5iGhY4u8L7UehqGELbGJR1uVZirK9BD2RzhTAD1V8UonQ8KlICwYu5MbVbRElGMiKW6hhomEAfFh0ty5e6YN/5Lj36pP0upXILq1Vmq9Jawd584SSp0UKtbjEwB5IDG1wmxPHmA4LgNx95+8R8QslEtNPUlI4HG2jD3pL31PcBrLJfWZz/n/6B4R4KPr76fSxLqqHu4SRWq3qLlDAh601l4nWZrrBozNGqlE7QxSyhSL9h3DtrVtdiqb3NxE5g5FoolhtzDlriVkPoVLDN1/avfrYHg5jxZawZcw8HLYpV+jfYJOPKKrVh0agtgbaMJHNEU18EYDzwwgzS2AzVXlNWBeZcp6vsGYJV7RLPLqYl/jM1ubPK1NuX/Ff/dXpvzYXwYC5vuh7/GYcS/COvJ0SCKZLGFTD8U/4Cv78ieYWXPrZg4AAA\u003d\u003d","sendType":2,"vin":"LFV01LYTESTVLN030"}
03-17 18:54:52.441  1627  9082 I okhttp.OkHttpClient: --> END POST (1565-byte body)
03-17 18:54:52.449   644   644 E fgesysctrl_hidl_hal_test1: fgesysctrl_get_signal status *value=0
03-17 18:54:52.449   649   759 D EvsApp  : CameraFgeSysctrl::fgesysctrl_get_signal_status() end ret = 1
03-17 18:54:52.449  1646  7010 I evsservice20200311: function = notifyAppDeviceValue :ADAYO_AVM_CAMERA_SIGNAL_STATE,1---
03-17 18:54:52.450  2383  2600 D AdayoDoipServer294_Doip: [ne_doip_event_loop_dispatch][line:141] : count = 0
03-17 18:54:52.451  1646  1985 E EvsServiceManager: EvsServiceManager$1->notifyDeviceValue()42:notifyDeviceValue key：ADAYO_AVM_CAMERA_SIGNAL_STATEvalue1     ---249:Thread-210
03-17 18:54:52.453  1627  9082 D okhttp.Http2: >> 0x0000007d   146 HEADERS       END_HEADERS
03-17 18:54:52.455  1627  9082 D okhttp.Http2: >> 0x0000007d  1565 DATA          END_STREAM
03-17 18:54:52.478   582  3616 E WifiHAL : Invalid data received from driver
03-17 18:54:52.485 10173 10197 D TimerTriggerManager: init instance...
03-17 18:54:52.485 10173 10197 D TimerTriggerManager: Timer thread'TimerTriggerManager' is destroyed: false
03-17 18:54:52.485 10173 10197 D TimerTriggerManager: Timer 'onIndcnVehSpdChanged' is running: true
03-17 18:54:52.485 10173 10197 D TimerTriggerManager: Sending reset signal to timer 'onIndcnVehSpdChanged'
03-17 18:54:52.485 10173 10197 D TimerTriggerManager: Reset signal sent to timer 'onIndcnVehSpdChanged'
03-17 18:54:52.485 10173 10204 D TimerTriggerController: Reset method called for timer: onIndcnVehSpdChanged
03-17 18:54:52.485 10173 10204 D TimerTriggerController: Calling onTimerReset for timer: onIndcnVehSpdChanged
03-17 18:54:52.486 10173 10204 D TimerTriggerManager: Timer reset: onIndcnVehSpdChanged
03-17 18:54:52.486 10173 10204 I TimerTriggerController: Timer [onIndcnVehSpdChanged] reset, remaining: 999ms, reset count: 375
03-17 18:54:52.486 10173 10197 D TimerTriggerManager: init instance...
03-17 18:54:52.486 10173 10197 D TimerTriggerManager: Timer thread'TimerTriggerManager' is destroyed: false
03-17 18:54:52.486 10173 10197 D TimerTriggerManager: Timer 'onMntnWarnReqChanged' is running: true
03-17 18:54:52.486 10173 10197 D TimerTriggerManager: Sending reset signal to timer 'onMntnWarnReqChanged'
03-17 18:54:52.486 10173 10197 D TimerTriggerManager: Reset signal sent to timer 'onMntnWarnReqChanged'
03-17 18:54:52.486 10173 10204 D TimerTriggerController: Reset method called for timer: onMntnWarnReqChanged
03-17 18:54:52.486 10173 10204 D TimerTriggerController: Calling onTimerReset for timer: onMntnWarnReqChanged
03-17 18:54:52.486 10173 10204 D TimerTriggerManager: Timer reset: onMntnWarnReqChanged
03-17 18:54:52.486 10173 10204 I TimerTriggerController: Timer [onMntnWarnReqChanged] reset, remaining: 5000ms, reset count: 188
03-17 18:54:52.528   582  3616 E WifiHAL : Invalid data received from driver
03-17 18:54:52.531  1566  3186 D TboxNetworkManager: tboxNetworkbinder=null
03-17 18:54:52.549  1627  8902 D okhttp.Http2: << 0x0000007d    44 HEADERS       END_HEADERS
03-17 18:54:52.550  2383  2600 D AdayoDoipServer294_Doip: [ne_doip_event_loop_dispatch][line:141] : count = 0
03-17 18:54:52.552  1627  8902 D okhttp.Http2: << 0x0000007d   229 DATA          END_STREAM
03-17 18:54:52.552   903  1756 D NetworkPolicy: Blocked state of 10051: {blocked=NONE,allowed=FOREGROUND|TOP|METERED_FOREGROUND,effective=NONE}
03-17 18:54:52.554  1627  8902 D okhttp.Http2: << 0x0000007d     4 WINDOW_UPDATE 
03-17 18:54:52.554  1627  9082 I okhttp.OkHttpClient: <-- 400 https://api-c-data-uat.mosc.faw-vw.com/j01/hu/data-collection/trace-service/vehicle-trace/v2/upload?requestId=e2b73fe1-ca7c-453c-adb8-0119ebfecf9c&signt=1773744892430&appkey=HiVQY27x&sign=bf64df3574d90094b97a3e99c7995612 (113ms)
03-17 18:54:52.554  1627  9082 I okhttp.OkHttpClient: server: stgw
03-17 18:54:52.555  1627  9082 I okhttp.OkHttpClient: date: Tue, 17 Mar 2026 10:54:52 GMT
03-17 18:54:52.555  1627  9082 I okhttp.OkHttpClient: content-type: text/html
03-17 18:54:52.555  1627  9082 I okhttp.OkHttpClient: content-length: 229
03-17 18:54:52.556  1627  9082 I okhttp.OkHttpClient: <html>
03-17 18:54:52.556  1627  9082 I okhttp.OkHttpClient: <head><title>400 No required SSL certificate was sent</title></head>
03-17 18:54:52.556  1627  9082 I okhttp.OkHttpClient: <body>
03-17 18:54:52.557  1627  9082 I okhttp.OkHttpClient: <center><h1>400 Bad Request</h1></center>
03-17 18:54:52.557  1627  9082 I okhttp.OkHttpClient: <center>No required SSL certificate was sent</center>
03-17 18:54:52.557  1627  9082 I okhttp.OkHttpClient: <hr><center>stgw</center>
03-17 18:54:52.557  1627  9082 I okhttp.OkHttpClient: </body>
03-17 18:54:52.557  1627  9082 I okhttp.OkHttpClient: </html>
03-17 18:54:52.557  1627  9082 I okhttp.OkHttpClient: <-- END HTTP (229-byte body)
03-17 18:54:52.558  1627  9082 D okhttp.TaskRunner: Q10001 scheduled after   0 µs: OkHttp ConnectionPool
03-17 18:54:52.559  1627  8903 D okhttp.TaskRunner: Q10001 starting              : OkHttp ConnectionPool
03-17 18:54:52.560  1627  8903 D okhttp.TaskRunner: Q10001 run again after 300 s : OkHttp ConnectionPool
03-17 18:54:52.561  1627  8903 D okhttp.TaskRunner: Q10001 finished run in   2 ms: OkHttp ConnectionPool
03-17 18:54:52.588 10173 10197 D TimerTriggerManager: init instance...
03-17 18:54:52.588 10173 10197 D TimerTriggerManager: Timer thread'TimerTriggerManager' is destroyed: false
03-17 18:54:52.588 10173 10197 D TimerTriggerManager: Timer 'onIndcnVehSpdChanged' is running: true
03-17 18:54:52.588 10173 10197 D TimerTriggerManager: Sending reset signal to timer 'onIndcnVehSpdChanged'
03-17 18:54:52.588 10173 10197 D TimerTriggerManager: Reset signal sent to timer 'onIndcnVehSpdChanged'
03-17 18:54:52.588 10173 10204 D TimerTriggerController: Reset method called for timer: onIndcnVehSpdChanged
03-17 18:54:52.588 10173 10204 D TimerTriggerController: Calling onTimerReset for timer: onIndcnVehSpdChanged
03-17 18:54:52.589 10173 10204 D TimerTriggerManager: Timer reset: onIndcnVehSpdChanged
03-17 18:54:52.589 10173 10204 I TimerTriggerController: Timer [onIndcnVehSpdChanged] reset, remaining: 999ms, reset count: 376
03-17 18:54:52.592  2106  2450 D CAR.DIAGNOSTIC: Entry - Type: 0x01, ServiceId: 0x2048, InstanceId: 0x0001, MajorVersion: 0x01FFFFFF, TTL: 0
03-17 18:54:52.592  2106  2460 D CAR.DIAGNOSTIC: Entry - Type: 0x01, ServiceId: 0x2048, InstanceId: 0x0001, MajorVersion: 0x01FFFFFF, TTL: 0
03-17 18:54:52.592  2106  2458 D CAR.DIAGNOSTIC: Entry - Type: 0x01, ServiceId: 0x2048, InstanceId: 0x0001, MajorVersion: 0x01FFFFFF, TTL: 0
03-17 18:54:52.592  2106  2450 D CAR.DIAGNOSTIC: Entry - Type: 0x01, ServiceId: 0x5555, InstanceId: 0x0001, MajorVersion: 0x01FFFFFF, TTL: 0
03-17 18:54:52.592  2106  2458 D CAR.DIAGNOSTIC: Entry - Type: 0x01, ServiceId: 0x5555, InstanceId: 0x0001, MajorVersion: 0x01FFFFFF, TTL: 0
03-17 18:54:52.592  2106  2450 W CAR.DIAGNOSTIC: Not enough data for option indices: needed 128, remaining 52
03-17 18:54:52.592  2106  2458 W CAR.DIAGNOSTIC: Not enough data for option indices: needed 128, remaining 52
03-17 18:54:52.593  2106  2460 D CAR.DIAGNOSTIC: Entry - Type: 0x01, ServiceId: 0x5555, InstanceId: 0x0001, MajorVersion: 0x01FFFFFF, TTL: 0
03-17 18:54:52.593  2106  2460 W CAR.DIAGNOSTIC: Not enough data for option indices: needed 128, remaining 52
03-17 18:54:52.630   582  3616 E WifiHAL : Invalid data received from driver
03-17 18:54:52.650  2383  2600 D AdayoDoipServer294_Doip: [ne_doip_event_loop_dispatch][line:141] : count = 0
01-01 08:03:47.805   709   709 I [schedu][0xd81af9c][10:54:52.655363] qcn7605: [709:I:PE] lim_process_action_frame_no_session: Unhandled action frame without session: 7f
03-17 18:54:52.682  1566  2651 D TboxNetworkManager: tboxNetworkbinder=null
03-17 18:54:52.683   582  3616 E WifiHAL : Invalid data received from driver
03-17 18:54:52.684 10173 10197 D TimerTriggerManager: init instance...
03-17 18:54:52.684 10173 10197 D TimerTriggerManager: Timer thread'TimerTriggerManager' is destroyed: false
03-17 18:54:52.684 10173 10197 D TimerTriggerManager: Timer 'onMntnWarnReqChanged' is running: true
03-17 18:54:52.684 10173 10197 D TimerTriggerManager: Sending reset signal to timer 'onMntnWarnReqChanged'
03-17 18:54:52.684 10173 10197 D TimerTriggerManager: Reset signal sent to timer 'onMntnWarnReqChanged'
03-17 18:54:52.684 10173 10204 D TimerTriggerController: Reset method called for timer: onMntnWarnReqChanged
03-17 18:54:52.684 10173 10204 D TimerTriggerController: Calling onTimerReset for timer: onMntnWarnReqChanged
03-17 18:54:52.684 10173 10204 D TimerTriggerManager: Timer reset: onMntnWarnReqChanged
03-17 18:54:52.685 10173 10197 D TimerTriggerManager: init instance...
03-17 18:54:52.685 10173 10204 I TimerTriggerController: Timer [onMntnWarnReqChanged] reset, remaining: 4999ms, reset count: 189
03-17 18:54:52.685 10173 10197 D TimerTriggerManager: Timer thread'TimerTriggerManager' is destroyed: false
03-17 18:54:52.685 10173 10197 D TimerTriggerManager: Timer 'onIndcnVehSpdChanged' is running: true
03-17 18:54:52.685 10173 10197 D TimerTriggerManager: Sending reset signal to timer 'onIndcnVehSpdChanged'
03-17 18:54:52.685 10173 10197 D TimerTriggerManager: Reset signal sent to timer 'onIndcnVehSpdChanged'
03-17 18:54:52.685 10173 10204 D TimerTriggerController: Reset method called for timer: onIndcnVehSpdChanged
03-17 18:54:52.685 10173 10204 D TimerTriggerController: Calling onTimerReset for timer: onIndcnVehSpdChanged
03-17 18:54:52.685 10173 10204 D TimerTriggerManager: Timer reset: onIndcnVehSpdChanged
03-17 18:54:52.685 10173 10204 I TimerTriggerController: Timer [onIndcnVehSpdChanged] reset, remaining: 1000ms, reset count: 377
03-17 18:54:52.701   642   685 I mcuc    : sd Uart data : 6AA602088A00029202D6
03-17 18:54:52.706   642   685 I mcuc    : rev uart=2280,len=15, data : 6AA681088A00079202000B00000146
03-17 18:54:52.706   642   685 I mcuc    : sd Uart data : 6AA602088B00029202D5
03-17 18:54:52.706   400  1006 D adayocomadapter-ParseProtocolFunc: printRaWMsg Name[MCUToUPstream recv] len[7] data[9202000B000001]
03-17 18:54:52.707   400  1006 D adayocomadapter-CommunicationManager: onUpstreamback   member[0] dataLength[4] timePoint[226654]
03-17 18:54:52.707   400  1006 D adayocomadapter-ParseProtocolFunc: printRaWMsg Name[onUpstreamback] len[4] data[0B000001]
03-17 18:54:52.707   400   452 D adayocomadapter-UpstreamHandler: processBeforePacket upSreamtProcessTimePoint[226654] 
03-17 18:54:52.707   400   452 D adayocomadapter-UpstreamHandler: processPacket UPSTREAM_QUEUE_DATA_TIMEOUT
03-17 18:54:52.707   400   452 D adayocomadapter-ParseProtocolFunc: parseCommonIPCLBytes Processing tableNumber[11]
03-17 18:54:52.707   400   452 D adayocomadapter-ParseProtocolFunc: parseCommonIPCLBytes Processing tablename[Table-11] tableSize[4]
03-17 18:54:52.707   400   452 D adayocomadapter-ParseProtocolFunc: printRaWMsg Name[byteStream recv] len[4] data[0B000001]
03-17 18:54:52.707   400   452 D adayocomadapter-ParseProtocolFunc: printRaWMsg Name[IPCLtoVHAL] len[8] data[2140200B00010000]
03-17 18:54:52.707   400   452 D adayocomadapter-CommunicationManager: onUpstreamReceive isLoss 1 mPropertyId 0x2140200b
03-17 18:54:52.707   400   452 D adayocomadapter-CommunicationManager: convertBytesToInt32Memcpy  0
03-17 18:54:52.707   400   452 D vw-vhal : notifyVehicleProperty, propId = 0x2140200b, data = {status: 3, int32Values: [0]}
03-17 18:54:52.707   400   452 I DefaultVehicleHal_v2_0: DefaultVehicleHal::onPropertyValue, value:{.timestamp = 226654852025, .areaId = 0, .prop = 557850635, .status = UNAVAILABLE, .value = {.int32Values = [1]{0}, .floatValues = [0]{}, .int64Values = [0]{}, .bytes = [0]{}, .stringValue = ""}}
03-17 18:54:52.707   400   452 D adayocomadapter-CommunicationManager: onUpstreamReceive mPropertyId 0x2140200b
03-17 18:54:52.712   642   685 I mcuc    : rev uart=2281,len=20, data : 6AA681088B000C9202000F00000000000000013C
03-17 18:54:52.712   400  1006 D adayocomadapter-ParseProtocolFunc: printRaWMsg Name[MCUToUPstream recv] len[12] data[9202000F0000000000000001]
03-17 18:54:52.712   400  1006 D adayocomadapter-CommunicationManager: onUpstreamback   member[0] dataLength[9] timePoint[226659]
03-17 18:54:52.712   400  1006 D adayocomadapter-ParseProtocolFunc: printRaWMsg Name[onUpstreamback] len[9] data[0F0000000000000001]
03-17 18:54:52.712   400   452 D adayocomadapter-UpstreamHandler: processBeforePacket upSreamtProcessTimePoint[226659] 
03-17 18:54:52.712   400   452 D adayocomadapter-UpstreamHandler: processPacket UPSTREAM_QUEUE_DATA_TIMEOUT
03-17 18:54:52.712   400   452 D adayocomadapter-ParseProtocolFunc: parseCommonIPCLBytes Processing tableNumber[15]
03-17 18:54:52.712   400   452 D adayocomadapter-ParseProtocolFunc: parseCommonIPCLBytes Processing tablename[Table-15] tableSize[9]
03-17 18:54:52.712   400   452 D adayocomadapter-ParseProtocolFunc: printRaWMsg Name[byteStream recv] len[9] data[0F0000000000000001]
03-17 18:54:52.712   400   452 D adayocomadapter-ParseProtocolFunc: printRaWMsg Name[IPCLtoVHAL] len[7] data[214020F3000100]
03-17 18:54:52.712   400   452 D adayocomadapter-ParseProtocolFunc: printRaWMsg Name[IPCLtoVHAL] len[7] data[214020F4000100]
03-17 18:54:52.712   400   452 D adayocomadapter-ParseProtocolFunc: printRaWMsg Name[IPCLtoVHAL] len[7] data[214020F5000100]
03-17 18:54:52.712   400   452 D adayocomadapter-ParseProtocolFunc: printRaWMsg Name[IPCLtoVHAL] len[7] data[214020F6000100]
03-17 18:54:52.712   400   452 D adayocomadapter-ParseProtocolFunc: printRaWMsg Name[IPCLtoVHAL] len[7] data[214020F7000100]
03-17 18:54:52.712   400   452 D adayocomadapter-ParseProtocolFunc: printRaWMsg Name[IPCLtoVHAL] len[7] data[214020F8000100]
03-17 18:54:52.712   400   452 D adayocomadapter-ParseProtocolFunc: printRaWMsg Name[IPCLtoVHAL] len[7] data[214020F9000100]
03-17 18:54:52.712   400   452 D adayocomadapter-CommunicationManager: onUpstreamReceive isLoss 1 mPropertyId 0x214020f3
03-17 18:54:52.712   400   452 D adayocomadapter-CommunicationManager: convertBytesToInt32Memcpy  0
03-17 18:54:52.712   400   452 D vw-vhal : notifyVehicleProperty, propId = 0x214020f3, data = {status: 3, int32Values: [0]}
03-17 18:54:52.712   400   452 I DefaultVehicleHal_v2_0: DefaultVehicleHal::onPropertyValue, value:{.timestamp = 226660169692, .areaId = 0, .prop = 557850867, .status = UNAVAILABLE, .value = {.int32Values = [1]{0}, .floatValues = [0]{}, .int64Values = [0]{}, .bytes = [0]{}, .stringValue = ""}}
03-17 18:54:52.712   400   452 D adayocomadapter-CommunicationManager: onUpstreamReceive mPropertyId 0x214020f3
03-17 18:54:52.712   400   452 D adayocomadapter-CommunicationManager: onUpstreamReceive isLoss 1 mPropertyId 0x214020f4
03-17 18:54:52.712   400   452 D adayocomadapter-CommunicationManager: convertBytesToInt32Memcpy  0
03-17 18:54:52.712   400   452 D vw-vhal : notifyVehicleProperty, propId = 0x214020f4, data = {status: 3, int32Values: [0]}
03-17 18:54:52.712   400   452 I DefaultVehicleHal_v2_0: DefaultVehicleHal::onPropertyValue, value:{.timestamp = 226660308025, .areaId = 0, .prop = 557850868, .status = UNAVAILABLE, .value = {.int32Values = [1]{0}, .floatValues = [0]{}, .int64Values = [0]{}, .bytes = [0]{}, .stringValue = ""}}
03-17 18:54:52.712   400   452 D adayocomadapter-CommunicationManager: onUpstreamReceive mPropertyId 0x214020f4
03-17 18:54:52.712   400   452 D adayocomadapter-CommunicationManager: onUpstreamReceive isLoss 1 mPropertyId 0x214020f5
03-17 18:54:52.712   400   452 D adayocomadapter-CommunicationManager: convertBytesToInt32Memcpy  0
03-17 18:54:52.712   400   452 D vw-vhal : notifyVehicleProperty, propId = 0x214020f5, data = {status: 3, int32Values: [0]}
03-17 18:54:52.712   400   452 I DefaultVehicleHal_v2_0: DefaultVehicleHal::onPropertyValue, value:{.timestamp = 226660423358, .areaId = 0, .prop = 557850869, .status = UNAVAILABLE, .value = {.int32Values = [1]{0}, .floatValues = [0]{}, .int64Values = [0]{}, .bytes = [0]{}, .stringValue = ""}}
03-17 18:54:52.712   400   452 D adayocomadapter-CommunicationManager: onUpstreamReceive mPropertyId 0x214020f5
03-17 18:54:52.712   400   452 D adayocomadapter-CommunicationManager: onUpstreamReceive isLoss 1 mPropertyId 0x214020f6
03-17 18:54:52.712   400   452 D adayocomadapter-CommunicationManager: convertBytesToInt32Memcpy  0
