03-17 18:54:53.975   400   452 I DefaultVehicleHal_v2_0: DefaultVehicleHal::onPropertyValue, value:{.timestamp = 227923507359, .areaId = 0, .prop = 557916485, .status = AVAILABLE, .value = {.int32Values = [2]{0, 0}, .floatValues = [0]{}, .int64Values = [0]{}, .bytes = [0]{}, .stringValue = ""}}
03-17 18:54:53.976   400   452 D adayocomadapter-CommunicationManager: onUpstreamReceive mPropertyId 0x21412145
03-17 18:54:53.976   400   452 D adayocomadapter-CommunicationManager: onUpstreamReceive isLoss 0 mPropertyId 0x21402146
03-17 18:54:53.976   400   452 D adayocomadapter-CommunicationManager: convertBytesToInt32Memcpy  0
03-17 18:54:53.976   400   452 D vw-vhal : notifyVehicleProperty, propId = 0x21402146, data = {status: 2, int32Values: [0]}
03-17 18:54:53.976   400   452 I DefaultVehicleHal_v2_0: DefaultVehicleHal::onPropertyValue, value:{.timestamp = 227923619359, .areaId = 0, .prop = 557850950, .status = AVAILABLE, .value = {.int32Values = [1]{0}, .floatValues = [0]{}, .int64Values = [0]{}, .bytes = [0]{}, .stringValue = ""}}
03-17 18:54:53.976   400   452 D adayocomadapter-CommunicationManager: onUpstreamReceive mPropertyId 0x21402146
03-17 18:54:53.976   400   452 D adayocomadapter-CommunicationManager: onUpstreamReceive isLoss 0 mPropertyId 0x21402147
03-17 18:54:53.976   400   452 D adayocomadapter-CommunicationManager: convertBytesToInt32Memcpy  0
03-17 18:54:53.976   400   452 D vw-vhal : notifyVehicleProperty, propId = 0x21402147, data = {status: 2, int32Values: [0]}
03-17 18:54:53.976   400   452 I DefaultVehicleHal_v2_0: DefaultVehicleHal::onPropertyValue, value:{.timestamp = 227923722359, .areaId = 0, .prop = 557850951, .status = AVAILABLE, .value = {.int32Values = [1]{0}, .floatValues = [0]{}, .int64Values = [0]{}, .bytes = [0]{}, .stringValue = ""}}
03-17 18:54:53.976   400   452 D adayocomadapter-CommunicationManager: onUpstreamReceive mPropertyId 0x21402147
03-17 18:54:53.976   400   452 D adayocomadapter-CommunicationManager: onUpstreamReceive isLoss 0 mPropertyId 0x21402148
03-17 18:54:53.976   400   452 D adayocomadapter-CommunicationManager: convertBytesToInt32Memcpy  0
03-17 18:54:53.976   400   452 D vw-vhal : notifyVehicleProperty, propId = 0x21402148, data = {status: 2, int32Values: [0]}
03-17 18:54:53.976   400   452 I DefaultVehicleHal_v2_0: DefaultVehicleHal::onPropertyValue, value:{.timestamp = 227923833359, .areaId = 0, .prop = 557850952, .status = AVAILABLE, .value = {.int32Values = [1]{0}, .floatValues = [0]{}, .int64Values = [0]{}, .bytes = [0]{}, .stringValue = ""}}
03-17 18:54:53.976   400   452 D adayocomadapter-CommunicationManager: onUpstreamReceive mPropertyId 0x21402148
03-17 18:54:53.976   400   452 D adayocomadapter-CommunicationManager: onUpstreamReceive isLoss 0 mPropertyId 0x21402149
03-17 18:54:53.976   400   452 D adayocomadapter-CommunicationManager: convertBytesToInt32Memcpy  0
03-17 18:54:53.976   400   452 D vw-vhal : notifyVehicleProperty, propId = 0x21402149, data = {status: 2, int32Values: [0]}
03-17 18:54:53.976   400   452 I DefaultVehicleHal_v2_0: DefaultVehicleHal::onPropertyValue, value:{.timestamp = 227923941359, .areaId = 0, .prop = 557850953, .status = AVAILABLE, .value = {.int32Values = [1]{0}, .floatValues = [0]{}, .int64Values = [0]{}, .bytes = [0]{}, .stringValue = ""}}
03-17 18:54:53.976   400   452 D adayocomadapter-CommunicationManager: onUpstreamReceive mPropertyId 0x21402149
03-17 18:54:53.976   400   452 D adayocomadapter-CommunicationManager: onUpstreamReceive isLoss 0 mPropertyId 0x2140214f
03-17 18:54:53.976   400   452 D adayocomadapter-CommunicationManager: convertBytesToInt32Memcpy  0
03-17 18:54:53.976   400   452 D vw-vhal : notifyVehicleProperty, propId = 0x2140214f, data = {status: 2, int32Values: [0]}
03-17 18:54:53.976   400   452 I DefaultVehicleHal_v2_0: DefaultVehicleHal::onPropertyValue, value:{.timestamp = 227924092692, .areaId = 0, .prop = 557850959, .status = AVAILABLE, .value = {.int32Values = [1]{0}, .floatValues = [0]{}, .int64Values = [0]{}, .bytes = [0]{}, .stringValue = ""}}
03-17 18:54:53.976   400   452 D adayocomadapter-CommunicationManager: onUpstreamReceive mPropertyId 0x2140214f
03-17 18:54:53.976   400   452 D adayocomadapter-CommunicationManager: onUpstreamReceive isLoss 0 mPropertyId 0x21402150
03-17 18:54:53.976   400   452 D adayocomadapter-CommunicationManager: convertBytesToInt32Memcpy  0
03-17 18:54:53.976   400   452 D vw-vhal : notifyVehicleProperty, propId = 0x21402150, data = {status: 2, int32Values: [0]}
03-17 18:54:53.976   400   452 I DefaultVehicleHal_v2_0: DefaultVehicleHal::onPropertyValue, value:{.timestamp = 227924219359, .areaId = 0, .prop = 557850960, .status = AVAILABLE, .value = {.int32Values = [1]{0}, .floatValues = [0]{}, .int64Values = [0]{}, .bytes = [0]{}, .stringValue = ""}}
03-17 18:54:53.976   400   452 D adayocomadapter-CommunicationManager: onUpstreamReceive mPropertyId 0x21402150
03-17 18:54:53.976   400   452 D adayocomadapter-CommunicationManager: onUpstreamReceive isLoss 0 mPropertyId 0x21402151
03-17 18:54:53.976   400   452 D adayocomadapter-CommunicationManager: convertBytesToInt32Memcpy  0
03-17 18:54:53.976   400   452 D vw-vhal : notifyVehicleProperty, propId = 0x21402151, data = {status: 2, int32Values: [0]}
03-17 18:54:53.976   400   452 I DefaultVehicleHal_v2_0: DefaultVehicleHal::onPropertyValue, value:{.timestamp = 227924329025, .areaId = 0, .prop = 557850961, .status = AVAILABLE, .value = {.int32Values = [1]{0}, .floatValues = [0]{}, .int64Values = [0]{}, .bytes = [0]{}, .stringValue = ""}}
03-17 18:54:53.976   400   452 D adayocomadapter-CommunicationManager: onUpstreamReceive mPropertyId 0x21402151
03-17 18:54:53.976   400   452 D adayocomadapter-CommunicationManager: onUpstreamReceive isLoss 1 mPropertyId 0x2140213d
03-17 18:54:53.976   400   452 D adayocomadapter-CommunicationManager: convertBytesToInt32Memcpy  0
03-17 18:54:53.976   400   452 D vw-vhal : notifyVehicleProperty, propId = 0x2140213d, data = {status: 3, int32Values: [0]}
03-17 18:54:53.976   400   452 I DefaultVehicleHal_v2_0: DefaultVehicleHal::onPropertyValue, value:{.timestamp = 227924436692, .areaId = 0, .prop = 557850941, .status = UNAVAILABLE, .value = {.int32Values = [1]{0}, .floatValues = [0]{}, .int64Values = [0]{}, .bytes = [0]{}, .stringValue = ""}}
03-17 18:54:53.976   400   452 D adayocomadapter-CommunicationManager: onUpstreamReceive mPropertyId 0x2140213d
03-17 18:54:53.976   400   452 D adayocomadapter-CommunicationManager: onUpstreamReceive isLoss 1 mPropertyId 0x2140213e
03-17 18:54:53.976   400   452 D adayocomadapter-CommunicationManager: convertBytesToInt32Memcpy  0
03-17 18:54:53.976   400   452 D vw-vhal : notifyVehicleProperty, propId = 0x2140213e, data = {status: 3, int32Values: [0]}
03-17 18:54:53.977   400   452 I DefaultVehicleHal_v2_0: DefaultVehicleHal::onPropertyValue, value:{.timestamp = 227924544692, .areaId = 0, .prop = 557850942, .status = UNAVAILABLE, .value = {.int32Values = [1]{0}, .floatValues = [0]{}, .int64Values = [0]{}, .bytes = [0]{}, .stringValue = ""}}
03-17 18:54:53.977   400   452 D adayocomadapter-CommunicationManager: onUpstreamReceive mPropertyId 0x2140213e
03-17 18:54:53.977   400   452 D adayocomadapter-CommunicationManager: onUpstreamReceive isLoss 0 mPropertyId 0x2140214a
03-17 18:54:53.977   400   452 D adayocomadapter-CommunicationManager: convertBytesToInt32Memcpy  0
03-17 18:54:53.977   400   452 D vw-vhal : notifyVehicleProperty, propId = 0x2140214a, data = {status: 2, int32Values: [0]}
03-17 18:54:53.977   400   452 I DefaultVehicleHal_v2_0: DefaultVehicleHal::onPropertyValue, value:{.timestamp = 227924654692, .areaId = 0, .prop = 557850954, .status = AVAILABLE, .value = {.int32Values = [1]{0}, .floatValues = [0]{}, .int64Values = [0]{}, .bytes = [0]{}, .stringValue = ""}}
03-17 18:54:53.977   400   452 D adayocomadapter-CommunicationManager: onUpstreamReceive mPropertyId 0x2140214a
03-17 18:54:53.986 10173 10197 D TimerTriggerManager: init instance...
03-17 18:54:53.986 10173 10197 D TimerTriggerManager: Timer thread'TimerTriggerManager' is destroyed: false
03-17 18:54:53.986 10173 10197 D TimerTriggerManager: Timer 'onIndcnVehSpdChanged' is running: true
03-17 18:54:53.986 10173 10197 D TimerTriggerManager: Sending reset signal to timer 'onIndcnVehSpdChanged'
03-17 18:54:53.987 10173 10197 D TimerTriggerManager: Reset signal sent to timer 'onIndcnVehSpdChanged'
03-17 18:54:53.987 10173 10204 D TimerTriggerController: Reset method called for timer: onIndcnVehSpdChanged
03-17 18:54:53.987 10173 10204 D TimerTriggerController: Calling onTimerReset for timer: onIndcnVehSpdChanged
03-17 18:54:53.987 10173 10204 D TimerTriggerManager: Timer reset: onIndcnVehSpdChanged
03-17 18:54:53.987 10173 10204 I TimerTriggerController: Timer [onIndcnVehSpdChanged] reset, remaining: 1000ms, reset count: 390
03-17 18:54:54.031  1566  3186 D TboxNetworkManager: tboxNetworkbinder=null
03-17 18:54:54.053  2383  2600 D AdayoDoipServer294_Doip: [ne_doip_event_loop_dispatch][line:141] : count = 0
03-17 18:54:54.064   582  3616 E WifiHAL : Invalid data received from driver
03-17 18:54:54.087 10173 10197 D TimerTriggerManager: init instance...
03-17 18:54:54.087 10173 10197 D TimerTriggerManager: Timer thread'TimerTriggerManager' is destroyed: false
03-17 18:54:54.087 10173 10197 D TimerTriggerManager: Timer 'onIndcnVehSpdChanged' is running: true
03-17 18:54:54.087 10173 10197 D TimerTriggerManager: Sending reset signal to timer 'onIndcnVehSpdChanged'
03-17 18:54:54.087 10173 10197 D TimerTriggerManager: Reset signal sent to timer 'onIndcnVehSpdChanged'
03-17 18:54:54.087 10173 10204 D TimerTriggerController: Reset method called for timer: onIndcnVehSpdChanged
03-17 18:54:54.087 10173 10204 D TimerTriggerController: Calling onTimerReset for timer: onIndcnVehSpdChanged
03-17 18:54:54.087 10173 10204 D TimerTriggerManager: Timer reset: onIndcnVehSpdChanged
03-17 18:54:54.087 10173 10204 I TimerTriggerController: Timer [onIndcnVehSpdChanged] reset, remaining: 1000ms, reset count: 391
03-17 18:54:54.087 10173 10197 D TimerTriggerManager: init instance...
03-17 18:54:54.087 10173 10197 D TimerTriggerManager: Timer thread'TimerTriggerManager' is destroyed: false
03-17 18:54:54.087 10173 10197 D TimerTriggerManager: Timer 'onMntnWarnReqChanged' is running: true
03-17 18:54:54.087 10173 10197 D TimerTriggerManager: Sending reset signal to timer 'onMntnWarnReqChanged'
03-17 18:54:54.087 10173 10197 D TimerTriggerManager: Reset signal sent to timer 'onMntnWarnReqChanged'
03-17 18:54:54.087 10173 10204 D TimerTriggerController: Reset method called for timer: onMntnWarnReqChanged
03-17 18:54:54.087 10173 10204 D TimerTriggerController: Calling onTimerReset for timer: onMntnWarnReqChanged
03-17 18:54:54.087 10173 10204 D TimerTriggerManager: Timer reset: onMntnWarnReqChanged
03-17 18:54:54.088 10173 10204 I TimerTriggerController: Timer [onMntnWarnReqChanged] reset, remaining: 5000ms, reset count: 196
03-17 18:54:54.105 10122 10170 D ANWStack: [    228052][ANWBT] HCI Rx: Extended InquiryResult event, numResults=0x01
03-17 18:54:54.105 10122 10170 D ANWStack: [    228052][ANWBT] HCI:   inquiry_result[0]: addr=D4:D8:53:96:C9:76, pageScanRepetitionMode=0x01, classOfDevice=0x2A410C, clockOffset=0x1CA8, rssi=-87
03-17 18:54:54.105 10122 10170 D ANWStack: 
03-17 18:54:54.105 10122 10170 D ANWAPI  : (10122|0x02CB0CB0)[BTAPI] AnwhciEventCallback 47 1
03-17 18:54:54.105 10122 10170 D ANWStack: [    228052][ANWBT] prh_mgr_release_inquiry_entry will be called
03-17 18:54:54.105 10122 10170 D ANWStack: 
03-17 18:54:54.106   642   685 I mcuc    : sd Uart data : 6AA602089500029202CB
03-17 18:54:54.111   642   685 I mcuc    : rev uart=2291,len=15, data : 6AA681089500079202000100000046
03-17 18:54:54.111   400  1006 D adayocomadapter-ParseProtocolFunc: printRaWMsg Name[MCUToUPstream recv] len[7] data[92020001000000]
03-17 18:54:54.111   400  1006 D adayocomadapter-CommunicationManager: onUpstreamback   member[0] dataLength[4] timePoint[228059]
03-17 18:54:54.111   400  1006 D adayocomadapter-ParseProtocolFunc: printRaWMsg Name[onUpstreamback] len[4] data[01000000]
03-17 18:54:54.111   400   452 D adayocomadapter-UpstreamHandler: processBeforePacket upSreamtProcessTimePoint[228059] 
03-17 18:54:54.111   400   452 D adayocomadapter-UpstreamHandler: processPacket UPSTREAM_QUEUE_DATA_TIMEOUT
03-17 18:54:54.111   400   452 D adayocomadapter-ParseProtocolFunc: parseCommonIPCLBytes Processing tableNumber[1]
03-17 18:54:54.111   400   452 D adayocomadapter-ParseProtocolFunc: parseCommonIPCLBytes Processing tablename[Table-1] tableSize[4]
03-17 18:54:54.111   400   452 D adayocomadapter-ParseProtocolFunc: printRaWMsg Name[byteStream recv] len[4] data[01000000]
03-17 18:54:54.111   400   452 D adayocomadapter-ParseProtocolFunc: printRaWMsg Name[IPCLtoVHAL] len[8] data[2140204800000000]
03-17 18:54:54.111   400   452 D adayocomadapter-CommunicationManager: onUpstreamReceive isLoss 0 mPropertyId 0x21402048
03-17 18:54:54.111   400   452 D adayocomadapter-CommunicationManager: convertBytesToInt32Memcpy  0
03-17 18:54:54.111   400   452 D vw-vhal : notifyVehicleProperty, propId = 0x21402048, data = {status: 2, int32Values: [0]}
03-17 18:54:54.111   400   452 I DefaultVehicleHal_v2_0: DefaultVehicleHal::onPropertyValue, value:{.timestamp = 228059505359, .areaId = 0, .prop = 557850696, .status = AVAILABLE, .value = {.int32Values = [1]{0}, .floatValues = [0]{}, .int64Values = [0]{}, .bytes = [0]{}, .stringValue = ""}}
03-17 18:54:54.112   400   452 D adayocomadapter-CommunicationManager: onUpstreamReceive mPropertyId 0x21402048
03-17 18:54:54.127   642   685 I mcuc    : sd Uart data : 6AA602089600029202CA
03-17 18:54:54.132   642   685 I mcuc    : rev uart=2292,len=14, data : 6AA681089600069202000C00013A
03-17 18:54:54.132   642   685 I mcuc    : sd Uart data : 6AA602089700029202C9
03-17 18:54:54.132   400  1006 D adayocomadapter-ParseProtocolFunc: printRaWMsg Name[MCUToUPstream recv] len[6] data[9202000C0001]
03-17 18:54:54.132   400  1006 D adayocomadapter-CommunicationManager: onUpstreamback   member[0] dataLength[3] timePoint[228080]
03-17 18:54:54.132   400  1006 D adayocomadapter-ParseProtocolFunc: printRaWMsg Name[onUpstreamback] len[3] data[0C0001]
03-17 18:54:54.132   400   452 D adayocomadapter-UpstreamHandler: processBeforePacket upSreamtProcessTimePoint[228080] 
03-17 18:54:54.132   400   452 D adayocomadapter-UpstreamHandler: processPacket UPSTREAM_QUEUE_DATA_TIMEOUT
03-17 18:54:54.132   400   452 D adayocomadapter-ParseProtocolFunc: parseCommonIPCLBytes Processing tableNumber[12]
03-17 18:54:54.132   400   452 D adayocomadapter-ParseProtocolFunc: parseCommonIPCLBytes Processing tablename[Table-12] tableSize[3]
03-17 18:54:54.132   400   452 D adayocomadapter-ParseProtocolFunc: printRaWMsg Name[byteStream recv] len[3] data[0C0001]
03-17 18:54:54.132   400   452 D adayocomadapter-ParseProtocolFunc: printRaWMsg Name[IPCLtoVHAL] len[7] data[21402166000100]
03-17 18:54:54.133   400   452 D adayocomadapter-CommunicationManager: onUpstreamReceive isLoss 1 mPropertyId 0x21402166
03-17 18:54:54.133   400   452 D adayocomadapter-CommunicationManager: convertBytesToInt32Memcpy  0
03-17 18:54:54.133   400   452 D vw-vhal : notifyVehicleProperty, propId = 0x21402166, data = {status: 3, int32Values: [0]}
03-17 18:54:54.133   400   452 I DefaultVehicleHal_v2_0: DefaultVehicleHal::onPropertyValue, value:{.timestamp = 228080651692, .areaId = 0, .prop = 557850982, .status = UNAVAILABLE, .value = {.int32Values = [1]{0}, .floatValues = [0]{}, .int64Values = [0]{}, .bytes = [0]{}, .stringValue = ""}}
03-17 18:54:54.133   400   452 D adayocomadapter-CommunicationManager: onUpstreamReceive mPropertyId 0x21402166
03-17 18:54:54.137   642   685 I mcuc    : rev uart=2293,len=17, data : 6AA681089700099202000E7E7E00000138
03-17 18:54:54.137   400  1006 D adayocomadapter-ParseProtocolFunc: printRaWMsg Name[MCUToUPstream recv] len[9] data[9202000E7E7E000001]
03-17 18:54:54.138   400  1006 D adayocomadapter-CommunicationManager: onUpstreamback   member[0] dataLength[6] timePoint[228085]
03-17 18:54:54.138   400  1006 D adayocomadapter-ParseProtocolFunc: printRaWMsg Name[onUpstreamback] len[6] data[0E7E7E000001]
03-17 18:54:54.138   400   452 D adayocomadapter-UpstreamHandler: processBeforePacket upSreamtProcessTimePoint[228085] 
03-17 18:54:54.138   400   452 D adayocomadapter-UpstreamHandler: processPacket UPSTREAM_QUEUE_DATA_TIMEOUT
03-17 18:54:54.138   400   452 D adayocomadapter-ParseProtocolFunc: parseCommonIPCLBytes Processing tableNumber[14]
03-17 18:54:54.138   400   452 D adayocomadapter-ParseProtocolFunc: parseCommonIPCLBytes Processing tablename[Table-14] tableSize[6]
03-17 18:54:54.138   400   452 D adayocomadapter-ParseProtocolFunc: printRaWMsg Name[byteStream recv] len[6] data[0E7E7E000001]
03-17 18:54:54.138   400   452 D adayocomadapter-ParseProtocolFunc: printRaWMsg Name[IPCLtoVHAL] len[7] data[214020DE00017E]
03-17 18:54:54.138   400   452 D adayocomadapter-ParseProtocolFunc: printRaWMsg Name[IPCLtoVHAL] len[7] data[214020E000017E]
03-17 18:54:54.138   400   452 D adayocomadapter-ParseProtocolFunc: printRaWMsg Name[IPCLtoVHAL] len[7] data[214020E5000100]
03-17 18:54:54.138   400   452 D adayocomadapter-ParseProtocolFunc: printRaWMsg Name[IPCLtoVHAL] len[7] data[214020E6000100]
03-17 18:54:54.138   400   452 D adayocomadapter-CommunicationManager: onUpstreamReceive isLoss 1 mPropertyId 0x214020de
03-17 18:54:54.138   400   452 D adayocomadapter-CommunicationManager: convertBytesToInt32Memcpy  126
03-17 18:54:54.138   400   452 D vw-vhal : notifyVehicleProperty, propId = 0x214020de, data = {status: 3, int32Values: [126]}
03-17 18:54:54.138   400   452 I DefaultVehicleHal_v2_0: DefaultVehicleHal::onPropertyValue, value:{.timestamp = 228085896692, .areaId = 0, .prop = 557850846, .status = UNAVAILABLE, .value = {.int32Values = [1]{126}, .floatValues = [0]{}, .int64Values = [0]{}, .bytes = [0]{}, .stringValue = ""}}
03-17 18:54:54.138   400   452 D adayocomadapter-CommunicationManager: onUpstreamReceive mPropertyId 0x214020de
03-17 18:54:54.138   400   452 D adayocomadapter-CommunicationManager: onUpstreamReceive isLoss 1 mPropertyId 0x214020e0
03-17 18:54:54.138   400   452 D adayocomadapter-CommunicationManager: convertBytesToInt32Memcpy  126
03-17 18:54:54.138   400   452 D vw-vhal : notifyVehicleProperty, propId = 0x214020e0, data = {status: 3, int32Values: [126]}
03-17 18:54:54.138   400   452 I DefaultVehicleHal_v2_0: DefaultVehicleHal::onPropertyValue, value:{.timestamp = 228086028692, .areaId = 0, .prop = 557850848, .status = UNAVAILABLE, .value = {.int32Values = [1]{126}, .floatValues = [0]{}, .int64Values = [0]{}, .bytes = [0]{}, .stringValue = ""}}
03-17 18:54:54.138   400   452 D adayocomadapter-CommunicationManager: onUpstreamReceive mPropertyId 0x214020e0
03-17 18:54:54.138   400   452 D adayocomadapter-CommunicationManager: onUpstreamReceive isLoss 1 mPropertyId 0x214020e5
03-17 18:54:54.138   400   452 D adayocomadapter-CommunicationManager: convertBytesToInt32Memcpy  0
03-17 18:54:54.138   400   452 D vw-vhal : notifyVehicleProperty, propId = 0x214020e5, data = {status: 3, int32Values: [0]}
03-17 18:54:54.138   400   452 I DefaultVehicleHal_v2_0: DefaultVehicleHal::onPropertyValue, value:{.timestamp = 228086141692, .areaId = 0, .prop = 557850853, .status = UNAVAILABLE, .value = {.int32Values = [1]{0}, .floatValues = [0]{}, .int64Values = [0]{}, .bytes = [0]{}, .stringValue = ""}}
03-17 18:54:54.138   400   452 D adayocomadapter-CommunicationManager: onUpstreamReceive mPropertyId 0x214020e5
03-17 18:54:54.138   400   452 D adayocomadapter-CommunicationManager: onUpstreamReceive isLoss 1 mPropertyId 0x214020e6
03-17 18:54:54.138   400   452 D adayocomadapter-CommunicationManager: convertBytesToInt32Memcpy  0
03-17 18:54:54.138   400   452 D vw-vhal : notifyVehicleProperty, propId = 0x214020e6, data = {status: 3, int32Values: [0]}
03-17 18:54:54.138   400   452 I DefaultVehicleHal_v2_0: DefaultVehicleHal::onPropertyValue, value:{.timestamp = 228086250025, .areaId = 0, .prop = 557850854, .status = UNAVAILABLE, .value = {.int32Values = [1]{0}, .floatValues = [0]{}, .int64Values = [0]{}, .bytes = [0]{}, .stringValue = ""}}
03-17 18:54:54.138   400   452 D adayocomadapter-CommunicationManager: onUpstreamReceive mPropertyId 0x214020e6
03-17 18:54:54.140   582  3616 E WifiHAL : Invalid data received from driver
03-17 18:54:54.154  2383  2600 D AdayoDoipServer294_Doip: [ne_doip_event_loop_dispatch][line:141] : count = 0
03-17 18:54:54.170   642   685 I mcuc    : sd Uart data : 6AA602089800029202C8
03-17 18:54:54.175   642   685 I mcuc    : rev uart=2294,len=64, data : 6AA681089800389202001800320000000012FF3F01FF01FF01FF01FF01FF01F40003FF03FF03FF03FF03FF03FF03FF03FF03FF03FF03FF03FF07000101010161
03-17 18:54:54.175   400  1006 D adayocomadapter-ParseProtocolFunc: printRaWMsg Name[MCUToUPstream recv] len[56] data[9202001800320000000012FF3F01FF01FF01FF01FF01FF01F40003FF03FF03FF03FF03FF03FF03FF03FF03FF03FF03FF03FF070001010101]
03-17 18:54:54.175   400  1006 D adayocomadapter-CommunicationManager: onUpstreamback   member[0] dataLength[53] timePoint[228123]
03-17 18:54:54.175   400  1006 D adayocomadapter-ParseProtocolFunc: printRaWMsg Name[onUpstreamback] len[53] data[1800320000000012FF3F01FF01FF01FF01FF01FF01F40003FF03FF03FF03FF03FF03FF03FF03FF03FF03FF03FF03FF070001010101]
03-17 18:54:54.175   400   452 D adayocomadapter-UpstreamHandler: processBeforePacket upSreamtProcessTimePoint[228123] 
03-17 18:54:54.175   400   452 D adayocomadapter-UpstreamHandler: processPacket UPSTREAM_QUEUE_DATA_TIMEOUT
03-17 18:54:54.175   400   452 D adayocomadapter-ParseProtocolFunc: parseCommonIPCLBytes Processing tableNumber[24]
03-17 18:54:54.175   400   452 D adayocomadapter-ParseProtocolFunc: parseCommonIPCLBytes Processing tablename[Table-24] tableSize[53]
03-17 18:54:54.176   400   452 D adayocomadapter-ParseProtocolFunc: printRaWMsg Name[byteStream recv] len[53] data[1800320000000012FF3F01FF01FF01FF01FF01FF01F40003FF03FF03FF03FF03FF03FF03FF03FF03FF03FF03FF03FF070001010101]
03-17 18:54:54.176   400   452 D adayocomadapter-ParseProtocolFunc: printRaWMsg Name[IPCLtoVHAL] len[9] data[2141211D010112FF3F]
03-17 18:54:54.176   400   452 D adayocomadapter-ParseProtocolFunc: printRaWMsg Name[IPCLtoVHAL] len[8] data[2140207A000103FF]
03-17 18:54:54.176   400   452 D adayocomadapter-ParseProtocolFunc: printRaWMsg Name[IPCLtoVHAL] len[7] data[214020D3000100]
03-17 18:54:54.176   400   452 D adayocomadapter-ParseProtocolFunc: printRaWMsg Name[IPCLtoVHAL] len[7] data[214020CB000132]
03-17 18:54:54.176   400   452 D adayocomadapter-ParseProtocolFunc: printRaWMsg Name[IPCLtoVHAL] len[8] data[2140203C000101FF]
03-17 18:54:54.176   400   452 D adayocomadapter-ParseProtocolFunc: printRaWMsg Name[IPCLtoVHAL] len[7] data[214020C9000100]
03-17 18:54:54.176   400   452 D adayocomadapter-ParseProtocolFunc: printRaWMsg Name[IPCLtoVHAL] len[7] data[214020CF000100]
03-17 18:54:54.176   400   452 D adayocomadapter-ParseProtocolFunc: printRaWMsg Name[IPCLtoVHAL] len[8] data[21402040000101FF]
03-17 18:54:54.176   400   452 D adayocomadapter-ParseProtocolFunc: printRaWMsg Name[IPCLtoVHAL] len[7] data[214020D1000100]
03-17 18:54:54.176   400   452 D adayocomadapter-ParseProtocolFunc: printRaWMsg Name[IPCLtoVHAL] len[8] data[21402044000101FF]
03-17 18:54:54.176   400   452 D adayocomadapter-ParseProtocolFunc: printRaWMsg Name[IPCLtoVHAL] len[7] data[214020D5000100]
03-17 18:54:54.176   400   452 D adayocomadapter-ParseProtocolFunc: printRaWMsg Name[IPCLtoVHAL] len[8] data[21402038000101FF]
03-17 18:54:54.176   400   452 D adayocomadapter-ParseProtocolFunc: printRaWMsg Name[IPCLtoVHAL] len[8] data[2140207D000103FF]
03-17 18:54:54.176   400   452 D adayocomadapter-ParseProtocolFunc: printRaWMsg Name[IPCLtoVHAL] len[8] data[2140207F000103FF]
03-17 18:54:54.176   400   452 D adayocomadapter-ParseProtocolFunc: printRaWMsg Name[IPCLtoVHAL] len[7] data[21402052000100]
03-17 18:54:54.176   400   452 D adayocomadapter-ParseProtocolFunc: printRaWMsg Name[IPCLtoVHAL] len[8] data[21402081000103FF]
03-17 18:54:54.176   400   452 D adayocomadapter-ParseProtocolFunc: printRaWMsg Name[IPCLtoVHAL] len[8] data[21402080000103FF]
03-17 18:54:54.176   400   452 D adayocomadapter-ParseProtocolFunc: printRaWMsg Name[IPCLtoVHAL] len[8] data[21402051000101F4]
03-17 18:54:54.176   400   452 D adayocomadapter-ParseProtocolFunc: printRaWMsg Name[IPCLtoVHAL] len[8] data[2140207B000103FF]
03-17 18:54:54.176   400   452 D adayocomadapter-ParseProtocolFunc: printRaWMsg Name[IPCLtoVHAL] len[8] data[2140204C000101FF]
03-17 18:54:54.176   400   452 D adayocomadapter-ParseProtocolFunc: printRaWMsg Name[IPCLtoVHAL] len[8] data[2140207C000103FF]
03-17 18:54:54.176   400   452 D adayocomadapter-ParseProtocolFunc: printRaWMsg Name[IPCLtoVHAL] len[8] data[2140207E000103FF]
03-17 18:54:54.176   400   452 D adayocomadapter-ParseProtocolFunc: printRaWMsg Name[IPCLtoVHAL] len[8] data[21402082000103FF]
03-17 18:54:54.176   400   452 D adayocomadapter-ParseProtocolFunc: printRaWMsg Name[IPCLtoVHAL] len[8] data[21402083000103FF]
03-17 18:54:54.176   400   452 D adayocomadapter-ParseProtocolFunc: printRaWMsg Name[IPCLtoVHAL] len[8] data[21402084000103FF]
03-17 18:54:54.176   400   452 D adayocomadapter-ParseProtocolFunc: printRaWMsg Name[IPCLtoVHAL] len[8] data[21402085000103FF]
03-17 18:54:54.176   400   452 D adayocomadapter-ParseProtocolFunc: printRaWMsg Name[IPCLtoVHAL] len[7] data[2140220A000107]
03-17 18:54:54.176   400   452 D adayocomadapter-ParseProtocolFunc: printRaWMsg Name[IPCLtoVHAL] len[7] data[214021E6000100]
03-17 18:54:54.176   400   452 D adayocomadapter-CommunicationManager: onUpstreamReceive isLoss 1 mPropertyId 0x2141211d
03-17 18:54:54.176   400   452 D vw-vhal : notifyVehicleProperty, propId = 0x2141211d, data = {status: 3, int32Values: [18, 255, 63]}
03-17 18:54:54.176   400   452 I DefaultVehicleHal_v2_0: DefaultVehicleHal::onPropertyValue, value:{.timestamp = 228124218359, .areaId = 0, .prop = 557916445, .status = UNAVAILABLE, .value = {.int32Values = [3]{18, 255, 63}, .floatValues = [0]{}, .int64Values = [0]{}, .bytes = [0]{}, .stringValue = ""}}
03-17 18:54:54.176   400   452 D adayocomadapter-CommunicationManager: onUpstreamReceive mPropertyId 0x2141211d
03-17 18:54:54.176   400   452 D adayocomadapter-CommunicationManager: onUpstreamReceive isLoss 1 mPropertyId 0x2140207a
03-17 18:54:54.176   400   452 D adayocomadapter-CommunicationManager: convertBytesToInt32Memcpy  1023
03-17 18:54:54.176   400   452 D vw-vhal : notifyVehicleProperty, propId = 0x2140207a, data = {status: 3, int32Values: [1023]}
03-17 18:54:54.176   400   452 I DefaultVehicleHal_v2_0: DefaultVehicleHal::onPropertyValue, value:{.timestamp = 228124365025, .areaId = 0, .prop = 557850746, .status = UNAVAILABLE, .value = {.int32Values = [1]{1023}, .floatValues = [0]{}, .int64Values = [0]{}, .bytes = [0]{}, .stringValue = ""}}
03-17 18:54:54.176   400   452 D adayocomadapter-CommunicationManager: onUpstreamReceive mPropertyId 0x2140207a
03-17 18:54:54.176   400   452 D adayocomadapter-CommunicationManager: onUpstreamReceive isLoss 1 mPropertyId 0x214020d3
03-17 18:54:54.176   400   452 D adayocomadapter-CommunicationManager: convertBytesToInt32Memcpy  0
03-17 18:54:54.176   400   452 D vw-vhal : notifyVehicleProperty, propId = 0x214020d3, data = {status: 3, int32Values: [0]}
03-17 18:54:54.176   400   452 I DefaultVehicleHal_v2_0: DefaultVehicleHal::onPropertyValue, value:{.timestamp = 228124482025, .areaId = 0, .prop = 557850835, .status = UNAVAILABLE, .value = {.int32Values = [1]{0}, .floatValues = [0]{}, .int64Values = [0]{}, .bytes = [0]{}, .stringValue = ""}}
03-17 18:54:54.176   400   452 D adayocomadapter-CommunicationManager: onUpstreamReceive mPropertyId 0x214020d3
03-17 18:54:54.176   400   452 D adayocomadapter-CommunicationManager: onUpstreamReceive isLoss 1 mPropertyId 0x214020cb
03-17 18:54:54.177   400   452 D adayocomadapter-CommunicationManager: convertBytesToInt32Memcpy  50
03-17 18:54:54.177   400   452 D vw-vhal : notifyVehicleProperty, propId = 0x214020cb, data = {status: 3, int32Values: [50]}
03-17 18:54:54.177   400   452 I DefaultVehicleHal_v2_0: DefaultVehicleHal::onPropertyValue, value:{.timestamp = 228124591692, .areaId = 0, .prop = 557850827, .status = UNAVAILABLE, .value = {.int32Values = [1]{50}, .floatValues = [0]{}, .int64Values = [0]{}, .bytes = [0]{}, .stringValue = ""}}
03-17 18:54:54.177   400   452 D adayocomadapter-CommunicationManager: onUpstreamReceive mPropertyId 0x214020cb
03-17 18:54:54.177   400   452 D adayocomadapter-CommunicationManager: onUpstreamReceive isLoss 1 mPropertyId 0x2140203c
03-17 18:54:54.177   400   452 D adayocomadapter-CommunicationManager: convertBytesToInt32Memcpy  511
03-17 18:54:54.177   400   452 D vw-vhal : notifyVehicleProperty, propId = 0x2140203c, data = {status: 3, int32Values: [511]}
03-17 18:54:54.177   400   452 I DefaultVehicleHal_v2_0: DefaultVehicleHal::onPropertyValue, value:{.timestamp = 228124704692, .areaId = 0, .prop = 557850684, .status = UNAVAILABLE, .value = {.int32Values = [1]{511}, .floatValues = [0]{}, .int64Values = [0]{}, .bytes = [0]{}, .stringValue = ""}}
03-17 18:54:54.177   400   452 D adayocomadapter-CommunicationManager: onUpstreamReceive mPropertyId 0x2140203c
03-17 18:54:54.177   400   452 D adayocomadapter-CommunicationManager: onUpstreamReceive isLoss 1 mPropertyId 0x214020c9
03-17 18:54:54.177   400   452 D adayocomadapter-CommunicationManager: convertBytesToInt32Memcpy  0
03-17 18:54:54.177   400   452 D vw-vhal : notifyVehicleProperty, propId = 0x214020c9, data = {status: 3, int32Values: [0]}
03-17 18:54:54.177   400   452 I DefaultVehicleHal_v2_0: DefaultVehicleHal::onPropertyValue, value:{.timestamp = 228124812692, .areaId = 0, .prop = 557850825, .status = UNAVAILABLE, .value = {.int32Values = [1]{0}, .floatValues = [0]{}, .int64Values = [0]{}, .bytes = [0]{}, .stringValue = ""}}
03-17 18:54:54.177   400   452 D adayocomadapter-CommunicationManager: onUpstreamReceive mPropertyId 0x214020c9
03-17 18:54:54.177   400   452 D adayocomadapter-CommunicationManager: onUpstreamReceive isLoss 1 mPropertyId 0x214020cf
03-17 18:54:54.177   400   452 D adayocomadapter-CommunicationManager: convertBytesToInt32Memcpy  0
03-17 18:54:54.177   400   452 D vw-vhal : notifyVehicleProperty, propId = 0x214020cf, data = {status: 3, int32Values: [0]}
03-17 18:54:54.177   400   452 I DefaultVehicleHal_v2_0: DefaultVehicleHal::onPropertyValue, value:{.timestamp = 228124917359, .areaId = 0, .prop = 557850831, .status = UNAVAILABLE, .value = {.int32Values = [1]{0}, .floatValues = [0]{}, .int64Values = [0]{}, .bytes = [0]{}, .stringValue = ""}}
03-17 18:54:54.177   400   452 D adayocomadapter-CommunicationManager: onUpstreamReceive mPropertyId 0x214020cf
03-17 18:54:54.177   400   452 D adayocomadapter-CommunicationManager: onUpstreamReceive isLoss 1 mPropertyId 0x21402040
03-17 18:54:54.177   400   452 D adayocomadapter-CommunicationManager: convertBytesToInt32Memcpy  511
03-17 18:54:54.177   400   452 D vw-vhal : notifyVehicleProperty, propId = 0x21402040, data = {status: 3, int32Values: [511]}
03-17 18:54:54.177   400   452 I DefaultVehicleHal_v2_0: DefaultVehicleHal::onPropertyValue, value:{.timestamp = 228125026025, .areaId = 0, .prop = 557850688, .status = UNAVAILABLE, .value = {.int32Values = [1]{511}, .floatValues = [0]{}, .int64Values = [0]{}, .bytes = [0]{}, .stringValue = ""}}
03-17 18:54:54.177   400   452 D adayocomadapter-CommunicationManager: onUpstreamReceive mPropertyId 0x21402040
03-17 18:54:54.177   400   452 D adayocomadapter-CommunicationManager: onUpstreamReceive isLoss 1 mPropertyId 0x214020d1
03-17 18:54:54.177   400   452 D adayocomadapter-CommunicationManager: convertBytesToInt32Memcpy  0
03-17 18:54:54.177   400   452 D vw-vhal : notifyVehicleProperty, propId = 0x214020d1, data = {status: 3, int32Values: [0]}
03-17 18:54:54.177   400   452 I DefaultVehicleHal_v2_0: DefaultVehicleHal::onPropertyValue, value:{.timestamp = 228125127359, .areaId = 0, .prop = 557850833, .status = UNAVAILABLE, .value = {.int32Values = [1]{0}, .floatValues = [0]{}, .int64Values = [0]{}, .bytes = [0]{}, .stringValue = ""}}
03-17 18:54:54.177   400   452 D adayocomadapter-CommunicationManager: onUpstreamReceive mPropertyId 0x214020d1
03-17 18:54:54.177   400   452 D adayocomadapter-CommunicationManager: onUpstreamReceive isLoss 1 mPropertyId 0x21402044
03-17 18:54:54.177   400   452 D adayocomadapter-CommunicationManager: convertBytesToInt32Memcpy  511
03-17 18:54:54.177   400   452 D vw-vhal : notifyVehicleProperty, propId = 0x21402044, data = {status: 3, int32Values: [511]}
03-17 18:54:54.177   400   452 I DefaultVehicleHal_v2_0: DefaultVehicleHal::onPropertyValue, value:{.timestamp = 228125229025, .areaId = 0, .prop = 557850692, .status = UNAVAILABLE, .value = {.int32Values = [1]{511}, .floatValues = [0]{}, .int64Values = [0]{}, .bytes = [0]{}, .stringValue = ""}}
03-17 18:54:54.177   400   452 D adayocomadapter-CommunicationManager: onUpstreamReceive mPropertyId 0x21402044
03-17 18:54:54.177   400   452 D adayocomadapter-CommunicationManager: onUpstreamReceive isLoss 1 mPropertyId 0x214020d5
03-17 18:54:54.177   400   452 D adayocomadapter-CommunicationManager: convertBytesToInt32Memcpy  0
03-17 18:54:54.177   400   452 D vw-vhal : notifyVehicleProperty, propId = 0x214020d5, data = {status: 3, int32Values: [0]}
03-17 18:54:54.177   400   452 I DefaultVehicleHal_v2_0: DefaultVehicleHal::onPropertyValue, value:{.timestamp = 228125339692, .areaId = 0, .prop = 557850837, .status = UNAVAILABLE, .value = {.int32Values = [1]{0}, .floatValues = [0]{}, .int64Values = [0]{}, .bytes = [0]{}, .stringValue = ""}}
03-17 18:54:54.177   400   452 D adayocomadapter-CommunicationManager: onUpstreamReceive mPropertyId 0x214020d5
03-17 18:54:54.177   400   452 D adayocomadapter-CommunicationManager: onUpstreamReceive isLoss 1 mPropertyId 0x21402038
03-17 18:54:54.177   400   452 D adayocomadapter-CommunicationManager: convertBytesToInt32Memcpy  511
03-17 18:54:54.177   400   452 D vw-vhal : notifyVehicleProperty, propId = 0x21402038, data = {status: 3, int32Values: [511]}
03-17 18:54:54.177   400   452 I DefaultVehicleHal_v2_0: DefaultVehicleHal::onPropertyValue, value:{.timestamp = 228125447025, .areaId = 0, .prop = 557850680, .status = UNAVAILABLE, .value = {.int32Values = [1]{511}, .floatValues = [0]{}, .int64Values = [0]{}, .bytes = [0]{}, .stringValue = ""}}
03-17 18:54:54.177   400   452 D adayocomadapter-CommunicationManager: onUpstreamReceive mPropertyId 0x21402038
03-17 18:54:54.177   400   452 D adayocomadapter-CommunicationManager: onUpstreamReceive isLoss 1 mPropertyId 0x2140207d
03-17 18:54:54.177   400   452 D adayocomadapter-CommunicationManager: convertBytesToInt32Memcpy  1023
03-17 18:54:54.177   400   452 D vw-vhal : notifyVehicleProperty, propId = 0x2140207d, data = {status: 3, int32Values: [1023]}
03-17 18:54:54.178   400   452 I DefaultVehicleHal_v2_0: DefaultVehicleHal::onPropertyValue, value:{.timestamp = 228125552025, .areaId = 0, .prop = 557850749, .status = UNAVAILABLE, .value = {.int32Values = [1]{1023}, .floatValues = [0]{}, .int64Values = [0]{}, .bytes = [0]{}, .stringValue = ""}}
03-17 18:54:54.178   400   452 D adayocomadapter-CommunicationManager: onUpstreamReceive mPropertyId 0x2140207d
03-17 18:54:54.178   400   452 D adayocomadapter-CommunicationManager: onUpstreamReceive isLoss 1 mPropertyId 0x2140207f
03-17 18:54:54.178   400   452 D adayocomadapter-CommunicationManager: convertBytesToInt32Memcpy  1023
03-17 18:54:54.178   400   452 D vw-vhal : notifyVehicleProperty, propId = 0x2140207f, data = {status: 3, int32Values: [1023]}
03-17 18:54:54.178   400   452 I DefaultVehicleHal_v2_0: DefaultVehicleHal::onPropertyValue, value:{.timestamp = 228125659692, .areaId = 0, .prop = 557850751, .status = UNAVAILABLE, .value = {.int32Values = [1]{1023}, .floatValues = [0]{}, .int64Values = [0]{}, .bytes = [0]{}, .stringValue = ""}}
03-17 18:54:54.178   400   452 D adayocomadapter-CommunicationManager: onUpstreamReceive mPropertyId 0x2140207f
03-17 18:54:54.178   400   452 D adayocomadapter-CommunicationManager: onUpstreamReceive isLoss 1 mPropertyId 0x21402052
03-17 18:54:54.178   400   452 D adayocomadapter-CommunicationManager: convertBytesToInt32Memcpy  0
03-17 18:54:54.178   400   452 D vw-vhal : notifyVehicleProperty, propId = 0x21402052, data = {status: 3, int32Values: [0]}
03-17 18:54:54.178   400   452 I DefaultVehicleHal_v2_0: DefaultVehicleHal::onPropertyValue, value:{.timestamp = 228125762025, .areaId = 0, .prop = 557850706, .status = UNAVAILABLE, .value = {.int32Values = [1]{0}, .floatValues = [0]{}, .int64Values = [0]{}, .bytes = [0]{}, .stringValue = ""}}
03-17 18:54:54.178   400   452 D adayocomadapter-CommunicationManager: onUpstreamReceive mPropertyId 0x21402052
03-17 18:54:54.178   400   452 D adayocomadapter-CommunicationManager: onUpstreamReceive isLoss 1 mPropertyId 0x21402081
03-17 18:54:54.178   400   452 D adayocomadapter-CommunicationManager: convertBytesToInt32Memcpy  1023
03-17 18:54:54.178   400   452 D vw-vhal : notifyVehicleProperty, propId = 0x21402081, data = {status: 3, int32Values: [1023]}
03-17 18:54:54.178   400   452 I DefaultVehicleHal_v2_0: DefaultVehicleHal::onPropertyValue, value:{.timestamp = 228125866692, .areaId = 0, .prop = 557850753, .status = UNAVAILABLE, .value = {.int32Values = [1]{1023}, .floatValues = [0]{}, .int64Values = [0]{}, .bytes = [0]{}, .stringValue = ""}}
03-17 18:54:54.178   400   452 D adayocomadapter-CommunicationManager: onUpstreamReceive mPropertyId 0x21402081
03-17 18:54:54.178   400   452 D adayocomadapter-CommunicationManager: onUpstreamReceive isLoss 1 mPropertyId 0x21402080
03-17 18:54:54.178   400   452 D adayocomadapter-CommunicationManager: convertBytesToInt32Memcpy  1023
03-17 18:54:54.178   400   452 D vw-vhal : notifyVehicleProperty, propId = 0x21402080, data = {status: 3, int32Values: [1023]}
03-17 18:54:54.178   400   452 I DefaultVehicleHal_v2_0: DefaultVehicleHal::onPropertyValue, value:{.timestamp = 228125983359, .areaId = 0, .prop = 557850752, .status = UNAVAILABLE, .value = {.int32Values = [1]{1023}, .floatValues = [0]{}, .int64Values = [0]{}, .bytes = [0]{}, .stringValue = ""}}
03-17 18:54:54.178   400   452 D adayocomadapter-CommunicationManager: onUpstreamReceive mPropertyId 0x21402080
03-17 18:54:54.178   400   452 D adayocomadapter-CommunicationManager: onUpstreamReceive isLoss 1 mPropertyId 0x21402051
03-17 18:54:54.178   400   452 D adayocomadapter-CommunicationManager: convertBytesToInt32Memcpy  500
03-17 18:54:54.178   400   452 D vw-vhal : notifyVehicleProperty, propId = 0x21402051, data = {status: 3, int32Values: [500]}
03-17 18:54:54.178   400   452 I DefaultVehicleHal_v2_0: DefaultVehicleHal::onPropertyValue, value:{.timestamp = 228126085025, .areaId = 0, .prop = 557850705, .status = UNAVAILABLE, .value = {.int32Values = [1]{500}, .floatValues = [0]{}, .int64Values = [0]{}, .bytes = [0]{}, .stringValue = ""}}
03-17 18:54:54.178   400   452 D adayocomadapter-CommunicationManager: onUpstreamReceive mPropertyId 0x21402051
03-17 18:54:54.178   400   452 D adayocomadapter-CommunicationManager: onUpstreamReceive isLoss 1 mPropertyId 0x2140207b
03-17 18:54:54.178   400   452 D adayocomadapter-CommunicationManager: convertBytesToInt32Memcpy  1023
03-17 18:54:54.178   400   452 D vw-vhal : notifyVehicleProperty, propId = 0x2140207b, data = {status: 3, int32Values: [1023]}
03-17 18:54:54.178   400   452 I DefaultVehicleHal_v2_0: DefaultVehicleHal::onPropertyValue, value:{.timestamp = 228126192692, .areaId = 0, .prop = 557850747, .status = UNAVAILABLE, .value = {.int32Values = [1]{1023}, .floatValues = [0]{}, .int64Values = [0]{}, .bytes = [0]{}, .stringValue = ""}}
03-17 18:54:54.178   400   452 D adayocomadapter-CommunicationManager: onUpstreamReceive mPropertyId 0x2140207b
03-17 18:54:54.178   400   452 D adayocomadapter-CommunicationManager: onUpstreamReceive isLoss 1 mPropertyId 0x2140204c
03-17 18:54:54.178   400   452 D adayocomadapter-CommunicationManager: convertBytesToInt32Memcpy  511
03-17 18:54:54.178   400   452 D vw-vhal : notifyVehicleProperty, propId = 0x2140204c, data = {status: 3, int32Values: [511]}
03-17 18:54:54.178   400   452 I DefaultVehicleHal_v2_0: DefaultVehicleHal::onPropertyValue, value:{.timestamp = 228126302359, .areaId = 0, .prop = 557850700, .status = UNAVAILABLE, .value = {.int32Values = [1]{511}, .floatValues = [0]{}, .int64Values = [0]{}, .bytes = [0]{}, .stringValue = ""}}
03-17 18:54:54.178   400   452 D adayocomadapter-CommunicationManager: onUpstreamReceive mPropertyId 0x2140204c
03-17 18:54:54.178   400   452 D adayocomadapter-CommunicationManager: onUpstreamReceive isLoss 1 mPropertyId 0x2140207c
03-17 18:54:54.178   400   452 D adayocomadapter-CommunicationManager: convertBytesToInt32Memcpy  1023
03-17 18:54:54.178   400   452 D vw-vhal : notifyVehicleProperty, propId = 0x2140207c, data = {status: 3, int32Values: [1023]}
03-17 18:54:54.178   400   452 I DefaultVehicleHal_v2_0: DefaultVehicleHal::onPropertyValue, value:{.timestamp = 228126406025, .areaId = 0, .prop = 557850748, .status = UNAVAILABLE, .value = {.int32Values = [1]{1023}, .floatValues = [0]{}, .int64Values = [0]{}, .bytes = [0]{}, .stringValue = ""}}
03-17 18:54:54.178   400   452 D adayocomadapter-CommunicationManager: onUpstreamReceive mPropertyId 0x2140207c
03-17 18:54:54.178   400   452 D adayocomadapter-CommunicationManager: onUpstreamReceive isLoss 1 mPropertyId 0x2140207e
03-17 18:54:54.178   400   452 D adayocomadapter-CommunicationManager: convertBytesToInt32Memcpy  1023
03-17 18:54:54.178   400   452 D vw-vhal : notifyVehicleProperty, propId = 0x2140207e, data = {status: 3, int32Values: [1023]}
03-17 18:54:54.178   400   452 I DefaultVehicleHal_v2_0: DefaultVehicleHal::onPropertyValue, value:{.timestamp = 228126515692, .areaId = 0, .prop = 557850750, .status = UNAVAILABLE, .value = {.int32Values = [1]{1023}, .floatValues = [0]{}, .int64Values = [0]{}, .bytes = [0]{}, .stringValue = ""}}
03-17 18:54:54.179   400   452 D adayocomadapter-CommunicationManager: onUpstreamReceive mPropertyId 0x2140207e
03-17 18:54:54.179   400   452 D adayocomadapter-CommunicationManager: onUpstreamReceive isLoss 1 mPropertyId 0x21402082
03-17 18:54:54.179   400   452 D adayocomadapter-CommunicationManager: convertBytesToInt32Memcpy  1023
03-17 18:54:54.179   400   452 D vw-vhal : notifyVehicleProperty, propId = 0x21402082, data = {status: 3, int32Values: [1023]}
03-17 18:54:54.179   400   452 I DefaultVehicleHal_v2_0: DefaultVehicleHal::onPropertyValue, value:{.timestamp = 228126622359, .areaId = 0, .prop = 557850754, .status = UNAVAILABLE, .value = {.int32Values = [1]{1023}, .floatValues = [0]{}, .int64Values = [0]{}, .bytes = [0]{}, .stringValue = ""}}
03-17 18:54:54.179   400   452 D adayocomadapter-CommunicationManager: onUpstreamReceive mPropertyId 0x21402082
03-17 18:54:54.179   400   452 D adayocomadapter-CommunicationManager: onUpstreamReceive isLoss 1 mPropertyId 0x21402083
03-17 18:54:54.179   400   452 D adayocomadapter-CommunicationManager: convertBytesToInt32Memcpy  1023
03-17 18:54:54.179   400   452 D vw-vhal : notifyVehicleProperty, propId = 0x21402083, data = {status: 3, int32Values: [1023]}
03-17 18:54:54.179   400   452 I DefaultVehicleHal_v2_0: DefaultVehicleHal::onPropertyValue, value:{.timestamp = 228126729692, .areaId = 0, .prop = 557850755, .status = UNAVAILABLE, .value = {.int32Values = [1]{1023}, .floatValues = [0]{}, .int64Values = [0]{}, .bytes = [0]{}, .stringValue = ""}}
03-17 18:54:54.179   400   452 D adayocomadapter-CommunicationManager: onUpstreamReceive mPropertyId 0x21402083
03-17 18:54:54.179   400   452 D adayocomadapter-CommunicationManager: onUpstreamReceive isLoss 1 mPropertyId 0x21402084
03-17 18:54:54.179   400   452 D adayocomadapter-CommunicationManager: convertBytesToInt32Memcpy  1023
03-17 18:54:54.179   400   452 D vw-vhal : notifyVehicleProperty, propId = 0x21402084, data = {status: 3, int32Values: [1023]}
03-17 18:54:54.179   400   452 I DefaultVehicleHal_v2_0: DefaultVehicleHal::onPropertyValue, value:{.timestamp = 228126861025, .areaId = 0, .prop = 557850756, .status = UNAVAILABLE, .value = {.int32Values = [1]{1023}, .floatValues = [0]{}, .int64Values = [0]{}, .bytes = [0]{}, .stringValue = ""}}
03-17 18:54:54.179   400   452 D adayocomadapter-CommunicationManager: onUpstreamReceive mPropertyId 0x21402084
03-17 18:54:54.179   400   452 D adayocomadapter-CommunicationManager: onUpstreamReceive isLoss 1 mPropertyId 0x21402085
03-17 18:54:54.179   400   452 D adayocomadapter-CommunicationManager: convertBytesToInt32Memcpy  1023
03-17 18:54:54.179   400   452 D vw-vhal : notifyVehicleProperty, propId = 0x21402085, data = {status: 3, int32Values: [1023]}
03-17 18:54:54.179   400   452 I DefaultVehicleHal_v2_0: DefaultVehicleHal::onPropertyValue, value:{.timestamp = 228126996692, .areaId = 0, .prop = 557850757, .status = UNAVAILABLE, .value = {.int32Values = [1]{1023}, .floatValues = [0]{}, .int64Values = [0]{}, .bytes = [0]{}, .stringValue = ""}}
03-17 18:54:54.179   400   452 D adayocomadapter-CommunicationManager: onUpstreamReceive mPropertyId 0x21402085
03-17 18:54:54.179   400   452 D adayocomadapter-CommunicationManager: onUpstreamReceive isLoss 1 mPropertyId 0x2140220a
03-17 18:54:54.179   400   452 D adayocomadapter-CommunicationManager: convertBytesToInt32Memcpy  7
03-17 18:54:54.179   400   452 D vw-vhal : notifyVehicleProperty, propId = 0x2140220a, data = {status: 3, int32Values: [7]}
03-17 18:54:54.179   400   452 I DefaultVehicleHal_v2_0: DefaultVehicleHal::onPropertyValue, value:{.timestamp = 228127105025, .areaId = 0, .prop = 557851146, .status = UNAVAILABLE, .value = {.int32Values = [1]{7}, .floatValues = [0]{}, .int64Values = [0]{}, .bytes = [0]{}, .stringValue = ""}}
03-17 18:54:54.179   400   452 D adayocomadapter-CommunicationManager: onUpstreamReceive mPropertyId 0x2140220a
03-17 18:54:54.179   400   452 D adayocomadapter-CommunicationManager: onUpstreamReceive isLoss 1 mPropertyId 0x214021e6
03-17 18:54:54.179   400   452 D adayocomadapter-CommunicationManager: convertBytesToInt32Memcpy  0
03-17 18:54:54.179   400   452 D vw-vhal : notifyVehicleProperty, propId = 0x214021e6, data = {status: 3, int32Values: [0]}
03-17 18:54:54.179   400   452 I DefaultVehicleHal_v2_0: DefaultVehicleHal::onPropertyValue, value:{.timestamp = 228127216359, .areaId = 0, .prop = 557851110, .status = UNAVAILABLE, .value = {.int32Values = [1]{0}, .floatValues = [0]{}, .int64Values = [0]{}, .bytes = [0]{}, .stringValue = ""}}
03-17 18:54:54.179   400   452 D adayocomadapter-CommunicationManager: onUpstreamReceive mPropertyId 0x214021e6
03-17 18:54:54.182  1566  2651 D TboxNetworkManager: tboxNetworkbinder=null
03-17 18:54:54.192 10173 10197 D TimerTriggerManager: init instance...
03-17 18:54:54.192 10173 10197 D TimerTriggerManager: Timer thread'TimerTriggerManager' is destroyed: false
03-17 18:54:54.192 10173 10197 D TimerTriggerManager: Timer 'onIndcnVehSpdChanged' is running: true
03-17 18:54:54.192 10173 10197 D TimerTriggerManager: Sending reset signal to timer 'onIndcnVehSpdChanged'
03-17 18:54:54.192 10173 10197 D TimerTriggerManager: Reset signal sent to timer 'onIndcnVehSpdChanged'
03-17 18:54:54.192 10173 10204 D TimerTriggerController: Reset method called for timer: onIndcnVehSpdChanged
03-17 18:54:54.192 10173 10204 D TimerTriggerController: Calling onTimerReset for timer: onIndcnVehSpdChanged
03-17 18:54:54.192 10173 10204 D TimerTriggerManager: Timer reset: onIndcnVehSpdChanged
03-17 18:54:54.192 10173 10204 I TimerTriggerController: Timer [onIndcnVehSpdChanged] reset, remaining: 1000ms, reset count: 392
03-17 18:54:54.226   642   685 I mcuc    : sd Uart data : 6AA602089900029202C7
03-17 18:54:54.232   642   685 I mcuc    : rev uart=2295,len=24, data : 6AA681089900109202001564646464000000000000000194
03-17 18:54:54.232   400  1006 D adayocomadapter-ParseProtocolFunc: printRaWMsg Name[MCUToUPstream recv] len[16] data[92020015646464640000000000000001]
03-17 18:54:54.232   400  1006 D adayocomadapter-CommunicationManager: onUpstreamback   member[0] dataLength[13] timePoint[228179]
03-17 18:54:54.232   400  1006 D adayocomadapter-ParseProtocolFunc: printRaWMsg Name[onUpstreamback] len[13] data[15646464640000000000000001]
03-17 18:54:54.232   400   452 D adayocomadapter-UpstreamHandler: processBeforePacket upSreamtProcessTimePoint[228179] 
03-17 18:54:54.232   400   452 D adayocomadapter-UpstreamHandler: processPacket UPSTREAM_QUEUE_DATA_TIMEOUT
03-17 18:54:54.232   400   452 D adayocomadapter-ParseProtocolFunc: parseCommonIPCLBytes Processing tableNumber[21]
03-17 18:54:54.232   400   452 D adayocomadapter-ParseProtocolFunc: parseCommonIPCLBytes Processing tablename[Table-21] tableSize[13]
03-17 18:54:54.232   400   452 D adayocomadapter-ParseProtocolFunc: printRaWMsg Name[byteStream recv] len[13] data[15646464640000000000000001]
03-17 18:54:54.232   400   452 D adayocomadapter-ParseProtocolFunc: printRaWMsg Name[IPCLtoVHAL] len[7] data[2140208B000164]
03-17 18:54:54.232   400   452 D adayocomadapter-ParseProtocolFunc: printRaWMsg Name[IPCLtoVHAL] len[7] data[21402193000100]
03-17 18:54:54.232   400   452 D adayocomadapter-ParseProtocolFunc: printRaWMsg Name[IPCLtoVHAL] len[7] data[2140208C000164]
03-17 18:54:54.232   400   452 D adayocomadapter-ParseProtocolFunc: printRaWMsg Name[IPCLtoVHAL] len[7] data[21402194000100]
03-17 18:54:54.232   400   452 D adayocomadapter-ParseProtocolFunc: printRaWMsg Name[IPCLtoVHAL] len[7] data[2140208D000164]
03-17 18:54:54.232   400   452 D adayocomadapter-ParseProtocolFunc: printRaWMsg Name[IPCLtoVHAL] len[7] data[21402195000100]
03-17 18:54:54.232   400   452 D adayocomadapter-ParseProtocolFunc: printRaWMsg Name[IPCLtoVHAL] len[7] data[21402192000100]
