03-17 18:54:57.626   400   452 D adayocomadapter-ParseProtocolFunc: printRaWMsg Name[IPCLtoVHAL] len[7] data[214021CB000000]
03-17 18:54:57.626   400   452 D adayocomadapter-CommunicationManager: onUpstreamReceive isLoss 0 mPropertyId 0x214020c5
03-17 18:54:57.626   400   452 D adayocomadapter-CommunicationManager: convertBytesToInt32Memcpy  0
03-17 18:54:57.626   400   452 D vw-vhal : notifyVehicleProperty, propId = 0x214020c5, data = {status: 2, int32Values: [0]}
03-17 18:54:57.626   400   452 I DefaultVehicleHal_v2_0: DefaultVehicleHal::onPropertyValue, value:{.timestamp = 231574072692, .areaId = 0, .prop = 557850821, .status = AVAILABLE, .value = {.int32Values = [1]{0}, .floatValues = [0]{}, .int64Values = [0]{}, .bytes = [0]{}, .stringValue = ""}}
03-17 18:54:57.626   400   452 D adayocomadapter-CommunicationManager: onUpstreamReceive mPropertyId 0x214020c5
03-17 18:54:57.626   400   452 D adayocomadapter-CommunicationManager: onUpstreamReceive isLoss 0 mPropertyId 0x21402106
03-17 18:54:57.626   400   452 D adayocomadapter-CommunicationManager: convertBytesToInt32Memcpy  0
03-17 18:54:57.626   400   452 D vw-vhal : notifyVehicleProperty, propId = 0x21402106, data = {status: 2, int32Values: [0]}
03-17 18:54:57.626   400   452 I DefaultVehicleHal_v2_0: DefaultVehicleHal::onPropertyValue, value:{.timestamp = 231574218026, .areaId = 0, .prop = 557850886, .status = AVAILABLE, .value = {.int32Values = [1]{0}, .floatValues = [0]{}, .int64Values = [0]{}, .bytes = [0]{}, .stringValue = ""}}
03-17 18:54:57.626   400   452 D adayocomadapter-CommunicationManager: onUpstreamReceive mPropertyId 0x21402106
03-17 18:54:57.626   400   452 D adayocomadapter-CommunicationManager: onUpstreamReceive isLoss 0 mPropertyId 0x21402132
03-17 18:54:57.626   400   452 D adayocomadapter-CommunicationManager: convertBytesToInt32Memcpy  0
03-17 18:54:57.626   400   452 D vw-vhal : notifyVehicleProperty, propId = 0x21402132, data = {status: 2, int32Values: [0]}
03-17 18:54:57.626   400   452 I DefaultVehicleHal_v2_0: DefaultVehicleHal::onPropertyValue, value:{.timestamp = 231574382359, .areaId = 0, .prop = 557850930, .status = AVAILABLE, .value = {.int32Values = [1]{0}, .floatValues = [0]{}, .int64Values = [0]{}, .bytes = [0]{}, .stringValue = ""}}
03-17 18:54:57.626   400   452 D adayocomadapter-CommunicationManager: onUpstreamReceive mPropertyId 0x21402132
03-17 18:54:57.626   400   452 D adayocomadapter-CommunicationManager: onUpstreamReceive isLoss 1 mPropertyId 0x214020bf
03-17 18:54:57.626   400   452 D adayocomadapter-CommunicationManager: convertBytesToInt32Memcpy  0
03-17 18:54:57.626   400   452 D vw-vhal : notifyVehicleProperty, propId = 0x214020bf, data = {status: 3, int32Values: [0]}
03-17 18:54:57.626   400   452 I DefaultVehicleHal_v2_0: DefaultVehicleHal::onPropertyValue, value:{.timestamp = 231574497692, .areaId = 0, .prop = 557850815, .status = UNAVAILABLE, .value = {.int32Values = [1]{0}, .floatValues = [0]{}, .int64Values = [0]{}, .bytes = [0]{}, .stringValue = ""}}
03-17 18:54:57.626   400   452 D adayocomadapter-CommunicationManager: onUpstreamReceive mPropertyId 0x214020bf
03-17 18:54:57.627   400   452 D adayocomadapter-CommunicationManager: onUpstreamReceive isLoss 0 mPropertyId 0x2140212f
03-17 18:54:57.627   400   452 D adayocomadapter-CommunicationManager: convertBytesToInt32Memcpy  0
03-17 18:54:57.627   400   452 D vw-vhal : notifyVehicleProperty, propId = 0x2140212f, data = {status: 2, int32Values: [0]}
03-17 18:54:57.627   400   452 I DefaultVehicleHal_v2_0: DefaultVehicleHal::onPropertyValue, value:{.timestamp = 231574660026, .areaId = 0, .prop = 557850927, .status = AVAILABLE, .value = {.int32Values = [1]{0}, .floatValues = [0]{}, .int64Values = [0]{}, .bytes = [0]{}, .stringValue = ""}}
03-17 18:54:57.627   400   452 D adayocomadapter-CommunicationManager: onUpstreamReceive mPropertyId 0x2140212f
03-17 18:54:57.627   400   452 D adayocomadapter-CommunicationManager: onUpstreamReceive isLoss 0 mPropertyId 0x21402026
03-17 18:54:57.627   400   452 D adayocomadapter-CommunicationManager: convertBytesToInt32Memcpy  0
03-17 18:54:57.627   400   452 D vw-vhal : notifyVehicleProperty, propId = 0x21402026, data = {status: 2, int32Values: [0]}
03-17 18:54:57.627   400   452 I DefaultVehicleHal_v2_0: DefaultVehicleHal::onPropertyValue, value:{.timestamp = 231574822692, .areaId = 0, .prop = 557850662, .status = AVAILABLE, .value = {.int32Values = [1]{0}, .floatValues = [0]{}, .int64Values = [0]{}, .bytes = [0]{}, .stringValue = ""}}
03-17 18:54:57.627   400   452 D adayocomadapter-CommunicationManager: onUpstreamReceive mPropertyId 0x21402026
03-17 18:54:57.627   400   452 D adayocomadapter-CommunicationManager: onUpstreamReceive isLoss 0 mPropertyId 0x214020b3
03-17 18:54:57.627   400   452 D adayocomadapter-CommunicationManager: convertBytesToInt32Memcpy  0
03-17 18:54:57.627   400   452 D vw-vhal : notifyVehicleProperty, propId = 0x214020b3, data = {status: 2, int32Values: [0]}
03-17 18:54:57.627   400   452 I DefaultVehicleHal_v2_0: DefaultVehicleHal::onPropertyValue, value:{.timestamp = 231574994692, .areaId = 0, .prop = 557850803, .status = AVAILABLE, .value = {.int32Values = [1]{0}, .floatValues = [0]{}, .int64Values = [0]{}, .bytes = [0]{}, .stringValue = ""}}
03-17 18:54:57.627   400   452 D adayocomadapter-CommunicationManager: onUpstreamReceive mPropertyId 0x214020b3
03-17 18:54:57.627   400   452 D adayocomadapter-CommunicationManager: onUpstreamReceive isLoss 1 mPropertyId 0x2140219e
03-17 18:54:57.627   400   452 D adayocomadapter-CommunicationManager: convertBytesToInt32Memcpy  0
03-17 18:54:57.627   400   452 D vw-vhal : notifyVehicleProperty, propId = 0x2140219e, data = {status: 3, int32Values: [0]}
03-17 18:54:57.627   400   452 I DefaultVehicleHal_v2_0: DefaultVehicleHal::onPropertyValue, value:{.timestamp = 231575112359, .areaId = 0, .prop = 557851038, .status = UNAVAILABLE, .value = {.int32Values = [1]{0}, .floatValues = [0]{}, .int64Values = [0]{}, .bytes = [0]{}, .stringValue = ""}}
03-17 18:54:57.627   400   452 D adayocomadapter-CommunicationManager: onUpstreamReceive mPropertyId 0x2140219e
03-17 18:54:57.627   400   452 D adayocomadapter-CommunicationManager: onUpstreamReceive isLoss 0 mPropertyId 0x21402130
03-17 18:54:57.627   400   452 D adayocomadapter-CommunicationManager: convertBytesToInt32Memcpy  0
03-17 18:54:57.627   400   452 D vw-vhal : notifyVehicleProperty, propId = 0x21402130, data = {status: 2, int32Values: [0]}
03-17 18:54:57.627   400   452 I DefaultVehicleHal_v2_0: DefaultVehicleHal::onPropertyValue, value:{.timestamp = 231575227692, .areaId = 0, .prop = 557850928, .status = AVAILABLE, .value = {.int32Values = [1]{0}, .floatValues = [0]{}, .int64Values = [0]{}, .bytes = [0]{}, .stringValue = ""}}
03-17 18:54:57.627   400   452 D adayocomadapter-CommunicationManager: onUpstreamReceive mPropertyId 0x21402130
03-17 18:54:57.627   400   452 D adayocomadapter-CommunicationManager: onUpstreamReceive isLoss 1 mPropertyId 0x2141204a
03-17 18:54:57.627   400   452 D vw-vhal : notifyVehicleProperty, propId = 0x2141204a, data = {status: 3, int32Values: [0, 1, 1, 0, 0, 0]}
03-17 18:54:57.627   400   452 I DefaultVehicleHal_v2_0: DefaultVehicleHal::onPropertyValue, value:{.timestamp = 231575379026, .areaId = 0, .prop = 557916234, .status = UNAVAILABLE, .value = {.int32Values = [6]{0, 1, 1, 0, 0, 0}, .floatValues = [0]{}, .int64Values = [0]{}, .bytes = [0]{}, .stringValue = ""}}
03-17 18:54:57.627   400   452 D adayocomadapter-CommunicationManager: onUpstreamReceive mPropertyId 0x2141204a
03-17 18:54:57.627   400   452 D adayocomadapter-CommunicationManager: onUpstreamReceive isLoss 1 mPropertyId 0x214020bd
03-17 18:54:57.627   400   452 D adayocomadapter-CommunicationManager: convertBytesToInt32Memcpy  0
03-17 18:54:57.627   400   452 D vw-vhal : notifyVehicleProperty, propId = 0x214020bd, data = {status: 3, int32Values: [0]}
03-17 18:54:57.627   400   452 I DefaultVehicleHal_v2_0: DefaultVehicleHal::onPropertyValue, value:{.timestamp = 231575497692, .areaId = 0, .prop = 557850813, .status = UNAVAILABLE, .value = {.int32Values = [1]{0}, .floatValues = [0]{}, .int64Values = [0]{}, .bytes = [0]{}, .stringValue = ""}}
03-17 18:54:57.627   400   452 D adayocomadapter-CommunicationManager: onUpstreamReceive mPropertyId 0x214020bd
03-17 18:54:57.628   400   452 D adayocomadapter-CommunicationManager: onUpstreamReceive isLoss 0 mPropertyId 0x2140213b
03-17 18:54:57.628   400   452 D adayocomadapter-CommunicationManager: convertBytesToInt32Memcpy  0
03-17 18:54:57.628   400   452 D vw-vhal : notifyVehicleProperty, propId = 0x2140213b, data = {status: 2, int32Values: [0]}
03-17 18:54:57.628   400   452 I DefaultVehicleHal_v2_0: DefaultVehicleHal::onPropertyValue, value:{.timestamp = 231575609026, .areaId = 0, .prop = 557850939, .status = AVAILABLE, .value = {.int32Values = [1]{0}, .floatValues = [0]{}, .int64Values = [0]{}, .bytes = [0]{}, .stringValue = ""}}
03-17 18:54:57.628   400   452 D adayocomadapter-CommunicationManager: onUpstreamReceive mPropertyId 0x2140213b
03-17 18:54:57.628   400   452 D adayocomadapter-CommunicationManager: onUpstreamReceive isLoss 1 mPropertyId 0x214020ae
03-17 18:54:57.628   400   452 D adayocomadapter-CommunicationManager: convertBytesToInt32Memcpy  0
03-17 18:54:57.628   400   452 D vw-vhal : notifyVehicleProperty, propId = 0x214020ae, data = {status: 3, int32Values: [0]}
03-17 18:54:57.628   400   452 I DefaultVehicleHal_v2_0: DefaultVehicleHal::onPropertyValue, value:{.timestamp = 231575713359, .areaId = 0, .prop = 557850798, .status = UNAVAILABLE, .value = {.int32Values = [1]{0}, .floatValues = [0]{}, .int64Values = [0]{}, .bytes = [0]{}, .stringValue = ""}}
03-17 18:54:57.628   400   452 D adayocomadapter-CommunicationManager: onUpstreamReceive mPropertyId 0x214020ae
03-17 18:54:57.628   400   452 D adayocomadapter-CommunicationManager: onUpstreamReceive isLoss 0 mPropertyId 0x2140210d
03-17 18:54:57.628   400   452 D adayocomadapter-CommunicationManager: convertBytesToInt32Memcpy  0
03-17 18:54:57.628   400   452 D vw-vhal : notifyVehicleProperty, propId = 0x2140210d, data = {status: 2, int32Values: [0]}
03-17 18:54:57.628   400   452 I DefaultVehicleHal_v2_0: DefaultVehicleHal::onPropertyValue, value:{.timestamp = 231575818026, .areaId = 0, .prop = 557850893, .status = AVAILABLE, .value = {.int32Values = [1]{0}, .floatValues = [0]{}, .int64Values = [0]{}, .bytes = [0]{}, .stringValue = ""}}
03-17 18:54:57.628   400   452 D adayocomadapter-CommunicationManager: onUpstreamReceive mPropertyId 0x2140210d
03-17 18:54:57.628   400   452 D adayocomadapter-CommunicationManager: onUpstreamReceive isLoss 1 mPropertyId 0x21401018
03-17 18:54:57.628   400   452 D adayocomadapter-CommunicationManager: convertBytesToInt32Memcpy  0
03-17 18:54:57.628   400   452 D vw-vhal : notifyVehicleProperty, propId = 0x21401018, data = {status: 3, int32Values: [0]}
03-17 18:54:57.628   400   452 I DefaultVehicleHal_v2_0: DefaultVehicleHal::onPropertyValue, value:{.timestamp = 231575928359, .areaId = 0, .prop = 557846552, .status = UNAVAILABLE, .value = {.int32Values = [1]{0}, .floatValues = [0]{}, .int64Values = [0]{}, .bytes = [0]{}, .stringValue = ""}}
03-17 18:54:57.628   400   452 D adayocomadapter-CommunicationManager: onUpstreamReceive mPropertyId 0x21401018
03-17 18:54:57.628   400   452 D adayocomadapter-CommunicationManager: onUpstreamReceive isLoss 1 mPropertyId 0x214020a9
03-17 18:54:57.628   400   452 D adayocomadapter-CommunicationManager: convertBytesToInt32Memcpy  0
03-17 18:54:57.628   400   452 D vw-vhal : notifyVehicleProperty, propId = 0x214020a9, data = {status: 3, int32Values: [0]}
03-17 18:54:57.628   400   452 I DefaultVehicleHal_v2_0: DefaultVehicleHal::onPropertyValue, value:{.timestamp = 231576064692, .areaId = 0, .prop = 557850793, .status = UNAVAILABLE, .value = {.int32Values = [1]{0}, .floatValues = [0]{}, .int64Values = [0]{}, .bytes = [0]{}, .stringValue = ""}}
03-17 18:54:57.628   400   452 D adayocomadapter-CommunicationManager: onUpstreamReceive mPropertyId 0x214020a9
03-17 18:54:57.628   400   452 D adayocomadapter-CommunicationManager: onUpstreamReceive isLoss 1 mPropertyId 0x214020ab
03-17 18:54:57.628   400   452 D adayocomadapter-CommunicationManager: convertBytesToInt32Memcpy  0
03-17 18:54:57.628   400   452 D vw-vhal : notifyVehicleProperty, propId = 0x214020ab, data = {status: 3, int32Values: [0]}
03-17 18:54:57.628   400   452 I DefaultVehicleHal_v2_0: DefaultVehicleHal::onPropertyValue, value:{.timestamp = 231576171026, .areaId = 0, .prop = 557850795, .status = UNAVAILABLE, .value = {.int32Values = [1]{0}, .floatValues = [0]{}, .int64Values = [0]{}, .bytes = [0]{}, .stringValue = ""}}
03-17 18:54:57.628   400   452 D adayocomadapter-CommunicationManager: onUpstreamReceive mPropertyId 0x214020ab
03-17 18:54:57.628   400   452 D adayocomadapter-CommunicationManager: onUpstreamReceive isLoss 1 mPropertyId 0x214020ad
03-17 18:54:57.628   400   452 D adayocomadapter-CommunicationManager: convertBytesToInt32Memcpy  0
03-17 18:54:57.628   400   452 D vw-vhal : notifyVehicleProperty, propId = 0x214020ad, data = {status: 3, int32Values: [0]}
03-17 18:54:57.628   400   452 I DefaultVehicleHal_v2_0: DefaultVehicleHal::onPropertyValue, value:{.timestamp = 231576275026, .areaId = 0, .prop = 557850797, .status = UNAVAILABLE, .value = {.int32Values = [1]{0}, .floatValues = [0]{}, .int64Values = [0]{}, .bytes = [0]{}, .stringValue = ""}}
03-17 18:54:57.628   400   452 D adayocomadapter-CommunicationManager: onUpstreamReceive mPropertyId 0x214020ad
03-17 18:54:57.628   400   452 D adayocomadapter-CommunicationManager: onUpstreamReceive isLoss 0 mPropertyId 0x2140213a
03-17 18:54:57.628   400   452 D adayocomadapter-CommunicationManager: convertBytesToInt32Memcpy  0
03-17 18:54:57.628   400   452 D vw-vhal : notifyVehicleProperty, propId = 0x2140213a, data = {status: 2, int32Values: [0]}
03-17 18:54:57.628   400   452 I DefaultVehicleHal_v2_0: DefaultVehicleHal::onPropertyValue, value:{.timestamp = 231576377692, .areaId = 0, .prop = 557850938, .status = AVAILABLE, .value = {.int32Values = [1]{0}, .floatValues = [0]{}, .int64Values = [0]{}, .bytes = [0]{}, .stringValue = ""}}
03-17 18:54:57.628   400   452 D adayocomadapter-CommunicationManager: onUpstreamReceive mPropertyId 0x2140213a
03-17 18:54:57.628   400   452 D adayocomadapter-CommunicationManager: onUpstreamReceive isLoss 0 mPropertyId 0x214021c7
03-17 18:54:57.628   400   452 D adayocomadapter-CommunicationManager: convertBytesToInt32Memcpy  0
03-17 18:54:57.628   400   452 D vw-vhal : notifyVehicleProperty, propId = 0x214021c7, data = {status: 2, int32Values: [0]}
03-17 18:54:57.628   400   452 I DefaultVehicleHal_v2_0: DefaultVehicleHal::onPropertyValue, value:{.timestamp = 231576485692, .areaId = 0, .prop = 557851079, .status = AVAILABLE, .value = {.int32Values = [1]{0}, .floatValues = [0]{}, .int64Values = [0]{}, .bytes = [0]{}, .stringValue = ""}}
03-17 18:54:57.628   400   452 D adayocomadapter-CommunicationManager: onUpstreamReceive mPropertyId 0x214021c7
03-17 18:54:57.628   400   452 D adayocomadapter-CommunicationManager: onUpstreamReceive isLoss 1 mPropertyId 0x214020f2
03-17 18:54:57.629   400   452 D adayocomadapter-CommunicationManager: convertBytesToInt32Memcpy  0
03-17 18:54:57.629   400   452 D vw-vhal : notifyVehicleProperty, propId = 0x214020f2, data = {status: 3, int32Values: [0]}
03-17 18:54:57.629   400   452 I DefaultVehicleHal_v2_0: DefaultVehicleHal::onPropertyValue, value:{.timestamp = 231576599026, .areaId = 0, .prop = 557850866, .status = UNAVAILABLE, .value = {.int32Values = [1]{0}, .floatValues = [0]{}, .int64Values = [0]{}, .bytes = [0]{}, .stringValue = ""}}
03-17 18:54:57.629   400   452 D adayocomadapter-CommunicationManager: onUpstreamReceive mPropertyId 0x214020f2
03-17 18:54:57.629   400   452 D adayocomadapter-CommunicationManager: onUpstreamReceive isLoss 1 mPropertyId 0x214020f1
03-17 18:54:57.629   400   452 D adayocomadapter-CommunicationManager: convertBytesToInt32Memcpy  0
03-17 18:54:57.629   400   452 D vw-vhal : notifyVehicleProperty, propId = 0x214020f1, data = {status: 3, int32Values: [0]}
03-17 18:54:57.629   400   452 I DefaultVehicleHal_v2_0: DefaultVehicleHal::onPropertyValue, value:{.timestamp = 231576712359, .areaId = 0, .prop = 557850865, .status = UNAVAILABLE, .value = {.int32Values = [1]{0}, .floatValues = [0]{}, .int64Values = [0]{}, .bytes = [0]{}, .stringValue = ""}}
03-17 18:54:57.629   400   452 D adayocomadapter-CommunicationManager: onUpstreamReceive mPropertyId 0x214020f1
03-17 18:54:57.629   400   452 D adayocomadapter-CommunicationManager: onUpstreamReceive isLoss 1 mPropertyId 0x21402112
03-17 18:54:57.629   400   452 D adayocomadapter-CommunicationManager: convertBytesToInt32Memcpy  0
03-17 18:54:57.629   400   452 D vw-vhal : notifyVehicleProperty, propId = 0x21402112, data = {status: 3, int32Values: [0]}
03-17 18:54:57.629   400   452 I DefaultVehicleHal_v2_0: DefaultVehicleHal::onPropertyValue, value:{.timestamp = 231576817026, .areaId = 0, .prop = 557850898, .status = UNAVAILABLE, .value = {.int32Values = [1]{0}, .floatValues = [0]{}, .int64Values = [0]{}, .bytes = [0]{}, .stringValue = ""}}
03-17 18:54:57.629   400   452 D adayocomadapter-CommunicationManager: onUpstreamReceive mPropertyId 0x21402112
03-17 18:54:57.629   400   452 D adayocomadapter-CommunicationManager: onUpstreamReceive isLoss 1 mPropertyId 0x2140219f
03-17 18:54:57.629   400   452 D adayocomadapter-CommunicationManager: convertBytesToInt32Memcpy  0
03-17 18:54:57.629   400   452 D vw-vhal : notifyVehicleProperty, propId = 0x2140219f, data = {status: 3, int32Values: [0]}
03-17 18:54:57.629   400   452 I DefaultVehicleHal_v2_0: DefaultVehicleHal::onPropertyValue, value:{.timestamp = 231576922692, .areaId = 0, .prop = 557851039, .status = UNAVAILABLE, .value = {.int32Values = [1]{0}, .floatValues = [0]{}, .int64Values = [0]{}, .bytes = [0]{}, .stringValue = ""}}
03-17 18:54:57.629   400   452 D adayocomadapter-CommunicationManager: onUpstreamReceive mPropertyId 0x2140219f
03-17 18:54:57.629   400   452 D adayocomadapter-CommunicationManager: onUpstreamReceive isLoss 1 mPropertyId 0x21402139
03-17 18:54:57.629   400   452 D adayocomadapter-CommunicationManager: convertBytesToInt32Memcpy  0
03-17 18:54:57.629   400   452 D vw-vhal : notifyVehicleProperty, propId = 0x21402139, data = {status: 3, int32Values: [0]}
03-17 18:54:57.629   400   452 I DefaultVehicleHal_v2_0: DefaultVehicleHal::onPropertyValue, value:{.timestamp = 231577033692, .areaId = 0, .prop = 557850937, .status = UNAVAILABLE, .value = {.int32Values = [1]{0}, .floatValues = [0]{}, .int64Values = [0]{}, .bytes = [0]{}, .stringValue = ""}}
03-17 18:54:57.629   400   452 D adayocomadapter-CommunicationManager: onUpstreamReceive mPropertyId 0x21402139
03-17 18:54:57.629   400   452 D adayocomadapter-CommunicationManager: onUpstreamReceive isLoss 1 mPropertyId 0x21402025
03-17 18:54:57.629   400   452 D adayocomadapter-CommunicationManager: convertBytesToInt32Memcpy  0
03-17 18:54:57.629   400   452 D vw-vhal : notifyVehicleProperty, propId = 0x21402025, data = {status: 3, int32Values: [0]}
03-17 18:54:57.629   400   452 I DefaultVehicleHal_v2_0: DefaultVehicleHal::onPropertyValue, value:{.timestamp = 231577143026, .areaId = 0, .prop = 557850661, .status = UNAVAILABLE, .value = {.int32Values = [1]{0}, .floatValues = [0]{}, .int64Values = [0]{}, .bytes = [0]{}, .stringValue = ""}}
03-17 18:54:57.629   400   452 D adayocomadapter-CommunicationManager: onUpstreamReceive mPropertyId 0x21402025
03-17 18:54:57.629   400   452 D adayocomadapter-CommunicationManager: onUpstreamReceive isLoss 1 mPropertyId 0x21402033
03-17 18:54:57.629   400   452 D adayocomadapter-CommunicationManager: convertBytesToInt32Memcpy  16777215
03-17 18:54:57.629   400   452 D vw-vhal : notifyVehicleProperty, propId = 0x21402033, data = {status: 3, int32Values: [16777215]}
03-17 18:54:57.629   400   452 I DefaultVehicleHal_v2_0: DefaultVehicleHal::onPropertyValue, value:{.timestamp = 231577265359, .areaId = 0, .prop = 557850675, .status = UNAVAILABLE, .value = {.int32Values = [1]{16777215}, .floatValues = [0]{}, .int64Values = [0]{}, .bytes = [0]{}, .stringValue = ""}}
03-17 18:54:57.629   400   452 D adayocomadapter-CommunicationManager: onUpstreamReceive mPropertyId 0x21402033
03-17 18:54:57.629   400   452 D adayocomadapter-CommunicationManager: onUpstreamReceive isLoss 1 mPropertyId 0x21402034
03-17 18:54:57.629   400   452 D adayocomadapter-CommunicationManager: convertBytesToInt32Memcpy  0
03-17 18:54:57.629   400   452 D vw-vhal : notifyVehicleProperty, propId = 0x21402034, data = {status: 3, int32Values: [0]}
03-17 18:54:57.629   400   452 I DefaultVehicleHal_v2_0: DefaultVehicleHal::onPropertyValue, value:{.timestamp = 231577373026, .areaId = 0, .prop = 557850676, .status = UNAVAILABLE, .value = {.int32Values = [1]{0}, .floatValues = [0]{}, .int64Values = [0]{}, .bytes = [0]{}, .stringValue = ""}}
03-17 18:54:57.629   400   452 D adayocomadapter-CommunicationManager: onUpstreamReceive mPropertyId 0x21402034
03-17 18:54:57.629   400   452 D adayocomadapter-CommunicationManager: onUpstreamReceive isLoss 0 mPropertyId 0x2140218c
03-17 18:54:57.629   400   452 D adayocomadapter-CommunicationManager: convertBytesToInt32Memcpy  0
03-17 18:54:57.629   400   452 D vw-vhal : notifyVehicleProperty, propId = 0x2140218c, data = {status: 2, int32Values: [0]}
03-17 18:54:57.629   400   452 I DefaultVehicleHal_v2_0: DefaultVehicleHal::onPropertyValue, value:{.timestamp = 231577481359, .areaId = 0, .prop = 557851020, .status = AVAILABLE, .value = {.int32Values = [1]{0}, .floatValues = [0]{}, .int64Values = [0]{}, .bytes = [0]{}, .stringValue = ""}}
03-17 18:54:57.629   400   452 D adayocomadapter-CommunicationManager: onUpstreamReceive mPropertyId 0x2140218c
03-17 18:54:57.629   400   452 D adayocomadapter-CommunicationManager: onUpstreamReceive isLoss 0 mPropertyId 0x2140219b
03-17 18:54:57.630   400   452 D adayocomadapter-CommunicationManager: convertBytesToInt32Memcpy  0
03-17 18:54:57.630   400   452 D vw-vhal : notifyVehicleProperty, propId = 0x2140219b, data = {status: 2, int32Values: [0]}
03-17 18:54:57.630   400   452 I DefaultVehicleHal_v2_0: DefaultVehicleHal::onPropertyValue, value:{.timestamp = 231577599359, .areaId = 0, .prop = 557851035, .status = AVAILABLE, .value = {.int32Values = [1]{0}, .floatValues = [0]{}, .int64Values = [0]{}, .bytes = [0]{}, .stringValue = ""}}
03-17 18:54:57.630   400   452 D adayocomadapter-CommunicationManager: onUpstreamReceive mPropertyId 0x2140219b
03-17 18:54:57.630   400   452 D adayocomadapter-CommunicationManager: onUpstreamReceive isLoss 1 mPropertyId 0x214021a0
03-17 18:54:57.630   400   452 D adayocomadapter-CommunicationManager: convertBytesToInt32Memcpy  0
03-17 18:54:57.630   400   452 D vw-vhal : notifyVehicleProperty, propId = 0x214021a0, data = {status: 3, int32Values: [0]}
03-17 18:54:57.630   400   452 I DefaultVehicleHal_v2_0: DefaultVehicleHal::onPropertyValue, value:{.timestamp = 231577703026, .areaId = 0, .prop = 557851040, .status = UNAVAILABLE, .value = {.int32Values = [1]{0}, .floatValues = [0]{}, .int64Values = [0]{}, .bytes = [0]{}, .stringValue = ""}}
03-17 18:54:57.630   400   452 D adayocomadapter-CommunicationManager: onUpstreamReceive mPropertyId 0x214021a0
03-17 18:54:57.630   400   452 D adayocomadapter-CommunicationManager: onUpstreamReceive isLoss 1 mPropertyId 0x214021a3
03-17 18:54:57.630   400   452 D adayocomadapter-CommunicationManager: convertBytesToInt32Memcpy  0
03-17 18:54:57.630   400   452 D vw-vhal : notifyVehicleProperty, propId = 0x214021a3, data = {status: 3, int32Values: [0]}
03-17 18:54:57.630   400   452 I DefaultVehicleHal_v2_0: DefaultVehicleHal::onPropertyValue, value:{.timestamp = 231577812692, .areaId = 0, .prop = 557851043, .status = UNAVAILABLE, .value = {.int32Values = [1]{0}, .floatValues = [0]{}, .int64Values = [0]{}, .bytes = [0]{}, .stringValue = ""}}
03-17 18:54:57.630   400   452 D adayocomadapter-CommunicationManager: onUpstreamReceive mPropertyId 0x214021a3
03-17 18:54:57.630   400   452 D adayocomadapter-CommunicationManager: onUpstreamReceive isLoss 1 mPropertyId 0x214021a4
03-17 18:54:57.630   400   452 D adayocomadapter-CommunicationManager: convertBytesToInt32Memcpy  0
03-17 18:54:57.630   400   452 D vw-vhal : notifyVehicleProperty, propId = 0x214021a4, data = {status: 3, int32Values: [0]}
03-17 18:54:57.630   400   452 I DefaultVehicleHal_v2_0: DefaultVehicleHal::onPropertyValue, value:{.timestamp = 231577916026, .areaId = 0, .prop = 557851044, .status = UNAVAILABLE, .value = {.int32Values = [1]{0}, .floatValues = [0]{}, .int64Values = [0]{}, .bytes = [0]{}, .stringValue = ""}}
03-17 18:54:57.630   400   452 D adayocomadapter-CommunicationManager: onUpstreamReceive mPropertyId 0x214021a4
03-17 18:54:57.630   400   452 D adayocomadapter-CommunicationManager: onUpstreamReceive isLoss 0 mPropertyId 0x214021cb
03-17 18:54:57.630   400   452 D adayocomadapter-CommunicationManager: convertBytesToInt32Memcpy  0
03-17 18:54:57.630   400   452 D vw-vhal : notifyVehicleProperty, propId = 0x214021cb, data = {status: 2, int32Values: [0]}
03-17 18:54:57.630   400   452 I DefaultVehicleHal_v2_0: DefaultVehicleHal::onPropertyValue, value:{.timestamp = 231578025026, .areaId = 0, .prop = 557851083, .status = AVAILABLE, .value = {.int32Values = [1]{0}, .floatValues = [0]{}, .int64Values = [0]{}, .bytes = [0]{}, .stringValue = ""}}
03-17 18:54:57.630   400   452 D adayocomadapter-CommunicationManager: onUpstreamReceive mPropertyId 0x214021cb
03-17 18:54:57.649   642   685 I mcuc    : sd Uart data : 6AA60208BA00029202A6
03-17 18:54:57.654   642   685 I mcuc    : rev uart=2329,len=48, data : 6AA68108BA00289202001B4A503130333531353242204A50313033353135324220413033000000000000000000000088
03-17 18:54:57.654   400  1006 D adayocomadapter-ParseProtocolFunc: printRaWMsg Name[MCUToUPstream recv] len[40] data[9202001B4A503130333531353242204A503130333531353242204130330000000000000000000000]
03-17 18:54:57.654   400  1006 D adayocomadapter-CommunicationManager: onUpstreamback   member[0] dataLength[37] timePoint[231602]
03-17 18:54:57.655   400  1006 D adayocomadapter-ParseProtocolFunc: printRaWMsg Name[onUpstreamback] len[37] data[1B4A503130333531353242204A503130333531353242204130330000000000000000000000]
03-17 18:54:57.655   400   452 D adayocomadapter-UpstreamHandler: processBeforePacket upSreamtProcessTimePoint[231602] 
03-17 18:54:57.655   400   452 D adayocomadapter-UpstreamHandler: processPacket UPSTREAM_QUEUE_DATA_TIMEOUT
03-17 18:54:57.655   400   452 D adayocomadapter-ParseProtocolFunc: parseCommonIPCLBytes Processing tableNumber[27]
03-17 18:54:57.655   400   452 D adayocomadapter-ParseProtocolFunc: parseCommonIPCLBytes Processing tablename[Table-27] tableSize[37]
03-17 18:54:57.655   400   452 D adayocomadapter-ParseProtocolFunc: printRaWMsg Name[byteStream recv] len[37] data[1B4A503130333531353242204A503130333531353242204130330000000000000000000000]
03-17 18:54:57.655   400   452 D adayocomadapter-ParseProtocolFunc: printRaWMsg Name[IPCLtoVHAL] len[17] data[2141415701004A50313033353135324220]
03-17 18:54:57.655   400   452 D adayocomadapter-ParseProtocolFunc: printRaWMsg Name[IPCLtoVHAL] len[17] data[2141415801004A50313033353135324220]
03-17 18:54:57.655   400   452 D adayocomadapter-ParseProtocolFunc: printRaWMsg Name[IPCLtoVHAL] len[9] data[214141590100413033]
03-17 18:54:57.655   400   452 D adayocomadapter-ParseProtocolFunc: printRaWMsg Name[IPCLtoVHAL] len[17] data[2141415A01000000000000000000000000]
03-17 18:54:57.656   400   452 D adayocomadapter-CommunicationManager: onUpstreamReceive isLoss 0 mPropertyId 0x21414157
03-17 18:54:57.656   400   452 D vw-vhal : notifyVehicleProperty, propId = 0x21414157, data = {status: 2, int32Values: [74, 80, 49, 48, 51, 53, 49, 53, 50, 66, 32]}
03-17 18:54:57.656   400   452 I vw-vhal : CanSignalsAdapter::notifyDiagProperty: propId = 0x21414157, data = {status: 2, int32Values: [74, 80, 49, 48, 51, 53, 49, 53, 50, 66, 32]}
03-17 18:54:57.656   400   452 I DefaultVehicleHal_v2_0: DefaultVehicleHal::onPropertyValue, value:{.timestamp = 231603920359, .areaId = 0, .prop = 557924695, .status = AVAILABLE, .value = {.int32Values = [11]{74, 80, 49, 48, 51, 53, 49, 53, 50, 66, 32}, .floatValues = [0]{}, .int64Values = [0]{}, .bytes = [0]{}, .stringValue = ""}}
03-17 18:54:57.656   400   452 D DefaultVehicleHal_v2_0: onPropertyValue: Diagnostic config property: 0x21414157
03-17 18:54:57.656   400   452 D DiagPropHandler: Processing request for prop: 0x21414157, size: 11
03-17 18:54:57.656   400   452 D DiagPropHandler: String length: 11, size = 11
03-17 18:54:57.657   703   703 W vendor.fawvw.hardware.persistenceservice: [64][PersistenceProxyReplier::setValue] setValue when server disconnect
03-17 18:54:57.657   703   703 I vendor.fawvw.hardware.persistenceservice: [49][PersistenceService::setValue]Receive aidl setValue:key is VW_Spare_Part_Number,value is JP1035152B ,serviceid is 2
03-17 18:54:57.658   400   452 D DiagPropHandler: Successfully set property [VW_Spare_Part_Number] = JP1035152B 
03-17 18:54:57.658   400   452 D adayocomadapter-CommunicationManager: onUpstreamReceive mPropertyId 0x21414157
03-17 18:54:57.658   400   452 D adayocomadapter-CommunicationManager: onUpstreamReceive isLoss 0 mPropertyId 0x21414158
03-17 18:54:57.658   400   452 D vw-vhal : notifyVehicleProperty, propId = 0x21414158, data = {status: 2, int32Values: [74, 80, 49, 48, 51, 53, 49, 53, 50, 66, 32]}
03-17 18:54:57.658   400   452 I vw-vhal : CanSignalsAdapter::notifyDiagProperty: propId = 0x21414158, data = {status: 2, int32Values: [74, 80, 49, 48, 51, 53, 49, 53, 50, 66, 32]}
03-17 18:54:57.658   400   452 I DefaultVehicleHal_v2_0: DefaultVehicleHal::onPropertyValue, value:{.timestamp = 231606076359, .areaId = 0, .prop = 557924696, .status = AVAILABLE, .value = {.int32Values = [11]{74, 80, 49, 48, 51, 53, 49, 53, 50, 66, 32}, .floatValues = [0]{}, .int64Values = [0]{}, .bytes = [0]{}, .stringValue = ""}}
03-17 18:54:57.658   400   452 D adayocomadapter-CommunicationManager: onUpstreamReceive mPropertyId 0x21414158
03-17 18:54:57.658   400   452 D adayocomadapter-CommunicationManager: onUpstreamReceive isLoss 0 mPropertyId 0x21414159
03-17 18:54:57.658   400   452 D vw-vhal : notifyVehicleProperty, propId = 0x21414159, data = {status: 2, int32Values: [65, 48, 51]}
03-17 18:54:57.658   400   452 I vw-vhal : CanSignalsAdapter::notifyDiagProperty: propId = 0x21414159, data = {status: 2, int32Values: [65, 48, 51]}
03-17 18:54:57.659   400   452 I DefaultVehicleHal_v2_0: DefaultVehicleHal::onPropertyValue, value:{.timestamp = 231606496692, .areaId = 0, .prop = 557924697, .status = AVAILABLE, .value = {.int32Values = [3]{65, 48, 51}, .floatValues = [0]{}, .int64Values = [0]{}, .bytes = [0]{}, .stringValue = ""}}
03-17 18:54:57.659   400   452 D adayocomadapter-CommunicationManager: onUpstreamReceive mPropertyId 0x21414159
03-17 18:54:57.659   400   452 D adayocomadapter-CommunicationManager: onUpstreamReceive isLoss 0 mPropertyId 0x2141415a
03-17 18:54:57.659   400   452 D vw-vhal : notifyVehicleProperty, propId = 0x2141415a, data = {status: 2, int32Values: [0, 0, 0, 0, 0, 0, 0, 0, 0, 0, 0]}
03-17 18:54:57.659   400   452 I vw-vhal : CanSignalsAdapter::notifyDiagProperty: propId = 0x2141415a, data = {status: 2, int32Values: [0, 0, 0, 0, 0, 0, 0, 0, 0, 0, 0]}
03-17 18:54:57.659   400   452 I DefaultVehicleHal_v2_0: DefaultVehicleHal::onPropertyValue, value:{.timestamp = 231606937692, .areaId = 0, .prop = 557924698, .status = AVAILABLE, .value = {.int32Values = [11]{0, 0, 0, 0, 0, 0, 0, 0, 0, 0, 0}, .floatValues = [0]{}, .int64Values = [0]{}, .bytes = [0]{}, .stringValue = ""}}
03-17 18:54:57.659   400   452 D adayocomadapter-CommunicationManager: onUpstreamReceive mPropertyId 0x2141415a
03-17 18:54:57.663  2383  2600 D AdayoDoipServer294_Doip: [ne_doip_event_loop_dispatch][line:141] : count = 0
03-17 18:54:57.671   642   685 I mcuc    : sd Uart data : 6AA60208BB00029202A5
03-17 18:54:57.676   582  3616 E WifiHAL : Invalid data received from driver
03-17 18:54:57.676   642   685 I mcuc    : rev uart=2330,len=69, data : 6AA68108BB003D920200170000000000000000000000000000000000001FFF00001FFF1FFF1FFF003FFFFF0001FFFF3FFF3FFF3FFF01FF01FF01FF01FF01FF000001010163
03-17 18:54:57.676   400  1006 D adayocomadapter-ParseProtocolFunc: printRaWMsg Name[MCUToUPstream recv] len[61] data[920200170000000000000000000000000000000000001FFF00001FFF1FFF1FFF003FFFFF0001FFFF3FFF3FFF3FFF01FF01FF01FF01FF01FF0000010101]
03-17 18:54:57.676   400  1006 D adayocomadapter-CommunicationManager: onUpstreamback   member[0] dataLength[58] timePoint[231624]
03-17 18:54:57.677   400  1006 D adayocomadapter-ParseProtocolFunc: printRaWMsg Name[onUpstreamback] len[58] data[170000000000000000000000000000000000001FFF00001FFF1FFF1FFF003FFFFF0001FFFF3FFF3FFF3FFF01FF01FF01FF01FF01FF0000010101]
03-17 18:54:57.677   400   452 D adayocomadapter-UpstreamHandler: processBeforePacket upSreamtProcessTimePoint[231624] 
03-17 18:54:57.677   400   452 D adayocomadapter-UpstreamHandler: processPacket UPSTREAM_QUEUE_DATA_TIMEOUT
03-17 18:54:57.677   400   452 D adayocomadapter-ParseProtocolFunc: parseCommonIPCLBytes Processing tableNumber[23]
03-17 18:54:57.677   400   452 D adayocomadapter-ParseProtocolFunc: parseCommonIPCLBytes Processing tablename[Table-23] tableSize[59]
03-17 18:54:57.677   400   452 D adayocomadapter-ParseProtocolFunc: parseCommonIPCLBytes Error: table.tSize unMatched byteStream.size[58]
03-17 18:54:57.682  1566  2651 D TboxNetworkManager: tboxNetworkbinder=null
03-17 18:54:57.688 10173 10197 D TimerTriggerManager: init instance...
03-17 18:54:57.688 10173 10197 D TimerTriggerManager: Timer thread'TimerTriggerManager' is destroyed: false
03-17 18:54:57.688 10173 10197 D TimerTriggerManager: Timer 'onIndcnVehSpdChanged' is running: true
03-17 18:54:57.688 10173 10197 D TimerTriggerManager: Sending reset signal to timer 'onIndcnVehSpdChanged'
03-17 18:54:57.688 10173 10197 D TimerTriggerManager: Reset signal sent to timer 'onIndcnVehSpdChanged'
03-17 18:54:57.689 10173 10204 D TimerTriggerController: Reset method called for timer: onIndcnVehSpdChanged
03-17 18:54:57.689 10173 10204 D TimerTriggerController: Calling onTimerReset for timer: onIndcnVehSpdChanged
03-17 18:54:57.689 10173 10204 D TimerTriggerManager: Timer reset: onIndcnVehSpdChanged
03-17 18:54:57.690 10173 10204 I TimerTriggerController: Timer [onIndcnVehSpdChanged] reset, remaining: 1000ms, reset count: 427
03-17 18:54:57.690 10173 10197 D TimerTriggerManager: init instance...
03-17 18:54:57.690 10173 10197 D TimerTriggerManager: Timer thread'TimerTriggerManager' is destroyed: false
03-17 18:54:57.690 10173 10197 D TimerTriggerManager: Timer 'onMntnWarnReqChanged' is running: true
03-17 18:54:57.690 10173 10197 D TimerTriggerManager: Sending reset signal to timer 'onMntnWarnReqChanged'
03-17 18:54:57.690 10173 10197 D TimerTriggerManager: Reset signal sent to timer 'onMntnWarnReqChanged'
03-17 18:54:57.690 10173 10204 D TimerTriggerController: Reset method called for timer: onMntnWarnReqChanged
03-17 18:54:57.690 10173 10204 D TimerTriggerController: Calling onTimerReset for timer: onMntnWarnReqChanged
03-17 18:54:57.690 10173 10204 D TimerTriggerManager: Timer reset: onMntnWarnReqChanged
03-17 18:54:57.691 10173 10204 I TimerTriggerController: Timer [onMntnWarnReqChanged] reset, remaining: 4999ms, reset count: 214
03-17 18:54:57.716   642   685 I mcuc    : sd Uart data : 6AA60208BC00029202A4
03-17 18:54:57.722   642   685 I mcuc    : rev uart=2331,len=18, data : 6AA68108BC000A9202000A00000000000112
03-17 18:54:57.722   400  1006 D adayocomadapter-ParseProtocolFunc: printRaWMsg Name[MCUToUPstream recv] len[10] data[9202000A000000000001]
03-17 18:54:57.722   400  1006 D adayocomadapter-CommunicationManager: onUpstreamback   member[0] dataLength[7] timePoint[231669]
03-17 18:54:57.722   400  1006 D adayocomadapter-ParseProtocolFunc: printRaWMsg Name[onUpstreamback] len[7] data[0A000000000001]
03-17 18:54:57.722   400   452 D adayocomadapter-UpstreamHandler: processBeforePacket upSreamtProcessTimePoint[231670] 
03-17 18:54:57.722   400   452 D adayocomadapter-UpstreamHandler: processPacket UPSTREAM_QUEUE_DATA_TIMEOUT
03-17 18:54:57.722   400   452 D adayocomadapter-ParseProtocolFunc: parseCommonIPCLBytes Processing tableNumber[10]
03-17 18:54:57.723   400   452 D adayocomadapter-ParseProtocolFunc: parseCommonIPCLBytes Processing tablename[Table-10] tableSize[7]
03-17 18:54:57.723   400   452 D adayocomadapter-ParseProtocolFunc: printRaWMsg Name[byteStream recv] len[7] data[0A000000000001]
03-17 18:54:57.723   400   452 D adayocomadapter-ParseProtocolFunc: printRaWMsg Name[IPCLtoVHAL] len[10] data[2140201C000100000000]
03-17 18:54:57.723   400   452 D adayocomadapter-ParseProtocolFunc: printRaWMsg Name[IPCLtoVHAL] len[7] data[21402232000100]
03-17 18:54:57.723   400   452 D adayocomadapter-CommunicationManager: onUpstreamReceive isLoss 1 mPropertyId 0x2140201c
03-17 18:54:57.723   400   452 D adayocomadapter-CommunicationManager: convertBytesToInt32Memcpy  0
03-17 18:54:57.723   400   452 D vw-vhal : notifyVehicleProperty, propId = 0x2140201c, data = {status: 3, int32Values: [0]}
03-17 18:54:57.723   400   452 I DefaultVehicleHal_v2_0: DefaultVehicleHal::onPropertyValue, value:{.timestamp = 231671055359, .areaId = 0, .prop = 557850652, .status = UNAVAILABLE, .value = {.int32Values = [1]{0}, .floatValues = [0]{}, .int64Values = [0]{}, .bytes = [0]{}, .stringValue = ""}}
03-17 18:54:57.723   400   452 D adayocomadapter-CommunicationManager: onUpstreamReceive mPropertyId 0x2140201c
03-17 18:54:57.723   400   452 D adayocomadapter-CommunicationManager: onUpstreamReceive isLoss 1 mPropertyId 0x21402232
03-17 18:54:57.723   400   452 D adayocomadapter-CommunicationManager: convertBytesToInt32Memcpy  0
03-17 18:54:57.723   400   452 D vw-vhal : notifyVehicleProperty, propId = 0x21402232, data = {status: 3, int32Values: [0]}
03-17 18:54:57.724   400   452 I DefaultVehicleHal_v2_0: DefaultVehicleHal::onPropertyValue, value:{.timestamp = 231671566359, .areaId = 0, .prop = 557851186, .status = UNAVAILABLE, .value = {.int32Values = [1]{0}, .floatValues = [0]{}, .int64Values = [0]{}, .bytes = [0]{}, .stringValue = ""}}
03-17 18:54:57.724   400   452 D adayocomadapter-CommunicationManager: onUpstreamReceive mPropertyId 0x21402232
03-17 18:54:57.752   582  3616 E WifiHAL : Invalid data received from driver
03-17 18:54:57.763  2383  2600 D AdayoDoipServer294_Doip: [ne_doip_event_loop_dispatch][line:141] : count = 0
03-17 18:54:57.766   582   593 E WifiHAL : wifi_get_link_stats: requestResponse Error:-3
03-17 18:54:57.767   903  1251 E WifiStaIfaceAidlImpl: getLinkLayerStats failed with service-specific exception: android.os.ServiceSpecificException:  (code 4)
03-17 18:54:57.771   582  3616 E WifiHAL : Invalid data received from driver
03-17 18:54:57.772   582  3616 E WifiHAL : Invalid data received from driver
03-17 18:54:57.772   582  3616 E WifiHAL : Invalid data received from driver
03-17 18:54:57.772   582  3616 E WifiHAL : Invalid data received from driver
03-17 18:54:57.773   582  3616 E WifiHAL : Invalid data received from driver
03-17 18:54:57.774   903  1251 D WifiClientModeImpl[72500:wlan0]: updateLinkLayerStatsRssiSpeedFrequencyCapabilities rssi=-32 TxLinkspeed=52 freq=2412 RxLinkSpeed=72
03-17 18:54:57.775   903  1251 D WifiDataStall: tx tput in kbps: 49000
03-17 18:54:57.775   903  1251 D WifiDataStall: rx tput in kbps: 49000
03-17 18:54:57.776   903  1251 D WifiThroughputPredictor:  utilization (BssLoad) -1 utilization (LLStats) 80 isBluetoothConnected: false final utilization: 80
03-17 18:54:57.776   903  1251 D WifiThroughputPredictor:  airTime20: 175 airTime: 175
03-17 18:54:57.776   903  1251 D WifiThroughputPredictor:  BW: 0 RSSI: -32 Nss: 1 Mode: 4 symDur: 3600 snrDb 48 bitPerTone: 5000 rate: 72 throughput: 49
03-17 18:54:57.776   903  1251 D WifiThroughputPredictor:  utilization (BssLoad) -1 utilization (LLStats) 80 isBluetoothConnected: false final utilization: 80
03-17 18:54:57.777   903  1251 D WifiThroughputPredictor:  airTime20: 175 airTime: 175
03-17 18:54:57.777   903  1251 D WifiThroughputPredictor:  BW: 0 RSSI: -32 Nss: 1 Mode: 4 symDur: 3600 snrDb 48 bitPerTone: 5000 rate: 72 throughput: 49
03-17 18:54:57.778   903  1251 D WifiScoreCard: BSSID update SIGNAL_POLL ID: 779452451 SSID: "Cudy-6C60", BSSID: 80:af:ca:b5:6c:60, MAC: 88:e0:34:b7:61:31, IP: /192.168.10.241, Security type: 2, Supplicant state: COMPLETED, Wi-Fi standard: 4, RSSI: -32, Link speed: 52Mbps, Tx Link speed: 52Mbps, Max Supported Tx Link speed: 72Mbps, Rx Link speed: 72Mbps, Max Supported Rx Link speed: 72Mbps, Frequency: 2412MHz, Net ID: 0, Metered hint: false, score: 60, isUsable: true, CarrierMerged: false, SubscriptionId: -1, IsPrimary: 1, Trusted: true, Restricted: false, Ephemeral: false, OEM paid: false, OEM private: false, OSU AP: false, FQDN: <none>, Provider friendly name: <none>, Requesting package name: <none>"Cudy-6C60"wpa2-pskMLO Information: , Is TID-To-Link negotiation supported by the AP: false, AP MLD Address: <none>, AP MLO Link Id: <none>, AP MLO Affiliated links: <none>
03-17 18:54:57.778   903  1251 D WifiScoreCard: txRate: 29 txSpeed: 52
03-17 18:54:57.779   903  1251 D WifiScoreCard: network update SIGNAL_POLL "Cudy-6C60" ID: 746988820 RSSI -32 txSpeed 52
03-17 18:54:57.780   903  1251 D WifiClientModeImpl[72500:wlan0]:  ClientModeImpl$L2ConnectedState screen=on 3 0 "Cudy-6C60" 80:af:ca:b5:6c:60 rssi=-32 f=2412 sc=60 link=52 tx=28.4, 0.0, 0.0 rx=22.4 bcn=0 [on:0 tx:0 rx:0 period:3017] from screen [on:0 period:285657016] score=60
03-17 18:54:57.785   903  1190 D JobScheduler.Quota: 10075 is still in grace period
03-17 18:54:57.787 10173 10197 D TimerTriggerManager: init instance...
03-17 18:54:57.787 10173 10197 D TimerTriggerManager: Timer thread'TimerTriggerManager' is destroyed: false
03-17 18:54:57.787 10173 10197 D TimerTriggerManager: Timer 'onIndcnVehSpdChanged' is running: true
03-17 18:54:57.787 10173 10197 D TimerTriggerManager: Sending reset signal to timer 'onIndcnVehSpdChanged'
03-17 18:54:57.788 10173 10197 D TimerTriggerManager: Reset signal sent to timer 'onIndcnVehSpdChanged'
03-17 18:54:57.788 10173 10204 D TimerTriggerController: Reset method called for timer: onIndcnVehSpdChanged
03-17 18:54:57.788 10173 10204 D TimerTriggerController: Calling onTimerReset for timer: onIndcnVehSpdChanged
03-17 18:54:57.788 10173 10204 D TimerTriggerManager: Timer reset: onIndcnVehSpdChanged
03-17 18:54:57.788 10173 10204 I TimerTriggerController: Timer [onIndcnVehSpdChanged] reset, remaining: 1000ms, reset count: 428
03-17 18:54:57.827   642   685 I mcuc    : rev uart=2332,len=141, data : 6AA68008BD00858B30A5B211123639A55A8709C801F503EA000001F501F503D103DA03EA01F501F500FA00F901F400FA0065A55A88000001000101110000FF00000000FF0000220000FF00000000FF00000020000033A302A902448080808080808080550A0A0A0A0A0A0A1D0D090009000066BBBBBBBBBBBBBBBBBB00770C0708090B0C88010000004F02059A
03-17 18:54:57.832   582  3616 E WifiHAL : Invalid data received from driver
03-17 18:54:57.864  2383  2600 D AdayoDoipServer294_Doip: [ne_doip_event_loop_dispatch][line:141] : count = 0
03-17 18:54:57.888 10173 10197 D TimerTriggerManager: init instance...
03-17 18:54:57.888 10173 10197 D TimerTriggerManager: Timer thread'TimerTriggerManager' is destroyed: false
03-17 18:54:57.888 10173 10197 D TimerTriggerManager: Timer 'onIndcnVehSpdChanged' is running: true
03-17 18:54:57.888 10173 10197 D TimerTriggerManager: Sending reset signal to timer 'onIndcnVehSpdChanged'
03-17 18:54:57.888 10173 10197 D TimerTriggerManager: Reset signal sent to timer 'onIndcnVehSpdChanged'
03-17 18:54:57.888 10173 10204 D TimerTriggerController: Reset method called for timer: onIndcnVehSpdChanged
03-17 18:54:57.888 10173 10204 D TimerTriggerController: Calling onTimerReset for timer: onIndcnVehSpdChanged
03-17 18:54:57.888 10173 10204 D TimerTriggerManager: Timer reset: onIndcnVehSpdChanged
03-17 18:54:57.889 10173 10204 I TimerTriggerController: Timer [onIndcnVehSpdChanged] reset, remaining: 999ms, reset count: 429
03-17 18:54:57.889 10173 10197 D TimerTriggerManager: init instance...
03-17 18:54:57.889 10173 10197 D TimerTriggerManager: Timer thread'TimerTriggerManager' is destroyed: false
03-17 18:54:57.889 10173 10197 D TimerTriggerManager: Timer 'onMntnWarnReqChanged' is running: true
03-17 18:54:57.889 10173 10197 D TimerTriggerManager: Sending reset signal to timer 'onMntnWarnReqChanged'
03-17 18:54:57.889 10173 10197 D TimerTriggerManager: Reset signal sent to timer 'onMntnWarnReqChanged'
03-17 18:54:57.889 10173 10204 D TimerTriggerController: Reset method called for timer: onMntnWarnReqChanged
03-17 18:54:57.889 10173 10204 D TimerTriggerController: Calling onTimerReset for timer: onMntnWarnReqChanged
03-17 18:54:57.889 10173 10204 D TimerTriggerManager: Timer reset: onMntnWarnReqChanged
03-17 18:54:57.890 10173 10204 I TimerTriggerController: Timer [onMntnWarnReqChanged] reset, remaining: 5000ms, reset count: 215
03-17 18:54:57.906   642   685 I mcuc    : sd Uart data : 6AA60208BE00029202A2
03-17 18:54:57.912   642   685 I mcuc    : rev uart=2333,len=24, data : 6AA68108BE00109202000400000000000000000000000011
03-17 18:54:57.912   400  1006 D adayocomadapter-ParseProtocolFunc: printRaWMsg Name[MCUToUPstream recv] len[16] data[92020004000000000000000000000000]
03-17 18:54:57.912   400  1006 D adayocomadapter-CommunicationManager: onUpstreamback   member[0] dataLength[13] timePoint[231860]
03-17 18:54:57.912   400  1006 D adayocomadapter-ParseProtocolFunc: printRaWMsg Name[onUpstreamback] len[13] data[04000000000000000000000000]
03-17 18:54:57.913   400   452 D adayocomadapter-UpstreamHandler: processBeforePacket upSreamtProcessTimePoint[231860] 
03-17 18:54:57.913   400   452 D adayocomadapter-UpstreamHandler: processPacket UPSTREAM_QUEUE_DATA_TIMEOUT
03-17 18:54:57.913   400   452 D adayocomadapter-ParseProtocolFunc: parseCommonIPCLBytes Processing tableNumber[4]
03-17 18:54:57.913   400   452 D adayocomadapter-ParseProtocolFunc: parseCommonIPCLBytes Processing tablename[Table-4] tableSize[13]
03-17 18:54:57.913   400   452 D adayocomadapter-ParseProtocolFunc: printRaWMsg Name[byteStream recv] len[13] data[04000000000000000000000000]
03-17 18:54:57.913   400   452 D adayocomadapter-ParseProtocolFunc: printRaWMsg Name[IPCLtoVHAL] len[8] data[2140200C00000000]
03-17 18:54:57.913   400   452 D adayocomadapter-ParseProtocolFunc: printRaWMsg Name[IPCLtoVHAL] len[8] data[2140200D00000000]
03-17 18:54:57.913   400   452 D adayocomadapter-ParseProtocolFunc: printRaWMsg Name[IPCLtoVHAL] len[7] data[21402233000000]
03-17 18:54:57.913   400   452 D adayocomadapter-ParseProtocolFunc: printRaWMsg Name[IPCLtoVHAL] len[10] data[2140201D000000000000]
03-17 18:54:57.913   400   452 D adayocomadapter-ParseProtocolFunc: printRaWMsg Name[IPCLtoVHAL] len[8] data[2140201E00000000]
03-17 18:54:57.913   400   452 D adayocomadapter-CommunicationManager: onUpstreamReceive isLoss 0 mPropertyId 0x2140200c
03-17 18:54:57.913   400   452 D adayocomadapter-CommunicationManager: convertBytesToInt32Memcpy  0
03-17 18:54:57.913   400   452 D vw-vhal : notifyVehicleProperty, propId = 0x2140200c, data = {status: 2, int32Values: [0]}
03-17 18:54:57.914   400   452 I DefaultVehicleHal_v2_0: DefaultVehicleHal::onPropertyValue, value:{.timestamp = 231861509359, .areaId = 0, .prop = 557850636, .status = AVAILABLE, .value = {.int32Values = [1]{0}, .floatValues = [0]{}, .int64Values = [0]{}, .bytes = [0]{}, .stringValue = ""}}
03-17 18:54:57.914   400   452 D adayocomadapter-CommunicationManager: onUpstreamReceive mPropertyId 0x2140200c
03-17 18:54:57.914   400   452 D adayocomadapter-CommunicationManager: onUpstreamReceive isLoss 0 mPropertyId 0x2140200d
03-17 18:54:57.914   400   452 D adayocomadapter-CommunicationManager: convertBytesToInt32Memcpy  0
03-17 18:54:57.914   400   452 D vw-vhal : notifyVehicleProperty, propId = 0x2140200d, data = {status: 2, int32Values: [0]}
03-17 18:54:57.914   400   452 I DefaultVehicleHal_v2_0: DefaultVehicleHal::onPropertyValue, value:{.timestamp = 231861881359, .areaId = 0, .prop = 557850637, .status = AVAILABLE, .value = {.int32Values = [1]{0}, .floatValues = [0]{}, .int64Values = [0]{}, .bytes = [0]{}, .stringValue = ""}}
03-17 18:54:57.914   400   452 D adayocomadapter-CommunicationManager: onUpstreamReceive mPropertyId 0x2140200d
03-17 18:54:57.914   400   452 D adayocomadapter-CommunicationManager: onUpstreamReceive isLoss 0 mPropertyId 0x21402233
03-17 18:54:57.914   400   452 D adayocomadapter-CommunicationManager: convertBytesToInt32Memcpy  0
03-17 18:54:57.914   400   452 D vw-vhal : notifyVehicleProperty, propId = 0x21402233, data = {status: 2, int32Values: [0]}
03-17 18:54:57.914   400   452 I DefaultVehicleHal_v2_0: DefaultVehicleHal::onPropertyValue, value:{.timestamp = 231862225359, .areaId = 0, .prop = 557851187, .status = AVAILABLE, .value = {.int32Values = [1]{0}, .floatValues = [0]{}, .int64Values = [0]{}, .bytes = [0]{}, .stringValue = ""}}
03-17 18:54:57.914   400   452 D adayocomadapter-CommunicationManager: onUpstreamReceive mPropertyId 0x21402233
03-17 18:54:57.914   400   452 D adayocomadapter-CommunicationManager: onUpstreamReceive isLoss 0 mPropertyId 0x2140201d
03-17 18:54:57.914   400   452 D adayocomadapter-CommunicationManager: convertBytesToInt32Memcpy  0
03-17 18:54:57.914   400   452 D vw-vhal : notifyVehicleProperty, propId = 0x2140201d, data = {status: 2, int32Values: [0]}
03-17 18:54:57.915   400   452 I DefaultVehicleHal_v2_0: DefaultVehicleHal::onPropertyValue, value:{.timestamp = 231862571692, .areaId = 0, .prop = 557850653, .status = AVAILABLE, .value = {.int32Values = [1]{0}, .floatValues = [0]{}, .int64Values = [0]{}, .bytes = [0]{}, .stringValue = ""}}
