03-17 18:54:55.776   580 10646 I resolv  : GetAddrInfoHandler::run: {108 786540 108 983148 1000 0}
03-17 18:54:55.776   580 10646 D resolv  : resolv_getaddrinfo: explore_fqdn(): ai_family=0 ai_socktype=1 ai_protocol=6
03-17 18:54:55.778   580 10647 D resolv  : doQuery: (1, 1)
03-17 18:54:55.778   580 10647 I resolv  : res_nmkquery: (QUERY, IN, A)
03-17 18:54:55.778   580 10647 D resolv  : res_nsend
03-17 18:54:55.778   580 10647 D resolv  : resolv_cache_lookup: lookup
03-17 18:54:55.779   580 10647 I resolv  : resolv_cache_lookup: FOUND IN CACHE entry=0xb400fa8c6d04b270
03-17 18:54:55.779   580 10647 I resolv  : doQuery: rcode=0, ancount=1, return value=58
03-17 18:54:55.781  4773  8777 D okhttp.TaskRunner: Q10020 scheduled after   0 µs: a1.w connect https://cert-uat.mosc.faw-vw.com/...
03-17 18:54:55.781  4773  8827 D okhttp.TaskRunner: Q10020 starting              : a1.w connect https://cert-uat.mosc.faw-vw.com/...
03-17 18:54:55.781  4773  8827 D TrafficStats: tagSocket(54) with statsTag=0xffffffff, statsUid=-1
03-17 18:54:55.787 10173 10197 D TimerTriggerManager: init instance...
03-17 18:54:55.787 10173 10197 D TimerTriggerManager: Timer thread'TimerTriggerManager' is destroyed: false
03-17 18:54:55.787 10173 10197 D TimerTriggerManager: Timer 'onIndcnVehSpdChanged' is running: true
03-17 18:54:55.787 10173 10197 D TimerTriggerManager: Sending reset signal to timer 'onIndcnVehSpdChanged'
03-17 18:54:55.787 10173 10197 D TimerTriggerManager: Reset signal sent to timer 'onIndcnVehSpdChanged'
03-17 18:54:55.787 10173 10204 D TimerTriggerController: Reset method called for timer: onIndcnVehSpdChanged
03-17 18:54:55.788 10173 10204 D TimerTriggerController: Calling onTimerReset for timer: onIndcnVehSpdChanged
03-17 18:54:55.788 10173 10204 D TimerTriggerManager: Timer reset: onIndcnVehSpdChanged
03-17 18:54:55.788 10173 10204 I TimerTriggerController: Timer [onIndcnVehSpdChanged] reset, remaining: 1000ms, reset count: 408
03-17 18:54:55.805   582  3616 E WifiHAL : Invalid data received from driver
03-17 18:54:55.849  4773  8827 D okhttp.TaskRunner: Q10020 finished run in  68 ms: a1.w connect https://cert-uat.mosc.faw-vw.com/...
03-17 18:54:55.858  2383  2600 D AdayoDoipServer294_Doip: [ne_doip_event_loop_dispatch][line:141] : count = 0
03-17 18:54:55.881   582  3616 E WifiHAL : Invalid data received from driver
03-17 18:54:55.887 10173 10197 D TimerTriggerManager: init instance...
03-17 18:54:55.888 10173 10197 D TimerTriggerManager: Timer thread'TimerTriggerManager' is destroyed: false
03-17 18:54:55.888 10173 10197 D TimerTriggerManager: Timer 'onIndcnVehSpdChanged' is running: true
03-17 18:54:55.888 10173 10197 D TimerTriggerManager: Sending reset signal to timer 'onIndcnVehSpdChanged'
03-17 18:54:55.888 10173 10197 D TimerTriggerManager: Reset signal sent to timer 'onIndcnVehSpdChanged'
03-17 18:54:55.888 10173 10204 D TimerTriggerController: Reset method called for timer: onIndcnVehSpdChanged
03-17 18:54:55.888 10173 10204 D TimerTriggerController: Calling onTimerReset for timer: onIndcnVehSpdChanged
03-17 18:54:55.888 10173 10204 D TimerTriggerManager: Timer reset: onIndcnVehSpdChanged
03-17 18:54:55.888 10173 10204 I TimerTriggerController: Timer [onIndcnVehSpdChanged] reset, remaining: 1000ms, reset count: 409
03-17 18:54:55.889 10173 10197 D TimerTriggerManager: init instance...
03-17 18:54:55.889 10173 10197 D TimerTriggerManager: Timer thread'TimerTriggerManager' is destroyed: false
03-17 18:54:55.889 10173 10197 D TimerTriggerManager: Timer 'onMntnWarnReqChanged' is running: true
03-17 18:54:55.889 10173 10197 D TimerTriggerManager: Sending reset signal to timer 'onMntnWarnReqChanged'
03-17 18:54:55.889 10173 10197 D TimerTriggerManager: Reset signal sent to timer 'onMntnWarnReqChanged'
03-17 18:54:55.889 10173 10204 D TimerTriggerController: Reset method called for timer: onMntnWarnReqChanged
03-17 18:54:55.889 10173 10204 D TimerTriggerController: Calling onTimerReset for timer: onMntnWarnReqChanged
03-17 18:54:55.889 10173 10204 D TimerTriggerManager: Timer reset: onMntnWarnReqChanged
03-17 18:54:55.889 10173 10204 I TimerTriggerController: Timer [onMntnWarnReqChanged] reset, remaining: 5000ms, reset count: 205
03-17 18:54:55.898   642   685 I mcuc    : sd Uart data : 6AA60208A90002800AC1
03-17 18:54:55.904   642   685 I mcuc    : rev uart=2311,len=13, data : 6AA68108A90005800A0400003B
03-17 18:54:55.904   400  1006 D adayocomadapter-ParseProtocolFunc: printRaWMsg Name[MCUToUPstream recv] len[4] data[800A0400]
03-17 18:54:55.904   400  1006 D adayocomadapter-CommunicationManager: onUpstreamback   member[8] dataLength[2] timePoint[229852]
03-17 18:54:55.904   400  1006 D adayocomadapter-ParseProtocolFunc: printRaWMsg Name[onUpstreamback] len[2] data[0400]
03-17 18:54:55.905   400   452 D adayocomadapter-UpstreamHandler: processBeforePacket upSreamtProcessTimePoint[229852] 
03-17 18:54:55.905   400   452 D adayocomadapter-ParseProtocolFunc: parseGeneralIPCLBytes Processing tablename[Table-0] tableSize[2]
03-17 18:54:55.905   400   452 D adayocomadapter-ParseProtocolFunc: printRaWMsg Name[byteStream recv] len[2] data[0400]
03-17 18:54:55.905   400   452 D adayocomadapter-ParseProtocolFunc: printRaWMsg Name[IPCLtoVHAL] len[7] data[31401002000000]
03-17 18:54:55.905   400   452 D adayocomadapter-ParseProtocolFunc: printRaWMsg Name[IPCLtoVHAL] len[7] data[31401001000004]
03-17 18:54:55.905   400   452 D adayocomadapter-CommunicationManager: onUpstreamReceive isLoss 0 mPropertyId 0x31401002
03-17 18:54:55.905   400   452 D adayocomadapter-CommunicationManager: convertBytesToInt32Memcpy  0
03-17 18:54:55.905   400   452 D vw-vhal : notifyVehicleProperty, propId = 0x31401002, data = {status: 2, int32Values: [0]}
03-17 18:54:55.905   400   452 I DefaultVehicleHal_v2_0: DefaultVehicleHal::onPropertyValue, value:{.timestamp = 229853349025, .areaId = 0, .prop = 826281986, .status = AVAILABLE, .value = {.int32Values = [1]{0}, .floatValues = [0]{}, .int64Values = [0]{}, .bytes = [0]{}, .stringValue = ""}}
03-17 18:54:55.905   400   452 D adayocomadapter-CommunicationManager: onUpstreamReceive mPropertyId 0x31401002
03-17 18:54:55.906   400   452 D adayocomadapter-CommunicationManager: onUpstreamReceive isLoss 0 mPropertyId 0x31401001
03-17 18:54:55.906   400   452 D adayocomadapter-CommunicationManager: convertBytesToInt32Memcpy  4
03-17 18:54:55.906   400   452 D vw-vhal : notifyVehicleProperty, propId = 0x31401001, data = {status: 2, int32Values: [4]}
03-17 18:54:55.906   400   452 I DefaultVehicleHal_v2_0: DefaultVehicleHal::onPropertyValue, value:{.timestamp = 229853752025, .areaId = 0, .prop = 826281985, .status = AVAILABLE, .value = {.int32Values = [1]{4}, .floatValues = [0]{}, .int64Values = [0]{}, .bytes = [0]{}, .stringValue = ""}}
03-17 18:54:55.906   400   452 D adayocomadapter-CommunicationManager: onUpstreamReceive mPropertyId 0x31401001
03-17 18:54:55.910   714   714 E sdlogd  : sdlog: 
03-17 18:54:55.910   714   714 E sdlogd  : stat error: No such file or directory, path: /la_log/vendor/fawvw/log/android/sdlog/sdlog/runtime/ap1_kernel.log
03-17 18:54:55.915   714   714 E sdlogd  : sdlog: 
03-17 18:54:55.915   714   714 E sdlogd  : stat error: No such file or directory, path: /la_log/vendor/fawvw/log/android/sdlog/sdlog/runtime/ap2_kernel.log
03-17 18:54:55.940   642   685 I mcuc    : sd Uart data : 6AA60208AA00029202B6
03-17 18:54:55.945   642   685 I mcuc    : rev uart=2312,len=15, data : 6AA68108AA00079202000B00000126
03-17 18:54:55.945   642   685 I mcuc    : sd Uart data : 6AA60208AB00029202B5
03-17 18:54:55.946   400  1006 D adayocomadapter-ParseProtocolFunc: printRaWMsg Name[MCUToUPstream recv] len[7] data[9202000B000001]
03-17 18:54:55.946   400  1006 D adayocomadapter-CommunicationManager: onUpstreamback   member[0] dataLength[4] timePoint[229893]
03-17 18:54:55.946   400  1006 D adayocomadapter-ParseProtocolFunc: printRaWMsg Name[onUpstreamback] len[4] data[0B000001]
03-17 18:54:55.946   400   452 D adayocomadapter-UpstreamHandler: processBeforePacket upSreamtProcessTimePoint[229893] 
03-17 18:54:55.946   400   452 D adayocomadapter-UpstreamHandler: processPacket UPSTREAM_QUEUE_DATA_TIMEOUT
03-17 18:54:55.946   400   452 D adayocomadapter-ParseProtocolFunc: parseCommonIPCLBytes Processing tableNumber[11]
03-17 18:54:55.946   400   452 D adayocomadapter-ParseProtocolFunc: parseCommonIPCLBytes Processing tablename[Table-11] tableSize[4]
03-17 18:54:55.946   400   452 D adayocomadapter-ParseProtocolFunc: printRaWMsg Name[byteStream recv] len[4] data[0B000001]
03-17 18:54:55.946   400   452 D adayocomadapter-ParseProtocolFunc: printRaWMsg Name[IPCLtoVHAL] len[8] data[2140200B00010000]
03-17 18:54:55.946   400   452 D adayocomadapter-CommunicationManager: onUpstreamReceive isLoss 1 mPropertyId 0x2140200b
03-17 18:54:55.946   400   452 D adayocomadapter-CommunicationManager: convertBytesToInt32Memcpy  0
03-17 18:54:55.946   400   452 D vw-vhal : notifyVehicleProperty, propId = 0x2140200b, data = {status: 3, int32Values: [0]}
03-17 18:54:55.947   400   452 I DefaultVehicleHal_v2_0: DefaultVehicleHal::onPropertyValue, value:{.timestamp = 229894509692, .areaId = 0, .prop = 557850635, .status = UNAVAILABLE, .value = {.int32Values = [1]{0}, .floatValues = [0]{}, .int64Values = [0]{}, .bytes = [0]{}, .stringValue = ""}}
03-17 18:54:55.947   400   452 D adayocomadapter-CommunicationManager: onUpstreamReceive mPropertyId 0x2140200b
03-17 18:54:55.951  4773  8777 E [PKIAgent:PKIClient]: pki server response, sent to pki server exception
03-17 18:54:55.951  4773  8777 E [PKIAgent:PKIClient]: java.security.cert.CertPathValidatorException: Trust anchor for certification path not found.
03-17 18:54:55.951  4773  8829 D SecurelogManager: packet_and_send_secure_log 
03-17 18:54:55.951   642   685 I mcuc    : rev uart=2313,len=20, data : 6AA68108AB000C9202000F00000000000000011C
03-17 18:54:55.951  4773  8829 I SecurelogManager: Current process UID: 1000
03-17 18:54:55.951   400  1006 D adayocomadapter-ParseProtocolFunc: printRaWMsg Name[MCUToUPstream recv] len[12] data[9202000F0000000000000001]
03-17 18:54:55.951   400  1006 D adayocomadapter-CommunicationManager: onUpstreamback   member[0] dataLength[9] timePoint[229899]
03-17 18:54:55.951  4773  8777 I [PKIAgent:PKIClient]: communicate with pki server failed, retry times: 20
03-17 18:54:55.951   400  1006 D adayocomadapter-ParseProtocolFunc: printRaWMsg Name[onUpstreamback] len[9] data[0F0000000000000001]
03-17 18:54:55.952   400   452 D adayocomadapter-UpstreamHandler: processBeforePacket upSreamtProcessTimePoint[229899] 
03-17 18:54:55.952   400   452 D adayocomadapter-UpstreamHandler: processPacket UPSTREAM_QUEUE_DATA_TIMEOUT
03-17 18:54:55.952   400   452 D adayocomadapter-ParseProtocolFunc: parseCommonIPCLBytes Processing tableNumber[15]
03-17 18:54:55.952   400   452 D adayocomadapter-ParseProtocolFunc: parseCommonIPCLBytes Processing tablename[Table-15] tableSize[9]
03-17 18:54:55.952  1603 10602 E ADAYO_LOG_: sendLog(LogServiceImpl.java:4)sendLog
03-17 18:54:55.952   400   452 D adayocomadapter-ParseProtocolFunc: printRaWMsg Name[byteStream recv] len[9] data[0F0000000000000001]
03-17 18:54:55.952   400   452 D adayocomadapter-ParseProtocolFunc: printRaWMsg Name[IPCLtoVHAL] len[7] data[214020F3000100]
03-17 18:54:55.952   400   452 D adayocomadapter-ParseProtocolFunc: printRaWMsg Name[IPCLtoVHAL] len[7] data[214020F4000100]
03-17 18:54:55.952   400   452 D adayocomadapter-ParseProtocolFunc: printRaWMsg Name[IPCLtoVHAL] len[7] data[214020F5000100]
03-17 18:54:55.952   400   452 D adayocomadapter-ParseProtocolFunc: printRaWMsg Name[IPCLtoVHAL] len[7] data[214020F6000100]
03-17 18:54:55.952   400   452 D adayocomadapter-ParseProtocolFunc: printRaWMsg Name[IPCLtoVHAL] len[7] data[214020F7000100]
03-17 18:54:55.952   400   452 D adayocomadapter-ParseProtocolFunc: printRaWMsg Name[IPCLtoVHAL] len[7] data[214020F8000100]
03-17 18:54:55.952   400   452 D adayocomadapter-ParseProtocolFunc: printRaWMsg Name[IPCLtoVHAL] len[7] data[214020F9000100]
03-17 18:54:55.952  1603 10602 E ADAYO_LOG_: sendLog(LogServiceImpl.java:16)writeIdsFile event_type： TLS_ERROR_EVENT
03-17 18:54:55.952   400   452 D adayocomadapter-CommunicationManager: onUpstreamReceive isLoss 1 mPropertyId 0x214020f3
03-17 18:54:55.952   400   452 D adayocomadapter-CommunicationManager: convertBytesToInt32Memcpy  0
03-17 18:54:55.953   400   452 D vw-vhal : notifyVehicleProperty, propId = 0x214020f3, data = {status: 3, int32Values: [0]}
03-17 18:54:55.953   400   452 I DefaultVehicleHal_v2_0: DefaultVehicleHal::onPropertyValue, value:{.timestamp = 229900676692, .areaId = 0, .prop = 557850867, .status = UNAVAILABLE, .value = {.int32Values = [1]{0}, .floatValues = [0]{}, .int64Values = [0]{}, .bytes = [0]{}, .stringValue = ""}}
03-17 18:54:55.953   400   452 D adayocomadapter-CommunicationManager: onUpstreamReceive mPropertyId 0x214020f3
03-17 18:54:55.953   400   452 D adayocomadapter-CommunicationManager: onUpstreamReceive isLoss 1 mPropertyId 0x214020f4
03-17 18:54:55.953   400   452 D adayocomadapter-CommunicationManager: convertBytesToInt32Memcpy  0
03-17 18:54:55.953   400   452 D vw-vhal : notifyVehicleProperty, propId = 0x214020f4, data = {status: 3, int32Values: [0]}
03-17 18:54:55.953   400   452 I DefaultVehicleHal_v2_0: DefaultVehicleHal::onPropertyValue, value:{.timestamp = 229901100692, .areaId = 0, .prop = 557850868, .status = UNAVAILABLE, .value = {.int32Values = [1]{0}, .floatValues = [0]{}, .int64Values = [0]{}, .bytes = [0]{}, .stringValue = ""}}
03-17 18:54:55.953   400   452 D adayocomadapter-CommunicationManager: onUpstreamReceive mPropertyId 0x214020f4
03-17 18:54:55.953   400   452 D adayocomadapter-CommunicationManager: onUpstreamReceive isLoss 1 mPropertyId 0x214020f5
03-17 18:54:55.953   400   452 D adayocomadapter-CommunicationManager: convertBytesToInt32Memcpy  0
03-17 18:54:55.953   400   452 D vw-vhal : notifyVehicleProperty, propId = 0x214020f5, data = {status: 3, int32Values: [0]}
03-17 18:54:55.953   400   452 I DefaultVehicleHal_v2_0: DefaultVehicleHal::onPropertyValue, value:{.timestamp = 229901479025, .areaId = 0, .prop = 557850869, .status = UNAVAILABLE, .value = {.int32Values = [1]{0}, .floatValues = [0]{}, .int64Values = [0]{}, .bytes = [0]{}, .stringValue = ""}}
03-17 18:54:55.954   400   452 D adayocomadapter-CommunicationManager: onUpstreamReceive mPropertyId 0x214020f5
03-17 18:54:55.954   400   452 D adayocomadapter-CommunicationManager: onUpstreamReceive isLoss 1 mPropertyId 0x214020f6
03-17 18:54:55.954  4773  8829 D [PKIAgent][SecurityLog]: securityLog event:18 result:3 detail:tls failed: java.security.cert.CertPathValidatorException: Trust anchor for certification path not found.
03-17 18:54:55.954   400   452 D adayocomadapter-CommunicationManager: convertBytesToInt32Memcpy  0
03-17 18:54:55.954   400   452 D vw-vhal : notifyVehicleProperty, propId = 0x214020f6, data = {status: 3, int32Values: [0]}
03-17 18:54:55.954   400   452 I DefaultVehicleHal_v2_0: DefaultVehicleHal::onPropertyValue, value:{.timestamp = 229901849359, .areaId = 0, .prop = 557850870, .status = UNAVAILABLE, .value = {.int32Values = [1]{0}, .floatValues = [0]{}, .int64Values = [0]{}, .bytes = [0]{}, .stringValue = ""}}
03-17 18:54:55.954   400   452 D adayocomadapter-CommunicationManager: onUpstreamReceive mPropertyId 0x214020f6
03-17 18:54:55.954   400   452 D adayocomadapter-CommunicationManager: onUpstreamReceive isLoss 1 mPropertyId 0x214020f7
03-17 18:54:55.954   400   452 D adayocomadapter-CommunicationManager: convertBytesToInt32Memcpy  0
03-17 18:54:55.954   400   452 D vw-vhal : notifyVehicleProperty, propId = 0x214020f7, data = {status: 3, int32Values: [0]}
03-17 18:54:55.954   400   452 I DefaultVehicleHal_v2_0: DefaultVehicleHal::onPropertyValue, value:{.timestamp = 229902239692, .areaId = 0, .prop = 557850871, .status = UNAVAILABLE, .value = {.int32Values = [1]{0}, .floatValues = [0]{}, .int64Values = [0]{}, .bytes = [0]{}, .stringValue = ""}}
03-17 18:54:55.954   400   452 D adayocomadapter-CommunicationManager: onUpstreamReceive mPropertyId 0x214020f7
03-17 18:54:55.954   400   452 D adayocomadapter-CommunicationManager: onUpstreamReceive isLoss 1 mPropertyId 0x214020f8
03-17 18:54:55.954   400   452 D adayocomadapter-CommunicationManager: convertBytesToInt32Memcpy  0
03-17 18:54:55.954   400   452 D vw-vhal : notifyVehicleProperty, propId = 0x214020f8, data = {status: 3, int32Values: [0]}
03-17 18:54:55.955   400   452 I DefaultVehicleHal_v2_0: DefaultVehicleHal::onPropertyValue, value:{.timestamp = 229902587359, .areaId = 0, .prop = 557850872, .status = UNAVAILABLE, .value = {.int32Values = [1]{0}, .floatValues = [0]{}, .int64Values = [0]{}, .bytes = [0]{}, .stringValue = ""}}
03-17 18:54:55.955   400   452 D adayocomadapter-CommunicationManager: onUpstreamReceive mPropertyId 0x214020f8
03-17 18:54:55.955   400   452 D adayocomadapter-CommunicationManager: onUpstreamReceive isLoss 1 mPropertyId 0x214020f9
03-17 18:54:55.955   400   452 D adayocomadapter-CommunicationManager: convertBytesToInt32Memcpy  0
03-17 18:54:55.955   400   452 D vw-vhal : notifyVehicleProperty, propId = 0x214020f9, data = {status: 3, int32Values: [0]}
03-17 18:54:55.955   400   452 I DefaultVehicleHal_v2_0: DefaultVehicleHal::onPropertyValue, value:{.timestamp = 229902953359, .areaId = 0, .prop = 557850873, .status = UNAVAILABLE, .value = {.int32Values = [1]{0}, .floatValues = [0]{}, .int64Values = [0]{}, .bytes = [0]{}, .stringValue = ""}}
03-17 18:54:55.955   400   452 D adayocomadapter-CommunicationManager: onUpstreamReceive mPropertyId 0x214020f9
03-17 18:54:55.958  2383  2600 D AdayoDoipServer294_Doip: [ne_doip_event_loop_dispatch][line:141] : count = 0
03-17 18:54:55.969   582  3616 E WifiHAL : Invalid data received from driver
03-17 18:54:55.988 10173 10197 D TimerTriggerManager: init instance...
03-17 18:54:55.988 10173 10197 D TimerTriggerManager: Timer thread'TimerTriggerManager' is destroyed: false
03-17 18:54:55.988 10173 10197 D TimerTriggerManager: Timer 'onIndcnVehSpdChanged' is running: true
03-17 18:54:55.988 10173 10197 D TimerTriggerManager: Sending reset signal to timer 'onIndcnVehSpdChanged'
03-17 18:54:55.988 10173 10197 D TimerTriggerManager: Reset signal sent to timer 'onIndcnVehSpdChanged'
03-17 18:54:55.988 10173 10204 D TimerTriggerController: Reset method called for timer: onIndcnVehSpdChanged
03-17 18:54:55.988 10173 10204 D TimerTriggerController: Calling onTimerReset for timer: onIndcnVehSpdChanged
03-17 18:54:55.988 10173 10204 D TimerTriggerManager: Timer reset: onIndcnVehSpdChanged
03-17 18:54:55.989 10173 10204 I TimerTriggerController: Timer [onIndcnVehSpdChanged] reset, remaining: 999ms, reset count: 410
03-17 18:54:56.031  1566  3186 D TboxNetworkManager: tboxNetworkbinder=null
03-17 18:54:56.045   903  1190 D JobScheduler.Quota: 10003 is now out of grace period
03-17 18:54:56.046   903  1190 E JobScheduler.Quota: maybeScheduleStartAlarmLocked called for <0>com.android.providers.downloads even though it already has 600000ms in its quota.
03-17 18:54:56.046   903  1190 D JobScheduler.Quota: Checking pkg <0>com.android.providers.downloads
03-17 18:54:56.050   582  3616 E WifiHAL : Invalid data received from driver
03-17 18:54:56.058  2383  2600 D AdayoDoipServer294_Doip: [ne_doip_event_loop_dispatch][line:141] : count = 0
03-17 18:54:56.087 10173 10197 D TimerTriggerManager: init instance...
03-17 18:54:56.087 10173 10197 D TimerTriggerManager: Timer thread'TimerTriggerManager' is destroyed: false
03-17 18:54:56.087 10173 10197 D TimerTriggerManager: Timer 'onMntnWarnReqChanged' is running: true
03-17 18:54:56.087 10173 10197 D TimerTriggerManager: Sending reset signal to timer 'onMntnWarnReqChanged'
03-17 18:54:56.087 10173 10197 D TimerTriggerManager: Reset signal sent to timer 'onMntnWarnReqChanged'
03-17 18:54:56.087 10173 10204 D TimerTriggerController: Reset method called for timer: onMntnWarnReqChanged
03-17 18:54:56.087 10173 10204 D TimerTriggerController: Calling onTimerReset for timer: onMntnWarnReqChanged
03-17 18:54:56.088 10173 10204 D TimerTriggerManager: Timer reset: onMntnWarnReqChanged
03-17 18:54:56.088 10173 10204 I TimerTriggerController: Timer [onMntnWarnReqChanged] reset, remaining: 4999ms, reset count: 206
03-17 18:54:56.088 10173 10197 D TimerTriggerManager: init instance...
03-17 18:54:56.088 10173 10197 D TimerTriggerManager: Timer thread'TimerTriggerManager' is destroyed: false
03-17 18:54:56.088 10173 10197 D TimerTriggerManager: Timer 'onIndcnVehSpdChanged' is running: true
03-17 18:54:56.088 10173 10197 D TimerTriggerManager: Sending reset signal to timer 'onIndcnVehSpdChanged'
03-17 18:54:56.088 10173 10197 D TimerTriggerManager: Reset signal sent to timer 'onIndcnVehSpdChanged'
03-17 18:54:56.089 10173 10204 D TimerTriggerController: Reset method called for timer: onIndcnVehSpdChanged
03-17 18:54:56.089 10173 10204 D TimerTriggerController: Calling onTimerReset for timer: onIndcnVehSpdChanged
03-17 18:54:56.089 10173 10204 D TimerTriggerManager: Timer reset: onIndcnVehSpdChanged
03-17 18:54:56.089 10173 10204 I TimerTriggerController: Timer [onIndcnVehSpdChanged] reset, remaining: 1000ms, reset count: 411
03-17 18:54:56.112   582  3616 E WifiHAL : Invalid data received from driver
03-17 18:54:56.159  2383  2600 D AdayoDoipServer294_Doip: [ne_doip_event_loop_dispatch][line:141] : count = 0
03-17 18:54:56.182  1566  2651 D TboxNetworkManager: tboxNetworkbinder=null
03-17 18:54:56.186   582  3616 E WifiHAL : Invalid data received from driver
03-17 18:54:56.187 10173 10197 D TimerTriggerManager: init instance...
03-17 18:54:56.188 10173 10197 D TimerTriggerManager: Timer thread'TimerTriggerManager' is destroyed: false
03-17 18:54:56.188 10173 10197 D TimerTriggerManager: Timer 'onIndcnVehSpdChanged' is running: true
03-17 18:54:56.188 10173 10197 D TimerTriggerManager: Sending reset signal to timer 'onIndcnVehSpdChanged'
03-17 18:54:56.188 10173 10197 D TimerTriggerManager: Reset signal sent to timer 'onIndcnVehSpdChanged'
03-17 18:54:56.188 10173 10204 D TimerTriggerController: Reset method called for timer: onIndcnVehSpdChanged
03-17 18:54:56.188 10173 10204 D TimerTriggerController: Calling onTimerReset for timer: onIndcnVehSpdChanged
03-17 18:54:56.188 10173 10204 D TimerTriggerManager: Timer reset: onIndcnVehSpdChanged
03-17 18:54:56.189 10173 10204 I TimerTriggerController: Timer [onIndcnVehSpdChanged] reset, remaining: 1000ms, reset count: 412
03-17 18:54:56.213   903  1190 D JobScheduler.Quota: 10077 is still allowed
03-17 18:54:56.255   582  3616 E WifiHAL : Invalid data received from driver
03-17 18:54:56.256   642   685 I mcuc    : sd Uart data : 6AA60208AC00029202B4
03-17 18:54:56.259  2383  2600 D AdayoDoipServer294_Doip: [ne_doip_event_loop_dispatch][line:141] : count = 0
03-17 18:54:56.262   642   685 I mcuc    : rev uart=2314,len=16, data : 6AA68108AC0008920200090000000125
03-17 18:54:56.262   400  1006 D adayocomadapter-ParseProtocolFunc: printRaWMsg Name[MCUToUPstream recv] len[8] data[9202000900000001]
03-17 18:54:56.262   400  1006 D adayocomadapter-CommunicationManager: onUpstreamback   member[0] dataLength[5] timePoint[230210]
03-17 18:54:56.262   400  1006 D adayocomadapter-ParseProtocolFunc: printRaWMsg Name[onUpstreamback] len[5] data[0900000001]
03-17 18:54:56.262   400   452 D adayocomadapter-UpstreamHandler: processBeforePacket upSreamtProcessTimePoint[230210] 
03-17 18:54:56.262   400   452 D adayocomadapter-UpstreamHandler: processPacket UPSTREAM_QUEUE_DATA_TIMEOUT
03-17 18:54:56.262   400   452 D adayocomadapter-ParseProtocolFunc: parseCommonIPCLBytes Processing tableNumber[9]
03-17 18:54:56.263   400   452 D adayocomadapter-ParseProtocolFunc: parseCommonIPCLBytes Processing tablename[Table-9] tableSize[5]
03-17 18:54:56.263   400   452 D adayocomadapter-ParseProtocolFunc: printRaWMsg Name[byteStream recv] len[5] data[0900000001]
03-17 18:54:56.263   400   452 D adayocomadapter-ParseProtocolFunc: printRaWMsg Name[IPCLtoVHAL] len[7] data[21402060000100]
03-17 18:54:56.263   400   452 D adayocomadapter-ParseProtocolFunc: printRaWMsg Name[IPCLtoVHAL] len[7] data[2140218D000100]
03-17 18:54:56.263   400   452 D adayocomadapter-ParseProtocolFunc: printRaWMsg Name[IPCLtoVHAL] len[7] data[21402255000100]
03-17 18:54:56.263   400   452 D adayocomadapter-CommunicationManager: onUpstreamReceive isLoss 1 mPropertyId 0x21402060
03-17 18:54:56.263   400   452 D adayocomadapter-CommunicationManager: convertBytesToInt32Memcpy  0
03-17 18:54:56.263   400   452 D vw-vhal : notifyVehicleProperty, propId = 0x21402060, data = {status: 3, int32Values: [0]}
03-17 18:54:56.263   400   452 I DefaultVehicleHal_v2_0: DefaultVehicleHal::onPropertyValue, value:{.timestamp = 230211100359, .areaId = 0, .prop = 557850720, .status = UNAVAILABLE, .value = {.int32Values = [1]{0}, .floatValues = [0]{}, .int64Values = [0]{}, .bytes = [0]{}, .stringValue = ""}}
03-17 18:54:56.263   400   452 D adayocomadapter-CommunicationManager: onUpstreamReceive mPropertyId 0x21402060
03-17 18:54:56.263   400   452 D adayocomadapter-CommunicationManager: onUpstreamReceive isLoss 1 mPropertyId 0x2140218d
03-17 18:54:56.263   400   452 D adayocomadapter-CommunicationManager: convertBytesToInt32Memcpy  0
03-17 18:54:56.263   400   452 D vw-vhal : notifyVehicleProperty, propId = 0x2140218d, data = {status: 3, int32Values: [0]}
03-17 18:54:56.264   400   452 I DefaultVehicleHal_v2_0: DefaultVehicleHal::onPropertyValue, value:{.timestamp = 230211495025, .areaId = 0, .prop = 557851021, .status = UNAVAILABLE, .value = {.int32Values = [1]{0}, .floatValues = [0]{}, .int64Values = [0]{}, .bytes = [0]{}, .stringValue = ""}}
03-17 18:54:56.264   400   452 D adayocomadapter-CommunicationManager: onUpstreamReceive mPropertyId 0x2140218d
03-17 18:54:56.264   400   452 D adayocomadapter-CommunicationManager: onUpstreamReceive isLoss 1 mPropertyId 0x21402255
03-17 18:54:56.264   400   452 D adayocomadapter-CommunicationManager: convertBytesToInt32Memcpy  0
03-17 18:54:56.264   400   452 D vw-vhal : notifyVehicleProperty, propId = 0x21402255, data = {status: 3, int32Values: [0]}
03-17 18:54:56.264   400   452 I DefaultVehicleHal_v2_0: DefaultVehicleHal::onPropertyValue, value:{.timestamp = 230211858692, .areaId = 0, .prop = 557851221, .status = UNAVAILABLE, .value = {.int32Values = [1]{0}, .floatValues = [0]{}, .int64Values = [0]{}, .bytes = [0]{}, .stringValue = ""}}
03-17 18:54:56.264   400   452 D adayocomadapter-CommunicationManager: onUpstreamReceive mPropertyId 0x21402255
03-17 18:54:56.269   582  3616 E WifiHAL : Invalid data received from driver
03-17 18:54:56.270   582  3616 E WifiHAL : Invalid data received from driver
03-17 18:54:56.270   582  3616 E WifiHAL : Invalid data received from driver
03-17 18:54:56.270   582  3616 E WifiHAL : Invalid data received from driver
03-17 18:54:56.270   582  3616 E WifiHAL : Invalid data received from driver
03-17 18:54:56.270   582  3616 E WifiHAL : Invalid data received from driver
03-17 18:54:56.270   582  3616 E WifiHAL : Invalid data received from driver
03-17 18:54:56.288 10173 10197 D TimerTriggerManager: init instance...
03-17 18:54:56.288 10173 10197 D TimerTriggerManager: Timer thread'TimerTriggerManager' is destroyed: false
03-17 18:54:56.288 10173 10197 D TimerTriggerManager: Timer 'onIndcnVehSpdChanged' is running: true
03-17 18:54:56.288 10173 10197 D TimerTriggerManager: Sending reset signal to timer 'onIndcnVehSpdChanged'
03-17 18:54:56.289 10173 10197 D TimerTriggerManager: Reset signal sent to timer 'onIndcnVehSpdChanged'
03-17 18:54:56.289 10173 10204 D TimerTriggerController: Reset method called for timer: onIndcnVehSpdChanged
03-17 18:54:56.289 10173 10197 D TimerTriggerManager: init instance...
03-17 18:54:56.289 10173 10204 D TimerTriggerController: Calling onTimerReset for timer: onIndcnVehSpdChanged
03-17 18:54:56.289 10173 10204 D TimerTriggerManager: Timer reset: onIndcnVehSpdChanged
03-17 18:54:56.290 10173 10197 D TimerTriggerManager: Timer thread'TimerTriggerManager' is destroyed: false
03-17 18:54:56.290 10173 10204 I TimerTriggerController: Timer [onIndcnVehSpdChanged] reset, remaining: 999ms, reset count: 413
03-17 18:54:56.290 10173 10197 D TimerTriggerManager: Timer 'onMntnWarnReqChanged' is running: true
03-17 18:54:56.290 10173 10197 D TimerTriggerManager: Sending reset signal to timer 'onMntnWarnReqChanged'
03-17 18:54:56.290 10173 10197 D TimerTriggerManager: Reset signal sent to timer 'onMntnWarnReqChanged'
03-17 18:54:56.290 10173 10204 D TimerTriggerController: Reset method called for timer: onMntnWarnReqChanged
03-17 18:54:56.290 10173 10204 D TimerTriggerController: Calling onTimerReset for timer: onMntnWarnReqChanged
03-17 18:54:56.290 10173 10204 D TimerTriggerManager: Timer reset: onMntnWarnReqChanged
03-17 18:54:56.291 10173 10204 I TimerTriggerController: Timer [onMntnWarnReqChanged] reset, remaining: 4999ms, reset count: 207
03-17 18:54:56.306   642   685 I mcuc    : sd Uart data : 6AA60208AD00029202B3
03-17 18:54:56.312   642   685 I mcuc    : rev uart=2315,len=18, data : 6AA68108AD000A92020201F18942353038D0
03-17 18:54:56.312   400  1006 D adayocomadapter-ParseProtocolFunc: printRaWMsg Name[MCUToUPstream recv] len[10] data[92020201F18942353038]
03-17 18:54:56.312   400  1006 D adayocomadapter-CommunicationManager: onUpstreamback   member[2] dataLength[7] timePoint[230260]
03-17 18:54:56.312   400  1006 D adayocomadapter-ParseProtocolFunc: printRaWMsg Name[onUpstreamback] len[7] data[01F18942353038]
03-17 18:54:56.312   400   452 D adayocomadapter-UpstreamHandler: processBeforePacket upSreamtProcessTimePoint[230260] 
03-17 18:54:56.312   400   452 D adayocomadapter-ParseProtocolFunc: parseGeneralIPCLBytes Processing tablename[Table-1] tableSize[6]
03-17 18:54:56.312   400   452 D adayocomadapter-ParseProtocolFunc: printRaWMsg Name[byteStream recv] len[7] data[01F18942353038]
03-17 18:54:56.313   400   452 D adayocomadapter-ParseProtocolFunc: printRaWMsg Name[IPCLtoVHAL] len[12] data[214140010100F18942353038]
03-17 18:54:56.313   400   452 D adayocomadapter-CommunicationManager: onUpstreamReceive isLoss 0 mPropertyId 0x21414001
03-17 18:54:56.313   400   452 D vw-vhal : notifyVehicleProperty, propId = 0x21414001, data = {status: 2, int32Values: [241, 137, 66, 53, 48, 56]}
03-17 18:54:56.313   400   452 I vw-vhal : CanSignalsAdapter::notifyDiagProperty: propId = 0x21414001, data = {status: 2, int32Values: [241, 137, 66, 53, 48, 56]}
03-17 18:54:56.313   400   452 I DefaultVehicleHal_v2_0: DefaultVehicleHal::onPropertyValue, value:{.timestamp = 230260909692, .areaId = 0, .prop = 557924353, .status = AVAILABLE, .value = {.int32Values = [6]{241, 137, 66, 53, 48, 56}, .floatValues = [0]{}, .int64Values = [0]{}, .bytes = [0]{}, .stringValue = ""}}
03-17 18:54:56.313   400   452 D adayocomadapter-CommunicationManager: onUpstreamReceive mPropertyId 0x21414001
03-17 18:54:56.323   582  3616 E WifiHAL : Invalid data received from driver
03-17 18:54:56.351  2106  2460 D CAR.DIAGNOSTIC: Entry - Type: 0x01, ServiceId: 0x2071, InstanceId: 0x0001, MajorVersion: 0x01FFFFFF, TTL: 0
03-17 18:54:56.351  2106  2458 D CAR.DIAGNOSTIC: Entry - Type: 0x01, ServiceId: 0x2071, InstanceId: 0x0001, MajorVersion: 0x01FFFFFF, TTL: 0
03-17 18:54:56.352  2106  2450 D CAR.DIAGNOSTIC: Entry - Type: 0x01, ServiceId: 0x2071, InstanceId: 0x0001, MajorVersion: 0x01FFFFFF, TTL: 0
03-17 18:54:56.352  2106  2458 D CAR.DIAGNOSTIC: Entry - Type: 0x01, ServiceId: 0x4001, InstanceId: 0x0001, MajorVersion: 0x01FFFFFF, TTL: 0
03-17 18:54:56.352  2106  2450 D CAR.DIAGNOSTIC: Entry - Type: 0x01, ServiceId: 0x4001, InstanceId: 0x0001, MajorVersion: 0x01FFFFFF, TTL: 0
03-17 18:54:56.352  2106  2460 D CAR.DIAGNOSTIC: Entry - Type: 0x01, ServiceId: 0x4001, InstanceId: 0x0001, MajorVersion: 0x01FFFFFF, TTL: 0
03-17 18:54:56.359  2383  2600 D AdayoDoipServer294_Doip: [ne_doip_event_loop_dispatch][line:141] : count = 0
03-17 18:54:56.384   582  3616 E WifiHAL : Invalid data received from driver
03-17 18:54:56.387 10173 10197 D TimerTriggerManager: init instance...
03-17 18:54:56.387 10173 10197 D TimerTriggerManager: Timer thread'TimerTriggerManager' is destroyed: false
03-17 18:54:56.388 10173 10197 D TimerTriggerManager: Timer 'onIndcnVehSpdChanged' is running: true
03-17 18:54:56.388 10173 10197 D TimerTriggerManager: Sending reset signal to timer 'onIndcnVehSpdChanged'
03-17 18:54:56.388 10173 10197 D TimerTriggerManager: Reset signal sent to timer 'onIndcnVehSpdChanged'
03-17 18:54:56.388 10173 10204 D TimerTriggerController: Reset method called for timer: onIndcnVehSpdChanged
03-17 18:54:56.388 10173 10204 D TimerTriggerController: Calling onTimerReset for timer: onIndcnVehSpdChanged
03-17 18:54:56.388 10173 10204 D TimerTriggerManager: Timer reset: onIndcnVehSpdChanged
03-17 18:54:56.388 10173 10204 I TimerTriggerController: Timer [onIndcnVehSpdChanged] reset, remaining: 1000ms, reset count: 414
03-17 18:54:56.449   644   644 E fgesysctrl_hidl_hal_test1: fgesysctrl_get_signal status *value=0
03-17 18:54:56.450   649   759 D EvsApp  : CameraFgeSysctrl::fgesysctrl_get_signal_status() end ret = 1
03-17 18:54:56.450  1646  7010 I evsservice20200311: function = notifyAppDeviceValue :ADAYO_AVM_CAMERA_SIGNAL_STATE,1---
03-17 18:54:56.454  1646  1985 E EvsServiceManager: EvsServiceManager$1->notifyDeviceValue()42:notifyDeviceValue key：ADAYO_AVM_CAMERA_SIGNAL_STATEvalue1     ---253:Thread-214
03-17 18:54:56.459  2383  2600 D AdayoDoipServer294_Doip: [ne_doip_event_loop_dispatch][line:141] : count = 0
03-17 18:54:56.472   582  3616 E WifiHAL : Invalid data received from driver
03-17 18:54:56.493 10173 10197 D TimerTriggerManager: init instance...
03-17 18:54:56.493 10173 10197 D TimerTriggerManager: Timer thread'TimerTriggerManager' is destroyed: false
03-17 18:54:56.493 10173 10197 D TimerTriggerManager: Timer 'onIndcnVehSpdChanged' is running: true
03-17 18:54:56.493 10173 10197 D TimerTriggerManager: Sending reset signal to timer 'onIndcnVehSpdChanged'
03-17 18:54:56.493 10173 10197 D TimerTriggerManager: Reset signal sent to timer 'onIndcnVehSpdChanged'
03-17 18:54:56.493 10173 10204 D TimerTriggerController: Reset method called for timer: onIndcnVehSpdChanged
03-17 18:54:56.493 10173 10204 D TimerTriggerController: Calling onTimerReset for timer: onIndcnVehSpdChanged
03-17 18:54:56.494 10173 10204 D TimerTriggerManager: Timer reset: onIndcnVehSpdChanged
03-17 18:54:56.494 10173 10197 D TimerTriggerManager: init instance...
03-17 18:54:56.494 10173 10197 D TimerTriggerManager: Timer thread'TimerTriggerManager' is destroyed: false
03-17 18:54:56.494 10173 10197 D TimerTriggerManager: Timer 'onMntnWarnReqChanged' is running: true
03-17 18:54:56.494 10173 10197 D TimerTriggerManager: Sending reset signal to timer 'onMntnWarnReqChanged'
03-17 18:54:56.494 10173 10197 D TimerTriggerManager: Reset signal sent to timer 'onMntnWarnReqChanged'
03-17 18:54:56.494 10173 10204 I TimerTriggerController: Timer [onIndcnVehSpdChanged] reset, remaining: 999ms, reset count: 415
03-17 18:54:56.495 10173 10204 D TimerTriggerController: Reset method called for timer: onMntnWarnReqChanged
03-17 18:54:56.495 10173 10204 D TimerTriggerController: Calling onTimerReset for timer: onMntnWarnReqChanged
03-17 18:54:56.495 10173 10204 D TimerTriggerManager: Timer reset: onMntnWarnReqChanged
03-17 18:54:56.495 10173 10204 I TimerTriggerController: Timer [onMntnWarnReqChanged] reset, remaining: 5000ms, reset count: 208
03-17 18:54:56.499   642   685 I mcuc    : sd Uart data : 6AA60208AE00029202B2
03-17 18:54:56.505   642   685 I mcuc    : rev uart=2316,len=19, data : 6AA68108AE000B920200070000000000000122
03-17 18:54:56.505   400  1006 D adayocomadapter-ParseProtocolFunc: printRaWMsg Name[MCUToUPstream recv] len[11] data[9202000700000000000001]
03-17 18:54:56.505   400  1006 D adayocomadapter-CommunicationManager: onUpstreamback   member[0] dataLength[8] timePoint[230453]
03-17 18:54:56.505   400  1006 D adayocomadapter-ParseProtocolFunc: printRaWMsg Name[onUpstreamback] len[8] data[0700000000000001]
03-17 18:54:56.505   400   452 D adayocomadapter-UpstreamHandler: processBeforePacket upSreamtProcessTimePoint[230453] 
03-17 18:54:56.506   400   452 D adayocomadapter-UpstreamHandler: processPacket UPSTREAM_QUEUE_DATA_TIMEOUT
03-17 18:54:56.506   400   452 D adayocomadapter-ParseProtocolFunc: parseCommonIPCLBytes Processing tableNumber[7]
03-17 18:54:56.506   400   452 D adayocomadapter-ParseProtocolFunc: parseCommonIPCLBytes Processing tablename[Table-7] tableSize[8]
03-17 18:54:56.506   400   452 D adayocomadapter-ParseProtocolFunc: printRaWMsg Name[byteStream recv] len[8] data[0700000000000001]
03-17 18:54:56.506   400   452 D adayocomadapter-ParseProtocolFunc: printRaWMsg Name[IPCLtoVHAL] len[7] data[21402053000100]
03-17 18:54:56.506   400   452 D adayocomadapter-ParseProtocolFunc: printRaWMsg Name[IPCLtoVHAL] len[7] data[214020A0000100]
03-17 18:54:56.506   400   452 D adayocomadapter-ParseProtocolFunc: printRaWMsg Name[IPCLtoVHAL] len[7] data[21402131000100]
03-17 18:54:56.506   400   452 D adayocomadapter-ParseProtocolFunc: printRaWMsg Name[IPCLtoVHAL] len[7] data[214020A2000100]
03-17 18:54:56.506   400   452 D adayocomadapter-ParseProtocolFunc: printRaWMsg Name[IPCLtoVHAL] len[7] data[214020A4000100]
03-17 18:54:56.506   400   452 D adayocomadapter-ParseProtocolFunc: printRaWMsg Name[IPCLtoVHAL] len[7] data[214021CE000100]
03-17 18:54:56.506   400   452 D adayocomadapter-CommunicationManager: onUpstreamReceive isLoss 1 mPropertyId 0x21402053
03-17 18:54:56.506   400   452 D adayocomadapter-CommunicationManager: convertBytesToInt32Memcpy  0
03-17 18:54:56.506   400   452 D vw-vhal : notifyVehicleProperty, propId = 0x21402053, data = {status: 3, int32Values: [0]}
03-17 18:54:56.506   400   452 I DefaultVehicleHal_v2_0: DefaultVehicleHal::onPropertyValue, value:{.timestamp = 230454424359, .areaId = 0, .prop = 557850707, .status = UNAVAILABLE, .value = {.int32Values = [1]{0}, .floatValues = [0]{}, .int64Values = [0]{}, .bytes = [0]{}, .stringValue = ""}}
03-17 18:54:56.507   400   452 D adayocomadapter-CommunicationManager: onUpstreamReceive mPropertyId 0x21402053
03-17 18:54:56.507   400   452 D adayocomadapter-CommunicationManager: onUpstreamReceive isLoss 1 mPropertyId 0x214020a0
03-17 18:54:56.507   400   452 D adayocomadapter-CommunicationManager: convertBytesToInt32Memcpy  0
03-17 18:54:56.507   400   452 D vw-vhal : notifyVehicleProperty, propId = 0x214020a0, data = {status: 3, int32Values: [0]}
03-17 18:54:56.507   400   452 I DefaultVehicleHal_v2_0: DefaultVehicleHal::onPropertyValue, value:{.timestamp = 230454848692, .areaId = 0, .prop = 557850784, .status = UNAVAILABLE, .value = {.int32Values = [1]{0}, .floatValues = [0]{}, .int64Values = [0]{}, .bytes = [0]{}, .stringValue = ""}}
03-17 18:54:56.507   400   452 D adayocomadapter-CommunicationManager: onUpstreamReceive mPropertyId 0x214020a0
03-17 18:54:56.507   400   452 D adayocomadapter-CommunicationManager: onUpstreamReceive isLoss 1 mPropertyId 0x21402131
03-17 18:54:56.507   400   452 D adayocomadapter-CommunicationManager: convertBytesToInt32Memcpy  0
03-17 18:54:56.507   400   452 D vw-vhal : notifyVehicleProperty, propId = 0x21402131, data = {status: 3, int32Values: [0]}
03-17 18:54:56.507   400   452 I DefaultVehicleHal_v2_0: DefaultVehicleHal::onPropertyValue, value:{.timestamp = 230455217692, .areaId = 0, .prop = 557850929, .status = UNAVAILABLE, .value = {.int32Values = [1]{0}, .floatValues = [0]{}, .int64Values = [0]{}, .bytes = [0]{}, .stringValue = ""}}
03-17 18:54:56.507   400   452 D adayocomadapter-CommunicationManager: onUpstreamReceive mPropertyId 0x21402131
03-17 18:54:56.507   400   452 D adayocomadapter-CommunicationManager: onUpstreamReceive isLoss 1 mPropertyId 0x214020a2
03-17 18:54:56.507   400   452 D adayocomadapter-CommunicationManager: convertBytesToInt32Memcpy  0
03-17 18:54:56.507   400   452 D vw-vhal : notifyVehicleProperty, propId = 0x214020a2, data = {status: 3, int32Values: [0]}
03-17 18:54:56.508   400   452 I DefaultVehicleHal_v2_0: DefaultVehicleHal::onPropertyValue, value:{.timestamp = 230455575692, .areaId = 0, .prop = 557850786, .status = UNAVAILABLE, .value = {.int32Values = [1]{0}, .floatValues = [0]{}, .int64Values = [0]{}, .bytes = [0]{}, .stringValue = ""}}
03-17 18:54:56.508   400   452 D adayocomadapter-CommunicationManager: onUpstreamReceive mPropertyId 0x214020a2
03-17 18:54:56.508   400   452 D adayocomadapter-CommunicationManager: onUpstreamReceive isLoss 1 mPropertyId 0x214020a4
03-17 18:54:56.508   400   452 D adayocomadapter-CommunicationManager: convertBytesToInt32Memcpy  0
03-17 18:54:56.508   400   452 D vw-vhal : notifyVehicleProperty, propId = 0x214020a4, data = {status: 3, int32Values: [0]}
03-17 18:54:56.508   400   452 I DefaultVehicleHal_v2_0: DefaultVehicleHal::onPropertyValue, value:{.timestamp = 230455922692, .areaId = 0, .prop = 557850788, .status = UNAVAILABLE, .value = {.int32Values = [1]{0}, .floatValues = [0]{}, .int64Values = [0]{}, .bytes = [0]{}, .stringValue = ""}}
03-17 18:54:56.508   400   452 D adayocomadapter-CommunicationManager: onUpstreamReceive mPropertyId 0x214020a4
03-17 18:54:56.508   400   452 D adayocomadapter-CommunicationManager: onUpstreamReceive isLoss 1 mPropertyId 0x214021ce
03-17 18:54:56.508   400   452 D adayocomadapter-CommunicationManager: convertBytesToInt32Memcpy  0
03-17 18:54:56.508   400   452 D vw-vhal : notifyVehicleProperty, propId = 0x214021ce, data = {status: 3, int32Values: [0]}
03-17 18:54:56.508   400   452 I DefaultVehicleHal_v2_0: DefaultVehicleHal::onPropertyValue, value:{.timestamp = 230456315026, .areaId = 0, .prop = 557851086, .status = UNAVAILABLE, .value = {.int32Values = [1]{0}, .floatValues = [0]{}, .int64Values = [0]{}, .bytes = [0]{}, .stringValue = ""}}
03-17 18:54:56.508   400   452 D adayocomadapter-CommunicationManager: onUpstreamReceive mPropertyId 0x214021ce
03-17 18:54:56.531  1566  3186 D TboxNetworkManager: tboxNetworkbinder=null
03-17 18:54:56.560  2383  2600 D AdayoDoipServer294_Doip: [ne_doip_event_loop_dispatch][line:141] : count = 0
03-17 18:54:56.575   582  3616 E WifiHAL : Invalid data received from driver
03-17 18:54:56.587 10173 10197 D TimerTriggerManager: init instance...
03-17 18:54:56.587 10173 10197 D TimerTriggerManager: Timer thread'TimerTriggerManager' is destroyed: false
03-17 18:54:56.587 10173 10197 D TimerTriggerManager: Timer 'onIndcnVehSpdChanged' is running: true
03-17 18:54:56.587 10173 10197 D TimerTriggerManager: Sending reset signal to timer 'onIndcnVehSpdChanged'
03-17 18:54:56.587 10173 10197 D TimerTriggerManager: Reset signal sent to timer 'onIndcnVehSpdChanged'
03-17 18:54:56.588 10173 10204 D TimerTriggerController: Reset method called for timer: onIndcnVehSpdChanged
03-17 18:54:56.588 10173 10204 D TimerTriggerController: Calling onTimerReset for timer: onIndcnVehSpdChanged
03-17 18:54:56.588 10173 10204 D TimerTriggerManager: Timer reset: onIndcnVehSpdChanged
03-17 18:54:56.588 10173 10204 I TimerTriggerController: Timer [onIndcnVehSpdChanged] reset, remaining: 1000ms, reset count: 416
03-17 18:54:56.595  2106  2450 D CAR.DIAGNOSTIC: Entry - Type: 0x01, ServiceId: 0x2048, InstanceId: 0x0001, MajorVersion: 0x01FFFFFF, TTL: 0
03-17 18:54:56.595  2106  2458 D CAR.DIAGNOSTIC: Entry - Type: 0x01, ServiceId: 0x2048, InstanceId: 0x0001, MajorVersion: 0x01FFFFFF, TTL: 0
03-17 18:54:56.595  2106  2460 D CAR.DIAGNOSTIC: Entry - Type: 0x01, ServiceId: 0x2048, InstanceId: 0x0001, MajorVersion: 0x01FFFFFF, TTL: 0
03-17 18:54:56.595  2106  2458 D CAR.DIAGNOSTIC: Entry - Type: 0x01, ServiceId: 0x5555, InstanceId: 0x0001, MajorVersion: 0x01FFFFFF, TTL: 0
03-17 18:54:56.595  2106  2458 W CAR.DIAGNOSTIC: Not enough data for option indices: needed 128, remaining 52
03-17 18:54:56.595  2106  2450 D CAR.DIAGNOSTIC: Entry - Type: 0x01, ServiceId: 0x5555, InstanceId: 0x0001, MajorVersion: 0x01FFFFFF, TTL: 0
03-17 18:54:56.596  2106  2450 W CAR.DIAGNOSTIC: Not enough data for option indices: needed 128, remaining 52
03-17 18:54:56.596  2106  2460 D CAR.DIAGNOSTIC: Entry - Type: 0x01, ServiceId: 0x5555, InstanceId: 0x0001, MajorVersion: 0x01FFFFFF, TTL: 0
03-17 18:54:56.596  2106  2460 W CAR.DIAGNOSTIC: Not enough data for option indices: needed 128, remaining 52
03-17 18:54:56.640   582  3616 E WifiHAL : Invalid data received from driver
03-17 18:54:56.656   642   685 I mcuc    : sd Uart data : 6AA60208AF00029202B1
03-17 18:54:56.660  2383  2600 D AdayoDoipServer294_Doip: [ne_doip_event_loop_dispatch][line:141] : count = 0
03-17 18:54:56.662   642   685 I mcuc    : rev uart=2317,len=21, data : 6AA68108AF000D9202000500000000000000000121
03-17 18:54:56.662   400  1006 D adayocomadapter-ParseProtocolFunc: printRaWMsg Name[MCUToUPstream recv] len[13] data[92020005000000000000000001]
03-17 18:54:56.662   400  1006 D adayocomadapter-CommunicationManager: onUpstreamback   member[0] dataLength[10] timePoint[230610]
03-17 18:54:56.662   400  1006 D adayocomadapter-ParseProtocolFunc: printRaWMsg Name[onUpstreamback] len[10] data[05000000000000000001]
03-17 18:54:56.663   400   452 D adayocomadapter-UpstreamHandler: processBeforePacket upSreamtProcessTimePoint[230610] 
03-17 18:54:56.663   400   452 D adayocomadapter-UpstreamHandler: processPacket UPSTREAM_QUEUE_DATA_TIMEOUT
03-17 18:54:56.663   400   452 D adayocomadapter-ParseProtocolFunc: parseCommonIPCLBytes Processing tableNumber[5]
03-17 18:54:56.663   400   452 D adayocomadapter-ParseProtocolFunc: parseCommonIPCLBytes Processing tablename[Table-5] tableSize[10]
03-17 18:54:56.663   400   452 D adayocomadapter-ParseProtocolFunc: printRaWMsg Name[byteStream recv] len[10] data[05000000000000000001]
03-17 18:54:56.663   400   452 D adayocomadapter-ParseProtocolFunc: printRaWMsg Name[IPCLtoVHAL] len[8] data[2140213400010000]
03-17 18:54:56.663   400   452 D adayocomadapter-ParseProtocolFunc: printRaWMsg Name[IPCLtoVHAL] len[8] data[2140213500010000]
03-17 18:54:56.663   400   452 D adayocomadapter-ParseProtocolFunc: printRaWMsg Name[IPCLtoVHAL] len[8] data[2140213600010000]
03-17 18:54:56.663   400   452 D adayocomadapter-ParseProtocolFunc: printRaWMsg Name[IPCLtoVHAL] len[8] data[2140213700010000]
03-17 18:54:56.663   400   452 D adayocomadapter-CommunicationManager: onUpstreamReceive isLoss 1 mPropertyId 0x21402134
03-17 18:54:56.663   400   452 D adayocomadapter-CommunicationManager: convertBytesToInt32Memcpy  0
03-17 18:54:56.663   400   452 D vw-vhal : notifyVehicleProperty, propId = 0x21402134, data = {status: 3, int32Values: [0]}
03-17 18:54:56.663   400   452 I DefaultVehicleHal_v2_0: DefaultVehicleHal::onPropertyValue, value:{.timestamp = 230611383359, .areaId = 0, .prop = 557850932, .status = UNAVAILABLE, .value = {.int32Values = [1]{0}, .floatValues = [0]{}, .int64Values = [0]{}, .bytes = [0]{}, .stringValue = ""}}
03-17 18:54:56.663   400   452 D adayocomadapter-CommunicationManager: onUpstreamReceive mPropertyId 0x21402134
03-17 18:54:56.664   400   452 D adayocomadapter-CommunicationManager: onUpstreamReceive isLoss 1 mPropertyId 0x21402135
03-17 18:54:56.664   400   452 D adayocomadapter-CommunicationManager: convertBytesToInt32Memcpy  0
03-17 18:54:56.664   400   452 D vw-vhal : notifyVehicleProperty, propId = 0x21402135, data = {status: 3, int32Values: [0]}
03-17 18:54:56.664   400   452 I DefaultVehicleHal_v2_0: DefaultVehicleHal::onPropertyValue, value:{.timestamp = 230611758026, .areaId = 0, .prop = 557850933, .status = UNAVAILABLE, .value = {.int32Values = [1]{0}, .floatValues = [0]{}, .int64Values = [0]{}, .bytes = [0]{}, .stringValue = ""}}
03-17 18:54:56.664   400   452 D adayocomadapter-CommunicationManager: onUpstreamReceive mPropertyId 0x21402135
03-17 18:54:56.664   400   452 D adayocomadapter-CommunicationManager: onUpstreamReceive isLoss 1 mPropertyId 0x21402136
03-17 18:54:56.664   400   452 D adayocomadapter-CommunicationManager: convertBytesToInt32Memcpy  0
03-17 18:54:56.664   400   452 D vw-vhal : notifyVehicleProperty, propId = 0x21402136, data = {status: 3, int32Values: [0]}
03-17 18:54:56.664   400   452 I DefaultVehicleHal_v2_0: DefaultVehicleHal::onPropertyValue, value:{.timestamp = 230612239692, .areaId = 0, .prop = 557850934, .status = UNAVAILABLE, .value = {.int32Values = [1]{0}, .floatValues = [0]{}, .int64Values = [0]{}, .bytes = [0]{}, .stringValue = ""}}
03-17 18:54:56.664   400   452 D adayocomadapter-CommunicationManager: onUpstreamReceive mPropertyId 0x21402136
03-17 18:54:56.664   400   452 D adayocomadapter-CommunicationManager: onUpstreamReceive isLoss 1 mPropertyId 0x21402137
03-17 18:54:56.664   400   452 D adayocomadapter-CommunicationManager: convertBytesToInt32Memcpy  0
03-17 18:54:56.665   400   452 D vw-vhal : notifyVehicleProperty, propId = 0x21402137, data = {status: 3, int32Values: [0]}
03-17 18:54:56.665   400   452 I DefaultVehicleHal_v2_0: DefaultVehicleHal::onPropertyValue, value:{.timestamp = 230612604026, .areaId = 0, .prop = 557850935, .status = UNAVAILABLE, .value = {.int32Values = [1]{0}, .floatValues = [0]{}, .int64Values = [0]{}, .bytes = [0]{}, .stringValue = ""}}
03-17 18:54:56.665   400   452 D adayocomadapter-CommunicationManager: onUpstreamReceive mPropertyId 0x21402137
03-17 18:54:56.680   642   685 I mcuc    : sd Uart data : 6AA60208B000029202B0
03-17 18:54:56.682  1566  2651 D TboxNetworkManager: tboxNetworkbinder=null
03-17 18:54:56.686   642   685 I mcuc    : rev uart=2318,len=57, data : 6AA68108B00031920200114C465630314C5954455354564C4E30333000000000000000000000007F000100000000000007FE000101010101B6
03-17 18:54:56.686   400  1006 D adayocomadapter-ParseProtocolFunc: printRaWMsg Name[MCUToUPstream recv] len[49] data[920200114C465630314C5954455354564C4E30333000000000000000000000007F000100000000000007FE000101010101]
03-17 18:54:56.686   400  1006 D adayocomadapter-CommunicationManager: onUpstreamback   member[0] dataLength[46] timePoint[230633]
