03-17 18:55:00.981   400   452 I DefaultVehicleHal_v2_0: DefaultVehicleHal::onPropertyValue, value:{.timestamp = 234928740359, .areaId = 0, .prop = 557916485, .status = AVAILABLE, .value = {.int32Values = [2]{0, 0}, .floatValues = [0]{}, .int64Values = [0]{}, .bytes = [0]{}, .stringValue = ""}}
03-17 18:55:00.981   400   452 D adayocomadapter-CommunicationManager: onUpstreamReceive mPropertyId 0x21412145
03-17 18:55:00.981   400   452 D adayocomadapter-CommunicationManager: onUpstreamReceive isLoss 0 mPropertyId 0x21402146
03-17 18:55:00.981   400   452 D adayocomadapter-CommunicationManager: convertBytesToInt32Memcpy  0
03-17 18:55:00.981   400   452 D vw-vhal : notifyVehicleProperty, propId = 0x21402146, data = {status: 2, int32Values: [0]}
03-17 18:55:00.981   400   452 I DefaultVehicleHal_v2_0: DefaultVehicleHal::onPropertyValue, value:{.timestamp = 234928844693, .areaId = 0, .prop = 557850950, .status = AVAILABLE, .value = {.int32Values = [1]{0}, .floatValues = [0]{}, .int64Values = [0]{}, .bytes = [0]{}, .stringValue = ""}}
03-17 18:55:00.981   400   452 D adayocomadapter-CommunicationManager: onUpstreamReceive mPropertyId 0x21402146
03-17 18:55:00.981   400   452 D adayocomadapter-CommunicationManager: onUpstreamReceive isLoss 0 mPropertyId 0x21402147
03-17 18:55:00.981   400   452 D adayocomadapter-CommunicationManager: convertBytesToInt32Memcpy  0
03-17 18:55:00.981   400   452 D vw-vhal : notifyVehicleProperty, propId = 0x21402147, data = {status: 2, int32Values: [0]}
03-17 18:55:00.981   400   452 I DefaultVehicleHal_v2_0: DefaultVehicleHal::onPropertyValue, value:{.timestamp = 234928948693, .areaId = 0, .prop = 557850951, .status = AVAILABLE, .value = {.int32Values = [1]{0}, .floatValues = [0]{}, .int64Values = [0]{}, .bytes = [0]{}, .stringValue = ""}}
03-17 18:55:00.981   400   452 D adayocomadapter-CommunicationManager: onUpstreamReceive mPropertyId 0x21402147
03-17 18:55:00.981   400   452 D adayocomadapter-CommunicationManager: onUpstreamReceive isLoss 0 mPropertyId 0x21402148
03-17 18:55:00.981   400   452 D adayocomadapter-CommunicationManager: convertBytesToInt32Memcpy  0
03-17 18:55:00.981   400   452 D vw-vhal : notifyVehicleProperty, propId = 0x21402148, data = {status: 2, int32Values: [0]}
03-17 18:55:00.981   400   452 I DefaultVehicleHal_v2_0: DefaultVehicleHal::onPropertyValue, value:{.timestamp = 234929052693, .areaId = 0, .prop = 557850952, .status = AVAILABLE, .value = {.int32Values = [1]{0}, .floatValues = [0]{}, .int64Values = [0]{}, .bytes = [0]{}, .stringValue = ""}}
03-17 18:55:00.981   400   452 D adayocomadapter-CommunicationManager: onUpstreamReceive mPropertyId 0x21402148
03-17 18:55:00.981   400   452 D adayocomadapter-CommunicationManager: onUpstreamReceive isLoss 0 mPropertyId 0x21402149
03-17 18:55:00.981   400   452 D adayocomadapter-CommunicationManager: convertBytesToInt32Memcpy  0
03-17 18:55:00.981   400   452 D vw-vhal : notifyVehicleProperty, propId = 0x21402149, data = {status: 2, int32Values: [0]}
03-17 18:55:00.981   400   452 I DefaultVehicleHal_v2_0: DefaultVehicleHal::onPropertyValue, value:{.timestamp = 234929156359, .areaId = 0, .prop = 557850953, .status = AVAILABLE, .value = {.int32Values = [1]{0}, .floatValues = [0]{}, .int64Values = [0]{}, .bytes = [0]{}, .stringValue = ""}}
03-17 18:55:00.981   400   452 D adayocomadapter-CommunicationManager: onUpstreamReceive mPropertyId 0x21402149
03-17 18:55:00.981   400   452 D adayocomadapter-CommunicationManager: onUpstreamReceive isLoss 0 mPropertyId 0x2140214f
03-17 18:55:00.981   400   452 D adayocomadapter-CommunicationManager: convertBytesToInt32Memcpy  0
03-17 18:55:00.981   400   452 D vw-vhal : notifyVehicleProperty, propId = 0x2140214f, data = {status: 2, int32Values: [0]}
03-17 18:55:00.981   400   452 I DefaultVehicleHal_v2_0: DefaultVehicleHal::onPropertyValue, value:{.timestamp = 234929270026, .areaId = 0, .prop = 557850959, .status = AVAILABLE, .value = {.int32Values = [1]{0}, .floatValues = [0]{}, .int64Values = [0]{}, .bytes = [0]{}, .stringValue = ""}}
03-17 18:55:00.981   400   452 D adayocomadapter-CommunicationManager: onUpstreamReceive mPropertyId 0x2140214f
03-17 18:55:00.981   400   452 D adayocomadapter-CommunicationManager: onUpstreamReceive isLoss 0 mPropertyId 0x21402150
03-17 18:55:00.981   400   452 D adayocomadapter-CommunicationManager: convertBytesToInt32Memcpy  0
03-17 18:55:00.981   400   452 D vw-vhal : notifyVehicleProperty, propId = 0x21402150, data = {status: 2, int32Values: [0]}
03-17 18:55:00.981   400   452 I DefaultVehicleHal_v2_0: DefaultVehicleHal::onPropertyValue, value:{.timestamp = 234929373693, .areaId = 0, .prop = 557850960, .status = AVAILABLE, .value = {.int32Values = [1]{0}, .floatValues = [0]{}, .int64Values = [0]{}, .bytes = [0]{}, .stringValue = ""}}
03-17 18:55:00.981   400   452 D adayocomadapter-CommunicationManager: onUpstreamReceive mPropertyId 0x21402150
03-17 18:55:00.981   400   452 D adayocomadapter-CommunicationManager: onUpstreamReceive isLoss 0 mPropertyId 0x21402151
03-17 18:55:00.981   400   452 D adayocomadapter-CommunicationManager: convertBytesToInt32Memcpy  0
03-17 18:55:00.981   400   452 D vw-vhal : notifyVehicleProperty, propId = 0x21402151, data = {status: 2, int32Values: [0]}
03-17 18:55:00.981   400   452 I DefaultVehicleHal_v2_0: DefaultVehicleHal::onPropertyValue, value:{.timestamp = 234929477359, .areaId = 0, .prop = 557850961, .status = AVAILABLE, .value = {.int32Values = [1]{0}, .floatValues = [0]{}, .int64Values = [0]{}, .bytes = [0]{}, .stringValue = ""}}
03-17 18:55:00.981   400   452 D adayocomadapter-CommunicationManager: onUpstreamReceive mPropertyId 0x21402151
03-17 18:55:00.981   400   452 D adayocomadapter-CommunicationManager: onUpstreamReceive isLoss 1 mPropertyId 0x2140213d
03-17 18:55:00.981   400   452 D adayocomadapter-CommunicationManager: convertBytesToInt32Memcpy  0
03-17 18:55:00.982   400   452 D vw-vhal : notifyVehicleProperty, propId = 0x2140213d, data = {status: 3, int32Values: [0]}
03-17 18:55:00.982   400   452 I DefaultVehicleHal_v2_0: DefaultVehicleHal::onPropertyValue, value:{.timestamp = 234929583026, .areaId = 0, .prop = 557850941, .status = UNAVAILABLE, .value = {.int32Values = [1]{0}, .floatValues = [0]{}, .int64Values = [0]{}, .bytes = [0]{}, .stringValue = ""}}
03-17 18:55:00.982   400   452 D adayocomadapter-CommunicationManager: onUpstreamReceive mPropertyId 0x2140213d
03-17 18:55:00.982   400   452 D adayocomadapter-CommunicationManager: onUpstreamReceive isLoss 1 mPropertyId 0x2140213e
03-17 18:55:00.982   400   452 D adayocomadapter-CommunicationManager: convertBytesToInt32Memcpy  0
03-17 18:55:00.982   400   452 D vw-vhal : notifyVehicleProperty, propId = 0x2140213e, data = {status: 3, int32Values: [0]}
03-17 18:55:00.982   400   452 I DefaultVehicleHal_v2_0: DefaultVehicleHal::onPropertyValue, value:{.timestamp = 234929687359, .areaId = 0, .prop = 557850942, .status = UNAVAILABLE, .value = {.int32Values = [1]{0}, .floatValues = [0]{}, .int64Values = [0]{}, .bytes = [0]{}, .stringValue = ""}}
03-17 18:55:00.982   400   452 D adayocomadapter-CommunicationManager: onUpstreamReceive mPropertyId 0x2140213e
03-17 18:55:00.982   400   452 D adayocomadapter-CommunicationManager: onUpstreamReceive isLoss 0 mPropertyId 0x2140214a
03-17 18:55:00.982   400   452 D adayocomadapter-CommunicationManager: convertBytesToInt32Memcpy  0
03-17 18:55:00.982   400   452 D vw-vhal : notifyVehicleProperty, propId = 0x2140214a, data = {status: 2, int32Values: [0]}
03-17 18:55:00.982   400   452 I DefaultVehicleHal_v2_0: DefaultVehicleHal::onPropertyValue, value:{.timestamp = 234929794359, .areaId = 0, .prop = 557850954, .status = AVAILABLE, .value = {.int32Values = [1]{0}, .floatValues = [0]{}, .int64Values = [0]{}, .bytes = [0]{}, .stringValue = ""}}
03-17 18:55:00.982   400   452 D adayocomadapter-CommunicationManager: onUpstreamReceive mPropertyId 0x2140214a
03-17 18:55:00.984   642   685 I mcuc    : rev uart=2361,len=61, data : 6AA68108DA003592020019000101000000000000000000000000000000000000000000000000000000FFFFFF00000000000000000000000100010101B8
03-17 18:55:00.984   400  1006 D adayocomadapter-ParseProtocolFunc: printRaWMsg Name[MCUToUPstream recv] len[53] data[92020019000101000000000000000000000000000000000000000000000000000000FFFFFF00000000000000000000000100010101]
03-17 18:55:00.984   400  1006 D adayocomadapter-CommunicationManager: onUpstreamback   member[0] dataLength[50] timePoint[234932]
03-17 18:55:00.984   400  1006 D adayocomadapter-ParseProtocolFunc: printRaWMsg Name[onUpstreamback] len[50] data[19000101000000000000000000000000000000000000000000000000000000FFFFFF00000000000000000000000100010101]
03-17 18:55:00.984   400   452 D adayocomadapter-UpstreamHandler: processBeforePacket upSreamtProcessTimePoint[234932] 
03-17 18:55:00.984   400   452 D adayocomadapter-UpstreamHandler: processPacket UPSTREAM_QUEUE_DATA_TIMEOUT
03-17 18:55:00.984   400   452 D adayocomadapter-ParseProtocolFunc: parseCommonIPCLBytes Processing tableNumber[25]
03-17 18:55:00.984   400   452 D adayocomadapter-ParseProtocolFunc: parseCommonIPCLBytes Processing tablename[Table-25] tableSize[50]
03-17 18:55:00.984   400   452 D adayocomadapter-ParseProtocolFunc: printRaWMsg Name[byteStream recv] len[50] data[19000101000000000000000000000000000000000000000000000000000000FFFFFF00000000000000000000000100010101]
03-17 18:55:00.984   400   452 D adayocomadapter-ParseProtocolFunc: printRaWMsg Name[IPCLtoVHAL] len[7] data[214020C5000000]
03-17 18:55:00.984   400   452 D adayocomadapter-ParseProtocolFunc: printRaWMsg Name[IPCLtoVHAL] len[7] data[21402106000000]
03-17 18:55:00.984   400   452 D adayocomadapter-ParseProtocolFunc: printRaWMsg Name[IPCLtoVHAL] len[7] data[21402132000000]
03-17 18:55:00.984   400   452 D adayocomadapter-ParseProtocolFunc: printRaWMsg Name[IPCLtoVHAL] len[7] data[214020BF000100]
03-17 18:55:00.984   400   452 D adayocomadapter-ParseProtocolFunc: printRaWMsg Name[IPCLtoVHAL] len[7] data[2140212F000000]
03-17 18:55:00.984   400   452 D adayocomadapter-ParseProtocolFunc: printRaWMsg Name[IPCLtoVHAL] len[7] data[21402026000000]
03-17 18:55:00.984   400   452 D adayocomadapter-ParseProtocolFunc: printRaWMsg Name[IPCLtoVHAL] len[7] data[214020B3000000]
03-17 18:55:00.984   400   452 D adayocomadapter-ParseProtocolFunc: printRaWMsg Name[IPCLtoVHAL] len[7] data[2140219E000100]
03-17 18:55:00.984   400   452 D adayocomadapter-ParseProtocolFunc: printRaWMsg Name[IPCLtoVHAL] len[7] data[21402130000000]
03-17 18:55:00.985   400   452 D adayocomadapter-ParseProtocolFunc: printRaWMsg Name[IPCLtoVHAL] len[12] data[2141204A0101000101000000]
03-17 18:55:00.985   400   452 D adayocomadapter-ParseProtocolFunc: printRaWMsg Name[IPCLtoVHAL] len[7] data[214020BD000100]
03-17 18:55:00.985   400   452 D adayocomadapter-ParseProtocolFunc: printRaWMsg Name[IPCLtoVHAL] len[7] data[2140213B000000]
03-17 18:55:00.985   400   452 D adayocomadapter-ParseProtocolFunc: printRaWMsg Name[IPCLtoVHAL] len[7] data[214020AE000100]
03-17 18:55:00.985   400   452 D adayocomadapter-ParseProtocolFunc: printRaWMsg Name[IPCLtoVHAL] len[7] data[2140210D000000]
03-17 18:55:00.985   400   452 D adayocomadapter-ParseProtocolFunc: printRaWMsg Name[IPCLtoVHAL] len[7] data[21401018000100]
03-17 18:55:00.985   400   452 D adayocomadapter-ParseProtocolFunc: printRaWMsg Name[IPCLtoVHAL] len[7] data[214020A9000100]
03-17 18:55:00.985   400   452 D adayocomadapter-ParseProtocolFunc: printRaWMsg Name[IPCLtoVHAL] len[7] data[214020AB000100]
03-17 18:55:00.985   400   452 D adayocomadapter-ParseProtocolFunc: printRaWMsg Name[IPCLtoVHAL] len[7] data[214020AD000100]
03-17 18:55:00.985   400   452 D adayocomadapter-ParseProtocolFunc: printRaWMsg Name[IPCLtoVHAL] len[7] data[2140213A000000]
03-17 18:55:00.985   400   452 D adayocomadapter-ParseProtocolFunc: printRaWMsg Name[IPCLtoVHAL] len[7] data[214021C7000000]
03-17 18:55:00.985   400   452 D adayocomadapter-ParseProtocolFunc: printRaWMsg Name[IPCLtoVHAL] len[7] data[214020F2000100]
03-17 18:55:00.985   400   452 D adayocomadapter-ParseProtocolFunc: printRaWMsg Name[IPCLtoVHAL] len[7] data[214020F1000100]
03-17 18:55:00.985   400   452 D adayocomadapter-ParseProtocolFunc: printRaWMsg Name[IPCLtoVHAL] len[7] data[21402112000100]
03-17 18:55:00.985   400   452 D adayocomadapter-ParseProtocolFunc: printRaWMsg Name[IPCLtoVHAL] len[8] data[2140219F00010000]
03-17 18:55:00.985   400   452 D adayocomadapter-ParseProtocolFunc: printRaWMsg Name[IPCLtoVHAL] len[7] data[21402139000100]
03-17 18:55:00.985   400   452 D adayocomadapter-ParseProtocolFunc: printRaWMsg Name[IPCLtoVHAL] len[8] data[2140202500010000]
03-17 18:55:00.985   400   452 D adayocomadapter-ParseProtocolFunc: printRaWMsg Name[IPCLtoVHAL] len[10] data[21402033000100FFFFFF]
03-17 18:55:00.985   400   452 D adayocomadapter-ParseProtocolFunc: printRaWMsg Name[IPCLtoVHAL] len[7] data[21402034000100]
03-17 18:55:00.985   400   452 D adayocomadapter-ParseProtocolFunc: printRaWMsg Name[IPCLtoVHAL] len[7] data[2140218C000000]
03-17 18:55:00.985   400   452 D adayocomadapter-ParseProtocolFunc: printRaWMsg Name[IPCLtoVHAL] len[7] data[2140219B000000]
03-17 18:55:00.985   400   452 D adayocomadapter-ParseProtocolFunc: printRaWMsg Name[IPCLtoVHAL] len[7] data[214021A0000100]
03-17 18:55:00.985   400   452 D adayocomadapter-ParseProtocolFunc: printRaWMsg Name[IPCLtoVHAL] len[7] data[214021A3000100]
03-17 18:55:00.985   400   452 D adayocomadapter-ParseProtocolFunc: printRaWMsg Name[IPCLtoVHAL] len[7] data[214021A4000100]
03-17 18:55:00.985   400   452 D adayocomadapter-ParseProtocolFunc: printRaWMsg Name[IPCLtoVHAL] len[7] data[214021CB000000]
03-17 18:55:00.985   400   452 D adayocomadapter-CommunicationManager: onUpstreamReceive isLoss 0 mPropertyId 0x214020c5
03-17 18:55:00.985   400   452 D adayocomadapter-CommunicationManager: convertBytesToInt32Memcpy  0
03-17 18:55:00.985   400   452 D vw-vhal : notifyVehicleProperty, propId = 0x214020c5, data = {status: 2, int32Values: [0]}
03-17 18:55:00.985   400   452 I DefaultVehicleHal_v2_0: DefaultVehicleHal::onPropertyValue, value:{.timestamp = 234933083026, .areaId = 0, .prop = 557850821, .status = AVAILABLE, .value = {.int32Values = [1]{0}, .floatValues = [0]{}, .int64Values = [0]{}, .bytes = [0]{}, .stringValue = ""}}
03-17 18:55:00.985   400   452 D adayocomadapter-CommunicationManager: onUpstreamReceive mPropertyId 0x214020c5
03-17 18:55:00.985   400   452 D adayocomadapter-CommunicationManager: onUpstreamReceive isLoss 0 mPropertyId 0x21402106
03-17 18:55:00.985   400   452 D adayocomadapter-CommunicationManager: convertBytesToInt32Memcpy  0
03-17 18:55:00.985   400   452 D vw-vhal : notifyVehicleProperty, propId = 0x21402106, data = {status: 2, int32Values: [0]}
03-17 18:55:00.985   400   452 I DefaultVehicleHal_v2_0: DefaultVehicleHal::onPropertyValue, value:{.timestamp = 234933200359, .areaId = 0, .prop = 557850886, .status = AVAILABLE, .value = {.int32Values = [1]{0}, .floatValues = [0]{}, .int64Values = [0]{}, .bytes = [0]{}, .stringValue = ""}}
03-17 18:55:00.985   400   452 D adayocomadapter-CommunicationManager: onUpstreamReceive mPropertyId 0x21402106
03-17 18:55:00.985   400   452 D adayocomadapter-CommunicationManager: onUpstreamReceive isLoss 0 mPropertyId 0x21402132
03-17 18:55:00.985   400   452 D adayocomadapter-CommunicationManager: convertBytesToInt32Memcpy  0
03-17 18:55:00.985   400   452 D vw-vhal : notifyVehicleProperty, propId = 0x21402132, data = {status: 2, int32Values: [0]}
03-17 18:55:00.985   400   452 I DefaultVehicleHal_v2_0: DefaultVehicleHal::onPropertyValue, value:{.timestamp = 234933313693, .areaId = 0, .prop = 557850930, .status = AVAILABLE, .value = {.int32Values = [1]{0}, .floatValues = [0]{}, .int64Values = [0]{}, .bytes = [0]{}, .stringValue = ""}}
03-17 18:55:00.985   400   452 D adayocomadapter-CommunicationManager: onUpstreamReceive mPropertyId 0x21402132
03-17 18:55:00.985   400   452 D adayocomadapter-CommunicationManager: onUpstreamReceive isLoss 1 mPropertyId 0x214020bf
03-17 18:55:00.985   400   452 D adayocomadapter-CommunicationManager: convertBytesToInt32Memcpy  0
03-17 18:55:00.985   400   452 D vw-vhal : notifyVehicleProperty, propId = 0x214020bf, data = {status: 3, int32Values: [0]}
03-17 18:55:00.985   400   452 I DefaultVehicleHal_v2_0: DefaultVehicleHal::onPropertyValue, value:{.timestamp = 234933424359, .areaId = 0, .prop = 557850815, .status = UNAVAILABLE, .value = {.int32Values = [1]{0}, .floatValues = [0]{}, .int64Values = [0]{}, .bytes = [0]{}, .stringValue = ""}}
03-17 18:55:00.985   400   452 D adayocomadapter-CommunicationManager: onUpstreamReceive mPropertyId 0x214020bf
03-17 18:55:00.985   400   452 D adayocomadapter-CommunicationManager: onUpstreamReceive isLoss 0 mPropertyId 0x2140212f
03-17 18:55:00.985   400   452 D adayocomadapter-CommunicationManager: convertBytesToInt32Memcpy  0
03-17 18:55:00.985   400   452 D vw-vhal : notifyVehicleProperty, propId = 0x2140212f, data = {status: 2, int32Values: [0]}
03-17 18:55:00.986   400   452 I DefaultVehicleHal_v2_0: DefaultVehicleHal::onPropertyValue, value:{.timestamp = 234933533693, .areaId = 0, .prop = 557850927, .status = AVAILABLE, .value = {.int32Values = [1]{0}, .floatValues = [0]{}, .int64Values = [0]{}, .bytes = [0]{}, .stringValue = ""}}
03-17 18:55:00.986   400   452 D adayocomadapter-CommunicationManager: onUpstreamReceive mPropertyId 0x2140212f
03-17 18:55:00.986   400   452 D adayocomadapter-CommunicationManager: onUpstreamReceive isLoss 0 mPropertyId 0x21402026
03-17 18:55:00.986   400   452 D adayocomadapter-CommunicationManager: convertBytesToInt32Memcpy  0
03-17 18:55:00.986   400   452 D vw-vhal : notifyVehicleProperty, propId = 0x21402026, data = {status: 2, int32Values: [0]}
03-17 18:55:00.986   400   452 I DefaultVehicleHal_v2_0: DefaultVehicleHal::onPropertyValue, value:{.timestamp = 234933647026, .areaId = 0, .prop = 557850662, .status = AVAILABLE, .value = {.int32Values = [1]{0}, .floatValues = [0]{}, .int64Values = [0]{}, .bytes = [0]{}, .stringValue = ""}}
03-17 18:55:00.986   400   452 D adayocomadapter-CommunicationManager: onUpstreamReceive mPropertyId 0x21402026
03-17 18:55:00.986   400   452 D adayocomadapter-CommunicationManager: onUpstreamReceive isLoss 0 mPropertyId 0x214020b3
03-17 18:55:00.986   400   452 D adayocomadapter-CommunicationManager: convertBytesToInt32Memcpy  0
03-17 18:55:00.986   400   452 D vw-vhal : notifyVehicleProperty, propId = 0x214020b3, data = {status: 2, int32Values: [0]}
03-17 18:55:00.986   400   452 I DefaultVehicleHal_v2_0: DefaultVehicleHal::onPropertyValue, value:{.timestamp = 234933760359, .areaId = 0, .prop = 557850803, .status = AVAILABLE, .value = {.int32Values = [1]{0}, .floatValues = [0]{}, .int64Values = [0]{}, .bytes = [0]{}, .stringValue = ""}}
03-17 18:55:00.986   400   452 D adayocomadapter-CommunicationManager: onUpstreamReceive mPropertyId 0x214020b3
03-17 18:55:00.986   400   452 D adayocomadapter-CommunicationManager: onUpstreamReceive isLoss 1 mPropertyId 0x2140219e
03-17 18:55:00.986   400   452 D adayocomadapter-CommunicationManager: convertBytesToInt32Memcpy  0
03-17 18:55:00.986   400   452 D vw-vhal : notifyVehicleProperty, propId = 0x2140219e, data = {status: 3, int32Values: [0]}
03-17 18:55:00.986   400   452 I DefaultVehicleHal_v2_0: DefaultVehicleHal::onPropertyValue, value:{.timestamp = 234933873026, .areaId = 0, .prop = 557851038, .status = UNAVAILABLE, .value = {.int32Values = [1]{0}, .floatValues = [0]{}, .int64Values = [0]{}, .bytes = [0]{}, .stringValue = ""}}
03-17 18:55:00.986   400   452 D adayocomadapter-CommunicationManager: onUpstreamReceive mPropertyId 0x2140219e
03-17 18:55:00.986   400   452 D adayocomadapter-CommunicationManager: onUpstreamReceive isLoss 0 mPropertyId 0x21402130
03-17 18:55:00.986   400   452 D adayocomadapter-CommunicationManager: convertBytesToInt32Memcpy  0
03-17 18:55:00.986   400   452 D vw-vhal : notifyVehicleProperty, propId = 0x21402130, data = {status: 2, int32Values: [0]}
03-17 18:55:00.986   400   452 I DefaultVehicleHal_v2_0: DefaultVehicleHal::onPropertyValue, value:{.timestamp = 234933976359, .areaId = 0, .prop = 557850928, .status = AVAILABLE, .value = {.int32Values = [1]{0}, .floatValues = [0]{}, .int64Values = [0]{}, .bytes = [0]{}, .stringValue = ""}}
03-17 18:55:00.986   400   452 D adayocomadapter-CommunicationManager: onUpstreamReceive mPropertyId 0x21402130
03-17 18:55:00.986   400   452 D adayocomadapter-CommunicationManager: onUpstreamReceive isLoss 1 mPropertyId 0x2141204a
03-17 18:55:00.986   400   452 D vw-vhal : notifyVehicleProperty, propId = 0x2141204a, data = {status: 3, int32Values: [0, 1, 1, 0, 0, 0]}
03-17 18:55:00.986   400   452 I DefaultVehicleHal_v2_0: DefaultVehicleHal::onPropertyValue, value:{.timestamp = 234934080693, .areaId = 0, .prop = 557916234, .status = UNAVAILABLE, .value = {.int32Values = [6]{0, 1, 1, 0, 0, 0}, .floatValues = [0]{}, .int64Values = [0]{}, .bytes = [0]{}, .stringValue = ""}}
03-17 18:55:00.986   400   452 D adayocomadapter-CommunicationManager: onUpstreamReceive mPropertyId 0x2141204a
03-17 18:55:00.986   400   452 D adayocomadapter-CommunicationManager: onUpstreamReceive isLoss 1 mPropertyId 0x214020bd
03-17 18:55:00.986   400   452 D adayocomadapter-CommunicationManager: convertBytesToInt32Memcpy  0
03-17 18:55:00.986   400   452 D vw-vhal : notifyVehicleProperty, propId = 0x214020bd, data = {status: 3, int32Values: [0]}
03-17 18:55:00.986   582  3616 E WifiHAL : Invalid data received from driver
03-17 18:55:00.986   400   452 I DefaultVehicleHal_v2_0: DefaultVehicleHal::onPropertyValue, value:{.timestamp = 234934193693, .areaId = 0, .prop = 557850813, .status = UNAVAILABLE, .value = {.int32Values = [1]{0}, .floatValues = [0]{}, .int64Values = [0]{}, .bytes = [0]{}, .stringValue = ""}}
03-17 18:55:00.986   400   452 D adayocomadapter-CommunicationManager: onUpstreamReceive mPropertyId 0x214020bd
03-17 18:55:00.986   400   452 D adayocomadapter-CommunicationManager: onUpstreamReceive isLoss 0 mPropertyId 0x2140213b
03-17 18:55:00.986   400   452 D adayocomadapter-CommunicationManager: convertBytesToInt32Memcpy  0
03-17 18:55:00.986   400   452 D vw-vhal : notifyVehicleProperty, propId = 0x2140213b, data = {status: 2, int32Values: [0]}
03-17 18:55:00.986   400   452 I DefaultVehicleHal_v2_0: DefaultVehicleHal::onPropertyValue, value:{.timestamp = 234934303026, .areaId = 0, .prop = 557850939, .status = AVAILABLE, .value = {.int32Values = [1]{0}, .floatValues = [0]{}, .int64Values = [0]{}, .bytes = [0]{}, .stringValue = ""}}
03-17 18:55:00.986   400   452 D adayocomadapter-CommunicationManager: onUpstreamReceive mPropertyId 0x2140213b
03-17 18:55:00.986   400   452 D adayocomadapter-CommunicationManager: onUpstreamReceive isLoss 1 mPropertyId 0x214020ae
03-17 18:55:00.986   400   452 D adayocomadapter-CommunicationManager: convertBytesToInt32Memcpy  0
03-17 18:55:00.986   400   452 D vw-vhal : notifyVehicleProperty, propId = 0x214020ae, data = {status: 3, int32Values: [0]}
03-17 18:55:00.986   400   452 I DefaultVehicleHal_v2_0: DefaultVehicleHal::onPropertyValue, value:{.timestamp = 234934414026, .areaId = 0, .prop = 557850798, .status = UNAVAILABLE, .value = {.int32Values = [1]{0}, .floatValues = [0]{}, .int64Values = [0]{}, .bytes = [0]{}, .stringValue = ""}}
03-17 18:55:00.986   400   452 D adayocomadapter-CommunicationManager: onUpstreamReceive mPropertyId 0x214020ae
03-17 18:55:00.986   400   452 D adayocomadapter-CommunicationManager: onUpstreamReceive isLoss 0 mPropertyId 0x2140210d
03-17 18:55:00.986   400   452 D adayocomadapter-CommunicationManager: convertBytesToInt32Memcpy  0
03-17 18:55:00.986   400   452 D vw-vhal : notifyVehicleProperty, propId = 0x2140210d, data = {status: 2, int32Values: [0]}
03-17 18:55:00.986   400   452 I DefaultVehicleHal_v2_0: DefaultVehicleHal::onPropertyValue, value:{.timestamp = 234934525026, .areaId = 0, .prop = 557850893, .status = AVAILABLE, .value = {.int32Values = [1]{0}, .floatValues = [0]{}, .int64Values = [0]{}, .bytes = [0]{}, .stringValue = ""}}
03-17 18:55:00.987   400   452 D adayocomadapter-CommunicationManager: onUpstreamReceive mPropertyId 0x2140210d
03-17 18:55:00.987   400   452 D adayocomadapter-CommunicationManager: onUpstreamReceive isLoss 1 mPropertyId 0x21401018
03-17 18:55:00.987   400   452 D adayocomadapter-CommunicationManager: convertBytesToInt32Memcpy  0
03-17 18:55:00.987   400   452 D vw-vhal : notifyVehicleProperty, propId = 0x21401018, data = {status: 3, int32Values: [0]}
03-17 18:55:00.987   400   452 I DefaultVehicleHal_v2_0: DefaultVehicleHal::onPropertyValue, value:{.timestamp = 234934637693, .areaId = 0, .prop = 557846552, .status = UNAVAILABLE, .value = {.int32Values = [1]{0}, .floatValues = [0]{}, .int64Values = [0]{}, .bytes = [0]{}, .stringValue = ""}}
03-17 18:55:00.987   400   452 D adayocomadapter-CommunicationManager: onUpstreamReceive mPropertyId 0x21401018
03-17 18:55:00.987   400   452 D adayocomadapter-CommunicationManager: onUpstreamReceive isLoss 1 mPropertyId 0x214020a9
03-17 18:55:00.987   400   452 D adayocomadapter-CommunicationManager: convertBytesToInt32Memcpy  0
03-17 18:55:00.987   400   452 D vw-vhal : notifyVehicleProperty, propId = 0x214020a9, data = {status: 3, int32Values: [0]}
03-17 18:55:00.987   400   452 I DefaultVehicleHal_v2_0: DefaultVehicleHal::onPropertyValue, value:{.timestamp = 234934750026, .areaId = 0, .prop = 557850793, .status = UNAVAILABLE, .value = {.int32Values = [1]{0}, .floatValues = [0]{}, .int64Values = [0]{}, .bytes = [0]{}, .stringValue = ""}}
03-17 18:55:00.987   400   452 D adayocomadapter-CommunicationManager: onUpstreamReceive mPropertyId 0x214020a9
03-17 18:55:00.987   400   452 D adayocomadapter-CommunicationManager: onUpstreamReceive isLoss 1 mPropertyId 0x214020ab
03-17 18:55:00.987   400   452 D adayocomadapter-CommunicationManager: convertBytesToInt32Memcpy  0
03-17 18:55:00.987   400   452 D vw-vhal : notifyVehicleProperty, propId = 0x214020ab, data = {status: 3, int32Values: [0]}
03-17 18:55:00.987   400   452 I DefaultVehicleHal_v2_0: DefaultVehicleHal::onPropertyValue, value:{.timestamp = 234934861026, .areaId = 0, .prop = 557850795, .status = UNAVAILABLE, .value = {.int32Values = [1]{0}, .floatValues = [0]{}, .int64Values = [0]{}, .bytes = [0]{}, .stringValue = ""}}
03-17 18:55:00.987   400   452 D adayocomadapter-CommunicationManager: onUpstreamReceive mPropertyId 0x214020ab
03-17 18:55:00.987   400   452 D adayocomadapter-CommunicationManager: onUpstreamReceive isLoss 1 mPropertyId 0x214020ad
03-17 18:55:00.987   400   452 D adayocomadapter-CommunicationManager: convertBytesToInt32Memcpy  0
03-17 18:55:00.987   400   452 D vw-vhal : notifyVehicleProperty, propId = 0x214020ad, data = {status: 3, int32Values: [0]}
03-17 18:55:00.987   400   452 I DefaultVehicleHal_v2_0: DefaultVehicleHal::onPropertyValue, value:{.timestamp = 234934969693, .areaId = 0, .prop = 557850797, .status = UNAVAILABLE, .value = {.int32Values = [1]{0}, .floatValues = [0]{}, .int64Values = [0]{}, .bytes = [0]{}, .stringValue = ""}}
03-17 18:55:00.987   400   452 D adayocomadapter-CommunicationManager: onUpstreamReceive mPropertyId 0x214020ad
03-17 18:55:00.987   400   452 D adayocomadapter-CommunicationManager: onUpstreamReceive isLoss 0 mPropertyId 0x2140213a
03-17 18:55:00.987   400   452 D adayocomadapter-CommunicationManager: convertBytesToInt32Memcpy  0
03-17 18:55:00.987   400   452 D vw-vhal : notifyVehicleProperty, propId = 0x2140213a, data = {status: 2, int32Values: [0]}
03-17 18:55:00.987   400   452 I DefaultVehicleHal_v2_0: DefaultVehicleHal::onPropertyValue, value:{.timestamp = 234935079026, .areaId = 0, .prop = 557850938, .status = AVAILABLE, .value = {.int32Values = [1]{0}, .floatValues = [0]{}, .int64Values = [0]{}, .bytes = [0]{}, .stringValue = ""}}
03-17 18:55:00.987   400   452 D adayocomadapter-CommunicationManager: onUpstreamReceive mPropertyId 0x2140213a
03-17 18:55:00.987   400   452 D adayocomadapter-CommunicationManager: onUpstreamReceive isLoss 0 mPropertyId 0x214021c7
03-17 18:55:00.987   400   452 D adayocomadapter-CommunicationManager: convertBytesToInt32Memcpy  0
03-17 18:55:00.987   400   452 D vw-vhal : notifyVehicleProperty, propId = 0x214021c7, data = {status: 2, int32Values: [0]}
03-17 18:55:00.987   400   452 I DefaultVehicleHal_v2_0: DefaultVehicleHal::onPropertyValue, value:{.timestamp = 234935190359, .areaId = 0, .prop = 557851079, .status = AVAILABLE, .value = {.int32Values = [1]{0}, .floatValues = [0]{}, .int64Values = [0]{}, .bytes = [0]{}, .stringValue = ""}}
03-17 18:55:00.987   400   452 D adayocomadapter-CommunicationManager: onUpstreamReceive mPropertyId 0x214021c7
03-17 18:55:00.987   400   452 D adayocomadapter-CommunicationManager: onUpstreamReceive isLoss 1 mPropertyId 0x214020f2
03-17 18:55:00.987   400   452 D adayocomadapter-CommunicationManager: convertBytesToInt32Memcpy  0
03-17 18:55:00.987   400   452 D vw-vhal : notifyVehicleProperty, propId = 0x214020f2, data = {status: 3, int32Values: [0]}
03-17 18:55:00.987   400   452 I DefaultVehicleHal_v2_0: DefaultVehicleHal::onPropertyValue, value:{.timestamp = 234935303359, .areaId = 0, .prop = 557850866, .status = UNAVAILABLE, .value = {.int32Values = [1]{0}, .floatValues = [0]{}, .int64Values = [0]{}, .bytes = [0]{}, .stringValue = ""}}
03-17 18:55:00.987   400   452 D adayocomadapter-CommunicationManager: onUpstreamReceive mPropertyId 0x214020f2
03-17 18:55:00.987   400   452 D adayocomadapter-CommunicationManager: onUpstreamReceive isLoss 1 mPropertyId 0x214020f1
03-17 18:55:00.987   400   452 D adayocomadapter-CommunicationManager: convertBytesToInt32Memcpy  0
03-17 18:55:00.987   400   452 D vw-vhal : notifyVehicleProperty, propId = 0x214020f1, data = {status: 3, int32Values: [0]}
03-17 18:55:00.987   400   452 I DefaultVehicleHal_v2_0: DefaultVehicleHal::onPropertyValue, value:{.timestamp = 234935414359, .areaId = 0, .prop = 557850865, .status = UNAVAILABLE, .value = {.int32Values = [1]{0}, .floatValues = [0]{}, .int64Values = [0]{}, .bytes = [0]{}, .stringValue = ""}}
03-17 18:55:00.987   400   452 D adayocomadapter-CommunicationManager: onUpstreamReceive mPropertyId 0x214020f1
03-17 18:55:00.987   400   452 D adayocomadapter-CommunicationManager: onUpstreamReceive isLoss 1 mPropertyId 0x21402112
03-17 18:55:00.987   400   452 D adayocomadapter-CommunicationManager: convertBytesToInt32Memcpy  0
03-17 18:55:00.987   400   452 D vw-vhal : notifyVehicleProperty, propId = 0x21402112, data = {status: 3, int32Values: [0]}
03-17 18:55:00.987   400   452 I DefaultVehicleHal_v2_0: DefaultVehicleHal::onPropertyValue, value:{.timestamp = 234935524026, .areaId = 0, .prop = 557850898, .status = UNAVAILABLE, .value = {.int32Values = [1]{0}, .floatValues = [0]{}, .int64Values = [0]{}, .bytes = [0]{}, .stringValue = ""}}
03-17 18:55:00.988   400   452 D adayocomadapter-CommunicationManager: onUpstreamReceive mPropertyId 0x21402112
03-17 18:55:00.988   400   452 D adayocomadapter-CommunicationManager: onUpstreamReceive isLoss 1 mPropertyId 0x2140219f
03-17 18:55:00.988   400   452 D adayocomadapter-CommunicationManager: convertBytesToInt32Memcpy  0
03-17 18:55:00.988   400   452 D vw-vhal : notifyVehicleProperty, propId = 0x2140219f, data = {status: 3, int32Values: [0]}
03-17 18:55:00.988   400   452 I DefaultVehicleHal_v2_0: DefaultVehicleHal::onPropertyValue, value:{.timestamp = 234935634359, .areaId = 0, .prop = 557851039, .status = UNAVAILABLE, .value = {.int32Values = [1]{0}, .floatValues = [0]{}, .int64Values = [0]{}, .bytes = [0]{}, .stringValue = ""}}
03-17 18:55:00.988   400   452 D adayocomadapter-CommunicationManager: onUpstreamReceive mPropertyId 0x2140219f
03-17 18:55:00.988   400   452 D adayocomadapter-CommunicationManager: onUpstreamReceive isLoss 1 mPropertyId 0x21402139
03-17 18:55:00.988   400   452 D adayocomadapter-CommunicationManager: convertBytesToInt32Memcpy  0
03-17 18:55:00.988   400   452 D vw-vhal : notifyVehicleProperty, propId = 0x21402139, data = {status: 3, int32Values: [0]}
03-17 18:55:00.988   400   452 I DefaultVehicleHal_v2_0: DefaultVehicleHal::onPropertyValue, value:{.timestamp = 234935743693, .areaId = 0, .prop = 557850937, .status = UNAVAILABLE, .value = {.int32Values = [1]{0}, .floatValues = [0]{}, .int64Values = [0]{}, .bytes = [0]{}, .stringValue = ""}}
03-17 18:55:00.988   400   452 D adayocomadapter-CommunicationManager: onUpstreamReceive mPropertyId 0x21402139
03-17 18:55:00.988   400   452 D adayocomadapter-CommunicationManager: onUpstreamReceive isLoss 1 mPropertyId 0x21402025
03-17 18:55:00.988   400   452 D adayocomadapter-CommunicationManager: convertBytesToInt32Memcpy  0
03-17 18:55:00.988   400   452 D vw-vhal : notifyVehicleProperty, propId = 0x21402025, data = {status: 3, int32Values: [0]}
03-17 18:55:00.988   400   452 I DefaultVehicleHal_v2_0: DefaultVehicleHal::onPropertyValue, value:{.timestamp = 234935852693, .areaId = 0, .prop = 557850661, .status = UNAVAILABLE, .value = {.int32Values = [1]{0}, .floatValues = [0]{}, .int64Values = [0]{}, .bytes = [0]{}, .stringValue = ""}}
03-17 18:55:00.988   400   452 D adayocomadapter-CommunicationManager: onUpstreamReceive mPropertyId 0x21402025
03-17 18:55:00.988   400   452 D adayocomadapter-CommunicationManager: onUpstreamReceive isLoss 1 mPropertyId 0x21402033
03-17 18:55:00.988   400   452 D adayocomadapter-CommunicationManager: convertBytesToInt32Memcpy  16777215
03-17 18:55:00.988   400   452 D vw-vhal : notifyVehicleProperty, propId = 0x21402033, data = {status: 3, int32Values: [16777215]}
03-17 18:55:00.988   400   452 I DefaultVehicleHal_v2_0: DefaultVehicleHal::onPropertyValue, value:{.timestamp = 234935964359, .areaId = 0, .prop = 557850675, .status = UNAVAILABLE, .value = {.int32Values = [1]{16777215}, .floatValues = [0]{}, .int64Values = [0]{}, .bytes = [0]{}, .stringValue = ""}}
03-17 18:55:00.988   400   452 D adayocomadapter-CommunicationManager: onUpstreamReceive mPropertyId 0x21402033
03-17 18:55:00.988   400   452 D adayocomadapter-CommunicationManager: onUpstreamReceive isLoss 1 mPropertyId 0x21402034
03-17 18:55:00.988   400   452 D adayocomadapter-CommunicationManager: convertBytesToInt32Memcpy  0
03-17 18:55:00.988   400   452 D vw-vhal : notifyVehicleProperty, propId = 0x21402034, data = {status: 3, int32Values: [0]}
03-17 18:55:00.988   400   452 I DefaultVehicleHal_v2_0: DefaultVehicleHal::onPropertyValue, value:{.timestamp = 234936100026, .areaId = 0, .prop = 557850676, .status = UNAVAILABLE, .value = {.int32Values = [1]{0}, .floatValues = [0]{}, .int64Values = [0]{}, .bytes = [0]{}, .stringValue = ""}}
03-17 18:55:00.988   400   452 D adayocomadapter-CommunicationManager: onUpstreamReceive mPropertyId 0x21402034
03-17 18:55:00.988   400   452 D adayocomadapter-CommunicationManager: onUpstreamReceive isLoss 0 mPropertyId 0x2140218c
03-17 18:55:00.988   400   452 D adayocomadapter-CommunicationManager: convertBytesToInt32Memcpy  0
03-17 18:55:00.988   400   452 D vw-vhal : notifyVehicleProperty, propId = 0x2140218c, data = {status: 2, int32Values: [0]}
03-17 18:55:00.988   400   452 I DefaultVehicleHal_v2_0: DefaultVehicleHal::onPropertyValue, value:{.timestamp = 234936210693, .areaId = 0, .prop = 557851020, .status = AVAILABLE, .value = {.int32Values = [1]{0}, .floatValues = [0]{}, .int64Values = [0]{}, .bytes = [0]{}, .stringValue = ""}}
03-17 18:55:00.988   400   452 D adayocomadapter-CommunicationManager: onUpstreamReceive mPropertyId 0x2140218c
03-17 18:55:00.988   400   452 D adayocomadapter-CommunicationManager: onUpstreamReceive isLoss 0 mPropertyId 0x2140219b
03-17 18:55:00.988   400   452 D adayocomadapter-CommunicationManager: convertBytesToInt32Memcpy  0
03-17 18:55:00.988   400   452 D vw-vhal : notifyVehicleProperty, propId = 0x2140219b, data = {status: 2, int32Values: [0]}
03-17 18:55:00.988   400   452 I DefaultVehicleHal_v2_0: DefaultVehicleHal::onPropertyValue, value:{.timestamp = 234936322693, .areaId = 0, .prop = 557851035, .status = AVAILABLE, .value = {.int32Values = [1]{0}, .floatValues = [0]{}, .int64Values = [0]{}, .bytes = [0]{}, .stringValue = ""}}
03-17 18:55:00.988   400   452 D adayocomadapter-CommunicationManager: onUpstreamReceive mPropertyId 0x2140219b
03-17 18:55:00.988   400   452 D adayocomadapter-CommunicationManager: onUpstreamReceive isLoss 1 mPropertyId 0x214021a0
03-17 18:55:00.988   400   452 D adayocomadapter-CommunicationManager: convertBytesToInt32Memcpy  0
03-17 18:55:00.988   400   452 D vw-vhal : notifyVehicleProperty, propId = 0x214021a0, data = {status: 3, int32Values: [0]}
03-17 18:55:00.988   400   452 I DefaultVehicleHal_v2_0: DefaultVehicleHal::onPropertyValue, value:{.timestamp = 234936429693, .areaId = 0, .prop = 557851040, .status = UNAVAILABLE, .value = {.int32Values = [1]{0}, .floatValues = [0]{}, .int64Values = [0]{}, .bytes = [0]{}, .stringValue = ""}}
03-17 18:55:00.988   400   452 D adayocomadapter-CommunicationManager: onUpstreamReceive mPropertyId 0x214021a0
03-17 18:55:00.988   400   452 D adayocomadapter-CommunicationManager: onUpstreamReceive isLoss 1 mPropertyId 0x214021a3
03-17 18:55:00.988   400   452 D adayocomadapter-CommunicationManager: convertBytesToInt32Memcpy  0
03-17 18:55:00.988   400   452 D vw-vhal : notifyVehicleProperty, propId = 0x214021a3, data = {status: 3, int32Values: [0]}
03-17 18:55:00.989   400   452 I DefaultVehicleHal_v2_0: DefaultVehicleHal::onPropertyValue, value:{.timestamp = 234936537359, .areaId = 0, .prop = 557851043, .status = UNAVAILABLE, .value = {.int32Values = [1]{0}, .floatValues = [0]{}, .int64Values = [0]{}, .bytes = [0]{}, .stringValue = ""}}
03-17 18:55:00.989   400   452 D adayocomadapter-CommunicationManager: onUpstreamReceive mPropertyId 0x214021a3
03-17 18:55:00.989   400   452 D adayocomadapter-CommunicationManager: onUpstreamReceive isLoss 1 mPropertyId 0x214021a4
03-17 18:55:00.989   400   452 D adayocomadapter-CommunicationManager: convertBytesToInt32Memcpy  0
03-17 18:55:00.989   400   452 D vw-vhal : notifyVehicleProperty, propId = 0x214021a4, data = {status: 3, int32Values: [0]}
03-17 18:55:00.989   400   452 I DefaultVehicleHal_v2_0: DefaultVehicleHal::onPropertyValue, value:{.timestamp = 234936646693, .areaId = 0, .prop = 557851044, .status = UNAVAILABLE, .value = {.int32Values = [1]{0}, .floatValues = [0]{}, .int64Values = [0]{}, .bytes = [0]{}, .stringValue = ""}}
03-17 18:55:00.989   400   452 D adayocomadapter-CommunicationManager: onUpstreamReceive mPropertyId 0x214021a4
03-17 18:55:00.989   400   452 D adayocomadapter-CommunicationManager: onUpstreamReceive isLoss 0 mPropertyId 0x214021cb
03-17 18:55:00.989   400   452 D adayocomadapter-CommunicationManager: convertBytesToInt32Memcpy  0
03-17 18:55:00.989   400   452 D vw-vhal : notifyVehicleProperty, propId = 0x214021cb, data = {status: 2, int32Values: [0]}
03-17 18:55:00.989   400   452 I DefaultVehicleHal_v2_0: DefaultVehicleHal::onPropertyValue, value:{.timestamp = 234936756359, .areaId = 0, .prop = 557851083, .status = AVAILABLE, .value = {.int32Values = [1]{0}, .floatValues = [0]{}, .int64Values = [0]{}, .bytes = [0]{}, .stringValue = ""}}
03-17 18:55:00.989   400   452 D adayocomadapter-CommunicationManager: onUpstreamReceive mPropertyId 0x214021cb
03-17 18:55:00.990 10173 10197 D TimerTriggerManager: init instance...
03-17 18:55:00.990 10173 10197 D TimerTriggerManager: Timer thread'TimerTriggerManager' is destroyed: false
03-17 18:55:00.990 10173 10197 D TimerTriggerManager: Timer 'onIndcnVehSpdChanged' is running: true
03-17 18:55:00.990 10173 10197 D TimerTriggerManager: Sending reset signal to timer 'onIndcnVehSpdChanged'
03-17 18:55:00.990 10173 10197 D TimerTriggerManager: Reset signal sent to timer 'onIndcnVehSpdChanged'
03-17 18:55:00.991 10173 10204 D TimerTriggerController: Reset method called for timer: onIndcnVehSpdChanged
03-17 18:55:00.991 10173 10204 D TimerTriggerController: Calling onTimerReset for timer: onIndcnVehSpdChanged
03-17 18:55:00.991 10173 10204 D TimerTriggerManager: Timer reset: onIndcnVehSpdChanged
03-17 18:55:00.991 10173 10204 I TimerTriggerController: Timer [onIndcnVehSpdChanged] reset, remaining: 1000ms, reset count: 460
03-17 18:55:01.007   642   685 I mcuc    : sd Uart data : 6AA60208DB0002800A8F
03-17 18:55:01.013   642   685 I mcuc    : rev uart=2362,len=13, data : 6AA68108DB0005800A04000009
03-17 18:55:01.013   642   685 I mcuc    : sd Uart data : 6AA60208DC0002920284
03-17 18:55:01.013   400  1006 D adayocomadapter-ParseProtocolFunc: printRaWMsg Name[MCUToUPstream recv] len[4] data[800A0400]
03-17 18:55:01.013   400  1006 D adayocomadapter-CommunicationManager: onUpstreamback   member[8] dataLength[2] timePoint[234960]
03-17 18:55:01.013   400  1006 D adayocomadapter-ParseProtocolFunc: printRaWMsg Name[onUpstreamback] len[2] data[0400]
03-17 18:55:01.013   400   452 D adayocomadapter-UpstreamHandler: processBeforePacket upSreamtProcessTimePoint[234960] 
03-17 18:55:01.013   400   452 D adayocomadapter-ParseProtocolFunc: parseGeneralIPCLBytes Processing tablename[Table-0] tableSize[2]
03-17 18:55:01.013   400   452 D adayocomadapter-ParseProtocolFunc: printRaWMsg Name[byteStream recv] len[2] data[0400]
03-17 18:55:01.013   400   452 D adayocomadapter-ParseProtocolFunc: printRaWMsg Name[IPCLtoVHAL] len[7] data[31401002000000]
03-17 18:55:01.013   400   452 D adayocomadapter-ParseProtocolFunc: printRaWMsg Name[IPCLtoVHAL] len[7] data[31401001000004]
03-17 18:55:01.013   400   452 D adayocomadapter-CommunicationManager: onUpstreamReceive isLoss 0 mPropertyId 0x31401002
03-17 18:55:01.013   400   452 D adayocomadapter-CommunicationManager: convertBytesToInt32Memcpy  0
03-17 18:55:01.013   400   452 D vw-vhal : notifyVehicleProperty, propId = 0x31401002, data = {status: 2, int32Values: [0]}
03-17 18:55:01.013   400   452 I DefaultVehicleHal_v2_0: DefaultVehicleHal::onPropertyValue, value:{.timestamp = 234961240359, .areaId = 0, .prop = 826281986, .status = AVAILABLE, .value = {.int32Values = [1]{0}, .floatValues = [0]{}, .int64Values = [0]{}, .bytes = [0]{}, .stringValue = ""}}
03-17 18:55:01.013   400   452 D adayocomadapter-CommunicationManager: onUpstreamReceive mPropertyId 0x31401002
03-17 18:55:01.013   400   452 D adayocomadapter-CommunicationManager: onUpstreamReceive isLoss 0 mPropertyId 0x31401001
03-17 18:55:01.013   400   452 D adayocomadapter-CommunicationManager: convertBytesToInt32Memcpy  4
03-17 18:55:01.013   400   452 D vw-vhal : notifyVehicleProperty, propId = 0x31401001, data = {status: 2, int32Values: [4]}
03-17 18:55:01.013   400   452 I DefaultVehicleHal_v2_0: DefaultVehicleHal::onPropertyValue, value:{.timestamp = 234961381026, .areaId = 0, .prop = 826281985, .status = AVAILABLE, .value = {.int32Values = [1]{4}, .floatValues = [0]{}, .int64Values = [0]{}, .bytes = [0]{}, .stringValue = ""}}
03-17 18:55:01.013   400   452 D adayocomadapter-CommunicationManager: onUpstreamReceive mPropertyId 0x31401001
03-17 18:55:01.018   642   685 I mcuc    : rev uart=2363,len=24, data : 6AA68108DC001092020004000000000000000000000000F3
03-17 18:55:01.018   400  1006 D adayocomadapter-ParseProtocolFunc: printRaWMsg Name[MCUToUPstream recv] len[16] data[92020004000000000000000000000000]
03-17 18:55:01.018   400  1006 D adayocomadapter-CommunicationManager: onUpstreamback   member[0] dataLength[13] timePoint[234966]
03-17 18:55:01.018   400  1006 D adayocomadapter-ParseProtocolFunc: printRaWMsg Name[onUpstreamback] len[13] data[04000000000000000000000000]
03-17 18:55:01.018   400   452 D adayocomadapter-UpstreamHandler: processBeforePacket upSreamtProcessTimePoint[234966] 
03-17 18:55:01.018   400   452 D adayocomadapter-UpstreamHandler: processPacket UPSTREAM_QUEUE_DATA_TIMEOUT
03-17 18:55:01.018   400   452 D adayocomadapter-ParseProtocolFunc: parseCommonIPCLBytes Processing tableNumber[4]
03-17 18:55:01.018   400   452 D adayocomadapter-ParseProtocolFunc: parseCommonIPCLBytes Processing tablename[Table-4] tableSize[13]
03-17 18:55:01.018   400   452 D adayocomadapter-ParseProtocolFunc: printRaWMsg Name[byteStream recv] len[13] data[04000000000000000000000000]
03-17 18:55:01.018   400   452 D adayocomadapter-ParseProtocolFunc: printRaWMsg Name[IPCLtoVHAL] len[8] data[2140200C00000000]
03-17 18:55:01.018   400   452 D adayocomadapter-ParseProtocolFunc: printRaWMsg Name[IPCLtoVHAL] len[8] data[2140200D00000000]
03-17 18:55:01.018   400   452 D adayocomadapter-ParseProtocolFunc: printRaWMsg Name[IPCLtoVHAL] len[7] data[21402233000000]
03-17 18:55:01.018   400   452 D adayocomadapter-ParseProtocolFunc: printRaWMsg Name[IPCLtoVHAL] len[10] data[2140201D000000000000]
03-17 18:55:01.018   400   452 D adayocomadapter-ParseProtocolFunc: printRaWMsg Name[IPCLtoVHAL] len[8] data[2140201E00000000]
03-17 18:55:01.018   400   452 D adayocomadapter-CommunicationManager: onUpstreamReceive isLoss 0 mPropertyId 0x2140200c
03-17 18:55:01.018   400   452 D adayocomadapter-CommunicationManager: convertBytesToInt32Memcpy  0
03-17 18:55:01.018   400   452 D vw-vhal : notifyVehicleProperty, propId = 0x2140200c, data = {status: 2, int32Values: [0]}
03-17 18:55:01.019   400   452 I DefaultVehicleHal_v2_0: DefaultVehicleHal::onPropertyValue, value:{.timestamp = 234966551693, .areaId = 0, .prop = 557850636, .status = AVAILABLE, .value = {.int32Values = [1]{0}, .floatValues = [0]{}, .int64Values = [0]{}, .bytes = [0]{}, .stringValue = ""}}
03-17 18:55:01.019   400   452 D adayocomadapter-CommunicationManager: onUpstreamReceive mPropertyId 0x2140200c
03-17 18:55:01.019   400   452 D adayocomadapter-CommunicationManager: onUpstreamReceive isLoss 0 mPropertyId 0x2140200d
03-17 18:55:01.019   400   452 D adayocomadapter-CommunicationManager: convertBytesToInt32Memcpy  0
03-17 18:55:01.019   400   452 D vw-vhal : notifyVehicleProperty, propId = 0x2140200d, data = {status: 2, int32Values: [0]}
03-17 18:55:01.019   400   452 I DefaultVehicleHal_v2_0: DefaultVehicleHal::onPropertyValue, value:{.timestamp = 234966696693, .areaId = 0, .prop = 557850637, .status = AVAILABLE, .value = {.int32Values = [1]{0}, .floatValues = [0]{}, .int64Values = [0]{}, .bytes = [0]{}, .stringValue = ""}}
03-17 18:55:01.019   400   452 D adayocomadapter-CommunicationManager: onUpstreamReceive mPropertyId 0x2140200d
03-17 18:55:01.019   400   452 D adayocomadapter-CommunicationManager: onUpstreamReceive isLoss 0 mPropertyId 0x21402233
03-17 18:55:01.019   400   452 D adayocomadapter-CommunicationManager: convertBytesToInt32Memcpy  0
03-17 18:55:01.019   400   452 D vw-vhal : notifyVehicleProperty, propId = 0x21402233, data = {status: 2, int32Values: [0]}
03-17 18:55:01.019   400   452 I DefaultVehicleHal_v2_0: DefaultVehicleHal::onPropertyValue, value:{.timestamp = 234966831359, .areaId = 0, .prop = 557851187, .status = AVAILABLE, .value = {.int32Values = [1]{0}, .floatValues = [0]{}, .int64Values = [0]{}, .bytes = [0]{}, .stringValue = ""}}
03-17 18:55:01.019   400   452 D adayocomadapter-CommunicationManager: onUpstreamReceive mPropertyId 0x21402233
03-17 18:55:01.019   400   452 D adayocomadapter-CommunicationManager: onUpstreamReceive isLoss 0 mPropertyId 0x2140201d
03-17 18:55:01.019   400   452 D adayocomadapter-CommunicationManager: convertBytesToInt32Memcpy  0
03-17 18:55:01.019   400   452 D vw-vhal : notifyVehicleProperty, propId = 0x2140201d, data = {status: 2, int32Values: [0]}
03-17 18:55:01.019   400   452 I DefaultVehicleHal_v2_0: DefaultVehicleHal::onPropertyValue, value:{.timestamp = 234966949693, .areaId = 0, .prop = 557850653, .status = AVAILABLE, .value = {.int32Values = [1]{0}, .floatValues = [0]{}, .int64Values = [0]{}, .bytes = [0]{}, .stringValue = ""}}
03-17 18:55:01.019   400   452 D adayocomadapter-CommunicationManager: onUpstreamReceive mPropertyId 0x2140201d
03-17 18:55:01.019   400   452 D adayocomadapter-CommunicationManager: onUpstreamReceive isLoss 0 mPropertyId 0x2140201e
03-17 18:55:01.019   400   452 D adayocomadapter-CommunicationManager: convertBytesToInt32Memcpy  0
03-17 18:55:01.019   400   452 D vw-vhal : notifyVehicleProperty, propId = 0x2140201e, data = {status: 2, int32Values: [0]}
03-17 18:55:01.019   400   452 I DefaultVehicleHal_v2_0: DefaultVehicleHal::onPropertyValue, value:{.timestamp = 234967062693, .areaId = 0, .prop = 557850654, .status = AVAILABLE, .value = {.int32Values = [1]{0}, .floatValues = [0]{}, .int64Values = [0]{}, .bytes = [0]{}, .stringValue = ""}}
03-17 18:55:01.019   400   452 D adayocomadapter-CommunicationManager: onUpstreamReceive mPropertyId 0x2140201e
03-17 18:55:01.028   582  3616 E WifiHAL : Invalid data received from driver
03-17 18:55:01.029  2705  3422 E NetProxyJNI: getNetworkTraffic up: 373,down:68
03-17 18:55:01.029  2705  3422 I TboxServiceManager: 上下行类型变化 type:1
03-17 18:55:01.029  2705  3422 I TboxServiceStatusMonitor: onNetworkTrafficChange type: 1
03-17 18:55:01.031  1566  3186 D TboxNetworkManager: tboxNetworkbinder=null
03-17 18:55:01.070   642   685 I mcuc    : sd Uart data : 6AA60208DD0002920283
03-17 18:55:01.072  2383  2600 D AdayoDoipServer294_Doip: [ne_doip_event_loop_dispatch][line:141] : count = 0
03-17 18:55:01.075   642   685 I mcuc    : rev uart=2364,len=69, data : 6AA68108DD003D920200170000000000000000000000000000000000001FFF00001FFF1FFF1FFF003FFFFF0001FFFF3FFF3FFF3FFF01FF01FF01FF01FF01FF000001010141
03-17 18:55:01.076   400  1006 D adayocomadapter-ParseProtocolFunc: printRaWMsg Name[MCUToUPstream recv] len[61] data[920200170000000000000000000000000000000000001FFF00001FFF1FFF1FFF003FFFFF0001FFFF3FFF3FFF3FFF01FF01FF01FF01FF01FF0000010101]
03-17 18:55:01.076   400  1006 D adayocomadapter-CommunicationManager: onUpstreamback   member[0] dataLength[58] timePoint[235023]
03-17 18:55:01.076   400  1006 D adayocomadapter-ParseProtocolFunc: printRaWMsg Name[onUpstreamback] len[58] data[170000000000000000000000000000000000001FFF00001FFF1FFF1FFF003FFFFF0001FFFF3FFF3FFF3FFF01FF01FF01FF01FF01FF0000010101]
03-17 18:55:01.076   400   452 D adayocomadapter-UpstreamHandler: processBeforePacket upSreamtProcessTimePoint[235023] 
