03-17 18:54:56.686   400  1006 D adayocomadapter-ParseProtocolFunc: printRaWMsg Name[onUpstreamback] len[46] data[114C465630314C5954455354564C4E30333000000000000000000000007F000100000000000007FE000101010101]
03-17 18:54:56.686   400   452 D adayocomadapter-UpstreamHandler: processBeforePacket upSreamtProcessTimePoint[230634] 
03-17 18:54:56.686   400   452 D adayocomadapter-UpstreamHandler: processPacket UPSTREAM_QUEUE_DATA_TIMEOUT
03-17 18:54:56.686   400   452 D adayocomadapter-ParseProtocolFunc: parseCommonIPCLBytes Processing tableNumber[17]
03-17 18:54:56.686   400   452 D adayocomadapter-ParseProtocolFunc: parseCommonIPCLBytes Processing tablename[Table-17] tableSize[46]
03-17 18:54:56.686   400   452 D adayocomadapter-ParseProtocolFunc: printRaWMsg Name[byteStream recv] len[46] data[114C465630314C5954455354564C4E30333000000000000000000000007F000100000000000007FE000101010101]
03-17 18:54:56.687   400   452 D adayocomadapter-ParseProtocolFunc: printRaWMsg Name[IPCLtoVHAL] len[23] data[2110204701014C465630314C5954455354564C4E303330]
03-17 18:54:56.687   400   452 D adayocomadapter-ParseProtocolFunc: printRaWMsg Name[IPCLtoVHAL] len[7] data[21402013000100]
03-17 18:54:56.687   400   452 D adayocomadapter-ParseProtocolFunc: printRaWMsg Name[IPCLtoVHAL] len[7] data[2140216C000100]
03-17 18:54:56.687   400   452 D adayocomadapter-ParseProtocolFunc: printRaWMsg Name[IPCLtoVHAL] len[7] data[214020A6000100]
03-17 18:54:56.687   400   452 D adayocomadapter-ParseProtocolFunc: printRaWMsg Name[IPCLtoVHAL] len[7] data[214020FC000100]
03-17 18:54:56.687   400   452 D adayocomadapter-ParseProtocolFunc: printRaWMsg Name[IPCLtoVHAL] len[7] data[21402108000100]
03-17 18:54:56.687   400   452 D adayocomadapter-ParseProtocolFunc: printRaWMsg Name[IPCLtoVHAL] len[7] data[2140210A000100]
03-17 18:54:56.687   400   452 D adayocomadapter-ParseProtocolFunc: printRaWMsg Name[IPCLtoVHAL] len[7] data[2140202400017F]
03-17 18:54:56.687   400   452 D adayocomadapter-ParseProtocolFunc: printRaWMsg Name[IPCLtoVHAL] len[7] data[21402120000100]
03-17 18:54:56.687   400   452 D adayocomadapter-ParseProtocolFunc: printRaWMsg Name[IPCLtoVHAL] len[7] data[21402109000100]
03-17 18:54:56.687   400   452 D adayocomadapter-ParseProtocolFunc: printRaWMsg Name[IPCLtoVHAL] len[7] data[214020A7000100]
03-17 18:54:56.687   400   452 D adayocomadapter-ParseProtocolFunc: printRaWMsg Name[IPCLtoVHAL] len[7] data[2140212E000100]
03-17 18:54:56.687   400   452 D adayocomadapter-ParseProtocolFunc: printRaWMsg Name[IPCLtoVHAL] len[7] data[2140205F000100]
03-17 18:54:56.687   400   452 D adayocomadapter-ParseProtocolFunc: printRaWMsg Name[IPCLtoVHAL] len[7] data[21402100000100]
03-17 18:54:56.687   400   452 D adayocomadapter-ParseProtocolFunc: printRaWMsg Name[IPCLtoVHAL] len[8] data[214021A1000107FE]
03-17 18:54:56.687   400   452 D adayocomadapter-ParseProtocolFunc: printRaWMsg Name[IPCLtoVHAL] len[7] data[21402027000100]
03-17 18:54:56.688   400   452 D adayocomadapter-ParseProtocolFunc: printRaWMsg Name[IPCLtoVHAL] len[7] data[21402180000100]
03-17 18:54:56.688   400   452 D adayocomadapter-ParseProtocolFunc: printRaWMsg Name[IPCLtoVHAL] len[7] data[2140210B000100]
03-17 18:54:56.688   400   452 D adayocomadapter-ParseProtocolFunc: printRaWMsg Name[IPCLtoVHAL] len[7] data[2140217E000100]
03-17 18:54:56.688 10173 10197 D TimerTriggerManager: init instance...
03-17 18:54:56.688   400   452 D adayocomadapter-ParseProtocolFunc: printRaWMsg Name[IPCLtoVHAL] len[7] data[214020FE000101]
03-17 18:54:56.688 10173 10197 D TimerTriggerManager: Timer thread'TimerTriggerManager' is destroyed: false
03-17 18:54:56.688   400   452 D adayocomadapter-ParseProtocolFunc: printRaWMsg Name[IPCLtoVHAL] len[7] data[214020FF000100]
03-17 18:54:56.688   400   452 D adayocomadapter-ParseProtocolFunc: printRaWMsg Name[IPCLtoVHAL] len[7] data[21402182000100]
03-17 18:54:56.688 10173 10197 D TimerTriggerManager: Timer 'onIndcnVehSpdChanged' is running: true
03-17 18:54:56.688   400   452 D adayocomadapter-ParseProtocolFunc: printRaWMsg Name[IPCLtoVHAL] len[7] data[2140210C000100]
03-17 18:54:56.688 10173 10197 D TimerTriggerManager: Sending reset signal to timer 'onIndcnVehSpdChanged'
03-17 18:54:56.688   400   452 D adayocomadapter-CommunicationManager: onUpstreamReceive isLoss 1 mPropertyId 0x21102047
03-17 18:54:56.688   400   452 D adayocomadapter-CommunicationManager: byteArrayToHexString  LFV01LYTESTVLN030
03-17 18:54:56.688 10173 10197 D TimerTriggerManager: Reset signal sent to timer 'onIndcnVehSpdChanged'
03-17 18:54:56.688   400   452 D vw-vhal : notifyVehicleProperty, propId = 0x21102047, data = {status: 3, stringValue: "LFV01LYTESTVLN030"}
03-17 18:54:56.688   400   452 I DefaultVehicleHal_v2_0: DefaultVehicleHal::onPropertyValue, value:{.timestamp = 230636270359, .areaId = 0, .prop = 554704967, .status = UNAVAILABLE, .value = {.int32Values = [0]{}, .floatValues = [0]{}, .int64Values = [0]{}, .bytes = [0]{}, .stringValue = "LFV01LYTESTVLN030"}}
03-17 18:54:56.688   400   452 D adayocomadapter-CommunicationManager: onUpstreamReceive mPropertyId 0x21102047
03-17 18:54:56.688   400   452 D adayocomadapter-CommunicationManager: onUpstreamReceive isLoss 1 mPropertyId 0x21402013
03-17 18:54:56.688   400   452 D adayocomadapter-CommunicationManager: convertBytesToInt32Memcpy  0
03-17 18:54:56.689   400   452 D vw-vhal : notifyVehicleProperty, propId = 0x21402013, data = {status: 3, int32Values: [0]}
03-17 18:54:56.689   400   452 I DefaultVehicleHal_v2_0: DefaultVehicleHal::onPropertyValue, value:{.timestamp = 230636659359, .areaId = 0, .prop = 557850643, .status = UNAVAILABLE, .value = {.int32Values = [1]{0}, .floatValues = [0]{}, .int64Values = [0]{}, .bytes = [0]{}, .stringValue = ""}}
03-17 18:54:56.689   400   452 D adayocomadapter-CommunicationManager: onUpstreamReceive mPropertyId 0x21402013
03-17 18:54:56.689   400   452 D adayocomadapter-CommunicationManager: onUpstreamReceive isLoss 1 mPropertyId 0x2140216c
03-17 18:54:56.689   400   452 D adayocomadapter-CommunicationManager: convertBytesToInt32Memcpy  0
03-17 18:54:56.689   400   452 D vw-vhal : notifyVehicleProperty, propId = 0x2140216c, data = {status: 3, int32Values: [0]}
03-17 18:54:56.689 10173 10197 D TimerTriggerManager: init instance...
03-17 18:54:56.689 10173 10197 D TimerTriggerManager: Timer thread'TimerTriggerManager' is destroyed: false
03-17 18:54:56.689 10173 10197 D TimerTriggerManager: Timer 'onMntnWarnReqChanged' is running: true
03-17 18:54:56.689 10173 10197 D TimerTriggerManager: Sending reset signal to timer 'onMntnWarnReqChanged'
03-17 18:54:56.689 10173 10204 D TimerTriggerController: Reset method called for timer: onIndcnVehSpdChanged
03-17 18:54:56.689 10173 10197 D TimerTriggerManager: Reset signal sent to timer 'onMntnWarnReqChanged'
03-17 18:54:56.689   400   452 I DefaultVehicleHal_v2_0: DefaultVehicleHal::onPropertyValue, value:{.timestamp = 230637055692, .areaId = 0, .prop = 557850988, .status = UNAVAILABLE, .value = {.int32Values = [1]{0}, .floatValues = [0]{}, .int64Values = [0]{}, .bytes = [0]{}, .stringValue = ""}}
03-17 18:54:56.690 10173 10204 D TimerTriggerController: Calling onTimerReset for timer: onIndcnVehSpdChanged
03-17 18:54:56.690   400   452 D adayocomadapter-CommunicationManager: onUpstreamReceive mPropertyId 0x2140216c
03-17 18:54:56.690   400   452 D adayocomadapter-CommunicationManager: onUpstreamReceive isLoss 1 mPropertyId 0x214020a6
03-17 18:54:56.690 10173 10204 D TimerTriggerManager: Timer reset: onIndcnVehSpdChanged
03-17 18:54:56.690   400   452 D adayocomadapter-CommunicationManager: convertBytesToInt32Memcpy  0
03-17 18:54:56.690   400   452 D vw-vhal : notifyVehicleProperty, propId = 0x214020a6, data = {status: 3, int32Values: [0]}
03-17 18:54:56.690 10173 10204 I TimerTriggerController: Timer [onIndcnVehSpdChanged] reset, remaining: 999ms, reset count: 417
03-17 18:54:56.690   400   452 I DefaultVehicleHal_v2_0: DefaultVehicleHal::onPropertyValue, value:{.timestamp = 230637847692, .areaId = 0, .prop = 557850790, .status = UNAVAILABLE, .value = {.int32Values = [1]{0}, .floatValues = [0]{}, .int64Values = [0]{}, .bytes = [0]{}, .stringValue = ""}}
03-17 18:54:56.690 10173 10204 D TimerTriggerController: Reset method called for timer: onMntnWarnReqChanged
03-17 18:54:56.690   400   452 D adayocomadapter-CommunicationManager: onUpstreamReceive mPropertyId 0x214020a6
03-17 18:54:56.690   400   452 D adayocomadapter-CommunicationManager: onUpstreamReceive isLoss 1 mPropertyId 0x214020fc
03-17 18:54:56.690 10173 10204 D TimerTriggerController: Calling onTimerReset for timer: onMntnWarnReqChanged
03-17 18:54:56.690   400   452 D adayocomadapter-CommunicationManager: convertBytesToInt32Memcpy  0
03-17 18:54:56.690 10173 10204 D TimerTriggerManager: Timer reset: onMntnWarnReqChanged
03-17 18:54:56.690   400   452 D vw-vhal : notifyVehicleProperty, propId = 0x214020fc, data = {status: 3, int32Values: [0]}
03-17 18:54:56.690 10173 10204 I TimerTriggerController: Timer [onMntnWarnReqChanged] reset, remaining: 5000ms, reset count: 209
03-17 18:54:56.690   400   452 I DefaultVehicleHal_v2_0: DefaultVehicleHal::onPropertyValue, value:{.timestamp = 230638224359, .areaId = 0, .prop = 557850876, .status = UNAVAILABLE, .value = {.int32Values = [1]{0}, .floatValues = [0]{}, .int64Values = [0]{}, .bytes = [0]{}, .stringValue = ""}}
03-17 18:54:56.690   400   452 D adayocomadapter-CommunicationManager: onUpstreamReceive mPropertyId 0x214020fc
03-17 18:54:56.690   400   452 D adayocomadapter-CommunicationManager: onUpstreamReceive isLoss 1 mPropertyId 0x21402108
03-17 18:54:56.690   400   452 D adayocomadapter-CommunicationManager: convertBytesToInt32Memcpy  0
03-17 18:54:56.690   400   452 D vw-vhal : notifyVehicleProperty, propId = 0x21402108, data = {status: 3, int32Values: [0]}
03-17 18:54:56.691   400   452 I DefaultVehicleHal_v2_0: DefaultVehicleHal::onPropertyValue, value:{.timestamp = 230638590359, .areaId = 0, .prop = 557850888, .status = UNAVAILABLE, .value = {.int32Values = [1]{0}, .floatValues = [0]{}, .int64Values = [0]{}, .bytes = [0]{}, .stringValue = ""}}
03-17 18:54:56.691   400   452 D adayocomadapter-CommunicationManager: onUpstreamReceive mPropertyId 0x21402108
03-17 18:54:56.691   400   452 D adayocomadapter-CommunicationManager: onUpstreamReceive isLoss 1 mPropertyId 0x2140210a
03-17 18:54:56.691   400   452 D adayocomadapter-CommunicationManager: convertBytesToInt32Memcpy  0
03-17 18:54:56.691   400   452 D vw-vhal : notifyVehicleProperty, propId = 0x2140210a, data = {status: 3, int32Values: [0]}
03-17 18:54:56.691   400   452 I DefaultVehicleHal_v2_0: DefaultVehicleHal::onPropertyValue, value:{.timestamp = 230639003692, .areaId = 0, .prop = 557850890, .status = UNAVAILABLE, .value = {.int32Values = [1]{0}, .floatValues = [0]{}, .int64Values = [0]{}, .bytes = [0]{}, .stringValue = ""}}
03-17 18:54:56.691   400   452 D adayocomadapter-CommunicationManager: onUpstreamReceive mPropertyId 0x2140210a
03-17 18:54:56.691   400   452 D adayocomadapter-CommunicationManager: onUpstreamReceive isLoss 1 mPropertyId 0x21402024
03-17 18:54:56.691   400   452 D adayocomadapter-CommunicationManager: convertBytesToInt32Memcpy  127
03-17 18:54:56.691   400   452 D vw-vhal : notifyVehicleProperty, propId = 0x21402024, data = {status: 3, int32Values: [127]}
03-17 18:54:56.691   400   452 I DefaultVehicleHal_v2_0: DefaultVehicleHal::onPropertyValue, value:{.timestamp = 230639404026, .areaId = 0, .prop = 557850660, .status = UNAVAILABLE, .value = {.int32Values = [1]{127}, .floatValues = [0]{}, .int64Values = [0]{}, .bytes = [0]{}, .stringValue = ""}}
03-17 18:54:56.692   400   452 D adayocomadapter-CommunicationManager: onUpstreamReceive mPropertyId 0x21402024
03-17 18:54:56.692   400   452 D adayocomadapter-CommunicationManager: onUpstreamReceive isLoss 1 mPropertyId 0x21402120
03-17 18:54:56.692   400   452 D adayocomadapter-CommunicationManager: convertBytesToInt32Memcpy  0
03-17 18:54:56.692   400   452 D vw-vhal : notifyVehicleProperty, propId = 0x21402120, data = {status: 3, int32Values: [0]}
03-17 18:54:56.692   400   452 I DefaultVehicleHal_v2_0: DefaultVehicleHal::onPropertyValue, value:{.timestamp = 230639822026, .areaId = 0, .prop = 557850912, .status = UNAVAILABLE, .value = {.int32Values = [1]{0}, .floatValues = [0]{}, .int64Values = [0]{}, .bytes = [0]{}, .stringValue = ""}}
03-17 18:54:56.692   400   452 D adayocomadapter-CommunicationManager: onUpstreamReceive mPropertyId 0x21402120
03-17 18:54:56.692   400   452 D adayocomadapter-CommunicationManager: onUpstreamReceive isLoss 1 mPropertyId 0x21402109
03-17 18:54:56.692   400   452 D adayocomadapter-CommunicationManager: convertBytesToInt32Memcpy  0
03-17 18:54:56.692   400   452 D vw-vhal : notifyVehicleProperty, propId = 0x21402109, data = {status: 3, int32Values: [0]}
03-17 18:54:56.692   400   452 I DefaultVehicleHal_v2_0: DefaultVehicleHal::onPropertyValue, value:{.timestamp = 230640281359, .areaId = 0, .prop = 557850889, .status = UNAVAILABLE, .value = {.int32Values = [1]{0}, .floatValues = [0]{}, .int64Values = [0]{}, .bytes = [0]{}, .stringValue = ""}}
03-17 18:54:56.692   400   452 D adayocomadapter-CommunicationManager: onUpstreamReceive mPropertyId 0x21402109
03-17 18:54:56.692   400   452 D adayocomadapter-CommunicationManager: onUpstreamReceive isLoss 1 mPropertyId 0x214020a7
03-17 18:54:56.692   400   452 D adayocomadapter-CommunicationManager: convertBytesToInt32Memcpy  0
03-17 18:54:56.693   400   452 D vw-vhal : notifyVehicleProperty, propId = 0x214020a7, data = {status: 3, int32Values: [0]}
03-17 18:54:56.693   400   452 I DefaultVehicleHal_v2_0: DefaultVehicleHal::onPropertyValue, value:{.timestamp = 230640667692, .areaId = 0, .prop = 557850791, .status = UNAVAILABLE, .value = {.int32Values = [1]{0}, .floatValues = [0]{}, .int64Values = [0]{}, .bytes = [0]{}, .stringValue = ""}}
03-17 18:54:56.693   400   452 D adayocomadapter-CommunicationManager: onUpstreamReceive mPropertyId 0x214020a7
03-17 18:54:56.693   400   452 D adayocomadapter-CommunicationManager: onUpstreamReceive isLoss 1 mPropertyId 0x2140212e
03-17 18:54:56.693   400   452 D adayocomadapter-CommunicationManager: convertBytesToInt32Memcpy  0
03-17 18:54:56.693   400   452 D vw-vhal : notifyVehicleProperty, propId = 0x2140212e, data = {status: 3, int32Values: [0]}
03-17 18:54:56.693   400   452 I DefaultVehicleHal_v2_0: DefaultVehicleHal::onPropertyValue, value:{.timestamp = 230641077026, .areaId = 0, .prop = 557850926, .status = UNAVAILABLE, .value = {.int32Values = [1]{0}, .floatValues = [0]{}, .int64Values = [0]{}, .bytes = [0]{}, .stringValue = ""}}
03-17 18:54:56.693   400   452 D adayocomadapter-CommunicationManager: onUpstreamReceive mPropertyId 0x2140212e
03-17 18:54:56.693   400   452 D adayocomadapter-CommunicationManager: onUpstreamReceive isLoss 1 mPropertyId 0x2140205f
03-17 18:54:56.693   400   452 D adayocomadapter-CommunicationManager: convertBytesToInt32Memcpy  0
03-17 18:54:56.693   400   452 D vw-vhal : notifyVehicleProperty, propId = 0x2140205f, data = {status: 3, int32Values: [0]}
03-17 18:54:56.693   400   452 I DefaultVehicleHal_v2_0: DefaultVehicleHal::onPropertyValue, value:{.timestamp = 230641466692, .areaId = 0, .prop = 557850719, .status = UNAVAILABLE, .value = {.int32Values = [1]{0}, .floatValues = [0]{}, .int64Values = [0]{}, .bytes = [0]{}, .stringValue = ""}}
03-17 18:54:56.694   400   452 D adayocomadapter-CommunicationManager: onUpstreamReceive mPropertyId 0x2140205f
03-17 18:54:56.694   400   452 D adayocomadapter-CommunicationManager: onUpstreamReceive isLoss 1 mPropertyId 0x21402100
03-17 18:54:56.694   400   452 D adayocomadapter-CommunicationManager: convertBytesToInt32Memcpy  0
03-17 18:54:56.694   400   452 D vw-vhal : notifyVehicleProperty, propId = 0x21402100, data = {status: 3, int32Values: [0]}
03-17 18:54:56.694   400   452 I DefaultVehicleHal_v2_0: DefaultVehicleHal::onPropertyValue, value:{.timestamp = 230641864026, .areaId = 0, .prop = 557850880, .status = UNAVAILABLE, .value = {.int32Values = [1]{0}, .floatValues = [0]{}, .int64Values = [0]{}, .bytes = [0]{}, .stringValue = ""}}
03-17 18:54:56.694   400   452 D adayocomadapter-CommunicationManager: onUpstreamReceive mPropertyId 0x21402100
03-17 18:54:56.694   400   452 D adayocomadapter-CommunicationManager: onUpstreamReceive isLoss 1 mPropertyId 0x214021a1
03-17 18:54:56.694   400   452 D adayocomadapter-CommunicationManager: convertBytesToInt32Memcpy  2046
03-17 18:54:56.694   400   452 D vw-vhal : notifyVehicleProperty, propId = 0x214021a1, data = {status: 3, int32Values: [2046]}
03-17 18:54:56.694   400   452 I DefaultVehicleHal_v2_0: DefaultVehicleHal::onPropertyValue, value:{.timestamp = 230642246359, .areaId = 0, .prop = 557851041, .status = UNAVAILABLE, .value = {.int32Values = [1]{2046}, .floatValues = [0]{}, .int64Values = [0]{}, .bytes = [0]{}, .stringValue = ""}}
03-17 18:54:56.694   400   452 D adayocomadapter-CommunicationManager: onUpstreamReceive mPropertyId 0x214021a1
03-17 18:54:56.694   400   452 D adayocomadapter-CommunicationManager: onUpstreamReceive isLoss 1 mPropertyId 0x21402027
03-17 18:54:56.694   400   452 D adayocomadapter-CommunicationManager: convertBytesToInt32Memcpy  0
03-17 18:54:56.695   400   452 D vw-vhal : notifyVehicleProperty, propId = 0x21402027, data = {status: 3, int32Values: [0]}
03-17 18:54:56.695   400   452 I DefaultVehicleHal_v2_0: DefaultVehicleHal::onPropertyValue, value:{.timestamp = 230642641692, .areaId = 0, .prop = 557850663, .status = UNAVAILABLE, .value = {.int32Values = [1]{0}, .floatValues = [0]{}, .int64Values = [0]{}, .bytes = [0]{}, .stringValue = ""}}
03-17 18:54:56.695   400   452 D adayocomadapter-CommunicationManager: onUpstreamReceive mPropertyId 0x21402027
03-17 18:54:56.695   400   452 D adayocomadapter-CommunicationManager: onUpstreamReceive isLoss 1 mPropertyId 0x21402180
03-17 18:54:56.695   400   452 D adayocomadapter-CommunicationManager: convertBytesToInt32Memcpy  0
03-17 18:54:56.695   400   452 D vw-vhal : notifyVehicleProperty, propId = 0x21402180, data = {status: 3, int32Values: [0]}
03-17 18:54:56.695   400   452 I DefaultVehicleHal_v2_0: DefaultVehicleHal::onPropertyValue, value:{.timestamp = 230643026692, .areaId = 0, .prop = 557851008, .status = UNAVAILABLE, .value = {.int32Values = [1]{0}, .floatValues = [0]{}, .int64Values = [0]{}, .bytes = [0]{}, .stringValue = ""}}
03-17 18:54:56.695   400   452 D adayocomadapter-CommunicationManager: onUpstreamReceive mPropertyId 0x21402180
03-17 18:54:56.695   400   452 D adayocomadapter-CommunicationManager: onUpstreamReceive isLoss 1 mPropertyId 0x2140210b
03-17 18:54:56.695   400   452 D adayocomadapter-CommunicationManager: convertBytesToInt32Memcpy  0
03-17 18:54:56.695   400   452 D vw-vhal : notifyVehicleProperty, propId = 0x2140210b, data = {status: 3, int32Values: [0]}
03-17 18:54:56.695   400   452 I DefaultVehicleHal_v2_0: DefaultVehicleHal::onPropertyValue, value:{.timestamp = 230643392692, .areaId = 0, .prop = 557850891, .status = UNAVAILABLE, .value = {.int32Values = [1]{0}, .floatValues = [0]{}, .int64Values = [0]{}, .bytes = [0]{}, .stringValue = ""}}
03-17 18:54:56.695   400   452 D adayocomadapter-CommunicationManager: onUpstreamReceive mPropertyId 0x2140210b
03-17 18:54:56.696   400   452 D adayocomadapter-CommunicationManager: onUpstreamReceive isLoss 1 mPropertyId 0x2140217e
03-17 18:54:56.696   400   452 D adayocomadapter-CommunicationManager: convertBytesToInt32Memcpy  0
03-17 18:54:56.696   400   452 D vw-vhal : notifyVehicleProperty, propId = 0x2140217e, data = {status: 3, int32Values: [0]}
03-17 18:54:56.696   400   452 I DefaultVehicleHal_v2_0: DefaultVehicleHal::onPropertyValue, value:{.timestamp = 230643741359, .areaId = 0, .prop = 557851006, .status = UNAVAILABLE, .value = {.int32Values = [1]{0}, .floatValues = [0]{}, .int64Values = [0]{}, .bytes = [0]{}, .stringValue = ""}}
03-17 18:54:56.696   400   452 D adayocomadapter-CommunicationManager: onUpstreamReceive mPropertyId 0x2140217e
03-17 18:54:56.696   400   452 D adayocomadapter-CommunicationManager: onUpstreamReceive isLoss 1 mPropertyId 0x214020fe
03-17 18:54:56.696   400   452 D adayocomadapter-CommunicationManager: convertBytesToInt32Memcpy  1
03-17 18:54:56.696   400   452 D vw-vhal : notifyVehicleProperty, propId = 0x214020fe, data = {status: 3, int32Values: [1]}
03-17 18:54:56.696   400   452 I DefaultVehicleHal_v2_0: DefaultVehicleHal::onPropertyValue, value:{.timestamp = 230644143026, .areaId = 0, .prop = 557850878, .status = UNAVAILABLE, .value = {.int32Values = [1]{1}, .floatValues = [0]{}, .int64Values = [0]{}, .bytes = [0]{}, .stringValue = ""}}
03-17 18:54:56.696   400   452 D adayocomadapter-CommunicationManager: onUpstreamReceive mPropertyId 0x214020fe
03-17 18:54:56.696   400   452 D adayocomadapter-CommunicationManager: onUpstreamReceive isLoss 1 mPropertyId 0x214020ff
03-17 18:54:56.696   400   452 D adayocomadapter-CommunicationManager: convertBytesToInt32Memcpy  0
03-17 18:54:56.696   400   452 D vw-vhal : notifyVehicleProperty, propId = 0x214020ff, data = {status: 3, int32Values: [0]}
03-17 18:54:56.696   400   452 I DefaultVehicleHal_v2_0: DefaultVehicleHal::onPropertyValue, value:{.timestamp = 230644489359, .areaId = 0, .prop = 557850879, .status = UNAVAILABLE, .value = {.int32Values = [1]{0}, .floatValues = [0]{}, .int64Values = [0]{}, .bytes = [0]{}, .stringValue = ""}}
03-17 18:54:56.697   400   452 D adayocomadapter-CommunicationManager: onUpstreamReceive mPropertyId 0x214020ff
03-17 18:54:56.697   400   452 D adayocomadapter-CommunicationManager: onUpstreamReceive isLoss 1 mPropertyId 0x21402182
03-17 18:54:56.697   400   452 D adayocomadapter-CommunicationManager: convertBytesToInt32Memcpy  0
03-17 18:54:56.697   400   452 D vw-vhal : notifyVehicleProperty, propId = 0x21402182, data = {status: 3, int32Values: [0]}
03-17 18:54:56.697   400   452 I DefaultVehicleHal_v2_0: DefaultVehicleHal::onPropertyValue, value:{.timestamp = 230644831692, .areaId = 0, .prop = 557851010, .status = UNAVAILABLE, .value = {.int32Values = [1]{0}, .floatValues = [0]{}, .int64Values = [0]{}, .bytes = [0]{}, .stringValue = ""}}
03-17 18:54:56.697   400   452 D adayocomadapter-CommunicationManager: onUpstreamReceive mPropertyId 0x21402182
03-17 18:54:56.697   400   452 D adayocomadapter-CommunicationManager: onUpstreamReceive isLoss 1 mPropertyId 0x2140210c
03-17 18:54:56.697   400   452 D adayocomadapter-CommunicationManager: convertBytesToInt32Memcpy  0
03-17 18:54:56.697   400   452 D vw-vhal : notifyVehicleProperty, propId = 0x2140210c, data = {status: 3, int32Values: [0]}
03-17 18:54:56.697   400   452 I DefaultVehicleHal_v2_0: DefaultVehicleHal::onPropertyValue, value:{.timestamp = 230645181026, .areaId = 0, .prop = 557850892, .status = UNAVAILABLE, .value = {.int32Values = [1]{0}, .floatValues = [0]{}, .int64Values = [0]{}, .bytes = [0]{}, .stringValue = ""}}
03-17 18:54:56.697   400   452 D adayocomadapter-CommunicationManager: onUpstreamReceive mPropertyId 0x2140210c
03-17 18:54:56.721   582  3616 E WifiHAL : Invalid data received from driver
03-17 18:54:56.721   582  3616 E WifiHAL : Invalid data received from driver
03-17 18:54:56.722   582  3616 E WifiHAL : Invalid data received from driver
03-17 18:54:56.722   582  3616 E WifiHAL : Invalid data received from driver
03-17 18:54:56.722   582  3616 E WifiHAL : Invalid data received from driver
03-17 18:54:56.722   582  3616 E WifiHAL : Invalid data received from driver
03-17 18:54:56.722   582  3616 E WifiHAL : Invalid data received from driver
03-17 18:54:56.727   582  3616 E WifiHAL : Invalid data received from driver
03-17 18:54:56.760  2383  2600 D AdayoDoipServer294_Doip: [ne_doip_event_loop_dispatch][line:141] : count = 0
03-17 18:54:56.787 10173 10197 D TimerTriggerManager: init instance...
03-17 18:54:56.787 10173 10197 D TimerTriggerManager: Timer thread'TimerTriggerManager' is destroyed: false
03-17 18:54:56.787 10173 10197 D TimerTriggerManager: Timer 'onIndcnVehSpdChanged' is running: true
03-17 18:54:56.787 10173 10197 D TimerTriggerManager: Sending reset signal to timer 'onIndcnVehSpdChanged'
03-17 18:54:56.787 10173 10197 D TimerTriggerManager: Reset signal sent to timer 'onIndcnVehSpdChanged'
03-17 18:54:56.787 10173 10204 D TimerTriggerController: Reset method called for timer: onIndcnVehSpdChanged
03-17 18:54:56.787 10173 10204 D TimerTriggerController: Calling onTimerReset for timer: onIndcnVehSpdChanged
03-17 18:54:56.787 10173 10204 D TimerTriggerManager: Timer reset: onIndcnVehSpdChanged
03-17 18:54:56.787 10173 10204 I TimerTriggerController: Timer [onIndcnVehSpdChanged] reset, remaining: 1000ms, reset count: 418
03-17 18:54:56.824   582  3616 E WifiHAL : Invalid data received from driver
03-17 18:54:56.842 10651 10651 I auditd  : type=1400 audit(0.0:22376): avc:  denied  { read } for  comm="pgrep" scontext=u:r:ota_init_shell:s0 tcontext=u:r:ueventd:s0 tclass=file permissive=0
03-17 18:54:56.842 10651 10651 W pgrep   : type=1400 audit(0.0:22376): avc:  denied  { read } for  scontext=u:r:ota_init_shell:s0 tcontext=u:r:ueventd:s0 tclass=file permissive=0
03-17 18:54:56.846 10651 10651 I auditd  : type=1400 audit(0.0:22377): avc:  denied  { read } for  comm="pgrep" scontext=u:r:ota_init_shell:s0 tcontext=u:r:prng_seeder:s0 tclass=file permissive=0
03-17 18:54:56.846 10651 10651 W pgrep   : type=1400 audit(0.0:22377): avc:  denied  { read } for  scontext=u:r:ota_init_shell:s0 tcontext=u:r:prng_seeder:s0 tclass=file permissive=0
03-17 18:54:56.846 10651 10651 I auditd  : type=1400 audit(0.0:22378): avc:  denied  { read } for  comm="pgrep" scontext=u:r:ota_init_shell:s0 tcontext=u:r:sdcvd:s0 tclass=file permissive=0
03-17 18:54:56.846 10651 10651 W pgrep   : type=1400 audit(0.0:22378): avc:  denied  { read } for  scontext=u:r:ota_init_shell:s0 tcontext=u:r:sdcvd:s0 tclass=file permissive=0
03-17 18:54:56.846 10651 10651 I auditd  : type=1400 audit(0.0:22379): avc:  denied  { read } for  comm="pgrep" scontext=u:r:ota_init_shell:s0 tcontext=u:r:sdprop:s0 tclass=file permissive=0
03-17 18:54:56.846 10651 10651 W pgrep   : type=1400 audit(0.0:22379): avc:  denied  { read } for  scontext=u:r:ota_init_shell:s0 tcontext=u:r:sdprop:s0 tclass=file permissive=0
03-17 18:54:56.846 10651 10651 I auditd  : type=1400 audit(0.0:22380): avc:  denied  { read } for  comm="pgrep" scontext=u:r:ota_init_shell:s0 tcontext=u:r:keystore:s0 tclass=file permissive=0
03-17 18:54:56.846 10651 10651 W pgrep   : type=1400 audit(0.0:22380): avc:  denied  { read } for  scontext=u:r:ota_init_shell:s0 tcontext=u:r:keystore:s0 tclass=file permissive=0
03-17 18:54:56.846 10651 10651 I auditd  : type=1400 audit(0.0:22381): avc:  denied  { read } for  comm="pgrep" scontext=u:r:ota_init_shell:s0 tcontext=u:r:surfaceflinger:s0 tclass=file permissive=0
03-17 18:54:56.846 10651 10651 W pgrep   : type=1400 audit(0.0:22381): avc:  denied  { read } for  scontext=u:r:ota_init_shell:s0 tcontext=u:r:surfaceflinger:s0 tclass=file permissive=0
03-17 18:54:56.861  2383  2600 D AdayoDoipServer294_Doip: [ne_doip_event_loop_dispatch][line:141] : count = 0
03-17 18:54:56.886 10173 10197 D TimerTriggerManager: init instance...
03-17 18:54:56.887 10173 10197 D TimerTriggerManager: Timer thread'TimerTriggerManager' is destroyed: false
03-17 18:54:56.887 10173 10197 D TimerTriggerManager: Timer 'onIndcnVehSpdChanged' is running: true
03-17 18:54:56.887 10173 10197 D TimerTriggerManager: Sending reset signal to timer 'onIndcnVehSpdChanged'
03-17 18:54:56.887 10173 10197 D TimerTriggerManager: Reset signal sent to timer 'onIndcnVehSpdChanged'
03-17 18:54:56.887 10173 10204 D TimerTriggerController: Reset method called for timer: onIndcnVehSpdChanged
03-17 18:54:56.887 10173 10204 D TimerTriggerController: Calling onTimerReset for timer: onIndcnVehSpdChanged
03-17 18:54:56.887 10173 10204 D TimerTriggerManager: Timer reset: onIndcnVehSpdChanged
03-17 18:54:56.887 10173 10204 I TimerTriggerController: Timer [onIndcnVehSpdChanged] reset, remaining: 1000ms, reset count: 419
03-17 18:54:56.887 10173 10197 D TimerTriggerManager: init instance...
03-17 18:54:56.887 10173 10197 D TimerTriggerManager: Timer thread'TimerTriggerManager' is destroyed: false
03-17 18:54:56.887 10173 10197 D TimerTriggerManager: Timer 'onMntnWarnReqChanged' is running: true
03-17 18:54:56.887 10173 10197 D TimerTriggerManager: Sending reset signal to timer 'onMntnWarnReqChanged'
03-17 18:54:56.887 10173 10197 D TimerTriggerManager: Reset signal sent to timer 'onMntnWarnReqChanged'
03-17 18:54:56.887 10173 10204 D TimerTriggerController: Reset method called for timer: onMntnWarnReqChanged
03-17 18:54:56.887 10173 10204 D TimerTriggerController: Calling onTimerReset for timer: onMntnWarnReqChanged
03-17 18:54:56.887 10173 10204 D TimerTriggerManager: Timer reset: onMntnWarnReqChanged
03-17 18:54:56.888 10173 10204 I TimerTriggerController: Timer [onMntnWarnReqChanged] reset, remaining: 5000ms, reset count: 210
03-17 18:54:56.893   582  3616 E WifiHAL : Invalid data received from driver
03-17 18:54:56.957   582  3616 E WifiHAL : Invalid data received from driver
03-17 18:54:56.961  2383  2600 D AdayoDoipServer294_Doip: [ne_doip_event_loop_dispatch][line:141] : count = 0
03-17 18:54:56.986 10173 10197 D TimerTriggerManager: init instance...
03-17 18:54:56.987 10173 10197 D TimerTriggerManager: Timer thread'TimerTriggerManager' is destroyed: false
03-17 18:54:56.987 10173 10197 D TimerTriggerManager: Timer 'onIndcnVehSpdChanged' is running: true
03-17 18:54:56.987 10173 10197 D TimerTriggerManager: Sending reset signal to timer 'onIndcnVehSpdChanged'
03-17 18:54:56.987 10173 10197 D TimerTriggerManager: Reset signal sent to timer 'onIndcnVehSpdChanged'
03-17 18:54:56.987 10173 10204 D TimerTriggerController: Reset method called for timer: onIndcnVehSpdChanged
03-17 18:54:56.987 10173 10204 D TimerTriggerController: Calling onTimerReset for timer: onIndcnVehSpdChanged
03-17 18:54:56.987 10173 10204 D TimerTriggerManager: Timer reset: onIndcnVehSpdChanged
03-17 18:54:56.988 10173 10204 I TimerTriggerController: Timer [onIndcnVehSpdChanged] reset, remaining: 1000ms, reset count: 420
03-17 18:54:56.997   642   685 I mcuc    : sd Uart data : 6AA60208B100029202AF
03-17 18:54:57.000  1627  9082 I okhttp.OkHttpClient: --> POST https://api-c-data-uat.mosc.faw-vw.com/j01/hu/data-collection/trace-service/vehicle-trace/v2/upload?requestId=675f76eb-93b4-4cb2-8758-7950edeae8ee&signt=1773744896991&appkey=HiVQY27x&sign=8ceba772c54c0dd954023edb4e6634ed
03-17 18:54:57.000  1627  9082 I okhttp.OkHttpClient: Content-Type: application/json; charset=UTF-8
03-17 18:54:57.001  1627  9082 I okhttp.OkHttpClient: Content-Length: 1881
03-17 18:54:57.001  1627  9082 I okhttp.OkHttpClient: Accept-Language: zh_CN
03-17 18:54:57.001  1627  9082 I okhttp.OkHttpClient: Did: JETTA_HU_JBEVJ01_L7X-00101.01.250001A001_v1.0.1_v0.0.1
03-17 18:54:57.001  1627  9082 I okhttp.OkHttpClient: Authorization: Bearer
03-17 18:54:57.001  1627  9082 I okhttp.OkHttpClient: X-FTB3-VIN: LFV01LYTESTVLN030
03-17 18:54:57.001  1627  9082 I okhttp.OkHttpClient: brandId: JETTA
03-17 18:54:57.002  1627  9082 I okhttp.OkHttpClient: {"compress":"GZIP","content":"H4sIAAAAAAAAAOWXT2/cRBTAv8rKErcdd2Y8M7b3tgmpmpIlFdkEULdajcfjxNRrG9ubdolyRSBVCCEkThxAcEBc+AD9OqnEqV+BN/Y2u/ZuQyVoVeghWr83b977zXtv/uT+hSXzfD+0BtbRoqz07Hjf6hvViS7KOEtBT2xsVIWWIMBXUMjU2N/dG4+HIKu4WjQjKksSrapxPNPWgLiu4zLm+djxcN8KZQXzLyw1LwqdVuMsvydPwcx69tOTP3/8+fnTr66+/f3ql9+e/fH91XdPnv3w69U3Xz5/+jV4TaVxZ905HO2BVGbzQhlZJbF6CIpqkRsxzNTDnSrdrbWXEE+fx0rvX4NO7xxP7+7sndzFZHrgfoIwJhhWRmzKMXwP4W96DgobfrD5sV74GDcB7hyDRp8De+20FQ8GHlfvL1cYFvF5nJ7uLlSiw9o20kQRTAUKhOMiRnwfeT7xkKe40tTFgaTaMCcyPZ03WfniDJzOytPlfD8KhAiRVEwg5iqKfEdqFChGmC9dXymDm5VgO0zDIovDWoQagmaHYw/EvMg+g+I0GcGk0QBonUyTWJ2GzVIpJFWncrnQ0eGRaYl5bATTCTAHvg5un2By8Ol472h8cvAhdjAsYNVLu7IY5vm/3kmMkVUnhfNCVuC4MWKCOY6N30DlZ4va7d7juHrdhecemAe+RD7mFDFBJApoqBFTUmjuB5Rr9+0qfHOI7KdRtqX4/7D8hPr+qvz7h0dVAemGGReT+hSYWIPexOrJJhHTOAOpP7HKeTBejT4q4kpPoXN0M7o8j05kMl+aQAd49VB1VujyLEvCtcEewaOdW+XScyWrRv2RluEHO3k5MJN7xqL/sQm01HHa6HpxBrLpU9yrYHHlrfLyTRxW1ys5zpNMhq+7bR2sI084DAWO4ohhjZHPNEcECxpp5UUsit6htuU+X7XtMEnqMHXX7uZz0z/34VNlBTSAkRDpQ0cdl5BYI0L3cKOYl7owMoXuqS1SKLdRCNvHRi7rNdQm1HZrVRwmtQljtuvXiuyRjKvGLandxsXnRiS2qA3KLKqWKmy7LuRoHQ13yViLTNjEXSejtrdJxpwWGd9ChnGLzHM3yHynQ7aRszYZkIh1MohKNsgak3Uy8jdky8S3yHiHjHbJcIsMlkfXycBDl4zbjK+T8WuOG3JGN8gw7pA5HTLR6jMibKeVM+rB2dZGu7Z5geZcs66hNQu6Cc0nHTR28xagtmDraODU7yTNsx3cKSf1bkwaYLBNMtYh410yp0Xmd5L2Ikar0TBtkYlX2ALO1nI+6G+/+mZ6tu3uA/V0btBffvW5zKHY98XLL0BoR4zf616AdUYGq/n9kZ6Ns0omA4Ex8wgdGc3tQuuB51CfiFoenss4kUGiB4TDNeOCdleqMx2CTBgTeNQ/eiTzxhFlmPh0qao9EU8wLNhoYl2+JBH/kTeAoQ/j8iE4ujDN1HSXa8o+sSJY6lEulR7tTMw71/OYATM5WanhzhTu5f/xMRHxKOKKchQxFiLGHIL8CEfIFxJjD2vqwfx35zEh6No/0/eKTOmyXD0o8tgcUhOLCNZsYTULkzjVtVJlM1uGcpHZUmb5tKkxHFzn9VlljOvnyMSC50Mtw3mRFYvGocOpSzhdbrXrOJh7fCNQXvbQsIeyHpj1c/Dal8Up6FCZFdVkjrETorwOdnPQLcE2V3UG266H0h4hLXfEdl7BHdtwV5613EC9trh5E9tslqVxlRXLEr/uXSZCqrxQE+TSQCEW+Bx5jggQVyKKhMMdRwdvwS578BcsDFIYsBIAAA\u003d\u003d","sendType":2,"vin":"LFV01LYTESTVLN030"}
03-17 18:54:57.003  1627  9082 I okhttp.OkHttpClient: --> END POST (1881-byte body)
03-17 18:54:57.003   642   685 I mcuc    : rev uart=2319,len=32, data : 6AA68108B100189202001300FE00FE00FE00000000000000000000000101010A
03-17 18:54:57.003   400  1006 D adayocomadapter-ParseProtocolFunc: printRaWMsg Name[MCUToUPstream recv] len[24] data[9202001300FE00FE00FE0000000000000000000000010101]
03-17 18:54:57.003   400  1006 D adayocomadapter-CommunicationManager: onUpstreamback   member[0] dataLength[21] timePoint[230951]
03-17 18:54:57.003   400  1006 D adayocomadapter-ParseProtocolFunc: printRaWMsg Name[onUpstreamback] len[21] data[1300FE00FE00FE0000000000000000000000010101]
03-17 18:54:57.003   400   452 D adayocomadapter-UpstreamHandler: processBeforePacket upSreamtProcessTimePoint[230951] 
03-17 18:54:57.003   400   452 D adayocomadapter-UpstreamHandler: processPacket UPSTREAM_QUEUE_DATA_TIMEOUT
03-17 18:54:57.003   400   452 D adayocomadapter-ParseProtocolFunc: parseCommonIPCLBytes Processing tableNumber[19]
03-17 18:54:57.003   400   452 D adayocomadapter-ParseProtocolFunc: parseCommonIPCLBytes Processing tablename[Table-19] tableSize[21]
03-17 18:54:57.003   400   452 D adayocomadapter-ParseProtocolFunc: printRaWMsg Name[byteStream recv] len[21] data[1300FE00FE00FE0000000000000000000000010101]
03-17 18:54:57.003   400   452 D adayocomadapter-ParseProtocolFunc: printRaWMsg Name[IPCLtoVHAL] len[7] data[21401028000100]
03-17 18:54:57.003   400   452 D adayocomadapter-ParseProtocolFunc: printRaWMsg Name[IPCLtoVHAL] len[7] data[214010290001FE]
03-17 18:54:57.003   400   452 D adayocomadapter-ParseProtocolFunc: printRaWMsg Name[IPCLtoVHAL] len[7] data[2140102E000100]
03-17 18:54:57.004   400   452 D adayocomadapter-ParseProtocolFunc: printRaWMsg Name[IPCLtoVHAL] len[7] data[2140102B000100]
03-17 18:54:57.004   400   452 D adayocomadapter-ParseProtocolFunc: printRaWMsg Name[IPCLtoVHAL] len[7] data[2140104C000100]
03-17 18:54:57.004   400   452 D adayocomadapter-ParseProtocolFunc: printRaWMsg Name[IPCLtoVHAL] len[7] data[2140102C0001FE]
03-17 18:54:57.004   400   452 D adayocomadapter-ParseProtocolFunc: printRaWMsg Name[IPCLtoVHAL] len[8] data[2140200700010000]
03-17 18:54:57.004   400   452 D adayocomadapter-ParseProtocolFunc: printRaWMsg Name[IPCLtoVHAL] len[7] data[2140102F0001FE]
03-17 18:54:57.004   400   452 D adayocomadapter-ParseProtocolFunc: printRaWMsg Name[IPCLtoVHAL] len[7] data[21401031000100]
03-17 18:54:57.004   400   452 D adayocomadapter-ParseProtocolFunc: printRaWMsg Name[IPCLtoVHAL] len[8] data[2140202200010000]
03-17 18:54:57.004   400   452 D adayocomadapter-ParseProtocolFunc: printRaWMsg Name[IPCLtoVHAL] len[10] data[21402023000100000000]
03-17 18:54:57.004   400   452 D adayocomadapter-ParseProtocolFunc: printRaWMsg Name[IPCLtoVHAL] len[7] data[2140104D000100]
03-17 18:54:57.004   400   452 D adayocomadapter-CommunicationManager: onUpstreamReceive isLoss 1 mPropertyId 0x21401028
03-17 18:54:57.004   400   452 D adayocomadapter-CommunicationManager: convertBytesToInt32Memcpy  0
03-17 18:54:57.004   400   452 D vw-vhal : notifyVehicleProperty, propId = 0x21401028, data = {status: 3, int32Values: [0]}
03-17 18:54:57.004   400   452 I DefaultVehicleHal_v2_0: DefaultVehicleHal::onPropertyValue, value:{.timestamp = 230951807359, .areaId = 0, .prop = 557846568, .status = UNAVAILABLE, .value = {.int32Values = [1]{0}, .floatValues = [0]{}, .int64Values = [0]{}, .bytes = [0]{}, .stringValue = ""}}
03-17 18:54:57.004   400   452 D adayocomadapter-CommunicationManager: onUpstreamReceive mPropertyId 0x21401028
03-17 18:54:57.004   400   452 D adayocomadapter-CommunicationManager: onUpstreamReceive isLoss 1 mPropertyId 0x21401029
03-17 18:54:57.004   400   452 D adayocomadapter-CommunicationManager: convertBytesToInt32Memcpy  254
03-17 18:54:57.004   400   452 D vw-vhal : notifyVehicleProperty, propId = 0x21401029, data = {status: 3, int32Values: [254]}
03-17 18:54:57.004   400   452 I DefaultVehicleHal_v2_0: DefaultVehicleHal::onPropertyValue, value:{.timestamp = 230951961359, .areaId = 0, .prop = 557846569, .status = UNAVAILABLE, .value = {.int32Values = [1]{254}, .floatValues = [0]{}, .int64Values = [0]{}, .bytes = [0]{}, .stringValue = ""}}
03-17 18:54:57.004   400   452 D adayocomadapter-CommunicationManager: onUpstreamReceive mPropertyId 0x21401029
03-17 18:54:57.004   400   452 D adayocomadapter-CommunicationManager: onUpstreamReceive isLoss 1 mPropertyId 0x2140102e
03-17 18:54:57.004   400   452 D adayocomadapter-CommunicationManager: convertBytesToInt32Memcpy  0
03-17 18:54:57.004   400   452 D vw-vhal : notifyVehicleProperty, propId = 0x2140102e, data = {status: 3, int32Values: [0]}
03-17 18:54:57.004   400   452 I DefaultVehicleHal_v2_0: DefaultVehicleHal::onPropertyValue, value:{.timestamp = 230952140692, .areaId = 0, .prop = 557846574, .status = UNAVAILABLE, .value = {.int32Values = [1]{0}, .floatValues = [0]{}, .int64Values = [0]{}, .bytes = [0]{}, .stringValue = ""}}
03-17 18:54:57.004   400   452 D adayocomadapter-CommunicationManager: onUpstreamReceive mPropertyId 0x2140102e
03-17 18:54:57.004   400   452 D adayocomadapter-CommunicationManager: onUpstreamReceive isLoss 1 mPropertyId 0x2140102b
03-17 18:54:57.004   400   452 D adayocomadapter-CommunicationManager: convertBytesToInt32Memcpy  0
03-17 18:54:57.004   400   452 D vw-vhal : notifyVehicleProperty, propId = 0x2140102b, data = {status: 3, int32Values: [0]}
03-17 18:54:57.004   400   452 I DefaultVehicleHal_v2_0: DefaultVehicleHal::onPropertyValue, value:{.timestamp = 230952272692, .areaId = 0, .prop = 557846571, .status = UNAVAILABLE, .value = {.int32Values = [1]{0}, .floatValues = [0]{}, .int64Values = [0]{}, .bytes = [0]{}, .stringValue = ""}}
03-17 18:54:57.004   400   452 D adayocomadapter-CommunicationManager: onUpstreamReceive mPropertyId 0x2140102b
03-17 18:54:57.004   400   452 D adayocomadapter-CommunicationManager: onUpstreamReceive isLoss 1 mPropertyId 0x2140104c
03-17 18:54:57.004   400   452 D adayocomadapter-CommunicationManager: convertBytesToInt32Memcpy  0
03-17 18:54:57.004   400   452 D vw-vhal : notifyVehicleProperty, propId = 0x2140104c, data = {status: 3, int32Values: [0]}
03-17 18:54:57.004   400   452 I DefaultVehicleHal_v2_0: DefaultVehicleHal::onPropertyValue, value:{.timestamp = 230952381359, .areaId = 0, .prop = 557846604, .status = UNAVAILABLE, .value = {.int32Values = [1]{0}, .floatValues = [0]{}, .int64Values = [0]{}, .bytes = [0]{}, .stringValue = ""}}
03-17 18:54:57.004   400   452 D adayocomadapter-CommunicationManager: onUpstreamReceive mPropertyId 0x2140104c
03-17 18:54:57.004   400   452 D adayocomadapter-CommunicationManager: onUpstreamReceive isLoss 1 mPropertyId 0x2140102c
03-17 18:54:57.004   400   452 D adayocomadapter-CommunicationManager: convertBytesToInt32Memcpy  254
03-17 18:54:57.004   400   452 D vw-vhal : notifyVehicleProperty, propId = 0x2140102c, data = {status: 3, int32Values: [254]}
03-17 18:54:57.004   400   452 I DefaultVehicleHal_v2_0: DefaultVehicleHal::onPropertyValue, value:{.timestamp = 230952497026, .areaId = 0, .prop = 557846572, .status = UNAVAILABLE, .value = {.int32Values = [1]{254}, .floatValues = [0]{}, .int64Values = [0]{}, .bytes = [0]{}, .stringValue = ""}}
03-17 18:54:57.004   400   452 D adayocomadapter-CommunicationManager: onUpstreamReceive mPropertyId 0x2140102c
03-17 18:54:57.005   400   452 D adayocomadapter-CommunicationManager: onUpstreamReceive isLoss 1 mPropertyId 0x21402007
03-17 18:54:57.005   400   452 D adayocomadapter-CommunicationManager: convertBytesToInt32Memcpy  0
03-17 18:54:57.005   400   452 D vw-vhal : notifyVehicleProperty, propId = 0x21402007, data = {status: 3, int32Values: [0]}
03-17 18:54:57.005   400   452 I DefaultVehicleHal_v2_0: DefaultVehicleHal::onPropertyValue, value:{.timestamp = 230952613026, .areaId = 0, .prop = 557850631, .status = UNAVAILABLE, .value = {.int32Values = [1]{0}, .floatValues = [0]{}, .int64Values = [0]{}, .bytes = [0]{}, .stringValue = ""}}
03-17 18:54:57.005   400   452 D adayocomadapter-CommunicationManager: onUpstreamReceive mPropertyId 0x21402007
03-17 18:54:57.005   400   452 D adayocomadapter-CommunicationManager: onUpstreamReceive isLoss 1 mPropertyId 0x2140102f
03-17 18:54:57.005   400   452 D adayocomadapter-CommunicationManager: convertBytesToInt32Memcpy  254
03-17 18:54:57.005   400   452 D vw-vhal : notifyVehicleProperty, propId = 0x2140102f, data = {status: 3, int32Values: [254]}
03-17 18:54:57.005   400   452 I DefaultVehicleHal_v2_0: DefaultVehicleHal::onPropertyValue, value:{.timestamp = 230952740359, .areaId = 0, .prop = 557846575, .status = UNAVAILABLE, .value = {.int32Values = [1]{254}, .floatValues = [0]{}, .int64Values = [0]{}, .bytes = [0]{}, .stringValue = ""}}
03-17 18:54:57.005   400   452 D adayocomadapter-CommunicationManager: onUpstreamReceive mPropertyId 0x2140102f
03-17 18:54:57.005   400   452 D adayocomadapter-CommunicationManager: onUpstreamReceive isLoss 1 mPropertyId 0x21401031
03-17 18:54:57.005   400   452 D adayocomadapter-CommunicationManager: convertBytesToInt32Memcpy  0
03-17 18:54:57.005   400   452 D vw-vhal : notifyVehicleProperty, propId = 0x21401031, data = {status: 3, int32Values: [0]}
03-17 18:54:57.005   400   452 I DefaultVehicleHal_v2_0: DefaultVehicleHal::onPropertyValue, value:{.timestamp = 230952863359, .areaId = 0, .prop = 557846577, .status = UNAVAILABLE, .value = {.int32Values = [1]{0}, .floatValues = [0]{}, .int64Values = [0]{}, .bytes = [0]{}, .stringValue = ""}}
03-17 18:54:57.005   400   452 D adayocomadapter-CommunicationManager: onUpstreamReceive mPropertyId 0x21401031
03-17 18:54:57.005   400   452 D adayocomadapter-CommunicationManager: onUpstreamReceive isLoss 1 mPropertyId 0x21402022
03-17 18:54:57.005   400   452 D adayocomadapter-CommunicationManager: convertBytesToInt32Memcpy  0
03-17 18:54:57.005   400   452 D vw-vhal : notifyVehicleProperty, propId = 0x21402022, data = {status: 3, int32Values: [0]}
03-17 18:54:57.005   400   452 I DefaultVehicleHal_v2_0: DefaultVehicleHal::onPropertyValue, value:{.timestamp = 230952989026, .areaId = 0, .prop = 557850658, .status = UNAVAILABLE, .value = {.int32Values = [1]{0}, .floatValues = [0]{}, .int64Values = [0]{}, .bytes = [0]{}, .stringValue = ""}}
03-17 18:54:57.005   400   452 D adayocomadapter-CommunicationManager: onUpstreamReceive mPropertyId 0x21402022
03-17 18:54:57.005   400   452 D adayocomadapter-CommunicationManager: onUpstreamReceive isLoss 1 mPropertyId 0x21402023
03-17 18:54:57.005   400   452 D adayocomadapter-CommunicationManager: convertBytesToInt32Memcpy  0
03-17 18:54:57.005   400   452 D vw-vhal : notifyVehicleProperty, propId = 0x21402023, data = {status: 3, int32Values: [0]}
03-17 18:54:57.005   400   452 I DefaultVehicleHal_v2_0: DefaultVehicleHal::onPropertyValue, value:{.timestamp = 230953110359, .areaId = 0, .prop = 557850659, .status = UNAVAILABLE, .value = {.int32Values = [1]{0}, .floatValues = [0]{}, .int64Values = [0]{}, .bytes = [0]{}, .stringValue = ""}}
03-17 18:54:57.005   400   452 D adayocomadapter-CommunicationManager: onUpstreamReceive mPropertyId 0x21402023
03-17 18:54:57.005   400   452 D adayocomadapter-CommunicationManager: onUpstreamReceive isLoss 1 mPropertyId 0x2140104d
03-17 18:54:57.005   400   452 D adayocomadapter-CommunicationManager: convertBytesToInt32Memcpy  0
03-17 18:54:57.005   400   452 D vw-vhal : notifyVehicleProperty, propId = 0x2140104d, data = {status: 3, int32Values: [0]}
03-17 18:54:57.005   400   452 I DefaultVehicleHal_v2_0: DefaultVehicleHal::onPropertyValue, value:{.timestamp = 230953230026, .areaId = 0, .prop = 557846605, .status = UNAVAILABLE, .value = {.int32Values = [1]{0}, .floatValues = [0]{}, .int64Values = [0]{}, .bytes = [0]{}, .stringValue = ""}}
03-17 18:54:57.005   400   452 D adayocomadapter-CommunicationManager: onUpstreamReceive mPropertyId 0x2140104d
03-17 18:54:57.016  1627  9082 D okhttp.Http2: >> 0x0000007f   150 HEADERS       END_HEADERS
03-17 18:54:57.019  1627  9082 D okhttp.Http2: >> 0x0000007f  1881 DATA          END_STREAM
03-17 18:54:57.030  2705  3422 E NetProxyJNI: getNetworkTraffic up: 370,down:67
03-17 18:54:57.030  2705  3422 I TboxServiceManager: 上下行类型变化 type:1
03-17 18:54:57.030  2705  3422 I TboxServiceStatusMonitor: onNetworkTrafficChange type: 1
03-17 18:54:57.031  1566  3186 D TboxNetworkManager: tboxNetworkbinder=null
03-17 18:54:57.034   582  3616 E WifiHAL : Invalid data received from driver
03-17 18:54:57.061  2383  2600 D AdayoDoipServer294_Doip: [ne_doip_event_loop_dispatch][line:141] : count = 0
03-17 18:54:57.087 10173 10197 D TimerTriggerManager: init instance...
03-17 18:54:57.087 10173 10197 D TimerTriggerManager: Timer thread'TimerTriggerManager' is destroyed: false
03-17 18:54:57.087 10173 10197 D TimerTriggerManager: Timer 'onIndcnVehSpdChanged' is running: true
03-17 18:54:57.087 10173 10197 D TimerTriggerManager: Sending reset signal to timer 'onIndcnVehSpdChanged'
03-17 18:54:57.087 10173 10197 D TimerTriggerManager: Reset signal sent to timer 'onIndcnVehSpdChanged'
03-17 18:54:57.087 10173 10204 D TimerTriggerController: Reset method called for timer: onIndcnVehSpdChanged
03-17 18:54:57.087 10173 10204 D TimerTriggerController: Calling onTimerReset for timer: onIndcnVehSpdChanged
03-17 18:54:57.087 10173 10204 D TimerTriggerManager: Timer reset: onIndcnVehSpdChanged
03-17 18:54:57.087 10173 10204 I TimerTriggerController: Timer [onIndcnVehSpdChanged] reset, remaining: 1000ms, reset count: 421
03-17 18:54:57.088 10173 10197 D TimerTriggerManager: init instance...
03-17 18:54:57.088 10173 10197 D TimerTriggerManager: Timer thread'TimerTriggerManager' is destroyed: false
03-17 18:54:57.088 10173 10197 D TimerTriggerManager: Timer 'onMntnWarnReqChanged' is running: true
03-17 18:54:57.088 10173 10197 D TimerTriggerManager: Sending reset signal to timer 'onMntnWarnReqChanged'
03-17 18:54:57.088 10173 10197 D TimerTriggerManager: Reset signal sent to timer 'onMntnWarnReqChanged'
03-17 18:54:57.088 10173 10204 D TimerTriggerController: Reset method called for timer: onMntnWarnReqChanged
03-17 18:54:57.088 10173 10204 D TimerTriggerController: Calling onTimerReset for timer: onMntnWarnReqChanged
03-17 18:54:57.088 10173 10204 D TimerTriggerManager: Timer reset: onMntnWarnReqChanged
03-17 18:54:57.088 10173 10204 I TimerTriggerController: Timer [onMntnWarnReqChanged] reset, remaining: 5000ms, reset count: 211
03-17 18:54:57.107   582  3616 E WifiHAL : Invalid data received from driver
03-17 18:54:57.120  1627  8902 D okhttp.Http2: << 0x0000007f    44 HEADERS       END_HEADERS
03-17 18:54:57.123  1627  8902 D okhttp.Http2: << 0x0000007f   229 DATA          END_STREAM
03-17 18:54:57.124   903  1756 D NetworkPolicy: Blocked state of 10051: {blocked=NONE,allowed=FOREGROUND|TOP|METERED_FOREGROUND,effective=NONE}
03-17 18:54:57.126  1627  8902 D okhttp.Http2: << 0x0000007f     4 WINDOW_UPDATE 
03-17 18:54:57.126  1627  9082 I okhttp.OkHttpClient: <-- 400 https://api-c-data-uat.mosc.faw-vw.com/j01/hu/data-collection/trace-service/vehicle-trace/v2/upload?requestId=675f76eb-93b4-4cb2-8758-7950edeae8ee&signt=1773744896991&appkey=HiVQY27x&sign=8ceba772c54c0dd954023edb4e6634ed (123ms)
03-17 18:54:57.127  1627  9082 I okhttp.OkHttpClient: server: stgw
03-17 18:54:57.127  1627  9082 I okhttp.OkHttpClient: date: Tue, 17 Mar 2026 10:54:57 GMT
03-17 18:54:57.127  1627  9082 I okhttp.OkHttpClient: content-type: text/html
03-17 18:54:57.127  1627  9082 I okhttp.OkHttpClient: content-length: 229
03-17 18:54:57.129  1627  9082 I okhttp.OkHttpClient: <html>
03-17 18:54:57.129  1627  9082 I okhttp.OkHttpClient: <head><title>400 No required SSL certificate was sent</title></head>
03-17 18:54:57.129  1627  9082 I okhttp.OkHttpClient: <body>
03-17 18:54:57.129  1627  9082 I okhttp.OkHttpClient: <center><h1>400 Bad Request</h1></center>
03-17 18:54:57.129  1627  9082 I okhttp.OkHttpClient: <center>No required SSL certificate was sent</center>
03-17 18:54:57.129  1627  9082 I okhttp.OkHttpClient: <hr><center>stgw</center>
03-17 18:54:57.129  1627  9082 I okhttp.OkHttpClient: </body>
03-17 18:54:57.129  1627  9082 I okhttp.OkHttpClient: </html>
03-17 18:54:57.130  1627  9082 I okhttp.OkHttpClient: <-- END HTTP (229-byte body)
03-17 18:54:57.132  1627  9082 D okhttp.TaskRunner: Q10001 scheduled after   0 µs: OkHttp ConnectionPool
03-17 18:54:57.133  1627  8903 D okhttp.TaskRunner: Q10001 starting              : OkHttp ConnectionPool
03-17 18:54:57.134  1627  8903 D okhttp.TaskRunner: Q10001 run again after 300 s : OkHttp ConnectionPool
03-17 18:54:57.135  1627  8903 D okhttp.TaskRunner: Q10001 finished run in   2 ms: OkHttp ConnectionPool
03-17 18:54:57.156   642   685 I mcuc    : sd Uart data : 6AA60208B200029202AE
03-17 18:54:57.161   642   685 I mcuc    : rev uart=2320,len=15, data : 6AA68108B200079202000100000029
03-17 18:54:57.162   400  1006 D adayocomadapter-ParseProtocolFunc: printRaWMsg Name[MCUToUPstream recv] len[7] data[92020001000000]
