03-17 18:55:00.371  8377  8491 I CnsCarApp-WlanRepositoryImpl:   AccessPoint(Cudy-6C60,saved,active,PSK,level=4,metered=false,rssi=-30,scan cache size=1), AccessPoint(Cudy-6C60-5G:82:af:ca:b5:6c:61,connectable,WPA2,level=4,metered=false,rssi=-24,scan cache size=1), AccessPoint(ChinaNet-D9B9E4-5G:a8:02:db:d9:b9:e5,connectable,WPA_WPA2,level=3,metered=false,rssi=-57,scan cache size=1), AccessPoint(DEEPAL:50:c3:a2:c6:f2:d5,connectable,SAE,level=3,metered=false,rssi=-59,scan cache size=2), AccessPoint(HONOR 100:ee:72:e6:40:b9:a8,connectable,WPA2,level=3,metered=false,rssi=-63,scan cache size=1), AccessPoint(AndroidAP_4071:f2:6b:52:a1:d8:b1,connectable,SAE,level=2,metered=false,rssi=-76,scan cache size=1), AccessPoint(AndroidAP_5418:06:d3:f7:40:6e:ee,connectable,SAE,level=2,metered=false,rssi=-71,scan cache size=1), AccessPoint(AndroidAP_6881:a2:99:17:1e:f6:2d,connectable,SAE,level=2,metered=false,rssi=-76,scan cache size=1), AccessPoint(AndroidAP_7437:16:1a:5e:b6:ab:a3,connectable,SAE,level=2,metered=false,rssi=-70,scan cache size=1), AccessPoint(AndroidAuto_5G:b0:6e:bf:3c:71:dc,connectable,WPA2,level=2,metered=false,rssi=-72,scan cache size=1), AccessPoint(TP-LINK_45A7:74:39:89:18:45:a9,connectable,WPA_WPA2,level=2,metered=false,rssi=-77,scan cache size=1), AccessPoint(TP-LINK_APP:80:ea:07:6b:3c:79,connectable,WPA_WPA2,level=2,metered=false,rssi=-71,scan cache size=1), AccessPoint(TP-LINK_DE9B:68:dd:b7:a1:de:9d,connectable,WPA_WPA2,level=2,metered=false,rssi=-77,scan cache size=1), AccessPoint(ADAYOGE FangKe:74:ea:cb:f6:5b:02,connectable,WPA2,level=1,metered=false,rssi=-82,scan cache size=1), AccessPoint(ADAYOGE WiFi:74:ea:cb:f6:5b:03,connectable,WPA2,level=1,metered=false,rssi=-85,scan cache size=1), AccessPoint(AKALMING:d2:57:7e:eb:f7:2b,connectable,WPA2,level=1,metered=false,rssi=-88,scan cache size=1), AccessPoint(AndroidAP_3590:0a:56:a0:18:6b:32,connectable,SAE,level=1,metered=false,rssi=-86,scan cache size=1), AccessPoint(AndroidAP_5614:2e:df:e8:50:8f:cc,connectable,SAE,level=1,metered=false,rssi=-81,scan cache size=1), AccessPoint(FL-5G-1497:3c:67:c1:00:c9:53,connectable,WPA2,level=1,metered=false,rssi=-79,scan cache size=1), AccessPoint(FX_2415:a4:04:50:87:38:75,connectable,WPA2,level=1,metered=false,rssi=-82,scan cache size=1), AccessPoint(FX_8833:a4:04:50:7c:02:bf,connectable,WPA2,level=1,metered=false,rssi=-82,scan cache size=1), AccessPoint(iPhone 13 Pro:12:3b:11:e8:d7:9e,connectable,SAE,level=1,metered=false,rssi=-82,scan cache size=1), AccessPoint(JETTA WLAN 001:3a:3d:c3:49:dd:1b,connectable,SAE,level=1,metered=false,rssi=-81,scan cache size=3), AccessPoint(ProductPro:28:d1:27:8a:09:a3,connectable,WPA_WPA2,level=1,metered=false,rssi=-82,scan cache size=1), AccessPoint(TP-LINK_3AFA:04:f9:f8:37:3a:fc,connectable,WPA_WPA2,level=1,metered=false,rssi=-87,scan cache size=1), AccessPoint(TP-LINK_E6B8:74:05:a5:c3:e6:ba,connectable,WPA_WPA2,level=1,metered=false,rssi=-85,scan cache size=1), AccessPoint(Xiaomi 14:56:7e:4b:55:b8:0a,connectable,WPA2,level=1,metered=false,rssi=-80,scan cache size=1), AccessPoint(ZTE_3DA119:5c:7d:ae:3d:a1:19,connectable,WPA2,level=1,metered=false,rssi=-79,scan cache size=1), AccessPoint(ABCDEFG:10:3c:59:c2:fc:5c,connectable,WPA2,level=0,metered=false,rssi=-90,scan cache size=1), AccessPoint(ADAYOGE-HK:30:fc:68:dd:04:f9,connectable,WPA_WPA2,level=0,metered=false,rssi=-89,scan cache size=1), AccessPoint(AndroidAP_2884:a4:04:50:d0:4d:5d,connectable,SAE,level=0,metered=false,rssi=-91,scan cache size=1), AccessPoint(DIRECT-4m-huawei:2a:92:00:ed:93:6a,connectable,WPA2,level=0,metered=false,rssi=-96,scan cache size=1), AccessPoint(DIRECT-ea84-1590:c2:de:ee:46:c1:f4,connectable,WPA2,level=0,metered=false,rssi=-93,scan cache size=1), AccessPoint(FX_9793:a4:04:50:e2:c2:ac,connectable,WPA2,level=0,metered=false,rssi=-91,scan cache size=1), AccessPoint(HotspotRQe5:4c:53:69:04:72:54,connectable,SAE,level=0,metered=false,rssi=-91,scan cache size=1), AccessPoint(HUAWEI_B316_9AF2_5G:34:7e:00:c6:9a:f7,connectable,WPA2,level=0,metered=false,rssi=-90,scan cache size=1), AccessPoint
03-17 18:55:00.371  8377  8491 I CnsCarApp-WlanRepositoryImpl: }
03-17 18:55:00.371  8377  8491 I CnsCarApp-AccessPoint_SECURITY: Security: 2
03-17 18:55:00.371  8377  8491 I CnsCarApp-AccessPoint_SECURITY: Security: 2
03-17 18:55:00.371  8377  8491 I CnsCarApp-AccessPoint_SECURITY: Security: 2
03-17 18:55:00.371  8377  8491 I CnsCarApp-AccessPoint_SECURITY: Security: 5
03-17 18:55:00.371  8377  8491 I CnsCarApp-AccessPoint_SECURITY: Security: 2
03-17 18:55:00.371  8377  8491 I CnsCarApp-AccessPoint_SECURITY: Security: 5
03-17 18:55:00.371  8377  8491 I CnsCarApp-AccessPoint_SECURITY: Security: 5
03-17 18:55:00.371  8377  8491 I CnsCarApp-AccessPoint_SECURITY: Security: 5
03-17 18:55:00.371  8377  8491 I CnsCarApp-AccessPoint_SECURITY: Security: 5
03-17 18:55:00.371  8377  8491 I CnsCarApp-AccessPoint_SECURITY: Security: 2
03-17 18:55:00.371  8377  8491 I CnsCarApp-AccessPoint_SECURITY: Security: 2
03-17 18:55:00.371  8377  8491 I CnsCarApp-AccessPoint_SECURITY: Security: 2
03-17 18:55:00.371  8377  8491 I CnsCarApp-AccessPoint_SECURITY: Security: 2
03-17 18:55:00.371  8377  8491 I CnsCarApp-AccessPoint_SECURITY: Security: 2
03-17 18:55:00.371  8377  8491 I CnsCarApp-AccessPoint_SECURITY: Security: 2
03-17 18:55:00.371  8377  8491 I CnsCarApp-AccessPoint_SECURITY: Security: 2
03-17 18:55:00.371  8377  8491 I CnsCarApp-AccessPoint_SECURITY: Security: 5
03-17 18:55:00.371  8377  8491 I CnsCarApp-AccessPoint_SECURITY: Security: 5
03-17 18:55:00.371  8377  8491 I CnsCarApp-AccessPoint_SECURITY: Security: 2
03-17 18:55:00.371  8377  8491 I CnsCarApp-AccessPoint_SECURITY: Security: 2
03-17 18:55:00.371  8377  8491 I CnsCarApp-AccessPoint_SECURITY: Security: 2
03-17 18:55:00.371  8377  8491 I CnsCarApp-AccessPoint_SECURITY: Security: 5
03-17 18:55:00.371  8377  8491 I CnsCarApp-AccessPoint_SECURITY: Security: 5
03-17 18:55:00.371  8377  8491 I CnsCarApp-AccessPoint_SECURITY: Security: 2
03-17 18:55:00.371  8377  8491 I CnsCarApp-AccessPoint_SECURITY: Security: 2
03-17 18:55:00.371  8377  8491 I CnsCarApp-AccessPoint_SECURITY: Security: 2
03-17 18:55:00.372  8377  8491 I CnsCarApp-AccessPoint_SECURITY: Security: 2
03-17 18:55:00.372  8377  8491 I CnsCarApp-AccessPoint_SECURITY: Security: 2
03-17 18:55:00.372  8377  8491 I CnsCarApp-AccessPoint_SECURITY: Security: 2
03-17 18:55:00.372  8377  8491 I CnsCarApp-AccessPoint_SECURITY: Security: 2
03-17 18:55:00.372  8377  8491 I CnsCarApp-AccessPoint_SECURITY: Security: 5
03-17 18:55:00.372  8377  8491 I CnsCarApp-AccessPoint_SECURITY: Security: 2
03-17 18:55:00.372  8377  8491 I CnsCarApp-AccessPoint_SECURITY: Security: 2
03-17 18:55:00.372  8377  8491 I CnsCarApp-AccessPoint_SECURITY: Security: 2
03-17 18:55:00.372  8377  8491 I CnsCarApp-AccessPoint_SECURITY: Security: 5
03-17 18:55:00.372  8377  8491 I CnsCarApp-AccessPoint_SECURITY: Security: 2
03-17 18:55:00.372  8377  8491 I CnsCarApp-AccessPoint_SECURITY: Security: 5
03-17 18:55:00.372  8377  8491 I CnsCarApp-AccessPoint_SECURITY: Security: 2
03-17 18:55:00.372  8377  8491 I CnsCarApp-AccessPoint_SECURITY: Security: 5
03-17 18:55:00.372  8377  8491 I CnsCarApp-AccessPoint_SECURITY: Security: 2
03-17 18:55:00.372  8377  8491 I CnsCarApp-AccessPoint_SECURITY: Security: 2
03-17 18:55:00.372   903  1756 I WifiService: getCurrentNetwork uid=1000
03-17 18:55:00.382   582  3616 E WifiHAL : Invalid data received from driver
03-17 18:55:00.382   903  1756 I WifiService: getWifiEnabledState uid=1000 state=3
03-17 18:55:00.382  8377  8491 I CnsCarApp-WlanRepositoryImpl: WIFI enabled: true
03-17 18:55:00.383   903  1756 I WifiService: getWifiEnabledState uid=1000 state=3
03-17 18:55:00.383  8377  8377 I CarWifiManager: AccessPoint Cudy-6C60, isReachable: true
03-17 18:55:00.383  8377  8377 I CarWifiManager: AccessPoint Cudy-6C60-5G, isReachable: true
03-17 18:55:00.383  8377  8377 I CarWifiManager: AccessPoint ChinaNet-D9B9E4-5G, isReachable: true
03-17 18:55:00.383  8377  8377 I CarWifiManager: AccessPoint DEEPAL, isReachable: true
03-17 18:55:00.383  8377  8377 I CarWifiManager: AccessPoint HONOR 100, isReachable: true
03-17 18:55:00.383  8377  8377 I CarWifiManager: AccessPoint AndroidAP_4071, isReachable: true
03-17 18:55:00.383  8377  8377 I CarWifiManager: AccessPoint AndroidAP_5418, isReachable: true
03-17 18:55:00.383  8377  8377 I CarWifiManager: AccessPoint AndroidAP_6881, isReachable: true
03-17 18:55:00.383  8377  8377 I CarWifiManager: AccessPoint AndroidAP_7437, isReachable: true
03-17 18:55:00.383  8377  8377 I CarWifiManager: AccessPoint AndroidAuto_5G, isReachable: true
03-17 18:55:00.383  8377  8377 I CarWifiManager: AccessPoint TP-LINK_45A7, isReachable: true
03-17 18:55:00.383  8377  8377 I CarWifiManager: AccessPoint TP-LINK_APP, isReachable: true
03-17 18:55:00.383  8377  8377 I CarWifiManager: AccessPoint TP-LINK_DE9B, isReachable: true
03-17 18:55:00.383  8377  8377 I CarWifiManager: AccessPoint ADAYOGE FangKe, isReachable: true
03-17 18:55:00.383  8377  8377 I CarWifiManager: AccessPoint ADAYOGE WiFi, isReachable: true
03-17 18:55:00.383  8377  8377 I CarWifiManager: AccessPoint AKALMING, isReachable: true
03-17 18:55:00.383  8377  8377 I CarWifiManager: AccessPoint AndroidAP_3590, isReachable: true
03-17 18:55:00.383  8377  8377 I CarWifiManager: AccessPoint AndroidAP_5614, isReachable: true
03-17 18:55:00.383  8377  8377 I CarWifiManager: AccessPoint FL-5G-1497, isReachable: true
03-17 18:55:00.383  8377  8377 I CarWifiManager: AccessPoint FX_2415, isReachable: true
03-17 18:55:00.383  8377  8377 I CarWifiManager: AccessPoint FX_8833, isReachable: true
03-17 18:55:00.383  8377  8377 I CarWifiManager: AccessPoint iPhone 13 Pro, isReachable: true
03-17 18:55:00.383  8377  8377 I CarWifiManager: AccessPoint JETTA WLAN 001, isReachable: true
03-17 18:55:00.383  8377  8377 I CarWifiManager: AccessPoint ProductPro, isReachable: true
03-17 18:55:00.383  8377  8377 I CarWifiManager: AccessPoint TP-LINK_3AFA, isReachable: true
03-17 18:55:00.383  8377  8377 I CarWifiManager: AccessPoint TP-LINK_E6B8, isReachable: true
03-17 18:55:00.384  8377  8377 I CarWifiManager: AccessPoint Xiaomi 14, isReachable: true
03-17 18:55:00.384  8377  8377 I CarWifiManager: AccessPoint ZTE_3DA119, isReachable: true
03-17 18:55:00.384  8377  8377 I CarWifiManager: AccessPoint ABCDEFG, isReachable: true
03-17 18:55:00.384  8377  8377 I CarWifiManager: AccessPoint ADAYOGE-HK, isReachable: true
03-17 18:55:00.384  8377  8377 I CarWifiManager: AccessPoint AndroidAP_2884, isReachable: true
03-17 18:55:00.384  8377  8377 I CarWifiManager: AccessPoint DIRECT-4m-huawei, isReachable: true
03-17 18:55:00.384  8377  8377 I CarWifiManager: AccessPoint DIRECT-ea84-1590, isReachable: true
03-17 18:55:00.384  8377  8377 I CarWifiManager: AccessPoint FX_9793, isReachable: true
03-17 18:55:00.384  8377  8377 I CarWifiManager: AccessPoint HotspotRQe5, isReachable: true
03-17 18:55:00.384  8377  8377 I CarWifiManager: AccessPoint HUAWEI_B316_9AF2_5G, isReachable: true
03-17 18:55:00.384  8377  8377 I CarWifiManager: AccessPoint iPhone, isReachable: true
03-17 18:55:00.384  8377  8377 I CarWifiManager: AccessPoint nidewifi-5G, isReachable: true
03-17 18:55:00.384  8377  8377 I CarWifiManager: AccessPoint Tony’s 20phone, isReachable: true
03-17 18:55:00.384  8377  8377 I CarWifiManager: AccessPoint TP_KK, isReachable: true
03-17 18:55:00.384  8377  8377 I CarWifiManager: AccessPoint UGREEN-28591DB0, isReachable: true
03-17 18:55:00.384  8377  8377 I AccessPoint: AccessPoint: Cudy-6C60, detailed state: CONNECTED, isReachable: true
03-17 18:55:00.384  8377  8377 I CnsCarApp-WlanRepositoryImpl: Connected access point: Cudy-6C60
03-17 18:55:00.384   903  1756 I WifiService: getCurrentNetwork uid=1000
03-17 18:55:00.386  8377  8491 I CnsCarApp-AppConnectionTag: App connection status: 0
03-17 18:55:00.386  8377  8377 I CnsCarApp-WlanViewModel: recheckWhetherNeedPauseScan, connected wifi: WifiItem(security=2, level=4, iconRes=2131231217, ssid=Cudy-6C60, title=Cudy-6C60, summary=已连接, isSaved=true, isActive=true, isNowConnected=true)
03-17 18:55:00.386  8377  8377 I CnsCarApp-WlanViewModel: recheckWhetherNeedPauseScan, status: 0
03-17 18:55:00.387  8377  8377 I CnsCarApp-WlanRepositoryImpl: resume scan
03-17 18:55:00.389 10173 10197 D TimerTriggerManager: init instance...
03-17 18:55:00.389 10173 10197 D TimerTriggerManager: Timer thread'TimerTriggerManager' is destroyed: false
03-17 18:55:00.390 10173 10197 D TimerTriggerManager: Timer 'onIndcnVehSpdChanged' is running: true
03-17 18:55:00.390 10173 10197 D TimerTriggerManager: Sending reset signal to timer 'onIndcnVehSpdChanged'
03-17 18:55:00.390 10173 10197 D TimerTriggerManager: Reset signal sent to timer 'onIndcnVehSpdChanged'
03-17 18:55:00.390 10173 10204 D TimerTriggerController: Reset method called for timer: onIndcnVehSpdChanged
03-17 18:55:00.390 10173 10204 D TimerTriggerController: Calling onTimerReset for timer: onIndcnVehSpdChanged
03-17 18:55:00.390 10173 10204 D TimerTriggerManager: Timer reset: onIndcnVehSpdChanged
03-17 18:55:00.390 10173 10204 I TimerTriggerController: Timer [onIndcnVehSpdChanged] reset, remaining: 1000ms, reset count: 454
03-17 18:55:00.450   644   644 E fgesysctrl_hidl_hal_test1: fgesysctrl_get_signal status *value=0
03-17 18:55:00.450   649   759 D EvsApp  : CameraFgeSysctrl::fgesysctrl_get_signal_status() end ret = 1
03-17 18:55:00.450  1646  8217 I evsservice20200311: function = notifyAppDeviceValue :ADAYO_AVM_CAMERA_SIGNAL_STATE,1---
03-17 18:55:00.452  1646  1985 E EvsServiceManager: EvsServiceManager$1->notifyDeviceValue()42:notifyDeviceValue key：ADAYO_AVM_CAMERA_SIGNAL_STATEvalue1     ---257:Thread-218
03-17 18:55:00.467   642   685 I mcuc    : sd Uart data : 6AA60208D2000292028E
03-17 18:55:00.470  2383  2600 D AdayoDoipServer294_Doip: [ne_doip_event_loop_dispatch][line:141] : count = 0
03-17 18:55:00.472   642   685 I mcuc    : rev uart=2353,len=24, data : 6AA68108D20010920200156464646400000000000000015B
03-17 18:55:00.472   400  1006 D adayocomadapter-ParseProtocolFunc: printRaWMsg Name[MCUToUPstream recv] len[16] data[92020015646464640000000000000001]
03-17 18:55:00.472   400  1006 D adayocomadapter-CommunicationManager: onUpstreamback   member[0] dataLength[13] timePoint[234420]
03-17 18:55:00.472   400  1006 D adayocomadapter-ParseProtocolFunc: printRaWMsg Name[onUpstreamback] len[13] data[15646464640000000000000001]
03-17 18:55:00.472   400   452 D adayocomadapter-UpstreamHandler: processBeforePacket upSreamtProcessTimePoint[234420] 
03-17 18:55:00.472   400   452 D adayocomadapter-UpstreamHandler: processPacket UPSTREAM_QUEUE_DATA_TIMEOUT
03-17 18:55:00.472   400   452 D adayocomadapter-ParseProtocolFunc: parseCommonIPCLBytes Processing tableNumber[21]
03-17 18:55:00.472   400   452 D adayocomadapter-ParseProtocolFunc: parseCommonIPCLBytes Processing tablename[Table-21] tableSize[13]
03-17 18:55:00.472   400   452 D adayocomadapter-ParseProtocolFunc: printRaWMsg Name[byteStream recv] len[13] data[15646464640000000000000001]
03-17 18:55:00.472   400   452 D adayocomadapter-ParseProtocolFunc: printRaWMsg Name[IPCLtoVHAL] len[7] data[2140208B000164]
03-17 18:55:00.472   400   452 D adayocomadapter-ParseProtocolFunc: printRaWMsg Name[IPCLtoVHAL] len[7] data[21402193000100]
03-17 18:55:00.472   400   452 D adayocomadapter-ParseProtocolFunc: printRaWMsg Name[IPCLtoVHAL] len[7] data[2140208C000164]
03-17 18:55:00.472   400   452 D adayocomadapter-ParseProtocolFunc: printRaWMsg Name[IPCLtoVHAL] len[7] data[21402194000100]
03-17 18:55:00.472   400   452 D adayocomadapter-ParseProtocolFunc: printRaWMsg Name[IPCLtoVHAL] len[7] data[2140208D000164]
03-17 18:55:00.472   400   452 D adayocomadapter-ParseProtocolFunc: printRaWMsg Name[IPCLtoVHAL] len[7] data[21402195000100]
03-17 18:55:00.472   400   452 D adayocomadapter-ParseProtocolFunc: printRaWMsg Name[IPCLtoVHAL] len[7] data[21402192000100]
03-17 18:55:00.472   400   452 D adayocomadapter-ParseProtocolFunc: printRaWMsg Name[IPCLtoVHAL] len[7] data[2140208A000164]
03-17 18:55:00.473   400   452 D adayocomadapter-ParseProtocolFunc: printRaWMsg Name[IPCLtoVHAL] len[7] data[21402196000100]
03-17 18:55:00.473   400   452 D adayocomadapter-ParseProtocolFunc: printRaWMsg Name[IPCLtoVHAL] len[7] data[21402197000100]
03-17 18:55:00.473   400   452 D adayocomadapter-ParseProtocolFunc: printRaWMsg Name[IPCLtoVHAL] len[7] data[21402199000100]
03-17 18:55:00.473   400   452 D adayocomadapter-CommunicationManager: onUpstreamReceive isLoss 1 mPropertyId 0x2140208b
03-17 18:55:00.473   400   452 D adayocomadapter-CommunicationManager: convertBytesToInt32Memcpy  100
03-17 18:55:00.473   400   452 D vw-vhal : notifyVehicleProperty, propId = 0x2140208b, data = {status: 3, int32Values: [100]}
03-17 18:55:00.473   400   452 I DefaultVehicleHal_v2_0: DefaultVehicleHal::onPropertyValue, value:{.timestamp = 234420702693, .areaId = 0, .prop = 557850763, .status = UNAVAILABLE, .value = {.int32Values = [1]{100}, .floatValues = [0]{}, .int64Values = [0]{}, .bytes = [0]{}, .stringValue = ""}}
03-17 18:55:00.473   400   452 D adayocomadapter-CommunicationManager: onUpstreamReceive mPropertyId 0x2140208b
03-17 18:55:00.473   400   452 D adayocomadapter-CommunicationManager: onUpstreamReceive isLoss 1 mPropertyId 0x21402193
03-17 18:55:00.473   400   452 D adayocomadapter-CommunicationManager: convertBytesToInt32Memcpy  0
03-17 18:55:00.473   400   452 D vw-vhal : notifyVehicleProperty, propId = 0x21402193, data = {status: 3, int32Values: [0]}
03-17 18:55:00.473   400   452 I DefaultVehicleHal_v2_0: DefaultVehicleHal::onPropertyValue, value:{.timestamp = 234420851693, .areaId = 0, .prop = 557851027, .status = UNAVAILABLE, .value = {.int32Values = [1]{0}, .floatValues = [0]{}, .int64Values = [0]{}, .bytes = [0]{}, .stringValue = ""}}
03-17 18:55:00.473   400   452 D adayocomadapter-CommunicationManager: onUpstreamReceive mPropertyId 0x21402193
03-17 18:55:00.473   400   452 D adayocomadapter-CommunicationManager: onUpstreamReceive isLoss 1 mPropertyId 0x2140208c
03-17 18:55:00.473   400   452 D adayocomadapter-CommunicationManager: convertBytesToInt32Memcpy  100
03-17 18:55:00.473   400   452 D vw-vhal : notifyVehicleProperty, propId = 0x2140208c, data = {status: 3, int32Values: [100]}
03-17 18:55:00.473   400   452 I DefaultVehicleHal_v2_0: DefaultVehicleHal::onPropertyValue, value:{.timestamp = 234420967359, .areaId = 0, .prop = 557850764, .status = UNAVAILABLE, .value = {.int32Values = [1]{100}, .floatValues = [0]{}, .int64Values = [0]{}, .bytes = [0]{}, .stringValue = ""}}
03-17 18:55:00.473   400   452 D adayocomadapter-CommunicationManager: onUpstreamReceive mPropertyId 0x2140208c
03-17 18:55:00.473   400   452 D adayocomadapter-CommunicationManager: onUpstreamReceive isLoss 1 mPropertyId 0x21402194
03-17 18:55:00.473   400   452 D adayocomadapter-CommunicationManager: convertBytesToInt32Memcpy  0
03-17 18:55:00.473   400   452 D vw-vhal : notifyVehicleProperty, propId = 0x21402194, data = {status: 3, int32Values: [0]}
03-17 18:55:00.473   400   452 I DefaultVehicleHal_v2_0: DefaultVehicleHal::onPropertyValue, value:{.timestamp = 234421092359, .areaId = 0, .prop = 557851028, .status = UNAVAILABLE, .value = {.int32Values = [1]{0}, .floatValues = [0]{}, .int64Values = [0]{}, .bytes = [0]{}, .stringValue = ""}}
03-17 18:55:00.473   400   452 D adayocomadapter-CommunicationManager: onUpstreamReceive mPropertyId 0x21402194
03-17 18:55:00.473   400   452 D adayocomadapter-CommunicationManager: onUpstreamReceive isLoss 1 mPropertyId 0x2140208d
03-17 18:55:00.473   400   452 D adayocomadapter-CommunicationManager: convertBytesToInt32Memcpy  100
03-17 18:55:00.473   400   452 D vw-vhal : notifyVehicleProperty, propId = 0x2140208d, data = {status: 3, int32Values: [100]}
03-17 18:55:00.473   400   452 I DefaultVehicleHal_v2_0: DefaultVehicleHal::onPropertyValue, value:{.timestamp = 234421203359, .areaId = 0, .prop = 557850765, .status = UNAVAILABLE, .value = {.int32Values = [1]{100}, .floatValues = [0]{}, .int64Values = [0]{}, .bytes = [0]{}, .stringValue = ""}}
03-17 18:55:00.473   400   452 D adayocomadapter-CommunicationManager: onUpstreamReceive mPropertyId 0x2140208d
03-17 18:55:00.473   400   452 D adayocomadapter-CommunicationManager: onUpstreamReceive isLoss 1 mPropertyId 0x21402195
03-17 18:55:00.473   400   452 D adayocomadapter-CommunicationManager: convertBytesToInt32Memcpy  0
03-17 18:55:00.473   400   452 D vw-vhal : notifyVehicleProperty, propId = 0x21402195, data = {status: 3, int32Values: [0]}
03-17 18:55:00.473   400   452 I DefaultVehicleHal_v2_0: DefaultVehicleHal::onPropertyValue, value:{.timestamp = 234421311359, .areaId = 0, .prop = 557851029, .status = UNAVAILABLE, .value = {.int32Values = [1]{0}, .floatValues = [0]{}, .int64Values = [0]{}, .bytes = [0]{}, .stringValue = ""}}
03-17 18:55:00.473   400   452 D adayocomadapter-CommunicationManager: onUpstreamReceive mPropertyId 0x21402195
03-17 18:55:00.473   400   452 D adayocomadapter-CommunicationManager: onUpstreamReceive isLoss 1 mPropertyId 0x21402192
03-17 18:55:00.473   400   452 D adayocomadapter-CommunicationManager: convertBytesToInt32Memcpy  0
03-17 18:55:00.473   400   452 D vw-vhal : notifyVehicleProperty, propId = 0x21402192, data = {status: 3, int32Values: [0]}
03-17 18:55:00.473   400   452 I DefaultVehicleHal_v2_0: DefaultVehicleHal::onPropertyValue, value:{.timestamp = 234421416693, .areaId = 0, .prop = 557851026, .status = UNAVAILABLE, .value = {.int32Values = [1]{0}, .floatValues = [0]{}, .int64Values = [0]{}, .bytes = [0]{}, .stringValue = ""}}
03-17 18:55:00.473   400   452 D adayocomadapter-CommunicationManager: onUpstreamReceive mPropertyId 0x21402192
03-17 18:55:00.473   400   452 D adayocomadapter-CommunicationManager: onUpstreamReceive isLoss 1 mPropertyId 0x2140208a
03-17 18:55:00.473   400   452 D adayocomadapter-CommunicationManager: convertBytesToInt32Memcpy  100
03-17 18:55:00.473   400   452 D vw-vhal : notifyVehicleProperty, propId = 0x2140208a, data = {status: 3, int32Values: [100]}
03-17 18:55:00.473   400   452 I DefaultVehicleHal_v2_0: DefaultVehicleHal::onPropertyValue, value:{.timestamp = 234421518693, .areaId = 0, .prop = 557850762, .status = UNAVAILABLE, .value = {.int32Values = [1]{100}, .floatValues = [0]{}, .int64Values = [0]{}, .bytes = [0]{}, .stringValue = ""}}
03-17 18:55:00.474   400   452 D adayocomadapter-CommunicationManager: onUpstreamReceive mPropertyId 0x2140208a
03-17 18:55:00.474   400   452 D adayocomadapter-CommunicationManager: onUpstreamReceive isLoss 1 mPropertyId 0x21402196
03-17 18:55:00.474   400   452 D adayocomadapter-CommunicationManager: convertBytesToInt32Memcpy  0
03-17 18:55:00.474   400   452 D vw-vhal : notifyVehicleProperty, propId = 0x21402196, data = {status: 3, int32Values: [0]}
03-17 18:55:00.474   400   452 I DefaultVehicleHal_v2_0: DefaultVehicleHal::onPropertyValue, value:{.timestamp = 234421624359, .areaId = 0, .prop = 557851030, .status = UNAVAILABLE, .value = {.int32Values = [1]{0}, .floatValues = [0]{}, .int64Values = [0]{}, .bytes = [0]{}, .stringValue = ""}}
03-17 18:55:00.474   400   452 D adayocomadapter-CommunicationManager: onUpstreamReceive mPropertyId 0x21402196
03-17 18:55:00.474   400   452 D adayocomadapter-CommunicationManager: onUpstreamReceive isLoss 1 mPropertyId 0x21402197
03-17 18:55:00.474   400   452 D adayocomadapter-CommunicationManager: convertBytesToInt32Memcpy  0
03-17 18:55:00.474   400   452 D vw-vhal : notifyVehicleProperty, propId = 0x21402197, data = {status: 3, int32Values: [0]}
03-17 18:55:00.474   400   452 I DefaultVehicleHal_v2_0: DefaultVehicleHal::onPropertyValue, value:{.timestamp = 234421727359, .areaId = 0, .prop = 557851031, .status = UNAVAILABLE, .value = {.int32Values = [1]{0}, .floatValues = [0]{}, .int64Values = [0]{}, .bytes = [0]{}, .stringValue = ""}}
03-17 18:55:00.474   400   452 D adayocomadapter-CommunicationManager: onUpstreamReceive mPropertyId 0x21402197
03-17 18:55:00.474   400   452 D adayocomadapter-CommunicationManager: onUpstreamReceive isLoss 1 mPropertyId 0x21402199
03-17 18:55:00.474   400   452 D adayocomadapter-CommunicationManager: convertBytesToInt32Memcpy  0
03-17 18:55:00.474   400   452 D vw-vhal : notifyVehicleProperty, propId = 0x21402199, data = {status: 3, int32Values: [0]}
03-17 18:55:00.474   400   452 I DefaultVehicleHal_v2_0: DefaultVehicleHal::onPropertyValue, value:{.timestamp = 234421829026, .areaId = 0, .prop = 557851033, .status = UNAVAILABLE, .value = {.int32Values = [1]{0}, .floatValues = [0]{}, .int64Values = [0]{}, .bytes = [0]{}, .stringValue = ""}}
03-17 18:55:00.474   400   452 D adayocomadapter-CommunicationManager: onUpstreamReceive mPropertyId 0x21402199
03-17 18:55:00.478   582  3616 E WifiHAL : Invalid data received from driver
03-17 18:55:00.495 10173 10197 D TimerTriggerManager: init instance...
03-17 18:55:00.495 10173 10197 D TimerTriggerManager: Timer thread'TimerTriggerManager' is destroyed: false
03-17 18:55:00.495 10173 10197 D TimerTriggerManager: Timer 'onIndcnVehSpdChanged' is running: true
03-17 18:55:00.495 10173 10197 D TimerTriggerManager: Sending reset signal to timer 'onIndcnVehSpdChanged'
03-17 18:55:00.495 10173 10197 D TimerTriggerManager: Reset signal sent to timer 'onIndcnVehSpdChanged'
03-17 18:55:00.495 10173 10204 D TimerTriggerController: Reset method called for timer: onIndcnVehSpdChanged
03-17 18:55:00.495 10173 10204 D TimerTriggerController: Calling onTimerReset for timer: onIndcnVehSpdChanged
03-17 18:55:00.495 10173 10204 D TimerTriggerManager: Timer reset: onIndcnVehSpdChanged
03-17 18:55:00.495 10173 10204 I TimerTriggerController: Timer [onIndcnVehSpdChanged] reset, remaining: 1000ms, reset count: 455
03-17 18:55:00.496 10173 10197 D TimerTriggerManager: init instance...
03-17 18:55:00.496 10173 10197 D TimerTriggerManager: Timer thread'TimerTriggerManager' is destroyed: false
03-17 18:55:00.496 10173 10197 D TimerTriggerManager: Timer 'onMntnWarnReqChanged' is running: true
03-17 18:55:00.496 10173 10197 D TimerTriggerManager: Sending reset signal to timer 'onMntnWarnReqChanged'
03-17 18:55:00.496 10173 10197 D TimerTriggerManager: Reset signal sent to timer 'onMntnWarnReqChanged'
03-17 18:55:00.496 10173 10204 D TimerTriggerController: Reset method called for timer: onMntnWarnReqChanged
03-17 18:55:00.496 10173 10204 D TimerTriggerController: Calling onTimerReset for timer: onMntnWarnReqChanged
03-17 18:55:00.496 10173 10204 D TimerTriggerManager: Timer reset: onMntnWarnReqChanged
03-17 18:55:00.496 10173 10204 I TimerTriggerController: Timer [onMntnWarnReqChanged] reset, remaining: 5000ms, reset count: 228
03-17 18:55:00.518   582  3616 E WifiHAL : Invalid data received from driver
03-17 18:55:00.518   582  3616 E WifiHAL : Invalid data received from driver
03-17 18:55:00.518   582  3616 E WifiHAL : Invalid data received from driver
03-17 18:55:00.519   582  3616 E WifiHAL : Invalid data received from driver
03-17 18:55:00.519   582  3616 E WifiHAL : Invalid data received from driver
03-17 18:55:00.519   582  3616 E WifiHAL : Invalid data received from driver
03-17 18:55:00.519   582  3616 E WifiHAL : Invalid data received from driver
03-17 18:55:00.531  1566  3186 D TboxNetworkManager: tboxNetworkbinder=null
03-17 18:55:00.550   679  1495 I gps_hdbd: [gps_upgrade_thread 3403]Enter
03-17 18:55:00.550   679  1495 I gps_hdbd: [gps_upgrade_thread 3432] sys.gps.update:0 ,file:not ,upgrate_ing:0
03-17 18:55:00.556   642   685 I mcuc    : sd Uart data : 6AA60208D3000292028D
03-17 18:55:00.561   642   685 I mcuc    : rev uart=2354,len=18, data : 6AA68108D3000A9202000300000000000102
03-17 18:55:00.561   400  1006 D adayocomadapter-ParseProtocolFunc: printRaWMsg Name[MCUToUPstream recv] len[10] data[92020003000000000001]
03-17 18:55:00.562   400  1006 D adayocomadapter-CommunicationManager: onUpstreamback   member[0] dataLength[7] timePoint[234509]
03-17 18:55:00.562   400  1006 D adayocomadapter-ParseProtocolFunc: printRaWMsg Name[onUpstreamback] len[7] data[03000000000001]
03-17 18:55:00.562   400   452 D adayocomadapter-UpstreamHandler: processBeforePacket upSreamtProcessTimePoint[234509] 
03-17 18:55:00.562   400   452 D adayocomadapter-UpstreamHandler: processPacket UPSTREAM_QUEUE_DATA_TIMEOUT
03-17 18:55:00.562   400   452 D adayocomadapter-ParseProtocolFunc: parseCommonIPCLBytes Processing tableNumber[3]
03-17 18:55:00.562   400   452 D adayocomadapter-ParseProtocolFunc: parseCommonIPCLBytes Processing tablename[Table-3] tableSize[7]
03-17 18:55:00.562   400   452 D adayocomadapter-ParseProtocolFunc: printRaWMsg Name[byteStream recv] len[7] data[03000000000001]
03-17 18:55:00.562   400   452 D adayocomadapter-ParseProtocolFunc: printRaWMsg Name[IPCLtoVHAL] len[9] data[214121380100000000]
03-17 18:55:00.562   400   452 D adayocomadapter-ParseProtocolFunc: printRaWMsg Name[IPCLtoVHAL] len[7] data[214021D6000100]
03-17 18:55:00.562   400   452 D adayocomadapter-CommunicationManager: onUpstreamReceive isLoss 0 mPropertyId 0x21412138
03-17 18:55:00.562   400   452 D vw-vhal : notifyVehicleProperty, propId = 0x21412138, data = {status: 2, int32Values: [0, 0, 0]}
03-17 18:55:00.562   400   452 I DefaultVehicleHal_v2_0: DefaultVehicleHal::onPropertyValue, value:{.timestamp = 234509859026, .areaId = 0, .prop = 557916472, .status = AVAILABLE, .value = {.int32Values = [3]{0, 0, 0}, .floatValues = [0]{}, .int64Values = [0]{}, .bytes = [0]{}, .stringValue = ""}}
03-17 18:55:00.562   400   452 D adayocomadapter-CommunicationManager: onUpstreamReceive mPropertyId 0x21412138
03-17 18:55:00.562   400   452 D adayocomadapter-CommunicationManager: onUpstreamReceive isLoss 1 mPropertyId 0x214021d6
03-17 18:55:00.562   400   452 D adayocomadapter-CommunicationManager: convertBytesToInt32Memcpy  0
03-17 18:55:00.562   400   452 D vw-vhal : notifyVehicleProperty, propId = 0x214021d6, data = {status: 3, int32Values: [0]}
03-17 18:55:00.562   400   452 I DefaultVehicleHal_v2_0: DefaultVehicleHal::onPropertyValue, value:{.timestamp = 234510010693, .areaId = 0, .prop = 557851094, .status = UNAVAILABLE, .value = {.int32Values = [1]{0}, .floatValues = [0]{}, .int64Values = [0]{}, .bytes = [0]{}, .stringValue = ""}}
03-17 18:55:00.562   400   452 D adayocomadapter-CommunicationManager: onUpstreamReceive mPropertyId 0x214021d6
03-17 18:55:00.571  2383  2600 D AdayoDoipServer294_Doip: [ne_doip_event_loop_dispatch][line:141] : count = 0
03-17 18:55:00.579   582  3616 E WifiHAL : Invalid data received from driver
03-17 18:55:00.589 10173 10197 D TimerTriggerManager: init instance...
03-17 18:55:00.589 10173 10197 D TimerTriggerManager: Timer thread'TimerTriggerManager' is destroyed: false
03-17 18:55:00.589 10173 10197 D TimerTriggerManager: Timer 'onIndcnVehSpdChanged' is running: true
03-17 18:55:00.589 10173 10197 D TimerTriggerManager: Sending reset signal to timer 'onIndcnVehSpdChanged'
03-17 18:55:00.589 10173 10197 D TimerTriggerManager: Reset signal sent to timer 'onIndcnVehSpdChanged'
03-17 18:55:00.589 10173 10204 D TimerTriggerController: Reset method called for timer: onIndcnVehSpdChanged
03-17 18:55:00.589 10173 10204 D TimerTriggerController: Calling onTimerReset for timer: onIndcnVehSpdChanged
03-17 18:55:00.589 10173 10204 D TimerTriggerManager: Timer reset: onIndcnVehSpdChanged
03-17 18:55:00.589 10173 10204 I TimerTriggerController: Timer [onIndcnVehSpdChanged] reset, remaining: 1000ms, reset count: 456
03-17 18:55:00.598  2106  2460 D CAR.DIAGNOSTIC: Entry - Type: 0x01, ServiceId: 0x2048, InstanceId: 0x0001, MajorVersion: 0x01FFFFFF, TTL: 0
03-17 18:55:00.598  2106  2450 D CAR.DIAGNOSTIC: Entry - Type: 0x01, ServiceId: 0x2048, InstanceId: 0x0001, MajorVersion: 0x01FFFFFF, TTL: 0
03-17 18:55:00.598  2106  2458 D CAR.DIAGNOSTIC: Entry - Type: 0x01, ServiceId: 0x2048, InstanceId: 0x0001, MajorVersion: 0x01FFFFFF, TTL: 0
03-17 18:55:00.598  2106  2460 D CAR.DIAGNOSTIC: Entry - Type: 0x01, ServiceId: 0x5555, InstanceId: 0x0001, MajorVersion: 0x01FFFFFF, TTL: 0
03-17 18:55:00.598  2106  2458 D CAR.DIAGNOSTIC: Entry - Type: 0x01, ServiceId: 0x5555, InstanceId: 0x0001, MajorVersion: 0x01FFFFFF, TTL: 0
03-17 18:55:00.598  2106  2460 W CAR.DIAGNOSTIC: Not enough data for option indices: needed 128, remaining 52
03-17 18:55:00.598  2106  2458 W CAR.DIAGNOSTIC: Not enough data for option indices: needed 128, remaining 52
03-17 18:55:00.599  2106  2450 D CAR.DIAGNOSTIC: Entry - Type: 0x01, ServiceId: 0x5555, InstanceId: 0x0001, MajorVersion: 0x01FFFFFF, TTL: 0
03-17 18:55:00.599  2106  2450 W CAR.DIAGNOSTIC: Not enough data for option indices: needed 128, remaining 52
03-17 18:55:00.611  1566  1566 I AccessibilityCache: onAccessibilityEvent(EventType: TYPE_WINDOW_CONTENT_CHANGED; EventTime: 233956; PackageName: com.android.systemui; MovementGranularity: 0; Action: 0; ContentChangeTypes: [CONTENT_CHANGE_TYPE_TEXT]; WindowChangeTypes: [] [ ClassName: android.widget.TextView; Text: []; ContentDescription: 18:54; ItemCount: -1; CurrentItemIndex: -1; Enabled: true; Password: false; Checked: false; FullScreen: false; Scrollable: false; ImportantForAccessibility: true; AccessibilityDataSensitive: false; BeforeText: null; FromIndex: -1; ToIndex: -1; ScrollX: 0; ScrollY: 0; MaxScrollX: 0; MaxScrollY: 0; ScrollDeltaX: -1; ScrollDeltaY: -1; AddedCount: -1; RemovedCount: -1; ParcelableData: null; DisplayId: 0 ]
03-17 18:55:00.611  1566  1566 I AccessibilityCache: ; SourceWindowId: 0x0; SourceNodeId: 0xffffffff00000021; SourceDisplayId: 0)
03-17 18:55:00.611  1566  1566 I AccessibilityCache: Removing cached node.
03-17 18:55:00.611  1566  1566 I AccessibilityCache: Refreshing and re-adding cached node.
03-17 18:55:00.613  1566  1566 D AccessibilityServices: type = 2048  pkg = com.android.systemui
03-17 18:55:00.637   642   685 I mcuc    : sd Uart data : 6AA60208D4000292028C
03-17 18:55:00.643   642   685 I mcuc    : rev uart=2355,len=14, data : 6AA68108D400069202000C0001FC
03-17 18:55:00.643   642   685 I mcuc    : sd Uart data : 6AA60208D5000292028B
03-17 18:55:00.643   400  1006 D adayocomadapter-ParseProtocolFunc: printRaWMsg Name[MCUToUPstream recv] len[6] data[9202000C0001]
03-17 18:55:00.643   400  1006 D adayocomadapter-CommunicationManager: onUpstreamback   member[0] dataLength[3] timePoint[234590]
03-17 18:55:00.643   400  1006 D adayocomadapter-ParseProtocolFunc: printRaWMsg Name[onUpstreamback] len[3] data[0C0001]
03-17 18:55:00.643   400   452 D adayocomadapter-UpstreamHandler: processBeforePacket upSreamtProcessTimePoint[234590] 
03-17 18:55:00.643   400   452 D adayocomadapter-UpstreamHandler: processPacket UPSTREAM_QUEUE_DATA_TIMEOUT
03-17 18:55:00.643   400   452 D adayocomadapter-ParseProtocolFunc: parseCommonIPCLBytes Processing tableNumber[12]
03-17 18:55:00.643   400   452 D adayocomadapter-ParseProtocolFunc: parseCommonIPCLBytes Processing tablename[Table-12] tableSize[3]
03-17 18:55:00.643   400   452 D adayocomadapter-ParseProtocolFunc: printRaWMsg Name[byteStream recv] len[3] data[0C0001]
03-17 18:55:00.643   400   452 D adayocomadapter-ParseProtocolFunc: printRaWMsg Name[IPCLtoVHAL] len[7] data[21402166000100]
03-17 18:55:00.643   400   452 D adayocomadapter-CommunicationManager: onUpstreamReceive isLoss 1 mPropertyId 0x21402166
03-17 18:55:00.643   400   452 D adayocomadapter-CommunicationManager: convertBytesToInt32Memcpy  0
03-17 18:55:00.643   400   452 D vw-vhal : notifyVehicleProperty, propId = 0x21402166, data = {status: 3, int32Values: [0]}
03-17 18:55:00.643   400   452 I DefaultVehicleHal_v2_0: DefaultVehicleHal::onPropertyValue, value:{.timestamp = 234591128359, .areaId = 0, .prop = 557850982, .status = UNAVAILABLE, .value = {.int32Values = [1]{0}, .floatValues = [0]{}, .int64Values = [0]{}, .bytes = [0]{}, .stringValue = ""}}
03-17 18:55:00.643   400   452 D adayocomadapter-CommunicationManager: onUpstreamReceive mPropertyId 0x21402166
03-17 18:55:00.648   642   685 I mcuc    : rev uart=2356,len=17, data : 6AA68108D500099202000E7E7E000001FA
03-17 18:55:00.648   400  1006 D adayocomadapter-ParseProtocolFunc: printRaWMsg Name[MCUToUPstream recv] len[9] data[9202000E7E7E000001]
03-17 18:55:00.648   400  1006 D adayocomadapter-CommunicationManager: onUpstreamback   member[0] dataLength[6] timePoint[234595]
03-17 18:55:00.648   400  1006 D adayocomadapter-ParseProtocolFunc: printRaWMsg Name[onUpstreamback] len[6] data[0E7E7E000001]
03-17 18:55:00.648   400   452 D adayocomadapter-UpstreamHandler: processBeforePacket upSreamtProcessTimePoint[234596] 
03-17 18:55:00.648   400   452 D adayocomadapter-UpstreamHandler: processPacket UPSTREAM_QUEUE_DATA_TIMEOUT
03-17 18:55:00.648   400   452 D adayocomadapter-ParseProtocolFunc: parseCommonIPCLBytes Processing tableNumber[14]
03-17 18:55:00.648   400   452 D adayocomadapter-ParseProtocolFunc: parseCommonIPCLBytes Processing tablename[Table-14] tableSize[6]
03-17 18:55:00.648   400   452 D adayocomadapter-ParseProtocolFunc: printRaWMsg Name[byteStream recv] len[6] data[0E7E7E000001]
03-17 18:55:00.648   400   452 D adayocomadapter-ParseProtocolFunc: printRaWMsg Name[IPCLtoVHAL] len[7] data[214020DE00017E]
03-17 18:55:00.648   400   452 D adayocomadapter-ParseProtocolFunc: printRaWMsg Name[IPCLtoVHAL] len[7] data[214020E000017E]
03-17 18:55:00.648   400   452 D adayocomadapter-ParseProtocolFunc: printRaWMsg Name[IPCLtoVHAL] len[7] data[214020E5000100]
03-17 18:55:00.648   400   452 D adayocomadapter-ParseProtocolFunc: printRaWMsg Name[IPCLtoVHAL] len[7] data[214020E6000100]
03-17 18:55:00.648   400   452 D adayocomadapter-CommunicationManager: onUpstreamReceive isLoss 1 mPropertyId 0x214020de
03-17 18:55:00.648   400   452 D adayocomadapter-CommunicationManager: convertBytesToInt32Memcpy  126
03-17 18:55:00.648   400   452 D vw-vhal : notifyVehicleProperty, propId = 0x214020de, data = {status: 3, int32Values: [126]}
03-17 18:55:00.648   400   452 I DefaultVehicleHal_v2_0: DefaultVehicleHal::onPropertyValue, value:{.timestamp = 234596370359, .areaId = 0, .prop = 557850846, .status = UNAVAILABLE, .value = {.int32Values = [1]{126}, .floatValues = [0]{}, .int64Values = [0]{}, .bytes = [0]{}, .stringValue = ""}}
03-17 18:55:00.648   582  3616 E WifiHAL : Invalid data received from driver
03-17 18:55:00.648   400   452 D adayocomadapter-CommunicationManager: onUpstreamReceive mPropertyId 0x214020de
03-17 18:55:00.648   400   452 D adayocomadapter-CommunicationManager: onUpstreamReceive isLoss 1 mPropertyId 0x214020e0
03-17 18:55:00.648   400   452 D adayocomadapter-CommunicationManager: convertBytesToInt32Memcpy  126
03-17 18:55:00.648   400   452 D vw-vhal : notifyVehicleProperty, propId = 0x214020e0, data = {status: 3, int32Values: [126]}
03-17 18:55:00.648   400   452 I DefaultVehicleHal_v2_0: DefaultVehicleHal::onPropertyValue, value:{.timestamp = 234596514026, .areaId = 0, .prop = 557850848, .status = UNAVAILABLE, .value = {.int32Values = [1]{126}, .floatValues = [0]{}, .int64Values = [0]{}, .bytes = [0]{}, .stringValue = ""}}
03-17 18:55:00.649   400   452 D adayocomadapter-CommunicationManager: onUpstreamReceive mPropertyId 0x214020e0
03-17 18:55:00.649   400   452 D adayocomadapter-CommunicationManager: onUpstreamReceive isLoss 1 mPropertyId 0x214020e5
03-17 18:55:00.649   400   452 D adayocomadapter-CommunicationManager: convertBytesToInt32Memcpy  0
03-17 18:55:00.649   400   452 D vw-vhal : notifyVehicleProperty, propId = 0x214020e5, data = {status: 3, int32Values: [0]}
03-17 18:55:00.649   400   452 I DefaultVehicleHal_v2_0: DefaultVehicleHal::onPropertyValue, value:{.timestamp = 234596624693, .areaId = 0, .prop = 557850853, .status = UNAVAILABLE, .value = {.int32Values = [1]{0}, .floatValues = [0]{}, .int64Values = [0]{}, .bytes = [0]{}, .stringValue = ""}}
03-17 18:55:00.649   400   452 D adayocomadapter-CommunicationManager: onUpstreamReceive mPropertyId 0x214020e5
03-17 18:55:00.649   400   452 D adayocomadapter-CommunicationManager: onUpstreamReceive isLoss 1 mPropertyId 0x214020e6
03-17 18:55:00.649   400   452 D adayocomadapter-CommunicationManager: convertBytesToInt32Memcpy  0
03-17 18:55:00.649   400   452 D vw-vhal : notifyVehicleProperty, propId = 0x214020e6, data = {status: 3, int32Values: [0]}
03-17 18:55:00.649   400   452 I DefaultVehicleHal_v2_0: DefaultVehicleHal::onPropertyValue, value:{.timestamp = 234596730693, .areaId = 0, .prop = 557850854, .status = UNAVAILABLE, .value = {.int32Values = [1]{0}, .floatValues = [0]{}, .int64Values = [0]{}, .bytes = [0]{}, .stringValue = ""}}
03-17 18:55:00.649   400   452 D adayocomadapter-CommunicationManager: onUpstreamReceive mPropertyId 0x214020e6
03-17 18:55:00.653  2292  2308 D GPS_POIManager: IncomeProcess 2366
03-17 18:55:00.653  2292  2308 W POIManager: Just Location Need request Location permission
03-17 18:55:00.653  2366  2997 E /       : Just Location request Location permission
03-17 18:55:00.671  2383  2600 D AdayoDoipServer294_Doip: [ne_doip_event_loop_dispatch][line:141] : count = 0
03-17 18:55:00.682  1566  2651 D TboxNetworkManager: tboxNetworkbinder=null
03-17 18:55:00.689 10173 10197 D TimerTriggerManager: init instance...
03-17 18:55:00.690 10173 10197 D TimerTriggerManager: Timer thread'TimerTriggerManager' is destroyed: false
03-17 18:55:00.690 10173 10197 D TimerTriggerManager: Timer 'onMntnWarnReqChanged' is running: true
03-17 18:55:00.690 10173 10197 D TimerTriggerManager: Sending reset signal to timer 'onMntnWarnReqChanged'
03-17 18:55:00.690 10173 10197 D TimerTriggerManager: Reset signal sent to timer 'onMntnWarnReqChanged'
03-17 18:55:00.690 10173 10204 D TimerTriggerController: Reset method called for timer: onMntnWarnReqChanged
03-17 18:55:00.690 10173 10197 D TimerTriggerManager: init instance...
03-17 18:55:00.690 10173 10197 D TimerTriggerManager: Timer thread'TimerTriggerManager' is destroyed: false
03-17 18:55:00.690 10173 10204 D TimerTriggerController: Calling onTimerReset for timer: onMntnWarnReqChanged
03-17 18:55:00.690 10173 10197 D TimerTriggerManager: Timer 'onIndcnVehSpdChanged' is running: true
03-17 18:55:00.690 10173 10197 D TimerTriggerManager: Sending reset signal to timer 'onIndcnVehSpdChanged'
03-17 18:55:00.690 10173 10204 D TimerTriggerManager: Timer reset: onMntnWarnReqChanged
03-17 18:55:00.690 10173 10197 D TimerTriggerManager: Reset signal sent to timer 'onIndcnVehSpdChanged'
03-17 18:55:00.690 10173 10204 I TimerTriggerController: Timer [onMntnWarnReqChanged] reset, remaining: 5000ms, reset count: 229
03-17 18:55:00.690 10173 10204 D TimerTriggerController: Reset method called for timer: onIndcnVehSpdChanged
03-17 18:55:00.690 10173 10204 D TimerTriggerController: Calling onTimerReset for timer: onIndcnVehSpdChanged
03-17 18:55:00.690 10173 10204 D TimerTriggerManager: Timer reset: onIndcnVehSpdChanged
03-17 18:55:00.690 10173 10204 I TimerTriggerController: Timer [onIndcnVehSpdChanged] reset, remaining: 1000ms, reset count: 457
03-17 18:55:00.711  1566  1566 I AccessibilityCache: onAccessibilityEvent(EventType: TYPE_WINDOW_CONTENT_CHANGED; EventTime: 234056; PackageName: com.android.systemui; MovementGranularity: 0; Action: 0; ContentChangeTypes: [CONTENT_CHANGE_TYPE_CONTENT_DESCRIPTION]; WindowChangeTypes: [] [ ClassName: android.widget.TextView; Text: []; ContentDescription: 18:55; ItemCount: -1; CurrentItemIndex: -1; Enabled: true; Password: false; Checked: false; FullScreen: false; Scrollable: false; ImportantForAccessibility: true; AccessibilityDataSensitive: false; BeforeText: null; FromIndex: -1; ToIndex: -1; ScrollX: 0; ScrollY: 0; MaxScrollX: 0; MaxScrollY: 0; ScrollDeltaX: -1; ScrollDeltaY: -1; AddedCount: -1; RemovedCount: -1; ParcelableData: null; DisplayId: 0 ]
03-17 18:55:00.711  1566  1566 I AccessibilityCache: ; SourceWindowId: 0x0; SourceNodeId: 0xffffffff00000021; SourceDisplayId: 0)
03-17 18:55:00.711  1566  1566 I AccessibilityCache: Removing cached node.
03-17 18:55:00.711  1566  1566 I AccessibilityCache: Refreshing and re-adding cached node.
03-17 18:55:00.713  1566  1566 D AccessibilityServices: type = 2048  pkg = com.android.systemui
03-17 18:55:00.734   582  3616 E WifiHAL : Invalid data received from driver
03-17 18:55:00.737  2366  2997 I VehicleNaviObserver: loadHome
03-17 18:55:00.738  2366  2993 I VehicleNaviObserver: loadCompany
03-17 18:55:00.738  2292  2308 D navi-libSdk-J01-Sdk: isServiceConnected: true
03-17 18:55:00.738  2292  3145 D navi-libSdk-J01-Sdk: isServiceConnected: true
03-17 18:55:00.738  2292  2308 D GPS_IExpired: head 172694646{state=0,isHead=true,param=,incomePid=2366,method=HomeLocation,childCount=0}
03-17 18:55:00.738  2292  2308 D navi-libSdk-J01-Sdk: isServiceConnected: true
03-17 18:55:00.738  2292  3145 D GPS_IExpired: head 233521783{state=0,isHead=true,param=,incomePid=2366,method=CompanyLocation,childCount=0}
03-17 18:55:00.738  2292  2308 D navi-libSdk-J01-NaviSdk: getHomeAddress: type-0,getProxy()-com.faw.navi.libsdk.IShareDataInterface$Stub$Proxy@f5f5405
03-17 18:55:00.738  2292  3145 D navi-libSdk-J01-Sdk: isServiceConnected: true
03-17 18:55:00.738  2292  3145 D navi-libSdk-J01-NaviSdk: getCompanyAddress: type-0,getProxy()-com.faw.navi.libsdk.IShareDataInterface$Stub$Proxy@f5f5405
03-17 18:55:00.739  2315  4400 D navi-libSdk-J01-ShareDataBinder: getCompanyAddress(ShareDataBinder.java:501) getCompanyAddress: clientPid-2292,type-0
03-17 18:55:00.739  2315  8653 D navi-libSdk-J01-ShareDataBinder: getHomeAddress(ShareDataBinder.java:518) getHomeAddress: clientPid-2292,type-0
03-17 18:55:00.739  2366  2993 I VehicleNaviObserver: loadCompany >> null, do retry
03-17 18:55:00.739  2366  2997 I VehicleNaviObserver: loadHome >> null, do retry
03-17 18:55:00.740  2292  3145 D GPS_IExpired: 233521783{state=1,isHead=true,param=,incomePid=2366,method=CompanyLocation,childCount=0} callback
03-17 18:55:00.740  2292  3145 D GPS_IExpired: 233521783{state=1,isHead=true,param=,incomePid=2366,method=CompanyLocation,childCount=0} accept and fallback 0
03-17 18:55:00.740  2292  2308 D GPS_IExpired: 172694646{state=1,isHead=true,param=,incomePid=2366,method=HomeLocation,childCount=0} callback
03-17 18:55:00.740  2292  2308 D GPS_IExpired: 172694646{state=1,isHead=true,param=,incomePid=2366,method=HomeLocation,childCount=0} accept and fallback 0
03-17 18:55:00.770   642   685 I mcuc    : sd Uart data : 6AA60208D6000292028A
03-17 18:55:00.771  2383  2600 D AdayoDoipServer294_Doip: [ne_doip_event_loop_dispatch][line:141] : count = 0
03-17 18:55:00.775   642   685 I mcuc    : rev uart=2357,len=64, data : 6AA68108D600389202001800320000000012FF3F01FF01FF01FF01FF01FF01F40003FF03FF03FF03FF03FF03FF03FF03FF03FF03FF03FF03FF07000101010123
03-17 18:55:00.775   400  1006 D adayocomadapter-ParseProtocolFunc: printRaWMsg Name[MCUToUPstream recv] len[56] data[9202001800320000000012FF3F01FF01FF01FF01FF01FF01F40003FF03FF03FF03FF03FF03FF03FF03FF03FF03FF03FF03FF070001010101]
03-17 18:55:00.775   400  1006 D adayocomadapter-CommunicationManager: onUpstreamback   member[0] dataLength[53] timePoint[234723]
03-17 18:55:00.776   400  1006 D adayocomadapter-ParseProtocolFunc: printRaWMsg Name[onUpstreamback] len[53] data[1800320000000012FF3F01FF01FF01FF01FF01FF01F40003FF03FF03FF03FF03FF03FF03FF03FF03FF03FF03FF03FF070001010101]
03-17 18:55:00.776   400   452 D adayocomadapter-UpstreamHandler: processBeforePacket upSreamtProcessTimePoint[234723] 
03-17 18:55:00.776   400   452 D adayocomadapter-UpstreamHandler: processPacket UPSTREAM_QUEUE_DATA_TIMEOUT
03-17 18:55:00.776   400   452 D adayocomadapter-ParseProtocolFunc: parseCommonIPCLBytes Processing tableNumber[24]
03-17 18:55:00.776   400   452 D adayocomadapter-ParseProtocolFunc: parseCommonIPCLBytes Processing tablename[Table-24] tableSize[53]
03-17 18:55:00.776   400   452 D adayocomadapter-ParseProtocolFunc: printRaWMsg Name[byteStream recv] len[53] data[1800320000000012FF3F01FF01FF01FF01FF01FF01F40003FF03FF03FF03FF03FF03FF03FF03FF03FF03FF03FF03FF070001010101]
03-17 18:55:00.776   400   452 D adayocomadapter-ParseProtocolFunc: printRaWMsg Name[IPCLtoVHAL] len[9] data[2141211D010112FF3F]
03-17 18:55:00.776   400   452 D adayocomadapter-ParseProtocolFunc: printRaWMsg Name[IPCLtoVHAL] len[8] data[2140207A000103FF]
03-17 18:55:00.776   400   452 D adayocomadapter-ParseProtocolFunc: printRaWMsg Name[IPCLtoVHAL] len[7] data[214020D3000100]
03-17 18:55:00.776   400   452 D adayocomadapter-ParseProtocolFunc: printRaWMsg Name[IPCLtoVHAL] len[7] data[214020CB000132]
03-17 18:55:00.776   400   452 D adayocomadapter-ParseProtocolFunc: printRaWMsg Name[IPCLtoVHAL] len[8] data[2140203C000101FF]
03-17 18:55:00.776   400   452 D adayocomadapter-ParseProtocolFunc: printRaWMsg Name[IPCLtoVHAL] len[7] data[214020C9000100]
03-17 18:55:00.776   400   452 D adayocomadapter-ParseProtocolFunc: printRaWMsg Name[IPCLtoVHAL] len[7] data[214020CF000100]
03-17 18:55:00.776   400   452 D adayocomadapter-ParseProtocolFunc: printRaWMsg Name[IPCLtoVHAL] len[8] data[21402040000101FF]
03-17 18:55:00.776   400   452 D adayocomadapter-ParseProtocolFunc: printRaWMsg Name[IPCLtoVHAL] len[7] data[214020D1000100]
03-17 18:55:00.776   400   452 D adayocomadapter-ParseProtocolFunc: printRaWMsg Name[IPCLtoVHAL] len[8] data[21402044000101FF]
03-17 18:55:00.776   400   452 D adayocomadapter-ParseProtocolFunc: printRaWMsg Name[IPCLtoVHAL] len[7] data[214020D5000100]
03-17 18:55:00.776   400   452 D adayocomadapter-ParseProtocolFunc: printRaWMsg Name[IPCLtoVHAL] len[8] data[21402038000101FF]
03-17 18:55:00.776   400   452 D adayocomadapter-ParseProtocolFunc: printRaWMsg Name[IPCLtoVHAL] len[8] data[2140207D000103FF]
03-17 18:55:00.776   400   452 D adayocomadapter-ParseProtocolFunc: printRaWMsg Name[IPCLtoVHAL] len[8] data[2140207F000103FF]
03-17 18:55:00.776   400   452 D adayocomadapter-ParseProtocolFunc: printRaWMsg Name[IPCLtoVHAL] len[7] data[21402052000100]
03-17 18:55:00.776   400   452 D adayocomadapter-ParseProtocolFunc: printRaWMsg Name[IPCLtoVHAL] len[8] data[21402081000103FF]
03-17 18:55:00.776   400   452 D adayocomadapter-ParseProtocolFunc: printRaWMsg Name[IPCLtoVHAL] len[8] data[21402080000103FF]
