03-17 18:55:02.422   400   452 I DefaultVehicleHal_v2_0: DefaultVehicleHal::onPropertyValue, value:{.timestamp = 236369598026, .areaId = 0, .prop = 557924621, .status = AVAILABLE, .value = {.int32Values = [1]{0}, .floatValues = [0]{}, .int64Values = [0]{}, .bytes = [0]{}, .stringValue = ""}}
03-17 18:55:02.422   400   452 D DefaultVehicleHal_v2_0: onPropertyValue: Diagnostic config property: 0x2141410d
03-17 18:55:02.422   400   452 D DiagPropHandler: Processing request for prop: 0x2141410d, size: 1
03-17 18:55:02.422   703   703 I vendor.fawvw.hardware.persistenceservice: [194][persistence_client_library_prct_access::get_db_context] key Reserved is not in RCT,will be stored in cached
03-17 18:55:02.422   703   703 W vendor.fawvw.hardware.persistenceservice: [64][PersistenceProxyReplier::setValue] setValue when server disconnect
03-17 18:55:02.422   703   703 I vendor.fawvw.hardware.persistenceservice: [49][PersistenceService::setValue]Receive aidl setValue:key is Reserved,value is 0,serviceid is 2
03-17 18:55:02.422   400   452 D DiagPropHandler: Successfully set property [Reserved] = 0
03-17 18:55:02.422   400   452 D DiagPropHandler: Set property [Reserved] = 0
03-17 18:55:02.422   703   703 W vendor.fawvw.hardware.persistenceservice: [64][PersistenceProxyReplier::setValue] setValue when server disconnect
03-17 18:55:02.422   703   703 I vendor.fawvw.hardware.persistenceservice: [49][PersistenceService::setValue]Receive aidl setValue:key is CarlinK_ON_OFF_config,value is 0,serviceid is 2
03-17 18:55:02.422   400   452 D DiagPropHandler: Successfully set property [CarlinK_ON_OFF_config] = 0
03-17 18:55:02.422   400   452 D DiagPropHandler: Set property [CarlinK_ON_OFF_config] = 0
03-17 18:55:02.422   703   703 W vendor.fawvw.hardware.persistenceservice: [64][PersistenceProxyReplier::setValue] setValue when server disconnect
03-17 18:55:02.422   703   703 I vendor.fawvw.hardware.persistenceservice: [49][PersistenceService::setValue]Receive aidl setValue:key is Hicar_ON_OFF_config,value is 0,serviceid is 2
03-17 18:55:02.422   400   452 D DiagPropHandler: Successfully set property [Hicar_ON_OFF_config] = 0
03-17 18:55:02.422   400   452 D DiagPropHandler: Set property [Hicar_ON_OFF_config] = 0
03-17 18:55:02.423   703   703 W vendor.fawvw.hardware.persistenceservice: [64][PersistenceProxyReplier::setValue] setValue when server disconnect
03-17 18:55:02.423   703   703 I vendor.fawvw.hardware.persistenceservice: [49][PersistenceService::setValue]Receive aidl setValue:key is Carplay_ON_OFF_config,value is 0,serviceid is 2
03-17 18:55:02.423   400   452 D DiagPropHandler: Successfully set property [Carplay_ON_OFF_config] = 0
03-17 18:55:02.423   400   452 D DiagPropHandler: Set property [Carplay_ON_OFF_config] = 0
03-17 18:55:02.423   400   452 D adayocomadapter-CommunicationManager: onUpstreamReceive mPropertyId 0x2141410d
03-17 18:55:02.423   642   685 I mcuc    : rev uart=2376,len=15, data : 6AA68108E800079202000B000001E8
03-17 18:55:02.423   642   685 I mcuc    : sd Uart data : 6AA60208E90002920277
03-17 18:55:02.423   642   800 I mcuc    : file = hardware/interfaces/fgemcucomm/1.0/default/mcucomm/src/mcuCommFunctionTimer.cpp, function = startTimer  start timer OK = 212 
03-17 18:55:02.423   400  1006 D adayocomadapter-ParseProtocolFunc: printRaWMsg Name[MCUToUPstream recv] len[7] data[9202000B000001]
03-17 18:55:02.423   400  1006 D adayocomadapter-CommunicationManager: onUpstreamback   member[0] dataLength[4] timePoint[236371]
03-17 18:55:02.423   400  1006 D adayocomadapter-ParseProtocolFunc: printRaWMsg Name[onUpstreamback] len[4] data[0B000001]
03-17 18:55:02.423   400   452 D adayocomadapter-UpstreamHandler: processBeforePacket upSreamtProcessTimePoint[236371] 
03-17 18:55:02.423   400   452 D adayocomadapter-UpstreamHandler: processPacket UPSTREAM_QUEUE_DATA_TIMEOUT
03-17 18:55:02.423   400   452 D adayocomadapter-ParseProtocolFunc: parseCommonIPCLBytes Processing tableNumber[11]
03-17 18:55:02.423   400   452 D adayocomadapter-ParseProtocolFunc: parseCommonIPCLBytes Processing tablename[Table-11] tableSize[4]
03-17 18:55:02.423   400   452 D adayocomadapter-ParseProtocolFunc: printRaWMsg Name[byteStream recv] len[4] data[0B000001]
03-17 18:55:02.423   400   452 D adayocomadapter-ParseProtocolFunc: printRaWMsg Name[IPCLtoVHAL] len[8] data[2140200B00010000]
03-17 18:55:02.423   400   452 D adayocomadapter-CommunicationManager: onUpstreamReceive isLoss 1 mPropertyId 0x2140200b
03-17 18:55:02.423   400   452 D adayocomadapter-CommunicationManager: convertBytesToInt32Memcpy  0
03-17 18:55:02.423   400   452 D vw-vhal : notifyVehicleProperty, propId = 0x2140200b, data = {status: 3, int32Values: [0]}
03-17 18:55:02.423   400   452 I DefaultVehicleHal_v2_0: DefaultVehicleHal::onPropertyValue, value:{.timestamp = 236371368026, .areaId = 0, .prop = 557850635, .status = UNAVAILABLE, .value = {.int32Values = [1]{0}, .floatValues = [0]{}, .int64Values = [0]{}, .bytes = [0]{}, .stringValue = ""}}
03-17 18:55:02.423   400   452 D adayocomadapter-CommunicationManager: onUpstreamReceive mPropertyId 0x2140200b
03-17 18:55:02.428   642   685 I mcuc    : rev uart=2377,len=20, data : 6AA68108E9000C9202000F0000000000000001DE
03-17 18:55:02.428   400  1006 D adayocomadapter-ParseProtocolFunc: printRaWMsg Name[MCUToUPstream recv] len[12] data[9202000F0000000000000001]
03-17 18:55:02.428   400  1006 D adayocomadapter-CommunicationManager: onUpstreamback   member[0] dataLength[9] timePoint[236376]
03-17 18:55:02.428   400  1006 D adayocomadapter-ParseProtocolFunc: printRaWMsg Name[onUpstreamback] len[9] data[0F0000000000000001]
03-17 18:55:02.428   400   452 D adayocomadapter-UpstreamHandler: processBeforePacket upSreamtProcessTimePoint[236376] 
03-17 18:55:02.428   400   452 D adayocomadapter-UpstreamHandler: processPacket UPSTREAM_QUEUE_DATA_TIMEOUT
03-17 18:55:02.428   400   452 D adayocomadapter-ParseProtocolFunc: parseCommonIPCLBytes Processing tableNumber[15]
03-17 18:55:02.428   400   452 D adayocomadapter-ParseProtocolFunc: parseCommonIPCLBytes Processing tablename[Table-15] tableSize[9]
03-17 18:55:02.428   400   452 D adayocomadapter-ParseProtocolFunc: printRaWMsg Name[byteStream recv] len[9] data[0F0000000000000001]
03-17 18:55:02.428   400   452 D adayocomadapter-ParseProtocolFunc: printRaWMsg Name[IPCLtoVHAL] len[7] data[214020F3000100]
03-17 18:55:02.428   400   452 D adayocomadapter-ParseProtocolFunc: printRaWMsg Name[IPCLtoVHAL] len[7] data[214020F4000100]
03-17 18:55:02.428   400   452 D adayocomadapter-ParseProtocolFunc: printRaWMsg Name[IPCLtoVHAL] len[7] data[214020F5000100]
03-17 18:55:02.429   400   452 D adayocomadapter-ParseProtocolFunc: printRaWMsg Name[IPCLtoVHAL] len[7] data[214020F6000100]
03-17 18:55:02.429   400   452 D adayocomadapter-ParseProtocolFunc: printRaWMsg Name[IPCLtoVHAL] len[7] data[214020F7000100]
03-17 18:55:02.429   400   452 D adayocomadapter-ParseProtocolFunc: printRaWMsg Name[IPCLtoVHAL] len[7] data[214020F8000100]
03-17 18:55:02.429   400   452 D adayocomadapter-ParseProtocolFunc: printRaWMsg Name[IPCLtoVHAL] len[7] data[214020F9000100]
03-17 18:55:02.429   400   452 D adayocomadapter-CommunicationManager: onUpstreamReceive isLoss 1 mPropertyId 0x214020f3
03-17 18:55:02.429   400   452 D adayocomadapter-CommunicationManager: convertBytesToInt32Memcpy  0
03-17 18:55:02.429   400   452 D vw-vhal : notifyVehicleProperty, propId = 0x214020f3, data = {status: 3, int32Values: [0]}
03-17 18:55:02.429   400   452 I DefaultVehicleHal_v2_0: DefaultVehicleHal::onPropertyValue, value:{.timestamp = 236376711026, .areaId = 0, .prop = 557850867, .status = UNAVAILABLE, .value = {.int32Values = [1]{0}, .floatValues = [0]{}, .int64Values = [0]{}, .bytes = [0]{}, .stringValue = ""}}
03-17 18:55:02.429   400   452 D adayocomadapter-CommunicationManager: onUpstreamReceive mPropertyId 0x214020f3
03-17 18:55:02.429   400   452 D adayocomadapter-CommunicationManager: onUpstreamReceive isLoss 1 mPropertyId 0x214020f4
03-17 18:55:02.429   400   452 D adayocomadapter-CommunicationManager: convertBytesToInt32Memcpy  0
03-17 18:55:02.429   400   452 D vw-vhal : notifyVehicleProperty, propId = 0x214020f4, data = {status: 3, int32Values: [0]}
03-17 18:55:02.429   400   452 I DefaultVehicleHal_v2_0: DefaultVehicleHal::onPropertyValue, value:{.timestamp = 236376841693, .areaId = 0, .prop = 557850868, .status = UNAVAILABLE, .value = {.int32Values = [1]{0}, .floatValues = [0]{}, .int64Values = [0]{}, .bytes = [0]{}, .stringValue = ""}}
03-17 18:55:02.429   400   452 D adayocomadapter-CommunicationManager: onUpstreamReceive mPropertyId 0x214020f4
03-17 18:55:02.429   400   452 D adayocomadapter-CommunicationManager: onUpstreamReceive isLoss 1 mPropertyId 0x214020f5
03-17 18:55:02.429   400   452 D adayocomadapter-CommunicationManager: convertBytesToInt32Memcpy  0
03-17 18:55:02.429   400   452 D vw-vhal : notifyVehicleProperty, propId = 0x214020f5, data = {status: 3, int32Values: [0]}
03-17 18:55:02.429   400   452 I DefaultVehicleHal_v2_0: DefaultVehicleHal::onPropertyValue, value:{.timestamp = 236376955693, .areaId = 0, .prop = 557850869, .status = UNAVAILABLE, .value = {.int32Values = [1]{0}, .floatValues = [0]{}, .int64Values = [0]{}, .bytes = [0]{}, .stringValue = ""}}
03-17 18:55:02.429   400   452 D adayocomadapter-CommunicationManager: onUpstreamReceive mPropertyId 0x214020f5
03-17 18:55:02.429   400   452 D adayocomadapter-CommunicationManager: onUpstreamReceive isLoss 1 mPropertyId 0x214020f6
03-17 18:55:02.429   400   452 D adayocomadapter-CommunicationManager: convertBytesToInt32Memcpy  0
03-17 18:55:02.429   400   452 D vw-vhal : notifyVehicleProperty, propId = 0x214020f6, data = {status: 3, int32Values: [0]}
03-17 18:55:02.429   400   452 I DefaultVehicleHal_v2_0: DefaultVehicleHal::onPropertyValue, value:{.timestamp = 236377064026, .areaId = 0, .prop = 557850870, .status = UNAVAILABLE, .value = {.int32Values = [1]{0}, .floatValues = [0]{}, .int64Values = [0]{}, .bytes = [0]{}, .stringValue = ""}}
03-17 18:55:02.429   400   452 D adayocomadapter-CommunicationManager: onUpstreamReceive mPropertyId 0x214020f6
03-17 18:55:02.429   400   452 D adayocomadapter-CommunicationManager: onUpstreamReceive isLoss 1 mPropertyId 0x214020f7
03-17 18:55:02.429   400   452 D adayocomadapter-CommunicationManager: convertBytesToInt32Memcpy  0
03-17 18:55:02.429   400   452 D vw-vhal : notifyVehicleProperty, propId = 0x214020f7, data = {status: 3, int32Values: [0]}
03-17 18:55:02.429   400   452 I DefaultVehicleHal_v2_0: DefaultVehicleHal::onPropertyValue, value:{.timestamp = 236377172693, .areaId = 0, .prop = 557850871, .status = UNAVAILABLE, .value = {.int32Values = [1]{0}, .floatValues = [0]{}, .int64Values = [0]{}, .bytes = [0]{}, .stringValue = ""}}
03-17 18:55:02.429   400   452 D adayocomadapter-CommunicationManager: onUpstreamReceive mPropertyId 0x214020f7
03-17 18:55:02.429   400   452 D adayocomadapter-CommunicationManager: onUpstreamReceive isLoss 1 mPropertyId 0x214020f8
03-17 18:55:02.429   400   452 D adayocomadapter-CommunicationManager: convertBytesToInt32Memcpy  0
03-17 18:55:02.429   400   452 D vw-vhal : notifyVehicleProperty, propId = 0x214020f8, data = {status: 3, int32Values: [0]}
03-17 18:55:02.429   400   452 I DefaultVehicleHal_v2_0: DefaultVehicleHal::onPropertyValue, value:{.timestamp = 236377288693, .areaId = 0, .prop = 557850872, .status = UNAVAILABLE, .value = {.int32Values = [1]{0}, .floatValues = [0]{}, .int64Values = [0]{}, .bytes = [0]{}, .stringValue = ""}}
03-17 18:55:02.429   400   452 D adayocomadapter-CommunicationManager: onUpstreamReceive mPropertyId 0x214020f8
03-17 18:55:02.429   400   452 D adayocomadapter-CommunicationManager: onUpstreamReceive isLoss 1 mPropertyId 0x214020f9
03-17 18:55:02.429   400   452 D adayocomadapter-CommunicationManager: convertBytesToInt32Memcpy  0
03-17 18:55:02.429   400   452 D vw-vhal : notifyVehicleProperty, propId = 0x214020f9, data = {status: 3, int32Values: [0]}
03-17 18:55:02.429   400   452 I DefaultVehicleHal_v2_0: DefaultVehicleHal::onPropertyValue, value:{.timestamp = 236377396693, .areaId = 0, .prop = 557850873, .status = UNAVAILABLE, .value = {.int32Values = [1]{0}, .floatValues = [0]{}, .int64Values = [0]{}, .bytes = [0]{}, .stringValue = ""}}
03-17 18:55:02.429   400   452 D adayocomadapter-CommunicationManager: onUpstreamReceive mPropertyId 0x214020f9
03-17 18:55:02.433   642   800 I mcuc    : sd Uart data : 6AA60100D500191202022141400D2020202020202020202020202020202020200C
03-17 18:55:02.435   582  3616 E WifiHAL : Invalid data received from driver
03-17 18:55:02.435   642   685 I mcuc    : file = hardware/interfaces/fgemcucomm/1.0/default/mcucomm/src/mcuCommFunctionTimer.cpp, func = stopTimer  stop timer = 212 
03-17 18:55:02.435   642   685 I mcuc    : rev uart=2378,len=10, data : 6AA68200D40002120294
03-17 18:55:02.441   642   800 I mcuc    : file = hardware/interfaces/fgemcucomm/1.0/default/mcucomm/src/mcuCommFunctionTimer.cpp, function = startTimer  start timer OK = 213 
03-17 18:55:02.450   644   644 E fgesysctrl_hidl_hal_test1: fgesysctrl_get_signal status *value=0
03-17 18:55:02.450   649   759 D EvsApp  : CameraFgeSysctrl::fgesysctrl_get_signal_status() end ret = 1
03-17 18:55:02.450  1646  8217 I evsservice20200311: function = notifyAppDeviceValue :ADAYO_AVM_CAMERA_SIGNAL_STATE,1---
03-17 18:55:02.452  1646  1985 E EvsServiceManager: EvsServiceManager$1->notifyDeviceValue()42:notifyDeviceValue key：ADAYO_AVM_CAMERA_SIGNAL_STATEvalue1     ---259:Thread-220
03-17 18:55:02.455   642   685 I mcuc    : file = hardware/interfaces/fgemcucomm/1.0/default/mcucomm/src/mcuCommFunctionTimer.cpp, func = stopTimer  stop timer = 213 
03-17 18:55:02.455   642   685 I mcuc    : rev uart=2379,len=10, data : 6AA68200D50002120293
03-17 18:55:02.474  2383  2600 D AdayoDoipServer294_Doip: [ne_doip_event_loop_dispatch][line:141] : count = 0
03-17 18:55:02.494 10173 10197 D TimerTriggerManager: init instance...
03-17 18:55:02.494 10173 10197 D TimerTriggerManager: Timer thread'TimerTriggerManager' is destroyed: false
03-17 18:55:02.494 10173 10197 D TimerTriggerManager: Timer 'onIndcnVehSpdChanged' is running: true
03-17 18:55:02.494 10173 10197 D TimerTriggerManager: Sending reset signal to timer 'onIndcnVehSpdChanged'
03-17 18:55:02.494 10173 10197 D TimerTriggerManager: Reset signal sent to timer 'onIndcnVehSpdChanged'
03-17 18:55:02.494 10173 10204 D TimerTriggerController: Reset method called for timer: onIndcnVehSpdChanged
03-17 18:55:02.494 10173 10204 D TimerTriggerController: Calling onTimerReset for timer: onIndcnVehSpdChanged
03-17 18:55:02.494 10173 10204 D TimerTriggerManager: Timer reset: onIndcnVehSpdChanged
03-17 18:55:02.494 10173 10204 I TimerTriggerController: Timer [onIndcnVehSpdChanged] reset, remaining: 1000ms, reset count: 475
03-17 18:55:02.495 10173 10197 D TimerTriggerManager: init instance...
03-17 18:55:02.495 10173 10197 D TimerTriggerManager: Timer thread'TimerTriggerManager' is destroyed: false
03-17 18:55:02.495 10173 10197 D TimerTriggerManager: Timer 'onMntnWarnReqChanged' is running: true
03-17 18:55:02.495 10173 10197 D TimerTriggerManager: Sending reset signal to timer 'onMntnWarnReqChanged'
03-17 18:55:02.495 10173 10197 D TimerTriggerManager: Reset signal sent to timer 'onMntnWarnReqChanged'
03-17 18:55:02.495 10173 10204 D TimerTriggerController: Reset method called for timer: onMntnWarnReqChanged
03-17 18:55:02.495 10173 10204 D TimerTriggerController: Calling onTimerReset for timer: onMntnWarnReqChanged
03-17 18:55:02.495 10173 10204 D TimerTriggerManager: Timer reset: onMntnWarnReqChanged
03-17 18:55:02.495 10173 10204 I TimerTriggerController: Timer [onMntnWarnReqChanged] reset, remaining: 5000ms, reset count: 238
03-17 18:55:02.513   582  3616 E WifiHAL : Invalid data received from driver
03-17 18:55:02.521  1627  9082 I okhttp.OkHttpClient: --> POST https://api-c-data-uat.mosc.faw-vw.com/j01/hu/data-collection/trace-service/vehicle-trace/v2/upload?requestId=3c5ce8fa-7a24-4df5-978d-bf2d48d3f5e9&signt=1773744902512&appkey=HiVQY27x&sign=ed717ed3e3c339f4c6e4410c474d30b3
03-17 18:55:02.521  1627  9082 I okhttp.OkHttpClient: Content-Type: application/json; charset=UTF-8
03-17 18:55:02.521  1627  9082 I okhttp.OkHttpClient: Content-Length: 2067
03-17 18:55:02.521  1627  9082 I okhttp.OkHttpClient: Accept-Language: zh_CN
03-17 18:55:02.522  1627  9082 I okhttp.OkHttpClient: Did: JETTA_HU_JBEVJ01_L7X-00101.01.250001A001_v1.0.1_v0.0.1
03-17 18:55:02.522  1627  9082 I okhttp.OkHttpClient: Authorization: Bearer
03-17 18:55:02.522  1627  9082 I okhttp.OkHttpClient: X-FTB3-VIN: LFV01LYTESTVLN030
03-17 18:55:02.522  1627  9082 I okhttp.OkHttpClient: brandId: JETTA
03-17 18:55:02.523  1627  9082 I okhttp.OkHttpClient: {"compress":"GZIP","content":"H4sIAAAAAAAAAOVYbW/bNhD+K4aAfbPU44v44m9J16LpmnVYXrahLgxaohJttuVJcrosyH/fUZIdS0rsdFuLtvkQxHfkHR/eHcl79O7GM8vlUeyNvJProrTzo0WSeUOnPLd5kWYLHCEBBOCUuTUo4q9pbhbO5vWL09MDlKO0vK5Homw2s1F5ms6tNyJSMsm5kgq0GHqxKdH+xjt6e1Lm6eICLW7GXnm9tGNvNBh7A3SaZ2k8STOUhmOvWE1P70Y/5GlpJ7kpbT0arfLcLspzM1s1UxAmVEPlZW6Ly2wWbw0OCBwfPisaz6Upa/XP1sQ/HC6LkTMeuBnDX9xCjS6ktW6QZiizalKJmyueFbfeLe7JXqWRPdoEY/LqbPL68MX5ayCTN/JXH4AAxo8ENAT8fYB/kysXUPwH7p+39uF2il5enaHGXuHGKqebnZwtZ5mJ3dhf5fdNIOM8vcI4Pr+OZjaupieWRASo8KeCSZ8TrX2lifJVFEaWSpgaah3smVlcrMyFW/DvS3Q6Ly4qewZEaqolGtAE7Rn4GpLEZ7EFw4nl1jjEWYFzD+psVSIWC2oOQ1AoLvPsd6yBOihAag0CjWxdI4VdxPVu6dAr7cI0ez1+e3KEw6vUCa7g0AZ/vXl5DuTNb6cvTk7P3/wIDHADn6lsmaB3ZXswm1XLVFX7fLly9fMOf0ZZjgXgJJ8MsaLOCgysEwGT7hSrwuZO1gHhTl5gtutxWclFtQWnISwgzKnSeFZNkWEAslJkH0xa1lYAlSb/szIJWGVRZEnZqLBqNYZoGxnsBKYCQraBkUBBBxgEirSA8UDuBkYDCR1gzm8H2O6IiYDodsSgC0x0gYUBpTuB4VZUL2JKdYDRLjC2DQzjIWgbWeN0O2T1lA0yEWi9Bxl0Q3YPMtZFJtq57ALrhYwHQnRyWRfmNjAlWkUmaQ8YdHPJu8Bou/pDuQcYBLxd/arZ3I7qb47QTmBhF5hu5RLLshMyTXohC8MWsvWcHblsnGwj0+R2+H54/6M3t/P7Xj1UT1YO+sOPnuREUcrEw08fxWsEvus+fVVERnf2w2M7P81KMxsJAK4IPXaal7m1IxVSEKqSD65MOjPTmR2RMMTbGLXPTXRpY5RRDNHq5INZ1o4oB6Ip1KrKE1GCAYfjsXf7QCC+ktffoY/T4g90dOOKqa4u6a6jsZfgVk+WJrLHh6jkQmH/g8BcTO7U+FoKefstthFKacA0K59THfkcmwffAEv8yGrNIVFYAdOn1EZgTWzaiJ/yLLJFcddKLFN3SY09Inh9hKN5PEsXtlJG2TwwsbnOAmOy5aTOMV5cV9Vd5SZXjcjYw+e2kvG+yPLr2iELqSQhbY7aZh3gTPcWKi5b7nDXXXd9Nxx6bpbFwD8Y+NkApw2X6G1o8gvU+UWWl+MVAIv9ZbXIRy9Geotd4ukd+Au8wR/h7nMcs3m2SMssb1L8qU9ZpDSTVia+1Jb6HEvNN5QxPwGmNY20JRA+mVOm8JINv06OKVjrlQm/cY4p1FSD1bEfmSjGF8LGvjJT6ieC05AkwGOhn1DZakH+G8fk7S4bwnYvy2Wnl6UB6/ISupuX4C51r5eVXV7S5ZikxUuQL4rd7b9qCMIal2Jrarejxw57FFPvpZikTTFZC9eaDGwFbK3aBEw38fi45r9HS7oUk7WAkUeQX9aQ/zUysYnhR4TMqfZRzFaNYQXpvblk3e8YmnWBNZoNiv53DM32UEzWqjHMFCVtYI3TDTDKGptNyNia2u0IWR/ZXo5JWsnEiPHdERNrxr2ufr3/O4buf8dwuD4Fw6QyDEX47xlmbb+LYTLkSLzHMDmXwLcYJiH0EQyTA7r6Khjmrrf/QYZJ72OYSj4lhsmnMrHCxL4kkbOPta8pQYZptAaZKGrkU+p9NWb/S2KYqP5/qCFenHupYUjVY6nh49z1g9Rhx/eE4ptkmMwKpaWhPvbnyueJRNNEMV+DoETJqSQk+QJO2ft/AAPn9/DHHAAA","sendType":2,"vin":"LFV01LYTESTVLN030"}
03-17 18:55:02.523  1627  9082 I okhttp.OkHttpClient: --> END POST (2067-byte body)
03-17 18:55:02.531  1566  3186 D TboxNetworkManager: tboxNetworkbinder=null
03-17 18:55:02.535  1627  9082 D okhttp.Http2: >> 0x00000085   146 HEADERS       END_HEADERS
03-17 18:55:02.537  1627  9082 D okhttp.Http2: >> 0x00000085  2067 DATA          END_STREAM
03-17 18:55:02.548   582  3616 E WifiHAL : Invalid data received from driver
03-17 18:55:02.548   582  3616 E WifiHAL : Invalid data received from driver
03-17 18:55:02.548   582  3616 E WifiHAL : Invalid data received from driver
03-17 18:55:02.548   582  3616 E WifiHAL : Invalid data received from driver
03-17 18:55:02.548   582  3616 E WifiHAL : Invalid data received from driver
03-17 18:55:02.548   582  3616 E WifiHAL : Invalid data received from driver
03-17 18:55:02.548   582  3616 E WifiHAL : Invalid data received from driver
03-17 18:55:02.548   582  3616 E WifiHAL : Invalid data received from driver
03-17 18:55:02.561  1513  1786 D IpReachabilityMonitor: neighbour IPv4(v6): /192.168.8.4 neighbour state: NUD_REACHABLE
03-17 18:55:02.562   580   630 I netd    : setProcSysNet(4, 2, vlan_08, retrans_time_ms, 750) <0.18ms>
03-17 18:55:02.562   580   630 I netd    : setProcSysNet(4, 2, vlan_08, ucast_solicit, 10) <0.08ms>
03-17 18:55:02.562   580   630 I netd    : setProcSysNet(6, 2, vlan_08, retrans_time_ms, 750) <0.10ms>
03-17 18:55:02.563   580   630 I netd    : setProcSysNet(6, 2, vlan_08, ucast_solicit, 10) <0.05ms>
03-17 18:55:02.575  2383  2600 D AdayoDoipServer294_Doip: [ne_doip_event_loop_dispatch][line:141] : count = 0
03-17 18:55:02.584   642   685 I mcuc    : sd Uart data : 6AA60208EA0002920276
03-17 18:55:02.589   642   685 I mcuc    : rev uart=2380,len=109, data : 6AA68108EA006592020402000000000000000000000000000000000000000000000000000000000000000000000000000000000000000000000000000000000000000000000000000000000000000000000000000000000000000000000000000000000000000000000000008E
03-17 18:55:02.589   400  1006 D adayocomadapter-ParseProtocolFunc: printRaWMsg Name[MCUToUPstream recv] len[101] data[9202040200000000000000000000000000000000000000000000000000000000000000000000000000000000000000000000000000000000000000000000000000000000000000000000000000000000000000000000000000000000000000000000000000]
03-17 18:55:02.589   400  1006 D adayocomadapter-CommunicationManager: onUpstreamback   member[7] dataLength[98] timePoint[236537]
03-17 18:55:02.589   400  1006 D adayocomadapter-ParseProtocolFunc: printRaWMsg Name[onUpstreamback] len[98] data[0200000000000000000000000000000000000000000000000000000000000000000000000000000000000000000000000000000000000000000000000000000000000000000000000000000000000000000000000000000000000000000000000000]
03-17 18:55:02.589   400   452 D adayocomadapter-UpstreamHandler: processBeforePacket upSreamtProcessTimePoint[236537] 
03-17 18:55:02.589   400   452 D adayocomadapter-ParseProtocolFunc: parseGeneralIPCLBytes Processing tablename[Table-19] tableSize[98]
03-17 18:55:02.590   400   452 D adayocomadapter-ParseProtocolFunc: printRaWMsg Name[byteStream recv] len[98] data[0200000000000000000000000000000000000000000000000000000000000000000000000000000000000000000000000000000000000000000000000000000000000000000000000000000000000000000000000000000000000000000000000000]
03-17 18:55:02.590   400   452 D adayocomadapter-ParseProtocolFunc: printRaWMsg Name[IPCLtoVHAL] len[32] data[2141411501000000000000000000000000000000000000000000000000000000]
03-17 18:55:02.590   400   452 D adayocomadapter-ParseProtocolFunc: printRaWMsg Name[IPCLtoVHAL] len[66] data[214141070100000000000000000000000000000000000000000000000000000000000000000000000000000000000000000000000000000000000000000000000000]
03-17 18:55:02.590   400   452 D adayocomadapter-ParseProtocolFunc: printRaWMsg Name[IPCLtoVHAL] len[17] data[2141410301000000000000000000000000]
03-17 18:55:02.590   400   452 D adayocomadapter-CommunicationManager: onUpstreamReceive isLoss 0 mPropertyId 0x21414115
03-17 18:55:02.590   400   452 D vw-vhal : notifyVehicleProperty, propId = 0x21414115, data = {status: 2, int32Values: [0, 0, 0, 0, 0, 0, 0, 0, 0, 0, 0, 0, 0, 0, 0, 0, 0, 0, 0, 0, 0, 0, 0, 0, 0, 0]}
03-17 18:55:02.590   400   452 I vw-vhal : CanSignalsAdapter::notifyDiagProperty: propId = 0x21414115, data = {status: 2, int32Values: [0, 0, 0, 0, 0, 0, 0, 0, 0, 0, 0, 0, 0, 0, 0, 0, 0, 0, 0, 0, 0, 0, 0, 0, 0, 0]}
03-17 18:55:02.590   400   452 I DefaultVehicleHal_v2_0: DefaultVehicleHal::onPropertyValue, value:{.timestamp = 236537806026, .areaId = 0, .prop = 557924629, .status = AVAILABLE, .value = {.int32Values = [26]{0, 0, 0, 0, 0, 0, 0, 0, 0, 0, 0, 0, 0, 0, 0, 0, 0, 0, 0, 0, 0, 0, 0, 0, 0, 0}, .floatValues = [0]{}, .int64Values = [0]{}, .bytes = [0]{}, .stringValue = ""}}
03-17 18:55:02.590   400   452 D DefaultVehicleHal_v2_0: onPropertyValue: Diagnostic config property: 0x21414115
03-17 18:55:02.590   400   452 D DiagPropHandler: Processing request for prop: 0x21414115, size: 26
03-17 18:55:02.590   703   703 I vendor.fawvw.hardware.persistenceservice: [194][persistence_client_library_prct_access::get_db_context] key regular_maintenance_time_interval. is not in RCT,will be stored in cached
03-17 18:55:02.590   703   703 W vendor.fawvw.hardware.persistenceservice: [64][PersistenceProxyReplier::setValue] setValue when server disconnect
03-17 18:55:02.590   703   703 I vendor.fawvw.hardware.persistenceservice: [49][PersistenceService::setValue]Receive aidl setValue:key is regular_maintenance_time_interval.,value is 0,serviceid is 2
03-17 18:55:02.590   400   452 D DiagPropHandler: Successfully set property [regular_maintenance_time_interval.] = 0
03-17 18:55:02.590   703   703 I vendor.fawvw.hardware.persistenceservice: [194][persistence_client_library_prct_access::get_db_context] key first_maintenance_mileage_interval. is not in RCT,will be stored in cached
03-17 18:55:02.590   703   703 W vendor.fawvw.hardware.persistenceservice: [64][PersistenceProxyReplier::setValue] setValue when server disconnect
03-17 18:55:02.590   703   703 I vendor.fawvw.hardware.persistenceservice: [49][PersistenceService::setValue]Receive aidl setValue:key is first_maintenance_mileage_interval.,value is 0,serviceid is 2
03-17 18:55:02.591   400   452 D DiagPropHandler: Successfully set property [first_maintenance_mileage_interval.] = 0
03-17 18:55:02.591   582  3616 E WifiHAL : Invalid data received from driver
03-17 18:55:02.591   703   703 W vendor.fawvw.hardware.persistenceservice: [64][PersistenceProxyReplier::setValue] setValue when server disconnect
03-17 18:55:02.591   703   703 I vendor.fawvw.hardware.persistenceservice: [49][PersistenceService::setValue]Receive aidl setValue:key is first_maintenance_HEV_mileage_interval,value is 0,serviceid is 2
03-17 18:55:02.591   400   452 D DiagPropHandler: Successfully set property [first_maintenance_HEV_mileage_interval] = 0
03-17 18:55:02.591   703   703 W vendor.fawvw.hardware.persistenceservice: [64][PersistenceProxyReplier::setValue] setValue when server disconnect
03-17 18:55:02.591   703   703 I vendor.fawvw.hardware.persistenceservice: [49][PersistenceService::setValue]Receive aidl setValue:key is first_maintenance_time_interval,value is 0,serviceid is 2
03-17 18:55:02.591   400   452 D DiagPropHandler: Successfully set property [first_maintenance_time_interval] = 0
03-17 18:55:02.591   703   703 I vendor.fawvw.hardware.persistenceservice: [194][persistence_client_library_prct_access::get_db_context] key regular_maintenance_mileage_interval. is not in RCT,will be stored in cached
03-17 18:55:02.591   703   703 W vendor.fawvw.hardware.persistenceservice: [64][PersistenceProxyReplier::setValue] setValue when server disconnect
03-17 18:55:02.591   703   703 I vendor.fawvw.hardware.persistenceservice: [49][PersistenceService::setValue]Receive aidl setValue:key is regular_maintenance_mileage_interval.,value is 0,serviceid is 2
03-17 18:55:02.591   400   452 D DiagPropHandler: Successfully set property [regular_maintenance_mileage_interval.] = 0
03-17 18:55:02.591   703   703 I vendor.fawvw.hardware.persistenceservice: [194][persistence_client_library_prct_access::get_db_context] key regular_maintenance_HEV_mileage_interval. is not in RCT,will be stored in cached
03-17 18:55:02.591   703   703 W vendor.fawvw.hardware.persistenceservice: [64][PersistenceProxyReplier::setValue] setValue when server disconnect
03-17 18:55:02.591   703   703 I vendor.fawvw.hardware.persistenceservice: [49][PersistenceService::setValue]Receive aidl setValue:key is regular_maintenance_HEV_mileage_interval.,value is 0,serviceid is 2
03-17 18:55:02.592   400   452 D DiagPropHandler: Successfully set property [regular_maintenance_HEV_mileage_interval.] = 0
03-17 18:55:02.592   703   703 W vendor.fawvw.hardware.persistenceservice: [64][PersistenceProxyReplier::setValue] setValue when server disconnect
03-17 18:55:02.592   703   703 I vendor.fawvw.hardware.persistenceservice: [49][PersistenceService::setValue]Receive aidl setValue:key is Maintenance_mileage_approaching_reminder_threshold,value is 0,serviceid is 2
03-17 18:55:02.592   400   452 D DiagPropHandler: Successfully set property [Maintenance_mileage_approaching_reminder_threshold] = 0
03-17 18:55:02.592   703   703 W vendor.fawvw.hardware.persistenceservice: [64][PersistenceProxyReplier::setValue] setValue when server disconnect
03-17 18:55:02.592   703   703 I vendor.fawvw.hardware.persistenceservice: [49][PersistenceService::setValue]Receive aidl setValue:key is Maintenance_time_approaching_reminder_threshol,value is 0,serviceid is 2
03-17 18:55:02.592   400   452 D DiagPropHandler: Successfully set property [Maintenance_time_approaching_reminder_threshol] = 0
03-17 18:55:02.592   400   452 D adayocomadapter-CommunicationManager: onUpstreamReceive mPropertyId 0x21414115
03-17 18:55:02.592   400   452 D adayocomadapter-CommunicationManager: onUpstreamReceive isLoss 0 mPropertyId 0x21414107
03-17 18:55:02.592   400   452 D vw-vhal : notifyVehicleProperty, propId = 0x21414107, data = {status: 2, int32Values: [0, 0, 0, 0, 0, 0, 0, 0, 0, 0, 0, 0, 0, 0, 0, 0, 0, 0, 0, 0, 0, 0, 0, 0, 0, 0, 0, 0, 0, 0, 0, 0, 0, 0, 0, 0, 0, 0, 0, 0, 0, 0, 0, 0, 0, 0, 0, 0, 0, 0, 0, 0, 0, 0, 0, 0, 0, 0, 0, 0]}
03-17 18:55:02.592   400   452 I vw-vhal : CanSignalsAdapter::notifyDiagProperty: propId = 0x21414107, data = {status: 2, int32Values: [0, 0, 0, 0, 0, 0, 0, 0, 0, 0, 0, 0, 0, 0, 0, 0, 0, 0, 0, 0, 0, 0, 0, 0, 0, 0, 0, 0, 0, 0, 0, 0, 0, 0, 0, 0, 0, 0, 0, 0, 0, 0, 0, 0, 0, 0, 0, 0, 0, 0, 0, 0, 0, 0, 0, 0, 0, 0, 0, 0]}
03-17 18:55:02.592   400   452 I DefaultVehicleHal_v2_0: DefaultVehicleHal::onPropertyValue, value:{.timestamp = 236540295026, .areaId = 0, .prop = 557924615, .status = AVAILABLE, .value = {.int32Values = [60]{0, 0, 0, 0, 0, 0, 0, 0, 0, 0, 0, 0, 0, 0, 0, 0, 0, 0, 0, 0, 0, 0, 0, 0, 0, 0, 0, 0, 0, 0, 0, 0, 0, 0, 0, 0, 0, 0, 0, 0, 0, 0, 0, 0, 0, 0, 0, 0, 0, 0, 0, 0, 0, 0, 0, 0, 0, 0, 0, 0}, .floatValues = [0]{}, .int64Values = [0]{}, .bytes = [0]{}, .stringValue = ""}}
03-17 18:55:02.592   400   452 D adayocomadapter-CommunicationManager: onUpstreamReceive mPropertyId 0x21414107
03-17 18:55:02.592   400   452 D adayocomadapter-CommunicationManager: onUpstreamReceive isLoss 0 mPropertyId 0x21414103
03-17 18:55:02.592   400   452 D vw-vhal : notifyVehicleProperty, propId = 0x21414103, data = {status: 2, int32Values: [0, 0, 0, 0, 0, 0, 0, 0, 0, 0, 0]}
03-17 18:55:02.592   400   452 I vw-vhal : CanSignalsAdapter::notifyDiagProperty: propId = 0x21414103, data = {status: 2, int32Values: [0, 0, 0, 0, 0, 0, 0, 0, 0, 0, 0]}
03-17 18:55:02.592   400   452 I DefaultVehicleHal_v2_0: DefaultVehicleHal::onPropertyValue, value:{.timestamp = 236540478026, .areaId = 0, .prop = 557924611, .status = AVAILABLE, .value = {.int32Values = [11]{0, 0, 0, 0, 0, 0, 0, 0, 0, 0, 0}, .floatValues = [0]{}, .int64Values = [0]{}, .bytes = [0]{}, .stringValue = ""}}
03-17 18:55:02.592   400   452 D adayocomadapter-CommunicationManager: onUpstreamReceive mPropertyId 0x21414103
03-17 18:55:02.594 10173 10197 D TimerTriggerManager: init instance...
03-17 18:55:02.594 10173 10197 D TimerTriggerManager: Timer thread'TimerTriggerManager' is destroyed: false
03-17 18:55:02.594 10173 10197 D TimerTriggerManager: Timer 'onIndcnVehSpdChanged' is running: true
03-17 18:55:02.594 10173 10197 D TimerTriggerManager: Sending reset signal to timer 'onIndcnVehSpdChanged'
03-17 18:55:02.594 10173 10197 D TimerTriggerManager: Reset signal sent to timer 'onIndcnVehSpdChanged'
03-17 18:55:02.594 10173 10204 D TimerTriggerController: Reset method called for timer: onIndcnVehSpdChanged
03-17 18:55:02.594 10173 10204 D TimerTriggerController: Calling onTimerReset for timer: onIndcnVehSpdChanged
03-17 18:55:02.595 10173 10204 D TimerTriggerManager: Timer reset: onIndcnVehSpdChanged
03-17 18:55:02.595 10173 10204 I TimerTriggerController: Timer [onIndcnVehSpdChanged] reset, remaining: 999ms, reset count: 476
03-17 18:55:02.599  2106  2460 D CAR.DIAGNOSTIC: Entry - Type: 0x01, ServiceId: 0x2048, InstanceId: 0x0001, MajorVersion: 0x01FFFFFF, TTL: 0
03-17 18:55:02.599  2106  2450 D CAR.DIAGNOSTIC: Entry - Type: 0x01, ServiceId: 0x2048, InstanceId: 0x0001, MajorVersion: 0x01FFFFFF, TTL: 0
03-17 18:55:02.600  2106  2458 D CAR.DIAGNOSTIC: Entry - Type: 0x01, ServiceId: 0x2048, InstanceId: 0x0001, MajorVersion: 0x01FFFFFF, TTL: 0
03-17 18:55:02.600  2106  2450 D CAR.DIAGNOSTIC: Entry - Type: 0x01, ServiceId: 0x5555, InstanceId: 0x0001, MajorVersion: 0x01FFFFFF, TTL: 0
03-17 18:55:02.600  2106  2458 D CAR.DIAGNOSTIC: Entry - Type: 0x01, ServiceId: 0x5555, InstanceId: 0x0001, MajorVersion: 0x01FFFFFF, TTL: 0
03-17 18:55:02.600  2106  2460 D CAR.DIAGNOSTIC: Entry - Type: 0x01, ServiceId: 0x5555, InstanceId: 0x0001, MajorVersion: 0x01FFFFFF, TTL: 0
03-17 18:55:02.600  2106  2458 W CAR.DIAGNOSTIC: Not enough data for option indices: needed 128, remaining 52
03-17 18:55:02.600  2106  2460 W CAR.DIAGNOSTIC: Not enough data for option indices: needed 128, remaining 52
03-17 18:55:02.600  2106  2450 W CAR.DIAGNOSTIC: Not enough data for option indices: needed 128, remaining 52
03-17 18:55:02.641  1627  8902 D okhttp.Http2: << 0x00000085    44 HEADERS       END_HEADERS
03-17 18:55:02.644  1627  8902 D okhttp.Http2: << 0x00000085   229 DATA          END_STREAM
03-17 18:55:02.645   903  1756 D NetworkPolicy: Blocked state of 10051: {blocked=NONE,allowed=FOREGROUND|TOP|METERED_FOREGROUND,effective=NONE}
03-17 18:55:02.647  1627  8902 D okhttp.Http2: << 0x00000085     4 WINDOW_UPDATE 
03-17 18:55:02.647  1627  9082 I okhttp.OkHttpClient: <-- 400 https://api-c-data-uat.mosc.faw-vw.com/j01/hu/data-collection/trace-service/vehicle-trace/v2/upload?requestId=3c5ce8fa-7a24-4df5-978d-bf2d48d3f5e9&signt=1773744902512&appkey=HiVQY27x&sign=ed717ed3e3c339f4c6e4410c474d30b3 (123ms)
03-17 18:55:02.647  1627  9082 I okhttp.OkHttpClient: server: stgw
03-17 18:55:02.647  1627  9082 I okhttp.OkHttpClient: date: Tue, 17 Mar 2026 10:55:02 GMT
03-17 18:55:02.647  1627  9082 I okhttp.OkHttpClient: content-type: text/html
03-17 18:55:02.648  1627  9082 I okhttp.OkHttpClient: content-length: 229
03-17 18:55:02.649  1627  9082 I okhttp.OkHttpClient: <html>
03-17 18:55:02.649  1627  9082 I okhttp.OkHttpClient: <head><title>400 No required SSL certificate was sent</title></head>
03-17 18:55:02.649  1627  9082 I okhttp.OkHttpClient: <body>
03-17 18:55:02.649  1627  9082 I okhttp.OkHttpClient: <center><h1>400 Bad Request</h1></center>
03-17 18:55:02.649  1627  9082 I okhttp.OkHttpClient: <center>No required SSL certificate was sent</center>
03-17 18:55:02.649  1627  9082 I okhttp.OkHttpClient: <hr><center>stgw</center>
03-17 18:55:02.649  1627  9082 I okhttp.OkHttpClient: </body>
03-17 18:55:02.649  1627  9082 I okhttp.OkHttpClient: </html>
03-17 18:55:02.649  1627  9082 I okhttp.OkHttpClient: <-- END HTTP (229-byte body)
03-17 18:55:02.651  1627  9082 D okhttp.TaskRunner: Q10001 scheduled after   0 µs: OkHttp ConnectionPool
03-17 18:55:02.652  1627  8903 D okhttp.TaskRunner: Q10001 starting              : OkHttp ConnectionPool
03-17 18:55:02.653  1627  8903 D okhttp.TaskRunner: Q10001 run again after 300 s : OkHttp ConnectionPool
03-17 18:55:02.654  1627  8903 D okhttp.TaskRunner: Q10001 finished run in   2 ms: OkHttp ConnectionPool
03-17 18:55:02.656   642   685 I mcuc    : sd Uart data : 6AA60208EB0002920275
03-17 18:55:02.660   582  3616 E WifiHAL : Invalid data received from driver
03-17 18:55:02.661   642   685 I mcuc    : rev uart=2381,len=16, data : 6AA68108EB00089202000900000001E6
03-17 18:55:02.661   400  1006 D adayocomadapter-ParseProtocolFunc: printRaWMsg Name[MCUToUPstream recv] len[8] data[9202000900000001]
03-17 18:55:02.661   400  1006 D adayocomadapter-CommunicationManager: onUpstreamback   member[0] dataLength[5] timePoint[236609]
03-17 18:55:02.661   400  1006 D adayocomadapter-ParseProtocolFunc: printRaWMsg Name[onUpstreamback] len[5] data[0900000001]
03-17 18:55:02.661   400   452 D adayocomadapter-UpstreamHandler: processBeforePacket upSreamtProcessTimePoint[236609] 
03-17 18:55:02.661   400   452 D adayocomadapter-UpstreamHandler: processPacket UPSTREAM_QUEUE_DATA_TIMEOUT
03-17 18:55:02.661   400   452 D adayocomadapter-ParseProtocolFunc: parseCommonIPCLBytes Processing tableNumber[9]
03-17 18:55:02.661   400   452 D adayocomadapter-ParseProtocolFunc: parseCommonIPCLBytes Processing tablename[Table-9] tableSize[5]
03-17 18:55:02.661   400   452 D adayocomadapter-ParseProtocolFunc: printRaWMsg Name[byteStream recv] len[5] data[0900000001]
03-17 18:55:02.661   400   452 D adayocomadapter-ParseProtocolFunc: printRaWMsg Name[IPCLtoVHAL] len[7] data[21402060000100]
03-17 18:55:02.661   400   452 D adayocomadapter-ParseProtocolFunc: printRaWMsg Name[IPCLtoVHAL] len[7] data[2140218D000100]
03-17 18:55:02.661   400   452 D adayocomadapter-ParseProtocolFunc: printRaWMsg Name[IPCLtoVHAL] len[7] data[21402255000100]
03-17 18:55:02.662   400   452 D adayocomadapter-CommunicationManager: onUpstreamReceive isLoss 1 mPropertyId 0x21402060
03-17 18:55:02.662   400   452 D adayocomadapter-CommunicationManager: convertBytesToInt32Memcpy  0
03-17 18:55:02.662   400   452 D vw-vhal : notifyVehicleProperty, propId = 0x21402060, data = {status: 3, int32Values: [0]}
03-17 18:55:02.662   400   452 I DefaultVehicleHal_v2_0: DefaultVehicleHal::onPropertyValue, value:{.timestamp = 236609651360, .areaId = 0, .prop = 557850720, .status = UNAVAILABLE, .value = {.int32Values = [1]{0}, .floatValues = [0]{}, .int64Values = [0]{}, .bytes = [0]{}, .stringValue = ""}}
03-17 18:55:02.662   400   452 D adayocomadapter-CommunicationManager: onUpstreamReceive mPropertyId 0x21402060
03-17 18:55:02.662   400   452 D adayocomadapter-CommunicationManager: onUpstreamReceive isLoss 1 mPropertyId 0x2140218d
03-17 18:55:02.662   400   452 D adayocomadapter-CommunicationManager: convertBytesToInt32Memcpy  0
03-17 18:55:02.662   400   452 D vw-vhal : notifyVehicleProperty, propId = 0x2140218d, data = {status: 3, int32Values: [0]}
03-17 18:55:02.662   400   452 I DefaultVehicleHal_v2_0: DefaultVehicleHal::onPropertyValue, value:{.timestamp = 236609805026, .areaId = 0, .prop = 557851021, .status = UNAVAILABLE, .value = {.int32Values = [1]{0}, .floatValues = [0]{}, .int64Values = [0]{}, .bytes = [0]{}, .stringValue = ""}}
03-17 18:55:02.662   400   452 D adayocomadapter-CommunicationManager: onUpstreamReceive mPropertyId 0x2140218d
03-17 18:55:02.662   400   452 D adayocomadapter-CommunicationManager: onUpstreamReceive isLoss 1 mPropertyId 0x21402255
03-17 18:55:02.662   400   452 D adayocomadapter-CommunicationManager: convertBytesToInt32Memcpy  0
03-17 18:55:02.662   400   452 D vw-vhal : notifyVehicleProperty, propId = 0x21402255, data = {status: 3, int32Values: [0]}
03-17 18:55:02.662   400   452 I DefaultVehicleHal_v2_0: DefaultVehicleHal::onPropertyValue, value:{.timestamp = 236609929693, .areaId = 0, .prop = 557851221, .status = UNAVAILABLE, .value = {.int32Values = [1]{0}, .floatValues = [0]{}, .int64Values = [0]{}, .bytes = [0]{}, .stringValue = ""}}
03-17 18:55:02.662   400   452 D adayocomadapter-CommunicationManager: onUpstreamReceive mPropertyId 0x21402255
03-17 18:55:02.675  2383  2600 D AdayoDoipServer294_Doip: [ne_doip_event_loop_dispatch][line:141] : count = 0
03-17 18:55:02.682  1566  2651 D TboxNetworkManager: tboxNetworkbinder=null
03-17 18:55:02.694 10173 10197 D TimerTriggerManager: init instance...
03-17 18:55:02.695 10173 10197 D TimerTriggerManager: Timer thread'TimerTriggerManager' is destroyed: false
03-17 18:55:02.695 10173 10197 D TimerTriggerManager: Timer 'onIndcnVehSpdChanged' is running: true
03-17 18:55:02.695 10173 10197 D TimerTriggerManager: Sending reset signal to timer 'onIndcnVehSpdChanged'
03-17 18:55:02.695 10173 10197 D TimerTriggerManager: Reset signal sent to timer 'onIndcnVehSpdChanged'
03-17 18:55:02.695 10173 10204 D TimerTriggerController: Reset method called for timer: onIndcnVehSpdChanged
03-17 18:55:02.695 10173 10204 D TimerTriggerController: Calling onTimerReset for timer: onIndcnVehSpdChanged
03-17 18:55:02.695 10173 10204 D TimerTriggerManager: Timer reset: onIndcnVehSpdChanged
03-17 18:55:02.695 10173 10204 I TimerTriggerController: Timer [onIndcnVehSpdChanged] reset, remaining: 1000ms, reset count: 477
03-17 18:55:02.696 10173 10197 D TimerTriggerManager: init instance...
03-17 18:55:02.696 10173 10197 D TimerTriggerManager: Timer thread'TimerTriggerManager' is destroyed: false
03-17 18:55:02.696 10173 10197 D TimerTriggerManager: Timer 'onMntnWarnReqChanged' is running: true
03-17 18:55:02.696 10173 10197 D TimerTriggerManager: Sending reset signal to timer 'onMntnWarnReqChanged'
03-17 18:55:02.696 10173 10197 D TimerTriggerManager: Reset signal sent to timer 'onMntnWarnReqChanged'
03-17 18:55:02.696 10173 10204 D TimerTriggerController: Reset method called for timer: onMntnWarnReqChanged
03-17 18:55:02.696 10173 10204 D TimerTriggerController: Calling onTimerReset for timer: onMntnWarnReqChanged
03-17 18:55:02.696 10173 10204 D TimerTriggerManager: Timer reset: onMntnWarnReqChanged
03-17 18:55:02.696 10173 10204 I TimerTriggerController: Timer [onMntnWarnReqChanged] reset, remaining: 5000ms, reset count: 239
03-17 18:55:02.730   582  3616 E WifiHAL : Invalid data received from driver
03-17 18:55:02.754   903  1190 D JobScheduler.Quota: 10017 is still in grace period
03-17 18:55:02.775  2383  2600 D AdayoDoipServer294_Doip: [ne_doip_event_loop_dispatch][line:141] : count = 0
03-17 18:55:02.795 10173 10197 D TimerTriggerManager: init instance...
03-17 18:55:02.795 10173 10197 D TimerTriggerManager: Timer thread'TimerTriggerManager' is destroyed: false
03-17 18:55:02.795 10173 10197 D TimerTriggerManager: Timer 'onIndcnVehSpdChanged' is running: true
03-17 18:55:02.795 10173 10197 D TimerTriggerManager: Sending reset signal to timer 'onIndcnVehSpdChanged'
03-17 18:55:02.795 10173 10197 D TimerTriggerManager: Reset signal sent to timer 'onIndcnVehSpdChanged'
03-17 18:55:02.795 10173 10204 D TimerTriggerController: Reset method called for timer: onIndcnVehSpdChanged
03-17 18:55:02.795 10173 10204 D TimerTriggerController: Calling onTimerReset for timer: onIndcnVehSpdChanged
03-17 18:55:02.795 10173 10204 D TimerTriggerManager: Timer reset: onIndcnVehSpdChanged
03-17 18:55:02.796 10173 10204 I TimerTriggerController: Timer [onIndcnVehSpdChanged] reset, remaining: 1000ms, reset count: 478
03-17 18:55:02.828   642   685 I mcuc    : rev uart=2382,len=141, data : 6AA68008EC00858B30A5B211123702A55A8709C401F403E8000001F401F403CF03D203E801F401F400FA00FA01F400FA0064A55A88000001000101110000FF00000000FF0000220000FF00000000FF00000020000033A402A502448080808080808080550A0A0A0A0A0A0A1D0D090009000066BBBBBBBBBBBBBBBBBB00770C0708090B0C88010000004F0205BB
03-17 18:55:02.828   642   685 I mcuc    : sd Uart data : 6AA60208ED0002920273
03-17 18:55:02.829   582  3616 E WifiHAL : Invalid data received from driver
03-17 18:55:02.834   642   685 I mcuc    : rev uart=2383,len=19, data : 6AA68108ED000B9202000700000000000001E3
03-17 18:55:02.834   400  1006 D adayocomadapter-ParseProtocolFunc: printRaWMsg Name[MCUToUPstream recv] len[11] data[9202000700000000000001]
03-17 18:55:02.834   400  1006 D adayocomadapter-CommunicationManager: onUpstreamback   member[0] dataLength[8] timePoint[236781]
03-17 18:55:02.834   400  1006 D adayocomadapter-ParseProtocolFunc: printRaWMsg Name[onUpstreamback] len[8] data[0700000000000001]
03-17 18:55:02.834   400   452 D adayocomadapter-UpstreamHandler: processBeforePacket upSreamtProcessTimePoint[236781] 
03-17 18:55:02.834   400   452 D adayocomadapter-UpstreamHandler: processPacket UPSTREAM_QUEUE_DATA_TIMEOUT
03-17 18:55:02.834   400   452 D adayocomadapter-ParseProtocolFunc: parseCommonIPCLBytes Processing tableNumber[7]
03-17 18:55:02.834   400   452 D adayocomadapter-ParseProtocolFunc: parseCommonIPCLBytes Processing tablename[Table-7] tableSize[8]
03-17 18:55:02.834   400   452 D adayocomadapter-ParseProtocolFunc: printRaWMsg Name[byteStream recv] len[8] data[0700000000000001]
03-17 18:55:02.834   400   452 D adayocomadapter-ParseProtocolFunc: printRaWMsg Name[IPCLtoVHAL] len[7] data[21402053000100]
03-17 18:55:02.834   400   452 D adayocomadapter-ParseProtocolFunc: printRaWMsg Name[IPCLtoVHAL] len[7] data[214020A0000100]
03-17 18:55:02.834   400   452 D adayocomadapter-ParseProtocolFunc: printRaWMsg Name[IPCLtoVHAL] len[7] data[21402131000100]
03-17 18:55:02.834   400   452 D adayocomadapter-ParseProtocolFunc: printRaWMsg Name[IPCLtoVHAL] len[7] data[214020A2000100]
03-17 18:55:02.834   400   452 D adayocomadapter-ParseProtocolFunc: printRaWMsg Name[IPCLtoVHAL] len[7] data[214020A4000100]
03-17 18:55:02.834   400   452 D adayocomadapter-ParseProtocolFunc: printRaWMsg Name[IPCLtoVHAL] len[7] data[214021CE000100]
03-17 18:55:02.834   400   452 D adayocomadapter-CommunicationManager: onUpstreamReceive isLoss 1 mPropertyId 0x21402053
03-17 18:55:02.834   400   452 D adayocomadapter-CommunicationManager: convertBytesToInt32Memcpy  0
03-17 18:55:02.834   400   452 D vw-vhal : notifyVehicleProperty, propId = 0x21402053, data = {status: 3, int32Values: [0]}
03-17 18:55:02.834   400   452 I DefaultVehicleHal_v2_0: DefaultVehicleHal::onPropertyValue, value:{.timestamp = 236782275693, .areaId = 0, .prop = 557850707, .status = UNAVAILABLE, .value = {.int32Values = [1]{0}, .floatValues = [0]{}, .int64Values = [0]{}, .bytes = [0]{}, .stringValue = ""}}
03-17 18:55:02.834   400   452 D adayocomadapter-CommunicationManager: onUpstreamReceive mPropertyId 0x21402053
03-17 18:55:02.834   400   452 D adayocomadapter-CommunicationManager: onUpstreamReceive isLoss 1 mPropertyId 0x214020a0
03-17 18:55:02.834   400   452 D adayocomadapter-CommunicationManager: convertBytesToInt32Memcpy  0
03-17 18:55:02.834   400   452 D vw-vhal : notifyVehicleProperty, propId = 0x214020a0, data = {status: 3, int32Values: [0]}
03-17 18:55:02.834   400   452 I DefaultVehicleHal_v2_0: DefaultVehicleHal::onPropertyValue, value:{.timestamp = 236782415360, .areaId = 0, .prop = 557850784, .status = UNAVAILABLE, .value = {.int32Values = [1]{0}, .floatValues = [0]{}, .int64Values = [0]{}, .bytes = [0]{}, .stringValue = ""}}
03-17 18:55:02.834   400   452 D adayocomadapter-CommunicationManager: onUpstreamReceive mPropertyId 0x214020a0
03-17 18:55:02.834   400   452 D adayocomadapter-CommunicationManager: onUpstreamReceive isLoss 1 mPropertyId 0x21402131
03-17 18:55:02.834   400   452 D adayocomadapter-CommunicationManager: convertBytesToInt32Memcpy  0
03-17 18:55:02.834   400   452 D vw-vhal : notifyVehicleProperty, propId = 0x21402131, data = {status: 3, int32Values: [0]}
03-17 18:55:02.834   400   452 I DefaultVehicleHal_v2_0: DefaultVehicleHal::onPropertyValue, value:{.timestamp = 236782527360, .areaId = 0, .prop = 557850929, .status = UNAVAILABLE, .value = {.int32Values = [1]{0}, .floatValues = [0]{}, .int64Values = [0]{}, .bytes = [0]{}, .stringValue = ""}}
03-17 18:55:02.835   400   452 D adayocomadapter-CommunicationManager: onUpstreamReceive mPropertyId 0x21402131
03-17 18:55:02.835   400   452 D adayocomadapter-CommunicationManager: onUpstreamReceive isLoss 1 mPropertyId 0x214020a2
03-17 18:55:02.835   400   452 D adayocomadapter-CommunicationManager: convertBytesToInt32Memcpy  0
03-17 18:55:02.835   400   452 D vw-vhal : notifyVehicleProperty, propId = 0x214020a2, data = {status: 3, int32Values: [0]}
03-17 18:55:02.835   400   452 I DefaultVehicleHal_v2_0: DefaultVehicleHal::onPropertyValue, value:{.timestamp = 236782632360, .areaId = 0, .prop = 557850786, .status = UNAVAILABLE, .value = {.int32Values = [1]{0}, .floatValues = [0]{}, .int64Values = [0]{}, .bytes = [0]{}, .stringValue = ""}}
03-17 18:55:02.835   400   452 D adayocomadapter-CommunicationManager: onUpstreamReceive mPropertyId 0x214020a2
03-17 18:55:02.835   400   452 D adayocomadapter-CommunicationManager: onUpstreamReceive isLoss 1 mPropertyId 0x214020a4
03-17 18:55:02.835   400   452 D adayocomadapter-CommunicationManager: convertBytesToInt32Memcpy  0
03-17 18:55:02.835   400   452 D vw-vhal : notifyVehicleProperty, propId = 0x214020a4, data = {status: 3, int32Values: [0]}
03-17 18:55:02.835   400   452 I DefaultVehicleHal_v2_0: DefaultVehicleHal::onPropertyValue, value:{.timestamp = 236782748026, .areaId = 0, .prop = 557850788, .status = UNAVAILABLE, .value = {.int32Values = [1]{0}, .floatValues = [0]{}, .int64Values = [0]{}, .bytes = [0]{}, .stringValue = ""}}
03-17 18:55:02.835   400   452 D adayocomadapter-CommunicationManager: onUpstreamReceive mPropertyId 0x214020a4
03-17 18:55:02.835   400   452 D adayocomadapter-CommunicationManager: onUpstreamReceive isLoss 1 mPropertyId 0x214021ce
03-17 18:55:02.835   400   452 D adayocomadapter-CommunicationManager: convertBytesToInt32Memcpy  0
03-17 18:55:02.835   400   452 D vw-vhal : notifyVehicleProperty, propId = 0x214021ce, data = {status: 3, int32Values: [0]}
03-17 18:55:02.835   400   452 I DefaultVehicleHal_v2_0: DefaultVehicleHal::onPropertyValue, value:{.timestamp = 236782858026, .areaId = 0, .prop = 557851086, .status = UNAVAILABLE, .value = {.int32Values = [1]{0}, .floatValues = [0]{}, .int64Values = [0]{}, .bytes = [0]{}, .stringValue = ""}}
03-17 18:55:02.835   400   452 D adayocomadapter-CommunicationManager: onUpstreamReceive mPropertyId 0x214021ce
03-17 18:55:02.875  2383  2600 D AdayoDoipServer294_Doip: [ne_doip_event_loop_dispatch][line:141] : count = 0
03-17 18:55:02.884   582  3616 E WifiHAL : Invalid data received from driver
03-17 18:55:02.896 10173 10197 D TimerTriggerManager: init instance...
03-17 18:55:02.896 10173 10197 D TimerTriggerManager: Timer thread'TimerTriggerManager' is destroyed: false
03-17 18:55:02.896 10173 10197 D TimerTriggerManager: Timer 'onIndcnVehSpdChanged' is running: true
03-17 18:55:02.896 10173 10197 D TimerTriggerManager: Sending reset signal to timer 'onIndcnVehSpdChanged'
03-17 18:55:02.897 10173 10197 D TimerTriggerManager: Reset signal sent to timer 'onIndcnVehSpdChanged'
03-17 18:55:02.897 10173 10204 D TimerTriggerController: Reset method called for timer: onIndcnVehSpdChanged
