03-17 18:55:04.077   400   452 D adayocomadapter-ParseProtocolFunc: printRaWMsg Name[IPCLtoVHAL] len[7] data[214020D1000100]
03-17 18:55:04.077   400   452 D adayocomadapter-ParseProtocolFunc: printRaWMsg Name[IPCLtoVHAL] len[8] data[21402044000101FF]
03-17 18:55:04.077   400   452 D adayocomadapter-ParseProtocolFunc: printRaWMsg Name[IPCLtoVHAL] len[7] data[214020D5000100]
03-17 18:55:04.077   400   452 D adayocomadapter-ParseProtocolFunc: printRaWMsg Name[IPCLtoVHAL] len[8] data[21402038000101FF]
03-17 18:55:04.078   400   452 D adayocomadapter-ParseProtocolFunc: printRaWMsg Name[IPCLtoVHAL] len[8] data[2140207D000103FF]
03-17 18:55:04.078   400   452 D adayocomadapter-ParseProtocolFunc: printRaWMsg Name[IPCLtoVHAL] len[8] data[2140207F000103FF]
03-17 18:55:04.078   400   452 D adayocomadapter-ParseProtocolFunc: printRaWMsg Name[IPCLtoVHAL] len[7] data[21402052000100]
03-17 18:55:04.078   400   452 D adayocomadapter-ParseProtocolFunc: printRaWMsg Name[IPCLtoVHAL] len[8] data[21402081000103FF]
03-17 18:55:04.078   400   452 D adayocomadapter-ParseProtocolFunc: printRaWMsg Name[IPCLtoVHAL] len[8] data[21402080000103FF]
03-17 18:55:04.078   400   452 D adayocomadapter-ParseProtocolFunc: printRaWMsg Name[IPCLtoVHAL] len[8] data[21402051000101F4]
03-17 18:55:04.078   400   452 D adayocomadapter-ParseProtocolFunc: printRaWMsg Name[IPCLtoVHAL] len[8] data[2140207B000103FF]
03-17 18:55:04.078   400   452 D adayocomadapter-ParseProtocolFunc: printRaWMsg Name[IPCLtoVHAL] len[8] data[2140204C000101FF]
03-17 18:55:04.078   400   452 D adayocomadapter-ParseProtocolFunc: printRaWMsg Name[IPCLtoVHAL] len[8] data[2140207C000103FF]
03-17 18:55:04.078   400   452 D adayocomadapter-ParseProtocolFunc: printRaWMsg Name[IPCLtoVHAL] len[8] data[2140207E000103FF]
03-17 18:55:04.078   400   452 D adayocomadapter-ParseProtocolFunc: printRaWMsg Name[IPCLtoVHAL] len[8] data[21402082000103FF]
03-17 18:55:04.078   400   452 D adayocomadapter-ParseProtocolFunc: printRaWMsg Name[IPCLtoVHAL] len[8] data[21402083000103FF]
03-17 18:55:04.078   400   452 D adayocomadapter-ParseProtocolFunc: printRaWMsg Name[IPCLtoVHAL] len[8] data[21402084000103FF]
03-17 18:55:04.078  2383  2600 D AdayoDoipServer294_Doip: [ne_doip_event_loop_dispatch][line:141] : count = 0
03-17 18:55:04.078   400   452 D adayocomadapter-ParseProtocolFunc: printRaWMsg Name[IPCLtoVHAL] len[8] data[21402085000103FF]
03-17 18:55:04.078   400   452 D adayocomadapter-ParseProtocolFunc: printRaWMsg Name[IPCLtoVHAL] len[7] data[2140220A000107]
03-17 18:55:04.078   400   452 D adayocomadapter-ParseProtocolFunc: printRaWMsg Name[IPCLtoVHAL] len[7] data[214021E6000100]
03-17 18:55:04.078   400   452 D adayocomadapter-CommunicationManager: onUpstreamReceive isLoss 1 mPropertyId 0x2141211d
03-17 18:55:04.079   400   452 D vw-vhal : notifyVehicleProperty, propId = 0x2141211d, data = {status: 3, int32Values: [18, 255, 63]}
03-17 18:55:04.079   400   452 I DefaultVehicleHal_v2_0: DefaultVehicleHal::onPropertyValue, value:{.timestamp = 238026713026, .areaId = 0, .prop = 557916445, .status = UNAVAILABLE, .value = {.int32Values = [3]{18, 255, 63}, .floatValues = [0]{}, .int64Values = [0]{}, .bytes = [0]{}, .stringValue = ""}}
03-17 18:55:04.079   400   452 D adayocomadapter-CommunicationManager: onUpstreamReceive mPropertyId 0x2141211d
03-17 18:55:04.079   400   452 D adayocomadapter-CommunicationManager: onUpstreamReceive isLoss 1 mPropertyId 0x2140207a
03-17 18:55:04.079   400   452 D adayocomadapter-CommunicationManager: convertBytesToInt32Memcpy  1023
03-17 18:55:04.079   400   452 D vw-vhal : notifyVehicleProperty, propId = 0x2140207a, data = {status: 3, int32Values: [1023]}
03-17 18:55:04.079   400   452 I DefaultVehicleHal_v2_0: DefaultVehicleHal::onPropertyValue, value:{.timestamp = 238027142693, .areaId = 0, .prop = 557850746, .status = UNAVAILABLE, .value = {.int32Values = [1]{1023}, .floatValues = [0]{}, .int64Values = [0]{}, .bytes = [0]{}, .stringValue = ""}}
03-17 18:55:04.079   400   452 D adayocomadapter-CommunicationManager: onUpstreamReceive mPropertyId 0x2140207a
03-17 18:55:04.079   400   452 D adayocomadapter-CommunicationManager: onUpstreamReceive isLoss 1 mPropertyId 0x214020d3
03-17 18:55:04.079   400   452 D adayocomadapter-CommunicationManager: convertBytesToInt32Memcpy  0
03-17 18:55:04.079   400   452 D vw-vhal : notifyVehicleProperty, propId = 0x214020d3, data = {status: 3, int32Values: [0]}
03-17 18:55:04.080   400   452 I DefaultVehicleHal_v2_0: DefaultVehicleHal::onPropertyValue, value:{.timestamp = 238027495693, .areaId = 0, .prop = 557850835, .status = UNAVAILABLE, .value = {.int32Values = [1]{0}, .floatValues = [0]{}, .int64Values = [0]{}, .bytes = [0]{}, .stringValue = ""}}
03-17 18:55:04.080   400   452 D adayocomadapter-CommunicationManager: onUpstreamReceive mPropertyId 0x214020d3
03-17 18:55:04.080   400   452 D adayocomadapter-CommunicationManager: onUpstreamReceive isLoss 1 mPropertyId 0x214020cb
03-17 18:55:04.080   400   452 D adayocomadapter-CommunicationManager: convertBytesToInt32Memcpy  50
03-17 18:55:04.080   400   452 D vw-vhal : notifyVehicleProperty, propId = 0x214020cb, data = {status: 3, int32Values: [50]}
03-17 18:55:04.080   400   452 I DefaultVehicleHal_v2_0: DefaultVehicleHal::onPropertyValue, value:{.timestamp = 238027842360, .areaId = 0, .prop = 557850827, .status = UNAVAILABLE, .value = {.int32Values = [1]{50}, .floatValues = [0]{}, .int64Values = [0]{}, .bytes = [0]{}, .stringValue = ""}}
03-17 18:55:04.080   400   452 D adayocomadapter-CommunicationManager: onUpstreamReceive mPropertyId 0x214020cb
03-17 18:55:04.080   400   452 D adayocomadapter-CommunicationManager: onUpstreamReceive isLoss 1 mPropertyId 0x2140203c
03-17 18:55:04.080   400   452 D adayocomadapter-CommunicationManager: convertBytesToInt32Memcpy  511
03-17 18:55:04.080   400   452 D vw-vhal : notifyVehicleProperty, propId = 0x2140203c, data = {status: 3, int32Values: [511]}
03-17 18:55:04.080   400   452 I DefaultVehicleHal_v2_0: DefaultVehicleHal::onPropertyValue, value:{.timestamp = 238028242693, .areaId = 0, .prop = 557850684, .status = UNAVAILABLE, .value = {.int32Values = [1]{511}, .floatValues = [0]{}, .int64Values = [0]{}, .bytes = [0]{}, .stringValue = ""}}
03-17 18:55:04.080   400   452 D adayocomadapter-CommunicationManager: onUpstreamReceive mPropertyId 0x2140203c
03-17 18:55:04.080   400   452 D adayocomadapter-CommunicationManager: onUpstreamReceive isLoss 1 mPropertyId 0x214020c9
03-17 18:55:04.080   400   452 D adayocomadapter-CommunicationManager: convertBytesToInt32Memcpy  0
03-17 18:55:04.080   400   452 D vw-vhal : notifyVehicleProperty, propId = 0x214020c9, data = {status: 3, int32Values: [0]}
03-17 18:55:04.081   400   452 I DefaultVehicleHal_v2_0: DefaultVehicleHal::onPropertyValue, value:{.timestamp = 238028593026, .areaId = 0, .prop = 557850825, .status = UNAVAILABLE, .value = {.int32Values = [1]{0}, .floatValues = [0]{}, .int64Values = [0]{}, .bytes = [0]{}, .stringValue = ""}}
03-17 18:55:04.081   400   452 D adayocomadapter-CommunicationManager: onUpstreamReceive mPropertyId 0x214020c9
03-17 18:55:04.081   400   452 D adayocomadapter-CommunicationManager: onUpstreamReceive isLoss 1 mPropertyId 0x214020cf
03-17 18:55:04.081   400   452 D adayocomadapter-CommunicationManager: convertBytesToInt32Memcpy  0
03-17 18:55:04.081   400   452 D vw-vhal : notifyVehicleProperty, propId = 0x214020cf, data = {status: 3, int32Values: [0]}
03-17 18:55:04.081   400   452 I DefaultVehicleHal_v2_0: DefaultVehicleHal::onPropertyValue, value:{.timestamp = 238028932693, .areaId = 0, .prop = 557850831, .status = UNAVAILABLE, .value = {.int32Values = [1]{0}, .floatValues = [0]{}, .int64Values = [0]{}, .bytes = [0]{}, .stringValue = ""}}
03-17 18:55:04.081   400   452 D adayocomadapter-CommunicationManager: onUpstreamReceive mPropertyId 0x214020cf
03-17 18:55:04.081   400   452 D adayocomadapter-CommunicationManager: onUpstreamReceive isLoss 1 mPropertyId 0x21402040
03-17 18:55:04.081   400   452 D adayocomadapter-CommunicationManager: convertBytesToInt32Memcpy  511
03-17 18:55:04.081   400   452 D vw-vhal : notifyVehicleProperty, propId = 0x21402040, data = {status: 3, int32Values: [511]}
03-17 18:55:04.081   400   452 I DefaultVehicleHal_v2_0: DefaultVehicleHal::onPropertyValue, value:{.timestamp = 238029278026, .areaId = 0, .prop = 557850688, .status = UNAVAILABLE, .value = {.int32Values = [1]{511}, .floatValues = [0]{}, .int64Values = [0]{}, .bytes = [0]{}, .stringValue = ""}}
03-17 18:55:04.081   400   452 D adayocomadapter-CommunicationManager: onUpstreamReceive mPropertyId 0x21402040
03-17 18:55:04.081   400   452 D adayocomadapter-CommunicationManager: onUpstreamReceive isLoss 1 mPropertyId 0x214020d1
03-17 18:55:04.081   400   452 D adayocomadapter-CommunicationManager: convertBytesToInt32Memcpy  0
03-17 18:55:04.082   400   452 D vw-vhal : notifyVehicleProperty, propId = 0x214020d1, data = {status: 3, int32Values: [0]}
03-17 18:55:04.082   400   452 I DefaultVehicleHal_v2_0: DefaultVehicleHal::onPropertyValue, value:{.timestamp = 238029623693, .areaId = 0, .prop = 557850833, .status = UNAVAILABLE, .value = {.int32Values = [1]{0}, .floatValues = [0]{}, .int64Values = [0]{}, .bytes = [0]{}, .stringValue = ""}}
03-17 18:55:04.082   400   452 D adayocomadapter-CommunicationManager: onUpstreamReceive mPropertyId 0x214020d1
03-17 18:55:04.082   400   452 D adayocomadapter-CommunicationManager: onUpstreamReceive isLoss 1 mPropertyId 0x21402044
03-17 18:55:04.082   400   452 D adayocomadapter-CommunicationManager: convertBytesToInt32Memcpy  511
03-17 18:55:04.082   400   452 D vw-vhal : notifyVehicleProperty, propId = 0x21402044, data = {status: 3, int32Values: [511]}
03-17 18:55:04.082   400   452 I DefaultVehicleHal_v2_0: DefaultVehicleHal::onPropertyValue, value:{.timestamp = 238029961360, .areaId = 0, .prop = 557850692, .status = UNAVAILABLE, .value = {.int32Values = [1]{511}, .floatValues = [0]{}, .int64Values = [0]{}, .bytes = [0]{}, .stringValue = ""}}
03-17 18:55:04.082   400   452 D adayocomadapter-CommunicationManager: onUpstreamReceive mPropertyId 0x21402044
03-17 18:55:04.082   400   452 D adayocomadapter-CommunicationManager: onUpstreamReceive isLoss 1 mPropertyId 0x214020d5
03-17 18:55:04.082   400   452 D adayocomadapter-CommunicationManager: convertBytesToInt32Memcpy  0
03-17 18:55:04.082   400   452 D vw-vhal : notifyVehicleProperty, propId = 0x214020d5, data = {status: 3, int32Values: [0]}
03-17 18:55:04.082   400   452 I DefaultVehicleHal_v2_0: DefaultVehicleHal::onPropertyValue, value:{.timestamp = 238030354360, .areaId = 0, .prop = 557850837, .status = UNAVAILABLE, .value = {.int32Values = [1]{0}, .floatValues = [0]{}, .int64Values = [0]{}, .bytes = [0]{}, .stringValue = ""}}
03-17 18:55:04.082   400   452 D adayocomadapter-CommunicationManager: onUpstreamReceive mPropertyId 0x214020d5
03-17 18:55:04.082   400   452 D adayocomadapter-CommunicationManager: onUpstreamReceive isLoss 1 mPropertyId 0x21402038
03-17 18:55:04.083   400   452 D adayocomadapter-CommunicationManager: convertBytesToInt32Memcpy  511
03-17 18:55:04.083   400   452 D vw-vhal : notifyVehicleProperty, propId = 0x21402038, data = {status: 3, int32Values: [511]}
03-17 18:55:04.083   400   452 I DefaultVehicleHal_v2_0: DefaultVehicleHal::onPropertyValue, value:{.timestamp = 238030700693, .areaId = 0, .prop = 557850680, .status = UNAVAILABLE, .value = {.int32Values = [1]{511}, .floatValues = [0]{}, .int64Values = [0]{}, .bytes = [0]{}, .stringValue = ""}}
03-17 18:55:04.083   400   452 D adayocomadapter-CommunicationManager: onUpstreamReceive mPropertyId 0x21402038
03-17 18:55:04.083   400   452 D adayocomadapter-CommunicationManager: onUpstreamReceive isLoss 1 mPropertyId 0x2140207d
03-17 18:55:04.083   400   452 D adayocomadapter-CommunicationManager: convertBytesToInt32Memcpy  1023
03-17 18:55:04.083   400   452 D vw-vhal : notifyVehicleProperty, propId = 0x2140207d, data = {status: 3, int32Values: [1023]}
03-17 18:55:04.083   400   452 I DefaultVehicleHal_v2_0: DefaultVehicleHal::onPropertyValue, value:{.timestamp = 238031039693, .areaId = 0, .prop = 557850749, .status = UNAVAILABLE, .value = {.int32Values = [1]{1023}, .floatValues = [0]{}, .int64Values = [0]{}, .bytes = [0]{}, .stringValue = ""}}
03-17 18:55:04.083   400   452 D adayocomadapter-CommunicationManager: onUpstreamReceive mPropertyId 0x2140207d
03-17 18:55:04.083   400   452 D adayocomadapter-CommunicationManager: onUpstreamReceive isLoss 1 mPropertyId 0x2140207f
03-17 18:55:04.083   400   452 D adayocomadapter-CommunicationManager: convertBytesToInt32Memcpy  1023
03-17 18:55:04.084   400   452 D vw-vhal : notifyVehicleProperty, propId = 0x2140207f, data = {status: 3, int32Values: [1023]}
03-17 18:55:04.084   400   452 I DefaultVehicleHal_v2_0: DefaultVehicleHal::onPropertyValue, value:{.timestamp = 238031674693, .areaId = 0, .prop = 557850751, .status = UNAVAILABLE, .value = {.int32Values = [1]{1023}, .floatValues = [0]{}, .int64Values = [0]{}, .bytes = [0]{}, .stringValue = ""}}
03-17 18:55:04.084   400   452 D adayocomadapter-CommunicationManager: onUpstreamReceive mPropertyId 0x2140207f
03-17 18:55:04.084   400   452 D adayocomadapter-CommunicationManager: onUpstreamReceive isLoss 1 mPropertyId 0x21402052
03-17 18:55:04.084   400   452 D adayocomadapter-CommunicationManager: convertBytesToInt32Memcpy  0
03-17 18:55:04.084   400   452 D vw-vhal : notifyVehicleProperty, propId = 0x21402052, data = {status: 3, int32Values: [0]}
03-17 18:55:04.084   400   452 I DefaultVehicleHal_v2_0: DefaultVehicleHal::onPropertyValue, value:{.timestamp = 238032061026, .areaId = 0, .prop = 557850706, .status = UNAVAILABLE, .value = {.int32Values = [1]{0}, .floatValues = [0]{}, .int64Values = [0]{}, .bytes = [0]{}, .stringValue = ""}}
03-17 18:55:04.084   400   452 D adayocomadapter-CommunicationManager: onUpstreamReceive mPropertyId 0x21402052
03-17 18:55:04.084   400   452 D adayocomadapter-CommunicationManager: onUpstreamReceive isLoss 1 mPropertyId 0x21402081
03-17 18:55:04.084   400   452 D adayocomadapter-CommunicationManager: convertBytesToInt32Memcpy  1023
03-17 18:55:04.084   400   452 D vw-vhal : notifyVehicleProperty, propId = 0x21402081, data = {status: 3, int32Values: [1023]}
03-17 18:55:04.084   400   452 I DefaultVehicleHal_v2_0: DefaultVehicleHal::onPropertyValue, value:{.timestamp = 238032408026, .areaId = 0, .prop = 557850753, .status = UNAVAILABLE, .value = {.int32Values = [1]{1023}, .floatValues = [0]{}, .int64Values = [0]{}, .bytes = [0]{}, .stringValue = ""}}
03-17 18:55:04.084   400   452 D adayocomadapter-CommunicationManager: onUpstreamReceive mPropertyId 0x21402081
03-17 18:55:04.085   400   452 D adayocomadapter-CommunicationManager: onUpstreamReceive isLoss 1 mPropertyId 0x21402080
03-17 18:55:04.085   400   452 D adayocomadapter-CommunicationManager: convertBytesToInt32Memcpy  1023
03-17 18:55:04.085   400   452 D vw-vhal : notifyVehicleProperty, propId = 0x21402080, data = {status: 3, int32Values: [1023]}
03-17 18:55:04.085   400   452 I DefaultVehicleHal_v2_0: DefaultVehicleHal::onPropertyValue, value:{.timestamp = 238032754026, .areaId = 0, .prop = 557850752, .status = UNAVAILABLE, .value = {.int32Values = [1]{1023}, .floatValues = [0]{}, .int64Values = [0]{}, .bytes = [0]{}, .stringValue = ""}}
03-17 18:55:04.085   400   452 D adayocomadapter-CommunicationManager: onUpstreamReceive mPropertyId 0x21402080
03-17 18:55:04.085   400   452 D adayocomadapter-CommunicationManager: onUpstreamReceive isLoss 1 mPropertyId 0x21402051
03-17 18:55:04.085   400   452 D adayocomadapter-CommunicationManager: convertBytesToInt32Memcpy  500
03-17 18:55:04.085   400   452 D vw-vhal : notifyVehicleProperty, propId = 0x21402051, data = {status: 3, int32Values: [500]}
03-17 18:55:04.085   400   452 I DefaultVehicleHal_v2_0: DefaultVehicleHal::onPropertyValue, value:{.timestamp = 238033098360, .areaId = 0, .prop = 557850705, .status = UNAVAILABLE, .value = {.int32Values = [1]{500}, .floatValues = [0]{}, .int64Values = [0]{}, .bytes = [0]{}, .stringValue = ""}}
03-17 18:55:04.085   400   452 D adayocomadapter-CommunicationManager: onUpstreamReceive mPropertyId 0x21402051
03-17 18:55:04.085   400   452 D adayocomadapter-CommunicationManager: onUpstreamReceive isLoss 1 mPropertyId 0x2140207b
03-17 18:55:04.085   400   452 D adayocomadapter-CommunicationManager: convertBytesToInt32Memcpy  1023
03-17 18:55:04.085   400   452 D vw-vhal : notifyVehicleProperty, propId = 0x2140207b, data = {status: 3, int32Values: [1023]}
03-17 18:55:04.085   400   452 I DefaultVehicleHal_v2_0: DefaultVehicleHal::onPropertyValue, value:{.timestamp = 238033438026, .areaId = 0, .prop = 557850747, .status = UNAVAILABLE, .value = {.int32Values = [1]{1023}, .floatValues = [0]{}, .int64Values = [0]{}, .bytes = [0]{}, .stringValue = ""}}
03-17 18:55:04.086   400   452 D adayocomadapter-CommunicationManager: onUpstreamReceive mPropertyId 0x2140207b
03-17 18:55:04.086   400   452 D adayocomadapter-CommunicationManager: onUpstreamReceive isLoss 1 mPropertyId 0x2140204c
03-17 18:55:04.086   400   452 D adayocomadapter-CommunicationManager: convertBytesToInt32Memcpy  511
03-17 18:55:04.086   400   452 D vw-vhal : notifyVehicleProperty, propId = 0x2140204c, data = {status: 3, int32Values: [511]}
03-17 18:55:04.086   400   452 I DefaultVehicleHal_v2_0: DefaultVehicleHal::onPropertyValue, value:{.timestamp = 238033785360, .areaId = 0, .prop = 557850700, .status = UNAVAILABLE, .value = {.int32Values = [1]{511}, .floatValues = [0]{}, .int64Values = [0]{}, .bytes = [0]{}, .stringValue = ""}}
03-17 18:55:04.086   400   452 D adayocomadapter-CommunicationManager: onUpstreamReceive mPropertyId 0x2140204c
03-17 18:55:04.086   400   452 D adayocomadapter-CommunicationManager: onUpstreamReceive isLoss 1 mPropertyId 0x2140207c
03-17 18:55:04.086   400   452 D adayocomadapter-CommunicationManager: convertBytesToInt32Memcpy  1023
03-17 18:55:04.086   400   452 D vw-vhal : notifyVehicleProperty, propId = 0x2140207c, data = {status: 3, int32Values: [1023]}
03-17 18:55:04.086   400   452 I DefaultVehicleHal_v2_0: DefaultVehicleHal::onPropertyValue, value:{.timestamp = 238034134026, .areaId = 0, .prop = 557850748, .status = UNAVAILABLE, .value = {.int32Values = [1]{1023}, .floatValues = [0]{}, .int64Values = [0]{}, .bytes = [0]{}, .stringValue = ""}}
03-17 18:55:04.086   400   452 D adayocomadapter-CommunicationManager: onUpstreamReceive mPropertyId 0x2140207c
03-17 18:55:04.086   400   452 D adayocomadapter-CommunicationManager: onUpstreamReceive isLoss 1 mPropertyId 0x2140207e
03-17 18:55:04.086   400   452 D adayocomadapter-CommunicationManager: convertBytesToInt32Memcpy  1023
03-17 18:55:04.086   400   452 D vw-vhal : notifyVehicleProperty, propId = 0x2140207e, data = {status: 3, int32Values: [1023]}
03-17 18:55:04.086   400   452 I DefaultVehicleHal_v2_0: DefaultVehicleHal::onPropertyValue, value:{.timestamp = 238034470693, .areaId = 0, .prop = 557850750, .status = UNAVAILABLE, .value = {.int32Values = [1]{1023}, .floatValues = [0]{}, .int64Values = [0]{}, .bytes = [0]{}, .stringValue = ""}}
03-17 18:55:04.087   400   452 D adayocomadapter-CommunicationManager: onUpstreamReceive mPropertyId 0x2140207e
03-17 18:55:04.087   400   452 D adayocomadapter-CommunicationManager: onUpstreamReceive isLoss 1 mPropertyId 0x21402082
03-17 18:55:04.087   400   452 D adayocomadapter-CommunicationManager: convertBytesToInt32Memcpy  1023
03-17 18:55:04.087   400   452 D vw-vhal : notifyVehicleProperty, propId = 0x21402082, data = {status: 3, int32Values: [1023]}
03-17 18:55:04.087   400   452 I DefaultVehicleHal_v2_0: DefaultVehicleHal::onPropertyValue, value:{.timestamp = 238034816360, .areaId = 0, .prop = 557850754, .status = UNAVAILABLE, .value = {.int32Values = [1]{1023}, .floatValues = [0]{}, .int64Values = [0]{}, .bytes = [0]{}, .stringValue = ""}}
03-17 18:55:04.087   400   452 D adayocomadapter-CommunicationManager: onUpstreamReceive mPropertyId 0x21402082
03-17 18:55:04.087   400   452 D adayocomadapter-CommunicationManager: onUpstreamReceive isLoss 1 mPropertyId 0x21402083
03-17 18:55:04.087   400   452 D adayocomadapter-CommunicationManager: convertBytesToInt32Memcpy  1023
03-17 18:55:04.087   400   452 D vw-vhal : notifyVehicleProperty, propId = 0x21402083, data = {status: 3, int32Values: [1023]}
03-17 18:55:04.087   400   452 I DefaultVehicleHal_v2_0: DefaultVehicleHal::onPropertyValue, value:{.timestamp = 238035154360, .areaId = 0, .prop = 557850755, .status = UNAVAILABLE, .value = {.int32Values = [1]{1023}, .floatValues = [0]{}, .int64Values = [0]{}, .bytes = [0]{}, .stringValue = ""}}
03-17 18:55:04.087   400   452 D adayocomadapter-CommunicationManager: onUpstreamReceive mPropertyId 0x21402083
03-17 18:55:04.087   400   452 D adayocomadapter-CommunicationManager: onUpstreamReceive isLoss 1 mPropertyId 0x21402084
03-17 18:55:04.087   400   452 D adayocomadapter-CommunicationManager: convertBytesToInt32Memcpy  1023
03-17 18:55:04.087   400   452 D vw-vhal : notifyVehicleProperty, propId = 0x21402084, data = {status: 3, int32Values: [1023]}
03-17 18:55:04.088   400   452 I DefaultVehicleHal_v2_0: DefaultVehicleHal::onPropertyValue, value:{.timestamp = 238035502026, .areaId = 0, .prop = 557850756, .status = UNAVAILABLE, .value = {.int32Values = [1]{1023}, .floatValues = [0]{}, .int64Values = [0]{}, .bytes = [0]{}, .stringValue = ""}}
03-17 18:55:04.088   400   452 D adayocomadapter-CommunicationManager: onUpstreamReceive mPropertyId 0x21402084
03-17 18:55:04.088   400   452 D adayocomadapter-CommunicationManager: onUpstreamReceive isLoss 1 mPropertyId 0x21402085
03-17 18:55:04.088   400   452 D adayocomadapter-CommunicationManager: convertBytesToInt32Memcpy  1023
03-17 18:55:04.088   400   452 D vw-vhal : notifyVehicleProperty, propId = 0x21402085, data = {status: 3, int32Values: [1023]}
03-17 18:55:04.088   400   452 I DefaultVehicleHal_v2_0: DefaultVehicleHal::onPropertyValue, value:{.timestamp = 238035849026, .areaId = 0, .prop = 557850757, .status = UNAVAILABLE, .value = {.int32Values = [1]{1023}, .floatValues = [0]{}, .int64Values = [0]{}, .bytes = [0]{}, .stringValue = ""}}
03-17 18:55:04.088   400   452 D adayocomadapter-CommunicationManager: onUpstreamReceive mPropertyId 0x21402085
03-17 18:55:04.088   400   452 D adayocomadapter-CommunicationManager: onUpstreamReceive isLoss 1 mPropertyId 0x2140220a
03-17 18:55:04.088   400   452 D adayocomadapter-CommunicationManager: convertBytesToInt32Memcpy  7
03-17 18:55:04.088   400   452 D vw-vhal : notifyVehicleProperty, propId = 0x2140220a, data = {status: 3, int32Values: [7]}
03-17 18:55:04.088   400   452 I DefaultVehicleHal_v2_0: DefaultVehicleHal::onPropertyValue, value:{.timestamp = 238036251360, .areaId = 0, .prop = 557851146, .status = UNAVAILABLE, .value = {.int32Values = [1]{7}, .floatValues = [0]{}, .int64Values = [0]{}, .bytes = [0]{}, .stringValue = ""}}
03-17 18:55:04.088   400   452 D adayocomadapter-CommunicationManager: onUpstreamReceive mPropertyId 0x2140220a
03-17 18:55:04.088   400   452 D adayocomadapter-CommunicationManager: onUpstreamReceive isLoss 1 mPropertyId 0x214021e6
03-17 18:55:04.088   400   452 D adayocomadapter-CommunicationManager: convertBytesToInt32Memcpy  0
03-17 18:55:04.089   400   452 D vw-vhal : notifyVehicleProperty, propId = 0x214021e6, data = {status: 3, int32Values: [0]}
03-17 18:55:04.089   400   452 I DefaultVehicleHal_v2_0: DefaultVehicleHal::onPropertyValue, value:{.timestamp = 238036617026, .areaId = 0, .prop = 557851110, .status = UNAVAILABLE, .value = {.int32Values = [1]{0}, .floatValues = [0]{}, .int64Values = [0]{}, .bytes = [0]{}, .stringValue = ""}}
03-17 18:55:04.089   400   452 D adayocomadapter-CommunicationManager: onUpstreamReceive mPropertyId 0x214021e6
03-17 18:55:04.090   582  3616 E WifiHAL : Invalid data received from driver
03-17 18:55:04.099 10173 10197 D TimerTriggerManager: init instance...
03-17 18:55:04.099 10173 10197 D TimerTriggerManager: Timer thread'TimerTriggerManager' is destroyed: false
03-17 18:55:04.100 10173 10197 D TimerTriggerManager: Timer 'onIndcnVehSpdChanged' is running: true
03-17 18:55:04.100 10173 10197 D TimerTriggerManager: Sending reset signal to timer 'onIndcnVehSpdChanged'
03-17 18:55:04.100 10173 10197 D TimerTriggerManager: Reset signal sent to timer 'onIndcnVehSpdChanged'
03-17 18:55:04.100 10173 10204 D TimerTriggerController: Reset method called for timer: onIndcnVehSpdChanged
03-17 18:55:04.100 10173 10204 D TimerTriggerController: Calling onTimerReset for timer: onIndcnVehSpdChanged
03-17 18:55:04.100 10173 10204 D TimerTriggerManager: Timer reset: onIndcnVehSpdChanged
03-17 18:55:04.100 10173 10204 I TimerTriggerController: Timer [onIndcnVehSpdChanged] reset, remaining: 1000ms, reset count: 491
03-17 18:55:04.101 10173 10197 D TimerTriggerManager: init instance...
03-17 18:55:04.101 10173 10197 D TimerTriggerManager: Timer thread'TimerTriggerManager' is destroyed: false
03-17 18:55:04.101 10173 10197 D TimerTriggerManager: Timer 'onMntnWarnReqChanged' is running: true
03-17 18:55:04.101 10173 10197 D TimerTriggerManager: Sending reset signal to timer 'onMntnWarnReqChanged'
03-17 18:55:04.101 10173 10197 D TimerTriggerManager: Reset signal sent to timer 'onMntnWarnReqChanged'
03-17 18:55:04.101 10173 10204 D TimerTriggerController: Reset method called for timer: onMntnWarnReqChanged
03-17 18:55:04.101 10173 10204 D TimerTriggerController: Calling onTimerReset for timer: onMntnWarnReqChanged
03-17 18:55:04.101 10173 10204 D TimerTriggerManager: Timer reset: onMntnWarnReqChanged
03-17 18:55:04.102 10173 10204 I TimerTriggerController: Timer [onMntnWarnReqChanged] reset, remaining: 4999ms, reset count: 246
03-17 18:55:04.107   642   685 I mcuc    : sd Uart data : 6AA60208F80002920268
03-17 18:55:04.112   642   685 I mcuc    : rev uart=2394,len=24, data : 6AA68108F8001092020004000000000000000000000000D7
03-17 18:55:04.112   400  1006 D adayocomadapter-ParseProtocolFunc: printRaWMsg Name[MCUToUPstream recv] len[16] data[92020004000000000000000000000000]
03-17 18:55:04.112   400  1006 D adayocomadapter-CommunicationManager: onUpstreamback   member[0] dataLength[13] timePoint[238060]
03-17 18:55:04.113   400  1006 D adayocomadapter-ParseProtocolFunc: printRaWMsg Name[onUpstreamback] len[13] data[04000000000000000000000000]
03-17 18:55:04.113   400   452 D adayocomadapter-UpstreamHandler: processBeforePacket upSreamtProcessTimePoint[238060] 
03-17 18:55:04.113   400   452 D adayocomadapter-UpstreamHandler: processPacket UPSTREAM_QUEUE_DATA_TIMEOUT
03-17 18:55:04.113   400   452 D adayocomadapter-ParseProtocolFunc: parseCommonIPCLBytes Processing tableNumber[4]
03-17 18:55:04.113   400   452 D adayocomadapter-ParseProtocolFunc: parseCommonIPCLBytes Processing tablename[Table-4] tableSize[13]
03-17 18:55:04.113   400   452 D adayocomadapter-ParseProtocolFunc: printRaWMsg Name[byteStream recv] len[13] data[04000000000000000000000000]
03-17 18:55:04.113   400   452 D adayocomadapter-ParseProtocolFunc: printRaWMsg Name[IPCLtoVHAL] len[8] data[2140200C00000000]
03-17 18:55:04.113   400   452 D adayocomadapter-ParseProtocolFunc: printRaWMsg Name[IPCLtoVHAL] len[8] data[2140200D00000000]
03-17 18:55:04.113   400   452 D adayocomadapter-ParseProtocolFunc: printRaWMsg Name[IPCLtoVHAL] len[7] data[21402233000000]
03-17 18:55:04.113   400   452 D adayocomadapter-ParseProtocolFunc: printRaWMsg Name[IPCLtoVHAL] len[10] data[2140201D000000000000]
03-17 18:55:04.113   400   452 D adayocomadapter-ParseProtocolFunc: printRaWMsg Name[IPCLtoVHAL] len[8] data[2140201E00000000]
03-17 18:55:04.113   400   452 D adayocomadapter-CommunicationManager: onUpstreamReceive isLoss 0 mPropertyId 0x2140200c
03-17 18:55:04.114   400   452 D adayocomadapter-CommunicationManager: convertBytesToInt32Memcpy  0
03-17 18:55:04.114   400   452 D vw-vhal : notifyVehicleProperty, propId = 0x2140200c, data = {status: 2, int32Values: [0]}
03-17 18:55:04.114   400   452 I DefaultVehicleHal_v2_0: DefaultVehicleHal::onPropertyValue, value:{.timestamp = 238061738360, .areaId = 0, .prop = 557850636, .status = AVAILABLE, .value = {.int32Values = [1]{0}, .floatValues = [0]{}, .int64Values = [0]{}, .bytes = [0]{}, .stringValue = ""}}
03-17 18:55:04.114   400   452 D adayocomadapter-CommunicationManager: onUpstreamReceive mPropertyId 0x2140200c
03-17 18:55:04.114   400   452 D adayocomadapter-CommunicationManager: onUpstreamReceive isLoss 0 mPropertyId 0x2140200d
03-17 18:55:04.114   400   452 D adayocomadapter-CommunicationManager: convertBytesToInt32Memcpy  0
03-17 18:55:04.114   400   452 D vw-vhal : notifyVehicleProperty, propId = 0x2140200d, data = {status: 2, int32Values: [0]}
03-17 18:55:04.114   400   452 I DefaultVehicleHal_v2_0: DefaultVehicleHal::onPropertyValue, value:{.timestamp = 238062130693, .areaId = 0, .prop = 557850637, .status = AVAILABLE, .value = {.int32Values = [1]{0}, .floatValues = [0]{}, .int64Values = [0]{}, .bytes = [0]{}, .stringValue = ""}}
03-17 18:55:04.114   400   452 D adayocomadapter-CommunicationManager: onUpstreamReceive mPropertyId 0x2140200d
03-17 18:55:04.114   400   452 D adayocomadapter-CommunicationManager: onUpstreamReceive isLoss 0 mPropertyId 0x21402233
03-17 18:55:04.114   400   452 D adayocomadapter-CommunicationManager: convertBytesToInt32Memcpy  0
03-17 18:55:04.114   400   452 D vw-vhal : notifyVehicleProperty, propId = 0x21402233, data = {status: 2, int32Values: [0]}
03-17 18:55:04.114   400   452 I DefaultVehicleHal_v2_0: DefaultVehicleHal::onPropertyValue, value:{.timestamp = 238062482026, .areaId = 0, .prop = 557851187, .status = AVAILABLE, .value = {.int32Values = [1]{0}, .floatValues = [0]{}, .int64Values = [0]{}, .bytes = [0]{}, .stringValue = ""}}
03-17 18:55:04.115   400   452 D adayocomadapter-CommunicationManager: onUpstreamReceive mPropertyId 0x21402233
03-17 18:55:04.115   400   452 D adayocomadapter-CommunicationManager: onUpstreamReceive isLoss 0 mPropertyId 0x2140201d
03-17 18:55:04.115   400   452 D adayocomadapter-CommunicationManager: convertBytesToInt32Memcpy  0
03-17 18:55:04.115   400   452 D vw-vhal : notifyVehicleProperty, propId = 0x2140201d, data = {status: 2, int32Values: [0]}
03-17 18:55:04.115   400   452 I DefaultVehicleHal_v2_0: DefaultVehicleHal::onPropertyValue, value:{.timestamp = 238062840026, .areaId = 0, .prop = 557850653, .status = AVAILABLE, .value = {.int32Values = [1]{0}, .floatValues = [0]{}, .int64Values = [0]{}, .bytes = [0]{}, .stringValue = ""}}
03-17 18:55:04.115   400   452 D adayocomadapter-CommunicationManager: onUpstreamReceive mPropertyId 0x2140201d
03-17 18:55:04.115   400   452 D adayocomadapter-CommunicationManager: onUpstreamReceive isLoss 0 mPropertyId 0x2140201e
03-17 18:55:04.115   400   452 D adayocomadapter-CommunicationManager: convertBytesToInt32Memcpy  0
03-17 18:55:04.115   400   452 D vw-vhal : notifyVehicleProperty, propId = 0x2140201e, data = {status: 2, int32Values: [0]}
03-17 18:55:04.115   400   452 I DefaultVehicleHal_v2_0: DefaultVehicleHal::onPropertyValue, value:{.timestamp = 238063198026, .areaId = 0, .prop = 557850654, .status = AVAILABLE, .value = {.int32Values = [1]{0}, .floatValues = [0]{}, .int64Values = [0]{}, .bytes = [0]{}, .stringValue = ""}}
03-17 18:55:04.115   400   452 D adayocomadapter-CommunicationManager: onUpstreamReceive mPropertyId 0x2140201e
03-17 18:55:04.156   642   685 I mcuc    : sd Uart data : 6AA60208F90002920267
03-17 18:55:04.162   642   685 I mcuc    : rev uart=2395,len=18, data : 6AA68108F9000A9202000A000000000001D5
03-17 18:55:04.162   400  1006 D adayocomadapter-ParseProtocolFunc: printRaWMsg Name[MCUToUPstream recv] len[10] data[9202000A000000000001]
03-17 18:55:04.162   400  1006 D adayocomadapter-CommunicationManager: onUpstreamback   member[0] dataLength[7] timePoint[238110]
03-17 18:55:04.162   400  1006 D adayocomadapter-ParseProtocolFunc: printRaWMsg Name[onUpstreamback] len[7] data[0A000000000001]
03-17 18:55:04.162   400   452 D adayocomadapter-UpstreamHandler: processBeforePacket upSreamtProcessTimePoint[238110] 
03-17 18:55:04.162   400   452 D adayocomadapter-UpstreamHandler: processPacket UPSTREAM_QUEUE_DATA_TIMEOUT
03-17 18:55:04.162   400   452 D adayocomadapter-ParseProtocolFunc: parseCommonIPCLBytes Processing tableNumber[10]
03-17 18:55:04.162   400   452 D adayocomadapter-ParseProtocolFunc: parseCommonIPCLBytes Processing tablename[Table-10] tableSize[7]
03-17 18:55:04.162   400   452 D adayocomadapter-ParseProtocolFunc: printRaWMsg Name[byteStream recv] len[7] data[0A000000000001]
03-17 18:55:04.162   400   452 D adayocomadapter-ParseProtocolFunc: printRaWMsg Name[IPCLtoVHAL] len[10] data[2140201C000100000000]
03-17 18:55:04.163   400   452 D adayocomadapter-ParseProtocolFunc: printRaWMsg Name[IPCLtoVHAL] len[7] data[21402232000100]
03-17 18:55:04.163   400   452 D adayocomadapter-CommunicationManager: onUpstreamReceive isLoss 1 mPropertyId 0x2140201c
03-17 18:55:04.163   400   452 D adayocomadapter-CommunicationManager: convertBytesToInt32Memcpy  0
03-17 18:55:04.163   400   452 D vw-vhal : notifyVehicleProperty, propId = 0x2140201c, data = {status: 3, int32Values: [0]}
03-17 18:55:04.163   400   452 I DefaultVehicleHal_v2_0: DefaultVehicleHal::onPropertyValue, value:{.timestamp = 238110994693, .areaId = 0, .prop = 557850652, .status = UNAVAILABLE, .value = {.int32Values = [1]{0}, .floatValues = [0]{}, .int64Values = [0]{}, .bytes = [0]{}, .stringValue = ""}}
03-17 18:55:04.163   400   452 D adayocomadapter-CommunicationManager: onUpstreamReceive mPropertyId 0x2140201c
03-17 18:55:04.163   400   452 D adayocomadapter-CommunicationManager: onUpstreamReceive isLoss 1 mPropertyId 0x21402232
03-17 18:55:04.163   400   452 D adayocomadapter-CommunicationManager: convertBytesToInt32Memcpy  0
03-17 18:55:04.163   400   452 D vw-vhal : notifyVehicleProperty, propId = 0x21402232, data = {status: 3, int32Values: [0]}
03-17 18:55:04.163   400   452 I DefaultVehicleHal_v2_0: DefaultVehicleHal::onPropertyValue, value:{.timestamp = 238111383693, .areaId = 0, .prop = 557851186, .status = UNAVAILABLE, .value = {.int32Values = [1]{0}, .floatValues = [0]{}, .int64Values = [0]{}, .bytes = [0]{}, .stringValue = ""}}
03-17 18:55:04.163   400   452 D adayocomadapter-CommunicationManager: onUpstreamReceive mPropertyId 0x21402232
03-17 18:55:04.164   582  3616 E WifiHAL : Invalid data received from driver
03-17 18:55:04.179  2383  2600 D AdayoDoipServer294_Doip: [ne_doip_event_loop_dispatch][line:141] : count = 0
03-17 18:55:04.179   642   685 I mcuc    : sd Uart data : 6AA60208FA0002920266
03-17 18:55:04.182  1566  2651 D TboxNetworkManager: tboxNetworkbinder=null
03-17 18:55:04.184   642   685 I mcuc    : rev uart=2396,len=48, data : 6AA68108FA00289202001B4A503130333531353242204A50313033353135324220413033000000000000000000000048
03-17 18:55:04.184   400  1006 D adayocomadapter-ParseProtocolFunc: printRaWMsg Name[MCUToUPstream recv] len[40] data[9202001B4A503130333531353242204A503130333531353242204130330000000000000000000000]
03-17 18:55:04.185   400  1006 D adayocomadapter-CommunicationManager: onUpstreamback   member[0] dataLength[37] timePoint[238132]
03-17 18:55:04.185   400  1006 D adayocomadapter-ParseProtocolFunc: printRaWMsg Name[onUpstreamback] len[37] data[1B4A503130333531353242204A503130333531353242204130330000000000000000000000]
03-17 18:55:04.185   400   452 D adayocomadapter-UpstreamHandler: processBeforePacket upSreamtProcessTimePoint[238132] 
03-17 18:55:04.185   400   452 D adayocomadapter-UpstreamHandler: processPacket UPSTREAM_QUEUE_DATA_TIMEOUT
03-17 18:55:04.185   400   452 D adayocomadapter-ParseProtocolFunc: parseCommonIPCLBytes Processing tableNumber[27]
03-17 18:55:04.185   400   452 D adayocomadapter-ParseProtocolFunc: parseCommonIPCLBytes Processing tablename[Table-27] tableSize[37]
03-17 18:55:04.185   400   452 D adayocomadapter-ParseProtocolFunc: printRaWMsg Name[byteStream recv] len[37] data[1B4A503130333531353242204A503130333531353242204130330000000000000000000000]
03-17 18:55:04.185   400   452 D adayocomadapter-ParseProtocolFunc: printRaWMsg Name[IPCLtoVHAL] len[17] data[2141415701004A50313033353135324220]
03-17 18:55:04.185   400   452 D adayocomadapter-ParseProtocolFunc: printRaWMsg Name[IPCLtoVHAL] len[17] data[2141415801004A50313033353135324220]
03-17 18:55:04.185   400   452 D adayocomadapter-ParseProtocolFunc: printRaWMsg Name[IPCLtoVHAL] len[9] data[214141590100413033]
03-17 18:55:04.185   400   452 D adayocomadapter-ParseProtocolFunc: printRaWMsg Name[IPCLtoVHAL] len[17] data[2141415A01000000000000000000000000]
03-17 18:55:04.185   400   452 D adayocomadapter-CommunicationManager: onUpstreamReceive isLoss 0 mPropertyId 0x21414157
03-17 18:55:04.186   400   452 D vw-vhal : notifyVehicleProperty, propId = 0x21414157, data = {status: 2, int32Values: [74, 80, 49, 48, 51, 53, 49, 53, 50, 66, 32]}
03-17 18:55:04.186   400   452 I vw-vhal : CanSignalsAdapter::notifyDiagProperty: propId = 0x21414157, data = {status: 2, int32Values: [74, 80, 49, 48, 51, 53, 49, 53, 50, 66, 32]}
03-17 18:55:04.186   400   452 I DefaultVehicleHal_v2_0: DefaultVehicleHal::onPropertyValue, value:{.timestamp = 238133764026, .areaId = 0, .prop = 557924695, .status = AVAILABLE, .value = {.int32Values = [11]{74, 80, 49, 48, 51, 53, 49, 53, 50, 66, 32}, .floatValues = [0]{}, .int64Values = [0]{}, .bytes = [0]{}, .stringValue = ""}}
03-17 18:55:04.186   400   452 D DefaultVehicleHal_v2_0: onPropertyValue: Diagnostic config property: 0x21414157
03-17 18:55:04.186   400   452 D DiagPropHandler: Processing request for prop: 0x21414157, size: 11
03-17 18:55:04.186   400   452 D DiagPropHandler: String length: 11, size = 11
03-17 18:55:04.187   703   703 W vendor.fawvw.hardware.persistenceservice: [64][PersistenceProxyReplier::setValue] setValue when server disconnect
03-17 18:55:04.187   703   703 I vendor.fawvw.hardware.persistenceservice: [49][PersistenceService::setValue]Receive aidl setValue:key is VW_Spare_Part_Number,value is JP1035152B ,serviceid is 2
03-17 18:55:04.187   400   452 D DiagPropHandler: Successfully set property [VW_Spare_Part_Number] = JP1035152B 
03-17 18:55:04.187   400   452 D adayocomadapter-CommunicationManager: onUpstreamReceive mPropertyId 0x21414157
03-17 18:55:04.187   400   452 D adayocomadapter-CommunicationManager: onUpstreamReceive isLoss 0 mPropertyId 0x21414158
03-17 18:55:04.187   400   452 D vw-vhal : notifyVehicleProperty, propId = 0x21414158, data = {status: 2, int32Values: [74, 80, 49, 48, 51, 53, 49, 53, 50, 66, 32]}
03-17 18:55:04.188   400   452 I vw-vhal : CanSignalsAdapter::notifyDiagProperty: propId = 0x21414158, data = {status: 2, int32Values: [74, 80, 49, 48, 51, 53, 49, 53, 50, 66, 32]}
03-17 18:55:04.188   400   452 I DefaultVehicleHal_v2_0: DefaultVehicleHal::onPropertyValue, value:{.timestamp = 238135658026, .areaId = 0, .prop = 557924696, .status = AVAILABLE, .value = {.int32Values = [11]{74, 80, 49, 48, 51, 53, 49, 53, 50, 66, 32}, .floatValues = [0]{}, .int64Values = [0]{}, .bytes = [0]{}, .stringValue = ""}}
03-17 18:55:04.188   400   452 D adayocomadapter-CommunicationManager: onUpstreamReceive mPropertyId 0x21414158
03-17 18:55:04.188   400   452 D adayocomadapter-CommunicationManager: onUpstreamReceive isLoss 0 mPropertyId 0x21414159
03-17 18:55:04.188   400   452 D vw-vhal : notifyVehicleProperty, propId = 0x21414159, data = {status: 2, int32Values: [65, 48, 51]}
03-17 18:55:04.188   400   452 I vw-vhal : CanSignalsAdapter::notifyDiagProperty: propId = 0x21414159, data = {status: 2, int32Values: [65, 48, 51]}
03-17 18:55:04.188   400   452 I DefaultVehicleHal_v2_0: DefaultVehicleHal::onPropertyValue, value:{.timestamp = 238136233693, .areaId = 0, .prop = 557924697, .status = AVAILABLE, .value = {.int32Values = [3]{65, 48, 51}, .floatValues = [0]{}, .int64Values = [0]{}, .bytes = [0]{}, .stringValue = ""}}
03-17 18:55:04.188   400   452 D adayocomadapter-CommunicationManager: onUpstreamReceive mPropertyId 0x21414159
03-17 18:55:04.188   400   452 D adayocomadapter-CommunicationManager: onUpstreamReceive isLoss 0 mPropertyId 0x2141415a
03-17 18:55:04.189   400   452 D vw-vhal : notifyVehicleProperty, propId = 0x2141415a, data = {status: 2, int32Values: [0, 0, 0, 0, 0, 0, 0, 0, 0, 0, 0]}
03-17 18:55:04.189   400   452 I vw-vhal : CanSignalsAdapter::notifyDiagProperty: propId = 0x2141415a, data = {status: 2, int32Values: [0, 0, 0, 0, 0, 0, 0, 0, 0, 0, 0]}
03-17 18:55:04.189   400   452 I DefaultVehicleHal_v2_0: DefaultVehicleHal::onPropertyValue, value:{.timestamp = 238136726693, .areaId = 0, .prop = 557924698, .status = AVAILABLE, .value = {.int32Values = [11]{0, 0, 0, 0, 0, 0, 0, 0, 0, 0, 0}, .floatValues = [0]{}, .int64Values = [0]{}, .bytes = [0]{}, .stringValue = ""}}
03-17 18:55:04.189   400   452 D adayocomadapter-CommunicationManager: onUpstreamReceive mPropertyId 0x2141415a
03-17 18:55:04.200 10173 10197 D TimerTriggerManager: init instance...
03-17 18:55:04.200 10173 10197 D TimerTriggerManager: Timer thread'TimerTriggerManager' is destroyed: false
03-17 18:55:04.200 10173 10197 D TimerTriggerManager: Timer 'onIndcnVehSpdChanged' is running: true
03-17 18:55:04.200 10173 10197 D TimerTriggerManager: Sending reset signal to timer 'onIndcnVehSpdChanged'
03-17 18:55:04.200 10173 10197 D TimerTriggerManager: Reset signal sent to timer 'onIndcnVehSpdChanged'
03-17 18:55:04.200 10173 10204 D TimerTriggerController: Reset method called for timer: onIndcnVehSpdChanged
03-17 18:55:04.200 10173 10204 D TimerTriggerController: Calling onTimerReset for timer: onIndcnVehSpdChanged
03-17 18:55:04.200 10173 10204 D TimerTriggerManager: Timer reset: onIndcnVehSpdChanged
03-17 18:55:04.200 10173 10204 I TimerTriggerController: Timer [onIndcnVehSpdChanged] reset, remaining: 1000ms, reset count: 492
03-17 18:55:04.261  2292  2308 D GPS_POIManager: IncomeProcess 2366
03-17 18:55:04.261  2292  2308 W POIManager: Just Location Need request Location permission
03-17 18:55:04.262  2366  2671 E /       : Just Location request Location permission
03-17 18:55:04.273   582  3616 E WifiHAL : Invalid data received from driver
03-17 18:55:04.279  2383  2600 D AdayoDoipServer294_Doip: [ne_doip_event_loop_dispatch][line:141] : count = 0
03-17 18:55:04.299 10173 10197 D TimerTriggerManager: init instance...
03-17 18:55:04.300 10173 10197 D TimerTriggerManager: Timer thread'TimerTriggerManager' is destroyed: false
03-17 18:55:04.300 10173 10197 D TimerTriggerManager: Timer 'onIndcnVehSpdChanged' is running: true
03-17 18:55:04.300 10173 10197 D TimerTriggerManager: Sending reset signal to timer 'onIndcnVehSpdChanged'
03-17 18:55:04.300 10173 10197 D TimerTriggerManager: Reset signal sent to timer 'onIndcnVehSpdChanged'
03-17 18:55:04.300 10173 10204 D TimerTriggerController: Reset method called for timer: onIndcnVehSpdChanged
03-17 18:55:04.300 10173 10204 D TimerTriggerController: Calling onTimerReset for timer: onIndcnVehSpdChanged
03-17 18:55:04.300 10173 10204 D TimerTriggerManager: Timer reset: onIndcnVehSpdChanged
03-17 18:55:04.301 10173 10204 I TimerTriggerController: Timer [onIndcnVehSpdChanged] reset, remaining: 999ms, reset count: 493
03-17 18:55:04.301 10173 10197 D TimerTriggerManager: init instance...
03-17 18:55:04.301 10173 10197 D TimerTriggerManager: Timer thread'TimerTriggerManager' is destroyed: false
03-17 18:55:04.301 10173 10197 D TimerTriggerManager: Timer 'onMntnWarnReqChanged' is running: true
03-17 18:55:04.301 10173 10197 D TimerTriggerManager: Sending reset signal to timer 'onMntnWarnReqChanged'
03-17 18:55:04.301 10173 10197 D TimerTriggerManager: Reset signal sent to timer 'onMntnWarnReqChanged'
03-17 18:55:04.302 10173 10204 D TimerTriggerController: Reset method called for timer: onMntnWarnReqChanged
03-17 18:55:04.302 10173 10204 D TimerTriggerController: Calling onTimerReset for timer: onMntnWarnReqChanged
03-17 18:55:04.302 10173 10204 D TimerTriggerManager: Timer reset: onMntnWarnReqChanged
03-17 18:55:04.302 10173 10204 I TimerTriggerController: Timer [onMntnWarnReqChanged] reset, remaining: 5000ms, reset count: 247
03-17 18:55:04.320   642   685 I mcuc    : sd Uart data : 6AA60208FB0002920265
03-17 18:55:04.321   582  3616 E WifiHAL : Invalid data received from driver
03-17 18:55:04.321   582  3616 E WifiHAL : Invalid data received from driver
03-17 18:55:04.321   582  3616 E WifiHAL : Invalid data received from driver
03-17 18:55:04.321   582  3616 E WifiHAL : Invalid data received from driver
03-17 18:55:04.321   582  3616 E WifiHAL : Invalid data received from driver
03-17 18:55:04.322   582  3616 E WifiHAL : Invalid data received from driver
03-17 18:55:04.322   582  3616 E WifiHAL : Invalid data received from driver
03-17 18:55:04.325   642   685 I mcuc    : rev uart=2397,len=61, data : 6AA68108FB003592020019000101000000000000000000000000000000000000000000000000000000FFFFFF0000000000000000000000010001010197
03-17 18:55:04.326   400  1006 D adayocomadapter-ParseProtocolFunc: printRaWMsg Name[MCUToUPstream recv] len[53] data[92020019000101000000000000000000000000000000000000000000000000000000FFFFFF00000000000000000000000100010101]
03-17 18:55:04.326   400  1006 D adayocomadapter-CommunicationManager: onUpstreamback   member[0] dataLength[50] timePoint[238273]
03-17 18:55:04.326   400  1006 D adayocomadapter-ParseProtocolFunc: printRaWMsg Name[onUpstreamback] len[50] data[19000101000000000000000000000000000000000000000000000000000000FFFFFF00000000000000000000000100010101]
03-17 18:55:04.326   400   452 D adayocomadapter-UpstreamHandler: processBeforePacket upSreamtProcessTimePoint[238274] 
03-17 18:55:04.326   400   452 D adayocomadapter-UpstreamHandler: processPacket UPSTREAM_QUEUE_DATA_TIMEOUT
03-17 18:55:04.326   400   452 D adayocomadapter-ParseProtocolFunc: parseCommonIPCLBytes Processing tableNumber[25]
03-17 18:55:04.326   400   452 D adayocomadapter-ParseProtocolFunc: parseCommonIPCLBytes Processing tablename[Table-25] tableSize[50]
03-17 18:55:04.326   400   452 D adayocomadapter-ParseProtocolFunc: printRaWMsg Name[byteStream recv] len[50] data[19000101000000000000000000000000000000000000000000000000000000FFFFFF00000000000000000000000100010101]
03-17 18:55:04.326   400   452 D adayocomadapter-ParseProtocolFunc: printRaWMsg Name[IPCLtoVHAL] len[7] data[214020C5000000]
03-17 18:55:04.326   400   452 D adayocomadapter-ParseProtocolFunc: printRaWMsg Name[IPCLtoVHAL] len[7] data[21402106000000]
03-17 18:55:04.327   400   452 D adayocomadapter-ParseProtocolFunc: printRaWMsg Name[IPCLtoVHAL] len[7] data[21402132000000]
03-17 18:55:04.327   400   452 D adayocomadapter-ParseProtocolFunc: printRaWMsg Name[IPCLtoVHAL] len[7] data[214020BF000100]
03-17 18:55:04.327   400   452 D adayocomadapter-ParseProtocolFunc: printRaWMsg Name[IPCLtoVHAL] len[7] data[2140212F000000]
03-17 18:55:04.327   400   452 D adayocomadapter-ParseProtocolFunc: printRaWMsg Name[IPCLtoVHAL] len[7] data[21402026000000]
03-17 18:55:04.327   400   452 D adayocomadapter-ParseProtocolFunc: printRaWMsg Name[IPCLtoVHAL] len[7] data[214020B3000000]
03-17 18:55:04.327   400   452 D adayocomadapter-ParseProtocolFunc: printRaWMsg Name[IPCLtoVHAL] len[7] data[2140219E000100]
03-17 18:55:04.327   400   452 D adayocomadapter-ParseProtocolFunc: printRaWMsg Name[IPCLtoVHAL] len[7] data[21402130000000]
03-17 18:55:04.327   400   452 D adayocomadapter-ParseProtocolFunc: printRaWMsg Name[IPCLtoVHAL] len[12] data[2141204A0101000101000000]
03-17 18:55:04.327   400   452 D adayocomadapter-ParseProtocolFunc: printRaWMsg Name[IPCLtoVHAL] len[7] data[214020BD000100]
03-17 18:55:04.327   400   452 D adayocomadapter-ParseProtocolFunc: printRaWMsg Name[IPCLtoVHAL] len[7] data[2140213B000000]
03-17 18:55:04.327   400   452 D adayocomadapter-ParseProtocolFunc: printRaWMsg Name[IPCLtoVHAL] len[7] data[214020AE000100]
03-17 18:55:04.327   400   452 D adayocomadapter-ParseProtocolFunc: printRaWMsg Name[IPCLtoVHAL] len[7] data[2140210D000000]
03-17 18:55:04.327   400   452 D adayocomadapter-ParseProtocolFunc: printRaWMsg Name[IPCLtoVHAL] len[7] data[21401018000100]
03-17 18:55:04.327   400   452 D adayocomadapter-ParseProtocolFunc: printRaWMsg Name[IPCLtoVHAL] len[7] data[214020A9000100]
03-17 18:55:04.327   400   452 D adayocomadapter-ParseProtocolFunc: printRaWMsg Name[IPCLtoVHAL] len[7] data[214020AB000100]
03-17 18:55:04.328   400   452 D adayocomadapter-ParseProtocolFunc: printRaWMsg Name[IPCLtoVHAL] len[7] data[214020AD000100]
03-17 18:55:04.328   400   452 D adayocomadapter-ParseProtocolFunc: printRaWMsg Name[IPCLtoVHAL] len[7] data[2140213A000000]
03-17 18:55:04.328   400   452 D adayocomadapter-ParseProtocolFunc: printRaWMsg Name[IPCLtoVHAL] len[7] data[214021C7000000]
03-17 18:55:04.328   400   452 D adayocomadapter-ParseProtocolFunc: printRaWMsg Name[IPCLtoVHAL] len[7] data[214020F2000100]
03-17 18:55:04.328   400   452 D adayocomadapter-ParseProtocolFunc: printRaWMsg Name[IPCLtoVHAL] len[7] data[214020F1000100]
03-17 18:55:04.328   400   452 D adayocomadapter-ParseProtocolFunc: printRaWMsg Name[IPCLtoVHAL] len[7] data[21402112000100]
03-17 18:55:04.328   400   452 D adayocomadapter-ParseProtocolFunc: printRaWMsg Name[IPCLtoVHAL] len[8] data[2140219F00010000]
03-17 18:55:04.328   400   452 D adayocomadapter-ParseProtocolFunc: printRaWMsg Name[IPCLtoVHAL] len[7] data[21402139000100]
03-17 18:55:04.328   400   452 D adayocomadapter-ParseProtocolFunc: printRaWMsg Name[IPCLtoVHAL] len[8] data[2140202500010000]
03-17 18:55:04.328   400   452 D adayocomadapter-ParseProtocolFunc: printRaWMsg Name[IPCLtoVHAL] len[10] data[21402033000100FFFFFF]
03-17 18:55:04.328   400   452 D adayocomadapter-ParseProtocolFunc: printRaWMsg Name[IPCLtoVHAL] len[7] data[21402034000100]
03-17 18:55:04.328   400   452 D adayocomadapter-ParseProtocolFunc: printRaWMsg Name[IPCLtoVHAL] len[7] data[2140218C000000]
03-17 18:55:04.328   400   452 D adayocomadapter-ParseProtocolFunc: printRaWMsg Name[IPCLtoVHAL] len[7] data[2140219B000000]
