03-17 18:54:57.162   400  1006 D adayocomadapter-CommunicationManager: onUpstreamback   member[0] dataLength[4] timePoint[231109]
03-17 18:54:57.162   400  1006 D adayocomadapter-ParseProtocolFunc: printRaWMsg Name[onUpstreamback] len[4] data[01000000]
03-17 18:54:57.162  2383  2600 D AdayoDoipServer294_Doip: [ne_doip_event_loop_dispatch][line:141] : count = 0
03-17 18:54:57.162   400   452 D adayocomadapter-UpstreamHandler: processBeforePacket upSreamtProcessTimePoint[231109] 
03-17 18:54:57.162   400   452 D adayocomadapter-UpstreamHandler: processPacket UPSTREAM_QUEUE_DATA_TIMEOUT
03-17 18:54:57.162   400   452 D adayocomadapter-ParseProtocolFunc: parseCommonIPCLBytes Processing tableNumber[1]
03-17 18:54:57.162   400   452 D adayocomadapter-ParseProtocolFunc: parseCommonIPCLBytes Processing tablename[Table-1] tableSize[4]
03-17 18:54:57.162   400   452 D adayocomadapter-ParseProtocolFunc: printRaWMsg Name[byteStream recv] len[4] data[01000000]
03-17 18:54:57.162   400   452 D adayocomadapter-ParseProtocolFunc: printRaWMsg Name[IPCLtoVHAL] len[8] data[2140204800000000]
03-17 18:54:57.162   400   452 D adayocomadapter-CommunicationManager: onUpstreamReceive isLoss 0 mPropertyId 0x21402048
03-17 18:54:57.162   400   452 D adayocomadapter-CommunicationManager: convertBytesToInt32Memcpy  0
03-17 18:54:57.162   400   452 D vw-vhal : notifyVehicleProperty, propId = 0x21402048, data = {status: 2, int32Values: [0]}
03-17 18:54:57.162   400   452 I DefaultVehicleHal_v2_0: DefaultVehicleHal::onPropertyValue, value:{.timestamp = 231109971359, .areaId = 0, .prop = 557850696, .status = AVAILABLE, .value = {.int32Values = [1]{0}, .floatValues = [0]{}, .int64Values = [0]{}, .bytes = [0]{}, .stringValue = ""}}
03-17 18:54:57.162   400   452 D adayocomadapter-CommunicationManager: onUpstreamReceive mPropertyId 0x21402048
03-17 18:54:57.182  1566  2651 D TboxNetworkManager: tboxNetworkbinder=null
03-17 18:54:57.186 10173 10197 D TimerTriggerManager: init instance...
03-17 18:54:57.186 10173 10197 D TimerTriggerManager: Timer thread'TimerTriggerManager' is destroyed: false
03-17 18:54:57.186 10173 10197 D TimerTriggerManager: Timer 'onIndcnVehSpdChanged' is running: true
03-17 18:54:57.186 10173 10197 D TimerTriggerManager: Sending reset signal to timer 'onIndcnVehSpdChanged'
03-17 18:54:57.186 10173 10197 D TimerTriggerManager: Reset signal sent to timer 'onIndcnVehSpdChanged'
03-17 18:54:57.186 10173 10204 D TimerTriggerController: Reset method called for timer: onIndcnVehSpdChanged
03-17 18:54:57.186 10173 10204 D TimerTriggerController: Calling onTimerReset for timer: onIndcnVehSpdChanged
03-17 18:54:57.186 10173 10204 D TimerTriggerManager: Timer reset: onIndcnVehSpdChanged
03-17 18:54:57.186 10173 10204 I TimerTriggerController: Timer [onIndcnVehSpdChanged] reset, remaining: 1000ms, reset count: 422
03-17 18:54:57.188   582  3616 E WifiHAL : Invalid data received from driver
03-17 18:54:57.223  1646  2259 I wkkSystemMonitorService: SystemMonitorService->lambda$startMonitoring$1$com-adayo-aaop_deviceservice-service-SystemMonitorService()111:ProcessInfoJson{"pid":"1646","cmdline":"com.adayo.aaop_deviceservice","cpu":"2.7","memory":"13527152"},{"pid":"10661","cmdline":"ps -A -o pid,pcpu,args --sort=-pcpu","cpu":"16.6","memory":""},{"pid":"10662","cmdline":"head -n 11","cpu":"16.6","memory":""},{"pid":"10660","cmdline":"sh","cpu":"12.5","memory":""}     ---34:pool-2-thread-1
03-17 18:54:57.225  1646  2259 E DataCollectManager: eventId = monitorProcess, data = {"ProcessInfo":"{\"pid\":\"1646\",\"cmdline\":\"com.adayo.aaop_deviceservice\",\"cpu\":\"2.7\",\"memory\":\"13527152\"},{\"pid\":\"10661\",\"cmdline\":\"ps -A -o pid,pcpu,args --sort\u003d-pcpu\",\"cpu\":\"16.6\",\"memory\":\"\"},{\"pid\":\"10662\",\"cmdline\":\"head -n 11\",\"cpu\":\"16.6\",\"memory\":\"\"},{\"pid\":\"10660\",\"cmdline\":\"sh\",\"cpu\":\"12.5\",\"memory\":\"\"}"}
03-17 18:54:57.234  1627  1648 D CollectDataDataFiller: ===
03-17 18:54:57.234  1627  1648 D CollectDataDataFiller: Fill [AppId = SystemInfo] [EventId = monitorProcess] with
03-17 18:54:57.234  1627  1648 D CollectDataDataFiller: [MsgId = 06cb8793-7ae0-409e-a8cd-00498656c7a1]
03-17 18:54:57.234  1627  1648 D CollectDataDataFiller: ===
03-17 18:54:57.239  1646  2259 I wkkSystemMonitorService: SystemMonitorService->lambda$startMonitoring$1$com-adayo-aaop_deviceservice-service-SystemMonitorService()116:upload LatestSystemInfo     ---34:pool-2-thread-1
03-17 18:54:57.242   582  3616 E WifiHAL : Invalid data received from driver
03-17 18:54:57.244  1646  2259 E DataCollectManager: eventId = monitorSystem, data = {"AllInfo":"{\"Cpu\": [{\"coreId\": -1, \"Usage\": 0.55, \"user\": 23.01, \"nice\": 6.90, \"system\": 22.70, \"idle\": 44.79, \"iowait\": 0.15, \"irq\": 1.69, \"softirq\": 0.77},{\"coreId\": 0, \"Usage\": 0.54, \"user\": 26.17, \"nice\": 2.80, \"system\": 22.43, \"idle\": 45.79, \"iowait\": 0.00, \"irq\": 1.87, \"softirq\": 0.93},{\"coreId\": 1, \"Usage\": 0.54, \"user\": 22.86, \"nice\": 5.71, \"system\": 22.86, \"idle\": 45.71, \"iowait\": 0.00, \"irq\": 1.90, \"softirq\": 0.95},{\"coreId\": 2, \"Usage\": 0.50, \"user\": 21.82, \"nice\": 0.91, \"system\": 25.45, \"idle\": 50.00, \"iowait\": 0.00, \"irq\": 1.82, \"softirq\": 0.00},{\"coreId\": 3, \"Usage\": 0.65, \"user\": 16.36, \"nice\": 28.18, \"system\": 16.36, \"idle\": 35.45, \"iowait\": 0.91, \"irq\": 1.82, \"softirq\": 0.91},{\"coreId\": 4, \"Usage\": 0.55, \"user\": 22.64, \"nice\": 1.89, \"system\": 28.30, \"idle\": 45.28, \"iowait\": 0.00, \"irq\": 0.94, \"softirq\": 0.94},{\"coreId\": 5, \"Usage\": 0.53, \"user\": 29.36, \"nice\": 0.00, \"system\": 22.02, \"idle\": 46.79, \"iowait\": 0.00, \"irq\": 1.83, \"softirq\": 0.00},],{\"type\": \" android_mem \",\"subType\": \" mem_usage \",\"currentValue\": \"0.74320996\",\"thresholdValue\": \" 25.00% \",\"stat\": \"Usage:0.74320996,MemTotal:6004812M,MemFree:832916M,MemAvailable:1541976M,Cached:1514460M,SwapTotal:2401920M,SwapFree:1864064M\"},{\"type\": \" android_io \",\"subType\": \" write_rate \",\"currentValue\": \"0.18\",\"thresholdValue\": \" 10MB/s \",\"stat\": \"ReadKBps:0.18 MB/s,WriteKBps:0.52 MB/s, iops:33.00 times/s},{\"disk\":{\"usage\":7.83,\"freeSpaceMB\":46884,\"totalSpaceMB\":50867}}"}
03-17 18:54:57.259  1627  1648 D CollectDataDataFiller: ===
03-17 18:54:57.259  1627  1648 D CollectDataDataFiller: Fill [AppId = SystemInfo] [EventId = monitorSystem] with
03-17 18:54:57.259  1627  1648 D CollectDataDataFiller: [MsgId = 4ba34dc3-2a73-4f4d-b7f0-c95062986a74]
03-17 18:54:57.259  1627  1648 D CollectDataDataFiller: ===
03-17 18:54:57.262  2383  2600 D AdayoDoipServer294_Doip: [ne_doip_event_loop_dispatch][line:141] : count = 0
03-17 18:54:57.266  1646  2259 I wkkSystemMonitorService: SystemMonitorService->lambda$startMonitoring$1$com-adayo-aaop_deviceservice-service-SystemMonitorService()125:180s reporting task start     ---34:pool-2-thread-1
03-17 18:54:57.286 10173 10197 D TimerTriggerManager: init instance...
03-17 18:54:57.286 10173 10197 D TimerTriggerManager: Timer thread'TimerTriggerManager' is destroyed: false
03-17 18:54:57.286 10173 10197 D TimerTriggerManager: Timer 'onIndcnVehSpdChanged' is running: true
03-17 18:54:57.286 10173 10197 D TimerTriggerManager: Sending reset signal to timer 'onIndcnVehSpdChanged'
03-17 18:54:57.286 10173 10197 D TimerTriggerManager: Reset signal sent to timer 'onIndcnVehSpdChanged'
03-17 18:54:57.287 10173 10197 D TimerTriggerManager: init instance...
03-17 18:54:57.287 10173 10197 D TimerTriggerManager: Timer thread'TimerTriggerManager' is destroyed: false
03-17 18:54:57.287 10173 10197 D TimerTriggerManager: Timer 'onMntnWarnReqChanged' is running: true
03-17 18:54:57.287 10173 10197 D TimerTriggerManager: Sending reset signal to timer 'onMntnWarnReqChanged'
03-17 18:54:57.287 10173 10197 D TimerTriggerManager: Reset signal sent to timer 'onMntnWarnReqChanged'
03-17 18:54:57.287 10173 10204 D TimerTriggerController: Reset method called for timer: onIndcnVehSpdChanged
03-17 18:54:57.287 10173 10204 D TimerTriggerController: Calling onTimerReset for timer: onIndcnVehSpdChanged
03-17 18:54:57.287 10173 10204 D TimerTriggerManager: Timer reset: onIndcnVehSpdChanged
03-17 18:54:57.287 10173 10204 I TimerTriggerController: Timer [onIndcnVehSpdChanged] reset, remaining: 1000ms, reset count: 423
03-17 18:54:57.287 10173 10204 D TimerTriggerController: Reset method called for timer: onMntnWarnReqChanged
03-17 18:54:57.287 10173 10204 D TimerTriggerController: Calling onTimerReset for timer: onMntnWarnReqChanged
03-17 18:54:57.287 10173 10204 D TimerTriggerManager: Timer reset: onMntnWarnReqChanged
03-17 18:54:57.287 10173 10204 I TimerTriggerController: Timer [onMntnWarnReqChanged] reset, remaining: 5000ms, reset count: 212
03-17 18:54:57.312   582  3616 E WifiHAL : Invalid data received from driver
03-17 18:54:57.336  1646  3173 D CarPropertyManager: setProperty, propertyId: 0x2141400f, areaId: 0x0, class: class [Ljava.lang.Integer;, val: [Ljava.lang.Integer;@16702ae
03-17 18:54:57.338  2106  3055 D CarPropertyService: mSyncGetSetPropertyOpCount: 1
03-17 18:54:57.338   400  1006 I DefaultVehicleHal_v2_0: DefaultVehicleHal::set, current value:{.timestamp = 0, .areaId = 0, .prop = 557924367, .status = AVAILABLE, .value = {.int32Values = [1]{0}, .floatValues = [0]{}, .int64Values = [0]{}, .bytes = [0]{}, .stringValue = ""}}
03-17 18:54:57.338   400  1006 I DefaultVehicleHalServer: onSetProperty(0x2141400f)
03-17 18:54:57.338   400  1006 D vw-vhal : CanSignalsAdapter::setVehicleProperty: propValue = {.timestamp = 0, .areaId = 0, .prop = 557924367, .status = AVAILABLE, .value = {.int32Values = [4]{0, 32, 32, 32}, .floatValues = [0]{}, .int64Values = [0]{}, .bytes = [0]{}, .stringValue = ""}}
03-17 18:54:57.338   400  1006 D vw-vhal : CanSignalsAdapter::setVehicleProperty: propId = 0x2141400f, data = {status: 0, int32Values: [0, 32, 32, 32]}
03-17 18:54:57.338   400  1006 D adayocomadapter-CommunicationManager: setProperty id=[557924367]
03-17 18:54:57.338   400  1006 D adayocomadapter-CommunicationManager: writeValue id=[557924367]
03-17 18:54:57.338   400  1006 D adayocomadapter-VehiclePropertyStore: writeValue id=[557924367]
03-17 18:54:57.338   400  1006 D adayocomadapter-CommunicationManager: sendToDownstream mPropertyId 0x2141400f
03-17 18:54:57.338   400  1006 D adayocomadapter-ParseProtocolFunc: printRaWMsg Name[sendToDownstream] len[4] data[00000000]
03-17 18:54:57.338   400  1006 D adayocomadapter-ParseProtocolFunc: printRaWMsg Name[sendToDownstream] len[4] data[2141400F]
03-17 18:54:57.338   400  1006 D adayocomadapter-ParseProtocolFunc: printRaWMsg Name[sendToDownstream] len[8] data[2141400F00202020]
03-17 18:54:57.338   400  1006 D adayocomadapter-CommunicationManager: sendToDownstream ret[0]   member[130] dataLength[4] timePoint[231286] 
03-17 18:54:57.338   400  1006 D adayocomadapter-ParseProtocolFunc: printRaWMsg Name[sendToDownstream] len[8] data[2141400F00202020]
03-17 18:54:57.338   400  1006 D adayocomadapter-CommunicationManager: sendToDownstream  000 mPropertyId[0x557924367]  
03-17 18:54:57.339   400   675 D adayocomadapter-DownstreamHandler: processBeforePacket downSreamtProcessTimePoint[231286] 
03-17 18:54:57.339   400   675 D adayocomadapter-DownstreamHandler: DownstreamHandler processPacket 
03-17 18:54:57.339   400   675 D adayocomadapter-DownstreamHandler: DownstreamHandler processPacket valueIndex 0x2141400f
03-17 18:54:57.339   400   675 D adayocomadapter-DownstreamHandler: DownstreamHandler processPacket 0003
03-17 18:54:57.339   400   675 D adayocomadapter-DownstreamHandler: DownstreamHandler processPacket sendMCUData2 
03-17 18:54:57.339   400   675 D adayocomadapter-CommunicationManager: sendMCUData 
03-17 18:54:57.339   400   675 D adayocomadapter-MCUInterfaceHandler: sendToMCU start
03-17 18:54:57.339  2106  3055 D CarPropertyService: mSyncGetSetPropertyOpCount: 0
03-17 18:54:57.339   642   800 I mcuc    : sd Uart data : 6AA60100CF000B1202022141400F00202020FE
03-17 18:54:57.339   400   675 D adayocomadapter-ParseProtocolFunc: printRaWMsg Name[sendToMCU] len[11] data[1202022141400F00202020]
03-17 18:54:57.340  1646  3173 I CCarServiceManager: CarServiceManager->lambda$submitCameraInfo$0$com-adayo-aaop_deviceservice-manager-CarServiceManager()154:link:0     ---45:pool-4-thread-2
03-17 18:54:57.347   642   685 I mcuc    : sd Uart data : 6AA60208B300029202AD
03-17 18:54:57.351  1627  9082 I okhttp.OkHttpClient: --> POST https://api-c-data-uat.mosc.faw-vw.com/j01/hu/data-collection/trace-service/vehicle-trace/v2/upload?requestId=c0d5b871-80e0-44dc-be6c-b9a1aec78840&signt=1773744897343&appkey=HiVQY27x&sign=c98bad070d058e5a4e6ed545eca38a45
03-17 18:54:57.351  1627  9082 I okhttp.OkHttpClient: Content-Type: application/json; charset=UTF-8
03-17 18:54:57.352  1627  9082 I okhttp.OkHttpClient: Content-Length: 2067
03-17 18:54:57.352  2106  2458 D CAR.DIAGNOSTIC: Entry - Type: 0x01, ServiceId: 0x2071, InstanceId: 0x0001, MajorVersion: 0x01FFFFFF, TTL: 0
03-17 18:54:57.352  2106  2458 D CAR.DIAGNOSTIC: Entry - Type: 0x01, ServiceId: 0x4001, InstanceId: 0x0001, MajorVersion: 0x01FFFFFF, TTL: 0
03-17 18:54:57.352   642   685 I mcuc    : rev uart=2321,len=24, data : 6AA68108B30010920200156464646400000000000000017A
03-17 18:54:57.352  1627  9082 I okhttp.OkHttpClient: Accept-Language: zh_CN
03-17 18:54:57.352   642   800 I mcuc    : file = hardware/interfaces/fgemcucomm/1.0/default/mcucomm/src/mcuCommFunctionTimer.cpp, function = startTimer  start timer OK = 207 
03-17 18:54:57.352  2106  2460 D CAR.DIAGNOSTIC: Entry - Type: 0x01, ServiceId: 0x2071, InstanceId: 0x0001, MajorVersion: 0x01FFFFFF, TTL: 0
03-17 18:54:57.352  1627  9082 I okhttp.OkHttpClient: Did: JETTA_HU_JBEVJ01_L7X-00101.01.250001A001_v1.0.1_v0.0.1
03-17 18:54:57.352   400  1006 D adayocomadapter-ParseProtocolFunc: printRaWMsg Name[MCUToUPstream recv] len[16] data[92020015646464640000000000000001]
03-17 18:54:57.352   400  1006 D adayocomadapter-CommunicationManager: onUpstreamback   member[0] dataLength[13] timePoint[231300]
03-17 18:54:57.352   400  1006 D adayocomadapter-ParseProtocolFunc: printRaWMsg Name[onUpstreamback] len[13] data[15646464640000000000000001]
03-17 18:54:57.352  2106  2460 D CAR.DIAGNOSTIC: Entry - Type: 0x01, ServiceId: 0x4001, InstanceId: 0x0001, MajorVersion: 0x01FFFFFF, TTL: 0
03-17 18:54:57.352   400   452 D adayocomadapter-UpstreamHandler: processBeforePacket upSreamtProcessTimePoint[231300] 
03-17 18:54:57.353   400   452 D adayocomadapter-UpstreamHandler: processPacket UPSTREAM_QUEUE_DATA_TIMEOUT
03-17 18:54:57.353   400   452 D adayocomadapter-ParseProtocolFunc: parseCommonIPCLBytes Processing tableNumber[21]
03-17 18:54:57.353   400   452 D adayocomadapter-ParseProtocolFunc: parseCommonIPCLBytes Processing tablename[Table-21] tableSize[13]
03-17 18:54:57.353   400   452 D adayocomadapter-ParseProtocolFunc: printRaWMsg Name[byteStream recv] len[13] data[15646464640000000000000001]
03-17 18:54:57.353  2106  2450 D CAR.DIAGNOSTIC: Entry - Type: 0x01, ServiceId: 0x2071, InstanceId: 0x0001, MajorVersion: 0x01FFFFFF, TTL: 0
03-17 18:54:57.353  1627  9082 I okhttp.OkHttpClient: Authorization: Bearer
03-17 18:54:57.353   400   452 D adayocomadapter-ParseProtocolFunc: printRaWMsg Name[IPCLtoVHAL] len[7] data[2140208B000164]
03-17 18:54:57.353   400   452 D adayocomadapter-ParseProtocolFunc: printRaWMsg Name[IPCLtoVHAL] len[7] data[21402193000100]
03-17 18:54:57.353   400   452 D adayocomadapter-ParseProtocolFunc: printRaWMsg Name[IPCLtoVHAL] len[7] data[2140208C000164]
03-17 18:54:57.353   400   452 D adayocomadapter-ParseProtocolFunc: printRaWMsg Name[IPCLtoVHAL] len[7] data[21402194000100]
03-17 18:54:57.353  2106  2450 D CAR.DIAGNOSTIC: Entry - Type: 0x01, ServiceId: 0x4001, InstanceId: 0x0001, MajorVersion: 0x01FFFFFF, TTL: 0
03-17 18:54:57.353   400   452 D adayocomadapter-ParseProtocolFunc: printRaWMsg Name[IPCLtoVHAL] len[7] data[2140208D000164]
03-17 18:54:57.353   400   452 D adayocomadapter-ParseProtocolFunc: printRaWMsg Name[IPCLtoVHAL] len[7] data[21402195000100]
03-17 18:54:57.353   400   452 D adayocomadapter-ParseProtocolFunc: printRaWMsg Name[IPCLtoVHAL] len[7] data[21402192000100]
03-17 18:54:57.353   400   452 D adayocomadapter-ParseProtocolFunc: printRaWMsg Name[IPCLtoVHAL] len[7] data[2140208A000164]
03-17 18:54:57.353   400   452 D adayocomadapter-ParseProtocolFunc: printRaWMsg Name[IPCLtoVHAL] len[7] data[21402196000100]
03-17 18:54:57.353   400   452 D adayocomadapter-ParseProtocolFunc: printRaWMsg Name[IPCLtoVHAL] len[7] data[21402197000100]
03-17 18:54:57.353   400   452 D adayocomadapter-ParseProtocolFunc: printRaWMsg Name[IPCLtoVHAL] len[7] data[21402199000100]
03-17 18:54:57.353   400   452 D adayocomadapter-CommunicationManager: onUpstreamReceive isLoss 1 mPropertyId 0x2140208b
03-17 18:54:57.353  1627  9082 I okhttp.OkHttpClient: X-FTB3-VIN: LFV01LYTESTVLN030
03-17 18:54:57.353   400   452 D adayocomadapter-CommunicationManager: convertBytesToInt32Memcpy  100
03-17 18:54:57.353   400   452 D vw-vhal : notifyVehicleProperty, propId = 0x2140208b, data = {status: 3, int32Values: [100]}
03-17 18:54:57.353   400   452 I DefaultVehicleHal_v2_0: DefaultVehicleHal::onPropertyValue, value:{.timestamp = 231300943026, .areaId = 0, .prop = 557850763, .status = UNAVAILABLE, .value = {.int32Values = [1]{100}, .floatValues = [0]{}, .int64Values = [0]{}, .bytes = [0]{}, .stringValue = ""}}
03-17 18:54:57.353   400   452 D adayocomadapter-CommunicationManager: onUpstreamReceive mPropertyId 0x2140208b
03-17 18:54:57.353   400   452 D adayocomadapter-CommunicationManager: onUpstreamReceive isLoss 1 mPropertyId 0x21402193
03-17 18:54:57.353  1627  9082 I okhttp.OkHttpClient: brandId: JETTA
03-17 18:54:57.353   400   452 D adayocomadapter-CommunicationManager: convertBytesToInt32Memcpy  0
03-17 18:54:57.353   400   452 D vw-vhal : notifyVehicleProperty, propId = 0x21402193, data = {status: 3, int32Values: [0]}
03-17 18:54:57.353   400   452 I DefaultVehicleHal_v2_0: DefaultVehicleHal::onPropertyValue, value:{.timestamp = 231301086692, .areaId = 0, .prop = 557851027, .status = UNAVAILABLE, .value = {.int32Values = [1]{0}, .floatValues = [0]{}, .int64Values = [0]{}, .bytes = [0]{}, .stringValue = ""}}
03-17 18:54:57.353   400   452 D adayocomadapter-CommunicationManager: onUpstreamReceive mPropertyId 0x21402193
03-17 18:54:57.353   400   452 D adayocomadapter-CommunicationManager: onUpstreamReceive isLoss 1 mPropertyId 0x2140208c
03-17 18:54:57.353   400   452 D adayocomadapter-CommunicationManager: convertBytesToInt32Memcpy  100
03-17 18:54:57.353   400   452 D vw-vhal : notifyVehicleProperty, propId = 0x2140208c, data = {status: 3, int32Values: [100]}
03-17 18:54:57.353   400   452 I DefaultVehicleHal_v2_0: DefaultVehicleHal::onPropertyValue, value:{.timestamp = 231301209359, .areaId = 0, .prop = 557850764, .status = UNAVAILABLE, .value = {.int32Values = [1]{100}, .floatValues = [0]{}, .int64Values = [0]{}, .bytes = [0]{}, .stringValue = ""}}
03-17 18:54:57.353   400   452 D adayocomadapter-CommunicationManager: onUpstreamReceive mPropertyId 0x2140208c
03-17 18:54:57.353   400   452 D adayocomadapter-CommunicationManager: onUpstreamReceive isLoss 1 mPropertyId 0x21402194
03-17 18:54:57.353   400   452 D adayocomadapter-CommunicationManager: convertBytesToInt32Memcpy  0
03-17 18:54:57.353   400   452 D vw-vhal : notifyVehicleProperty, propId = 0x21402194, data = {status: 3, int32Values: [0]}
03-17 18:54:57.353   400   452 I DefaultVehicleHal_v2_0: DefaultVehicleHal::onPropertyValue, value:{.timestamp = 231301317026, .areaId = 0, .prop = 557851028, .status = UNAVAILABLE, .value = {.int32Values = [1]{0}, .floatValues = [0]{}, .int64Values = [0]{}, .bytes = [0]{}, .stringValue = ""}}
03-17 18:54:57.353   400   452 D adayocomadapter-CommunicationManager: onUpstreamReceive mPropertyId 0x21402194
03-17 18:54:57.353   400   452 D adayocomadapter-CommunicationManager: onUpstreamReceive isLoss 1 mPropertyId 0x2140208d
03-17 18:54:57.353   400   452 D adayocomadapter-CommunicationManager: convertBytesToInt32Memcpy  100
03-17 18:54:57.353   400   452 D vw-vhal : notifyVehicleProperty, propId = 0x2140208d, data = {status: 3, int32Values: [100]}
03-17 18:54:57.353   400   452 I DefaultVehicleHal_v2_0: DefaultVehicleHal::onPropertyValue, value:{.timestamp = 231301420026, .areaId = 0, .prop = 557850765, .status = UNAVAILABLE, .value = {.int32Values = [1]{100}, .floatValues = [0]{}, .int64Values = [0]{}, .bytes = [0]{}, .stringValue = ""}}
03-17 18:54:57.353   400   452 D adayocomadapter-CommunicationManager: onUpstreamReceive mPropertyId 0x2140208d
03-17 18:54:57.353   400   452 D adayocomadapter-CommunicationManager: onUpstreamReceive isLoss 1 mPropertyId 0x21402195
03-17 18:54:57.353   400   452 D adayocomadapter-CommunicationManager: convertBytesToInt32Memcpy  0
03-17 18:54:57.353   400   452 D vw-vhal : notifyVehicleProperty, propId = 0x21402195, data = {status: 3, int32Values: [0]}
03-17 18:54:57.353   400   452 I DefaultVehicleHal_v2_0: DefaultVehicleHal::onPropertyValue, value:{.timestamp = 231301525026, .areaId = 0, .prop = 557851029, .status = UNAVAILABLE, .value = {.int32Values = [1]{0}, .floatValues = [0]{}, .int64Values = [0]{}, .bytes = [0]{}, .stringValue = ""}}
03-17 18:54:57.354   400   452 D adayocomadapter-CommunicationManager: onUpstreamReceive mPropertyId 0x21402195
03-17 18:54:57.354   400   452 D adayocomadapter-CommunicationManager: onUpstreamReceive isLoss 1 mPropertyId 0x21402192
03-17 18:54:57.354   400   452 D adayocomadapter-CommunicationManager: convertBytesToInt32Memcpy  0
03-17 18:54:57.354   400   452 D vw-vhal : notifyVehicleProperty, propId = 0x21402192, data = {status: 3, int32Values: [0]}
03-17 18:54:57.354   400   452 I DefaultVehicleHal_v2_0: DefaultVehicleHal::onPropertyValue, value:{.timestamp = 231301633692, .areaId = 0, .prop = 557851026, .status = UNAVAILABLE, .value = {.int32Values = [1]{0}, .floatValues = [0]{}, .int64Values = [0]{}, .bytes = [0]{}, .stringValue = ""}}
03-17 18:54:57.354   400   452 D adayocomadapter-CommunicationManager: onUpstreamReceive mPropertyId 0x21402192
03-17 18:54:57.354   400   452 D adayocomadapter-CommunicationManager: onUpstreamReceive isLoss 1 mPropertyId 0x2140208a
03-17 18:54:57.354   400   452 D adayocomadapter-CommunicationManager: convertBytesToInt32Memcpy  100
03-17 18:54:57.354   400   452 D vw-vhal : notifyVehicleProperty, propId = 0x2140208a, data = {status: 3, int32Values: [100]}
03-17 18:54:57.354   400   452 I DefaultVehicleHal_v2_0: DefaultVehicleHal::onPropertyValue, value:{.timestamp = 231301738692, .areaId = 0, .prop = 557850762, .status = UNAVAILABLE, .value = {.int32Values = [1]{100}, .floatValues = [0]{}, .int64Values = [0]{}, .bytes = [0]{}, .stringValue = ""}}
03-17 18:54:57.354   400   452 D adayocomadapter-CommunicationManager: onUpstreamReceive mPropertyId 0x2140208a
03-17 18:54:57.354   400   452 D adayocomadapter-CommunicationManager: onUpstreamReceive isLoss 1 mPropertyId 0x21402196
03-17 18:54:57.354   400   452 D adayocomadapter-CommunicationManager: convertBytesToInt32Memcpy  0
03-17 18:54:57.354   400   452 D vw-vhal : notifyVehicleProperty, propId = 0x21402196, data = {status: 3, int32Values: [0]}
03-17 18:54:57.354   400   452 I DefaultVehicleHal_v2_0: DefaultVehicleHal::onPropertyValue, value:{.timestamp = 231301843692, .areaId = 0, .prop = 557851030, .status = UNAVAILABLE, .value = {.int32Values = [1]{0}, .floatValues = [0]{}, .int64Values = [0]{}, .bytes = [0]{}, .stringValue = ""}}
03-17 18:54:57.354   400   452 D adayocomadapter-CommunicationManager: onUpstreamReceive mPropertyId 0x21402196
03-17 18:54:57.354   400   452 D adayocomadapter-CommunicationManager: onUpstreamReceive isLoss 1 mPropertyId 0x21402197
03-17 18:54:57.354   400   452 D adayocomadapter-CommunicationManager: convertBytesToInt32Memcpy  0
03-17 18:54:57.354   400   452 D vw-vhal : notifyVehicleProperty, propId = 0x21402197, data = {status: 3, int32Values: [0]}
03-17 18:54:57.354   400   452 I DefaultVehicleHal_v2_0: DefaultVehicleHal::onPropertyValue, value:{.timestamp = 231301949692, .areaId = 0, .prop = 557851031, .status = UNAVAILABLE, .value = {.int32Values = [1]{0}, .floatValues = [0]{}, .int64Values = [0]{}, .bytes = [0]{}, .stringValue = ""}}
03-17 18:54:57.354   400   452 D adayocomadapter-CommunicationManager: onUpstreamReceive mPropertyId 0x21402197
03-17 18:54:57.354   400   452 D adayocomadapter-CommunicationManager: onUpstreamReceive isLoss 1 mPropertyId 0x21402199
03-17 18:54:57.354   400   452 D adayocomadapter-CommunicationManager: convertBytesToInt32Memcpy  0
03-17 18:54:57.354   400   452 D vw-vhal : notifyVehicleProperty, propId = 0x21402199, data = {status: 3, int32Values: [0]}
03-17 18:54:57.354   400   452 I DefaultVehicleHal_v2_0: DefaultVehicleHal::onPropertyValue, value:{.timestamp = 231302050692, .areaId = 0, .prop = 557851033, .status = UNAVAILABLE, .value = {.int32Values = [1]{0}, .floatValues = [0]{}, .int64Values = [0]{}, .bytes = [0]{}, .stringValue = ""}}
03-17 18:54:57.354   400   452 D adayocomadapter-CommunicationManager: onUpstreamReceive mPropertyId 0x21402199
03-17 18:54:57.354  1627  9082 I okhttp.OkHttpClient: {"compress":"GZIP","content":"H4sIAAAAAAAAAOVYbW/bNhD+K4aAfbPU44v44m9J16LpmnVYXrahLgxaohJttuVJcrosyH/fUZIdS0rsdFuLtvkQxHfkHR/eHcl79O7GM8vlUeyNvJProrTzo0WSeUOnPLd5kWYLHCEBBOCUuTUo4q9pbhbO5vWL09MDlKO0vK5Homw2s1F5ms6tNyJSMsm5kgq0GHqxKdH+xjt6e1Lm6eICLW7GXnm9tGNvNBh7A3SaZ2k8STOUhmOvWE1P70Y/5GlpJ7kpbT0arfLcLspzM1s1UxAmVEPlZW6Ly2wWbw0OCBwfPisaz6Upa/XP1sQ/HC6LkTMeuBnDX9xCjS6ktW6QZiizalKJmyueFbfeLe7JXqWRPdoEY/LqbPL68MX5ayCTN/JXH4AAxo8ENAT8fYB/kysXUPwH7p+39uF2il5enaHGXuHGKqebnZwtZ5mJ3dhf5fdNIOM8vcI4Pr+OZjaupieWRASo8KeCSZ8TrX2lifJVFEaWSpgaah3smVlcrMyFW/DvS3Q6Ly4qewZEaqolGtAE7Rn4GpLEZ7EFw4nl1jjEWYFzD+psVSIWC2oOQ1AoLvPsd6yBOihAag0CjWxdI4VdxPVu6dAr7cI0ez1+e3KEw6vUCa7g0AZ/vXl5DuTNb6cvTk7P3/wIDHADn6lsmaB3ZXswm1XLVFX7fLly9fMOf0ZZjgXgJJ8MsaLOCgysEwGT7hSrwuZO1gHhTl5gtutxWclFtQWnISwgzKnSeFZNkWEAslJkH0xa1lYAlSb/szIJWGVRZEnZqLBqNYZoGxnsBKYCQraBkUBBBxgEirSA8UDuBkYDCR1gzm8H2O6IiYDodsSgC0x0gYUBpTuB4VZUL2JKdYDRLjC2DQzjIWgbWeN0O2T1lA0yEWi9Bxl0Q3YPMtZFJtq57ALrhYwHQnRyWRfmNjAlWkUmaQ8YdHPJu8Bou/pDuQcYBLxd/arZ3I7qb47QTmBhF5hu5RLLshMyTXohC8MWsvWcHblsnGwj0+R2+H54/6M3t/P7Xj1UT1YO+sOPnuREUcrEw08fxWsEvus+fVVERnf2w2M7P81KMxsJAK4IPXaal7m1IxVSEKqSD65MOjPTmR2RMMTbGLXPTXRpY5RRDNHq5INZ1o4oB6Ip1KrKE1GCAYfjsXf7QCC+ktffoY/T4g90dOOKqa4u6a6jsZfgVk+WJrLHh6jkQmH/g8BcTO7U+FoKefstthFKacA0K59THfkcmwffAEv8yGrNIVFYAdOn1EZgTWzaiJ/yLLJFcddKLFN3SY09Inh9hKN5PEsXtlJG2TwwsbnOAmOy5aTOMV5cV9Vd5SZXjcjYw+e2kvG+yPLr2iELqSQhbY7aZh3gTPcWKi5b7nDXXXd9Nxx6bpbFwD8Y+NkApw2X6G1o8gvU+UWWl+MVAIv9ZbXIRy9Geotd4ukd+Au8wR/h7nMcs3m2SMssb1L8qU9ZpDSTVia+1Jb6HEvNN5QxPwGmNY20JRA+mVOm8JINv06OKVjrlQm/cY4p1FSD1bEfmSjGF8LGvjJT6ieC05AkwGOhn1DZakH+G8fk7S4bwnYvy2Wnl6UB6/ISupuX4C51r5eVXV7S5ZikxUuQL4rd7b9qCMIal2Jrarejxw57FFPvpZikTTFZC9eaDGwFbK3aBEw38fi45r9HS7oUk7WAkUeQX9aQ/zUysYnhR4TMqfZRzFaNYQXpvblk3e8YmnWBNZoNiv53DM32UEzWqjHMFCVtYI3TDTDKGptNyNia2u0IWR/ZXo5JWsnEiPHdERNrxr2ufr3/O4buf8dwuD4Fw6QyDEX47xlmbb+LYTLkSLzHMDmXwLcYJiH0EQyTA7r6Khjmrrf/QYZJ72OYSj4lhsmnMrHCxL4kkbOPta8pQYZptAaZKGrkU+p9NWb/S2KYqP5/qCFenHupYUjVY6nh49z1g9Rhx/eE4ptkmMwKpaWhPvbnyueJRNNEMV+DoETJqSQk+QJO2ft/AAPn9/DHHAAA","sendType":2,"vin":"LFV01LYTESTVLN030"}
03-17 18:54:57.354  1627  9082 I okhttp.OkHttpClient: --> END POST (2067-byte body)
03-17 18:54:57.356  1513 10676 D TrafficStats: tagSocket(64) with statsTag=0xffffff81, statsUid=-1
03-17 18:54:57.358  1513 10676 D TrafficStats: tagSocket(64) with statsTag=0xffffff81, statsUid=-1
03-17 18:54:57.361   580 10677 I resolv  : ResNSendHandler::run: 0 / {102 983142 102 983142 1073 1}
03-17 18:54:57.362   580 10677 D resolv  : resolv_populate_res_for_net: netid=102
03-17 18:54:57.362   580 10677 D resolv  : res_nsend
03-17 18:54:57.362   580 10677 D resolv  : resolv_cache_lookup: lookup
03-17 18:54:57.362   580 10677 D resolv  : resolv_cache_lookup: NOT IN CACHE
03-17 18:54:57.362   580 10677 D resolv  : resolv_populate_res_for_net: netid=102
03-17 18:54:57.362   580 10677 D resolv  : res_stats_usable_server: NS stats: S 0 + E 0 + T 12 + I 0 = 12, rtt = -1, min_samples = 8
03-17 18:54:57.362   580 10677 D resolv  : res_stats_usable_server: success rate 0
03-17 18:54:57.362   580 10677 I resolv  : res_stats_usable_server: too many resolution errors, ignoring server
03-17 18:54:57.362   580 10677 D resolv  : res_stats_usable_server: NS stats: S 0 + E 0 + T 12 + I 0 = 12, rtt = -1, min_samples = 8
03-17 18:54:57.362   580 10677 D resolv  : res_stats_usable_server: success rate 0
03-17 18:54:57.362   580 10677 I resolv  : res_stats_usable_server: too many resolution errors, ignoring server
03-17 18:54:57.362   580 10677 D resolv  : res_nsend: Querying server (# 1) address = 114.114.114.114:53
03-17 18:54:57.362   580 10677 D resolv  : send_dg: new DG socket
03-17 18:54:57.362  2383  2600 D AdayoDoipServer294_Doip: [ne_doip_event_loop_dispatch][line:141] : count = 0
03-17 18:54:57.362   580 10677 D resolv  : get_timeout: using timeout of 5000 msec
03-17 18:54:57.362   580 10677 D resolv  : retrying_poll: 46 retrying_poll
03-17 18:54:57.365   642   685 I mcuc    : file = hardware/interfaces/fgemcucomm/1.0/default/mcucomm/src/mcuCommFunctionTimer.cpp, func = stopTimer  stop timer = 207 
03-17 18:54:57.365   642   685 I mcuc    : rev uart=2322,len=10, data : 6AA68200CF0002120299
03-17 18:54:57.367  1627  9082 D okhttp.Http2: >> 0x00000081   146 HEADERS       END_HEADERS
03-17 18:54:57.368   582  3616 E WifiHAL : Invalid data received from driver
03-17 18:54:57.368   582  3616 E WifiHAL : Invalid data received from driver
03-17 18:54:57.368   582  3616 E WifiHAL : Invalid data received from driver
03-17 18:54:57.369   582  3616 E WifiHAL : Invalid data received from driver
03-17 18:54:57.369   582  3616 E WifiHAL : Invalid data received from driver
03-17 18:54:57.369   582  3616 E WifiHAL : Invalid data received from driver
03-17 18:54:57.369   582  3616 E WifiHAL : Invalid data received from driver
03-17 18:54:57.369  1627  9082 D okhttp.Http2: >> 0x00000081  2067 DATA          END_STREAM
03-17 18:54:57.372   582  3616 E WifiHAL : Invalid data received from driver
03-17 18:54:57.387 10173 10197 D TimerTriggerManager: init instance...
03-17 18:54:57.387 10173 10197 D TimerTriggerManager: Timer thread'TimerTriggerManager' is destroyed: false
03-17 18:54:57.387 10173 10197 D TimerTriggerManager: Timer 'onIndcnVehSpdChanged' is running: true
03-17 18:54:57.387 10173 10197 D TimerTriggerManager: Sending reset signal to timer 'onIndcnVehSpdChanged'
03-17 18:54:57.387 10173 10197 D TimerTriggerManager: Reset signal sent to timer 'onIndcnVehSpdChanged'
03-17 18:54:57.387 10173 10204 D TimerTriggerController: Reset method called for timer: onIndcnVehSpdChanged
03-17 18:54:57.387 10173 10204 D TimerTriggerController: Calling onTimerReset for timer: onIndcnVehSpdChanged
03-17 18:54:57.387 10173 10204 D TimerTriggerManager: Timer reset: onIndcnVehSpdChanged
03-17 18:54:57.387 10173 10204 I TimerTriggerController: Timer [onIndcnVehSpdChanged] reset, remaining: 1000ms, reset count: 424
03-17 18:54:57.387   642   685 I mcuc    : sd Uart data : 6AA60208B400029202AC
03-17 18:54:57.393   642   685 I mcuc    : rev uart=2323,len=14, data : 6AA68108B400069202000C00011C
03-17 18:54:57.393   642   685 I mcuc    : sd Uart data : 6AA60208B500029202AB
03-17 18:54:57.393   400  1006 D adayocomadapter-ParseProtocolFunc: printRaWMsg Name[MCUToUPstream recv] len[6] data[9202000C0001]
03-17 18:54:57.393   400  1006 D adayocomadapter-CommunicationManager: onUpstreamback   member[0] dataLength[3] timePoint[231340]
03-17 18:54:57.393   400  1006 D adayocomadapter-ParseProtocolFunc: printRaWMsg Name[onUpstreamback] len[3] data[0C0001]
03-17 18:54:57.393   400   452 D adayocomadapter-UpstreamHandler: processBeforePacket upSreamtProcessTimePoint[231340] 
03-17 18:54:57.393   400   452 D adayocomadapter-UpstreamHandler: processPacket UPSTREAM_QUEUE_DATA_TIMEOUT
03-17 18:54:57.393   400   452 D adayocomadapter-ParseProtocolFunc: parseCommonIPCLBytes Processing tableNumber[12]
03-17 18:54:57.393   400   452 D adayocomadapter-ParseProtocolFunc: parseCommonIPCLBytes Processing tablename[Table-12] tableSize[3]
03-17 18:54:57.393   400   452 D adayocomadapter-ParseProtocolFunc: printRaWMsg Name[byteStream recv] len[3] data[0C0001]
03-17 18:54:57.393   400   452 D adayocomadapter-ParseProtocolFunc: printRaWMsg Name[IPCLtoVHAL] len[7] data[21402166000100]
03-17 18:54:57.393   400   452 D adayocomadapter-CommunicationManager: onUpstreamReceive isLoss 1 mPropertyId 0x21402166
03-17 18:54:57.393   400   452 D adayocomadapter-CommunicationManager: convertBytesToInt32Memcpy  0
03-17 18:54:57.393   400   452 D vw-vhal : notifyVehicleProperty, propId = 0x21402166, data = {status: 3, int32Values: [0]}
03-17 18:54:57.393   400   452 I DefaultVehicleHal_v2_0: DefaultVehicleHal::onPropertyValue, value:{.timestamp = 231341221692, .areaId = 0, .prop = 557850982, .status = UNAVAILABLE, .value = {.int32Values = [1]{0}, .floatValues = [0]{}, .int64Values = [0]{}, .bytes = [0]{}, .stringValue = ""}}
03-17 18:54:57.393   400   452 D adayocomadapter-CommunicationManager: onUpstreamReceive mPropertyId 0x21402166
03-17 18:54:57.398   642   685 I mcuc    : rev uart=2324,len=17, data : 6AA68108B500099202000E7E7E0000011A
03-17 18:54:57.398   400  1006 D adayocomadapter-ParseProtocolFunc: printRaWMsg Name[MCUToUPstream recv] len[9] data[9202000E7E7E000001]
03-17 18:54:57.398   400  1006 D adayocomadapter-CommunicationManager: onUpstreamback   member[0] dataLength[6] timePoint[231346]
03-17 18:54:57.398   400  1006 D adayocomadapter-ParseProtocolFunc: printRaWMsg Name[onUpstreamback] len[6] data[0E7E7E000001]
03-17 18:54:57.398   400   452 D adayocomadapter-UpstreamHandler: processBeforePacket upSreamtProcessTimePoint[231346] 
03-17 18:54:57.398   400   452 D adayocomadapter-UpstreamHandler: processPacket UPSTREAM_QUEUE_DATA_TIMEOUT
03-17 18:54:57.398   400   452 D adayocomadapter-ParseProtocolFunc: parseCommonIPCLBytes Processing tableNumber[14]
03-17 18:54:57.398   400   452 D adayocomadapter-ParseProtocolFunc: parseCommonIPCLBytes Processing tablename[Table-14] tableSize[6]
03-17 18:54:57.398   400   452 D adayocomadapter-ParseProtocolFunc: printRaWMsg Name[byteStream recv] len[6] data[0E7E7E000001]
03-17 18:54:57.398   400   452 D adayocomadapter-ParseProtocolFunc: printRaWMsg Name[IPCLtoVHAL] len[7] data[214020DE00017E]
03-17 18:54:57.398   400   452 D adayocomadapter-ParseProtocolFunc: printRaWMsg Name[IPCLtoVHAL] len[7] data[214020E000017E]
03-17 18:54:57.398   400   452 D adayocomadapter-ParseProtocolFunc: printRaWMsg Name[IPCLtoVHAL] len[7] data[214020E5000100]
03-17 18:54:57.398   400   452 D adayocomadapter-ParseProtocolFunc: printRaWMsg Name[IPCLtoVHAL] len[7] data[214020E6000100]
03-17 18:54:57.398   400   452 D adayocomadapter-CommunicationManager: onUpstreamReceive isLoss 1 mPropertyId 0x214020de
03-17 18:54:57.398   400   452 D adayocomadapter-CommunicationManager: convertBytesToInt32Memcpy  126
03-17 18:54:57.398   400   452 D vw-vhal : notifyVehicleProperty, propId = 0x214020de, data = {status: 3, int32Values: [126]}
03-17 18:54:57.398   400   452 I DefaultVehicleHal_v2_0: DefaultVehicleHal::onPropertyValue, value:{.timestamp = 231346504692, .areaId = 0, .prop = 557850846, .status = UNAVAILABLE, .value = {.int32Values = [1]{126}, .floatValues = [0]{}, .int64Values = [0]{}, .bytes = [0]{}, .stringValue = ""}}
03-17 18:54:57.399   400   452 D adayocomadapter-CommunicationManager: onUpstreamReceive mPropertyId 0x214020de
03-17 18:54:57.399   400   452 D adayocomadapter-CommunicationManager: onUpstreamReceive isLoss 1 mPropertyId 0x214020e0
03-17 18:54:57.399   400   452 D adayocomadapter-CommunicationManager: convertBytesToInt32Memcpy  126
03-17 18:54:57.399   400   452 D vw-vhal : notifyVehicleProperty, propId = 0x214020e0, data = {status: 3, int32Values: [126]}
03-17 18:54:57.399   400   452 I DefaultVehicleHal_v2_0: DefaultVehicleHal::onPropertyValue, value:{.timestamp = 231346657026, .areaId = 0, .prop = 557850848, .status = UNAVAILABLE, .value = {.int32Values = [1]{126}, .floatValues = [0]{}, .int64Values = [0]{}, .bytes = [0]{}, .stringValue = ""}}
03-17 18:54:57.399   400   452 D adayocomadapter-CommunicationManager: onUpstreamReceive mPropertyId 0x214020e0
03-17 18:54:57.399   400   452 D adayocomadapter-CommunicationManager: onUpstreamReceive isLoss 1 mPropertyId 0x214020e5
03-17 18:54:57.399   400   452 D adayocomadapter-CommunicationManager: convertBytesToInt32Memcpy  0
03-17 18:54:57.399   400   452 D vw-vhal : notifyVehicleProperty, propId = 0x214020e5, data = {status: 3, int32Values: [0]}
03-17 18:54:57.399   400   452 I DefaultVehicleHal_v2_0: DefaultVehicleHal::onPropertyValue, value:{.timestamp = 231346774026, .areaId = 0, .prop = 557850853, .status = UNAVAILABLE, .value = {.int32Values = [1]{0}, .floatValues = [0]{}, .int64Values = [0]{}, .bytes = [0]{}, .stringValue = ""}}
03-17 18:54:57.399   400   452 D adayocomadapter-CommunicationManager: onUpstreamReceive mPropertyId 0x214020e5
03-17 18:54:57.399   400   452 D adayocomadapter-CommunicationManager: onUpstreamReceive isLoss 1 mPropertyId 0x214020e6
03-17 18:54:57.399   400   452 D adayocomadapter-CommunicationManager: convertBytesToInt32Memcpy  0
03-17 18:54:57.399   400   452 D vw-vhal : notifyVehicleProperty, propId = 0x214020e6, data = {status: 3, int32Values: [0]}
03-17 18:54:57.399   400   452 I DefaultVehicleHal_v2_0: DefaultVehicleHal::onPropertyValue, value:{.timestamp = 231346884026, .areaId = 0, .prop = 557850854, .status = UNAVAILABLE, .value = {.int32Values = [1]{0}, .floatValues = [0]{}, .int64Values = [0]{}, .bytes = [0]{}, .stringValue = ""}}
03-17 18:54:57.399   400   452 D adayocomadapter-CommunicationManager: onUpstreamReceive mPropertyId 0x214020e6
03-17 18:54:57.416   642   800 I mcuc    : sd Uart data : 6AA60000D00002060127
03-17 18:54:57.422   582  3616 E WifiHAL : Invalid data received from driver
03-17 18:54:57.449   644   644 E fgesysctrl_hidl_hal_test1: fgesysctrl_get_signal status *value=0
03-17 18:54:57.449   649   759 D EvsApp  : CameraFgeSysctrl::fgesysctrl_get_signal_status() end ret = 1
03-17 18:54:57.450  1646  9826 I evsservice20200311: function = notifyAppDeviceValue :ADAYO_AVM_CAMERA_SIGNAL_STATE,1---
03-17 18:54:57.451  1646  1985 E EvsServiceManager: EvsServiceManager$1->notifyDeviceValue()42:notifyDeviceValue key：ADAYO_AVM_CAMERA_SIGNAL_STATEvalue1     ---254:Thread-215
03-17 18:54:57.460  1603  1603 I ADAYO_LOG_: handleMessage(UsbFunc.java:3)copyQnx = 0
03-17 18:54:57.460  1603  1603 I ADAYO_LOG_: handleMessage(UsbFunc.java:69)copyState = 2
03-17 18:54:57.463  2383  2600 D AdayoDoipServer294_Doip: [ne_doip_event_loop_dispatch][line:141] : count = 0
03-17 18:54:57.469  1627  8902 D okhttp.Http2: << 0x00000081    44 HEADERS       END_HEADERS
03-17 18:54:57.472  1627  8902 D okhttp.Http2: << 0x00000081   229 DATA          END_STREAM
03-17 18:54:57.472   903  1756 D NetworkPolicy: Blocked state of 10051: {blocked=NONE,allowed=FOREGROUND|TOP|METERED_FOREGROUND,effective=NONE}
03-17 18:54:57.474   642   685 I mcuc    : sd Uart data : 6AA60208B600029202AA
03-17 18:54:57.474  1627  8902 D okhttp.Http2: << 0x00000081     4 WINDOW_UPDATE 
03-17 18:54:57.474  1627  9082 I okhttp.OkHttpClient: <-- 400 https://api-c-data-uat.mosc.faw-vw.com/j01/hu/data-collection/trace-service/vehicle-trace/v2/upload?requestId=c0d5b871-80e0-44dc-be6c-b9a1aec78840&signt=1773744897343&appkey=HiVQY27x&sign=c98bad070d058e5a4e6ed545eca38a45 (119ms)
03-17 18:54:57.474  1627  9082 I okhttp.OkHttpClient: server: stgw
03-17 18:54:57.474  1627  9082 I okhttp.OkHttpClient: date: Tue, 17 Mar 2026 10:54:57 GMT
03-17 18:54:57.475  1627  9082 I okhttp.OkHttpClient: content-type: text/html
03-17 18:54:57.475  1627  9082 I okhttp.OkHttpClient: content-length: 229
03-17 18:54:57.476  1627  9082 I okhttp.OkHttpClient: <html>
03-17 18:54:57.476  1627  9082 I okhttp.OkHttpClient: <head><title>400 No required SSL certificate was sent</title></head>
03-17 18:54:57.476  1627  9082 I okhttp.OkHttpClient: <body>
03-17 18:54:57.476  1627  9082 I okhttp.OkHttpClient: <center><h1>400 Bad Request</h1></center>
03-17 18:54:57.476  1627  9082 I okhttp.OkHttpClient: <center>No required SSL certificate was sent</center>
03-17 18:54:57.476  1627  9082 I okhttp.OkHttpClient: <hr><center>stgw</center>
03-17 18:54:57.476  1627  9082 I okhttp.OkHttpClient: </body>
03-17 18:54:57.476  1627  9082 I okhttp.OkHttpClient: </html>
03-17 18:54:57.477  1627  9082 I okhttp.OkHttpClient: <-- END HTTP (229-byte body)
03-17 18:54:57.478  1627  9082 D okhttp.TaskRunner: Q10001 scheduled after   0 µs: OkHttp ConnectionPool
03-17 18:54:57.479  1627  8903 D okhttp.TaskRunner: Q10001 starting              : OkHttp ConnectionPool
03-17 18:54:57.479   642   685 I mcuc    : rev uart=2325,len=43, data : 6AA68108B600239202001600000000000000000000000000000000000000000000000000000000000101F2
03-17 18:54:57.479   642   685 I mcuc    : sd Uart data : 6AA60208B700029202A9
03-17 18:54:57.479   400  1006 D adayocomadapter-ParseProtocolFunc: printRaWMsg Name[MCUToUPstream recv] len[35] data[9202001600000000000000000000000000000000000000000000000000000000000101]
03-17 18:54:57.479   400  1006 D adayocomadapter-CommunicationManager: onUpstreamback   member[0] dataLength[32] timePoint[231427]
03-17 18:54:57.479   400  1006 D adayocomadapter-ParseProtocolFunc: printRaWMsg Name[onUpstreamback] len[32] data[1600000000000000000000000000000000000000000000000000000000000101]
03-17 18:54:57.480   400   452 D adayocomadapter-UpstreamHandler: processBeforePacket upSreamtProcessTimePoint[231427] 
03-17 18:54:57.480   400   452 D adayocomadapter-UpstreamHandler: processPacket UPSTREAM_QUEUE_DATA_TIMEOUT
03-17 18:54:57.480   400   452 D adayocomadapter-ParseProtocolFunc: parseCommonIPCLBytes Processing tableNumber[22]
03-17 18:54:57.480   400   452 D adayocomadapter-ParseProtocolFunc: parseCommonIPCLBytes Processing tablename[Table-22] tableSize[32]
03-17 18:54:57.480   400   452 D adayocomadapter-ParseProtocolFunc: printRaWMsg Name[byteStream recv] len[32] data[1600000000000000000000000000000000000000000000000000000000000101]
03-17 18:54:57.480   400   452 D adayocomadapter-ParseProtocolFunc: printRaWMsg Name[IPCLtoVHAL] len[7] data[2140213F000000]
03-17 18:54:57.480   400   452 D adayocomadapter-ParseProtocolFunc: printRaWMsg Name[IPCLtoVHAL] len[7] data[21402140000000]
03-17 18:54:57.480   400   452 D adayocomadapter-ParseProtocolFunc: printRaWMsg Name[IPCLtoVHAL] len[10] data[214021CA000100000000]
03-17 18:54:57.480   400   452 D adayocomadapter-ParseProtocolFunc: printRaWMsg Name[IPCLtoVHAL] len[7] data[2140214B000000]
03-17 18:54:57.480   400   452 D adayocomadapter-ParseProtocolFunc: printRaWMsg Name[IPCLtoVHAL] len[7] data[21402141000000]
03-17 18:54:57.480   400   452 D adayocomadapter-ParseProtocolFunc: printRaWMsg Name[IPCLtoVHAL] len[7] data[21402142000000]
03-17 18:54:57.480   400   452 D adayocomadapter-ParseProtocolFunc: printRaWMsg Name[IPCLtoVHAL] len[8] data[2141214401000000]
03-17 18:54:57.480   400   452 D adayocomadapter-ParseProtocolFunc: printRaWMsg Name[IPCLtoVHAL] len[7] data[2140214D000000]
03-17 18:54:57.480   400   452 D adayocomadapter-ParseProtocolFunc: printRaWMsg Name[IPCLtoVHAL] len[7] data[214021D7000000]
03-17 18:54:57.480   400   452 D adayocomadapter-ParseProtocolFunc: printRaWMsg Name[IPCLtoVHAL] len[7] data[21402143000000]
03-17 18:54:57.480   400   452 D adayocomadapter-ParseProtocolFunc: printRaWMsg Name[IPCLtoVHAL] len[8] data[2141214501000000]
03-17 18:54:57.480   400   452 D adayocomadapter-ParseProtocolFunc: printRaWMsg Name[IPCLtoVHAL] len[7] data[21402146000000]
03-17 18:54:57.480   400   452 D adayocomadapter-ParseProtocolFunc: printRaWMsg Name[IPCLtoVHAL] len[7] data[21402147000000]
03-17 18:54:57.480   400   452 D adayocomadapter-ParseProtocolFunc: printRaWMsg Name[IPCLtoVHAL] len[7] data[21402148000000]
03-17 18:54:57.480   400   452 D adayocomadapter-ParseProtocolFunc: printRaWMsg Name[IPCLtoVHAL] len[7] data[21402149000000]
03-17 18:54:57.480   400   452 D adayocomadapter-ParseProtocolFunc: printRaWMsg Name[IPCLtoVHAL] len[7] data[2140214F000000]
03-17 18:54:57.480   400   452 D adayocomadapter-ParseProtocolFunc: printRaWMsg Name[IPCLtoVHAL] len[7] data[21402150000000]
03-17 18:54:57.480   400   452 D adayocomadapter-ParseProtocolFunc: printRaWMsg Name[IPCLtoVHAL] len[7] data[21402151000000]
03-17 18:54:57.480   400   452 D adayocomadapter-ParseProtocolFunc: printRaWMsg Name[IPCLtoVHAL] len[7] data[2140213D000100]
03-17 18:54:57.480   400   452 D adayocomadapter-ParseProtocolFunc: printRaWMsg Name[IPCLtoVHAL] len[7] data[2140213E000100]
03-17 18:54:57.480   400   452 D adayocomadapter-ParseProtocolFunc: printRaWMsg Name[IPCLtoVHAL] len[7] data[2140214A000000]
03-17 18:54:57.480   400   452 D adayocomadapter-CommunicationManager: onUpstreamReceive isLoss 0 mPropertyId 0x2140213f
03-17 18:54:57.480   400   452 D adayocomadapter-CommunicationManager: convertBytesToInt32Memcpy  0
03-17 18:54:57.480   400   452 D vw-vhal : notifyVehicleProperty, propId = 0x2140213f, data = {status: 2, int32Values: [0]}
03-17 18:54:57.480   400   452 I DefaultVehicleHal_v2_0: DefaultVehicleHal::onPropertyValue, value:{.timestamp = 231428168359, .areaId = 0, .prop = 557850943, .status = AVAILABLE, .value = {.int32Values = [1]{0}, .floatValues = [0]{}, .int64Values = [0]{}, .bytes = [0]{}, .stringValue = ""}}
03-17 18:54:57.480   400   452 D adayocomadapter-CommunicationManager: onUpstreamReceive mPropertyId 0x2140213f
03-17 18:54:57.480   400   452 D adayocomadapter-CommunicationManager: onUpstreamReceive isLoss 0 mPropertyId 0x21402140
03-17 18:54:57.480   400   452 D adayocomadapter-CommunicationManager: convertBytesToInt32Memcpy  0
03-17 18:54:57.480   400   452 D vw-vhal : notifyVehicleProperty, propId = 0x21402140, data = {status: 2, int32Values: [0]}
03-17 18:54:57.480  1627  8903 D okhttp.TaskRunner: Q10001 run again after 300 s : OkHttp ConnectionPool
03-17 18:54:57.480   400   452 I DefaultVehicleHal_v2_0: DefaultVehicleHal::onPropertyValue, value:{.timestamp = 231428311026, .areaId = 0, .prop = 557850944, .status = AVAILABLE, .value = {.int32Values = [1]{0}, .floatValues = [0]{}, .int64Values = [0]{}, .bytes = [0]{}, .stringValue = ""}}
03-17 18:54:57.480   400   452 D adayocomadapter-CommunicationManager: onUpstreamReceive mPropertyId 0x21402140
03-17 18:54:57.480   400   452 D adayocomadapter-CommunicationManager: onUpstreamReceive isLoss 1 mPropertyId 0x214021ca
03-17 18:54:57.480   400   452 D adayocomadapter-CommunicationManager: convertBytesToInt32Memcpy  0
03-17 18:54:57.480   400   452 D vw-vhal : notifyVehicleProperty, propId = 0x214021ca, data = {status: 3, int32Values: [0]}
03-17 18:54:57.480   400   452 I DefaultVehicleHal_v2_0: DefaultVehicleHal::onPropertyValue, value:{.timestamp = 231428425359, .areaId = 0, .prop = 557851082, .status = UNAVAILABLE, .value = {.int32Values = [1]{0}, .floatValues = [0]{}, .int64Values = [0]{}, .bytes = [0]{}, .stringValue = ""}}
03-17 18:54:57.480   400   452 D adayocomadapter-CommunicationManager: onUpstreamReceive mPropertyId 0x214021ca
03-17 18:54:57.480   400   452 D adayocomadapter-CommunicationManager: onUpstreamReceive isLoss 0 mPropertyId 0x2140214b
03-17 18:54:57.480   400   452 D adayocomadapter-CommunicationManager: convertBytesToInt32Memcpy  0
03-17 18:54:57.480   400   452 D vw-vhal : notifyVehicleProperty, propId = 0x2140214b, data = {status: 2, int32Values: [0]}
03-17 18:54:57.481   400   452 I DefaultVehicleHal_v2_0: DefaultVehicleHal::onPropertyValue, value:{.timestamp = 231428548692, .areaId = 0, .prop = 557850955, .status = AVAILABLE, .value = {.int32Values = [1]{0}, .floatValues = [0]{}, .int64Values = [0]{}, .bytes = [0]{}, .stringValue = ""}}
03-17 18:54:57.481   400   452 D adayocomadapter-CommunicationManager: onUpstreamReceive mPropertyId 0x2140214b
03-17 18:54:57.481   400   452 D adayocomadapter-CommunicationManager: onUpstreamReceive isLoss 0 mPropertyId 0x21402141
03-17 18:54:57.481   400   452 D adayocomadapter-CommunicationManager: convertBytesToInt32Memcpy  0
03-17 18:54:57.481   400   452 D vw-vhal : notifyVehicleProperty, propId = 0x21402141, data = {status: 2, int32Values: [0]}
03-17 18:54:57.481   400   452 I DefaultVehicleHal_v2_0: DefaultVehicleHal::onPropertyValue, value:{.timestamp = 231428660692, .areaId = 0, .prop = 557850945, .status = AVAILABLE, .value = {.int32Values = [1]{0}, .floatValues = [0]{}, .int64Values = [0]{}, .bytes = [0]{}, .stringValue = ""}}
03-17 18:54:57.481   400   452 D adayocomadapter-CommunicationManager: onUpstreamReceive mPropertyId 0x21402141
03-17 18:54:57.481   400   452 D adayocomadapter-CommunicationManager: onUpstreamReceive isLoss 0 mPropertyId 0x21402142
03-17 18:54:57.481   400   452 D adayocomadapter-CommunicationManager: convertBytesToInt32Memcpy  0
03-17 18:54:57.481   400   452 D vw-vhal : notifyVehicleProperty, propId = 0x21402142, data = {status: 2, int32Values: [0]}
03-17 18:54:57.481   400   452 I DefaultVehicleHal_v2_0: DefaultVehicleHal::onPropertyValue, value:{.timestamp = 231428768692, .areaId = 0, .prop = 557850946, .status = AVAILABLE, .value = {.int32Values = [1]{0}, .floatValues = [0]{}, .int64Values = [0]{}, .bytes = [0]{}, .stringValue = ""}}
03-17 18:54:57.481   400   452 D adayocomadapter-CommunicationManager: onUpstreamReceive mPropertyId 0x21402142
03-17 18:54:57.481   400   452 D adayocomadapter-CommunicationManager: onUpstreamReceive isLoss 0 mPropertyId 0x21412144
03-17 18:54:57.481   400   452 D vw-vhal : notifyVehicleProperty, propId = 0x21412144, data = {status: 2, int32Values: [0, 0]}
03-17 18:54:57.481   400   452 I DefaultVehicleHal_v2_0: DefaultVehicleHal::onPropertyValue, value:{.timestamp = 231428870026, .areaId = 0, .prop = 557916484, .status = AVAILABLE, .value = {.int32Values = [2]{0, 0}, .floatValues = [0]{}, .int64Values = [0]{}, .bytes = [0]{}, .stringValue = ""}}
