03-17 18:55:04.328   400   452 D adayocomadapter-ParseProtocolFunc: printRaWMsg Name[IPCLtoVHAL] len[7] data[214021A0000100]
03-17 18:55:04.328   400   452 D adayocomadapter-ParseProtocolFunc: printRaWMsg Name[IPCLtoVHAL] len[7] data[214021A3000100]
03-17 18:55:04.328   400   452 D adayocomadapter-ParseProtocolFunc: printRaWMsg Name[IPCLtoVHAL] len[7] data[214021A4000100]
03-17 18:55:04.329   400   452 D adayocomadapter-ParseProtocolFunc: printRaWMsg Name[IPCLtoVHAL] len[7] data[214021CB000000]
03-17 18:55:04.329   400   452 D adayocomadapter-CommunicationManager: onUpstreamReceive isLoss 0 mPropertyId 0x214020c5
03-17 18:55:04.329   400   452 D adayocomadapter-CommunicationManager: convertBytesToInt32Memcpy  0
03-17 18:55:04.329   400   452 D vw-vhal : notifyVehicleProperty, propId = 0x214020c5, data = {status: 2, int32Values: [0]}
03-17 18:55:04.329   400   452 I DefaultVehicleHal_v2_0: DefaultVehicleHal::onPropertyValue, value:{.timestamp = 238276835360, .areaId = 0, .prop = 557850821, .status = AVAILABLE, .value = {.int32Values = [1]{0}, .floatValues = [0]{}, .int64Values = [0]{}, .bytes = [0]{}, .stringValue = ""}}
03-17 18:55:04.329   400   452 D adayocomadapter-CommunicationManager: onUpstreamReceive mPropertyId 0x214020c5
03-17 18:55:04.329   400   452 D adayocomadapter-CommunicationManager: onUpstreamReceive isLoss 0 mPropertyId 0x21402106
03-17 18:55:04.329   400   452 D adayocomadapter-CommunicationManager: convertBytesToInt32Memcpy  0
03-17 18:55:04.329   400   452 D vw-vhal : notifyVehicleProperty, propId = 0x21402106, data = {status: 2, int32Values: [0]}
03-17 18:55:04.329   400   452 I DefaultVehicleHal_v2_0: DefaultVehicleHal::onPropertyValue, value:{.timestamp = 238277229026, .areaId = 0, .prop = 557850886, .status = AVAILABLE, .value = {.int32Values = [1]{0}, .floatValues = [0]{}, .int64Values = [0]{}, .bytes = [0]{}, .stringValue = ""}}
03-17 18:55:04.329   400   452 D adayocomadapter-CommunicationManager: onUpstreamReceive mPropertyId 0x21402106
03-17 18:55:04.329   400   452 D adayocomadapter-CommunicationManager: onUpstreamReceive isLoss 0 mPropertyId 0x21402132
03-17 18:55:04.329   400   452 D adayocomadapter-CommunicationManager: convertBytesToInt32Memcpy  0
03-17 18:55:04.329   400   452 D vw-vhal : notifyVehicleProperty, propId = 0x21402132, data = {status: 2, int32Values: [0]}
03-17 18:55:04.330   400   452 I DefaultVehicleHal_v2_0: DefaultVehicleHal::onPropertyValue, value:{.timestamp = 238277627360, .areaId = 0, .prop = 557850930, .status = AVAILABLE, .value = {.int32Values = [1]{0}, .floatValues = [0]{}, .int64Values = [0]{}, .bytes = [0]{}, .stringValue = ""}}
03-17 18:55:04.330   400   452 D adayocomadapter-CommunicationManager: onUpstreamReceive mPropertyId 0x21402132
03-17 18:55:04.330   400   452 D adayocomadapter-CommunicationManager: onUpstreamReceive isLoss 1 mPropertyId 0x214020bf
03-17 18:55:04.330   400   452 D adayocomadapter-CommunicationManager: convertBytesToInt32Memcpy  0
03-17 18:55:04.330   400   452 D vw-vhal : notifyVehicleProperty, propId = 0x214020bf, data = {status: 3, int32Values: [0]}
03-17 18:55:04.330   400   452 I DefaultVehicleHal_v2_0: DefaultVehicleHal::onPropertyValue, value:{.timestamp = 238277981026, .areaId = 0, .prop = 557850815, .status = UNAVAILABLE, .value = {.int32Values = [1]{0}, .floatValues = [0]{}, .int64Values = [0]{}, .bytes = [0]{}, .stringValue = ""}}
03-17 18:55:04.330   400   452 D adayocomadapter-CommunicationManager: onUpstreamReceive mPropertyId 0x214020bf
03-17 18:55:04.330   400   452 D adayocomadapter-CommunicationManager: onUpstreamReceive isLoss 0 mPropertyId 0x2140212f
03-17 18:55:04.330   400   452 D adayocomadapter-CommunicationManager: convertBytesToInt32Memcpy  0
03-17 18:55:04.330   400   452 D vw-vhal : notifyVehicleProperty, propId = 0x2140212f, data = {status: 2, int32Values: [0]}
03-17 18:55:04.330   400   452 I DefaultVehicleHal_v2_0: DefaultVehicleHal::onPropertyValue, value:{.timestamp = 238278324026, .areaId = 0, .prop = 557850927, .status = AVAILABLE, .value = {.int32Values = [1]{0}, .floatValues = [0]{}, .int64Values = [0]{}, .bytes = [0]{}, .stringValue = ""}}
03-17 18:55:04.330   400   452 D adayocomadapter-CommunicationManager: onUpstreamReceive mPropertyId 0x2140212f
03-17 18:55:04.330   400   452 D adayocomadapter-CommunicationManager: onUpstreamReceive isLoss 0 mPropertyId 0x21402026
03-17 18:55:04.330   400   452 D adayocomadapter-CommunicationManager: convertBytesToInt32Memcpy  0
03-17 18:55:04.331   400   452 D vw-vhal : notifyVehicleProperty, propId = 0x21402026, data = {status: 2, int32Values: [0]}
03-17 18:55:04.331   400   452 I DefaultVehicleHal_v2_0: DefaultVehicleHal::onPropertyValue, value:{.timestamp = 238278690693, .areaId = 0, .prop = 557850662, .status = AVAILABLE, .value = {.int32Values = [1]{0}, .floatValues = [0]{}, .int64Values = [0]{}, .bytes = [0]{}, .stringValue = ""}}
03-17 18:55:04.331   400   452 D adayocomadapter-CommunicationManager: onUpstreamReceive mPropertyId 0x21402026
03-17 18:55:04.331   400   452 D adayocomadapter-CommunicationManager: onUpstreamReceive isLoss 0 mPropertyId 0x214020b3
03-17 18:55:04.331   400   452 D adayocomadapter-CommunicationManager: convertBytesToInt32Memcpy  0
03-17 18:55:04.331   400   452 D vw-vhal : notifyVehicleProperty, propId = 0x214020b3, data = {status: 2, int32Values: [0]}
03-17 18:55:04.331   400   452 I DefaultVehicleHal_v2_0: DefaultVehicleHal::onPropertyValue, value:{.timestamp = 238279034360, .areaId = 0, .prop = 557850803, .status = AVAILABLE, .value = {.int32Values = [1]{0}, .floatValues = [0]{}, .int64Values = [0]{}, .bytes = [0]{}, .stringValue = ""}}
03-17 18:55:04.331   400   452 D adayocomadapter-CommunicationManager: onUpstreamReceive mPropertyId 0x214020b3
03-17 18:55:04.331   400   452 D adayocomadapter-CommunicationManager: onUpstreamReceive isLoss 1 mPropertyId 0x2140219e
03-17 18:55:04.331   400   452 D adayocomadapter-CommunicationManager: convertBytesToInt32Memcpy  0
03-17 18:55:04.331   400   452 D vw-vhal : notifyVehicleProperty, propId = 0x2140219e, data = {status: 3, int32Values: [0]}
03-17 18:55:04.331   400   452 I DefaultVehicleHal_v2_0: DefaultVehicleHal::onPropertyValue, value:{.timestamp = 238279378693, .areaId = 0, .prop = 557851038, .status = UNAVAILABLE, .value = {.int32Values = [1]{0}, .floatValues = [0]{}, .int64Values = [0]{}, .bytes = [0]{}, .stringValue = ""}}
03-17 18:55:04.331   400   452 D adayocomadapter-CommunicationManager: onUpstreamReceive mPropertyId 0x2140219e
03-17 18:55:04.332   400   452 D adayocomadapter-CommunicationManager: onUpstreamReceive isLoss 0 mPropertyId 0x21402130
03-17 18:55:04.332   400   452 D adayocomadapter-CommunicationManager: convertBytesToInt32Memcpy  0
03-17 18:55:04.332   400   452 D vw-vhal : notifyVehicleProperty, propId = 0x21402130, data = {status: 2, int32Values: [0]}
03-17 18:55:04.332   400   452 I DefaultVehicleHal_v2_0: DefaultVehicleHal::onPropertyValue, value:{.timestamp = 238279719693, .areaId = 0, .prop = 557850928, .status = AVAILABLE, .value = {.int32Values = [1]{0}, .floatValues = [0]{}, .int64Values = [0]{}, .bytes = [0]{}, .stringValue = ""}}
03-17 18:55:04.332   400   452 D adayocomadapter-CommunicationManager: onUpstreamReceive mPropertyId 0x21402130
03-17 18:55:04.332   400   452 D adayocomadapter-CommunicationManager: onUpstreamReceive isLoss 1 mPropertyId 0x2141204a
03-17 18:55:04.332   400   452 D vw-vhal : notifyVehicleProperty, propId = 0x2141204a, data = {status: 3, int32Values: [0, 1, 1, 0, 0, 0]}
03-17 18:55:04.332   400   452 I DefaultVehicleHal_v2_0: DefaultVehicleHal::onPropertyValue, value:{.timestamp = 238280180693, .areaId = 0, .prop = 557916234, .status = UNAVAILABLE, .value = {.int32Values = [6]{0, 1, 1, 0, 0, 0}, .floatValues = [0]{}, .int64Values = [0]{}, .bytes = [0]{}, .stringValue = ""}}
03-17 18:55:04.332   400   452 D adayocomadapter-CommunicationManager: onUpstreamReceive mPropertyId 0x2141204a
03-17 18:55:04.332   400   452 D adayocomadapter-CommunicationManager: onUpstreamReceive isLoss 1 mPropertyId 0x214020bd
03-17 18:55:04.332   400   452 D adayocomadapter-CommunicationManager: convertBytesToInt32Memcpy  0
03-17 18:55:04.332   400   452 D vw-vhal : notifyVehicleProperty, propId = 0x214020bd, data = {status: 3, int32Values: [0]}
03-17 18:55:04.333   400   452 I DefaultVehicleHal_v2_0: DefaultVehicleHal::onPropertyValue, value:{.timestamp = 238280595026, .areaId = 0, .prop = 557850813, .status = UNAVAILABLE, .value = {.int32Values = [1]{0}, .floatValues = [0]{}, .int64Values = [0]{}, .bytes = [0]{}, .stringValue = ""}}
03-17 18:55:04.333   400   452 D adayocomadapter-CommunicationManager: onUpstreamReceive mPropertyId 0x214020bd
03-17 18:55:04.333   400   452 D adayocomadapter-CommunicationManager: onUpstreamReceive isLoss 0 mPropertyId 0x2140213b
03-17 18:55:04.333   400   452 D adayocomadapter-CommunicationManager: convertBytesToInt32Memcpy  0
03-17 18:55:04.333   400   452 D vw-vhal : notifyVehicleProperty, propId = 0x2140213b, data = {status: 2, int32Values: [0]}
03-17 18:55:04.333   400   452 I DefaultVehicleHal_v2_0: DefaultVehicleHal::onPropertyValue, value:{.timestamp = 238280958360, .areaId = 0, .prop = 557850939, .status = AVAILABLE, .value = {.int32Values = [1]{0}, .floatValues = [0]{}, .int64Values = [0]{}, .bytes = [0]{}, .stringValue = ""}}
03-17 18:55:04.333   400   452 D adayocomadapter-CommunicationManager: onUpstreamReceive mPropertyId 0x2140213b
03-17 18:55:04.333   400   452 D adayocomadapter-CommunicationManager: onUpstreamReceive isLoss 1 mPropertyId 0x214020ae
03-17 18:55:04.333   400   452 D adayocomadapter-CommunicationManager: convertBytesToInt32Memcpy  0
03-17 18:55:04.333   400   452 D vw-vhal : notifyVehicleProperty, propId = 0x214020ae, data = {status: 3, int32Values: [0]}
03-17 18:55:04.333   400   452 I DefaultVehicleHal_v2_0: DefaultVehicleHal::onPropertyValue, value:{.timestamp = 238281350026, .areaId = 0, .prop = 557850798, .status = UNAVAILABLE, .value = {.int32Values = [1]{0}, .floatValues = [0]{}, .int64Values = [0]{}, .bytes = [0]{}, .stringValue = ""}}
03-17 18:55:04.333   400   452 D adayocomadapter-CommunicationManager: onUpstreamReceive mPropertyId 0x214020ae
03-17 18:55:04.333   400   452 D adayocomadapter-CommunicationManager: onUpstreamReceive isLoss 0 mPropertyId 0x2140210d
03-17 18:55:04.334   400   452 D adayocomadapter-CommunicationManager: convertBytesToInt32Memcpy  0
03-17 18:55:04.334   400   452 D vw-vhal : notifyVehicleProperty, propId = 0x2140210d, data = {status: 2, int32Values: [0]}
03-17 18:55:04.334   400   452 I DefaultVehicleHal_v2_0: DefaultVehicleHal::onPropertyValue, value:{.timestamp = 238281712360, .areaId = 0, .prop = 557850893, .status = AVAILABLE, .value = {.int32Values = [1]{0}, .floatValues = [0]{}, .int64Values = [0]{}, .bytes = [0]{}, .stringValue = ""}}
03-17 18:55:04.334   400   452 D adayocomadapter-CommunicationManager: onUpstreamReceive mPropertyId 0x2140210d
03-17 18:55:04.334   400   452 D adayocomadapter-CommunicationManager: onUpstreamReceive isLoss 1 mPropertyId 0x21401018
03-17 18:55:04.334   400   452 D adayocomadapter-CommunicationManager: convertBytesToInt32Memcpy  0
03-17 18:55:04.334   400   452 D vw-vhal : notifyVehicleProperty, propId = 0x21401018, data = {status: 3, int32Values: [0]}
03-17 18:55:04.334   400   452 I DefaultVehicleHal_v2_0: DefaultVehicleHal::onPropertyValue, value:{.timestamp = 238282061026, .areaId = 0, .prop = 557846552, .status = UNAVAILABLE, .value = {.int32Values = [1]{0}, .floatValues = [0]{}, .int64Values = [0]{}, .bytes = [0]{}, .stringValue = ""}}
03-17 18:55:04.334   400   452 D adayocomadapter-CommunicationManager: onUpstreamReceive mPropertyId 0x21401018
03-17 18:55:04.334   400   452 D adayocomadapter-CommunicationManager: onUpstreamReceive isLoss 1 mPropertyId 0x214020a9
03-17 18:55:04.334   400   452 D adayocomadapter-CommunicationManager: convertBytesToInt32Memcpy  0
03-17 18:55:04.334   400   452 D vw-vhal : notifyVehicleProperty, propId = 0x214020a9, data = {status: 3, int32Values: [0]}
03-17 18:55:04.334   400   452 I DefaultVehicleHal_v2_0: DefaultVehicleHal::onPropertyValue, value:{.timestamp = 238282404026, .areaId = 0, .prop = 557850793, .status = UNAVAILABLE, .value = {.int32Values = [1]{0}, .floatValues = [0]{}, .int64Values = [0]{}, .bytes = [0]{}, .stringValue = ""}}
03-17 18:55:04.334   400   452 D adayocomadapter-CommunicationManager: onUpstreamReceive mPropertyId 0x214020a9
03-17 18:55:04.335   400   452 D adayocomadapter-CommunicationManager: onUpstreamReceive isLoss 1 mPropertyId 0x214020ab
03-17 18:55:04.335   400   452 D adayocomadapter-CommunicationManager: convertBytesToInt32Memcpy  0
03-17 18:55:04.335   400   452 D vw-vhal : notifyVehicleProperty, propId = 0x214020ab, data = {status: 3, int32Values: [0]}
03-17 18:55:04.335   400   452 I DefaultVehicleHal_v2_0: DefaultVehicleHal::onPropertyValue, value:{.timestamp = 238282749026, .areaId = 0, .prop = 557850795, .status = UNAVAILABLE, .value = {.int32Values = [1]{0}, .floatValues = [0]{}, .int64Values = [0]{}, .bytes = [0]{}, .stringValue = ""}}
03-17 18:55:04.335   400   452 D adayocomadapter-CommunicationManager: onUpstreamReceive mPropertyId 0x214020ab
03-17 18:55:04.335   400   452 D adayocomadapter-CommunicationManager: onUpstreamReceive isLoss 1 mPropertyId 0x214020ad
03-17 18:55:04.335   400   452 D adayocomadapter-CommunicationManager: convertBytesToInt32Memcpy  0
03-17 18:55:04.335   400   452 D vw-vhal : notifyVehicleProperty, propId = 0x214020ad, data = {status: 3, int32Values: [0]}
03-17 18:55:04.335   400   452 I DefaultVehicleHal_v2_0: DefaultVehicleHal::onPropertyValue, value:{.timestamp = 238283117026, .areaId = 0, .prop = 557850797, .status = UNAVAILABLE, .value = {.int32Values = [1]{0}, .floatValues = [0]{}, .int64Values = [0]{}, .bytes = [0]{}, .stringValue = ""}}
03-17 18:55:04.335   400   452 D adayocomadapter-CommunicationManager: onUpstreamReceive mPropertyId 0x214020ad
03-17 18:55:04.335   400   452 D adayocomadapter-CommunicationManager: onUpstreamReceive isLoss 0 mPropertyId 0x2140213a
03-17 18:55:04.335   400   452 D adayocomadapter-CommunicationManager: convertBytesToInt32Memcpy  0
03-17 18:55:04.335   400   452 D vw-vhal : notifyVehicleProperty, propId = 0x2140213a, data = {status: 2, int32Values: [0]}
03-17 18:55:04.336   400   452 I DefaultVehicleHal_v2_0: DefaultVehicleHal::onPropertyValue, value:{.timestamp = 238283493026, .areaId = 0, .prop = 557850938, .status = AVAILABLE, .value = {.int32Values = [1]{0}, .floatValues = [0]{}, .int64Values = [0]{}, .bytes = [0]{}, .stringValue = ""}}
03-17 18:55:04.336   400   452 D adayocomadapter-CommunicationManager: onUpstreamReceive mPropertyId 0x2140213a
03-17 18:55:04.336   400   452 D adayocomadapter-CommunicationManager: onUpstreamReceive isLoss 0 mPropertyId 0x214021c7
03-17 18:55:04.336   400   452 D adayocomadapter-CommunicationManager: convertBytesToInt32Memcpy  0
03-17 18:55:04.336   400   452 D vw-vhal : notifyVehicleProperty, propId = 0x214021c7, data = {status: 2, int32Values: [0]}
03-17 18:55:04.336   400   452 I DefaultVehicleHal_v2_0: DefaultVehicleHal::onPropertyValue, value:{.timestamp = 238283851360, .areaId = 0, .prop = 557851079, .status = AVAILABLE, .value = {.int32Values = [1]{0}, .floatValues = [0]{}, .int64Values = [0]{}, .bytes = [0]{}, .stringValue = ""}}
03-17 18:55:04.336   400   452 D adayocomadapter-CommunicationManager: onUpstreamReceive mPropertyId 0x214021c7
03-17 18:55:04.336   400   452 D adayocomadapter-CommunicationManager: onUpstreamReceive isLoss 1 mPropertyId 0x214020f2
03-17 18:55:04.336   400   452 D adayocomadapter-CommunicationManager: convertBytesToInt32Memcpy  0
03-17 18:55:04.336   400   452 D vw-vhal : notifyVehicleProperty, propId = 0x214020f2, data = {status: 3, int32Values: [0]}
03-17 18:55:04.336   400   452 I DefaultVehicleHal_v2_0: DefaultVehicleHal::onPropertyValue, value:{.timestamp = 238284360693, .areaId = 0, .prop = 557850866, .status = UNAVAILABLE, .value = {.int32Values = [1]{0}, .floatValues = [0]{}, .int64Values = [0]{}, .bytes = [0]{}, .stringValue = ""}}
03-17 18:55:04.336   642   685 I mcuc    : sd Uart data : 6AA60208FC0002920264
03-17 18:55:04.336   400   452 D adayocomadapter-CommunicationManager: onUpstreamReceive mPropertyId 0x214020f2
03-17 18:55:04.336   400   452 D adayocomadapter-CommunicationManager: onUpstreamReceive isLoss 1 mPropertyId 0x214020f1
03-17 18:55:04.337   400   452 D adayocomadapter-CommunicationManager: convertBytesToInt32Memcpy  0
03-17 18:55:04.337   400   452 D vw-vhal : notifyVehicleProperty, propId = 0x214020f1, data = {status: 3, int32Values: [0]}
03-17 18:55:04.337   400   452 I DefaultVehicleHal_v2_0: DefaultVehicleHal::onPropertyValue, value:{.timestamp = 238284722693, .areaId = 0, .prop = 557850865, .status = UNAVAILABLE, .value = {.int32Values = [1]{0}, .floatValues = [0]{}, .int64Values = [0]{}, .bytes = [0]{}, .stringValue = ""}}
03-17 18:55:04.337   400   452 D adayocomadapter-CommunicationManager: onUpstreamReceive mPropertyId 0x214020f1
03-17 18:55:04.337   400   452 D adayocomadapter-CommunicationManager: onUpstreamReceive isLoss 1 mPropertyId 0x21402112
03-17 18:55:04.337   400   452 D adayocomadapter-CommunicationManager: convertBytesToInt32Memcpy  0
03-17 18:55:04.337   400   452 D vw-vhal : notifyVehicleProperty, propId = 0x21402112, data = {status: 3, int32Values: [0]}
03-17 18:55:04.337   400   452 I DefaultVehicleHal_v2_0: DefaultVehicleHal::onPropertyValue, value:{.timestamp = 238285086026, .areaId = 0, .prop = 557850898, .status = UNAVAILABLE, .value = {.int32Values = [1]{0}, .floatValues = [0]{}, .int64Values = [0]{}, .bytes = [0]{}, .stringValue = ""}}
03-17 18:55:04.337   400   452 D adayocomadapter-CommunicationManager: onUpstreamReceive mPropertyId 0x21402112
03-17 18:55:04.337   400   452 D adayocomadapter-CommunicationManager: onUpstreamReceive isLoss 1 mPropertyId 0x2140219f
03-17 18:55:04.337   400   452 D adayocomadapter-CommunicationManager: convertBytesToInt32Memcpy  0
03-17 18:55:04.337   400   452 D vw-vhal : notifyVehicleProperty, propId = 0x2140219f, data = {status: 3, int32Values: [0]}
03-17 18:55:04.338   400   452 I DefaultVehicleHal_v2_0: DefaultVehicleHal::onPropertyValue, value:{.timestamp = 238285558026, .areaId = 0, .prop = 557851039, .status = UNAVAILABLE, .value = {.int32Values = [1]{0}, .floatValues = [0]{}, .int64Values = [0]{}, .bytes = [0]{}, .stringValue = ""}}
03-17 18:55:04.338   400   452 D adayocomadapter-CommunicationManager: onUpstreamReceive mPropertyId 0x2140219f
03-17 18:55:04.338   400   452 D adayocomadapter-CommunicationManager: onUpstreamReceive isLoss 1 mPropertyId 0x21402139
03-17 18:55:04.338   400   452 D adayocomadapter-CommunicationManager: convertBytesToInt32Memcpy  0
03-17 18:55:04.338   400   452 D vw-vhal : notifyVehicleProperty, propId = 0x21402139, data = {status: 3, int32Values: [0]}
03-17 18:55:04.338   400   452 I DefaultVehicleHal_v2_0: DefaultVehicleHal::onPropertyValue, value:{.timestamp = 238285922026, .areaId = 0, .prop = 557850937, .status = UNAVAILABLE, .value = {.int32Values = [1]{0}, .floatValues = [0]{}, .int64Values = [0]{}, .bytes = [0]{}, .stringValue = ""}}
03-17 18:55:04.338   400   452 D adayocomadapter-CommunicationManager: onUpstreamReceive mPropertyId 0x21402139
03-17 18:55:04.338   400   452 D adayocomadapter-CommunicationManager: onUpstreamReceive isLoss 1 mPropertyId 0x21402025
03-17 18:55:04.338   400   452 D adayocomadapter-CommunicationManager: convertBytesToInt32Memcpy  0
03-17 18:55:04.338   400   452 D vw-vhal : notifyVehicleProperty, propId = 0x21402025, data = {status: 3, int32Values: [0]}
03-17 18:55:04.338   400   452 I DefaultVehicleHal_v2_0: DefaultVehicleHal::onPropertyValue, value:{.timestamp = 238286273026, .areaId = 0, .prop = 557850661, .status = UNAVAILABLE, .value = {.int32Values = [1]{0}, .floatValues = [0]{}, .int64Values = [0]{}, .bytes = [0]{}, .stringValue = ""}}
03-17 18:55:04.338   400   452 D adayocomadapter-CommunicationManager: onUpstreamReceive mPropertyId 0x21402025
03-17 18:55:04.338   400   452 D adayocomadapter-CommunicationManager: onUpstreamReceive isLoss 1 mPropertyId 0x21402033
03-17 18:55:04.338   400   452 D adayocomadapter-CommunicationManager: convertBytesToInt32Memcpy  16777215
03-17 18:55:04.339   400   452 D vw-vhal : notifyVehicleProperty, propId = 0x21402033, data = {status: 3, int32Values: [16777215]}
03-17 18:55:04.339   400   452 I DefaultVehicleHal_v2_0: DefaultVehicleHal::onPropertyValue, value:{.timestamp = 238286644026, .areaId = 0, .prop = 557850675, .status = UNAVAILABLE, .value = {.int32Values = [1]{16777215}, .floatValues = [0]{}, .int64Values = [0]{}, .bytes = [0]{}, .stringValue = ""}}
03-17 18:55:04.339   400   452 D adayocomadapter-CommunicationManager: onUpstreamReceive mPropertyId 0x21402033
03-17 18:55:04.339   400   452 D adayocomadapter-CommunicationManager: onUpstreamReceive isLoss 1 mPropertyId 0x21402034
03-17 18:55:04.339   400   452 D adayocomadapter-CommunicationManager: convertBytesToInt32Memcpy  0
03-17 18:55:04.339   400   452 D vw-vhal : notifyVehicleProperty, propId = 0x21402034, data = {status: 3, int32Values: [0]}
03-17 18:55:04.339   400   452 I DefaultVehicleHal_v2_0: DefaultVehicleHal::onPropertyValue, value:{.timestamp = 238287025026, .areaId = 0, .prop = 557850676, .status = UNAVAILABLE, .value = {.int32Values = [1]{0}, .floatValues = [0]{}, .int64Values = [0]{}, .bytes = [0]{}, .stringValue = ""}}
03-17 18:55:04.339   400   452 D adayocomadapter-CommunicationManager: onUpstreamReceive mPropertyId 0x21402034
03-17 18:55:04.339   400   452 D adayocomadapter-CommunicationManager: onUpstreamReceive isLoss 0 mPropertyId 0x2140218c
03-17 18:55:04.339   400   452 D adayocomadapter-CommunicationManager: convertBytesToInt32Memcpy  0
03-17 18:55:04.339   400   452 D vw-vhal : notifyVehicleProperty, propId = 0x2140218c, data = {status: 2, int32Values: [0]}
03-17 18:55:04.339   400   452 I DefaultVehicleHal_v2_0: DefaultVehicleHal::onPropertyValue, value:{.timestamp = 238287397693, .areaId = 0, .prop = 557851020, .status = AVAILABLE, .value = {.int32Values = [1]{0}, .floatValues = [0]{}, .int64Values = [0]{}, .bytes = [0]{}, .stringValue = ""}}
03-17 18:55:04.339   400   452 D adayocomadapter-CommunicationManager: onUpstreamReceive mPropertyId 0x2140218c
03-17 18:55:04.340   400   452 D adayocomadapter-CommunicationManager: onUpstreamReceive isLoss 0 mPropertyId 0x2140219b
03-17 18:55:04.340   400   452 D adayocomadapter-CommunicationManager: convertBytesToInt32Memcpy  0
03-17 18:55:04.340   400   452 D vw-vhal : notifyVehicleProperty, propId = 0x2140219b, data = {status: 2, int32Values: [0]}
03-17 18:55:04.340   400   452 I DefaultVehicleHal_v2_0: DefaultVehicleHal::onPropertyValue, value:{.timestamp = 238287773026, .areaId = 0, .prop = 557851035, .status = AVAILABLE, .value = {.int32Values = [1]{0}, .floatValues = [0]{}, .int64Values = [0]{}, .bytes = [0]{}, .stringValue = ""}}
03-17 18:55:04.340   400   452 D adayocomadapter-CommunicationManager: onUpstreamReceive mPropertyId 0x2140219b
03-17 18:55:04.340   400   452 D adayocomadapter-CommunicationManager: onUpstreamReceive isLoss 1 mPropertyId 0x214021a0
03-17 18:55:04.340   400   452 D adayocomadapter-CommunicationManager: convertBytesToInt32Memcpy  0
03-17 18:55:04.340   400   452 D vw-vhal : notifyVehicleProperty, propId = 0x214021a0, data = {status: 3, int32Values: [0]}
03-17 18:55:04.340   400   452 I DefaultVehicleHal_v2_0: DefaultVehicleHal::onPropertyValue, value:{.timestamp = 238288269026, .areaId = 0, .prop = 557851040, .status = UNAVAILABLE, .value = {.int32Values = [1]{0}, .floatValues = [0]{}, .int64Values = [0]{}, .bytes = [0]{}, .stringValue = ""}}
03-17 18:55:04.340   400   452 D adayocomadapter-CommunicationManager: onUpstreamReceive mPropertyId 0x214021a0
03-17 18:55:04.340   400   452 D adayocomadapter-CommunicationManager: onUpstreamReceive isLoss 1 mPropertyId 0x214021a3
03-17 18:55:04.340   400   452 D adayocomadapter-CommunicationManager: convertBytesToInt32Memcpy  0
03-17 18:55:04.341   400   452 D vw-vhal : notifyVehicleProperty, propId = 0x214021a3, data = {status: 3, int32Values: [0]}
03-17 18:55:04.341   703   948 W vendor.fawvw.hardware.persistenceservice: [RecoveryTBoxSomeIPClient::connectSomeIPServer] Waiting proxy available1...
03-17 18:55:04.341   400   452 I DefaultVehicleHal_v2_0: DefaultVehicleHal::onPropertyValue, value:{.timestamp = 238288652026, .areaId = 0, .prop = 557851043, .status = UNAVAILABLE, .value = {.int32Values = [1]{0}, .floatValues = [0]{}, .int64Values = [0]{}, .bytes = [0]{}, .stringValue = ""}}
03-17 18:55:04.341   400   452 D adayocomadapter-CommunicationManager: onUpstreamReceive mPropertyId 0x214021a3
03-17 18:55:04.341   400   452 D adayocomadapter-CommunicationManager: onUpstreamReceive isLoss 1 mPropertyId 0x214021a4
03-17 18:55:04.341   400   452 D adayocomadapter-CommunicationManager: convertBytesToInt32Memcpy  0
03-17 18:55:04.341   400   452 D vw-vhal : notifyVehicleProperty, propId = 0x214021a4, data = {status: 3, int32Values: [0]}
03-17 18:55:04.341   400   452 I DefaultVehicleHal_v2_0: DefaultVehicleHal::onPropertyValue, value:{.timestamp = 238289009026, .areaId = 0, .prop = 557851044, .status = UNAVAILABLE, .value = {.int32Values = [1]{0}, .floatValues = [0]{}, .int64Values = [0]{}, .bytes = [0]{}, .stringValue = ""}}
03-17 18:55:04.341   400   452 D adayocomadapter-CommunicationManager: onUpstreamReceive mPropertyId 0x214021a4
03-17 18:55:04.341   400   452 D adayocomadapter-CommunicationManager: onUpstreamReceive isLoss 0 mPropertyId 0x214021cb
03-17 18:55:04.341   400   452 D adayocomadapter-CommunicationManager: convertBytesToInt32Memcpy  0
03-17 18:55:04.341   400   452 D vw-vhal : notifyVehicleProperty, propId = 0x214021cb, data = {status: 2, int32Values: [0]}
03-17 18:55:04.341   400   452 I DefaultVehicleHal_v2_0: DefaultVehicleHal::onPropertyValue, value:{.timestamp = 238289371693, .areaId = 0, .prop = 557851083, .status = AVAILABLE, .value = {.int32Values = [1]{0}, .floatValues = [0]{}, .int64Values = [0]{}, .bytes = [0]{}, .stringValue = ""}}
03-17 18:55:04.341   400   452 D adayocomadapter-CommunicationManager: onUpstreamReceive mPropertyId 0x214021cb
03-17 18:55:04.342   642   685 I mcuc    : rev uart=2398,len=21, data : 6AA68108FC000D92020008000000000000000001D1
03-17 18:55:04.342   400  1006 D adayocomadapter-ParseProtocolFunc: printRaWMsg Name[MCUToUPstream recv] len[13] data[92020008000000000000000001]
03-17 18:55:04.342   400  1006 D adayocomadapter-CommunicationManager: onUpstreamback   member[0] dataLength[10] timePoint[238290]
03-17 18:55:04.342   400  1006 D adayocomadapter-ParseProtocolFunc: printRaWMsg Name[onUpstreamback] len[10] data[08000000000000000001]
03-17 18:55:04.343   400   452 D adayocomadapter-UpstreamHandler: processBeforePacket upSreamtProcessTimePoint[238290] 
03-17 18:55:04.343   400   452 D adayocomadapter-UpstreamHandler: processPacket UPSTREAM_QUEUE_DATA_TIMEOUT
03-17 18:55:04.343   400   452 D adayocomadapter-ParseProtocolFunc: parseCommonIPCLBytes Processing tableNumber[8]
03-17 18:55:04.343   400   452 D adayocomadapter-ParseProtocolFunc: parseCommonIPCLBytes Processing tablename[Table-8] tableSize[10]
03-17 18:55:04.343   400   452 D adayocomadapter-ParseProtocolFunc: printRaWMsg Name[byteStream recv] len[10] data[08000000000000000001]
03-17 18:55:04.343   400   452 D adayocomadapter-ParseProtocolFunc: printRaWMsg Name[IPCLtoVHAL] len[8] data[2141208F01010000]
03-17 18:55:04.343   400   452 D adayocomadapter-ParseProtocolFunc: printRaWMsg Name[IPCLtoVHAL] len[8] data[2141209001010000]
03-17 18:55:04.343   400   452 D adayocomadapter-ParseProtocolFunc: printRaWMsg Name[IPCLtoVHAL] len[8] data[2141209101010000]
03-17 18:55:04.343   400   452 D adayocomadapter-ParseProtocolFunc: printRaWMsg Name[IPCLtoVHAL] len[8] data[2141209201010000]
03-17 18:55:04.343   400   452 D adayocomadapter-CommunicationManager: onUpstreamReceive isLoss 1 mPropertyId 0x2141208f
03-17 18:55:04.343   400   452 D vw-vhal : notifyVehicleProperty, propId = 0x2141208f, data = {status: 3, int32Values: [0, 0]}
03-17 18:55:04.343   400   452 I DefaultVehicleHal_v2_0: DefaultVehicleHal::onPropertyValue, value:{.timestamp = 238291363026, .areaId = 0, .prop = 557916303, .status = UNAVAILABLE, .value = {.int32Values = [2]{0, 0}, .floatValues = [0]{}, .int64Values = [0]{}, .bytes = [0]{}, .stringValue = ""}}
03-17 18:55:04.343   400   452 D adayocomadapter-CommunicationManager: onUpstreamReceive mPropertyId 0x2141208f
03-17 18:55:04.344   400   452 D adayocomadapter-CommunicationManager: onUpstreamReceive isLoss 1 mPropertyId 0x21412090
03-17 18:55:04.344   400   452 D vw-vhal : notifyVehicleProperty, propId = 0x21412090, data = {status: 3, int32Values: [0, 0]}
03-17 18:55:04.344   400   452 I DefaultVehicleHal_v2_0: DefaultVehicleHal::onPropertyValue, value:{.timestamp = 238291692026, .areaId = 0, .prop = 557916304, .status = UNAVAILABLE, .value = {.int32Values = [2]{0, 0}, .floatValues = [0]{}, .int64Values = [0]{}, .bytes = [0]{}, .stringValue = ""}}
03-17 18:55:04.344   400   452 D adayocomadapter-CommunicationManager: onUpstreamReceive mPropertyId 0x21412090
03-17 18:55:04.344   400   452 D adayocomadapter-CommunicationManager: onUpstreamReceive isLoss 1 mPropertyId 0x21412091
03-17 18:55:04.344   400   452 D vw-vhal : notifyVehicleProperty, propId = 0x21412091, data = {status: 3, int32Values: [0, 0]}
03-17 18:55:04.344   400   452 I DefaultVehicleHal_v2_0: DefaultVehicleHal::onPropertyValue, value:{.timestamp = 238292084360, .areaId = 0, .prop = 557916305, .status = UNAVAILABLE, .value = {.int32Values = [2]{0, 0}, .floatValues = [0]{}, .int64Values = [0]{}, .bytes = [0]{}, .stringValue = ""}}
03-17 18:55:04.344   582  3616 E WifiHAL : Invalid data received from driver
03-17 18:55:04.344   400   452 D adayocomadapter-CommunicationManager: onUpstreamReceive mPropertyId 0x21412091
03-17 18:55:04.344   400   452 D adayocomadapter-CommunicationManager: onUpstreamReceive isLoss 1 mPropertyId 0x21412092
03-17 18:55:04.344   400   452 D vw-vhal : notifyVehicleProperty, propId = 0x21412092, data = {status: 3, int32Values: [0, 0]}
03-17 18:55:04.344   400   452 I DefaultVehicleHal_v2_0: DefaultVehicleHal::onPropertyValue, value:{.timestamp = 238292400360, .areaId = 0, .prop = 557916306, .status = UNAVAILABLE, .value = {.int32Values = [2]{0, 0}, .floatValues = [0]{}, .int64Values = [0]{}, .bytes = [0]{}, .stringValue = ""}}
03-17 18:55:04.344   400   452 D adayocomadapter-CommunicationManager: onUpstreamReceive mPropertyId 0x21412092
03-17 18:55:04.357  2366  2671 I VehicleNaviObserver: loadHome
03-17 18:55:04.358  2292  2308 D navi-libSdk-J01-Sdk: isServiceConnected: true
03-17 18:55:04.358  2292  2308 D GPS_IExpired: head 175488740{state=0,isHead=true,param=,incomePid=2366,method=HomeLocation,childCount=0}
03-17 18:55:04.358  2292  2308 D navi-libSdk-J01-Sdk: isServiceConnected: true
03-17 18:55:04.359  2292  2308 D navi-libSdk-J01-NaviSdk: getHomeAddress: type-0,getProxy()-com.faw.navi.libsdk.IShareDataInterface$Stub$Proxy@f5f5405
03-17 18:55:04.359  2315  4400 D navi-libSdk-J01-ShareDataBinder: getHomeAddress(ShareDataBinder.java:518) getHomeAddress: clientPid-2292,type-0
03-17 18:55:04.360  2366  2671 I VehicleNaviObserver: loadHome >> null, do retry
03-17 18:55:04.361  2292  2308 D GPS_IExpired: 175488740{state=1,isHead=true,param=,incomePid=2366,method=HomeLocation,childCount=0} callback
03-17 18:55:04.361  2292  2308 D GPS_IExpired: 175488740{state=1,isHead=true,param=,incomePid=2366,method=HomeLocation,childCount=0} accept and fallback 0
03-17 18:55:04.363  2106  2450 D CAR.DIAGNOSTIC: Entry - Type: 0x01, ServiceId: 0x2071, InstanceId: 0x0001, MajorVersion: 0x01FFFFFF, TTL: 0
03-17 18:55:04.363  2106  2458 D CAR.DIAGNOSTIC: Entry - Type: 0x01, ServiceId: 0x2071, InstanceId: 0x0001, MajorVersion: 0x01FFFFFF, TTL: 0
03-17 18:55:04.363  2106  2460 D CAR.DIAGNOSTIC: Entry - Type: 0x01, ServiceId: 0x2071, InstanceId: 0x0001, MajorVersion: 0x01FFFFFF, TTL: 0
03-17 18:55:04.363  2106  2450 D CAR.DIAGNOSTIC: Entry - Type: 0x01, ServiceId: 0x4001, InstanceId: 0x0001, MajorVersion: 0x01FFFFFF, TTL: 0
03-17 18:55:04.363  2106  2460 D CAR.DIAGNOSTIC: Entry - Type: 0x01, ServiceId: 0x4001, InstanceId: 0x0001, MajorVersion: 0x01FFFFFF, TTL: 0
03-17 18:55:04.364  2106  2458 D CAR.DIAGNOSTIC: Entry - Type: 0x01, ServiceId: 0x4001, InstanceId: 0x0001, MajorVersion: 0x01FFFFFF, TTL: 0
03-17 18:55:04.364  2366  2671 I VehicleNaviObserver: loadCompany
03-17 18:55:04.365  2292  2308 D navi-libSdk-J01-Sdk: isServiceConnected: true
03-17 18:55:04.365  2292  2308 D GPS_IExpired: head 212070221{state=0,isHead=true,param=,incomePid=2366,method=CompanyLocation,childCount=0}
03-17 18:55:04.365  2292  2308 D navi-libSdk-J01-Sdk: isServiceConnected: true
03-17 18:55:04.366  2292  2308 D navi-libSdk-J01-NaviSdk: getCompanyAddress: type-0,getProxy()-com.faw.navi.libsdk.IShareDataInterface$Stub$Proxy@f5f5405
03-17 18:55:04.366  2315  4400 D navi-libSdk-J01-ShareDataBinder: getCompanyAddress(ShareDataBinder.java:501) getCompanyAddress: clientPid-2292,type-0
03-17 18:55:04.367  2366  2671 I VehicleNaviObserver: loadCompany >> null, do retry
03-17 18:55:04.368  2292  2308 D GPS_IExpired: 212070221{state=1,isHead=true,param=,incomePid=2366,method=CompanyLocation,childCount=0} callback
03-17 18:55:04.368  2292  2308 D GPS_IExpired: 212070221{state=1,isHead=true,param=,incomePid=2366,method=CompanyLocation,childCount=0} accept and fallback 0
03-17 18:55:04.379  2383  2600 D AdayoDoipServer294_Doip: [ne_doip_event_loop_dispatch][line:141] : count = 0
03-17 18:55:04.396   642   685 I mcuc    : sd Uart data : 6AA60208FD0002920263
03-17 18:55:04.400 10173 10197 D TimerTriggerManager: init instance...
03-17 18:55:04.400 10173 10197 D TimerTriggerManager: Timer thread'TimerTriggerManager' is destroyed: false
03-17 18:55:04.400 10173 10197 D TimerTriggerManager: Timer 'onIndcnVehSpdChanged' is running: true
03-17 18:55:04.400 10173 10197 D TimerTriggerManager: Sending reset signal to timer 'onIndcnVehSpdChanged'
03-17 18:55:04.400 10173 10197 D TimerTriggerManager: Reset signal sent to timer 'onIndcnVehSpdChanged'
03-17 18:55:04.400 10173 10204 D TimerTriggerController: Reset method called for timer: onIndcnVehSpdChanged
03-17 18:55:04.400 10173 10204 D TimerTriggerController: Calling onTimerReset for timer: onIndcnVehSpdChanged
03-17 18:55:04.400 10173 10204 D TimerTriggerManager: Timer reset: onIndcnVehSpdChanged
03-17 18:55:04.401 10173 10204 I TimerTriggerController: Timer [onIndcnVehSpdChanged] reset, remaining: 999ms, reset count: 494
03-17 18:55:04.402   642   685 I mcuc    : rev uart=2399,len=17, data : 6AA68108FD0009920200020000000001DA
03-17 18:55:04.402   400  1006 D adayocomadapter-ParseProtocolFunc: printRaWMsg Name[MCUToUPstream recv] len[9] data[920200020000000001]
03-17 18:55:04.402   400  1006 D adayocomadapter-CommunicationManager: onUpstreamback   member[0] dataLength[6] timePoint[238350]
03-17 18:55:04.402   400  1006 D adayocomadapter-ParseProtocolFunc: printRaWMsg Name[onUpstreamback] len[6] data[020000000001]
03-17 18:55:04.402   400   452 D adayocomadapter-UpstreamHandler: processBeforePacket upSreamtProcessTimePoint[238350] 
03-17 18:55:04.402   400   452 D adayocomadapter-UpstreamHandler: processPacket UPSTREAM_QUEUE_DATA_TIMEOUT
03-17 18:55:04.402   400   452 D adayocomadapter-ParseProtocolFunc: parseCommonIPCLBytes Processing tableNumber[2]
03-17 18:55:04.402   400   452 D adayocomadapter-ParseProtocolFunc: parseCommonIPCLBytes Processing tablename[Table-2] tableSize[6]
03-17 18:55:04.403   400   452 D adayocomadapter-ParseProtocolFunc: printRaWMsg Name[byteStream recv] len[6] data[020000000001]
03-17 18:55:04.403   400   452 D adayocomadapter-ParseProtocolFunc: printRaWMsg Name[IPCLtoVHAL] len[7] data[21402049000100]
03-17 18:55:04.403   400   452 D adayocomadapter-ParseProtocolFunc: printRaWMsg Name[IPCLtoVHAL] len[7] data[214021A2000100]
03-17 18:55:04.403   400   452 D adayocomadapter-ParseProtocolFunc: printRaWMsg Name[IPCLtoVHAL] len[7] data[21402206000100]
03-17 18:55:04.403   400   452 D adayocomadapter-ParseProtocolFunc: printRaWMsg Name[IPCLtoVHAL] len[7] data[214020EA000100]
03-17 18:55:04.403   400   452 D adayocomadapter-CommunicationManager: onUpstreamReceive isLoss 1 mPropertyId 0x21402049
03-17 18:55:04.403   400   452 D adayocomadapter-CommunicationManager: convertBytesToInt32Memcpy  0
03-17 18:55:04.403   400   452 D vw-vhal : notifyVehicleProperty, propId = 0x21402049, data = {status: 3, int32Values: [0]}
03-17 18:55:04.403   400   452 I DefaultVehicleHal_v2_0: DefaultVehicleHal::onPropertyValue, value:{.timestamp = 238351124360, .areaId = 0, .prop = 557850697, .status = UNAVAILABLE, .value = {.int32Values = [1]{0}, .floatValues = [0]{}, .int64Values = [0]{}, .bytes = [0]{}, .stringValue = ""}}
03-17 18:55:04.403   400   452 D adayocomadapter-CommunicationManager: onUpstreamReceive mPropertyId 0x21402049
03-17 18:55:04.403   400   452 D adayocomadapter-CommunicationManager: onUpstreamReceive isLoss 1 mPropertyId 0x214021a2
03-17 18:55:04.403   400   452 D adayocomadapter-CommunicationManager: convertBytesToInt32Memcpy  0
03-17 18:55:04.403   400   452 D vw-vhal : notifyVehicleProperty, propId = 0x214021a2, data = {status: 3, int32Values: [0]}
03-17 18:55:04.404   400   452 I DefaultVehicleHal_v2_0: DefaultVehicleHal::onPropertyValue, value:{.timestamp = 238351554693, .areaId = 0, .prop = 557851042, .status = UNAVAILABLE, .value = {.int32Values = [1]{0}, .floatValues = [0]{}, .int64Values = [0]{}, .bytes = [0]{}, .stringValue = ""}}
03-17 18:55:04.404   400   452 D adayocomadapter-CommunicationManager: onUpstreamReceive mPropertyId 0x214021a2
03-17 18:55:04.404   400   452 D adayocomadapter-CommunicationManager: onUpstreamReceive isLoss 1 mPropertyId 0x21402206
03-17 18:55:04.404   400   452 D adayocomadapter-CommunicationManager: convertBytesToInt32Memcpy  0
03-17 18:55:04.404   400   452 D vw-vhal : notifyVehicleProperty, propId = 0x21402206, data = {status: 3, int32Values: [0]}
03-17 18:55:04.404   400   452 I DefaultVehicleHal_v2_0: DefaultVehicleHal::onPropertyValue, value:{.timestamp = 238351908360, .areaId = 0, .prop = 557851142, .status = UNAVAILABLE, .value = {.int32Values = [1]{0}, .floatValues = [0]{}, .int64Values = [0]{}, .bytes = [0]{}, .stringValue = ""}}
03-17 18:55:04.404   400   452 D adayocomadapter-CommunicationManager: onUpstreamReceive mPropertyId 0x21402206
03-17 18:55:04.404   400   452 D adayocomadapter-CommunicationManager: onUpstreamReceive isLoss 1 mPropertyId 0x214020ea
03-17 18:55:04.404   400   452 D adayocomadapter-CommunicationManager: convertBytesToInt32Memcpy  0
03-17 18:55:04.404   400   452 D vw-vhal : notifyVehicleProperty, propId = 0x214020ea, data = {status: 3, int32Values: [0]}
03-17 18:55:04.404   400   452 I DefaultVehicleHal_v2_0: DefaultVehicleHal::onPropertyValue, value:{.timestamp = 238352314360, .areaId = 0, .prop = 557850858, .status = UNAVAILABLE, .value = {.int32Values = [1]{0}, .floatValues = [0]{}, .int64Values = [0]{}, .bytes = [0]{}, .stringValue = ""}}
03-17 18:55:04.404   400   452 D adayocomadapter-CommunicationManager: onUpstreamReceive mPropertyId 0x214020ea
03-17 18:55:04.407   582  3616 E WifiHAL : Invalid data received from driver
03-17 18:55:04.436   642   685 I mcuc    : sd Uart data : 6AA60208FE0002920262
03-17 18:55:04.442   642   685 I mcuc    : rev uart=2400,len=18, data : 6AA68108FE000A92020006000000000001D4
03-17 18:55:04.442   400  1006 D adayocomadapter-ParseProtocolFunc: printRaWMsg Name[MCUToUPstream recv] len[10] data[92020006000000000001]
03-17 18:55:04.442   400  1006 D adayocomadapter-CommunicationManager: onUpstreamback   member[0] dataLength[7] timePoint[238390]
03-17 18:55:04.442   400  1006 D adayocomadapter-ParseProtocolFunc: printRaWMsg Name[onUpstreamback] len[7] data[06000000000001]
03-17 18:55:04.442   400   452 D adayocomadapter-UpstreamHandler: processBeforePacket upSreamtProcessTimePoint[238390] 
03-17 18:55:04.442   400   452 D adayocomadapter-UpstreamHandler: processPacket UPSTREAM_QUEUE_DATA_TIMEOUT
03-17 18:55:04.442   400   452 D adayocomadapter-ParseProtocolFunc: parseCommonIPCLBytes Processing tableNumber[6]
03-17 18:55:04.442   400   452 D adayocomadapter-ParseProtocolFunc: parseCommonIPCLBytes Processing tablename[Table-6] tableSize[7]
03-17 18:55:04.443   400   452 D adayocomadapter-ParseProtocolFunc: printRaWMsg Name[byteStream recv] len[7] data[06000000000001]
03-17 18:55:04.443   400   452 D adayocomadapter-ParseProtocolFunc: printRaWMsg Name[IPCLtoVHAL] len[7] data[21402002000100]
03-17 18:55:04.443   400   452 D adayocomadapter-ParseProtocolFunc: printRaWMsg Name[IPCLtoVHAL] len[7] data[21402020000100]
03-17 18:55:04.443   400   452 D adayocomadapter-ParseProtocolFunc: printRaWMsg Name[IPCLtoVHAL] len[7] data[21402004000100]
03-17 18:55:04.443   400   452 D adayocomadapter-ParseProtocolFunc: printRaWMsg Name[IPCLtoVHAL] len[7] data[21402009000100]
03-17 18:55:04.443   400   452 D adayocomadapter-ParseProtocolFunc: printRaWMsg Name[IPCLtoVHAL] len[7] data[21402008000100]
03-17 18:55:04.443   400   452 D adayocomadapter-CommunicationManager: onUpstreamReceive isLoss 1 mPropertyId 0x21402002
03-17 18:55:04.443   400   452 D adayocomadapter-CommunicationManager: convertBytesToInt32Memcpy  0
03-17 18:55:04.443   400   452 D vw-vhal : notifyVehicleProperty, propId = 0x21402002, data = {status: 3, int32Values: [0]}
03-17 18:55:04.443   400   452 I DefaultVehicleHal_v2_0: DefaultVehicleHal::onPropertyValue, value:{.timestamp = 238391186360, .areaId = 0, .prop = 557850626, .status = UNAVAILABLE, .value = {.int32Values = [1]{0}, .floatValues = [0]{}, .int64Values = [0]{}, .bytes = [0]{}, .stringValue = ""}}
03-17 18:55:04.443   400   452 D adayocomadapter-CommunicationManager: onUpstreamReceive mPropertyId 0x21402002
03-17 18:55:04.443   400   452 D adayocomadapter-CommunicationManager: onUpstreamReceive isLoss 1 mPropertyId 0x21402020
03-17 18:55:04.443   400   452 D adayocomadapter-CommunicationManager: convertBytesToInt32Memcpy  0
03-17 18:55:04.444   400   452 D vw-vhal : notifyVehicleProperty, propId = 0x21402020, data = {status: 3, int32Values: [0]}
03-17 18:55:04.444   400   452 I DefaultVehicleHal_v2_0: DefaultVehicleHal::onPropertyValue, value:{.timestamp = 238391647693, .areaId = 0, .prop = 557850656, .status = UNAVAILABLE, .value = {.int32Values = [1]{0}, .floatValues = [0]{}, .int64Values = [0]{}, .bytes = [0]{}, .stringValue = ""}}
03-17 18:55:04.444   400   452 D adayocomadapter-CommunicationManager: onUpstreamReceive mPropertyId 0x21402020
03-17 18:55:04.444   400   452 D adayocomadapter-CommunicationManager: onUpstreamReceive isLoss 1 mPropertyId 0x21402004
03-17 18:55:04.444   400   452 D adayocomadapter-CommunicationManager: convertBytesToInt32Memcpy  0
03-17 18:55:04.444   400   452 D vw-vhal : notifyVehicleProperty, propId = 0x21402004, data = {status: 3, int32Values: [0]}
03-17 18:55:04.444   400   452 I DefaultVehicleHal_v2_0: DefaultVehicleHal::onPropertyValue, value:{.timestamp = 238392075026, .areaId = 0, .prop = 557850628, .status = UNAVAILABLE, .value = {.int32Values = [1]{0}, .floatValues = [0]{}, .int64Values = [0]{}, .bytes = [0]{}, .stringValue = ""}}
03-17 18:55:04.444   400   452 D adayocomadapter-CommunicationManager: onUpstreamReceive mPropertyId 0x21402004
03-17 18:55:04.444   400   452 D adayocomadapter-CommunicationManager: onUpstreamReceive isLoss 1 mPropertyId 0x21402009
03-17 18:55:04.444   400   452 D adayocomadapter-CommunicationManager: convertBytesToInt32Memcpy  0
03-17 18:55:04.444   400   452 D vw-vhal : notifyVehicleProperty, propId = 0x21402009, data = {status: 3, int32Values: [0]}
03-17 18:55:04.444   400   452 I DefaultVehicleHal_v2_0: DefaultVehicleHal::onPropertyValue, value:{.timestamp = 238392482360, .areaId = 0, .prop = 557850633, .status = UNAVAILABLE, .value = {.int32Values = [1]{0}, .floatValues = [0]{}, .int64Values = [0]{}, .bytes = [0]{}, .stringValue = ""}}
03-17 18:55:04.445   400   452 D adayocomadapter-CommunicationManager: onUpstreamReceive mPropertyId 0x21402009
03-17 18:55:04.445   400   452 D adayocomadapter-CommunicationManager: onUpstreamReceive isLoss 1 mPropertyId 0x21402008
03-17 18:55:04.445   400   452 D adayocomadapter-CommunicationManager: convertBytesToInt32Memcpy  0
03-17 18:55:04.445   400   452 D vw-vhal : notifyVehicleProperty, propId = 0x21402008, data = {status: 3, int32Values: [0]}
03-17 18:55:04.445   400   452 I DefaultVehicleHal_v2_0: DefaultVehicleHal::onPropertyValue, value:{.timestamp = 238392883693, .areaId = 0, .prop = 557850632, .status = UNAVAILABLE, .value = {.int32Values = [1]{0}, .floatValues = [0]{}, .int64Values = [0]{}, .bytes = [0]{}, .stringValue = ""}}
03-17 18:55:04.445   400   452 D adayocomadapter-CommunicationManager: onUpstreamReceive mPropertyId 0x21402008
03-17 18:55:04.450   644   644 E fgesysctrl_hidl_hal_test1: fgesysctrl_get_signal status *value=0
03-17 18:55:04.450   649   759 D EvsApp  : CameraFgeSysctrl::fgesysctrl_get_signal_status() end ret = 1
03-17 18:55:04.451  1646  9826 I evsservice20200311: function = notifyAppDeviceValue :ADAYO_AVM_CAMERA_SIGNAL_STATE,1---
03-17 18:55:04.455  1646  1985 E EvsServiceManager: EvsServiceManager$1->notifyDeviceValue()42:notifyDeviceValue key：ADAYO_AVM_CAMERA_SIGNAL_STATEvalue1     ---261:Thread-222
03-17 18:55:04.474   642   685 I mcuc    : sd Uart data : 6AA60208FF0002920261
03-17 18:55:04.479  2383  2600 D AdayoDoipServer294_Doip: [ne_doip_event_loop_dispatch][line:141] : count = 0
03-17 18:55:04.480   582  3616 E WifiHAL : Invalid data received from driver
03-17 18:55:04.480   642   685 I mcuc    : rev uart=2401,len=43, data : 6AA68108FF00239202001600000000000000000000000000000000000000000000000000000000000101A9
03-17 18:55:04.480   642   685 I mcuc    : sd Uart data : 6AA6020900000292025F
03-17 18:55:04.480   400  1006 D adayocomadapter-ParseProtocolFunc: printRaWMsg Name[MCUToUPstream recv] len[35] data[9202001600000000000000000000000000000000000000000000000000000000000101]
03-17 18:55:04.480   400  1006 D adayocomadapter-CommunicationManager: onUpstreamback   member[0] dataLength[32] timePoint[238428]
03-17 18:55:04.481   400  1006 D adayocomadapter-ParseProtocolFunc: printRaWMsg Name[onUpstreamback] len[32] data[1600000000000000000000000000000000000000000000000000000000000101]
03-17 18:55:04.481   400   452 D adayocomadapter-UpstreamHandler: processBeforePacket upSreamtProcessTimePoint[238428] 
03-17 18:55:04.481   400   452 D adayocomadapter-UpstreamHandler: processPacket UPSTREAM_QUEUE_DATA_TIMEOUT
03-17 18:55:04.481   400   452 D adayocomadapter-ParseProtocolFunc: parseCommonIPCLBytes Processing tableNumber[22]
03-17 18:55:04.481   400   452 D adayocomadapter-ParseProtocolFunc: parseCommonIPCLBytes Processing tablename[Table-22] tableSize[32]
03-17 18:55:04.481   400   452 D adayocomadapter-ParseProtocolFunc: printRaWMsg Name[byteStream recv] len[32] data[1600000000000000000000000000000000000000000000000000000000000101]
03-17 18:55:04.481   400   452 D adayocomadapter-ParseProtocolFunc: printRaWMsg Name[IPCLtoVHAL] len[7] data[2140213F000000]
03-17 18:55:04.481   400   452 D adayocomadapter-ParseProtocolFunc: printRaWMsg Name[IPCLtoVHAL] len[7] data[21402140000000]
03-17 18:55:04.481   400   452 D adayocomadapter-ParseProtocolFunc: printRaWMsg Name[IPCLtoVHAL] len[10] data[214021CA000100000000]
03-17 18:55:04.481   400   452 D adayocomadapter-ParseProtocolFunc: printRaWMsg Name[IPCLtoVHAL] len[7] data[2140214B000000]
03-17 18:55:04.481   400   452 D adayocomadapter-ParseProtocolFunc: printRaWMsg Name[IPCLtoVHAL] len[7] data[21402141000000]
03-17 18:55:04.481   400   452 D adayocomadapter-ParseProtocolFunc: printRaWMsg Name[IPCLtoVHAL] len[7] data[21402142000000]
03-17 18:55:04.481   400   452 D adayocomadapter-ParseProtocolFunc: printRaWMsg Name[IPCLtoVHAL] len[8] data[2141214401000000]
03-17 18:55:04.481   400   452 D adayocomadapter-ParseProtocolFunc: printRaWMsg Name[IPCLtoVHAL] len[7] data[2140214D000000]
03-17 18:55:04.482   400   452 D adayocomadapter-ParseProtocolFunc: printRaWMsg Name[IPCLtoVHAL] len[7] data[214021D7000000]
03-17 18:55:04.482   400   452 D adayocomadapter-ParseProtocolFunc: printRaWMsg Name[IPCLtoVHAL] len[7] data[21402143000000]
03-17 18:55:04.482   400   452 D adayocomadapter-ParseProtocolFunc: printRaWMsg Name[IPCLtoVHAL] len[8] data[2141214501000000]
03-17 18:55:04.482   400   452 D adayocomadapter-ParseProtocolFunc: printRaWMsg Name[IPCLtoVHAL] len[7] data[21402146000000]
03-17 18:55:04.482   400   452 D adayocomadapter-ParseProtocolFunc: printRaWMsg Name[IPCLtoVHAL] len[7] data[21402147000000]
03-17 18:55:04.482   400   452 D adayocomadapter-ParseProtocolFunc: printRaWMsg Name[IPCLtoVHAL] len[7] data[21402148000000]
03-17 18:55:04.482   400   452 D adayocomadapter-ParseProtocolFunc: printRaWMsg Name[IPCLtoVHAL] len[7] data[21402149000000]
03-17 18:55:04.482   400   452 D adayocomadapter-ParseProtocolFunc: printRaWMsg Name[IPCLtoVHAL] len[7] data[2140214F000000]
03-17 18:55:04.482   400   452 D adayocomadapter-ParseProtocolFunc: printRaWMsg Name[IPCLtoVHAL] len[7] data[21402150000000]
03-17 18:55:04.482   400   452 D adayocomadapter-ParseProtocolFunc: printRaWMsg Name[IPCLtoVHAL] len[7] data[21402151000000]
03-17 18:55:04.482   400   452 D adayocomadapter-ParseProtocolFunc: printRaWMsg Name[IPCLtoVHAL] len[7] data[2140213D000100]
03-17 18:55:04.482   400   452 D adayocomadapter-ParseProtocolFunc: printRaWMsg Name[IPCLtoVHAL] len[7] data[2140213E000100]
03-17 18:55:04.482   400   452 D adayocomadapter-ParseProtocolFunc: printRaWMsg Name[IPCLtoVHAL] len[7] data[2140214A000000]
03-17 18:55:04.482   400   452 D adayocomadapter-CommunicationManager: onUpstreamReceive isLoss 0 mPropertyId 0x2140213f
03-17 18:55:04.482   400   452 D adayocomadapter-CommunicationManager: convertBytesToInt32Memcpy  0
