03-17 18:54:52.712   400   452 D vw-vhal : notifyVehicleProperty, propId = 0x214020f6, data = {status: 3, int32Values: [0]}
03-17 18:54:52.713   400   452 I DefaultVehicleHal_v2_0: DefaultVehicleHal::onPropertyValue, value:{.timestamp = 226660536025, .areaId = 0, .prop = 557850870, .status = UNAVAILABLE, .value = {.int32Values = [1]{0}, .floatValues = [0]{}, .int64Values = [0]{}, .bytes = [0]{}, .stringValue = ""}}
03-17 18:54:52.713   400   452 D adayocomadapter-CommunicationManager: onUpstreamReceive mPropertyId 0x214020f6
03-17 18:54:52.713   400   452 D adayocomadapter-CommunicationManager: onUpstreamReceive isLoss 1 mPropertyId 0x214020f7
03-17 18:54:52.713   400   452 D adayocomadapter-CommunicationManager: convertBytesToInt32Memcpy  0
03-17 18:54:52.713   400   452 D vw-vhal : notifyVehicleProperty, propId = 0x214020f7, data = {status: 3, int32Values: [0]}
03-17 18:54:52.713   400   452 I DefaultVehicleHal_v2_0: DefaultVehicleHal::onPropertyValue, value:{.timestamp = 226660650358, .areaId = 0, .prop = 557850871, .status = UNAVAILABLE, .value = {.int32Values = [1]{0}, .floatValues = [0]{}, .int64Values = [0]{}, .bytes = [0]{}, .stringValue = ""}}
03-17 18:54:52.713   400   452 D adayocomadapter-CommunicationManager: onUpstreamReceive mPropertyId 0x214020f7
03-17 18:54:52.713   400   452 D adayocomadapter-CommunicationManager: onUpstreamReceive isLoss 1 mPropertyId 0x214020f8
03-17 18:54:52.713   400   452 D adayocomadapter-CommunicationManager: convertBytesToInt32Memcpy  0
03-17 18:54:52.713   400   452 D vw-vhal : notifyVehicleProperty, propId = 0x214020f8, data = {status: 3, int32Values: [0]}
03-17 18:54:52.713   400   452 I DefaultVehicleHal_v2_0: DefaultVehicleHal::onPropertyValue, value:{.timestamp = 226660761692, .areaId = 0, .prop = 557850872, .status = UNAVAILABLE, .value = {.int32Values = [1]{0}, .floatValues = [0]{}, .int64Values = [0]{}, .bytes = [0]{}, .stringValue = ""}}
03-17 18:54:52.713   400   452 D adayocomadapter-CommunicationManager: onUpstreamReceive mPropertyId 0x214020f8
03-17 18:54:52.713   400   452 D adayocomadapter-CommunicationManager: onUpstreamReceive isLoss 1 mPropertyId 0x214020f9
03-17 18:54:52.713   400   452 D adayocomadapter-CommunicationManager: convertBytesToInt32Memcpy  0
03-17 18:54:52.713   400   452 D vw-vhal : notifyVehicleProperty, propId = 0x214020f9, data = {status: 3, int32Values: [0]}
03-17 18:54:52.713   400   452 I DefaultVehicleHal_v2_0: DefaultVehicleHal::onPropertyValue, value:{.timestamp = 226660870692, .areaId = 0, .prop = 557850873, .status = UNAVAILABLE, .value = {.int32Values = [1]{0}, .floatValues = [0]{}, .int64Values = [0]{}, .bytes = [0]{}, .stringValue = ""}}
03-17 18:54:52.713   400   452 D adayocomadapter-CommunicationManager: onUpstreamReceive mPropertyId 0x214020f9
03-17 18:54:52.733   582  3616 E WifiHAL : Invalid data received from driver
03-17 18:54:52.751  2383  2600 D AdayoDoipServer294_Doip: [ne_doip_event_loop_dispatch][line:141] : count = 0
03-17 18:54:52.771  1603  9419 I ADAYO_LOG_: e(LogcatFunc.java:10)zipFile:true,txtFilePath: /la_log/vendor/fawvw/log/android/logcat/main.txt
03-17 18:54:52.772  1603  9419 I ADAYO_LOG_: e(LogcatFunc.java:13)deleteFile:main.txt,delete:true
03-17 18:54:52.784 10173 10197 D TimerTriggerManager: init instance...
03-17 18:54:52.784 10173 10197 D TimerTriggerManager: Timer thread'TimerTriggerManager' is destroyed: false
03-17 18:54:52.784 10173 10197 D TimerTriggerManager: Timer 'onIndcnVehSpdChanged' is running: true
03-17 18:54:52.784 10173 10197 D TimerTriggerManager: Sending reset signal to timer 'onIndcnVehSpdChanged'
03-17 18:54:52.784 10173 10197 D TimerTriggerManager: Reset signal sent to timer 'onIndcnVehSpdChanged'
03-17 18:54:52.784 10173 10204 D TimerTriggerController: Reset method called for timer: onIndcnVehSpdChanged
03-17 18:54:52.785 10173 10204 D TimerTriggerController: Calling onTimerReset for timer: onIndcnVehSpdChanged
03-17 18:54:52.785 10173 10204 D TimerTriggerManager: Timer reset: onIndcnVehSpdChanged
03-17 18:54:52.785 10173 10204 I TimerTriggerController: Timer [onIndcnVehSpdChanged] reset, remaining: 1000ms, reset count: 378
03-17 18:54:52.785  1603  9419 I ADAYO_LOG_: b(LogcatFunc.java:8)path:/la_log/vendor/fawvw/log/android/logcat/main.txt
03-17 18:54:52.790  1603  9419 I ADAYO_LOG_: b(LogcatFunc.java:10)COLLECT_INT_START
03-17 18:54:52.790  1603  9419 I ADAYO_LOG_: a(LogcatFunc.java:10)startZip over
01-01 08:03:47.940     1     1 I init    : processing action (persist.log.adayo_collect.logcat=1) from (/system/etc/init/LogSystem.rc:43)
03-17 18:54:52.814   582  3616 E WifiHAL : Invalid data received from driver
03-17 18:54:52.817   642   685 I mcuc    : rev uart=2282,len=141, data : 6AA680088C00858B30A5B211123634A55A8709C501F403E8000001F401F403CF03CF03E801F401F400FA00FA01F200FA0064A55A88000001000101110000FF00000000FF0000220000FF00000000FF00000020000033A202A802448080808080808080550A0A0A0A0A0A0A1D0D090009000066BBBBBBBBBBBBBBBBBB00770C0708090B0C88010000004F0205ED
01-01 08:03:47.967     1     1 I init    : ... started service 'trace_logcat' has pid 10607
03-17 18:54:52.836   714   714 E sdlogd  : sdlog: 
03-17 18:54:52.836   714   714 E sdlogd  : stat error: No such file or directory, path: /la_log/vendor/fawvw/log/android/sdlog/sdlog/runtime/mp.log
03-17 18:54:52.838   714   714 E sdlogd  : sdlog: 
03-17 18:54:52.838   714   714 E sdlogd  : stat error: No such file or directory, path: /la_log/vendor/fawvw/log/android/sdlog/sdlog/runtime/ap1_kernel.log
03-17 18:54:52.841   714   714 E sdlogd  : sdlog: 
03-17 18:54:52.841   714   714 E sdlogd  : stat error: No such file or directory, path: /la_log/vendor/fawvw/log/android/sdlog/sdlog/runtime/ap2_kernel.log
03-17 18:54:52.851  2383  2600 D AdayoDoipServer294_Doip: [ne_doip_event_loop_dispatch][line:141] : count = 0
03-17 18:54:52.852   582  3616 E WifiHAL : Invalid data received from driver
03-17 18:54:52.855 10608 10608 I ADAYO_LOG_TRACE_LOGCAT: execute start
03-17 18:54:52.884 10173 10197 D TimerTriggerManager: init instance...
03-17 18:54:52.885 10173 10197 D TimerTriggerManager: Timer thread'TimerTriggerManager' is destroyed: false
03-17 18:54:52.885 10173 10197 D TimerTriggerManager: Timer 'onIndcnVehSpdChanged' is running: true
03-17 18:54:52.885 10173 10197 D TimerTriggerManager: Sending reset signal to timer 'onIndcnVehSpdChanged'
03-17 18:54:52.885 10173 10197 D TimerTriggerManager: Reset signal sent to timer 'onIndcnVehSpdChanged'
03-17 18:54:52.885 10173 10204 D TimerTriggerController: Reset method called for timer: onIndcnVehSpdChanged
03-17 18:54:52.885 10173 10204 D TimerTriggerController: Calling onTimerReset for timer: onIndcnVehSpdChanged
03-17 18:54:52.885 10173 10204 D TimerTriggerManager: Timer reset: onIndcnVehSpdChanged
03-17 18:54:52.885 10173 10204 I TimerTriggerController: Timer [onIndcnVehSpdChanged] reset, remaining: 1000ms, reset count: 379
03-17 18:54:52.885 10173 10197 D TimerTriggerManager: init instance...
03-17 18:54:52.885 10173 10197 D TimerTriggerManager: Timer thread'TimerTriggerManager' is destroyed: false
03-17 18:54:52.885 10173 10197 D TimerTriggerManager: Timer 'onMntnWarnReqChanged' is running: true
03-17 18:54:52.885 10173 10197 D TimerTriggerManager: Sending reset signal to timer 'onMntnWarnReqChanged'
03-17 18:54:52.885 10173 10197 D TimerTriggerManager: Reset signal sent to timer 'onMntnWarnReqChanged'
03-17 18:54:52.885 10173 10204 D TimerTriggerController: Reset method called for timer: onMntnWarnReqChanged
03-17 18:54:52.885 10173 10204 D TimerTriggerController: Calling onTimerReset for timer: onMntnWarnReqChanged
03-17 18:54:52.885 10173 10204 D TimerTriggerManager: Timer reset: onMntnWarnReqChanged
03-17 18:54:52.885 10173 10204 I TimerTriggerController: Timer [onMntnWarnReqChanged] reset, remaining: 5000ms, reset count: 190
03-17 18:54:52.894 10610 10610 I ADAYO_LOG_TRACE_LOGCAT: executing
03-17 18:54:52.923  2106  2492 I CarPopupManagementService: Retrying TextToSpeech initialization
03-17 18:54:52.923  2106  2492 W TextToSpeech: shutdown failed: not bound to TTS engine
03-17 18:54:52.925   316   316 I auditd  : avc:  denied  { find } for pid=2106 uid=1000 name=texttospeech scontext=u:r:carservice_app:s0 tcontext=u:object_r:texttospeech_service:s0 tclass=service_manager permissive=0
03-17 18:54:52.925  2106  2492 E TextToSpeech: System service is not available!
03-17 18:54:52.925  2106  2492 E TextToSpeech: Failed to bind to com.iflytek.cutefly.speechclient.hmi
03-17 18:54:52.926  2106  2492 I CarPopupManagementService: TextToSpeech init
03-17 18:54:52.926  2106  2492 E CarPopupManagementService: TextToSpeech init failed: -1
03-17 18:54:52.927   582  3616 E WifiHAL : Invalid data received from driver
03-17 18:54:52.933 10612 10612 I ADAYO_LOG_TRACE_LOGCAT: collect_dest_path:/la_log/vendor/fawvw/log/android/logcat
03-17 18:54:52.951  2383  2600 D AdayoDoipServer294_Doip: [ne_doip_event_loop_dispatch][line:141] : count = 0
03-17 18:54:52.978 10122 10170 D ANWStack: [    226925][ANWBT] HCI Rx: Extended InquiryResult event, numResults=0x01
03-17 18:54:52.978 10122 10170 D ANWStack: [    226925][ANWBT] HCI:   inquiry_result[0]: addr=50:C3:A2:96:08:31, pageScanRepetitionMode=0x01, classOfDevice=0x260408, clockOffset=0x6BA0, rssi=-79
03-17 18:54:52.978 10122 10170 D ANWStack: 
03-17 18:54:52.978 10122 10170 D ANWAPI  : (10122|0x02CB0CB0)[BTAPI] AnwhciEventCallback 47 1
03-17 18:54:52.978 10122 10170 D ANWStack: [    226925][ANWBT] prh_mgr_release_inquiry_entry will be called
03-17 18:54:52.978 10122 10170 D ANWStack: 
03-17 18:54:52.985 10173 10197 D TimerTriggerManager: init instance...
03-17 18:54:52.985 10173 10197 D TimerTriggerManager: Timer thread'TimerTriggerManager' is destroyed: false
03-17 18:54:52.985 10173 10197 D TimerTriggerManager: Timer 'onIndcnVehSpdChanged' is running: true
03-17 18:54:52.985 10173 10197 D TimerTriggerManager: Sending reset signal to timer 'onIndcnVehSpdChanged'
03-17 18:54:52.985 10173 10197 D TimerTriggerManager: Reset signal sent to timer 'onIndcnVehSpdChanged'
03-17 18:54:52.986 10173 10204 D TimerTriggerController: Reset method called for timer: onIndcnVehSpdChanged
03-17 18:54:52.986 10173 10204 D TimerTriggerController: Calling onTimerReset for timer: onIndcnVehSpdChanged
03-17 18:54:52.986 10173 10204 D TimerTriggerManager: Timer reset: onIndcnVehSpdChanged
03-17 18:54:52.986 10173 10204 I TimerTriggerController: Timer [onIndcnVehSpdChanged] reset, remaining: 1000ms, reset count: 380
03-17 18:54:52.988   582  3616 E WifiHAL : Invalid data received from driver
03-17 18:54:53.017 10616 10616 I ADAYO_LOG_TRACE_LOGCAT: file_path:/la_log/vendor/fawvw/log/android/logcat/main.txt
03-17 18:54:53.028  2705  3422 E NetProxyJNI: getNetworkTraffic up: 369,down:67
03-17 18:54:53.028  2705  3422 I TboxServiceManager: 上下行类型变化 type:3
03-17 18:54:53.028  2705  3422 I TboxServiceStatusMonitor: onNetworkTrafficChange type: 3
03-17 18:54:53.031  1566  3186 D TboxNetworkManager: tboxNetworkbinder=null
03-17 18:54:53.051  2383  2600 D AdayoDoipServer294_Doip: [ne_doip_event_loop_dispatch][line:141] : count = 0
03-17 18:54:53.056   642   685 I mcuc    : sd Uart data : 6AA602088D00029202D3
03-17 18:54:53.057   582  3616 E WifiHAL : Invalid data received from driver
03-17 18:54:53.062   642   685 I mcuc    : rev uart=2283,len=16, data : 6AA681088D0008920200090000000144
03-17 18:54:53.062   400  1006 D adayocomadapter-ParseProtocolFunc: printRaWMsg Name[MCUToUPstream recv] len[8] data[9202000900000001]
03-17 18:54:53.062   400  1006 D adayocomadapter-CommunicationManager: onUpstreamback   member[0] dataLength[5] timePoint[227010]
03-17 18:54:53.062   400  1006 D adayocomadapter-ParseProtocolFunc: printRaWMsg Name[onUpstreamback] len[5] data[0900000001]
03-17 18:54:53.062   400   452 D adayocomadapter-UpstreamHandler: processBeforePacket upSreamtProcessTimePoint[227010] 
03-17 18:54:53.062   400   452 D adayocomadapter-UpstreamHandler: processPacket UPSTREAM_QUEUE_DATA_TIMEOUT
03-17 18:54:53.062   400   452 D adayocomadapter-ParseProtocolFunc: parseCommonIPCLBytes Processing tableNumber[9]
03-17 18:54:53.062   400   452 D adayocomadapter-ParseProtocolFunc: parseCommonIPCLBytes Processing tablename[Table-9] tableSize[5]
03-17 18:54:53.062   400   452 D adayocomadapter-ParseProtocolFunc: printRaWMsg Name[byteStream recv] len[5] data[0900000001]
03-17 18:54:53.062   400   452 D adayocomadapter-ParseProtocolFunc: printRaWMsg Name[IPCLtoVHAL] len[7] data[21402060000100]
03-17 18:54:53.062   400   452 D adayocomadapter-ParseProtocolFunc: printRaWMsg Name[IPCLtoVHAL] len[7] data[2140218D000100]
03-17 18:54:53.062   400   452 D adayocomadapter-ParseProtocolFunc: printRaWMsg Name[IPCLtoVHAL] len[7] data[21402255000100]
03-17 18:54:53.062   400   452 D adayocomadapter-CommunicationManager: onUpstreamReceive isLoss 1 mPropertyId 0x21402060
03-17 18:54:53.062   400   452 D adayocomadapter-CommunicationManager: convertBytesToInt32Memcpy  0
03-17 18:54:53.062   400   452 D vw-vhal : notifyVehicleProperty, propId = 0x21402060, data = {status: 3, int32Values: [0]}
03-17 18:54:53.062   400   452 I DefaultVehicleHal_v2_0: DefaultVehicleHal::onPropertyValue, value:{.timestamp = 227010476692, .areaId = 0, .prop = 557850720, .status = UNAVAILABLE, .value = {.int32Values = [1]{0}, .floatValues = [0]{}, .int64Values = [0]{}, .bytes = [0]{}, .stringValue = ""}}
03-17 18:54:53.062   400   452 D adayocomadapter-CommunicationManager: onUpstreamReceive mPropertyId 0x21402060
03-17 18:54:53.063   400   452 D adayocomadapter-CommunicationManager: onUpstreamReceive isLoss 1 mPropertyId 0x2140218d
03-17 18:54:53.063   400   452 D adayocomadapter-CommunicationManager: convertBytesToInt32Memcpy  0
03-17 18:54:53.063   400   452 D vw-vhal : notifyVehicleProperty, propId = 0x2140218d, data = {status: 3, int32Values: [0]}
03-17 18:54:53.063   400   452 I DefaultVehicleHal_v2_0: DefaultVehicleHal::onPropertyValue, value:{.timestamp = 227010618692, .areaId = 0, .prop = 557851021, .status = UNAVAILABLE, .value = {.int32Values = [1]{0}, .floatValues = [0]{}, .int64Values = [0]{}, .bytes = [0]{}, .stringValue = ""}}
03-17 18:54:53.063   400   452 D adayocomadapter-CommunicationManager: onUpstreamReceive mPropertyId 0x2140218d
03-17 18:54:53.063   400   452 D adayocomadapter-CommunicationManager: onUpstreamReceive isLoss 1 mPropertyId 0x21402255
03-17 18:54:53.063   400   452 D adayocomadapter-CommunicationManager: convertBytesToInt32Memcpy  0
03-17 18:54:53.063   400   452 D vw-vhal : notifyVehicleProperty, propId = 0x21402255, data = {status: 3, int32Values: [0]}
03-17 18:54:53.063   400   452 I DefaultVehicleHal_v2_0: DefaultVehicleHal::onPropertyValue, value:{.timestamp = 227010746692, .areaId = 0, .prop = 557851221, .status = UNAVAILABLE, .value = {.int32Values = [1]{0}, .floatValues = [0]{}, .int64Values = [0]{}, .bytes = [0]{}, .stringValue = ""}}
03-17 18:54:53.063   400   452 D adayocomadapter-CommunicationManager: onUpstreamReceive mPropertyId 0x21402255
03-17 18:54:53.064 10619 10619 I ADAYO_LOG_TRACE_LOGCAT: folder_size:
03-17 18:54:53.078   582  3616 E WifiHAL : Invalid data received from driver
03-17 18:54:53.079   582  3616 E WifiHAL : Invalid data received from driver
03-17 18:54:53.079   582  3616 E WifiHAL : Invalid data received from driver
03-17 18:54:53.079   582  3616 E WifiHAL : Invalid data received from driver
03-17 18:54:53.079   582  3616 E WifiHAL : Invalid data received from driver
03-17 18:54:53.079   582  3616 E WifiHAL : Invalid data received from driver
03-17 18:54:53.079   582  3616 E WifiHAL : Invalid data received from driver
03-17 18:54:53.085 10173 10197 D TimerTriggerManager: init instance...
03-17 18:54:53.085 10173 10197 D TimerTriggerManager: Timer thread'TimerTriggerManager' is destroyed: false
03-17 18:54:53.085 10173 10197 D TimerTriggerManager: Timer 'onIndcnVehSpdChanged' is running: true
03-17 18:54:53.085 10173 10197 D TimerTriggerManager: Sending reset signal to timer 'onIndcnVehSpdChanged'
03-17 18:54:53.085 10173 10197 D TimerTriggerManager: Reset signal sent to timer 'onIndcnVehSpdChanged'
03-17 18:54:53.085 10173 10204 D TimerTriggerController: Reset method called for timer: onIndcnVehSpdChanged
03-17 18:54:53.085 10173 10204 D TimerTriggerController: Calling onTimerReset for timer: onIndcnVehSpdChanged
03-17 18:54:53.085 10173 10204 D TimerTriggerManager: Timer reset: onIndcnVehSpdChanged
03-17 18:54:53.085 10173 10204 I TimerTriggerController: Timer [onIndcnVehSpdChanged] reset, remaining: 1000ms, reset count: 381
03-17 18:54:53.085 10173 10197 D TimerTriggerManager: init instance...
03-17 18:54:53.085 10173 10197 D TimerTriggerManager: Timer thread'TimerTriggerManager' is destroyed: false
03-17 18:54:53.085 10173 10197 D TimerTriggerManager: Timer 'onMntnWarnReqChanged' is running: true
03-17 18:54:53.085 10173 10197 D TimerTriggerManager: Sending reset signal to timer 'onMntnWarnReqChanged'
03-17 18:54:53.086 10173 10197 D TimerTriggerManager: Reset signal sent to timer 'onMntnWarnReqChanged'
03-17 18:54:53.086 10173 10204 D TimerTriggerController: Reset method called for timer: onMntnWarnReqChanged
03-17 18:54:53.086 10173 10204 D TimerTriggerController: Calling onTimerReset for timer: onMntnWarnReqChanged
03-17 18:54:53.086 10173 10204 D TimerTriggerManager: Timer reset: onMntnWarnReqChanged
03-17 18:54:53.086 10173 10204 I TimerTriggerController: Timer [onMntnWarnReqChanged] reset, remaining: 5000ms, reset count: 191
03-17 18:54:53.102 10122 10170 D ANWStack: [    227049][ANWBT] HCI Rx: Extended InquiryResult event, numResults=0x01
03-17 18:54:53.102 10122 10170 D ANWStack: [    227050][ANWBT] HCI:   inquiry_result[0]: addr=10:B1:DF:93:5D:70, pageScanRepetitionMode=0x01, classOfDevice=0x2A010C, clockOffset=0x28AD, rssi=-82
03-17 18:54:53.102 10122 10170 D ANWStack: 
03-17 18:54:53.102 10122 10170 D ANWAPI  : (10122|0x02CB0CB0)[BTAPI] AnwhciEventCallback 47 1
03-17 18:54:53.102 10122 10170 D ANWStack: [    227050][ANWBT] prh_mgr_release_inquiry_entry will be called
03-17 18:54:53.102 10122 10170 D ANWStack: 
03-17 18:54:53.137   582  3616 E WifiHAL : Invalid data received from driver
03-17 18:54:53.152  2383  2600 D AdayoDoipServer294_Doip: [ne_doip_event_loop_dispatch][line:141] : count = 0
03-17 18:54:53.182  1566  2651 D TboxNetworkManager: tboxNetworkbinder=null
03-17 18:54:53.184 10173 10197 D TimerTriggerManager: init instance...
03-17 18:54:53.184 10173 10197 D TimerTriggerManager: Timer thread'TimerTriggerManager' is destroyed: false
03-17 18:54:53.184 10173 10197 D TimerTriggerManager: Timer 'onIndcnVehSpdChanged' is running: true
03-17 18:54:53.184 10173 10197 D TimerTriggerManager: Sending reset signal to timer 'onIndcnVehSpdChanged'
03-17 18:54:53.184 10173 10197 D TimerTriggerManager: Reset signal sent to timer 'onIndcnVehSpdChanged'
03-17 18:54:53.184 10173 10204 D TimerTriggerController: Reset method called for timer: onIndcnVehSpdChanged
03-17 18:54:53.184 10173 10204 D TimerTriggerController: Calling onTimerReset for timer: onIndcnVehSpdChanged
03-17 18:54:53.184 10173 10204 D TimerTriggerManager: Timer reset: onIndcnVehSpdChanged
03-17 18:54:53.185 10173 10204 I TimerTriggerController: Timer [onIndcnVehSpdChanged] reset, remaining: 1000ms, reset count: 382
03-17 18:54:53.186   582  3616 E WifiHAL : Invalid data received from driver
03-17 18:54:53.247   582  3616 E WifiHAL : Invalid data received from driver
03-17 18:54:53.252  2383  2600 D AdayoDoipServer294_Doip: [ne_doip_event_loop_dispatch][line:141] : count = 0
03-17 18:54:53.278 10607 10607 I auditd  : type=1400 audit(0.0:22045): avc:  denied  { read } for  comm="sh" name="/" dev="dm-0" ino=60 scontext=u:r:trace_logcat:s0 tcontext=u:object_r:rootfs:s0 tclass=dir permissive=0
03-17 18:54:53.278 10607 10607 W sh      : type=1400 audit(0.0:22045): avc:  denied  { read } for  name="/" dev="dm-0" ino=60 scontext=u:r:trace_logcat:s0 tcontext=u:object_r:rootfs:s0 tclass=dir permissive=0
03-17 18:54:53.284 10122 10170 D ANWStack: [    227232][ANWBT] HCI Rx: Extended InquiryResult event, numResults=0x01
03-17 18:54:53.284 10122 10170 D ANWStack: [    227232][ANWBT] HCI:   inquiry_result[0]: addr=C0:35:32:32:98:D4, pageScanRepetitionMode=0x01, classOfDevice=0x2A0104, clockOffset=0x1409, rssi=-64
03-17 18:54:53.284 10122 10170 D ANWStack: 
03-17 18:54:53.284 10122 10170 D ANWAPI  : (10122|0x02CB0CB0)[BTAPI] AnwhciEventCallback 47 1
03-17 18:54:53.284 10122 10170 D ANWStack: [    227232][ANWBT] prh_mgr_release_inquiry_entry will be called
03-17 18:54:53.284 10122 10170 D ANWStack: 
03-17 18:54:53.285 10173 10197 D TimerTriggerManager: init instance...
03-17 18:54:53.285 10173 10197 D TimerTriggerManager: Timer thread'TimerTriggerManager' is destroyed: false
03-17 18:54:53.285 10173 10197 D TimerTriggerManager: Timer 'onIndcnVehSpdChanged' is running: true
03-17 18:54:53.285 10173 10197 D TimerTriggerManager: Sending reset signal to timer 'onIndcnVehSpdChanged'
03-17 18:54:53.285 10173 10197 D TimerTriggerManager: Reset signal sent to timer 'onIndcnVehSpdChanged'
03-17 18:54:53.285 10173 10204 D TimerTriggerController: Reset method called for timer: onIndcnVehSpdChanged
03-17 18:54:53.285 10173 10204 D TimerTriggerController: Calling onTimerReset for timer: onIndcnVehSpdChanged
03-17 18:54:53.285 10173 10204 D TimerTriggerManager: Timer reset: onIndcnVehSpdChanged
03-17 18:54:53.285 10173 10197 D TimerTriggerManager: init instance...
03-17 18:54:53.285 10173 10204 I TimerTriggerController: Timer [onIndcnVehSpdChanged] reset, remaining: 1000ms, reset count: 383
03-17 18:54:53.285 10173 10197 D TimerTriggerManager: Timer thread'TimerTriggerManager' is destroyed: false
03-17 18:54:53.285 10173 10197 D TimerTriggerManager: Timer 'onMntnWarnReqChanged' is running: true
03-17 18:54:53.285 10173 10197 D TimerTriggerManager: Sending reset signal to timer 'onMntnWarnReqChanged'
03-17 18:54:53.285 10173 10197 D TimerTriggerManager: Reset signal sent to timer 'onMntnWarnReqChanged'
03-17 18:54:53.285 10173 10204 D TimerTriggerController: Reset method called for timer: onMntnWarnReqChanged
03-17 18:54:53.286 10173 10204 D TimerTriggerController: Calling onTimerReset for timer: onMntnWarnReqChanged
03-17 18:54:53.286 10173 10204 D TimerTriggerManager: Timer reset: onMntnWarnReqChanged
03-17 18:54:53.286 10173 10204 I TimerTriggerController: Timer [onMntnWarnReqChanged] reset, remaining: 5000ms, reset count: 192
01-01 08:03:48.449   328   328 I logd    : logdr: UID=0 GID=0 PID=10628 b tail=0 logMask=bf pid=0 start=0ns deadline=0ns
03-17 18:54:53.306   642   685 I mcuc    : sd Uart data : 6AA602088E00029202D2
03-17 18:54:53.310   582  3616 E WifiHAL : Invalid data received from driver
03-17 18:54:53.311   642   685 I mcuc    : rev uart=2284,len=18, data : 6AA681088E000A92020201F18942353038EF
03-17 18:54:53.312   400  1006 D adayocomadapter-ParseProtocolFunc: printRaWMsg Name[MCUToUPstream recv] len[10] data[92020201F18942353038]
03-17 18:54:53.312   400  1006 D adayocomadapter-CommunicationManager: onUpstreamback   member[2] dataLength[7] timePoint[227259]
03-17 18:54:53.312   400  1006 D adayocomadapter-ParseProtocolFunc: printRaWMsg Name[onUpstreamback] len[7] data[01F18942353038]
03-17 18:54:53.312   400   452 D adayocomadapter-UpstreamHandler: processBeforePacket upSreamtProcessTimePoint[227259] 
03-17 18:54:53.312   400   452 D adayocomadapter-ParseProtocolFunc: parseGeneralIPCLBytes Processing tablename[Table-1] tableSize[6]
03-17 18:54:53.312   400   452 D adayocomadapter-ParseProtocolFunc: printRaWMsg Name[byteStream recv] len[7] data[01F18942353038]
03-17 18:54:53.312   400   452 D adayocomadapter-ParseProtocolFunc: printRaWMsg Name[IPCLtoVHAL] len[12] data[214140010100F18942353038]
03-17 18:54:53.312   400   452 D adayocomadapter-CommunicationManager: onUpstreamReceive isLoss 0 mPropertyId 0x21414001
03-17 18:54:53.312   400   452 D vw-vhal : notifyVehicleProperty, propId = 0x21414001, data = {status: 2, int32Values: [241, 137, 66, 53, 48, 56]}
03-17 18:54:53.312   400   452 I vw-vhal : CanSignalsAdapter::notifyDiagProperty: propId = 0x21414001, data = {status: 2, int32Values: [241, 137, 66, 53, 48, 56]}
03-17 18:54:53.312   400   452 I DefaultVehicleHal_v2_0: DefaultVehicleHal::onPropertyValue, value:{.timestamp = 227260036358, .areaId = 0, .prop = 557924353, .status = AVAILABLE, .value = {.int32Values = [6]{241, 137, 66, 53, 48, 56}, .floatValues = [0]{}, .int64Values = [0]{}, .bytes = [0]{}, .stringValue = ""}}
03-17 18:54:53.312   400   452 D adayocomadapter-CommunicationManager: onUpstreamReceive mPropertyId 0x21414001
03-17 18:54:53.336   642   685 I mcuc    : sd Uart data : 6AA602088F00029202D1
03-17 18:54:53.342   642   685 I mcuc    : rev uart=2285,len=19, data : 6AA681088F000B920200070000000000000141
03-17 18:54:53.342   400  1006 D adayocomadapter-ParseProtocolFunc: printRaWMsg Name[MCUToUPstream recv] len[11] data[9202000700000000000001]
03-17 18:54:53.342   400  1006 D adayocomadapter-CommunicationManager: onUpstreamback   member[0] dataLength[8] timePoint[227289]
03-17 18:54:53.342   400  1006 D adayocomadapter-ParseProtocolFunc: printRaWMsg Name[onUpstreamback] len[8] data[0700000000000001]
03-17 18:54:53.342   400   452 D adayocomadapter-UpstreamHandler: processBeforePacket upSreamtProcessTimePoint[227289] 
03-17 18:54:53.342   400   452 D adayocomadapter-UpstreamHandler: processPacket UPSTREAM_QUEUE_DATA_TIMEOUT
03-17 18:54:53.342   400   452 D adayocomadapter-ParseProtocolFunc: parseCommonIPCLBytes Processing tableNumber[7]
03-17 18:54:53.342   400   452 D adayocomadapter-ParseProtocolFunc: parseCommonIPCLBytes Processing tablename[Table-7] tableSize[8]
03-17 18:54:53.342   400   452 D adayocomadapter-ParseProtocolFunc: printRaWMsg Name[byteStream recv] len[8] data[0700000000000001]
03-17 18:54:53.342   400   452 D adayocomadapter-ParseProtocolFunc: printRaWMsg Name[IPCLtoVHAL] len[7] data[21402053000100]
03-17 18:54:53.342   400   452 D adayocomadapter-ParseProtocolFunc: printRaWMsg Name[IPCLtoVHAL] len[7] data[214020A0000100]
03-17 18:54:53.342   400   452 D adayocomadapter-ParseProtocolFunc: printRaWMsg Name[IPCLtoVHAL] len[7] data[21402131000100]
03-17 18:54:53.342   400   452 D adayocomadapter-ParseProtocolFunc: printRaWMsg Name[IPCLtoVHAL] len[7] data[214020A2000100]
03-17 18:54:53.342   400   452 D adayocomadapter-ParseProtocolFunc: printRaWMsg Name[IPCLtoVHAL] len[7] data[214020A4000100]
03-17 18:54:53.342   400   452 D adayocomadapter-ParseProtocolFunc: printRaWMsg Name[IPCLtoVHAL] len[7] data[214021CE000100]
03-17 18:54:53.342   400   452 D adayocomadapter-CommunicationManager: onUpstreamReceive isLoss 1 mPropertyId 0x21402053
03-17 18:54:53.342   400   452 D adayocomadapter-CommunicationManager: convertBytesToInt32Memcpy  0
03-17 18:54:53.342   400   452 D vw-vhal : notifyVehicleProperty, propId = 0x21402053, data = {status: 3, int32Values: [0]}
03-17 18:54:53.342   400   452 I DefaultVehicleHal_v2_0: DefaultVehicleHal::onPropertyValue, value:{.timestamp = 227290261358, .areaId = 0, .prop = 557850707, .status = UNAVAILABLE, .value = {.int32Values = [1]{0}, .floatValues = [0]{}, .int64Values = [0]{}, .bytes = [0]{}, .stringValue = ""}}
03-17 18:54:53.342   400   452 D adayocomadapter-CommunicationManager: onUpstreamReceive mPropertyId 0x21402053
03-17 18:54:53.342   400   452 D adayocomadapter-CommunicationManager: onUpstreamReceive isLoss 1 mPropertyId 0x214020a0
03-17 18:54:53.342   400   452 D adayocomadapter-CommunicationManager: convertBytesToInt32Memcpy  0
03-17 18:54:53.342   400   452 D vw-vhal : notifyVehicleProperty, propId = 0x214020a0, data = {status: 3, int32Values: [0]}
03-17 18:54:53.342   400   452 I DefaultVehicleHal_v2_0: DefaultVehicleHal::onPropertyValue, value:{.timestamp = 227290401025, .areaId = 0, .prop = 557850784, .status = UNAVAILABLE, .value = {.int32Values = [1]{0}, .floatValues = [0]{}, .int64Values = [0]{}, .bytes = [0]{}, .stringValue = ""}}
03-17 18:54:53.342   400   452 D adayocomadapter-CommunicationManager: onUpstreamReceive mPropertyId 0x214020a0
03-17 18:54:53.342   400   452 D adayocomadapter-CommunicationManager: onUpstreamReceive isLoss 1 mPropertyId 0x21402131
03-17 18:54:53.342   400   452 D adayocomadapter-CommunicationManager: convertBytesToInt32Memcpy  0
03-17 18:54:53.342   400   452 D vw-vhal : notifyVehicleProperty, propId = 0x21402131, data = {status: 3, int32Values: [0]}
03-17 18:54:53.342   400   452 I DefaultVehicleHal_v2_0: DefaultVehicleHal::onPropertyValue, value:{.timestamp = 227290511692, .areaId = 0, .prop = 557850929, .status = UNAVAILABLE, .value = {.int32Values = [1]{0}, .floatValues = [0]{}, .int64Values = [0]{}, .bytes = [0]{}, .stringValue = ""}}
03-17 18:54:53.343   400   452 D adayocomadapter-CommunicationManager: onUpstreamReceive mPropertyId 0x21402131
03-17 18:54:53.343   400   452 D adayocomadapter-CommunicationManager: onUpstreamReceive isLoss 1 mPropertyId 0x214020a2
03-17 18:54:53.343   400   452 D adayocomadapter-CommunicationManager: convertBytesToInt32Memcpy  0
03-17 18:54:53.343   400   452 D vw-vhal : notifyVehicleProperty, propId = 0x214020a2, data = {status: 3, int32Values: [0]}
03-17 18:54:53.343   400   452 I DefaultVehicleHal_v2_0: DefaultVehicleHal::onPropertyValue, value:{.timestamp = 227290622692, .areaId = 0, .prop = 557850786, .status = UNAVAILABLE, .value = {.int32Values = [1]{0}, .floatValues = [0]{}, .int64Values = [0]{}, .bytes = [0]{}, .stringValue = ""}}
03-17 18:54:53.343   400   452 D adayocomadapter-CommunicationManager: onUpstreamReceive mPropertyId 0x214020a2
03-17 18:54:53.343   400   452 D adayocomadapter-CommunicationManager: onUpstreamReceive isLoss 1 mPropertyId 0x214020a4
03-17 18:54:53.343   400   452 D adayocomadapter-CommunicationManager: convertBytesToInt32Memcpy  0
03-17 18:54:53.343   400   452 D vw-vhal : notifyVehicleProperty, propId = 0x214020a4, data = {status: 3, int32Values: [0]}
03-17 18:54:53.343   400   452 I DefaultVehicleHal_v2_0: DefaultVehicleHal::onPropertyValue, value:{.timestamp = 227290730358, .areaId = 0, .prop = 557850788, .status = UNAVAILABLE, .value = {.int32Values = [1]{0}, .floatValues = [0]{}, .int64Values = [0]{}, .bytes = [0]{}, .stringValue = ""}}
03-17 18:54:53.343   400   452 D adayocomadapter-CommunicationManager: onUpstreamReceive mPropertyId 0x214020a4
03-17 18:54:53.343   400   452 D adayocomadapter-CommunicationManager: onUpstreamReceive isLoss 1 mPropertyId 0x214021ce
03-17 18:54:53.343   400   452 D adayocomadapter-CommunicationManager: convertBytesToInt32Memcpy  0
03-17 18:54:53.343   400   452 D vw-vhal : notifyVehicleProperty, propId = 0x214021ce, data = {status: 3, int32Values: [0]}
03-17 18:54:53.343   400   452 I DefaultVehicleHal_v2_0: DefaultVehicleHal::onPropertyValue, value:{.timestamp = 227290834358, .areaId = 0, .prop = 557851086, .status = UNAVAILABLE, .value = {.int32Values = [1]{0}, .floatValues = [0]{}, .int64Values = [0]{}, .bytes = [0]{}, .stringValue = ""}}
03-17 18:54:53.343   400   452 D adayocomadapter-CommunicationManager: onUpstreamReceive mPropertyId 0x214021ce
03-17 18:54:53.347  2106  2458 D CAR.DIAGNOSTIC: Entry - Type: 0x01, ServiceId: 0x2071, InstanceId: 0x0001, MajorVersion: 0x01FFFFFF, TTL: 0
03-17 18:54:53.347  2106  2460 D CAR.DIAGNOSTIC: Entry - Type: 0x01, ServiceId: 0x2071, InstanceId: 0x0001, MajorVersion: 0x01FFFFFF, TTL: 0
03-17 18:54:53.347  2106  2450 D CAR.DIAGNOSTIC: Entry - Type: 0x01, ServiceId: 0x2071, InstanceId: 0x0001, MajorVersion: 0x01FFFFFF, TTL: 0
03-17 18:54:53.347  2106  2460 D CAR.DIAGNOSTIC: Entry - Type: 0x01, ServiceId: 0x4001, InstanceId: 0x0001, MajorVersion: 0x01FFFFFF, TTL: 0
03-17 18:54:53.347  2106  2458 D CAR.DIAGNOSTIC: Entry - Type: 0x01, ServiceId: 0x4001, InstanceId: 0x0001, MajorVersion: 0x01FFFFFF, TTL: 0
03-17 18:54:53.347  2106  2450 D CAR.DIAGNOSTIC: Entry - Type: 0x01, ServiceId: 0x4001, InstanceId: 0x0001, MajorVersion: 0x01FFFFFF, TTL: 0
03-17 18:54:53.352  2383  2600 D AdayoDoipServer294_Doip: [ne_doip_event_loop_dispatch][line:141] : count = 0
03-17 18:54:53.364   582  3616 E WifiHAL : Invalid data received from driver
03-17 18:54:53.392 10173 10197 D TimerTriggerManager: init instance...
03-17 18:54:53.392 10173 10197 D TimerTriggerManager: Timer thread'TimerTriggerManager' is destroyed: false
03-17 18:54:53.392 10173 10197 D TimerTriggerManager: Timer 'onIndcnVehSpdChanged' is running: true
03-17 18:54:53.392 10173 10197 D TimerTriggerManager: Sending reset signal to timer 'onIndcnVehSpdChanged'
03-17 18:54:53.392 10173 10197 D TimerTriggerManager: Reset signal sent to timer 'onIndcnVehSpdChanged'
03-17 18:54:53.392 10173 10204 D TimerTriggerController: Reset method called for timer: onIndcnVehSpdChanged
03-17 18:54:53.392 10173 10204 D TimerTriggerController: Calling onTimerReset for timer: onIndcnVehSpdChanged
03-17 18:54:53.393 10173 10204 D TimerTriggerManager: Timer reset: onIndcnVehSpdChanged
03-17 18:54:53.393 10173 10204 I TimerTriggerController: Timer [onIndcnVehSpdChanged] reset, remaining: 999ms, reset count: 384
03-17 18:54:53.410   650  1275 I audio_hw_x9: out pcm_close bus6_notification_out! 
03-17 18:54:53.410   650  1275 I audio_hw_streamer: 1149 hal_streamer_close: playback stream(0xfbf1113bd720) close 
03-17 18:54:53.410   650  1275 I audio_hw_streamer: 1177 hal_streamer_close: wait for playback thread exited, timeout is 315 ms 
03-17 18:54:53.416   642   800 I mcuc    : sd Uart data : 6AA60000CD000206012A
01-01 08:03:48.570  1275  1275 I snd_afe_dai_trigger: 866 ---- cmd(0)stream(0)--------------
01-01 08:03:48.570     0     0 I         : [    C5] snd-afe-i2s-sc-i2s 30650000.i2s: i2s sc almost empty!
01-01 08:03:48.570  1275  1275 I snd_afe_dai_trigger: 896 -----i2s stop----------
01-01 08:03:48.570  1275  1275 I SDRV_ALSA: afe_i2s_sc_stop:475
03-17 18:54:53.420   650  1275 I audio_hw_streamer: 1211 hal_streamer_close: ref cnt: 0, playback bus6 closed 
03-17 18:54:53.420   650  1275 I audio_hw_streamer: 1214 hal_streamer_close: ref cnt: 0 
03-17 18:54:53.420   650  1275 I audio_hw_platform_info: 600 platform_dump_scenario: scenario(0xb400fbf1112a5980): notification_playback 
03-17 18:54:53.420   650  1275 I audio_hw_platform_info: 613 platform_dump_scenario:   device_port: bus6_notification_out, 0 
03-17 18:54:53.420   650  1275 I audio_hw_platform_info: 618 platform_dump_scenario:   source_card: N/A 
03-17 18:54:53.420   650  1275 I audio_hw_platform_info: 622 platform_dump_scenario:   source_dev: N/A 
03-17 18:54:53.420   650  1275 I audio_hw_platform_info: 624 platform_dump_scenario:     source_proc: 0 
03-17 18:54:53.420   650  1275 I audio_hw_platform_info: 628 platform_dump_scenario:   sink_card: x9mach 
03-17 18:54:53.420   650  1275 I audio_hw_platform_info: 631 platform_dump_scenario:   sink_dev: x9mach_D0p 
03-17 18:54:53.420   650  1275 I audio_hw_platform_info: 632 platform_dump_scenario:     sink_proc: 0 
03-17 18:54:53.420   650  1275 I audio_hw_platform_info: 635 platform_dump_scenario:     slot_map: 0 
03-17 18:54:53.420   650  1275 I audio_hw_platform_info: 636 platform_dump_scenario:     slots: 0x10 
03-17 18:54:53.421   650  1275 I audio_hw_x9: 333 out_standby: bus6_notification_out stream close completed 
01-01 08:03:48.570  1275  1275 I SDRV_ALSA: snd_afe_dai_shutdown:921                  [substream->stream]:0x0(0)
03-17 18:54:53.449   644   644 E fgesysctrl_hidl_hal_test1: fgesysctrl_get_signal status *value=0
03-17 18:54:53.449   649   759 D EvsApp  : CameraFgeSysctrl::fgesysctrl_get_signal_status() end ret = 1
03-17 18:54:53.449  1646  7010 I evsservice20200311: function = notifyAppDeviceValue :ADAYO_AVM_CAMERA_SIGNAL_STATE,1---
03-17 18:54:53.450   582  3616 E WifiHAL : Invalid data received from driver
03-17 18:54:53.451  1646  1985 E EvsServiceManager: EvsServiceManager$1->notifyDeviceValue()42:notifyDeviceValue key：ADAYO_AVM_CAMERA_SIGNAL_STATEvalue1     ---250:Thread-211
03-17 18:54:53.452  2383  2600 D AdayoDoipServer294_Doip: [ne_doip_event_loop_dispatch][line:141] : count = 0
03-17 18:54:53.455  1603  1603 I ADAYO_LOG_: handleMessage(UsbFunc.java:3)copyQnx = 0
03-17 18:54:53.455  1603  1603 I ADAYO_LOG_: handleMessage(UsbFunc.java:69)copyState = 2
03-17 18:54:53.480   642   685 I mcuc    : sd Uart data : 6AA602089000029202D0
03-17 18:54:53.485   642   685 I mcuc    : rev uart=2286,len=57, data : 6AA68108900031920200114C465630314C5954455354564C4E30333000000000000000000000007F000100000000000007FE000101010101D6
03-17 18:54:53.485   400  1006 D adayocomadapter-ParseProtocolFunc: printRaWMsg Name[MCUToUPstream recv] len[49] data[920200114C465630314C5954455354564C4E30333000000000000000000000007F000100000000000007FE000101010101]
03-17 18:54:53.485   400  1006 D adayocomadapter-CommunicationManager: onUpstreamback   member[0] dataLength[46] timePoint[227433]
03-17 18:54:53.485   400  1006 D adayocomadapter-ParseProtocolFunc: printRaWMsg Name[onUpstreamback] len[46] data[114C465630314C5954455354564C4E30333000000000000000000000007F000100000000000007FE000101010101]
03-17 18:54:53.485   400   452 D adayocomadapter-UpstreamHandler: processBeforePacket upSreamtProcessTimePoint[227433] 
03-17 18:54:53.485   400   452 D adayocomadapter-UpstreamHandler: processPacket UPSTREAM_QUEUE_DATA_TIMEOUT
03-17 18:54:53.485   400   452 D adayocomadapter-ParseProtocolFunc: parseCommonIPCLBytes Processing tableNumber[17]
03-17 18:54:53.485   400   452 D adayocomadapter-ParseProtocolFunc: parseCommonIPCLBytes Processing tablename[Table-17] tableSize[46]
03-17 18:54:53.485   400   452 D adayocomadapter-ParseProtocolFunc: printRaWMsg Name[byteStream recv] len[46] data[114C465630314C5954455354564C4E30333000000000000000000000007F000100000000000007FE000101010101]
03-17 18:54:53.485   400   452 D adayocomadapter-ParseProtocolFunc: printRaWMsg Name[IPCLtoVHAL] len[23] data[2110204701014C465630314C5954455354564C4E303330]
03-17 18:54:53.485   400   452 D adayocomadapter-ParseProtocolFunc: printRaWMsg Name[IPCLtoVHAL] len[7] data[21402013000100]
03-17 18:54:53.485   400   452 D adayocomadapter-ParseProtocolFunc: printRaWMsg Name[IPCLtoVHAL] len[7] data[2140216C000100]
03-17 18:54:53.485   400   452 D adayocomadapter-ParseProtocolFunc: printRaWMsg Name[IPCLtoVHAL] len[7] data[214020A6000100]
03-17 18:54:53.485   400   452 D adayocomadapter-ParseProtocolFunc: printRaWMsg Name[IPCLtoVHAL] len[7] data[214020FC000100]
03-17 18:54:53.485   400   452 D adayocomadapter-ParseProtocolFunc: printRaWMsg Name[IPCLtoVHAL] len[7] data[21402108000100]
03-17 18:54:53.485   400   452 D adayocomadapter-ParseProtocolFunc: printRaWMsg Name[IPCLtoVHAL] len[7] data[2140210A000100]
03-17 18:54:53.485   400   452 D adayocomadapter-ParseProtocolFunc: printRaWMsg Name[IPCLtoVHAL] len[7] data[2140202400017F]
03-17 18:54:53.485   400   452 D adayocomadapter-ParseProtocolFunc: printRaWMsg Name[IPCLtoVHAL] len[7] data[21402120000100]
03-17 18:54:53.485   400   452 D adayocomadapter-ParseProtocolFunc: printRaWMsg Name[IPCLtoVHAL] len[7] data[21402109000100]
03-17 18:54:53.485   400   452 D adayocomadapter-ParseProtocolFunc: printRaWMsg Name[IPCLtoVHAL] len[7] data[214020A7000100]
03-17 18:54:53.485   400   452 D adayocomadapter-ParseProtocolFunc: printRaWMsg Name[IPCLtoVHAL] len[7] data[2140212E000100]
03-17 18:54:53.486   400   452 D adayocomadapter-ParseProtocolFunc: printRaWMsg Name[IPCLtoVHAL] len[7] data[2140205F000100]
03-17 18:54:53.486   400   452 D adayocomadapter-ParseProtocolFunc: printRaWMsg Name[IPCLtoVHAL] len[7] data[21402100000100]
03-17 18:54:53.486   400   452 D adayocomadapter-ParseProtocolFunc: printRaWMsg Name[IPCLtoVHAL] len[8] data[214021A1000107FE]
03-17 18:54:53.486   400   452 D adayocomadapter-ParseProtocolFunc: printRaWMsg Name[IPCLtoVHAL] len[7] data[21402027000100]
03-17 18:54:53.486   400   452 D adayocomadapter-ParseProtocolFunc: printRaWMsg Name[IPCLtoVHAL] len[7] data[21402180000100]
03-17 18:54:53.486 10173 10197 D TimerTriggerManager: init instance...
03-17 18:54:53.486   400   452 D adayocomadapter-ParseProtocolFunc: printRaWMsg Name[IPCLtoVHAL] len[7] data[2140210B000100]
03-17 18:54:53.486   400   452 D adayocomadapter-ParseProtocolFunc: printRaWMsg Name[IPCLtoVHAL] len[7] data[2140217E000100]
03-17 18:54:53.486 10173 10197 D TimerTriggerManager: Timer thread'TimerTriggerManager' is destroyed: false
03-17 18:54:53.486   400   452 D adayocomadapter-ParseProtocolFunc: printRaWMsg Name[IPCLtoVHAL] len[7] data[214020FE000101]
03-17 18:54:53.486   400   452 D adayocomadapter-ParseProtocolFunc: printRaWMsg Name[IPCLtoVHAL] len[7] data[214020FF000100]
03-17 18:54:53.486 10173 10197 D TimerTriggerManager: Timer 'onIndcnVehSpdChanged' is running: true
03-17 18:54:53.486   400   452 D adayocomadapter-ParseProtocolFunc: printRaWMsg Name[IPCLtoVHAL] len[7] data[21402182000100]
03-17 18:54:53.486 10173 10197 D TimerTriggerManager: Sending reset signal to timer 'onIndcnVehSpdChanged'
03-17 18:54:53.486   400   452 D adayocomadapter-ParseProtocolFunc: printRaWMsg Name[IPCLtoVHAL] len[7] data[2140210C000100]
03-17 18:54:53.486   400   452 D adayocomadapter-CommunicationManager: onUpstreamReceive isLoss 1 mPropertyId 0x21102047
03-17 18:54:53.486   400   452 D adayocomadapter-CommunicationManager: byteArrayToHexString  LFV01LYTESTVLN030
03-17 18:54:53.486 10173 10197 D TimerTriggerManager: Reset signal sent to timer 'onIndcnVehSpdChanged'
03-17 18:54:53.486   400   452 D vw-vhal : notifyVehicleProperty, propId = 0x21102047, data = {status: 3, stringValue: "LFV01LYTESTVLN030"}
03-17 18:54:53.486 10173 10204 D TimerTriggerController: Reset method called for timer: onIndcnVehSpdChanged
03-17 18:54:53.486 10173 10204 D TimerTriggerController: Calling onTimerReset for timer: onIndcnVehSpdChanged
03-17 18:54:53.486   400   452 I DefaultVehicleHal_v2_0: DefaultVehicleHal::onPropertyValue, value:{.timestamp = 227433850358, .areaId = 0, .prop = 554704967, .status = UNAVAILABLE, .value = {.int32Values = [0]{}, .floatValues = [0]{}, .int64Values = [0]{}, .bytes = [0]{}, .stringValue = "LFV01LYTESTVLN030"}}
03-17 18:54:53.486   400   452 D adayocomadapter-CommunicationManager: onUpstreamReceive mPropertyId 0x21102047
03-17 18:54:53.486 10173 10204 D TimerTriggerManager: Timer reset: onIndcnVehSpdChanged
03-17 18:54:53.486   400   452 D adayocomadapter-CommunicationManager: onUpstreamReceive isLoss 1 mPropertyId 0x21402013
03-17 18:54:53.486   400   452 D adayocomadapter-CommunicationManager: convertBytesToInt32Memcpy  0
03-17 18:54:53.486   400   452 D vw-vhal : notifyVehicleProperty, propId = 0x21402013, data = {status: 3, int32Values: [0]}
03-17 18:54:53.486   400   452 I DefaultVehicleHal_v2_0: DefaultVehicleHal::onPropertyValue, value:{.timestamp = 227434008358, .areaId = 0, .prop = 557850643, .status = UNAVAILABLE, .value = {.int32Values = [1]{0}, .floatValues = [0]{}, .int64Values = [0]{}, .bytes = [0]{}, .stringValue = ""}}
03-17 18:54:53.486 10173 10204 I TimerTriggerController: Timer [onIndcnVehSpdChanged] reset, remaining: 1000ms, reset count: 385
03-17 18:54:53.486   400   452 D adayocomadapter-CommunicationManager: onUpstreamReceive mPropertyId 0x21402013
03-17 18:54:53.486   400   452 D adayocomadapter-CommunicationManager: onUpstreamReceive isLoss 1 mPropertyId 0x2140216c
03-17 18:54:53.486   400   452 D adayocomadapter-CommunicationManager: convertBytesToInt32Memcpy  0
03-17 18:54:53.486   400   452 D vw-vhal : notifyVehicleProperty, propId = 0x2140216c, data = {status: 3, int32Values: [0]}
03-17 18:54:53.486 10173 10197 D TimerTriggerManager: init instance...
03-17 18:54:53.486   400   452 I DefaultVehicleHal_v2_0: DefaultVehicleHal::onPropertyValue, value:{.timestamp = 227434142025, .areaId = 0, .prop = 557850988, .status = UNAVAILABLE, .value = {.int32Values = [1]{0}, .floatValues = [0]{}, .int64Values = [0]{}, .bytes = [0]{}, .stringValue = ""}}
03-17 18:54:53.486   400   452 D adayocomadapter-CommunicationManager: onUpstreamReceive mPropertyId 0x2140216c
03-17 18:54:53.486 10173 10197 D TimerTriggerManager: Timer thread'TimerTriggerManager' is destroyed: false
03-17 18:54:53.486   400   452 D adayocomadapter-CommunicationManager: onUpstreamReceive isLoss 1 mPropertyId 0x214020a6
03-17 18:54:53.486 10173 10197 D TimerTriggerManager: Timer 'onMntnWarnReqChanged' is running: true
03-17 18:54:53.486   400   452 D adayocomadapter-CommunicationManager: convertBytesToInt32Memcpy  0
03-17 18:54:53.486 10173 10197 D TimerTriggerManager: Sending reset signal to timer 'onMntnWarnReqChanged'
03-17 18:54:53.486   400   452 D vw-vhal : notifyVehicleProperty, propId = 0x214020a6, data = {status: 3, int32Values: [0]}
03-17 18:54:53.486 10173 10197 D TimerTriggerManager: Reset signal sent to timer 'onMntnWarnReqChanged'
03-17 18:54:53.486   400   452 I DefaultVehicleHal_v2_0: DefaultVehicleHal::onPropertyValue, value:{.timestamp = 227434288025, .areaId = 0, .prop = 557850790, .status = UNAVAILABLE, .value = {.int32Values = [1]{0}, .floatValues = [0]{}, .int64Values = [0]{}, .bytes = [0]{}, .stringValue = ""}}
03-17 18:54:53.486 10173 10204 D TimerTriggerController: Reset method called for timer: onMntnWarnReqChanged
03-17 18:54:53.486   400   452 D adayocomadapter-CommunicationManager: onUpstreamReceive mPropertyId 0x214020a6
03-17 18:54:53.486   400   452 D adayocomadapter-CommunicationManager: onUpstreamReceive isLoss 1 mPropertyId 0x214020fc
03-17 18:54:53.486 10173 10204 D TimerTriggerController: Calling onTimerReset for timer: onMntnWarnReqChanged
03-17 18:54:53.486   400   452 D adayocomadapter-CommunicationManager: convertBytesToInt32Memcpy  0
03-17 18:54:53.486   400   452 D vw-vhal : notifyVehicleProperty, propId = 0x214020fc, data = {status: 3, int32Values: [0]}
03-17 18:54:53.486 10173 10204 D TimerTriggerManager: Timer reset: onMntnWarnReqChanged
03-17 18:54:53.486   400   452 I DefaultVehicleHal_v2_0: DefaultVehicleHal::onPropertyValue, value:{.timestamp = 227434413025, .areaId = 0, .prop = 557850876, .status = UNAVAILABLE, .value = {.int32Values = [1]{0}, .floatValues = [0]{}, .int64Values = [0]{}, .bytes = [0]{}, .stringValue = ""}}
03-17 18:54:53.486   400   452 D adayocomadapter-CommunicationManager: onUpstreamReceive mPropertyId 0x214020fc
03-17 18:54:53.486   400   452 D adayocomadapter-CommunicationManager: onUpstreamReceive isLoss 1 mPropertyId 0x21402108
03-17 18:54:53.486 10173 10204 I TimerTriggerController: Timer [onMntnWarnReqChanged] reset, remaining: 5000ms, reset count: 193
03-17 18:54:53.486   400   452 D adayocomadapter-CommunicationManager: convertBytesToInt32Memcpy  0
03-17 18:54:53.486   400   452 D vw-vhal : notifyVehicleProperty, propId = 0x21402108, data = {status: 3, int32Values: [0]}
03-17 18:54:53.487   400   452 I DefaultVehicleHal_v2_0: DefaultVehicleHal::onPropertyValue, value:{.timestamp = 227434541025, .areaId = 0, .prop = 557850888, .status = UNAVAILABLE, .value = {.int32Values = [1]{0}, .floatValues = [0]{}, .int64Values = [0]{}, .bytes = [0]{}, .stringValue = ""}}
03-17 18:54:53.487   400   452 D adayocomadapter-CommunicationManager: onUpstreamReceive mPropertyId 0x21402108
03-17 18:54:53.487   400   452 D adayocomadapter-CommunicationManager: onUpstreamReceive isLoss 1 mPropertyId 0x2140210a
03-17 18:54:53.487   400   452 D adayocomadapter-CommunicationManager: convertBytesToInt32Memcpy  0
03-17 18:54:53.487   400   452 D vw-vhal : notifyVehicleProperty, propId = 0x2140210a, data = {status: 3, int32Values: [0]}
03-17 18:54:53.487   400   452 I DefaultVehicleHal_v2_0: DefaultVehicleHal::onPropertyValue, value:{.timestamp = 227434657692, .areaId = 0, .prop = 557850890, .status = UNAVAILABLE, .value = {.int32Values = [1]{0}, .floatValues = [0]{}, .int64Values = [0]{}, .bytes = [0]{}, .stringValue = ""}}
03-17 18:54:53.487   400   452 D adayocomadapter-CommunicationManager: onUpstreamReceive mPropertyId 0x2140210a
03-17 18:54:53.487   400   452 D adayocomadapter-CommunicationManager: onUpstreamReceive isLoss 1 mPropertyId 0x21402024
03-17 18:54:53.487   400   452 D adayocomadapter-CommunicationManager: convertBytesToInt32Memcpy  127
03-17 18:54:53.487   400   452 D vw-vhal : notifyVehicleProperty, propId = 0x21402024, data = {status: 3, int32Values: [127]}
03-17 18:54:53.487   400   452 I DefaultVehicleHal_v2_0: DefaultVehicleHal::onPropertyValue, value:{.timestamp = 227434780025, .areaId = 0, .prop = 557850660, .status = UNAVAILABLE, .value = {.int32Values = [1]{127}, .floatValues = [0]{}, .int64Values = [0]{}, .bytes = [0]{}, .stringValue = ""}}
03-17 18:54:53.487   400   452 D adayocomadapter-CommunicationManager: onUpstreamReceive mPropertyId 0x21402024
03-17 18:54:53.487   400   452 D adayocomadapter-CommunicationManager: onUpstreamReceive isLoss 1 mPropertyId 0x21402120
03-17 18:54:53.487   400   452 D adayocomadapter-CommunicationManager: convertBytesToInt32Memcpy  0
03-17 18:54:53.487   400   452 D vw-vhal : notifyVehicleProperty, propId = 0x21402120, data = {status: 3, int32Values: [0]}
03-17 18:54:53.487   400   452 I DefaultVehicleHal_v2_0: DefaultVehicleHal::onPropertyValue, value:{.timestamp = 227434903692, .areaId = 0, .prop = 557850912, .status = UNAVAILABLE, .value = {.int32Values = [1]{0}, .floatValues = [0]{}, .int64Values = [0]{}, .bytes = [0]{}, .stringValue = ""}}
03-17 18:54:53.487   400   452 D adayocomadapter-CommunicationManager: onUpstreamReceive mPropertyId 0x21402120
03-17 18:54:53.487   400   452 D adayocomadapter-CommunicationManager: onUpstreamReceive isLoss 1 mPropertyId 0x21402109
03-17 18:54:53.487   400   452 D adayocomadapter-CommunicationManager: convertBytesToInt32Memcpy  0
03-17 18:54:53.487   400   452 D vw-vhal : notifyVehicleProperty, propId = 0x21402109, data = {status: 3, int32Values: [0]}
03-17 18:54:53.487   400   452 I DefaultVehicleHal_v2_0: DefaultVehicleHal::onPropertyValue, value:{.timestamp = 227435031358, .areaId = 0, .prop = 557850889, .status = UNAVAILABLE, .value = {.int32Values = [1]{0}, .floatValues = [0]{}, .int64Values = [0]{}, .bytes = [0]{}, .stringValue = ""}}
03-17 18:54:53.487   400   452 D adayocomadapter-CommunicationManager: onUpstreamReceive mPropertyId 0x21402109
