03-17 18:54:52.138   400   452 D DiagPropHandler: Successfully set property [parHmiDrvModDCCEna] = 0
03-17 18:54:52.138   400   452 D DiagPropHandler: Set property [parHmiDrvModDCCEna] = 0
03-17 18:54:52.138   703   703 W vendor.fawvw.hardware.persistenceservice: [64][PersistenceProxyReplier::setValue] setValue when server disconnect
03-17 18:54:52.138   703   703 I vendor.fawvw.hardware.persistenceservice: [49][PersistenceService::setValue]Receive aidl setValue:key is parHmiDrvModEPSEna,value is 0,serviceid is 2
03-17 18:54:52.139   400   452 D DiagPropHandler: Successfully set property [parHmiDrvModEPSEna] = 0
03-17 18:54:52.139   400   452 D DiagPropHandler: Set property [parHmiDrvModEPSEna] = 0
03-17 18:54:52.139   703   703 W vendor.fawvw.hardware.persistenceservice: [64][PersistenceProxyReplier::setValue] setValue when server disconnect
03-17 18:54:52.139   703   703 I vendor.fawvw.hardware.persistenceservice: [49][PersistenceService::setValue]Receive aidl setValue:key is parHmiDrvModBrkPdlEna,value is 0,serviceid is 2
03-17 18:54:52.139   400   452 D DiagPropHandler: Successfully set property [parHmiDrvModBrkPdlEna] = 0
03-17 18:54:52.139   400   452 D DiagPropHandler: Set property [parHmiDrvModBrkPdlEna] = 0
03-17 18:54:52.139   703   703 W vendor.fawvw.hardware.persistenceservice: [64][PersistenceProxyReplier::setValue] setValue when server disconnect
03-17 18:54:52.139   703   703 I vendor.fawvw.hardware.persistenceservice: [49][PersistenceService::setValue]Receive aidl setValue:key is parHmiDrvModAccrPdlEna,value is 0,serviceid is 2
03-17 18:54:52.139   400   452 D DiagPropHandler: Successfully set property [parHmiDrvModAccrPdlEna] = 0
03-17 18:54:52.139   400   452 D DiagPropHandler: Set property [parHmiDrvModAccrPdlEna] = 0
03-17 18:54:52.139   703   703 W vendor.fawvw.hardware.persistenceservice: [64][PersistenceProxyReplier::setValue] setValue when server disconnect
03-17 18:54:52.139   703   703 I vendor.fawvw.hardware.persistenceservice: [49][PersistenceService::setValue]Receive aidl setValue:key is parHmiDrvModINDIVIDUALEna,value is 0,serviceid is 2
03-17 18:54:52.139   400   452 D DiagPropHandler: Successfully set property [parHmiDrvModINDIVIDUALEna] = 0
03-17 18:54:52.139   400   452 D DiagPropHandler: Set property [parHmiDrvModINDIVIDUALEna] = 0
03-17 18:54:52.140   703   703 W vendor.fawvw.hardware.persistenceservice: [64][PersistenceProxyReplier::setValue] setValue when server disconnect
03-17 18:54:52.140   703   703 I vendor.fawvw.hardware.persistenceservice: [49][PersistenceService::setValue]Receive aidl setValue:key is parHmiDrvModSPORTEna,value is 0,serviceid is 2
03-17 18:54:52.140   400   452 D DiagPropHandler: Successfully set property [parHmiDrvModSPORTEna] = 0
03-17 18:54:52.140   400   452 D DiagPropHandler: Set property [parHmiDrvModSPORTEna] = 0
03-17 18:54:52.140   703   703 W vendor.fawvw.hardware.persistenceservice: [64][PersistenceProxyReplier::setValue] setValue when server disconnect
03-17 18:54:52.140   703   703 I vendor.fawvw.hardware.persistenceservice: [49][PersistenceService::setValue]Receive aidl setValue:key is parHmiDrvModCOMFORTEna,value is 0,serviceid is 2
03-17 18:54:52.140   400   452 D DiagPropHandler: Successfully set property [parHmiDrvModCOMFORTEna] = 0
03-17 18:54:52.140   400   452 D DiagPropHandler: Set property [parHmiDrvModCOMFORTEna] = 0
03-17 18:54:52.140   703   703 W vendor.fawvw.hardware.persistenceservice: [64][PersistenceProxyReplier::setValue] setValue when server disconnect
03-17 18:54:52.140   703   703 I vendor.fawvw.hardware.persistenceservice: [49][PersistenceService::setValue]Receive aidl setValue:key is parHmiDrvModECOEna,value is 0,serviceid is 2
03-17 18:54:52.140   400   452 D DiagPropHandler: Successfully set property [parHmiDrvModECOEna] = 0
03-17 18:54:52.140   400   452 D DiagPropHandler: Set property [parHmiDrvModECOEna] = 0
03-17 18:54:52.141   703   703 W vendor.fawvw.hardware.persistenceservice: [64][PersistenceProxyReplier::setValue] setValue when server disconnect
03-17 18:54:52.141   703   703 I vendor.fawvw.hardware.persistenceservice: [49][PersistenceService::setValue]Receive aidl setValue:key is parHmiDrvModFctEna,value is 0,serviceid is 2
03-17 18:54:52.141   400   452 D DiagPropHandler: Successfully set property [parHmiDrvModFctEna] = 0
03-17 18:54:52.141   400   452 D DiagPropHandler: Set property [parHmiDrvModFctEna] = 0
03-17 18:54:52.141   400   452 D adayocomadapter-CommunicationManager: onUpstreamReceive mPropertyId 0x21414145
03-17 18:54:52.141   400   452 D adayocomadapter-CommunicationManager: onUpstreamReceive isLoss 0 mPropertyId 0x21414143
03-17 18:54:52.141   400   452 D adayocomadapter-CommunicationManager: convertBytesToInt32Memcpy  0
--------- beginning of system
03-17 18:54:52.141  2106  2277 D CarPopupManagementService: onEvent: CNS_DIAG_VIN_BIND_REQ
03-17 18:54:52.141   400   452 D vw-vhal : notifyVehicleProperty, propId = 0x21414143, data = {status: 2, int32Values: [0]}
03-17 18:54:52.141   400   452 I vw-vhal : CanSignalsAdapter::notifyDiagProperty: propId = 0x21414143, data = {status: 2, int32Values: [0]}
03-17 18:54:52.141  2106  2492 I CarPopupManagementService: handleDiagVinBindReq: CNS_DIAG_VIN_BIND_REQ is not turned on
03-17 18:54:52.141   400   452 I DefaultVehicleHal_v2_0: DefaultVehicleHal::onPropertyValue, value:{.timestamp = 226089009025, .areaId = 0, .prop = 557924675, .status = AVAILABLE, .value = {.int32Values = [1]{0}, .floatValues = [0]{}, .int64Values = [0]{}, .bytes = [0]{}, .stringValue = ""}}
03-17 18:54:52.141   400   452 D DefaultVehicleHal_v2_0: onPropertyValue: Diagnostic config property: 0x21414143
03-17 18:54:52.141   400   452 D DiagPropHandler: Processing request for prop: 0x21414143, size: 1
03-17 18:54:52.141   703   703 W vendor.fawvw.hardware.persistenceservice: [64][PersistenceProxyReplier::setValue] setValue when server disconnect
03-17 18:54:52.141   703   703 I vendor.fawvw.hardware.persistenceservice: [49][PersistenceService::setValue]Receive aidl setValue:key is parHmiSterWhlCustmizeBtnSupportESound,value is 0,serviceid is 2
03-17 18:54:52.142   400   452 D DiagPropHandler: Successfully set property [parHmiSterWhlCustmizeBtnSupportESound] = 0
03-17 18:54:52.142   400   452 D DiagPropHandler: Set property [parHmiSterWhlCustmizeBtnSupportESound] = 0
03-17 18:54:52.142   703   703 W vendor.fawvw.hardware.persistenceservice: [64][PersistenceProxyReplier::setValue] setValue when server disconnect
03-17 18:54:52.142   703   703 I vendor.fawvw.hardware.persistenceservice: [49][PersistenceService::setValue]Receive aidl setValue:key is parHmiSterWhlCustmizeBtnSupportTopView,value is 0,serviceid is 2
03-17 18:54:52.142   400   452 D DiagPropHandler: Successfully set property [parHmiSterWhlCustmizeBtnSupportTopView] = 0
03-17 18:54:52.142   400   452 D DiagPropHandler: Set property [parHmiSterWhlCustmizeBtnSupportTopView] = 0
03-17 18:54:52.142   703   703 W vendor.fawvw.hardware.persistenceservice: [64][PersistenceProxyReplier::setValue] setValue when server disconnect
03-17 18:54:52.142   703   703 I vendor.fawvw.hardware.persistenceservice: [49][PersistenceService::setValue]Receive aidl setValue:key is parHmiSterWhlCustmizeBtnSupportDVR,value is 0,serviceid is 2
03-17 18:54:52.142   400   452 D DiagPropHandler: Successfully set property [parHmiSterWhlCustmizeBtnSupportDVR] = 0
03-17 18:54:52.142   400   452 D DiagPropHandler: Set property [parHmiSterWhlCustmizeBtnSupportDVR] = 0
03-17 18:54:52.142   703   703 W vendor.fawvw.hardware.persistenceservice: [64][PersistenceProxyReplier::setValue] setValue when server disconnect
03-17 18:54:52.142   703   703 I vendor.fawvw.hardware.persistenceservice: [49][PersistenceService::setValue]Receive aidl setValue:key is parHmiSterWhlCustmizeBtnSupportMediaSwitch,value is 0,serviceid is 2
03-17 18:54:52.142   400   452 D DiagPropHandler: Successfully set property [parHmiSterWhlCustmizeBtnSupportMediaSwitch] = 0
03-17 18:54:52.142   400   452 D DiagPropHandler: Set property [parHmiSterWhlCustmizeBtnSupportMediaSwitch] = 0
03-17 18:54:52.143   703   703 W vendor.fawvw.hardware.persistenceservice: [64][PersistenceProxyReplier::setValue] setValue when server disconnect
03-17 18:54:52.143   703   703 I vendor.fawvw.hardware.persistenceservice: [49][PersistenceService::setValue]Receive aidl setValue:key is parHmiSterWhlCustmizeBtnSupportGreeting,value is 0,serviceid is 2
03-17 18:54:52.143   400   452 D DiagPropHandler: Successfully set property [parHmiSterWhlCustmizeBtnSupportGreeting] = 0
03-17 18:54:52.143   400   452 D DiagPropHandler: Set property [parHmiSterWhlCustmizeBtnSupportGreeting] = 0
03-17 18:54:52.143   703   703 W vendor.fawvw.hardware.persistenceservice: [64][PersistenceProxyReplier::setValue] setValue when server disconnect
03-17 18:54:52.143   703   703 I vendor.fawvw.hardware.persistenceservice: [49][PersistenceService::setValue]Receive aidl setValue:key is parHmiSterWhlCustmizeBtnSupportMirrorAdjustment,value is 0,serviceid is 2
03-17 18:54:52.143   400   452 D DiagPropHandler: Successfully set property [parHmiSterWhlCustmizeBtnSupportMirrorAdjustment] = 0
03-17 18:54:52.143   400   452 D DiagPropHandler: Set property [parHmiSterWhlCustmizeBtnSupportMirrorAdjustment] = 0
03-17 18:54:52.143   400   452 D adayocomadapter-CommunicationManager: onUpstreamReceive mPropertyId 0x21414143
03-17 18:54:52.143   400   452 D adayocomadapter-CommunicationManager: onUpstreamReceive isLoss 0 mPropertyId 0x21414141
03-17 18:54:52.143   400   452 D adayocomadapter-CommunicationManager: convertBytesToInt32Memcpy  0
03-17 18:54:52.143   400   452 D vw-vhal : notifyVehicleProperty, propId = 0x21414141, data = {status: 2, int32Values: [0]}
03-17 18:54:52.143   400   452 I vw-vhal : CanSignalsAdapter::notifyDiagProperty: propId = 0x21414141, data = {status: 2, int32Values: [0]}
03-17 18:54:52.143   400   452 I DefaultVehicleHal_v2_0: DefaultVehicleHal::onPropertyValue, value:{.timestamp = 226091127025, .areaId = 0, .prop = 557924673, .status = AVAILABLE, .value = {.int32Values = [1]{0}, .floatValues = [0]{}, .int64Values = [0]{}, .bytes = [0]{}, .stringValue = ""}}
03-17 18:54:52.143   400   452 D DefaultVehicleHal_v2_0: onPropertyValue: Diagnostic config property: 0x21414141
03-17 18:54:52.143   400   452 D DiagPropHandler: Processing request for prop: 0x21414141, size: 1
03-17 18:54:52.143   703   703 I vendor.fawvw.hardware.persistenceservice: [194][persistence_client_library_prct_access::get_db_context] key Reserved is not in RCT,will be stored in cached
03-17 18:54:52.143   703   703 W vendor.fawvw.hardware.persistenceservice: [64][PersistenceProxyReplier::setValue] setValue when server disconnect
03-17 18:54:52.143   703   703 I vendor.fawvw.hardware.persistenceservice: [49][PersistenceService::setValue]Receive aidl setValue:key is Reserved,value is 0,serviceid is 2
03-17 18:54:52.143   400   452 D DiagPropHandler: Successfully set property [Reserved] = 0
03-17 18:54:52.143   400   452 D DiagPropHandler: Set property [Reserved] = 0
03-17 18:54:52.144   703   703 W vendor.fawvw.hardware.persistenceservice: [64][PersistenceProxyReplier::setValue] setValue when server disconnect
03-17 18:54:52.144   703   703 I vendor.fawvw.hardware.persistenceservice: [49][PersistenceService::setValue]Receive aidl setValue:key is parHmiDriveRangeSupportDynamic,value is 0,serviceid is 2
03-17 18:54:52.144   400   452 D DiagPropHandler: Successfully set property [parHmiDriveRangeSupportDynamic] = 0
03-17 18:54:52.144   400   452 D DiagPropHandler: Set property [parHmiDriveRangeSupportDynamic] = 0
03-17 18:54:52.144   703   703 W vendor.fawvw.hardware.persistenceservice: [64][PersistenceProxyReplier::setValue] setValue when server disconnect
03-17 18:54:52.144   703   703 I vendor.fawvw.hardware.persistenceservice: [49][PersistenceService::setValue]Receive aidl setValue:key is parHmiDriveRangeSupportCLTC,value is 0,serviceid is 2
03-17 18:54:52.144   400   452 D DiagPropHandler: Successfully set property [parHmiDriveRangeSupportCLTC] = 0
03-17 18:54:52.144   400   452 D DiagPropHandler: Set property [parHmiDriveRangeSupportCLTC] = 0
03-17 18:54:52.144   703   703 W vendor.fawvw.hardware.persistenceservice: [64][PersistenceProxyReplier::setValue] setValue when server disconnect
03-17 18:54:52.144   703   703 I vendor.fawvw.hardware.persistenceservice: [49][PersistenceService::setValue]Receive aidl setValue:key is parHmiDriveRangeSupportWLTC,value is 0,serviceid is 2
03-17 18:54:52.144   400   452 D DiagPropHandler: Successfully set property [parHmiDriveRangeSupportWLTC] = 0
03-17 18:54:52.144   400   452 D DiagPropHandler: Set property [parHmiDriveRangeSupportWLTC] = 0
03-17 18:54:52.145   703   703 I vendor.fawvw.hardware.persistenceservice: [194][persistence_client_library_prct_access::get_db_context] key Reserved is not in RCT,will be stored in cached
03-17 18:54:52.145   703   703 W vendor.fawvw.hardware.persistenceservice: [64][PersistenceProxyReplier::setValue] setValue when server disconnect
03-17 18:54:52.145   703   703 I vendor.fawvw.hardware.persistenceservice: [49][PersistenceService::setValue]Receive aidl setValue:key is Reserved,value is 0,serviceid is 2
03-17 18:54:52.145   400   452 D DiagPropHandler: Successfully set property [Reserved] = 0
03-17 18:54:52.145   400   452 D DiagPropHandler: Set property [Reserved] = 0
03-17 18:54:52.145   703   703 W vendor.fawvw.hardware.persistenceservice: [64][PersistenceProxyReplier::setValue] setValue when server disconnect
03-17 18:54:52.145   703   703 I vendor.fawvw.hardware.persistenceservice: [49][PersistenceService::setValue]Receive aidl setValue:key is parHmiDriveRangeCurSelection,value is 0,serviceid is 2
03-17 18:54:52.145   400   452 D DiagPropHandler: Successfully set property [parHmiDriveRangeCurSelection] = 0
03-17 18:54:52.145   400   452 D DiagPropHandler: Set property [parHmiDriveRangeCurSelection] = 0
03-17 18:54:52.145   400   452 D adayocomadapter-CommunicationManager: onUpstreamReceive mPropertyId 0x21414141
03-17 18:54:52.145   400   452 D adayocomadapter-CommunicationManager: onUpstreamReceive isLoss 0 mPropertyId 0x2141413f
03-17 18:54:52.145   400   452 D adayocomadapter-CommunicationManager: convertBytesToInt32Memcpy  0
03-17 18:54:52.145   400   452 D vw-vhal : notifyVehicleProperty, propId = 0x2141413f, data = {status: 2, int32Values: [0]}
03-17 18:54:52.145   400   452 I vw-vhal : CanSignalsAdapter::notifyDiagProperty: propId = 0x2141413f, data = {status: 2, int32Values: [0]}
03-17 18:54:52.145   400   452 I DefaultVehicleHal_v2_0: DefaultVehicleHal::onPropertyValue, value:{.timestamp = 226093271692, .areaId = 0, .prop = 557924671, .status = AVAILABLE, .value = {.int32Values = [1]{0}, .floatValues = [0]{}, .int64Values = [0]{}, .bytes = [0]{}, .stringValue = ""}}
03-17 18:54:52.145   400   452 D DefaultVehicleHal_v2_0: onPropertyValue: Diagnostic config property: 0x2141413f
03-17 18:54:52.145   400   452 D DiagPropHandler: Processing request for prop: 0x2141413f, size: 1
03-17 18:54:52.146   703   703 W vendor.fawvw.hardware.persistenceservice: [64][PersistenceProxyReplier::setValue] setValue when server disconnect
03-17 18:54:52.146   703   703 I vendor.fawvw.hardware.persistenceservice: [49][PersistenceService::setValue]Receive aidl setValue:key is wireless_charging,value is 0,serviceid is 2
03-17 18:54:52.146   400   452 D DiagPropHandler: Successfully set property [wireless_charging] = 0
03-17 18:54:52.146   400   452 D adayocomadapter-CommunicationManager: onUpstreamReceive mPropertyId 0x2141413f
03-17 18:54:52.146   400   452 D adayocomadapter-CommunicationManager: onUpstreamReceive isLoss 0 mPropertyId 0x2141413d
03-17 18:54:52.146   400   452 D adayocomadapter-CommunicationManager: convertBytesToInt32Memcpy  0
03-17 18:54:52.146   400   452 D vw-vhal : notifyVehicleProperty, propId = 0x2141413d, data = {status: 2, int32Values: [0]}
03-17 18:54:52.146   400   452 I vw-vhal : CanSignalsAdapter::notifyDiagProperty: propId = 0x2141413d, data = {status: 2, int32Values: [0]}
03-17 18:54:52.146   400   452 I DefaultVehicleHal_v2_0: DefaultVehicleHal::onPropertyValue, value:{.timestamp = 226093839025, .areaId = 0, .prop = 557924669, .status = AVAILABLE, .value = {.int32Values = [1]{0}, .floatValues = [0]{}, .int64Values = [0]{}, .bytes = [0]{}, .stringValue = ""}}
03-17 18:54:52.146   400   452 D DefaultVehicleHal_v2_0: onPropertyValue: Diagnostic config property: 0x2141413d
03-17 18:54:52.146   400   452 D DiagPropHandler: Processing request for prop: 0x2141413d, size: 1
03-17 18:54:52.146   703   703 W vendor.fawvw.hardware.persistenceservice: [64][PersistenceProxyReplier::setValue] setValue when server disconnect
03-17 18:54:52.146   703   703 I vendor.fawvw.hardware.persistenceservice: [49][PersistenceService::setValue]Receive aidl setValue:key is ABK,value is 0,serviceid is 2
03-17 18:54:52.146   400   452 D DiagPropHandler: Successfully set property [ABK] = 0
03-17 18:54:52.146   400   452 D adayocomadapter-CommunicationManager: onUpstreamReceive mPropertyId 0x2141413d
03-17 18:54:52.146   400   452 D adayocomadapter-CommunicationManager: onUpstreamReceive isLoss 0 mPropertyId 0x2141413b
03-17 18:54:52.146   400   452 D adayocomadapter-CommunicationManager: convertBytesToInt32Memcpy  0
03-17 18:54:52.146   400   452 D vw-vhal : notifyVehicleProperty, propId = 0x2141413b, data = {status: 2, int32Values: [0]}
03-17 18:54:52.146   400   452 I vw-vhal : CanSignalsAdapter::notifyDiagProperty: propId = 0x2141413b, data = {status: 2, int32Values: [0]}
03-17 18:54:52.146   400   452 I DefaultVehicleHal_v2_0: DefaultVehicleHal::onPropertyValue, value:{.timestamp = 226094402025, .areaId = 0, .prop = 557924667, .status = AVAILABLE, .value = {.int32Values = [1]{0}, .floatValues = [0]{}, .int64Values = [0]{}, .bytes = [0]{}, .stringValue = ""}}
03-17 18:54:52.146   400   452 D DefaultVehicleHal_v2_0: onPropertyValue: Diagnostic config property: 0x2141413b
03-17 18:54:52.146   400   452 D DiagPropHandler: Processing request for prop: 0x2141413b, size: 1
03-17 18:54:52.147   703   703 W vendor.fawvw.hardware.persistenceservice: [64][PersistenceProxyReplier::setValue] setValue when server disconnect
03-17 18:54:52.147   703   703 I vendor.fawvw.hardware.persistenceservice: [49][PersistenceService::setValue]Receive aidl setValue:key is Intelligent_NOA_Assist,value is 0,serviceid is 2
03-17 18:54:52.147   400   452 D DiagPropHandler: Successfully set property [Intelligent_NOA_Assist] = 0
03-17 18:54:52.147   400   452 D adayocomadapter-CommunicationManager: onUpstreamReceive mPropertyId 0x2141413b
03-17 18:54:52.147   400   452 D adayocomadapter-CommunicationManager: onUpstreamReceive isLoss 0 mPropertyId 0x21414139
03-17 18:54:52.147   400   452 D adayocomadapter-CommunicationManager: convertBytesToInt32Memcpy  0
03-17 18:54:52.147   400   452 D vw-vhal : notifyVehicleProperty, propId = 0x21414139, data = {status: 2, int32Values: [0]}
03-17 18:54:52.147   400   452 I vw-vhal : CanSignalsAdapter::notifyDiagProperty: propId = 0x21414139, data = {status: 2, int32Values: [0]}
03-17 18:54:52.147   400   452 I DefaultVehicleHal_v2_0: DefaultVehicleHal::onPropertyValue, value:{.timestamp = 226095107358, .areaId = 0, .prop = 557924665, .status = AVAILABLE, .value = {.int32Values = [1]{0}, .floatValues = [0]{}, .int64Values = [0]{}, .bytes = [0]{}, .stringValue = ""}}
03-17 18:54:52.147   400   452 D DefaultVehicleHal_v2_0: onPropertyValue: Diagnostic config property: 0x21414139
03-17 18:54:52.147   400   452 D DiagPropHandler: Processing request for prop: 0x21414139, size: 1
03-17 18:54:52.147   703   703 W vendor.fawvw.hardware.persistenceservice: [64][PersistenceProxyReplier::setValue] setValue when server disconnect
03-17 18:54:52.147   703   703 I vendor.fawvw.hardware.persistenceservice: [49][PersistenceService::setValue]Receive aidl setValue:key is Lane_Assist,value is 0,serviceid is 2
03-17 18:54:52.148   400   452 D DiagPropHandler: Successfully set property [Lane_Assist] = 0
03-17 18:54:52.148   400   452 D adayocomadapter-CommunicationManager: onUpstreamReceive mPropertyId 0x21414139
03-17 18:54:52.148   400   452 D adayocomadapter-CommunicationManager: onUpstreamReceive isLoss 0 mPropertyId 0x21414137
03-17 18:54:52.148   400   452 D adayocomadapter-CommunicationManager: convertBytesToInt32Memcpy  0
03-17 18:54:52.148   400   452 D vw-vhal : notifyVehicleProperty, propId = 0x21414137, data = {status: 2, int32Values: [0]}
03-17 18:54:52.148   400   452 I vw-vhal : CanSignalsAdapter::notifyDiagProperty: propId = 0x21414137, data = {status: 2, int32Values: [0]}
03-17 18:54:52.148   400   452 I DefaultVehicleHal_v2_0: DefaultVehicleHal::onPropertyValue, value:{.timestamp = 226095946692, .areaId = 0, .prop = 557924663, .status = AVAILABLE, .value = {.int32Values = [1]{0}, .floatValues = [0]{}, .int64Values = [0]{}, .bytes = [0]{}, .stringValue = ""}}
03-17 18:54:52.148   400   452 D DefaultVehicleHal_v2_0: onPropertyValue: Diagnostic config property: 0x21414137
03-17 18:54:52.148   400   452 D DiagPropHandler: Processing request for prop: 0x21414137, size: 1
03-17 18:54:52.148   703   703 W vendor.fawvw.hardware.persistenceservice: [64][PersistenceProxyReplier::setValue] setValue when server disconnect
03-17 18:54:52.148   703   703 I vendor.fawvw.hardware.persistenceservice: [49][PersistenceService::setValue]Receive aidl setValue:key is VZA,value is 0,serviceid is 2
03-17 18:54:52.149   400   452 D DiagPropHandler: Successfully set property [VZA] = 0
03-17 18:54:52.149   400   452 D adayocomadapter-CommunicationManager: onUpstreamReceive mPropertyId 0x21414137
03-17 18:54:52.149   400   452 D adayocomadapter-CommunicationManager: onUpstreamReceive isLoss 0 mPropertyId 0x21414135
03-17 18:54:52.149   400   452 D adayocomadapter-CommunicationManager: convertBytesToInt32Memcpy  0
03-17 18:54:52.149   400   452 D vw-vhal : notifyVehicleProperty, propId = 0x21414135, data = {status: 2, int32Values: [0]}
03-17 18:54:52.149   400   452 I vw-vhal : CanSignalsAdapter::notifyDiagProperty: propId = 0x21414135, data = {status: 2, int32Values: [0]}
03-17 18:54:52.149   400   452 I DefaultVehicleHal_v2_0: DefaultVehicleHal::onPropertyValue, value:{.timestamp = 226096940358, .areaId = 0, .prop = 557924661, .status = AVAILABLE, .value = {.int32Values = [1]{0}, .floatValues = [0]{}, .int64Values = [0]{}, .bytes = [0]{}, .stringValue = ""}}
03-17 18:54:52.149   400   452 D DefaultVehicleHal_v2_0: onPropertyValue: Diagnostic config property: 0x21414135
03-17 18:54:52.149   400   452 D DiagPropHandler: Processing request for prop: 0x21414135, size: 1
03-17 18:54:52.149   703   703 W vendor.fawvw.hardware.persistenceservice: [64][PersistenceProxyReplier::setValue] setValue when server disconnect
03-17 18:54:52.149   703   703 I vendor.fawvw.hardware.persistenceservice: [49][PersistenceService::setValue]Receive aidl setValue:key is Multi-function_Camera,value is 0,serviceid is 2
03-17 18:54:52.149  2383  2600 D AdayoDoipServer294_Doip: [ne_doip_event_loop_dispatch][line:141] : count = 0
03-17 18:54:52.150   400   452 D DiagPropHandler: Successfully set property [Multi-function_Camera] = 0
03-17 18:54:52.150   400   452 D adayocomadapter-CommunicationManager: onUpstreamReceive mPropertyId 0x21414135
03-17 18:54:52.150   400   452 D adayocomadapter-CommunicationManager: onUpstreamReceive isLoss 0 mPropertyId 0x21414133
03-17 18:54:52.150   400   452 D adayocomadapter-CommunicationManager: convertBytesToInt32Memcpy  0
03-17 18:54:52.150   400   452 D vw-vhal : notifyVehicleProperty, propId = 0x21414133, data = {status: 2, int32Values: [0]}
03-17 18:54:52.150   400   452 I vw-vhal : CanSignalsAdapter::notifyDiagProperty: propId = 0x21414133, data = {status: 2, int32Values: [0]}
03-17 18:54:52.150   400   452 I DefaultVehicleHal_v2_0: DefaultVehicleHal::onPropertyValue, value:{.timestamp = 226097721025, .areaId = 0, .prop = 557924659, .status = AVAILABLE, .value = {.int32Values = [1]{0}, .floatValues = [0]{}, .int64Values = [0]{}, .bytes = [0]{}, .stringValue = ""}}
03-17 18:54:52.150   400   452 D DefaultVehicleHal_v2_0: onPropertyValue: Diagnostic config property: 0x21414133
03-17 18:54:52.150   400   452 D DiagPropHandler: Processing request for prop: 0x21414133, size: 1
03-17 18:54:52.150   703   703 W vendor.fawvw.hardware.persistenceservice: [64][PersistenceProxyReplier::setValue] setValue when server disconnect
03-17 18:54:52.150   703   703 I vendor.fawvw.hardware.persistenceservice: [49][PersistenceService::setValue]Receive aidl setValue:key is Driving_Assist,value is 0,serviceid is 2
03-17 18:54:52.150   400   452 D DiagPropHandler: Successfully set property [Driving_Assist] = 0
03-17 18:54:52.150   400   452 D adayocomadapter-CommunicationManager: onUpstreamReceive mPropertyId 0x21414133
03-17 18:54:52.150   400   452 D adayocomadapter-CommunicationManager: onUpstreamReceive isLoss 0 mPropertyId 0x21414131
03-17 18:54:52.150   400   452 D adayocomadapter-CommunicationManager: convertBytesToInt32Memcpy  0
03-17 18:54:52.150   400   452 D vw-vhal : notifyVehicleProperty, propId = 0x21414131, data = {status: 2, int32Values: [0]}
03-17 18:54:52.150   400   452 I vw-vhal : CanSignalsAdapter::notifyDiagProperty: propId = 0x21414131, data = {status: 2, int32Values: [0]}
03-17 18:54:52.151   400   452 I DefaultVehicleHal_v2_0: DefaultVehicleHal::onPropertyValue, value:{.timestamp = 226098521025, .areaId = 0, .prop = 557924657, .status = AVAILABLE, .value = {.int32Values = [1]{0}, .floatValues = [0]{}, .int64Values = [0]{}, .bytes = [0]{}, .stringValue = ""}}
03-17 18:54:52.151   400   452 D DefaultVehicleHal_v2_0: onPropertyValue: Diagnostic config property: 0x21414131
03-17 18:54:52.151   400   452 D DiagPropHandler: Processing request for prop: 0x21414131, size: 1
03-17 18:54:52.151   703   703 W vendor.fawvw.hardware.persistenceservice: [64][PersistenceProxyReplier::setValue] setValue when server disconnect
03-17 18:54:52.151   703   703 I vendor.fawvw.hardware.persistenceservice: [49][PersistenceService::setValue]Receive aidl setValue:key is Parking_Assist,value is 0,serviceid is 2
03-17 18:54:52.151   400   452 D DiagPropHandler: Successfully set property [Parking_Assist] = 0
03-17 18:54:52.151   400   452 D adayocomadapter-CommunicationManager: onUpstreamReceive mPropertyId 0x21414131
03-17 18:54:52.151   400   452 D adayocomadapter-CommunicationManager: onUpstreamReceive isLoss 0 mPropertyId 0x2141415e
03-17 18:54:52.151   400   452 D adayocomadapter-CommunicationManager: convertBytesToInt32Memcpy  0
03-17 18:54:52.151   400   452 D vw-vhal : notifyVehicleProperty, propId = 0x2141415e, data = {status: 2, int32Values: [0]}
03-17 18:54:52.151   400   452 I vw-vhal : CanSignalsAdapter::notifyDiagProperty: propId = 0x2141415e, data = {status: 2, int32Values: [0]}
03-17 18:54:52.151   400   452 I DefaultVehicleHal_v2_0: DefaultVehicleHal::onPropertyValue, value:{.timestamp = 226099170025, .areaId = 0, .prop = 557924702, .status = AVAILABLE, .value = {.int32Values = [1]{0}, .floatValues = [0]{}, .int64Values = [0]{}, .bytes = [0]{}, .stringValue = ""}}
03-17 18:54:52.151   400   452 D adayocomadapter-CommunicationManager: onUpstreamReceive mPropertyId 0x2141415e
03-17 18:54:52.151   400   452 D adayocomadapter-CommunicationManager: onUpstreamReceive isLoss 0 mPropertyId 0x2141412f
03-17 18:54:52.151   400   452 D adayocomadapter-CommunicationManager: convertBytesToInt32Memcpy  0
03-17 18:54:52.151   400   452 D vw-vhal : notifyVehicleProperty, propId = 0x2141412f, data = {status: 2, int32Values: [0]}
03-17 18:54:52.151   400   452 I vw-vhal : CanSignalsAdapter::notifyDiagProperty: propId = 0x2141412f, data = {status: 2, int32Values: [0]}
03-17 18:54:52.151   400   452 I DefaultVehicleHal_v2_0: DefaultVehicleHal::onPropertyValue, value:{.timestamp = 226099331025, .areaId = 0, .prop = 557924655, .status = AVAILABLE, .value = {.int32Values = [1]{0}, .floatValues = [0]{}, .int64Values = [0]{}, .bytes = [0]{}, .stringValue = ""}}
03-17 18:54:52.151   400   452 D DefaultVehicleHal_v2_0: onPropertyValue: Diagnostic config property: 0x2141412f
03-17 18:54:52.151   400   452 D DiagPropHandler: Processing request for prop: 0x2141412f, size: 1
03-17 18:54:52.152   703   703 W vendor.fawvw.hardware.persistenceservice: [64][PersistenceProxyReplier::setValue] setValue when server disconnect
03-17 18:54:52.152   703   703 I vendor.fawvw.hardware.persistenceservice: [49][PersistenceService::setValue]Receive aidl setValue:key is AVM,value is 0,serviceid is 2
03-17 18:54:52.152   400   452 D DiagPropHandler: Successfully set property [AVM] = 0
03-17 18:54:52.152   400   452 D adayocomadapter-CommunicationManager: onUpstreamReceive mPropertyId 0x2141412f
03-17 18:54:52.152   400   452 D adayocomadapter-CommunicationManager: onUpstreamReceive isLoss 0 mPropertyId 0x2141412d
03-17 18:54:52.152   400   452 D adayocomadapter-CommunicationManager: convertBytesToInt32Memcpy  0
03-17 18:54:52.152   400   452 D vw-vhal : notifyVehicleProperty, propId = 0x2141412d, data = {status: 2, int32Values: [0]}
03-17 18:54:52.152   400   452 I vw-vhal : CanSignalsAdapter::notifyDiagProperty: propId = 0x2141412d, data = {status: 2, int32Values: [0]}
03-17 18:54:52.152   400   452 I DefaultVehicleHal_v2_0: DefaultVehicleHal::onPropertyValue, value:{.timestamp = 226099882025, .areaId = 0, .prop = 557924653, .status = AVAILABLE, .value = {.int32Values = [1]{0}, .floatValues = [0]{}, .int64Values = [0]{}, .bytes = [0]{}, .stringValue = ""}}
03-17 18:54:52.152   400   452 D DefaultVehicleHal_v2_0: onPropertyValue: Diagnostic config property: 0x2141412d
03-17 18:54:52.152   400   452 D DiagPropHandler: Processing request for prop: 0x2141412d, size: 1
03-17 18:54:52.152   703   703 W vendor.fawvw.hardware.persistenceservice: [64][PersistenceProxyReplier::setValue] setValue when server disconnect
03-17 18:54:52.152   703   703 I vendor.fawvw.hardware.persistenceservice: [49][PersistenceService::setValue]Receive aidl setValue:key is USS,value is 0,serviceid is 2
03-17 18:54:52.152   400   452 D DiagPropHandler: Successfully set property [USS] = 0
03-17 18:54:52.152   400   452 D adayocomadapter-CommunicationManager: onUpstreamReceive mPropertyId 0x2141412d
03-17 18:54:52.152   400   452 D adayocomadapter-CommunicationManager: onUpstreamReceive isLoss 0 mPropertyId 0x2141412b
03-17 18:54:52.152   400   452 D adayocomadapter-CommunicationManager: convertBytesToInt32Memcpy  0
03-17 18:54:52.152   400   452 D vw-vhal : notifyVehicleProperty, propId = 0x2141412b, data = {status: 2, int32Values: [0]}
03-17 18:54:52.152   400   452 I vw-vhal : CanSignalsAdapter::notifyDiagProperty: propId = 0x2141412b, data = {status: 2, int32Values: [0]}
03-17 18:54:52.152   400   452 I DefaultVehicleHal_v2_0: DefaultVehicleHal::onPropertyValue, value:{.timestamp = 226100430025, .areaId = 0, .prop = 557924651, .status = AVAILABLE, .value = {.int32Values = [1]{0}, .floatValues = [0]{}, .int64Values = [0]{}, .bytes = [0]{}, .stringValue = ""}}
03-17 18:54:52.152   400   452 D DefaultVehicleHal_v2_0: onPropertyValue: Diagnostic config property: 0x2141412b
03-17 18:54:52.152   400   452 D DiagPropHandler: Processing request for prop: 0x2141412b, size: 1
03-17 18:54:52.153   703   703 W vendor.fawvw.hardware.persistenceservice: [64][PersistenceProxyReplier::setValue] setValue when server disconnect
03-17 18:54:52.153   703   703 I vendor.fawvw.hardware.persistenceservice: [49][PersistenceService::setValue]Receive aidl setValue:key is HVAC_Seat_Heat,value is 0,serviceid is 2
03-17 18:54:52.153   400   452 D DiagPropHandler: Successfully set property [HVAC_Seat_Heat] = 0
03-17 18:54:52.153   400   452 D adayocomadapter-CommunicationManager: onUpstreamReceive mPropertyId 0x2141412b
03-17 18:54:52.153   400   452 D adayocomadapter-CommunicationManager: onUpstreamReceive isLoss 0 mPropertyId 0x21414111
03-17 18:54:52.153   400   452 D vw-vhal : notifyVehicleProperty, propId = 0x21414111, data = {status: 2, int32Values: [0, 0, 0]}
03-17 18:54:52.153   400   452 I vw-vhal : CanSignalsAdapter::notifyDiagProperty: propId = 0x21414111, data = {status: 2, int32Values: [0, 0, 0]}
03-17 18:54:52.153   400   452 I DefaultVehicleHal_v2_0: DefaultVehicleHal::onPropertyValue, value:{.timestamp = 226100955025, .areaId = 0, .prop = 557924625, .status = AVAILABLE, .value = {.int32Values = [3]{0, 0, 0}, .floatValues = [0]{}, .int64Values = [0]{}, .bytes = [0]{}, .stringValue = ""}}
03-17 18:54:52.153   400   452 D DefaultVehicleHal_v2_0: onPropertyValue: Diagnostic config property: 0x21414111
03-17 18:54:52.153   400   452 D DiagPropHandler: Processing request for prop: 0x21414111, size: 3
03-17 18:54:52.153   703   703 W vendor.fawvw.hardware.persistenceservice: [64][PersistenceProxyReplier::setValue] setValue when server disconnect
03-17 18:54:52.153   703   703 I vendor.fawvw.hardware.persistenceservice: [49][PersistenceService::setValue]Receive aidl setValue:key is Mode_Status,value is 0,serviceid is 2
03-17 18:54:52.153   400   452 D DiagPropHandler: Successfully set property [Mode_Status] = 0
03-17 18:54:52.153   400   452 D adayocomadapter-CommunicationManager: onUpstreamReceive mPropertyId 0x21414111
03-17 18:54:52.153   400   452 D adayocomadapter-CommunicationManager: onUpstreamReceive isLoss 0 mPropertyId 0x21414129
03-17 18:54:52.153   400   452 D adayocomadapter-CommunicationManager: convertBytesToInt32Memcpy  0
03-17 18:54:52.153   400   452 D vw-vhal : notifyVehicleProperty, propId = 0x21414129, data = {status: 2, int32Values: [0]}
03-17 18:54:52.153   400   452 I vw-vhal : CanSignalsAdapter::notifyDiagProperty: propId = 0x21414129, data = {status: 2, int32Values: [0]}
03-17 18:54:52.153   400   452 I DefaultVehicleHal_v2_0: DefaultVehicleHal::onPropertyValue, value:{.timestamp = 226101495358, .areaId = 0, .prop = 557924649, .status = AVAILABLE, .value = {.int32Values = [1]{0}, .floatValues = [0]{}, .int64Values = [0]{}, .bytes = [0]{}, .stringValue = ""}}
03-17 18:54:52.153   400   452 D DefaultVehicleHal_v2_0: onPropertyValue: Diagnostic config property: 0x21414129
03-17 18:54:52.154   400   452 D DiagPropHandler: Processing request for prop: 0x21414129, size: 1
03-17 18:54:52.154   703   703 W vendor.fawvw.hardware.persistenceservice: [64][PersistenceProxyReplier::setValue] setValue when server disconnect
03-17 18:54:52.154   703   703 I vendor.fawvw.hardware.persistenceservice: [49][PersistenceService::setValue]Receive aidl setValue:key is HVAC_Seat_Ventilation,value is 0,serviceid is 2
03-17 18:54:52.154   400   452 D DiagPropHandler: Successfully set property [HVAC_Seat_Ventilation] = 0
03-17 18:54:52.154   400   452 D adayocomadapter-CommunicationManager: onUpstreamReceive mPropertyId 0x21414129
03-17 18:54:52.154   400   452 D adayocomadapter-CommunicationManager: onUpstreamReceive isLoss 0 mPropertyId 0x2141410f
03-17 18:54:52.154   400   452 D vw-vhal : notifyVehicleProperty, propId = 0x2141410f, data = {status: 2, int32Values: [0, 0, 0]}
03-17 18:54:52.154   400   452 I vw-vhal : CanSignalsAdapter::notifyDiagProperty: propId = 0x2141410f, data = {status: 2, int32Values: [0, 0, 0]}
03-17 18:54:52.154   400   452 I DefaultVehicleHal_v2_0: DefaultVehicleHal::onPropertyValue, value:{.timestamp = 226101968692, .areaId = 0, .prop = 557924623, .status = AVAILABLE, .value = {.int32Values = [3]{0, 0, 0}, .floatValues = [0]{}, .int64Values = [0]{}, .bytes = [0]{}, .stringValue = ""}}
03-17 18:54:52.154   400   452 D DefaultVehicleHal_v2_0: onPropertyValue: Diagnostic config property: 0x2141410f
03-17 18:54:52.154   400   452 D DiagPropHandler: Processing request for prop: 0x2141410f, size: 3
03-17 18:54:52.154   703   703 W vendor.fawvw.hardware.persistenceservice: [64][PersistenceProxyReplier::setValue] setValue when server disconnect
03-17 18:54:52.154   703   703 I vendor.fawvw.hardware.persistenceservice: [49][PersistenceService::setValue]Receive aidl setValue:key is ABT_OFF,value is 0,serviceid is 2
03-17 18:54:52.154   400   452 D DiagPropHandler: Successfully set property [ABT_OFF] = 0
03-17 18:54:52.154   400   452 D DiagPropHandler: Set property [ABT_OFF] = 0
03-17 18:54:52.154   703   703 I vendor.fawvw.hardware.persistenceservice: [194][persistence_client_library_prct_access::get_db_context] key reserved1 is not in RCT,will be stored in cached
03-17 18:54:52.154   703   703 W vendor.fawvw.hardware.persistenceservice: [64][PersistenceProxyReplier::setValue] setValue when server disconnect
03-17 18:54:52.154   703   703 I vendor.fawvw.hardware.persistenceservice: [49][PersistenceService::setValue]Receive aidl setValue:key is reserved1,value is 0,serviceid is 2
03-17 18:54:52.155   400   452 D DiagPropHandler: Successfully set property [reserved1] = 0
03-17 18:54:52.155   400   452 D DiagPropHandler: Set property [reserved1] = 0
03-17 18:54:52.155   703   703 W vendor.fawvw.hardware.persistenceservice: [64][PersistenceProxyReplier::setValue] setValue when server disconnect
03-17 18:54:52.155   703   703 I vendor.fawvw.hardware.persistenceservice: [49][PersistenceService::setValue]Receive aidl setValue:key is SDS_Car_control,value is 0,serviceid is 2
03-17 18:54:52.155   400   452 D DiagPropHandler: Successfully set property [SDS_Car_control] = 0
03-17 18:54:52.155   400   452 D DiagPropHandler: Set property [SDS_Car_control] = 0
03-17 18:54:52.155   703   703 W vendor.fawvw.hardware.persistenceservice: [64][PersistenceProxyReplier::setValue] setValue when server disconnect
03-17 18:54:52.155   703   703 I vendor.fawvw.hardware.persistenceservice: [49][PersistenceService::setValue]Receive aidl setValue:key is Remote_Car_Control,value is 0,serviceid is 2
03-17 18:54:52.155   400   452 D DiagPropHandler: Successfully set property [Remote_Car_Control] = 0
03-17 18:54:52.155   400   452 D DiagPropHandler: Set property [Remote_Car_Control] = 0
03-17 18:54:52.155   703   703 W vendor.fawvw.hardware.persistenceservice: [64][PersistenceProxyReplier::setValue] setValue when server disconnect
03-17 18:54:52.155   703   703 I vendor.fawvw.hardware.persistenceservice: [49][PersistenceService::setValue]Receive aidl setValue:key is Esound_Audio_Play,value is 0,serviceid is 2
03-17 18:54:52.155   400   452 D DiagPropHandler: Successfully set property [Esound_Audio_Play] = 0
03-17 18:54:52.155   400   452 D DiagPropHandler: Set property [Esound_Audio_Play] = 0
03-17 18:54:52.156   703   703 I vendor.fawvw.hardware.persistenceservice: [194][persistence_client_library_prct_access::get_db_context] key reserved is not in RCT,will be stored in cached
03-17 18:54:52.156   703   703 W vendor.fawvw.hardware.persistenceservice: [64][PersistenceProxyReplier::setValue] setValue when server disconnect
03-17 18:54:52.156   703   703 I vendor.fawvw.hardware.persistenceservice: [49][PersistenceService::setValue]Receive aidl setValue:key is reserved,value is 0,serviceid is 2
03-17 18:54:52.156   400   452 D DiagPropHandler: Successfully set property [reserved] = 0
03-17 18:54:52.156   400   452 D DiagPropHandler: Set property [reserved] = 0
03-17 18:54:52.156   703   703 W vendor.fawvw.hardware.persistenceservice: [64][PersistenceProxyReplier::setValue] setValue when server disconnect
03-17 18:54:52.156   703   703 I vendor.fawvw.hardware.persistenceservice: [49][PersistenceService::setValue]Receive aidl setValue:key is Audio_System,value is 0,serviceid is 2
03-17 18:54:52.156   400   452 D DiagPropHandler: Successfully set property [Audio_System] = 0
03-17 18:54:52.156   400   452 D DiagPropHandler: Set property [Audio_System] = 0
03-17 18:54:52.156   642   685 I mcuc    : sd Uart data : 6AA602088500029202DB
03-17 18:54:52.156   703   703 W vendor.fawvw.hardware.persistenceservice: [64][PersistenceProxyReplier::setValue] setValue when server disconnect
03-17 18:54:52.156   703   703 I vendor.fawvw.hardware.persistenceservice: [49][PersistenceService::setValue]Receive aidl setValue:key is WLC,value is 0,serviceid is 2
03-17 18:54:52.156   400   452 D DiagPropHandler: Successfully set property [WLC] = 0
03-17 18:54:52.156   400   452 D DiagPropHandler: Set property [WLC] = 0
03-17 18:54:52.157   703   703 I vendor.fawvw.hardware.persistenceservice: [194][persistence_client_library_prct_access::get_db_context] key Reserved is not in RCT,will be stored in cached
03-17 18:54:52.157   703   703 W vendor.fawvw.hardware.persistenceservice: [64][PersistenceProxyReplier::setValue] setValue when server disconnect
03-17 18:54:52.157   703   703 I vendor.fawvw.hardware.persistenceservice: [49][PersistenceService::setValue]Receive aidl setValue:key is Reserved,value is 0,serviceid is 2
03-17 18:54:52.157   400   452 D DiagPropHandler: Successfully set property [Reserved] = 0
03-17 18:54:52.157   400   452 D DiagPropHandler: Set property [Reserved] = 0
03-17 18:54:52.157   703   703 W vendor.fawvw.hardware.persistenceservice: [64][PersistenceProxyReplier::setValue] setValue when server disconnect
03-17 18:54:52.157   703   703 I vendor.fawvw.hardware.persistenceservice: [49][PersistenceService::setValue]Receive aidl setValue:key is DVR,value is 0,serviceid is 2
03-17 18:54:52.157   400   452 D DiagPropHandler: Successfully set property [DVR] = 0
03-17 18:54:52.157   400   452 D DiagPropHandler: Set property [DVR] = 0
03-17 18:54:52.157   703   703 W vendor.fawvw.hardware.persistenceservice: [64][PersistenceProxyReplier::setValue] setValue when server disconnect
03-17 18:54:52.157   703   703 I vendor.fawvw.hardware.persistenceservice: [49][PersistenceService::setValue]Receive aidl setValue:key is Online_Navi_Config,value is 0,serviceid is 2
03-17 18:54:52.157   400   452 D DiagPropHandler: Successfully set property [Online_Navi_Config] = 0
03-17 18:54:52.157   400   452 D DiagPropHandler: Set property [Online_Navi_Config] = 0
03-17 18:54:52.158   703   703 I vendor.fawvw.hardware.persistenceservice: [194][persistence_client_library_prct_access::get_db_context] key Reserved is not in RCT,will be stored in cached
03-17 18:54:52.158   703   703 W vendor.fawvw.hardware.persistenceservice: [64][PersistenceProxyReplier::setValue] setValue when server disconnect
03-17 18:54:52.158   703   703 I vendor.fawvw.hardware.persistenceservice: [49][PersistenceService::setValue]Receive aidl setValue:key is Reserved,value is 0,serviceid is 2
03-17 18:54:52.158   400   452 D DiagPropHandler: Successfully set property [Reserved] = 0
03-17 18:54:52.158   400   452 D DiagPropHandler: Set property [Reserved] = 0
03-17 18:54:52.158   703   703 I vendor.fawvw.hardware.persistenceservice: [194][persistence_client_library_prct_access::get_db_context] key Reserved is not in RCT,will be stored in cached
03-17 18:54:52.158   703   703 W vendor.fawvw.hardware.persistenceservice: [64][PersistenceProxyReplier::setValue] setValue when server disconnect
03-17 18:54:52.158   703   703 I vendor.fawvw.hardware.persistenceservice: [49][PersistenceService::setValue]Receive aidl setValue:key is Reserved,value is 0,serviceid is 2
03-17 18:54:52.158   400   452 D DiagPropHandler: Successfully set property [Reserved] = 0
03-17 18:54:52.158   400   452 D DiagPropHandler: Set property [Reserved] = 0
03-17 18:54:52.158   703   703 I vendor.fawvw.hardware.persistenceservice: [194][persistence_client_library_prct_access::get_db_context] key Reserved is not in RCT,will be stored in cached
03-17 18:54:52.158   703   703 W vendor.fawvw.hardware.persistenceservice: [64][PersistenceProxyReplier::setValue] setValue when server disconnect
03-17 18:54:52.158   703   703 I vendor.fawvw.hardware.persistenceservice: [49][PersistenceService::setValue]Receive aidl setValue:key is Reserved,value is 0,serviceid is 2
03-17 18:54:52.158   400   452 D DiagPropHandler: Successfully set property [Reserved] = 0
03-17 18:54:52.158   400   452 D adayocomadapter-CommunicationManager: onUpstreamReceive mPropertyId 0x2141410f
03-17 18:54:52.158   400   452 D adayocomadapter-CommunicationManager: onUpstreamReceive isLoss 0 mPropertyId 0x21414127
03-17 18:54:52.158   400   452 D adayocomadapter-CommunicationManager: convertBytesToInt32Memcpy  0
03-17 18:54:52.158   400   452 D vw-vhal : notifyVehicleProperty, propId = 0x21414127, data = {status: 2, int32Values: [0]}
03-17 18:54:52.158   400   452 I vw-vhal : CanSignalsAdapter::notifyDiagProperty: propId = 0x21414127, data = {status: 2, int32Values: [0]}
03-17 18:54:52.158   400   452 I DefaultVehicleHal_v2_0: DefaultVehicleHal::onPropertyValue, value:{.timestamp = 226106409025, .areaId = 0, .prop = 557924647, .status = AVAILABLE, .value = {.int32Values = [1]{0}, .floatValues = [0]{}, .int64Values = [0]{}, .bytes = [0]{}, .stringValue = ""}}
03-17 18:54:52.158   400   452 D DefaultVehicleHal_v2_0: onPropertyValue: Diagnostic config property: 0x21414127
03-17 18:54:52.158   400   452 D DiagPropHandler: Processing request for prop: 0x21414127, size: 1
03-17 18:54:52.159   703   703 W vendor.fawvw.hardware.persistenceservice: [64][PersistenceProxyReplier::setValue] setValue when server disconnect
03-17 18:54:52.159   703   703 I vendor.fawvw.hardware.persistenceservice: [49][PersistenceService::setValue]Receive aidl setValue:key is Tire_Pressure,value is 0,serviceid is 2
03-17 18:54:52.159   400   452 D DiagPropHandler: Successfully set property [Tire_Pressure] = 0
03-17 18:54:52.159   400   452 D adayocomadapter-CommunicationManager: onUpstreamReceive mPropertyId 0x21414127
03-17 18:54:52.159   400   452 D adayocomadapter-CommunicationManager: onUpstreamReceive isLoss 0 mPropertyId 0x21414125
03-17 18:54:52.159   400   452 D adayocomadapter-CommunicationManager: convertBytesToInt32Memcpy  0
03-17 18:54:52.159   400   452 D vw-vhal : notifyVehicleProperty, propId = 0x21414125, data = {status: 2, int32Values: [0]}
03-17 18:54:52.159   400   452 I vw-vhal : CanSignalsAdapter::notifyDiagProperty: propId = 0x21414125, data = {status: 2, int32Values: [0]}
03-17 18:54:52.159   400   452 I DefaultVehicleHal_v2_0: DefaultVehicleHal::onPropertyValue, value:{.timestamp = 226106891025, .areaId = 0, .prop = 557924645, .status = AVAILABLE, .value = {.int32Values = [1]{0}, .floatValues = [0]{}, .int64Values = [0]{}, .bytes = [0]{}, .stringValue = ""}}
03-17 18:54:52.159   400   452 D DefaultVehicleHal_v2_0: onPropertyValue: Diagnostic config property: 0x21414125
03-17 18:54:52.159   400   452 D DiagPropHandler: Processing request for prop: 0x21414125, size: 1
03-17 18:54:52.159   703   703 W vendor.fawvw.hardware.persistenceservice: [64][PersistenceProxyReplier::setValue] setValue when server disconnect
03-17 18:54:52.159   703   703 I vendor.fawvw.hardware.persistenceservice: [49][PersistenceService::setValue]Receive aidl setValue:key is Raining_Auto_Wiper,value is 0,serviceid is 2
03-17 18:54:52.159   400   452 D DiagPropHandler: Successfully set property [Raining_Auto_Wiper] = 0
03-17 18:54:52.159   400   452 D adayocomadapter-CommunicationManager: onUpstreamReceive mPropertyId 0x21414125
03-17 18:54:52.159   400   452 D adayocomadapter-CommunicationManager: onUpstreamReceive isLoss 0 mPropertyId 0x2141410b
03-17 18:54:52.159   400   452 D vw-vhal : notifyVehicleProperty, propId = 0x2141410b, data = {status: 2, int32Values: [0, 0, 0, 0, 0, 0, 0, 0, 0]}
03-17 18:54:52.159   400   452 I vw-vhal : CanSignalsAdapter::notifyDiagProperty: propId = 0x2141410b, data = {status: 2, int32Values: [0, 0, 0, 0, 0, 0, 0, 0, 0]}
03-17 18:54:52.159   400   452 I DefaultVehicleHal_v2_0: DefaultVehicleHal::onPropertyValue, value:{.timestamp = 226107395692, .areaId = 0, .prop = 557924619, .status = AVAILABLE, .value = {.int32Values = [9]{0, 0, 0, 0, 0, 0, 0, 0, 0}, .floatValues = [0]{}, .int64Values = [0]{}, .bytes = [0]{}, .stringValue = ""}}
03-17 18:54:52.159   400   452 D DefaultVehicleHal_v2_0: onPropertyValue: Diagnostic config property: 0x2141410b
03-17 18:54:52.159   400   452 D DiagPropHandler: Processing request for prop: 0x2141410b, size: 9
03-17 18:54:52.160   703   703 W vendor.fawvw.hardware.persistenceservice: [64][PersistenceProxyReplier::setValue] setValue when server disconnect
03-17 18:54:52.160   703   703 I vendor.fawvw.hardware.persistenceservice: [49][PersistenceService::setValue]Receive aidl setValue:key is tbox_operation_to_standby_timer,value is 0,serviceid is 2
03-17 18:54:52.160   400   452 D DiagPropHandler: Successfully set property [tbox_operation_to_standby_timer] = 0
03-17 18:54:52.160   703   703 W vendor.fawvw.hardware.persistenceservice: [64][PersistenceProxyReplier::setValue] setValue when server disconnect
03-17 18:54:52.160   703   703 I vendor.fawvw.hardware.persistenceservice: [49][PersistenceService::setValue]Receive aidl setValue:key is tbox_standby_to_sleep_timer,value is 0,serviceid is 2
03-17 18:54:52.160   400   452 D DiagPropHandler: Successfully set property [tbox_standby_to_sleep_timer] = 0
03-17 18:54:52.160   703   703 W vendor.fawvw.hardware.persistenceservice: [64][PersistenceProxyReplier::setValue] setValue when server disconnect
03-17 18:54:52.160   703   703 I vendor.fawvw.hardware.persistenceservice: [49][PersistenceService::setValue]Receive aidl setValue:key is ivi_operation_to_shutdown_timer,value is 0,serviceid is 2
03-17 18:54:52.161   400   452 D DiagPropHandler: Successfully set property [ivi_operation_to_shutdown_timer] = 0
03-17 18:54:52.161   703   703 W vendor.fawvw.hardware.persistenceservice: [64][PersistenceProxyReplier::setValue] setValue when server disconnect
03-17 18:54:52.161   703   703 I vendor.fawvw.hardware.persistenceservice: [49][PersistenceService::setValue]Receive aidl setValue:key is ivi_str_to_sleep_timer,value is 0,serviceid is 2
03-17 18:54:52.161   400   452 D DiagPropHandler: Successfully set property [ivi_str_to_sleep_timer] = 0
03-17 18:54:52.161   703   703 W vendor.fawvw.hardware.persistenceservice: [64][PersistenceProxyReplier::setValue] setValue when server disconnect
03-17 18:54:52.161   703   703 I vendor.fawvw.hardware.persistenceservice: [49][PersistenceService::setValue]Receive aidl setValue:key is str_mode_on_off,value is 0,serviceid is 2
