03-17 18:54:58.242   400   452 I DefaultVehicleHal_v2_0: DefaultVehicleHal::onPropertyValue, value:{.timestamp = 232190204359, .areaId = 0, .prop = 557851203, .status = UNAVAILABLE, .value = {.int32Values = [1]{0}, .floatValues = [0]{}, .int64Values = [0]{}, .bytes = [0]{}, .stringValue = ""}}
03-17 18:54:58.242   400   452 D adayocomadapter-CommunicationManager: onUpstreamReceive mPropertyId 0x21402243
03-17 18:54:58.242   400   452 D adayocomadapter-CommunicationManager: onUpstreamReceive isLoss 1 mPropertyId 0x21402244
03-17 18:54:58.242   400   452 D adayocomadapter-CommunicationManager: convertBytesToInt32Memcpy  0
03-17 18:54:58.242   400   452 D vw-vhal : notifyVehicleProperty, propId = 0x21402244, data = {status: 3, int32Values: [0]}
03-17 18:54:58.242   400   452 I DefaultVehicleHal_v2_0: DefaultVehicleHal::onPropertyValue, value:{.timestamp = 232190316026, .areaId = 0, .prop = 557851204, .status = UNAVAILABLE, .value = {.int32Values = [1]{0}, .floatValues = [0]{}, .int64Values = [0]{}, .bytes = [0]{}, .stringValue = ""}}
03-17 18:54:58.242   400   452 D adayocomadapter-CommunicationManager: onUpstreamReceive mPropertyId 0x21402244
03-17 18:54:58.242   400   452 D adayocomadapter-CommunicationManager: onUpstreamReceive isLoss 1 mPropertyId 0x21402245
03-17 18:54:58.242   400   452 D adayocomadapter-CommunicationManager: convertBytesToInt32Memcpy  0
03-17 18:54:58.242   400   452 D vw-vhal : notifyVehicleProperty, propId = 0x21402245, data = {status: 3, int32Values: [0]}
03-17 18:54:58.242   400   452 I DefaultVehicleHal_v2_0: DefaultVehicleHal::onPropertyValue, value:{.timestamp = 232190429692, .areaId = 0, .prop = 557851205, .status = UNAVAILABLE, .value = {.int32Values = [1]{0}, .floatValues = [0]{}, .int64Values = [0]{}, .bytes = [0]{}, .stringValue = ""}}
03-17 18:54:58.242   400   452 D adayocomadapter-CommunicationManager: onUpstreamReceive mPropertyId 0x21402245
03-17 18:54:58.242   400   452 D adayocomadapter-CommunicationManager: onUpstreamReceive isLoss 1 mPropertyId 0x21402246
03-17 18:54:58.242   400   452 D adayocomadapter-CommunicationManager: convertBytesToInt32Memcpy  0
03-17 18:54:58.242   400   452 D vw-vhal : notifyVehicleProperty, propId = 0x21402246, data = {status: 3, int32Values: [0]}
03-17 18:54:58.243   400   452 I DefaultVehicleHal_v2_0: DefaultVehicleHal::onPropertyValue, value:{.timestamp = 232190535692, .areaId = 0, .prop = 557851206, .status = UNAVAILABLE, .value = {.int32Values = [1]{0}, .floatValues = [0]{}, .int64Values = [0]{}, .bytes = [0]{}, .stringValue = ""}}
03-17 18:54:58.243   400   452 D adayocomadapter-CommunicationManager: onUpstreamReceive mPropertyId 0x21402246
03-17 18:54:58.243   400   452 D adayocomadapter-CommunicationManager: onUpstreamReceive isLoss 1 mPropertyId 0x21402247
03-17 18:54:58.243   400   452 D adayocomadapter-CommunicationManager: convertBytesToInt32Memcpy  0
03-17 18:54:58.243   400   452 D vw-vhal : notifyVehicleProperty, propId = 0x21402247, data = {status: 3, int32Values: [0]}
03-17 18:54:58.243   400   452 I DefaultVehicleHal_v2_0: DefaultVehicleHal::onPropertyValue, value:{.timestamp = 232190639692, .areaId = 0, .prop = 557851207, .status = UNAVAILABLE, .value = {.int32Values = [1]{0}, .floatValues = [0]{}, .int64Values = [0]{}, .bytes = [0]{}, .stringValue = ""}}
03-17 18:54:58.243   400   452 D adayocomadapter-CommunicationManager: onUpstreamReceive mPropertyId 0x21402247
03-17 18:54:58.243   400   452 D adayocomadapter-CommunicationManager: onUpstreamReceive isLoss 1 mPropertyId 0x21402248
03-17 18:54:58.243   400   452 D adayocomadapter-CommunicationManager: convertBytesToInt32Memcpy  0
03-17 18:54:58.243   400   452 D vw-vhal : notifyVehicleProperty, propId = 0x21402248, data = {status: 3, int32Values: [0]}
03-17 18:54:58.243   400   452 I DefaultVehicleHal_v2_0: DefaultVehicleHal::onPropertyValue, value:{.timestamp = 232190744026, .areaId = 0, .prop = 557851208, .status = UNAVAILABLE, .value = {.int32Values = [1]{0}, .floatValues = [0]{}, .int64Values = [0]{}, .bytes = [0]{}, .stringValue = ""}}
03-17 18:54:58.243   400   452 D adayocomadapter-CommunicationManager: onUpstreamReceive mPropertyId 0x21402248
03-17 18:54:58.243   400   452 D adayocomadapter-CommunicationManager: onUpstreamReceive isLoss 1 mPropertyId 0x21402249
03-17 18:54:58.243   400   452 D adayocomadapter-CommunicationManager: convertBytesToInt32Memcpy  0
03-17 18:54:58.243   400   452 D vw-vhal : notifyVehicleProperty, propId = 0x21402249, data = {status: 3, int32Values: [0]}
03-17 18:54:58.243   400   452 I DefaultVehicleHal_v2_0: DefaultVehicleHal::onPropertyValue, value:{.timestamp = 232190852692, .areaId = 0, .prop = 557851209, .status = UNAVAILABLE, .value = {.int32Values = [1]{0}, .floatValues = [0]{}, .int64Values = [0]{}, .bytes = [0]{}, .stringValue = ""}}
03-17 18:54:58.243   400   452 D adayocomadapter-CommunicationManager: onUpstreamReceive mPropertyId 0x21402249
03-17 18:54:58.243   400   452 D adayocomadapter-CommunicationManager: onUpstreamReceive isLoss 1 mPropertyId 0x2140224b
03-17 18:54:58.243   400   452 D adayocomadapter-CommunicationManager: convertBytesToInt32Memcpy  0
03-17 18:54:58.243   400   452 D vw-vhal : notifyVehicleProperty, propId = 0x2140224b, data = {status: 3, int32Values: [0]}
03-17 18:54:58.243   400   452 I DefaultVehicleHal_v2_0: DefaultVehicleHal::onPropertyValue, value:{.timestamp = 232190957359, .areaId = 0, .prop = 557851211, .status = UNAVAILABLE, .value = {.int32Values = [1]{0}, .floatValues = [0]{}, .int64Values = [0]{}, .bytes = [0]{}, .stringValue = ""}}
03-17 18:54:58.243   400   452 D adayocomadapter-CommunicationManager: onUpstreamReceive mPropertyId 0x2140224b
03-17 18:54:58.243   400   452 D adayocomadapter-CommunicationManager: onUpstreamReceive isLoss 1 mPropertyId 0x2140224d
03-17 18:54:58.243   400   452 D adayocomadapter-CommunicationManager: convertBytesToInt32Memcpy  0
03-17 18:54:58.243   400   452 D vw-vhal : notifyVehicleProperty, propId = 0x2140224d, data = {status: 3, int32Values: [0]}
03-17 18:54:58.243   400   452 I DefaultVehicleHal_v2_0: DefaultVehicleHal::onPropertyValue, value:{.timestamp = 232191060359, .areaId = 0, .prop = 557851213, .status = UNAVAILABLE, .value = {.int32Values = [1]{0}, .floatValues = [0]{}, .int64Values = [0]{}, .bytes = [0]{}, .stringValue = ""}}
03-17 18:54:58.243   400   452 D adayocomadapter-CommunicationManager: onUpstreamReceive mPropertyId 0x2140224d
03-17 18:54:58.243   400   452 D adayocomadapter-CommunicationManager: onUpstreamReceive isLoss 1 mPropertyId 0x2140224f
03-17 18:54:58.243   400   452 D adayocomadapter-CommunicationManager: convertBytesToInt32Memcpy  0
03-17 18:54:58.243   400   452 D vw-vhal : notifyVehicleProperty, propId = 0x2140224f, data = {status: 3, int32Values: [0]}
03-17 18:54:58.243   400   452 I DefaultVehicleHal_v2_0: DefaultVehicleHal::onPropertyValue, value:{.timestamp = 232191166359, .areaId = 0, .prop = 557851215, .status = UNAVAILABLE, .value = {.int32Values = [1]{0}, .floatValues = [0]{}, .int64Values = [0]{}, .bytes = [0]{}, .stringValue = ""}}
03-17 18:54:58.243   400   452 D adayocomadapter-CommunicationManager: onUpstreamReceive mPropertyId 0x2140224f
03-17 18:54:58.243   400   452 D adayocomadapter-CommunicationManager: onUpstreamReceive isLoss 1 mPropertyId 0x21402251
03-17 18:54:58.243   400   452 D adayocomadapter-CommunicationManager: convertBytesToInt32Memcpy  0
03-17 18:54:58.243   400   452 D vw-vhal : notifyVehicleProperty, propId = 0x21402251, data = {status: 3, int32Values: [0]}
03-17 18:54:58.243   400   452 I DefaultVehicleHal_v2_0: DefaultVehicleHal::onPropertyValue, value:{.timestamp = 232191274359, .areaId = 0, .prop = 557851217, .status = UNAVAILABLE, .value = {.int32Values = [1]{0}, .floatValues = [0]{}, .int64Values = [0]{}, .bytes = [0]{}, .stringValue = ""}}
03-17 18:54:58.243   400   452 D adayocomadapter-CommunicationManager: onUpstreamReceive mPropertyId 0x21402251
03-17 18:54:58.243   400   452 D adayocomadapter-CommunicationManager: onUpstreamReceive isLoss 1 mPropertyId 0x21402253
03-17 18:54:58.243   400   452 D adayocomadapter-CommunicationManager: convertBytesToInt32Memcpy  0
03-17 18:54:58.243   400   452 D vw-vhal : notifyVehicleProperty, propId = 0x21402253, data = {status: 3, int32Values: [0]}
03-17 18:54:58.243   400   452 I DefaultVehicleHal_v2_0: DefaultVehicleHal::onPropertyValue, value:{.timestamp = 232191385359, .areaId = 0, .prop = 557851219, .status = UNAVAILABLE, .value = {.int32Values = [1]{0}, .floatValues = [0]{}, .int64Values = [0]{}, .bytes = [0]{}, .stringValue = ""}}
03-17 18:54:58.243   400   452 D adayocomadapter-CommunicationManager: onUpstreamReceive mPropertyId 0x21402253
03-17 18:54:58.243   400   452 D adayocomadapter-CommunicationManager: onUpstreamReceive isLoss 1 mPropertyId 0x21402254
03-17 18:54:58.243   400   452 D adayocomadapter-CommunicationManager: convertBytesToInt32Memcpy  0
03-17 18:54:58.243   400   452 D vw-vhal : notifyVehicleProperty, propId = 0x21402254, data = {status: 3, int32Values: [0]}
03-17 18:54:58.243   400   452 I DefaultVehicleHal_v2_0: DefaultVehicleHal::onPropertyValue, value:{.timestamp = 232191499026, .areaId = 0, .prop = 557851220, .status = UNAVAILABLE, .value = {.int32Values = [1]{0}, .floatValues = [0]{}, .int64Values = [0]{}, .bytes = [0]{}, .stringValue = ""}}
03-17 18:54:58.243   400   452 D adayocomadapter-CommunicationManager: onUpstreamReceive mPropertyId 0x21402254
03-17 18:54:58.265  2383  2600 D AdayoDoipServer294_Doip: [ne_doip_event_loop_dispatch][line:141] : count = 0
03-17 18:54:58.276   642   685 I mcuc    : sd Uart data : 6AA60208C4000292029C
03-17 18:54:58.281   642   685 I mcuc    : rev uart=2339,len=17, data : 6AA68108C4000992020002000000000113
03-17 18:54:58.282   400  1006 D adayocomadapter-ParseProtocolFunc: printRaWMsg Name[MCUToUPstream recv] len[9] data[920200020000000001]
03-17 18:54:58.282   400  1006 D adayocomadapter-CommunicationManager: onUpstreamback   member[0] dataLength[6] timePoint[232229]
03-17 18:54:58.282   400  1006 D adayocomadapter-ParseProtocolFunc: printRaWMsg Name[onUpstreamback] len[6] data[020000000001]
03-17 18:54:58.282   400   452 D adayocomadapter-UpstreamHandler: processBeforePacket upSreamtProcessTimePoint[232229] 
03-17 18:54:58.282   400   452 D adayocomadapter-UpstreamHandler: processPacket UPSTREAM_QUEUE_DATA_TIMEOUT
03-17 18:54:58.282   400   452 D adayocomadapter-ParseProtocolFunc: parseCommonIPCLBytes Processing tableNumber[2]
03-17 18:54:58.282   400   452 D adayocomadapter-ParseProtocolFunc: parseCommonIPCLBytes Processing tablename[Table-2] tableSize[6]
03-17 18:54:58.282   400   452 D adayocomadapter-ParseProtocolFunc: printRaWMsg Name[byteStream recv] len[6] data[020000000001]
03-17 18:54:58.282   400   452 D adayocomadapter-ParseProtocolFunc: printRaWMsg Name[IPCLtoVHAL] len[7] data[21402049000100]
03-17 18:54:58.282   400   452 D adayocomadapter-ParseProtocolFunc: printRaWMsg Name[IPCLtoVHAL] len[7] data[214021A2000100]
03-17 18:54:58.282   400   452 D adayocomadapter-ParseProtocolFunc: printRaWMsg Name[IPCLtoVHAL] len[7] data[21402206000100]
03-17 18:54:58.282   400   452 D adayocomadapter-ParseProtocolFunc: printRaWMsg Name[IPCLtoVHAL] len[7] data[214020EA000100]
03-17 18:54:58.282   400   452 D adayocomadapter-CommunicationManager: onUpstreamReceive isLoss 1 mPropertyId 0x21402049
03-17 18:54:58.282   400   452 D adayocomadapter-CommunicationManager: convertBytesToInt32Memcpy  0
03-17 18:54:58.282   400   452 D vw-vhal : notifyVehicleProperty, propId = 0x21402049, data = {status: 3, int32Values: [0]}
03-17 18:54:58.282   400   452 I DefaultVehicleHal_v2_0: DefaultVehicleHal::onPropertyValue, value:{.timestamp = 232229946026, .areaId = 0, .prop = 557850697, .status = UNAVAILABLE, .value = {.int32Values = [1]{0}, .floatValues = [0]{}, .int64Values = [0]{}, .bytes = [0]{}, .stringValue = ""}}
03-17 18:54:58.282   400   452 D adayocomadapter-CommunicationManager: onUpstreamReceive mPropertyId 0x21402049
03-17 18:54:58.282   400   452 D adayocomadapter-CommunicationManager: onUpstreamReceive isLoss 1 mPropertyId 0x214021a2
03-17 18:54:58.282   400   452 D adayocomadapter-CommunicationManager: convertBytesToInt32Memcpy  0
03-17 18:54:58.282   400   452 D vw-vhal : notifyVehicleProperty, propId = 0x214021a2, data = {status: 3, int32Values: [0]}
03-17 18:54:58.282   400   452 I DefaultVehicleHal_v2_0: DefaultVehicleHal::onPropertyValue, value:{.timestamp = 232230089359, .areaId = 0, .prop = 557851042, .status = UNAVAILABLE, .value = {.int32Values = [1]{0}, .floatValues = [0]{}, .int64Values = [0]{}, .bytes = [0]{}, .stringValue = ""}}
03-17 18:54:58.282   400   452 D adayocomadapter-CommunicationManager: onUpstreamReceive mPropertyId 0x214021a2
03-17 18:54:58.282   400   452 D adayocomadapter-CommunicationManager: onUpstreamReceive isLoss 1 mPropertyId 0x21402206
03-17 18:54:58.282   400   452 D adayocomadapter-CommunicationManager: convertBytesToInt32Memcpy  0
03-17 18:54:58.282   400   452 D vw-vhal : notifyVehicleProperty, propId = 0x21402206, data = {status: 3, int32Values: [0]}
03-17 18:54:58.282   400   452 I DefaultVehicleHal_v2_0: DefaultVehicleHal::onPropertyValue, value:{.timestamp = 232230209692, .areaId = 0, .prop = 557851142, .status = UNAVAILABLE, .value = {.int32Values = [1]{0}, .floatValues = [0]{}, .int64Values = [0]{}, .bytes = [0]{}, .stringValue = ""}}
03-17 18:54:58.282   400   452 D adayocomadapter-CommunicationManager: onUpstreamReceive mPropertyId 0x21402206
03-17 18:54:58.282   400   452 D adayocomadapter-CommunicationManager: onUpstreamReceive isLoss 1 mPropertyId 0x214020ea
03-17 18:54:58.282   400   452 D adayocomadapter-CommunicationManager: convertBytesToInt32Memcpy  0
03-17 18:54:58.282   400   452 D vw-vhal : notifyVehicleProperty, propId = 0x214020ea, data = {status: 3, int32Values: [0]}
03-17 18:54:58.282   400   452 I DefaultVehicleHal_v2_0: DefaultVehicleHal::onPropertyValue, value:{.timestamp = 232230326359, .areaId = 0, .prop = 557850858, .status = UNAVAILABLE, .value = {.int32Values = [1]{0}, .floatValues = [0]{}, .int64Values = [0]{}, .bytes = [0]{}, .stringValue = ""}}
03-17 18:54:58.282   400   452 D adayocomadapter-CommunicationManager: onUpstreamReceive mPropertyId 0x214020ea
03-17 18:54:58.286 10173 10197 D TimerTriggerManager: init instance...
03-17 18:54:58.286 10173 10197 D TimerTriggerManager: Timer thread'TimerTriggerManager' is destroyed: false
03-17 18:54:58.286 10173 10197 D TimerTriggerManager: Timer 'onIndcnVehSpdChanged' is running: true
03-17 18:54:58.287 10173 10197 D TimerTriggerManager: Sending reset signal to timer 'onIndcnVehSpdChanged'
03-17 18:54:58.287 10173 10197 D TimerTriggerManager: Reset signal sent to timer 'onIndcnVehSpdChanged'
03-17 18:54:58.287 10173 10204 D TimerTriggerController: Reset method called for timer: onIndcnVehSpdChanged
03-17 18:54:58.287 10173 10204 D TimerTriggerController: Calling onTimerReset for timer: onIndcnVehSpdChanged
03-17 18:54:58.287 10173 10204 D TimerTriggerManager: Timer reset: onIndcnVehSpdChanged
03-17 18:54:58.287 10173 10204 I TimerTriggerController: Timer [onIndcnVehSpdChanged] reset, remaining: 1000ms, reset count: 433
03-17 18:54:58.287 10173 10197 D TimerTriggerManager: init instance...
03-17 18:54:58.287 10173 10197 D TimerTriggerManager: Timer thread'TimerTriggerManager' is destroyed: false
03-17 18:54:58.287 10173 10197 D TimerTriggerManager: Timer 'onMntnWarnReqChanged' is running: true
03-17 18:54:58.287 10173 10197 D TimerTriggerManager: Sending reset signal to timer 'onMntnWarnReqChanged'
03-17 18:54:58.288 10173 10197 D TimerTriggerManager: Reset signal sent to timer 'onMntnWarnReqChanged'
03-17 18:54:58.288 10173 10204 D TimerTriggerController: Reset method called for timer: onMntnWarnReqChanged
03-17 18:54:58.288 10173 10204 D TimerTriggerController: Calling onTimerReset for timer: onMntnWarnReqChanged
03-17 18:54:58.288 10173 10204 D TimerTriggerManager: Timer reset: onMntnWarnReqChanged
03-17 18:54:58.288 10173 10204 I TimerTriggerController: Timer [onMntnWarnReqChanged] reset, remaining: 5000ms, reset count: 217
03-17 18:54:58.315   582  3616 E WifiHAL : Invalid data received from driver
03-17 18:54:58.353  2106  2450 D CAR.DIAGNOSTIC: Entry - Type: 0x01, ServiceId: 0x2071, InstanceId: 0x0001, MajorVersion: 0x01FFFFFF, TTL: 0
03-17 18:54:58.353  2106  2458 D CAR.DIAGNOSTIC: Entry - Type: 0x01, ServiceId: 0x2071, InstanceId: 0x0001, MajorVersion: 0x01FFFFFF, TTL: 0
03-17 18:54:58.353  2106  2460 D CAR.DIAGNOSTIC: Entry - Type: 0x01, ServiceId: 0x2071, InstanceId: 0x0001, MajorVersion: 0x01FFFFFF, TTL: 0
03-17 18:54:58.353  2106  2450 D CAR.DIAGNOSTIC: Entry - Type: 0x01, ServiceId: 0x4001, InstanceId: 0x0001, MajorVersion: 0x01FFFFFF, TTL: 0
03-17 18:54:58.353  2106  2460 D CAR.DIAGNOSTIC: Entry - Type: 0x01, ServiceId: 0x4001, InstanceId: 0x0001, MajorVersion: 0x01FFFFFF, TTL: 0
03-17 18:54:58.353  2106  2458 D CAR.DIAGNOSTIC: Entry - Type: 0x01, ServiceId: 0x4001, InstanceId: 0x0001, MajorVersion: 0x01FFFFFF, TTL: 0
03-17 18:54:58.357   903  1756 I WifiService: startScan uid=1000
03-17 18:54:58.359   903  1269 I WifiScanningService: Registering listener= com.android.server.wifi.scanner.WifiScannerInternal$ScanListener@12ca037 uid=1000 packageName=com.fawvw.hmi.bev.carapp workSource=WorkSource{1000}
03-17 18:54:58.359   903  1269 I WifiScanningService: start scan: ClientInfo[uid=1000, package=com.fawvw.hmi.bev.carapp, com.android.server.wifi.scanner.WifiScannerInternal$ScanListener@12ca037] package com.fawvw.hmi.bev.carapp
03-17 18:54:58.359   903  1269 I WifiScanningService: addSingleScanRequest: ClientInfo[uid=1000, package=com.fawvw.hmi.bev.carapp, com.android.server.wifi.scanner.WifiScannerInternal$ScanListener@12ca037],WorkSource{1000 com.fawvw.hmi.bev.carapp}, ScanSettings {  type:HIGH ACCURACY band:24Ghz & 5Ghz (DFS incl) & 6Ghz & 60Ghz ignoreLocationSettings:false period:0 reportEvents:3 numBssidsPerScan:0 maxScansToCache:0 rnrSetting:0 6GhzPscOnlyEnabled:false channels:[  ]  } 
03-17 18:54:58.360   903  1251 D WifiScanRequestProxy: Scan request succeeded
03-17 18:54:58.360   903  1269 D WifiScanningService: replySucceeded onSuccess
03-17 18:54:58.365   903  1269 D InstantWifi: Drop, size: 1
03-17 18:54:58.365  2383  2600 D AdayoDoipServer294_Doip: [ne_doip_event_loop_dispatch][line:141] : count = 0
03-17 18:54:58.365   582  3616 E WifiHAL : Invalid data received from driver
03-17 18:54:58.365   885   885 D wificond: Triggering scan with scan_flag=1024
03-17 18:54:58.365  3517  3517 D hostapd : nl80211: Ignored event 33 (NL80211_CMD_TRIGGER_SCAN) for foreign interface (ifindex 26 wdev 0x0)
03-17 18:54:58.365  2238  2238 D wpa_supplicant: nl80211: Drv Event 33 (NL80211_CMD_TRIGGER_SCAN) received for wlan0
03-17 18:54:58.366   582  3616 E WifiHAL : Invalid data received from driver
03-17 18:54:58.366  2238  2238 D wpa_supplicant: wlan0: nl80211: Scan trigger
03-17 18:54:58.366  2238  2238 D wpa_supplicant: wlan0: Event SCAN_STARTED (47) received
03-17 18:54:58.366  2238  2238 D wpa_supplicant: wlan0: External program started a scan
03-17 18:54:58.371   582  3616 E WifiHAL : Invalid data received from driver
03-17 18:54:58.371   582  3616 E WifiHAL : Invalid data received from driver
03-17 18:54:58.371   582  3616 E WifiHAL : Invalid data received from driver
03-17 18:54:58.371   582  3616 E WifiHAL : Invalid data received from driver
03-17 18:54:58.371   582  3616 E WifiHAL : Invalid data received from driver
03-17 18:54:58.371   582  3616 E WifiHAL : Invalid data received from driver
03-17 18:54:58.371   582  3616 E WifiHAL : Invalid data received from driver
03-17 18:54:58.372   582  3616 E WifiHAL : Invalid data received from driver
03-17 18:54:58.379  1646  2260 E DataCollectManager: eventId = thresholdUpload, data = {"AllInfo":"{\"Cpu\": [{\"coreId\": -1, \"Usage\": 0.25, \"user\": 10.23, \"nice\": 1.30, \"system\": 11.82, \"idle\": 74.93, \"iowait\": 0.00, \"irq\": 1.01, \"softirq\": 0.72},{\"coreId\": 0, \"Usage\": 0.29, \"user\": 12.82, \"nice\": 0.00, \"system\": 11.97, \"idle\": 70.94, \"iowait\": 0.00, \"irq\": 1.71, \"softirq\": 2.56},{\"coreId\": 1, \"Usage\": 0.33, \"user\": 9.32, \"nice\": 3.39, \"system\": 17.80, \"idle\": 66.95, \"iowait\": 0.85, \"irq\": 0.85, \"softirq\": 0.85},{\"coreId\": 2, \"Usage\": 0.25, \"user\": 8.70, \"nice\": 0.87, \"system\": 13.91, \"idle\": 74.78, \"iowait\": 0.00, \"irq\": 0.87, \"softirq\": 0.87},{\"coreId\": 3, \"Usage\": 0.17, \"user\": 9.01, \"nice\": 0.90, \"system\": 6.31, \"idle\": 82.88, \"iowait\": 0.00, \"irq\": 0.90, \"softirq\": 0.00},{\"coreId\": 4, \"Usage\": 0.21, \"user\": 12.82, \"nice\": 0.00, \"system\": 7.69, \"idle\": 79.49, \"iowait\": 0.00, \"irq\": 0.00, \"softirq\": 0.00},{\"coreId\": 5, \"Usage\": 0.27, \"user\": 8.47, \"nice\": 3.39, \"system\": 13.56, \"idle\": 72.88, \"iowait\": 0.00, \"irq\": 0.85, \"softirq\": 0.85},],{\"type\": \" android_mem \",\"subType\": \" mem_usage \",\"currentValue\": \"0.7303902\",\"thresholdValue\": \" 25.00% \",\"stat\": \"Usage:0.7303902,MemTotal:6004812M,MemFree:905140M,MemAvailable:1618956M,Cached:1519752M,SwapTotal:2401920M,SwapFree:1860992M\"},{\"type\": \" android_io \",\"subType\": \" write_rate \",\"currentValue\": \"0.01\",\"thresholdValue\": \" 10MB/s \",\"stat\": \"ReadKBps:0.01 MB/s,WriteKBps:0.15 MB/s, iops:7.00 times/s},{\"disk\":{\"usage\":7.84,\"freeSpaceMB\":46881,\"totalSpaceMB\":50867}}"}
03-17 18:54:58.386 10173 10197 D TimerTriggerManager: init instance...
03-17 18:54:58.386 10173 10197 D TimerTriggerManager: Timer thread'TimerTriggerManager' is destroyed: false
03-17 18:54:58.386 10173 10197 D TimerTriggerManager: Timer 'onIndcnVehSpdChanged' is running: true
03-17 18:54:58.386 10173 10197 D TimerTriggerManager: Sending reset signal to timer 'onIndcnVehSpdChanged'
03-17 18:54:58.386 10173 10197 D TimerTriggerManager: Reset signal sent to timer 'onIndcnVehSpdChanged'
03-17 18:54:58.386 10173 10204 D TimerTriggerController: Reset method called for timer: onIndcnVehSpdChanged
03-17 18:54:58.386 10173 10204 D TimerTriggerController: Calling onTimerReset for timer: onIndcnVehSpdChanged
03-17 18:54:58.387 10173 10204 D TimerTriggerManager: Timer reset: onIndcnVehSpdChanged
03-17 18:54:58.387 10173 10204 I TimerTriggerController: Timer [onIndcnVehSpdChanged] reset, remaining: 999ms, reset count: 434
03-17 18:54:58.392   582  3616 E WifiHAL : Invalid data received from driver
03-17 18:54:58.393  1627  1648 D CollectDataDataFiller: ===
03-17 18:54:58.393  1627  1648 D CollectDataDataFiller: Fill [AppId = SystemInfo] [EventId = thresholdUpload] with
03-17 18:54:58.393  1627  1648 D CollectDataDataFiller: [MsgId = 46df6682-9ed9-4104-a01f-e6b895d476a0]
03-17 18:54:58.393  1627  1648 D CollectDataDataFiller: ===
03-17 18:54:58.407  1646  2260 E DataCollectManager: eventId = monitorProcess, data = {"ProcessInfo":"{\"pid\":\"1646\",\"cmdline\":\"com.adayo.aaop_deviceservice\",\"cpu\":\"2.7\",\"memory\":\"13527152\"},{\"pid\":\"10684\",\"cmdline\":\"ps -A -o pid,pcpu,args --sort\u003d-pcpu\",\"cpu\":\"1.0\",\"memory\":\"\"},{\"pid\":\"10685\",\"cmdline\":\"head -n 11\",\"cpu\":\"1.0\",\"memory\":\"\"},{\"pid\":\"10683\",\"cmdline\":\"sh\",\"cpu\":\"0.0\",\"memory\":\"\"}"}
03-17 18:54:58.410   582  3616 E WifiHAL : Invalid data received from driver
01-01 08:03:53.560   709   709 E [schedu][0xdd97ea6][10:54:58.409997] qcn7605: [709:E:WMI] is_service_enabled_tlv: Service id 371 but WMI ext2 service bitmap is NULL
03-17 18:54:58.415  1627  1648 D CollectDataDataFiller: ===
03-17 18:54:58.415  1627  1648 D CollectDataDataFiller: Fill [AppId = SystemInfo] [EventId = monitorProcess] with
03-17 18:54:58.415  1627  1648 D CollectDataDataFiller: [MsgId = 5261f431-f0db-42d3-a770-eda0d244a19b]
03-17 18:54:58.415  1627  1648 D CollectDataDataFiller: ===
03-17 18:54:58.446   582  3616 E WifiHAL : Invalid data received from driver
03-17 18:54:58.449   644   644 E fgesysctrl_hidl_hal_test1: fgesysctrl_get_signal status *value=0
03-17 18:54:58.450   649   759 D EvsApp  : CameraFgeSysctrl::fgesysctrl_get_signal_status() end ret = 1
03-17 18:54:58.450  1646  8217 I evsservice20200311: function = notifyAppDeviceValue :ADAYO_AVM_CAMERA_SIGNAL_STATE,1---
03-17 18:54:58.451  1646  1985 E EvsServiceManager: EvsServiceManager$1->notifyDeviceValue()42:notifyDeviceValue key：ADAYO_AVM_CAMERA_SIGNAL_STATEvalue1     ---255:Thread-216
03-17 18:54:58.465  2383  2600 D AdayoDoipServer294_Doip: [ne_doip_event_loop_dispatch][line:141] : count = 0
03-17 18:54:58.486 10173 10197 D TimerTriggerManager: init instance...
03-17 18:54:58.486 10173 10197 D TimerTriggerManager: Timer thread'TimerTriggerManager' is destroyed: false
03-17 18:54:58.486 10173 10197 D TimerTriggerManager: Timer 'onIndcnVehSpdChanged' is running: true
03-17 18:54:58.487 10173 10197 D TimerTriggerManager: Sending reset signal to timer 'onIndcnVehSpdChanged'
03-17 18:54:58.487 10173 10197 D TimerTriggerManager: Reset signal sent to timer 'onIndcnVehSpdChanged'
03-17 18:54:58.487 10173 10204 D TimerTriggerController: Reset method called for timer: onIndcnVehSpdChanged
03-17 18:54:58.487 10173 10204 D TimerTriggerController: Calling onTimerReset for timer: onIndcnVehSpdChanged
03-17 18:54:58.487 10173 10197 D TimerTriggerManager: init instance...
03-17 18:54:58.487 10173 10197 D TimerTriggerManager: Timer thread'TimerTriggerManager' is destroyed: false
03-17 18:54:58.487 10173 10197 D TimerTriggerManager: Timer 'onMntnWarnReqChanged' is running: true
03-17 18:54:58.487 10173 10197 D TimerTriggerManager: Sending reset signal to timer 'onMntnWarnReqChanged'
03-17 18:54:58.487 10173 10197 D TimerTriggerManager: Reset signal sent to timer 'onMntnWarnReqChanged'
03-17 18:54:58.487 10173 10204 D TimerTriggerManager: Timer reset: onIndcnVehSpdChanged
03-17 18:54:58.487 10173 10204 I TimerTriggerController: Timer [onIndcnVehSpdChanged] reset, remaining: 1000ms, reset count: 435
03-17 18:54:58.488 10173 10204 D TimerTriggerController: Reset method called for timer: onMntnWarnReqChanged
03-17 18:54:58.488 10173 10204 D TimerTriggerController: Calling onTimerReset for timer: onMntnWarnReqChanged
03-17 18:54:58.488 10173 10204 D TimerTriggerManager: Timer reset: onMntnWarnReqChanged
03-17 18:54:58.488 10173 10204 I TimerTriggerController: Timer [onMntnWarnReqChanged] reset, remaining: 5000ms, reset count: 218
03-17 18:54:58.531  1566  3186 D TboxNetworkManager: tboxNetworkbinder=null
03-17 18:54:58.544   582  3616 E WifiHAL : Invalid data received from driver
03-17 18:54:58.544   582  3616 E WifiHAL : Invalid data received from driver
03-17 18:54:58.544   582  3616 E WifiHAL : Invalid data received from driver
03-17 18:54:58.544   582  3616 E WifiHAL : Invalid data received from driver
03-17 18:54:58.544   582  3616 E WifiHAL : Invalid data received from driver
03-17 18:54:58.545   582  3616 E WifiHAL : Invalid data received from driver
03-17 18:54:58.545   582  3616 E WifiHAL : Invalid data received from driver
03-17 18:54:58.545   582  3616 E WifiHAL : Invalid data received from driver
03-17 18:54:58.565  2383  2600 D AdayoDoipServer294_Doip: [ne_doip_event_loop_dispatch][line:141] : count = 0
03-17 18:54:58.578   582  3616 E WifiHAL : Invalid data received from driver
03-17 18:54:58.587 10173 10197 D TimerTriggerManager: init instance...
03-17 18:54:58.587 10173 10197 D TimerTriggerManager: Timer thread'TimerTriggerManager' is destroyed: false
03-17 18:54:58.587 10173 10197 D TimerTriggerManager: Timer 'onIndcnVehSpdChanged' is running: true
03-17 18:54:58.587 10173 10197 D TimerTriggerManager: Sending reset signal to timer 'onIndcnVehSpdChanged'
03-17 18:54:58.587 10173 10197 D TimerTriggerManager: Reset signal sent to timer 'onIndcnVehSpdChanged'
03-17 18:54:58.587 10173 10204 D TimerTriggerController: Reset method called for timer: onIndcnVehSpdChanged
03-17 18:54:58.587 10173 10204 D TimerTriggerController: Calling onTimerReset for timer: onIndcnVehSpdChanged
03-17 18:54:58.587 10173 10204 D TimerTriggerManager: Timer reset: onIndcnVehSpdChanged
03-17 18:54:58.587 10173 10204 I TimerTriggerController: Timer [onIndcnVehSpdChanged] reset, remaining: 1000ms, reset count: 436
03-17 18:54:58.597  2106  2458 D CAR.DIAGNOSTIC: Entry - Type: 0x01, ServiceId: 0x2048, InstanceId: 0x0001, MajorVersion: 0x01FFFFFF, TTL: 0
03-17 18:54:58.597  2106  2450 D CAR.DIAGNOSTIC: Entry - Type: 0x01, ServiceId: 0x2048, InstanceId: 0x0001, MajorVersion: 0x01FFFFFF, TTL: 0
03-17 18:54:58.597  2106  2460 D CAR.DIAGNOSTIC: Entry - Type: 0x01, ServiceId: 0x2048, InstanceId: 0x0001, MajorVersion: 0x01FFFFFF, TTL: 0
03-17 18:54:58.597  2106  2458 D CAR.DIAGNOSTIC: Entry - Type: 0x01, ServiceId: 0x5555, InstanceId: 0x0001, MajorVersion: 0x01FFFFFF, TTL: 0
03-17 18:54:58.597  2106  2460 D CAR.DIAGNOSTIC: Entry - Type: 0x01, ServiceId: 0x5555, InstanceId: 0x0001, MajorVersion: 0x01FFFFFF, TTL: 0
03-17 18:54:58.597  2106  2460 W CAR.DIAGNOSTIC: Not enough data for option indices: needed 128, remaining 52
03-17 18:54:58.597  2106  2458 W CAR.DIAGNOSTIC: Not enough data for option indices: needed 128, remaining 52
03-17 18:54:58.597  2106  2450 D CAR.DIAGNOSTIC: Entry - Type: 0x01, ServiceId: 0x5555, InstanceId: 0x0001, MajorVersion: 0x01FFFFFF, TTL: 0
03-17 18:54:58.597  2106  2450 W CAR.DIAGNOSTIC: Not enough data for option indices: needed 128, remaining 52
03-17 18:54:58.615   903  1190 D JobScheduler.Quota: 10036 is still allowed
03-17 18:54:58.622   582  3616 E WifiHAL : Invalid data received from driver
03-17 18:54:58.655   582  3616 E WifiHAL : Invalid data received from driver
03-17 18:54:58.665   642   685 I mcuc    : sd Uart data : 6AA60208C5000292029B
03-17 18:54:58.666  2383  2600 D AdayoDoipServer294_Doip: [ne_doip_event_loop_dispatch][line:141] : count = 0
03-17 18:54:58.669   582  3616 E WifiHAL : Invalid data received from driver
03-17 18:54:58.669   582  3616 E WifiHAL : Invalid data received from driver
03-17 18:54:58.669   582  3616 E WifiHAL : Invalid data received from driver
03-17 18:54:58.669   582  3616 E WifiHAL : Invalid data received from driver
03-17 18:54:58.669   582  3616 E WifiHAL : Invalid data received from driver
03-17 18:54:58.669   582  3616 E WifiHAL : Invalid data received from driver
03-17 18:54:58.669   582  3616 E WifiHAL : Invalid data received from driver
03-17 18:54:58.669   582  3616 E WifiHAL : Invalid data received from driver
03-17 18:54:58.670   642   685 I mcuc    : rev uart=2340,len=63, data : 6AA68108C500379202001200001E1E000000000000000000000000000000000000000000000000000000000000000000000000000000000000010101010194
03-17 18:54:58.670   642   685 I mcuc    : sd Uart data : 6AA60208C6000292029A
03-17 18:54:58.670   400  1006 D adayocomadapter-ParseProtocolFunc: printRaWMsg Name[MCUToUPstream recv] len[55] data[9202001200001E1E0000000000000000000000000000000000000000000000000000000000000000000000000000000000000101010101]
03-17 18:54:58.670   400  1006 D adayocomadapter-CommunicationManager: onUpstreamback   member[0] dataLength[52] timePoint[232618]
03-17 18:54:58.671   400  1006 D adayocomadapter-ParseProtocolFunc: printRaWMsg Name[onUpstreamback] len[52] data[1200001E1E0000000000000000000000000000000000000000000000000000000000000000000000000000000000000101010101]
03-17 18:54:58.671   400   452 D adayocomadapter-UpstreamHandler: processBeforePacket upSreamtProcessTimePoint[232618] 
03-17 18:54:58.671   400   452 D adayocomadapter-UpstreamHandler: processPacket UPSTREAM_QUEUE_DATA_TIMEOUT
03-17 18:54:58.671   400   452 D adayocomadapter-ParseProtocolFunc: parseCommonIPCLBytes Processing tableNumber[18]
03-17 18:54:58.671   400   452 D adayocomadapter-ParseProtocolFunc: parseCommonIPCLBytes Processing tablename[Table-18] tableSize[53]
03-17 18:54:58.671   400   452 D adayocomadapter-ParseProtocolFunc: parseCommonIPCLBytes Error: table.tSize unMatched byteStream.size[52]
03-17 18:54:58.673   582  3616 E WifiHAL : Invalid data received from driver
03-17 18:54:58.673  3517  3517 D hostapd : nl80211: BSS Event 59 (NL80211_CMD_FRAME) received for wlan1
03-17 18:54:58.674  3517  3517 D hostapd : nl80211: RX frame da=ff:ff:ff:ff:ff:ff sa=50:c3:a2:8f:cd:d4 bssid=50:c3:a2:8f:cd:d4 freq=5805 ssi_signal=-7900 fc=0xd0 seq_ctrl=0x82f0 stype=13 (WLAN_FC_STYPE_ACTION) len=42
03-17 18:54:58.674  3517  3517 D hostapd : wlan1: Event RX_MGMT (18) received
03-17 18:54:58.674  3517  3517 D hostapd : Receive wpa msg : Event RX_MGMT (18) received
03-17 18:54:58.676   642   685 I mcuc    : rev uart=2341,len=47, data : 6AA68108C60027920200140000000000000000000000000000FFFFFFFFFFFFFFFF00000000000000000001010101E6
03-17 18:54:58.676   400  1006 D adayocomadapter-ParseProtocolFunc: printRaWMsg Name[MCUToUPstream recv] len[39] data[920200140000000000000000000000000000FFFFFFFFFFFFFFFF00000000000000000001010101]
03-17 18:54:58.676   400  1006 D adayocomadapter-CommunicationManager: onUpstreamback   member[0] dataLength[36] timePoint[232624]
03-17 18:54:58.676   400  1006 D adayocomadapter-ParseProtocolFunc: printRaWMsg Name[onUpstreamback] len[36] data[140000000000000000000000000000FFFFFFFFFFFFFFFF00000000000000000001010101]
03-17 18:54:58.676   400   452 D adayocomadapter-UpstreamHandler: processBeforePacket upSreamtProcessTimePoint[232624] 
03-17 18:54:58.676   400   452 D adayocomadapter-UpstreamHandler: processPacket UPSTREAM_QUEUE_DATA_TIMEOUT
03-17 18:54:58.677   400   452 D adayocomadapter-ParseProtocolFunc: parseCommonIPCLBytes Processing tableNumber[20]
03-17 18:54:58.677   400   452 D adayocomadapter-ParseProtocolFunc: parseCommonIPCLBytes Processing tablename[Table-20] tableSize[36]
03-17 18:54:58.677   400   452 D adayocomadapter-ParseProtocolFunc: printRaWMsg Name[byteStream recv] len[36] data[140000000000000000000000000000FFFFFFFFFFFFFFFF00000000000000000001010101]
03-17 18:54:58.677   400   452 D adayocomadapter-ParseProtocolFunc: printRaWMsg Name[IPCLtoVHAL] len[7] data[2140200F000100]
03-17 18:54:58.677   400   452 D adayocomadapter-ParseProtocolFunc: printRaWMsg Name[IPCLtoVHAL] len[7] data[214020B0000100]
03-17 18:54:58.677   400   452 D adayocomadapter-ParseProtocolFunc: printRaWMsg Name[IPCLtoVHAL] len[9] data[214120160101000000]
03-17 18:54:58.677   400   452 D adayocomadapter-ParseProtocolFunc: printRaWMsg Name[IPCLtoVHAL] len[7] data[214020590001FF]
03-17 18:54:58.677   400   452 D adayocomadapter-ParseProtocolFunc: printRaWMsg Name[IPCLtoVHAL] len[7] data[2140201A000100]
03-17 18:54:58.677   400   452 D adayocomadapter-ParseProtocolFunc: printRaWMsg Name[IPCLtoVHAL] len[7] data[21402010000100]
03-17 18:54:58.677   400   452 D adayocomadapter-ParseProtocolFunc: printRaWMsg Name[IPCLtoVHAL] len[7] data[214020550001FF]
03-17 18:54:58.677   400   452 D adayocomadapter-ParseProtocolFunc: printRaWMsg Name[IPCLtoVHAL] len[7] data[214020B1000100]
03-17 18:54:58.677   400   452 D adayocomadapter-ParseProtocolFunc: printRaWMsg Name[IPCLtoVHAL] len[7] data[2140201B000100]
03-17 18:54:58.677   400   452 D adayocomadapter-ParseProtocolFunc: printRaWMsg Name[IPCLtoVHAL] len[7] data[21402018000100]
03-17 18:54:58.677   400   452 D adayocomadapter-ParseProtocolFunc: printRaWMsg Name[IPCLtoVHAL] len[7] data[21402190000100]
03-17 18:54:58.677   400   452 D adayocomadapter-ParseProtocolFunc: printRaWMsg Name[IPCLtoVHAL] len[7] data[21402021000100]
03-17 18:54:58.678   400   452 D adayocomadapter-ParseProtocolFunc: printRaWMsg Name[IPCLtoVHAL] len[7] data[214021C8000100]
03-17 18:54:58.678   400   452 D adayocomadapter-ParseProtocolFunc: printRaWMsg Name[IPCLtoVHAL] len[8] data[2140200A00010000]
03-17 18:54:58.678   400   452 D adayocomadapter-ParseProtocolFunc: printRaWMsg Name[IPCLtoVHAL] len[7] data[2140223E000100]
03-17 18:54:58.678   400   452 D adayocomadapter-ParseProtocolFunc: printRaWMsg Name[IPCLtoVHAL] len[7] data[21402119000100]
03-17 18:54:58.678   400   452 D adayocomadapter-ParseProtocolFunc: printRaWMsg Name[IPCLtoVHAL] len[7] data[21402005000100]
03-17 18:54:58.678   400   452 D adayocomadapter-ParseProtocolFunc: printRaWMsg Name[IPCLtoVHAL] len[7] data[2140214E000100]
03-17 18:54:58.678   400   452 D adayocomadapter-ParseProtocolFunc: printRaWMsg Name[IPCLtoVHAL] len[7] data[214020560001FF]
03-17 18:54:58.678   400   452 D adayocomadapter-ParseProtocolFunc: printRaWMsg Name[IPCLtoVHAL] len[7] data[214020570001FF]
03-17 18:54:58.678   400   452 D adayocomadapter-ParseProtocolFunc: printRaWMsg Name[IPCLtoVHAL] len[7] data[214020580001FF]
03-17 18:54:58.678   400   452 D adayocomadapter-ParseProtocolFunc: printRaWMsg Name[IPCLtoVHAL] len[7] data[2140205A0001FF]
03-17 18:54:58.678   400   452 D adayocomadapter-ParseProtocolFunc: printRaWMsg Name[IPCLtoVHAL] len[7] data[2140205B0001FF]
03-17 18:54:58.678   400   452 D adayocomadapter-ParseProtocolFunc: printRaWMsg Name[IPCLtoVHAL] len[7] data[2140205C0001FF]
03-17 18:54:58.678   400   452 D adayocomadapter-ParseProtocolFunc: printRaWMsg Name[IPCLtoVHAL] len[7] data[2140218E000100]
03-17 18:54:58.678   400   452 D adayocomadapter-ParseProtocolFunc: printRaWMsg Name[IPCLtoVHAL] len[7] data[2140218F000100]
03-17 18:54:58.678   400   452 D adayocomadapter-ParseProtocolFunc: printRaWMsg Name[IPCLtoVHAL] len[7] data[21402191000100]
03-17 18:54:58.678   400   452 D adayocomadapter-ParseProtocolFunc: printRaWMsg Name[IPCLtoVHAL] len[7] data[2140223D000100]
03-17 18:54:58.679   400   452 D adayocomadapter-CommunicationManager: onUpstreamReceive isLoss 1 mPropertyId 0x2140200f
03-17 18:54:58.679   400   452 D adayocomadapter-CommunicationManager: convertBytesToInt32Memcpy  0
03-17 18:54:58.679   400   452 D vw-vhal : notifyVehicleProperty, propId = 0x2140200f, data = {status: 3, int32Values: [0]}
03-17 18:54:58.679   400   452 I DefaultVehicleHal_v2_0: DefaultVehicleHal::onPropertyValue, value:{.timestamp = 232626790692, .areaId = 0, .prop = 557850639, .status = UNAVAILABLE, .value = {.int32Values = [1]{0}, .floatValues = [0]{}, .int64Values = [0]{}, .bytes = [0]{}, .stringValue = ""}}
03-17 18:54:58.679   400   452 D adayocomadapter-CommunicationManager: onUpstreamReceive mPropertyId 0x2140200f
03-17 18:54:58.679   400   452 D adayocomadapter-CommunicationManager: onUpstreamReceive isLoss 1 mPropertyId 0x214020b0
03-17 18:54:58.679   400   452 D adayocomadapter-CommunicationManager: convertBytesToInt32Memcpy  0
03-17 18:54:58.679   400   452 D vw-vhal : notifyVehicleProperty, propId = 0x214020b0, data = {status: 3, int32Values: [0]}
03-17 18:54:58.679   400   452 I DefaultVehicleHal_v2_0: DefaultVehicleHal::onPropertyValue, value:{.timestamp = 232627187026, .areaId = 0, .prop = 557850800, .status = UNAVAILABLE, .value = {.int32Values = [1]{0}, .floatValues = [0]{}, .int64Values = [0]{}, .bytes = [0]{}, .stringValue = ""}}
03-17 18:54:58.679   400   452 D adayocomadapter-CommunicationManager: onUpstreamReceive mPropertyId 0x214020b0
03-17 18:54:58.679   400   452 D adayocomadapter-CommunicationManager: onUpstreamReceive isLoss 1 mPropertyId 0x21412016
03-17 18:54:58.679   400   452 D vw-vhal : notifyVehicleProperty, propId = 0x21412016, data = {status: 3, int32Values: [0, 0, 0]}
03-17 18:54:58.680   400   452 I DefaultVehicleHal_v2_0: DefaultVehicleHal::onPropertyValue, value:{.timestamp = 232627504359, .areaId = 0, .prop = 557916182, .status = UNAVAILABLE, .value = {.int32Values = [3]{0, 0, 0}, .floatValues = [0]{}, .int64Values = [0]{}, .bytes = [0]{}, .stringValue = ""}}
03-17 18:54:58.680   400   452 D adayocomadapter-CommunicationManager: onUpstreamReceive mPropertyId 0x21412016
03-17 18:54:58.680   400   452 D adayocomadapter-CommunicationManager: onUpstreamReceive isLoss 1 mPropertyId 0x21402059
03-17 18:54:58.680   400   452 D adayocomadapter-CommunicationManager: convertBytesToInt32Memcpy  255
03-17 18:54:58.680   400   452 D vw-vhal : notifyVehicleProperty, propId = 0x21402059, data = {status: 3, int32Values: [255]}
03-17 18:54:58.680   400   452 I DefaultVehicleHal_v2_0: DefaultVehicleHal::onPropertyValue, value:{.timestamp = 232627925359, .areaId = 0, .prop = 557850713, .status = UNAVAILABLE, .value = {.int32Values = [1]{255}, .floatValues = [0]{}, .int64Values = [0]{}, .bytes = [0]{}, .stringValue = ""}}
03-17 18:54:58.680   400   452 D adayocomadapter-CommunicationManager: onUpstreamReceive mPropertyId 0x21402059
03-17 18:54:58.680   400   452 D adayocomadapter-CommunicationManager: onUpstreamReceive isLoss 1 mPropertyId 0x2140201a
03-17 18:54:58.680   400   452 D adayocomadapter-CommunicationManager: convertBytesToInt32Memcpy  0
03-17 18:54:58.680   400   452 D vw-vhal : notifyVehicleProperty, propId = 0x2140201a, data = {status: 3, int32Values: [0]}
03-17 18:54:58.680   400   452 I DefaultVehicleHal_v2_0: DefaultVehicleHal::onPropertyValue, value:{.timestamp = 232628352692, .areaId = 0, .prop = 557850650, .status = UNAVAILABLE, .value = {.int32Values = [1]{0}, .floatValues = [0]{}, .int64Values = [0]{}, .bytes = [0]{}, .stringValue = ""}}
03-17 18:54:58.680   400   452 D adayocomadapter-CommunicationManager: onUpstreamReceive mPropertyId 0x2140201a
03-17 18:54:58.680   400   452 D adayocomadapter-CommunicationManager: onUpstreamReceive isLoss 1 mPropertyId 0x21402010
03-17 18:54:58.681   400   452 D adayocomadapter-CommunicationManager: convertBytesToInt32Memcpy  0
03-17 18:54:58.681   400   452 D vw-vhal : notifyVehicleProperty, propId = 0x21402010, data = {status: 3, int32Values: [0]}
03-17 18:54:58.681   400   452 I DefaultVehicleHal_v2_0: DefaultVehicleHal::onPropertyValue, value:{.timestamp = 232628696692, .areaId = 0, .prop = 557850640, .status = UNAVAILABLE, .value = {.int32Values = [1]{0}, .floatValues = [0]{}, .int64Values = [0]{}, .bytes = [0]{}, .stringValue = ""}}
03-17 18:54:58.681   400   452 D adayocomadapter-CommunicationManager: onUpstreamReceive mPropertyId 0x21402010
03-17 18:54:58.681   400   452 D adayocomadapter-CommunicationManager: onUpstreamReceive isLoss 1 mPropertyId 0x21402055
03-17 18:54:58.681   400   452 D adayocomadapter-CommunicationManager: convertBytesToInt32Memcpy  255
03-17 18:54:58.681   400   452 D vw-vhal : notifyVehicleProperty, propId = 0x21402055, data = {status: 3, int32Values: [255]}
03-17 18:54:58.681   400   452 I DefaultVehicleHal_v2_0: DefaultVehicleHal::onPropertyValue, value:{.timestamp = 232629074359, .areaId = 0, .prop = 557850709, .status = UNAVAILABLE, .value = {.int32Values = [1]{255}, .floatValues = [0]{}, .int64Values = [0]{}, .bytes = [0]{}, .stringValue = ""}}
03-17 18:54:58.681   400   452 D adayocomadapter-CommunicationManager: onUpstreamReceive mPropertyId 0x21402055
03-17 18:54:58.681   400   452 D adayocomadapter-CommunicationManager: onUpstreamReceive isLoss 1 mPropertyId 0x214020b1
03-17 18:54:58.681   400   452 D adayocomadapter-CommunicationManager: convertBytesToInt32Memcpy  0
03-17 18:54:58.681   400   452 D vw-vhal : notifyVehicleProperty, propId = 0x214020b1, data = {status: 3, int32Values: [0]}
03-17 18:54:58.681   400   452 I DefaultVehicleHal_v2_0: DefaultVehicleHal::onPropertyValue, value:{.timestamp = 232629437026, .areaId = 0, .prop = 557850801, .status = UNAVAILABLE, .value = {.int32Values = [1]{0}, .floatValues = [0]{}, .int64Values = [0]{}, .bytes = [0]{}, .stringValue = ""}}
03-17 18:54:58.682   400   452 D adayocomadapter-CommunicationManager: onUpstreamReceive mPropertyId 0x214020b1
03-17 18:54:58.682   400   452 D adayocomadapter-CommunicationManager: onUpstreamReceive isLoss 1 mPropertyId 0x2140201b
03-17 18:54:58.682   400   452 D adayocomadapter-CommunicationManager: convertBytesToInt32Memcpy  0
03-17 18:54:58.682   400   452 D vw-vhal : notifyVehicleProperty, propId = 0x2140201b, data = {status: 3, int32Values: [0]}
03-17 18:54:58.682   400   452 I DefaultVehicleHal_v2_0: DefaultVehicleHal::onPropertyValue, value:{.timestamp = 232629809692, .areaId = 0, .prop = 557850651, .status = UNAVAILABLE, .value = {.int32Values = [1]{0}, .floatValues = [0]{}, .int64Values = [0]{}, .bytes = [0]{}, .stringValue = ""}}
03-17 18:54:58.682   400   452 D adayocomadapter-CommunicationManager: onUpstreamReceive mPropertyId 0x2140201b
03-17 18:54:58.682   400   452 D adayocomadapter-CommunicationManager: onUpstreamReceive isLoss 1 mPropertyId 0x21402018
03-17 18:54:58.682   400   452 D adayocomadapter-CommunicationManager: convertBytesToInt32Memcpy  0
03-17 18:54:58.682   400   452 D vw-vhal : notifyVehicleProperty, propId = 0x21402018, data = {status: 3, int32Values: [0]}
03-17 18:54:58.682   400   452 I DefaultVehicleHal_v2_0: DefaultVehicleHal::onPropertyValue, value:{.timestamp = 232630161359, .areaId = 0, .prop = 557850648, .status = UNAVAILABLE, .value = {.int32Values = [1]{0}, .floatValues = [0]{}, .int64Values = [0]{}, .bytes = [0]{}, .stringValue = ""}}
03-17 18:54:58.682   400   452 D adayocomadapter-CommunicationManager: onUpstreamReceive mPropertyId 0x21402018
03-17 18:54:58.682   400   452 D adayocomadapter-CommunicationManager: onUpstreamReceive isLoss 1 mPropertyId 0x21402190
03-17 18:54:58.682   400   452 D adayocomadapter-CommunicationManager: convertBytesToInt32Memcpy  0
03-17 18:54:58.682   400   452 D vw-vhal : notifyVehicleProperty, propId = 0x21402190, data = {status: 3, int32Values: [0]}
03-17 18:54:58.682  1566  2651 D TboxNetworkManager: tboxNetworkbinder=null
03-17 18:54:58.683   400   452 I DefaultVehicleHal_v2_0: DefaultVehicleHal::onPropertyValue, value:{.timestamp = 232630516692, .areaId = 0, .prop = 557851024, .status = UNAVAILABLE, .value = {.int32Values = [1]{0}, .floatValues = [0]{}, .int64Values = [0]{}, .bytes = [0]{}, .stringValue = ""}}
03-17 18:54:58.683   400   452 D adayocomadapter-CommunicationManager: onUpstreamReceive mPropertyId 0x21402190
03-17 18:54:58.683   400   452 D adayocomadapter-CommunicationManager: onUpstreamReceive isLoss 1 mPropertyId 0x21402021
03-17 18:54:58.683   400   452 D adayocomadapter-CommunicationManager: convertBytesToInt32Memcpy  0
03-17 18:54:58.683   400   452 D vw-vhal : notifyVehicleProperty, propId = 0x21402021, data = {status: 3, int32Values: [0]}
03-17 18:54:58.683   400   452 I DefaultVehicleHal_v2_0: DefaultVehicleHal::onPropertyValue, value:{.timestamp = 232630872026, .areaId = 0, .prop = 557850657, .status = UNAVAILABLE, .value = {.int32Values = [1]{0}, .floatValues = [0]{}, .int64Values = [0]{}, .bytes = [0]{}, .stringValue = ""}}
03-17 18:54:58.683   400   452 D adayocomadapter-CommunicationManager: onUpstreamReceive mPropertyId 0x21402021
03-17 18:54:58.683   400   452 D adayocomadapter-CommunicationManager: onUpstreamReceive isLoss 1 mPropertyId 0x214021c8
03-17 18:54:58.683   400   452 D adayocomadapter-CommunicationManager: convertBytesToInt32Memcpy  0
03-17 18:54:58.683   400   452 D vw-vhal : notifyVehicleProperty, propId = 0x214021c8, data = {status: 3, int32Values: [0]}
03-17 18:54:58.683   400   452 I DefaultVehicleHal_v2_0: DefaultVehicleHal::onPropertyValue, value:{.timestamp = 232631244026, .areaId = 0, .prop = 557851080, .status = UNAVAILABLE, .value = {.int32Values = [1]{0}, .floatValues = [0]{}, .int64Values = [0]{}, .bytes = [0]{}, .stringValue = ""}}
03-17 18:54:58.683   400   452 D adayocomadapter-CommunicationManager: onUpstreamReceive mPropertyId 0x214021c8
03-17 18:54:58.683   400   452 D adayocomadapter-CommunicationManager: onUpstreamReceive isLoss 1 mPropertyId 0x2140200a
03-17 18:54:58.683   400   452 D adayocomadapter-CommunicationManager: convertBytesToInt32Memcpy  0
03-17 18:54:58.683   400   452 D vw-vhal : notifyVehicleProperty, propId = 0x2140200a, data = {status: 3, int32Values: [0]}
03-17 18:54:58.684   400   452 I DefaultVehicleHal_v2_0: DefaultVehicleHal::onPropertyValue, value:{.timestamp = 232631596359, .areaId = 0, .prop = 557850634, .status = UNAVAILABLE, .value = {.int32Values = [1]{0}, .floatValues = [0]{}, .int64Values = [0]{}, .bytes = [0]{}, .stringValue = ""}}
03-17 18:54:58.684   400   452 D adayocomadapter-CommunicationManager: onUpstreamReceive mPropertyId 0x2140200a
03-17 18:54:58.684   400   452 D adayocomadapter-CommunicationManager: onUpstreamReceive isLoss 1 mPropertyId 0x2140223e
03-17 18:54:58.684   400   452 D adayocomadapter-CommunicationManager: convertBytesToInt32Memcpy  0
03-17 18:54:58.684   400   452 D vw-vhal : notifyVehicleProperty, propId = 0x2140223e, data = {status: 3, int32Values: [0]}
03-17 18:54:58.684   400   452 I DefaultVehicleHal_v2_0: DefaultVehicleHal::onPropertyValue, value:{.timestamp = 232632098026, .areaId = 0, .prop = 557851198, .status = UNAVAILABLE, .value = {.int32Values = [1]{0}, .floatValues = [0]{}, .int64Values = [0]{}, .bytes = [0]{}, .stringValue = ""}}
03-17 18:54:58.684   400   452 D adayocomadapter-CommunicationManager: onUpstreamReceive mPropertyId 0x2140223e
03-17 18:54:58.684   400   452 D adayocomadapter-CommunicationManager: onUpstreamReceive isLoss 1 mPropertyId 0x21402119
03-17 18:54:58.684   400   452 D adayocomadapter-CommunicationManager: convertBytesToInt32Memcpy  0
03-17 18:54:58.684   400   452 D vw-vhal : notifyVehicleProperty, propId = 0x21402119, data = {status: 3, int32Values: [0]}
03-17 18:54:58.685   400   452 I DefaultVehicleHal_v2_0: DefaultVehicleHal::onPropertyValue, value:{.timestamp = 232632505359, .areaId = 0, .prop = 557850905, .status = UNAVAILABLE, .value = {.int32Values = [1]{0}, .floatValues = [0]{}, .int64Values = [0]{}, .bytes = [0]{}, .stringValue = ""}}
03-17 18:54:58.685   400   452 D adayocomadapter-CommunicationManager: onUpstreamReceive mPropertyId 0x21402119
03-17 18:54:58.685   400   452 D adayocomadapter-CommunicationManager: onUpstreamReceive isLoss 1 mPropertyId 0x21402005
03-17 18:54:58.685   400   452 D adayocomadapter-CommunicationManager: convertBytesToInt32Memcpy  0
03-17 18:54:58.685   400   452 D vw-vhal : notifyVehicleProperty, propId = 0x21402005, data = {status: 3, int32Values: [0]}
03-17 18:54:58.685   400   452 I DefaultVehicleHal_v2_0: DefaultVehicleHal::onPropertyValue, value:{.timestamp = 232632988359, .areaId = 0, .prop = 557850629, .status = UNAVAILABLE, .value = {.int32Values = [1]{0}, .floatValues = [0]{}, .int64Values = [0]{}, .bytes = [0]{}, .stringValue = ""}}
