--------- beginning of main
03-17 18:54:51.760  1566  1566 I AccessibilityCache: onAccessibilityEvent(EventType: TYPE_WINDOWS_CHANGED; EventTime: 225106; PackageName: null; MovementGranularity: 0; Action: 0; ContentChangeTypes: []; WindowChangeTypes: [WINDOWS_CHANGE_BOUNDS] [ ClassName: null; Text: []; ContentDescription: null; ItemCount: -1; CurrentItemIndex: -1; Enabled: false; Password: false; Checked: false; FullScreen: false; Scrollable: false; ImportantForAccessibility: true; AccessibilityDataSensitive: false; BeforeText: null; FromIndex: -1; ToIndex: -1; ScrollX: 0; ScrollY: 0; MaxScrollX: 0; MaxScrollY: 0; ScrollDeltaX: -1; ScrollDeltaY: -1; AddedCount: -1; RemovedCount: -1; ParcelableData: null; DisplayId: 0 ]
03-17 18:54:51.760  1566  1566 I AccessibilityCache: ; SourceWindowId: 0x2; SourceNodeId: 0x7fffffff7fffffff; SourceDisplayId: 0)
03-17 18:54:51.761  1566  1566 I AccessibilityCache: clear()
03-17 18:54:51.761  1566  1566 I AccessibilityCache: clearWindowCacheLocked
03-17 18:54:51.761  1566  1566 D AccessibilityServices: type = 4194304  pkg = null
03-17 18:54:51.762  1566  8859 D okhttp.Http2: << 0x00000000    18 SETTINGS      
03-17 18:54:51.763  1566  8859 D okhttp.TaskRunner: Q10096 scheduled after   0 µs: OkHttp api-c-uat.mosc.faw-vw.com applyAndAckSettings
03-17 18:54:51.763  1566  8859 D okhttp.Http2: << 0x00000000     4 WINDOW_UPDATE 
03-17 18:54:51.763  1566  8833 D okhttp.TaskRunner: Q10096 starting              : OkHttp api-c-uat.mosc.faw-vw.com applyAndAckSettings
03-17 18:54:51.763  1566  8833 D okhttp.TaskRunner: Q10098 scheduled after   0 µs: OkHttp api-c-uat.mosc.faw-vw.com onSettings
03-17 18:54:51.763  1566 10030 D okhttp.TaskRunner: Q10098 starting              : OkHttp api-c-uat.mosc.faw-vw.com onSettings
03-17 18:54:51.763  1566  8833 D okhttp.Http2: >> 0x00000000     0 SETTINGS      ACK
03-17 18:54:51.763  1566 10030 D okhttp.TaskRunner: Q10098 finished run in 132 µs: OkHttp api-c-uat.mosc.faw-vw.com onSettings
03-17 18:54:51.764  1566  8833 D okhttp.TaskRunner: Q10096 finished run in 920 µs: OkHttp api-c-uat.mosc.faw-vw.com applyAndAckSettings
03-17 18:54:51.766  1566  3005 D InnerCoreFunctionFacade: setViewCmds setCurrentPgm: 1773744891765; currentPakeage:com.fawvw.hmi.cnslauncher
03-17 18:54:51.766  1566  3005 D GuideInitOpreate: onChangeListener() called with: currentPakeage = [com.fawvw.hmi.cnslauncher], currentActivity = [com.fawvw.hmi.cnslauncher.Launcher]
03-17 18:54:51.766  1566  3005 D GuideInitOpreate: setViewCmds setCurrentPgm: 1773744891766; currentPakeage:com.fawvw.hmi.cnslauncher
03-17 18:54:51.766  1566  3005 E GuideManager: changeBasicWindows  packageName : com.fawvw.hmi.cnslauncher
03-17 18:54:51.766  1566  3005 E GuideManager: changeBasicWindows  activityName : com.fawvw.hmi.cnslauncher.Launcher
03-17 18:54:51.766  1566  3005 D PlatformRuntime: production_region: 
03-17 18:54:51.766  1566  3005 D BasePlatformRuntime: isSvw():false
03-17 18:54:51.766  1566  3005 D PlatformRuntime: production_region: 
03-17 18:54:51.766  1566  3005 D BasePlatformRuntime: isFaw():true
03-17 18:54:51.766  1566  3005 I LimitedStrategyManager: setLimitedSignal 24packageName:com.thunder.carplay
03-17 18:54:51.766  1566  3005 D GuideManager: FullScreenAppNameList: [[com.gxatek.cockpit.carlife]]
03-17 18:54:51.766  1566  3005 D ActionModelImpl: updateCurrentWindowAction
03-17 18:54:51.767  1566  3005 I AccessibilityCache: Set windows
03-17 18:54:51.767  1566  3005 I AccessibilityCache: clearWindowCacheLocked
03-17 18:54:51.785 10173 10197 D TimerTriggerManager: init instance...
03-17 18:54:51.785 10173 10197 D TimerTriggerManager: Timer thread'TimerTriggerManager' is destroyed: false
03-17 18:54:51.785 10173 10197 D TimerTriggerManager: Timer 'onIndcnVehSpdChanged' is running: true
03-17 18:54:51.785 10173 10197 D TimerTriggerManager: Sending reset signal to timer 'onIndcnVehSpdChanged'
03-17 18:54:51.785 10173 10197 D TimerTriggerManager: Reset signal sent to timer 'onIndcnVehSpdChanged'
03-17 18:54:51.785   642   685 I mcuc    : sd Uart data : 6AA602088200029202DE
03-17 18:54:51.785 10173 10204 D TimerTriggerController: Reset method called for timer: onIndcnVehSpdChanged
03-17 18:54:51.785 10173 10204 D TimerTriggerController: Calling onTimerReset for timer: onIndcnVehSpdChanged
03-17 18:54:51.785 10173 10204 D TimerTriggerManager: Timer reset: onIndcnVehSpdChanged
03-17 18:54:51.785 10173 10204 I TimerTriggerController: Timer [onIndcnVehSpdChanged] reset, remaining: 1000ms, reset count: 368
03-17 18:54:51.790   642   685 I mcuc    : rev uart=2271,len=116, data : 6AA6810882006C920200100000000000000000000000000000010000000000000000000000000000000000000000000000000000000000000000000000000000000000000000000000000000000000000000000000000000654E2100000000000000000000000000000000000101010101010109
03-17 18:54:51.790   400  1006 D adayocomadapter-ParseProtocolFunc: printRaWMsg Name[MCUToUPstream recv] len[108] data[920200100000000000000000000000000000010000000000000000000000000000000000000000000000000000000000000000000000000000000000000000000000000000000000000000000000000000654E21000000000000000000000000000000000001010101010101]
03-17 18:54:51.791   400  1006 D adayocomadapter-CommunicationManager: onUpstreamback   member[0] dataLength[105] timePoint[225738]
03-17 18:54:51.791   400  1006 D adayocomadapter-ParseProtocolFunc: printRaWMsg Name[onUpstreamback] len[105] data[100000000000000000000000000000010000000000000000000000000000000000000000000000000000000000000000000000000000000000000000000000000000000000000000000000000000654E21000000000000000000000000000000000001010101010101]
03-17 18:54:51.791   400   452 D adayocomadapter-UpstreamHandler: processBeforePacket upSreamtProcessTimePoint[225738] 
03-17 18:54:51.791   400   452 D adayocomadapter-UpstreamHandler: processPacket UPSTREAM_QUEUE_DATA_TIMEOUT
03-17 18:54:51.791   400   452 D adayocomadapter-ParseProtocolFunc: parseCommonIPCLBytes Processing tableNumber[16]
03-17 18:54:51.791   400   452 D adayocomadapter-ParseProtocolFunc: parseCommonIPCLBytes Processing tablename[Table-16] tableSize[105]
03-17 18:54:51.791   400   452 D adayocomadapter-ParseProtocolFunc: printRaWMsg Name[byteStream recv] len[105] data[100000000000000000000000000000010000000000000000000000000000000000000000000000000000000000000000000000000000000000000000000000000000000000000000000000000000654E21000000000000000000000000000000000001010101010101]
03-17 18:54:51.791   400   452 D adayocomadapter-ParseProtocolFunc: printRaWMsg Name[IPCLtoVHAL] len[7] data[214021B1000100]
03-17 18:54:51.791   400   452 D adayocomadapter-ParseProtocolFunc: printRaWMsg Name[IPCLtoVHAL] len[7] data[21402212000100]
03-17 18:54:51.791   400   452 D adayocomadapter-ParseProtocolFunc: printRaWMsg Name[IPCLtoVHAL] len[7] data[214021B2000100]
03-17 18:54:51.791   400   452 D adayocomadapter-ParseProtocolFunc: printRaWMsg Name[IPCLtoVHAL] len[7] data[214021BD000100]
03-17 18:54:51.791   400   452 D adayocomadapter-ParseProtocolFunc: printRaWMsg Name[IPCLtoVHAL] len[7] data[2140221E000100]
03-17 18:54:51.791   400   452 D adayocomadapter-ParseProtocolFunc: printRaWMsg Name[IPCLtoVHAL] len[7] data[214021B3000100]
03-17 18:54:51.791   400   452 D adayocomadapter-ParseProtocolFunc: printRaWMsg Name[IPCLtoVHAL] len[7] data[21402214000100]
03-17 18:54:51.791   400   452 D adayocomadapter-ParseProtocolFunc: printRaWMsg Name[IPCLtoVHAL] len[7] data[214021B4000100]
03-17 18:54:51.791   400   452 D adayocomadapter-ParseProtocolFunc: printRaWMsg Name[IPCLtoVHAL] len[7] data[21402153000100]
03-17 18:54:51.791   400   452 D adayocomadapter-ParseProtocolFunc: printRaWMsg Name[IPCLtoVHAL] len[7] data[21402215000100]
03-17 18:54:51.791   400   452 D adayocomadapter-ParseProtocolFunc: printRaWMsg Name[IPCLtoVHAL] len[7] data[214021B5000100]
03-17 18:54:51.791   400   452 D adayocomadapter-ParseProtocolFunc: printRaWMsg Name[IPCLtoVHAL] len[7] data[21402154000100]
03-17 18:54:51.791   400   452 D adayocomadapter-ParseProtocolFunc: printRaWMsg Name[IPCLtoVHAL] len[7] data[214021B7000100]
03-17 18:54:51.791   400   452 D adayocomadapter-ParseProtocolFunc: printRaWMsg Name[IPCLtoVHAL] len[7] data[21402156000100]
03-17 18:54:51.791   400   452 D adayocomadapter-ParseProtocolFunc: printRaWMsg Name[IPCLtoVHAL] len[7] data[214021B8000100]
03-17 18:54:51.791   400   452 D adayocomadapter-ParseProtocolFunc: printRaWMsg Name[IPCLtoVHAL] len[7] data[21402157000100]
03-17 18:54:51.791   400   452 D adayocomadapter-ParseProtocolFunc: printRaWMsg Name[IPCLtoVHAL] len[7] data[21402219000100]
03-17 18:54:51.791   400   452 D adayocomadapter-ParseProtocolFunc: printRaWMsg Name[IPCLtoVHAL] len[7] data[2140215B000100]
03-17 18:54:51.791   400   452 D adayocomadapter-ParseProtocolFunc: printRaWMsg Name[IPCLtoVHAL] len[7] data[214021BC000100]
03-17 18:54:51.791   400   452 D adayocomadapter-ParseProtocolFunc: printRaWMsg Name[IPCLtoVHAL] len[7] data[2140221D000100]
03-17 18:54:51.791   400   452 D adayocomadapter-ParseProtocolFunc: printRaWMsg Name[IPCLtoVHAL] len[7] data[214021B9000100]
03-17 18:54:51.791   400   452 D adayocomadapter-ParseProtocolFunc: printRaWMsg Name[IPCLtoVHAL] len[7] data[2140221A000100]
03-17 18:54:51.791   400   452 D adayocomadapter-ParseProtocolFunc: printRaWMsg Name[IPCLtoVHAL] len[7] data[214021BB000100]
03-17 18:54:51.791   400   452 D adayocomadapter-ParseProtocolFunc: printRaWMsg Name[IPCLtoVHAL] len[7] data[2140215A000100]
03-17 18:54:51.791   400   452 D adayocomadapter-ParseProtocolFunc: printRaWMsg Name[IPCLtoVHAL] len[7] data[2140221C000100]
03-17 18:54:51.791   400   452 D adayocomadapter-ParseProtocolFunc: printRaWMsg Name[IPCLtoVHAL] len[7] data[214021BE000100]
03-17 18:54:51.791   400   452 D adayocomadapter-ParseProtocolFunc: printRaWMsg Name[IPCLtoVHAL] len[7] data[2140215D000100]
03-17 18:54:51.791   400   452 D adayocomadapter-ParseProtocolFunc: printRaWMsg Name[IPCLtoVHAL] len[7] data[2140221F000100]
03-17 18:54:51.791   400   452 D adayocomadapter-ParseProtocolFunc: printRaWMsg Name[IPCLtoVHAL] len[7] data[214021A5000100]
03-17 18:54:51.791   400   452 D adayocomadapter-ParseProtocolFunc: printRaWMsg Name[IPCLtoVHAL] len[7] data[21402107000100]
03-17 18:54:51.791   400   452 D adayocomadapter-ParseProtocolFunc: printRaWMsg Name[IPCLtoVHAL] len[7] data[2140222A000100]
03-17 18:54:51.791   400   452 D adayocomadapter-ParseProtocolFunc: printRaWMsg Name[IPCLtoVHAL] len[7] data[214021C3000100]
03-17 18:54:51.791   400   452 D adayocomadapter-ParseProtocolFunc: printRaWMsg Name[IPCLtoVHAL] len[7] data[214021A8000100]
03-17 18:54:51.791   400   452 D adayocomadapter-ParseProtocolFunc: printRaWMsg Name[IPCLtoVHAL] len[7] data[214021A6000101]
03-17 18:54:51.791   400   452 D adayocomadapter-ParseProtocolFunc: printRaWMsg Name[IPCLtoVHAL] len[7] data[214021A7000100]
03-17 18:54:51.791   400   452 D adayocomadapter-ParseProtocolFunc: printRaWMsg Name[IPCLtoVHAL] len[7] data[21402208000100]
03-17 18:54:51.791   400   452 D adayocomadapter-ParseProtocolFunc: printRaWMsg Name[IPCLtoVHAL] len[7] data[214021A9000100]
03-17 18:54:51.791   400   452 D adayocomadapter-ParseProtocolFunc: printRaWMsg Name[IPCLtoVHAL] len[7] data[214021AA000100]
03-17 18:54:51.791   400   452 D adayocomadapter-ParseProtocolFunc: printRaWMsg Name[IPCLtoVHAL] len[7] data[214021AB000100]
03-17 18:54:51.791   400   452 D adayocomadapter-ParseProtocolFunc: printRaWMsg Name[IPCLtoVHAL] len[7] data[214021AC000100]
03-17 18:54:51.791   400   452 D adayocomadapter-ParseProtocolFunc: printRaWMsg Name[IPCLtoVHAL] len[7] data[2140220D000100]
03-17 18:54:51.791   400   452 D adayocomadapter-ParseProtocolFunc: printRaWMsg Name[IPCLtoVHAL] len[7] data[214021AD000100]
03-17 18:54:51.791   400   452 D adayocomadapter-ParseProtocolFunc: printRaWMsg Name[IPCLtoVHAL] len[7] data[214021AE000100]
03-17 18:54:51.792   400   452 D adayocomadapter-ParseProtocolFunc: printRaWMsg Name[IPCLtoVHAL] len[7] data[214021AF000100]
03-17 18:54:51.792   400   452 D adayocomadapter-ParseProtocolFunc: printRaWMsg Name[IPCLtoVHAL] len[7] data[21402210000100]
03-17 18:54:51.792   400   452 D adayocomadapter-ParseProtocolFunc: printRaWMsg Name[IPCLtoVHAL] len[7] data[214021B0000100]
03-17 18:54:51.792   400   452 D adayocomadapter-ParseProtocolFunc: printRaWMsg Name[IPCLtoVHAL] len[7] data[21402211000100]
03-17 18:54:51.792   400   452 D adayocomadapter-ParseProtocolFunc: printRaWMsg Name[IPCLtoVHAL] len[7] data[214021B6000100]
03-17 18:54:51.792   400   452 D adayocomadapter-ParseProtocolFunc: printRaWMsg Name[IPCLtoVHAL] len[7] data[21402155000100]
03-17 18:54:51.792   400   452 D adayocomadapter-ParseProtocolFunc: printRaWMsg Name[IPCLtoVHAL] len[7] data[214021BA000100]
03-17 18:54:51.792   400   452 D adayocomadapter-ParseProtocolFunc: printRaWMsg Name[IPCLtoVHAL] len[7] data[21402159000100]
03-17 18:54:51.792   400   452 D adayocomadapter-ParseProtocolFunc: printRaWMsg Name[IPCLtoVHAL] len[7] data[214021BF000100]
03-17 18:54:51.792   400   452 D adayocomadapter-ParseProtocolFunc: printRaWMsg Name[IPCLtoVHAL] len[7] data[2140215E000100]
03-17 18:54:51.792   400   452 D adayocomadapter-ParseProtocolFunc: printRaWMsg Name[IPCLtoVHAL] len[7] data[21402220000100]
03-17 18:54:51.792   400   452 D adayocomadapter-ParseProtocolFunc: printRaWMsg Name[IPCLtoVHAL] len[7] data[214021C0000100]
03-17 18:54:51.792   400   452 D adayocomadapter-ParseProtocolFunc: printRaWMsg Name[IPCLtoVHAL] len[7] data[2140215F000100]
03-17 18:54:51.792   400   452 D adayocomadapter-ParseProtocolFunc: printRaWMsg Name[IPCLtoVHAL] len[7] data[214021C1000100]
03-17 18:54:51.792   400   452 D adayocomadapter-ParseProtocolFunc: printRaWMsg Name[IPCLtoVHAL] len[7] data[21402160000100]
03-17 18:54:51.792   400   452 D adayocomadapter-ParseProtocolFunc: printRaWMsg Name[IPCLtoVHAL] len[7] data[21402222000100]
03-17 18:54:51.792   400   452 D adayocomadapter-ParseProtocolFunc: printRaWMsg Name[IPCLtoVHAL] len[7] data[214021C2000100]
03-17 18:54:51.792   400   452 D adayocomadapter-ParseProtocolFunc: printRaWMsg Name[IPCLtoVHAL] len[7] data[214021C4000100]
03-17 18:54:51.792   400   452 D adayocomadapter-ParseProtocolFunc: printRaWMsg Name[IPCLtoVHAL] len[7] data[21402225000100]
03-17 18:54:51.792   400   452 D adayocomadapter-ParseProtocolFunc: printRaWMsg Name[IPCLtoVHAL] len[7] data[214021C5000100]
03-17 18:54:51.792   400   452 D adayocomadapter-ParseProtocolFunc: printRaWMsg Name[IPCLtoVHAL] len[7] data[21402226000100]
03-17 18:54:51.792   400   452 D adayocomadapter-ParseProtocolFunc: printRaWMsg Name[IPCLtoVHAL] len[7] data[214021C6000100]
03-17 18:54:51.792   400   452 D adayocomadapter-ParseProtocolFunc: printRaWMsg Name[IPCLtoVHAL] len[7] data[21402227000100]
03-17 18:54:51.792   400   452 D adayocomadapter-ParseProtocolFunc: printRaWMsg Name[IPCLtoVHAL] len[7] data[214021D3000100]
03-17 18:54:51.792   400   452 D adayocomadapter-ParseProtocolFunc: printRaWMsg Name[IPCLtoVHAL] len[7] data[21402234000100]
03-17 18:54:51.792   400   452 D adayocomadapter-ParseProtocolFunc: printRaWMsg Name[IPCLtoVHAL] len[7] data[214021D4000100]
03-17 18:54:51.792   400   452 D adayocomadapter-ParseProtocolFunc: printRaWMsg Name[IPCLtoVHAL] len[7] data[21402235000100]
03-17 18:54:51.792   400   452 D adayocomadapter-ParseProtocolFunc: printRaWMsg Name[IPCLtoVHAL] len[7] data[21402228000100]
03-17 18:54:51.792   400   452 D adayocomadapter-ParseProtocolFunc: printRaWMsg Name[IPCLtoVHAL] len[7] data[21402229000100]
03-17 18:54:51.792   400   452 D adayocomadapter-ParseProtocolFunc: printRaWMsg Name[IPCLtoVHAL] len[7] data[21402236000100]
03-17 18:54:51.792   400   452 D adayocomadapter-ParseProtocolFunc: printRaWMsg Name[IPCLtoVHAL] len[7] data[21402237000100]
03-17 18:54:51.792   400   452 D adayocomadapter-ParseProtocolFunc: printRaWMsg Name[IPCLtoVHAL] len[7] data[21402238000100]
03-17 18:54:51.792   400   452 D adayocomadapter-ParseProtocolFunc: printRaWMsg Name[IPCLtoVHAL] len[7] data[21402239000100]
03-17 18:54:51.792   400   452 D adayocomadapter-ParseProtocolFunc: printRaWMsg Name[IPCLtoVHAL] len[7] data[2140223A000100]
03-17 18:54:51.792   400   452 D adayocomadapter-ParseProtocolFunc: printRaWMsg Name[IPCLtoVHAL] len[7] data[2140223B000165]
03-17 18:54:51.792   400   452 D adayocomadapter-ParseProtocolFunc: printRaWMsg Name[IPCLtoVHAL] len[8] data[2140223C00014E21]
03-17 18:54:51.792   400   452 D adayocomadapter-ParseProtocolFunc: printRaWMsg Name[IPCLtoVHAL] len[7] data[21402241000100]
03-17 18:54:51.792   400   452 D adayocomadapter-ParseProtocolFunc: printRaWMsg Name[IPCLtoVHAL] len[7] data[21402242000100]
03-17 18:54:51.792   400   452 D adayocomadapter-ParseProtocolFunc: printRaWMsg Name[IPCLtoVHAL] len[7] data[214021E1000100]
03-17 18:54:51.792   400   452 D adayocomadapter-ParseProtocolFunc: printRaWMsg Name[IPCLtoVHAL] len[7] data[21402243000100]
03-17 18:54:51.792   400   452 D adayocomadapter-ParseProtocolFunc: printRaWMsg Name[IPCLtoVHAL] len[7] data[21402244000100]
03-17 18:54:51.792   400   452 D adayocomadapter-ParseProtocolFunc: printRaWMsg Name[IPCLtoVHAL] len[7] data[21402245000100]
03-17 18:54:51.792   400   452 D adayocomadapter-ParseProtocolFunc: printRaWMsg Name[IPCLtoVHAL] len[7] data[21402246000100]
03-17 18:54:51.792   400   452 D adayocomadapter-ParseProtocolFunc: printRaWMsg Name[IPCLtoVHAL] len[7] data[21402247000100]
03-17 18:54:51.792   400   452 D adayocomadapter-ParseProtocolFunc: printRaWMsg Name[IPCLtoVHAL] len[8] data[2140224800010000]
03-17 18:54:51.792   400   452 D adayocomadapter-ParseProtocolFunc: printRaWMsg Name[IPCLtoVHAL] len[7] data[21402249000100]
03-17 18:54:51.792   400   452 D adayocomadapter-ParseProtocolFunc: printRaWMsg Name[IPCLtoVHAL] len[7] data[2140224B000100]
03-17 18:54:51.792   400   452 D adayocomadapter-ParseProtocolFunc: printRaWMsg Name[IPCLtoVHAL] len[7] data[2140224D000100]
03-17 18:54:51.792   400   452 D adayocomadapter-ParseProtocolFunc: printRaWMsg Name[IPCLtoVHAL] len[7] data[2140224F000100]
03-17 18:54:51.792   400   452 D adayocomadapter-ParseProtocolFunc: printRaWMsg Name[IPCLtoVHAL] len[7] data[21402251000100]
03-17 18:54:51.792   400   452 D adayocomadapter-ParseProtocolFunc: printRaWMsg Name[IPCLtoVHAL] len[7] data[21402253000100]
03-17 18:54:51.792   400   452 D adayocomadapter-ParseProtocolFunc: printRaWMsg Name[IPCLtoVHAL] len[7] data[21402254000100]
03-17 18:54:51.792   400   452 D adayocomadapter-CommunicationManager: onUpstreamReceive isLoss 1 mPropertyId 0x214021b1
03-17 18:54:51.792   400   452 D adayocomadapter-CommunicationManager: convertBytesToInt32Memcpy  0
03-17 18:54:51.793   400   452 D vw-vhal : notifyVehicleProperty, propId = 0x214021b1, data = {status: 3, int32Values: [0]}
03-17 18:54:51.793   400   452 I DefaultVehicleHal_v2_0: DefaultVehicleHal::onPropertyValue, value:{.timestamp = 225740643692, .areaId = 0, .prop = 557851057, .status = UNAVAILABLE, .value = {.int32Values = [1]{0}, .floatValues = [0]{}, .int64Values = [0]{}, .bytes = [0]{}, .stringValue = ""}}
03-17 18:54:51.793   400   452 D adayocomadapter-CommunicationManager: onUpstreamReceive mPropertyId 0x214021b1
03-17 18:54:51.793   400   452 D adayocomadapter-CommunicationManager: onUpstreamReceive isLoss 1 mPropertyId 0x21402212
03-17 18:54:51.793   400   452 D adayocomadapter-CommunicationManager: convertBytesToInt32Memcpy  0
03-17 18:54:51.793   400   452 D vw-vhal : notifyVehicleProperty, propId = 0x21402212, data = {status: 3, int32Values: [0]}
03-17 18:54:51.793   400   452 I DefaultVehicleHal_v2_0: DefaultVehicleHal::onPropertyValue, value:{.timestamp = 225740798025, .areaId = 0, .prop = 557851154, .status = UNAVAILABLE, .value = {.int32Values = [1]{0}, .floatValues = [0]{}, .int64Values = [0]{}, .bytes = [0]{}, .stringValue = ""}}
03-17 18:54:51.793   400   452 D adayocomadapter-CommunicationManager: onUpstreamReceive mPropertyId 0x21402212
03-17 18:54:51.793   400   452 D adayocomadapter-CommunicationManager: onUpstreamReceive isLoss 1 mPropertyId 0x214021b2
03-17 18:54:51.793   400   452 D adayocomadapter-CommunicationManager: convertBytesToInt32Memcpy  0
03-17 18:54:51.793   400   452 D vw-vhal : notifyVehicleProperty, propId = 0x214021b2, data = {status: 3, int32Values: [0]}
03-17 18:54:51.793   400   452 I DefaultVehicleHal_v2_0: DefaultVehicleHal::onPropertyValue, value:{.timestamp = 225740912692, .areaId = 0, .prop = 557851058, .status = UNAVAILABLE, .value = {.int32Values = [1]{0}, .floatValues = [0]{}, .int64Values = [0]{}, .bytes = [0]{}, .stringValue = ""}}
03-17 18:54:51.793   400   452 D adayocomadapter-CommunicationManager: onUpstreamReceive mPropertyId 0x214021b2
03-17 18:54:51.793   400   452 D adayocomadapter-CommunicationManager: onUpstreamReceive isLoss 1 mPropertyId 0x214021bd
03-17 18:54:51.793   400   452 D adayocomadapter-CommunicationManager: convertBytesToInt32Memcpy  0
03-17 18:54:51.793   400   452 D vw-vhal : notifyVehicleProperty, propId = 0x214021bd, data = {status: 3, int32Values: [0]}
03-17 18:54:51.793   400   452 I DefaultVehicleHal_v2_0: DefaultVehicleHal::onPropertyValue, value:{.timestamp = 225741023025, .areaId = 0, .prop = 557851069, .status = UNAVAILABLE, .value = {.int32Values = [1]{0}, .floatValues = [0]{}, .int64Values = [0]{}, .bytes = [0]{}, .stringValue = ""}}
03-17 18:54:51.793   400   452 D adayocomadapter-CommunicationManager: onUpstreamReceive mPropertyId 0x214021bd
03-17 18:54:51.793   400   452 D adayocomadapter-CommunicationManager: onUpstreamReceive isLoss 1 mPropertyId 0x2140221e
03-17 18:54:51.793   400   452 D adayocomadapter-CommunicationManager: convertBytesToInt32Memcpy  0
03-17 18:54:51.793   400   452 D vw-vhal : notifyVehicleProperty, propId = 0x2140221e, data = {status: 3, int32Values: [0]}
03-17 18:54:51.793   400   452 I DefaultVehicleHal_v2_0: DefaultVehicleHal::onPropertyValue, value:{.timestamp = 225741145025, .areaId = 0, .prop = 557851166, .status = UNAVAILABLE, .value = {.int32Values = [1]{0}, .floatValues = [0]{}, .int64Values = [0]{}, .bytes = [0]{}, .stringValue = ""}}
03-17 18:54:51.793   400   452 D adayocomadapter-CommunicationManager: onUpstreamReceive mPropertyId 0x2140221e
03-17 18:54:51.793   400   452 D adayocomadapter-CommunicationManager: onUpstreamReceive isLoss 1 mPropertyId 0x214021b3
03-17 18:54:51.793   400   452 D adayocomadapter-CommunicationManager: convertBytesToInt32Memcpy  0
03-17 18:54:51.793   400   452 D vw-vhal : notifyVehicleProperty, propId = 0x214021b3, data = {status: 3, int32Values: [0]}
03-17 18:54:51.793   400   452 I DefaultVehicleHal_v2_0: DefaultVehicleHal::onPropertyValue, value:{.timestamp = 225741253025, .areaId = 0, .prop = 557851059, .status = UNAVAILABLE, .value = {.int32Values = [1]{0}, .floatValues = [0]{}, .int64Values = [0]{}, .bytes = [0]{}, .stringValue = ""}}
03-17 18:54:51.793   400   452 D adayocomadapter-CommunicationManager: onUpstreamReceive mPropertyId 0x214021b3
03-17 18:54:51.793   400   452 D adayocomadapter-CommunicationManager: onUpstreamReceive isLoss 1 mPropertyId 0x21402214
03-17 18:54:51.793   400   452 D adayocomadapter-CommunicationManager: convertBytesToInt32Memcpy  0
03-17 18:54:51.793   400   452 D vw-vhal : notifyVehicleProperty, propId = 0x21402214, data = {status: 3, int32Values: [0]}
03-17 18:54:51.793   400   452 I DefaultVehicleHal_v2_0: DefaultVehicleHal::onPropertyValue, value:{.timestamp = 225741360025, .areaId = 0, .prop = 557851156, .status = UNAVAILABLE, .value = {.int32Values = [1]{0}, .floatValues = [0]{}, .int64Values = [0]{}, .bytes = [0]{}, .stringValue = ""}}
03-17 18:54:51.793   400   452 D adayocomadapter-CommunicationManager: onUpstreamReceive mPropertyId 0x21402214
03-17 18:54:51.793   400   452 D adayocomadapter-CommunicationManager: onUpstreamReceive isLoss 1 mPropertyId 0x214021b4
03-17 18:54:51.793   400   452 D adayocomadapter-CommunicationManager: convertBytesToInt32Memcpy  0
03-17 18:54:51.793   400   452 D vw-vhal : notifyVehicleProperty, propId = 0x214021b4, data = {status: 3, int32Values: [0]}
03-17 18:54:51.793   400   452 I DefaultVehicleHal_v2_0: DefaultVehicleHal::onPropertyValue, value:{.timestamp = 225741467692, .areaId = 0, .prop = 557851060, .status = UNAVAILABLE, .value = {.int32Values = [1]{0}, .floatValues = [0]{}, .int64Values = [0]{}, .bytes = [0]{}, .stringValue = ""}}
03-17 18:54:51.793   400   452 D adayocomadapter-CommunicationManager: onUpstreamReceive mPropertyId 0x214021b4
03-17 18:54:51.793   400   452 D adayocomadapter-CommunicationManager: onUpstreamReceive isLoss 1 mPropertyId 0x21402153
03-17 18:54:51.793   400   452 D adayocomadapter-CommunicationManager: convertBytesToInt32Memcpy  0
03-17 18:54:51.794   400   452 D vw-vhal : notifyVehicleProperty, propId = 0x21402153, data = {status: 3, int32Values: [0]}
03-17 18:54:51.794   400   452 I DefaultVehicleHal_v2_0: DefaultVehicleHal::onPropertyValue, value:{.timestamp = 225741587025, .areaId = 0, .prop = 557850963, .status = UNAVAILABLE, .value = {.int32Values = [1]{0}, .floatValues = [0]{}, .int64Values = [0]{}, .bytes = [0]{}, .stringValue = ""}}
03-17 18:54:51.794   400   452 D adayocomadapter-CommunicationManager: onUpstreamReceive mPropertyId 0x21402153
03-17 18:54:51.794   400   452 D adayocomadapter-CommunicationManager: onUpstreamReceive isLoss 1 mPropertyId 0x21402215
03-17 18:54:51.794   400   452 D adayocomadapter-CommunicationManager: convertBytesToInt32Memcpy  0
03-17 18:54:51.794   400   452 D vw-vhal : notifyVehicleProperty, propId = 0x21402215, data = {status: 3, int32Values: [0]}
03-17 18:54:51.794   400   452 I DefaultVehicleHal_v2_0: DefaultVehicleHal::onPropertyValue, value:{.timestamp = 225741694025, .areaId = 0, .prop = 557851157, .status = UNAVAILABLE, .value = {.int32Values = [1]{0}, .floatValues = [0]{}, .int64Values = [0]{}, .bytes = [0]{}, .stringValue = ""}}
03-17 18:54:51.794   400   452 D adayocomadapter-CommunicationManager: onUpstreamReceive mPropertyId 0x21402215
03-17 18:54:51.794   400   452 D adayocomadapter-CommunicationManager: onUpstreamReceive isLoss 1 mPropertyId 0x214021b5
03-17 18:54:51.794   400   452 D adayocomadapter-CommunicationManager: convertBytesToInt32Memcpy  0
03-17 18:54:51.794   400   452 D vw-vhal : notifyVehicleProperty, propId = 0x214021b5, data = {status: 3, int32Values: [0]}
03-17 18:54:51.794   400   452 I DefaultVehicleHal_v2_0: DefaultVehicleHal::onPropertyValue, value:{.timestamp = 225741798692, .areaId = 0, .prop = 557851061, .status = UNAVAILABLE, .value = {.int32Values = [1]{0}, .floatValues = [0]{}, .int64Values = [0]{}, .bytes = [0]{}, .stringValue = ""}}
03-17 18:54:51.794   400   452 D adayocomadapter-CommunicationManager: onUpstreamReceive mPropertyId 0x214021b5
03-17 18:54:51.794   400   452 D adayocomadapter-CommunicationManager: onUpstreamReceive isLoss 1 mPropertyId 0x21402154
03-17 18:54:51.794   400   452 D adayocomadapter-CommunicationManager: convertBytesToInt32Memcpy  0
03-17 18:54:51.794   400   452 D vw-vhal : notifyVehicleProperty, propId = 0x21402154, data = {status: 3, int32Values: [0]}
03-17 18:54:51.794   400   452 I DefaultVehicleHal_v2_0: DefaultVehicleHal::onPropertyValue, value:{.timestamp = 225741902358, .areaId = 0, .prop = 557850964, .status = UNAVAILABLE, .value = {.int32Values = [1]{0}, .floatValues = [0]{}, .int64Values = [0]{}, .bytes = [0]{}, .stringValue = ""}}
03-17 18:54:51.794   400   452 D adayocomadapter-CommunicationManager: onUpstreamReceive mPropertyId 0x21402154
03-17 18:54:51.794   400   452 D adayocomadapter-CommunicationManager: onUpstreamReceive isLoss 1 mPropertyId 0x214021b7
03-17 18:54:51.794   400   452 D adayocomadapter-CommunicationManager: convertBytesToInt32Memcpy  0
03-17 18:54:51.794   400   452 D vw-vhal : notifyVehicleProperty, propId = 0x214021b7, data = {status: 3, int32Values: [0]}
03-17 18:54:51.794   400   452 I DefaultVehicleHal_v2_0: DefaultVehicleHal::onPropertyValue, value:{.timestamp = 225742018358, .areaId = 0, .prop = 557851063, .status = UNAVAILABLE, .value = {.int32Values = [1]{0}, .floatValues = [0]{}, .int64Values = [0]{}, .bytes = [0]{}, .stringValue = ""}}
03-17 18:54:51.794   400   452 D adayocomadapter-CommunicationManager: onUpstreamReceive mPropertyId 0x214021b7
03-17 18:54:51.794   400   452 D adayocomadapter-CommunicationManager: onUpstreamReceive isLoss 1 mPropertyId 0x21402156
03-17 18:54:51.794   400   452 D adayocomadapter-CommunicationManager: convertBytesToInt32Memcpy  0
03-17 18:54:51.794   400   452 D vw-vhal : notifyVehicleProperty, propId = 0x21402156, data = {status: 3, int32Values: [0]}
03-17 18:54:51.794   400   452 I DefaultVehicleHal_v2_0: DefaultVehicleHal::onPropertyValue, value:{.timestamp = 225742125025, .areaId = 0, .prop = 557850966, .status = UNAVAILABLE, .value = {.int32Values = [1]{0}, .floatValues = [0]{}, .int64Values = [0]{}, .bytes = [0]{}, .stringValue = ""}}
03-17 18:54:51.794   400   452 D adayocomadapter-CommunicationManager: onUpstreamReceive mPropertyId 0x21402156
03-17 18:54:51.794   400   452 D adayocomadapter-CommunicationManager: onUpstreamReceive isLoss 1 mPropertyId 0x214021b8
03-17 18:54:51.794   400   452 D adayocomadapter-CommunicationManager: convertBytesToInt32Memcpy  0
03-17 18:54:51.794   400   452 D vw-vhal : notifyVehicleProperty, propId = 0x214021b8, data = {status: 3, int32Values: [0]}
03-17 18:54:51.794   400   452 I DefaultVehicleHal_v2_0: DefaultVehicleHal::onPropertyValue, value:{.timestamp = 225742257692, .areaId = 0, .prop = 557851064, .status = UNAVAILABLE, .value = {.int32Values = [1]{0}, .floatValues = [0]{}, .int64Values = [0]{}, .bytes = [0]{}, .stringValue = ""}}
03-17 18:54:51.794   400   452 D adayocomadapter-CommunicationManager: onUpstreamReceive mPropertyId 0x214021b8
03-17 18:54:51.794   400   452 D adayocomadapter-CommunicationManager: onUpstreamReceive isLoss 1 mPropertyId 0x21402157
03-17 18:54:51.794   400   452 D adayocomadapter-CommunicationManager: convertBytesToInt32Memcpy  0
03-17 18:54:51.794   400   452 D vw-vhal : notifyVehicleProperty, propId = 0x21402157, data = {status: 3, int32Values: [0]}
03-17 18:54:51.794   400   452 I DefaultVehicleHal_v2_0: DefaultVehicleHal::onPropertyValue, value:{.timestamp = 225742365358, .areaId = 0, .prop = 557850967, .status = UNAVAILABLE, .value = {.int32Values = [1]{0}, .floatValues = [0]{}, .int64Values = [0]{}, .bytes = [0]{}, .stringValue = ""}}
03-17 18:54:51.794   400   452 D adayocomadapter-CommunicationManager: onUpstreamReceive mPropertyId 0x21402157
03-17 18:54:51.794   400   452 D adayocomadapter-CommunicationManager: onUpstreamReceive isLoss 1 mPropertyId 0x21402219
03-17 18:54:51.794   400   452 D adayocomadapter-CommunicationManager: convertBytesToInt32Memcpy  0
03-17 18:54:51.794   400   452 D vw-vhal : notifyVehicleProperty, propId = 0x21402219, data = {status: 3, int32Values: [0]}
03-17 18:54:51.794   400   452 I DefaultVehicleHal_v2_0: DefaultVehicleHal::onPropertyValue, value:{.timestamp = 225742480358, .areaId = 0, .prop = 557851161, .status = UNAVAILABLE, .value = {.int32Values = [1]{0}, .floatValues = [0]{}, .int64Values = [0]{}, .bytes = [0]{}, .stringValue = ""}}
03-17 18:54:51.794   400   452 D adayocomadapter-CommunicationManager: onUpstreamReceive mPropertyId 0x21402219
03-17 18:54:51.794   400   452 D adayocomadapter-CommunicationManager: onUpstreamReceive isLoss 1 mPropertyId 0x2140215b
03-17 18:54:51.795   400   452 D adayocomadapter-CommunicationManager: convertBytesToInt32Memcpy  0
03-17 18:54:51.795   400   452 D vw-vhal : notifyVehicleProperty, propId = 0x2140215b, data = {status: 3, int32Values: [0]}
03-17 18:54:51.795   400   452 I DefaultVehicleHal_v2_0: DefaultVehicleHal::onPropertyValue, value:{.timestamp = 225742589692, .areaId = 0, .prop = 557850971, .status = UNAVAILABLE, .value = {.int32Values = [1]{0}, .floatValues = [0]{}, .int64Values = [0]{}, .bytes = [0]{}, .stringValue = ""}}
03-17 18:54:51.795   400   452 D adayocomadapter-CommunicationManager: onUpstreamReceive mPropertyId 0x2140215b
03-17 18:54:51.795   400   452 D adayocomadapter-CommunicationManager: onUpstreamReceive isLoss 1 mPropertyId 0x214021bc
03-17 18:54:51.795   400   452 D adayocomadapter-CommunicationManager: convertBytesToInt32Memcpy  0
03-17 18:54:51.795   400   452 D vw-vhal : notifyVehicleProperty, propId = 0x214021bc, data = {status: 3, int32Values: [0]}
03-17 18:54:51.795   400   452 I DefaultVehicleHal_v2_0: DefaultVehicleHal::onPropertyValue, value:{.timestamp = 225742691358, .areaId = 0, .prop = 557851068, .status = UNAVAILABLE, .value = {.int32Values = [1]{0}, .floatValues = [0]{}, .int64Values = [0]{}, .bytes = [0]{}, .stringValue = ""}}
03-17 18:54:51.795   400   452 D adayocomadapter-CommunicationManager: onUpstreamReceive mPropertyId 0x214021bc
03-17 18:54:51.795   400   452 D adayocomadapter-CommunicationManager: onUpstreamReceive isLoss 1 mPropertyId 0x2140221d
03-17 18:54:51.795   400   452 D adayocomadapter-CommunicationManager: convertBytesToInt32Memcpy  0
03-17 18:54:51.795   400   452 D vw-vhal : notifyVehicleProperty, propId = 0x2140221d, data = {status: 3, int32Values: [0]}
03-17 18:54:51.795   400   452 I DefaultVehicleHal_v2_0: DefaultVehicleHal::onPropertyValue, value:{.timestamp = 225742795692, .areaId = 0, .prop = 557851165, .status = UNAVAILABLE, .value = {.int32Values = [1]{0}, .floatValues = [0]{}, .int64Values = [0]{}, .bytes = [0]{}, .stringValue = ""}}
03-17 18:54:51.795   400   452 D adayocomadapter-CommunicationManager: onUpstreamReceive mPropertyId 0x2140221d
03-17 18:54:51.795   400   452 D adayocomadapter-CommunicationManager: onUpstreamReceive isLoss 1 mPropertyId 0x214021b9
03-17 18:54:51.795   400   452 D adayocomadapter-CommunicationManager: convertBytesToInt32Memcpy  0
03-17 18:54:51.795   400   452 D vw-vhal : notifyVehicleProperty, propId = 0x214021b9, data = {status: 3, int32Values: [0]}
03-17 18:54:51.795   400   452 I DefaultVehicleHal_v2_0: DefaultVehicleHal::onPropertyValue, value:{.timestamp = 225742913025, .areaId = 0, .prop = 557851065, .status = UNAVAILABLE, .value = {.int32Values = [1]{0}, .floatValues = [0]{}, .int64Values = [0]{}, .bytes = [0]{}, .stringValue = ""}}
03-17 18:54:51.795   400   452 D adayocomadapter-CommunicationManager: onUpstreamReceive mPropertyId 0x214021b9
03-17 18:54:51.795   400   452 D adayocomadapter-CommunicationManager: onUpstreamReceive isLoss 1 mPropertyId 0x2140221a
03-17 18:54:51.795   400   452 D adayocomadapter-CommunicationManager: convertBytesToInt32Memcpy  0
03-17 18:54:51.795   400   452 D vw-vhal : notifyVehicleProperty, propId = 0x2140221a, data = {status: 3, int32Values: [0]}
03-17 18:54:51.795   400   452 I DefaultVehicleHal_v2_0: DefaultVehicleHal::onPropertyValue, value:{.timestamp = 225743020025, .areaId = 0, .prop = 557851162, .status = UNAVAILABLE, .value = {.int32Values = [1]{0}, .floatValues = [0]{}, .int64Values = [0]{}, .bytes = [0]{}, .stringValue = ""}}
03-17 18:54:51.795   400   452 D adayocomadapter-CommunicationManager: onUpstreamReceive mPropertyId 0x2140221a
03-17 18:54:51.795   400   452 D adayocomadapter-CommunicationManager: onUpstreamReceive isLoss 1 mPropertyId 0x214021bb
03-17 18:54:51.795   400   452 D adayocomadapter-CommunicationManager: convertBytesToInt32Memcpy  0
03-17 18:54:51.795   400   452 D vw-vhal : notifyVehicleProperty, propId = 0x214021bb, data = {status: 3, int32Values: [0]}
03-17 18:54:51.795   400   452 I DefaultVehicleHal_v2_0: DefaultVehicleHal::onPropertyValue, value:{.timestamp = 225743124692, .areaId = 0, .prop = 557851067, .status = UNAVAILABLE, .value = {.int32Values = [1]{0}, .floatValues = [0]{}, .int64Values = [0]{}, .bytes = [0]{}, .stringValue = ""}}
03-17 18:54:51.795   400   452 D adayocomadapter-CommunicationManager: onUpstreamReceive mPropertyId 0x214021bb
03-17 18:54:51.795   400   452 D adayocomadapter-CommunicationManager: onUpstreamReceive isLoss 1 mPropertyId 0x2140215a
03-17 18:54:51.795   400   452 D adayocomadapter-CommunicationManager: convertBytesToInt32Memcpy  0
03-17 18:54:51.795   400   452 D vw-vhal : notifyVehicleProperty, propId = 0x2140215a, data = {status: 3, int32Values: [0]}
03-17 18:54:51.795   400   452 I DefaultVehicleHal_v2_0: DefaultVehicleHal::onPropertyValue, value:{.timestamp = 225743229358, .areaId = 0, .prop = 557850970, .status = UNAVAILABLE, .value = {.int32Values = [1]{0}, .floatValues = [0]{}, .int64Values = [0]{}, .bytes = [0]{}, .stringValue = ""}}
03-17 18:54:51.795   400   452 D adayocomadapter-CommunicationManager: onUpstreamReceive mPropertyId 0x2140215a
03-17 18:54:51.795   400   452 D adayocomadapter-CommunicationManager: onUpstreamReceive isLoss 1 mPropertyId 0x2140221c
03-17 18:54:51.795   400   452 D adayocomadapter-CommunicationManager: convertBytesToInt32Memcpy  0
03-17 18:54:51.795   400   452 D vw-vhal : notifyVehicleProperty, propId = 0x2140221c, data = {status: 3, int32Values: [0]}
03-17 18:54:51.795   400   452 I DefaultVehicleHal_v2_0: DefaultVehicleHal::onPropertyValue, value:{.timestamp = 225743342358, .areaId = 0, .prop = 557851164, .status = UNAVAILABLE, .value = {.int32Values = [1]{0}, .floatValues = [0]{}, .int64Values = [0]{}, .bytes = [0]{}, .stringValue = ""}}
03-17 18:54:51.795   400   452 D adayocomadapter-CommunicationManager: onUpstreamReceive mPropertyId 0x2140221c
03-17 18:54:51.795   400   452 D adayocomadapter-CommunicationManager: onUpstreamReceive isLoss 1 mPropertyId 0x214021be
03-17 18:54:51.795   400   452 D adayocomadapter-CommunicationManager: convertBytesToInt32Memcpy  0
03-17 18:54:51.795   400   452 D vw-vhal : notifyVehicleProperty, propId = 0x214021be, data = {status: 3, int32Values: [0]}
03-17 18:54:51.795   400   452 I DefaultVehicleHal_v2_0: DefaultVehicleHal::onPropertyValue, value:{.timestamp = 225743447025, .areaId = 0, .prop = 557851070, .status = UNAVAILABLE, .value = {.int32Values = [1]{0}, .floatValues = [0]{}, .int64Values = [0]{}, .bytes = [0]{}, .stringValue = ""}}
03-17 18:54:51.795   400   452 D adayocomadapter-CommunicationManager: onUpstreamReceive mPropertyId 0x214021be
03-17 18:54:51.795   400   452 D adayocomadapter-CommunicationManager: onUpstreamReceive isLoss 1 mPropertyId 0x2140215d
03-17 18:54:51.795   400   452 D adayocomadapter-CommunicationManager: convertBytesToInt32Memcpy  0
03-17 18:54:51.795   400   452 D vw-vhal : notifyVehicleProperty, propId = 0x2140215d, data = {status: 3, int32Values: [0]}
03-17 18:54:51.796   400   452 I DefaultVehicleHal_v2_0: DefaultVehicleHal::onPropertyValue, value:{.timestamp = 225743555358, .areaId = 0, .prop = 557850973, .status = UNAVAILABLE, .value = {.int32Values = [1]{0}, .floatValues = [0]{}, .int64Values = [0]{}, .bytes = [0]{}, .stringValue = ""}}
03-17 18:54:51.796   400   452 D adayocomadapter-CommunicationManager: onUpstreamReceive mPropertyId 0x2140215d
03-17 18:54:51.796   400   452 D adayocomadapter-CommunicationManager: onUpstreamReceive isLoss 1 mPropertyId 0x2140221f
03-17 18:54:51.796   400   452 D adayocomadapter-CommunicationManager: convertBytesToInt32Memcpy  0
03-17 18:54:51.796   400   452 D vw-vhal : notifyVehicleProperty, propId = 0x2140221f, data = {status: 3, int32Values: [0]}
03-17 18:54:51.796   400   452 I DefaultVehicleHal_v2_0: DefaultVehicleHal::onPropertyValue, value:{.timestamp = 225743662025, .areaId = 0, .prop = 557851167, .status = UNAVAILABLE, .value = {.int32Values = [1]{0}, .floatValues = [0]{}, .int64Values = [0]{}, .bytes = [0]{}, .stringValue = ""}}
03-17 18:54:51.796   400   452 D adayocomadapter-CommunicationManager: onUpstreamReceive mPropertyId 0x2140221f
03-17 18:54:51.796   400   452 D adayocomadapter-CommunicationManager: onUpstreamReceive isLoss 1 mPropertyId 0x214021a5
03-17 18:54:51.796   400   452 D adayocomadapter-CommunicationManager: convertBytesToInt32Memcpy  0
03-17 18:54:51.796   400   452 D vw-vhal : notifyVehicleProperty, propId = 0x214021a5, data = {status: 3, int32Values: [0]}
03-17 18:54:51.796   400   452 I DefaultVehicleHal_v2_0: DefaultVehicleHal::onPropertyValue, value:{.timestamp = 225743777025, .areaId = 0, .prop = 557851045, .status = UNAVAILABLE, .value = {.int32Values = [1]{0}, .floatValues = [0]{}, .int64Values = [0]{}, .bytes = [0]{}, .stringValue = ""}}
03-17 18:54:51.796   400   452 D adayocomadapter-CommunicationManager: onUpstreamReceive mPropertyId 0x214021a5
03-17 18:54:51.796   400   452 D adayocomadapter-CommunicationManager: onUpstreamReceive isLoss 1 mPropertyId 0x21402107
03-17 18:54:51.796   400   452 D adayocomadapter-CommunicationManager: convertBytesToInt32Memcpy  0
03-17 18:54:51.796   400   452 D vw-vhal : notifyVehicleProperty, propId = 0x21402107, data = {status: 3, int32Values: [0]}
03-17 18:54:51.796   400   452 I DefaultVehicleHal_v2_0: DefaultVehicleHal::onPropertyValue, value:{.timestamp = 225743884358, .areaId = 0, .prop = 557850887, .status = UNAVAILABLE, .value = {.int32Values = [1]{0}, .floatValues = [0]{}, .int64Values = [0]{}, .bytes = [0]{}, .stringValue = ""}}
03-17 18:54:51.796   400   452 D adayocomadapter-CommunicationManager: onUpstreamReceive mPropertyId 0x21402107
03-17 18:54:51.796   400   452 D adayocomadapter-CommunicationManager: onUpstreamReceive isLoss 1 mPropertyId 0x2140222a
03-17 18:54:51.796   400   452 D adayocomadapter-CommunicationManager: convertBytesToInt32Memcpy  0
03-17 18:54:51.796   400   452 D vw-vhal : notifyVehicleProperty, propId = 0x2140222a, data = {status: 3, int32Values: [0]}
03-17 18:54:51.796   400   452 I DefaultVehicleHal_v2_0: DefaultVehicleHal::onPropertyValue, value:{.timestamp = 225743988692, .areaId = 0, .prop = 557851178, .status = UNAVAILABLE, .value = {.int32Values = [1]{0}, .floatValues = [0]{}, .int64Values = [0]{}, .bytes = [0]{}, .stringValue = ""}}
03-17 18:54:51.796   400   452 D adayocomadapter-CommunicationManager: onUpstreamReceive mPropertyId 0x2140222a
03-17 18:54:51.796   400   452 D adayocomadapter-CommunicationManager: onUpstreamReceive isLoss 1 mPropertyId 0x214021c3
03-17 18:54:51.796   400   452 D adayocomadapter-CommunicationManager: convertBytesToInt32Memcpy  0
03-17 18:54:51.796   400   452 D vw-vhal : notifyVehicleProperty, propId = 0x214021c3, data = {status: 3, int32Values: [0]}
03-17 18:54:51.796   400   452 I DefaultVehicleHal_v2_0: DefaultVehicleHal::onPropertyValue, value:{.timestamp = 225744172025, .areaId = 0, .prop = 557851075, .status = UNAVAILABLE, .value = {.int32Values = [1]{0}, .floatValues = [0]{}, .int64Values = [0]{}, .bytes = [0]{}, .stringValue = ""}}
03-17 18:54:51.796   400   452 D adayocomadapter-CommunicationManager: onUpstreamReceive mPropertyId 0x214021c3
03-17 18:54:51.796   400   452 D adayocomadapter-CommunicationManager: onUpstreamReceive isLoss 1 mPropertyId 0x214021a8
03-17 18:54:51.796   400   452 D adayocomadapter-CommunicationManager: convertBytesToInt32Memcpy  0
03-17 18:54:51.796   400   452 D vw-vhal : notifyVehicleProperty, propId = 0x214021a8, data = {status: 3, int32Values: [0]}
03-17 18:54:51.796   400   452 I DefaultVehicleHal_v2_0: DefaultVehicleHal::onPropertyValue, value:{.timestamp = 225744285692, .areaId = 0, .prop = 557851048, .status = UNAVAILABLE, .value = {.int32Values = [1]{0}, .floatValues = [0]{}, .int64Values = [0]{}, .bytes = [0]{}, .stringValue = ""}}
03-17 18:54:51.796   400   452 D adayocomadapter-CommunicationManager: onUpstreamReceive mPropertyId 0x214021a8
03-17 18:54:51.796   400   452 D adayocomadapter-CommunicationManager: onUpstreamReceive isLoss 1 mPropertyId 0x214021a6
03-17 18:54:51.796   400   452 D adayocomadapter-CommunicationManager: convertBytesToInt32Memcpy  1
03-17 18:54:51.796   400   452 D vw-vhal : notifyVehicleProperty, propId = 0x214021a6, data = {status: 3, int32Values: [1]}
03-17 18:54:51.796   400   452 I DefaultVehicleHal_v2_0: DefaultVehicleHal::onPropertyValue, value:{.timestamp = 225744389358, .areaId = 0, .prop = 557851046, .status = UNAVAILABLE, .value = {.int32Values = [1]{1}, .floatValues = [0]{}, .int64Values = [0]{}, .bytes = [0]{}, .stringValue = ""}}
03-17 18:54:51.796   400   452 D adayocomadapter-CommunicationManager: onUpstreamReceive mPropertyId 0x214021a6
03-17 18:54:51.796   400   452 D adayocomadapter-CommunicationManager: onUpstreamReceive isLoss 1 mPropertyId 0x214021a7
03-17 18:54:51.811  1603  9419 I ADAYO_LOG_: a(CmdFunc.java:22)logcat execute command finally : [logcat -b all -c]
03-17 18:54:51.811  1603  9419 I ADAYO_LOG_: a(CmdFunc.java:38)logcatexecute command end, errorMsg: , and status: 0: 
03-17 18:54:51.811   582  3616 E WifiHAL : Invalid data received from driver
03-17 18:54:51.821  1603  9419 I ADAYO_LOG_: i(null:15)logcat file is zip packing, zipFilePath: /la_log/vendor/fawvw/log/android/logcat/logcat_0020_0002_2026_03_17_18_53_26_20_2026_03_17_18_54_51_72.gz
03-17 18:54:51.821  1603  9419 I ADAYO_LOG_: e(LogcatFunc.java:2)isOpenEncrypt: false
--------- beginning of kernel
01-01 08:03:46.979     1     1 I init    : Untracked pid 9662 received signal 9
03-17 18:54:51.846  1566  8859 D okhttp.Http2: << 0x00000000     0 SETTINGS      ACK
03-17 18:54:51.846  1566  8859 D okhttp.Http2: << 0x00000003    48 HEADERS       END_HEADERS
03-17 18:54:51.847  1566  8859 D okhttp.Http2: << 0x00000003   165 DATA          END_STREAM
03-17 18:54:51.848  1566  8119 D AiuiUploadState: response-->421
03-17 18:54:51.848  1566  8119 D AiuiUploadState: response-->
03-17 18:54:51.848  1566  8859 D okhttp.Http2: << 0x00000003     4 WINDOW_UPDATE 
03-17 18:54:51.848  1566  8119 D okhttp.TaskRunner: Q10003 canceled              : OkHttp ConnectionPool
03-17 18:54:51.849  2383  2600 D AdayoDoipServer294_Doip: [ne_doip_event_loop_dispatch][line:141] : count = 0
03-17 18:54:51.850  1566  8119 D AiuiUploadState: response--><html>
03-17 18:54:51.850  1566  8119 D AiuiUploadState: <head><title>421 Misdirected Request</title></head>
03-17 18:54:51.850  1566  8119 D AiuiUploadState: <body>
03-17 18:54:51.850  1566  8119 D AiuiUploadState: <center><h1>421 Misdirected Request</h1></center>
03-17 18:54:51.850  1566  8119 D AiuiUploadState: <hr><center>stgw</center>
03-17 18:54:51.850  1566  8119 D AiuiUploadState: </body>
03-17 18:54:51.850  1566  8119 D AiuiUploadState: </html>
03-17 18:54:51.850  1566  8119 D AiuiUploadState: bodyString--><html>
03-17 18:54:51.850  1566  8119 D AiuiUploadState: <head><title>421 Misdirected Request</title></head>
03-17 18:54:51.850  1566  8119 D AiuiUploadState: <body>
03-17 18:54:51.850  1566  8119 D AiuiUploadState: <center><h1>421 Misdirected Request</h1></center>
03-17 18:54:51.850  1566  8119 D AiuiUploadState: <hr><center>stgw</center>
03-17 18:54:51.850  1566  8119 D AiuiUploadState: </body>
03-17 18:54:51.850  1566  8119 D AiuiUploadState: </html>
03-17 18:54:51.850   582  3616 E WifiHAL : Invalid data received from driver
03-17 18:54:51.850  1566  8119 D SrSolution: setParam:<html>
03-17 18:54:51.850  1566  8119 D SrSolution: <head><title>421 Misdirected Request</title></head>
03-17 18:54:51.850  1566  8119 D SrSolution: <body>
03-17 18:54:51.850  1566  8119 D SrSolution: <center><h1>421 Misdirected Request</h1></center>
03-17 18:54:51.850  1566  8119 D SrSolution: <hr><center>stgw</center>
03-17 18:54:51.850  1566  8119 D SrSolution: </body>
03-17 18:54:51.850  1566  8119 D SrSolution: </html>
03-17 18:54:51.850   582  3616 E WifiHAL : Invalid data received from driver
03-17 18:54:51.850   582  3616 E WifiHAL : Invalid data received from driver
03-17 18:54:51.850  1566  8119 D ms_jni  : setParam
03-17 18:54:51.850   582  3616 E WifiHAL : Invalid data received from driver
03-17 18:54:51.850  1566  1566 I AccessibilityCache: onAccessibilityEvent(EventType: TYPE_WINDOW_CONTENT_CHANGED; EventTime: 225196; PackageName: com.android.systemui; MovementGranularity: 0; Action: 0; ContentChangeTypes: [CONTENT_CHANGE_TYPE_SUBTREE]; WindowChangeTypes: [] [ ClassName: androidx.recyclerview.widget.RecyclerView; Text: []; ContentDescription: null; ItemCount: 13; CurrentItemIndex: -1; Enabled: true; Password: false; Checked: false; FullScreen: false; Scrollable: false; ImportantForAccessibility: true; AccessibilityDataSensitive: false; BeforeText: null; FromIndex: 0; ToIndex: 12; ScrollX: 0; ScrollY: 0; MaxScrollX: 0; MaxScrollY: 0; ScrollDeltaX: -1; ScrollDeltaY: -1; AddedCount: -1; RemovedCount: -1; ParcelableData: null; DisplayId: 0 ]
03-17 18:54:51.850  1566  1566 I AccessibilityCache: ; SourceWindowId: 0x1; SourceNodeId: 0xffffffff00000023; SourceDisplayId: 0)
03-17 18:54:51.850  1566  1566 I AccessibilityCache: Clearing cached subtree.
03-17 18:54:51.850   582  3616 E WifiHAL : Invalid data received from driver
03-17 18:54:51.850  1566  8119 D SrBase  : MsBase.mUseMs-->truelibissms.setParam ret = 0
03-17 18:54:51.850  1566  8119 D SrSolution: libissms.setParam : ret = 0
03-17 18:54:51.850  1566  8119 D AiuiUploadState: ret->0
03-17 18:54:51.850  1566  1566 D AccessibilityServices: type = 2048  pkg = com.android.systemui
03-17 18:54:51.850   582  3616 E WifiHAL : Invalid data received from driver
03-17 18:54:51.850  1566  8859 D okhttp.Http2: >> 0x00000000     8 GOAWAY        
03-17 18:54:51.850   582  3616 E WifiHAL : Invalid data received from driver
03-17 18:54:51.851  1566  8859 D okhttp.TaskRunner: Q10099 finished run in 176 ms: OkHttp api-c-uat.mosc.faw-vw.com
03-17 18:54:51.856  1566  2005 D MsManager: onMSMsgProc_() l = [20050], l1 = [12000], s = [http_post fail]
03-17 18:54:51.857  1566  1907 I SrSolution: ISS_SR_MSG_UPLOADDATATOCLOUDSTATUS:12000 http_post fail
03-17 18:54:51.857  1566  1907 E SrSolution: Last upload failed, trigger re upload
03-17 18:54:51.857  1566  1907 E SrSolution: retry exceed MAX_UPLOAD_FAILED_COUNT
03-17 18:54:51.857  1566  1907 D SrManager: onSrMessage() called with: uMsg = [20050], wParam = [12000], lParam = [http_post fail]
03-17 18:54:51.876   642   685 I mcuc    : sd Uart data : 6AA602088300029202DD
03-17 18:54:51.876   582  3616 E WifiHAL : Invalid data received from driver
03-17 18:54:51.881   642   685 I mcuc    : rev uart=2272,len=18, data : 6AA6810883000A920200060000000000014F
--------- beginning of events
03-17 18:54:51.882   400  1006 I liblog  : 304
03-17 18:54:51.882   400  1006 D adayocomadapter-ParseProtocolFunc: printRaWMsg Name[MCUToUPstream recv] len[10] data[92020006000000000001]
