03-17 18:55:01.461   400   452 D adayocomadapter-CommunicationManager: onUpstreamReceive isLoss 1 mPropertyId 0x21402226
03-17 18:55:01.461   400   452 D adayocomadapter-CommunicationManager: convertBytesToInt32Memcpy  0
03-17 18:55:01.461   400   452 D vw-vhal : notifyVehicleProperty, propId = 0x21402226, data = {status: 3, int32Values: [0]}
03-17 18:55:01.461   400   452 I DefaultVehicleHal_v2_0: DefaultVehicleHal::onPropertyValue, value:{.timestamp = 235409304359, .areaId = 0, .prop = 557851174, .status = UNAVAILABLE, .value = {.int32Values = [1]{0}, .floatValues = [0]{}, .int64Values = [0]{}, .bytes = [0]{}, .stringValue = ""}}
03-17 18:55:01.461   400   452 D adayocomadapter-CommunicationManager: onUpstreamReceive mPropertyId 0x21402226
03-17 18:55:01.461   400   452 D adayocomadapter-CommunicationManager: onUpstreamReceive isLoss 1 mPropertyId 0x214021c6
03-17 18:55:01.461   400   452 D adayocomadapter-CommunicationManager: convertBytesToInt32Memcpy  0
03-17 18:55:01.461   400   452 D vw-vhal : notifyVehicleProperty, propId = 0x214021c6, data = {status: 3, int32Values: [0]}
03-17 18:55:01.461   400   452 I DefaultVehicleHal_v2_0: DefaultVehicleHal::onPropertyValue, value:{.timestamp = 235409436359, .areaId = 0, .prop = 557851078, .status = UNAVAILABLE, .value = {.int32Values = [1]{0}, .floatValues = [0]{}, .int64Values = [0]{}, .bytes = [0]{}, .stringValue = ""}}
03-17 18:55:01.461   400   452 D adayocomadapter-CommunicationManager: onUpstreamReceive mPropertyId 0x214021c6
03-17 18:55:01.461   400   452 D adayocomadapter-CommunicationManager: onUpstreamReceive isLoss 1 mPropertyId 0x21402227
03-17 18:55:01.461   400   452 D adayocomadapter-CommunicationManager: convertBytesToInt32Memcpy  0
03-17 18:55:01.461   400   452 D vw-vhal : notifyVehicleProperty, propId = 0x21402227, data = {status: 3, int32Values: [0]}
03-17 18:55:01.462   400   452 I DefaultVehicleHal_v2_0: DefaultVehicleHal::onPropertyValue, value:{.timestamp = 235409552359, .areaId = 0, .prop = 557851175, .status = UNAVAILABLE, .value = {.int32Values = [1]{0}, .floatValues = [0]{}, .int64Values = [0]{}, .bytes = [0]{}, .stringValue = ""}}
03-17 18:55:01.462   400   452 D adayocomadapter-CommunicationManager: onUpstreamReceive mPropertyId 0x21402227
03-17 18:55:01.462   400   452 D adayocomadapter-CommunicationManager: onUpstreamReceive isLoss 1 mPropertyId 0x214021d3
03-17 18:55:01.462   400   452 D adayocomadapter-CommunicationManager: convertBytesToInt32Memcpy  0
03-17 18:55:01.462   400   452 D vw-vhal : notifyVehicleProperty, propId = 0x214021d3, data = {status: 3, int32Values: [0]}
03-17 18:55:01.462   400   452 I DefaultVehicleHal_v2_0: DefaultVehicleHal::onPropertyValue, value:{.timestamp = 235409663359, .areaId = 0, .prop = 557851091, .status = UNAVAILABLE, .value = {.int32Values = [1]{0}, .floatValues = [0]{}, .int64Values = [0]{}, .bytes = [0]{}, .stringValue = ""}}
03-17 18:55:01.462   400   452 D adayocomadapter-CommunicationManager: onUpstreamReceive mPropertyId 0x214021d3
03-17 18:55:01.462   400   452 D adayocomadapter-CommunicationManager: onUpstreamReceive isLoss 1 mPropertyId 0x21402234
03-17 18:55:01.462   400   452 D adayocomadapter-CommunicationManager: convertBytesToInt32Memcpy  0
03-17 18:55:01.462   400   452 D vw-vhal : notifyVehicleProperty, propId = 0x21402234, data = {status: 3, int32Values: [0]}
03-17 18:55:01.462   400   452 I DefaultVehicleHal_v2_0: DefaultVehicleHal::onPropertyValue, value:{.timestamp = 235409771359, .areaId = 0, .prop = 557851188, .status = UNAVAILABLE, .value = {.int32Values = [1]{0}, .floatValues = [0]{}, .int64Values = [0]{}, .bytes = [0]{}, .stringValue = ""}}
03-17 18:55:01.462   400   452 D adayocomadapter-CommunicationManager: onUpstreamReceive mPropertyId 0x21402234
03-17 18:55:01.462   400   452 D adayocomadapter-CommunicationManager: onUpstreamReceive isLoss 1 mPropertyId 0x214021d4
03-17 18:55:01.462   400   452 D adayocomadapter-CommunicationManager: convertBytesToInt32Memcpy  0
03-17 18:55:01.462   400   452 D vw-vhal : notifyVehicleProperty, propId = 0x214021d4, data = {status: 3, int32Values: [0]}
03-17 18:55:01.462   400   452 I DefaultVehicleHal_v2_0: DefaultVehicleHal::onPropertyValue, value:{.timestamp = 235409879026, .areaId = 0, .prop = 557851092, .status = UNAVAILABLE, .value = {.int32Values = [1]{0}, .floatValues = [0]{}, .int64Values = [0]{}, .bytes = [0]{}, .stringValue = ""}}
03-17 18:55:01.462   400   452 D adayocomadapter-CommunicationManager: onUpstreamReceive mPropertyId 0x214021d4
03-17 18:55:01.462   400   452 D adayocomadapter-CommunicationManager: onUpstreamReceive isLoss 1 mPropertyId 0x21402235
03-17 18:55:01.462   400   452 D adayocomadapter-CommunicationManager: convertBytesToInt32Memcpy  0
03-17 18:55:01.462   400   452 D vw-vhal : notifyVehicleProperty, propId = 0x21402235, data = {status: 3, int32Values: [0]}
03-17 18:55:01.462   400   452 I DefaultVehicleHal_v2_0: DefaultVehicleHal::onPropertyValue, value:{.timestamp = 235409987026, .areaId = 0, .prop = 557851189, .status = UNAVAILABLE, .value = {.int32Values = [1]{0}, .floatValues = [0]{}, .int64Values = [0]{}, .bytes = [0]{}, .stringValue = ""}}
03-17 18:55:01.462   400   452 D adayocomadapter-CommunicationManager: onUpstreamReceive mPropertyId 0x21402235
03-17 18:55:01.462   400   452 D adayocomadapter-CommunicationManager: onUpstreamReceive isLoss 1 mPropertyId 0x21402228
03-17 18:55:01.462   400   452 D adayocomadapter-CommunicationManager: convertBytesToInt32Memcpy  0
03-17 18:55:01.462   400   452 D vw-vhal : notifyVehicleProperty, propId = 0x21402228, data = {status: 3, int32Values: [0]}
03-17 18:55:01.462   400   452 I DefaultVehicleHal_v2_0: DefaultVehicleHal::onPropertyValue, value:{.timestamp = 235410094359, .areaId = 0, .prop = 557851176, .status = UNAVAILABLE, .value = {.int32Values = [1]{0}, .floatValues = [0]{}, .int64Values = [0]{}, .bytes = [0]{}, .stringValue = ""}}
03-17 18:55:01.462   400   452 D adayocomadapter-CommunicationManager: onUpstreamReceive mPropertyId 0x21402228
03-17 18:55:01.462   400   452 D adayocomadapter-CommunicationManager: onUpstreamReceive isLoss 1 mPropertyId 0x21402229
03-17 18:55:01.462   400   452 D adayocomadapter-CommunicationManager: convertBytesToInt32Memcpy  0
03-17 18:55:01.462   400   452 D vw-vhal : notifyVehicleProperty, propId = 0x21402229, data = {status: 3, int32Values: [0]}
03-17 18:55:01.462   400   452 I DefaultVehicleHal_v2_0: DefaultVehicleHal::onPropertyValue, value:{.timestamp = 235410202359, .areaId = 0, .prop = 557851177, .status = UNAVAILABLE, .value = {.int32Values = [1]{0}, .floatValues = [0]{}, .int64Values = [0]{}, .bytes = [0]{}, .stringValue = ""}}
03-17 18:55:01.462   400   452 D adayocomadapter-CommunicationManager: onUpstreamReceive mPropertyId 0x21402229
03-17 18:55:01.462   400   452 D adayocomadapter-CommunicationManager: onUpstreamReceive isLoss 1 mPropertyId 0x21402236
03-17 18:55:01.462   400   452 D adayocomadapter-CommunicationManager: convertBytesToInt32Memcpy  0
03-17 18:55:01.462   400   452 D vw-vhal : notifyVehicleProperty, propId = 0x21402236, data = {status: 3, int32Values: [0]}
03-17 18:55:01.462   400   452 I DefaultVehicleHal_v2_0: DefaultVehicleHal::onPropertyValue, value:{.timestamp = 235410389693, .areaId = 0, .prop = 557851190, .status = UNAVAILABLE, .value = {.int32Values = [1]{0}, .floatValues = [0]{}, .int64Values = [0]{}, .bytes = [0]{}, .stringValue = ""}}
03-17 18:55:01.462   400   452 D adayocomadapter-CommunicationManager: onUpstreamReceive mPropertyId 0x21402236
03-17 18:55:01.462   400   452 D adayocomadapter-CommunicationManager: onUpstreamReceive isLoss 1 mPropertyId 0x21402237
03-17 18:55:01.462   400   452 D adayocomadapter-CommunicationManager: convertBytesToInt32Memcpy  0
03-17 18:55:01.462   400   452 D vw-vhal : notifyVehicleProperty, propId = 0x21402237, data = {status: 3, int32Values: [0]}
03-17 18:55:01.462   400   452 I DefaultVehicleHal_v2_0: DefaultVehicleHal::onPropertyValue, value:{.timestamp = 235410492693, .areaId = 0, .prop = 557851191, .status = UNAVAILABLE, .value = {.int32Values = [1]{0}, .floatValues = [0]{}, .int64Values = [0]{}, .bytes = [0]{}, .stringValue = ""}}
03-17 18:55:01.462   400   452 D adayocomadapter-CommunicationManager: onUpstreamReceive mPropertyId 0x21402237
03-17 18:55:01.462   400   452 D adayocomadapter-CommunicationManager: onUpstreamReceive isLoss 1 mPropertyId 0x21402238
03-17 18:55:01.463   400   452 D adayocomadapter-CommunicationManager: convertBytesToInt32Memcpy  0
03-17 18:55:01.463   400   452 D vw-vhal : notifyVehicleProperty, propId = 0x21402238, data = {status: 3, int32Values: [0]}
03-17 18:55:01.463   400   452 I DefaultVehicleHal_v2_0: DefaultVehicleHal::onPropertyValue, value:{.timestamp = 235410592693, .areaId = 0, .prop = 557851192, .status = UNAVAILABLE, .value = {.int32Values = [1]{0}, .floatValues = [0]{}, .int64Values = [0]{}, .bytes = [0]{}, .stringValue = ""}}
03-17 18:55:01.463   400   452 D adayocomadapter-CommunicationManager: onUpstreamReceive mPropertyId 0x21402238
03-17 18:55:01.463   400   452 D adayocomadapter-CommunicationManager: onUpstreamReceive isLoss 1 mPropertyId 0x21402239
03-17 18:55:01.463   400   452 D adayocomadapter-CommunicationManager: convertBytesToInt32Memcpy  0
03-17 18:55:01.463   400   452 D vw-vhal : notifyVehicleProperty, propId = 0x21402239, data = {status: 3, int32Values: [0]}
03-17 18:55:01.463  1603  1603 I ADAYO_LOG_: handleMessage(UsbFunc.java:3)copyQnx = 0
03-17 18:55:01.463   400   452 I DefaultVehicleHal_v2_0: DefaultVehicleHal::onPropertyValue, value:{.timestamp = 235410695026, .areaId = 0, .prop = 557851193, .status = UNAVAILABLE, .value = {.int32Values = [1]{0}, .floatValues = [0]{}, .int64Values = [0]{}, .bytes = [0]{}, .stringValue = ""}}
03-17 18:55:01.463   400   452 D adayocomadapter-CommunicationManager: onUpstreamReceive mPropertyId 0x21402239
03-17 18:55:01.463   400   452 D adayocomadapter-CommunicationManager: onUpstreamReceive isLoss 1 mPropertyId 0x2140223a
03-17 18:55:01.463   400   452 D adayocomadapter-CommunicationManager: convertBytesToInt32Memcpy  0
03-17 18:55:01.463   400   452 D vw-vhal : notifyVehicleProperty, propId = 0x2140223a, data = {status: 3, int32Values: [0]}
03-17 18:55:01.463   400   452 I DefaultVehicleHal_v2_0: DefaultVehicleHal::onPropertyValue, value:{.timestamp = 235410807026, .areaId = 0, .prop = 557851194, .status = UNAVAILABLE, .value = {.int32Values = [1]{0}, .floatValues = [0]{}, .int64Values = [0]{}, .bytes = [0]{}, .stringValue = ""}}
03-17 18:55:01.463  1603  1603 I ADAYO_LOG_: handleMessage(UsbFunc.java:69)copyState = 2
03-17 18:55:01.463   400   452 D adayocomadapter-CommunicationManager: onUpstreamReceive mPropertyId 0x2140223a
03-17 18:55:01.463   400   452 D adayocomadapter-CommunicationManager: onUpstreamReceive isLoss 1 mPropertyId 0x2140223b
03-17 18:55:01.463   400   452 D adayocomadapter-CommunicationManager: convertBytesToInt32Memcpy  101
03-17 18:55:01.463   400   452 D vw-vhal : notifyVehicleProperty, propId = 0x2140223b, data = {status: 3, int32Values: [101]}
03-17 18:55:01.463   400   452 I DefaultVehicleHal_v2_0: DefaultVehicleHal::onPropertyValue, value:{.timestamp = 235410910026, .areaId = 0, .prop = 557851195, .status = UNAVAILABLE, .value = {.int32Values = [1]{101}, .floatValues = [0]{}, .int64Values = [0]{}, .bytes = [0]{}, .stringValue = ""}}
03-17 18:55:01.463   400   452 D adayocomadapter-CommunicationManager: onUpstreamReceive mPropertyId 0x2140223b
03-17 18:55:01.463   400   452 D adayocomadapter-CommunicationManager: onUpstreamReceive isLoss 1 mPropertyId 0x2140223c
03-17 18:55:01.463   400   452 D adayocomadapter-CommunicationManager: convertBytesToInt32Memcpy  20001
03-17 18:55:01.463   400   452 D vw-vhal : notifyVehicleProperty, propId = 0x2140223c, data = {status: 3, int32Values: [20001]}
03-17 18:55:01.463   400   452 I DefaultVehicleHal_v2_0: DefaultVehicleHal::onPropertyValue, value:{.timestamp = 235411013026, .areaId = 0, .prop = 557851196, .status = UNAVAILABLE, .value = {.int32Values = [1]{20001}, .floatValues = [0]{}, .int64Values = [0]{}, .bytes = [0]{}, .stringValue = ""}}
03-17 18:55:01.463   400   452 D adayocomadapter-CommunicationManager: onUpstreamReceive mPropertyId 0x2140223c
03-17 18:55:01.463   400   452 D adayocomadapter-CommunicationManager: onUpstreamReceive isLoss 1 mPropertyId 0x21402241
03-17 18:55:01.463   400   452 D adayocomadapter-CommunicationManager: convertBytesToInt32Memcpy  0
03-17 18:55:01.463   400   452 D vw-vhal : notifyVehicleProperty, propId = 0x21402241, data = {status: 3, int32Values: [0]}
03-17 18:55:01.463   400   452 I DefaultVehicleHal_v2_0: DefaultVehicleHal::onPropertyValue, value:{.timestamp = 235411115693, .areaId = 0, .prop = 557851201, .status = UNAVAILABLE, .value = {.int32Values = [1]{0}, .floatValues = [0]{}, .int64Values = [0]{}, .bytes = [0]{}, .stringValue = ""}}
03-17 18:55:01.463   400   452 D adayocomadapter-CommunicationManager: onUpstreamReceive mPropertyId 0x21402241
03-17 18:55:01.463   400   452 D adayocomadapter-CommunicationManager: onUpstreamReceive isLoss 1 mPropertyId 0x21402242
03-17 18:55:01.463   400   452 D adayocomadapter-CommunicationManager: convertBytesToInt32Memcpy  0
03-17 18:55:01.463   400   452 D vw-vhal : notifyVehicleProperty, propId = 0x21402242, data = {status: 3, int32Values: [0]}
03-17 18:55:01.463   400   452 I DefaultVehicleHal_v2_0: DefaultVehicleHal::onPropertyValue, value:{.timestamp = 235411216693, .areaId = 0, .prop = 557851202, .status = UNAVAILABLE, .value = {.int32Values = [1]{0}, .floatValues = [0]{}, .int64Values = [0]{}, .bytes = [0]{}, .stringValue = ""}}
03-17 18:55:01.463   400   452 D adayocomadapter-CommunicationManager: onUpstreamReceive mPropertyId 0x21402242
03-17 18:55:01.463   400   452 D adayocomadapter-CommunicationManager: onUpstreamReceive isLoss 1 mPropertyId 0x214021e1
03-17 18:55:01.463   400   452 D adayocomadapter-CommunicationManager: convertBytesToInt32Memcpy  0
03-17 18:55:01.463   400   452 D vw-vhal : notifyVehicleProperty, propId = 0x214021e1, data = {status: 3, int32Values: [0]}
03-17 18:55:01.463   400   452 I DefaultVehicleHal_v2_0: DefaultVehicleHal::onPropertyValue, value:{.timestamp = 235411322359, .areaId = 0, .prop = 557851105, .status = UNAVAILABLE, .value = {.int32Values = [1]{0}, .floatValues = [0]{}, .int64Values = [0]{}, .bytes = [0]{}, .stringValue = ""}}
03-17 18:55:01.463   400   452 D adayocomadapter-CommunicationManager: onUpstreamReceive mPropertyId 0x214021e1
03-17 18:55:01.463   400   452 D adayocomadapter-CommunicationManager: onUpstreamReceive isLoss 1 mPropertyId 0x21402243
03-17 18:55:01.463   400   452 D adayocomadapter-CommunicationManager: convertBytesToInt32Memcpy  0
03-17 18:55:01.463   400   452 D vw-vhal : notifyVehicleProperty, propId = 0x21402243, data = {status: 3, int32Values: [0]}
03-17 18:55:01.463   400   452 I DefaultVehicleHal_v2_0: DefaultVehicleHal::onPropertyValue, value:{.timestamp = 235411425359, .areaId = 0, .prop = 557851203, .status = UNAVAILABLE, .value = {.int32Values = [1]{0}, .floatValues = [0]{}, .int64Values = [0]{}, .bytes = [0]{}, .stringValue = ""}}
03-17 18:55:01.463   400   452 D adayocomadapter-CommunicationManager: onUpstreamReceive mPropertyId 0x21402243
03-17 18:55:01.463   400   452 D adayocomadapter-CommunicationManager: onUpstreamReceive isLoss 1 mPropertyId 0x21402244
03-17 18:55:01.463   400   452 D adayocomadapter-CommunicationManager: convertBytesToInt32Memcpy  0
03-17 18:55:01.463   400   452 D vw-vhal : notifyVehicleProperty, propId = 0x21402244, data = {status: 3, int32Values: [0]}
03-17 18:55:01.463   400   452 I DefaultVehicleHal_v2_0: DefaultVehicleHal::onPropertyValue, value:{.timestamp = 235411529359, .areaId = 0, .prop = 557851204, .status = UNAVAILABLE, .value = {.int32Values = [1]{0}, .floatValues = [0]{}, .int64Values = [0]{}, .bytes = [0]{}, .stringValue = ""}}
03-17 18:55:01.464   400   452 D adayocomadapter-CommunicationManager: onUpstreamReceive mPropertyId 0x21402244
03-17 18:55:01.464   400   452 D adayocomadapter-CommunicationManager: onUpstreamReceive isLoss 1 mPropertyId 0x21402245
03-17 18:55:01.464   400   452 D adayocomadapter-CommunicationManager: convertBytesToInt32Memcpy  0
03-17 18:55:01.464   400   452 D vw-vhal : notifyVehicleProperty, propId = 0x21402245, data = {status: 3, int32Values: [0]}
03-17 18:55:01.464   400   452 I DefaultVehicleHal_v2_0: DefaultVehicleHal::onPropertyValue, value:{.timestamp = 235411632026, .areaId = 0, .prop = 557851205, .status = UNAVAILABLE, .value = {.int32Values = [1]{0}, .floatValues = [0]{}, .int64Values = [0]{}, .bytes = [0]{}, .stringValue = ""}}
03-17 18:55:01.464   400   452 D adayocomadapter-CommunicationManager: onUpstreamReceive mPropertyId 0x21402245
03-17 18:55:01.464   400   452 D adayocomadapter-CommunicationManager: onUpstreamReceive isLoss 1 mPropertyId 0x21402246
03-17 18:55:01.464   400   452 D adayocomadapter-CommunicationManager: convertBytesToInt32Memcpy  0
03-17 18:55:01.464   400   452 D vw-vhal : notifyVehicleProperty, propId = 0x21402246, data = {status: 3, int32Values: [0]}
03-17 18:55:01.464   400   452 I DefaultVehicleHal_v2_0: DefaultVehicleHal::onPropertyValue, value:{.timestamp = 235411732359, .areaId = 0, .prop = 557851206, .status = UNAVAILABLE, .value = {.int32Values = [1]{0}, .floatValues = [0]{}, .int64Values = [0]{}, .bytes = [0]{}, .stringValue = ""}}
03-17 18:55:01.464   400   452 D adayocomadapter-CommunicationManager: onUpstreamReceive mPropertyId 0x21402246
03-17 18:55:01.464   400   452 D adayocomadapter-CommunicationManager: onUpstreamReceive isLoss 1 mPropertyId 0x21402247
03-17 18:55:01.464   400   452 D adayocomadapter-CommunicationManager: convertBytesToInt32Memcpy  0
03-17 18:55:01.464   400   452 D vw-vhal : notifyVehicleProperty, propId = 0x21402247, data = {status: 3, int32Values: [0]}
03-17 18:55:01.464   400   452 I DefaultVehicleHal_v2_0: DefaultVehicleHal::onPropertyValue, value:{.timestamp = 235411833693, .areaId = 0, .prop = 557851207, .status = UNAVAILABLE, .value = {.int32Values = [1]{0}, .floatValues = [0]{}, .int64Values = [0]{}, .bytes = [0]{}, .stringValue = ""}}
03-17 18:55:01.464   400   452 D adayocomadapter-CommunicationManager: onUpstreamReceive mPropertyId 0x21402247
03-17 18:55:01.464   400   452 D adayocomadapter-CommunicationManager: onUpstreamReceive isLoss 1 mPropertyId 0x21402248
03-17 18:55:01.464   400   452 D adayocomadapter-CommunicationManager: convertBytesToInt32Memcpy  0
03-17 18:55:01.464   400   452 D vw-vhal : notifyVehicleProperty, propId = 0x21402248, data = {status: 3, int32Values: [0]}
03-17 18:55:01.464   400   452 I DefaultVehicleHal_v2_0: DefaultVehicleHal::onPropertyValue, value:{.timestamp = 235411935693, .areaId = 0, .prop = 557851208, .status = UNAVAILABLE, .value = {.int32Values = [1]{0}, .floatValues = [0]{}, .int64Values = [0]{}, .bytes = [0]{}, .stringValue = ""}}
03-17 18:55:01.464   400   452 D adayocomadapter-CommunicationManager: onUpstreamReceive mPropertyId 0x21402248
03-17 18:55:01.464   400   452 D adayocomadapter-CommunicationManager: onUpstreamReceive isLoss 1 mPropertyId 0x21402249
03-17 18:55:01.464   400   452 D adayocomadapter-CommunicationManager: convertBytesToInt32Memcpy  0
03-17 18:55:01.464   400   452 D vw-vhal : notifyVehicleProperty, propId = 0x21402249, data = {status: 3, int32Values: [0]}
03-17 18:55:01.464   400   452 I DefaultVehicleHal_v2_0: DefaultVehicleHal::onPropertyValue, value:{.timestamp = 235412129693, .areaId = 0, .prop = 557851209, .status = UNAVAILABLE, .value = {.int32Values = [1]{0}, .floatValues = [0]{}, .int64Values = [0]{}, .bytes = [0]{}, .stringValue = ""}}
03-17 18:55:01.464   400   452 D adayocomadapter-CommunicationManager: onUpstreamReceive mPropertyId 0x21402249
03-17 18:55:01.464   400   452 D adayocomadapter-CommunicationManager: onUpstreamReceive isLoss 1 mPropertyId 0x2140224b
03-17 18:55:01.464   400   452 D adayocomadapter-CommunicationManager: convertBytesToInt32Memcpy  0
03-17 18:55:01.464   400   452 D vw-vhal : notifyVehicleProperty, propId = 0x2140224b, data = {status: 3, int32Values: [0]}
03-17 18:55:01.464   400   452 I DefaultVehicleHal_v2_0: DefaultVehicleHal::onPropertyValue, value:{.timestamp = 235412235693, .areaId = 0, .prop = 557851211, .status = UNAVAILABLE, .value = {.int32Values = [1]{0}, .floatValues = [0]{}, .int64Values = [0]{}, .bytes = [0]{}, .stringValue = ""}}
03-17 18:55:01.464   400   452 D adayocomadapter-CommunicationManager: onUpstreamReceive mPropertyId 0x2140224b
03-17 18:55:01.464   400   452 D adayocomadapter-CommunicationManager: onUpstreamReceive isLoss 1 mPropertyId 0x2140224d
03-17 18:55:01.464   400   452 D adayocomadapter-CommunicationManager: convertBytesToInt32Memcpy  0
03-17 18:55:01.464   400   452 D vw-vhal : notifyVehicleProperty, propId = 0x2140224d, data = {status: 3, int32Values: [0]}
03-17 18:55:01.464   400   452 I DefaultVehicleHal_v2_0: DefaultVehicleHal::onPropertyValue, value:{.timestamp = 235412345359, .areaId = 0, .prop = 557851213, .status = UNAVAILABLE, .value = {.int32Values = [1]{0}, .floatValues = [0]{}, .int64Values = [0]{}, .bytes = [0]{}, .stringValue = ""}}
03-17 18:55:01.464   400   452 D adayocomadapter-CommunicationManager: onUpstreamReceive mPropertyId 0x2140224d
03-17 18:55:01.464   400   452 D adayocomadapter-CommunicationManager: onUpstreamReceive isLoss 1 mPropertyId 0x2140224f
03-17 18:55:01.464   400   452 D adayocomadapter-CommunicationManager: convertBytesToInt32Memcpy  0
03-17 18:55:01.464   400   452 D vw-vhal : notifyVehicleProperty, propId = 0x2140224f, data = {status: 3, int32Values: [0]}
03-17 18:55:01.464   400   452 I DefaultVehicleHal_v2_0: DefaultVehicleHal::onPropertyValue, value:{.timestamp = 235412451359, .areaId = 0, .prop = 557851215, .status = UNAVAILABLE, .value = {.int32Values = [1]{0}, .floatValues = [0]{}, .int64Values = [0]{}, .bytes = [0]{}, .stringValue = ""}}
03-17 18:55:01.464   400   452 D adayocomadapter-CommunicationManager: onUpstreamReceive mPropertyId 0x2140224f
03-17 18:55:01.464   400   452 D adayocomadapter-CommunicationManager: onUpstreamReceive isLoss 1 mPropertyId 0x21402251
03-17 18:55:01.464   400   452 D adayocomadapter-CommunicationManager: convertBytesToInt32Memcpy  0
03-17 18:55:01.464   400   452 D vw-vhal : notifyVehicleProperty, propId = 0x21402251, data = {status: 3, int32Values: [0]}
03-17 18:55:01.465   400   452 I DefaultVehicleHal_v2_0: DefaultVehicleHal::onPropertyValue, value:{.timestamp = 235412554359, .areaId = 0, .prop = 557851217, .status = UNAVAILABLE, .value = {.int32Values = [1]{0}, .floatValues = [0]{}, .int64Values = [0]{}, .bytes = [0]{}, .stringValue = ""}}
03-17 18:55:01.465   400   452 D adayocomadapter-CommunicationManager: onUpstreamReceive mPropertyId 0x21402251
03-17 18:55:01.465   400   452 D adayocomadapter-CommunicationManager: onUpstreamReceive isLoss 1 mPropertyId 0x21402253
03-17 18:55:01.465   400   452 D adayocomadapter-CommunicationManager: convertBytesToInt32Memcpy  0
03-17 18:55:01.465   400   452 D vw-vhal : notifyVehicleProperty, propId = 0x21402253, data = {status: 3, int32Values: [0]}
03-17 18:55:01.465   400   452 I DefaultVehicleHal_v2_0: DefaultVehicleHal::onPropertyValue, value:{.timestamp = 235412659693, .areaId = 0, .prop = 557851219, .status = UNAVAILABLE, .value = {.int32Values = [1]{0}, .floatValues = [0]{}, .int64Values = [0]{}, .bytes = [0]{}, .stringValue = ""}}
03-17 18:55:01.465   400   452 D adayocomadapter-CommunicationManager: onUpstreamReceive mPropertyId 0x21402253
03-17 18:55:01.465   400   452 D adayocomadapter-CommunicationManager: onUpstreamReceive isLoss 1 mPropertyId 0x21402254
03-17 18:55:01.465   400   452 D adayocomadapter-CommunicationManager: convertBytesToInt32Memcpy  0
03-17 18:55:01.465   400   452 D vw-vhal : notifyVehicleProperty, propId = 0x21402254, data = {status: 3, int32Values: [0]}
03-17 18:55:01.465   400   452 I DefaultVehicleHal_v2_0: DefaultVehicleHal::onPropertyValue, value:{.timestamp = 235412763359, .areaId = 0, .prop = 557851220, .status = UNAVAILABLE, .value = {.int32Values = [1]{0}, .floatValues = [0]{}, .int64Values = [0]{}, .bytes = [0]{}, .stringValue = ""}}
03-17 18:55:01.465   400   452 D adayocomadapter-CommunicationManager: onUpstreamReceive mPropertyId 0x21402254
03-17 18:55:01.472  2383  2600 D AdayoDoipServer294_Doip: [ne_doip_event_loop_dispatch][line:141] : count = 0
03-17 18:55:01.492 10173 10197 D TimerTriggerManager: init instance...
03-17 18:55:01.492 10173 10197 D TimerTriggerManager: Timer thread'TimerTriggerManager' is destroyed: false
03-17 18:55:01.492 10173 10197 D TimerTriggerManager: Timer 'onIndcnVehSpdChanged' is running: true
03-17 18:55:01.492 10173 10197 D TimerTriggerManager: Sending reset signal to timer 'onIndcnVehSpdChanged'
03-17 18:55:01.492 10173 10197 D TimerTriggerManager: Reset signal sent to timer 'onIndcnVehSpdChanged'
03-17 18:55:01.492 10173 10204 D TimerTriggerController: Reset method called for timer: onIndcnVehSpdChanged
03-17 18:55:01.492 10173 10197 D TimerTriggerManager: init instance...
03-17 18:55:01.492 10173 10204 D TimerTriggerController: Calling onTimerReset for timer: onIndcnVehSpdChanged
03-17 18:55:01.492 10173 10204 D TimerTriggerManager: Timer reset: onIndcnVehSpdChanged
03-17 18:55:01.492 10173 10197 D TimerTriggerManager: Timer thread'TimerTriggerManager' is destroyed: false
03-17 18:55:01.492 10173 10197 D TimerTriggerManager: Timer 'onMntnWarnReqChanged' is running: true
03-17 18:55:01.492 10173 10197 D TimerTriggerManager: Sending reset signal to timer 'onMntnWarnReqChanged'
03-17 18:55:01.492 10173 10204 I TimerTriggerController: Timer [onIndcnVehSpdChanged] reset, remaining: 1000ms, reset count: 465
03-17 18:55:01.492 10173 10197 D TimerTriggerManager: Reset signal sent to timer 'onMntnWarnReqChanged'
03-17 18:55:01.492 10173 10204 D TimerTriggerController: Reset method called for timer: onMntnWarnReqChanged
03-17 18:55:01.492 10173 10204 D TimerTriggerController: Calling onTimerReset for timer: onMntnWarnReqChanged
03-17 18:55:01.492 10173 10204 D TimerTriggerManager: Timer reset: onMntnWarnReqChanged
03-17 18:55:01.493 10173 10204 I TimerTriggerController: Timer [onMntnWarnReqChanged] reset, remaining: 5000ms, reset count: 233
03-17 18:55:01.510  1566  8119 D okhttp.Http2: >> CONNECTION 505249202a20485454502f322e300d0a0d0a534d0d0a0d0a
03-17 18:55:01.511  1566  8119 D okhttp.Http2: >> 0x00000000     6 SETTINGS      
03-17 18:55:01.511  1566  8119 D okhttp.Http2: >> 0x00000000     4 WINDOW_UPDATE 
03-17 18:55:01.512  1566  8119 D okhttp.TaskRunner: Q10103 scheduled after   0 µs: OkHttp api-c-uat.mosc.faw-vw.com
03-17 18:55:01.512  1566  8859 D okhttp.TaskRunner: Q10103 starting              : OkHttp api-c-uat.mosc.faw-vw.com
03-17 18:55:01.512  1566  8119 D okhttp.TaskRunner: Q10003 scheduled after   0 µs: OkHttp ConnectionPool
03-17 18:55:01.512  1566  8860 D okhttp.TaskRunner: Q10003 starting              : OkHttp ConnectionPool
03-17 18:55:01.512  1566  8860 D okhttp.TaskRunner: Q10003 run again after 300 s : OkHttp ConnectionPool
03-17 18:55:01.512  1566  8860 D okhttp.TaskRunner: Q10003 finished run in 233 µs: OkHttp ConnectionPool
03-17 18:55:01.513  1566  8119 D okhttp.Http2: >> 0x00000003   327 HEADERS       END_HEADERS
03-17 18:55:01.514  1566  8119 D okhttp.Http2: >> 0x00000003   688 DATA          END_STREAM
03-17 18:55:01.518   582  3616 E WifiHAL : Invalid data received from driver
03-17 18:55:01.531  1566  3186 D TboxNetworkManager: tboxNetworkbinder=null
03-17 18:55:01.573  2383  2600 D AdayoDoipServer294_Doip: [ne_doip_event_loop_dispatch][line:141] : count = 0
03-17 18:55:01.591   582  3616 E WifiHAL : Invalid data received from driver
03-17 18:55:01.592 10173 10197 D TimerTriggerManager: init instance...
03-17 18:55:01.592 10173 10197 D TimerTriggerManager: Timer thread'TimerTriggerManager' is destroyed: false
03-17 18:55:01.592 10173 10197 D TimerTriggerManager: Timer 'onIndcnVehSpdChanged' is running: true
03-17 18:55:01.592 10173 10197 D TimerTriggerManager: Sending reset signal to timer 'onIndcnVehSpdChanged'
03-17 18:55:01.592 10173 10197 D TimerTriggerManager: Reset signal sent to timer 'onIndcnVehSpdChanged'
03-17 18:55:01.592 10173 10204 D TimerTriggerController: Reset method called for timer: onIndcnVehSpdChanged
03-17 18:55:01.592 10173 10204 D TimerTriggerController: Calling onTimerReset for timer: onIndcnVehSpdChanged
03-17 18:55:01.592 10173 10204 D TimerTriggerManager: Timer reset: onIndcnVehSpdChanged
03-17 18:55:01.592 10173 10204 I TimerTriggerController: Timer [onIndcnVehSpdChanged] reset, remaining: 1000ms, reset count: 466
03-17 18:55:01.599  2106  2450 D CAR.DIAGNOSTIC: Entry - Type: 0x01, ServiceId: 0x2048, InstanceId: 0x0001, MajorVersion: 0x01FFFFFF, TTL: 0
03-17 18:55:01.599  2106  2458 D CAR.DIAGNOSTIC: Entry - Type: 0x01, ServiceId: 0x2048, InstanceId: 0x0001, MajorVersion: 0x01FFFFFF, TTL: 0
03-17 18:55:01.599  2106  2460 D CAR.DIAGNOSTIC: Entry - Type: 0x01, ServiceId: 0x2048, InstanceId: 0x0001, MajorVersion: 0x01FFFFFF, TTL: 0
03-17 18:55:01.599  2106  2458 D CAR.DIAGNOSTIC: Entry - Type: 0x01, ServiceId: 0x5555, InstanceId: 0x0001, MajorVersion: 0x01FFFFFF, TTL: 0
03-17 18:55:01.599  2106  2460 D CAR.DIAGNOSTIC: Entry - Type: 0x01, ServiceId: 0x5555, InstanceId: 0x0001, MajorVersion: 0x01FFFFFF, TTL: 0
03-17 18:55:01.599  2106  2450 D CAR.DIAGNOSTIC: Entry - Type: 0x01, ServiceId: 0x5555, InstanceId: 0x0001, MajorVersion: 0x01FFFFFF, TTL: 0
03-17 18:55:01.599  2106  2458 W CAR.DIAGNOSTIC: Not enough data for option indices: needed 128, remaining 52
03-17 18:55:01.599  2106  2450 W CAR.DIAGNOSTIC: Not enough data for option indices: needed 128, remaining 52
03-17 18:55:01.600  2106  2460 W CAR.DIAGNOSTIC: Not enough data for option indices: needed 128, remaining 52
03-17 18:55:01.609  1566  8859 D okhttp.Http2: << 0x00000000    18 SETTINGS      
03-17 18:55:01.609  1566  8859 D okhttp.TaskRunner: Q10100 scheduled after   0 µs: OkHttp api-c-uat.mosc.faw-vw.com applyAndAckSettings
03-17 18:55:01.609  1566  8859 D okhttp.Http2: << 0x00000000     4 WINDOW_UPDATE 
03-17 18:55:01.609  1566  8860 D okhttp.TaskRunner: Q10100 starting              : OkHttp api-c-uat.mosc.faw-vw.com applyAndAckSettings
03-17 18:55:01.610  1566  8860 D okhttp.TaskRunner: Q10102 scheduled after   0 µs: OkHttp api-c-uat.mosc.faw-vw.com onSettings
03-17 18:55:01.610  1566  8860 D okhttp.Http2: >> 0x00000000     0 SETTINGS      ACK
03-17 18:55:01.610  1566  8833 D okhttp.TaskRunner: Q10102 starting              : OkHttp api-c-uat.mosc.faw-vw.com onSettings
03-17 18:55:01.610  1566  8833 D okhttp.TaskRunner: Q10102 finished run in 135 µs: OkHttp api-c-uat.mosc.faw-vw.com onSettings
03-17 18:55:01.610  1566  8860 D okhttp.TaskRunner: Q10100 finished run in 808 µs: OkHttp api-c-uat.mosc.faw-vw.com applyAndAckSettings
03-17 18:55:01.636   903  1190 D JobScheduler.Quota: 10069 is still in grace period
03-17 18:55:01.673  2383  2600 D AdayoDoipServer294_Doip: [ne_doip_event_loop_dispatch][line:141] : count = 0
03-17 18:55:01.682   582  3616 E WifiHAL : Invalid data received from driver
03-17 18:55:01.682  1566  2651 D TboxNetworkManager: tboxNetworkbinder=null
03-17 18:55:01.692 10173 10197 D TimerTriggerManager: init instance...
03-17 18:55:01.692 10173 10197 D TimerTriggerManager: Timer thread'TimerTriggerManager' is destroyed: false
03-17 18:55:01.692 10173 10197 D TimerTriggerManager: Timer 'onIndcnVehSpdChanged' is running: true
03-17 18:55:01.692 10173 10197 D TimerTriggerManager: Sending reset signal to timer 'onIndcnVehSpdChanged'
03-17 18:55:01.692 10173 10197 D TimerTriggerManager: Reset signal sent to timer 'onIndcnVehSpdChanged'
03-17 18:55:01.692 10173 10197 D TimerTriggerManager: init instance...
03-17 18:55:01.692 10173 10204 D TimerTriggerController: Reset method called for timer: onIndcnVehSpdChanged
03-17 18:55:01.692 10173 10197 D TimerTriggerManager: Timer thread'TimerTriggerManager' is destroyed: false
03-17 18:55:01.693 10173 10197 D TimerTriggerManager: Timer 'onMntnWarnReqChanged' is running: true
03-17 18:55:01.693 10173 10197 D TimerTriggerManager: Sending reset signal to timer 'onMntnWarnReqChanged'
03-17 18:55:01.693 10173 10204 D TimerTriggerController: Calling onTimerReset for timer: onIndcnVehSpdChanged
03-17 18:55:01.693 10173 10197 D TimerTriggerManager: Reset signal sent to timer 'onMntnWarnReqChanged'
03-17 18:55:01.693 10173 10204 D TimerTriggerManager: Timer reset: onIndcnVehSpdChanged
03-17 18:55:01.693 10173 10204 I TimerTriggerController: Timer [onIndcnVehSpdChanged] reset, remaining: 999ms, reset count: 467
03-17 18:55:01.693 10173 10204 D TimerTriggerController: Reset method called for timer: onMntnWarnReqChanged
03-17 18:55:01.693 10173 10204 D TimerTriggerController: Calling onTimerReset for timer: onMntnWarnReqChanged
03-17 18:55:01.693 10173 10204 D TimerTriggerManager: Timer reset: onMntnWarnReqChanged
03-17 18:55:01.693 10173 10204 I TimerTriggerController: Timer [onMntnWarnReqChanged] reset, remaining: 5000ms, reset count: 234
03-17 18:55:01.723  1566  8859 D okhttp.Http2: << 0x00000000     0 SETTINGS      ACK
03-17 18:55:01.723  1566  8859 D okhttp.Http2: << 0x00000003    48 HEADERS       END_HEADERS
03-17 18:55:01.724  1566  8859 D okhttp.Http2: << 0x00000003   165 DATA          END_STREAM
03-17 18:55:01.724  1566  8119 D AiuiUploadState: response-->421
03-17 18:55:01.724  1566  8119 D AiuiUploadState: response-->
03-17 18:55:01.724  1566  8859 D okhttp.Http2: << 0x00000003     4 WINDOW_UPDATE 
03-17 18:55:01.724  1566  8119 D okhttp.TaskRunner: Q10003 canceled              : OkHttp ConnectionPool
03-17 18:55:01.726  1566  8859 D okhttp.Http2: >> 0x00000000     8 GOAWAY        
03-17 18:55:01.726  1566  8119 D AiuiUploadState: response--><html>
03-17 18:55:01.726  1566  8119 D AiuiUploadState: <head><title>421 Misdirected Request</title></head>
03-17 18:55:01.726  1566  8119 D AiuiUploadState: <body>
03-17 18:55:01.726  1566  8119 D AiuiUploadState: <center><h1>421 Misdirected Request</h1></center>
03-17 18:55:01.726  1566  8119 D AiuiUploadState: <hr><center>stgw</center>
03-17 18:55:01.726  1566  8119 D AiuiUploadState: </body>
03-17 18:55:01.726  1566  8119 D AiuiUploadState: </html>
03-17 18:55:01.726  1566  8119 D AiuiUploadState: bodyString--><html>
03-17 18:55:01.726  1566  8119 D AiuiUploadState: <head><title>421 Misdirected Request</title></head>
03-17 18:55:01.726  1566  8119 D AiuiUploadState: <body>
03-17 18:55:01.726  1566  8119 D AiuiUploadState: <center><h1>421 Misdirected Request</h1></center>
03-17 18:55:01.726  1566  8119 D AiuiUploadState: <hr><center>stgw</center>
03-17 18:55:01.726  1566  8119 D AiuiUploadState: </body>
03-17 18:55:01.726  1566  8119 D AiuiUploadState: </html>
03-17 18:55:01.726  1566  8119 D SrSolution: setParam:<html>
03-17 18:55:01.726  1566  8119 D SrSolution: <head><title>421 Misdirected Request</title></head>
03-17 18:55:01.726  1566  8119 D SrSolution: <body>
03-17 18:55:01.726  1566  8119 D SrSolution: <center><h1>421 Misdirected Request</h1></center>
03-17 18:55:01.726  1566  8119 D SrSolution: <hr><center>stgw</center>
03-17 18:55:01.726  1566  8119 D SrSolution: </body>
03-17 18:55:01.726  1566  8119 D SrSolution: </html>
03-17 18:55:01.726  1566  8119 D ms_jni  : setParam
03-17 18:55:01.726  1566  8119 D SrBase  : MsBase.mUseMs-->truelibissms.setParam ret = 0
03-17 18:55:01.726  1566  8119 D SrSolution: libissms.setParam : ret = 0
03-17 18:55:01.726  1566  8119 D AiuiUploadState: ret->0
03-17 18:55:01.726  1566  8859 D okhttp.TaskRunner: Q10103 finished run in 214 ms: OkHttp api-c-uat.mosc.faw-vw.com
03-17 18:55:01.728  1566  2005 D MsManager: onMSMsgProc_() l = [20050], l1 = [12000], s = [http_post fail]
03-17 18:55:01.728  1566  1907 I SrSolution: ISS_SR_MSG_UPLOADDATATOCLOUDSTATUS:12000 http_post fail
03-17 18:55:01.728  1566  1907 E SrSolution: Last upload failed, trigger re upload
03-17 18:55:01.728  1566  1907 D SrManager: onSrMessage() called with: uMsg = [20050], wParam = [12000], lParam = [http_post fail]
03-17 18:55:01.744   582  3616 E WifiHAL : Invalid data received from driver
03-17 18:55:01.773  2383  2600 D AdayoDoipServer294_Doip: [ne_doip_event_loop_dispatch][line:141] : count = 0
03-17 18:55:01.793 10173 10197 D TimerTriggerManager: init instance...
03-17 18:55:01.793 10173 10197 D TimerTriggerManager: Timer thread'TimerTriggerManager' is destroyed: false
03-17 18:55:01.793 10173 10197 D TimerTriggerManager: Timer 'onIndcnVehSpdChanged' is running: true
03-17 18:55:01.793 10173 10197 D TimerTriggerManager: Sending reset signal to timer 'onIndcnVehSpdChanged'
03-17 18:55:01.793 10173 10197 D TimerTriggerManager: Reset signal sent to timer 'onIndcnVehSpdChanged'
03-17 18:55:01.793 10173 10204 D TimerTriggerController: Reset method called for timer: onIndcnVehSpdChanged
03-17 18:55:01.793 10173 10204 D TimerTriggerController: Calling onTimerReset for timer: onIndcnVehSpdChanged
03-17 18:55:01.793 10173 10204 D TimerTriggerManager: Timer reset: onIndcnVehSpdChanged
03-17 18:55:01.793 10173 10204 I TimerTriggerController: Timer [onIndcnVehSpdChanged] reset, remaining: 1000ms, reset count: 468
03-17 18:55:01.799   642   685 I mcuc    : sd Uart data : 6AA60208E3000292027D
03-17 18:55:01.804   642   685 I mcuc    : rev uart=2370,len=47, data : 6AA68108E30027920200140000000000000000000000000000FFFFFFFFFFFFFFFF00000000000000000001010101C9
03-17 18:55:01.804   400  1006 D adayocomadapter-ParseProtocolFunc: printRaWMsg Name[MCUToUPstream recv] len[39] data[920200140000000000000000000000000000FFFFFFFFFFFFFFFF00000000000000000001010101]
03-17 18:55:01.804   400  1006 D adayocomadapter-CommunicationManager: onUpstreamback   member[0] dataLength[36] timePoint[235752]
03-17 18:55:01.804   400  1006 D adayocomadapter-ParseProtocolFunc: printRaWMsg Name[onUpstreamback] len[36] data[140000000000000000000000000000FFFFFFFFFFFFFFFF00000000000000000001010101]
03-17 18:55:01.804   400   452 D adayocomadapter-UpstreamHandler: processBeforePacket upSreamtProcessTimePoint[235752] 
03-17 18:55:01.804   400   452 D adayocomadapter-UpstreamHandler: processPacket UPSTREAM_QUEUE_DATA_TIMEOUT
03-17 18:55:01.804   400   452 D adayocomadapter-ParseProtocolFunc: parseCommonIPCLBytes Processing tableNumber[20]
03-17 18:55:01.804   400   452 D adayocomadapter-ParseProtocolFunc: parseCommonIPCLBytes Processing tablename[Table-20] tableSize[36]
03-17 18:55:01.804   400   452 D adayocomadapter-ParseProtocolFunc: printRaWMsg Name[byteStream recv] len[36] data[140000000000000000000000000000FFFFFFFFFFFFFFFF00000000000000000001010101]
03-17 18:55:01.804   400   452 D adayocomadapter-ParseProtocolFunc: printRaWMsg Name[IPCLtoVHAL] len[7] data[2140200F000100]
03-17 18:55:01.804   400   452 D adayocomadapter-ParseProtocolFunc: printRaWMsg Name[IPCLtoVHAL] len[7] data[214020B0000100]
03-17 18:55:01.804   400   452 D adayocomadapter-ParseProtocolFunc: printRaWMsg Name[IPCLtoVHAL] len[9] data[214120160101000000]
03-17 18:55:01.804   400   452 D adayocomadapter-ParseProtocolFunc: printRaWMsg Name[IPCLtoVHAL] len[7] data[214020590001FF]
03-17 18:55:01.804   400   452 D adayocomadapter-ParseProtocolFunc: printRaWMsg Name[IPCLtoVHAL] len[7] data[2140201A000100]
03-17 18:55:01.804   400   452 D adayocomadapter-ParseProtocolFunc: printRaWMsg Name[IPCLtoVHAL] len[7] data[21402010000100]
03-17 18:55:01.804   400   452 D adayocomadapter-ParseProtocolFunc: printRaWMsg Name[IPCLtoVHAL] len[7] data[214020550001FF]
03-17 18:55:01.804   400   452 D adayocomadapter-ParseProtocolFunc: printRaWMsg Name[IPCLtoVHAL] len[7] data[214020B1000100]
03-17 18:55:01.805   400   452 D adayocomadapter-ParseProtocolFunc: printRaWMsg Name[IPCLtoVHAL] len[7] data[2140201B000100]
03-17 18:55:01.805   400   452 D adayocomadapter-ParseProtocolFunc: printRaWMsg Name[IPCLtoVHAL] len[7] data[21402018000100]
03-17 18:55:01.805   400   452 D adayocomadapter-ParseProtocolFunc: printRaWMsg Name[IPCLtoVHAL] len[7] data[21402190000100]
03-17 18:55:01.805   400   452 D adayocomadapter-ParseProtocolFunc: printRaWMsg Name[IPCLtoVHAL] len[7] data[21402021000100]
03-17 18:55:01.805   400   452 D adayocomadapter-ParseProtocolFunc: printRaWMsg Name[IPCLtoVHAL] len[7] data[214021C8000100]
03-17 18:55:01.805   400   452 D adayocomadapter-ParseProtocolFunc: printRaWMsg Name[IPCLtoVHAL] len[8] data[2140200A00010000]
03-17 18:55:01.805   400   452 D adayocomadapter-ParseProtocolFunc: printRaWMsg Name[IPCLtoVHAL] len[7] data[2140223E000100]
03-17 18:55:01.805   400   452 D adayocomadapter-ParseProtocolFunc: printRaWMsg Name[IPCLtoVHAL] len[7] data[21402119000100]
03-17 18:55:01.805   400   452 D adayocomadapter-ParseProtocolFunc: printRaWMsg Name[IPCLtoVHAL] len[7] data[21402005000100]
03-17 18:55:01.805   400   452 D adayocomadapter-ParseProtocolFunc: printRaWMsg Name[IPCLtoVHAL] len[7] data[2140214E000100]
03-17 18:55:01.805   400   452 D adayocomadapter-ParseProtocolFunc: printRaWMsg Name[IPCLtoVHAL] len[7] data[214020560001FF]
03-17 18:55:01.805   400   452 D adayocomadapter-ParseProtocolFunc: printRaWMsg Name[IPCLtoVHAL] len[7] data[214020570001FF]
03-17 18:55:01.805   400   452 D adayocomadapter-ParseProtocolFunc: printRaWMsg Name[IPCLtoVHAL] len[7] data[214020580001FF]
03-17 18:55:01.805   400   452 D adayocomadapter-ParseProtocolFunc: printRaWMsg Name[IPCLtoVHAL] len[7] data[2140205A0001FF]
03-17 18:55:01.805   400   452 D adayocomadapter-ParseProtocolFunc: printRaWMsg Name[IPCLtoVHAL] len[7] data[2140205B0001FF]
03-17 18:55:01.805   400   452 D adayocomadapter-ParseProtocolFunc: printRaWMsg Name[IPCLtoVHAL] len[7] data[2140205C0001FF]
03-17 18:55:01.805   400   452 D adayocomadapter-ParseProtocolFunc: printRaWMsg Name[IPCLtoVHAL] len[7] data[2140218E000100]
03-17 18:55:01.805   400   452 D adayocomadapter-ParseProtocolFunc: printRaWMsg Name[IPCLtoVHAL] len[7] data[2140218F000100]
03-17 18:55:01.805   400   452 D adayocomadapter-ParseProtocolFunc: printRaWMsg Name[IPCLtoVHAL] len[7] data[21402191000100]
03-17 18:55:01.805   400   452 D adayocomadapter-ParseProtocolFunc: printRaWMsg Name[IPCLtoVHAL] len[7] data[2140223D000100]
03-17 18:55:01.805   400   452 D adayocomadapter-CommunicationManager: onUpstreamReceive isLoss 1 mPropertyId 0x2140200f
03-17 18:55:01.805   400   452 D adayocomadapter-CommunicationManager: convertBytesToInt32Memcpy  0
03-17 18:55:01.805   400   452 D vw-vhal : notifyVehicleProperty, propId = 0x2140200f, data = {status: 3, int32Values: [0]}
03-17 18:55:01.805   400   452 I DefaultVehicleHal_v2_0: DefaultVehicleHal::onPropertyValue, value:{.timestamp = 235752989693, .areaId = 0, .prop = 557850639, .status = UNAVAILABLE, .value = {.int32Values = [1]{0}, .floatValues = [0]{}, .int64Values = [0]{}, .bytes = [0]{}, .stringValue = ""}}
03-17 18:55:01.805   400   452 D adayocomadapter-CommunicationManager: onUpstreamReceive mPropertyId 0x2140200f
03-17 18:55:01.805   400   452 D adayocomadapter-CommunicationManager: onUpstreamReceive isLoss 1 mPropertyId 0x214020b0
03-17 18:55:01.805   400   452 D adayocomadapter-CommunicationManager: convertBytesToInt32Memcpy  0
03-17 18:55:01.805   400   452 D vw-vhal : notifyVehicleProperty, propId = 0x214020b0, data = {status: 3, int32Values: [0]}
03-17 18:55:01.805   400   452 I DefaultVehicleHal_v2_0: DefaultVehicleHal::onPropertyValue, value:{.timestamp = 235753129359, .areaId = 0, .prop = 557850800, .status = UNAVAILABLE, .value = {.int32Values = [1]{0}, .floatValues = [0]{}, .int64Values = [0]{}, .bytes = [0]{}, .stringValue = ""}}
03-17 18:55:01.805   400   452 D adayocomadapter-CommunicationManager: onUpstreamReceive mPropertyId 0x214020b0
03-17 18:55:01.805   400   452 D adayocomadapter-CommunicationManager: onUpstreamReceive isLoss 1 mPropertyId 0x21412016
03-17 18:55:01.805   400   452 D vw-vhal : notifyVehicleProperty, propId = 0x21412016, data = {status: 3, int32Values: [0, 0, 0]}
03-17 18:55:01.805   400   452 I DefaultVehicleHal_v2_0: DefaultVehicleHal::onPropertyValue, value:{.timestamp = 235753312026, .areaId = 0, .prop = 557916182, .status = UNAVAILABLE, .value = {.int32Values = [3]{0, 0, 0}, .floatValues = [0]{}, .int64Values = [0]{}, .bytes = [0]{}, .stringValue = ""}}
03-17 18:55:01.805   400   452 D adayocomadapter-CommunicationManager: onUpstreamReceive mPropertyId 0x21412016
03-17 18:55:01.805   400   452 D adayocomadapter-CommunicationManager: onUpstreamReceive isLoss 1 mPropertyId 0x21402059
03-17 18:55:01.805   400   452 D adayocomadapter-CommunicationManager: convertBytesToInt32Memcpy  255
03-17 18:55:01.805   400   452 D vw-vhal : notifyVehicleProperty, propId = 0x21402059, data = {status: 3, int32Values: [255]}
03-17 18:55:01.805   400   452 I DefaultVehicleHal_v2_0: DefaultVehicleHal::onPropertyValue, value:{.timestamp = 235753431693, .areaId = 0, .prop = 557850713, .status = UNAVAILABLE, .value = {.int32Values = [1]{255}, .floatValues = [0]{}, .int64Values = [0]{}, .bytes = [0]{}, .stringValue = ""}}
03-17 18:55:01.805   400   452 D adayocomadapter-CommunicationManager: onUpstreamReceive mPropertyId 0x21402059
03-17 18:55:01.805   400   452 D adayocomadapter-CommunicationManager: onUpstreamReceive isLoss 1 mPropertyId 0x2140201a
03-17 18:55:01.805   400   452 D adayocomadapter-CommunicationManager: convertBytesToInt32Memcpy  0
03-17 18:55:01.805   400   452 D vw-vhal : notifyVehicleProperty, propId = 0x2140201a, data = {status: 3, int32Values: [0]}
03-17 18:55:01.806   400   452 I DefaultVehicleHal_v2_0: DefaultVehicleHal::onPropertyValue, value:{.timestamp = 235753543359, .areaId = 0, .prop = 557850650, .status = UNAVAILABLE, .value = {.int32Values = [1]{0}, .floatValues = [0]{}, .int64Values = [0]{}, .bytes = [0]{}, .stringValue = ""}}
03-17 18:55:01.806   400   452 D adayocomadapter-CommunicationManager: onUpstreamReceive mPropertyId 0x2140201a
03-17 18:55:01.806   400   452 D adayocomadapter-CommunicationManager: onUpstreamReceive isLoss 1 mPropertyId 0x21402010
03-17 18:55:01.806   400   452 D adayocomadapter-CommunicationManager: convertBytesToInt32Memcpy  0
03-17 18:55:01.806   400   452 D vw-vhal : notifyVehicleProperty, propId = 0x21402010, data = {status: 3, int32Values: [0]}
03-17 18:55:01.806   400   452 I DefaultVehicleHal_v2_0: DefaultVehicleHal::onPropertyValue, value:{.timestamp = 235753654693, .areaId = 0, .prop = 557850640, .status = UNAVAILABLE, .value = {.int32Values = [1]{0}, .floatValues = [0]{}, .int64Values = [0]{}, .bytes = [0]{}, .stringValue = ""}}
03-17 18:55:01.806   400   452 D adayocomadapter-CommunicationManager: onUpstreamReceive mPropertyId 0x21402010
03-17 18:55:01.806   400   452 D adayocomadapter-CommunicationManager: onUpstreamReceive isLoss 1 mPropertyId 0x21402055
03-17 18:55:01.806   400   452 D adayocomadapter-CommunicationManager: convertBytesToInt32Memcpy  255
03-17 18:55:01.806   400   452 D vw-vhal : notifyVehicleProperty, propId = 0x21402055, data = {status: 3, int32Values: [255]}
03-17 18:55:01.806   400   452 I DefaultVehicleHal_v2_0: DefaultVehicleHal::onPropertyValue, value:{.timestamp = 235753769693, .areaId = 0, .prop = 557850709, .status = UNAVAILABLE, .value = {.int32Values = [1]{255}, .floatValues = [0]{}, .int64Values = [0]{}, .bytes = [0]{}, .stringValue = ""}}
03-17 18:55:01.806   400   452 D adayocomadapter-CommunicationManager: onUpstreamReceive mPropertyId 0x21402055
03-17 18:55:01.806   400   452 D adayocomadapter-CommunicationManager: onUpstreamReceive isLoss 1 mPropertyId 0x214020b1
03-17 18:55:01.806   400   452 D adayocomadapter-CommunicationManager: convertBytesToInt32Memcpy  0
03-17 18:55:01.806   400   452 D vw-vhal : notifyVehicleProperty, propId = 0x214020b1, data = {status: 3, int32Values: [0]}
03-17 18:55:01.806   400   452 I DefaultVehicleHal_v2_0: DefaultVehicleHal::onPropertyValue, value:{.timestamp = 235753878693, .areaId = 0, .prop = 557850801, .status = UNAVAILABLE, .value = {.int32Values = [1]{0}, .floatValues = [0]{}, .int64Values = [0]{}, .bytes = [0]{}, .stringValue = ""}}
03-17 18:55:01.806   400   452 D adayocomadapter-CommunicationManager: onUpstreamReceive mPropertyId 0x214020b1
03-17 18:55:01.806   400   452 D adayocomadapter-CommunicationManager: onUpstreamReceive isLoss 1 mPropertyId 0x2140201b
03-17 18:55:01.806   400   452 D adayocomadapter-CommunicationManager: convertBytesToInt32Memcpy  0
03-17 18:55:01.806   400   452 D vw-vhal : notifyVehicleProperty, propId = 0x2140201b, data = {status: 3, int32Values: [0]}
03-17 18:55:01.806   400   452 I DefaultVehicleHal_v2_0: DefaultVehicleHal::onPropertyValue, value:{.timestamp = 235753991693, .areaId = 0, .prop = 557850651, .status = UNAVAILABLE, .value = {.int32Values = [1]{0}, .floatValues = [0]{}, .int64Values = [0]{}, .bytes = [0]{}, .stringValue = ""}}
03-17 18:55:01.806   400   452 D adayocomadapter-CommunicationManager: onUpstreamReceive mPropertyId 0x2140201b
03-17 18:55:01.806   400   452 D adayocomadapter-CommunicationManager: onUpstreamReceive isLoss 1 mPropertyId 0x21402018
03-17 18:55:01.806   400   452 D adayocomadapter-CommunicationManager: convertBytesToInt32Memcpy  0
03-17 18:55:01.806   400   452 D vw-vhal : notifyVehicleProperty, propId = 0x21402018, data = {status: 3, int32Values: [0]}
03-17 18:55:01.806   400   452 I DefaultVehicleHal_v2_0: DefaultVehicleHal::onPropertyValue, value:{.timestamp = 235754098026, .areaId = 0, .prop = 557850648, .status = UNAVAILABLE, .value = {.int32Values = [1]{0}, .floatValues = [0]{}, .int64Values = [0]{}, .bytes = [0]{}, .stringValue = ""}}
03-17 18:55:01.806   400   452 D adayocomadapter-CommunicationManager: onUpstreamReceive mPropertyId 0x21402018
03-17 18:55:01.806   400   452 D adayocomadapter-CommunicationManager: onUpstreamReceive isLoss 1 mPropertyId 0x21402190
03-17 18:55:01.806   400   452 D adayocomadapter-CommunicationManager: convertBytesToInt32Memcpy  0
03-17 18:55:01.806   400   452 D vw-vhal : notifyVehicleProperty, propId = 0x21402190, data = {status: 3, int32Values: [0]}
