03-17 18:54:52.161   400   452 D DiagPropHandler: Successfully set property [str_mode_on_off] = 0
03-17 18:54:52.161   703   703 W vendor.fawvw.hardware.persistenceservice: [64][PersistenceProxyReplier::setValue] setValue when server disconnect
03-17 18:54:52.161   703   703 I vendor.fawvw.hardware.persistenceservice: [49][PersistenceService::setValue]Receive aidl setValue:key is delay_power_off_reminder_due_timeout,value is 0,serviceid is 2
03-17 18:54:52.161   400   452 D DiagPropHandler: Successfully set property [delay_power_off_reminder_due_timeout] = 0
03-17 18:54:52.161   642   685 I mcuc    : rev uart=2274,len=17, data : 6AA6810885000992020002000000000152
03-17 18:54:52.162   400   452 D adayocomadapter-CommunicationManager: onUpstreamReceive mPropertyId 0x2141410b
03-17 18:54:52.162   400   452 D adayocomadapter-CommunicationManager: onUpstreamReceive isLoss 0 mPropertyId 0x21414123
03-17 18:54:52.162   400   452 D adayocomadapter-CommunicationManager: convertBytesToInt32Memcpy  0
03-17 18:54:52.162   400  1006 D adayocomadapter-ParseProtocolFunc: printRaWMsg Name[MCUToUPstream recv] len[9] data[920200020000000001]
03-17 18:54:52.162   400   452 D vw-vhal : notifyVehicleProperty, propId = 0x21414123, data = {status: 2, int32Values: [0]}
03-17 18:54:52.162   400  1006 D adayocomadapter-CommunicationManager: onUpstreamback   member[0] dataLength[6] timePoint[226109]
03-17 18:54:52.162   400   452 I vw-vhal : CanSignalsAdapter::notifyDiagProperty: propId = 0x21414123, data = {status: 2, int32Values: [0]}
03-17 18:54:52.162   400  1006 D adayocomadapter-ParseProtocolFunc: printRaWMsg Name[onUpstreamback] len[6] data[020000000001]
03-17 18:54:52.162   400   452 I DefaultVehicleHal_v2_0: DefaultVehicleHal::onPropertyValue, value:{.timestamp = 226109718692, .areaId = 0, .prop = 557924643, .status = AVAILABLE, .value = {.int32Values = [1]{0}, .floatValues = [0]{}, .int64Values = [0]{}, .bytes = [0]{}, .stringValue = ""}}
03-17 18:54:52.162   400   452 D DefaultVehicleHal_v2_0: onPropertyValue: Diagnostic config property: 0x21414123
03-17 18:54:52.162   400   452 D DiagPropHandler: Processing request for prop: 0x21414123, size: 1
03-17 18:54:52.162   703   703 W vendor.fawvw.hardware.persistenceservice: [64][PersistenceProxyReplier::setValue] setValue when server disconnect
03-17 18:54:52.162   703   703 I vendor.fawvw.hardware.persistenceservice: [49][PersistenceService::setValue]Receive aidl setValue:key is Ambient-FPA,value is 0,serviceid is 2
03-17 18:54:52.162   400   452 D DiagPropHandler: Successfully set property [Ambient-FPA] = 0
03-17 18:54:52.162   400   452 D adayocomadapter-CommunicationManager: onUpstreamReceive mPropertyId 0x21414123
03-17 18:54:52.162   400   452 D adayocomadapter-CommunicationManager: onUpstreamReceive isLoss 0 mPropertyId 0x21414109
03-17 18:54:52.162   400   452 D vw-vhal : notifyVehicleProperty, propId = 0x21414109, data = {status: 2, int32Values: [0, 0, 0, 0]}
03-17 18:54:52.162   400   452 I vw-vhal : CanSignalsAdapter::notifyDiagProperty: propId = 0x21414109, data = {status: 2, int32Values: [0, 0, 0, 0]}
03-17 18:54:52.162   400   452 I DefaultVehicleHal_v2_0: DefaultVehicleHal::onPropertyValue, value:{.timestamp = 226110288692, .areaId = 0, .prop = 557924617, .status = AVAILABLE, .value = {.int32Values = [4]{0, 0, 0, 0}, .floatValues = [0]{}, .int64Values = [0]{}, .bytes = [0]{}, .stringValue = ""}}
03-17 18:54:52.162   400   452 D adayocomadapter-CommunicationManager: onUpstreamReceive mPropertyId 0x21414109
03-17 18:54:52.162   400   452 D adayocomadapter-CommunicationManager: onUpstreamReceive isLoss 0 mPropertyId 0x21414121
03-17 18:54:52.162   400   452 D adayocomadapter-CommunicationManager: convertBytesToInt32Memcpy  0
03-17 18:54:52.162   400   452 D vw-vhal : notifyVehicleProperty, propId = 0x21414121, data = {status: 2, int32Values: [0]}
03-17 18:54:52.162   400   452 I vw-vhal : CanSignalsAdapter::notifyDiagProperty: propId = 0x21414121, data = {status: 2, int32Values: [0]}
03-17 18:54:52.162   400   452 I DefaultVehicleHal_v2_0: DefaultVehicleHal::onPropertyValue, value:{.timestamp = 226110443358, .areaId = 0, .prop = 557924641, .status = AVAILABLE, .value = {.int32Values = [1]{0}, .floatValues = [0]{}, .int64Values = [0]{}, .bytes = [0]{}, .stringValue = ""}}
03-17 18:54:52.162   400   452 D DefaultVehicleHal_v2_0: onPropertyValue: Diagnostic config property: 0x21414121
03-17 18:54:52.162   400   452 D DiagPropHandler: Processing request for prop: 0x21414121, size: 1
03-17 18:54:52.163   703   703 W vendor.fawvw.hardware.persistenceservice: [64][PersistenceProxyReplier::setValue] setValue when server disconnect
03-17 18:54:52.163   703   703 I vendor.fawvw.hardware.persistenceservice: [49][PersistenceService::setValue]Receive aidl setValue:key is Ambient,value is 0,serviceid is 2
03-17 18:54:52.163   400   452 D DiagPropHandler: Successfully set property [Ambient] = 0
03-17 18:54:52.163   400   452 D adayocomadapter-CommunicationManager: onUpstreamReceive mPropertyId 0x21414121
03-17 18:54:52.163   400   452 D adayocomadapter-CommunicationManager: onUpstreamReceive isLoss 0 mPropertyId 0x2141411f
03-17 18:54:52.163   400   452 D adayocomadapter-CommunicationManager: convertBytesToInt32Memcpy  0
03-17 18:54:52.163   400   452 D vw-vhal : notifyVehicleProperty, propId = 0x2141411f, data = {status: 2, int32Values: [0]}
03-17 18:54:52.163   400   452 I vw-vhal : CanSignalsAdapter::notifyDiagProperty: propId = 0x2141411f, data = {status: 2, int32Values: [0]}
03-17 18:54:52.163   400   452 I DefaultVehicleHal_v2_0: DefaultVehicleHal::onPropertyValue, value:{.timestamp = 226111047025, .areaId = 0, .prop = 557924639, .status = AVAILABLE, .value = {.int32Values = [1]{0}, .floatValues = [0]{}, .int64Values = [0]{}, .bytes = [0]{}, .stringValue = ""}}
03-17 18:54:52.163   400   452 D DefaultVehicleHal_v2_0: onPropertyValue: Diagnostic config property: 0x2141411f
03-17 18:54:52.163   400   452 D DiagPropHandler: Processing request for prop: 0x2141411f, size: 1
03-17 18:54:52.163   703   703 W vendor.fawvw.hardware.persistenceservice: [64][PersistenceProxyReplier::setValue] setValue when server disconnect
03-17 18:54:52.163   703   703 I vendor.fawvw.hardware.persistenceservice: [49][PersistenceService::setValue]Receive aidl setValue:key is External_Light2,value is 0,serviceid is 2
03-17 18:54:52.163   400   452 D DiagPropHandler: Successfully set property [External_Light2] = 0
03-17 18:54:52.163   400   452 D adayocomadapter-CommunicationManager: onUpstreamReceive mPropertyId 0x2141411f
03-17 18:54:52.163   400   452 D adayocomadapter-CommunicationManager: onUpstreamReceive isLoss 0 mPropertyId 0x21414105
03-17 18:54:52.164   400   452 D vw-vhal : notifyVehicleProperty, propId = 0x21414105, data = {status: 2, int32Values: [0, 0]}
03-17 18:54:52.164   400   452 I vw-vhal : CanSignalsAdapter::notifyDiagProperty: propId = 0x21414105, data = {status: 2, int32Values: [0, 0]}
03-17 18:54:52.164   400   452 I DefaultVehicleHal_v2_0: DefaultVehicleHal::onPropertyValue, value:{.timestamp = 226111651358, .areaId = 0, .prop = 557924613, .status = AVAILABLE, .value = {.int32Values = [2]{0, 0}, .floatValues = [0]{}, .int64Values = [0]{}, .bytes = [0]{}, .stringValue = ""}}
03-17 18:54:52.164   400   452 D adayocomadapter-CommunicationManager: onUpstreamReceive mPropertyId 0x21414105
03-17 18:54:52.164   400   452 D adayocomadapter-CommunicationManager: onUpstreamReceive isLoss 0 mPropertyId 0x2141411d
03-17 18:54:52.164   400   452 D adayocomadapter-CommunicationManager: convertBytesToInt32Memcpy  0
03-17 18:54:52.164   400   452 D vw-vhal : notifyVehicleProperty, propId = 0x2141411d, data = {status: 2, int32Values: [0]}
03-17 18:54:52.164   400   452 I vw-vhal : CanSignalsAdapter::notifyDiagProperty: propId = 0x2141411d, data = {status: 2, int32Values: [0]}
03-17 18:54:52.164   400   452 I DefaultVehicleHal_v2_0: DefaultVehicleHal::onPropertyValue, value:{.timestamp = 226111898025, .areaId = 0, .prop = 557924637, .status = AVAILABLE, .value = {.int32Values = [1]{0}, .floatValues = [0]{}, .int64Values = [0]{}, .bytes = [0]{}, .stringValue = ""}}
03-17 18:54:52.164   400   452 D DefaultVehicleHal_v2_0: onPropertyValue: Diagnostic config property: 0x2141411d
03-17 18:54:52.164   400   452 D DiagPropHandler: Processing request for prop: 0x2141411d, size: 1
03-17 18:54:52.164   703   703 W vendor.fawvw.hardware.persistenceservice: [64][PersistenceProxyReplier::setValue] setValue when server disconnect
03-17 18:54:52.164   703   703 I vendor.fawvw.hardware.persistenceservice: [49][PersistenceService::setValue]Receive aidl setValue:key is External_Light1,value is 0,serviceid is 2
03-17 18:54:52.164   400   452 D DiagPropHandler: Successfully set property [External_Light1] = 0
03-17 18:54:52.164   400   452 D adayocomadapter-CommunicationManager: onUpstreamReceive mPropertyId 0x2141411d
03-17 18:54:52.164   400   452 D adayocomadapter-CommunicationManager: onUpstreamReceive isLoss 0 mPropertyId 0x2141411b
03-17 18:54:52.164   400   452 D adayocomadapter-CommunicationManager: convertBytesToInt32Memcpy  0
03-17 18:54:52.165   400   452 D vw-vhal : notifyVehicleProperty, propId = 0x2141411b, data = {status: 2, int32Values: [0]}
03-17 18:54:52.165   400   452 I vw-vhal : CanSignalsAdapter::notifyDiagProperty: propId = 0x2141411b, data = {status: 2, int32Values: [0]}
03-17 18:54:52.165   400   452 I DefaultVehicleHal_v2_0: DefaultVehicleHal::onPropertyValue, value:{.timestamp = 226112651025, .areaId = 0, .prop = 557924635, .status = AVAILABLE, .value = {.int32Values = [1]{0}, .floatValues = [0]{}, .int64Values = [0]{}, .bytes = [0]{}, .stringValue = ""}}
03-17 18:54:52.165   400   452 D DefaultVehicleHal_v2_0: onPropertyValue: Diagnostic config property: 0x2141411b
03-17 18:54:52.165   400   452 D DiagPropHandler: Processing request for prop: 0x2141411b, size: 1
03-17 18:54:52.165   703   703 W vendor.fawvw.hardware.persistenceservice: [64][PersistenceProxyReplier::setValue] setValue when server disconnect
03-17 18:54:52.165   703   703 I vendor.fawvw.hardware.persistenceservice: [49][PersistenceService::setValue]Receive aidl setValue:key is HVAC,value is 0,serviceid is 2
03-17 18:54:52.165   400   452 D DiagPropHandler: Successfully set property [HVAC] = 0
03-17 18:54:52.165   400   452 D adayocomadapter-CommunicationManager: onUpstreamReceive mPropertyId 0x2141411b
03-17 18:54:52.165   400   452 D adayocomadapter-CommunicationManager: onUpstreamReceive isLoss 0 mPropertyId 0x21414113
03-17 18:54:52.165   400   452 D adayocomadapter-CommunicationManager: convertBytesToInt32Memcpy  0
03-17 18:54:52.165   400   452 D vw-vhal : notifyVehicleProperty, propId = 0x21414113, data = {status: 2, int32Values: [0]}
03-17 18:54:52.165   400   452 I vw-vhal : CanSignalsAdapter::notifyDiagProperty: propId = 0x21414113, data = {status: 2, int32Values: [0]}
03-17 18:54:52.165   400   452 I DefaultVehicleHal_v2_0: DefaultVehicleHal::onPropertyValue, value:{.timestamp = 226113257692, .areaId = 0, .prop = 557924627, .status = AVAILABLE, .value = {.int32Values = [1]{0}, .floatValues = [0]{}, .int64Values = [0]{}, .bytes = [0]{}, .stringValue = ""}}
03-17 18:54:52.165   400   452 D DefaultVehicleHal_v2_0: onPropertyValue: Diagnostic config property: 0x21414113
03-17 18:54:52.165   400   452 D DiagPropHandler: Processing request for prop: 0x21414113, size: 1
03-17 18:54:52.166   703   703 W vendor.fawvw.hardware.persistenceservice: [64][PersistenceProxyReplier::setValue] setValue when server disconnect
03-17 18:54:52.166   703   703 I vendor.fawvw.hardware.persistenceservice: [49][PersistenceService::setValue]Receive aidl setValue:key is teststability_service,value is 0,serviceid is 2
03-17 18:54:52.166   400   452 D DiagPropHandler: Successfully set property [teststability_service] = 0
03-17 18:54:52.166   400   452 D adayocomadapter-CommunicationManager: onUpstreamReceive mPropertyId 0x21414113
03-17 18:54:52.166   400   452 D adayocomadapter-CommunicationManager: onUpstreamReceive isLoss 0 mPropertyId 0x21414117
03-17 18:54:52.166   400   452 D adayocomadapter-CommunicationManager: convertBytesToInt32Memcpy  0
03-17 18:54:52.166   400   452 D vw-vhal : notifyVehicleProperty, propId = 0x21414117, data = {status: 2, int32Values: [0]}
03-17 18:54:52.166   400   452 I vw-vhal : CanSignalsAdapter::notifyDiagProperty: propId = 0x21414117, data = {status: 2, int32Values: [0]}
03-17 18:54:52.166   400   452 I DefaultVehicleHal_v2_0: DefaultVehicleHal::onPropertyValue, value:{.timestamp = 226113814358, .areaId = 0, .prop = 557924631, .status = AVAILABLE, .value = {.int32Values = [1]{0}, .floatValues = [0]{}, .int64Values = [0]{}, .bytes = [0]{}, .stringValue = ""}}
03-17 18:54:52.166   400   452 D DefaultVehicleHal_v2_0: onPropertyValue: Diagnostic config property: 0x21414117
03-17 18:54:52.166   400   452 D DiagPropHandler: Processing request for prop: 0x21414117, size: 1
03-17 18:54:52.166   703   703 W vendor.fawvw.hardware.persistenceservice: [64][PersistenceProxyReplier::setValue] setValue when server disconnect
03-17 18:54:52.166   703   703 I vendor.fawvw.hardware.persistenceservice: [49][PersistenceService::setValue]Receive aidl setValue:key is External_Mirror,value is 0,serviceid is 2
03-17 18:54:52.166   400   452 D DiagPropHandler: Successfully set property [External_Mirror] = 0
03-17 18:54:52.166   400   452 D adayocomadapter-CommunicationManager: onUpstreamReceive mPropertyId 0x21414117
03-17 18:54:52.166   400   452 D adayocomadapter-CommunicationManager: onUpstreamReceive isLoss 0 mPropertyId 0x2141410d
03-17 18:54:52.166   400   452 D adayocomadapter-CommunicationManager: convertBytesToInt32Memcpy  0
03-17 18:54:52.166   400   452 D vw-vhal : notifyVehicleProperty, propId = 0x2141410d, data = {status: 2, int32Values: [0]}
03-17 18:54:52.166   400   452 I vw-vhal : CanSignalsAdapter::notifyDiagProperty: propId = 0x2141410d, data = {status: 2, int32Values: [0]}
03-17 18:54:52.166   400   452 I DefaultVehicleHal_v2_0: DefaultVehicleHal::onPropertyValue, value:{.timestamp = 226114332692, .areaId = 0, .prop = 557924621, .status = AVAILABLE, .value = {.int32Values = [1]{0}, .floatValues = [0]{}, .int64Values = [0]{}, .bytes = [0]{}, .stringValue = ""}}
03-17 18:54:52.166   400   452 D DefaultVehicleHal_v2_0: onPropertyValue: Diagnostic config property: 0x2141410d
03-17 18:54:52.166   400   452 D DiagPropHandler: Processing request for prop: 0x2141410d, size: 1
03-17 18:54:52.166   703   703 I vendor.fawvw.hardware.persistenceservice: [194][persistence_client_library_prct_access::get_db_context] key Reserved is not in RCT,will be stored in cached
03-17 18:54:52.167   703   703 W vendor.fawvw.hardware.persistenceservice: [64][PersistenceProxyReplier::setValue] setValue when server disconnect
03-17 18:54:52.167   703   703 I vendor.fawvw.hardware.persistenceservice: [49][PersistenceService::setValue]Receive aidl setValue:key is Reserved,value is 0,serviceid is 2
03-17 18:54:52.167   400   452 D DiagPropHandler: Successfully set property [Reserved] = 0
03-17 18:54:52.167   400   452 D DiagPropHandler: Set property [Reserved] = 0
03-17 18:54:52.167   703   703 W vendor.fawvw.hardware.persistenceservice: [64][PersistenceProxyReplier::setValue] setValue when server disconnect
03-17 18:54:52.167   703   703 I vendor.fawvw.hardware.persistenceservice: [49][PersistenceService::setValue]Receive aidl setValue:key is CarlinK_ON_OFF_config,value is 0,serviceid is 2
03-17 18:54:52.167   400   452 D DiagPropHandler: Successfully set property [CarlinK_ON_OFF_config] = 0
03-17 18:54:52.167   400   452 D DiagPropHandler: Set property [CarlinK_ON_OFF_config] = 0
03-17 18:54:52.167   703   703 W vendor.fawvw.hardware.persistenceservice: [64][PersistenceProxyReplier::setValue] setValue when server disconnect
03-17 18:54:52.167   703   703 I vendor.fawvw.hardware.persistenceservice: [49][PersistenceService::setValue]Receive aidl setValue:key is Hicar_ON_OFF_config,value is 0,serviceid is 2
03-17 18:54:52.167   400   452 D DiagPropHandler: Successfully set property [Hicar_ON_OFF_config] = 0
03-17 18:54:52.167   400   452 D DiagPropHandler: Set property [Hicar_ON_OFF_config] = 0
03-17 18:54:52.167   703   703 W vendor.fawvw.hardware.persistenceservice: [64][PersistenceProxyReplier::setValue] setValue when server disconnect
03-17 18:54:52.167   703   703 I vendor.fawvw.hardware.persistenceservice: [49][PersistenceService::setValue]Receive aidl setValue:key is Carplay_ON_OFF_config,value is 0,serviceid is 2
03-17 18:54:52.167   400   452 D DiagPropHandler: Successfully set property [Carplay_ON_OFF_config] = 0
03-17 18:54:52.167   400   452 D DiagPropHandler: Set property [Carplay_ON_OFF_config] = 0
03-17 18:54:52.168   400   452 D adayocomadapter-CommunicationManager: onUpstreamReceive mPropertyId 0x2141410d
03-17 18:54:52.168   400   452 D adayocomadapter-UpstreamHandler: processBeforePacket upSreamtProcessTimePoint[226115] 
03-17 18:54:52.168   400   452 D adayocomadapter-UpstreamHandler: processPacket UPSTREAM_QUEUE_DATA_TIMEOUT
03-17 18:54:52.168   400   452 D adayocomadapter-ParseProtocolFunc: parseCommonIPCLBytes Processing tableNumber[2]
03-17 18:54:52.168   400   452 D adayocomadapter-ParseProtocolFunc: parseCommonIPCLBytes Processing tablename[Table-2] tableSize[6]
03-17 18:54:52.168   400   452 D adayocomadapter-ParseProtocolFunc: printRaWMsg Name[byteStream recv] len[6] data[020000000001]
03-17 18:54:52.168   400   452 D adayocomadapter-ParseProtocolFunc: printRaWMsg Name[IPCLtoVHAL] len[7] data[21402049000100]
03-17 18:54:52.168   400   452 D adayocomadapter-ParseProtocolFunc: printRaWMsg Name[IPCLtoVHAL] len[7] data[214021A2000100]
03-17 18:54:52.168   400   452 D adayocomadapter-ParseProtocolFunc: printRaWMsg Name[IPCLtoVHAL] len[7] data[21402206000100]
03-17 18:54:52.168   400   452 D adayocomadapter-ParseProtocolFunc: printRaWMsg Name[IPCLtoVHAL] len[7] data[214020EA000100]
03-17 18:54:52.168   400   452 D adayocomadapter-CommunicationManager: onUpstreamReceive isLoss 1 mPropertyId 0x21402049
03-17 18:54:52.168   400   452 D adayocomadapter-CommunicationManager: convertBytesToInt32Memcpy  0
03-17 18:54:52.168   400   452 D vw-vhal : notifyVehicleProperty, propId = 0x21402049, data = {status: 3, int32Values: [0]}
03-17 18:54:52.168   400   452 I DefaultVehicleHal_v2_0: DefaultVehicleHal::onPropertyValue, value:{.timestamp = 226115869025, .areaId = 0, .prop = 557850697, .status = UNAVAILABLE, .value = {.int32Values = [1]{0}, .floatValues = [0]{}, .int64Values = [0]{}, .bytes = [0]{}, .stringValue = ""}}
03-17 18:54:52.168   400   452 D adayocomadapter-CommunicationManager: onUpstreamReceive mPropertyId 0x21402049
03-17 18:54:52.168   400   452 D adayocomadapter-CommunicationManager: onUpstreamReceive isLoss 1 mPropertyId 0x214021a2
03-17 18:54:52.168   400   452 D adayocomadapter-CommunicationManager: convertBytesToInt32Memcpy  0
03-17 18:54:52.168   400   452 D vw-vhal : notifyVehicleProperty, propId = 0x214021a2, data = {status: 3, int32Values: [0]}
03-17 18:54:52.168   400   452 I DefaultVehicleHal_v2_0: DefaultVehicleHal::onPropertyValue, value:{.timestamp = 226116030358, .areaId = 0, .prop = 557851042, .status = UNAVAILABLE, .value = {.int32Values = [1]{0}, .floatValues = [0]{}, .int64Values = [0]{}, .bytes = [0]{}, .stringValue = ""}}
03-17 18:54:52.168   400   452 D adayocomadapter-CommunicationManager: onUpstreamReceive mPropertyId 0x214021a2
03-17 18:54:52.168   400   452 D adayocomadapter-CommunicationManager: onUpstreamReceive isLoss 1 mPropertyId 0x21402206
03-17 18:54:52.168   400   452 D adayocomadapter-CommunicationManager: convertBytesToInt32Memcpy  0
03-17 18:54:52.168   400   452 D vw-vhal : notifyVehicleProperty, propId = 0x21402206, data = {status: 3, int32Values: [0]}
03-17 18:54:52.168   400   452 I DefaultVehicleHal_v2_0: DefaultVehicleHal::onPropertyValue, value:{.timestamp = 226116162692, .areaId = 0, .prop = 557851142, .status = UNAVAILABLE, .value = {.int32Values = [1]{0}, .floatValues = [0]{}, .int64Values = [0]{}, .bytes = [0]{}, .stringValue = ""}}
03-17 18:54:52.168   400   452 D adayocomadapter-CommunicationManager: onUpstreamReceive mPropertyId 0x21402206
03-17 18:54:52.168   400   452 D adayocomadapter-CommunicationManager: onUpstreamReceive isLoss 1 mPropertyId 0x214020ea
03-17 18:54:52.168   400   452 D adayocomadapter-CommunicationManager: convertBytesToInt32Memcpy  0
03-17 18:54:52.168   400   452 D vw-vhal : notifyVehicleProperty, propId = 0x214020ea, data = {status: 3, int32Values: [0]}
03-17 18:54:52.168   400   452 I DefaultVehicleHal_v2_0: DefaultVehicleHal::onPropertyValue, value:{.timestamp = 226116275358, .areaId = 0, .prop = 557850858, .status = UNAVAILABLE, .value = {.int32Values = [1]{0}, .floatValues = [0]{}, .int64Values = [0]{}, .bytes = [0]{}, .stringValue = ""}}
03-17 18:54:52.168   400   452 D adayocomadapter-CommunicationManager: onUpstreamReceive mPropertyId 0x214020ea
03-17 18:54:52.180  1627  9082 I okhttp.OkHttpClient: --> POST https://api-c-data-uat.mosc.faw-vw.com/j01/hu/data-collection/trace-service/vehicle-trace/v2/upload?requestId=267cb3d2-39d9-4716-8dce-5324dbb409e6&signt=1773744892172&appkey=HiVQY27x&sign=4291202ac45c622476216610baaa989e
03-17 18:54:52.181  1627  9082 I okhttp.OkHttpClient: Content-Type: application/json; charset=UTF-8
03-17 18:54:52.181  1627  9082 I okhttp.OkHttpClient: Content-Length: 2067
03-17 18:54:52.181  1627  9082 I okhttp.OkHttpClient: Accept-Language: zh_CN
03-17 18:54:52.181  1627  9082 I okhttp.OkHttpClient: Did: JETTA_HU_JBEVJ01_L7X-00101.01.250001A001_v1.0.1_v0.0.1
03-17 18:54:52.181  1627  9082 I okhttp.OkHttpClient: Authorization: Bearer
03-17 18:54:52.182  1627  9082 I okhttp.OkHttpClient: X-FTB3-VIN: LFV01LYTESTVLN030
03-17 18:54:52.182  1627  9082 I okhttp.OkHttpClient: brandId: JETTA
03-17 18:54:52.182  1566  2651 D TboxNetworkManager: tboxNetworkbinder=null
03-17 18:54:52.183  1627  9082 I okhttp.OkHttpClient: {"compress":"GZIP","content":"H4sIAAAAAAAAAOVYbW/bNhD+K4aAfbPU44v44m9J16LpmnVYXrahLgxaohJttuVJcrosyH/fUZIdS0rsdFuLtvkQxHfkHR/eHcl79O7GM8vlUeyNvJProrTzo0WSeUOnPLd5kWYLHCEBBOCUuTUo4q9pbhbO5vWL09MDlKO0vK5Homw2s1F5ms6tNyJSMsm5kgq0GHqxKdH+xjt6e1Lm6eICLW7GXnm9tGNvNBh7A3SaZ2k8STOUhmOvWE1P70Y/5GlpJ7kpbT0arfLcLspzM1s1UxAmVEPlZW6Ly2wWbw0OCBwfPisaz6Upa/XP1sQ/HC6LkTMeuBnDX9xCjS6ktW6QZiizalKJmyueFbfeLe7JXqWRPdoEY/LqbPL68MX5ayCTN/JXH4AAxo8ENAT8fYB/kysXUPwH7p+39uF2il5enaHGXuHGKqebnZwtZ5mJ3dhf5fdNIOM8vcI4Pr+OZjaupieWRASo8KeCSZ8TrX2lifJVFEaWSpgaah3smVlcrMyFW/DvS3Q6Ly4qewZEaqolGtAE7Rn4GpLEZ7EFw4nl1jjEWYFzD+psVSIWC2oOQ1AoLvPsd6yBOihAag0CjWxdI4VdxPVu6dAr7cI0ez1+e3KEw6vUCa7g0AZ/vXl5DuTNb6cvTk7P3/wIDHADn6lsmaB3ZXswm1XLVFX7fLly9fMOf0ZZjgXgJJ8MsaLOCgysEwGT7hSrwuZO1gHhTl5gtutxWclFtQWnISwgzKnSeFZNkWEAslJkH0xa1lYAlSb/szIJWGVRZEnZqLBqNYZoGxnsBKYCQraBkUBBBxgEirSA8UDuBkYDCR1gzm8H2O6IiYDodsSgC0x0gYUBpTuB4VZUL2JKdYDRLjC2DQzjIWgbWeN0O2T1lA0yEWi9Bxl0Q3YPMtZFJtq57ALrhYwHQnRyWRfmNjAlWkUmaQ8YdHPJu8Bou/pDuQcYBLxd/arZ3I7qb47QTmBhF5hu5RLLshMyTXohC8MWsvWcHblsnGwj0+R2+H54/6M3t/P7Xj1UT1YO+sOPnuREUcrEw08fxWsEvus+fVVERnf2w2M7P81KMxsJAK4IPXaal7m1IxVSEKqSD65MOjPTmR2RMMTbGLXPTXRpY5RRDNHq5INZ1o4oB6Ip1KrKE1GCAYfjsXf7QCC+ktffoY/T4g90dOOKqa4u6a6jsZfgVk+WJrLHh6jkQmH/g8BcTO7U+FoKefstthFKacA0K59THfkcmwffAEv8yGrNIVFYAdOn1EZgTWzaiJ/yLLJFcddKLFN3SY09Inh9hKN5PEsXtlJG2TwwsbnOAmOy5aTOMV5cV9Vd5SZXjcjYw+e2kvG+yPLr2iELqSQhbY7aZh3gTPcWKi5b7nDXXXd9Nxx6bpbFwD8Y+NkApw2X6G1o8gvU+UWWl+MVAIv9ZbXIRy9Geotd4ukd+Au8wR/h7nMcs3m2SMssb1L8qU9ZpDSTVia+1Jb6HEvNN5QxPwGmNY20JRA+mVOm8JINv06OKVjrlQm/cY4p1FSD1bEfmSjGF8LGvjJT6ieC05AkwGOhn1DZakH+G8fk7S4bwnYvy2Wnl6UB6/ISupuX4C51r5eVXV7S5ZikxUuQL4rd7b9qCMIal2Jrarejxw57FFPvpZikTTFZC9eaDGwFbK3aBEw38fi45r9HS7oUk7WAkUeQX9aQ/zUysYnhR4TMqfZRzFaNYQXpvblk3e8YmnWBNZoNiv53DM32UEzWqjHMFCVtYI3TDTDKGptNyNia2u0IWR/ZXo5JWsnEiPHdERNrxr2ufr3/O4buf8dwuD4Fw6QyDEX47xlmbb+LYTLkSLzHMDmXwLcYJiH0EQyTA7r6Khjmrrf/QYZJ72OYSj4lhsmnMrHCxL4kkbOPta8pQYZptAaZKGrkU+p9NWb/S2KYqP5/qCFenHupYUjVY6nh49z1g9Rhx/eE4ptkmMwKpaWhPvbnyueJRNNEMV+DoETJqSQk+QJO2ft/AAPn9/DHHAAA","sendType":2,"vin":"LFV01LYTESTVLN030"}
03-17 18:54:52.183  1627  9082 I okhttp.OkHttpClient: --> END POST (2067-byte body)
03-17 18:54:52.185 10173 10197 D TimerTriggerManager: init instance...
03-17 18:54:52.185 10173 10197 D TimerTriggerManager: Timer thread'TimerTriggerManager' is destroyed: false
03-17 18:54:52.185 10173 10197 D TimerTriggerManager: Timer 'onIndcnVehSpdChanged' is running: true
03-17 18:54:52.185 10173 10197 D TimerTriggerManager: Sending reset signal to timer 'onIndcnVehSpdChanged'
03-17 18:54:52.185 10173 10197 D TimerTriggerManager: Reset signal sent to timer 'onIndcnVehSpdChanged'
03-17 18:54:52.185 10173 10204 D TimerTriggerController: Reset method called for timer: onIndcnVehSpdChanged
03-17 18:54:52.185 10173 10204 D TimerTriggerController: Calling onTimerReset for timer: onIndcnVehSpdChanged
03-17 18:54:52.185 10173 10204 D TimerTriggerManager: Timer reset: onIndcnVehSpdChanged
03-17 18:54:52.185 10173 10204 I TimerTriggerController: Timer [onIndcnVehSpdChanged] reset, remaining: 1000ms, reset count: 372
03-17 18:54:52.190   903  1202 D ActivityManager: freezing 10472 android.process.media
03-17 18:54:52.191   903  1202 I am_freeze: [10472,android.process.media]
03-17 18:54:52.196  1627  9082 D okhttp.Http2: >> 0x0000007b   145 HEADERS       END_HEADERS
03-17 18:54:52.198  1627  9082 D okhttp.Http2: >> 0x0000007b  2067 DATA          END_STREAM
03-17 18:54:52.221   582  3616 E WifiHAL : Invalid data received from driver
03-17 18:54:52.233   903  1202 I am_compact: [10472,android.process.media,ANON,72864,49752,22768,13700,-4092,0,-4092,4084,42,SOME,0,905,19,237460,-76]
03-17 18:54:52.250  2383  2600 D AdayoDoipServer294_Doip: [ne_doip_event_loop_dispatch][line:141] : count = 0
03-17 18:54:52.256   642   685 I mcuc    : sd Uart data : 6AA602088600029202DA
03-17 18:54:52.262   642   685 I mcuc    : rev uart=2275,len=19, data : 6AA6810886000B9202000D0000000000000144
03-17 18:54:52.262   400  1006 D adayocomadapter-ParseProtocolFunc: printRaWMsg Name[MCUToUPstream recv] len[11] data[9202000D00000000000001]
03-17 18:54:52.262   400  1006 D adayocomadapter-CommunicationManager: onUpstreamback   member[0] dataLength[8] timePoint[226209]
03-17 18:54:52.262   400  1006 D adayocomadapter-ParseProtocolFunc: printRaWMsg Name[onUpstreamback] len[8] data[0D00000000000001]
03-17 18:54:52.262   400   452 D adayocomadapter-UpstreamHandler: processBeforePacket upSreamtProcessTimePoint[226209] 
03-17 18:54:52.262   400   452 D adayocomadapter-UpstreamHandler: processPacket UPSTREAM_QUEUE_DATA_TIMEOUT
03-17 18:54:52.262   400   452 D adayocomadapter-ParseProtocolFunc: parseCommonIPCLBytes Processing tableNumber[13]
03-17 18:54:52.262   400   452 D adayocomadapter-ParseProtocolFunc: parseCommonIPCLBytes Processing tablename[Table-13] tableSize[8]
03-17 18:54:52.262   400   452 D adayocomadapter-ParseProtocolFunc: printRaWMsg Name[byteStream recv] len[8] data[0D00000000000001]
03-17 18:54:52.262   400   452 D adayocomadapter-ParseProtocolFunc: printRaWMsg Name[IPCLtoVHAL] len[7] data[214020BB000100]
03-17 18:54:52.262   400   452 D adayocomadapter-ParseProtocolFunc: printRaWMsg Name[IPCLtoVHAL] len[7] data[214020E3000100]
03-17 18:54:52.262   400   452 D adayocomadapter-ParseProtocolFunc: printRaWMsg Name[IPCLtoVHAL] len[7] data[214020C7000100]
03-17 18:54:52.262   400   452 D adayocomadapter-ParseProtocolFunc: printRaWMsg Name[IPCLtoVHAL] len[7] data[214020DD000100]
03-17 18:54:52.262   400   452 D adayocomadapter-ParseProtocolFunc: printRaWMsg Name[IPCLtoVHAL] len[7] data[214020DF000100]
03-17 18:54:52.262   400   452 D adayocomadapter-ParseProtocolFunc: printRaWMsg Name[IPCLtoVHAL] len[7] data[214020E4000100]
03-17 18:54:52.262   400   452 D adayocomadapter-CommunicationManager: onUpstreamReceive isLoss 1 mPropertyId 0x214020bb
03-17 18:54:52.262   400   452 D adayocomadapter-CommunicationManager: convertBytesToInt32Memcpy  0
03-17 18:54:52.262   400   452 D vw-vhal : notifyVehicleProperty, propId = 0x214020bb, data = {status: 3, int32Values: [0]}
03-17 18:54:52.262   400   452 I DefaultVehicleHal_v2_0: DefaultVehicleHal::onPropertyValue, value:{.timestamp = 226210251025, .areaId = 0, .prop = 557850811, .status = UNAVAILABLE, .value = {.int32Values = [1]{0}, .floatValues = [0]{}, .int64Values = [0]{}, .bytes = [0]{}, .stringValue = ""}}
03-17 18:54:52.262   400   452 D adayocomadapter-CommunicationManager: onUpstreamReceive mPropertyId 0x214020bb
03-17 18:54:52.262   400   452 D adayocomadapter-CommunicationManager: onUpstreamReceive isLoss 1 mPropertyId 0x214020e3
03-17 18:54:52.262   400   452 D adayocomadapter-CommunicationManager: convertBytesToInt32Memcpy  0
03-17 18:54:52.262   400   452 D vw-vhal : notifyVehicleProperty, propId = 0x214020e3, data = {status: 3, int32Values: [0]}
03-17 18:54:52.262   400   452 I DefaultVehicleHal_v2_0: DefaultVehicleHal::onPropertyValue, value:{.timestamp = 226210395692, .areaId = 0, .prop = 557850851, .status = UNAVAILABLE, .value = {.int32Values = [1]{0}, .floatValues = [0]{}, .int64Values = [0]{}, .bytes = [0]{}, .stringValue = ""}}
03-17 18:54:52.262   400   452 D adayocomadapter-CommunicationManager: onUpstreamReceive mPropertyId 0x214020e3
03-17 18:54:52.262   400   452 D adayocomadapter-CommunicationManager: onUpstreamReceive isLoss 1 mPropertyId 0x214020c7
03-17 18:54:52.262   400   452 D adayocomadapter-CommunicationManager: convertBytesToInt32Memcpy  0
03-17 18:54:52.262   400   452 D vw-vhal : notifyVehicleProperty, propId = 0x214020c7, data = {status: 3, int32Values: [0]}
03-17 18:54:52.262   400   452 I DefaultVehicleHal_v2_0: DefaultVehicleHal::onPropertyValue, value:{.timestamp = 226210509692, .areaId = 0, .prop = 557850823, .status = UNAVAILABLE, .value = {.int32Values = [1]{0}, .floatValues = [0]{}, .int64Values = [0]{}, .bytes = [0]{}, .stringValue = ""}}
03-17 18:54:52.263   400   452 D adayocomadapter-CommunicationManager: onUpstreamReceive mPropertyId 0x214020c7
03-17 18:54:52.263   400   452 D adayocomadapter-CommunicationManager: onUpstreamReceive isLoss 1 mPropertyId 0x214020dd
03-17 18:54:52.263   400   452 D adayocomadapter-CommunicationManager: convertBytesToInt32Memcpy  0
03-17 18:54:52.263   400   452 D vw-vhal : notifyVehicleProperty, propId = 0x214020dd, data = {status: 3, int32Values: [0]}
03-17 18:54:52.263   400   452 I DefaultVehicleHal_v2_0: DefaultVehicleHal::onPropertyValue, value:{.timestamp = 226210618358, .areaId = 0, .prop = 557850845, .status = UNAVAILABLE, .value = {.int32Values = [1]{0}, .floatValues = [0]{}, .int64Values = [0]{}, .bytes = [0]{}, .stringValue = ""}}
03-17 18:54:52.263   400   452 D adayocomadapter-CommunicationManager: onUpstreamReceive mPropertyId 0x214020dd
03-17 18:54:52.263   400   452 D adayocomadapter-CommunicationManager: onUpstreamReceive isLoss 1 mPropertyId 0x214020df
03-17 18:54:52.263   400   452 D adayocomadapter-CommunicationManager: convertBytesToInt32Memcpy  0
03-17 18:54:52.263   400   452 D vw-vhal : notifyVehicleProperty, propId = 0x214020df, data = {status: 3, int32Values: [0]}
03-17 18:54:52.263   400   452 I DefaultVehicleHal_v2_0: DefaultVehicleHal::onPropertyValue, value:{.timestamp = 226210728692, .areaId = 0, .prop = 557850847, .status = UNAVAILABLE, .value = {.int32Values = [1]{0}, .floatValues = [0]{}, .int64Values = [0]{}, .bytes = [0]{}, .stringValue = ""}}
03-17 18:54:52.263   400   452 D adayocomadapter-CommunicationManager: onUpstreamReceive mPropertyId 0x214020df
03-17 18:54:52.263   400   452 D adayocomadapter-CommunicationManager: onUpstreamReceive isLoss 1 mPropertyId 0x214020e4
03-17 18:54:52.263   400   452 D adayocomadapter-CommunicationManager: convertBytesToInt32Memcpy  0
03-17 18:54:52.263   400   452 D vw-vhal : notifyVehicleProperty, propId = 0x214020e4, data = {status: 3, int32Values: [0]}
03-17 18:54:52.263   400   452 I DefaultVehicleHal_v2_0: DefaultVehicleHal::onPropertyValue, value:{.timestamp = 226210838358, .areaId = 0, .prop = 557850852, .status = UNAVAILABLE, .value = {.int32Values = [1]{0}, .floatValues = [0]{}, .int64Values = [0]{}, .bytes = [0]{}, .stringValue = ""}}
03-17 18:54:52.263   400   452 D adayocomadapter-CommunicationManager: onUpstreamReceive mPropertyId 0x214020e4
03-17 18:54:52.284 10173 10197 D TimerTriggerManager: init instance...
03-17 18:54:52.284 10173 10197 D TimerTriggerManager: Timer thread'TimerTriggerManager' is destroyed: false
03-17 18:54:52.284 10173 10197 D TimerTriggerManager: Timer 'onIndcnVehSpdChanged' is running: true
03-17 18:54:52.284 10173 10197 D TimerTriggerManager: Sending reset signal to timer 'onIndcnVehSpdChanged'
03-17 18:54:52.284 10173 10197 D TimerTriggerManager: Reset signal sent to timer 'onIndcnVehSpdChanged'
03-17 18:54:52.284 10173 10204 D TimerTriggerController: Reset method called for timer: onIndcnVehSpdChanged
03-17 18:54:52.284 10173 10204 D TimerTriggerController: Calling onTimerReset for timer: onIndcnVehSpdChanged
03-17 18:54:52.284 10173 10204 D TimerTriggerManager: Timer reset: onIndcnVehSpdChanged
03-17 18:54:52.285 10173 10204 I TimerTriggerController: Timer [onIndcnVehSpdChanged] reset, remaining: 999ms, reset count: 373
03-17 18:54:52.285 10173 10197 D TimerTriggerManager: init instance...
03-17 18:54:52.285 10173 10197 D TimerTriggerManager: Timer thread'TimerTriggerManager' is destroyed: false
03-17 18:54:52.285 10173 10197 D TimerTriggerManager: Timer 'onMntnWarnReqChanged' is running: true
03-17 18:54:52.285 10173 10197 D TimerTriggerManager: Sending reset signal to timer 'onMntnWarnReqChanged'
03-17 18:54:52.285 10173 10197 D TimerTriggerManager: Reset signal sent to timer 'onMntnWarnReqChanged'
03-17 18:54:52.285 10173 10204 D TimerTriggerController: Reset method called for timer: onMntnWarnReqChanged
03-17 18:54:52.285 10173 10204 D TimerTriggerController: Calling onTimerReset for timer: onMntnWarnReqChanged
03-17 18:54:52.285 10173 10204 D TimerTriggerManager: Timer reset: onMntnWarnReqChanged
03-17 18:54:52.285 10173 10204 I TimerTriggerController: Timer [onMntnWarnReqChanged] reset, remaining: 5000ms, reset count: 187
03-17 18:54:52.288   582  3616 E WifiHAL : Invalid data received from driver
03-17 18:54:52.298  1627  8902 D okhttp.Http2: << 0x0000007b    44 HEADERS       END_HEADERS
03-17 18:54:52.301  1627  8902 D okhttp.Http2: << 0x0000007b   229 DATA          END_STREAM
03-17 18:54:52.302   903  1756 D NetworkPolicy: Blocked state of 10051: {blocked=NONE,allowed=FOREGROUND|TOP|METERED_FOREGROUND,effective=NONE}
03-17 18:54:52.304  1627  8902 D okhttp.Http2: << 0x0000007b     4 WINDOW_UPDATE 
03-17 18:54:52.304  1627  9082 I okhttp.OkHttpClient: <-- 400 https://api-c-data-uat.mosc.faw-vw.com/j01/hu/data-collection/trace-service/vehicle-trace/v2/upload?requestId=267cb3d2-39d9-4716-8dce-5324dbb409e6&signt=1773744892172&appkey=HiVQY27x&sign=4291202ac45c622476216610baaa989e (120ms)
03-17 18:54:52.304  1627  9082 I okhttp.OkHttpClient: server: stgw
03-17 18:54:52.304  1627  9082 I okhttp.OkHttpClient: date: Tue, 17 Mar 2026 10:54:52 GMT
03-17 18:54:52.304  1627  9082 I okhttp.OkHttpClient: content-type: text/html
03-17 18:54:52.305  1627  9082 I okhttp.OkHttpClient: content-length: 229
03-17 18:54:52.306  1627  9082 I okhttp.OkHttpClient: <html>
03-17 18:54:52.306  1627  9082 I okhttp.OkHttpClient: <head><title>400 No required SSL certificate was sent</title></head>
03-17 18:54:52.306  1627  9082 I okhttp.OkHttpClient: <body>
03-17 18:54:52.306  1627  9082 I okhttp.OkHttpClient: <center><h1>400 Bad Request</h1></center>
03-17 18:54:52.306  1627  9082 I okhttp.OkHttpClient: <center>No required SSL certificate was sent</center>
03-17 18:54:52.306  1627  9082 I okhttp.OkHttpClient: <hr><center>stgw</center>
03-17 18:54:52.306  1627  9082 I okhttp.OkHttpClient: </body>
03-17 18:54:52.306  1627  9082 I okhttp.OkHttpClient: </html>
03-17 18:54:52.306  1627  9082 I okhttp.OkHttpClient: <-- END HTTP (229-byte body)
03-17 18:54:52.308  1627  9082 D okhttp.TaskRunner: Q10001 scheduled after   0 µs: OkHttp ConnectionPool
03-17 18:54:52.309  1627  8903 D okhttp.TaskRunner: Q10001 starting              : OkHttp ConnectionPool
03-17 18:54:52.310  1627  8903 D okhttp.TaskRunner: Q10001 run again after 300 s : OkHttp ConnectionPool
03-17 18:54:52.311  1627  8903 D okhttp.TaskRunner: Q10001 finished run in   2 ms: OkHttp ConnectionPool
03-17 18:54:52.313   642   685 I mcuc    : sd Uart data : 6AA602088700029202D9
03-17 18:54:52.318   642   685 I mcuc    : rev uart=2276,len=63, data : 6AA681088700379202001200001E1E0000000000000000000000000000000000000000000000000000000000000000000000000000000000000101010101D2
03-17 18:54:52.318   642   685 I mcuc    : sd Uart data : 6AA602088800029202D8
03-17 18:54:52.318   400  1006 D adayocomadapter-ParseProtocolFunc: printRaWMsg Name[MCUToUPstream recv] len[55] data[9202001200001E1E0000000000000000000000000000000000000000000000000000000000000000000000000000000000000101010101]
03-17 18:54:52.318   400  1006 D adayocomadapter-CommunicationManager: onUpstreamback   member[0] dataLength[52] timePoint[226266]
03-17 18:54:52.318   400  1006 D adayocomadapter-ParseProtocolFunc: printRaWMsg Name[onUpstreamback] len[52] data[1200001E1E0000000000000000000000000000000000000000000000000000000000000000000000000000000000000101010101]
03-17 18:54:52.318   400   452 D adayocomadapter-UpstreamHandler: processBeforePacket upSreamtProcessTimePoint[226266] 
03-17 18:54:52.318   400   452 D adayocomadapter-UpstreamHandler: processPacket UPSTREAM_QUEUE_DATA_TIMEOUT
03-17 18:54:52.318   400   452 D adayocomadapter-ParseProtocolFunc: parseCommonIPCLBytes Processing tableNumber[18]
03-17 18:54:52.318   400   452 D adayocomadapter-ParseProtocolFunc: parseCommonIPCLBytes Processing tablename[Table-18] tableSize[53]
03-17 18:54:52.318   400   452 D adayocomadapter-ParseProtocolFunc: parseCommonIPCLBytes Error: table.tSize unMatched byteStream.size[52]
03-17 18:54:52.323   642   685 I mcuc    : rev uart=2277,len=109, data : 6AA681088800659202040200000000000000000000000000000000000000000000000000000000000000000000000000000000000000000000000000000000000000000000000000000000000000000000000000000000000000000000000000000000000000000000000000F0
03-17 18:54:52.324   400  1006 D adayocomadapter-ParseProtocolFunc: printRaWMsg Name[MCUToUPstream recv] len[101] data[9202040200000000000000000000000000000000000000000000000000000000000000000000000000000000000000000000000000000000000000000000000000000000000000000000000000000000000000000000000000000000000000000000000000]
03-17 18:54:52.324   400  1006 D adayocomadapter-CommunicationManager: onUpstreamback   member[7] dataLength[98] timePoint[226271]
03-17 18:54:52.324   400  1006 D adayocomadapter-ParseProtocolFunc: printRaWMsg Name[onUpstreamback] len[98] data[0200000000000000000000000000000000000000000000000000000000000000000000000000000000000000000000000000000000000000000000000000000000000000000000000000000000000000000000000000000000000000000000000000]
03-17 18:54:52.324   400   452 D adayocomadapter-UpstreamHandler: processBeforePacket upSreamtProcessTimePoint[226271] 
03-17 18:54:52.324   400   452 D adayocomadapter-ParseProtocolFunc: parseGeneralIPCLBytes Processing tablename[Table-19] tableSize[98]
03-17 18:54:52.324   400   452 D adayocomadapter-ParseProtocolFunc: printRaWMsg Name[byteStream recv] len[98] data[0200000000000000000000000000000000000000000000000000000000000000000000000000000000000000000000000000000000000000000000000000000000000000000000000000000000000000000000000000000000000000000000000000]
03-17 18:54:52.324   400   452 D adayocomadapter-ParseProtocolFunc: printRaWMsg Name[IPCLtoVHAL] len[32] data[2141411501000000000000000000000000000000000000000000000000000000]
03-17 18:54:52.324   400   452 D adayocomadapter-ParseProtocolFunc: printRaWMsg Name[IPCLtoVHAL] len[66] data[214141070100000000000000000000000000000000000000000000000000000000000000000000000000000000000000000000000000000000000000000000000000]
03-17 18:54:52.324   400   452 D adayocomadapter-ParseProtocolFunc: printRaWMsg Name[IPCLtoVHAL] len[17] data[2141410301000000000000000000000000]
03-17 18:54:52.324   400   452 D adayocomadapter-CommunicationManager: onUpstreamReceive isLoss 0 mPropertyId 0x21414115
03-17 18:54:52.324   400   452 D vw-vhal : notifyVehicleProperty, propId = 0x21414115, data = {status: 2, int32Values: [0, 0, 0, 0, 0, 0, 0, 0, 0, 0, 0, 0, 0, 0, 0, 0, 0, 0, 0, 0, 0, 0, 0, 0, 0, 0]}
03-17 18:54:52.324   400   452 I vw-vhal : CanSignalsAdapter::notifyDiagProperty: propId = 0x21414115, data = {status: 2, int32Values: [0, 0, 0, 0, 0, 0, 0, 0, 0, 0, 0, 0, 0, 0, 0, 0, 0, 0, 0, 0, 0, 0, 0, 0, 0, 0]}
03-17 18:54:52.324   400   452 I DefaultVehicleHal_v2_0: DefaultVehicleHal::onPropertyValue, value:{.timestamp = 226272474692, .areaId = 0, .prop = 557924629, .status = AVAILABLE, .value = {.int32Values = [26]{0, 0, 0, 0, 0, 0, 0, 0, 0, 0, 0, 0, 0, 0, 0, 0, 0, 0, 0, 0, 0, 0, 0, 0, 0, 0}, .floatValues = [0]{}, .int64Values = [0]{}, .bytes = [0]{}, .stringValue = ""}}
03-17 18:54:52.325   400   452 D DefaultVehicleHal_v2_0: onPropertyValue: Diagnostic config property: 0x21414115
03-17 18:54:52.325   400   452 D DiagPropHandler: Processing request for prop: 0x21414115, size: 26
03-17 18:54:52.325   703   703 I vendor.fawvw.hardware.persistenceservice: [194][persistence_client_library_prct_access::get_db_context] key regular_maintenance_time_interval. is not in RCT,will be stored in cached
03-17 18:54:52.325   703   703 W vendor.fawvw.hardware.persistenceservice: [64][PersistenceProxyReplier::setValue] setValue when server disconnect
03-17 18:54:52.325   703   703 I vendor.fawvw.hardware.persistenceservice: [49][PersistenceService::setValue]Receive aidl setValue:key is regular_maintenance_time_interval.,value is 0,serviceid is 2
03-17 18:54:52.325   400   452 D DiagPropHandler: Successfully set property [regular_maintenance_time_interval.] = 0
03-17 18:54:52.325   703   703 I vendor.fawvw.hardware.persistenceservice: [194][persistence_client_library_prct_access::get_db_context] key first_maintenance_mileage_interval. is not in RCT,will be stored in cached
03-17 18:54:52.325   703   703 W vendor.fawvw.hardware.persistenceservice: [64][PersistenceProxyReplier::setValue] setValue when server disconnect
03-17 18:54:52.325   703   703 I vendor.fawvw.hardware.persistenceservice: [49][PersistenceService::setValue]Receive aidl setValue:key is first_maintenance_mileage_interval.,value is 0,serviceid is 2
03-17 18:54:52.325   400   452 D DiagPropHandler: Successfully set property [first_maintenance_mileage_interval.] = 0
03-17 18:54:52.326   703   703 W vendor.fawvw.hardware.persistenceservice: [64][PersistenceProxyReplier::setValue] setValue when server disconnect
03-17 18:54:52.326   703   703 I vendor.fawvw.hardware.persistenceservice: [49][PersistenceService::setValue]Receive aidl setValue:key is first_maintenance_HEV_mileage_interval,value is 0,serviceid is 2
03-17 18:54:52.326   400   452 D DiagPropHandler: Successfully set property [first_maintenance_HEV_mileage_interval] = 0
03-17 18:54:52.326   703   703 W vendor.fawvw.hardware.persistenceservice: [64][PersistenceProxyReplier::setValue] setValue when server disconnect
03-17 18:54:52.326   703   703 I vendor.fawvw.hardware.persistenceservice: [49][PersistenceService::setValue]Receive aidl setValue:key is first_maintenance_time_interval,value is 0,serviceid is 2
03-17 18:54:52.326   400   452 D DiagPropHandler: Successfully set property [first_maintenance_time_interval] = 0
03-17 18:54:52.326   703   703 I vendor.fawvw.hardware.persistenceservice: [194][persistence_client_library_prct_access::get_db_context] key regular_maintenance_mileage_interval. is not in RCT,will be stored in cached
03-17 18:54:52.326   703   703 W vendor.fawvw.hardware.persistenceservice: [64][PersistenceProxyReplier::setValue] setValue when server disconnect
03-17 18:54:52.326   703   703 I vendor.fawvw.hardware.persistenceservice: [49][PersistenceService::setValue]Receive aidl setValue:key is regular_maintenance_mileage_interval.,value is 0,serviceid is 2
03-17 18:54:52.326   400   452 D DiagPropHandler: Successfully set property [regular_maintenance_mileage_interval.] = 0
03-17 18:54:52.326   703   703 I vendor.fawvw.hardware.persistenceservice: [194][persistence_client_library_prct_access::get_db_context] key regular_maintenance_HEV_mileage_interval. is not in RCT,will be stored in cached
03-17 18:54:52.326   703   703 W vendor.fawvw.hardware.persistenceservice: [64][PersistenceProxyReplier::setValue] setValue when server disconnect
03-17 18:54:52.326   703   703 I vendor.fawvw.hardware.persistenceservice: [49][PersistenceService::setValue]Receive aidl setValue:key is regular_maintenance_HEV_mileage_interval.,value is 0,serviceid is 2
03-17 18:54:52.327   400   452 D DiagPropHandler: Successfully set property [regular_maintenance_HEV_mileage_interval.] = 0
03-17 18:54:52.327   703   703 W vendor.fawvw.hardware.persistenceservice: [64][PersistenceProxyReplier::setValue] setValue when server disconnect
03-17 18:54:52.327   703   703 I vendor.fawvw.hardware.persistenceservice: [49][PersistenceService::setValue]Receive aidl setValue:key is Maintenance_mileage_approaching_reminder_threshold,value is 0,serviceid is 2
03-17 18:54:52.327   400   452 D DiagPropHandler: Successfully set property [Maintenance_mileage_approaching_reminder_threshold] = 0
03-17 18:54:52.327   703   703 W vendor.fawvw.hardware.persistenceservice: [64][PersistenceProxyReplier::setValue] setValue when server disconnect
03-17 18:54:52.327   703   703 I vendor.fawvw.hardware.persistenceservice: [49][PersistenceService::setValue]Receive aidl setValue:key is Maintenance_time_approaching_reminder_threshol,value is 0,serviceid is 2
03-17 18:54:52.327   400   452 D DiagPropHandler: Successfully set property [Maintenance_time_approaching_reminder_threshol] = 0
03-17 18:54:52.327   400   452 D adayocomadapter-CommunicationManager: onUpstreamReceive mPropertyId 0x21414115
03-17 18:54:52.327   400   452 D adayocomadapter-CommunicationManager: onUpstreamReceive isLoss 0 mPropertyId 0x21414107
03-17 18:54:52.327   400   452 D vw-vhal : notifyVehicleProperty, propId = 0x21414107, data = {status: 2, int32Values: [0, 0, 0, 0, 0, 0, 0, 0, 0, 0, 0, 0, 0, 0, 0, 0, 0, 0, 0, 0, 0, 0, 0, 0, 0, 0, 0, 0, 0, 0, 0, 0, 0, 0, 0, 0, 0, 0, 0, 0, 0, 0, 0, 0, 0, 0, 0, 0, 0, 0, 0, 0, 0, 0, 0, 0, 0, 0, 0, 0]}
03-17 18:54:52.327   400   452 I vw-vhal : CanSignalsAdapter::notifyDiagProperty: propId = 0x21414107, data = {status: 2, int32Values: [0, 0, 0, 0, 0, 0, 0, 0, 0, 0, 0, 0, 0, 0, 0, 0, 0, 0, 0, 0, 0, 0, 0, 0, 0, 0, 0, 0, 0, 0, 0, 0, 0, 0, 0, 0, 0, 0, 0, 0, 0, 0, 0, 0, 0, 0, 0, 0, 0, 0, 0, 0, 0, 0, 0, 0, 0, 0, 0, 0]}
03-17 18:54:52.327   400   452 I DefaultVehicleHal_v2_0: DefaultVehicleHal::onPropertyValue, value:{.timestamp = 226275359358, .areaId = 0, .prop = 557924615, .status = AVAILABLE, .value = {.int32Values = [60]{0, 0, 0, 0, 0, 0, 0, 0, 0, 0, 0, 0, 0, 0, 0, 0, 0, 0, 0, 0, 0, 0, 0, 0, 0, 0, 0, 0, 0, 0, 0, 0, 0, 0, 0, 0, 0, 0, 0, 0, 0, 0, 0, 0, 0, 0, 0, 0, 0, 0, 0, 0, 0, 0, 0, 0, 0, 0, 0, 0}, .floatValues = [0]{}, .int64Values = [0]{}, .bytes = [0]{}, .stringValue = ""}}
03-17 18:54:52.327   400   452 D adayocomadapter-CommunicationManager: onUpstreamReceive mPropertyId 0x21414107
03-17 18:54:52.327   400   452 D adayocomadapter-CommunicationManager: onUpstreamReceive isLoss 0 mPropertyId 0x21414103
03-17 18:54:52.327   400   452 D vw-vhal : notifyVehicleProperty, propId = 0x21414103, data = {status: 2, int32Values: [0, 0, 0, 0, 0, 0, 0, 0, 0, 0, 0]}
03-17 18:54:52.327   400   452 I vw-vhal : CanSignalsAdapter::notifyDiagProperty: propId = 0x21414103, data = {status: 2, int32Values: [0, 0, 0, 0, 0, 0, 0, 0, 0, 0, 0]}
03-17 18:54:52.328   400   452 I DefaultVehicleHal_v2_0: DefaultVehicleHal::onPropertyValue, value:{.timestamp = 226275550358, .areaId = 0, .prop = 557924611, .status = AVAILABLE, .value = {.int32Values = [11]{0, 0, 0, 0, 0, 0, 0, 0, 0, 0, 0}, .floatValues = [0]{}, .int64Values = [0]{}, .bytes = [0]{}, .stringValue = ""}}
03-17 18:54:52.328   400   452 D adayocomadapter-CommunicationManager: onUpstreamReceive mPropertyId 0x21414103
03-17 18:54:52.336  1646  3173 D CarPropertyManager: setProperty, propertyId: 0x2141400f, areaId: 0x0, class: class [Ljava.lang.Integer;, val: [Ljava.lang.Integer;@be18781
03-17 18:54:52.338  2106  3055 D CarPropertyService: mSyncGetSetPropertyOpCount: 1
03-17 18:54:52.338   400  1006 I DefaultVehicleHal_v2_0: DefaultVehicleHal::set, current value:{.timestamp = 0, .areaId = 0, .prop = 557924367, .status = AVAILABLE, .value = {.int32Values = [1]{0}, .floatValues = [0]{}, .int64Values = [0]{}, .bytes = [0]{}, .stringValue = ""}}
03-17 18:54:52.338   400  1006 I DefaultVehicleHalServer: onSetProperty(0x2141400f)
03-17 18:54:52.338   400  1006 D vw-vhal : CanSignalsAdapter::setVehicleProperty: propValue = {.timestamp = 0, .areaId = 0, .prop = 557924367, .status = AVAILABLE, .value = {.int32Values = [4]{0, 32, 32, 32}, .floatValues = [0]{}, .int64Values = [0]{}, .bytes = [0]{}, .stringValue = ""}}
03-17 18:54:52.339   400  1006 D vw-vhal : CanSignalsAdapter::setVehicleProperty: propId = 0x2141400f, data = {status: 0, int32Values: [0, 32, 32, 32]}
03-17 18:54:52.339   400  1006 D adayocomadapter-CommunicationManager: setProperty id=[557924367]
03-17 18:54:52.339   400  1006 D adayocomadapter-CommunicationManager: writeValue id=[557924367]
03-17 18:54:52.339   400  1006 D adayocomadapter-VehiclePropertyStore: writeValue id=[557924367]
03-17 18:54:52.339   400  1006 D adayocomadapter-CommunicationManager: sendToDownstream mPropertyId 0x2141400f
03-17 18:54:52.339   400  1006 D adayocomadapter-ParseProtocolFunc: printRaWMsg Name[sendToDownstream] len[4] data[00000000]
03-17 18:54:52.339   400  1006 D adayocomadapter-ParseProtocolFunc: printRaWMsg Name[sendToDownstream] len[4] data[2141400F]
03-17 18:54:52.339   400  1006 D adayocomadapter-ParseProtocolFunc: printRaWMsg Name[sendToDownstream] len[8] data[2141400F00202020]
