03-17 18:53:28.670  6654  6700 D TimerTriggerManager: Sending reset signal to timer 'onIndcnVehSpdChanged'
03-17 18:53:28.670  6654  6700 D TimerTriggerManager: Reset signal sent to timer 'onIndcnVehSpdChanged'
03-17 18:53:28.671  6654  6707 D TimerTriggerController: Reset method called for timer: onIndcnVehSpdChanged
03-17 18:53:28.671  6654  6707 D TimerTriggerController: Calling onTimerReset for timer: onIndcnVehSpdChanged
03-17 18:53:28.671  6654  6707 D TimerTriggerManager: Timer reset: onIndcnVehSpdChanged
03-17 18:53:28.671  6654  6707 I TimerTriggerController: Timer [onIndcnVehSpdChanged] reset, remaining: 1000ms, reset count: 945
03-17 18:53:28.678   582  3616 E WifiHAL : Invalid data received from driver
03-17 18:53:28.682  1566  2651 D TboxNetworkManager: tboxNetworkbinder=null
03-17 18:53:28.700  1627  9198 I okhttp.OkHttpClient: --> POST https://api-c-data-uat.mosc.faw-vw.com/j01/hu/data-collection/trace-service/vehicle-trace/v2/upload?requestId=6608ecd0-1fef-4ecf-82b7-dc0a7f018b27&signt=1773744808691&appkey=HiVQY27x&sign=6aea32f617f48889559cf98713895753
03-17 18:53:28.701  1627  9198 I okhttp.OkHttpClient: Content-Type: application/json; charset=UTF-8
03-17 18:53:28.701  1627  9198 I okhttp.OkHttpClient: Content-Length: 2299
03-17 18:53:28.701  1627  9198 I okhttp.OkHttpClient: Accept-Language: zh_CN
03-17 18:53:28.701  1627  9198 I okhttp.OkHttpClient: Did: JETTA_HU_JBEVJ01_L7X-00101.01.250001A001_v1.0.1_v0.0.1
03-17 18:53:28.702  1627  9198 I okhttp.OkHttpClient: Authorization: Bearer
03-17 18:53:28.702  1627  9198 I okhttp.OkHttpClient: X-FTB3-VIN: LFV01LYTESTVLN030
03-17 18:53:28.702  1627  9198 I okhttp.OkHttpClient: brandId: JETTA
03-17 18:53:28.703  1627  9198 I okhttp.OkHttpClient: {"compress":"GZIP","content":"H4sIAAAAAAAAAOVYX2/kthH/KgsBfVsqHP6n3+yLg/h6boLa57SIA4OSKFvt7moraX1xD/fSl6LtF+lXCPp50n6NDqU970o6e3MX2HDih8WKQ3L448yQnPl9+zZyy+VRFu1FJzd14+dHi7yMpkF45qu6KBfYAzGNaRBW3mETv5LKLcKcl4enp/vYTovmputJy9nMp81pMffRHmjNtRDaAlA+jTLX4Py30dFXJ01VLC5xxtvzqLlZ+vNob3IeTVBpVRbZRVFia3oe1avkdNP7pioaf1G5xne96aqq/KI5c7PVeoiMGWu7mqvK11flLNvqnAA9PvisXmtuXNOJf+9d9tuDZb0XJk/CiOk3YaFWRmOlO9mkKLEN1MSUThrcXf1Z/S56h5vy10Xqj26tcfHl64uXB4dnLylcvNJ/IJQCRQNCzCTF7338XVwHi+IfDX/Rex1hq6jly9co8de4s1bp7VZeL2ely0Lf983na0tmVXGNhnxxk8581g7PPaRAmSKJ4poIsJYYC4aYVKaeaZo45gPsmVtcrtxlWPCvV6h0Xl+28xPlJHNSEWCZJyLPGUmsoCTVFKTUimZe4PCyxrH7nbvaJkYLSg4kNdhcVuWfMAg6o1DoJAg09V2Q1H6Rdbtl06jxC7fe6/FXJ0fYvSpCI0QczsGvV1+cUXj1x9PDk9OzV7+jnOIGHiluuTWbuN2fzdpl2rB9sVyFAPoWP9OywgAILQJTDKnXNRo2NGnMTRCsal+FNoMYdBAs0N3dAG1Du273ECTAYiuDqMhm7RDFYtqOKco3rmi6Wesh1V/aKbFgrZIyb9YijFuONtqGRgfIhO4hMzGoPjKrR8gU20YmeSzoCJnuIbNigCyIBshGNushA1xliEwNkJmY6Z7N3s/ZIMN1WR/Z2GaUDpCxITLeQ6bXSraQiZHNmOohU7E1Q5tR2kNm7G5k/H6b2XXMbCGDATIZi2GcaX4vslsl28gsDJCJITLaQ2bWy94dZzbW0ANmYzsKsyEwvdtkcngAes5kFi/oPrBujW1g3ZTb+FexosMo65x3ny9D/H83/fDDN/fzD718KL5YBeR3PXx4jwA3XIC++/ljEnf0m+Hz1xpkbzN/euznp2XjZnuKUmGAHQfJF5X3ewAMjFWtYP/aFTOXzFCqwXCNw1649MpneyAoKMBRJ2/cstPEUGQZ7USdKktBCHp8Hr27wxK/lBQgwM+K+s+o6W2Ipi68dGwMLpHjXk+WLvXHBygUymC8ILJglI0Yn0yl3/0acwktEp0lFIiUGRCRMEls7gxhqTLMZZk1Uj2jXEIwtsklvq7K1Nf1Jp9YFuGWOo9ACdXF9jybFQvfCtNyHrvM3ZSxc+XyovMx3lzX7WUVBrfZyHnEY9q28cYoq5tOIZfUSmPWZ+39OpYrNlqnvuppg7G2sRYx0rKsJ2R/QsoJjpouUdnUVZcoI3VZNecrSnlGlu0aH7uWHK11hWd3QhYTgJ+g7THO2LxcFE1Zrf370EfMUUGFziUR0uF8BinBAydJKhnTSeIVB/20jtgLV+0vlx84Xj/vcEnYKjDrclW14P/7j3/9+M9//+9vP/z49/88hvMxWQgn+nDRoH0f2PWZ91Y5p4jKc4X+p1ipuVQRibV2Lo2jRtLn4Hpuqd64PlthdoCKu0HKaiyfHuPU37RqD78vmof2u0gTSLWWhMo0IyJ1QJzjliivTSJTk3PhnpbfH/JV1Roeg1kK1cAnp5Vh8jitFHw7rWyz818zscTT1FLvcpKCYkQIlRLH04TknGUyN4k1Sj6fsDWUiZ9FLLFeWW1iO6j3Fe8XryaWPfLGYIDcX+5DDPTjaSVme+U+xHwXRSJi6BERGotRuaveH9NKxu6glfoWs2t7bAGTfWB6QHeZWxR3EXG3Oj6KVIKexXQsYBsXbmyES8AAl1Q7PGnGuOzQk0NKCfQAl7mfHjFDXDyG+6muAGK3vYaEEgwjrGNl7gamsIIfGMzuDLCf4MghodQRqBuDKXY/rlGA8djAp+F6AD6JSa65+mQ6qZt+H5uEb4lQYsgmKWGpoVtsEtNCsp1sEmecPQCb9MjP/p1kEnyITLLqOZFJ1KcqyRNNEsmw3OUKv5LUEXS88gILoSx/YuXOw+YPmj4lMknIMTXzSTQQXta7aCAhx3u6gwbiMd+tbUxgDWgwfMieBZlkqfPWeE8cYHkpMoNHTGDGDiBUuGKx/ymk6N/9H2u9LFW1IAAA","sendType":2,"vin":"LFV01LYTESTVLN030"}
03-17 18:53:28.703  1627  9198 I okhttp.OkHttpClient: --> END POST (2299-byte body)
03-17 18:53:28.706   642   685 I mcuc    : sd Uart data : 6AA6020556000292020D
03-17 18:53:28.712   642   685 I mcuc    : rev uart=1437,len=15, data : 6AA681055600079202000100000088
03-17 18:53:28.712   400   400 D adayocomadapter-ParseProtocolFunc: printRaWMsg Name[MCUToUPstream recv] len[7] data[92020001000000]
03-17 18:53:28.712   400   400 D adayocomadapter-CommunicationManager: onUpstreamback   member[0] dataLength[4] timePoint[142659]
03-17 18:53:28.712   400   400 D adayocomadapter-ParseProtocolFunc: printRaWMsg Name[onUpstreamback] len[4] data[01000000]
03-17 18:53:28.712   400   452 D adayocomadapter-UpstreamHandler: processBeforePacket upSreamtProcessTimePoint[142659] 
03-17 18:53:28.712   400   452 D adayocomadapter-UpstreamHandler: processPacket UPSTREAM_QUEUE_DATA_TIMEOUT
03-17 18:53:28.712   400   452 D adayocomadapter-ParseProtocolFunc: parseCommonIPCLBytes Processing tableNumber[1]
03-17 18:53:28.712   400   452 D adayocomadapter-ParseProtocolFunc: parseCommonIPCLBytes Processing tablename[Table-1] tableSize[4]
03-17 18:53:28.712   400   452 D adayocomadapter-ParseProtocolFunc: printRaWMsg Name[byteStream recv] len[4] data[01000000]
03-17 18:53:28.712   400   452 D adayocomadapter-ParseProtocolFunc: printRaWMsg Name[IPCLtoVHAL] len[8] data[2140204800000000]
03-17 18:53:28.712   400   452 D adayocomadapter-CommunicationManager: onUpstreamReceive isLoss 0 mPropertyId 0x21402048
03-17 18:53:28.712   400   452 D adayocomadapter-CommunicationManager: convertBytesToInt32Memcpy  0
03-17 18:53:28.712   400   452 D vw-vhal : notifyVehicleProperty, propId = 0x21402048, data = {status: 2, int32Values: [0]}
03-17 18:53:28.712   400   452 I DefaultVehicleHal_v2_0: DefaultVehicleHal::onPropertyValue, value:{.timestamp = 142660233348, .areaId = 0, .prop = 557850696, .status = AVAILABLE, .value = {.int32Values = [1]{0}, .floatValues = [0]{}, .int64Values = [0]{}, .bytes = [0]{}, .stringValue = ""}}
03-17 18:53:28.712   400   452 D adayocomadapter-CommunicationManager: onUpstreamReceive mPropertyId 0x21402048
03-17 18:53:28.717  1627  9198 D okhttp.Http2: >> 0x0000001f   146 HEADERS       END_HEADERS
03-17 18:53:28.719  1627  9198 D okhttp.Http2: >> 0x0000001f  2299 DATA          END_STREAM
03-17 18:53:28.720  2383  2600 D AdayoDoipServer294_Doip: [ne_doip_event_loop_dispatch][line:141] : count = 0
03-17 18:53:28.735   582  3616 E WifiHAL : Invalid data received from driver
03-17 18:53:28.770  6654  6700 D TimerTriggerManager: init instance...
03-17 18:53:28.770  6654  6700 D TimerTriggerManager: Timer thread'TimerTriggerManager' is destroyed: false
03-17 18:53:28.770  6654  6700 D TimerTriggerManager: Timer 'onIndcnVehSpdChanged' is running: true
03-17 18:53:28.770  6654  6700 D TimerTriggerManager: Sending reset signal to timer 'onIndcnVehSpdChanged'
03-17 18:53:28.770  6654  6700 D TimerTriggerManager: Reset signal sent to timer 'onIndcnVehSpdChanged'
03-17 18:53:28.770  6654  6707 D TimerTriggerController: Reset method called for timer: onIndcnVehSpdChanged
03-17 18:53:28.770  6654  6707 D TimerTriggerController: Calling onTimerReset for timer: onIndcnVehSpdChanged
03-17 18:53:28.770  6654  6707 D TimerTriggerManager: Timer reset: onIndcnVehSpdChanged
03-17 18:53:28.771  6654  6707 I TimerTriggerController: Timer [onIndcnVehSpdChanged] reset, remaining: 1000ms, reset count: 946
03-17 18:53:28.771  6654  6700 D TimerTriggerManager: init instance...
03-17 18:53:28.771  6654  6700 D TimerTriggerManager: Timer thread'TimerTriggerManager' is destroyed: false
03-17 18:53:28.771  6654  6700 D TimerTriggerManager: Timer 'onMntnWarnReqChanged' is running: true
03-17 18:53:28.771  6654  6700 D TimerTriggerManager: Sending reset signal to timer 'onMntnWarnReqChanged'
03-17 18:53:28.771  6654  6700 D TimerTriggerManager: Reset signal sent to timer 'onMntnWarnReqChanged'
03-17 18:53:28.771  6654  6707 D TimerTriggerController: Reset method called for timer: onMntnWarnReqChanged
03-17 18:53:28.771  6654  6707 D TimerTriggerController: Calling onTimerReset for timer: onMntnWarnReqChanged
03-17 18:53:28.771  6654  6707 D TimerTriggerManager: Timer reset: onMntnWarnReqChanged
03-17 18:53:28.771  6654  6707 I TimerTriggerController: Timer [onMntnWarnReqChanged] reset, remaining: 5000ms, reset count: 473
03-17 18:53:28.801  1627  8681 I okhttp.OkHttpClient: --> POST https://api-c-data-uat.mosc.faw-vw.com/j01/hu/data-collection/trace-service/vehicle-trace/v2/upload?requestId=ba3cda7f-3700-4b51-bcb7-2b45a183e935&signt=1773744808792&appkey=HiVQY27x&sign=ed52c70d5b0141d67115aaea117afcf6
03-17 18:53:28.801  1627  8681 I okhttp.OkHttpClient: Content-Type: application/json; charset=UTF-8
03-17 18:53:28.802  1627  8681 I okhttp.OkHttpClient: Content-Length: 2527
03-17 18:53:28.802  1627  8681 I okhttp.OkHttpClient: Accept-Language: zh_CN
03-17 18:53:28.802  1627  8681 I okhttp.OkHttpClient: Did: JETTA_HU_JBEVJ01_L7X-00101.01.250001A001_v1.0.1_v0.0.1
03-17 18:53:28.802  1627  8681 I okhttp.OkHttpClient: Authorization: Bearer
03-17 18:53:28.802  1627  8681 I okhttp.OkHttpClient: X-FTB3-VIN: LFV01LYTESTVLN030
03-17 18:53:28.803  1627  8681 I okhttp.OkHttpClient: brandId: JETTA
03-17 18:53:28.804  1627  8681 I okhttp.OkHttpClient: {"compress":"GZIP","content":"H4sIAAAAAAAAAO1YbW8ctxH+K4cD+u245tsuSX2TVAeRKyWCdVJbRIHAJbnS1ne719092aohIGiBpq5dp3ULFCiSD0pdtEljoC1QIEWd9s/0pPhT/kKHuyfrXuw4aCJBiQtIdzdDcubhzENyyDdut/VgsGLbC+3VNBveWjQmH2ZVu+PVW64o0zyDtmuYdPMlFAY4kIgIzgiimEaYEUY4Vb574TR0hF9xoTNv79rVbncRZJNWB02LyXs9Z6pu2nftBSIE46GijERYdtpWVzAe0DQAakTY290tnOu7rFo0VYPlqQZay7385nWny7rh+N0PTx796+STv/lhjZnreQ9ctT2MstLVsAShHBrjyrJ9CE7dfmrcylO0O69u7lxburoF091ZFd9DGBNMAvijIYbfi/C/sw+KAL6w/2qf2ugeDLyjVzdB4/bdeAI2LU1Pw3SLDQDqm25V3x5P1BbpfprtLh+YnrN178QRQyCqKI6YQJwohaQiEkkTGkcFjjV1HnVPZ7tDvev9/WgPjPbL3Xq8sgmTKtZIxzFGHCuKFNMOycSFYYSpo1xD99wHYTGzRZ7aWoQ0g2YpxBLEQZH/AHLUxASTRgNAjWtyWLrMNpOlnXblMj2e6trrGyvQPExPEwdjPKle2cJk9fvdqxvdrdXXMMMwgTPKbRyUletvrszSDUL8pSgFzMRnlDLDooCMdPPBehO146N7T957/7PHPxv98s+jhx8c/+U3owf3jn/7h9H9n372+A5YzXS/ps36+urKRtfPOh8WdQRMLzU3QFE1+ba5ubFUZcu19iIINenvnOkUJsRaRTCKpSOIKyaBWFEMdNIGGyFJxNxlpNNKluTPINSXpRR8n1Fq5fWNqoBww4jb2zUZttsLre12SzeB2ElzkDrbsNnE3bPWm0VauZ1CV65pHTNzS/eG4y4kkLRuqvYKB7tbz040tgheW7pSji3DftaoYQO031kalAt+cMv36HzXO6p1OIh4o2ulOciCBhi3KphceaU8vAjOPp3J5qCXa3vutGVRZGIsEdYqRDwOLdLGCUS04NJaKxWLXx7aMiLFGW0Xe73aTc3a5cHQ8+cN+GnyAgjgJUQ6wKjNEgLrRWCP8oph6Qov0yhQ1CsySLdXhAEXXi7rOXgNo4HkXpXaXt2FAXNqq2l+U6dVY5bhWlP80ItkbLTMk+qpijGI0SQ0PItMTCIjKpBsEpkMIjqDjAdcTiGjgYhmkeFpZGIWGQ1CNYNsLmZkKmYsiOQkMhaEZBoZlYEKp5CpcVwnkUk5jSyci5kIZ5DRGWRiKmZUBERNZ5NG08g4JI9NIqOQ3rlszsbsCyBjszGTk8gYDhSZjlnEZ7J52mWCZ5K+AJmczaY3MoOMfy4yyCan0zwjZI5n0zEDZCF7ETI8jwzPIAtnsznFMybGxJuI2czahISHdCqbKmCfvwLw/Nr0qsPOm51nn3x913/W0QfqnaGH/ryTDwIdCQaFm3j++UfhAoK/NXv+1RFZOBvfWXP9bl7p3gJIXBK65jWvwK1hgUAzJlGtWNzXaU/HPdAqJTjHa51lbfachd1TUR7Jtc7GTT1oLFGOiaK4UdWmKFNQHPG17fbhcyLxNakBPHq4qNwAQ7c9mxp6Cb+Lb7cTmOrGAA7QtSVQQlBg8QMwH5MzNZyZkTj8JhYTSSxVpJlBcQIlBMcJgRo40UhonTCniJGheImKCcrZWTGxXuT+Hn1WUAxSv0sBfyMeNdTu216auVpp8n6grT7IA63zwU6TY9i59uvNyneuy5HtNg9ILcOGkRcHjUEWYgXex0vt1I9khM75KfdeZG3eCp+zMihbaLGF8hb06gzAWEcXu6BDZV5U20OMmUWD2seELxrQF/sK53ztwdJtoaxFyBewdhFrrJ9naZUX4/ye9xITUKuTGJaYiiKJuJUcqThSICrrBGGKEXW5ltiqHmZwThRf9asFj7iaeLXQhX2teYfYuD565+ejh78bffjgP5/8+vjBo+P7fxz94ujkztuTTxPHd++MHr9FrrDRX9+5EJqkWbo4GCwDzot43WIRD2MlLFJOEsRNEiMZc4NCR2PrwtgyY14WnkDh+3+ePIcnkIXQJJgiLhV8hCpESlCHIhO7MIH7cIIv2ZENkYH4fNUsCUM6wZKqSOsM+Py/+9HxR0efHt07+dNdn4zMFbsH47ZP//0rMXr4gX/gTAu3DrVWOSzcaeNP7o/u3z1+9PvRxx9PEurJ0d+fvPf+yY//MXr7nxdCqIPa7NWsqtfWubLJxEJD1RsjQ8IEcZdgKAXhA/YcrCPrlDP8ZWCT5Gri+dMO4f4ChptOVAkR4AtM/K20Ou+8E6NsCP2Q4VYhLkKMpNUWiSTGoYJbkHSX7LQ5z8JfhVJdwOM3DgT/ny++fvD8xVeQqYtv9A1//I5IaLGyEVxVI+c/4L7K4Sy0QtjEcR05jS8Bbd/8L7AptRF3HgAA","sendType":2,"vin":"LFV01LYTESTVLN030"}
03-17 18:53:28.804  1627  8681 I okhttp.OkHttpClient: --> END POST (2527-byte body)
03-17 18:53:28.805  1627  8902 D okhttp.Http2: << 0x0000001f    44 HEADERS       END_HEADERS
03-17 18:53:28.806   582  3616 E WifiHAL : Invalid data received from driver
01-01 08:02:23.957   709   709 I [schedu][0x8824247][10:53:28.806830] qcn7605: [709:I:PE] lim_process_action_frame_no_session: Unhandled action frame without session: 7f
03-17 18:53:28.809  1627  8902 D okhttp.Http2: << 0x0000001f   229 DATA          END_STREAM
03-17 18:53:28.810   903  1180 D NetworkPolicy: Blocked state of 10051: {blocked=NONE,allowed=FOREGROUND|TOP|METERED_FOREGROUND,effective=NONE}
03-17 18:53:28.811  1627  8902 D okhttp.Http2: << 0x0000001f     4 WINDOW_UPDATE 
03-17 18:53:28.812  1627  9198 I okhttp.OkHttpClient: <-- 400 https://api-c-data-uat.mosc.faw-vw.com/j01/hu/data-collection/trace-service/vehicle-trace/v2/upload?requestId=6608ecd0-1fef-4ecf-82b7-dc0a7f018b27&signt=1773744808691&appkey=HiVQY27x&sign=6aea32f617f48889559cf98713895753 (108ms)
03-17 18:53:28.812  1627  9198 I okhttp.OkHttpClient: server: stgw
03-17 18:53:28.812  1627  9198 I okhttp.OkHttpClient: date: Tue, 17 Mar 2026 10:53:28 GMT
03-17 18:53:28.813  1627  9198 I okhttp.OkHttpClient: content-type: text/html
03-17 18:53:28.813  1627  9198 I okhttp.OkHttpClient: content-length: 229
03-17 18:53:28.815  1627  9198 I okhttp.OkHttpClient: <html>
03-17 18:53:28.815  1627  9198 I okhttp.OkHttpClient: <head><title>400 No required SSL certificate was sent</title></head>
03-17 18:53:28.815  1627  9198 I okhttp.OkHttpClient: <body>
03-17 18:53:28.815  1627  9198 I okhttp.OkHttpClient: <center><h1>400 Bad Request</h1></center>
03-17 18:53:28.815  1627  9198 I okhttp.OkHttpClient: <center>No required SSL certificate was sent</center>
03-17 18:53:28.815  1627  9198 I okhttp.OkHttpClient: <hr><center>stgw</center>
03-17 18:53:28.815  1627  9198 I okhttp.OkHttpClient: </body>
03-17 18:53:28.815  1627  9198 I okhttp.OkHttpClient: </html>
03-17 18:53:28.815  1627  9198 I okhttp.OkHttpClient: <-- END HTTP (229-byte body)
03-17 18:53:28.819  1627  8681 D okhttp.Http2: >> 0x00000021   145 HEADERS       END_HEADERS
03-17 18:53:28.820  2383  2600 D AdayoDoipServer294_Doip: [ne_doip_event_loop_dispatch][line:141] : count = 0
03-17 18:53:28.821  1627  8681 D okhttp.Http2: >> 0x00000021  2527 DATA          END_STREAM
03-17 18:53:28.868   582  3616 E WifiHAL : Invalid data received from driver
03-17 18:53:28.871  6654  6700 D TimerTriggerManager: init instance...
03-17 18:53:28.871  6654  6700 D TimerTriggerManager: Timer thread'TimerTriggerManager' is destroyed: false
03-17 18:53:28.871  6654  6700 D TimerTriggerManager: Timer 'onIndcnVehSpdChanged' is running: true
03-17 18:53:28.871  6654  6700 D TimerTriggerManager: Sending reset signal to timer 'onIndcnVehSpdChanged'
03-17 18:53:28.871  6654  6700 D TimerTriggerManager: Reset signal sent to timer 'onIndcnVehSpdChanged'
03-17 18:53:28.871  6654  6707 D TimerTriggerController: Reset method called for timer: onIndcnVehSpdChanged
03-17 18:53:28.871  6654  6707 D TimerTriggerController: Calling onTimerReset for timer: onIndcnVehSpdChanged
03-17 18:53:28.871  6654  6707 D TimerTriggerManager: Timer reset: onIndcnVehSpdChanged
03-17 18:53:28.871  6654  6707 I TimerTriggerController: Timer [onIndcnVehSpdChanged] reset, remaining: 1000ms, reset count: 947
03-17 18:53:28.885   582  3616 E WifiHAL : Invalid data received from driver
03-17 18:53:28.886   582  3616 E WifiHAL : Invalid data received from driver
03-17 18:53:28.886   582  3616 E WifiHAL : Invalid data received from driver
03-17 18:53:28.886   582  3616 E WifiHAL : Invalid data received from driver
03-17 18:53:28.886   582  3616 E WifiHAL : Invalid data received from driver
03-17 18:53:28.886   582  3616 E WifiHAL : Invalid data received from driver
03-17 18:53:28.886   582  3616 E WifiHAL : Invalid data received from driver
03-17 18:53:28.890   806   806 I adbd    : AdaTest:transport UsbFfs opening service shell,v2:getprop
03-17 18:53:28.890   806   806 I adbd    : AdaTest:adb.password.Enable is true
03-17 18:53:28.890   806   806 I adbd    : AdaTest:will enter ShellService
03-17 18:53:28.890   806   806 I adbd    : AdaTest:enter ShellService
03-17 18:53:28.890   806   806 I adbd    : AdaTest:adb.password.Enable is Enable
03-17 18:53:28.890   806   806 I adbd    : AdaTest:return unique_fd{}
03-17 18:53:28.890   806   806 I adbd    : auth_fd.get() == -1
03-17 18:53:28.906   806   806 I adbd    : AdaTest:transport UsbFfs opening service shell,v2:getprop
03-17 18:53:28.906   806   806 I adbd    : AdaTest:adb.password.Enable is true
03-17 18:53:28.906   806   806 I adbd    : AdaTest:will enter ShellService
03-17 18:53:28.906   806   806 I adbd    : AdaTest:enter ShellService
03-17 18:53:28.906   806   806 I adbd    : AdaTest:adb.password.Enable is Enable
03-17 18:53:28.906   806   806 I adbd    : AdaTest:return unique_fd{}
03-17 18:53:28.906   806   806 I adbd    : auth_fd.get() == -1
03-17 18:53:28.907  1627  8902 D okhttp.Http2: << 0x00000021    44 HEADERS       END_HEADERS
03-17 18:53:28.911  1627  8902 D okhttp.Http2: << 0x00000021   229 DATA          END_STREAM
03-17 18:53:28.912   903  1180 D NetworkPolicy: Blocked state of 10051: {blocked=NONE,allowed=FOREGROUND|TOP|METERED_FOREGROUND,effective=NONE}
03-17 18:53:28.914  1627  8902 D okhttp.Http2: << 0x00000021     4 WINDOW_UPDATE 
03-17 18:53:28.914  1627  8681 I okhttp.OkHttpClient: <-- 400 https://api-c-data-uat.mosc.faw-vw.com/j01/hu/data-collection/trace-service/vehicle-trace/v2/upload?requestId=ba3cda7f-3700-4b51-bcb7-2b45a183e935&signt=1773744808792&appkey=HiVQY27x&sign=ed52c70d5b0141d67115aaea117afcf6 (109ms)
03-17 18:53:28.915  1627  8681 I okhttp.OkHttpClient: server: stgw
03-17 18:53:28.915  1627  8681 I okhttp.OkHttpClient: date: Tue, 17 Mar 2026 10:53:28 GMT
03-17 18:53:28.915  1627  8681 I okhttp.OkHttpClient: content-type: text/html
03-17 18:53:28.915  1627  8681 I okhttp.OkHttpClient: content-length: 229
03-17 18:53:28.917  1627  8681 I okhttp.OkHttpClient: <html>
03-17 18:53:28.917  1627  8681 I okhttp.OkHttpClient: <head><title>400 No required SSL certificate was sent</title></head>
03-17 18:53:28.917  1627  8681 I okhttp.OkHttpClient: <body>
03-17 18:53:28.917  1627  8681 I okhttp.OkHttpClient: <center><h1>400 Bad Request</h1></center>
03-17 18:53:28.917  1627  8681 I okhttp.OkHttpClient: <center>No required SSL certificate was sent</center>
03-17 18:53:28.917  1627  8681 I okhttp.OkHttpClient: <hr><center>stgw</center>
03-17 18:53:28.917  1627  8681 I okhttp.OkHttpClient: </body>
03-17 18:53:28.917  1627  8681 I okhttp.OkHttpClient: </html>
03-17 18:53:28.917  1627  8681 I okhttp.OkHttpClient: <-- END HTTP (229-byte body)
03-17 18:53:28.919  1627  8681 D okhttp.TaskRunner: Q10001 scheduled after   0 µs: OkHttp ConnectionPool
03-17 18:53:28.920  1627  8903 D okhttp.TaskRunner: Q10001 starting              : OkHttp ConnectionPool
03-17 18:53:28.920  2383  2600 D AdayoDoipServer294_Doip: [ne_doip_event_loop_dispatch][line:141] : count = 0
03-17 18:53:28.921   806   806 I adbd    : AdaTest:transport UsbFfs opening service shell,v2:getprop
03-17 18:53:28.921   806   806 I adbd    : AdaTest:adb.password.Enable is true
03-17 18:53:28.921   806   806 I adbd    : AdaTest:will enter ShellService
03-17 18:53:28.921   582  3616 E WifiHAL : Invalid data received from driver
03-17 18:53:28.921   806   806 I adbd    : AdaTest:enter ShellService
03-17 18:53:28.921   806   806 I adbd    : AdaTest:adb.password.Enable is Enable
03-17 18:53:28.921   806   806 I adbd    : AdaTest:return unique_fd{}
03-17 18:53:28.921   806   806 I adbd    : auth_fd.get() == -1
03-17 18:53:28.921  1627  8903 D okhttp.TaskRunner: Q10001 run again after 300 s : OkHttp ConnectionPool
03-17 18:53:28.922  1627  8903 D okhttp.TaskRunner: Q10001 finished run in   2 ms: OkHttp ConnectionPool
03-17 18:53:28.937   642   685 I mcuc    : sd Uart data : 6AA6020557000292020C
03-17 18:53:28.942   642   685 I mcuc    : rev uart=1438,len=21, data : 6AA6810557000D9202000800000000000000000179
03-17 18:53:28.943   400   400 D adayocomadapter-ParseProtocolFunc: printRaWMsg Name[MCUToUPstream recv] len[13] data[92020008000000000000000001]
03-17 18:53:28.943   400   400 D adayocomadapter-CommunicationManager: onUpstreamback   member[0] dataLength[10] timePoint[142890]
03-17 18:53:28.943   400   400 D adayocomadapter-ParseProtocolFunc: printRaWMsg Name[onUpstreamback] len[10] data[08000000000000000001]
03-17 18:53:28.943   400   452 D adayocomadapter-UpstreamHandler: processBeforePacket upSreamtProcessTimePoint[142890] 
03-17 18:53:28.943   400   452 D adayocomadapter-UpstreamHandler: processPacket UPSTREAM_QUEUE_DATA_TIMEOUT
03-17 18:53:28.943   400   452 D adayocomadapter-ParseProtocolFunc: parseCommonIPCLBytes Processing tableNumber[8]
03-17 18:53:28.943   400   452 D adayocomadapter-ParseProtocolFunc: parseCommonIPCLBytes Processing tablename[Table-8] tableSize[10]
03-17 18:53:28.943   400   452 D adayocomadapter-ParseProtocolFunc: printRaWMsg Name[byteStream recv] len[10] data[08000000000000000001]
03-17 18:53:28.943   400   452 D adayocomadapter-ParseProtocolFunc: printRaWMsg Name[IPCLtoVHAL] len[8] data[2141208F01010000]
03-17 18:53:28.943   400   452 D adayocomadapter-ParseProtocolFunc: printRaWMsg Name[IPCLtoVHAL] len[8] data[2141209001010000]
03-17 18:53:28.943   400   452 D adayocomadapter-ParseProtocolFunc: printRaWMsg Name[IPCLtoVHAL] len[8] data[2141209101010000]
03-17 18:53:28.943   400   452 D adayocomadapter-ParseProtocolFunc: printRaWMsg Name[IPCLtoVHAL] len[8] data[2141209201010000]
03-17 18:53:28.943   400   452 D adayocomadapter-CommunicationManager: onUpstreamReceive isLoss 1 mPropertyId 0x2141208f
03-17 18:53:28.943   400   452 D vw-vhal : notifyVehicleProperty, propId = 0x2141208f, data = {status: 3, int32Values: [0, 0]}
03-17 18:53:28.943   400   452 I DefaultVehicleHal_v2_0: DefaultVehicleHal::onPropertyValue, value:{.timestamp = 142891010015, .areaId = 0, .prop = 557916303, .status = UNAVAILABLE, .value = {.int32Values = [2]{0, 0}, .floatValues = [0]{}, .int64Values = [0]{}, .bytes = [0]{}, .stringValue = ""}}
03-17 18:53:28.943   400   452 D adayocomadapter-CommunicationManager: onUpstreamReceive mPropertyId 0x2141208f
03-17 18:53:28.943   400   452 D adayocomadapter-CommunicationManager: onUpstreamReceive isLoss 1 mPropertyId 0x21412090
03-17 18:53:28.943   400   452 D vw-vhal : notifyVehicleProperty, propId = 0x21412090, data = {status: 3, int32Values: [0, 0]}
03-17 18:53:28.943   400   452 I DefaultVehicleHal_v2_0: DefaultVehicleHal::onPropertyValue, value:{.timestamp = 142891145348, .areaId = 0, .prop = 557916304, .status = UNAVAILABLE, .value = {.int32Values = [2]{0, 0}, .floatValues = [0]{}, .int64Values = [0]{}, .bytes = [0]{}, .stringValue = ""}}
03-17 18:53:28.943   400   452 D adayocomadapter-CommunicationManager: onUpstreamReceive mPropertyId 0x21412090
03-17 18:53:28.943   400   452 D adayocomadapter-CommunicationManager: onUpstreamReceive isLoss 1 mPropertyId 0x21412091
03-17 18:53:28.943   400   452 D vw-vhal : notifyVehicleProperty, propId = 0x21412091, data = {status: 3, int32Values: [0, 0]}
03-17 18:53:28.943   400   452 I DefaultVehicleHal_v2_0: DefaultVehicleHal::onPropertyValue, value:{.timestamp = 142891240348, .areaId = 0, .prop = 557916305, .status = UNAVAILABLE, .value = {.int32Values = [2]{0, 0}, .floatValues = [0]{}, .int64Values = [0]{}, .bytes = [0]{}, .stringValue = ""}}
03-17 18:53:28.943   400   452 D adayocomadapter-CommunicationManager: onUpstreamReceive mPropertyId 0x21412091
03-17 18:53:28.943   400   452 D adayocomadapter-CommunicationManager: onUpstreamReceive isLoss 1 mPropertyId 0x21412092
03-17 18:53:28.943   400   452 D vw-vhal : notifyVehicleProperty, propId = 0x21412092, data = {status: 3, int32Values: [0, 0]}
03-17 18:53:28.943   400   452 I DefaultVehicleHal_v2_0: DefaultVehicleHal::onPropertyValue, value:{.timestamp = 142891338015, .areaId = 0, .prop = 557916306, .status = UNAVAILABLE, .value = {.int32Values = [2]{0, 0}, .floatValues = [0]{}, .int64Values = [0]{}, .bytes = [0]{}, .stringValue = ""}}
03-17 18:53:28.943   400   452 D adayocomadapter-CommunicationManager: onUpstreamReceive mPropertyId 0x21412092
03-17 18:53:28.952   806   806 I adbd    : AdaTest:transport UsbFfs opening service shell,v2:getprop
03-17 18:53:28.952   806   806 I adbd    : AdaTest:adb.password.Enable is true
03-17 18:53:28.952   806   806 I adbd    : AdaTest:will enter ShellService
03-17 18:53:28.952   806   806 I adbd    : AdaTest:enter ShellService
03-17 18:53:28.952   806   806 I adbd    : AdaTest:adb.password.Enable is Enable
03-17 18:53:28.952   806   806 I adbd    : AdaTest:return unique_fd{}
03-17 18:53:28.952   806   806 I adbd    : auth_fd.get() == -1
03-17 18:53:28.953   806   806 I adbd    : AdaTest:transport UsbFfs opening service shell,v2:getprop
03-17 18:53:28.953   806   806 I adbd    : AdaTest:adb.password.Enable is true
03-17 18:53:28.953   806   806 I adbd    : AdaTest:will enter ShellService
03-17 18:53:28.953   806   806 I adbd    : AdaTest:enter ShellService
03-17 18:53:28.953   806   806 I adbd    : AdaTest:adb.password.Enable is Enable
03-17 18:53:28.953   806   806 I adbd    : AdaTest:return unique_fd{}
03-17 18:53:28.953   806   806 I adbd    : auth_fd.get() == -1
03-17 18:53:28.955  2336  2614 D SOAServiceManager: === Periodic Register Callback Values ===
03-17 18:53:28.955  2336  2614 D SOAServiceManager: No register callback values to display
03-17 18:53:28.955  2336  2614 D SOAServiceManager: =========================================
03-17 18:53:28.974  6654  6700 D TimerTriggerManager: init instance...
03-17 18:53:28.974  6654  6700 D TimerTriggerManager: Timer thread'TimerTriggerManager' is destroyed: false
03-17 18:53:28.974  6654  6700 D TimerTriggerManager: Timer 'onIndcnVehSpdChanged' is running: true
03-17 18:53:28.974  6654  6700 D TimerTriggerManager: Sending reset signal to timer 'onIndcnVehSpdChanged'
03-17 18:53:28.974  6654  6700 D TimerTriggerManager: Reset signal sent to timer 'onIndcnVehSpdChanged'
03-17 18:53:28.974  6654  6707 D TimerTriggerController: Reset method called for timer: onIndcnVehSpdChanged
03-17 18:53:28.974  6654  6707 D TimerTriggerController: Calling onTimerReset for timer: onIndcnVehSpdChanged
03-17 18:53:28.974  6654  6707 D TimerTriggerManager: Timer reset: onIndcnVehSpdChanged
03-17 18:53:28.974  6654  6707 I TimerTriggerController: Timer [onIndcnVehSpdChanged] reset, remaining: 1000ms, reset count: 948
03-17 18:53:28.975  6654  6700 D TimerTriggerManager: init instance...
03-17 18:53:28.975  6654  6700 D TimerTriggerManager: Timer thread'TimerTriggerManager' is destroyed: false
03-17 18:53:28.975  6654  6700 D TimerTriggerManager: Timer 'onMntnWarnReqChanged' is running: true
03-17 18:53:28.975  6654  6700 D TimerTriggerManager: Sending reset signal to timer 'onMntnWarnReqChanged'
03-17 18:53:28.975  6654  6700 D TimerTriggerManager: Reset signal sent to timer 'onMntnWarnReqChanged'
03-17 18:53:28.975  6654  6707 D TimerTriggerController: Reset method called for timer: onMntnWarnReqChanged
03-17 18:53:28.975  6654  6707 D TimerTriggerController: Calling onTimerReset for timer: onMntnWarnReqChanged
03-17 18:53:28.975  6654  6707 D TimerTriggerManager: Timer reset: onMntnWarnReqChanged
03-17 18:53:28.975  6654  6707 I TimerTriggerController: Timer [onMntnWarnReqChanged] reset, remaining: 5000ms, reset count: 474
03-17 18:53:28.998   582  3616 E WifiHAL : Invalid data received from driver
03-17 18:53:29.020  2383  2600 D AdayoDoipServer294_Doip: [ne_doip_event_loop_dispatch][line:141] : count = 0
03-17 18:53:29.029  2705  3422 E NetProxyJNI: getNetworkTraffic up: 331,down:50
03-17 18:53:29.029  2705  3422 I TboxServiceManager: 上下行类型变化 type:3
03-17 18:53:29.029  2705  3422 I TboxServiceStatusMonitor: onNetworkTrafficChange type: 3
03-17 18:53:29.031  1566  3186 D TboxNetworkManager: tboxNetworkbinder=null
03-17 18:53:29.057   642   685 I mcuc    : sd Uart data : 6AA6020558000292020B
03-17 18:53:29.062   642   685 I mcuc    : rev uart=1439,len=18, data : 6AA6810558000A9202000300000000000180
03-17 18:53:29.062   400   400 D adayocomadapter-ParseProtocolFunc: printRaWMsg Name[MCUToUPstream recv] len[10] data[92020003000000000001]
03-17 18:53:29.062   400   400 D adayocomadapter-CommunicationManager: onUpstreamback   member[0] dataLength[7] timePoint[143010]
03-17 18:53:29.062   400   400 D adayocomadapter-ParseProtocolFunc: printRaWMsg Name[onUpstreamback] len[7] data[03000000000001]
03-17 18:53:29.062   400   452 D adayocomadapter-UpstreamHandler: processBeforePacket upSreamtProcessTimePoint[143010] 
03-17 18:53:29.062   400   452 D adayocomadapter-UpstreamHandler: processPacket UPSTREAM_QUEUE_DATA_TIMEOUT
03-17 18:53:29.062   400   452 D adayocomadapter-ParseProtocolFunc: parseCommonIPCLBytes Processing tableNumber[3]
03-17 18:53:29.062   400   452 D adayocomadapter-ParseProtocolFunc: parseCommonIPCLBytes Processing tablename[Table-3] tableSize[7]
03-17 18:53:29.062   400   452 D adayocomadapter-ParseProtocolFunc: printRaWMsg Name[byteStream recv] len[7] data[03000000000001]
03-17 18:53:29.062   400   452 D adayocomadapter-ParseProtocolFunc: printRaWMsg Name[IPCLtoVHAL] len[9] data[214121380100000000]
03-17 18:53:29.062   400   452 D adayocomadapter-ParseProtocolFunc: printRaWMsg Name[IPCLtoVHAL] len[7] data[214021D6000100]
03-17 18:53:29.062   400   452 D adayocomadapter-CommunicationManager: onUpstreamReceive isLoss 0 mPropertyId 0x21412138
03-17 18:53:29.062   400   452 D vw-vhal : notifyVehicleProperty, propId = 0x21412138, data = {status: 2, int32Values: [0, 0, 0]}
03-17 18:53:29.062   400   452 I DefaultVehicleHal_v2_0: DefaultVehicleHal::onPropertyValue, value:{.timestamp = 143010387682, .areaId = 0, .prop = 557916472, .status = AVAILABLE, .value = {.int32Values = [3]{0, 0, 0}, .floatValues = [0]{}, .int64Values = [0]{}, .bytes = [0]{}, .stringValue = ""}}
03-17 18:53:29.062   400   452 D adayocomadapter-CommunicationManager: onUpstreamReceive mPropertyId 0x21412138
03-17 18:53:29.062   400   452 D adayocomadapter-CommunicationManager: onUpstreamReceive isLoss 1 mPropertyId 0x214021d6
03-17 18:53:29.062   400   452 D adayocomadapter-CommunicationManager: convertBytesToInt32Memcpy  0
03-17 18:53:29.062   400   452 D vw-vhal : notifyVehicleProperty, propId = 0x214021d6, data = {status: 3, int32Values: [0]}
03-17 18:53:29.062   400   452 I DefaultVehicleHal_v2_0: DefaultVehicleHal::onPropertyValue, value:{.timestamp = 143010526348, .areaId = 0, .prop = 557851094, .status = UNAVAILABLE, .value = {.int32Values = [1]{0}, .floatValues = [0]{}, .int64Values = [0]{}, .bytes = [0]{}, .stringValue = ""}}
03-17 18:53:29.063   400   452 D adayocomadapter-CommunicationManager: onUpstreamReceive mPropertyId 0x214021d6
03-17 18:53:29.070  6654  6700 D TimerTriggerManager: init instance...
03-17 18:53:29.070  6654  6700 D TimerTriggerManager: Timer thread'TimerTriggerManager' is destroyed: false
03-17 18:53:29.071  6654  6700 D TimerTriggerManager: Timer 'onIndcnVehSpdChanged' is running: true
03-17 18:53:29.071  6654  6700 D TimerTriggerManager: Sending reset signal to timer 'onIndcnVehSpdChanged'
03-17 18:53:29.071  6654  6700 D TimerTriggerManager: Reset signal sent to timer 'onIndcnVehSpdChanged'
03-17 18:53:29.071  6654  6707 D TimerTriggerController: Reset method called for timer: onIndcnVehSpdChanged
03-17 18:53:29.071  6654  6707 D TimerTriggerController: Calling onTimerReset for timer: onIndcnVehSpdChanged
03-17 18:53:29.071  6654  6707 D TimerTriggerManager: Timer reset: onIndcnVehSpdChanged
03-17 18:53:29.071  6654  6707 I TimerTriggerController: Timer [onIndcnVehSpdChanged] reset, remaining: 1000ms, reset count: 949
03-17 18:53:29.072   582  3616 E WifiHAL : Invalid data received from driver
03-17 18:53:29.121  2383  2600 D AdayoDoipServer294_Doip: [ne_doip_event_loop_dispatch][line:141] : count = 0
03-17 18:53:29.123  1513  8570 D IpReachabilityMonitor: neighbour IPv4(v6): /fd18:fd32:4514::1 neighbour state: NUD_REACHABLE
03-17 18:53:29.123  1513  8570 D IpReachabilityMonitor: neighbour IPv4(v6): /192.168.10.1 neighbour state: NUD_REACHABLE
03-17 18:53:29.123  1513  8570 D IpReachabilityMonitor: neighbour IPv4(v6): /fe80::82af:caff:feb5:6c60 neighbour state: NUD_REACHABLE
03-17 18:53:29.124   580   630 I netd    : setProcSysNet(4, 2, wlan0, retrans_time_ms, 750) <0.11ms>
03-17 18:53:29.124   580   630 I netd    : setProcSysNet(4, 2, wlan0, ucast_solicit, 10) <0.09ms>
03-17 18:53:29.124   580   630 I netd    : setProcSysNet(6, 2, wlan0, retrans_time_ms, 750) <0.09ms>
03-17 18:53:29.124   580   630 I netd    : setProcSysNet(6, 2, wlan0, ucast_solicit, 10) <0.04ms>
03-17 18:53:29.149   582  3616 E WifiHAL : Invalid data received from driver
03-17 18:53:29.168  2106  2650 D SOAServiceManager: === Periodic Register Callback Values ===
03-17 18:53:29.168  2106  2650 D SOAServiceManager: No register callback values to display
03-17 18:53:29.168  2106  2650 D SOAServiceManager: =========================================
03-17 18:53:29.170   903  2504 E TaskPersister: File error accessing recents directory (directory doesn't exist?).
03-17 18:53:29.171  6654  6700 D TimerTriggerManager: init instance...
03-17 18:53:29.171  6654  6700 D TimerTriggerManager: Timer thread'TimerTriggerManager' is destroyed: false
03-17 18:53:29.171  6654  6700 D TimerTriggerManager: Timer 'onIndcnVehSpdChanged' is running: true
03-17 18:53:29.171  6654  6700 D TimerTriggerManager: Sending reset signal to timer 'onIndcnVehSpdChanged'
03-17 18:53:29.171  6654  6700 D TimerTriggerManager: Reset signal sent to timer 'onIndcnVehSpdChanged'
03-17 18:53:29.171  6654  6707 D TimerTriggerController: Reset method called for timer: onIndcnVehSpdChanged
03-17 18:53:29.171  6654  6707 D TimerTriggerController: Calling onTimerReset for timer: onIndcnVehSpdChanged
03-17 18:53:29.171  6654  6707 D TimerTriggerManager: Timer reset: onIndcnVehSpdChanged
03-17 18:53:29.171  6654  6707 I TimerTriggerController: Timer [onIndcnVehSpdChanged] reset, remaining: 1000ms, reset count: 950
03-17 18:53:29.172  6654  6700 D TimerTriggerManager: init instance...
03-17 18:53:29.172  6654  6700 D TimerTriggerManager: Timer thread'TimerTriggerManager' is destroyed: false
03-17 18:53:29.172  6654  6700 D TimerTriggerManager: Timer 'onMntnWarnReqChanged' is running: true
03-17 18:53:29.172  6654  6700 D TimerTriggerManager: Sending reset signal to timer 'onMntnWarnReqChanged'
03-17 18:53:29.172  6654  6700 D TimerTriggerManager: Reset signal sent to timer 'onMntnWarnReqChanged'
03-17 18:53:29.172  6654  6707 D TimerTriggerController: Reset method called for timer: onMntnWarnReqChanged
03-17 18:53:29.172  6654  6707 D TimerTriggerController: Calling onTimerReset for timer: onMntnWarnReqChanged
03-17 18:53:29.172  6654  6707 D TimerTriggerManager: Timer reset: onMntnWarnReqChanged
03-17 18:53:29.172  6654  6707 I TimerTriggerController: Timer [onMntnWarnReqChanged] reset, remaining: 5000ms, reset count: 475
03-17 18:53:29.182  1566  2651 D TboxNetworkManager: tboxNetworkbinder=null
03-17 18:53:29.206   642   685 I mcuc    : sd Uart data : 6AA60205590002800A14
03-17 18:53:29.212   642   685 I mcuc    : rev uart=1440,len=13, data : 6AA68105590005800A0400008E
03-17 18:53:29.212   582  3616 E WifiHAL : Invalid data received from driver
03-17 18:53:29.212   400   400 D adayocomadapter-ParseProtocolFunc: printRaWMsg Name[MCUToUPstream recv] len[4] data[800A0400]
03-17 18:53:29.212   400   400 D adayocomadapter-CommunicationManager: onUpstreamback   member[8] dataLength[2] timePoint[143159]
03-17 18:53:29.212   400   400 D adayocomadapter-ParseProtocolFunc: printRaWMsg Name[onUpstreamback] len[2] data[0400]
03-17 18:53:29.212   400   452 D adayocomadapter-UpstreamHandler: processBeforePacket upSreamtProcessTimePoint[143159] 
03-17 18:53:29.212   400   452 D adayocomadapter-ParseProtocolFunc: parseGeneralIPCLBytes Processing tablename[Table-0] tableSize[2]
03-17 18:53:29.212   400   452 D adayocomadapter-ParseProtocolFunc: printRaWMsg Name[byteStream recv] len[2] data[0400]
03-17 18:53:29.212   400   452 D adayocomadapter-ParseProtocolFunc: printRaWMsg Name[IPCLtoVHAL] len[7] data[31401002000000]
03-17 18:53:29.212   400   452 D adayocomadapter-ParseProtocolFunc: printRaWMsg Name[IPCLtoVHAL] len[7] data[31401001000004]
03-17 18:53:29.212   400   452 D adayocomadapter-CommunicationManager: onUpstreamReceive isLoss 0 mPropertyId 0x31401002
03-17 18:53:29.212   400   452 D adayocomadapter-CommunicationManager: convertBytesToInt32Memcpy  0
03-17 18:53:29.212   400   452 D vw-vhal : notifyVehicleProperty, propId = 0x31401002, data = {status: 2, int32Values: [0]}
03-17 18:53:29.212   400   452 I DefaultVehicleHal_v2_0: DefaultVehicleHal::onPropertyValue, value:{.timestamp = 143160208015, .areaId = 0, .prop = 826281986, .status = AVAILABLE, .value = {.int32Values = [1]{0}, .floatValues = [0]{}, .int64Values = [0]{}, .bytes = [0]{}, .stringValue = ""}}
03-17 18:53:29.212   400   452 D adayocomadapter-CommunicationManager: onUpstreamReceive mPropertyId 0x31401002
03-17 18:53:29.212   400   452 D adayocomadapter-CommunicationManager: onUpstreamReceive isLoss 0 mPropertyId 0x31401001
03-17 18:53:29.212   400   452 D adayocomadapter-CommunicationManager: convertBytesToInt32Memcpy  4
03-17 18:53:29.212   400   452 D vw-vhal : notifyVehicleProperty, propId = 0x31401001, data = {status: 2, int32Values: [4]}
03-17 18:53:29.212   400   452 I DefaultVehicleHal_v2_0: DefaultVehicleHal::onPropertyValue, value:{.timestamp = 143160354348, .areaId = 0, .prop = 826281985, .status = AVAILABLE, .value = {.int32Values = [1]{4}, .floatValues = [0]{}, .int64Values = [0]{}, .bytes = [0]{}, .stringValue = ""}}
03-17 18:53:29.212   400   452 D adayocomadapter-CommunicationManager: onUpstreamReceive mPropertyId 0x31401001
03-17 18:53:29.221  2383  2600 D AdayoDoipServer294_Doip: [ne_doip_event_loop_dispatch][line:141] : count = 0
03-17 18:53:29.223  2292  2307 D GPS_POIManager: IncomeProcess 2366
03-17 18:53:29.223  2292  2307 W POIManager: Just Location Need request Location permission
03-17 18:53:29.224  2366  2993 E /       : Just Location request Location permission
03-17 18:53:29.235  2106  2458 D CAR.DIAGNOSTIC: Entry - Type: 0x01, ServiceId: 0x2071, InstanceId: 0x0001, MajorVersion: 0x01FFFFFF, TTL: 0
03-17 18:53:29.235  2106  2450 D CAR.DIAGNOSTIC: Entry - Type: 0x01, ServiceId: 0x2071, InstanceId: 0x0001, MajorVersion: 0x01FFFFFF, TTL: 0
03-17 18:53:29.235  2106  2460 D CAR.DIAGNOSTIC: Entry - Type: 0x01, ServiceId: 0x2071, InstanceId: 0x0001, MajorVersion: 0x01FFFFFF, TTL: 0
03-17 18:53:29.235  2106  2450 D CAR.DIAGNOSTIC: Entry - Type: 0x01, ServiceId: 0x4001, InstanceId: 0x0001, MajorVersion: 0x01FFFFFF, TTL: 0
03-17 18:53:29.235  2106  2460 D CAR.DIAGNOSTIC: Entry - Type: 0x01, ServiceId: 0x4001, InstanceId: 0x0001, MajorVersion: 0x01FFFFFF, TTL: 0
03-17 18:53:29.236  2106  2458 D CAR.DIAGNOSTIC: Entry - Type: 0x01, ServiceId: 0x4001, InstanceId: 0x0001, MajorVersion: 0x01FFFFFF, TTL: 0
03-17 18:53:29.262   582  3616 E WifiHAL : Invalid data received from driver
03-17 18:53:29.270  6654  6700 D TimerTriggerManager: init instance...
03-17 18:53:29.270  6654  6700 D TimerTriggerManager: Timer thread'TimerTriggerManager' is destroyed: false
03-17 18:53:29.270  6654  6700 D TimerTriggerManager: Timer 'onIndcnVehSpdChanged' is running: true
03-17 18:53:29.270  6654  6700 D TimerTriggerManager: Sending reset signal to timer 'onIndcnVehSpdChanged'
03-17 18:53:29.270  6654  6700 D TimerTriggerManager: Reset signal sent to timer 'onIndcnVehSpdChanged'
03-17 18:53:29.270  6654  6707 D TimerTriggerController: Reset method called for timer: onIndcnVehSpdChanged
03-17 18:53:29.270  6654  6707 D TimerTriggerController: Calling onTimerReset for timer: onIndcnVehSpdChanged
03-17 18:53:29.270  6654  6707 D TimerTriggerManager: Timer reset: onIndcnVehSpdChanged
03-17 18:53:29.270  6654  6707 I TimerTriggerController: Timer [onIndcnVehSpdChanged] reset, remaining: 1000ms, reset count: 951
03-17 18:53:29.271   642   685 I mcuc    : sd Uart data : 6AA602055A0002920209
03-17 18:53:29.276   642   685 I mcuc    : rev uart=1441,len=69, data : 6AA681055A003D920200170000000000000000000000000000000000001FFF00001FFF1FFF1FFF003FFFFF0001FFFF3FFF3FFF3FFF01FF01FF01FF01FF01FF0000010101C7
03-17 18:53:29.277   400   400 D adayocomadapter-ParseProtocolFunc: printRaWMsg Name[MCUToUPstream recv] len[61] data[920200170000000000000000000000000000000000001FFF00001FFF1FFF1FFF003FFFFF0001FFFF3FFF3FFF3FFF01FF01FF01FF01FF01FF0000010101]
03-17 18:53:29.277   400   400 D adayocomadapter-CommunicationManager: onUpstreamback   member[0] dataLength[58] timePoint[143224]
03-17 18:53:29.277   400   400 D adayocomadapter-ParseProtocolFunc: printRaWMsg Name[onUpstreamback] len[58] data[170000000000000000000000000000000000001FFF00001FFF1FFF1FFF003FFFFF0001FFFF3FFF3FFF3FFF01FF01FF01FF01FF01FF0000010101]
03-17 18:53:29.277   400   452 D adayocomadapter-UpstreamHandler: processBeforePacket upSreamtProcessTimePoint[143224] 
03-17 18:53:29.277   400   452 D adayocomadapter-UpstreamHandler: processPacket UPSTREAM_QUEUE_DATA_TIMEOUT
03-17 18:53:29.277   400   452 D adayocomadapter-ParseProtocolFunc: parseCommonIPCLBytes Processing tableNumber[23]
03-17 18:53:29.277   400   452 D adayocomadapter-ParseProtocolFunc: parseCommonIPCLBytes Processing tablename[Table-23] tableSize[59]
03-17 18:53:29.277   400   452 D adayocomadapter-ParseProtocolFunc: parseCommonIPCLBytes Error: table.tSize unMatched byteStream.size[58]
03-17 18:53:29.286  2366  2993 I VehicleNaviObserver: loadHome
03-17 18:53:29.287  2366  2992 I VehicleNaviObserver: loadCompany
03-17 18:53:29.287  2292  2307 D navi-libSdk-J01-Sdk: isServiceConnected: true
03-17 18:53:29.287  2292  9233 D navi-libSdk-J01-Sdk: isServiceConnected: true
03-17 18:53:29.287  2292  2307 D GPS_IExpired: head 177022816{state=0,isHead=true,param=,incomePid=2366,method=HomeLocation,childCount=0}
03-17 18:53:29.287  2292  2307 D navi-libSdk-J01-Sdk: isServiceConnected: true
03-17 18:53:29.287  2292  9233 D GPS_IExpired: head 72954905{state=0,isHead=true,param=,incomePid=2366,method=CompanyLocation,childCount=0}
03-17 18:53:29.287  2292  2307 D navi-libSdk-J01-NaviSdk: getHomeAddress: type-0,getProxy()-com.faw.navi.libsdk.IShareDataInterface$Stub$Proxy@f5f5405
03-17 18:53:29.287  2292  9233 D navi-libSdk-J01-Sdk: isServiceConnected: true
03-17 18:53:29.287  2292  9233 D navi-libSdk-J01-NaviSdk: getCompanyAddress: type-0,getProxy()-com.faw.navi.libsdk.IShareDataInterface$Stub$Proxy@f5f5405
03-17 18:53:29.288  2315  4409 D navi-libSdk-J01-ShareDataBinder: getHomeAddress(ShareDataBinder.java:518) getHomeAddress: clientPid-2292,type-0
03-17 18:53:29.288  2315  2339 D navi-libSdk-J01-ShareDataBinder: getCompanyAddress(ShareDataBinder.java:501) getCompanyAddress: clientPid-2292,type-0
03-17 18:53:29.288  2366  2993 I VehicleNaviObserver: loadHome >> null, do retry
03-17 18:53:29.288  2366  2992 I VehicleNaviObserver: loadCompany >> null, do retry
03-17 18:53:29.288   580  9493 D resolv  : retrying_poll: 47 retrying_poll timeout
03-17 18:53:29.288   580  9493 D resolv  : send_dg: timeout
03-17 18:53:29.288   580  9493 I resolv  : res_nsend: used send_dg 0 terrno: 110
03-17 18:53:29.288   580  9493 D resolv  : res_stats_set_sample: rcode = 255, sec = 5003
03-17 18:53:29.288   580  9493 D resolv  : res_cache_add_stats_sample_locked: adding sample to stats, next = 8, count = 8
03-17 18:53:29.288   580  9493 D resolv  : res_nsend: Querying server (# 1) address = 114.114.114.114:53
03-17 18:53:29.288   580  9493 D resolv  : get_timeout: using timeout of 5000 msec
03-17 18:53:29.288   580  9493 D resolv  : retrying_poll: 46 retrying_poll
03-17 18:53:29.289  2292  9233 D GPS_IExpired: 72954905{state=1,isHead=true,param=,incomePid=2366,method=CompanyLocation,childCount=0} callback
03-17 18:53:29.289  2292  9233 D GPS_IExpired: 72954905{state=1,isHead=true,param=,incomePid=2366,method=CompanyLocation,childCount=0} accept and fallback 0
03-17 18:53:29.289  2292  2307 D GPS_IExpired: 177022816{state=1,isHead=true,param=,incomePid=2366,method=HomeLocation,childCount=0} callback
03-17 18:53:29.289  2292  2307 D GPS_IExpired: 177022816{state=1,isHead=true,param=,incomePid=2366,method=HomeLocation,childCount=0} accept and fallback 0
03-17 18:53:29.300   642   685 I mcuc    : sd Uart data : 6AA602055B0002920208
03-17 18:53:29.305   642   685 I mcuc    : rev uart=1442,len=21, data : 6AA681055B000D9202000500000000000000000178
03-17 18:53:29.305   400   400 D adayocomadapter-ParseProtocolFunc: printRaWMsg Name[MCUToUPstream recv] len[13] data[92020005000000000000000001]
03-17 18:53:29.305   400   400 D adayocomadapter-CommunicationManager: onUpstreamback   member[0] dataLength[10] timePoint[143253]
03-17 18:53:29.305   400   400 D adayocomadapter-ParseProtocolFunc: printRaWMsg Name[onUpstreamback] len[10] data[05000000000000000001]
03-17 18:53:29.305   400   452 D adayocomadapter-UpstreamHandler: processBeforePacket upSreamtProcessTimePoint[143253] 
03-17 18:53:29.305   400   452 D adayocomadapter-UpstreamHandler: processPacket UPSTREAM_QUEUE_DATA_TIMEOUT
03-17 18:53:29.305   400   452 D adayocomadapter-ParseProtocolFunc: parseCommonIPCLBytes Processing tableNumber[5]
03-17 18:53:29.305   400   452 D adayocomadapter-ParseProtocolFunc: parseCommonIPCLBytes Processing tablename[Table-5] tableSize[10]
03-17 18:53:29.305   400   452 D adayocomadapter-ParseProtocolFunc: printRaWMsg Name[byteStream recv] len[10] data[05000000000000000001]
03-17 18:53:29.305   400   452 D adayocomadapter-ParseProtocolFunc: printRaWMsg Name[IPCLtoVHAL] len[8] data[2140213400010000]
03-17 18:53:29.305   400   452 D adayocomadapter-ParseProtocolFunc: printRaWMsg Name[IPCLtoVHAL] len[8] data[2140213500010000]
03-17 18:53:29.305   400   452 D adayocomadapter-ParseProtocolFunc: printRaWMsg Name[IPCLtoVHAL] len[8] data[2140213600010000]
03-17 18:53:29.305   400   452 D adayocomadapter-ParseProtocolFunc: printRaWMsg Name[IPCLtoVHAL] len[8] data[2140213700010000]
03-17 18:53:29.306   400   452 D adayocomadapter-CommunicationManager: onUpstreamReceive isLoss 1 mPropertyId 0x21402134
03-17 18:53:29.306   400   452 D adayocomadapter-CommunicationManager: convertBytesToInt32Memcpy  0
03-17 18:53:29.306   400   452 D vw-vhal : notifyVehicleProperty, propId = 0x21402134, data = {status: 3, int32Values: [0]}
03-17 18:53:29.306   400   452 I DefaultVehicleHal_v2_0: DefaultVehicleHal::onPropertyValue, value:{.timestamp = 143253653015, .areaId = 0, .prop = 557850932, .status = UNAVAILABLE, .value = {.int32Values = [1]{0}, .floatValues = [0]{}, .int64Values = [0]{}, .bytes = [0]{}, .stringValue = ""}}
03-17 18:53:29.306   400   452 D adayocomadapter-CommunicationManager: onUpstreamReceive mPropertyId 0x21402134
03-17 18:53:29.306   400   452 D adayocomadapter-CommunicationManager: onUpstreamReceive isLoss 1 mPropertyId 0x21402135
03-17 18:53:29.306   400   452 D adayocomadapter-CommunicationManager: convertBytesToInt32Memcpy  0
03-17 18:53:29.306   400   452 D vw-vhal : notifyVehicleProperty, propId = 0x21402135, data = {status: 3, int32Values: [0]}
03-17 18:53:29.306   400   452 I DefaultVehicleHal_v2_0: DefaultVehicleHal::onPropertyValue, value:{.timestamp = 143253791348, .areaId = 0, .prop = 557850933, .status = UNAVAILABLE, .value = {.int32Values = [1]{0}, .floatValues = [0]{}, .int64Values = [0]{}, .bytes = [0]{}, .stringValue = ""}}
03-17 18:53:29.306   400   452 D adayocomadapter-CommunicationManager: onUpstreamReceive mPropertyId 0x21402135
03-17 18:53:29.306   400   452 D adayocomadapter-CommunicationManager: onUpstreamReceive isLoss 1 mPropertyId 0x21402136
03-17 18:53:29.306   400   452 D adayocomadapter-CommunicationManager: convertBytesToInt32Memcpy  0
03-17 18:53:29.306   400   452 D vw-vhal : notifyVehicleProperty, propId = 0x21402136, data = {status: 3, int32Values: [0]}
03-17 18:53:29.306   400   452 I DefaultVehicleHal_v2_0: DefaultVehicleHal::onPropertyValue, value:{.timestamp = 143253898682, .areaId = 0, .prop = 557850934, .status = UNAVAILABLE, .value = {.int32Values = [1]{0}, .floatValues = [0]{}, .int64Values = [0]{}, .bytes = [0]{}, .stringValue = ""}}
03-17 18:53:29.306   400   452 D adayocomadapter-CommunicationManager: onUpstreamReceive mPropertyId 0x21402136
03-17 18:53:29.306   400   452 D adayocomadapter-CommunicationManager: onUpstreamReceive isLoss 1 mPropertyId 0x21402137
03-17 18:53:29.306   400   452 D adayocomadapter-CommunicationManager: convertBytesToInt32Memcpy  0
03-17 18:53:29.306   400   452 D vw-vhal : notifyVehicleProperty, propId = 0x21402137, data = {status: 3, int32Values: [0]}
03-17 18:53:29.306   400   452 I DefaultVehicleHal_v2_0: DefaultVehicleHal::onPropertyValue, value:{.timestamp = 143254001015, .areaId = 0, .prop = 557850935, .status = UNAVAILABLE, .value = {.int32Values = [1]{0}, .floatValues = [0]{}, .int64Values = [0]{}, .bytes = [0]{}, .stringValue = ""}}
03-17 18:53:29.306   400   452 D adayocomadapter-CommunicationManager: onUpstreamReceive mPropertyId 0x21402137
03-17 18:53:29.314   582  3616 E WifiHAL : Invalid data received from driver
03-17 18:53:29.317   642   685 I mcuc    : sd Uart data : 6AA602055C0002920207
03-17 18:53:29.321  2383  2600 D AdayoDoipServer294_Doip: [ne_doip_event_loop_dispatch][line:141] : count = 0
03-17 18:53:29.322   642   685 I mcuc    : rev uart=1443,len=18, data : 6AA681055C000A92020201F1894235303824
03-17 18:53:29.322   400   400 D adayocomadapter-ParseProtocolFunc: printRaWMsg Name[MCUToUPstream recv] len[10] data[92020201F18942353038]
03-17 18:53:29.322   400   400 D adayocomadapter-CommunicationManager: onUpstreamback   member[2] dataLength[7] timePoint[143269]
03-17 18:53:29.322   400   400 D adayocomadapter-ParseProtocolFunc: printRaWMsg Name[onUpstreamback] len[7] data[01F18942353038]
03-17 18:53:29.322   400   452 D adayocomadapter-UpstreamHandler: processBeforePacket upSreamtProcessTimePoint[143270] 
03-17 18:53:29.322   400   452 D adayocomadapter-ParseProtocolFunc: parseGeneralIPCLBytes Processing tablename[Table-1] tableSize[6]
