03-17 18:53:33.544   400   452 I DefaultVehicleHal_v2_0: DefaultVehicleHal::onPropertyValue, value:{.timestamp = 147492100016, .areaId = 0, .prop = 557850845, .status = UNAVAILABLE, .value = {.int32Values = [1]{0}, .floatValues = [0]{}, .int64Values = [0]{}, .bytes = [0]{}, .stringValue = ""}}
03-17 18:53:33.544   400   452 D adayocomadapter-CommunicationManager: onUpstreamReceive mPropertyId 0x214020dd
03-17 18:53:33.544   400   452 D adayocomadapter-CommunicationManager: onUpstreamReceive isLoss 1 mPropertyId 0x214020df
03-17 18:53:33.544   400   452 D adayocomadapter-CommunicationManager: convertBytesToInt32Memcpy  0
03-17 18:53:33.544   400   452 D vw-vhal : notifyVehicleProperty, propId = 0x214020df, data = {status: 3, int32Values: [0]}
03-17 18:53:33.544   400   452 I DefaultVehicleHal_v2_0: DefaultVehicleHal::onPropertyValue, value:{.timestamp = 147492398682, .areaId = 0, .prop = 557850847, .status = UNAVAILABLE, .value = {.int32Values = [1]{0}, .floatValues = [0]{}, .int64Values = [0]{}, .bytes = [0]{}, .stringValue = ""}}
03-17 18:53:33.544   400   452 D adayocomadapter-CommunicationManager: onUpstreamReceive mPropertyId 0x214020df
03-17 18:53:33.544   400   452 D adayocomadapter-CommunicationManager: onUpstreamReceive isLoss 1 mPropertyId 0x214020e4
03-17 18:53:33.544   400   452 D adayocomadapter-CommunicationManager: convertBytesToInt32Memcpy  0
03-17 18:53:33.545   400   452 D vw-vhal : notifyVehicleProperty, propId = 0x214020e4, data = {status: 3, int32Values: [0]}
03-17 18:53:33.545   400   452 I DefaultVehicleHal_v2_0: DefaultVehicleHal::onPropertyValue, value:{.timestamp = 147492598682, .areaId = 0, .prop = 557850852, .status = UNAVAILABLE, .value = {.int32Values = [1]{0}, .floatValues = [0]{}, .int64Values = [0]{}, .bytes = [0]{}, .stringValue = ""}}
03-17 18:53:33.545   400   452 D adayocomadapter-CommunicationManager: onUpstreamReceive mPropertyId 0x214020e4
03-17 18:53:33.547  1627  9198 D okhttp.Http2: >> 0x00000025   145 HEADERS       END_HEADERS
03-17 18:53:33.552  1627  9198 D okhttp.Http2: >> 0x00000025  1575 DATA          END_STREAM
03-17 18:53:33.565  1627  8902 D okhttp.Http2: << 0x00000023    44 HEADERS       END_HEADERS
03-17 18:53:33.569  1627  8902 D okhttp.Http2: << 0x00000023   229 DATA          END_STREAM
03-17 18:53:33.570   903  4623 D NetworkPolicy: Blocked state of 10051: {blocked=NONE,allowed=FOREGROUND|TOP|METERED_FOREGROUND,effective=NONE}
03-17 18:53:33.571  1627  8902 D okhttp.Http2: << 0x00000023     4 WINDOW_UPDATE 
03-17 18:53:33.572  1627  8681 I okhttp.OkHttpClient: <-- 400 https://api-c-data-uat.mosc.faw-vw.com/j01/hu/data-collection/trace-service/vehicle-trace/v2/upload?requestId=a77b5547-0d71-4062-9bcc-291d35556c7b&signt=1773744813405&appkey=HiVQY27x&sign=ba36842d4b75b5464922d3ce4feaf6f3 (143ms)
03-17 18:53:33.573  1627  8681 I okhttp.OkHttpClient: server: stgw
03-17 18:53:33.573  1627  8681 I okhttp.OkHttpClient: date: Tue, 17 Mar 2026 10:53:33 GMT
03-17 18:53:33.573  1627  8681 I okhttp.OkHttpClient: content-type: text/html
03-17 18:53:33.573  1627  8681 I okhttp.OkHttpClient: content-length: 229
03-17 18:53:33.575  1627  8681 I okhttp.OkHttpClient: <html>
03-17 18:53:33.575  1627  8681 I okhttp.OkHttpClient: <head><title>400 No required SSL certificate was sent</title></head>
03-17 18:53:33.575  1627  8681 I okhttp.OkHttpClient: <body>
03-17 18:53:33.575  1627  8681 I okhttp.OkHttpClient: <center><h1>400 Bad Request</h1></center>
03-17 18:53:33.575  1627  8681 I okhttp.OkHttpClient: <center>No required SSL certificate was sent</center>
03-17 18:53:33.575  1627  8681 I okhttp.OkHttpClient: <hr><center>stgw</center>
03-17 18:53:33.575  1627  8681 I okhttp.OkHttpClient: </body>
03-17 18:53:33.575  1627  8681 I okhttp.OkHttpClient: </html>
03-17 18:53:33.575  1627  8681 I okhttp.OkHttpClient: <-- END HTTP (229-byte body)
03-17 18:53:33.579  6654  6700 D TimerTriggerManager: init instance...
03-17 18:53:33.579  6654  6700 D TimerTriggerManager: Timer thread'TimerTriggerManager' is destroyed: false
03-17 18:53:33.579  6654  6700 D TimerTriggerManager: Timer 'onIndcnVehSpdChanged' is running: true
03-17 18:53:33.579  6654  6700 D TimerTriggerManager: Sending reset signal to timer 'onIndcnVehSpdChanged'
03-17 18:53:33.579  6654  6700 D TimerTriggerManager: Reset signal sent to timer 'onIndcnVehSpdChanged'
03-17 18:53:33.579  6654  6707 D TimerTriggerController: Reset method called for timer: onIndcnVehSpdChanged
03-17 18:53:33.579  6654  6707 D TimerTriggerController: Calling onTimerReset for timer: onIndcnVehSpdChanged
03-17 18:53:33.579  6654  6707 D TimerTriggerManager: Timer reset: onIndcnVehSpdChanged
03-17 18:53:33.579  6654  6700 D TimerTriggerManager: init instance...
03-17 18:53:33.579  6654  6700 D TimerTriggerManager: Timer thread'TimerTriggerManager' is destroyed: false
03-17 18:53:33.579  6654  6700 D TimerTriggerManager: Timer 'onMntnWarnReqChanged' is running: true
03-17 18:53:33.579  6654  6707 I TimerTriggerController: Timer [onIndcnVehSpdChanged] reset, remaining: 1000ms, reset count: 994
03-17 18:53:33.579  6654  6700 D TimerTriggerManager: Sending reset signal to timer 'onMntnWarnReqChanged'
03-17 18:53:33.580  6654  6707 D TimerTriggerController: Reset method called for timer: onMntnWarnReqChanged
03-17 18:53:33.580  6654  6700 D TimerTriggerManager: Reset signal sent to timer 'onMntnWarnReqChanged'
03-17 18:53:33.580  6654  6707 D TimerTriggerController: Calling onTimerReset for timer: onMntnWarnReqChanged
03-17 18:53:33.580  6654  6707 D TimerTriggerManager: Timer reset: onMntnWarnReqChanged
03-17 18:53:33.580  6654  6707 I TimerTriggerController: Timer [onMntnWarnReqChanged] reset, remaining: 5000ms, reset count: 497
03-17 18:53:33.595   582  3616 E WifiHAL : Invalid data received from driver
03-17 18:53:33.632  2383  2600 D AdayoDoipServer294_Doip: [ne_doip_event_loop_dispatch][line:141] : count = 0
03-17 18:53:33.655  1627  8902 D okhttp.Http2: << 0x00000025    44 HEADERS       END_HEADERS
03-17 18:53:33.656   642   685 I mcuc    : sd Uart data : 6AA602058800029202DB
03-17 18:53:33.659  1627  8902 D okhttp.Http2: << 0x00000025   229 DATA          END_STREAM
03-17 18:53:33.659   903  4623 D NetworkPolicy: Blocked state of 10051: {blocked=NONE,allowed=FOREGROUND|TOP|METERED_FOREGROUND,effective=NONE}
03-17 18:53:33.662   642   685 I mcuc    : rev uart=1490,len=14, data : 6AA681058800069202001A00013D
03-17 18:53:33.662  1627  8902 D okhttp.Http2: << 0x00000025     4 WINDOW_UPDATE 
03-17 18:53:33.662   400   400 D adayocomadapter-ParseProtocolFunc: printRaWMsg Name[MCUToUPstream recv] len[6] data[9202001A0001]
03-17 18:53:33.662   400   400 D adayocomadapter-CommunicationManager: onUpstreamback   member[0] dataLength[3] timePoint[147609]
03-17 18:53:33.662   400   400 D adayocomadapter-ParseProtocolFunc: printRaWMsg Name[onUpstreamback] len[3] data[1A0001]
03-17 18:53:33.662   400   452 D adayocomadapter-UpstreamHandler: processBeforePacket upSreamtProcessTimePoint[147609] 
03-17 18:53:33.662   400   452 D adayocomadapter-UpstreamHandler: processPacket UPSTREAM_QUEUE_DATA_TIMEOUT
03-17 18:53:33.662   400   452 D adayocomadapter-ParseProtocolFunc: parseCommonIPCLBytes Processing tableNumber[26]
03-17 18:53:33.662   400   452 D adayocomadapter-ParseProtocolFunc: parseCommonIPCLBytes Processing tablename[Table-26] tableSize[2]
03-17 18:53:33.662   400   452 D adayocomadapter-ParseProtocolFunc: printRaWMsg Name[byteStream recv] len[3] data[1A0001]
03-17 18:53:33.662   400   452 D adayocomadapter-ParseProtocolFunc: printRaWMsg Name[IPCLtoVHAL] len[7] data[214021C9000100]
03-17 18:53:33.662   400   452 D adayocomadapter-CommunicationManager: onUpstreamReceive isLoss 1 mPropertyId 0x214021c9
03-17 18:53:33.662   400   452 D adayocomadapter-CommunicationManager: convertBytesToInt32Memcpy  0
03-17 18:53:33.662   400   452 D vw-vhal : notifyVehicleProperty, propId = 0x214021c9, data = {status: 3, int32Values: [0]}
03-17 18:53:33.662   400   452 I DefaultVehicleHal_v2_0: DefaultVehicleHal::onPropertyValue, value:{.timestamp = 147610202682, .areaId = 0, .prop = 557851081, .status = UNAVAILABLE, .value = {.int32Values = [1]{0}, .floatValues = [0]{}, .int64Values = [0]{}, .bytes = [0]{}, .stringValue = ""}}
03-17 18:53:33.662   400   452 D adayocomadapter-CommunicationManager: onUpstreamReceive mPropertyId 0x214021c9
03-17 18:53:33.663  1627  9198 I okhttp.OkHttpClient: <-- 400 https://api-c-data-uat.mosc.faw-vw.com/j01/hu/data-collection/trace-service/vehicle-trace/v2/upload?requestId=397ee40f-1adc-4ea0-9e11-13c2d6ac3032&signt=1773744813493&appkey=HiVQY27x&sign=5989eed0c45efd00809e3a8bb0a42d06 (142ms)
03-17 18:53:33.663  1627  9198 I okhttp.OkHttpClient: server: stgw
03-17 18:53:33.663  1627  9198 I okhttp.OkHttpClient: date: Tue, 17 Mar 2026 10:53:33 GMT
03-17 18:53:33.663  1627  9198 I okhttp.OkHttpClient: content-type: text/html
03-17 18:53:33.663  1627  9198 I okhttp.OkHttpClient: content-length: 229
03-17 18:53:33.665  1627  9198 I okhttp.OkHttpClient: <html>
03-17 18:53:33.665  1627  9198 I okhttp.OkHttpClient: <head><title>400 No required SSL certificate was sent</title></head>
03-17 18:53:33.665  1627  9198 I okhttp.OkHttpClient: <body>
03-17 18:53:33.666  1627  9198 I okhttp.OkHttpClient: <center><h1>400 Bad Request</h1></center>
03-17 18:53:33.666  1627  9198 I okhttp.OkHttpClient: <center>No required SSL certificate was sent</center>
03-17 18:53:33.666  1627  9198 I okhttp.OkHttpClient: <hr><center>stgw</center>
03-17 18:53:33.666  1627  9198 I okhttp.OkHttpClient: </body>
03-17 18:53:33.666  1627  9198 I okhttp.OkHttpClient: </html>
03-17 18:53:33.666  1627  9198 I okhttp.OkHttpClient: <-- END HTTP (229-byte body)
03-17 18:53:33.668  1627  9198 D okhttp.TaskRunner: Q10001 scheduled after   0 µs: OkHttp ConnectionPool
03-17 18:53:33.669  1627  8903 D okhttp.TaskRunner: Q10001 starting              : OkHttp ConnectionPool
03-17 18:53:33.670  1627  8903 D okhttp.TaskRunner: Q10001 run again after 300 s : OkHttp ConnectionPool
03-17 18:53:33.671  1627  8903 D okhttp.TaskRunner: Q10001 finished run in   2 ms: OkHttp ConnectionPool
03-17 18:53:33.678  6654  6700 D TimerTriggerManager: init instance...
03-17 18:53:33.678  6654  6700 D TimerTriggerManager: Timer thread'TimerTriggerManager' is destroyed: false
03-17 18:53:33.678  6654  6700 D TimerTriggerManager: Timer 'onIndcnVehSpdChanged' is running: true
03-17 18:53:33.678  6654  6700 D TimerTriggerManager: Sending reset signal to timer 'onIndcnVehSpdChanged'
03-17 18:53:33.678  6654  6700 D TimerTriggerManager: Reset signal sent to timer 'onIndcnVehSpdChanged'
03-17 18:53:33.678  6654  6707 D TimerTriggerController: Reset method called for timer: onIndcnVehSpdChanged
03-17 18:53:33.678  6654  6707 D TimerTriggerController: Calling onTimerReset for timer: onIndcnVehSpdChanged
03-17 18:53:33.678  6654  6707 D TimerTriggerManager: Timer reset: onIndcnVehSpdChanged
03-17 18:53:33.678  6654  6707 I TimerTriggerController: Timer [onIndcnVehSpdChanged] reset, remaining: 1000ms, reset count: 995
03-17 18:53:33.681   582  3616 E WifiHAL : Invalid data received from driver
03-17 18:53:33.682  1566  2651 D TboxNetworkManager: tboxNetworkbinder=null
03-17 18:53:33.733  2383  2600 D AdayoDoipServer294_Doip: [ne_doip_event_loop_dispatch][line:141] : count = 0
03-17 18:53:33.736   642   685 I mcuc    : rev uart=1491,len=124, data : 6AA680058900748B30A5B311123521A55A8B000100000000A55A8C000100000074001414000005D300000000000000058800000000000000100042A55A8D0100FCFA020000C300000002D502000400000000A55A8E00010000005200002C062C067E29A55A8F00000000000000000000000000000000000000A55AEB
03-17 18:53:33.779  6654  6700 D TimerTriggerManager: init instance...
03-17 18:53:33.779  6654  6700 D TimerTriggerManager: Timer thread'TimerTriggerManager' is destroyed: false
03-17 18:53:33.779  6654  6700 D TimerTriggerManager: Timer 'onIndcnVehSpdChanged' is running: true
03-17 18:53:33.779  6654  6700 D TimerTriggerManager: Sending reset signal to timer 'onIndcnVehSpdChanged'
03-17 18:53:33.779  6654  6700 D TimerTriggerManager: Reset signal sent to timer 'onIndcnVehSpdChanged'
03-17 18:53:33.779  6654  6707 D TimerTriggerController: Reset method called for timer: onIndcnVehSpdChanged
03-17 18:53:33.779  6654  6707 D TimerTriggerController: Calling onTimerReset for timer: onIndcnVehSpdChanged
03-17 18:53:33.780  6654  6707 D TimerTriggerManager: Timer reset: onIndcnVehSpdChanged
03-17 18:53:33.780  6654  6707 I TimerTriggerController: Timer [onIndcnVehSpdChanged] reset, remaining: 999ms, reset count: 996
03-17 18:53:33.780  6654  6700 D TimerTriggerManager: init instance...
03-17 18:53:33.780  6654  6700 D TimerTriggerManager: Timer thread'TimerTriggerManager' is destroyed: false
03-17 18:53:33.780  6654  6700 D TimerTriggerManager: Timer 'onMntnWarnReqChanged' is running: true
03-17 18:53:33.780  6654  6700 D TimerTriggerManager: Sending reset signal to timer 'onMntnWarnReqChanged'
03-17 18:53:33.780  6654  6700 D TimerTriggerManager: Reset signal sent to timer 'onMntnWarnReqChanged'
03-17 18:53:33.781  6654  6707 D TimerTriggerController: Reset method called for timer: onMntnWarnReqChanged
03-17 18:53:33.781  6654  6707 D TimerTriggerController: Calling onTimerReset for timer: onMntnWarnReqChanged
03-17 18:53:33.781  6654  6707 D TimerTriggerManager: Timer reset: onMntnWarnReqChanged
03-17 18:53:33.781  6654  6707 I TimerTriggerController: Timer [onMntnWarnReqChanged] reset, remaining: 5000ms, reset count: 498
03-17 18:53:33.783   582  3616 E WifiHAL : Invalid data received from driver
03-17 18:53:33.833  2383  2600 D AdayoDoipServer294_Doip: [ne_doip_event_loop_dispatch][line:141] : count = 0
03-17 18:53:33.857   582  3616 E WifiHAL : Invalid data received from driver
03-17 18:53:33.871   642   685 I mcuc    : sd Uart data : 6AA602058A00029202D9
03-17 18:53:33.876   642   685 I mcuc    : rev uart=1492,len=61, data : 6AA681058A003592020019000101000000000000000000000000000000000000000000000000000000FFFFFF000000000000000000000001000101010B
03-17 18:53:33.876   400   400 D adayocomadapter-ParseProtocolFunc: printRaWMsg Name[MCUToUPstream recv] len[53] data[92020019000101000000000000000000000000000000000000000000000000000000FFFFFF00000000000000000000000100010101]
03-17 18:53:33.877   400   400 D adayocomadapter-CommunicationManager: onUpstreamback   member[0] dataLength[50] timePoint[147824]
03-17 18:53:33.877   400   400 D adayocomadapter-ParseProtocolFunc: printRaWMsg Name[onUpstreamback] len[50] data[19000101000000000000000000000000000000000000000000000000000000FFFFFF00000000000000000000000100010101]
03-17 18:53:33.877   400   452 D adayocomadapter-UpstreamHandler: processBeforePacket upSreamtProcessTimePoint[147824] 
03-17 18:53:33.877   400   452 D adayocomadapter-UpstreamHandler: processPacket UPSTREAM_QUEUE_DATA_TIMEOUT
03-17 18:53:33.877   400   452 D adayocomadapter-ParseProtocolFunc: parseCommonIPCLBytes Processing tableNumber[25]
03-17 18:53:33.877   400   452 D adayocomadapter-ParseProtocolFunc: parseCommonIPCLBytes Processing tablename[Table-25] tableSize[50]
03-17 18:53:33.877   400   452 D adayocomadapter-ParseProtocolFunc: printRaWMsg Name[byteStream recv] len[50] data[19000101000000000000000000000000000000000000000000000000000000FFFFFF00000000000000000000000100010101]
03-17 18:53:33.877   400   452 D adayocomadapter-ParseProtocolFunc: printRaWMsg Name[IPCLtoVHAL] len[7] data[214020C5000000]
03-17 18:53:33.877   400   452 D adayocomadapter-ParseProtocolFunc: printRaWMsg Name[IPCLtoVHAL] len[7] data[21402106000000]
03-17 18:53:33.877   400   452 D adayocomadapter-ParseProtocolFunc: printRaWMsg Name[IPCLtoVHAL] len[7] data[21402132000000]
03-17 18:53:33.877   400   452 D adayocomadapter-ParseProtocolFunc: printRaWMsg Name[IPCLtoVHAL] len[7] data[214020BF000100]
03-17 18:53:33.877   400   452 D adayocomadapter-ParseProtocolFunc: printRaWMsg Name[IPCLtoVHAL] len[7] data[2140212F000000]
03-17 18:53:33.878   400   452 D adayocomadapter-ParseProtocolFunc: printRaWMsg Name[IPCLtoVHAL] len[7] data[21402026000000]
03-17 18:53:33.878   400   452 D adayocomadapter-ParseProtocolFunc: printRaWMsg Name[IPCLtoVHAL] len[7] data[214020B3000000]
03-17 18:53:33.878   400   452 D adayocomadapter-ParseProtocolFunc: printRaWMsg Name[IPCLtoVHAL] len[7] data[2140219E000100]
03-17 18:53:33.878   400   452 D adayocomadapter-ParseProtocolFunc: printRaWMsg Name[IPCLtoVHAL] len[7] data[21402130000000]
03-17 18:53:33.878   400   452 D adayocomadapter-ParseProtocolFunc: printRaWMsg Name[IPCLtoVHAL] len[12] data[2141204A0101000101000000]
03-17 18:53:33.878   400   452 D adayocomadapter-ParseProtocolFunc: printRaWMsg Name[IPCLtoVHAL] len[7] data[214020BD000100]
03-17 18:53:33.878   400   452 D adayocomadapter-ParseProtocolFunc: printRaWMsg Name[IPCLtoVHAL] len[7] data[2140213B000000]
03-17 18:53:33.878   400   452 D adayocomadapter-ParseProtocolFunc: printRaWMsg Name[IPCLtoVHAL] len[7] data[214020AE000100]
03-17 18:53:33.878   400   452 D adayocomadapter-ParseProtocolFunc: printRaWMsg Name[IPCLtoVHAL] len[7] data[2140210D000000]
03-17 18:53:33.878   400   452 D adayocomadapter-ParseProtocolFunc: printRaWMsg Name[IPCLtoVHAL] len[7] data[21401018000100]
03-17 18:53:33.878   400   452 D adayocomadapter-ParseProtocolFunc: printRaWMsg Name[IPCLtoVHAL] len[7] data[214020A9000100]
03-17 18:53:33.878   400   452 D adayocomadapter-ParseProtocolFunc: printRaWMsg Name[IPCLtoVHAL] len[7] data[214020AB000100]
03-17 18:53:33.878   400   452 D adayocomadapter-ParseProtocolFunc: printRaWMsg Name[IPCLtoVHAL] len[7] data[214020AD000100]
03-17 18:53:33.878   400   452 D adayocomadapter-ParseProtocolFunc: printRaWMsg Name[IPCLtoVHAL] len[7] data[2140213A000000]
03-17 18:53:33.878   400   452 D adayocomadapter-ParseProtocolFunc: printRaWMsg Name[IPCLtoVHAL] len[7] data[214021C7000000]
03-17 18:53:33.878   400   452 D adayocomadapter-ParseProtocolFunc: printRaWMsg Name[IPCLtoVHAL] len[7] data[214020F2000100]
03-17 18:53:33.878   400   452 D adayocomadapter-ParseProtocolFunc: printRaWMsg Name[IPCLtoVHAL] len[7] data[214020F1000100]
03-17 18:53:33.878   400   452 D adayocomadapter-ParseProtocolFunc: printRaWMsg Name[IPCLtoVHAL] len[7] data[21402112000100]
03-17 18:53:33.879   400   452 D adayocomadapter-ParseProtocolFunc: printRaWMsg Name[IPCLtoVHAL] len[8] data[2140219F00010000]
03-17 18:53:33.879   400   452 D adayocomadapter-ParseProtocolFunc: printRaWMsg Name[IPCLtoVHAL] len[7] data[21402139000100]
03-17 18:53:33.879   400   452 D adayocomadapter-ParseProtocolFunc: printRaWMsg Name[IPCLtoVHAL] len[8] data[2140202500010000]
03-17 18:53:33.879   400   452 D adayocomadapter-ParseProtocolFunc: printRaWMsg Name[IPCLtoVHAL] len[10] data[21402033000100FFFFFF]
03-17 18:53:33.879   400   452 D adayocomadapter-ParseProtocolFunc: printRaWMsg Name[IPCLtoVHAL] len[7] data[21402034000100]
03-17 18:53:33.879   400   452 D adayocomadapter-ParseProtocolFunc: printRaWMsg Name[IPCLtoVHAL] len[7] data[2140218C000000]
03-17 18:53:33.879   400   452 D adayocomadapter-ParseProtocolFunc: printRaWMsg Name[IPCLtoVHAL] len[7] data[2140219B000000]
03-17 18:53:33.879   400   452 D adayocomadapter-ParseProtocolFunc: printRaWMsg Name[IPCLtoVHAL] len[7] data[214021A0000100]
03-17 18:53:33.879   400   452 D adayocomadapter-ParseProtocolFunc: printRaWMsg Name[IPCLtoVHAL] len[7] data[214021A3000100]
03-17 18:53:33.879   400   452 D adayocomadapter-ParseProtocolFunc: printRaWMsg Name[IPCLtoVHAL] len[7] data[214021A4000100]
03-17 18:53:33.879   400   452 D adayocomadapter-ParseProtocolFunc: printRaWMsg Name[IPCLtoVHAL] len[7] data[214021CB000000]
03-17 18:53:33.879   400   452 D adayocomadapter-CommunicationManager: onUpstreamReceive isLoss 0 mPropertyId 0x214020c5
03-17 18:53:33.879   400   452 D adayocomadapter-CommunicationManager: convertBytesToInt32Memcpy  0
03-17 18:53:33.879   400   452 D vw-vhal : notifyVehicleProperty, propId = 0x214020c5, data = {status: 2, int32Values: [0]}
03-17 18:53:33.879   400   452 I DefaultVehicleHal_v2_0: DefaultVehicleHal::onPropertyValue, value:{.timestamp = 147827443682, .areaId = 0, .prop = 557850821, .status = AVAILABLE, .value = {.int32Values = [1]{0}, .floatValues = [0]{}, .int64Values = [0]{}, .bytes = [0]{}, .stringValue = ""}}
03-17 18:53:33.880   400   452 D adayocomadapter-CommunicationManager: onUpstreamReceive mPropertyId 0x214020c5
03-17 18:53:33.880   400   452 D adayocomadapter-CommunicationManager: onUpstreamReceive isLoss 0 mPropertyId 0x21402106
03-17 18:53:33.880   400   452 D adayocomadapter-CommunicationManager: convertBytesToInt32Memcpy  0
03-17 18:53:33.880   400   452 D vw-vhal : notifyVehicleProperty, propId = 0x21402106, data = {status: 2, int32Values: [0]}
03-17 18:53:33.880   400   452 I DefaultVehicleHal_v2_0: DefaultVehicleHal::onPropertyValue, value:{.timestamp = 147827832682, .areaId = 0, .prop = 557850886, .status = AVAILABLE, .value = {.int32Values = [1]{0}, .floatValues = [0]{}, .int64Values = [0]{}, .bytes = [0]{}, .stringValue = ""}}
03-17 18:53:33.880   400   452 D adayocomadapter-CommunicationManager: onUpstreamReceive mPropertyId 0x21402106
03-17 18:53:33.880   400   452 D adayocomadapter-CommunicationManager: onUpstreamReceive isLoss 0 mPropertyId 0x21402132
03-17 18:53:33.880   400   452 D adayocomadapter-CommunicationManager: convertBytesToInt32Memcpy  0
03-17 18:53:33.880   400   452 D vw-vhal : notifyVehicleProperty, propId = 0x21402132, data = {status: 2, int32Values: [0]}
03-17 18:53:33.880   400   452 I DefaultVehicleHal_v2_0: DefaultVehicleHal::onPropertyValue, value:{.timestamp = 147828377349, .areaId = 0, .prop = 557850930, .status = AVAILABLE, .value = {.int32Values = [1]{0}, .floatValues = [0]{}, .int64Values = [0]{}, .bytes = [0]{}, .stringValue = ""}}
03-17 18:53:33.880   400   452 D adayocomadapter-CommunicationManager: onUpstreamReceive mPropertyId 0x21402132
03-17 18:53:33.881   400   452 D adayocomadapter-CommunicationManager: onUpstreamReceive isLoss 1 mPropertyId 0x214020bf
03-17 18:53:33.881   400   452 D adayocomadapter-CommunicationManager: convertBytesToInt32Memcpy  0
03-17 18:53:33.881   400   452 D vw-vhal : notifyVehicleProperty, propId = 0x214020bf, data = {status: 3, int32Values: [0]}
03-17 18:53:33.881   400   452 I DefaultVehicleHal_v2_0: DefaultVehicleHal::onPropertyValue, value:{.timestamp = 147828743016, .areaId = 0, .prop = 557850815, .status = UNAVAILABLE, .value = {.int32Values = [1]{0}, .floatValues = [0]{}, .int64Values = [0]{}, .bytes = [0]{}, .stringValue = ""}}
03-17 18:53:33.881   400   452 D adayocomadapter-CommunicationManager: onUpstreamReceive mPropertyId 0x214020bf
03-17 18:53:33.881   400   452 D adayocomadapter-CommunicationManager: onUpstreamReceive isLoss 0 mPropertyId 0x2140212f
03-17 18:53:33.881   400   452 D adayocomadapter-CommunicationManager: convertBytesToInt32Memcpy  0
03-17 18:53:33.881   400   452 D vw-vhal : notifyVehicleProperty, propId = 0x2140212f, data = {status: 2, int32Values: [0]}
03-17 18:53:33.881   400   452 I DefaultVehicleHal_v2_0: DefaultVehicleHal::onPropertyValue, value:{.timestamp = 147829096682, .areaId = 0, .prop = 557850927, .status = AVAILABLE, .value = {.int32Values = [1]{0}, .floatValues = [0]{}, .int64Values = [0]{}, .bytes = [0]{}, .stringValue = ""}}
03-17 18:53:33.881   400   452 D adayocomadapter-CommunicationManager: onUpstreamReceive mPropertyId 0x2140212f
03-17 18:53:33.881   400   452 D adayocomadapter-CommunicationManager: onUpstreamReceive isLoss 0 mPropertyId 0x21402026
03-17 18:53:33.881   400   452 D adayocomadapter-CommunicationManager: convertBytesToInt32Memcpy  0
03-17 18:53:33.881  6654  6700 D TimerTriggerManager: init instance...
03-17 18:53:33.881   400   452 D vw-vhal : notifyVehicleProperty, propId = 0x21402026, data = {status: 2, int32Values: [0]}
03-17 18:53:33.881  6654  6700 D TimerTriggerManager: Timer thread'TimerTriggerManager' is destroyed: false
03-17 18:53:33.881  6654  6700 D TimerTriggerManager: Timer 'onIndcnVehSpdChanged' is running: true
03-17 18:53:33.881   400   452 I DefaultVehicleHal_v2_0: DefaultVehicleHal::onPropertyValue, value:{.timestamp = 147829455349, .areaId = 0, .prop = 557850662, .status = AVAILABLE, .value = {.int32Values = [1]{0}, .floatValues = [0]{}, .int64Values = [0]{}, .bytes = [0]{}, .stringValue = ""}}
03-17 18:53:33.882  6654  6700 D TimerTriggerManager: Sending reset signal to timer 'onIndcnVehSpdChanged'
03-17 18:53:33.882   400   452 D adayocomadapter-CommunicationManager: onUpstreamReceive mPropertyId 0x21402026
03-17 18:53:33.882   400   452 D adayocomadapter-CommunicationManager: onUpstreamReceive isLoss 0 mPropertyId 0x214020b3
03-17 18:53:33.882  6654  6700 D TimerTriggerManager: Reset signal sent to timer 'onIndcnVehSpdChanged'
03-17 18:53:33.882   400   452 D adayocomadapter-CommunicationManager: convertBytesToInt32Memcpy  0
03-17 18:53:33.882   400   452 D vw-vhal : notifyVehicleProperty, propId = 0x214020b3, data = {status: 2, int32Values: [0]}
03-17 18:53:33.882   400   452 I DefaultVehicleHal_v2_0: DefaultVehicleHal::onPropertyValue, value:{.timestamp = 147829824682, .areaId = 0, .prop = 557850803, .status = AVAILABLE, .value = {.int32Values = [1]{0}, .floatValues = [0]{}, .int64Values = [0]{}, .bytes = [0]{}, .stringValue = ""}}
03-17 18:53:33.882   400   452 D adayocomadapter-CommunicationManager: onUpstreamReceive mPropertyId 0x214020b3
03-17 18:53:33.882   400   452 D adayocomadapter-CommunicationManager: onUpstreamReceive isLoss 1 mPropertyId 0x2140219e
03-17 18:53:33.882   400   452 D adayocomadapter-CommunicationManager: convertBytesToInt32Memcpy  0
03-17 18:53:33.882   400   452 D vw-vhal : notifyVehicleProperty, propId = 0x2140219e, data = {status: 3, int32Values: [0]}
03-17 18:53:33.882   400   452 I DefaultVehicleHal_v2_0: DefaultVehicleHal::onPropertyValue, value:{.timestamp = 147830174349, .areaId = 0, .prop = 557851038, .status = UNAVAILABLE, .value = {.int32Values = [1]{0}, .floatValues = [0]{}, .int64Values = [0]{}, .bytes = [0]{}, .stringValue = ""}}
03-17 18:53:33.882   400   452 D adayocomadapter-CommunicationManager: onUpstreamReceive mPropertyId 0x2140219e
03-17 18:53:33.882   400   452 D adayocomadapter-CommunicationManager: onUpstreamReceive isLoss 0 mPropertyId 0x21402130
03-17 18:53:33.883   400   452 D adayocomadapter-CommunicationManager: convertBytesToInt32Memcpy  0
03-17 18:53:33.883  6654  6707 D TimerTriggerController: Reset method called for timer: onIndcnVehSpdChanged
03-17 18:53:33.883   400   452 D vw-vhal : notifyVehicleProperty, propId = 0x21402130, data = {status: 2, int32Values: [0]}
03-17 18:53:33.883  6654  6707 D TimerTriggerController: Calling onTimerReset for timer: onIndcnVehSpdChanged
03-17 18:53:33.883  6654  6707 D TimerTriggerManager: Timer reset: onIndcnVehSpdChanged
03-17 18:53:33.883   400   452 I DefaultVehicleHal_v2_0: DefaultVehicleHal::onPropertyValue, value:{.timestamp = 147830701349, .areaId = 0, .prop = 557850928, .status = AVAILABLE, .value = {.int32Values = [1]{0}, .floatValues = [0]{}, .int64Values = [0]{}, .bytes = [0]{}, .stringValue = ""}}
03-17 18:53:33.883   400   452 D adayocomadapter-CommunicationManager: onUpstreamReceive mPropertyId 0x21402130
03-17 18:53:33.883  6654  6707 I TimerTriggerController: Timer [onIndcnVehSpdChanged] reset, remaining: 1000ms, reset count: 997
03-17 18:53:33.883   400   452 D adayocomadapter-CommunicationManager: onUpstreamReceive isLoss 1 mPropertyId 0x2141204a
03-17 18:53:33.883   400   452 D vw-vhal : notifyVehicleProperty, propId = 0x2141204a, data = {status: 3, int32Values: [0, 1, 1, 0, 0, 0]}
03-17 18:53:33.883   400   452 I DefaultVehicleHal_v2_0: DefaultVehicleHal::onPropertyValue, value:{.timestamp = 147831159016, .areaId = 0, .prop = 557916234, .status = UNAVAILABLE, .value = {.int32Values = [6]{0, 1, 1, 0, 0, 0}, .floatValues = [0]{}, .int64Values = [0]{}, .bytes = [0]{}, .stringValue = ""}}
03-17 18:53:33.883   400   452 D adayocomadapter-CommunicationManager: onUpstreamReceive mPropertyId 0x2141204a
03-17 18:53:33.883   400   452 D adayocomadapter-CommunicationManager: onUpstreamReceive isLoss 1 mPropertyId 0x214020bd
03-17 18:53:33.883   400   452 D adayocomadapter-CommunicationManager: convertBytesToInt32Memcpy  0
03-17 18:53:33.883   400   452 D vw-vhal : notifyVehicleProperty, propId = 0x214020bd, data = {status: 3, int32Values: [0]}
03-17 18:53:33.884   400   452 I DefaultVehicleHal_v2_0: DefaultVehicleHal::onPropertyValue, value:{.timestamp = 147831531016, .areaId = 0, .prop = 557850813, .status = UNAVAILABLE, .value = {.int32Values = [1]{0}, .floatValues = [0]{}, .int64Values = [0]{}, .bytes = [0]{}, .stringValue = ""}}
03-17 18:53:33.884   400   452 D adayocomadapter-CommunicationManager: onUpstreamReceive mPropertyId 0x214020bd
03-17 18:53:33.884   400   452 D adayocomadapter-CommunicationManager: onUpstreamReceive isLoss 0 mPropertyId 0x2140213b
03-17 18:53:33.884   400   452 D adayocomadapter-CommunicationManager: convertBytesToInt32Memcpy  0
03-17 18:53:33.884   400   452 D vw-vhal : notifyVehicleProperty, propId = 0x2140213b, data = {status: 2, int32Values: [0]}
03-17 18:53:33.884   400   452 I DefaultVehicleHal_v2_0: DefaultVehicleHal::onPropertyValue, value:{.timestamp = 147831876682, .areaId = 0, .prop = 557850939, .status = AVAILABLE, .value = {.int32Values = [1]{0}, .floatValues = [0]{}, .int64Values = [0]{}, .bytes = [0]{}, .stringValue = ""}}
03-17 18:53:33.884   400   452 D adayocomadapter-CommunicationManager: onUpstreamReceive mPropertyId 0x2140213b
03-17 18:53:33.884   400   452 D adayocomadapter-CommunicationManager: onUpstreamReceive isLoss 1 mPropertyId 0x214020ae
03-17 18:53:33.884   400   452 D adayocomadapter-CommunicationManager: convertBytesToInt32Memcpy  0
03-17 18:53:33.884   400   452 D vw-vhal : notifyVehicleProperty, propId = 0x214020ae, data = {status: 3, int32Values: [0]}
03-17 18:53:33.884   400   452 I DefaultVehicleHal_v2_0: DefaultVehicleHal::onPropertyValue, value:{.timestamp = 147832316016, .areaId = 0, .prop = 557850798, .status = UNAVAILABLE, .value = {.int32Values = [1]{0}, .floatValues = [0]{}, .int64Values = [0]{}, .bytes = [0]{}, .stringValue = ""}}
03-17 18:53:33.884   400   452 D adayocomadapter-CommunicationManager: onUpstreamReceive mPropertyId 0x214020ae
03-17 18:53:33.884   400   452 D adayocomadapter-CommunicationManager: onUpstreamReceive isLoss 0 mPropertyId 0x2140210d
03-17 18:53:33.884   400   452 D adayocomadapter-CommunicationManager: convertBytesToInt32Memcpy  0
03-17 18:53:33.885   400   452 D vw-vhal : notifyVehicleProperty, propId = 0x2140210d, data = {status: 2, int32Values: [0]}
03-17 18:53:33.885   400   452 I DefaultVehicleHal_v2_0: DefaultVehicleHal::onPropertyValue, value:{.timestamp = 147832662682, .areaId = 0, .prop = 557850893, .status = AVAILABLE, .value = {.int32Values = [1]{0}, .floatValues = [0]{}, .int64Values = [0]{}, .bytes = [0]{}, .stringValue = ""}}
03-17 18:53:33.885   400   452 D adayocomadapter-CommunicationManager: onUpstreamReceive mPropertyId 0x2140210d
03-17 18:53:33.885   400   452 D adayocomadapter-CommunicationManager: onUpstreamReceive isLoss 1 mPropertyId 0x21401018
03-17 18:53:33.885   400   452 D adayocomadapter-CommunicationManager: convertBytesToInt32Memcpy  0
03-17 18:53:33.885   400   452 D vw-vhal : notifyVehicleProperty, propId = 0x21401018, data = {status: 3, int32Values: [0]}
03-17 18:53:33.885   400   452 I DefaultVehicleHal_v2_0: DefaultVehicleHal::onPropertyValue, value:{.timestamp = 147833007349, .areaId = 0, .prop = 557846552, .status = UNAVAILABLE, .value = {.int32Values = [1]{0}, .floatValues = [0]{}, .int64Values = [0]{}, .bytes = [0]{}, .stringValue = ""}}
03-17 18:53:33.885   400   452 D adayocomadapter-CommunicationManager: onUpstreamReceive mPropertyId 0x21401018
03-17 18:53:33.885   400   452 D adayocomadapter-CommunicationManager: onUpstreamReceive isLoss 1 mPropertyId 0x214020a9
03-17 18:53:33.885   400   452 D adayocomadapter-CommunicationManager: convertBytesToInt32Memcpy  0
03-17 18:53:33.885   400   452 D vw-vhal : notifyVehicleProperty, propId = 0x214020a9, data = {status: 3, int32Values: [0]}
03-17 18:53:33.885   400   452 I DefaultVehicleHal_v2_0: DefaultVehicleHal::onPropertyValue, value:{.timestamp = 147833362349, .areaId = 0, .prop = 557850793, .status = UNAVAILABLE, .value = {.int32Values = [1]{0}, .floatValues = [0]{}, .int64Values = [0]{}, .bytes = [0]{}, .stringValue = ""}}
03-17 18:53:33.885   400   452 D adayocomadapter-CommunicationManager: onUpstreamReceive mPropertyId 0x214020a9
03-17 18:53:33.885   400   452 D adayocomadapter-CommunicationManager: onUpstreamReceive isLoss 1 mPropertyId 0x214020ab
03-17 18:53:33.886   400   452 D adayocomadapter-CommunicationManager: convertBytesToInt32Memcpy  0
03-17 18:53:33.886   400   452 D vw-vhal : notifyVehicleProperty, propId = 0x214020ab, data = {status: 3, int32Values: [0]}
03-17 18:53:33.886   400   452 I DefaultVehicleHal_v2_0: DefaultVehicleHal::onPropertyValue, value:{.timestamp = 147833705349, .areaId = 0, .prop = 557850795, .status = UNAVAILABLE, .value = {.int32Values = [1]{0}, .floatValues = [0]{}, .int64Values = [0]{}, .bytes = [0]{}, .stringValue = ""}}
03-17 18:53:33.886   400   452 D adayocomadapter-CommunicationManager: onUpstreamReceive mPropertyId 0x214020ab
03-17 18:53:33.886   400   452 D adayocomadapter-CommunicationManager: onUpstreamReceive isLoss 1 mPropertyId 0x214020ad
03-17 18:53:33.886   400   452 D adayocomadapter-CommunicationManager: convertBytesToInt32Memcpy  0
03-17 18:53:33.886   400   452 D vw-vhal : notifyVehicleProperty, propId = 0x214020ad, data = {status: 3, int32Values: [0]}
03-17 18:53:33.886   400   452 I DefaultVehicleHal_v2_0: DefaultVehicleHal::onPropertyValue, value:{.timestamp = 147834042349, .areaId = 0, .prop = 557850797, .status = UNAVAILABLE, .value = {.int32Values = [1]{0}, .floatValues = [0]{}, .int64Values = [0]{}, .bytes = [0]{}, .stringValue = ""}}
03-17 18:53:33.886   400   452 D adayocomadapter-CommunicationManager: onUpstreamReceive mPropertyId 0x214020ad
03-17 18:53:33.886   400   452 D adayocomadapter-CommunicationManager: onUpstreamReceive isLoss 0 mPropertyId 0x2140213a
03-17 18:53:33.886   400   452 D adayocomadapter-CommunicationManager: convertBytesToInt32Memcpy  0
03-17 18:53:33.886   400   452 D vw-vhal : notifyVehicleProperty, propId = 0x2140213a, data = {status: 2, int32Values: [0]}
03-17 18:53:33.886   400   452 I DefaultVehicleHal_v2_0: DefaultVehicleHal::onPropertyValue, value:{.timestamp = 147834389016, .areaId = 0, .prop = 557850938, .status = AVAILABLE, .value = {.int32Values = [1]{0}, .floatValues = [0]{}, .int64Values = [0]{}, .bytes = [0]{}, .stringValue = ""}}
03-17 18:53:33.886   400   452 D adayocomadapter-CommunicationManager: onUpstreamReceive mPropertyId 0x2140213a
03-17 18:53:33.887   400   452 D adayocomadapter-CommunicationManager: onUpstreamReceive isLoss 0 mPropertyId 0x214021c7
03-17 18:53:33.887   400   452 D adayocomadapter-CommunicationManager: convertBytesToInt32Memcpy  0
03-17 18:53:33.887   400   452 D vw-vhal : notifyVehicleProperty, propId = 0x214021c7, data = {status: 2, int32Values: [0]}
03-17 18:53:33.887   400   452 I DefaultVehicleHal_v2_0: DefaultVehicleHal::onPropertyValue, value:{.timestamp = 147834733016, .areaId = 0, .prop = 557851079, .status = AVAILABLE, .value = {.int32Values = [1]{0}, .floatValues = [0]{}, .int64Values = [0]{}, .bytes = [0]{}, .stringValue = ""}}
03-17 18:53:33.887   400   452 D adayocomadapter-CommunicationManager: onUpstreamReceive mPropertyId 0x214021c7
03-17 18:53:33.887   400   452 D adayocomadapter-CommunicationManager: onUpstreamReceive isLoss 1 mPropertyId 0x214020f2
03-17 18:53:33.887   400   452 D adayocomadapter-CommunicationManager: convertBytesToInt32Memcpy  0
03-17 18:53:33.887   400   452 D vw-vhal : notifyVehicleProperty, propId = 0x214020f2, data = {status: 3, int32Values: [0]}
03-17 18:53:33.887   400   452 I DefaultVehicleHal_v2_0: DefaultVehicleHal::onPropertyValue, value:{.timestamp = 147835076349, .areaId = 0, .prop = 557850866, .status = UNAVAILABLE, .value = {.int32Values = [1]{0}, .floatValues = [0]{}, .int64Values = [0]{}, .bytes = [0]{}, .stringValue = ""}}
03-17 18:53:33.887   400   452 D adayocomadapter-CommunicationManager: onUpstreamReceive mPropertyId 0x214020f2
03-17 18:53:33.887   400   452 D adayocomadapter-CommunicationManager: onUpstreamReceive isLoss 1 mPropertyId 0x214020f1
03-17 18:53:33.887   400   452 D adayocomadapter-CommunicationManager: convertBytesToInt32Memcpy  0
03-17 18:53:33.887   400   452 D vw-vhal : notifyVehicleProperty, propId = 0x214020f1, data = {status: 3, int32Values: [0]}
03-17 18:53:33.887   400   452 I DefaultVehicleHal_v2_0: DefaultVehicleHal::onPropertyValue, value:{.timestamp = 147835414682, .areaId = 0, .prop = 557850865, .status = UNAVAILABLE, .value = {.int32Values = [1]{0}, .floatValues = [0]{}, .int64Values = [0]{}, .bytes = [0]{}, .stringValue = ""}}
03-17 18:53:33.887   400   452 D adayocomadapter-CommunicationManager: onUpstreamReceive mPropertyId 0x214020f1
03-17 18:53:33.888   400   452 D adayocomadapter-CommunicationManager: onUpstreamReceive isLoss 1 mPropertyId 0x21402112
03-17 18:53:33.888   400   452 D adayocomadapter-CommunicationManager: convertBytesToInt32Memcpy  0
03-17 18:53:33.888   400   452 D vw-vhal : notifyVehicleProperty, propId = 0x21402112, data = {status: 3, int32Values: [0]}
03-17 18:53:33.888   400   452 I DefaultVehicleHal_v2_0: DefaultVehicleHal::onPropertyValue, value:{.timestamp = 147835760349, .areaId = 0, .prop = 557850898, .status = UNAVAILABLE, .value = {.int32Values = [1]{0}, .floatValues = [0]{}, .int64Values = [0]{}, .bytes = [0]{}, .stringValue = ""}}
03-17 18:53:33.888   400   452 D adayocomadapter-CommunicationManager: onUpstreamReceive mPropertyId 0x21402112
03-17 18:53:33.888   400   452 D adayocomadapter-CommunicationManager: onUpstreamReceive isLoss 1 mPropertyId 0x2140219f
03-17 18:53:33.888   400   452 D adayocomadapter-CommunicationManager: convertBytesToInt32Memcpy  0
03-17 18:53:33.888   400   452 D vw-vhal : notifyVehicleProperty, propId = 0x2140219f, data = {status: 3, int32Values: [0]}
03-17 18:53:33.888   400   452 I DefaultVehicleHal_v2_0: DefaultVehicleHal::onPropertyValue, value:{.timestamp = 147836153349, .areaId = 0, .prop = 557851039, .status = UNAVAILABLE, .value = {.int32Values = [1]{0}, .floatValues = [0]{}, .int64Values = [0]{}, .bytes = [0]{}, .stringValue = ""}}
03-17 18:53:33.888   400   452 D adayocomadapter-CommunicationManager: onUpstreamReceive mPropertyId 0x2140219f
03-17 18:53:33.888   400   452 D adayocomadapter-CommunicationManager: onUpstreamReceive isLoss 1 mPropertyId 0x21402139
03-17 18:53:33.888   400   452 D adayocomadapter-CommunicationManager: convertBytesToInt32Memcpy  0
03-17 18:53:33.888   400   452 D vw-vhal : notifyVehicleProperty, propId = 0x21402139, data = {status: 3, int32Values: [0]}
03-17 18:53:33.889   400   452 I DefaultVehicleHal_v2_0: DefaultVehicleHal::onPropertyValue, value:{.timestamp = 147836500349, .areaId = 0, .prop = 557850937, .status = UNAVAILABLE, .value = {.int32Values = [1]{0}, .floatValues = [0]{}, .int64Values = [0]{}, .bytes = [0]{}, .stringValue = ""}}
03-17 18:53:33.889   400   452 D adayocomadapter-CommunicationManager: onUpstreamReceive mPropertyId 0x21402139
03-17 18:53:33.889   400   452 D adayocomadapter-CommunicationManager: onUpstreamReceive isLoss 1 mPropertyId 0x21402025
03-17 18:53:33.889   400   452 D adayocomadapter-CommunicationManager: convertBytesToInt32Memcpy  0
03-17 18:53:33.889   400   452 D vw-vhal : notifyVehicleProperty, propId = 0x21402025, data = {status: 3, int32Values: [0]}
03-17 18:53:33.889   400   452 I DefaultVehicleHal_v2_0: DefaultVehicleHal::onPropertyValue, value:{.timestamp = 147836841349, .areaId = 0, .prop = 557850661, .status = UNAVAILABLE, .value = {.int32Values = [1]{0}, .floatValues = [0]{}, .int64Values = [0]{}, .bytes = [0]{}, .stringValue = ""}}
03-17 18:53:33.889   400   452 D adayocomadapter-CommunicationManager: onUpstreamReceive mPropertyId 0x21402025
03-17 18:53:33.889   400   452 D adayocomadapter-CommunicationManager: onUpstreamReceive isLoss 1 mPropertyId 0x21402033
03-17 18:53:33.889   400   452 D adayocomadapter-CommunicationManager: convertBytesToInt32Memcpy  16777215
03-17 18:53:33.889   400   452 D vw-vhal : notifyVehicleProperty, propId = 0x21402033, data = {status: 3, int32Values: [16777215]}
03-17 18:53:33.889   400   452 I DefaultVehicleHal_v2_0: DefaultVehicleHal::onPropertyValue, value:{.timestamp = 147837193682, .areaId = 0, .prop = 557850675, .status = UNAVAILABLE, .value = {.int32Values = [1]{16777215}, .floatValues = [0]{}, .int64Values = [0]{}, .bytes = [0]{}, .stringValue = ""}}
03-17 18:53:33.889   400   452 D adayocomadapter-CommunicationManager: onUpstreamReceive mPropertyId 0x21402033
03-17 18:53:33.889   642   685 I mcuc    : sd Uart data : 6AA602058B00029202D8
03-17 18:53:33.889   400   452 D adayocomadapter-CommunicationManager: onUpstreamReceive isLoss 1 mPropertyId 0x21402034
03-17 18:53:33.889   400   452 D adayocomadapter-CommunicationManager: convertBytesToInt32Memcpy  0
03-17 18:53:33.889   400   452 D vw-vhal : notifyVehicleProperty, propId = 0x21402034, data = {status: 3, int32Values: [0]}
03-17 18:53:33.890   400   452 I DefaultVehicleHal_v2_0: DefaultVehicleHal::onPropertyValue, value:{.timestamp = 147837547349, .areaId = 0, .prop = 557850676, .status = UNAVAILABLE, .value = {.int32Values = [1]{0}, .floatValues = [0]{}, .int64Values = [0]{}, .bytes = [0]{}, .stringValue = ""}}
03-17 18:53:33.890   400   452 D adayocomadapter-CommunicationManager: onUpstreamReceive mPropertyId 0x21402034
03-17 18:53:33.890   400   452 D adayocomadapter-CommunicationManager: onUpstreamReceive isLoss 0 mPropertyId 0x2140218c
03-17 18:53:33.890   400   452 D adayocomadapter-CommunicationManager: convertBytesToInt32Memcpy  0
03-17 18:53:33.890   400   452 D vw-vhal : notifyVehicleProperty, propId = 0x2140218c, data = {status: 2, int32Values: [0]}
03-17 18:53:33.890   400   452 I DefaultVehicleHal_v2_0: DefaultVehicleHal::onPropertyValue, value:{.timestamp = 147837889682, .areaId = 0, .prop = 557851020, .status = AVAILABLE, .value = {.int32Values = [1]{0}, .floatValues = [0]{}, .int64Values = [0]{}, .bytes = [0]{}, .stringValue = ""}}
03-17 18:53:33.890   400   452 D adayocomadapter-CommunicationManager: onUpstreamReceive mPropertyId 0x2140218c
03-17 18:53:33.890   400   452 D adayocomadapter-CommunicationManager: onUpstreamReceive isLoss 0 mPropertyId 0x2140219b
03-17 18:53:33.890   400   452 D adayocomadapter-CommunicationManager: convertBytesToInt32Memcpy  0
03-17 18:53:33.890   400   452 D vw-vhal : notifyVehicleProperty, propId = 0x2140219b, data = {status: 2, int32Values: [0]}
03-17 18:53:33.890   400   452 I DefaultVehicleHal_v2_0: DefaultVehicleHal::onPropertyValue, value:{.timestamp = 147838229682, .areaId = 0, .prop = 557851035, .status = AVAILABLE, .value = {.int32Values = [1]{0}, .floatValues = [0]{}, .int64Values = [0]{}, .bytes = [0]{}, .stringValue = ""}}
03-17 18:53:33.890   400   452 D adayocomadapter-CommunicationManager: onUpstreamReceive mPropertyId 0x2140219b
03-17 18:53:33.890   400   452 D adayocomadapter-CommunicationManager: onUpstreamReceive isLoss 1 mPropertyId 0x214021a0
03-17 18:53:33.890   400   452 D adayocomadapter-CommunicationManager: convertBytesToInt32Memcpy  0
03-17 18:53:33.890   400   452 D vw-vhal : notifyVehicleProperty, propId = 0x214021a0, data = {status: 3, int32Values: [0]}
03-17 18:53:33.891   400   452 I DefaultVehicleHal_v2_0: DefaultVehicleHal::onPropertyValue, value:{.timestamp = 147838567349, .areaId = 0, .prop = 557851040, .status = UNAVAILABLE, .value = {.int32Values = [1]{0}, .floatValues = [0]{}, .int64Values = [0]{}, .bytes = [0]{}, .stringValue = ""}}
03-17 18:53:33.891   400   452 D adayocomadapter-CommunicationManager: onUpstreamReceive mPropertyId 0x214021a0
03-17 18:53:33.891   400   452 D adayocomadapter-CommunicationManager: onUpstreamReceive isLoss 1 mPropertyId 0x214021a3
03-17 18:53:33.891   400   452 D adayocomadapter-CommunicationManager: convertBytesToInt32Memcpy  0
03-17 18:53:33.891   400   452 D vw-vhal : notifyVehicleProperty, propId = 0x214021a3, data = {status: 3, int32Values: [0]}
03-17 18:53:33.891   400   452 I DefaultVehicleHal_v2_0: DefaultVehicleHal::onPropertyValue, value:{.timestamp = 147838906349, .areaId = 0, .prop = 557851043, .status = UNAVAILABLE, .value = {.int32Values = [1]{0}, .floatValues = [0]{}, .int64Values = [0]{}, .bytes = [0]{}, .stringValue = ""}}
03-17 18:53:33.891   400   452 D adayocomadapter-CommunicationManager: onUpstreamReceive mPropertyId 0x214021a3
03-17 18:53:33.891   400   452 D adayocomadapter-CommunicationManager: onUpstreamReceive isLoss 1 mPropertyId 0x214021a4
03-17 18:53:33.891   400   452 D adayocomadapter-CommunicationManager: convertBytesToInt32Memcpy  0
03-17 18:53:33.891   400   452 D vw-vhal : notifyVehicleProperty, propId = 0x214021a4, data = {status: 3, int32Values: [0]}
03-17 18:53:33.891   400   452 I DefaultVehicleHal_v2_0: DefaultVehicleHal::onPropertyValue, value:{.timestamp = 147839245682, .areaId = 0, .prop = 557851044, .status = UNAVAILABLE, .value = {.int32Values = [1]{0}, .floatValues = [0]{}, .int64Values = [0]{}, .bytes = [0]{}, .stringValue = ""}}
03-17 18:53:33.891   400   452 D adayocomadapter-CommunicationManager: onUpstreamReceive mPropertyId 0x214021a4
03-17 18:53:33.891   400   452 D adayocomadapter-CommunicationManager: onUpstreamReceive isLoss 0 mPropertyId 0x214021cb
03-17 18:53:33.891   400   452 D adayocomadapter-CommunicationManager: convertBytesToInt32Memcpy  0
03-17 18:53:33.891   400   452 D vw-vhal : notifyVehicleProperty, propId = 0x214021cb, data = {status: 2, int32Values: [0]}
03-17 18:53:33.892   400   452 I DefaultVehicleHal_v2_0: DefaultVehicleHal::onPropertyValue, value:{.timestamp = 147839584682, .areaId = 0, .prop = 557851083, .status = AVAILABLE, .value = {.int32Values = [1]{0}, .floatValues = [0]{}, .int64Values = [0]{}, .bytes = [0]{}, .stringValue = ""}}
03-17 18:53:33.892   400   452 D adayocomadapter-CommunicationManager: onUpstreamReceive mPropertyId 0x214021cb
03-17 18:53:33.895   642   685 I mcuc    : rev uart=1493,len=47, data : 6AA681058B0027920200140000000000000000000000000000FFFFFFFFFFFFFFFF0000000000000000000101010124
03-17 18:53:33.895   400   400 D adayocomadapter-ParseProtocolFunc: printRaWMsg Name[MCUToUPstream recv] len[39] data[920200140000000000000000000000000000FFFFFFFFFFFFFFFF00000000000000000001010101]
03-17 18:53:33.895   400   400 D adayocomadapter-CommunicationManager: onUpstreamback   member[0] dataLength[36] timePoint[147843]
03-17 18:53:33.895   400   400 D adayocomadapter-ParseProtocolFunc: printRaWMsg Name[onUpstreamback] len[36] data[140000000000000000000000000000FFFFFFFFFFFFFFFF00000000000000000001010101]
03-17 18:53:33.895   400   452 D adayocomadapter-UpstreamHandler: processBeforePacket upSreamtProcessTimePoint[147843] 
03-17 18:53:33.896   400   452 D adayocomadapter-UpstreamHandler: processPacket UPSTREAM_QUEUE_DATA_TIMEOUT
03-17 18:53:33.896   400   452 D adayocomadapter-ParseProtocolFunc: parseCommonIPCLBytes Processing tableNumber[20]
03-17 18:53:33.896   400   452 D adayocomadapter-ParseProtocolFunc: parseCommonIPCLBytes Processing tablename[Table-20] tableSize[36]
03-17 18:53:33.896   400   452 D adayocomadapter-ParseProtocolFunc: printRaWMsg Name[byteStream recv] len[36] data[140000000000000000000000000000FFFFFFFFFFFFFFFF00000000000000000001010101]
03-17 18:53:33.896   400   452 D adayocomadapter-ParseProtocolFunc: printRaWMsg Name[IPCLtoVHAL] len[7] data[2140200F000100]
03-17 18:53:33.896   400   452 D adayocomadapter-ParseProtocolFunc: printRaWMsg Name[IPCLtoVHAL] len[7] data[214020B0000100]
03-17 18:53:33.896   400   452 D adayocomadapter-ParseProtocolFunc: printRaWMsg Name[IPCLtoVHAL] len[9] data[214120160101000000]
03-17 18:53:33.896   400   452 D adayocomadapter-ParseProtocolFunc: printRaWMsg Name[IPCLtoVHAL] len[7] data[214020590001FF]
03-17 18:53:33.896   400   452 D adayocomadapter-ParseProtocolFunc: printRaWMsg Name[IPCLtoVHAL] len[7] data[2140201A000100]
03-17 18:53:33.896   400   452 D adayocomadapter-ParseProtocolFunc: printRaWMsg Name[IPCLtoVHAL] len[7] data[21402010000100]
03-17 18:53:33.896   400   452 D adayocomadapter-ParseProtocolFunc: printRaWMsg Name[IPCLtoVHAL] len[7] data[214020550001FF]
03-17 18:53:33.896   400   452 D adayocomadapter-ParseProtocolFunc: printRaWMsg Name[IPCLtoVHAL] len[7] data[214020B1000100]
03-17 18:53:33.897   400   452 D adayocomadapter-ParseProtocolFunc: printRaWMsg Name[IPCLtoVHAL] len[7] data[2140201B000100]
03-17 18:53:33.897   400   452 D adayocomadapter-ParseProtocolFunc: printRaWMsg Name[IPCLtoVHAL] len[7] data[21402018000100]
03-17 18:53:33.897   400   452 D adayocomadapter-ParseProtocolFunc: printRaWMsg Name[IPCLtoVHAL] len[7] data[21402190000100]
03-17 18:53:33.897   400   452 D adayocomadapter-ParseProtocolFunc: printRaWMsg Name[IPCLtoVHAL] len[7] data[21402021000100]
03-17 18:53:33.897   400   452 D adayocomadapter-ParseProtocolFunc: printRaWMsg Name[IPCLtoVHAL] len[7] data[214021C8000100]
03-17 18:53:33.897   400   452 D adayocomadapter-ParseProtocolFunc: printRaWMsg Name[IPCLtoVHAL] len[8] data[2140200A00010000]
03-17 18:53:33.897   400   452 D adayocomadapter-ParseProtocolFunc: printRaWMsg Name[IPCLtoVHAL] len[7] data[2140223E000100]
03-17 18:53:33.897   400   452 D adayocomadapter-ParseProtocolFunc: printRaWMsg Name[IPCLtoVHAL] len[7] data[21402119000100]
03-17 18:53:33.897   400   452 D adayocomadapter-ParseProtocolFunc: printRaWMsg Name[IPCLtoVHAL] len[7] data[21402005000100]
03-17 18:53:33.897   400   452 D adayocomadapter-ParseProtocolFunc: printRaWMsg Name[IPCLtoVHAL] len[7] data[2140214E000100]
03-17 18:53:33.897   400   452 D adayocomadapter-ParseProtocolFunc: printRaWMsg Name[IPCLtoVHAL] len[7] data[214020560001FF]
03-17 18:53:33.897   400   452 D adayocomadapter-ParseProtocolFunc: printRaWMsg Name[IPCLtoVHAL] len[7] data[214020570001FF]
