03-17 18:53:30.128   703   703 W vendor.fawvw.hardware.persistenceservice: [64][PersistenceProxyReplier::setValue] setValue when server disconnect
03-17 18:53:30.128   703   703 I vendor.fawvw.hardware.persistenceservice: [49][PersistenceService::setValue]Receive aidl setValue:key is Reserved,value is 0,serviceid is 2
03-17 18:53:30.128   400   452 D DiagPropHandler: Successfully set property [Reserved] = 0
03-17 18:53:30.128   400   452 D DiagPropHandler: Set property [Reserved] = 0
03-17 18:53:30.128   582  3616 E WifiHAL : Invalid data received from driver
03-17 18:53:30.129   703   703 W vendor.fawvw.hardware.persistenceservice: [64][PersistenceProxyReplier::setValue] setValue when server disconnect
03-17 18:53:30.129   703   703 I vendor.fawvw.hardware.persistenceservice: [49][PersistenceService::setValue]Receive aidl setValue:key is DVR,value is 0,serviceid is 2
03-17 18:53:30.129   400   452 D DiagPropHandler: Successfully set property [DVR] = 0
03-17 18:53:30.129   400   452 D DiagPropHandler: Set property [DVR] = 0
03-17 18:53:30.130   703   703 W vendor.fawvw.hardware.persistenceservice: [64][PersistenceProxyReplier::setValue] setValue when server disconnect
03-17 18:53:30.130   703   703 I vendor.fawvw.hardware.persistenceservice: [49][PersistenceService::setValue]Receive aidl setValue:key is Online_Navi_Config,value is 0,serviceid is 2
03-17 18:53:30.130   400   452 D DiagPropHandler: Successfully set property [Online_Navi_Config] = 0
03-17 18:53:30.130   400   452 D DiagPropHandler: Set property [Online_Navi_Config] = 0
03-17 18:53:30.130   703   703 I vendor.fawvw.hardware.persistenceservice: [194][persistence_client_library_prct_access::get_db_context] key Reserved is not in RCT,will be stored in cached
03-17 18:53:30.131   703   703 W vendor.fawvw.hardware.persistenceservice: [64][PersistenceProxyReplier::setValue] setValue when server disconnect
03-17 18:53:30.131   703   703 I vendor.fawvw.hardware.persistenceservice: [49][PersistenceService::setValue]Receive aidl setValue:key is Reserved,value is 0,serviceid is 2
03-17 18:53:30.131   400   452 D DiagPropHandler: Successfully set property [Reserved] = 0
03-17 18:53:30.131   400   452 D DiagPropHandler: Set property [Reserved] = 0
03-17 18:53:30.131   703   703 I vendor.fawvw.hardware.persistenceservice: [194][persistence_client_library_prct_access::get_db_context] key Reserved is not in RCT,will be stored in cached
03-17 18:53:30.131   703   703 W vendor.fawvw.hardware.persistenceservice: [64][PersistenceProxyReplier::setValue] setValue when server disconnect
03-17 18:53:30.131   703   703 I vendor.fawvw.hardware.persistenceservice: [49][PersistenceService::setValue]Receive aidl setValue:key is Reserved,value is 0,serviceid is 2
03-17 18:53:30.131   400   452 D DiagPropHandler: Successfully set property [Reserved] = 0
03-17 18:53:30.132   400   452 D DiagPropHandler: Set property [Reserved] = 0
03-17 18:53:30.132   703   703 I vendor.fawvw.hardware.persistenceservice: [194][persistence_client_library_prct_access::get_db_context] key Reserved is not in RCT,will be stored in cached
03-17 18:53:30.132   703   703 W vendor.fawvw.hardware.persistenceservice: [64][PersistenceProxyReplier::setValue] setValue when server disconnect
03-17 18:53:30.132   703   703 I vendor.fawvw.hardware.persistenceservice: [49][PersistenceService::setValue]Receive aidl setValue:key is Reserved,value is 0,serviceid is 2
03-17 18:53:30.132   400   452 D DiagPropHandler: Successfully set property [Reserved] = 0
03-17 18:53:30.132   400   452 D adayocomadapter-CommunicationManager: onUpstreamReceive mPropertyId 0x2141410f
03-17 18:53:30.132   400   452 D adayocomadapter-CommunicationManager: onUpstreamReceive isLoss 0 mPropertyId 0x21414127
03-17 18:53:30.132   400   452 D adayocomadapter-CommunicationManager: convertBytesToInt32Memcpy  0
03-17 18:53:30.133   400   452 D vw-vhal : notifyVehicleProperty, propId = 0x21414127, data = {status: 2, int32Values: [0]}
03-17 18:53:30.133   400   452 I vw-vhal : CanSignalsAdapter::notifyDiagProperty: propId = 0x21414127, data = {status: 2, int32Values: [0]}
03-17 18:53:30.133   400   452 I DefaultVehicleHal_v2_0: DefaultVehicleHal::onPropertyValue, value:{.timestamp = 144080699682, .areaId = 0, .prop = 557924647, .status = AVAILABLE, .value = {.int32Values = [1]{0}, .floatValues = [0]{}, .int64Values = [0]{}, .bytes = [0]{}, .stringValue = ""}}
03-17 18:53:30.133   400   452 D DefaultVehicleHal_v2_0: onPropertyValue: Diagnostic config property: 0x21414127
03-17 18:53:30.133   400   452 D DiagPropHandler: Processing request for prop: 0x21414127, size: 1
03-17 18:53:30.133   703   703 W vendor.fawvw.hardware.persistenceservice: [64][PersistenceProxyReplier::setValue] setValue when server disconnect
03-17 18:53:30.133   703   703 I vendor.fawvw.hardware.persistenceservice: [49][PersistenceService::setValue]Receive aidl setValue:key is Tire_Pressure,value is 0,serviceid is 2
03-17 18:53:30.134   400   452 D DiagPropHandler: Successfully set property [Tire_Pressure] = 0
03-17 18:53:30.134   400   452 D adayocomadapter-CommunicationManager: onUpstreamReceive mPropertyId 0x21414127
03-17 18:53:30.134   400   452 D adayocomadapter-CommunicationManager: onUpstreamReceive isLoss 0 mPropertyId 0x21414125
03-17 18:53:30.134   400   452 D adayocomadapter-CommunicationManager: convertBytesToInt32Memcpy  0
03-17 18:53:30.134   400   452 D vw-vhal : notifyVehicleProperty, propId = 0x21414125, data = {status: 2, int32Values: [0]}
03-17 18:53:30.134   400   452 I vw-vhal : CanSignalsAdapter::notifyDiagProperty: propId = 0x21414125, data = {status: 2, int32Values: [0]}
03-17 18:53:30.134   400   452 I DefaultVehicleHal_v2_0: DefaultVehicleHal::onPropertyValue, value:{.timestamp = 144082181015, .areaId = 0, .prop = 557924645, .status = AVAILABLE, .value = {.int32Values = [1]{0}, .floatValues = [0]{}, .int64Values = [0]{}, .bytes = [0]{}, .stringValue = ""}}
03-17 18:53:30.134   400   452 D DefaultVehicleHal_v2_0: onPropertyValue: Diagnostic config property: 0x21414125
03-17 18:53:30.134   400   452 D DiagPropHandler: Processing request for prop: 0x21414125, size: 1
03-17 18:53:30.135   703   703 W vendor.fawvw.hardware.persistenceservice: [64][PersistenceProxyReplier::setValue] setValue when server disconnect
03-17 18:53:30.135   703   703 I vendor.fawvw.hardware.persistenceservice: [49][PersistenceService::setValue]Receive aidl setValue:key is Raining_Auto_Wiper,value is 0,serviceid is 2
03-17 18:53:30.135   400   452 D DiagPropHandler: Successfully set property [Raining_Auto_Wiper] = 0
03-17 18:53:30.135   400   452 D adayocomadapter-CommunicationManager: onUpstreamReceive mPropertyId 0x21414125
03-17 18:53:30.135   400   452 D adayocomadapter-CommunicationManager: onUpstreamReceive isLoss 0 mPropertyId 0x2141410b
03-17 18:53:30.135   400   452 D vw-vhal : notifyVehicleProperty, propId = 0x2141410b, data = {status: 2, int32Values: [0, 0, 0, 0, 0, 0, 0, 0, 0]}
03-17 18:53:30.135   400   452 I vw-vhal : CanSignalsAdapter::notifyDiagProperty: propId = 0x2141410b, data = {status: 2, int32Values: [0, 0, 0, 0, 0, 0, 0, 0, 0]}
03-17 18:53:30.136   400   452 I DefaultVehicleHal_v2_0: DefaultVehicleHal::onPropertyValue, value:{.timestamp = 144083588349, .areaId = 0, .prop = 557924619, .status = AVAILABLE, .value = {.int32Values = [9]{0, 0, 0, 0, 0, 0, 0, 0, 0}, .floatValues = [0]{}, .int64Values = [0]{}, .bytes = [0]{}, .stringValue = ""}}
03-17 18:53:30.136   400   452 D DefaultVehicleHal_v2_0: onPropertyValue: Diagnostic config property: 0x2141410b
03-17 18:53:30.136   400   452 D DiagPropHandler: Processing request for prop: 0x2141410b, size: 9
03-17 18:53:30.136   703   703 W vendor.fawvw.hardware.persistenceservice: [64][PersistenceProxyReplier::setValue] setValue when server disconnect
03-17 18:53:30.137   703   703 I vendor.fawvw.hardware.persistenceservice: [49][PersistenceService::setValue]Receive aidl setValue:key is tbox_operation_to_standby_timer,value is 0,serviceid is 2
03-17 18:53:30.137   400   452 D DiagPropHandler: Successfully set property [tbox_operation_to_standby_timer] = 0
03-17 18:53:30.137   703   703 W vendor.fawvw.hardware.persistenceservice: [64][PersistenceProxyReplier::setValue] setValue when server disconnect
03-17 18:53:30.137   703   703 I vendor.fawvw.hardware.persistenceservice: [49][PersistenceService::setValue]Receive aidl setValue:key is tbox_standby_to_sleep_timer,value is 0,serviceid is 2
03-17 18:53:30.138   400   452 D DiagPropHandler: Successfully set property [tbox_standby_to_sleep_timer] = 0
03-17 18:53:30.138   703   703 W vendor.fawvw.hardware.persistenceservice: [64][PersistenceProxyReplier::setValue] setValue when server disconnect
03-17 18:53:30.138   703   703 I vendor.fawvw.hardware.persistenceservice: [49][PersistenceService::setValue]Receive aidl setValue:key is ivi_operation_to_shutdown_timer,value is 0,serviceid is 2
03-17 18:53:30.138   400   452 D DiagPropHandler: Successfully set property [ivi_operation_to_shutdown_timer] = 0
03-17 18:53:30.139   703   703 W vendor.fawvw.hardware.persistenceservice: [64][PersistenceProxyReplier::setValue] setValue when server disconnect
03-17 18:53:30.139   703   703 I vendor.fawvw.hardware.persistenceservice: [49][PersistenceService::setValue]Receive aidl setValue:key is ivi_str_to_sleep_timer,value is 0,serviceid is 2
03-17 18:53:30.139   400   452 D DiagPropHandler: Successfully set property [ivi_str_to_sleep_timer] = 0
03-17 18:53:30.140   703   703 W vendor.fawvw.hardware.persistenceservice: [64][PersistenceProxyReplier::setValue] setValue when server disconnect
03-17 18:53:30.140   703   703 I vendor.fawvw.hardware.persistenceservice: [49][PersistenceService::setValue]Receive aidl setValue:key is str_mode_on_off,value is 0,serviceid is 2
03-17 18:53:30.140   400   452 D DiagPropHandler: Successfully set property [str_mode_on_off] = 0
03-17 18:53:30.140   703   703 W vendor.fawvw.hardware.persistenceservice: [64][PersistenceProxyReplier::setValue] setValue when server disconnect
03-17 18:53:30.141   703   703 I vendor.fawvw.hardware.persistenceservice: [49][PersistenceService::setValue]Receive aidl setValue:key is delay_power_off_reminder_due_timeout,value is 0,serviceid is 2
03-17 18:53:30.141   400   452 D DiagPropHandler: Successfully set property [delay_power_off_reminder_due_timeout] = 0
03-17 18:53:30.141   400   452 D adayocomadapter-CommunicationManager: onUpstreamReceive mPropertyId 0x2141410b
03-17 18:53:30.141   400   452 D adayocomadapter-CommunicationManager: onUpstreamReceive isLoss 0 mPropertyId 0x21414123
03-17 18:53:30.141   400   452 D adayocomadapter-CommunicationManager: convertBytesToInt32Memcpy  0
03-17 18:53:30.141   400   452 D vw-vhal : notifyVehicleProperty, propId = 0x21414123, data = {status: 2, int32Values: [0]}
03-17 18:53:30.141   400   452 I vw-vhal : CanSignalsAdapter::notifyDiagProperty: propId = 0x21414123, data = {status: 2, int32Values: [0]}
03-17 18:53:30.141   400   452 I DefaultVehicleHal_v2_0: DefaultVehicleHal::onPropertyValue, value:{.timestamp = 144089239015, .areaId = 0, .prop = 557924643, .status = AVAILABLE, .value = {.int32Values = [1]{0}, .floatValues = [0]{}, .int64Values = [0]{}, .bytes = [0]{}, .stringValue = ""}}
03-17 18:53:30.141   400   452 D DefaultVehicleHal_v2_0: onPropertyValue: Diagnostic config property: 0x21414123
03-17 18:53:30.141   400   452 D DiagPropHandler: Processing request for prop: 0x21414123, size: 1
03-17 18:53:30.142   703   703 W vendor.fawvw.hardware.persistenceservice: [64][PersistenceProxyReplier::setValue] setValue when server disconnect
03-17 18:53:30.142   703   703 I vendor.fawvw.hardware.persistenceservice: [49][PersistenceService::setValue]Receive aidl setValue:key is Ambient-FPA,value is 0,serviceid is 2
03-17 18:53:30.142   400   452 D DiagPropHandler: Successfully set property [Ambient-FPA] = 0
03-17 18:53:30.142   400   452 D adayocomadapter-CommunicationManager: onUpstreamReceive mPropertyId 0x21414123
03-17 18:53:30.142   400   452 D adayocomadapter-CommunicationManager: onUpstreamReceive isLoss 0 mPropertyId 0x21414109
03-17 18:53:30.143   400   452 D vw-vhal : notifyVehicleProperty, propId = 0x21414109, data = {status: 2, int32Values: [0, 0, 0, 0]}
03-17 18:53:30.143   400   452 I vw-vhal : CanSignalsAdapter::notifyDiagProperty: propId = 0x21414109, data = {status: 2, int32Values: [0, 0, 0, 0]}
03-17 18:53:30.143   400   452 I DefaultVehicleHal_v2_0: DefaultVehicleHal::onPropertyValue, value:{.timestamp = 144090769015, .areaId = 0, .prop = 557924617, .status = AVAILABLE, .value = {.int32Values = [4]{0, 0, 0, 0}, .floatValues = [0]{}, .int64Values = [0]{}, .bytes = [0]{}, .stringValue = ""}}
03-17 18:53:30.143   400   452 D adayocomadapter-CommunicationManager: onUpstreamReceive mPropertyId 0x21414109
03-17 18:53:30.143   400   452 D adayocomadapter-CommunicationManager: onUpstreamReceive isLoss 0 mPropertyId 0x21414121
03-17 18:53:30.143   400   452 D adayocomadapter-CommunicationManager: convertBytesToInt32Memcpy  0
03-17 18:53:30.143   400   452 D vw-vhal : notifyVehicleProperty, propId = 0x21414121, data = {status: 2, int32Values: [0]}
03-17 18:53:30.143   400   452 I vw-vhal : CanSignalsAdapter::notifyDiagProperty: propId = 0x21414121, data = {status: 2, int32Values: [0]}
03-17 18:53:30.143   400   452 I DefaultVehicleHal_v2_0: DefaultVehicleHal::onPropertyValue, value:{.timestamp = 144091195682, .areaId = 0, .prop = 557924641, .status = AVAILABLE, .value = {.int32Values = [1]{0}, .floatValues = [0]{}, .int64Values = [0]{}, .bytes = [0]{}, .stringValue = ""}}
03-17 18:53:30.143   400   452 D DefaultVehicleHal_v2_0: onPropertyValue: Diagnostic config property: 0x21414121
03-17 18:53:30.143   400   452 D DiagPropHandler: Processing request for prop: 0x21414121, size: 1
03-17 18:53:30.144   703   703 W vendor.fawvw.hardware.persistenceservice: [64][PersistenceProxyReplier::setValue] setValue when server disconnect
03-17 18:53:30.144   703   703 I vendor.fawvw.hardware.persistenceservice: [49][PersistenceService::setValue]Receive aidl setValue:key is Ambient,value is 0,serviceid is 2
03-17 18:53:30.144   400   452 D DiagPropHandler: Successfully set property [Ambient] = 0
03-17 18:53:30.144   400   452 D adayocomadapter-CommunicationManager: onUpstreamReceive mPropertyId 0x21414121
03-17 18:53:30.144   400   452 D adayocomadapter-CommunicationManager: onUpstreamReceive isLoss 0 mPropertyId 0x2141411f
03-17 18:53:30.144   400   452 D adayocomadapter-CommunicationManager: convertBytesToInt32Memcpy  0
03-17 18:53:30.144   400   452 D vw-vhal : notifyVehicleProperty, propId = 0x2141411f, data = {status: 2, int32Values: [0]}
03-17 18:53:30.144   400   452 I vw-vhal : CanSignalsAdapter::notifyDiagProperty: propId = 0x2141411f, data = {status: 2, int32Values: [0]}
03-17 18:53:30.145   400   452 I DefaultVehicleHal_v2_0: DefaultVehicleHal::onPropertyValue, value:{.timestamp = 144092572015, .areaId = 0, .prop = 557924639, .status = AVAILABLE, .value = {.int32Values = [1]{0}, .floatValues = [0]{}, .int64Values = [0]{}, .bytes = [0]{}, .stringValue = ""}}
03-17 18:53:30.145   400   452 D DefaultVehicleHal_v2_0: onPropertyValue: Diagnostic config property: 0x2141411f
03-17 18:53:30.145   400   452 D DiagPropHandler: Processing request for prop: 0x2141411f, size: 1
03-17 18:53:30.145   703   703 W vendor.fawvw.hardware.persistenceservice: [64][PersistenceProxyReplier::setValue] setValue when server disconnect
03-17 18:53:30.145   703   703 I vendor.fawvw.hardware.persistenceservice: [49][PersistenceService::setValue]Receive aidl setValue:key is External_Light2,value is 0,serviceid is 2
03-17 18:53:30.145   400   452 D DiagPropHandler: Successfully set property [External_Light2] = 0
03-17 18:53:30.146   400   452 D adayocomadapter-CommunicationManager: onUpstreamReceive mPropertyId 0x2141411f
03-17 18:53:30.146   400   452 D adayocomadapter-CommunicationManager: onUpstreamReceive isLoss 0 mPropertyId 0x21414105
03-17 18:53:30.146   400   452 D vw-vhal : notifyVehicleProperty, propId = 0x21414105, data = {status: 2, int32Values: [0, 0]}
03-17 18:53:30.146   400   452 I vw-vhal : CanSignalsAdapter::notifyDiagProperty: propId = 0x21414105, data = {status: 2, int32Values: [0, 0]}
03-17 18:53:30.146   400   452 I DefaultVehicleHal_v2_0: DefaultVehicleHal::onPropertyValue, value:{.timestamp = 144093909682, .areaId = 0, .prop = 557924613, .status = AVAILABLE, .value = {.int32Values = [2]{0, 0}, .floatValues = [0]{}, .int64Values = [0]{}, .bytes = [0]{}, .stringValue = ""}}
03-17 18:53:30.146   400   452 D adayocomadapter-CommunicationManager: onUpstreamReceive mPropertyId 0x21414105
03-17 18:53:30.146   400   452 D adayocomadapter-CommunicationManager: onUpstreamReceive isLoss 0 mPropertyId 0x2141411d
03-17 18:53:30.146   400   452 D adayocomadapter-CommunicationManager: convertBytesToInt32Memcpy  0
03-17 18:53:30.146   400   452 D vw-vhal : notifyVehicleProperty, propId = 0x2141411d, data = {status: 2, int32Values: [0]}
03-17 18:53:30.146   400   452 I vw-vhal : CanSignalsAdapter::notifyDiagProperty: propId = 0x2141411d, data = {status: 2, int32Values: [0]}
03-17 18:53:30.146   400   452 I DefaultVehicleHal_v2_0: DefaultVehicleHal::onPropertyValue, value:{.timestamp = 144094343349, .areaId = 0, .prop = 557924637, .status = AVAILABLE, .value = {.int32Values = [1]{0}, .floatValues = [0]{}, .int64Values = [0]{}, .bytes = [0]{}, .stringValue = ""}}
03-17 18:53:30.146   400   452 D DefaultVehicleHal_v2_0: onPropertyValue: Diagnostic config property: 0x2141411d
03-17 18:53:30.146   400   452 D DiagPropHandler: Processing request for prop: 0x2141411d, size: 1
03-17 18:53:30.147   703   703 W vendor.fawvw.hardware.persistenceservice: [64][PersistenceProxyReplier::setValue] setValue when server disconnect
03-17 18:53:30.147   703   703 I vendor.fawvw.hardware.persistenceservice: [49][PersistenceService::setValue]Receive aidl setValue:key is External_Light1,value is 0,serviceid is 2
03-17 18:53:30.147   400   452 D DiagPropHandler: Successfully set property [External_Light1] = 0
03-17 18:53:30.147   400   452 D adayocomadapter-CommunicationManager: onUpstreamReceive mPropertyId 0x2141411d
03-17 18:53:30.147   400   452 D adayocomadapter-CommunicationManager: onUpstreamReceive isLoss 0 mPropertyId 0x2141411b
03-17 18:53:30.147   400   452 D adayocomadapter-CommunicationManager: convertBytesToInt32Memcpy  0
03-17 18:53:30.148   400   452 D vw-vhal : notifyVehicleProperty, propId = 0x2141411b, data = {status: 2, int32Values: [0]}
03-17 18:53:30.148   400   452 I vw-vhal : CanSignalsAdapter::notifyDiagProperty: propId = 0x2141411b, data = {status: 2, int32Values: [0]}
03-17 18:53:30.148   400   452 I DefaultVehicleHal_v2_0: DefaultVehicleHal::onPropertyValue, value:{.timestamp = 144095824682, .areaId = 0, .prop = 557924635, .status = AVAILABLE, .value = {.int32Values = [1]{0}, .floatValues = [0]{}, .int64Values = [0]{}, .bytes = [0]{}, .stringValue = ""}}
03-17 18:53:30.148   400   452 D DefaultVehicleHal_v2_0: onPropertyValue: Diagnostic config property: 0x2141411b
03-17 18:53:30.148   400   452 D DiagPropHandler: Processing request for prop: 0x2141411b, size: 1
03-17 18:53:30.149   703   703 W vendor.fawvw.hardware.persistenceservice: [64][PersistenceProxyReplier::setValue] setValue when server disconnect
03-17 18:53:30.149   703   703 I vendor.fawvw.hardware.persistenceservice: [49][PersistenceService::setValue]Receive aidl setValue:key is HVAC,value is 0,serviceid is 2
03-17 18:53:30.149   400   452 D DiagPropHandler: Successfully set property [HVAC] = 0
03-17 18:53:30.149   400   452 D adayocomadapter-CommunicationManager: onUpstreamReceive mPropertyId 0x2141411b
03-17 18:53:30.149   400   452 D adayocomadapter-CommunicationManager: onUpstreamReceive isLoss 0 mPropertyId 0x21414113
03-17 18:53:30.149   400   452 D adayocomadapter-CommunicationManager: convertBytesToInt32Memcpy  0
03-17 18:53:30.149   400   452 D vw-vhal : notifyVehicleProperty, propId = 0x21414113, data = {status: 2, int32Values: [0]}
03-17 18:53:30.149   400   452 I vw-vhal : CanSignalsAdapter::notifyDiagProperty: propId = 0x21414113, data = {status: 2, int32Values: [0]}
03-17 18:53:30.149   400   452 I DefaultVehicleHal_v2_0: DefaultVehicleHal::onPropertyValue, value:{.timestamp = 144097337015, .areaId = 0, .prop = 557924627, .status = AVAILABLE, .value = {.int32Values = [1]{0}, .floatValues = [0]{}, .int64Values = [0]{}, .bytes = [0]{}, .stringValue = ""}}
03-17 18:53:30.149   400   452 D DefaultVehicleHal_v2_0: onPropertyValue: Diagnostic config property: 0x21414113
03-17 18:53:30.149   400   452 D DiagPropHandler: Processing request for prop: 0x21414113, size: 1
03-17 18:53:30.150   703   703 W vendor.fawvw.hardware.persistenceservice: [64][PersistenceProxyReplier::setValue] setValue when server disconnect
03-17 18:53:30.150   703   703 I vendor.fawvw.hardware.persistenceservice: [49][PersistenceService::setValue]Receive aidl setValue:key is teststability_service,value is 0,serviceid is 2
03-17 18:53:30.150   400   452 D DiagPropHandler: Successfully set property [teststability_service] = 0
03-17 18:53:30.150   400   452 D adayocomadapter-CommunicationManager: onUpstreamReceive mPropertyId 0x21414113
03-17 18:53:30.151   400   452 D adayocomadapter-CommunicationManager: onUpstreamReceive isLoss 0 mPropertyId 0x21414117
03-17 18:53:30.151   400   452 D adayocomadapter-CommunicationManager: convertBytesToInt32Memcpy  0
03-17 18:53:30.151   400   452 D vw-vhal : notifyVehicleProperty, propId = 0x21414117, data = {status: 2, int32Values: [0]}
03-17 18:53:30.151   400   452 I vw-vhal : CanSignalsAdapter::notifyDiagProperty: propId = 0x21414117, data = {status: 2, int32Values: [0]}
03-17 18:53:30.151   400   452 I DefaultVehicleHal_v2_0: DefaultVehicleHal::onPropertyValue, value:{.timestamp = 144098837349, .areaId = 0, .prop = 557924631, .status = AVAILABLE, .value = {.int32Values = [1]{0}, .floatValues = [0]{}, .int64Values = [0]{}, .bytes = [0]{}, .stringValue = ""}}
03-17 18:53:30.151   400   452 D DefaultVehicleHal_v2_0: onPropertyValue: Diagnostic config property: 0x21414117
03-17 18:53:30.151   400   452 D DiagPropHandler: Processing request for prop: 0x21414117, size: 1
03-17 18:53:30.152   703   703 W vendor.fawvw.hardware.persistenceservice: [64][PersistenceProxyReplier::setValue] setValue when server disconnect
03-17 18:53:30.152   703   703 I vendor.fawvw.hardware.persistenceservice: [49][PersistenceService::setValue]Receive aidl setValue:key is External_Mirror,value is 0,serviceid is 2
03-17 18:53:30.152   400   452 D DiagPropHandler: Successfully set property [External_Mirror] = 0
03-17 18:53:30.152   400   452 D adayocomadapter-CommunicationManager: onUpstreamReceive mPropertyId 0x21414117
03-17 18:53:30.152   400   452 D adayocomadapter-CommunicationManager: onUpstreamReceive isLoss 0 mPropertyId 0x2141410d
03-17 18:53:30.152   400   452 D adayocomadapter-CommunicationManager: convertBytesToInt32Memcpy  0
03-17 18:53:30.152   400   452 D vw-vhal : notifyVehicleProperty, propId = 0x2141410d, data = {status: 2, int32Values: [0]}
03-17 18:53:30.152   400   452 I vw-vhal : CanSignalsAdapter::notifyDiagProperty: propId = 0x2141410d, data = {status: 2, int32Values: [0]}
03-17 18:53:30.152   400   452 I DefaultVehicleHal_v2_0: DefaultVehicleHal::onPropertyValue, value:{.timestamp = 144100270682, .areaId = 0, .prop = 557924621, .status = AVAILABLE, .value = {.int32Values = [1]{0}, .floatValues = [0]{}, .int64Values = [0]{}, .bytes = [0]{}, .stringValue = ""}}
03-17 18:53:30.152   400   452 D DefaultVehicleHal_v2_0: onPropertyValue: Diagnostic config property: 0x2141410d
03-17 18:53:30.152   400   452 D DiagPropHandler: Processing request for prop: 0x2141410d, size: 1
03-17 18:53:30.153   703   703 I vendor.fawvw.hardware.persistenceservice: [194][persistence_client_library_prct_access::get_db_context] key Reserved is not in RCT,will be stored in cached
03-17 18:53:30.153   703   703 W vendor.fawvw.hardware.persistenceservice: [64][PersistenceProxyReplier::setValue] setValue when server disconnect
03-17 18:53:30.153   703   703 I vendor.fawvw.hardware.persistenceservice: [49][PersistenceService::setValue]Receive aidl setValue:key is Reserved,value is 0,serviceid is 2
03-17 18:53:30.153   400   452 D DiagPropHandler: Successfully set property [Reserved] = 0
03-17 18:53:30.153   400   452 D DiagPropHandler: Set property [Reserved] = 0
03-17 18:53:30.154   703   703 W vendor.fawvw.hardware.persistenceservice: [64][PersistenceProxyReplier::setValue] setValue when server disconnect
03-17 18:53:30.154   703   703 I vendor.fawvw.hardware.persistenceservice: [49][PersistenceService::setValue]Receive aidl setValue:key is CarlinK_ON_OFF_config,value is 0,serviceid is 2
03-17 18:53:30.154   400   452 D DiagPropHandler: Successfully set property [CarlinK_ON_OFF_config] = 0
03-17 18:53:30.154   400   452 D DiagPropHandler: Set property [CarlinK_ON_OFF_config] = 0
03-17 18:53:30.155   703   703 W vendor.fawvw.hardware.persistenceservice: [64][PersistenceProxyReplier::setValue] setValue when server disconnect
03-17 18:53:30.155   703   703 I vendor.fawvw.hardware.persistenceservice: [49][PersistenceService::setValue]Receive aidl setValue:key is Hicar_ON_OFF_config,value is 0,serviceid is 2
03-17 18:53:30.155   400   452 D DiagPropHandler: Successfully set property [Hicar_ON_OFF_config] = 0
03-17 18:53:30.155   400   452 D DiagPropHandler: Set property [Hicar_ON_OFF_config] = 0
03-17 18:53:30.155   703   703 W vendor.fawvw.hardware.persistenceservice: [64][PersistenceProxyReplier::setValue] setValue when server disconnect
03-17 18:53:30.155   703   703 I vendor.fawvw.hardware.persistenceservice: [49][PersistenceService::setValue]Receive aidl setValue:key is Carplay_ON_OFF_config,value is 0,serviceid is 2
03-17 18:53:30.156   400   452 D DiagPropHandler: Successfully set property [Carplay_ON_OFF_config] = 0
03-17 18:53:30.156   400   452 D DiagPropHandler: Set property [Carplay_ON_OFF_config] = 0
03-17 18:53:30.156   400   452 D adayocomadapter-CommunicationManager: onUpstreamReceive mPropertyId 0x2141410d
03-17 18:53:30.156   400   452 D adayocomadapter-UpstreamHandler: processBeforePacket upSreamtProcessTimePoint[144103] 
03-17 18:53:30.156   400   452 D adayocomadapter-ParseProtocolFunc: parseGeneralIPCLBytes Processing tablename[Table-19] tableSize[98]
03-17 18:53:30.156   400   452 D adayocomadapter-ParseProtocolFunc: printRaWMsg Name[byteStream recv] len[98] data[0200000000000000000000000000000000000000000000000000000000000000000000000000000000000000000000000000000000000000000000000000000000000000000000000000000000000000000000000000000000000000000000000000]
03-17 18:53:30.156   400   452 D adayocomadapter-ParseProtocolFunc: printRaWMsg Name[IPCLtoVHAL] len[32] data[2141411501000000000000000000000000000000000000000000000000000000]
03-17 18:53:30.157   400   452 D adayocomadapter-ParseProtocolFunc: printRaWMsg Name[IPCLtoVHAL] len[66] data[214141070100000000000000000000000000000000000000000000000000000000000000000000000000000000000000000000000000000000000000000000000000]
03-17 18:53:30.157   400   452 D adayocomadapter-ParseProtocolFunc: printRaWMsg Name[IPCLtoVHAL] len[17] data[2141410301000000000000000000000000]
03-17 18:53:30.157   400   452 D adayocomadapter-CommunicationManager: onUpstreamReceive isLoss 0 mPropertyId 0x21414115
03-17 18:53:30.157   400   452 D vw-vhal : notifyVehicleProperty, propId = 0x21414115, data = {status: 2, int32Values: [0, 0, 0, 0, 0, 0, 0, 0, 0, 0, 0, 0, 0, 0, 0, 0, 0, 0, 0, 0, 0, 0, 0, 0, 0, 0]}
03-17 18:53:30.157   400   452 I vw-vhal : CanSignalsAdapter::notifyDiagProperty: propId = 0x21414115, data = {status: 2, int32Values: [0, 0, 0, 0, 0, 0, 0, 0, 0, 0, 0, 0, 0, 0, 0, 0, 0, 0, 0, 0, 0, 0, 0, 0, 0, 0]}
03-17 18:53:30.157   400   452 I DefaultVehicleHal_v2_0: DefaultVehicleHal::onPropertyValue, value:{.timestamp = 144105141349, .areaId = 0, .prop = 557924629, .status = AVAILABLE, .value = {.int32Values = [26]{0, 0, 0, 0, 0, 0, 0, 0, 0, 0, 0, 0, 0, 0, 0, 0, 0, 0, 0, 0, 0, 0, 0, 0, 0, 0}, .floatValues = [0]{}, .int64Values = [0]{}, .bytes = [0]{}, .stringValue = ""}}
03-17 18:53:30.157   400   452 D DefaultVehicleHal_v2_0: onPropertyValue: Diagnostic config property: 0x21414115
03-17 18:53:30.157   400   452 D DiagPropHandler: Processing request for prop: 0x21414115, size: 26
03-17 18:53:30.158   703   703 I vendor.fawvw.hardware.persistenceservice: [194][persistence_client_library_prct_access::get_db_context] key regular_maintenance_time_interval. is not in RCT,will be stored in cached
03-17 18:53:30.158   703   703 W vendor.fawvw.hardware.persistenceservice: [64][PersistenceProxyReplier::setValue] setValue when server disconnect
03-17 18:53:30.158   703   703 I vendor.fawvw.hardware.persistenceservice: [49][PersistenceService::setValue]Receive aidl setValue:key is regular_maintenance_time_interval.,value is 0,serviceid is 2
03-17 18:53:30.158   400   452 D DiagPropHandler: Successfully set property [regular_maintenance_time_interval.] = 0
03-17 18:53:30.158   703   703 I vendor.fawvw.hardware.persistenceservice: [194][persistence_client_library_prct_access::get_db_context] key first_maintenance_mileage_interval. is not in RCT,will be stored in cached
03-17 18:53:30.159   703   703 W vendor.fawvw.hardware.persistenceservice: [64][PersistenceProxyReplier::setValue] setValue when server disconnect
03-17 18:53:30.159   703   703 I vendor.fawvw.hardware.persistenceservice: [49][PersistenceService::setValue]Receive aidl setValue:key is first_maintenance_mileage_interval.,value is 0,serviceid is 2
03-17 18:53:30.159   400   452 D DiagPropHandler: Successfully set property [first_maintenance_mileage_interval.] = 0
03-17 18:53:30.159   703   703 W vendor.fawvw.hardware.persistenceservice: [64][PersistenceProxyReplier::setValue] setValue when server disconnect
03-17 18:53:30.159   703   703 I vendor.fawvw.hardware.persistenceservice: [49][PersistenceService::setValue]Receive aidl setValue:key is first_maintenance_HEV_mileage_interval,value is 0,serviceid is 2
03-17 18:53:30.160   400   452 D DiagPropHandler: Successfully set property [first_maintenance_HEV_mileage_interval] = 0
03-17 18:53:30.160   703   703 W vendor.fawvw.hardware.persistenceservice: [64][PersistenceProxyReplier::setValue] setValue when server disconnect
03-17 18:53:30.160   703   703 I vendor.fawvw.hardware.persistenceservice: [49][PersistenceService::setValue]Receive aidl setValue:key is first_maintenance_time_interval,value is 0,serviceid is 2
03-17 18:53:30.161   400   452 D DiagPropHandler: Successfully set property [first_maintenance_time_interval] = 0
03-17 18:53:30.161   703   703 I vendor.fawvw.hardware.persistenceservice: [194][persistence_client_library_prct_access::get_db_context] key regular_maintenance_mileage_interval. is not in RCT,will be stored in cached
03-17 18:53:30.161   703   703 W vendor.fawvw.hardware.persistenceservice: [64][PersistenceProxyReplier::setValue] setValue when server disconnect
03-17 18:53:30.161   703   703 I vendor.fawvw.hardware.persistenceservice: [49][PersistenceService::setValue]Receive aidl setValue:key is regular_maintenance_mileage_interval.,value is 0,serviceid is 2
03-17 18:53:30.161   400   452 D DiagPropHandler: Successfully set property [regular_maintenance_mileage_interval.] = 0
03-17 18:53:30.161   703   703 I vendor.fawvw.hardware.persistenceservice: [194][persistence_client_library_prct_access::get_db_context] key regular_maintenance_HEV_mileage_interval. is not in RCT,will be stored in cached
03-17 18:53:30.162   703   703 W vendor.fawvw.hardware.persistenceservice: [64][PersistenceProxyReplier::setValue] setValue when server disconnect
03-17 18:53:30.162   703   703 I vendor.fawvw.hardware.persistenceservice: [49][PersistenceService::setValue]Receive aidl setValue:key is regular_maintenance_HEV_mileage_interval.,value is 0,serviceid is 2
03-17 18:53:30.162   400   452 D DiagPropHandler: Successfully set property [regular_maintenance_HEV_mileage_interval.] = 0
03-17 18:53:30.162   703   703 W vendor.fawvw.hardware.persistenceservice: [64][PersistenceProxyReplier::setValue] setValue when server disconnect
03-17 18:53:30.163   703   703 I vendor.fawvw.hardware.persistenceservice: [49][PersistenceService::setValue]Receive aidl setValue:key is Maintenance_mileage_approaching_reminder_threshold,value is 0,serviceid is 2
03-17 18:53:30.163   400   452 D DiagPropHandler: Successfully set property [Maintenance_mileage_approaching_reminder_threshold] = 0
03-17 18:53:30.163   703   703 W vendor.fawvw.hardware.persistenceservice: [64][PersistenceProxyReplier::setValue] setValue when server disconnect
03-17 18:53:30.163   703   703 I vendor.fawvw.hardware.persistenceservice: [49][PersistenceService::setValue]Receive aidl setValue:key is Maintenance_time_approaching_reminder_threshol,value is 0,serviceid is 2
03-17 18:53:30.163   400   452 D DiagPropHandler: Successfully set property [Maintenance_time_approaching_reminder_threshol] = 0
03-17 18:53:30.164   400   452 D adayocomadapter-CommunicationManager: onUpstreamReceive mPropertyId 0x21414115
03-17 18:53:30.164   400   452 D adayocomadapter-CommunicationManager: onUpstreamReceive isLoss 0 mPropertyId 0x21414107
03-17 18:53:30.164   400   452 D vw-vhal : notifyVehicleProperty, propId = 0x21414107, data = {status: 2, int32Values: [0, 0, 0, 0, 0, 0, 0, 0, 0, 0, 0, 0, 0, 0, 0, 0, 0, 0, 0, 0, 0, 0, 0, 0, 0, 0, 0, 0, 0, 0, 0, 0, 0, 0, 0, 0, 0, 0, 0, 0, 0, 0, 0, 0, 0, 0, 0, 0, 0, 0, 0, 0, 0, 0, 0, 0, 0, 0, 0, 0]}
03-17 18:53:30.164   400   452 I vw-vhal : CanSignalsAdapter::notifyDiagProperty: propId = 0x21414107, data = {status: 2, int32Values: [0, 0, 0, 0, 0, 0, 0, 0, 0, 0, 0, 0, 0, 0, 0, 0, 0, 0, 0, 0, 0, 0, 0, 0, 0, 0, 0, 0, 0, 0, 0, 0, 0, 0, 0, 0, 0, 0, 0, 0, 0, 0, 0, 0, 0, 0, 0, 0, 0, 0, 0, 0, 0, 0, 0, 0, 0, 0, 0, 0]}
03-17 18:53:30.165   400   452 I DefaultVehicleHal_v2_0: DefaultVehicleHal::onPropertyValue, value:{.timestamp = 144112404015, .areaId = 0, .prop = 557924615, .status = AVAILABLE, .value = {.int32Values = [60]{0, 0, 0, 0, 0, 0, 0, 0, 0, 0, 0, 0, 0, 0, 0, 0, 0, 0, 0, 0, 0, 0, 0, 0, 0, 0, 0, 0, 0, 0, 0, 0, 0, 0, 0, 0, 0, 0, 0, 0, 0, 0, 0, 0, 0, 0, 0, 0, 0, 0, 0, 0, 0, 0, 0, 0, 0, 0, 0, 0}, .floatValues = [0]{}, .int64Values = [0]{}, .bytes = [0]{}, .stringValue = ""}}
03-17 18:53:30.165   400   452 D adayocomadapter-CommunicationManager: onUpstreamReceive mPropertyId 0x21414107
03-17 18:53:30.165   400   452 D adayocomadapter-CommunicationManager: onUpstreamReceive isLoss 0 mPropertyId 0x21414103
03-17 18:53:30.165   400   452 D vw-vhal : notifyVehicleProperty, propId = 0x21414103, data = {status: 2, int32Values: [0, 0, 0, 0, 0, 0, 0, 0, 0, 0, 0]}
03-17 18:53:30.165   400   452 I vw-vhal : CanSignalsAdapter::notifyDiagProperty: propId = 0x21414103, data = {status: 2, int32Values: [0, 0, 0, 0, 0, 0, 0, 0, 0, 0, 0]}
03-17 18:53:30.165   400   452 I DefaultVehicleHal_v2_0: DefaultVehicleHal::onPropertyValue, value:{.timestamp = 144112988349, .areaId = 0, .prop = 557924611, .status = AVAILABLE, .value = {.int32Values = [11]{0, 0, 0, 0, 0, 0, 0, 0, 0, 0, 0}, .floatValues = [0]{}, .int64Values = [0]{}, .bytes = [0]{}, .stringValue = ""}}
03-17 18:53:30.165   400   452 D adayocomadapter-CommunicationManager: onUpstreamReceive mPropertyId 0x21414103
03-17 18:53:30.171  6654  6700 D TimerTriggerManager: init instance...
03-17 18:53:30.171  6654  6700 D TimerTriggerManager: Timer thread'TimerTriggerManager' is destroyed: false
03-17 18:53:30.171  6654  6700 D TimerTriggerManager: Timer 'onIndcnVehSpdChanged' is running: true
03-17 18:53:30.171  6654  6700 D TimerTriggerManager: Sending reset signal to timer 'onIndcnVehSpdChanged'
03-17 18:53:30.171  6654  6700 D TimerTriggerManager: Reset signal sent to timer 'onIndcnVehSpdChanged'
03-17 18:53:30.172  6654  6707 D TimerTriggerController: Reset method called for timer: onIndcnVehSpdChanged
03-17 18:53:30.172  6654  6707 D TimerTriggerController: Calling onTimerReset for timer: onIndcnVehSpdChanged
03-17 18:53:30.172  6654  6707 D TimerTriggerManager: Timer reset: onIndcnVehSpdChanged
03-17 18:53:30.172  6654  6707 I TimerTriggerController: Timer [onIndcnVehSpdChanged] reset, remaining: 1000ms, reset count: 960
03-17 18:53:30.172  6654  6700 D TimerTriggerManager: init instance...
03-17 18:53:30.172  6654  6700 D TimerTriggerManager: Timer thread'TimerTriggerManager' is destroyed: false
03-17 18:53:30.172  6654  6700 D TimerTriggerManager: Timer 'onMntnWarnReqChanged' is running: true
03-17 18:53:30.172  6654  6700 D TimerTriggerManager: Sending reset signal to timer 'onMntnWarnReqChanged'
03-17 18:53:30.172  6654  6700 D TimerTriggerManager: Reset signal sent to timer 'onMntnWarnReqChanged'
03-17 18:53:30.173  6654  6707 D TimerTriggerController: Reset method called for timer: onMntnWarnReqChanged
03-17 18:53:30.173  6654  6707 D TimerTriggerController: Calling onTimerReset for timer: onMntnWarnReqChanged
03-17 18:53:30.173  6654  6707 D TimerTriggerManager: Timer reset: onMntnWarnReqChanged
03-17 18:53:30.173  6654  6707 I TimerTriggerController: Timer [onMntnWarnReqChanged] reset, remaining: 5000ms, reset count: 480
03-17 18:53:30.182  1566  2651 D TboxNetworkManager: tboxNetworkbinder=null
03-17 18:53:30.195   582  3616 E WifiHAL : Invalid data received from driver
03-17 18:53:30.223  2383  2600 D AdayoDoipServer294_Doip: [ne_doip_event_loop_dispatch][line:141] : count = 0
03-17 18:53:30.237  2106  2458 D CAR.DIAGNOSTIC: Entry - Type: 0x01, ServiceId: 0x2071, InstanceId: 0x0001, MajorVersion: 0x01FFFFFF, TTL: 0
03-17 18:53:30.237  2106  2460 D CAR.DIAGNOSTIC: Entry - Type: 0x01, ServiceId: 0x2071, InstanceId: 0x0001, MajorVersion: 0x01FFFFFF, TTL: 0
03-17 18:53:30.237  2106  2458 D CAR.DIAGNOSTIC: Entry - Type: 0x01, ServiceId: 0x4001, InstanceId: 0x0001, MajorVersion: 0x01FFFFFF, TTL: 0
03-17 18:53:30.238  2106  2460 D CAR.DIAGNOSTIC: Entry - Type: 0x01, ServiceId: 0x4001, InstanceId: 0x0001, MajorVersion: 0x01FFFFFF, TTL: 0
03-17 18:53:30.238  2106  2450 D CAR.DIAGNOSTIC: Entry - Type: 0x01, ServiceId: 0x2071, InstanceId: 0x0001, MajorVersion: 0x01FFFFFF, TTL: 0
03-17 18:53:30.238  2106  2450 D CAR.DIAGNOSTIC: Entry - Type: 0x01, ServiceId: 0x4001, InstanceId: 0x0001, MajorVersion: 0x01FFFFFF, TTL: 0
03-17 18:53:30.239   642   685 I mcuc    : rev uart=1454,len=156, data : 6AA680056700948B30A5B11112351D3030323030310001000000000253030000020101000000000001A55A820001000000010000000900000000000000000000000000000000A55A830504500000000000000000000000000101010101000000000000000000000000000000000000A55A84101009000003070001000000000000001400000000A55A85000005AC0000010000000000000001A55A0C
03-17 18:53:30.258   642   685 I mcuc    : sd Uart data : 6AA602056800029202FB
03-17 18:53:30.264   642   685 I mcuc    : rev uart=1455,len=18, data : 6AA6810568000A920200060000000000016D
03-17 18:53:30.264   642   685 I mcuc    : sd Uart data : 6AA602056900029202FA
03-17 18:53:30.264   400   400 D adayocomadapter-ParseProtocolFunc: printRaWMsg Name[MCUToUPstream recv] len[10] data[92020006000000000001]
03-17 18:53:30.264   400   400 D adayocomadapter-CommunicationManager: onUpstreamback   member[0] dataLength[7] timePoint[144212]
03-17 18:53:30.264   400   400 D adayocomadapter-ParseProtocolFunc: printRaWMsg Name[onUpstreamback] len[7] data[06000000000001]
03-17 18:53:30.265   400   452 D adayocomadapter-UpstreamHandler: processBeforePacket upSreamtProcessTimePoint[144212] 
03-17 18:53:30.265   400   452 D adayocomadapter-UpstreamHandler: processPacket UPSTREAM_QUEUE_DATA_TIMEOUT
03-17 18:53:30.265   400   452 D adayocomadapter-ParseProtocolFunc: parseCommonIPCLBytes Processing tableNumber[6]
03-17 18:53:30.265   400   452 D adayocomadapter-ParseProtocolFunc: parseCommonIPCLBytes Processing tablename[Table-6] tableSize[7]
03-17 18:53:30.265   400   452 D adayocomadapter-ParseProtocolFunc: printRaWMsg Name[byteStream recv] len[7] data[06000000000001]
03-17 18:53:30.265   400   452 D adayocomadapter-ParseProtocolFunc: printRaWMsg Name[IPCLtoVHAL] len[7] data[21402002000100]
03-17 18:53:30.265   400   452 D adayocomadapter-ParseProtocolFunc: printRaWMsg Name[IPCLtoVHAL] len[7] data[21402020000100]
03-17 18:53:30.265   400   452 D adayocomadapter-ParseProtocolFunc: printRaWMsg Name[IPCLtoVHAL] len[7] data[21402004000100]
03-17 18:53:30.265   400   452 D adayocomadapter-ParseProtocolFunc: printRaWMsg Name[IPCLtoVHAL] len[7] data[21402009000100]
03-17 18:53:30.265   400   452 D adayocomadapter-ParseProtocolFunc: printRaWMsg Name[IPCLtoVHAL] len[7] data[21402008000100]
03-17 18:53:30.265   400   452 D adayocomadapter-CommunicationManager: onUpstreamReceive isLoss 1 mPropertyId 0x21402002
03-17 18:53:30.265   400   452 D adayocomadapter-CommunicationManager: convertBytesToInt32Memcpy  0
03-17 18:53:30.265   400   452 D vw-vhal : notifyVehicleProperty, propId = 0x21402002, data = {status: 3, int32Values: [0]}
03-17 18:53:30.265   400   452 I DefaultVehicleHal_v2_0: DefaultVehicleHal::onPropertyValue, value:{.timestamp = 144213455349, .areaId = 0, .prop = 557850626, .status = UNAVAILABLE, .value = {.int32Values = [1]{0}, .floatValues = [0]{}, .int64Values = [0]{}, .bytes = [0]{}, .stringValue = ""}}
03-17 18:53:30.266   400   452 D adayocomadapter-CommunicationManager: onUpstreamReceive mPropertyId 0x21402002
03-17 18:53:30.266   400   452 D adayocomadapter-CommunicationManager: onUpstreamReceive isLoss 1 mPropertyId 0x21402020
03-17 18:53:30.266   400   452 D adayocomadapter-CommunicationManager: convertBytesToInt32Memcpy  0
03-17 18:53:30.266   400   452 D vw-vhal : notifyVehicleProperty, propId = 0x21402020, data = {status: 3, int32Values: [0]}
03-17 18:53:30.266   400   452 I DefaultVehicleHal_v2_0: DefaultVehicleHal::onPropertyValue, value:{.timestamp = 144213839682, .areaId = 0, .prop = 557850656, .status = UNAVAILABLE, .value = {.int32Values = [1]{0}, .floatValues = [0]{}, .int64Values = [0]{}, .bytes = [0]{}, .stringValue = ""}}
03-17 18:53:30.266   400   452 D adayocomadapter-CommunicationManager: onUpstreamReceive mPropertyId 0x21402020
03-17 18:53:30.266   400   452 D adayocomadapter-CommunicationManager: onUpstreamReceive isLoss 1 mPropertyId 0x21402004
03-17 18:53:30.266   400   452 D adayocomadapter-CommunicationManager: convertBytesToInt32Memcpy  0
03-17 18:53:30.266   400   452 D vw-vhal : notifyVehicleProperty, propId = 0x21402004, data = {status: 3, int32Values: [0]}
03-17 18:53:30.266   400   452 I DefaultVehicleHal_v2_0: DefaultVehicleHal::onPropertyValue, value:{.timestamp = 144214199682, .areaId = 0, .prop = 557850628, .status = UNAVAILABLE, .value = {.int32Values = [1]{0}, .floatValues = [0]{}, .int64Values = [0]{}, .bytes = [0]{}, .stringValue = ""}}
03-17 18:53:30.266   400   452 D adayocomadapter-CommunicationManager: onUpstreamReceive mPropertyId 0x21402004
03-17 18:53:30.266   400   452 D adayocomadapter-CommunicationManager: onUpstreamReceive isLoss 1 mPropertyId 0x21402009
03-17 18:53:30.266   400   452 D adayocomadapter-CommunicationManager: convertBytesToInt32Memcpy  0
03-17 18:53:30.266   400   452 D vw-vhal : notifyVehicleProperty, propId = 0x21402009, data = {status: 3, int32Values: [0]}
03-17 18:53:30.267   400   452 I DefaultVehicleHal_v2_0: DefaultVehicleHal::onPropertyValue, value:{.timestamp = 144214550015, .areaId = 0, .prop = 557850633, .status = UNAVAILABLE, .value = {.int32Values = [1]{0}, .floatValues = [0]{}, .int64Values = [0]{}, .bytes = [0]{}, .stringValue = ""}}
03-17 18:53:30.267   400   452 D adayocomadapter-CommunicationManager: onUpstreamReceive mPropertyId 0x21402009
03-17 18:53:30.267   400   452 D adayocomadapter-CommunicationManager: onUpstreamReceive isLoss 1 mPropertyId 0x21402008
03-17 18:53:30.267   400   452 D adayocomadapter-CommunicationManager: convertBytesToInt32Memcpy  0
03-17 18:53:30.267   400   452 D vw-vhal : notifyVehicleProperty, propId = 0x21402008, data = {status: 3, int32Values: [0]}
03-17 18:53:30.267   400   452 I DefaultVehicleHal_v2_0: DefaultVehicleHal::onPropertyValue, value:{.timestamp = 144214896349, .areaId = 0, .prop = 557850632, .status = UNAVAILABLE, .value = {.int32Values = [1]{0}, .floatValues = [0]{}, .int64Values = [0]{}, .bytes = [0]{}, .stringValue = ""}}
03-17 18:53:30.267   400   452 D adayocomadapter-CommunicationManager: onUpstreamReceive mPropertyId 0x21402008
03-17 18:53:30.270   642   685 I mcuc    : rev uart=1456,len=19, data : 6AA6810569000B9202000D0000000000000164
03-17 18:53:30.270   400   400 D adayocomadapter-ParseProtocolFunc: printRaWMsg Name[MCUToUPstream recv] len[11] data[9202000D00000000000001]
03-17 18:53:30.270   400   400 D adayocomadapter-CommunicationManager: onUpstreamback   member[0] dataLength[8] timePoint[144217]
03-17 18:53:30.270   400   400 D adayocomadapter-ParseProtocolFunc: printRaWMsg Name[onUpstreamback] len[8] data[0D00000000000001]
03-17 18:53:30.270   400   452 D adayocomadapter-UpstreamHandler: processBeforePacket upSreamtProcessTimePoint[144218] 
03-17 18:53:30.270   400   452 D adayocomadapter-UpstreamHandler: processPacket UPSTREAM_QUEUE_DATA_TIMEOUT
03-17 18:53:30.270   400   452 D adayocomadapter-ParseProtocolFunc: parseCommonIPCLBytes Processing tableNumber[13]
03-17 18:53:30.270   400   452 D adayocomadapter-ParseProtocolFunc: parseCommonIPCLBytes Processing tablename[Table-13] tableSize[8]
03-17 18:53:30.271   400   452 D adayocomadapter-ParseProtocolFunc: printRaWMsg Name[byteStream recv] len[8] data[0D00000000000001]
03-17 18:53:30.271   400   452 D adayocomadapter-ParseProtocolFunc: printRaWMsg Name[IPCLtoVHAL] len[7] data[214020BB000100]
03-17 18:53:30.271   400   452 D adayocomadapter-ParseProtocolFunc: printRaWMsg Name[IPCLtoVHAL] len[7] data[214020E3000100]
03-17 18:53:30.271   400   452 D adayocomadapter-ParseProtocolFunc: printRaWMsg Name[IPCLtoVHAL] len[7] data[214020C7000100]
03-17 18:53:30.271   400   452 D adayocomadapter-ParseProtocolFunc: printRaWMsg Name[IPCLtoVHAL] len[7] data[214020DD000100]
03-17 18:53:30.271   400   452 D adayocomadapter-ParseProtocolFunc: printRaWMsg Name[IPCLtoVHAL] len[7] data[214020DF000100]
03-17 18:53:30.271   400   452 D adayocomadapter-ParseProtocolFunc: printRaWMsg Name[IPCLtoVHAL] len[7] data[214020E4000100]
03-17 18:53:30.271   400   452 D adayocomadapter-CommunicationManager: onUpstreamReceive isLoss 1 mPropertyId 0x214020bb
03-17 18:53:30.271   400   452 D adayocomadapter-CommunicationManager: convertBytesToInt32Memcpy  0
03-17 18:53:30.271   400   452 D vw-vhal : notifyVehicleProperty, propId = 0x214020bb, data = {status: 3, int32Values: [0]}
03-17 18:53:30.271   400   452 I DefaultVehicleHal_v2_0: DefaultVehicleHal::onPropertyValue, value:{.timestamp = 144219239682, .areaId = 0, .prop = 557850811, .status = UNAVAILABLE, .value = {.int32Values = [1]{0}, .floatValues = [0]{}, .int64Values = [0]{}, .bytes = [0]{}, .stringValue = ""}}
03-17 18:53:30.271   400   452 D adayocomadapter-CommunicationManager: onUpstreamReceive mPropertyId 0x214020bb
03-17 18:53:30.271   400   452 D adayocomadapter-CommunicationManager: onUpstreamReceive isLoss 1 mPropertyId 0x214020e3
03-17 18:53:30.271   400   452 D adayocomadapter-CommunicationManager: convertBytesToInt32Memcpy  0
03-17 18:53:30.272  6654  6700 D TimerTriggerManager: init instance...
03-17 18:53:30.272   400   452 D vw-vhal : notifyVehicleProperty, propId = 0x214020e3, data = {status: 3, int32Values: [0]}
03-17 18:53:30.272  6654  6700 D TimerTriggerManager: Timer thread'TimerTriggerManager' is destroyed: false
03-17 18:53:30.272   400   452 I DefaultVehicleHal_v2_0: DefaultVehicleHal::onPropertyValue, value:{.timestamp = 144219652015, .areaId = 0, .prop = 557850851, .status = UNAVAILABLE, .value = {.int32Values = [1]{0}, .floatValues = [0]{}, .int64Values = [0]{}, .bytes = [0]{}, .stringValue = ""}}
03-17 18:53:30.272  6654  6700 D TimerTriggerManager: Timer 'onIndcnVehSpdChanged' is running: true
03-17 18:53:30.272   400   452 D adayocomadapter-CommunicationManager: onUpstreamReceive mPropertyId 0x214020e3
03-17 18:53:30.272  6654  6700 D TimerTriggerManager: Sending reset signal to timer 'onIndcnVehSpdChanged'
03-17 18:53:30.272   400   452 D adayocomadapter-CommunicationManager: onUpstreamReceive isLoss 1 mPropertyId 0x214020c7
03-17 18:53:30.272   400   452 D adayocomadapter-CommunicationManager: convertBytesToInt32Memcpy  0
03-17 18:53:30.272   400   452 D vw-vhal : notifyVehicleProperty, propId = 0x214020c7, data = {status: 3, int32Values: [0]}
03-17 18:53:30.272   400   452 I DefaultVehicleHal_v2_0: DefaultVehicleHal::onPropertyValue, value:{.timestamp = 144219999349, .areaId = 0, .prop = 557850823, .status = UNAVAILABLE, .value = {.int32Values = [1]{0}, .floatValues = [0]{}, .int64Values = [0]{}, .bytes = [0]{}, .stringValue = ""}}
03-17 18:53:30.272  6654  6707 D TimerTriggerController: Reset method called for timer: onIndcnVehSpdChanged
03-17 18:53:30.272   400   452 D adayocomadapter-CommunicationManager: onUpstreamReceive mPropertyId 0x214020c7
03-17 18:53:30.272   400   452 D adayocomadapter-CommunicationManager: onUpstreamReceive isLoss 1 mPropertyId 0x214020dd
03-17 18:53:30.272   400   452 D adayocomadapter-CommunicationManager: convertBytesToInt32Memcpy  0
03-17 18:53:30.272  6654  6707 D TimerTriggerController: Calling onTimerReset for timer: onIndcnVehSpdChanged
03-17 18:53:30.272   400   452 D vw-vhal : notifyVehicleProperty, propId = 0x214020dd, data = {status: 3, int32Values: [0]}
03-17 18:53:30.272  6654  6707 D TimerTriggerManager: Timer reset: onIndcnVehSpdChanged
03-17 18:53:30.272   400   452 I DefaultVehicleHal_v2_0: DefaultVehicleHal::onPropertyValue, value:{.timestamp = 144220426682, .areaId = 0, .prop = 557850845, .status = UNAVAILABLE, .value = {.int32Values = [1]{0}, .floatValues = [0]{}, .int64Values = [0]{}, .bytes = [0]{}, .stringValue = ""}}
03-17 18:53:30.273   400   452 D adayocomadapter-CommunicationManager: onUpstreamReceive mPropertyId 0x214020dd
