03-17 18:53:29.322   400   452 D adayocomadapter-ParseProtocolFunc: printRaWMsg Name[byteStream recv] len[7] data[01F18942353038]
03-17 18:53:29.322   400   452 D adayocomadapter-ParseProtocolFunc: printRaWMsg Name[IPCLtoVHAL] len[12] data[214140010100F18942353038]
03-17 18:53:29.322   400   452 D adayocomadapter-CommunicationManager: onUpstreamReceive isLoss 0 mPropertyId 0x21414001
03-17 18:53:29.322   400   452 D vw-vhal : notifyVehicleProperty, propId = 0x21414001, data = {status: 2, int32Values: [241, 137, 66, 53, 48, 56]}
03-17 18:53:29.322   400   452 I vw-vhal : CanSignalsAdapter::notifyDiagProperty: propId = 0x21414001, data = {status: 2, int32Values: [241, 137, 66, 53, 48, 56]}
03-17 18:53:29.322   400   452 I DefaultVehicleHal_v2_0: DefaultVehicleHal::onPropertyValue, value:{.timestamp = 143270230015, .areaId = 0, .prop = 557924353, .status = AVAILABLE, .value = {.int32Values = [6]{241, 137, 66, 53, 48, 56}, .floatValues = [0]{}, .int64Values = [0]{}, .bytes = [0]{}, .stringValue = ""}}
03-17 18:53:29.322   400   452 D adayocomadapter-CommunicationManager: onUpstreamReceive mPropertyId 0x21414001
03-17 18:53:29.358   642   685 I mcuc    : sd Uart data : 6AA602055D0002920206
03-17 18:53:29.363   642   685 I mcuc    : rev uart=1444,len=14, data : 6AA681055D00069202000C000176
03-17 18:53:29.363   642   685 I mcuc    : sd Uart data : 6AA602055E0002920205
03-17 18:53:29.363   400   400 D adayocomadapter-ParseProtocolFunc: printRaWMsg Name[MCUToUPstream recv] len[6] data[9202000C0001]
03-17 18:53:29.363   400   400 D adayocomadapter-CommunicationManager: onUpstreamback   member[0] dataLength[3] timePoint[143311]
03-17 18:53:29.363   400   400 D adayocomadapter-ParseProtocolFunc: printRaWMsg Name[onUpstreamback] len[3] data[0C0001]
03-17 18:53:29.363   400   452 D adayocomadapter-UpstreamHandler: processBeforePacket upSreamtProcessTimePoint[143311] 
03-17 18:53:29.363   400   452 D adayocomadapter-UpstreamHandler: processPacket UPSTREAM_QUEUE_DATA_TIMEOUT
03-17 18:53:29.363   400   452 D adayocomadapter-ParseProtocolFunc: parseCommonIPCLBytes Processing tableNumber[12]
03-17 18:53:29.363   400   452 D adayocomadapter-ParseProtocolFunc: parseCommonIPCLBytes Processing tablename[Table-12] tableSize[3]
03-17 18:53:29.363   400   452 D adayocomadapter-ParseProtocolFunc: printRaWMsg Name[byteStream recv] len[3] data[0C0001]
03-17 18:53:29.363   400   452 D adayocomadapter-ParseProtocolFunc: printRaWMsg Name[IPCLtoVHAL] len[7] data[21402166000100]
03-17 18:53:29.363   400   452 D adayocomadapter-CommunicationManager: onUpstreamReceive isLoss 1 mPropertyId 0x21402166
03-17 18:53:29.363   400   452 D adayocomadapter-CommunicationManager: convertBytesToInt32Memcpy  0
03-17 18:53:29.363   400   452 D vw-vhal : notifyVehicleProperty, propId = 0x21402166, data = {status: 3, int32Values: [0]}
03-17 18:53:29.364   400   452 I DefaultVehicleHal_v2_0: DefaultVehicleHal::onPropertyValue, value:{.timestamp = 143311568015, .areaId = 0, .prop = 557850982, .status = UNAVAILABLE, .value = {.int32Values = [1]{0}, .floatValues = [0]{}, .int64Values = [0]{}, .bytes = [0]{}, .stringValue = ""}}
03-17 18:53:29.364   400   452 D adayocomadapter-CommunicationManager: onUpstreamReceive mPropertyId 0x21402166
03-17 18:53:29.368   642   685 I mcuc    : rev uart=1445,len=17, data : 6AA681055E00099202000E7E7E00000174
03-17 18:53:29.368   400   400 D adayocomadapter-ParseProtocolFunc: printRaWMsg Name[MCUToUPstream recv] len[9] data[9202000E7E7E000001]
03-17 18:53:29.368   400   400 D adayocomadapter-CommunicationManager: onUpstreamback   member[0] dataLength[6] timePoint[143316]
03-17 18:53:29.368   400   400 D adayocomadapter-ParseProtocolFunc: printRaWMsg Name[onUpstreamback] len[6] data[0E7E7E000001]
03-17 18:53:29.368   400   452 D adayocomadapter-UpstreamHandler: processBeforePacket upSreamtProcessTimePoint[143316] 
03-17 18:53:29.369   400   452 D adayocomadapter-UpstreamHandler: processPacket UPSTREAM_QUEUE_DATA_TIMEOUT
03-17 18:53:29.369   400   452 D adayocomadapter-ParseProtocolFunc: parseCommonIPCLBytes Processing tableNumber[14]
03-17 18:53:29.369   400   452 D adayocomadapter-ParseProtocolFunc: parseCommonIPCLBytes Processing tablename[Table-14] tableSize[6]
03-17 18:53:29.369   400   452 D adayocomadapter-ParseProtocolFunc: printRaWMsg Name[byteStream recv] len[6] data[0E7E7E000001]
03-17 18:53:29.369   400   452 D adayocomadapter-ParseProtocolFunc: printRaWMsg Name[IPCLtoVHAL] len[7] data[214020DE00017E]
03-17 18:53:29.369   400   452 D adayocomadapter-ParseProtocolFunc: printRaWMsg Name[IPCLtoVHAL] len[7] data[214020E000017E]
03-17 18:53:29.369   400   452 D adayocomadapter-ParseProtocolFunc: printRaWMsg Name[IPCLtoVHAL] len[7] data[214020E5000100]
03-17 18:53:29.369   400   452 D adayocomadapter-ParseProtocolFunc: printRaWMsg Name[IPCLtoVHAL] len[7] data[214020E6000100]
03-17 18:53:29.369   400   452 D adayocomadapter-CommunicationManager: onUpstreamReceive isLoss 1 mPropertyId 0x214020de
03-17 18:53:29.369   400   452 D adayocomadapter-CommunicationManager: convertBytesToInt32Memcpy  126
03-17 18:53:29.369   400   452 D vw-vhal : notifyVehicleProperty, propId = 0x214020de, data = {status: 3, int32Values: [126]}
03-17 18:53:29.369   400   452 I DefaultVehicleHal_v2_0: DefaultVehicleHal::onPropertyValue, value:{.timestamp = 143316775682, .areaId = 0, .prop = 557850846, .status = UNAVAILABLE, .value = {.int32Values = [1]{126}, .floatValues = [0]{}, .int64Values = [0]{}, .bytes = [0]{}, .stringValue = ""}}
03-17 18:53:29.369   400   452 D adayocomadapter-CommunicationManager: onUpstreamReceive mPropertyId 0x214020de
03-17 18:53:29.369   400   452 D adayocomadapter-CommunicationManager: onUpstreamReceive isLoss 1 mPropertyId 0x214020e0
03-17 18:53:29.369   400   452 D adayocomadapter-CommunicationManager: convertBytesToInt32Memcpy  126
03-17 18:53:29.369   400   452 D vw-vhal : notifyVehicleProperty, propId = 0x214020e0, data = {status: 3, int32Values: [126]}
03-17 18:53:29.369   400   452 I DefaultVehicleHal_v2_0: DefaultVehicleHal::onPropertyValue, value:{.timestamp = 143316917015, .areaId = 0, .prop = 557850848, .status = UNAVAILABLE, .value = {.int32Values = [1]{126}, .floatValues = [0]{}, .int64Values = [0]{}, .bytes = [0]{}, .stringValue = ""}}
03-17 18:53:29.369   400   452 D adayocomadapter-CommunicationManager: onUpstreamReceive mPropertyId 0x214020e0
03-17 18:53:29.369   400   452 D adayocomadapter-CommunicationManager: onUpstreamReceive isLoss 1 mPropertyId 0x214020e5
03-17 18:53:29.369   400   452 D adayocomadapter-CommunicationManager: convertBytesToInt32Memcpy  0
03-17 18:53:29.369   400   452 D vw-vhal : notifyVehicleProperty, propId = 0x214020e5, data = {status: 3, int32Values: [0]}
03-17 18:53:29.369   400   452 I DefaultVehicleHal_v2_0: DefaultVehicleHal::onPropertyValue, value:{.timestamp = 143317026682, .areaId = 0, .prop = 557850853, .status = UNAVAILABLE, .value = {.int32Values = [1]{0}, .floatValues = [0]{}, .int64Values = [0]{}, .bytes = [0]{}, .stringValue = ""}}
03-17 18:53:29.369   400   452 D adayocomadapter-CommunicationManager: onUpstreamReceive mPropertyId 0x214020e5
03-17 18:53:29.369   400   452 D adayocomadapter-CommunicationManager: onUpstreamReceive isLoss 1 mPropertyId 0x214020e6
03-17 18:53:29.369   400   452 D adayocomadapter-CommunicationManager: convertBytesToInt32Memcpy  0
03-17 18:53:29.369   400   452 D vw-vhal : notifyVehicleProperty, propId = 0x214020e6, data = {status: 3, int32Values: [0]}
03-17 18:53:29.369   400   452 I DefaultVehicleHal_v2_0: DefaultVehicleHal::onPropertyValue, value:{.timestamp = 143317133682, .areaId = 0, .prop = 557850854, .status = UNAVAILABLE, .value = {.int32Values = [1]{0}, .floatValues = [0]{}, .int64Values = [0]{}, .bytes = [0]{}, .stringValue = ""}}
03-17 18:53:29.369   400   452 D adayocomadapter-CommunicationManager: onUpstreamReceive mPropertyId 0x214020e6
03-17 18:53:29.370  6654  6700 D TimerTriggerManager: init instance...
03-17 18:53:29.370  6654  6700 D TimerTriggerManager: Timer thread'TimerTriggerManager' is destroyed: false
03-17 18:53:29.370  6654  6700 D TimerTriggerManager: Timer 'onIndcnVehSpdChanged' is running: true
03-17 18:53:29.370  6654  6700 D TimerTriggerManager: Sending reset signal to timer 'onIndcnVehSpdChanged'
03-17 18:53:29.370  6654  6700 D TimerTriggerManager: Reset signal sent to timer 'onIndcnVehSpdChanged'
03-17 18:53:29.371  6654  6700 D TimerTriggerManager: init instance...
03-17 18:53:29.371  6654  6700 D TimerTriggerManager: Timer thread'TimerTriggerManager' is destroyed: false
03-17 18:53:29.371  6654  6700 D TimerTriggerManager: Timer 'onMntnWarnReqChanged' is running: true
03-17 18:53:29.371  6654  6700 D TimerTriggerManager: Sending reset signal to timer 'onMntnWarnReqChanged'
03-17 18:53:29.371  6654  6700 D TimerTriggerManager: Reset signal sent to timer 'onMntnWarnReqChanged'
03-17 18:53:29.371  6654  6707 D TimerTriggerController: Reset method called for timer: onIndcnVehSpdChanged
03-17 18:53:29.371  6654  6707 D TimerTriggerController: Calling onTimerReset for timer: onIndcnVehSpdChanged
03-17 18:53:29.371  6654  6707 D TimerTriggerManager: Timer reset: onIndcnVehSpdChanged
03-17 18:53:29.371  6654  6707 I TimerTriggerController: Timer [onIndcnVehSpdChanged] reset, remaining: 1000ms, reset count: 952
03-17 18:53:29.371  6654  6707 D TimerTriggerController: Reset method called for timer: onMntnWarnReqChanged
03-17 18:53:29.371  6654  6707 D TimerTriggerController: Calling onTimerReset for timer: onMntnWarnReqChanged
03-17 18:53:29.371  6654  6707 D TimerTriggerManager: Timer reset: onMntnWarnReqChanged
03-17 18:53:29.371  6654  6707 I TimerTriggerController: Timer [onMntnWarnReqChanged] reset, remaining: 5000ms, reset count: 476
03-17 18:53:29.377   582  3616 E WifiHAL : Invalid data received from driver
03-17 18:53:29.378  1603  1603 I ADAYO_LOG_: handleMessage(UsbFunc.java:3)copyQnx = 0
03-17 18:53:29.378  1603  1603 I ADAYO_LOG_: handleMessage(UsbFunc.java:69)copyState = 2
01-01 08:02:24.527   709   709 I [schedu][0x88af707][10:53:29.377390] qcn7605: [709:I:PE] lim_process_action_frame_no_session: Unhandled action frame without session: 7f
03-17 18:53:29.397   582  3616 E WifiHAL : Invalid data received from driver
03-17 18:53:29.397   582  3616 E WifiHAL : Invalid data received from driver
03-17 18:53:29.397   582  3616 E WifiHAL : Invalid data received from driver
03-17 18:53:29.397   582  3616 E WifiHAL : Invalid data received from driver
03-17 18:53:29.397   582  3616 E WifiHAL : Invalid data received from driver
03-17 18:53:29.398   582  3616 E WifiHAL : Invalid data received from driver
03-17 18:53:29.398   582  3616 E WifiHAL : Invalid data received from driver
03-17 18:53:29.416   642   800 I mcuc    : sd Uart data : 6AA600008C000206016B
03-17 18:53:29.420   582  3616 E WifiHAL : Invalid data received from driver
03-17 18:53:29.421  2383  2600 D AdayoDoipServer294_Doip: [ne_doip_event_loop_dispatch][line:141] : count = 0
03-17 18:53:29.439   644   644 E fgesysctrl_hidl_hal_test1: fgesysctrl_get_signal status *value=0
03-17 18:53:29.439   649   759 D EvsApp  : CameraFgeSysctrl::fgesysctrl_get_signal_status() end ret = 1
03-17 18:53:29.439  1646  1727 I evsservice20200311: function = notifyAppDeviceValue :ADAYO_AVM_CAMERA_SIGNAL_STATE,1---
03-17 18:53:29.440  1646  1985 E EvsServiceManager: EvsServiceManager$1->notifyDeviceValue()42:notifyDeviceValue key：ADAYO_AVM_CAMERA_SIGNAL_STATEvalue1     ---165:Thread-127
03-17 18:53:29.470  6654  6700 D TimerTriggerManager: init instance...
03-17 18:53:29.470  6654  6700 D TimerTriggerManager: Timer thread'TimerTriggerManager' is destroyed: false
03-17 18:53:29.470  6654  6700 D TimerTriggerManager: Timer 'onIndcnVehSpdChanged' is running: true
03-17 18:53:29.470  6654  6700 D TimerTriggerManager: Sending reset signal to timer 'onIndcnVehSpdChanged'
03-17 18:53:29.471  6654  6700 D TimerTriggerManager: Reset signal sent to timer 'onIndcnVehSpdChanged'
03-17 18:53:29.471  6654  6707 D TimerTriggerController: Reset method called for timer: onIndcnVehSpdChanged
03-17 18:53:29.471  6654  6707 D TimerTriggerController: Calling onTimerReset for timer: onIndcnVehSpdChanged
03-17 18:53:29.471  6654  6707 D TimerTriggerManager: Timer reset: onIndcnVehSpdChanged
03-17 18:53:29.471  6654  6707 I TimerTriggerController: Timer [onIndcnVehSpdChanged] reset, remaining: 1000ms, reset count: 953
03-17 18:53:29.483   582  3616 E WifiHAL : Invalid data received from driver
03-17 18:53:29.521  2383  2600 D AdayoDoipServer294_Doip: [ne_doip_event_loop_dispatch][line:141] : count = 0
03-17 18:53:29.526  2106  2460 D CAR.DIAGNOSTIC: Entry - Type: 0x01, ServiceId: 0x2048, InstanceId: 0x0001, MajorVersion: 0x01FFFFFF, TTL: 0
03-17 18:53:29.526  2106  2458 D CAR.DIAGNOSTIC: Entry - Type: 0x01, ServiceId: 0x2048, InstanceId: 0x0001, MajorVersion: 0x01FFFFFF, TTL: 0
03-17 18:53:29.526  2106  2450 D CAR.DIAGNOSTIC: Entry - Type: 0x01, ServiceId: 0x2048, InstanceId: 0x0001, MajorVersion: 0x01FFFFFF, TTL: 0
03-17 18:53:29.527  2106  2460 D CAR.DIAGNOSTIC: Entry - Type: 0x01, ServiceId: 0x5555, InstanceId: 0x0001, MajorVersion: 0x01FFFFFF, TTL: 0
03-17 18:53:29.527  2106  2450 D CAR.DIAGNOSTIC: Entry - Type: 0x01, ServiceId: 0x5555, InstanceId: 0x0001, MajorVersion: 0x01FFFFFF, TTL: 0
03-17 18:53:29.527  2106  2458 D CAR.DIAGNOSTIC: Entry - Type: 0x01, ServiceId: 0x5555, InstanceId: 0x0001, MajorVersion: 0x01FFFFFF, TTL: 0
03-17 18:53:29.527  2106  2460 W CAR.DIAGNOSTIC: Not enough data for option indices: needed 128, remaining 52
03-17 18:53:29.527  2106  2450 W CAR.DIAGNOSTIC: Not enough data for option indices: needed 128, remaining 52
03-17 18:53:29.527  2106  2458 W CAR.DIAGNOSTIC: Not enough data for option indices: needed 128, remaining 52
03-17 18:53:29.531  1566  3186 D TboxNetworkManager: tboxNetworkbinder=null
03-17 18:53:29.537   642   685 I mcuc    : sd Uart data : 6AA602055F0002920204
03-17 18:53:29.542   642   685 I mcuc    : rev uart=1446,len=17, data : 6AA681055F00099202000200000000017B
03-17 18:53:29.542   400   400 D adayocomadapter-ParseProtocolFunc: printRaWMsg Name[MCUToUPstream recv] len[9] data[920200020000000001]
03-17 18:53:29.542   400   400 D adayocomadapter-CommunicationManager: onUpstreamback   member[0] dataLength[6] timePoint[143490]
03-17 18:53:29.542   400   400 D adayocomadapter-ParseProtocolFunc: printRaWMsg Name[onUpstreamback] len[6] data[020000000001]
03-17 18:53:29.542   400   452 D adayocomadapter-UpstreamHandler: processBeforePacket upSreamtProcessTimePoint[143490] 
03-17 18:53:29.542   400   452 D adayocomadapter-UpstreamHandler: processPacket UPSTREAM_QUEUE_DATA_TIMEOUT
03-17 18:53:29.542   400   452 D adayocomadapter-ParseProtocolFunc: parseCommonIPCLBytes Processing tableNumber[2]
03-17 18:53:29.542   400   452 D adayocomadapter-ParseProtocolFunc: parseCommonIPCLBytes Processing tablename[Table-2] tableSize[6]
03-17 18:53:29.542   400   452 D adayocomadapter-ParseProtocolFunc: printRaWMsg Name[byteStream recv] len[6] data[020000000001]
03-17 18:53:29.542   400   452 D adayocomadapter-ParseProtocolFunc: printRaWMsg Name[IPCLtoVHAL] len[7] data[21402049000100]
03-17 18:53:29.542   400   452 D adayocomadapter-ParseProtocolFunc: printRaWMsg Name[IPCLtoVHAL] len[7] data[214021A2000100]
03-17 18:53:29.542   400   452 D adayocomadapter-ParseProtocolFunc: printRaWMsg Name[IPCLtoVHAL] len[7] data[21402206000100]
03-17 18:53:29.542   400   452 D adayocomadapter-ParseProtocolFunc: printRaWMsg Name[IPCLtoVHAL] len[7] data[214020EA000100]
03-17 18:53:29.542   400   452 D adayocomadapter-CommunicationManager: onUpstreamReceive isLoss 1 mPropertyId 0x21402049
03-17 18:53:29.542   400   452 D adayocomadapter-CommunicationManager: convertBytesToInt32Memcpy  0
03-17 18:53:29.542   400   452 D vw-vhal : notifyVehicleProperty, propId = 0x21402049, data = {status: 3, int32Values: [0]}
03-17 18:53:29.542   400   452 I DefaultVehicleHal_v2_0: DefaultVehicleHal::onPropertyValue, value:{.timestamp = 143490396348, .areaId = 0, .prop = 557850697, .status = UNAVAILABLE, .value = {.int32Values = [1]{0}, .floatValues = [0]{}, .int64Values = [0]{}, .bytes = [0]{}, .stringValue = ""}}
03-17 18:53:29.542   400   452 D adayocomadapter-CommunicationManager: onUpstreamReceive mPropertyId 0x21402049
03-17 18:53:29.542   400   452 D adayocomadapter-CommunicationManager: onUpstreamReceive isLoss 1 mPropertyId 0x214021a2
03-17 18:53:29.542   400   452 D adayocomadapter-CommunicationManager: convertBytesToInt32Memcpy  0
03-17 18:53:29.542   400   452 D vw-vhal : notifyVehicleProperty, propId = 0x214021a2, data = {status: 3, int32Values: [0]}
03-17 18:53:29.543   400   452 I DefaultVehicleHal_v2_0: DefaultVehicleHal::onPropertyValue, value:{.timestamp = 143490544015, .areaId = 0, .prop = 557851042, .status = UNAVAILABLE, .value = {.int32Values = [1]{0}, .floatValues = [0]{}, .int64Values = [0]{}, .bytes = [0]{}, .stringValue = ""}}
03-17 18:53:29.543   400   452 D adayocomadapter-CommunicationManager: onUpstreamReceive mPropertyId 0x214021a2
03-17 18:53:29.543   400   452 D adayocomadapter-CommunicationManager: onUpstreamReceive isLoss 1 mPropertyId 0x21402206
03-17 18:53:29.543   400   452 D adayocomadapter-CommunicationManager: convertBytesToInt32Memcpy  0
03-17 18:53:29.543   400   452 D vw-vhal : notifyVehicleProperty, propId = 0x21402206, data = {status: 3, int32Values: [0]}
03-17 18:53:29.543   400   452 I DefaultVehicleHal_v2_0: DefaultVehicleHal::onPropertyValue, value:{.timestamp = 143490654682, .areaId = 0, .prop = 557851142, .status = UNAVAILABLE, .value = {.int32Values = [1]{0}, .floatValues = [0]{}, .int64Values = [0]{}, .bytes = [0]{}, .stringValue = ""}}
03-17 18:53:29.543   400   452 D adayocomadapter-CommunicationManager: onUpstreamReceive mPropertyId 0x21402206
03-17 18:53:29.543   400   452 D adayocomadapter-CommunicationManager: onUpstreamReceive isLoss 1 mPropertyId 0x214020ea
03-17 18:53:29.543   400   452 D adayocomadapter-CommunicationManager: convertBytesToInt32Memcpy  0
03-17 18:53:29.543   400   452 D vw-vhal : notifyVehicleProperty, propId = 0x214020ea, data = {status: 3, int32Values: [0]}
03-17 18:53:29.543   400   452 I DefaultVehicleHal_v2_0: DefaultVehicleHal::onPropertyValue, value:{.timestamp = 143490765015, .areaId = 0, .prop = 557850858, .status = UNAVAILABLE, .value = {.int32Values = [1]{0}, .floatValues = [0]{}, .int64Values = [0]{}, .bytes = [0]{}, .stringValue = ""}}
03-17 18:53:29.543   400   452 D adayocomadapter-CommunicationManager: onUpstreamReceive mPropertyId 0x214020ea
03-17 18:53:29.550   881   893 I PerfService: perfservice: restore_cpu /sys/devices/system/cpu/cpufreq/policy0/scaling_min_freq min=550000
03-17 18:53:29.571  6654  6700 D TimerTriggerManager: init instance...
03-17 18:53:29.571  6654  6700 D TimerTriggerManager: Timer thread'TimerTriggerManager' is destroyed: false
03-17 18:53:29.571  6654  6700 D TimerTriggerManager: Timer 'onIndcnVehSpdChanged' is running: true
03-17 18:53:29.572  6654  6700 D TimerTriggerManager: Sending reset signal to timer 'onIndcnVehSpdChanged'
03-17 18:53:29.572  6654  6700 D TimerTriggerManager: Reset signal sent to timer 'onIndcnVehSpdChanged'
03-17 18:53:29.572  6654  6707 D TimerTriggerController: Reset method called for timer: onIndcnVehSpdChanged
03-17 18:53:29.572  6654  6707 D TimerTriggerController: Calling onTimerReset for timer: onIndcnVehSpdChanged
03-17 18:53:29.572  6654  6707 D TimerTriggerManager: Timer reset: onIndcnVehSpdChanged
03-17 18:53:29.572  6654  6707 I TimerTriggerController: Timer [onIndcnVehSpdChanged] reset, remaining: 1000ms, reset count: 954
03-17 18:53:29.574  6654  6700 D TimerTriggerManager: init instance...
03-17 18:53:29.574  6654  6700 D TimerTriggerManager: Timer thread'TimerTriggerManager' is destroyed: false
03-17 18:53:29.574  6654  6700 D TimerTriggerManager: Timer 'onMntnWarnReqChanged' is running: true
03-17 18:53:29.574  6654  6700 D TimerTriggerManager: Sending reset signal to timer 'onMntnWarnReqChanged'
03-17 18:53:29.574  6654  6700 D TimerTriggerManager: Reset signal sent to timer 'onMntnWarnReqChanged'
03-17 18:53:29.574  6654  6707 D TimerTriggerController: Reset method called for timer: onMntnWarnReqChanged
03-17 18:53:29.574  6654  6707 D TimerTriggerController: Calling onTimerReset for timer: onMntnWarnReqChanged
03-17 18:53:29.574  6654  6707 D TimerTriggerManager: Timer reset: onMntnWarnReqChanged
03-17 18:53:29.574  6654  6707 I TimerTriggerController: Timer [onMntnWarnReqChanged] reset, remaining: 5000ms, reset count: 477
03-17 18:53:29.577   582  3616 E WifiHAL : Invalid data received from driver
03-17 18:53:29.621   642   685 I mcuc    : sd Uart data : 6AA60205600002920203
03-17 18:53:29.622  2383  2600 D AdayoDoipServer294_Doip: [ne_doip_event_loop_dispatch][line:141] : count = 0
03-17 18:53:29.626   642   685 I mcuc    : rev uart=1447,len=63, data : 6AA681056000379202001200001E1E0000000000000000000000000000000000000000000000000000000000000000000000000000000000000101010101FC
03-17 18:53:29.627   400   400 D adayocomadapter-ParseProtocolFunc: printRaWMsg Name[MCUToUPstream recv] len[55] data[9202001200001E1E0000000000000000000000000000000000000000000000000000000000000000000000000000000000000101010101]
03-17 18:53:29.627   400   400 D adayocomadapter-CommunicationManager: onUpstreamback   member[0] dataLength[52] timePoint[143574]
03-17 18:53:29.627   400   400 D adayocomadapter-ParseProtocolFunc: printRaWMsg Name[onUpstreamback] len[52] data[1200001E1E0000000000000000000000000000000000000000000000000000000000000000000000000000000000000101010101]
03-17 18:53:29.627   400   452 D adayocomadapter-UpstreamHandler: processBeforePacket upSreamtProcessTimePoint[143575] 
03-17 18:53:29.627   400   452 D adayocomadapter-UpstreamHandler: processPacket UPSTREAM_QUEUE_DATA_TIMEOUT
03-17 18:53:29.627   400   452 D adayocomadapter-ParseProtocolFunc: parseCommonIPCLBytes Processing tableNumber[18]
03-17 18:53:29.627   400   452 D adayocomadapter-ParseProtocolFunc: parseCommonIPCLBytes Processing tablename[Table-18] tableSize[53]
03-17 18:53:29.627   400   452 D adayocomadapter-ParseProtocolFunc: parseCommonIPCLBytes Error: table.tSize unMatched byteStream.size[52]
03-17 18:53:29.639   642   685 I mcuc    : sd Uart data : 6AA60205610002920202
03-17 18:53:29.645   642   685 I mcuc    : rev uart=1448,len=48, data : 6AA681056100289202001B4A503130333531353242204A503130333531353242204130330000000000000000000000E4
03-17 18:53:29.645   400   400 D adayocomadapter-ParseProtocolFunc: printRaWMsg Name[MCUToUPstream recv] len[40] data[9202001B4A503130333531353242204A503130333531353242204130330000000000000000000000]
03-17 18:53:29.645   400   400 D adayocomadapter-CommunicationManager: onUpstreamback   member[0] dataLength[37] timePoint[143593]
03-17 18:53:29.645   400   400 D adayocomadapter-ParseProtocolFunc: printRaWMsg Name[onUpstreamback] len[37] data[1B4A503130333531353242204A503130333531353242204130330000000000000000000000]
03-17 18:53:29.646   400   452 D adayocomadapter-UpstreamHandler: processBeforePacket upSreamtProcessTimePoint[143593] 
03-17 18:53:29.646   400   452 D adayocomadapter-UpstreamHandler: processPacket UPSTREAM_QUEUE_DATA_TIMEOUT
03-17 18:53:29.646   400   452 D adayocomadapter-ParseProtocolFunc: parseCommonIPCLBytes Processing tableNumber[27]
03-17 18:53:29.646   400   452 D adayocomadapter-ParseProtocolFunc: parseCommonIPCLBytes Processing tablename[Table-27] tableSize[37]
03-17 18:53:29.646   400   452 D adayocomadapter-ParseProtocolFunc: printRaWMsg Name[byteStream recv] len[37] data[1B4A503130333531353242204A503130333531353242204130330000000000000000000000]
03-17 18:53:29.646   400   452 D adayocomadapter-ParseProtocolFunc: printRaWMsg Name[IPCLtoVHAL] len[17] data[2141415701004A50313033353135324220]
03-17 18:53:29.646   400   452 D adayocomadapter-ParseProtocolFunc: printRaWMsg Name[IPCLtoVHAL] len[17] data[2141415801004A50313033353135324220]
03-17 18:53:29.646   400   452 D adayocomadapter-ParseProtocolFunc: printRaWMsg Name[IPCLtoVHAL] len[9] data[214141590100413033]
03-17 18:53:29.646   400   452 D adayocomadapter-ParseProtocolFunc: printRaWMsg Name[IPCLtoVHAL] len[17] data[2141415A01000000000000000000000000]
03-17 18:53:29.646   400   452 D adayocomadapter-CommunicationManager: onUpstreamReceive isLoss 0 mPropertyId 0x21414157
03-17 18:53:29.646   400   452 D vw-vhal : notifyVehicleProperty, propId = 0x21414157, data = {status: 2, int32Values: [74, 80, 49, 48, 51, 53, 49, 53, 50, 66, 32]}
03-17 18:53:29.646   400   452 I vw-vhal : CanSignalsAdapter::notifyDiagProperty: propId = 0x21414157, data = {status: 2, int32Values: [74, 80, 49, 48, 51, 53, 49, 53, 50, 66, 32]}
03-17 18:53:29.647   400   452 I DefaultVehicleHal_v2_0: DefaultVehicleHal::onPropertyValue, value:{.timestamp = 143594590682, .areaId = 0, .prop = 557924695, .status = AVAILABLE, .value = {.int32Values = [11]{74, 80, 49, 48, 51, 53, 49, 53, 50, 66, 32}, .floatValues = [0]{}, .int64Values = [0]{}, .bytes = [0]{}, .stringValue = ""}}
03-17 18:53:29.647   400   452 D DefaultVehicleHal_v2_0: onPropertyValue: Diagnostic config property: 0x21414157
03-17 18:53:29.647   400   452 D DiagPropHandler: Processing request for prop: 0x21414157, size: 11
03-17 18:53:29.647   400   452 D DiagPropHandler: String length: 11, size = 11
03-17 18:53:29.648   703   703 W vendor.fawvw.hardware.persistenceservice: [64][PersistenceProxyReplier::setValue] setValue when server disconnect
03-17 18:53:29.648   703   703 I vendor.fawvw.hardware.persistenceservice: [49][PersistenceService::setValue]Receive aidl setValue:key is VW_Spare_Part_Number,value is JP1035152B ,serviceid is 2
03-17 18:53:29.648   400   452 D DiagPropHandler: Successfully set property [VW_Spare_Part_Number] = JP1035152B 
03-17 18:53:29.648   400   452 D adayocomadapter-CommunicationManager: onUpstreamReceive mPropertyId 0x21414157
03-17 18:53:29.648   400   452 D adayocomadapter-CommunicationManager: onUpstreamReceive isLoss 0 mPropertyId 0x21414158
03-17 18:53:29.649   400   452 D vw-vhal : notifyVehicleProperty, propId = 0x21414158, data = {status: 2, int32Values: [74, 80, 49, 48, 51, 53, 49, 53, 50, 66, 32]}
03-17 18:53:29.649   400   452 I vw-vhal : CanSignalsAdapter::notifyDiagProperty: propId = 0x21414158, data = {status: 2, int32Values: [74, 80, 49, 48, 51, 53, 49, 53, 50, 66, 32]}
03-17 18:53:29.649   400   452 I DefaultVehicleHal_v2_0: DefaultVehicleHal::onPropertyValue, value:{.timestamp = 143596822015, .areaId = 0, .prop = 557924696, .status = AVAILABLE, .value = {.int32Values = [11]{74, 80, 49, 48, 51, 53, 49, 53, 50, 66, 32}, .floatValues = [0]{}, .int64Values = [0]{}, .bytes = [0]{}, .stringValue = ""}}
03-17 18:53:29.649   400   452 D adayocomadapter-CommunicationManager: onUpstreamReceive mPropertyId 0x21414158
03-17 18:53:29.649   400   452 D adayocomadapter-CommunicationManager: onUpstreamReceive isLoss 0 mPropertyId 0x21414159
03-17 18:53:29.649   400   452 D vw-vhal : notifyVehicleProperty, propId = 0x21414159, data = {status: 2, int32Values: [65, 48, 51]}
03-17 18:53:29.649   400   452 I vw-vhal : CanSignalsAdapter::notifyDiagProperty: propId = 0x21414159, data = {status: 2, int32Values: [65, 48, 51]}
03-17 18:53:29.649   400   452 I DefaultVehicleHal_v2_0: DefaultVehicleHal::onPropertyValue, value:{.timestamp = 143597248015, .areaId = 0, .prop = 557924697, .status = AVAILABLE, .value = {.int32Values = [3]{65, 48, 51}, .floatValues = [0]{}, .int64Values = [0]{}, .bytes = [0]{}, .stringValue = ""}}
03-17 18:53:29.649   400   452 D adayocomadapter-CommunicationManager: onUpstreamReceive mPropertyId 0x21414159
03-17 18:53:29.649   400   452 D adayocomadapter-CommunicationManager: onUpstreamReceive isLoss 0 mPropertyId 0x2141415a
03-17 18:53:29.650   400   452 D vw-vhal : notifyVehicleProperty, propId = 0x2141415a, data = {status: 2, int32Values: [0, 0, 0, 0, 0, 0, 0, 0, 0, 0, 0]}
03-17 18:53:29.650   400   452 I vw-vhal : CanSignalsAdapter::notifyDiagProperty: propId = 0x2141415a, data = {status: 2, int32Values: [0, 0, 0, 0, 0, 0, 0, 0, 0, 0, 0]}
03-17 18:53:29.650   400   452 I DefaultVehicleHal_v2_0: DefaultVehicleHal::onPropertyValue, value:{.timestamp = 143597742348, .areaId = 0, .prop = 557924698, .status = AVAILABLE, .value = {.int32Values = [11]{0, 0, 0, 0, 0, 0, 0, 0, 0, 0, 0}, .floatValues = [0]{}, .int64Values = [0]{}, .bytes = [0]{}, .stringValue = ""}}
03-17 18:53:29.650   400   452 D adayocomadapter-CommunicationManager: onUpstreamReceive mPropertyId 0x2141415a
03-17 18:53:29.659   582  3616 E WifiHAL : Invalid data received from driver
03-17 18:53:29.671  6654  6700 D TimerTriggerManager: init instance...
03-17 18:53:29.671  6654  6700 D TimerTriggerManager: Timer thread'TimerTriggerManager' is destroyed: false
03-17 18:53:29.671  6654  6700 D TimerTriggerManager: Timer 'onIndcnVehSpdChanged' is running: true
03-17 18:53:29.671  6654  6700 D TimerTriggerManager: Sending reset signal to timer 'onIndcnVehSpdChanged'
03-17 18:53:29.671  6654  6700 D TimerTriggerManager: Reset signal sent to timer 'onIndcnVehSpdChanged'
03-17 18:53:29.671  6654  6707 D TimerTriggerController: Reset method called for timer: onIndcnVehSpdChanged
03-17 18:53:29.671  6654  6707 D TimerTriggerController: Calling onTimerReset for timer: onIndcnVehSpdChanged
03-17 18:53:29.671  6654  6707 D TimerTriggerManager: Timer reset: onIndcnVehSpdChanged
03-17 18:53:29.671  6654  6707 I TimerTriggerController: Timer [onIndcnVehSpdChanged] reset, remaining: 1000ms, reset count: 955
03-17 18:53:29.682  1566  2651 D TboxNetworkManager: tboxNetworkbinder=null
03-17 18:53:29.722  2383  2600 D AdayoDoipServer294_Doip: [ne_doip_event_loop_dispatch][line:141] : count = 0
03-17 18:53:29.740   582  3616 E WifiHAL : Invalid data received from driver
03-17 18:53:29.770  6654  6700 D TimerTriggerManager: init instance...
03-17 18:53:29.770  6654  6700 D TimerTriggerManager: Timer thread'TimerTriggerManager' is destroyed: false
03-17 18:53:29.770  6654  6700 D TimerTriggerManager: Timer 'onIndcnVehSpdChanged' is running: true
03-17 18:53:29.770  6654  6700 D TimerTriggerManager: Sending reset signal to timer 'onIndcnVehSpdChanged'
03-17 18:53:29.770  6654  6707 D TimerTriggerController: Reset method called for timer: onIndcnVehSpdChanged
03-17 18:53:29.771  6654  6707 D TimerTriggerController: Calling onTimerReset for timer: onIndcnVehSpdChanged
03-17 18:53:29.771  6654  6707 D TimerTriggerManager: Timer reset: onIndcnVehSpdChanged
03-17 18:53:29.771  6654  6707 I TimerTriggerController: Timer [onIndcnVehSpdChanged] reset, remaining: 1000ms, reset count: 956
03-17 18:53:29.771  6654  6700 D TimerTriggerManager: Reset signal sent to timer 'onIndcnVehSpdChanged'
03-17 18:53:29.771  6654  6700 D TimerTriggerManager: init instance...
03-17 18:53:29.771  6654  6700 D TimerTriggerManager: Timer thread'TimerTriggerManager' is destroyed: false
03-17 18:53:29.771  6654  6700 D TimerTriggerManager: Timer 'onMntnWarnReqChanged' is running: true
03-17 18:53:29.771  6654  6700 D TimerTriggerManager: Sending reset signal to timer 'onMntnWarnReqChanged'
03-17 18:53:29.771  6654  6700 D TimerTriggerManager: Reset signal sent to timer 'onMntnWarnReqChanged'
03-17 18:53:29.771  6654  6707 D TimerTriggerController: Reset method called for timer: onMntnWarnReqChanged
03-17 18:53:29.771  6654  6707 D TimerTriggerController: Calling onTimerReset for timer: onMntnWarnReqChanged
03-17 18:53:29.771  6654  6707 D TimerTriggerManager: Timer reset: onMntnWarnReqChanged
03-17 18:53:29.772  6654  6707 I TimerTriggerController: Timer [onMntnWarnReqChanged] reset, remaining: 5000ms, reset count: 478
03-17 18:53:29.790   582  3616 E WifiHAL : Invalid data received from driver
03-17 18:53:29.822  2383  2600 D AdayoDoipServer294_Doip: [ne_doip_event_loop_dispatch][line:141] : count = 0
03-17 18:53:29.855   582  3616 E WifiHAL : Invalid data received from driver
03-17 18:53:29.856   582  3616 E WifiHAL : Invalid data received from driver
03-17 18:53:29.856   582  3616 E WifiHAL : Invalid data received from driver
03-17 18:53:29.856   582  3616 E WifiHAL : Invalid data received from driver
03-17 18:53:29.856   582  3616 E WifiHAL : Invalid data received from driver
03-17 18:53:29.856   582  3616 E WifiHAL : Invalid data received from driver
03-17 18:53:29.856   582  3616 E WifiHAL : Invalid data received from driver
03-17 18:53:29.856   582  3616 E WifiHAL : Invalid data received from driver
03-17 18:53:29.857   642   685 I mcuc    : sd Uart data : 6AA60205620002920201
03-17 18:53:29.862   642   685 I mcuc    : rev uart=1449,len=16, data : 6AA68105620008920200090000000172
03-17 18:53:29.862   400   400 D adayocomadapter-ParseProtocolFunc: printRaWMsg Name[MCUToUPstream recv] len[8] data[9202000900000001]
03-17 18:53:29.862   400   400 D adayocomadapter-CommunicationManager: onUpstreamback   member[0] dataLength[5] timePoint[143810]
03-17 18:53:29.862   400   400 D adayocomadapter-ParseProtocolFunc: printRaWMsg Name[onUpstreamback] len[5] data[0900000001]
03-17 18:53:29.862   400   452 D adayocomadapter-UpstreamHandler: processBeforePacket upSreamtProcessTimePoint[143810] 
03-17 18:53:29.862   400   452 D adayocomadapter-UpstreamHandler: processPacket UPSTREAM_QUEUE_DATA_TIMEOUT
03-17 18:53:29.862   400   452 D adayocomadapter-ParseProtocolFunc: parseCommonIPCLBytes Processing tableNumber[9]
03-17 18:53:29.862   400   452 D adayocomadapter-ParseProtocolFunc: parseCommonIPCLBytes Processing tablename[Table-9] tableSize[5]
03-17 18:53:29.862   400   452 D adayocomadapter-ParseProtocolFunc: printRaWMsg Name[byteStream recv] len[5] data[0900000001]
03-17 18:53:29.863   400   452 D adayocomadapter-ParseProtocolFunc: printRaWMsg Name[IPCLtoVHAL] len[7] data[21402060000100]
03-17 18:53:29.863   400   452 D adayocomadapter-ParseProtocolFunc: printRaWMsg Name[IPCLtoVHAL] len[7] data[2140218D000100]
03-17 18:53:29.863   400   452 D adayocomadapter-ParseProtocolFunc: printRaWMsg Name[IPCLtoVHAL] len[7] data[21402255000100]
03-17 18:53:29.863   400   452 D adayocomadapter-CommunicationManager: onUpstreamReceive isLoss 1 mPropertyId 0x21402060
03-17 18:53:29.863   400   452 D adayocomadapter-CommunicationManager: convertBytesToInt32Memcpy  0
03-17 18:53:29.863   400   452 D vw-vhal : notifyVehicleProperty, propId = 0x21402060, data = {status: 3, int32Values: [0]}
03-17 18:53:29.863   400   452 I DefaultVehicleHal_v2_0: DefaultVehicleHal::onPropertyValue, value:{.timestamp = 143810712682, .areaId = 0, .prop = 557850720, .status = UNAVAILABLE, .value = {.int32Values = [1]{0}, .floatValues = [0]{}, .int64Values = [0]{}, .bytes = [0]{}, .stringValue = ""}}
03-17 18:53:29.863   400   452 D adayocomadapter-CommunicationManager: onUpstreamReceive mPropertyId 0x21402060
03-17 18:53:29.863   400   452 D adayocomadapter-CommunicationManager: onUpstreamReceive isLoss 1 mPropertyId 0x2140218d
03-17 18:53:29.863   400   452 D adayocomadapter-CommunicationManager: convertBytesToInt32Memcpy  0
03-17 18:53:29.863   400   452 D vw-vhal : notifyVehicleProperty, propId = 0x2140218d, data = {status: 3, int32Values: [0]}
03-17 18:53:29.863   400   452 I DefaultVehicleHal_v2_0: DefaultVehicleHal::onPropertyValue, value:{.timestamp = 143810869682, .areaId = 0, .prop = 557851021, .status = UNAVAILABLE, .value = {.int32Values = [1]{0}, .floatValues = [0]{}, .int64Values = [0]{}, .bytes = [0]{}, .stringValue = ""}}
03-17 18:53:29.863   400   452 D adayocomadapter-CommunicationManager: onUpstreamReceive mPropertyId 0x2140218d
03-17 18:53:29.863   400   452 D adayocomadapter-CommunicationManager: onUpstreamReceive isLoss 1 mPropertyId 0x21402255
03-17 18:53:29.863   400   452 D adayocomadapter-CommunicationManager: convertBytesToInt32Memcpy  0
03-17 18:53:29.863   400   452 D vw-vhal : notifyVehicleProperty, propId = 0x21402255, data = {status: 3, int32Values: [0]}
03-17 18:53:29.863   400   452 I DefaultVehicleHal_v2_0: DefaultVehicleHal::onPropertyValue, value:{.timestamp = 143811009682, .areaId = 0, .prop = 557851221, .status = UNAVAILABLE, .value = {.int32Values = [1]{0}, .floatValues = [0]{}, .int64Values = [0]{}, .bytes = [0]{}, .stringValue = ""}}
03-17 18:53:29.863   400   452 D adayocomadapter-CommunicationManager: onUpstreamReceive mPropertyId 0x21402255
03-17 18:53:29.875  6654  6700 D TimerTriggerManager: init instance...
03-17 18:53:29.875  6654  6700 D TimerTriggerManager: Timer thread'TimerTriggerManager' is destroyed: false
03-17 18:53:29.875  6654  6700 D TimerTriggerManager: Timer 'onIndcnVehSpdChanged' is running: true
03-17 18:53:29.875  6654  6700 D TimerTriggerManager: Sending reset signal to timer 'onIndcnVehSpdChanged'
03-17 18:53:29.875  6654  6700 D TimerTriggerManager: Reset signal sent to timer 'onIndcnVehSpdChanged'
03-17 18:53:29.876  6654  6707 D TimerTriggerController: Reset method called for timer: onIndcnVehSpdChanged
03-17 18:53:29.876  6654  6707 D TimerTriggerController: Calling onTimerReset for timer: onIndcnVehSpdChanged
03-17 18:53:29.876  6654  6707 D TimerTriggerManager: Timer reset: onIndcnVehSpdChanged
03-17 18:53:29.876  6654  6707 I TimerTriggerController: Timer [onIndcnVehSpdChanged] reset, remaining: 1000ms, reset count: 957
03-17 18:53:29.890   714   714 E sdlogd  : sdlog: 
03-17 18:53:29.890   714   714 E sdlogd  : stat error: No such file or directory, path: /la_log/vendor/fawvw/log/android/sdlog/sdlog/runtime/mp.log
03-17 18:53:29.892   714   714 E sdlogd  : sdlog: 
03-17 18:53:29.892   714   714 E sdlogd  : stat error: No such file or directory, path: /la_log/vendor/fawvw/log/android/sdlog/sdlog/runtime/ap1_kernel.log
03-17 18:53:29.894   714   714 E sdlogd  : sdlog: 
03-17 18:53:29.894   714   714 E sdlogd  : stat error: No such file or directory, path: /la_log/vendor/fawvw/log/android/sdlog/sdlog/runtime/ap2_kernel.log
03-17 18:53:29.899   806   806 I adbd    : AdaTest:transport UsbFfs opening service shell,v2:getprop
03-17 18:53:29.899   806   806 I adbd    : AdaTest:adb.password.Enable is true
03-17 18:53:29.899   806   806 I adbd    : AdaTest:will enter ShellService
03-17 18:53:29.899   806   806 I adbd    : AdaTest:enter ShellService
03-17 18:53:29.899   806   806 I adbd    : AdaTest:adb.password.Enable is Enable
03-17 18:53:29.899   806   806 I adbd    : AdaTest:return unique_fd{}
03-17 18:53:29.899   806   806 I adbd    : auth_fd.get() == -1
03-17 18:53:29.909   582  3616 E WifiHAL : Invalid data received from driver
03-17 18:53:29.915   806   806 I adbd    : AdaTest:transport UsbFfs opening service shell,v2:getprop
03-17 18:53:29.915   806   806 I adbd    : AdaTest:adb.password.Enable is true
03-17 18:53:29.915   806   806 I adbd    : AdaTest:will enter ShellService
03-17 18:53:29.915   806   806 I adbd    : AdaTest:enter ShellService
03-17 18:53:29.915   806   806 I adbd    : AdaTest:adb.password.Enable is Enable
03-17 18:53:29.915   806   806 I adbd    : AdaTest:return unique_fd{}
03-17 18:53:29.915   806   806 I adbd    : auth_fd.get() == -1
03-17 18:53:29.922  2383  2600 D AdayoDoipServer294_Doip: [ne_doip_event_loop_dispatch][line:141] : count = 0
03-17 18:53:29.930   806   806 I adbd    : AdaTest:transport UsbFfs opening service shell,v2:getprop
03-17 18:53:29.930   806   806 I adbd    : AdaTest:adb.password.Enable is true
03-17 18:53:29.931   806   806 I adbd    : AdaTest:will enter ShellService
03-17 18:53:29.931   806   806 I adbd    : AdaTest:enter ShellService
03-17 18:53:29.931   806   806 I adbd    : AdaTest:adb.password.Enable is Enable
03-17 18:53:29.931   806   806 I adbd    : AdaTest:return unique_fd{}
03-17 18:53:29.931   806   806 I adbd    : auth_fd.get() == -1
03-17 18:53:29.961   806   806 I adbd    : AdaTest:transport UsbFfs opening service shell,v2:getprop
03-17 18:53:29.961   806   806 I adbd    : AdaTest:adb.password.Enable is true
03-17 18:53:29.961   806   806 I adbd    : AdaTest:will enter ShellService
03-17 18:53:29.962   806   806 I adbd    : AdaTest:enter ShellService
03-17 18:53:29.962   806   806 I adbd    : AdaTest:adb.password.Enable is Enable
03-17 18:53:29.962   806   806 I adbd    : AdaTest:return unique_fd{}
03-17 18:53:29.962   806   806 I adbd    : auth_fd.get() == -1
03-17 18:53:29.962   806   806 I adbd    : AdaTest:transport UsbFfs opening service shell,v2:getprop
03-17 18:53:29.962   806   806 I adbd    : AdaTest:adb.password.Enable is true
03-17 18:53:29.963   806   806 I adbd    : AdaTest:will enter ShellService
03-17 18:53:29.963   806   806 I adbd    : AdaTest:enter ShellService
03-17 18:53:29.963   806   806 I adbd    : AdaTest:adb.password.Enable is Enable
03-17 18:53:29.963   806   806 I adbd    : AdaTest:return unique_fd{}
03-17 18:53:29.963   806   806 I adbd    : auth_fd.get() == -1
03-17 18:53:29.969   642   685 I mcuc    : sd Uart data : 6AA60205630002920200
03-17 18:53:29.971  6654  6700 D TimerTriggerManager: init instance...
03-17 18:53:29.971  6654  6700 D TimerTriggerManager: Timer thread'TimerTriggerManager' is destroyed: false
03-17 18:53:29.971  6654  6700 D TimerTriggerManager: Timer 'onIndcnVehSpdChanged' is running: true
03-17 18:53:29.972  6654  6700 D TimerTriggerManager: Sending reset signal to timer 'onIndcnVehSpdChanged'
03-17 18:53:29.972  6654  6700 D TimerTriggerManager: Reset signal sent to timer 'onIndcnVehSpdChanged'
03-17 18:53:29.972  6654  6707 D TimerTriggerController: Reset method called for timer: onIndcnVehSpdChanged
03-17 18:53:29.972  6654  6707 D TimerTriggerController: Calling onTimerReset for timer: onIndcnVehSpdChanged
03-17 18:53:29.972  6654  6707 D TimerTriggerManager: Timer reset: onIndcnVehSpdChanged
03-17 18:53:29.972  6654  6700 D TimerTriggerManager: init instance...
03-17 18:53:29.972  6654  6707 I TimerTriggerController: Timer [onIndcnVehSpdChanged] reset, remaining: 1000ms, reset count: 958
03-17 18:53:29.973  6654  6700 D TimerTriggerManager: Timer thread'TimerTriggerManager' is destroyed: false
03-17 18:53:29.973  6654  6700 D TimerTriggerManager: Timer 'onMntnWarnReqChanged' is running: true
03-17 18:53:29.973  6654  6700 D TimerTriggerManager: Sending reset signal to timer 'onMntnWarnReqChanged'
03-17 18:53:29.973  6654  6700 D TimerTriggerManager: Reset signal sent to timer 'onMntnWarnReqChanged'
03-17 18:53:29.973  6654  6707 D TimerTriggerController: Reset method called for timer: onMntnWarnReqChanged
03-17 18:53:29.973  6654  6707 D TimerTriggerController: Calling onTimerReset for timer: onMntnWarnReqChanged
03-17 18:53:29.973  6654  6707 D TimerTriggerManager: Timer reset: onMntnWarnReqChanged
03-17 18:53:29.973  6654  6707 I TimerTriggerController: Timer [onMntnWarnReqChanged] reset, remaining: 5000ms, reset count: 479
03-17 18:53:29.975   642   685 I mcuc    : rev uart=1450,len=43, data : 6AA68105630023920200160000000000000000000000000000000000000000000000000000000000010148
03-17 18:53:29.975   400   400 D adayocomadapter-ParseProtocolFunc: printRaWMsg Name[MCUToUPstream recv] len[35] data[9202001600000000000000000000000000000000000000000000000000000000000101]
03-17 18:53:29.975   400   400 D adayocomadapter-CommunicationManager: onUpstreamback   member[0] dataLength[32] timePoint[143923]
03-17 18:53:29.975   400   400 D adayocomadapter-ParseProtocolFunc: printRaWMsg Name[onUpstreamback] len[32] data[1600000000000000000000000000000000000000000000000000000000000101]
03-17 18:53:29.975   400   452 D adayocomadapter-UpstreamHandler: processBeforePacket upSreamtProcessTimePoint[143923] 
03-17 18:53:29.975   400   452 D adayocomadapter-UpstreamHandler: processPacket UPSTREAM_QUEUE_DATA_TIMEOUT
03-17 18:53:29.975   400   452 D adayocomadapter-ParseProtocolFunc: parseCommonIPCLBytes Processing tableNumber[22]
03-17 18:53:29.975   400   452 D adayocomadapter-ParseProtocolFunc: parseCommonIPCLBytes Processing tablename[Table-22] tableSize[32]
03-17 18:53:29.976   400   452 D adayocomadapter-ParseProtocolFunc: printRaWMsg Name[byteStream recv] len[32] data[1600000000000000000000000000000000000000000000000000000000000101]
03-17 18:53:29.976   400   452 D adayocomadapter-ParseProtocolFunc: printRaWMsg Name[IPCLtoVHAL] len[7] data[2140213F000000]
03-17 18:53:29.976   400   452 D adayocomadapter-ParseProtocolFunc: printRaWMsg Name[IPCLtoVHAL] len[7] data[21402140000000]
03-17 18:53:29.976   400   452 D adayocomadapter-ParseProtocolFunc: printRaWMsg Name[IPCLtoVHAL] len[10] data[214021CA000100000000]
03-17 18:53:29.976   400   452 D adayocomadapter-ParseProtocolFunc: printRaWMsg Name[IPCLtoVHAL] len[7] data[2140214B000000]
03-17 18:53:29.976   400   452 D adayocomadapter-ParseProtocolFunc: printRaWMsg Name[IPCLtoVHAL] len[7] data[21402141000000]
03-17 18:53:29.976   400   452 D adayocomadapter-ParseProtocolFunc: printRaWMsg Name[IPCLtoVHAL] len[7] data[21402142000000]
03-17 18:53:29.976   400   452 D adayocomadapter-ParseProtocolFunc: printRaWMsg Name[IPCLtoVHAL] len[8] data[2141214401000000]
03-17 18:53:29.976   400   452 D adayocomadapter-ParseProtocolFunc: printRaWMsg Name[IPCLtoVHAL] len[7] data[2140214D000000]
03-17 18:53:29.976   400   452 D adayocomadapter-ParseProtocolFunc: printRaWMsg Name[IPCLtoVHAL] len[7] data[214021D7000000]
03-17 18:53:29.976   400   452 D adayocomadapter-ParseProtocolFunc: printRaWMsg Name[IPCLtoVHAL] len[7] data[21402143000000]
03-17 18:53:29.976   400   452 D adayocomadapter-ParseProtocolFunc: printRaWMsg Name[IPCLtoVHAL] len[8] data[2141214501000000]
03-17 18:53:29.976   400   452 D adayocomadapter-ParseProtocolFunc: printRaWMsg Name[IPCLtoVHAL] len[7] data[21402146000000]
03-17 18:53:29.976   400   452 D adayocomadapter-ParseProtocolFunc: printRaWMsg Name[IPCLtoVHAL] len[7] data[21402147000000]
03-17 18:53:29.976   400   452 D adayocomadapter-ParseProtocolFunc: printRaWMsg Name[IPCLtoVHAL] len[7] data[21402148000000]
03-17 18:53:29.976   400   452 D adayocomadapter-ParseProtocolFunc: printRaWMsg Name[IPCLtoVHAL] len[7] data[21402149000000]
03-17 18:53:29.977   400   452 D adayocomadapter-ParseProtocolFunc: printRaWMsg Name[IPCLtoVHAL] len[7] data[2140214F000000]
03-17 18:53:29.977   400   452 D adayocomadapter-ParseProtocolFunc: printRaWMsg Name[IPCLtoVHAL] len[7] data[21402150000000]
03-17 18:53:29.977   400   452 D adayocomadapter-ParseProtocolFunc: printRaWMsg Name[IPCLtoVHAL] len[7] data[21402151000000]
03-17 18:53:29.977   400   452 D adayocomadapter-ParseProtocolFunc: printRaWMsg Name[IPCLtoVHAL] len[7] data[2140213D000100]
03-17 18:53:29.977   400   452 D adayocomadapter-ParseProtocolFunc: printRaWMsg Name[IPCLtoVHAL] len[7] data[2140213E000100]
03-17 18:53:29.977   400   452 D adayocomadapter-ParseProtocolFunc: printRaWMsg Name[IPCLtoVHAL] len[7] data[2140214A000000]
03-17 18:53:29.977   400   452 D adayocomadapter-CommunicationManager: onUpstreamReceive isLoss 0 mPropertyId 0x2140213f
03-17 18:53:29.977   400   452 D adayocomadapter-CommunicationManager: convertBytesToInt32Memcpy  0
03-17 18:53:29.977   400   452 D vw-vhal : notifyVehicleProperty, propId = 0x2140213f, data = {status: 2, int32Values: [0]}
03-17 18:53:29.977   400   452 I DefaultVehicleHal_v2_0: DefaultVehicleHal::onPropertyValue, value:{.timestamp = 143925174349, .areaId = 0, .prop = 557850943, .status = AVAILABLE, .value = {.int32Values = [1]{0}, .floatValues = [0]{}, .int64Values = [0]{}, .bytes = [0]{}, .stringValue = ""}}
03-17 18:53:29.977   400   452 D adayocomadapter-CommunicationManager: onUpstreamReceive mPropertyId 0x2140213f
03-17 18:53:29.977   400   452 D adayocomadapter-CommunicationManager: onUpstreamReceive isLoss 0 mPropertyId 0x21402140
03-17 18:53:29.977   400   452 D adayocomadapter-CommunicationManager: convertBytesToInt32Memcpy  0
03-17 18:53:29.977   400   452 D vw-vhal : notifyVehicleProperty, propId = 0x21402140, data = {status: 2, int32Values: [0]}
03-17 18:53:29.978   400   452 I DefaultVehicleHal_v2_0: DefaultVehicleHal::onPropertyValue, value:{.timestamp = 143925569015, .areaId = 0, .prop = 557850944, .status = AVAILABLE, .value = {.int32Values = [1]{0}, .floatValues = [0]{}, .int64Values = [0]{}, .bytes = [0]{}, .stringValue = ""}}
03-17 18:53:29.978   400   452 D adayocomadapter-CommunicationManager: onUpstreamReceive mPropertyId 0x21402140
03-17 18:53:29.978   400   452 D adayocomadapter-CommunicationManager: onUpstreamReceive isLoss 1 mPropertyId 0x214021ca
03-17 18:53:29.978   400   452 D adayocomadapter-CommunicationManager: convertBytesToInt32Memcpy  0
03-17 18:53:29.978   400   452 D vw-vhal : notifyVehicleProperty, propId = 0x214021ca, data = {status: 3, int32Values: [0]}
03-17 18:53:29.978   400   452 I DefaultVehicleHal_v2_0: DefaultVehicleHal::onPropertyValue, value:{.timestamp = 143925990349, .areaId = 0, .prop = 557851082, .status = UNAVAILABLE, .value = {.int32Values = [1]{0}, .floatValues = [0]{}, .int64Values = [0]{}, .bytes = [0]{}, .stringValue = ""}}
03-17 18:53:29.978   400   452 D adayocomadapter-CommunicationManager: onUpstreamReceive mPropertyId 0x214021ca
03-17 18:53:29.978   400   452 D adayocomadapter-CommunicationManager: onUpstreamReceive isLoss 0 mPropertyId 0x2140214b
03-17 18:53:29.978   400   452 D adayocomadapter-CommunicationManager: convertBytesToInt32Memcpy  0
03-17 18:53:29.978   400   452 D vw-vhal : notifyVehicleProperty, propId = 0x2140214b, data = {status: 2, int32Values: [0]}
03-17 18:53:29.979   400   452 I DefaultVehicleHal_v2_0: DefaultVehicleHal::onPropertyValue, value:{.timestamp = 143926549015, .areaId = 0, .prop = 557850955, .status = AVAILABLE, .value = {.int32Values = [1]{0}, .floatValues = [0]{}, .int64Values = [0]{}, .bytes = [0]{}, .stringValue = ""}}
03-17 18:53:29.979   400   452 D adayocomadapter-CommunicationManager: onUpstreamReceive mPropertyId 0x2140214b
03-17 18:53:29.979   400   452 D adayocomadapter-CommunicationManager: onUpstreamReceive isLoss 0 mPropertyId 0x21402141
03-17 18:53:29.979   400   452 D adayocomadapter-CommunicationManager: convertBytesToInt32Memcpy  0
03-17 18:53:29.979   400   452 D vw-vhal : notifyVehicleProperty, propId = 0x21402141, data = {status: 2, int32Values: [0]}
