03-17 18:53:31.680   400   452 I DefaultVehicleHal_v2_0: DefaultVehicleHal::onPropertyValue, value:{.timestamp = 145627763015, .areaId = 0, .prop = 557850754, .status = UNAVAILABLE, .value = {.int32Values = [1]{1023}, .floatValues = [0]{}, .int64Values = [0]{}, .bytes = [0]{}, .stringValue = ""}}
03-17 18:53:31.680   400   452 D adayocomadapter-CommunicationManager: onUpstreamReceive mPropertyId 0x21402082
03-17 18:53:31.680   400   452 D adayocomadapter-CommunicationManager: onUpstreamReceive isLoss 1 mPropertyId 0x21402083
03-17 18:53:31.680   400   452 D adayocomadapter-CommunicationManager: convertBytesToInt32Memcpy  1023
03-17 18:53:31.680   400   452 D vw-vhal : notifyVehicleProperty, propId = 0x21402083, data = {status: 3, int32Values: [1023]}
03-17 18:53:31.680   400   452 I DefaultVehicleHal_v2_0: DefaultVehicleHal::onPropertyValue, value:{.timestamp = 145627872349, .areaId = 0, .prop = 557850755, .status = UNAVAILABLE, .value = {.int32Values = [1]{1023}, .floatValues = [0]{}, .int64Values = [0]{}, .bytes = [0]{}, .stringValue = ""}}
03-17 18:53:31.680   400   452 D adayocomadapter-CommunicationManager: onUpstreamReceive mPropertyId 0x21402083
03-17 18:53:31.680   400   452 D adayocomadapter-CommunicationManager: onUpstreamReceive isLoss 1 mPropertyId 0x21402084
03-17 18:53:31.680   400   452 D adayocomadapter-CommunicationManager: convertBytesToInt32Memcpy  1023
03-17 18:53:31.680   400   452 D vw-vhal : notifyVehicleProperty, propId = 0x21402084, data = {status: 3, int32Values: [1023]}
03-17 18:53:31.680   400   452 I DefaultVehicleHal_v2_0: DefaultVehicleHal::onPropertyValue, value:{.timestamp = 145627981015, .areaId = 0, .prop = 557850756, .status = UNAVAILABLE, .value = {.int32Values = [1]{1023}, .floatValues = [0]{}, .int64Values = [0]{}, .bytes = [0]{}, .stringValue = ""}}
03-17 18:53:31.680   400   452 D adayocomadapter-CommunicationManager: onUpstreamReceive mPropertyId 0x21402084
03-17 18:53:31.680   400   452 D adayocomadapter-CommunicationManager: onUpstreamReceive isLoss 1 mPropertyId 0x21402085
03-17 18:53:31.680   400   452 D adayocomadapter-CommunicationManager: convertBytesToInt32Memcpy  1023
03-17 18:53:31.680   400   452 D vw-vhal : notifyVehicleProperty, propId = 0x21402085, data = {status: 3, int32Values: [1023]}
03-17 18:53:31.680   400   452 I DefaultVehicleHal_v2_0: DefaultVehicleHal::onPropertyValue, value:{.timestamp = 145628144682, .areaId = 0, .prop = 557850757, .status = UNAVAILABLE, .value = {.int32Values = [1]{1023}, .floatValues = [0]{}, .int64Values = [0]{}, .bytes = [0]{}, .stringValue = ""}}
03-17 18:53:31.680   400   452 D adayocomadapter-CommunicationManager: onUpstreamReceive mPropertyId 0x21402085
03-17 18:53:31.680   400   452 D adayocomadapter-CommunicationManager: onUpstreamReceive isLoss 1 mPropertyId 0x2140220a
03-17 18:53:31.680   400   452 D adayocomadapter-CommunicationManager: convertBytesToInt32Memcpy  7
03-17 18:53:31.680   400   452 D vw-vhal : notifyVehicleProperty, propId = 0x2140220a, data = {status: 3, int32Values: [7]}
03-17 18:53:31.680   400   452 I DefaultVehicleHal_v2_0: DefaultVehicleHal::onPropertyValue, value:{.timestamp = 145628263682, .areaId = 0, .prop = 557851146, .status = UNAVAILABLE, .value = {.int32Values = [1]{7}, .floatValues = [0]{}, .int64Values = [0]{}, .bytes = [0]{}, .stringValue = ""}}
03-17 18:53:31.680   400   452 D adayocomadapter-CommunicationManager: onUpstreamReceive mPropertyId 0x2140220a
03-17 18:53:31.680   400   452 D adayocomadapter-CommunicationManager: onUpstreamReceive isLoss 1 mPropertyId 0x214021e6
03-17 18:53:31.680   400   452 D adayocomadapter-CommunicationManager: convertBytesToInt32Memcpy  0
03-17 18:53:31.680   400   452 D vw-vhal : notifyVehicleProperty, propId = 0x214021e6, data = {status: 3, int32Values: [0]}
03-17 18:53:31.680   400   452 I DefaultVehicleHal_v2_0: DefaultVehicleHal::onPropertyValue, value:{.timestamp = 145628413349, .areaId = 0, .prop = 557851110, .status = UNAVAILABLE, .value = {.int32Values = [1]{0}, .floatValues = [0]{}, .int64Values = [0]{}, .bytes = [0]{}, .stringValue = ""}}
03-17 18:53:31.680   400   452 D adayocomadapter-CommunicationManager: onUpstreamReceive mPropertyId 0x214021e6
03-17 18:53:31.682  1566  2651 D TboxNetworkManager: tboxNetworkbinder=null
03-17 18:53:31.688   642   685 I mcuc    : sd Uart data : 6AA602057300029202F0
03-17 18:53:31.693   642   685 I mcuc    : rev uart=1466,len=32, data : 6AA681057300189202001300FE00FE00FE00000000000000000000000101014B
03-17 18:53:31.693   400   400 D adayocomadapter-ParseProtocolFunc: printRaWMsg Name[MCUToUPstream recv] len[24] data[9202001300FE00FE00FE0000000000000000000000010101]
03-17 18:53:31.693   400   400 D adayocomadapter-CommunicationManager: onUpstreamback   member[0] dataLength[21] timePoint[145641]
03-17 18:53:31.693   400   400 D adayocomadapter-ParseProtocolFunc: printRaWMsg Name[onUpstreamback] len[21] data[1300FE00FE00FE0000000000000000000000010101]
03-17 18:53:31.693   400   452 D adayocomadapter-UpstreamHandler: processBeforePacket upSreamtProcessTimePoint[145641] 
03-17 18:53:31.693   400   452 D adayocomadapter-UpstreamHandler: processPacket UPSTREAM_QUEUE_DATA_TIMEOUT
03-17 18:53:31.693   400   452 D adayocomadapter-ParseProtocolFunc: parseCommonIPCLBytes Processing tableNumber[19]
03-17 18:53:31.693   582  3616 E WifiHAL : Invalid data received from driver
03-17 18:53:31.693   400   452 D adayocomadapter-ParseProtocolFunc: parseCommonIPCLBytes Processing tablename[Table-19] tableSize[21]
03-17 18:53:31.693   400   452 D adayocomadapter-ParseProtocolFunc: printRaWMsg Name[byteStream recv] len[21] data[1300FE00FE00FE0000000000000000000000010101]
03-17 18:53:31.693   400   452 D adayocomadapter-ParseProtocolFunc: printRaWMsg Name[IPCLtoVHAL] len[7] data[21401028000100]
03-17 18:53:31.693   400   452 D adayocomadapter-ParseProtocolFunc: printRaWMsg Name[IPCLtoVHAL] len[7] data[214010290001FE]
03-17 18:53:31.693   400   452 D adayocomadapter-ParseProtocolFunc: printRaWMsg Name[IPCLtoVHAL] len[7] data[2140102E000100]
03-17 18:53:31.693   400   452 D adayocomadapter-ParseProtocolFunc: printRaWMsg Name[IPCLtoVHAL] len[7] data[2140102B000100]
03-17 18:53:31.693   400   452 D adayocomadapter-ParseProtocolFunc: printRaWMsg Name[IPCLtoVHAL] len[7] data[2140104C000100]
03-17 18:53:31.693   400   452 D adayocomadapter-ParseProtocolFunc: printRaWMsg Name[IPCLtoVHAL] len[7] data[2140102C0001FE]
03-17 18:53:31.694   400   452 D adayocomadapter-ParseProtocolFunc: printRaWMsg Name[IPCLtoVHAL] len[8] data[2140200700010000]
03-17 18:53:31.694   400   452 D adayocomadapter-ParseProtocolFunc: printRaWMsg Name[IPCLtoVHAL] len[7] data[2140102F0001FE]
03-17 18:53:31.694   400   452 D adayocomadapter-ParseProtocolFunc: printRaWMsg Name[IPCLtoVHAL] len[7] data[21401031000100]
03-17 18:53:31.694   400   452 D adayocomadapter-ParseProtocolFunc: printRaWMsg Name[IPCLtoVHAL] len[8] data[2140202200010000]
03-17 18:53:31.694   400   452 D adayocomadapter-ParseProtocolFunc: printRaWMsg Name[IPCLtoVHAL] len[10] data[21402023000100000000]
03-17 18:53:31.694   400   452 D adayocomadapter-ParseProtocolFunc: printRaWMsg Name[IPCLtoVHAL] len[7] data[2140104D000100]
03-17 18:53:31.694   400   452 D adayocomadapter-CommunicationManager: onUpstreamReceive isLoss 1 mPropertyId 0x21401028
03-17 18:53:31.694   400   452 D adayocomadapter-CommunicationManager: convertBytesToInt32Memcpy  0
03-17 18:53:31.694   400   452 D vw-vhal : notifyVehicleProperty, propId = 0x21401028, data = {status: 3, int32Values: [0]}
03-17 18:53:31.694   400   452 I DefaultVehicleHal_v2_0: DefaultVehicleHal::onPropertyValue, value:{.timestamp = 145641746682, .areaId = 0, .prop = 557846568, .status = UNAVAILABLE, .value = {.int32Values = [1]{0}, .floatValues = [0]{}, .int64Values = [0]{}, .bytes = [0]{}, .stringValue = ""}}
03-17 18:53:31.694   400   452 D adayocomadapter-CommunicationManager: onUpstreamReceive mPropertyId 0x21401028
03-17 18:53:31.694   400   452 D adayocomadapter-CommunicationManager: onUpstreamReceive isLoss 1 mPropertyId 0x21401029
03-17 18:53:31.694   400   452 D adayocomadapter-CommunicationManager: convertBytesToInt32Memcpy  254
03-17 18:53:31.694   400   452 D vw-vhal : notifyVehicleProperty, propId = 0x21401029, data = {status: 3, int32Values: [254]}
03-17 18:53:31.694   400   452 I DefaultVehicleHal_v2_0: DefaultVehicleHal::onPropertyValue, value:{.timestamp = 145641880349, .areaId = 0, .prop = 557846569, .status = UNAVAILABLE, .value = {.int32Values = [1]{254}, .floatValues = [0]{}, .int64Values = [0]{}, .bytes = [0]{}, .stringValue = ""}}
03-17 18:53:31.694   400   452 D adayocomadapter-CommunicationManager: onUpstreamReceive mPropertyId 0x21401029
03-17 18:53:31.694   400   452 D adayocomadapter-CommunicationManager: onUpstreamReceive isLoss 1 mPropertyId 0x2140102e
03-17 18:53:31.694   400   452 D adayocomadapter-CommunicationManager: convertBytesToInt32Memcpy  0
03-17 18:53:31.694   400   452 D vw-vhal : notifyVehicleProperty, propId = 0x2140102e, data = {status: 3, int32Values: [0]}
03-17 18:53:31.694   400   452 I DefaultVehicleHal_v2_0: DefaultVehicleHal::onPropertyValue, value:{.timestamp = 145641986015, .areaId = 0, .prop = 557846574, .status = UNAVAILABLE, .value = {.int32Values = [1]{0}, .floatValues = [0]{}, .int64Values = [0]{}, .bytes = [0]{}, .stringValue = ""}}
03-17 18:53:31.694   400   452 D adayocomadapter-CommunicationManager: onUpstreamReceive mPropertyId 0x2140102e
03-17 18:53:31.694   400   452 D adayocomadapter-CommunicationManager: onUpstreamReceive isLoss 1 mPropertyId 0x2140102b
03-17 18:53:31.694   400   452 D adayocomadapter-CommunicationManager: convertBytesToInt32Memcpy  0
03-17 18:53:31.694   400   452 D vw-vhal : notifyVehicleProperty, propId = 0x2140102b, data = {status: 3, int32Values: [0]}
03-17 18:53:31.694   400   452 I DefaultVehicleHal_v2_0: DefaultVehicleHal::onPropertyValue, value:{.timestamp = 145642087682, .areaId = 0, .prop = 557846571, .status = UNAVAILABLE, .value = {.int32Values = [1]{0}, .floatValues = [0]{}, .int64Values = [0]{}, .bytes = [0]{}, .stringValue = ""}}
03-17 18:53:31.694   400   452 D adayocomadapter-CommunicationManager: onUpstreamReceive mPropertyId 0x2140102b
03-17 18:53:31.694   400   452 D adayocomadapter-CommunicationManager: onUpstreamReceive isLoss 1 mPropertyId 0x2140104c
03-17 18:53:31.694   400   452 D adayocomadapter-CommunicationManager: convertBytesToInt32Memcpy  0
03-17 18:53:31.694   400   452 D vw-vhal : notifyVehicleProperty, propId = 0x2140104c, data = {status: 3, int32Values: [0]}
03-17 18:53:31.694   400   452 I DefaultVehicleHal_v2_0: DefaultVehicleHal::onPropertyValue, value:{.timestamp = 145642191015, .areaId = 0, .prop = 557846604, .status = UNAVAILABLE, .value = {.int32Values = [1]{0}, .floatValues = [0]{}, .int64Values = [0]{}, .bytes = [0]{}, .stringValue = ""}}
03-17 18:53:31.694   400   452 D adayocomadapter-CommunicationManager: onUpstreamReceive mPropertyId 0x2140104c
03-17 18:53:31.694   400   452 D adayocomadapter-CommunicationManager: onUpstreamReceive isLoss 1 mPropertyId 0x2140102c
03-17 18:53:31.694   400   452 D adayocomadapter-CommunicationManager: convertBytesToInt32Memcpy  254
03-17 18:53:31.694   400   452 D vw-vhal : notifyVehicleProperty, propId = 0x2140102c, data = {status: 3, int32Values: [254]}
03-17 18:53:31.694   400   452 I DefaultVehicleHal_v2_0: DefaultVehicleHal::onPropertyValue, value:{.timestamp = 145642292015, .areaId = 0, .prop = 557846572, .status = UNAVAILABLE, .value = {.int32Values = [1]{254}, .floatValues = [0]{}, .int64Values = [0]{}, .bytes = [0]{}, .stringValue = ""}}
03-17 18:53:31.694   400   452 D adayocomadapter-CommunicationManager: onUpstreamReceive mPropertyId 0x2140102c
03-17 18:53:31.694   400   452 D adayocomadapter-CommunicationManager: onUpstreamReceive isLoss 1 mPropertyId 0x21402007
03-17 18:53:31.694   400   452 D adayocomadapter-CommunicationManager: convertBytesToInt32Memcpy  0
03-17 18:53:31.694   400   452 D vw-vhal : notifyVehicleProperty, propId = 0x21402007, data = {status: 3, int32Values: [0]}
03-17 18:53:31.694   400   452 I DefaultVehicleHal_v2_0: DefaultVehicleHal::onPropertyValue, value:{.timestamp = 145642418349, .areaId = 0, .prop = 557850631, .status = UNAVAILABLE, .value = {.int32Values = [1]{0}, .floatValues = [0]{}, .int64Values = [0]{}, .bytes = [0]{}, .stringValue = ""}}
03-17 18:53:31.694   400   452 D adayocomadapter-CommunicationManager: onUpstreamReceive mPropertyId 0x21402007
03-17 18:53:31.694   400   452 D adayocomadapter-CommunicationManager: onUpstreamReceive isLoss 1 mPropertyId 0x2140102f
03-17 18:53:31.694   400   452 D adayocomadapter-CommunicationManager: convertBytesToInt32Memcpy  254
03-17 18:53:31.694   400   452 D vw-vhal : notifyVehicleProperty, propId = 0x2140102f, data = {status: 3, int32Values: [254]}
03-17 18:53:31.695   400   452 I DefaultVehicleHal_v2_0: DefaultVehicleHal::onPropertyValue, value:{.timestamp = 145642543349, .areaId = 0, .prop = 557846575, .status = UNAVAILABLE, .value = {.int32Values = [1]{254}, .floatValues = [0]{}, .int64Values = [0]{}, .bytes = [0]{}, .stringValue = ""}}
03-17 18:53:31.695   400   452 D adayocomadapter-CommunicationManager: onUpstreamReceive mPropertyId 0x2140102f
03-17 18:53:31.695   400   452 D adayocomadapter-CommunicationManager: onUpstreamReceive isLoss 1 mPropertyId 0x21401031
03-17 18:53:31.695   400   452 D adayocomadapter-CommunicationManager: convertBytesToInt32Memcpy  0
03-17 18:53:31.695   400   452 D vw-vhal : notifyVehicleProperty, propId = 0x21401031, data = {status: 3, int32Values: [0]}
03-17 18:53:31.695   400   452 I DefaultVehicleHal_v2_0: DefaultVehicleHal::onPropertyValue, value:{.timestamp = 145642669015, .areaId = 0, .prop = 557846577, .status = UNAVAILABLE, .value = {.int32Values = [1]{0}, .floatValues = [0]{}, .int64Values = [0]{}, .bytes = [0]{}, .stringValue = ""}}
03-17 18:53:31.695   400   452 D adayocomadapter-CommunicationManager: onUpstreamReceive mPropertyId 0x21401031
03-17 18:53:31.695   400   452 D adayocomadapter-CommunicationManager: onUpstreamReceive isLoss 1 mPropertyId 0x21402022
03-17 18:53:31.695   400   452 D adayocomadapter-CommunicationManager: convertBytesToInt32Memcpy  0
03-17 18:53:31.695   400   452 D vw-vhal : notifyVehicleProperty, propId = 0x21402022, data = {status: 3, int32Values: [0]}
03-17 18:53:31.695   400   452 I DefaultVehicleHal_v2_0: DefaultVehicleHal::onPropertyValue, value:{.timestamp = 145642773682, .areaId = 0, .prop = 557850658, .status = UNAVAILABLE, .value = {.int32Values = [1]{0}, .floatValues = [0]{}, .int64Values = [0]{}, .bytes = [0]{}, .stringValue = ""}}
03-17 18:53:31.695   400   452 D adayocomadapter-CommunicationManager: onUpstreamReceive mPropertyId 0x21402022
03-17 18:53:31.695   400   452 D adayocomadapter-CommunicationManager: onUpstreamReceive isLoss 1 mPropertyId 0x21402023
03-17 18:53:31.695   400   452 D adayocomadapter-CommunicationManager: convertBytesToInt32Memcpy  0
03-17 18:53:31.695   400   452 D vw-vhal : notifyVehicleProperty, propId = 0x21402023, data = {status: 3, int32Values: [0]}
03-17 18:53:31.695   400   452 I DefaultVehicleHal_v2_0: DefaultVehicleHal::onPropertyValue, value:{.timestamp = 145642884349, .areaId = 0, .prop = 557850659, .status = UNAVAILABLE, .value = {.int32Values = [1]{0}, .floatValues = [0]{}, .int64Values = [0]{}, .bytes = [0]{}, .stringValue = ""}}
03-17 18:53:31.695   400   452 D adayocomadapter-CommunicationManager: onUpstreamReceive mPropertyId 0x21402023
03-17 18:53:31.695   400   452 D adayocomadapter-CommunicationManager: onUpstreamReceive isLoss 1 mPropertyId 0x2140104d
03-17 18:53:31.695   400   452 D adayocomadapter-CommunicationManager: convertBytesToInt32Memcpy  0
03-17 18:53:31.695   400   452 D vw-vhal : notifyVehicleProperty, propId = 0x2140104d, data = {status: 3, int32Values: [0]}
03-17 18:53:31.695   400   452 I DefaultVehicleHal_v2_0: DefaultVehicleHal::onPropertyValue, value:{.timestamp = 145642989682, .areaId = 0, .prop = 557846605, .status = UNAVAILABLE, .value = {.int32Values = [1]{0}, .floatValues = [0]{}, .int64Values = [0]{}, .bytes = [0]{}, .stringValue = ""}}
03-17 18:53:31.695   400   452 D adayocomadapter-CommunicationManager: onUpstreamReceive mPropertyId 0x2140104d
03-17 18:53:31.708   642   685 I mcuc    : sd Uart data : 6AA602057400029202EF
03-17 18:53:31.713   642   685 I mcuc    : rev uart=1467,len=15, data : 6AA681057400079202000B0000015F
03-17 18:53:31.713   642   685 I mcuc    : sd Uart data : 6AA602057500029202EE
03-17 18:53:31.713   400   400 D adayocomadapter-ParseProtocolFunc: printRaWMsg Name[MCUToUPstream recv] len[7] data[9202000B000001]
03-17 18:53:31.713   400   400 D adayocomadapter-CommunicationManager: onUpstreamback   member[0] dataLength[4] timePoint[145661]
03-17 18:53:31.713   400   400 D adayocomadapter-ParseProtocolFunc: printRaWMsg Name[onUpstreamback] len[4] data[0B000001]
03-17 18:53:31.714   400   452 D adayocomadapter-UpstreamHandler: processBeforePacket upSreamtProcessTimePoint[145661] 
03-17 18:53:31.714   400   452 D adayocomadapter-UpstreamHandler: processPacket UPSTREAM_QUEUE_DATA_TIMEOUT
03-17 18:53:31.714   400   452 D adayocomadapter-ParseProtocolFunc: parseCommonIPCLBytes Processing tableNumber[11]
03-17 18:53:31.714   400   452 D adayocomadapter-ParseProtocolFunc: parseCommonIPCLBytes Processing tablename[Table-11] tableSize[4]
03-17 18:53:31.714   400   452 D adayocomadapter-ParseProtocolFunc: printRaWMsg Name[byteStream recv] len[4] data[0B000001]
03-17 18:53:31.714   400   452 D adayocomadapter-ParseProtocolFunc: printRaWMsg Name[IPCLtoVHAL] len[8] data[2140200B00010000]
03-17 18:53:31.714   400   452 D adayocomadapter-CommunicationManager: onUpstreamReceive isLoss 1 mPropertyId 0x2140200b
03-17 18:53:31.714   400   452 D adayocomadapter-CommunicationManager: convertBytesToInt32Memcpy  0
03-17 18:53:31.714   400   452 D vw-vhal : notifyVehicleProperty, propId = 0x2140200b, data = {status: 3, int32Values: [0]}
03-17 18:53:31.714   400   452 I DefaultVehicleHal_v2_0: DefaultVehicleHal::onPropertyValue, value:{.timestamp = 145661776015, .areaId = 0, .prop = 557850635, .status = UNAVAILABLE, .value = {.int32Values = [1]{0}, .floatValues = [0]{}, .int64Values = [0]{}, .bytes = [0]{}, .stringValue = ""}}
03-17 18:53:31.714   400   452 D adayocomadapter-CommunicationManager: onUpstreamReceive mPropertyId 0x2140200b
03-17 18:53:31.719   642   685 I mcuc    : rev uart=1468,len=20, data : 6AA6810575000C9202000F000000000000000155
03-17 18:53:31.719   400   400 D adayocomadapter-ParseProtocolFunc: printRaWMsg Name[MCUToUPstream recv] len[12] data[9202000F0000000000000001]
03-17 18:53:31.719   400   400 D adayocomadapter-CommunicationManager: onUpstreamback   member[0] dataLength[9] timePoint[145666]
03-17 18:53:31.719   400   400 D adayocomadapter-ParseProtocolFunc: printRaWMsg Name[onUpstreamback] len[9] data[0F0000000000000001]
03-17 18:53:31.719   400   452 D adayocomadapter-UpstreamHandler: processBeforePacket upSreamtProcessTimePoint[145666] 
03-17 18:53:31.719   400   452 D adayocomadapter-UpstreamHandler: processPacket UPSTREAM_QUEUE_DATA_TIMEOUT
03-17 18:53:31.719   400   452 D adayocomadapter-ParseProtocolFunc: parseCommonIPCLBytes Processing tableNumber[15]
03-17 18:53:31.719   400   452 D adayocomadapter-ParseProtocolFunc: parseCommonIPCLBytes Processing tablename[Table-15] tableSize[9]
03-17 18:53:31.719   400   452 D adayocomadapter-ParseProtocolFunc: printRaWMsg Name[byteStream recv] len[9] data[0F0000000000000001]
03-17 18:53:31.719   400   452 D adayocomadapter-ParseProtocolFunc: printRaWMsg Name[IPCLtoVHAL] len[7] data[214020F3000100]
03-17 18:53:31.719   400   452 D adayocomadapter-ParseProtocolFunc: printRaWMsg Name[IPCLtoVHAL] len[7] data[214020F4000100]
03-17 18:53:31.719   400   452 D adayocomadapter-ParseProtocolFunc: printRaWMsg Name[IPCLtoVHAL] len[7] data[214020F5000100]
03-17 18:53:31.719   400   452 D adayocomadapter-ParseProtocolFunc: printRaWMsg Name[IPCLtoVHAL] len[7] data[214020F6000100]
03-17 18:53:31.719   400   452 D adayocomadapter-ParseProtocolFunc: printRaWMsg Name[IPCLtoVHAL] len[7] data[214020F7000100]
03-17 18:53:31.719   400   452 D adayocomadapter-ParseProtocolFunc: printRaWMsg Name[IPCLtoVHAL] len[7] data[214020F8000100]
03-17 18:53:31.719   400   452 D adayocomadapter-ParseProtocolFunc: printRaWMsg Name[IPCLtoVHAL] len[7] data[214020F9000100]
03-17 18:53:31.719   400   452 D adayocomadapter-CommunicationManager: onUpstreamReceive isLoss 1 mPropertyId 0x214020f3
03-17 18:53:31.719   400   452 D adayocomadapter-CommunicationManager: convertBytesToInt32Memcpy  0
03-17 18:53:31.719   400   452 D vw-vhal : notifyVehicleProperty, propId = 0x214020f3, data = {status: 3, int32Values: [0]}
03-17 18:53:31.719   400   452 I DefaultVehicleHal_v2_0: DefaultVehicleHal::onPropertyValue, value:{.timestamp = 145667029015, .areaId = 0, .prop = 557850867, .status = UNAVAILABLE, .value = {.int32Values = [1]{0}, .floatValues = [0]{}, .int64Values = [0]{}, .bytes = [0]{}, .stringValue = ""}}
03-17 18:53:31.719   400   452 D adayocomadapter-CommunicationManager: onUpstreamReceive mPropertyId 0x214020f3
03-17 18:53:31.719   400   452 D adayocomadapter-CommunicationManager: onUpstreamReceive isLoss 1 mPropertyId 0x214020f4
03-17 18:53:31.719   400   452 D adayocomadapter-CommunicationManager: convertBytesToInt32Memcpy  0
03-17 18:53:31.719   400   452 D vw-vhal : notifyVehicleProperty, propId = 0x214020f4, data = {status: 3, int32Values: [0]}
03-17 18:53:31.719   400   452 I DefaultVehicleHal_v2_0: DefaultVehicleHal::onPropertyValue, value:{.timestamp = 145667154682, .areaId = 0, .prop = 557850868, .status = UNAVAILABLE, .value = {.int32Values = [1]{0}, .floatValues = [0]{}, .int64Values = [0]{}, .bytes = [0]{}, .stringValue = ""}}
03-17 18:53:31.719   400   452 D adayocomadapter-CommunicationManager: onUpstreamReceive mPropertyId 0x214020f4
03-17 18:53:31.719   400   452 D adayocomadapter-CommunicationManager: onUpstreamReceive isLoss 1 mPropertyId 0x214020f5
03-17 18:53:31.719   400   452 D adayocomadapter-CommunicationManager: convertBytesToInt32Memcpy  0
03-17 18:53:31.719   400   452 D vw-vhal : notifyVehicleProperty, propId = 0x214020f5, data = {status: 3, int32Values: [0]}
03-17 18:53:31.719   400   452 I DefaultVehicleHal_v2_0: DefaultVehicleHal::onPropertyValue, value:{.timestamp = 145667265682, .areaId = 0, .prop = 557850869, .status = UNAVAILABLE, .value = {.int32Values = [1]{0}, .floatValues = [0]{}, .int64Values = [0]{}, .bytes = [0]{}, .stringValue = ""}}
03-17 18:53:31.719   400   452 D adayocomadapter-CommunicationManager: onUpstreamReceive mPropertyId 0x214020f5
03-17 18:53:31.719   400   452 D adayocomadapter-CommunicationManager: onUpstreamReceive isLoss 1 mPropertyId 0x214020f6
03-17 18:53:31.719   400   452 D adayocomadapter-CommunicationManager: convertBytesToInt32Memcpy  0
03-17 18:53:31.719   400   452 D vw-vhal : notifyVehicleProperty, propId = 0x214020f6, data = {status: 3, int32Values: [0]}
03-17 18:53:31.719   400   452 I DefaultVehicleHal_v2_0: DefaultVehicleHal::onPropertyValue, value:{.timestamp = 145667376015, .areaId = 0, .prop = 557850870, .status = UNAVAILABLE, .value = {.int32Values = [1]{0}, .floatValues = [0]{}, .int64Values = [0]{}, .bytes = [0]{}, .stringValue = ""}}
03-17 18:53:31.719   400   452 D adayocomadapter-CommunicationManager: onUpstreamReceive mPropertyId 0x214020f6
03-17 18:53:31.719   400   452 D adayocomadapter-CommunicationManager: onUpstreamReceive isLoss 1 mPropertyId 0x214020f7
03-17 18:53:31.719   400   452 D adayocomadapter-CommunicationManager: convertBytesToInt32Memcpy  0
03-17 18:53:31.719   400   452 D vw-vhal : notifyVehicleProperty, propId = 0x214020f7, data = {status: 3, int32Values: [0]}
03-17 18:53:31.719   400   452 I DefaultVehicleHal_v2_0: DefaultVehicleHal::onPropertyValue, value:{.timestamp = 145667481349, .areaId = 0, .prop = 557850871, .status = UNAVAILABLE, .value = {.int32Values = [1]{0}, .floatValues = [0]{}, .int64Values = [0]{}, .bytes = [0]{}, .stringValue = ""}}
03-17 18:53:31.719   400   452 D adayocomadapter-CommunicationManager: onUpstreamReceive mPropertyId 0x214020f7
03-17 18:53:31.719   400   452 D adayocomadapter-CommunicationManager: onUpstreamReceive isLoss 1 mPropertyId 0x214020f8
03-17 18:53:31.720   400   452 D adayocomadapter-CommunicationManager: convertBytesToInt32Memcpy  0
03-17 18:53:31.720   400   452 D vw-vhal : notifyVehicleProperty, propId = 0x214020f8, data = {status: 3, int32Values: [0]}
03-17 18:53:31.720   400   452 I DefaultVehicleHal_v2_0: DefaultVehicleHal::onPropertyValue, value:{.timestamp = 145667587349, .areaId = 0, .prop = 557850872, .status = UNAVAILABLE, .value = {.int32Values = [1]{0}, .floatValues = [0]{}, .int64Values = [0]{}, .bytes = [0]{}, .stringValue = ""}}
03-17 18:53:31.720   400   452 D adayocomadapter-CommunicationManager: onUpstreamReceive mPropertyId 0x214020f8
03-17 18:53:31.720   400   452 D adayocomadapter-CommunicationManager: onUpstreamReceive isLoss 1 mPropertyId 0x214020f9
03-17 18:53:31.720   400   452 D adayocomadapter-CommunicationManager: convertBytesToInt32Memcpy  0
03-17 18:53:31.720   400   452 D vw-vhal : notifyVehicleProperty, propId = 0x214020f9, data = {status: 3, int32Values: [0]}
03-17 18:53:31.720   400   452 I DefaultVehicleHal_v2_0: DefaultVehicleHal::onPropertyValue, value:{.timestamp = 145667697349, .areaId = 0, .prop = 557850873, .status = UNAVAILABLE, .value = {.int32Values = [1]{0}, .floatValues = [0]{}, .int64Values = [0]{}, .bytes = [0]{}, .stringValue = ""}}
03-17 18:53:31.720   400   452 D adayocomadapter-CommunicationManager: onUpstreamReceive mPropertyId 0x214020f9
03-17 18:53:31.727  2383  2600 D AdayoDoipServer294_Doip: [ne_doip_event_loop_dispatch][line:141] : count = 0
03-17 18:53:31.735   582  3616 E WifiHAL : Invalid data received from driver
03-17 18:53:31.742   582  3616 E WifiHAL : Invalid data received from driver
03-17 18:53:31.742   582  3616 E WifiHAL : Invalid data received from driver
03-17 18:53:31.742   582  3616 E WifiHAL : Invalid data received from driver
03-17 18:53:31.742   582  3616 E WifiHAL : Invalid data received from driver
03-17 18:53:31.742   582  3616 E WifiHAL : Invalid data received from driver
03-17 18:53:31.743   582  3616 E WifiHAL : Invalid data received from driver
03-17 18:53:31.743   582  3616 E WifiHAL : Invalid data received from driver
03-17 18:53:31.756   642   685 I mcuc    : sd Uart data : 6AA602057600029202ED
03-17 18:53:31.762   642   685 I mcuc    : rev uart=1469,len=15, data : 6AA681057600079202000100000068
03-17 18:53:31.762   400   400 D adayocomadapter-ParseProtocolFunc: printRaWMsg Name[MCUToUPstream recv] len[7] data[92020001000000]
03-17 18:53:31.762   400   400 D adayocomadapter-CommunicationManager: onUpstreamback   member[0] dataLength[4] timePoint[145710]
03-17 18:53:31.762   400   400 D adayocomadapter-ParseProtocolFunc: printRaWMsg Name[onUpstreamback] len[4] data[01000000]
03-17 18:53:31.763   400   452 D adayocomadapter-UpstreamHandler: processBeforePacket upSreamtProcessTimePoint[145710] 
03-17 18:53:31.763   400   452 D adayocomadapter-UpstreamHandler: processPacket UPSTREAM_QUEUE_DATA_TIMEOUT
03-17 18:53:31.763   400   452 D adayocomadapter-ParseProtocolFunc: parseCommonIPCLBytes Processing tableNumber[1]
03-17 18:53:31.763   400   452 D adayocomadapter-ParseProtocolFunc: parseCommonIPCLBytes Processing tablename[Table-1] tableSize[4]
03-17 18:53:31.763   400   452 D adayocomadapter-ParseProtocolFunc: printRaWMsg Name[byteStream recv] len[4] data[01000000]
03-17 18:53:31.763   400   452 D adayocomadapter-ParseProtocolFunc: printRaWMsg Name[IPCLtoVHAL] len[8] data[2140204800000000]
03-17 18:53:31.763   400   452 D adayocomadapter-CommunicationManager: onUpstreamReceive isLoss 0 mPropertyId 0x21402048
03-17 18:53:31.763   400   452 D adayocomadapter-CommunicationManager: convertBytesToInt32Memcpy  0
03-17 18:53:31.763   400   452 D vw-vhal : notifyVehicleProperty, propId = 0x21402048, data = {status: 2, int32Values: [0]}
03-17 18:53:31.763   400   452 I DefaultVehicleHal_v2_0: DefaultVehicleHal::onPropertyValue, value:{.timestamp = 145711248349, .areaId = 0, .prop = 557850696, .status = AVAILABLE, .value = {.int32Values = [1]{0}, .floatValues = [0]{}, .int64Values = [0]{}, .bytes = [0]{}, .stringValue = ""}}
03-17 18:53:31.763   400   452 D adayocomadapter-CommunicationManager: onUpstreamReceive mPropertyId 0x21402048
03-17 18:53:31.774  6654  6700 D TimerTriggerManager: init instance...
03-17 18:53:31.774  6654  6700 D TimerTriggerManager: Timer thread'TimerTriggerManager' is destroyed: false
03-17 18:53:31.774  6654  6700 D TimerTriggerManager: Timer 'onIndcnVehSpdChanged' is running: true
03-17 18:53:31.774  6654  6700 D TimerTriggerManager: Sending reset signal to timer 'onIndcnVehSpdChanged'
03-17 18:53:31.775  6654  6700 D TimerTriggerManager: Reset signal sent to timer 'onIndcnVehSpdChanged'
03-17 18:53:31.775  6654  6707 D TimerTriggerController: Reset method called for timer: onIndcnVehSpdChanged
03-17 18:53:31.775  6654  6707 D TimerTriggerController: Calling onTimerReset for timer: onIndcnVehSpdChanged
03-17 18:53:31.775  6654  6707 D TimerTriggerManager: Timer reset: onIndcnVehSpdChanged
03-17 18:53:31.775  6654  6707 I TimerTriggerController: Timer [onIndcnVehSpdChanged] reset, remaining: 1000ms, reset count: 976
03-17 18:53:31.775  6654  6700 D TimerTriggerManager: init instance...
03-17 18:53:31.775  6654  6700 D TimerTriggerManager: Timer thread'TimerTriggerManager' is destroyed: false
03-17 18:53:31.776  6654  6700 D TimerTriggerManager: Timer 'onMntnWarnReqChanged' is running: true
03-17 18:53:31.776  6654  6700 D TimerTriggerManager: Sending reset signal to timer 'onMntnWarnReqChanged'
03-17 18:53:31.776  6654  6700 D TimerTriggerManager: Reset signal sent to timer 'onMntnWarnReqChanged'
03-17 18:53:31.776  6654  6707 D TimerTriggerController: Reset method called for timer: onMntnWarnReqChanged
03-17 18:53:31.776  6654  6707 D TimerTriggerController: Calling onTimerReset for timer: onMntnWarnReqChanged
03-17 18:53:31.776  6654  6707 D TimerTriggerManager: Timer reset: onMntnWarnReqChanged
03-17 18:53:31.776  6654  6707 I TimerTriggerController: Timer [onMntnWarnReqChanged] reset, remaining: 5000ms, reset count: 488
03-17 18:53:31.781  1513  9492 D NetworkMonitor/102/vlan_08: PROBE_DNS connectivitycheck.gstatic.com 12505ms FAIL in type ADDRCONFIG Timeout
03-17 18:53:31.784  1513  9492 D TrafficStats: tagSocket(64) with statsTag=0xffffff81, statsUid=-1
03-17 18:53:31.787  1513  9492 D TrafficStats: tagSocket(64) with statsTag=0xffffff81, statsUid=-1
03-17 18:53:31.794   580  9734 I resolv  : ResNSendHandler::run: 0 / {102 983142 102 983142 1073 1}
03-17 18:53:31.794   580  9734 D resolv  : resolv_populate_res_for_net: netid=102
03-17 18:53:31.794   580  9734 D resolv  : res_nsend
03-17 18:53:31.794   580  9734 D resolv  : resolv_cache_lookup: lookup
03-17 18:53:31.794   580  9734 D resolv  : resolv_cache_lookup: NOT IN CACHE
03-17 18:53:31.794   580  9734 D resolv  : resolv_populate_res_for_net: netid=102
03-17 18:53:31.794   580  9734 D resolv  : res_stats_usable_server: NS stats: S 0 + E 0 + T 9 + I 0 = 9, rtt = -1, min_samples = 8
03-17 18:53:31.794   580  9734 D resolv  : res_stats_usable_server: success rate 0
03-17 18:53:31.795   580  9734 I resolv  : res_stats_usable_server: too many resolution errors, ignoring server
03-17 18:53:31.795   580  9734 D resolv  : res_stats_usable_server: NS stats: S 0 + E 0 + T 9 + I 0 = 9, rtt = -1, min_samples = 8
03-17 18:53:31.795   580  9734 D resolv  : res_stats_usable_server: success rate 0
03-17 18:53:31.795   580  9734 I resolv  : res_stats_usable_server: too many resolution errors, ignoring server
03-17 18:53:31.795   580  9734 D resolv  : res_nsend: Querying server (# 1) address = 114.114.114.114:53
03-17 18:53:31.796   580  9734 D resolv  : send_dg: new DG socket
03-17 18:53:31.796   580  9734 D resolv  : get_timeout: using timeout of 5000 msec
03-17 18:53:31.796   580  9734 D resolv  : retrying_poll: 49 retrying_poll
03-17 18:53:31.827  2383  2600 D AdayoDoipServer294_Doip: [ne_doip_event_loop_dispatch][line:141] : count = 0
03-17 18:53:31.834   582  3616 E WifiHAL : Invalid data received from driver
03-17 18:53:31.875  6654  6700 D TimerTriggerManager: init instance...
03-17 18:53:31.875  6654  6700 D TimerTriggerManager: Timer thread'TimerTriggerManager' is destroyed: false
03-17 18:53:31.875  6654  6700 D TimerTriggerManager: Timer 'onIndcnVehSpdChanged' is running: true
03-17 18:53:31.875  6654  6700 D TimerTriggerManager: Sending reset signal to timer 'onIndcnVehSpdChanged'
03-17 18:53:31.875  6654  6700 D TimerTriggerManager: Reset signal sent to timer 'onIndcnVehSpdChanged'
03-17 18:53:31.876  6654  6707 D TimerTriggerController: Reset method called for timer: onIndcnVehSpdChanged
03-17 18:53:31.876  6654  6707 D TimerTriggerController: Calling onTimerReset for timer: onIndcnVehSpdChanged
03-17 18:53:31.876  6654  6707 D TimerTriggerManager: Timer reset: onIndcnVehSpdChanged
03-17 18:53:31.876  6654  6707 I TimerTriggerController: Timer [onIndcnVehSpdChanged] reset, remaining: 1000ms, reset count: 977
03-17 18:53:31.880   582  3616 E WifiHAL : Invalid data received from driver
03-17 18:53:31.926   806   806 I adbd    : AdaTest:transport UsbFfs opening service shell,v2:getprop
03-17 18:53:31.926   806   806 I adbd    : AdaTest:adb.password.Enable is true
03-17 18:53:31.926   806   806 I adbd    : AdaTest:will enter ShellService
03-17 18:53:31.926   806   806 I adbd    : AdaTest:enter ShellService
03-17 18:53:31.926   806   806 I adbd    : AdaTest:adb.password.Enable is Enable
03-17 18:53:31.926   806   806 I adbd    : AdaTest:return unique_fd{}
03-17 18:53:31.926   806   806 I adbd    : auth_fd.get() == -1
03-17 18:53:31.927  2383  2600 D AdayoDoipServer294_Doip: [ne_doip_event_loop_dispatch][line:141] : count = 0
03-17 18:53:31.937   582  3616 E WifiHAL : Invalid data received from driver
03-17 18:53:31.937   582  3616 E WifiHAL : Invalid data received from driver
03-17 18:53:31.941   582  3616 E WifiHAL : Invalid data received from driver
03-17 18:53:31.942   806   806 I adbd    : AdaTest:transport UsbFfs opening service shell,v2:getprop
03-17 18:53:31.942   806   806 I adbd    : AdaTest:adb.password.Enable is true
03-17 18:53:31.943   806   806 I adbd    : AdaTest:will enter ShellService
03-17 18:53:31.943   806   806 I adbd    : AdaTest:enter ShellService
03-17 18:53:31.943   806   806 I adbd    : AdaTest:adb.password.Enable is Enable
03-17 18:53:31.943   806   806 I adbd    : AdaTest:return unique_fd{}
03-17 18:53:31.943   806   806 I adbd    : auth_fd.get() == -1
03-17 18:53:31.958   806   806 I adbd    : AdaTest:transport UsbFfs opening service shell,v2:getprop
03-17 18:53:31.958   806   806 I adbd    : AdaTest:adb.password.Enable is true
03-17 18:53:31.958   806   806 I adbd    : AdaTest:will enter ShellService
03-17 18:53:31.958   806   806 I adbd    : AdaTest:enter ShellService
03-17 18:53:31.958   806   806 I adbd    : AdaTest:adb.password.Enable is Enable
03-17 18:53:31.958   806   806 I adbd    : AdaTest:return unique_fd{}
03-17 18:53:31.958   806   806 I adbd    : auth_fd.get() == -1
03-17 18:53:31.968   582  3616 E WifiHAL : Invalid data received from driver
03-17 18:53:31.975  6654  6700 D TimerTriggerManager: init instance...
03-17 18:53:31.975  6654  6700 D TimerTriggerManager: Timer thread'TimerTriggerManager' is destroyed: false
03-17 18:53:31.975  6654  6700 D TimerTriggerManager: Timer 'onIndcnVehSpdChanged' is running: true
03-17 18:53:31.975  6654  6700 D TimerTriggerManager: Sending reset signal to timer 'onIndcnVehSpdChanged'
03-17 18:53:31.975  6654  6700 D TimerTriggerManager: Reset signal sent to timer 'onIndcnVehSpdChanged'
03-17 18:53:31.975  6654  6707 D TimerTriggerController: Reset method called for timer: onIndcnVehSpdChanged
03-17 18:53:31.975  6654  6707 D TimerTriggerController: Calling onTimerReset for timer: onIndcnVehSpdChanged
03-17 18:53:31.976  6654  6707 D TimerTriggerManager: Timer reset: onIndcnVehSpdChanged
03-17 18:53:31.976  6654  6707 I TimerTriggerController: Timer [onIndcnVehSpdChanged] reset, remaining: 999ms, reset count: 978
03-17 18:53:31.976  6654  6700 D TimerTriggerManager: init instance...
03-17 18:53:31.976  6654  6700 D TimerTriggerManager: Timer thread'TimerTriggerManager' is destroyed: false
03-17 18:53:31.976  6654  6700 D TimerTriggerManager: Timer 'onMntnWarnReqChanged' is running: true
03-17 18:53:31.976  6654  6700 D TimerTriggerManager: Sending reset signal to timer 'onMntnWarnReqChanged'
03-17 18:53:31.976  6654  6700 D TimerTriggerManager: Reset signal sent to timer 'onMntnWarnReqChanged'
03-17 18:53:31.977  6654  6707 D TimerTriggerController: Reset method called for timer: onMntnWarnReqChanged
03-17 18:53:31.977  6654  6707 D TimerTriggerController: Calling onTimerReset for timer: onMntnWarnReqChanged
03-17 18:53:31.977  6654  6707 D TimerTriggerManager: Timer reset: onMntnWarnReqChanged
03-17 18:53:31.978  6654  6707 I TimerTriggerController: Timer [onMntnWarnReqChanged] reset, remaining: 5000ms, reset count: 489
03-17 18:53:31.988   806   806 I adbd    : AdaTest:transport UsbFfs opening service shell,v2:getprop
03-17 18:53:31.988   806   806 I adbd    : AdaTest:adb.password.Enable is true
03-17 18:53:31.988   806   806 I adbd    : AdaTest:will enter ShellService
03-17 18:53:31.988   806   806 I adbd    : AdaTest:enter ShellService
03-17 18:53:31.989   806   806 I adbd    : AdaTest:adb.password.Enable is Enable
03-17 18:53:31.989   806   806 I adbd    : AdaTest:return unique_fd{}
03-17 18:53:31.989   806   806 I adbd    : auth_fd.get() == -1
03-17 18:53:31.989   806   806 I adbd    : AdaTest:transport UsbFfs opening service shell,v2:getprop
03-17 18:53:31.989   806   806 I adbd    : AdaTest:adb.password.Enable is true
03-17 18:53:31.989   806   806 I adbd    : AdaTest:will enter ShellService
03-17 18:53:31.990   806   806 I adbd    : AdaTest:enter ShellService
03-17 18:53:31.990   806   806 I adbd    : AdaTest:adb.password.Enable is Enable
03-17 18:53:31.990   806   806 I adbd    : AdaTest:return unique_fd{}
03-17 18:53:31.990   806   806 I adbd    : auth_fd.get() == -1
03-17 18:53:32.001   582  3616 E WifiHAL : Invalid data received from driver
03-17 18:53:32.028  2383  2600 D AdayoDoipServer294_Doip: [ne_doip_event_loop_dispatch][line:141] : count = 0
03-17 18:53:32.031  1566  3186 D TboxNetworkManager: tboxNetworkbinder=null
03-17 18:53:32.046   582  3616 E WifiHAL : Invalid data received from driver
03-17 18:53:32.075  6654  6700 D TimerTriggerManager: init instance...
03-17 18:53:32.075  6654  6700 D TimerTriggerManager: Timer thread'TimerTriggerManager' is destroyed: false
03-17 18:53:32.075  6654  6700 D TimerTriggerManager: Timer 'onIndcnVehSpdChanged' is running: true
03-17 18:53:32.075  6654  6700 D TimerTriggerManager: Sending reset signal to timer 'onIndcnVehSpdChanged'
03-17 18:53:32.075  6654  6700 D TimerTriggerManager: Reset signal sent to timer 'onIndcnVehSpdChanged'
03-17 18:53:32.076  6654  6707 D TimerTriggerController: Reset method called for timer: onIndcnVehSpdChanged
03-17 18:53:32.076  6654  6707 D TimerTriggerController: Calling onTimerReset for timer: onIndcnVehSpdChanged
03-17 18:53:32.076  6654  6707 D TimerTriggerManager: Timer reset: onIndcnVehSpdChanged
03-17 18:53:32.076  6654  6707 I TimerTriggerController: Timer [onIndcnVehSpdChanged] reset, remaining: 1000ms, reset count: 979
03-17 18:53:32.107   642   685 I mcuc    : sd Uart data : 6AA602057700029202EC
03-17 18:53:32.113   642   685 I mcuc    : rev uart=1470,len=18, data : 6AA6810577000A9202000300000000000161
03-17 18:53:32.113   400   400 D adayocomadapter-ParseProtocolFunc: printRaWMsg Name[MCUToUPstream recv] len[10] data[92020003000000000001]
03-17 18:53:32.113   400   400 D adayocomadapter-CommunicationManager: onUpstreamback   member[0] dataLength[7] timePoint[146060]
03-17 18:53:32.113   400   400 D adayocomadapter-ParseProtocolFunc: printRaWMsg Name[onUpstreamback] len[7] data[03000000000001]
03-17 18:53:32.113   400   452 D adayocomadapter-UpstreamHandler: processBeforePacket upSreamtProcessTimePoint[146061] 
03-17 18:53:32.113   400   452 D adayocomadapter-UpstreamHandler: processPacket UPSTREAM_QUEUE_DATA_TIMEOUT
03-17 18:53:32.113   400   452 D adayocomadapter-ParseProtocolFunc: parseCommonIPCLBytes Processing tableNumber[3]
03-17 18:53:32.113   400   452 D adayocomadapter-ParseProtocolFunc: parseCommonIPCLBytes Processing tablename[Table-3] tableSize[7]
03-17 18:53:32.113   400   452 D adayocomadapter-ParseProtocolFunc: printRaWMsg Name[byteStream recv] len[7] data[03000000000001]
03-17 18:53:32.113   400   452 D adayocomadapter-ParseProtocolFunc: printRaWMsg Name[IPCLtoVHAL] len[9] data[214121380100000000]
03-17 18:53:32.114   400   452 D adayocomadapter-ParseProtocolFunc: printRaWMsg Name[IPCLtoVHAL] len[7] data[214021D6000100]
03-17 18:53:32.114   400   452 D adayocomadapter-CommunicationManager: onUpstreamReceive isLoss 0 mPropertyId 0x21412138
03-17 18:53:32.114   400   452 D vw-vhal : notifyVehicleProperty, propId = 0x21412138, data = {status: 2, int32Values: [0, 0, 0]}
03-17 18:53:32.114   400   452 I DefaultVehicleHal_v2_0: DefaultVehicleHal::onPropertyValue, value:{.timestamp = 146061810015, .areaId = 0, .prop = 557916472, .status = AVAILABLE, .value = {.int32Values = [3]{0, 0, 0}, .floatValues = [0]{}, .int64Values = [0]{}, .bytes = [0]{}, .stringValue = ""}}
03-17 18:53:32.114   400   452 D adayocomadapter-CommunicationManager: onUpstreamReceive mPropertyId 0x21412138
03-17 18:53:32.114   400   452 D adayocomadapter-CommunicationManager: onUpstreamReceive isLoss 1 mPropertyId 0x214021d6
03-17 18:53:32.114   400   452 D adayocomadapter-CommunicationManager: convertBytesToInt32Memcpy  0
03-17 18:53:32.114   400   452 D vw-vhal : notifyVehicleProperty, propId = 0x214021d6, data = {status: 3, int32Values: [0]}
03-17 18:53:32.114   400   452 I DefaultVehicleHal_v2_0: DefaultVehicleHal::onPropertyValue, value:{.timestamp = 146062204349, .areaId = 0, .prop = 557851094, .status = UNAVAILABLE, .value = {.int32Values = [1]{0}, .floatValues = [0]{}, .int64Values = [0]{}, .bytes = [0]{}, .stringValue = ""}}
03-17 18:53:32.114   400   452 D adayocomadapter-CommunicationManager: onUpstreamReceive mPropertyId 0x214021d6
03-17 18:53:32.119   582  3616 E WifiHAL : Invalid data received from driver
03-17 18:53:32.123   582  3616 E WifiHAL : Invalid data received from driver
03-17 18:53:32.123   582  3616 E WifiHAL : Invalid data received from driver
03-17 18:53:32.123   582  3616 E WifiHAL : Invalid data received from driver
03-17 18:53:32.123   582  3616 E WifiHAL : Invalid data received from driver
03-17 18:53:32.123   582  3616 E WifiHAL : Invalid data received from driver
03-17 18:53:32.123   582  3616 E WifiHAL : Invalid data received from driver
03-17 18:53:32.124   582  3616 E WifiHAL : Invalid data received from driver
03-17 18:53:32.127   642   685 I mcuc    : sd Uart data : 6AA602057800029202EB
03-17 18:53:32.128  2383  2600 D AdayoDoipServer294_Doip: [ne_doip_event_loop_dispatch][line:141] : count = 0
03-17 18:53:32.132   642   685 I mcuc    : rev uart=1471,len=21, data : 6AA6810578000D9202000800000000000000000158
03-17 18:53:32.133   400   400 D adayocomadapter-ParseProtocolFunc: printRaWMsg Name[MCUToUPstream recv] len[13] data[92020008000000000000000001]
03-17 18:53:32.133   400   400 D adayocomadapter-CommunicationManager: onUpstreamback   member[0] dataLength[10] timePoint[146080]
03-17 18:53:32.133   400   400 D adayocomadapter-ParseProtocolFunc: printRaWMsg Name[onUpstreamback] len[10] data[08000000000000000001]
03-17 18:53:32.133   400   452 D adayocomadapter-UpstreamHandler: processBeforePacket upSreamtProcessTimePoint[146081] 
03-17 18:53:32.133   400   452 D adayocomadapter-UpstreamHandler: processPacket UPSTREAM_QUEUE_DATA_TIMEOUT
03-17 18:53:32.133   400   452 D adayocomadapter-ParseProtocolFunc: parseCommonIPCLBytes Processing tableNumber[8]
03-17 18:53:32.133   400   452 D adayocomadapter-ParseProtocolFunc: parseCommonIPCLBytes Processing tablename[Table-8] tableSize[10]
03-17 18:53:32.133   400   452 D adayocomadapter-ParseProtocolFunc: printRaWMsg Name[byteStream recv] len[10] data[08000000000000000001]
03-17 18:53:32.133   400   452 D adayocomadapter-ParseProtocolFunc: printRaWMsg Name[IPCLtoVHAL] len[8] data[2141208F01010000]
03-17 18:53:32.133   400   452 D adayocomadapter-ParseProtocolFunc: printRaWMsg Name[IPCLtoVHAL] len[8] data[2141209001010000]
03-17 18:53:32.133   400   452 D adayocomadapter-ParseProtocolFunc: printRaWMsg Name[IPCLtoVHAL] len[8] data[2141209101010000]
03-17 18:53:32.133   400   452 D adayocomadapter-ParseProtocolFunc: printRaWMsg Name[IPCLtoVHAL] len[8] data[2141209201010000]
03-17 18:53:32.134   400   452 D adayocomadapter-CommunicationManager: onUpstreamReceive isLoss 1 mPropertyId 0x2141208f
03-17 18:53:32.134   400   452 D vw-vhal : notifyVehicleProperty, propId = 0x2141208f, data = {status: 3, int32Values: [0, 0]}
03-17 18:53:32.134   400   452 I DefaultVehicleHal_v2_0: DefaultVehicleHal::onPropertyValue, value:{.timestamp = 146081784015, .areaId = 0, .prop = 557916303, .status = UNAVAILABLE, .value = {.int32Values = [2]{0, 0}, .floatValues = [0]{}, .int64Values = [0]{}, .bytes = [0]{}, .stringValue = ""}}
03-17 18:53:32.134   400   452 D adayocomadapter-CommunicationManager: onUpstreamReceive mPropertyId 0x2141208f
03-17 18:53:32.134   400   452 D adayocomadapter-CommunicationManager: onUpstreamReceive isLoss 1 mPropertyId 0x21412090
03-17 18:53:32.134   400   452 D vw-vhal : notifyVehicleProperty, propId = 0x21412090, data = {status: 3, int32Values: [0, 0]}
03-17 18:53:32.134   400   452 I DefaultVehicleHal_v2_0: DefaultVehicleHal::onPropertyValue, value:{.timestamp = 146082141015, .areaId = 0, .prop = 557916304, .status = UNAVAILABLE, .value = {.int32Values = [2]{0, 0}, .floatValues = [0]{}, .int64Values = [0]{}, .bytes = [0]{}, .stringValue = ""}}
03-17 18:53:32.134   400   452 D adayocomadapter-CommunicationManager: onUpstreamReceive mPropertyId 0x21412090
03-17 18:53:32.134   400   452 D adayocomadapter-CommunicationManager: onUpstreamReceive isLoss 1 mPropertyId 0x21412091
03-17 18:53:32.134   400   452 D vw-vhal : notifyVehicleProperty, propId = 0x21412091, data = {status: 3, int32Values: [0, 0]}
03-17 18:53:32.134   400   452 I DefaultVehicleHal_v2_0: DefaultVehicleHal::onPropertyValue, value:{.timestamp = 146082462015, .areaId = 0, .prop = 557916305, .status = UNAVAILABLE, .value = {.int32Values = [2]{0, 0}, .floatValues = [0]{}, .int64Values = [0]{}, .bytes = [0]{}, .stringValue = ""}}
03-17 18:53:32.135   400   452 D adayocomadapter-CommunicationManager: onUpstreamReceive mPropertyId 0x21412091
03-17 18:53:32.135   400   452 D adayocomadapter-CommunicationManager: onUpstreamReceive isLoss 1 mPropertyId 0x21412092
03-17 18:53:32.135   400   452 D vw-vhal : notifyVehicleProperty, propId = 0x21412092, data = {status: 3, int32Values: [0, 0]}
03-17 18:53:32.135   400   452 I DefaultVehicleHal_v2_0: DefaultVehicleHal::onPropertyValue, value:{.timestamp = 146082780349, .areaId = 0, .prop = 557916306, .status = UNAVAILABLE, .value = {.int32Values = [2]{0, 0}, .floatValues = [0]{}, .int64Values = [0]{}, .bytes = [0]{}, .stringValue = ""}}
03-17 18:53:32.135   400   452 D adayocomadapter-CommunicationManager: onUpstreamReceive mPropertyId 0x21412092
03-17 18:53:32.175  6654  6700 D TimerTriggerManager: init instance...
03-17 18:53:32.175  6654  6700 D TimerTriggerManager: Timer thread'TimerTriggerManager' is destroyed: false
03-17 18:53:32.175  6654  6700 D TimerTriggerManager: Timer 'onIndcnVehSpdChanged' is running: true
03-17 18:53:32.175  6654  6700 D TimerTriggerManager: Sending reset signal to timer 'onIndcnVehSpdChanged'
03-17 18:53:32.176  6654  6700 D TimerTriggerManager: Reset signal sent to timer 'onIndcnVehSpdChanged'
03-17 18:53:32.176  6654  6707 D TimerTriggerController: Reset method called for timer: onIndcnVehSpdChanged
03-17 18:53:32.176  6654  6707 D TimerTriggerController: Calling onTimerReset for timer: onIndcnVehSpdChanged
03-17 18:53:32.176  6654  6707 D TimerTriggerManager: Timer reset: onIndcnVehSpdChanged
03-17 18:53:32.176  6654  6707 I TimerTriggerController: Timer [onIndcnVehSpdChanged] reset, remaining: 1000ms, reset count: 980
03-17 18:53:32.176  6654  6700 D TimerTriggerManager: init instance...
03-17 18:53:32.176  6654  6700 D TimerTriggerManager: Timer thread'TimerTriggerManager' is destroyed: false
03-17 18:53:32.176  6654  6700 D TimerTriggerManager: Timer 'onMntnWarnReqChanged' is running: true
03-17 18:53:32.177  6654  6700 D TimerTriggerManager: Sending reset signal to timer 'onMntnWarnReqChanged'
03-17 18:53:32.177  6654  6700 D TimerTriggerManager: Reset signal sent to timer 'onMntnWarnReqChanged'
03-17 18:53:32.177  6654  6707 D TimerTriggerController: Reset method called for timer: onMntnWarnReqChanged
03-17 18:53:32.177  6654  6707 D TimerTriggerController: Calling onTimerReset for timer: onMntnWarnReqChanged
03-17 18:53:32.177  6654  6707 D TimerTriggerManager: Timer reset: onMntnWarnReqChanged
03-17 18:53:32.177  6654  6707 I TimerTriggerController: Timer [onMntnWarnReqChanged] reset, remaining: 5000ms, reset count: 490
03-17 18:53:32.182  1566  2651 D TboxNetworkManager: tboxNetworkbinder=null
03-17 18:53:32.209   582  3616 E WifiHAL : Invalid data received from driver
03-17 18:53:32.228  2383  2600 D AdayoDoipServer294_Doip: [ne_doip_event_loop_dispatch][line:141] : count = 0
03-17 18:53:32.240  2106  2460 D CAR.DIAGNOSTIC: Entry - Type: 0x01, ServiceId: 0x2071, InstanceId: 0x0001, MajorVersion: 0x01FFFFFF, TTL: 0
03-17 18:53:32.240  2106  2450 D CAR.DIAGNOSTIC: Entry - Type: 0x01, ServiceId: 0x2071, InstanceId: 0x0001, MajorVersion: 0x01FFFFFF, TTL: 0
03-17 18:53:32.240  2106  2458 D CAR.DIAGNOSTIC: Entry - Type: 0x01, ServiceId: 0x2071, InstanceId: 0x0001, MajorVersion: 0x01FFFFFF, TTL: 0
