03-17 18:53:37.026   400   452 D adayocomadapter-CommunicationManager: onUpstreamReceive mPropertyId 0x21412016
03-17 18:53:37.026   400   452 D adayocomadapter-CommunicationManager: onUpstreamReceive isLoss 1 mPropertyId 0x21402059
03-17 18:53:37.026   400   452 D adayocomadapter-CommunicationManager: convertBytesToInt32Memcpy  255
03-17 18:53:37.026   400   452 D vw-vhal : notifyVehicleProperty, propId = 0x21402059, data = {status: 3, int32Values: [255]}
03-17 18:53:37.026   400   452 I DefaultVehicleHal_v2_0: DefaultVehicleHal::onPropertyValue, value:{.timestamp = 150974032016, .areaId = 0, .prop = 557850713, .status = UNAVAILABLE, .value = {.int32Values = [1]{255}, .floatValues = [0]{}, .int64Values = [0]{}, .bytes = [0]{}, .stringValue = ""}}
03-17 18:53:37.026   400   452 D adayocomadapter-CommunicationManager: onUpstreamReceive mPropertyId 0x21402059
03-17 18:53:37.026   400   452 D adayocomadapter-CommunicationManager: onUpstreamReceive isLoss 1 mPropertyId 0x2140201a
03-17 18:53:37.026   400   452 D adayocomadapter-CommunicationManager: convertBytesToInt32Memcpy  0
03-17 18:53:37.026   400   452 D vw-vhal : notifyVehicleProperty, propId = 0x2140201a, data = {status: 3, int32Values: [0]}
03-17 18:53:37.026   400   452 I DefaultVehicleHal_v2_0: DefaultVehicleHal::onPropertyValue, value:{.timestamp = 150974162683, .areaId = 0, .prop = 557850650, .status = UNAVAILABLE, .value = {.int32Values = [1]{0}, .floatValues = [0]{}, .int64Values = [0]{}, .bytes = [0]{}, .stringValue = ""}}
03-17 18:53:37.026   400   452 D adayocomadapter-CommunicationManager: onUpstreamReceive mPropertyId 0x2140201a
03-17 18:53:37.026   400   452 D adayocomadapter-CommunicationManager: onUpstreamReceive isLoss 1 mPropertyId 0x21402010
03-17 18:53:37.026   400   452 D adayocomadapter-CommunicationManager: convertBytesToInt32Memcpy  0
03-17 18:53:37.026   400   452 D vw-vhal : notifyVehicleProperty, propId = 0x21402010, data = {status: 3, int32Values: [0]}
03-17 18:53:37.026   400   452 I DefaultVehicleHal_v2_0: DefaultVehicleHal::onPropertyValue, value:{.timestamp = 150974293683, .areaId = 0, .prop = 557850640, .status = UNAVAILABLE, .value = {.int32Values = [1]{0}, .floatValues = [0]{}, .int64Values = [0]{}, .bytes = [0]{}, .stringValue = ""}}
03-17 18:53:37.026   400   452 D adayocomadapter-CommunicationManager: onUpstreamReceive mPropertyId 0x21402010
03-17 18:53:37.026   400   452 D adayocomadapter-CommunicationManager: onUpstreamReceive isLoss 1 mPropertyId 0x21402055
03-17 18:53:37.026   400   452 D adayocomadapter-CommunicationManager: convertBytesToInt32Memcpy  255
03-17 18:53:37.026   400   452 D vw-vhal : notifyVehicleProperty, propId = 0x21402055, data = {status: 3, int32Values: [255]}
03-17 18:53:37.026   400   452 I DefaultVehicleHal_v2_0: DefaultVehicleHal::onPropertyValue, value:{.timestamp = 150974413683, .areaId = 0, .prop = 557850709, .status = UNAVAILABLE, .value = {.int32Values = [1]{255}, .floatValues = [0]{}, .int64Values = [0]{}, .bytes = [0]{}, .stringValue = ""}}
03-17 18:53:37.026   400   452 D adayocomadapter-CommunicationManager: onUpstreamReceive mPropertyId 0x21402055
03-17 18:53:37.026   400   452 D adayocomadapter-CommunicationManager: onUpstreamReceive isLoss 1 mPropertyId 0x214020b1
03-17 18:53:37.026   400   452 D adayocomadapter-CommunicationManager: convertBytesToInt32Memcpy  0
03-17 18:53:37.026   400   452 D vw-vhal : notifyVehicleProperty, propId = 0x214020b1, data = {status: 3, int32Values: [0]}
03-17 18:53:37.027   400   452 I DefaultVehicleHal_v2_0: DefaultVehicleHal::onPropertyValue, value:{.timestamp = 150974533683, .areaId = 0, .prop = 557850801, .status = UNAVAILABLE, .value = {.int32Values = [1]{0}, .floatValues = [0]{}, .int64Values = [0]{}, .bytes = [0]{}, .stringValue = ""}}
03-17 18:53:37.027   400   452 D adayocomadapter-CommunicationManager: onUpstreamReceive mPropertyId 0x214020b1
03-17 18:53:37.027   400   452 D adayocomadapter-CommunicationManager: onUpstreamReceive isLoss 1 mPropertyId 0x2140201b
03-17 18:53:37.027   400   452 D adayocomadapter-CommunicationManager: convertBytesToInt32Memcpy  0
03-17 18:53:37.027   400   452 D vw-vhal : notifyVehicleProperty, propId = 0x2140201b, data = {status: 3, int32Values: [0]}
03-17 18:53:37.027   400   452 I DefaultVehicleHal_v2_0: DefaultVehicleHal::onPropertyValue, value:{.timestamp = 150974657016, .areaId = 0, .prop = 557850651, .status = UNAVAILABLE, .value = {.int32Values = [1]{0}, .floatValues = [0]{}, .int64Values = [0]{}, .bytes = [0]{}, .stringValue = ""}}
03-17 18:53:37.027   400   452 D adayocomadapter-CommunicationManager: onUpstreamReceive mPropertyId 0x2140201b
03-17 18:53:37.027   400   452 D adayocomadapter-CommunicationManager: onUpstreamReceive isLoss 1 mPropertyId 0x21402018
03-17 18:53:37.027   400   452 D adayocomadapter-CommunicationManager: convertBytesToInt32Memcpy  0
03-17 18:53:37.027   400   452 D vw-vhal : notifyVehicleProperty, propId = 0x21402018, data = {status: 3, int32Values: [0]}
03-17 18:53:37.027   400   452 I DefaultVehicleHal_v2_0: DefaultVehicleHal::onPropertyValue, value:{.timestamp = 150974771016, .areaId = 0, .prop = 557850648, .status = UNAVAILABLE, .value = {.int32Values = [1]{0}, .floatValues = [0]{}, .int64Values = [0]{}, .bytes = [0]{}, .stringValue = ""}}
03-17 18:53:37.027   400   452 D adayocomadapter-CommunicationManager: onUpstreamReceive mPropertyId 0x21402018
03-17 18:53:37.027   400   452 D adayocomadapter-CommunicationManager: onUpstreamReceive isLoss 1 mPropertyId 0x21402190
03-17 18:53:37.027   400   452 D adayocomadapter-CommunicationManager: convertBytesToInt32Memcpy  0
03-17 18:53:37.027   400   452 D vw-vhal : notifyVehicleProperty, propId = 0x21402190, data = {status: 3, int32Values: [0]}
03-17 18:53:37.027   400   452 I DefaultVehicleHal_v2_0: DefaultVehicleHal::onPropertyValue, value:{.timestamp = 150974891016, .areaId = 0, .prop = 557851024, .status = UNAVAILABLE, .value = {.int32Values = [1]{0}, .floatValues = [0]{}, .int64Values = [0]{}, .bytes = [0]{}, .stringValue = ""}}
03-17 18:53:37.027   400   452 D adayocomadapter-CommunicationManager: onUpstreamReceive mPropertyId 0x21402190
03-17 18:53:37.027   400   452 D adayocomadapter-CommunicationManager: onUpstreamReceive isLoss 1 mPropertyId 0x21402021
03-17 18:53:37.027   400   452 D adayocomadapter-CommunicationManager: convertBytesToInt32Memcpy  0
03-17 18:53:37.027   400   452 D vw-vhal : notifyVehicleProperty, propId = 0x21402021, data = {status: 3, int32Values: [0]}
03-17 18:53:37.027   400   452 I DefaultVehicleHal_v2_0: DefaultVehicleHal::onPropertyValue, value:{.timestamp = 150975020349, .areaId = 0, .prop = 557850657, .status = UNAVAILABLE, .value = {.int32Values = [1]{0}, .floatValues = [0]{}, .int64Values = [0]{}, .bytes = [0]{}, .stringValue = ""}}
03-17 18:53:37.027   400   452 D adayocomadapter-CommunicationManager: onUpstreamReceive mPropertyId 0x21402021
03-17 18:53:37.027   400   452 D adayocomadapter-CommunicationManager: onUpstreamReceive isLoss 1 mPropertyId 0x214021c8
03-17 18:53:37.027   400   452 D adayocomadapter-CommunicationManager: convertBytesToInt32Memcpy  0
03-17 18:53:37.027   400   452 D vw-vhal : notifyVehicleProperty, propId = 0x214021c8, data = {status: 3, int32Values: [0]}
03-17 18:53:37.027   400   452 I DefaultVehicleHal_v2_0: DefaultVehicleHal::onPropertyValue, value:{.timestamp = 150975151016, .areaId = 0, .prop = 557851080, .status = UNAVAILABLE, .value = {.int32Values = [1]{0}, .floatValues = [0]{}, .int64Values = [0]{}, .bytes = [0]{}, .stringValue = ""}}
03-17 18:53:37.027   400   452 D adayocomadapter-CommunicationManager: onUpstreamReceive mPropertyId 0x214021c8
03-17 18:53:37.027   400   452 D adayocomadapter-CommunicationManager: onUpstreamReceive isLoss 1 mPropertyId 0x2140200a
03-17 18:53:37.027   400   452 D adayocomadapter-CommunicationManager: convertBytesToInt32Memcpy  0
03-17 18:53:37.027   400   452 D vw-vhal : notifyVehicleProperty, propId = 0x2140200a, data = {status: 3, int32Values: [0]}
03-17 18:53:37.027   400   452 I DefaultVehicleHal_v2_0: DefaultVehicleHal::onPropertyValue, value:{.timestamp = 150975270016, .areaId = 0, .prop = 557850634, .status = UNAVAILABLE, .value = {.int32Values = [1]{0}, .floatValues = [0]{}, .int64Values = [0]{}, .bytes = [0]{}, .stringValue = ""}}
03-17 18:53:37.027   400   452 D adayocomadapter-CommunicationManager: onUpstreamReceive mPropertyId 0x2140200a
03-17 18:53:37.027   400   452 D adayocomadapter-CommunicationManager: onUpstreamReceive isLoss 1 mPropertyId 0x2140223e
03-17 18:53:37.027   400   452 D adayocomadapter-CommunicationManager: convertBytesToInt32Memcpy  0
03-17 18:53:37.027   400   452 D vw-vhal : notifyVehicleProperty, propId = 0x2140223e, data = {status: 3, int32Values: [0]}
03-17 18:53:37.027   400   452 I DefaultVehicleHal_v2_0: DefaultVehicleHal::onPropertyValue, value:{.timestamp = 150975398349, .areaId = 0, .prop = 557851198, .status = UNAVAILABLE, .value = {.int32Values = [1]{0}, .floatValues = [0]{}, .int64Values = [0]{}, .bytes = [0]{}, .stringValue = ""}}
03-17 18:53:37.027   400   452 D adayocomadapter-CommunicationManager: onUpstreamReceive mPropertyId 0x2140223e
03-17 18:53:37.027   400   452 D adayocomadapter-CommunicationManager: onUpstreamReceive isLoss 1 mPropertyId 0x21402119
03-17 18:53:37.027   400   452 D adayocomadapter-CommunicationManager: convertBytesToInt32Memcpy  0
03-17 18:53:37.027   400   452 D vw-vhal : notifyVehicleProperty, propId = 0x21402119, data = {status: 3, int32Values: [0]}
03-17 18:53:37.027   400   452 I DefaultVehicleHal_v2_0: DefaultVehicleHal::onPropertyValue, value:{.timestamp = 150975518016, .areaId = 0, .prop = 557850905, .status = UNAVAILABLE, .value = {.int32Values = [1]{0}, .floatValues = [0]{}, .int64Values = [0]{}, .bytes = [0]{}, .stringValue = ""}}
03-17 18:53:37.028   400   452 D adayocomadapter-CommunicationManager: onUpstreamReceive mPropertyId 0x21402119
03-17 18:53:37.028   400   452 D adayocomadapter-CommunicationManager: onUpstreamReceive isLoss 1 mPropertyId 0x21402005
03-17 18:53:37.028   400   452 D adayocomadapter-CommunicationManager: convertBytesToInt32Memcpy  0
03-17 18:53:37.028   400   452 D vw-vhal : notifyVehicleProperty, propId = 0x21402005, data = {status: 3, int32Values: [0]}
03-17 18:53:37.028   400   452 I DefaultVehicleHal_v2_0: DefaultVehicleHal::onPropertyValue, value:{.timestamp = 150975642016, .areaId = 0, .prop = 557850629, .status = UNAVAILABLE, .value = {.int32Values = [1]{0}, .floatValues = [0]{}, .int64Values = [0]{}, .bytes = [0]{}, .stringValue = ""}}
03-17 18:53:37.028   400   452 D adayocomadapter-CommunicationManager: onUpstreamReceive mPropertyId 0x21402005
03-17 18:53:37.028   400   452 D adayocomadapter-CommunicationManager: onUpstreamReceive isLoss 1 mPropertyId 0x2140214e
03-17 18:53:37.028   400   452 D adayocomadapter-CommunicationManager: convertBytesToInt32Memcpy  0
03-17 18:53:37.028   400   452 D vw-vhal : notifyVehicleProperty, propId = 0x2140214e, data = {status: 3, int32Values: [0]}
03-17 18:53:37.028   400   452 I DefaultVehicleHal_v2_0: DefaultVehicleHal::onPropertyValue, value:{.timestamp = 150975770683, .areaId = 0, .prop = 557850958, .status = UNAVAILABLE, .value = {.int32Values = [1]{0}, .floatValues = [0]{}, .int64Values = [0]{}, .bytes = [0]{}, .stringValue = ""}}
03-17 18:53:37.028   400   452 D adayocomadapter-CommunicationManager: onUpstreamReceive mPropertyId 0x2140214e
03-17 18:53:37.028   400   452 D adayocomadapter-CommunicationManager: onUpstreamReceive isLoss 1 mPropertyId 0x21402056
03-17 18:53:37.028   400   452 D adayocomadapter-CommunicationManager: convertBytesToInt32Memcpy  255
03-17 18:53:37.028   400   452 D vw-vhal : notifyVehicleProperty, propId = 0x21402056, data = {status: 3, int32Values: [255]}
03-17 18:53:37.028   400   452 I DefaultVehicleHal_v2_0: DefaultVehicleHal::onPropertyValue, value:{.timestamp = 150975890016, .areaId = 0, .prop = 557850710, .status = UNAVAILABLE, .value = {.int32Values = [1]{255}, .floatValues = [0]{}, .int64Values = [0]{}, .bytes = [0]{}, .stringValue = ""}}
03-17 18:53:37.028   400   452 D adayocomadapter-CommunicationManager: onUpstreamReceive mPropertyId 0x21402056
03-17 18:53:37.028   400   452 D adayocomadapter-CommunicationManager: onUpstreamReceive isLoss 1 mPropertyId 0x21402057
03-17 18:53:37.028   400   452 D adayocomadapter-CommunicationManager: convertBytesToInt32Memcpy  255
03-17 18:53:37.028   400   452 D vw-vhal : notifyVehicleProperty, propId = 0x21402057, data = {status: 3, int32Values: [255]}
03-17 18:53:37.028   400   452 I DefaultVehicleHal_v2_0: DefaultVehicleHal::onPropertyValue, value:{.timestamp = 150976055349, .areaId = 0, .prop = 557850711, .status = UNAVAILABLE, .value = {.int32Values = [1]{255}, .floatValues = [0]{}, .int64Values = [0]{}, .bytes = [0]{}, .stringValue = ""}}
03-17 18:53:37.028   400   452 D adayocomadapter-CommunicationManager: onUpstreamReceive mPropertyId 0x21402057
03-17 18:53:37.028   400   452 D adayocomadapter-CommunicationManager: onUpstreamReceive isLoss 1 mPropertyId 0x21402058
03-17 18:53:37.028   400   452 D adayocomadapter-CommunicationManager: convertBytesToInt32Memcpy  255
03-17 18:53:37.028   400   452 D vw-vhal : notifyVehicleProperty, propId = 0x21402058, data = {status: 3, int32Values: [255]}
03-17 18:53:37.028   400   452 I DefaultVehicleHal_v2_0: DefaultVehicleHal::onPropertyValue, value:{.timestamp = 150976171349, .areaId = 0, .prop = 557850712, .status = UNAVAILABLE, .value = {.int32Values = [1]{255}, .floatValues = [0]{}, .int64Values = [0]{}, .bytes = [0]{}, .stringValue = ""}}
03-17 18:53:37.028   400   452 D adayocomadapter-CommunicationManager: onUpstreamReceive mPropertyId 0x21402058
03-17 18:53:37.028   400   452 D adayocomadapter-CommunicationManager: onUpstreamReceive isLoss 1 mPropertyId 0x2140205a
03-17 18:53:37.028   400   452 D adayocomadapter-CommunicationManager: convertBytesToInt32Memcpy  255
03-17 18:53:37.028   400   452 D vw-vhal : notifyVehicleProperty, propId = 0x2140205a, data = {status: 3, int32Values: [255]}
03-17 18:53:37.028   400   452 I DefaultVehicleHal_v2_0: DefaultVehicleHal::onPropertyValue, value:{.timestamp = 150976287016, .areaId = 0, .prop = 557850714, .status = UNAVAILABLE, .value = {.int32Values = [1]{255}, .floatValues = [0]{}, .int64Values = [0]{}, .bytes = [0]{}, .stringValue = ""}}
03-17 18:53:37.028   400   452 D adayocomadapter-CommunicationManager: onUpstreamReceive mPropertyId 0x2140205a
03-17 18:53:37.028   400   452 D adayocomadapter-CommunicationManager: onUpstreamReceive isLoss 1 mPropertyId 0x2140205b
03-17 18:53:37.028   400   452 D adayocomadapter-CommunicationManager: convertBytesToInt32Memcpy  255
03-17 18:53:37.028   400   452 D vw-vhal : notifyVehicleProperty, propId = 0x2140205b, data = {status: 3, int32Values: [255]}
03-17 18:53:37.028   400   452 I DefaultVehicleHal_v2_0: DefaultVehicleHal::onPropertyValue, value:{.timestamp = 150976400683, .areaId = 0, .prop = 557850715, .status = UNAVAILABLE, .value = {.int32Values = [1]{255}, .floatValues = [0]{}, .int64Values = [0]{}, .bytes = [0]{}, .stringValue = ""}}
03-17 18:53:37.028   400   452 D adayocomadapter-CommunicationManager: onUpstreamReceive mPropertyId 0x2140205b
03-17 18:53:37.028   400   452 D adayocomadapter-CommunicationManager: onUpstreamReceive isLoss 1 mPropertyId 0x2140205c
03-17 18:53:37.028   400   452 D adayocomadapter-CommunicationManager: convertBytesToInt32Memcpy  255
03-17 18:53:37.028   400   452 D vw-vhal : notifyVehicleProperty, propId = 0x2140205c, data = {status: 3, int32Values: [255]}
03-17 18:53:37.028   400   452 I DefaultVehicleHal_v2_0: DefaultVehicleHal::onPropertyValue, value:{.timestamp = 150976516016, .areaId = 0, .prop = 557850716, .status = UNAVAILABLE, .value = {.int32Values = [1]{255}, .floatValues = [0]{}, .int64Values = [0]{}, .bytes = [0]{}, .stringValue = ""}}
03-17 18:53:37.029   400   452 D adayocomadapter-CommunicationManager: onUpstreamReceive mPropertyId 0x2140205c
03-17 18:53:37.029   400   452 D adayocomadapter-CommunicationManager: onUpstreamReceive isLoss 1 mPropertyId 0x2140218e
03-17 18:53:37.029   400   452 D adayocomadapter-CommunicationManager: convertBytesToInt32Memcpy  0
03-17 18:53:37.029   400   452 D vw-vhal : notifyVehicleProperty, propId = 0x2140218e, data = {status: 3, int32Values: [0]}
03-17 18:53:37.029   400   452 I DefaultVehicleHal_v2_0: DefaultVehicleHal::onPropertyValue, value:{.timestamp = 150976633349, .areaId = 0, .prop = 557851022, .status = UNAVAILABLE, .value = {.int32Values = [1]{0}, .floatValues = [0]{}, .int64Values = [0]{}, .bytes = [0]{}, .stringValue = ""}}
03-17 18:53:37.029   400   452 D adayocomadapter-CommunicationManager: onUpstreamReceive mPropertyId 0x2140218e
03-17 18:53:37.029   400   452 D adayocomadapter-CommunicationManager: onUpstreamReceive isLoss 1 mPropertyId 0x2140218f
03-17 18:53:37.029   400   452 D adayocomadapter-CommunicationManager: convertBytesToInt32Memcpy  0
03-17 18:53:37.029   400   452 D vw-vhal : notifyVehicleProperty, propId = 0x2140218f, data = {status: 3, int32Values: [0]}
03-17 18:53:37.029   400   452 I DefaultVehicleHal_v2_0: DefaultVehicleHal::onPropertyValue, value:{.timestamp = 150976746016, .areaId = 0, .prop = 557851023, .status = UNAVAILABLE, .value = {.int32Values = [1]{0}, .floatValues = [0]{}, .int64Values = [0]{}, .bytes = [0]{}, .stringValue = ""}}
03-17 18:53:37.029   400   452 D adayocomadapter-CommunicationManager: onUpstreamReceive mPropertyId 0x2140218f
03-17 18:53:37.029   400   452 D adayocomadapter-CommunicationManager: onUpstreamReceive isLoss 1 mPropertyId 0x21402191
03-17 18:53:37.029   400   452 D adayocomadapter-CommunicationManager: convertBytesToInt32Memcpy  0
03-17 18:53:37.029   400   452 D vw-vhal : notifyVehicleProperty, propId = 0x21402191, data = {status: 3, int32Values: [0]}
03-17 18:53:37.029   400   452 I DefaultVehicleHal_v2_0: DefaultVehicleHal::onPropertyValue, value:{.timestamp = 150976863683, .areaId = 0, .prop = 557851025, .status = UNAVAILABLE, .value = {.int32Values = [1]{0}, .floatValues = [0]{}, .int64Values = [0]{}, .bytes = [0]{}, .stringValue = ""}}
03-17 18:53:37.029   400   452 D adayocomadapter-CommunicationManager: onUpstreamReceive mPropertyId 0x21402191
03-17 18:53:37.029   400   452 D adayocomadapter-CommunicationManager: onUpstreamReceive isLoss 1 mPropertyId 0x2140223d
03-17 18:53:37.029   400   452 D adayocomadapter-CommunicationManager: convertBytesToInt32Memcpy  0
03-17 18:53:37.029   400   452 D vw-vhal : notifyVehicleProperty, propId = 0x2140223d, data = {status: 3, int32Values: [0]}
03-17 18:53:37.029   400   452 I DefaultVehicleHal_v2_0: DefaultVehicleHal::onPropertyValue, value:{.timestamp = 150976985016, .areaId = 0, .prop = 557851197, .status = UNAVAILABLE, .value = {.int32Values = [1]{0}, .floatValues = [0]{}, .int64Values = [0]{}, .bytes = [0]{}, .stringValue = ""}}
03-17 18:53:37.029   400   452 D adayocomadapter-CommunicationManager: onUpstreamReceive mPropertyId 0x2140223d
03-17 18:53:37.030  2705  3422 E NetProxyJNI: getNetworkTraffic up: 337,down:52
03-17 18:53:37.030  2705  3422 I TboxServiceManager: 上下行类型变化 type:3
03-17 18:53:37.030  2705  3422 I TboxServiceStatusMonitor: onNetworkTrafficChange type: 3
03-17 18:53:37.031  1566  3186 D TboxNetworkManager: tboxNetworkbinder=null
03-17 18:53:37.034   806   806 I adbd    : AdaTest:transport UsbFfs opening service shell,v2:getprop
03-17 18:53:37.034   806   806 I adbd    : AdaTest:adb.password.Enable is true
03-17 18:53:37.034   806   806 I adbd    : AdaTest:will enter ShellService
03-17 18:53:37.034   806   806 I adbd    : AdaTest:enter ShellService
03-17 18:53:37.034   806   806 I adbd    : AdaTest:adb.password.Enable is Enable
03-17 18:53:37.034   806   806 I adbd    : AdaTest:return unique_fd{}
03-17 18:53:37.034   806   806 I adbd    : auth_fd.get() == -1
03-17 18:53:37.042  2383  2600 D AdayoDoipServer294_Doip: [ne_doip_event_loop_dispatch][line:141] : count = 0
03-17 18:53:37.055   582  3616 E WifiHAL : Invalid data received from driver
03-17 18:53:37.056   582  3616 E WifiHAL : Invalid data received from driver
03-17 18:53:37.056   582  3616 E WifiHAL : Invalid data received from driver
03-17 18:53:37.056   582  3616 E WifiHAL : Invalid data received from driver
03-17 18:53:37.056   582  3616 E WifiHAL : Invalid data received from driver
03-17 18:53:37.056   582  3616 E WifiHAL : Invalid data received from driver
03-17 18:53:37.056   582  3616 E WifiHAL : Invalid data received from driver
03-17 18:53:37.064   806   806 I adbd    : AdaTest:transport UsbFfs opening service shell,v2:getprop
03-17 18:53:37.064   806   806 I adbd    : AdaTest:adb.password.Enable is true
03-17 18:53:37.064   806   806 I adbd    : AdaTest:will enter ShellService
03-17 18:53:37.064   806   806 I adbd    : AdaTest:enter ShellService
03-17 18:53:37.064   806   806 I adbd    : AdaTest:adb.password.Enable is Enable
03-17 18:53:37.064   806   806 I adbd    : AdaTest:return unique_fd{}
03-17 18:53:37.064   806   806 I adbd    : auth_fd.get() == -1
03-17 18:53:37.064   806   806 I adbd    : AdaTest:transport UsbFfs opening service shell,v2:getprop
03-17 18:53:37.064   806   806 I adbd    : AdaTest:adb.password.Enable is true
03-17 18:53:37.064   806   806 I adbd    : AdaTest:will enter ShellService
03-17 18:53:37.064   806   806 I adbd    : AdaTest:enter ShellService
03-17 18:53:37.065   806   806 I adbd    : AdaTest:adb.password.Enable is Enable
03-17 18:53:37.065   806   806 I adbd    : AdaTest:return unique_fd{}
03-17 18:53:37.065   806   806 I adbd    : auth_fd.get() == -1
03-17 18:53:37.083  6654  6700 D TimerTriggerManager: init instance...
03-17 18:53:37.083  6654  6700 D TimerTriggerManager: Timer thread'TimerTriggerManager' is destroyed: false
03-17 18:53:37.083  6654  6700 D TimerTriggerManager: Timer 'onIndcnVehSpdChanged' is running: true
03-17 18:53:37.083  6654  6700 D TimerTriggerManager: Sending reset signal to timer 'onIndcnVehSpdChanged'
03-17 18:53:37.083  6654  6700 D TimerTriggerManager: Reset signal sent to timer 'onIndcnVehSpdChanged'
03-17 18:53:37.083  6654  6707 D TimerTriggerController: Reset method called for timer: onIndcnVehSpdChanged
03-17 18:53:37.083  6654  6707 D TimerTriggerController: Calling onTimerReset for timer: onIndcnVehSpdChanged
03-17 18:53:37.083  6654  6707 D TimerTriggerManager: Timer reset: onIndcnVehSpdChanged
03-17 18:53:37.083  6654  6707 I TimerTriggerController: Timer [onIndcnVehSpdChanged] reset, remaining: 1000ms, reset count: 1029
03-17 18:53:37.108   582  3616 E WifiHAL : Invalid data received from driver
03-17 18:53:37.108   582  3616 E WifiHAL : Invalid data received from driver
03-17 18:53:37.108   582  3616 E WifiHAL : Invalid data received from driver
03-17 18:53:37.108   582  3616 E WifiHAL : Invalid data received from driver
03-17 18:53:37.109   582  3616 E WifiHAL : Invalid data received from driver
03-17 18:53:37.109   582  3616 E WifiHAL : Invalid data received from driver
03-17 18:53:37.109   582  3616 E WifiHAL : Invalid data received from driver
03-17 18:53:37.109   582  3616 E WifiHAL : Invalid data received from driver
03-17 18:53:37.109   582  3616 E WifiHAL : Invalid data received from driver
03-17 18:53:37.129   582  3616 E WifiHAL : Invalid data received from driver
03-17 18:53:37.142  2383  2600 D AdayoDoipServer294_Doip: [ne_doip_event_loop_dispatch][line:141] : count = 0
03-17 18:53:37.165   582  3616 E WifiHAL : Invalid data received from driver
03-17 18:53:37.182  1566  2651 D TboxNetworkManager: tboxNetworkbinder=null
03-17 18:53:37.183  6654  6700 D TimerTriggerManager: init instance...
03-17 18:53:37.183  6654  6700 D TimerTriggerManager: Timer thread'TimerTriggerManager' is destroyed: false
03-17 18:53:37.183  6654  6700 D TimerTriggerManager: Timer 'onIndcnVehSpdChanged' is running: true
03-17 18:53:37.183  6654  6700 D TimerTriggerManager: Sending reset signal to timer 'onIndcnVehSpdChanged'
03-17 18:53:37.183  6654  6700 D TimerTriggerManager: Reset signal sent to timer 'onIndcnVehSpdChanged'
03-17 18:53:37.184  6654  6700 D TimerTriggerManager: init instance...
03-17 18:53:37.184  6654  6707 D TimerTriggerController: Reset method called for timer: onIndcnVehSpdChanged
03-17 18:53:37.184  6654  6700 D TimerTriggerManager: Timer thread'TimerTriggerManager' is destroyed: false
03-17 18:53:37.184  6654  6707 D TimerTriggerController: Calling onTimerReset for timer: onIndcnVehSpdChanged
03-17 18:53:37.184  6654  6700 D TimerTriggerManager: Timer 'onMntnWarnReqChanged' is running: true
03-17 18:53:37.184  6654  6700 D TimerTriggerManager: Sending reset signal to timer 'onMntnWarnReqChanged'
03-17 18:53:37.184  6654  6707 D TimerTriggerManager: Timer reset: onIndcnVehSpdChanged
03-17 18:53:37.184  6654  6700 D TimerTriggerManager: Reset signal sent to timer 'onMntnWarnReqChanged'
03-17 18:53:37.184  6654  6707 I TimerTriggerController: Timer [onIndcnVehSpdChanged] reset, remaining: 1000ms, reset count: 1030
03-17 18:53:37.184  6654  6707 D TimerTriggerController: Reset method called for timer: onMntnWarnReqChanged
03-17 18:53:37.184  6654  6707 D TimerTriggerController: Calling onTimerReset for timer: onMntnWarnReqChanged
03-17 18:53:37.184  6654  6707 D TimerTriggerManager: Timer reset: onMntnWarnReqChanged
03-17 18:53:37.184  6654  6707 I TimerTriggerController: Timer [onMntnWarnReqChanged] reset, remaining: 5000ms, reset count: 515
03-17 18:53:37.222   642   685 I mcuc    : sd Uart data : 6AA60205AA00029202B9
03-17 18:53:37.227   642   685 I mcuc    : rev uart=1524,len=18, data : 6AA68105AA000A9202000A00000000000127
03-17 18:53:37.227   642   685 I mcuc    : sd Uart data : 6AA60205AB00029202B8
03-17 18:53:37.228   400   400 D adayocomadapter-ParseProtocolFunc: printRaWMsg Name[MCUToUPstream recv] len[10] data[9202000A000000000001]
03-17 18:53:37.228   400   400 D adayocomadapter-CommunicationManager: onUpstreamback   member[0] dataLength[7] timePoint[151175]
03-17 18:53:37.228   400   400 D adayocomadapter-ParseProtocolFunc: printRaWMsg Name[onUpstreamback] len[7] data[0A000000000001]
03-17 18:53:37.228   400   452 D adayocomadapter-UpstreamHandler: processBeforePacket upSreamtProcessTimePoint[151175] 
03-17 18:53:37.228   400   452 D adayocomadapter-UpstreamHandler: processPacket UPSTREAM_QUEUE_DATA_TIMEOUT
03-17 18:53:37.228   400   452 D adayocomadapter-ParseProtocolFunc: parseCommonIPCLBytes Processing tableNumber[10]
03-17 18:53:37.228   400   452 D adayocomadapter-ParseProtocolFunc: parseCommonIPCLBytes Processing tablename[Table-10] tableSize[7]
03-17 18:53:37.228   400   452 D adayocomadapter-ParseProtocolFunc: printRaWMsg Name[byteStream recv] len[7] data[0A000000000001]
03-17 18:53:37.228   400   452 D adayocomadapter-ParseProtocolFunc: printRaWMsg Name[IPCLtoVHAL] len[10] data[2140201C000100000000]
03-17 18:53:37.228   400   452 D adayocomadapter-ParseProtocolFunc: printRaWMsg Name[IPCLtoVHAL] len[7] data[21402232000100]
03-17 18:53:37.228   400   452 D adayocomadapter-CommunicationManager: onUpstreamReceive isLoss 1 mPropertyId 0x2140201c
03-17 18:53:37.228   400   452 D adayocomadapter-CommunicationManager: convertBytesToInt32Memcpy  0
03-17 18:53:37.228   400   452 D vw-vhal : notifyVehicleProperty, propId = 0x2140201c, data = {status: 3, int32Values: [0]}
03-17 18:53:37.228   400   452 I DefaultVehicleHal_v2_0: DefaultVehicleHal::onPropertyValue, value:{.timestamp = 151175909016, .areaId = 0, .prop = 557850652, .status = UNAVAILABLE, .value = {.int32Values = [1]{0}, .floatValues = [0]{}, .int64Values = [0]{}, .bytes = [0]{}, .stringValue = ""}}
03-17 18:53:37.228   400   452 D adayocomadapter-CommunicationManager: onUpstreamReceive mPropertyId 0x2140201c
03-17 18:53:37.228   400   452 D adayocomadapter-CommunicationManager: onUpstreamReceive isLoss 1 mPropertyId 0x21402232
03-17 18:53:37.228   400   452 D adayocomadapter-CommunicationManager: convertBytesToInt32Memcpy  0
03-17 18:53:37.228   400   452 D vw-vhal : notifyVehicleProperty, propId = 0x21402232, data = {status: 3, int32Values: [0]}
03-17 18:53:37.228   400   452 I DefaultVehicleHal_v2_0: DefaultVehicleHal::onPropertyValue, value:{.timestamp = 151176092016, .areaId = 0, .prop = 557851186, .status = UNAVAILABLE, .value = {.int32Values = [1]{0}, .floatValues = [0]{}, .int64Values = [0]{}, .bytes = [0]{}, .stringValue = ""}}
03-17 18:53:37.228   400   452 D adayocomadapter-CommunicationManager: onUpstreamReceive mPropertyId 0x21402232
03-17 18:53:37.233   642   685 I mcuc    : rev uart=1525,len=61, data : 6AA68105AB003592020019000101000000000000000000000000000000000000000000000000000000FFFFFF00000000000000000000000100010101EA
03-17 18:53:37.233   400   400 D adayocomadapter-ParseProtocolFunc: printRaWMsg Name[MCUToUPstream recv] len[53] data[92020019000101000000000000000000000000000000000000000000000000000000FFFFFF00000000000000000000000100010101]
03-17 18:53:37.233   400   400 D adayocomadapter-CommunicationManager: onUpstreamback   member[0] dataLength[50] timePoint[151180]
03-17 18:53:37.233   400   400 D adayocomadapter-ParseProtocolFunc: printRaWMsg Name[onUpstreamback] len[50] data[19000101000000000000000000000000000000000000000000000000000000FFFFFF00000000000000000000000100010101]
03-17 18:53:37.233   400   452 D adayocomadapter-UpstreamHandler: processBeforePacket upSreamtProcessTimePoint[151180] 
03-17 18:53:37.233   400   452 D adayocomadapter-UpstreamHandler: processPacket UPSTREAM_QUEUE_DATA_TIMEOUT
03-17 18:53:37.233   400   452 D adayocomadapter-ParseProtocolFunc: parseCommonIPCLBytes Processing tableNumber[25]
03-17 18:53:37.233   400   452 D adayocomadapter-ParseProtocolFunc: parseCommonIPCLBytes Processing tablename[Table-25] tableSize[50]
03-17 18:53:37.233   400   452 D adayocomadapter-ParseProtocolFunc: printRaWMsg Name[byteStream recv] len[50] data[19000101000000000000000000000000000000000000000000000000000000FFFFFF00000000000000000000000100010101]
03-17 18:53:37.233   400   452 D adayocomadapter-ParseProtocolFunc: printRaWMsg Name[IPCLtoVHAL] len[7] data[214020C5000000]
03-17 18:53:37.233   400   452 D adayocomadapter-ParseProtocolFunc: printRaWMsg Name[IPCLtoVHAL] len[7] data[21402106000000]
03-17 18:53:37.233   400   452 D adayocomadapter-ParseProtocolFunc: printRaWMsg Name[IPCLtoVHAL] len[7] data[21402132000000]
03-17 18:53:37.233   400   452 D adayocomadapter-ParseProtocolFunc: printRaWMsg Name[IPCLtoVHAL] len[7] data[214020BF000100]
03-17 18:53:37.233   400   452 D adayocomadapter-ParseProtocolFunc: printRaWMsg Name[IPCLtoVHAL] len[7] data[2140212F000000]
03-17 18:53:37.233   400   452 D adayocomadapter-ParseProtocolFunc: printRaWMsg Name[IPCLtoVHAL] len[7] data[21402026000000]
03-17 18:53:37.233   400   452 D adayocomadapter-ParseProtocolFunc: printRaWMsg Name[IPCLtoVHAL] len[7] data[214020B3000000]
03-17 18:53:37.233   400   452 D adayocomadapter-ParseProtocolFunc: printRaWMsg Name[IPCLtoVHAL] len[7] data[2140219E000100]
03-17 18:53:37.233   400   452 D adayocomadapter-ParseProtocolFunc: printRaWMsg Name[IPCLtoVHAL] len[7] data[21402130000000]
03-17 18:53:37.233   400   452 D adayocomadapter-ParseProtocolFunc: printRaWMsg Name[IPCLtoVHAL] len[12] data[2141204A0101000101000000]
03-17 18:53:37.233   400   452 D adayocomadapter-ParseProtocolFunc: printRaWMsg Name[IPCLtoVHAL] len[7] data[214020BD000100]
03-17 18:53:37.233   400   452 D adayocomadapter-ParseProtocolFunc: printRaWMsg Name[IPCLtoVHAL] len[7] data[2140213B000000]
03-17 18:53:37.233   400   452 D adayocomadapter-ParseProtocolFunc: printRaWMsg Name[IPCLtoVHAL] len[7] data[214020AE000100]
03-17 18:53:37.233   400   452 D adayocomadapter-ParseProtocolFunc: printRaWMsg Name[IPCLtoVHAL] len[7] data[2140210D000000]
03-17 18:53:37.233   400   452 D adayocomadapter-ParseProtocolFunc: printRaWMsg Name[IPCLtoVHAL] len[7] data[21401018000100]
03-17 18:53:37.233   400   452 D adayocomadapter-ParseProtocolFunc: printRaWMsg Name[IPCLtoVHAL] len[7] data[214020A9000100]
03-17 18:53:37.233   400   452 D adayocomadapter-ParseProtocolFunc: printRaWMsg Name[IPCLtoVHAL] len[7] data[214020AB000100]
03-17 18:53:37.233   400   452 D adayocomadapter-ParseProtocolFunc: printRaWMsg Name[IPCLtoVHAL] len[7] data[214020AD000100]
03-17 18:53:37.233   400   452 D adayocomadapter-ParseProtocolFunc: printRaWMsg Name[IPCLtoVHAL] len[7] data[2140213A000000]
03-17 18:53:37.233   400   452 D adayocomadapter-ParseProtocolFunc: printRaWMsg Name[IPCLtoVHAL] len[7] data[214021C7000000]
03-17 18:53:37.233   400   452 D adayocomadapter-ParseProtocolFunc: printRaWMsg Name[IPCLtoVHAL] len[7] data[214020F2000100]
03-17 18:53:37.233   400   452 D adayocomadapter-ParseProtocolFunc: printRaWMsg Name[IPCLtoVHAL] len[7] data[214020F1000100]
03-17 18:53:37.233   400   452 D adayocomadapter-ParseProtocolFunc: printRaWMsg Name[IPCLtoVHAL] len[7] data[21402112000100]
03-17 18:53:37.233   400   452 D adayocomadapter-ParseProtocolFunc: printRaWMsg Name[IPCLtoVHAL] len[8] data[2140219F00010000]
03-17 18:53:37.233   400   452 D adayocomadapter-ParseProtocolFunc: printRaWMsg Name[IPCLtoVHAL] len[7] data[21402139000100]
03-17 18:53:37.233   400   452 D adayocomadapter-ParseProtocolFunc: printRaWMsg Name[IPCLtoVHAL] len[8] data[2140202500010000]
03-17 18:53:37.233   400   452 D adayocomadapter-ParseProtocolFunc: printRaWMsg Name[IPCLtoVHAL] len[10] data[21402033000100FFFFFF]
03-17 18:53:37.233   400   452 D adayocomadapter-ParseProtocolFunc: printRaWMsg Name[IPCLtoVHAL] len[7] data[21402034000100]
03-17 18:53:37.233   400   452 D adayocomadapter-ParseProtocolFunc: printRaWMsg Name[IPCLtoVHAL] len[7] data[2140218C000000]
03-17 18:53:37.233   400   452 D adayocomadapter-ParseProtocolFunc: printRaWMsg Name[IPCLtoVHAL] len[7] data[2140219B000000]
03-17 18:53:37.233   400   452 D adayocomadapter-ParseProtocolFunc: printRaWMsg Name[IPCLtoVHAL] len[7] data[214021A0000100]
03-17 18:53:37.233   400   452 D adayocomadapter-ParseProtocolFunc: printRaWMsg Name[IPCLtoVHAL] len[7] data[214021A3000100]
03-17 18:53:37.233   400   452 D adayocomadapter-ParseProtocolFunc: printRaWMsg Name[IPCLtoVHAL] len[7] data[214021A4000100]
03-17 18:53:37.234   400   452 D adayocomadapter-ParseProtocolFunc: printRaWMsg Name[IPCLtoVHAL] len[7] data[214021CB000000]
03-17 18:53:37.234   400   452 D adayocomadapter-CommunicationManager: onUpstreamReceive isLoss 0 mPropertyId 0x214020c5
03-17 18:53:37.234   400   452 D adayocomadapter-CommunicationManager: convertBytesToInt32Memcpy  0
03-17 18:53:37.234   400   452 D vw-vhal : notifyVehicleProperty, propId = 0x214020c5, data = {status: 2, int32Values: [0]}
03-17 18:53:37.234   400   452 I DefaultVehicleHal_v2_0: DefaultVehicleHal::onPropertyValue, value:{.timestamp = 151181663016, .areaId = 0, .prop = 557850821, .status = AVAILABLE, .value = {.int32Values = [1]{0}, .floatValues = [0]{}, .int64Values = [0]{}, .bytes = [0]{}, .stringValue = ""}}
03-17 18:53:37.234   400   452 D adayocomadapter-CommunicationManager: onUpstreamReceive mPropertyId 0x214020c5
03-17 18:53:37.234   400   452 D adayocomadapter-CommunicationManager: onUpstreamReceive isLoss 0 mPropertyId 0x21402106
03-17 18:53:37.234   400   452 D adayocomadapter-CommunicationManager: convertBytesToInt32Memcpy  0
03-17 18:53:37.234   400   452 D vw-vhal : notifyVehicleProperty, propId = 0x21402106, data = {status: 2, int32Values: [0]}
03-17 18:53:37.234   400   452 I DefaultVehicleHal_v2_0: DefaultVehicleHal::onPropertyValue, value:{.timestamp = 151181789683, .areaId = 0, .prop = 557850886, .status = AVAILABLE, .value = {.int32Values = [1]{0}, .floatValues = [0]{}, .int64Values = [0]{}, .bytes = [0]{}, .stringValue = ""}}
03-17 18:53:37.234   400   452 D adayocomadapter-CommunicationManager: onUpstreamReceive mPropertyId 0x21402106
03-17 18:53:37.234   400   452 D adayocomadapter-CommunicationManager: onUpstreamReceive isLoss 0 mPropertyId 0x21402132
03-17 18:53:37.234   400   452 D adayocomadapter-CommunicationManager: convertBytesToInt32Memcpy  0
03-17 18:53:37.234   400   452 D vw-vhal : notifyVehicleProperty, propId = 0x21402132, data = {status: 2, int32Values: [0]}
03-17 18:53:37.234   400   452 I DefaultVehicleHal_v2_0: DefaultVehicleHal::onPropertyValue, value:{.timestamp = 151181903349, .areaId = 0, .prop = 557850930, .status = AVAILABLE, .value = {.int32Values = [1]{0}, .floatValues = [0]{}, .int64Values = [0]{}, .bytes = [0]{}, .stringValue = ""}}
03-17 18:53:37.234   400   452 D adayocomadapter-CommunicationManager: onUpstreamReceive mPropertyId 0x21402132
03-17 18:53:37.234   400   452 D adayocomadapter-CommunicationManager: onUpstreamReceive isLoss 1 mPropertyId 0x214020bf
03-17 18:53:37.234   400   452 D adayocomadapter-CommunicationManager: convertBytesToInt32Memcpy  0
03-17 18:53:37.234   400   452 D vw-vhal : notifyVehicleProperty, propId = 0x214020bf, data = {status: 3, int32Values: [0]}
03-17 18:53:37.234   400   452 I DefaultVehicleHal_v2_0: DefaultVehicleHal::onPropertyValue, value:{.timestamp = 151182008683, .areaId = 0, .prop = 557850815, .status = UNAVAILABLE, .value = {.int32Values = [1]{0}, .floatValues = [0]{}, .int64Values = [0]{}, .bytes = [0]{}, .stringValue = ""}}
03-17 18:53:37.234   400   452 D adayocomadapter-CommunicationManager: onUpstreamReceive mPropertyId 0x214020bf
03-17 18:53:37.234   400   452 D adayocomadapter-CommunicationManager: onUpstreamReceive isLoss 0 mPropertyId 0x2140212f
03-17 18:53:37.234   400   452 D adayocomadapter-CommunicationManager: convertBytesToInt32Memcpy  0
03-17 18:53:37.234   400   452 D vw-vhal : notifyVehicleProperty, propId = 0x2140212f, data = {status: 2, int32Values: [0]}
03-17 18:53:37.234   400   452 I DefaultVehicleHal_v2_0: DefaultVehicleHal::onPropertyValue, value:{.timestamp = 151182114016, .areaId = 0, .prop = 557850927, .status = AVAILABLE, .value = {.int32Values = [1]{0}, .floatValues = [0]{}, .int64Values = [0]{}, .bytes = [0]{}, .stringValue = ""}}
03-17 18:53:37.234   400   452 D adayocomadapter-CommunicationManager: onUpstreamReceive mPropertyId 0x2140212f
03-17 18:53:37.234   400   452 D adayocomadapter-CommunicationManager: onUpstreamReceive isLoss 0 mPropertyId 0x21402026
03-17 18:53:37.234   400   452 D adayocomadapter-CommunicationManager: convertBytesToInt32Memcpy  0
03-17 18:53:37.234   400   452 D vw-vhal : notifyVehicleProperty, propId = 0x21402026, data = {status: 2, int32Values: [0]}
03-17 18:53:37.234   400   452 I DefaultVehicleHal_v2_0: DefaultVehicleHal::onPropertyValue, value:{.timestamp = 151182225349, .areaId = 0, .prop = 557850662, .status = AVAILABLE, .value = {.int32Values = [1]{0}, .floatValues = [0]{}, .int64Values = [0]{}, .bytes = [0]{}, .stringValue = ""}}
03-17 18:53:37.234   400   452 D adayocomadapter-CommunicationManager: onUpstreamReceive mPropertyId 0x21402026
03-17 18:53:37.234   400   452 D adayocomadapter-CommunicationManager: onUpstreamReceive isLoss 0 mPropertyId 0x214020b3
03-17 18:53:37.234   400   452 D adayocomadapter-CommunicationManager: convertBytesToInt32Memcpy  0
03-17 18:53:37.234   400   452 D vw-vhal : notifyVehicleProperty, propId = 0x214020b3, data = {status: 2, int32Values: [0]}
03-17 18:53:37.234   400   452 I DefaultVehicleHal_v2_0: DefaultVehicleHal::onPropertyValue, value:{.timestamp = 151182332683, .areaId = 0, .prop = 557850803, .status = AVAILABLE, .value = {.int32Values = [1]{0}, .floatValues = [0]{}, .int64Values = [0]{}, .bytes = [0]{}, .stringValue = ""}}
03-17 18:53:37.234   400   452 D adayocomadapter-CommunicationManager: onUpstreamReceive mPropertyId 0x214020b3
03-17 18:53:37.234   400   452 D adayocomadapter-CommunicationManager: onUpstreamReceive isLoss 1 mPropertyId 0x2140219e
03-17 18:53:37.234   400   452 D adayocomadapter-CommunicationManager: convertBytesToInt32Memcpy  0
03-17 18:53:37.234   400   452 D vw-vhal : notifyVehicleProperty, propId = 0x2140219e, data = {status: 3, int32Values: [0]}
03-17 18:53:37.234   400   452 I DefaultVehicleHal_v2_0: DefaultVehicleHal::onPropertyValue, value:{.timestamp = 151182438683, .areaId = 0, .prop = 557851038, .status = UNAVAILABLE, .value = {.int32Values = [1]{0}, .floatValues = [0]{}, .int64Values = [0]{}, .bytes = [0]{}, .stringValue = ""}}
03-17 18:53:37.234   400   452 D adayocomadapter-CommunicationManager: onUpstreamReceive mPropertyId 0x2140219e
03-17 18:53:37.234   400   452 D adayocomadapter-CommunicationManager: onUpstreamReceive isLoss 0 mPropertyId 0x21402130
03-17 18:53:37.234   400   452 D adayocomadapter-CommunicationManager: convertBytesToInt32Memcpy  0
03-17 18:53:37.234   400   452 D vw-vhal : notifyVehicleProperty, propId = 0x21402130, data = {status: 2, int32Values: [0]}
03-17 18:53:37.235   400   452 I DefaultVehicleHal_v2_0: DefaultVehicleHal::onPropertyValue, value:{.timestamp = 151182545349, .areaId = 0, .prop = 557850928, .status = AVAILABLE, .value = {.int32Values = [1]{0}, .floatValues = [0]{}, .int64Values = [0]{}, .bytes = [0]{}, .stringValue = ""}}
03-17 18:53:37.235   400   452 D adayocomadapter-CommunicationManager: onUpstreamReceive mPropertyId 0x21402130
03-17 18:53:37.235   400   452 D adayocomadapter-CommunicationManager: onUpstreamReceive isLoss 1 mPropertyId 0x2141204a
03-17 18:53:37.235   400   452 D vw-vhal : notifyVehicleProperty, propId = 0x2141204a, data = {status: 3, int32Values: [0, 1, 1, 0, 0, 0]}
03-17 18:53:37.235   400   452 I DefaultVehicleHal_v2_0: DefaultVehicleHal::onPropertyValue, value:{.timestamp = 151182651016, .areaId = 0, .prop = 557916234, .status = UNAVAILABLE, .value = {.int32Values = [6]{0, 1, 1, 0, 0, 0}, .floatValues = [0]{}, .int64Values = [0]{}, .bytes = [0]{}, .stringValue = ""}}
03-17 18:53:37.235   400   452 D adayocomadapter-CommunicationManager: onUpstreamReceive mPropertyId 0x2141204a
03-17 18:53:37.235   400   452 D adayocomadapter-CommunicationManager: onUpstreamReceive isLoss 1 mPropertyId 0x214020bd
03-17 18:53:37.235   400   452 D adayocomadapter-CommunicationManager: convertBytesToInt32Memcpy  0
03-17 18:53:37.235   400   452 D vw-vhal : notifyVehicleProperty, propId = 0x214020bd, data = {status: 3, int32Values: [0]}
03-17 18:53:37.235   400   452 I DefaultVehicleHal_v2_0: DefaultVehicleHal::onPropertyValue, value:{.timestamp = 151182762016, .areaId = 0, .prop = 557850813, .status = UNAVAILABLE, .value = {.int32Values = [1]{0}, .floatValues = [0]{}, .int64Values = [0]{}, .bytes = [0]{}, .stringValue = ""}}
03-17 18:53:37.235   400   452 D adayocomadapter-CommunicationManager: onUpstreamReceive mPropertyId 0x214020bd
03-17 18:53:37.235   400   452 D adayocomadapter-CommunicationManager: onUpstreamReceive isLoss 0 mPropertyId 0x2140213b
03-17 18:53:37.235   400   452 D adayocomadapter-CommunicationManager: convertBytesToInt32Memcpy  0
03-17 18:53:37.235   400   452 D vw-vhal : notifyVehicleProperty, propId = 0x2140213b, data = {status: 2, int32Values: [0]}
03-17 18:53:37.235   400   452 I DefaultVehicleHal_v2_0: DefaultVehicleHal::onPropertyValue, value:{.timestamp = 151182866349, .areaId = 0, .prop = 557850939, .status = AVAILABLE, .value = {.int32Values = [1]{0}, .floatValues = [0]{}, .int64Values = [0]{}, .bytes = [0]{}, .stringValue = ""}}
03-17 18:53:37.235   400   452 D adayocomadapter-CommunicationManager: onUpstreamReceive mPropertyId 0x2140213b
03-17 18:53:37.235   400   452 D adayocomadapter-CommunicationManager: onUpstreamReceive isLoss 1 mPropertyId 0x214020ae
03-17 18:53:37.235   400   452 D adayocomadapter-CommunicationManager: convertBytesToInt32Memcpy  0
03-17 18:53:37.235   400   452 D vw-vhal : notifyVehicleProperty, propId = 0x214020ae, data = {status: 3, int32Values: [0]}
03-17 18:53:37.235   400   452 I DefaultVehicleHal_v2_0: DefaultVehicleHal::onPropertyValue, value:{.timestamp = 151182971683, .areaId = 0, .prop = 557850798, .status = UNAVAILABLE, .value = {.int32Values = [1]{0}, .floatValues = [0]{}, .int64Values = [0]{}, .bytes = [0]{}, .stringValue = ""}}
03-17 18:53:37.235   400   452 D adayocomadapter-CommunicationManager: onUpstreamReceive mPropertyId 0x214020ae
03-17 18:53:37.235   400   452 D adayocomadapter-CommunicationManager: onUpstreamReceive isLoss 0 mPropertyId 0x2140210d
03-17 18:53:37.235   400   452 D adayocomadapter-CommunicationManager: convertBytesToInt32Memcpy  0
03-17 18:53:37.235   400   452 D vw-vhal : notifyVehicleProperty, propId = 0x2140210d, data = {status: 2, int32Values: [0]}
03-17 18:53:37.235   400   452 I DefaultVehicleHal_v2_0: DefaultVehicleHal::onPropertyValue, value:{.timestamp = 151183077683, .areaId = 0, .prop = 557850893, .status = AVAILABLE, .value = {.int32Values = [1]{0}, .floatValues = [0]{}, .int64Values = [0]{}, .bytes = [0]{}, .stringValue = ""}}
03-17 18:53:37.235   400   452 D adayocomadapter-CommunicationManager: onUpstreamReceive mPropertyId 0x2140210d
03-17 18:53:37.235   400   452 D adayocomadapter-CommunicationManager: onUpstreamReceive isLoss 1 mPropertyId 0x21401018
03-17 18:53:37.235   400   452 D adayocomadapter-CommunicationManager: convertBytesToInt32Memcpy  0
03-17 18:53:37.235   400   452 D vw-vhal : notifyVehicleProperty, propId = 0x21401018, data = {status: 3, int32Values: [0]}
03-17 18:53:37.235   400   452 I DefaultVehicleHal_v2_0: DefaultVehicleHal::onPropertyValue, value:{.timestamp = 151183185016, .areaId = 0, .prop = 557846552, .status = UNAVAILABLE, .value = {.int32Values = [1]{0}, .floatValues = [0]{}, .int64Values = [0]{}, .bytes = [0]{}, .stringValue = ""}}
03-17 18:53:37.235   400   452 D adayocomadapter-CommunicationManager: onUpstreamReceive mPropertyId 0x21401018
03-17 18:53:37.235   400   452 D adayocomadapter-CommunicationManager: onUpstreamReceive isLoss 1 mPropertyId 0x214020a9
03-17 18:53:37.235   400   452 D adayocomadapter-CommunicationManager: convertBytesToInt32Memcpy  0
03-17 18:53:37.235   400   452 D vw-vhal : notifyVehicleProperty, propId = 0x214020a9, data = {status: 3, int32Values: [0]}
03-17 18:53:37.235   400   452 I DefaultVehicleHal_v2_0: DefaultVehicleHal::onPropertyValue, value:{.timestamp = 151183290349, .areaId = 0, .prop = 557850793, .status = UNAVAILABLE, .value = {.int32Values = [1]{0}, .floatValues = [0]{}, .int64Values = [0]{}, .bytes = [0]{}, .stringValue = ""}}
03-17 18:53:37.235   400   452 D adayocomadapter-CommunicationManager: onUpstreamReceive mPropertyId 0x214020a9
03-17 18:53:37.235   400   452 D adayocomadapter-CommunicationManager: onUpstreamReceive isLoss 1 mPropertyId 0x214020ab
03-17 18:53:37.235   400   452 D adayocomadapter-CommunicationManager: convertBytesToInt32Memcpy  0
03-17 18:53:37.235   400   452 D vw-vhal : notifyVehicleProperty, propId = 0x214020ab, data = {status: 3, int32Values: [0]}
03-17 18:53:37.235   400   452 I DefaultVehicleHal_v2_0: DefaultVehicleHal::onPropertyValue, value:{.timestamp = 151183395349, .areaId = 0, .prop = 557850795, .status = UNAVAILABLE, .value = {.int32Values = [1]{0}, .floatValues = [0]{}, .int64Values = [0]{}, .bytes = [0]{}, .stringValue = ""}}
03-17 18:53:37.235   400   452 D adayocomadapter-CommunicationManager: onUpstreamReceive mPropertyId 0x214020ab
03-17 18:53:37.235   400   452 D adayocomadapter-CommunicationManager: onUpstreamReceive isLoss 1 mPropertyId 0x214020ad
03-17 18:53:37.235   400   452 D adayocomadapter-CommunicationManager: convertBytesToInt32Memcpy  0
03-17 18:53:37.235   400   452 D vw-vhal : notifyVehicleProperty, propId = 0x214020ad, data = {status: 3, int32Values: [0]}
03-17 18:53:37.235   400   452 I DefaultVehicleHal_v2_0: DefaultVehicleHal::onPropertyValue, value:{.timestamp = 151183497683, .areaId = 0, .prop = 557850797, .status = UNAVAILABLE, .value = {.int32Values = [1]{0}, .floatValues = [0]{}, .int64Values = [0]{}, .bytes = [0]{}, .stringValue = ""}}
03-17 18:53:37.235   400   452 D adayocomadapter-CommunicationManager: onUpstreamReceive mPropertyId 0x214020ad
03-17 18:53:37.236   400   452 D adayocomadapter-CommunicationManager: onUpstreamReceive isLoss 0 mPropertyId 0x2140213a
03-17 18:53:37.236   400   452 D adayocomadapter-CommunicationManager: convertBytesToInt32Memcpy  0
03-17 18:53:37.236   400   452 D vw-vhal : notifyVehicleProperty, propId = 0x2140213a, data = {status: 2, int32Values: [0]}
03-17 18:53:37.236   400   452 I DefaultVehicleHal_v2_0: DefaultVehicleHal::onPropertyValue, value:{.timestamp = 151183602349, .areaId = 0, .prop = 557850938, .status = AVAILABLE, .value = {.int32Values = [1]{0}, .floatValues = [0]{}, .int64Values = [0]{}, .bytes = [0]{}, .stringValue = ""}}
03-17 18:53:37.236   400   452 D adayocomadapter-CommunicationManager: onUpstreamReceive mPropertyId 0x2140213a
03-17 18:53:37.236   400   452 D adayocomadapter-CommunicationManager: onUpstreamReceive isLoss 0 mPropertyId 0x214021c7
03-17 18:53:37.236   400   452 D adayocomadapter-CommunicationManager: convertBytesToInt32Memcpy  0
03-17 18:53:37.236   400   452 D vw-vhal : notifyVehicleProperty, propId = 0x214021c7, data = {status: 2, int32Values: [0]}
03-17 18:53:37.236   400   452 I DefaultVehicleHal_v2_0: DefaultVehicleHal::onPropertyValue, value:{.timestamp = 151183708683, .areaId = 0, .prop = 557851079, .status = AVAILABLE, .value = {.int32Values = [1]{0}, .floatValues = [0]{}, .int64Values = [0]{}, .bytes = [0]{}, .stringValue = ""}}
03-17 18:53:37.236   400   452 D adayocomadapter-CommunicationManager: onUpstreamReceive mPropertyId 0x214021c7
03-17 18:53:37.236   400   452 D adayocomadapter-CommunicationManager: onUpstreamReceive isLoss 1 mPropertyId 0x214020f2
03-17 18:53:37.236   400   452 D adayocomadapter-CommunicationManager: convertBytesToInt32Memcpy  0
03-17 18:53:37.236   400   452 D vw-vhal : notifyVehicleProperty, propId = 0x214020f2, data = {status: 3, int32Values: [0]}
03-17 18:53:37.236   400   452 I DefaultVehicleHal_v2_0: DefaultVehicleHal::onPropertyValue, value:{.timestamp = 151183828683, .areaId = 0, .prop = 557850866, .status = UNAVAILABLE, .value = {.int32Values = [1]{0}, .floatValues = [0]{}, .int64Values = [0]{}, .bytes = [0]{}, .stringValue = ""}}
03-17 18:53:37.236   400   452 D adayocomadapter-CommunicationManager: onUpstreamReceive mPropertyId 0x214020f2
03-17 18:53:37.236   400   452 D adayocomadapter-CommunicationManager: onUpstreamReceive isLoss 1 mPropertyId 0x214020f1
