03-17 18:53:32.240  2106  2460 D CAR.DIAGNOSTIC: Entry - Type: 0x01, ServiceId: 0x4001, InstanceId: 0x0001, MajorVersion: 0x01FFFFFF, TTL: 0
03-17 18:53:32.240  2106  2458 D CAR.DIAGNOSTIC: Entry - Type: 0x01, ServiceId: 0x4001, InstanceId: 0x0001, MajorVersion: 0x01FFFFFF, TTL: 0
03-17 18:53:32.240  2106  2450 D CAR.DIAGNOSTIC: Entry - Type: 0x01, ServiceId: 0x4001, InstanceId: 0x0001, MajorVersion: 0x01FFFFFF, TTL: 0
03-17 18:53:32.243   582  3616 E WifiHAL : Invalid data received from driver
03-17 18:53:32.275  6654  6700 D TimerTriggerManager: init instance...
03-17 18:53:32.275  6654  6700 D TimerTriggerManager: Timer thread'TimerTriggerManager' is destroyed: false
03-17 18:53:32.276  6654  6700 D TimerTriggerManager: Timer 'onIndcnVehSpdChanged' is running: true
03-17 18:53:32.276  6654  6700 D TimerTriggerManager: Sending reset signal to timer 'onIndcnVehSpdChanged'
03-17 18:53:32.276  6654  6700 D TimerTriggerManager: Reset signal sent to timer 'onIndcnVehSpdChanged'
03-17 18:53:32.276  6654  6707 D TimerTriggerController: Reset method called for timer: onIndcnVehSpdChanged
03-17 18:53:32.276  6654  6707 D TimerTriggerController: Calling onTimerReset for timer: onIndcnVehSpdChanged
03-17 18:53:32.276  6654  6707 D TimerTriggerManager: Timer reset: onIndcnVehSpdChanged
03-17 18:53:32.276  6654  6707 I TimerTriggerController: Timer [onIndcnVehSpdChanged] reset, remaining: 1000ms, reset count: 981
03-17 18:53:32.307   642   685 I mcuc    : sd Uart data : 6AA602057900029202EA
03-17 18:53:32.312   582  3616 E WifiHAL : Invalid data received from driver
03-17 18:53:32.313   642   685 I mcuc    : rev uart=1472,len=18, data : 6AA6810579000A92020201F1894235303807
03-17 18:53:32.313   400   400 D adayocomadapter-ParseProtocolFunc: printRaWMsg Name[MCUToUPstream recv] len[10] data[92020201F18942353038]
03-17 18:53:32.313   400   400 D adayocomadapter-CommunicationManager: onUpstreamback   member[2] dataLength[7] timePoint[146260]
03-17 18:53:32.313   400   400 D adayocomadapter-ParseProtocolFunc: printRaWMsg Name[onUpstreamback] len[7] data[01F18942353038]
03-17 18:53:32.313   400   452 D adayocomadapter-UpstreamHandler: processBeforePacket upSreamtProcessTimePoint[146261] 
03-17 18:53:32.313   400   452 D adayocomadapter-ParseProtocolFunc: parseGeneralIPCLBytes Processing tablename[Table-1] tableSize[6]
03-17 18:53:32.313   400   452 D adayocomadapter-ParseProtocolFunc: printRaWMsg Name[byteStream recv] len[7] data[01F18942353038]
03-17 18:53:32.313   400   452 D adayocomadapter-ParseProtocolFunc: printRaWMsg Name[IPCLtoVHAL] len[12] data[214140010100F18942353038]
03-17 18:53:32.313   400   452 D adayocomadapter-CommunicationManager: onUpstreamReceive isLoss 0 mPropertyId 0x21414001
03-17 18:53:32.314   400   452 D vw-vhal : notifyVehicleProperty, propId = 0x21414001, data = {status: 2, int32Values: [241, 137, 66, 53, 48, 56]}
03-17 18:53:32.314   400   452 I vw-vhal : CanSignalsAdapter::notifyDiagProperty: propId = 0x21414001, data = {status: 2, int32Values: [241, 137, 66, 53, 48, 56]}
03-17 18:53:32.314   400   452 I DefaultVehicleHal_v2_0: DefaultVehicleHal::onPropertyValue, value:{.timestamp = 146261757682, .areaId = 0, .prop = 557924353, .status = AVAILABLE, .value = {.int32Values = [6]{241, 137, 66, 53, 48, 56}, .floatValues = [0]{}, .int64Values = [0]{}, .bytes = [0]{}, .stringValue = ""}}
03-17 18:53:32.314   400   452 D adayocomadapter-CommunicationManager: onUpstreamReceive mPropertyId 0x21414001
03-17 18:53:32.328  2383  2600 D AdayoDoipServer294_Doip: [ne_doip_event_loop_dispatch][line:141] : count = 0
03-17 18:53:32.337  1646  3766 D CarPropertyManager: setProperty, propertyId: 0x2141400f, areaId: 0x0, class: class [Ljava.lang.Integer;, val: [Ljava.lang.Integer;@c7f7de7
03-17 18:53:32.343  2106  3351 D CarPropertyService: mSyncGetSetPropertyOpCount: 1
03-17 18:53:32.343   400   400 I DefaultVehicleHal_v2_0: DefaultVehicleHal::set, current value:{.timestamp = 0, .areaId = 0, .prop = 557924367, .status = AVAILABLE, .value = {.int32Values = [1]{0}, .floatValues = [0]{}, .int64Values = [0]{}, .bytes = [0]{}, .stringValue = ""}}
03-17 18:53:32.343   400   400 I DefaultVehicleHalServer: onSetProperty(0x2141400f)
03-17 18:53:32.344   400   400 D vw-vhal : CanSignalsAdapter::setVehicleProperty: propValue = {.timestamp = 0, .areaId = 0, .prop = 557924367, .status = AVAILABLE, .value = {.int32Values = [4]{0, 32, 32, 32}, .floatValues = [0]{}, .int64Values = [0]{}, .bytes = [0]{}, .stringValue = ""}}
03-17 18:53:32.344   400   400 D vw-vhal : CanSignalsAdapter::setVehicleProperty: propId = 0x2141400f, data = {status: 0, int32Values: [0, 32, 32, 32]}
03-17 18:53:32.344   400   400 D adayocomadapter-CommunicationManager: setProperty id=[557924367]
03-17 18:53:32.344   400   400 D adayocomadapter-CommunicationManager: writeValue id=[557924367]
03-17 18:53:32.344   400   400 D adayocomadapter-VehiclePropertyStore: writeValue id=[557924367]
03-17 18:53:32.344   400   400 D adayocomadapter-CommunicationManager: sendToDownstream mPropertyId 0x2141400f
03-17 18:53:32.344   400   400 D adayocomadapter-ParseProtocolFunc: printRaWMsg Name[sendToDownstream] len[4] data[00000000]
03-17 18:53:32.344   400   400 D adayocomadapter-ParseProtocolFunc: printRaWMsg Name[sendToDownstream] len[4] data[2141400F]
03-17 18:53:32.344   400   400 D adayocomadapter-ParseProtocolFunc: printRaWMsg Name[sendToDownstream] len[8] data[2141400F00202020]
03-17 18:53:32.344   400   400 D adayocomadapter-CommunicationManager: sendToDownstream ret[0]   member[130] dataLength[4] timePoint[146292] 
03-17 18:53:32.344   400   400 D adayocomadapter-ParseProtocolFunc: printRaWMsg Name[sendToDownstream] len[8] data[2141400F00202020]
03-17 18:53:32.344   400   400 D adayocomadapter-CommunicationManager: sendToDownstream  000 mPropertyId[0x557924367]  
03-17 18:53:32.345   400   675 D adayocomadapter-DownstreamHandler: processBeforePacket downSreamtProcessTimePoint[146292] 
03-17 18:53:32.345   400   675 D adayocomadapter-DownstreamHandler: DownstreamHandler processPacket 
03-17 18:53:32.345   400   675 D adayocomadapter-DownstreamHandler: DownstreamHandler processPacket valueIndex 0x2141400f
03-17 18:53:32.345   400   675 D adayocomadapter-DownstreamHandler: DownstreamHandler processPacket 0003
03-17 18:53:32.345   400   675 D adayocomadapter-DownstreamHandler: DownstreamHandler processPacket sendMCUData2 
03-17 18:53:32.345   400   675 D adayocomadapter-CommunicationManager: sendMCUData 
03-17 18:53:32.345  2106  3351 D CarPropertyService: mSyncGetSetPropertyOpCount: 0
03-17 18:53:32.345   400   675 D adayocomadapter-MCUInterfaceHandler: sendToMCU start
03-17 18:53:32.345   642   800 I mcuc    : sd Uart data : 6AA601008E000B1202022141400F002020203F
03-17 18:53:32.345   400   675 D adayocomadapter-ParseProtocolFunc: printRaWMsg Name[sendToMCU] len[11] data[1202022141400F00202020]
03-17 18:53:32.347  1646  3766 I CCarServiceManager: CarServiceManager->lambda$submitCameraInfo$0$com-adayo-aaop_deviceservice-manager-CarServiceManager()154:link:0     ---50:pool-4-thread-3
03-17 18:53:32.349  1646  3766 D CarPropertyManager: setProperty, propertyId: 0x2141400b, areaId: 0x0, class: class [Ljava.lang.Integer;, val: [Ljava.lang.Integer;@24f2d94
03-17 18:53:32.354  2106  3351 D CarPropertyService: mSyncGetSetPropertyOpCount: 1
03-17 18:53:32.355   400   400 I DefaultVehicleHal_v2_0: DefaultVehicleHal::set, current value:{.timestamp = 0, .areaId = 0, .prop = 557924363, .status = AVAILABLE, .value = {.int32Values = [1]{0}, .floatValues = [0]{}, .int64Values = [0]{}, .bytes = [0]{}, .stringValue = ""}}
03-17 18:53:32.355   400   400 I DefaultVehicleHalServer: onSetProperty(0x2141400b)
03-17 18:53:32.355   400   400 D vw-vhal : CanSignalsAdapter::setVehicleProperty: propValue = {.timestamp = 0, .areaId = 0, .prop = 557924363, .status = AVAILABLE, .value = {.int32Values = [4]{0, 32, 32, 32}, .floatValues = [0]{}, .int64Values = [0]{}, .bytes = [0]{}, .stringValue = ""}}
03-17 18:53:32.355   400   400 D vw-vhal : CanSignalsAdapter::setVehicleProperty: propId = 0x2141400b, data = {status: 0, int32Values: [0, 32, 32, 32]}
03-17 18:53:32.355   400   400 D adayocomadapter-CommunicationManager: setProperty id=[557924363]
03-17 18:53:32.355   400   400 D adayocomadapter-CommunicationManager: writeValue id=[557924363]
03-17 18:53:32.355   400   400 D adayocomadapter-VehiclePropertyStore: writeValue id=[557924363]
03-17 18:53:32.355   400   400 D adayocomadapter-CommunicationManager: sendToDownstream mPropertyId 0x2141400b
03-17 18:53:32.355   400   400 D adayocomadapter-ParseProtocolFunc: printRaWMsg Name[sendToDownstream] len[4] data[00000000]
03-17 18:53:32.355   400   400 D adayocomadapter-ParseProtocolFunc: printRaWMsg Name[sendToDownstream] len[4] data[2141400B]
03-17 18:53:32.355   400   400 D adayocomadapter-ParseProtocolFunc: printRaWMsg Name[sendToDownstream] len[8] data[2141400B00202020]
03-17 18:53:32.355   400   400 D adayocomadapter-CommunicationManager: sendToDownstream ret[0]   member[130] dataLength[4] timePoint[146303] 
03-17 18:53:32.355   400   400 D adayocomadapter-ParseProtocolFunc: printRaWMsg Name[sendToDownstream] len[8] data[2141400B00202020]
03-17 18:53:32.355   400   400 D adayocomadapter-CommunicationManager: sendToDownstream  000 mPropertyId[0x557924363]  
03-17 18:53:32.356   400   675 D adayocomadapter-DownstreamHandler: processBeforePacket downSreamtProcessTimePoint[146303] 
03-17 18:53:32.356   400   675 D adayocomadapter-DownstreamHandler: DownstreamHandler processPacket 
03-17 18:53:32.356   400   675 D adayocomadapter-DownstreamHandler: DownstreamHandler processPacket valueIndex 0x2141400b
03-17 18:53:32.356   400   675 D adayocomadapter-DownstreamHandler: DownstreamHandler processPacket 0003
03-17 18:53:32.356  2106  3351 D CarPropertyService: mSyncGetSetPropertyOpCount: 0
03-17 18:53:32.356   400   675 D adayocomadapter-DownstreamHandler: DownstreamHandler processPacket sendMCUData2 
03-17 18:53:32.356   400   675 D adayocomadapter-CommunicationManager: sendMCUData 
03-17 18:53:32.356   400   675 D adayocomadapter-MCUInterfaceHandler: sendToMCU start
03-17 18:53:32.356   400   675 D adayocomadapter-ParseProtocolFunc: printRaWMsg Name[sendToMCU] len[11] data[1202022141400B00202020]
03-17 18:53:32.358  1646  3766 I CCarServiceManager: CarServiceManager->lambda$submitCameraInfo$0$com-adayo-aaop_deviceservice-manager-CarServiceManager()159:temp:0     ---50:pool-4-thread-3
03-17 18:53:32.360  1646  3766 I CCarServiceManager: CarServiceManager->lambda$submitCameraInfo$0$com-adayo-aaop_deviceservice-manager-CarServiceManager()173:version:0     ---50:pool-4-thread-3
03-17 18:53:32.361  1646  3766 D CarPropertyManager: setProperty, propertyId: 0x2141400d, areaId: 0x0, class: class [Ljava.lang.Integer;, val: [Ljava.lang.Integer;@11b03d
03-17 18:53:32.366  2106  3351 D CarPropertyService: mSyncGetSetPropertyOpCount: 1
03-17 18:53:32.367   400   400 I DefaultVehicleHal_v2_0: DefaultVehicleHal::set, current value:{.timestamp = 0, .areaId = 0, .prop = 557924365, .status = AVAILABLE, .value = {.int32Values = [1]{0}, .floatValues = [0]{}, .int64Values = [0]{}, .bytes = [0]{}, .stringValue = ""}}
03-17 18:53:32.367   400   400 I DefaultVehicleHalServer: onSetProperty(0x2141400d)
03-17 18:53:32.367   400   400 D vw-vhal : CanSignalsAdapter::setVehicleProperty: propValue = {.timestamp = 0, .areaId = 0, .prop = 557924365, .status = AVAILABLE, .value = {.int32Values = [18]{32, 32, 32, 32, 32, 32, 32, 32, 32, 32, 32, 32, 32, 32, 32, 32, 32, 32}, .floatValues = [0]{}, .int64Values = [0]{}, .bytes = [0]{}, .stringValue = ""}}
03-17 18:53:32.367   400   400 D vw-vhal : CanSignalsAdapter::setVehicleProperty: propId = 0x2141400d, data = {status: 0, int32Values: [32, 32, 32, 32, 32, 32, 32, 32, 32, 32, 32, 32, 32, 32, 32, 32, 32, 32]}
03-17 18:53:32.367   400   400 D adayocomadapter-CommunicationManager: setProperty id=[557924365]
03-17 18:53:32.367   400   400 D adayocomadapter-CommunicationManager: writeValue id=[557924365]
03-17 18:53:32.368   400   400 D adayocomadapter-VehiclePropertyStore: writeValue id=[557924365]
03-17 18:53:32.368   400   400 D adayocomadapter-CommunicationManager: sendToDownstream mPropertyId 0x2141400d
03-17 18:53:32.368   400   400 D adayocomadapter-ParseProtocolFunc: printRaWMsg Name[sendToDownstream] len[4] data[00000000]
03-17 18:53:32.368   400   400 D adayocomadapter-ParseProtocolFunc: printRaWMsg Name[sendToDownstream] len[4] data[2141400D]
03-17 18:53:32.368   400   400 D adayocomadapter-ParseProtocolFunc: printRaWMsg Name[sendToDownstream] len[22] data[2141400D202020202020202020202020202020202020]
03-17 18:53:32.368   400   400 D adayocomadapter-CommunicationManager: sendToDownstream ret[0]   member[130] dataLength[18] timePoint[146315] 
03-17 18:53:32.368   400   400 D adayocomadapter-ParseProtocolFunc: printRaWMsg Name[sendToDownstream] len[22] data[2141400D202020202020202020202020202020202020]
03-17 18:53:32.368   400   400 D adayocomadapter-CommunicationManager: sendToDownstream  000 mPropertyId[0x557924365]  
03-17 18:53:32.368   400   675 D adayocomadapter-DownstreamHandler: processBeforePacket downSreamtProcessTimePoint[146316] 
03-17 18:53:32.368   400   675 D adayocomadapter-DownstreamHandler: DownstreamHandler processPacket 
03-17 18:53:32.368   400   675 D adayocomadapter-DownstreamHandler: DownstreamHandler processPacket valueIndex 0x2141400d
03-17 18:53:32.368   400   675 D adayocomadapter-DownstreamHandler: DownstreamHandler processPacket 0003
03-17 18:53:32.368   400   675 D adayocomadapter-DownstreamHandler: DownstreamHandler processPacket sendMCUData2 
03-17 18:53:32.369   400   675 D adayocomadapter-CommunicationManager: sendMCUData 
03-17 18:53:32.369  2106  3351 D CarPropertyService: mSyncGetSetPropertyOpCount: 0
03-17 18:53:32.369   400   675 D adayocomadapter-MCUInterfaceHandler: sendToMCU start
03-17 18:53:32.369   400   675 D adayocomadapter-ParseProtocolFunc: printRaWMsg Name[sendToMCU] len[25] data[1202022141400D202020202020202020202020202020202020]
03-17 18:53:32.376  6654  6700 D TimerTriggerManager: init instance...
03-17 18:53:32.376  6654  6700 D TimerTriggerManager: Timer thread'TimerTriggerManager' is destroyed: false
03-17 18:53:32.377  6654  6700 D TimerTriggerManager: Timer 'onIndcnVehSpdChanged' is running: true
03-17 18:53:32.377  6654  6700 D TimerTriggerManager: Sending reset signal to timer 'onIndcnVehSpdChanged'
03-17 18:53:32.377  6654  6700 D TimerTriggerManager: Reset signal sent to timer 'onIndcnVehSpdChanged'
03-17 18:53:32.377  6654  6707 D TimerTriggerController: Reset method called for timer: onIndcnVehSpdChanged
03-17 18:53:32.377  6654  6707 D TimerTriggerController: Calling onTimerReset for timer: onIndcnVehSpdChanged
03-17 18:53:32.377  6654  6707 D TimerTriggerManager: Timer reset: onIndcnVehSpdChanged
03-17 18:53:32.378  6654  6700 D TimerTriggerManager: init instance...
03-17 18:53:32.378  6654  6700 D TimerTriggerManager: Timer thread'TimerTriggerManager' is destroyed: false
03-17 18:53:32.378  6654  6700 D TimerTriggerManager: Timer 'onMntnWarnReqChanged' is running: true
03-17 18:53:32.378  6654  6700 D TimerTriggerManager: Sending reset signal to timer 'onMntnWarnReqChanged'
03-17 18:53:32.378  6654  6707 I TimerTriggerController: Timer [onIndcnVehSpdChanged] reset, remaining: 999ms, reset count: 982
03-17 18:53:32.378  6654  6707 D TimerTriggerController: Reset method called for timer: onMntnWarnReqChanged
03-17 18:53:32.378  6654  6707 D TimerTriggerController: Calling onTimerReset for timer: onMntnWarnReqChanged
03-17 18:53:32.378  6654  6707 D TimerTriggerManager: Timer reset: onMntnWarnReqChanged
03-17 18:53:32.379  6654  6700 D TimerTriggerManager: Reset signal sent to timer 'onMntnWarnReqChanged'
03-17 18:53:32.379  6654  6707 I TimerTriggerController: Timer [onMntnWarnReqChanged] reset, remaining: 5000ms, reset count: 491
03-17 18:53:32.402   582  3616 E WifiHAL : Invalid data received from driver
03-17 18:53:32.417   642   685 I mcuc    : sd Uart data : 6AA602057A00029202E9
03-17 18:53:32.419   642   800 I mcuc    : file = hardware/interfaces/fgemcucomm/1.0/default/mcucomm/src/mcuCommFunctionTimer.cpp, function = startTimer  start timer OK = 142 
03-17 18:53:32.423   642   685 I mcuc    : rev uart=1473,len=21, data : 6AA681057A000D9202000500000000000000000159
03-17 18:53:32.423   400   400 D adayocomadapter-ParseProtocolFunc: printRaWMsg Name[MCUToUPstream recv] len[13] data[92020005000000000000000001]
03-17 18:53:32.423   400   400 D adayocomadapter-CommunicationManager: onUpstreamback   member[0] dataLength[10] timePoint[146371]
03-17 18:53:32.423   400   400 D adayocomadapter-ParseProtocolFunc: printRaWMsg Name[onUpstreamback] len[10] data[05000000000000000001]
03-17 18:53:32.424   400   452 D adayocomadapter-UpstreamHandler: processBeforePacket upSreamtProcessTimePoint[146371] 
03-17 18:53:32.424   400   452 D adayocomadapter-UpstreamHandler: processPacket UPSTREAM_QUEUE_DATA_TIMEOUT
03-17 18:53:32.424   400   452 D adayocomadapter-ParseProtocolFunc: parseCommonIPCLBytes Processing tableNumber[5]
03-17 18:53:32.424   400   452 D adayocomadapter-ParseProtocolFunc: parseCommonIPCLBytes Processing tablename[Table-5] tableSize[10]
03-17 18:53:32.424   400   452 D adayocomadapter-ParseProtocolFunc: printRaWMsg Name[byteStream recv] len[10] data[05000000000000000001]
03-17 18:53:32.424   400   452 D adayocomadapter-ParseProtocolFunc: printRaWMsg Name[IPCLtoVHAL] len[8] data[2140213400010000]
03-17 18:53:32.424   400   452 D adayocomadapter-ParseProtocolFunc: printRaWMsg Name[IPCLtoVHAL] len[8] data[2140213500010000]
03-17 18:53:32.424   400   452 D adayocomadapter-ParseProtocolFunc: printRaWMsg Name[IPCLtoVHAL] len[8] data[2140213600010000]
03-17 18:53:32.424   400   452 D adayocomadapter-ParseProtocolFunc: printRaWMsg Name[IPCLtoVHAL] len[8] data[2140213700010000]
03-17 18:53:32.424   400   452 D adayocomadapter-CommunicationManager: onUpstreamReceive isLoss 1 mPropertyId 0x21402134
03-17 18:53:32.424   400   452 D adayocomadapter-CommunicationManager: convertBytesToInt32Memcpy  0
03-17 18:53:32.424   400   452 D vw-vhal : notifyVehicleProperty, propId = 0x21402134, data = {status: 3, int32Values: [0]}
03-17 18:53:32.424   400   452 I DefaultVehicleHal_v2_0: DefaultVehicleHal::onPropertyValue, value:{.timestamp = 146372473349, .areaId = 0, .prop = 557850932, .status = UNAVAILABLE, .value = {.int32Values = [1]{0}, .floatValues = [0]{}, .int64Values = [0]{}, .bytes = [0]{}, .stringValue = ""}}
03-17 18:53:32.425   400   452 D adayocomadapter-CommunicationManager: onUpstreamReceive mPropertyId 0x21402134
03-17 18:53:32.425   400   452 D adayocomadapter-CommunicationManager: onUpstreamReceive isLoss 1 mPropertyId 0x21402135
03-17 18:53:32.425   400   452 D adayocomadapter-CommunicationManager: convertBytesToInt32Memcpy  0
03-17 18:53:32.425   400   452 D vw-vhal : notifyVehicleProperty, propId = 0x21402135, data = {status: 3, int32Values: [0]}
03-17 18:53:32.425   400   452 I DefaultVehicleHal_v2_0: DefaultVehicleHal::onPropertyValue, value:{.timestamp = 146372866015, .areaId = 0, .prop = 557850933, .status = UNAVAILABLE, .value = {.int32Values = [1]{0}, .floatValues = [0]{}, .int64Values = [0]{}, .bytes = [0]{}, .stringValue = ""}}
03-17 18:53:32.425   400   452 D adayocomadapter-CommunicationManager: onUpstreamReceive mPropertyId 0x21402135
03-17 18:53:32.425   400   452 D adayocomadapter-CommunicationManager: onUpstreamReceive isLoss 1 mPropertyId 0x21402136
03-17 18:53:32.425   400   452 D adayocomadapter-CommunicationManager: convertBytesToInt32Memcpy  0
03-17 18:53:32.425   400   452 D vw-vhal : notifyVehicleProperty, propId = 0x21402136, data = {status: 3, int32Values: [0]}
03-17 18:53:32.425   400   452 I DefaultVehicleHal_v2_0: DefaultVehicleHal::onPropertyValue, value:{.timestamp = 146373237349, .areaId = 0, .prop = 557850934, .status = UNAVAILABLE, .value = {.int32Values = [1]{0}, .floatValues = [0]{}, .int64Values = [0]{}, .bytes = [0]{}, .stringValue = ""}}
03-17 18:53:32.425   400   452 D adayocomadapter-CommunicationManager: onUpstreamReceive mPropertyId 0x21402136
03-17 18:53:32.425   400   452 D adayocomadapter-CommunicationManager: onUpstreamReceive isLoss 1 mPropertyId 0x21402137
03-17 18:53:32.425   400   452 D adayocomadapter-CommunicationManager: convertBytesToInt32Memcpy  0
03-17 18:53:32.425   400   452 D vw-vhal : notifyVehicleProperty, propId = 0x21402137, data = {status: 3, int32Values: [0]}
03-17 18:53:32.426   400   452 I DefaultVehicleHal_v2_0: DefaultVehicleHal::onPropertyValue, value:{.timestamp = 146373588682, .areaId = 0, .prop = 557850935, .status = UNAVAILABLE, .value = {.int32Values = [1]{0}, .floatValues = [0]{}, .int64Values = [0]{}, .bytes = [0]{}, .stringValue = ""}}
03-17 18:53:32.426   400   452 D adayocomadapter-CommunicationManager: onUpstreamReceive mPropertyId 0x21402137
03-17 18:53:32.429  2383  2600 D AdayoDoipServer294_Doip: [ne_doip_event_loop_dispatch][line:141] : count = 0
03-17 18:53:32.429   642   800 I mcuc    : sd Uart data : 6AA601008F000B1202022141400B0020202042
03-17 18:53:32.430   582  3616 E WifiHAL : Invalid data received from driver
03-17 18:53:32.436   642   685 I mcuc    : file = hardware/interfaces/fgemcucomm/1.0/default/mcucomm/src/mcuCommFunctionTimer.cpp, func = stopTimer  stop timer = 142 
03-17 18:53:32.436   642   685 I mcuc    : rev uart=1474,len=10, data : 6AA682008E00021202DA
03-17 18:53:32.439   644   644 E fgesysctrl_hidl_hal_test1: fgesysctrl_get_signal status *value=0
03-17 18:53:32.439   649   759 D EvsApp  : CameraFgeSysctrl::fgesysctrl_get_signal_status() end ret = 1
03-17 18:53:32.440  1646  1727 I evsservice20200311: function = notifyAppDeviceValue :ADAYO_AVM_CAMERA_SIGNAL_STATE,1---
03-17 18:53:32.442   642   800 I mcuc    : file = hardware/interfaces/fgemcucomm/1.0/default/mcucomm/src/mcuCommFunctionTimer.cpp, function = startTimer  start timer OK = 143 
03-17 18:53:32.444  1646  1985 E EvsServiceManager: EvsServiceManager$1->notifyDeviceValue()42:notifyDeviceValue key：ADAYO_AVM_CAMERA_SIGNAL_STATEvalue1     ---168:Thread-130
03-17 18:53:32.452   642   800 I mcuc    : sd Uart data : 6AA601009000191202022141400D20202020202020202020202020202020202051
03-17 18:53:32.456   642   685 I mcuc    : file = hardware/interfaces/fgemcucomm/1.0/default/mcucomm/src/mcuCommFunctionTimer.cpp, func = stopTimer  stop timer = 143 
03-17 18:53:32.456   642   685 I mcuc    : rev uart=1475,len=10, data : 6AA682008F00021202D9
03-17 18:53:32.462   642   800 I mcuc    : file = hardware/interfaces/fgemcucomm/1.0/default/mcucomm/src/mcuCommFunctionTimer.cpp, function = startTimer  start timer OK = 144 
03-17 18:53:32.476  6654  6700 D TimerTriggerManager: init instance...
03-17 18:53:32.476  6654  6700 D TimerTriggerManager: Timer thread'TimerTriggerManager' is destroyed: false
03-17 18:53:32.476  6654  6700 D TimerTriggerManager: Timer 'onIndcnVehSpdChanged' is running: true
03-17 18:53:32.476  6654  6700 D TimerTriggerManager: Sending reset signal to timer 'onIndcnVehSpdChanged'
03-17 18:53:32.476   642   685 I mcuc    : file = hardware/interfaces/fgemcucomm/1.0/default/mcucomm/src/mcuCommFunctionTimer.cpp, func = stopTimer  stop timer = 144 
03-17 18:53:32.476  6654  6700 D TimerTriggerManager: Reset signal sent to timer 'onIndcnVehSpdChanged'
03-17 18:53:32.476   642   685 I mcuc    : rev uart=1476,len=10, data : 6AA682009000021202D8
03-17 18:53:32.477  6654  6707 D TimerTriggerController: Reset method called for timer: onIndcnVehSpdChanged
03-17 18:53:32.477  6654  6707 D TimerTriggerController: Calling onTimerReset for timer: onIndcnVehSpdChanged
03-17 18:53:32.477  6654  6707 D TimerTriggerManager: Timer reset: onIndcnVehSpdChanged
03-17 18:53:32.477  6654  6707 I TimerTriggerController: Timer [onIndcnVehSpdChanged] reset, remaining: 1000ms, reset count: 983
03-17 18:53:32.505   582  3616 E WifiHAL : Invalid data received from driver
03-17 18:53:32.529  2106  2450 D CAR.DIAGNOSTIC: Entry - Type: 0x01, ServiceId: 0x2048, InstanceId: 0x0001, MajorVersion: 0x01FFFFFF, TTL: 0
03-17 18:53:32.529  2106  2460 D CAR.DIAGNOSTIC: Entry - Type: 0x01, ServiceId: 0x2048, InstanceId: 0x0001, MajorVersion: 0x01FFFFFF, TTL: 0
03-17 18:53:32.529  2106  2458 D CAR.DIAGNOSTIC: Entry - Type: 0x01, ServiceId: 0x2048, InstanceId: 0x0001, MajorVersion: 0x01FFFFFF, TTL: 0
03-17 18:53:32.529  2106  2460 D CAR.DIAGNOSTIC: Entry - Type: 0x01, ServiceId: 0x5555, InstanceId: 0x0001, MajorVersion: 0x01FFFFFF, TTL: 0
03-17 18:53:32.529  2106  2460 W CAR.DIAGNOSTIC: Not enough data for option indices: needed 128, remaining 52
03-17 18:53:32.529  2106  2450 D CAR.DIAGNOSTIC: Entry - Type: 0x01, ServiceId: 0x5555, InstanceId: 0x0001, MajorVersion: 0x01FFFFFF, TTL: 0
03-17 18:53:32.529  2106  2450 W CAR.DIAGNOSTIC: Not enough data for option indices: needed 128, remaining 52
03-17 18:53:32.529  2383  2600 D AdayoDoipServer294_Doip: [ne_doip_event_loop_dispatch][line:141] : count = 0
03-17 18:53:32.530  2106  2458 D CAR.DIAGNOSTIC: Entry - Type: 0x01, ServiceId: 0x5555, InstanceId: 0x0001, MajorVersion: 0x01FFFFFF, TTL: 0
03-17 18:53:32.530  2106  2458 W CAR.DIAGNOSTIC: Not enough data for option indices: needed 128, remaining 52
03-17 18:53:32.531  1566  3186 D TboxNetworkManager: tboxNetworkbinder=null
03-17 18:53:32.558   582  3616 E WifiHAL : Invalid data received from driver
03-17 18:53:32.576  6654  6700 D TimerTriggerManager: init instance...
03-17 18:53:32.576  6654  6700 D TimerTriggerManager: Timer thread'TimerTriggerManager' is destroyed: false
03-17 18:53:32.576  6654  6700 D TimerTriggerManager: Timer 'onIndcnVehSpdChanged' is running: true
03-17 18:53:32.576  6654  6700 D TimerTriggerManager: Sending reset signal to timer 'onIndcnVehSpdChanged'
03-17 18:53:32.577  6654  6700 D TimerTriggerManager: Reset signal sent to timer 'onIndcnVehSpdChanged'
03-17 18:53:32.577  6654  6707 D TimerTriggerController: Reset method called for timer: onIndcnVehSpdChanged
03-17 18:53:32.577  6654  6707 D TimerTriggerController: Calling onTimerReset for timer: onIndcnVehSpdChanged
03-17 18:53:32.577  6654  6700 D TimerTriggerManager: init instance...
03-17 18:53:32.577  6654  6700 D TimerTriggerManager: Timer thread'TimerTriggerManager' is destroyed: false
03-17 18:53:32.577  6654  6700 D TimerTriggerManager: Timer 'onMntnWarnReqChanged' is running: true
03-17 18:53:32.577  6654  6700 D TimerTriggerManager: Sending reset signal to timer 'onMntnWarnReqChanged'
03-17 18:53:32.577  6654  6700 D TimerTriggerManager: Reset signal sent to timer 'onMntnWarnReqChanged'
03-17 18:53:32.578  6654  6707 D TimerTriggerManager: Timer reset: onIndcnVehSpdChanged
03-17 18:53:32.578  6654  6707 I TimerTriggerController: Timer [onIndcnVehSpdChanged] reset, remaining: 999ms, reset count: 984
03-17 18:53:32.578  6654  6707 D TimerTriggerController: Reset method called for timer: onMntnWarnReqChanged
03-17 18:53:32.578  6654  6707 D TimerTriggerController: Calling onTimerReset for timer: onMntnWarnReqChanged
03-17 18:53:32.578  6654  6707 D TimerTriggerManager: Timer reset: onMntnWarnReqChanged
03-17 18:53:32.578  6654  6707 I TimerTriggerController: Timer [onMntnWarnReqChanged] reset, remaining: 5000ms, reset count: 492
03-17 18:53:32.594   582  3616 E WifiHAL : Invalid data received from driver
03-17 18:53:32.594   582  3616 E WifiHAL : Invalid data received from driver
03-17 18:53:32.594   582  3616 E WifiHAL : Invalid data received from driver
03-17 18:53:32.594   582  3616 E WifiHAL : Invalid data received from driver
03-17 18:53:32.594   582  3616 E WifiHAL : Invalid data received from driver
03-17 18:53:32.594   582  3616 E WifiHAL : Invalid data received from driver
03-17 18:53:32.594   582  3616 E WifiHAL : Invalid data received from driver
03-17 18:53:32.597   642   685 I mcuc    : sd Uart data : 6AA602057B00029202E8
03-17 18:53:32.602   642   685 I mcuc    : rev uart=1477,len=17, data : 6AA681057B00099202000200000000015F
03-17 18:53:32.603   400   400 D adayocomadapter-ParseProtocolFunc: printRaWMsg Name[MCUToUPstream recv] len[9] data[920200020000000001]
03-17 18:53:32.603   400   400 D adayocomadapter-CommunicationManager: onUpstreamback   member[0] dataLength[6] timePoint[146550]
03-17 18:53:32.603   400   400 D adayocomadapter-ParseProtocolFunc: printRaWMsg Name[onUpstreamback] len[6] data[020000000001]
03-17 18:53:32.603   400   452 D adayocomadapter-UpstreamHandler: processBeforePacket upSreamtProcessTimePoint[146551] 
03-17 18:53:32.603   400   452 D adayocomadapter-UpstreamHandler: processPacket UPSTREAM_QUEUE_DATA_TIMEOUT
03-17 18:53:32.603   400   452 D adayocomadapter-ParseProtocolFunc: parseCommonIPCLBytes Processing tableNumber[2]
03-17 18:53:32.603   400   452 D adayocomadapter-ParseProtocolFunc: parseCommonIPCLBytes Processing tablename[Table-2] tableSize[6]
03-17 18:53:32.603   400   452 D adayocomadapter-ParseProtocolFunc: printRaWMsg Name[byteStream recv] len[6] data[020000000001]
03-17 18:53:32.603   400   452 D adayocomadapter-ParseProtocolFunc: printRaWMsg Name[IPCLtoVHAL] len[7] data[21402049000100]
03-17 18:53:32.603   400   452 D adayocomadapter-ParseProtocolFunc: printRaWMsg Name[IPCLtoVHAL] len[7] data[214021A2000100]
03-17 18:53:32.603   400   452 D adayocomadapter-ParseProtocolFunc: printRaWMsg Name[IPCLtoVHAL] len[7] data[21402206000100]
03-17 18:53:32.603   400   452 D adayocomadapter-ParseProtocolFunc: printRaWMsg Name[IPCLtoVHAL] len[7] data[214020EA000100]
03-17 18:53:32.604   400   452 D adayocomadapter-CommunicationManager: onUpstreamReceive isLoss 1 mPropertyId 0x21402049
03-17 18:53:32.604   400   452 D adayocomadapter-CommunicationManager: convertBytesToInt32Memcpy  0
03-17 18:53:32.604   400   452 D vw-vhal : notifyVehicleProperty, propId = 0x21402049, data = {status: 3, int32Values: [0]}
03-17 18:53:32.604   400   452 I DefaultVehicleHal_v2_0: DefaultVehicleHal::onPropertyValue, value:{.timestamp = 146551804682, .areaId = 0, .prop = 557850697, .status = UNAVAILABLE, .value = {.int32Values = [1]{0}, .floatValues = [0]{}, .int64Values = [0]{}, .bytes = [0]{}, .stringValue = ""}}
03-17 18:53:32.604   400   452 D adayocomadapter-CommunicationManager: onUpstreamReceive mPropertyId 0x21402049
03-17 18:53:32.604   400   452 D adayocomadapter-CommunicationManager: onUpstreamReceive isLoss 1 mPropertyId 0x214021a2
03-17 18:53:32.604   400   452 D adayocomadapter-CommunicationManager: convertBytesToInt32Memcpy  0
03-17 18:53:32.604   400   452 D vw-vhal : notifyVehicleProperty, propId = 0x214021a2, data = {status: 3, int32Values: [0]}
03-17 18:53:32.604   400   452 I DefaultVehicleHal_v2_0: DefaultVehicleHal::onPropertyValue, value:{.timestamp = 146552246349, .areaId = 0, .prop = 557851042, .status = UNAVAILABLE, .value = {.int32Values = [1]{0}, .floatValues = [0]{}, .int64Values = [0]{}, .bytes = [0]{}, .stringValue = ""}}
03-17 18:53:32.604   400   452 D adayocomadapter-CommunicationManager: onUpstreamReceive mPropertyId 0x214021a2
03-17 18:53:32.604   400   452 D adayocomadapter-CommunicationManager: onUpstreamReceive isLoss 1 mPropertyId 0x21402206
03-17 18:53:32.604   400   452 D adayocomadapter-CommunicationManager: convertBytesToInt32Memcpy  0
03-17 18:53:32.605   400   452 D vw-vhal : notifyVehicleProperty, propId = 0x21402206, data = {status: 3, int32Values: [0]}
03-17 18:53:32.605   400   452 I DefaultVehicleHal_v2_0: DefaultVehicleHal::onPropertyValue, value:{.timestamp = 146552610682, .areaId = 0, .prop = 557851142, .status = UNAVAILABLE, .value = {.int32Values = [1]{0}, .floatValues = [0]{}, .int64Values = [0]{}, .bytes = [0]{}, .stringValue = ""}}
03-17 18:53:32.605   400   452 D adayocomadapter-CommunicationManager: onUpstreamReceive mPropertyId 0x21402206
03-17 18:53:32.605   400   452 D adayocomadapter-CommunicationManager: onUpstreamReceive isLoss 1 mPropertyId 0x214020ea
03-17 18:53:32.605   400   452 D adayocomadapter-CommunicationManager: convertBytesToInt32Memcpy  0
03-17 18:53:32.605   400   452 D vw-vhal : notifyVehicleProperty, propId = 0x214020ea, data = {status: 3, int32Values: [0]}
03-17 18:53:32.605   400   452 I DefaultVehicleHal_v2_0: DefaultVehicleHal::onPropertyValue, value:{.timestamp = 146552966016, .areaId = 0, .prop = 557850858, .status = UNAVAILABLE, .value = {.int32Values = [1]{0}, .floatValues = [0]{}, .int64Values = [0]{}, .bytes = [0]{}, .stringValue = ""}}
03-17 18:53:32.605   400   452 D adayocomadapter-CommunicationManager: onUpstreamReceive mPropertyId 0x214020ea
03-17 18:53:32.618   642   685 I mcuc    : sd Uart data : 6AA602057C00029202E7
03-17 18:53:32.623   642   685 I mcuc    : rev uart=1478,len=14, data : 6AA681057C00069202000C000157
03-17 18:53:32.624   642   685 I mcuc    : sd Uart data : 6AA602057D00029202E6
03-17 18:53:32.624   400   400 D adayocomadapter-ParseProtocolFunc: printRaWMsg Name[MCUToUPstream recv] len[6] data[9202000C0001]
03-17 18:53:32.624   400   400 D adayocomadapter-CommunicationManager: onUpstreamback   member[0] dataLength[3] timePoint[146571]
03-17 18:53:32.624   400   400 D adayocomadapter-ParseProtocolFunc: printRaWMsg Name[onUpstreamback] len[3] data[0C0001]
03-17 18:53:32.624   400   452 D adayocomadapter-UpstreamHandler: processBeforePacket upSreamtProcessTimePoint[146572] 
03-17 18:53:32.624   400   452 D adayocomadapter-UpstreamHandler: processPacket UPSTREAM_QUEUE_DATA_TIMEOUT
03-17 18:53:32.624   400   452 D adayocomadapter-ParseProtocolFunc: parseCommonIPCLBytes Processing tableNumber[12]
03-17 18:53:32.624   400   452 D adayocomadapter-ParseProtocolFunc: parseCommonIPCLBytes Processing tablename[Table-12] tableSize[3]
03-17 18:53:32.624   400   452 D adayocomadapter-ParseProtocolFunc: printRaWMsg Name[byteStream recv] len[3] data[0C0001]
03-17 18:53:32.624   400   452 D adayocomadapter-ParseProtocolFunc: printRaWMsg Name[IPCLtoVHAL] len[7] data[21402166000100]
03-17 18:53:32.624   400   452 D adayocomadapter-CommunicationManager: onUpstreamReceive isLoss 1 mPropertyId 0x21402166
03-17 18:53:32.625   400   452 D adayocomadapter-CommunicationManager: convertBytesToInt32Memcpy  0
03-17 18:53:32.625   400   452 D vw-vhal : notifyVehicleProperty, propId = 0x21402166, data = {status: 3, int32Values: [0]}
03-17 18:53:32.625   400   452 I DefaultVehicleHal_v2_0: DefaultVehicleHal::onPropertyValue, value:{.timestamp = 146572717682, .areaId = 0, .prop = 557850982, .status = UNAVAILABLE, .value = {.int32Values = [1]{0}, .floatValues = [0]{}, .int64Values = [0]{}, .bytes = [0]{}, .stringValue = ""}}
03-17 18:53:32.625   400   452 D adayocomadapter-CommunicationManager: onUpstreamReceive mPropertyId 0x21402166
03-17 18:53:32.629   642   685 I mcuc    : rev uart=1479,len=17, data : 6AA681057D00099202000E7E7E00000155
03-17 18:53:32.629   400   400 D adayocomadapter-ParseProtocolFunc: printRaWMsg Name[MCUToUPstream recv] len[9] data[9202000E7E7E000001]
03-17 18:53:32.629   400   400 D adayocomadapter-CommunicationManager: onUpstreamback   member[0] dataLength[6] timePoint[146577]
03-17 18:53:32.629   400   400 D adayocomadapter-ParseProtocolFunc: printRaWMsg Name[onUpstreamback] len[6] data[0E7E7E000001]
03-17 18:53:32.630   400   452 D adayocomadapter-UpstreamHandler: processBeforePacket upSreamtProcessTimePoint[146577] 
03-17 18:53:32.630   400   452 D adayocomadapter-UpstreamHandler: processPacket UPSTREAM_QUEUE_DATA_TIMEOUT
03-17 18:53:32.630  2383  2600 D AdayoDoipServer294_Doip: [ne_doip_event_loop_dispatch][line:141] : count = 0
03-17 18:53:32.630   400   452 D adayocomadapter-ParseProtocolFunc: parseCommonIPCLBytes Processing tableNumber[14]
03-17 18:53:32.630   400   452 D adayocomadapter-ParseProtocolFunc: parseCommonIPCLBytes Processing tablename[Table-14] tableSize[6]
03-17 18:53:32.630   400   452 D adayocomadapter-ParseProtocolFunc: printRaWMsg Name[byteStream recv] len[6] data[0E7E7E000001]
03-17 18:53:32.630   400   452 D adayocomadapter-ParseProtocolFunc: printRaWMsg Name[IPCLtoVHAL] len[7] data[214020DE00017E]
03-17 18:53:32.630   400   452 D adayocomadapter-ParseProtocolFunc: printRaWMsg Name[IPCLtoVHAL] len[7] data[214020E000017E]
03-17 18:53:32.630   400   452 D adayocomadapter-ParseProtocolFunc: printRaWMsg Name[IPCLtoVHAL] len[7] data[214020E5000100]
03-17 18:53:32.630   400   452 D adayocomadapter-ParseProtocolFunc: printRaWMsg Name[IPCLtoVHAL] len[7] data[214020E6000100]
03-17 18:53:32.630   400   452 D adayocomadapter-CommunicationManager: onUpstreamReceive isLoss 1 mPropertyId 0x214020de
03-17 18:53:32.630   400   452 D adayocomadapter-CommunicationManager: convertBytesToInt32Memcpy  126
03-17 18:53:32.630   400   452 D vw-vhal : notifyVehicleProperty, propId = 0x214020de, data = {status: 3, int32Values: [126]}
03-17 18:53:32.630   400   452 I DefaultVehicleHal_v2_0: DefaultVehicleHal::onPropertyValue, value:{.timestamp = 146578371349, .areaId = 0, .prop = 557850846, .status = UNAVAILABLE, .value = {.int32Values = [1]{126}, .floatValues = [0]{}, .int64Values = [0]{}, .bytes = [0]{}, .stringValue = ""}}
03-17 18:53:32.630   400   452 D adayocomadapter-CommunicationManager: onUpstreamReceive mPropertyId 0x214020de
03-17 18:53:32.631   400   452 D adayocomadapter-CommunicationManager: onUpstreamReceive isLoss 1 mPropertyId 0x214020e0
03-17 18:53:32.631   400   452 D adayocomadapter-CommunicationManager: convertBytesToInt32Memcpy  126
03-17 18:53:32.631   400   452 D vw-vhal : notifyVehicleProperty, propId = 0x214020e0, data = {status: 3, int32Values: [126]}
03-17 18:53:32.631   400   452 I DefaultVehicleHal_v2_0: DefaultVehicleHal::onPropertyValue, value:{.timestamp = 146578755349, .areaId = 0, .prop = 557850848, .status = UNAVAILABLE, .value = {.int32Values = [1]{126}, .floatValues = [0]{}, .int64Values = [0]{}, .bytes = [0]{}, .stringValue = ""}}
03-17 18:53:32.631   400   452 D adayocomadapter-CommunicationManager: onUpstreamReceive mPropertyId 0x214020e0
03-17 18:53:32.631   400   452 D adayocomadapter-CommunicationManager: onUpstreamReceive isLoss 1 mPropertyId 0x214020e5
03-17 18:53:32.631   400   452 D adayocomadapter-CommunicationManager: convertBytesToInt32Memcpy  0
03-17 18:53:32.631   400   452 D vw-vhal : notifyVehicleProperty, propId = 0x214020e5, data = {status: 3, int32Values: [0]}
03-17 18:53:32.631   400   452 I DefaultVehicleHal_v2_0: DefaultVehicleHal::onPropertyValue, value:{.timestamp = 146579097682, .areaId = 0, .prop = 557850853, .status = UNAVAILABLE, .value = {.int32Values = [1]{0}, .floatValues = [0]{}, .int64Values = [0]{}, .bytes = [0]{}, .stringValue = ""}}
03-17 18:53:32.631   400   452 D adayocomadapter-CommunicationManager: onUpstreamReceive mPropertyId 0x214020e5
03-17 18:53:32.631   400   452 D adayocomadapter-CommunicationManager: onUpstreamReceive isLoss 1 mPropertyId 0x214020e6
03-17 18:53:32.631   400   452 D adayocomadapter-CommunicationManager: convertBytesToInt32Memcpy  0
03-17 18:53:32.631   400   452 D vw-vhal : notifyVehicleProperty, propId = 0x214020e6, data = {status: 3, int32Values: [0]}
03-17 18:53:32.631   400   452 I DefaultVehicleHal_v2_0: DefaultVehicleHal::onPropertyValue, value:{.timestamp = 146579482016, .areaId = 0, .prop = 557850854, .status = UNAVAILABLE, .value = {.int32Values = [1]{0}, .floatValues = [0]{}, .int64Values = [0]{}, .bytes = [0]{}, .stringValue = ""}}
03-17 18:53:32.632   400   452 D adayocomadapter-CommunicationManager: onUpstreamReceive mPropertyId 0x214020e6
03-17 18:53:32.632   582  3616 E WifiHAL : Invalid data received from driver
03-17 18:53:32.653   649   756 D EvsApp  : state:255,subState:255,desiredState:0,subDesiredState:0
03-17 18:53:32.671   642   685 I mcuc    : sd Uart data : 6AA602057E00029202E5
03-17 18:53:32.677   642   685 I mcuc    : rev uart=1480,len=69, data : 6AA681057E003D920200170000000000000000000000000000000000001FFF00001FFF1FFF1FFF003FFFFF0001FFFF3FFF3FFF3FFF01FF01FF01FF01FF01FF0000010101A3
03-17 18:53:32.677   400   400 D adayocomadapter-ParseProtocolFunc: printRaWMsg Name[MCUToUPstream recv] len[61] data[920200170000000000000000000000000000000000001FFF00001FFF1FFF1FFF003FFFFF0001FFFF3FFF3FFF3FFF01FF01FF01FF01FF01FF0000010101]
03-17 18:53:32.677  6654  6700 D TimerTriggerManager: init instance...
03-17 18:53:32.677   400   400 D adayocomadapter-CommunicationManager: onUpstreamback   member[0] dataLength[58] timePoint[146625]
03-17 18:53:32.677  6654  6700 D TimerTriggerManager: Timer thread'TimerTriggerManager' is destroyed: false
03-17 18:53:32.677  6654  6700 D TimerTriggerManager: Timer 'onIndcnVehSpdChanged' is running: true
03-17 18:53:32.678   400   400 D adayocomadapter-ParseProtocolFunc: printRaWMsg Name[onUpstreamback] len[58] data[170000000000000000000000000000000000001FFF00001FFF1FFF1FFF003FFFFF0001FFFF3FFF3FFF3FFF01FF01FF01FF01FF01FF0000010101]
03-17 18:53:32.678  6654  6700 D TimerTriggerManager: Sending reset signal to timer 'onIndcnVehSpdChanged'
03-17 18:53:32.678   400   452 D adayocomadapter-UpstreamHandler: processBeforePacket upSreamtProcessTimePoint[146625] 
03-17 18:53:32.678  6654  6700 D TimerTriggerManager: Reset signal sent to timer 'onIndcnVehSpdChanged'
03-17 18:53:32.678   400   452 D adayocomadapter-UpstreamHandler: processPacket UPSTREAM_QUEUE_DATA_TIMEOUT
03-17 18:53:32.678   400   452 D adayocomadapter-ParseProtocolFunc: parseCommonIPCLBytes Processing tableNumber[23]
03-17 18:53:32.678  6654  6707 D TimerTriggerController: Reset method called for timer: onIndcnVehSpdChanged
03-17 18:53:32.678   400   452 D adayocomadapter-ParseProtocolFunc: parseCommonIPCLBytes Processing tablename[Table-23] tableSize[59]
03-17 18:53:32.678   400   452 D adayocomadapter-ParseProtocolFunc: parseCommonIPCLBytes Error: table.tSize unMatched byteStream.size[58]
03-17 18:53:32.678  6654  6707 D TimerTriggerController: Calling onTimerReset for timer: onIndcnVehSpdChanged
03-17 18:53:32.678  6654  6707 D TimerTriggerManager: Timer reset: onIndcnVehSpdChanged
03-17 18:53:32.678  6654  6707 I TimerTriggerController: Timer [onIndcnVehSpdChanged] reset, remaining: 1000ms, reset count: 985
03-17 18:53:32.682  1566  2651 D TboxNetworkManager: tboxNetworkbinder=null
03-17 18:53:32.683   582  3616 E WifiHAL : Invalid data received from driver
01-01 08:02:27.833   709   709 I [schedu][0x8bd68e5][10:53:32.683340] qcn7605: [709:I:PE] lim_process_action_frame_no_session: Unhandled action frame without session: 7f
03-17 18:53:32.730  2383  2600 D AdayoDoipServer294_Doip: [ne_doip_event_loop_dispatch][line:141] : count = 0
03-17 18:53:32.738   642   685 I mcuc    : rev uart=1481,len=141, data : 6AA680057F00858B30A5B211123520A55A8709C401F403E8000001F401F403CF03D403E801F401F400FA00FA01F400FA0064A55A88000001000101110000FF00000000FF0000220000FF00000000FF00000020000033A202A602448080808080808080550A0A0A0A0A0A0A1D0D090009000066BBBBBBBBBBBBBBBBBB00770C0708090B0C88010000004F02050E
03-17 18:53:32.738   582  3616 E WifiHAL : Invalid data received from driver
03-17 18:53:32.777  6654  6700 D TimerTriggerManager: init instance...
03-17 18:53:32.777  6654  6700 D TimerTriggerManager: Timer thread'TimerTriggerManager' is destroyed: false
03-17 18:53:32.777  6654  6700 D TimerTriggerManager: Timer 'onIndcnVehSpdChanged' is running: true
03-17 18:53:32.777  6654  6700 D TimerTriggerManager: Sending reset signal to timer 'onIndcnVehSpdChanged'
03-17 18:53:32.778  6654  6700 D TimerTriggerManager: Reset signal sent to timer 'onIndcnVehSpdChanged'
03-17 18:53:32.778  6654  6707 D TimerTriggerController: Reset method called for timer: onIndcnVehSpdChanged
03-17 18:53:32.778  6654  6707 D TimerTriggerController: Calling onTimerReset for timer: onIndcnVehSpdChanged
03-17 18:53:32.778  6654  6707 D TimerTriggerManager: Timer reset: onIndcnVehSpdChanged
03-17 18:53:32.778  6654  6707 I TimerTriggerController: Timer [onIndcnVehSpdChanged] reset, remaining: 1000ms, reset count: 986
03-17 18:53:32.778  6654  6700 D TimerTriggerManager: init instance...
03-17 18:53:32.778  6654  6700 D TimerTriggerManager: Timer thread'TimerTriggerManager' is destroyed: false
03-17 18:53:32.778  6654  6700 D TimerTriggerManager: Timer 'onMntnWarnReqChanged' is running: true
03-17 18:53:32.778  6654  6700 D TimerTriggerManager: Sending reset signal to timer 'onMntnWarnReqChanged'
03-17 18:53:32.779  6654  6700 D TimerTriggerManager: Reset signal sent to timer 'onMntnWarnReqChanged'
03-17 18:53:32.779  6654  6707 D TimerTriggerController: Reset method called for timer: onMntnWarnReqChanged
03-17 18:53:32.779  6654  6707 D TimerTriggerController: Calling onTimerReset for timer: onMntnWarnReqChanged
03-17 18:53:32.779  6654  6707 D TimerTriggerManager: Timer reset: onMntnWarnReqChanged
03-17 18:53:32.779  6654  6707 I TimerTriggerController: Timer [onMntnWarnReqChanged] reset, remaining: 5000ms, reset count: 493
03-17 18:53:32.801   642   685 I mcuc    : sd Uart data : 6AA602058000029202E3
03-17 18:53:32.805  2106  2492 I CarPopupManagementService: Retrying TextToSpeech initialization
03-17 18:53:32.805  2106  2492 W TextToSpeech: shutdown failed: not bound to TTS engine
03-17 18:53:32.806   642   685 I mcuc    : rev uart=1482,len=63, data : 6AA681058000379202001200001E1E0000000000000000000000000000000000000000000000000000000000000000000000000000000000000101010101DC
03-17 18:53:32.807   400   400 D adayocomadapter-ParseProtocolFunc: printRaWMsg Name[MCUToUPstream recv] len[55] data[9202001200001E1E0000000000000000000000000000000000000000000000000000000000000000000000000000000000000101010101]
03-17 18:53:32.807   400   400 D adayocomadapter-CommunicationManager: onUpstreamback   member[0] dataLength[52] timePoint[146754]
03-17 18:53:32.807   400   400 D adayocomadapter-ParseProtocolFunc: printRaWMsg Name[onUpstreamback] len[52] data[1200001E1E0000000000000000000000000000000000000000000000000000000000000000000000000000000000000101010101]
03-17 18:53:32.807   400   452 D adayocomadapter-UpstreamHandler: processBeforePacket upSreamtProcessTimePoint[146755] 
03-17 18:53:32.807   400   452 D adayocomadapter-UpstreamHandler: processPacket UPSTREAM_QUEUE_DATA_TIMEOUT
03-17 18:53:32.807   400   452 D adayocomadapter-ParseProtocolFunc: parseCommonIPCLBytes Processing tableNumber[18]
03-17 18:53:32.807   400   452 D adayocomadapter-ParseProtocolFunc: parseCommonIPCLBytes Processing tablename[Table-18] tableSize[53]
03-17 18:53:32.807   400   452 D adayocomadapter-ParseProtocolFunc: parseCommonIPCLBytes Error: table.tSize unMatched byteStream.size[52]
03-17 18:53:32.810   316   316 I auditd  : avc:  denied  { find } for pid=2106 uid=1000 name=texttospeech scontext=u:r:carservice_app:s0 tcontext=u:object_r:texttospeech_service:s0 tclass=service_manager permissive=0
03-17 18:53:32.811  2106  2492 E TextToSpeech: System service is not available!
03-17 18:53:32.811  2106  2492 E TextToSpeech: Failed to bind to com.iflytek.cutefly.speechclient.hmi
01-01 08:02:27.958   316   316 E SELinux : avc:  denied  { find } for pid=2106 uid=1000 name=texttospeech scontext=u:r:carservice_app:s0 tcontext=u:object_r:texttospeech_service:s0 tclass=service_manager permissive=0
03-17 18:53:32.812  2106  2492 I CarPopupManagementService: TextToSpeech init
03-17 18:53:32.813  2106  2492 E CarPopupManagementService: TextToSpeech init failed: -1
03-17 18:53:32.820   582  3616 E WifiHAL : Invalid data received from driver
03-17 18:53:32.830  2383  2600 D AdayoDoipServer294_Doip: [ne_doip_event_loop_dispatch][line:141] : count = 0
03-17 18:53:32.877  6654  6700 D TimerTriggerManager: init instance...
03-17 18:53:32.877  6654  6700 D TimerTriggerManager: Timer thread'TimerTriggerManager' is destroyed: false
03-17 18:53:32.877  6654  6700 D TimerTriggerManager: Timer 'onIndcnVehSpdChanged' is running: true
03-17 18:53:32.878  6654  6700 D TimerTriggerManager: Sending reset signal to timer 'onIndcnVehSpdChanged'
03-17 18:53:32.878  6654  6700 D TimerTriggerManager: Reset signal sent to timer 'onIndcnVehSpdChanged'
03-17 18:53:32.878   582  3616 E WifiHAL : Invalid data received from driver
03-17 18:53:32.879  6654  6707 D TimerTriggerController: Reset method called for timer: onIndcnVehSpdChanged
03-17 18:53:32.879  6654  6707 D TimerTriggerController: Calling onTimerReset for timer: onIndcnVehSpdChanged
03-17 18:53:32.879  6654  6707 D TimerTriggerManager: Timer reset: onIndcnVehSpdChanged
03-17 18:53:32.879  6654  6707 I TimerTriggerController: Timer [onIndcnVehSpdChanged] reset, remaining: 1000ms, reset count: 987
03-17 18:53:32.889   642   685 I mcuc    : sd Uart data : 6AA602058100029202E2
03-17 18:53:32.895   642   685 I mcuc    : rev uart=1483,len=48, data : 6AA681058100289202001B4A503130333531353242204A503130333531353242204130330000000000000000000000C4
03-17 18:53:32.895   400   400 D adayocomadapter-ParseProtocolFunc: printRaWMsg Name[MCUToUPstream recv] len[40] data[9202001B4A503130333531353242204A503130333531353242204130330000000000000000000000]
03-17 18:53:32.895   400   400 D adayocomadapter-CommunicationManager: onUpstreamback   member[0] dataLength[37] timePoint[146843]
03-17 18:53:32.895   400   400 D adayocomadapter-ParseProtocolFunc: printRaWMsg Name[onUpstreamback] len[37] data[1B4A503130333531353242204A503130333531353242204130330000000000000000000000]
03-17 18:53:32.895   400   452 D adayocomadapter-UpstreamHandler: processBeforePacket upSreamtProcessTimePoint[146843] 
03-17 18:53:32.895   400   452 D adayocomadapter-UpstreamHandler: processPacket UPSTREAM_QUEUE_DATA_TIMEOUT
03-17 18:53:32.896   400   452 D adayocomadapter-ParseProtocolFunc: parseCommonIPCLBytes Processing tableNumber[27]
03-17 18:53:32.896   400   452 D adayocomadapter-ParseProtocolFunc: parseCommonIPCLBytes Processing tablename[Table-27] tableSize[37]
03-17 18:53:32.896   400   452 D adayocomadapter-ParseProtocolFunc: printRaWMsg Name[byteStream recv] len[37] data[1B4A503130333531353242204A503130333531353242204130330000000000000000000000]
03-17 18:53:32.896   400   452 D adayocomadapter-ParseProtocolFunc: printRaWMsg Name[IPCLtoVHAL] len[17] data[2141415701004A50313033353135324220]
03-17 18:53:32.896   400   452 D adayocomadapter-ParseProtocolFunc: printRaWMsg Name[IPCLtoVHAL] len[17] data[2141415801004A50313033353135324220]
