03-17 18:53:31.302   400   452 I DefaultVehicleHal_v2_0: DefaultVehicleHal::onPropertyValue, value:{.timestamp = 145249806015, .areaId = 0, .prop = 557851191, .status = UNAVAILABLE, .value = {.int32Values = [1]{0}, .floatValues = [0]{}, .int64Values = [0]{}, .bytes = [0]{}, .stringValue = ""}}
03-17 18:53:31.302   400   452 D adayocomadapter-CommunicationManager: onUpstreamReceive mPropertyId 0x21402237
03-17 18:53:31.302   400   452 D adayocomadapter-CommunicationManager: onUpstreamReceive isLoss 1 mPropertyId 0x21402238
03-17 18:53:31.302   400   452 D adayocomadapter-CommunicationManager: convertBytesToInt32Memcpy  0
03-17 18:53:31.302   400   452 D vw-vhal : notifyVehicleProperty, propId = 0x21402238, data = {status: 3, int32Values: [0]}
03-17 18:53:31.302   400   452 I DefaultVehicleHal_v2_0: DefaultVehicleHal::onPropertyValue, value:{.timestamp = 145249905682, .areaId = 0, .prop = 557851192, .status = UNAVAILABLE, .value = {.int32Values = [1]{0}, .floatValues = [0]{}, .int64Values = [0]{}, .bytes = [0]{}, .stringValue = ""}}
03-17 18:53:31.302   400   452 D adayocomadapter-CommunicationManager: onUpstreamReceive mPropertyId 0x21402238
03-17 18:53:31.302   400   452 D adayocomadapter-CommunicationManager: onUpstreamReceive isLoss 1 mPropertyId 0x21402239
03-17 18:53:31.302   400   452 D adayocomadapter-CommunicationManager: convertBytesToInt32Memcpy  0
03-17 18:53:31.302   400   452 D vw-vhal : notifyVehicleProperty, propId = 0x21402239, data = {status: 3, int32Values: [0]}
03-17 18:53:31.302   400   452 I DefaultVehicleHal_v2_0: DefaultVehicleHal::onPropertyValue, value:{.timestamp = 145250007015, .areaId = 0, .prop = 557851193, .status = UNAVAILABLE, .value = {.int32Values = [1]{0}, .floatValues = [0]{}, .int64Values = [0]{}, .bytes = [0]{}, .stringValue = ""}}
03-17 18:53:31.302   400   452 D adayocomadapter-CommunicationManager: onUpstreamReceive mPropertyId 0x21402239
03-17 18:53:31.302   400   452 D adayocomadapter-CommunicationManager: onUpstreamReceive isLoss 1 mPropertyId 0x2140223a
03-17 18:53:31.302   400   452 D adayocomadapter-CommunicationManager: convertBytesToInt32Memcpy  0
03-17 18:53:31.302   400   452 D vw-vhal : notifyVehicleProperty, propId = 0x2140223a, data = {status: 3, int32Values: [0]}
03-17 18:53:31.302   400   452 I DefaultVehicleHal_v2_0: DefaultVehicleHal::onPropertyValue, value:{.timestamp = 145250110682, .areaId = 0, .prop = 557851194, .status = UNAVAILABLE, .value = {.int32Values = [1]{0}, .floatValues = [0]{}, .int64Values = [0]{}, .bytes = [0]{}, .stringValue = ""}}
03-17 18:53:31.302   400   452 D adayocomadapter-CommunicationManager: onUpstreamReceive mPropertyId 0x2140223a
03-17 18:53:31.302   400   452 D adayocomadapter-CommunicationManager: onUpstreamReceive isLoss 1 mPropertyId 0x2140223b
03-17 18:53:31.302   400   452 D adayocomadapter-CommunicationManager: convertBytesToInt32Memcpy  101
03-17 18:53:31.302   400   452 D vw-vhal : notifyVehicleProperty, propId = 0x2140223b, data = {status: 3, int32Values: [101]}
03-17 18:53:31.302   400   452 I DefaultVehicleHal_v2_0: DefaultVehicleHal::onPropertyValue, value:{.timestamp = 145250212015, .areaId = 0, .prop = 557851195, .status = UNAVAILABLE, .value = {.int32Values = [1]{101}, .floatValues = [0]{}, .int64Values = [0]{}, .bytes = [0]{}, .stringValue = ""}}
03-17 18:53:31.302   400   452 D adayocomadapter-CommunicationManager: onUpstreamReceive mPropertyId 0x2140223b
03-17 18:53:31.302   400   452 D adayocomadapter-CommunicationManager: onUpstreamReceive isLoss 1 mPropertyId 0x2140223c
03-17 18:53:31.302   400   452 D adayocomadapter-CommunicationManager: convertBytesToInt32Memcpy  20001
03-17 18:53:31.302   400   452 D vw-vhal : notifyVehicleProperty, propId = 0x2140223c, data = {status: 3, int32Values: [20001]}
03-17 18:53:31.302   400   452 I DefaultVehicleHal_v2_0: DefaultVehicleHal::onPropertyValue, value:{.timestamp = 145250314682, .areaId = 0, .prop = 557851196, .status = UNAVAILABLE, .value = {.int32Values = [1]{20001}, .floatValues = [0]{}, .int64Values = [0]{}, .bytes = [0]{}, .stringValue = ""}}
03-17 18:53:31.302   400   452 D adayocomadapter-CommunicationManager: onUpstreamReceive mPropertyId 0x2140223c
03-17 18:53:31.302   400   452 D adayocomadapter-CommunicationManager: onUpstreamReceive isLoss 1 mPropertyId 0x21402241
03-17 18:53:31.302   400   452 D adayocomadapter-CommunicationManager: convertBytesToInt32Memcpy  0
03-17 18:53:31.302   400   452 D vw-vhal : notifyVehicleProperty, propId = 0x21402241, data = {status: 3, int32Values: [0]}
03-17 18:53:31.302   400   452 I DefaultVehicleHal_v2_0: DefaultVehicleHal::onPropertyValue, value:{.timestamp = 145250419682, .areaId = 0, .prop = 557851201, .status = UNAVAILABLE, .value = {.int32Values = [1]{0}, .floatValues = [0]{}, .int64Values = [0]{}, .bytes = [0]{}, .stringValue = ""}}
03-17 18:53:31.302   400   452 D adayocomadapter-CommunicationManager: onUpstreamReceive mPropertyId 0x21402241
03-17 18:53:31.302   400   452 D adayocomadapter-CommunicationManager: onUpstreamReceive isLoss 1 mPropertyId 0x21402242
03-17 18:53:31.302   400   452 D adayocomadapter-CommunicationManager: convertBytesToInt32Memcpy  0
03-17 18:53:31.302   400   452 D vw-vhal : notifyVehicleProperty, propId = 0x21402242, data = {status: 3, int32Values: [0]}
03-17 18:53:31.302   400   452 I DefaultVehicleHal_v2_0: DefaultVehicleHal::onPropertyValue, value:{.timestamp = 145250524015, .areaId = 0, .prop = 557851202, .status = UNAVAILABLE, .value = {.int32Values = [1]{0}, .floatValues = [0]{}, .int64Values = [0]{}, .bytes = [0]{}, .stringValue = ""}}
03-17 18:53:31.303   400   452 D adayocomadapter-CommunicationManager: onUpstreamReceive mPropertyId 0x21402242
03-17 18:53:31.303   400   452 D adayocomadapter-CommunicationManager: onUpstreamReceive isLoss 1 mPropertyId 0x214021e1
03-17 18:53:31.303   400   452 D adayocomadapter-CommunicationManager: convertBytesToInt32Memcpy  0
03-17 18:53:31.303   400   452 D vw-vhal : notifyVehicleProperty, propId = 0x214021e1, data = {status: 3, int32Values: [0]}
03-17 18:53:31.303   400   452 I DefaultVehicleHal_v2_0: DefaultVehicleHal::onPropertyValue, value:{.timestamp = 145250632015, .areaId = 0, .prop = 557851105, .status = UNAVAILABLE, .value = {.int32Values = [1]{0}, .floatValues = [0]{}, .int64Values = [0]{}, .bytes = [0]{}, .stringValue = ""}}
03-17 18:53:31.303   400   452 D adayocomadapter-CommunicationManager: onUpstreamReceive mPropertyId 0x214021e1
03-17 18:53:31.303   400   452 D adayocomadapter-CommunicationManager: onUpstreamReceive isLoss 1 mPropertyId 0x21402243
03-17 18:53:31.303   400   452 D adayocomadapter-CommunicationManager: convertBytesToInt32Memcpy  0
03-17 18:53:31.303   400   452 D vw-vhal : notifyVehicleProperty, propId = 0x21402243, data = {status: 3, int32Values: [0]}
03-17 18:53:31.303   400   452 I DefaultVehicleHal_v2_0: DefaultVehicleHal::onPropertyValue, value:{.timestamp = 145250734349, .areaId = 0, .prop = 557851203, .status = UNAVAILABLE, .value = {.int32Values = [1]{0}, .floatValues = [0]{}, .int64Values = [0]{}, .bytes = [0]{}, .stringValue = ""}}
03-17 18:53:31.303   400   452 D adayocomadapter-CommunicationManager: onUpstreamReceive mPropertyId 0x21402243
03-17 18:53:31.303   400   452 D adayocomadapter-CommunicationManager: onUpstreamReceive isLoss 1 mPropertyId 0x21402244
03-17 18:53:31.303   400   452 D adayocomadapter-CommunicationManager: convertBytesToInt32Memcpy  0
03-17 18:53:31.303   400   452 D vw-vhal : notifyVehicleProperty, propId = 0x21402244, data = {status: 3, int32Values: [0]}
03-17 18:53:31.303   400   452 I DefaultVehicleHal_v2_0: DefaultVehicleHal::onPropertyValue, value:{.timestamp = 145250839349, .areaId = 0, .prop = 557851204, .status = UNAVAILABLE, .value = {.int32Values = [1]{0}, .floatValues = [0]{}, .int64Values = [0]{}, .bytes = [0]{}, .stringValue = ""}}
03-17 18:53:31.303   400   452 D adayocomadapter-CommunicationManager: onUpstreamReceive mPropertyId 0x21402244
03-17 18:53:31.303   400   452 D adayocomadapter-CommunicationManager: onUpstreamReceive isLoss 1 mPropertyId 0x21402245
03-17 18:53:31.303   400   452 D adayocomadapter-CommunicationManager: convertBytesToInt32Memcpy  0
03-17 18:53:31.303   400   452 D vw-vhal : notifyVehicleProperty, propId = 0x21402245, data = {status: 3, int32Values: [0]}
03-17 18:53:31.303   400   452 I DefaultVehicleHal_v2_0: DefaultVehicleHal::onPropertyValue, value:{.timestamp = 145250942682, .areaId = 0, .prop = 557851205, .status = UNAVAILABLE, .value = {.int32Values = [1]{0}, .floatValues = [0]{}, .int64Values = [0]{}, .bytes = [0]{}, .stringValue = ""}}
03-17 18:53:31.303   400   452 D adayocomadapter-CommunicationManager: onUpstreamReceive mPropertyId 0x21402245
03-17 18:53:31.303   400   452 D adayocomadapter-CommunicationManager: onUpstreamReceive isLoss 1 mPropertyId 0x21402246
03-17 18:53:31.303   400   452 D adayocomadapter-CommunicationManager: convertBytesToInt32Memcpy  0
03-17 18:53:31.303   400   452 D vw-vhal : notifyVehicleProperty, propId = 0x21402246, data = {status: 3, int32Values: [0]}
03-17 18:53:31.303   400   452 I DefaultVehicleHal_v2_0: DefaultVehicleHal::onPropertyValue, value:{.timestamp = 145251045015, .areaId = 0, .prop = 557851206, .status = UNAVAILABLE, .value = {.int32Values = [1]{0}, .floatValues = [0]{}, .int64Values = [0]{}, .bytes = [0]{}, .stringValue = ""}}
03-17 18:53:31.303   400   452 D adayocomadapter-CommunicationManager: onUpstreamReceive mPropertyId 0x21402246
03-17 18:53:31.303   400   452 D adayocomadapter-CommunicationManager: onUpstreamReceive isLoss 1 mPropertyId 0x21402247
03-17 18:53:31.303   400   452 D adayocomadapter-CommunicationManager: convertBytesToInt32Memcpy  0
03-17 18:53:31.303   400   452 D vw-vhal : notifyVehicleProperty, propId = 0x21402247, data = {status: 3, int32Values: [0]}
03-17 18:53:31.303   400   452 I DefaultVehicleHal_v2_0: DefaultVehicleHal::onPropertyValue, value:{.timestamp = 145251147015, .areaId = 0, .prop = 557851207, .status = UNAVAILABLE, .value = {.int32Values = [1]{0}, .floatValues = [0]{}, .int64Values = [0]{}, .bytes = [0]{}, .stringValue = ""}}
03-17 18:53:31.303   400   452 D adayocomadapter-CommunicationManager: onUpstreamReceive mPropertyId 0x21402247
03-17 18:53:31.303   400   452 D adayocomadapter-CommunicationManager: onUpstreamReceive isLoss 1 mPropertyId 0x21402248
03-17 18:53:31.303   400   452 D adayocomadapter-CommunicationManager: convertBytesToInt32Memcpy  0
03-17 18:53:31.303   400   452 D vw-vhal : notifyVehicleProperty, propId = 0x21402248, data = {status: 3, int32Values: [0]}
03-17 18:53:31.303   400   452 I DefaultVehicleHal_v2_0: DefaultVehicleHal::onPropertyValue, value:{.timestamp = 145251251015, .areaId = 0, .prop = 557851208, .status = UNAVAILABLE, .value = {.int32Values = [1]{0}, .floatValues = [0]{}, .int64Values = [0]{}, .bytes = [0]{}, .stringValue = ""}}
03-17 18:53:31.303   400   452 D adayocomadapter-CommunicationManager: onUpstreamReceive mPropertyId 0x21402248
03-17 18:53:31.303   400   452 D adayocomadapter-CommunicationManager: onUpstreamReceive isLoss 1 mPropertyId 0x21402249
03-17 18:53:31.303   400   452 D adayocomadapter-CommunicationManager: convertBytesToInt32Memcpy  0
03-17 18:53:31.303   400   452 D vw-vhal : notifyVehicleProperty, propId = 0x21402249, data = {status: 3, int32Values: [0]}
03-17 18:53:31.303   400   452 I DefaultVehicleHal_v2_0: DefaultVehicleHal::onPropertyValue, value:{.timestamp = 145251363682, .areaId = 0, .prop = 557851209, .status = UNAVAILABLE, .value = {.int32Values = [1]{0}, .floatValues = [0]{}, .int64Values = [0]{}, .bytes = [0]{}, .stringValue = ""}}
03-17 18:53:31.303   400   452 D adayocomadapter-CommunicationManager: onUpstreamReceive mPropertyId 0x21402249
03-17 18:53:31.303   400   452 D adayocomadapter-CommunicationManager: onUpstreamReceive isLoss 1 mPropertyId 0x2140224b
03-17 18:53:31.303   400   452 D adayocomadapter-CommunicationManager: convertBytesToInt32Memcpy  0
03-17 18:53:31.303   400   452 D vw-vhal : notifyVehicleProperty, propId = 0x2140224b, data = {status: 3, int32Values: [0]}
03-17 18:53:31.303   400   452 I DefaultVehicleHal_v2_0: DefaultVehicleHal::onPropertyValue, value:{.timestamp = 145251471015, .areaId = 0, .prop = 557851211, .status = UNAVAILABLE, .value = {.int32Values = [1]{0}, .floatValues = [0]{}, .int64Values = [0]{}, .bytes = [0]{}, .stringValue = ""}}
03-17 18:53:31.303   400   452 D adayocomadapter-CommunicationManager: onUpstreamReceive mPropertyId 0x2140224b
03-17 18:53:31.303   400   452 D adayocomadapter-CommunicationManager: onUpstreamReceive isLoss 1 mPropertyId 0x2140224d
03-17 18:53:31.303   400   452 D adayocomadapter-CommunicationManager: convertBytesToInt32Memcpy  0
03-17 18:53:31.304   400   452 D vw-vhal : notifyVehicleProperty, propId = 0x2140224d, data = {status: 3, int32Values: [0]}
03-17 18:53:31.304   400   452 I DefaultVehicleHal_v2_0: DefaultVehicleHal::onPropertyValue, value:{.timestamp = 145251576682, .areaId = 0, .prop = 557851213, .status = UNAVAILABLE, .value = {.int32Values = [1]{0}, .floatValues = [0]{}, .int64Values = [0]{}, .bytes = [0]{}, .stringValue = ""}}
03-17 18:53:31.304   400   452 D adayocomadapter-CommunicationManager: onUpstreamReceive mPropertyId 0x2140224d
03-17 18:53:31.304   400   452 D adayocomadapter-CommunicationManager: onUpstreamReceive isLoss 1 mPropertyId 0x2140224f
03-17 18:53:31.304   400   452 D adayocomadapter-CommunicationManager: convertBytesToInt32Memcpy  0
03-17 18:53:31.304   400   452 D vw-vhal : notifyVehicleProperty, propId = 0x2140224f, data = {status: 3, int32Values: [0]}
03-17 18:53:31.304   400   452 I DefaultVehicleHal_v2_0: DefaultVehicleHal::onPropertyValue, value:{.timestamp = 145251679349, .areaId = 0, .prop = 557851215, .status = UNAVAILABLE, .value = {.int32Values = [1]{0}, .floatValues = [0]{}, .int64Values = [0]{}, .bytes = [0]{}, .stringValue = ""}}
03-17 18:53:31.304   400   452 D adayocomadapter-CommunicationManager: onUpstreamReceive mPropertyId 0x2140224f
03-17 18:53:31.304   400   452 D adayocomadapter-CommunicationManager: onUpstreamReceive isLoss 1 mPropertyId 0x21402251
03-17 18:53:31.304   400   452 D adayocomadapter-CommunicationManager: convertBytesToInt32Memcpy  0
03-17 18:53:31.304   400   452 D vw-vhal : notifyVehicleProperty, propId = 0x21402251, data = {status: 3, int32Values: [0]}
03-17 18:53:31.304   400   452 I DefaultVehicleHal_v2_0: DefaultVehicleHal::onPropertyValue, value:{.timestamp = 145251783015, .areaId = 0, .prop = 557851217, .status = UNAVAILABLE, .value = {.int32Values = [1]{0}, .floatValues = [0]{}, .int64Values = [0]{}, .bytes = [0]{}, .stringValue = ""}}
03-17 18:53:31.304   400   452 D adayocomadapter-CommunicationManager: onUpstreamReceive mPropertyId 0x21402251
03-17 18:53:31.304   400   452 D adayocomadapter-CommunicationManager: onUpstreamReceive isLoss 1 mPropertyId 0x21402253
03-17 18:53:31.304   400   452 D adayocomadapter-CommunicationManager: convertBytesToInt32Memcpy  0
03-17 18:53:31.304   400   452 D vw-vhal : notifyVehicleProperty, propId = 0x21402253, data = {status: 3, int32Values: [0]}
03-17 18:53:31.304   400   452 I DefaultVehicleHal_v2_0: DefaultVehicleHal::onPropertyValue, value:{.timestamp = 145251889349, .areaId = 0, .prop = 557851219, .status = UNAVAILABLE, .value = {.int32Values = [1]{0}, .floatValues = [0]{}, .int64Values = [0]{}, .bytes = [0]{}, .stringValue = ""}}
03-17 18:53:31.304   400   452 D adayocomadapter-CommunicationManager: onUpstreamReceive mPropertyId 0x21402253
03-17 18:53:31.304   400   452 D adayocomadapter-CommunicationManager: onUpstreamReceive isLoss 1 mPropertyId 0x21402254
03-17 18:53:31.304   400   452 D adayocomadapter-CommunicationManager: convertBytesToInt32Memcpy  0
03-17 18:53:31.304   400   452 D vw-vhal : notifyVehicleProperty, propId = 0x21402254, data = {status: 3, int32Values: [0]}
03-17 18:53:31.304   400   452 I DefaultVehicleHal_v2_0: DefaultVehicleHal::onPropertyValue, value:{.timestamp = 145251992682, .areaId = 0, .prop = 557851220, .status = UNAVAILABLE, .value = {.int32Values = [1]{0}, .floatValues = [0]{}, .int64Values = [0]{}, .bytes = [0]{}, .stringValue = ""}}
03-17 18:53:31.304   400   452 D adayocomadapter-CommunicationManager: onUpstreamReceive mPropertyId 0x21402254
03-17 18:53:31.313  1646  2260 E DataCollectManager: eventId = thresholdUpload, data = {"AllInfo":"{\"Cpu\": [{\"coreId\": -1, \"Usage\": 0.23, \"user\": 6.42, \"nice\": 1.04, \"system\": 13.73, \"idle\": 76.57, \"iowait\": 0.15, \"irq\": 1.34, \"softirq\": 0.75},{\"coreId\": 0, \"Usage\": 0.33, \"user\": 8.04, \"nice\": 0.89, \"system\": 19.64, \"idle\": 66.96, \"iowait\": 0.00, \"irq\": 1.79, \"softirq\": 2.68},{\"coreId\": 1, \"Usage\": 0.17, \"user\": 3.67, \"nice\": 1.83, \"system\": 10.09, \"idle\": 83.49, \"iowait\": 0.00, \"irq\": 0.92, \"softirq\": 0.00},{\"coreId\": 2, \"Usage\": 0.26, \"user\": 6.96, \"nice\": 2.61, \"system\": 13.91, \"idle\": 73.91, \"iowait\": 0.00, \"irq\": 1.74, \"softirq\": 0.87},{\"coreId\": 3, \"Usage\": 0.29, \"user\": 7.14, \"nice\": 0.00, \"system\": 19.64, \"idle\": 71.43, \"iowait\": 0.00, \"irq\": 0.89, \"softirq\": 0.89},{\"coreId\": 4, \"Usage\": 0.15, \"user\": 6.31, \"nice\": 0.00, \"system\": 7.21, \"idle\": 84.68, \"iowait\": 0.00, \"irq\": 1.80, \"softirq\": 0.00},{\"coreId\": 5, \"Usage\": 0.20, \"user\": 6.19, \"nice\": 0.00, \"system\": 11.50, \"idle\": 79.65, \"iowait\": 0.00, \"irq\": 1.77, \"softirq\": 0.88},],{\"type\": \" android_mem \",\"subType\": \" mem_usage \",\"currentValue\": \"0.7180281\",\"thresholdValue\": \" 25.00% \",\"stat\": \"Usage:0.7180281,MemTotal:6004812M,MemFree:1065272M,MemAvailable:1693188M,Cached:1432840M,SwapTotal:2401920M,SwapFree:1827712M\"},{\"type\": \" android_io \",\"subType\": \" write_rate \",\"currentValue\": \"0.00\",\"thresholdValue\": \" 10MB/s \",\"stat\": \"ReadKBps:0.00 MB/s,WriteKBps:0.37 MB/s, iops:21.00 times/s},{\"disk\":{\"usage\":7.81,\"freeSpaceMB\":46893,\"totalSpaceMB\":50867}}"}
03-17 18:53:31.326  2383  2600 D AdayoDoipServer294_Doip: [ne_doip_event_loop_dispatch][line:141] : count = 0
03-17 18:53:31.330  1627  1643 D CollectDataDataFiller: ===
03-17 18:53:31.330  1627  1643 D CollectDataDataFiller: Fill [AppId = SystemInfo] [EventId = thresholdUpload] with
03-17 18:53:31.330  1627  1643 D CollectDataDataFiller: [MsgId = a4ef932f-1e8b-4729-be1f-7dbfe3712bed]
03-17 18:53:31.330  1627  1643 D CollectDataDataFiller: ===
03-17 18:53:31.344  1646  2260 E DataCollectManager: eventId = monitorProcess, data = {"ProcessInfo":"{\"pid\":\"1646\",\"cmdline\":\"com.adayo.aaop_deviceservice\",\"cpu\":\"2.8\",\"memory\":\"13509588\"},{\"pid\":\"9713\",\"cmdline\":\"sh\",\"cpu\":\"1.0\",\"memory\":\"\"},{\"pid\":\"9714\",\"cmdline\":\"ps -A -o pid,pcpu,args --sort\u003d-pcpu\",\"cpu\":\"1.0\",\"memory\":\"\"},{\"pid\":\"9715\",\"cmdline\":\"head -n 11\",\"cpu\":\"1.0\",\"memory\":\"\"}"}
03-17 18:53:31.354  1627  1643 D CollectDataDataFiller: ===
03-17 18:53:31.354  1627  1643 D CollectDataDataFiller: Fill [AppId = SystemInfo] [EventId = monitorProcess] with
03-17 18:53:31.354  1627  1643 D CollectDataDataFiller: [MsgId = 30f36bb0-2f8d-4ce6-b38c-81d33aa62a4e]
03-17 18:53:31.354  1627  1643 D CollectDataDataFiller: ===
03-17 18:53:31.366   582  3616 E WifiHAL : Invalid data received from driver
03-17 18:53:31.372  6654  6700 D TimerTriggerManager: init instance...
03-17 18:53:31.372  6654  6700 D TimerTriggerManager: Timer thread'TimerTriggerManager' is destroyed: false
03-17 18:53:31.372  6654  6700 D TimerTriggerManager: Timer 'onIndcnVehSpdChanged' is running: true
03-17 18:53:31.372  6654  6700 D TimerTriggerManager: Sending reset signal to timer 'onIndcnVehSpdChanged'
03-17 18:53:31.372  6654  6700 D TimerTriggerManager: Reset signal sent to timer 'onIndcnVehSpdChanged'
03-17 18:53:31.373  6654  6707 D TimerTriggerController: Reset method called for timer: onIndcnVehSpdChanged
03-17 18:53:31.373  6654  6707 D TimerTriggerController: Calling onTimerReset for timer: onIndcnVehSpdChanged
03-17 18:53:31.373  6654  6707 D TimerTriggerManager: Timer reset: onIndcnVehSpdChanged
03-17 18:53:31.373  6654  6707 I TimerTriggerController: Timer [onIndcnVehSpdChanged] reset, remaining: 1000ms, reset count: 972
03-17 18:53:31.373  6654  6700 D TimerTriggerManager: init instance...
03-17 18:53:31.373  6654  6700 D TimerTriggerManager: Timer thread'TimerTriggerManager' is destroyed: false
03-17 18:53:31.373  6654  6700 D TimerTriggerManager: Timer 'onMntnWarnReqChanged' is running: true
03-17 18:53:31.373  6654  6700 D TimerTriggerManager: Sending reset signal to timer 'onMntnWarnReqChanged'
03-17 18:53:31.373  6654  6700 D TimerTriggerManager: Reset signal sent to timer 'onMntnWarnReqChanged'
03-17 18:53:31.373  6654  6707 D TimerTriggerController: Reset method called for timer: onMntnWarnReqChanged
03-17 18:53:31.373  6654  6707 D TimerTriggerController: Calling onTimerReset for timer: onMntnWarnReqChanged
03-17 18:53:31.373  6654  6707 D TimerTriggerManager: Timer reset: onMntnWarnReqChanged
03-17 18:53:31.373  6654  6707 I TimerTriggerController: Timer [onMntnWarnReqChanged] reset, remaining: 5000ms, reset count: 486
03-17 18:53:31.381  1603  1603 I ADAYO_LOG_: handleMessage(UsbFunc.java:3)copyQnx = 0
03-17 18:53:31.381  1603  1603 I ADAYO_LOG_: handleMessage(UsbFunc.java:69)copyState = 2
03-17 18:53:31.416   642   800 I mcuc    : sd Uart data : 6AA600008D000206016A
03-17 18:53:31.423   582  3616 E WifiHAL : Invalid data received from driver
01-01 08:02:26.573   709   709 I [schedu][0x8aa2fe0][10:53:31.423559] qcn7605: [709:I:PE] lim_process_action_frame_no_session: Unhandled action frame without session: 7f
03-17 18:53:31.426  2383  2600 D AdayoDoipServer294_Doip: [ne_doip_event_loop_dispatch][line:141] : count = 0
03-17 18:53:31.439   644   644 E fgesysctrl_hidl_hal_test1: fgesysctrl_get_signal status *value=0
03-17 18:53:31.439   649   759 D EvsApp  : CameraFgeSysctrl::fgesysctrl_get_signal_status() end ret = 1
03-17 18:53:31.439  1646  1727 I evsservice20200311: function = notifyAppDeviceValue :ADAYO_AVM_CAMERA_SIGNAL_STATE,1---
03-17 18:53:31.441  1646  1985 E EvsServiceManager: EvsServiceManager$1->notifyDeviceValue()42:notifyDeviceValue key：ADAYO_AVM_CAMERA_SIGNAL_STATEvalue1     ---167:Thread-129
03-17 18:53:31.456   582  3616 E WifiHAL : Invalid data received from driver
03-17 18:53:31.473  6654  6700 D TimerTriggerManager: init instance...
03-17 18:53:31.473  6654  6700 D TimerTriggerManager: Timer thread'TimerTriggerManager' is destroyed: false
03-17 18:53:31.473  6654  6700 D TimerTriggerManager: Timer 'onIndcnVehSpdChanged' is running: true
03-17 18:53:31.473  6654  6700 D TimerTriggerManager: Sending reset signal to timer 'onIndcnVehSpdChanged'
03-17 18:53:31.473  6654  6700 D TimerTriggerManager: Reset signal sent to timer 'onIndcnVehSpdChanged'
03-17 18:53:31.473  6654  6707 D TimerTriggerController: Reset method called for timer: onIndcnVehSpdChanged
03-17 18:53:31.473  6654  6707 D TimerTriggerController: Calling onTimerReset for timer: onIndcnVehSpdChanged
03-17 18:53:31.473  6654  6707 D TimerTriggerManager: Timer reset: onIndcnVehSpdChanged
03-17 18:53:31.473  6654  6707 I TimerTriggerController: Timer [onIndcnVehSpdChanged] reset, remaining: 1000ms, reset count: 973
03-17 18:53:31.526   582  3616 E WifiHAL : Invalid data received from driver
03-17 18:53:31.526  2383  2600 D AdayoDoipServer294_Doip: [ne_doip_event_loop_dispatch][line:141] : count = 0
03-17 18:53:31.528  2106  2460 D CAR.DIAGNOSTIC: Entry - Type: 0x01, ServiceId: 0x2048, InstanceId: 0x0001, MajorVersion: 0x01FFFFFF, TTL: 0
03-17 18:53:31.528  2106  2450 D CAR.DIAGNOSTIC: Entry - Type: 0x01, ServiceId: 0x2048, InstanceId: 0x0001, MajorVersion: 0x01FFFFFF, TTL: 0
03-17 18:53:31.528  2106  2458 D CAR.DIAGNOSTIC: Entry - Type: 0x01, ServiceId: 0x2048, InstanceId: 0x0001, MajorVersion: 0x01FFFFFF, TTL: 0
03-17 18:53:31.528  2106  2458 D CAR.DIAGNOSTIC: Entry - Type: 0x01, ServiceId: 0x5555, InstanceId: 0x0001, MajorVersion: 0x01FFFFFF, TTL: 0
03-17 18:53:31.528  2106  2450 D CAR.DIAGNOSTIC: Entry - Type: 0x01, ServiceId: 0x5555, InstanceId: 0x0001, MajorVersion: 0x01FFFFFF, TTL: 0
03-17 18:53:31.528  2106  2450 W CAR.DIAGNOSTIC: Not enough data for option indices: needed 128, remaining 52
03-17 18:53:31.528  2106  2458 W CAR.DIAGNOSTIC: Not enough data for option indices: needed 128, remaining 52
03-17 18:53:31.528  2106  2460 D CAR.DIAGNOSTIC: Entry - Type: 0x01, ServiceId: 0x5555, InstanceId: 0x0001, MajorVersion: 0x01FFFFFF, TTL: 0
03-17 18:53:31.528  2106  2460 W CAR.DIAGNOSTIC: Not enough data for option indices: needed 128, remaining 52
03-17 18:53:31.531  1566  3186 D TboxNetworkManager: tboxNetworkbinder=null
03-17 18:53:31.567   582  3616 E WifiHAL : Invalid data received from driver
03-17 18:53:31.575  6654  6700 D TimerTriggerManager: init instance...
03-17 18:53:31.575  6654  6700 D TimerTriggerManager: Timer thread'TimerTriggerManager' is destroyed: false
03-17 18:53:31.575  6654  6700 D TimerTriggerManager: Timer 'onIndcnVehSpdChanged' is running: true
03-17 18:53:31.575  6654  6700 D TimerTriggerManager: Sending reset signal to timer 'onIndcnVehSpdChanged'
03-17 18:53:31.575  6654  6700 D TimerTriggerManager: Reset signal sent to timer 'onIndcnVehSpdChanged'
03-17 18:53:31.575  6654  6707 D TimerTriggerController: Reset method called for timer: onIndcnVehSpdChanged
03-17 18:53:31.575  6654  6707 D TimerTriggerController: Calling onTimerReset for timer: onIndcnVehSpdChanged
03-17 18:53:31.575  6654  6707 D TimerTriggerManager: Timer reset: onIndcnVehSpdChanged
03-17 18:53:31.575  6654  6707 I TimerTriggerController: Timer [onIndcnVehSpdChanged] reset, remaining: 1000ms, reset count: 974
03-17 18:53:31.575  6654  6700 D TimerTriggerManager: init instance...
03-17 18:53:31.575  6654  6700 D TimerTriggerManager: Timer thread'TimerTriggerManager' is destroyed: false
03-17 18:53:31.575  6654  6700 D TimerTriggerManager: Timer 'onMntnWarnReqChanged' is running: true
03-17 18:53:31.575  6654  6700 D TimerTriggerManager: Sending reset signal to timer 'onMntnWarnReqChanged'
03-17 18:53:31.575  6654  6700 D TimerTriggerManager: Reset signal sent to timer 'onMntnWarnReqChanged'
03-17 18:53:31.575  6654  6707 D TimerTriggerController: Reset method called for timer: onMntnWarnReqChanged
03-17 18:53:31.575  6654  6707 D TimerTriggerController: Calling onTimerReset for timer: onMntnWarnReqChanged
03-17 18:53:31.575  6654  6707 D TimerTriggerManager: Timer reset: onMntnWarnReqChanged
03-17 18:53:31.575  6654  6707 I TimerTriggerController: Timer [onMntnWarnReqChanged] reset, remaining: 5000ms, reset count: 487
03-17 18:53:31.627  2383  2600 D AdayoDoipServer294_Doip: [ne_doip_event_loop_dispatch][line:141] : count = 0
03-17 18:53:31.633   582  3616 E WifiHAL : Invalid data received from driver
01-01 08:02:26.783     1     1 I init    : ... started service 'console' has pid 9732
03-17 18:53:31.671   642   685 I mcuc    : sd Uart data : 6AA602057200029202F1
03-17 18:53:31.674  6654  6700 D TimerTriggerManager: init instance...
03-17 18:53:31.674  6654  6700 D TimerTriggerManager: Timer thread'TimerTriggerManager' is destroyed: false
03-17 18:53:31.674  6654  6700 D TimerTriggerManager: Timer 'onIndcnVehSpdChanged' is running: true
03-17 18:53:31.674  6654  6700 D TimerTriggerManager: Sending reset signal to timer 'onIndcnVehSpdChanged'
03-17 18:53:31.674  6654  6700 D TimerTriggerManager: Reset signal sent to timer 'onIndcnVehSpdChanged'
03-17 18:53:31.674  6654  6707 D TimerTriggerController: Reset method called for timer: onIndcnVehSpdChanged
03-17 18:53:31.674  6654  6707 D TimerTriggerController: Calling onTimerReset for timer: onIndcnVehSpdChanged
03-17 18:53:31.674  6654  6707 D TimerTriggerManager: Timer reset: onIndcnVehSpdChanged
03-17 18:53:31.674  6654  6707 I TimerTriggerController: Timer [onIndcnVehSpdChanged] reset, remaining: 1000ms, reset count: 975
03-17 18:53:31.676   642   685 I mcuc    : rev uart=1465,len=64, data : 6AA681057200389202001800320000000012FF3F01FF01FF01FF01FF01FF01F40003FF03FF03FF03FF03FF03FF03FF03FF03FF03FF03FF03FF0700010101018A
03-17 18:53:31.676   400   400 D adayocomadapter-ParseProtocolFunc: printRaWMsg Name[MCUToUPstream recv] len[56] data[9202001800320000000012FF3F01FF01FF01FF01FF01FF01F40003FF03FF03FF03FF03FF03FF03FF03FF03FF03FF03FF03FF070001010101]
03-17 18:53:31.676   400   400 D adayocomadapter-CommunicationManager: onUpstreamback   member[0] dataLength[53] timePoint[145624]
03-17 18:53:31.676   400   400 D adayocomadapter-ParseProtocolFunc: printRaWMsg Name[onUpstreamback] len[53] data[1800320000000012FF3F01FF01FF01FF01FF01FF01F40003FF03FF03FF03FF03FF03FF03FF03FF03FF03FF03FF03FF070001010101]
03-17 18:53:31.677   400   452 D adayocomadapter-UpstreamHandler: processBeforePacket upSreamtProcessTimePoint[145624] 
03-17 18:53:31.677   400   452 D adayocomadapter-UpstreamHandler: processPacket UPSTREAM_QUEUE_DATA_TIMEOUT
03-17 18:53:31.677   400   452 D adayocomadapter-ParseProtocolFunc: parseCommonIPCLBytes Processing tableNumber[24]
03-17 18:53:31.677   400   452 D adayocomadapter-ParseProtocolFunc: parseCommonIPCLBytes Processing tablename[Table-24] tableSize[53]
03-17 18:53:31.677   400   452 D adayocomadapter-ParseProtocolFunc: printRaWMsg Name[byteStream recv] len[53] data[1800320000000012FF3F01FF01FF01FF01FF01FF01F40003FF03FF03FF03FF03FF03FF03FF03FF03FF03FF03FF03FF070001010101]
03-17 18:53:31.677   400   452 D adayocomadapter-ParseProtocolFunc: printRaWMsg Name[IPCLtoVHAL] len[9] data[2141211D010112FF3F]
03-17 18:53:31.677   400   452 D adayocomadapter-ParseProtocolFunc: printRaWMsg Name[IPCLtoVHAL] len[8] data[2140207A000103FF]
03-17 18:53:31.677   400   452 D adayocomadapter-ParseProtocolFunc: printRaWMsg Name[IPCLtoVHAL] len[7] data[214020D3000100]
03-17 18:53:31.677   400   452 D adayocomadapter-ParseProtocolFunc: printRaWMsg Name[IPCLtoVHAL] len[7] data[214020CB000132]
03-17 18:53:31.677   400   452 D adayocomadapter-ParseProtocolFunc: printRaWMsg Name[IPCLtoVHAL] len[8] data[2140203C000101FF]
03-17 18:53:31.677   400   452 D adayocomadapter-ParseProtocolFunc: printRaWMsg Name[IPCLtoVHAL] len[7] data[214020C9000100]
03-17 18:53:31.677   400   452 D adayocomadapter-ParseProtocolFunc: printRaWMsg Name[IPCLtoVHAL] len[7] data[214020CF000100]
03-17 18:53:31.677   400   452 D adayocomadapter-ParseProtocolFunc: printRaWMsg Name[IPCLtoVHAL] len[8] data[21402040000101FF]
03-17 18:53:31.677   400   452 D adayocomadapter-ParseProtocolFunc: printRaWMsg Name[IPCLtoVHAL] len[7] data[214020D1000100]
03-17 18:53:31.677   400   452 D adayocomadapter-ParseProtocolFunc: printRaWMsg Name[IPCLtoVHAL] len[8] data[21402044000101FF]
03-17 18:53:31.677   400   452 D adayocomadapter-ParseProtocolFunc: printRaWMsg Name[IPCLtoVHAL] len[7] data[214020D5000100]
03-17 18:53:31.677   400   452 D adayocomadapter-ParseProtocolFunc: printRaWMsg Name[IPCLtoVHAL] len[8] data[21402038000101FF]
03-17 18:53:31.677   400   452 D adayocomadapter-ParseProtocolFunc: printRaWMsg Name[IPCLtoVHAL] len[8] data[2140207D000103FF]
03-17 18:53:31.677   400   452 D adayocomadapter-ParseProtocolFunc: printRaWMsg Name[IPCLtoVHAL] len[8] data[2140207F000103FF]
03-17 18:53:31.677   400   452 D adayocomadapter-ParseProtocolFunc: printRaWMsg Name[IPCLtoVHAL] len[7] data[21402052000100]
03-17 18:53:31.677   400   452 D adayocomadapter-ParseProtocolFunc: printRaWMsg Name[IPCLtoVHAL] len[8] data[21402081000103FF]
03-17 18:53:31.677   400   452 D adayocomadapter-ParseProtocolFunc: printRaWMsg Name[IPCLtoVHAL] len[8] data[21402080000103FF]
03-17 18:53:31.677   400   452 D adayocomadapter-ParseProtocolFunc: printRaWMsg Name[IPCLtoVHAL] len[8] data[21402051000101F4]
03-17 18:53:31.677   400   452 D adayocomadapter-ParseProtocolFunc: printRaWMsg Name[IPCLtoVHAL] len[8] data[2140207B000103FF]
03-17 18:53:31.677   400   452 D adayocomadapter-ParseProtocolFunc: printRaWMsg Name[IPCLtoVHAL] len[8] data[2140204C000101FF]
03-17 18:53:31.677   400   452 D adayocomadapter-ParseProtocolFunc: printRaWMsg Name[IPCLtoVHAL] len[8] data[2140207C000103FF]
03-17 18:53:31.677   400   452 D adayocomadapter-ParseProtocolFunc: printRaWMsg Name[IPCLtoVHAL] len[8] data[2140207E000103FF]
03-17 18:53:31.677   400   452 D adayocomadapter-ParseProtocolFunc: printRaWMsg Name[IPCLtoVHAL] len[8] data[21402082000103FF]
03-17 18:53:31.677   400   452 D adayocomadapter-ParseProtocolFunc: printRaWMsg Name[IPCLtoVHAL] len[8] data[21402083000103FF]
03-17 18:53:31.677   400   452 D adayocomadapter-ParseProtocolFunc: printRaWMsg Name[IPCLtoVHAL] len[8] data[21402084000103FF]
03-17 18:53:31.677   400   452 D adayocomadapter-ParseProtocolFunc: printRaWMsg Name[IPCLtoVHAL] len[8] data[21402085000103FF]
03-17 18:53:31.677   400   452 D adayocomadapter-ParseProtocolFunc: printRaWMsg Name[IPCLtoVHAL] len[7] data[2140220A000107]
03-17 18:53:31.677   400   452 D adayocomadapter-ParseProtocolFunc: printRaWMsg Name[IPCLtoVHAL] len[7] data[214021E6000100]
03-17 18:53:31.677   400   452 D adayocomadapter-CommunicationManager: onUpstreamReceive isLoss 1 mPropertyId 0x2141211d
03-17 18:53:31.677   400   452 D vw-vhal : notifyVehicleProperty, propId = 0x2141211d, data = {status: 3, int32Values: [18, 255, 63]}
03-17 18:53:31.677   400   452 I DefaultVehicleHal_v2_0: DefaultVehicleHal::onPropertyValue, value:{.timestamp = 145625292015, .areaId = 0, .prop = 557916445, .status = UNAVAILABLE, .value = {.int32Values = [3]{18, 255, 63}, .floatValues = [0]{}, .int64Values = [0]{}, .bytes = [0]{}, .stringValue = ""}}
03-17 18:53:31.677   400   452 D adayocomadapter-CommunicationManager: onUpstreamReceive mPropertyId 0x2141211d
03-17 18:53:31.677   400   452 D adayocomadapter-CommunicationManager: onUpstreamReceive isLoss 1 mPropertyId 0x2140207a
03-17 18:53:31.677   400   452 D adayocomadapter-CommunicationManager: convertBytesToInt32Memcpy  1023
03-17 18:53:31.677   400   452 D vw-vhal : notifyVehicleProperty, propId = 0x2140207a, data = {status: 3, int32Values: [1023]}
03-17 18:53:31.677   400   452 I DefaultVehicleHal_v2_0: DefaultVehicleHal::onPropertyValue, value:{.timestamp = 145625455349, .areaId = 0, .prop = 557850746, .status = UNAVAILABLE, .value = {.int32Values = [1]{1023}, .floatValues = [0]{}, .int64Values = [0]{}, .bytes = [0]{}, .stringValue = ""}}
03-17 18:53:31.677   400   452 D adayocomadapter-CommunicationManager: onUpstreamReceive mPropertyId 0x2140207a
03-17 18:53:31.677   400   452 D adayocomadapter-CommunicationManager: onUpstreamReceive isLoss 1 mPropertyId 0x214020d3
03-17 18:53:31.677   400   452 D adayocomadapter-CommunicationManager: convertBytesToInt32Memcpy  0
03-17 18:53:31.678   400   452 D vw-vhal : notifyVehicleProperty, propId = 0x214020d3, data = {status: 3, int32Values: [0]}
03-17 18:53:31.678   400   452 I DefaultVehicleHal_v2_0: DefaultVehicleHal::onPropertyValue, value:{.timestamp = 145625577682, .areaId = 0, .prop = 557850835, .status = UNAVAILABLE, .value = {.int32Values = [1]{0}, .floatValues = [0]{}, .int64Values = [0]{}, .bytes = [0]{}, .stringValue = ""}}
03-17 18:53:31.678   400   452 D adayocomadapter-CommunicationManager: onUpstreamReceive mPropertyId 0x214020d3
03-17 18:53:31.678   400   452 D adayocomadapter-CommunicationManager: onUpstreamReceive isLoss 1 mPropertyId 0x214020cb
03-17 18:53:31.678   400   452 D adayocomadapter-CommunicationManager: convertBytesToInt32Memcpy  50
03-17 18:53:31.678   400   452 D vw-vhal : notifyVehicleProperty, propId = 0x214020cb, data = {status: 3, int32Values: [50]}
03-17 18:53:31.678   400   452 I DefaultVehicleHal_v2_0: DefaultVehicleHal::onPropertyValue, value:{.timestamp = 145625690682, .areaId = 0, .prop = 557850827, .status = UNAVAILABLE, .value = {.int32Values = [1]{50}, .floatValues = [0]{}, .int64Values = [0]{}, .bytes = [0]{}, .stringValue = ""}}
03-17 18:53:31.678   400   452 D adayocomadapter-CommunicationManager: onUpstreamReceive mPropertyId 0x214020cb
03-17 18:53:31.678   400   452 D adayocomadapter-CommunicationManager: onUpstreamReceive isLoss 1 mPropertyId 0x2140203c
03-17 18:53:31.678   400   452 D adayocomadapter-CommunicationManager: convertBytesToInt32Memcpy  511
03-17 18:53:31.678   400   452 D vw-vhal : notifyVehicleProperty, propId = 0x2140203c, data = {status: 3, int32Values: [511]}
03-17 18:53:31.678   400   452 I DefaultVehicleHal_v2_0: DefaultVehicleHal::onPropertyValue, value:{.timestamp = 145625802015, .areaId = 0, .prop = 557850684, .status = UNAVAILABLE, .value = {.int32Values = [1]{511}, .floatValues = [0]{}, .int64Values = [0]{}, .bytes = [0]{}, .stringValue = ""}}
03-17 18:53:31.678   400   452 D adayocomadapter-CommunicationManager: onUpstreamReceive mPropertyId 0x2140203c
03-17 18:53:31.678   400   452 D adayocomadapter-CommunicationManager: onUpstreamReceive isLoss 1 mPropertyId 0x214020c9
03-17 18:53:31.678   400   452 D adayocomadapter-CommunicationManager: convertBytesToInt32Memcpy  0
03-17 18:53:31.678   400   452 D vw-vhal : notifyVehicleProperty, propId = 0x214020c9, data = {status: 3, int32Values: [0]}
03-17 18:53:31.678   400   452 I DefaultVehicleHal_v2_0: DefaultVehicleHal::onPropertyValue, value:{.timestamp = 145625912015, .areaId = 0, .prop = 557850825, .status = UNAVAILABLE, .value = {.int32Values = [1]{0}, .floatValues = [0]{}, .int64Values = [0]{}, .bytes = [0]{}, .stringValue = ""}}
03-17 18:53:31.678   400   452 D adayocomadapter-CommunicationManager: onUpstreamReceive mPropertyId 0x214020c9
03-17 18:53:31.678   400   452 D adayocomadapter-CommunicationManager: onUpstreamReceive isLoss 1 mPropertyId 0x214020cf
03-17 18:53:31.678   400   452 D adayocomadapter-CommunicationManager: convertBytesToInt32Memcpy  0
03-17 18:53:31.678   400   452 D vw-vhal : notifyVehicleProperty, propId = 0x214020cf, data = {status: 3, int32Values: [0]}
03-17 18:53:31.678   400   452 I DefaultVehicleHal_v2_0: DefaultVehicleHal::onPropertyValue, value:{.timestamp = 145626024682, .areaId = 0, .prop = 557850831, .status = UNAVAILABLE, .value = {.int32Values = [1]{0}, .floatValues = [0]{}, .int64Values = [0]{}, .bytes = [0]{}, .stringValue = ""}}
03-17 18:53:31.678   400   452 D adayocomadapter-CommunicationManager: onUpstreamReceive mPropertyId 0x214020cf
03-17 18:53:31.678   400   452 D adayocomadapter-CommunicationManager: onUpstreamReceive isLoss 1 mPropertyId 0x21402040
03-17 18:53:31.678   400   452 D adayocomadapter-CommunicationManager: convertBytesToInt32Memcpy  511
03-17 18:53:31.678   400   452 D vw-vhal : notifyVehicleProperty, propId = 0x21402040, data = {status: 3, int32Values: [511]}
03-17 18:53:31.678   400   452 I DefaultVehicleHal_v2_0: DefaultVehicleHal::onPropertyValue, value:{.timestamp = 145626134015, .areaId = 0, .prop = 557850688, .status = UNAVAILABLE, .value = {.int32Values = [1]{511}, .floatValues = [0]{}, .int64Values = [0]{}, .bytes = [0]{}, .stringValue = ""}}
03-17 18:53:31.678   400   452 D adayocomadapter-CommunicationManager: onUpstreamReceive mPropertyId 0x21402040
03-17 18:53:31.678   400   452 D adayocomadapter-CommunicationManager: onUpstreamReceive isLoss 1 mPropertyId 0x214020d1
03-17 18:53:31.678   400   452 D adayocomadapter-CommunicationManager: convertBytesToInt32Memcpy  0
03-17 18:53:31.678   400   452 D vw-vhal : notifyVehicleProperty, propId = 0x214020d1, data = {status: 3, int32Values: [0]}
03-17 18:53:31.678   400   452 I DefaultVehicleHal_v2_0: DefaultVehicleHal::onPropertyValue, value:{.timestamp = 145626236682, .areaId = 0, .prop = 557850833, .status = UNAVAILABLE, .value = {.int32Values = [1]{0}, .floatValues = [0]{}, .int64Values = [0]{}, .bytes = [0]{}, .stringValue = ""}}
03-17 18:53:31.678   400   452 D adayocomadapter-CommunicationManager: onUpstreamReceive mPropertyId 0x214020d1
03-17 18:53:31.678   400   452 D adayocomadapter-CommunicationManager: onUpstreamReceive isLoss 1 mPropertyId 0x21402044
03-17 18:53:31.678   400   452 D adayocomadapter-CommunicationManager: convertBytesToInt32Memcpy  511
03-17 18:53:31.678   400   452 D vw-vhal : notifyVehicleProperty, propId = 0x21402044, data = {status: 3, int32Values: [511]}
03-17 18:53:31.678   400   452 I DefaultVehicleHal_v2_0: DefaultVehicleHal::onPropertyValue, value:{.timestamp = 145626338682, .areaId = 0, .prop = 557850692, .status = UNAVAILABLE, .value = {.int32Values = [1]{511}, .floatValues = [0]{}, .int64Values = [0]{}, .bytes = [0]{}, .stringValue = ""}}
03-17 18:53:31.678   400   452 D adayocomadapter-CommunicationManager: onUpstreamReceive mPropertyId 0x21402044
03-17 18:53:31.678   400   452 D adayocomadapter-CommunicationManager: onUpstreamReceive isLoss 1 mPropertyId 0x214020d5
03-17 18:53:31.678   400   452 D adayocomadapter-CommunicationManager: convertBytesToInt32Memcpy  0
03-17 18:53:31.678   400   452 D vw-vhal : notifyVehicleProperty, propId = 0x214020d5, data = {status: 3, int32Values: [0]}
03-17 18:53:31.678   400   452 I DefaultVehicleHal_v2_0: DefaultVehicleHal::onPropertyValue, value:{.timestamp = 145626442015, .areaId = 0, .prop = 557850837, .status = UNAVAILABLE, .value = {.int32Values = [1]{0}, .floatValues = [0]{}, .int64Values = [0]{}, .bytes = [0]{}, .stringValue = ""}}
03-17 18:53:31.678   400   452 D adayocomadapter-CommunicationManager: onUpstreamReceive mPropertyId 0x214020d5
03-17 18:53:31.678   400   452 D adayocomadapter-CommunicationManager: onUpstreamReceive isLoss 1 mPropertyId 0x21402038
03-17 18:53:31.678   400   452 D adayocomadapter-CommunicationManager: convertBytesToInt32Memcpy  511
03-17 18:53:31.678   400   452 D vw-vhal : notifyVehicleProperty, propId = 0x21402038, data = {status: 3, int32Values: [511]}
03-17 18:53:31.679   400   452 I DefaultVehicleHal_v2_0: DefaultVehicleHal::onPropertyValue, value:{.timestamp = 145626545349, .areaId = 0, .prop = 557850680, .status = UNAVAILABLE, .value = {.int32Values = [1]{511}, .floatValues = [0]{}, .int64Values = [0]{}, .bytes = [0]{}, .stringValue = ""}}
03-17 18:53:31.679   400   452 D adayocomadapter-CommunicationManager: onUpstreamReceive mPropertyId 0x21402038
03-17 18:53:31.679   400   452 D adayocomadapter-CommunicationManager: onUpstreamReceive isLoss 1 mPropertyId 0x2140207d
03-17 18:53:31.679   400   452 D adayocomadapter-CommunicationManager: convertBytesToInt32Memcpy  1023
03-17 18:53:31.679   400   452 D vw-vhal : notifyVehicleProperty, propId = 0x2140207d, data = {status: 3, int32Values: [1023]}
03-17 18:53:31.679   400   452 I DefaultVehicleHal_v2_0: DefaultVehicleHal::onPropertyValue, value:{.timestamp = 145626654015, .areaId = 0, .prop = 557850749, .status = UNAVAILABLE, .value = {.int32Values = [1]{1023}, .floatValues = [0]{}, .int64Values = [0]{}, .bytes = [0]{}, .stringValue = ""}}
03-17 18:53:31.679   400   452 D adayocomadapter-CommunicationManager: onUpstreamReceive mPropertyId 0x2140207d
03-17 18:53:31.679   400   452 D adayocomadapter-CommunicationManager: onUpstreamReceive isLoss 1 mPropertyId 0x2140207f
03-17 18:53:31.679   400   452 D adayocomadapter-CommunicationManager: convertBytesToInt32Memcpy  1023
03-17 18:53:31.679   400   452 D vw-vhal : notifyVehicleProperty, propId = 0x2140207f, data = {status: 3, int32Values: [1023]}
03-17 18:53:31.679   400   452 I DefaultVehicleHal_v2_0: DefaultVehicleHal::onPropertyValue, value:{.timestamp = 145626761682, .areaId = 0, .prop = 557850751, .status = UNAVAILABLE, .value = {.int32Values = [1]{1023}, .floatValues = [0]{}, .int64Values = [0]{}, .bytes = [0]{}, .stringValue = ""}}
03-17 18:53:31.679   400   452 D adayocomadapter-CommunicationManager: onUpstreamReceive mPropertyId 0x2140207f
03-17 18:53:31.679   400   452 D adayocomadapter-CommunicationManager: onUpstreamReceive isLoss 1 mPropertyId 0x21402052
03-17 18:53:31.679   400   452 D adayocomadapter-CommunicationManager: convertBytesToInt32Memcpy  0
03-17 18:53:31.679   400   452 D vw-vhal : notifyVehicleProperty, propId = 0x21402052, data = {status: 3, int32Values: [0]}
03-17 18:53:31.679   400   452 I DefaultVehicleHal_v2_0: DefaultVehicleHal::onPropertyValue, value:{.timestamp = 145626875015, .areaId = 0, .prop = 557850706, .status = UNAVAILABLE, .value = {.int32Values = [1]{0}, .floatValues = [0]{}, .int64Values = [0]{}, .bytes = [0]{}, .stringValue = ""}}
03-17 18:53:31.679   400   452 D adayocomadapter-CommunicationManager: onUpstreamReceive mPropertyId 0x21402052
03-17 18:53:31.679   400   452 D adayocomadapter-CommunicationManager: onUpstreamReceive isLoss 1 mPropertyId 0x21402081
03-17 18:53:31.679   400   452 D adayocomadapter-CommunicationManager: convertBytesToInt32Memcpy  1023
03-17 18:53:31.679   400   452 D vw-vhal : notifyVehicleProperty, propId = 0x21402081, data = {status: 3, int32Values: [1023]}
03-17 18:53:31.679   400   452 I DefaultVehicleHal_v2_0: DefaultVehicleHal::onPropertyValue, value:{.timestamp = 145626983349, .areaId = 0, .prop = 557850753, .status = UNAVAILABLE, .value = {.int32Values = [1]{1023}, .floatValues = [0]{}, .int64Values = [0]{}, .bytes = [0]{}, .stringValue = ""}}
03-17 18:53:31.679   400   452 D adayocomadapter-CommunicationManager: onUpstreamReceive mPropertyId 0x21402081
03-17 18:53:31.679   400   452 D adayocomadapter-CommunicationManager: onUpstreamReceive isLoss 1 mPropertyId 0x21402080
03-17 18:53:31.679   400   452 D adayocomadapter-CommunicationManager: convertBytesToInt32Memcpy  1023
03-17 18:53:31.679   400   452 D vw-vhal : notifyVehicleProperty, propId = 0x21402080, data = {status: 3, int32Values: [1023]}
03-17 18:53:31.679   400   452 I DefaultVehicleHal_v2_0: DefaultVehicleHal::onPropertyValue, value:{.timestamp = 145627090349, .areaId = 0, .prop = 557850752, .status = UNAVAILABLE, .value = {.int32Values = [1]{1023}, .floatValues = [0]{}, .int64Values = [0]{}, .bytes = [0]{}, .stringValue = ""}}
03-17 18:53:31.679   400   452 D adayocomadapter-CommunicationManager: onUpstreamReceive mPropertyId 0x21402080
03-17 18:53:31.679   400   452 D adayocomadapter-CommunicationManager: onUpstreamReceive isLoss 1 mPropertyId 0x21402051
03-17 18:53:31.679   400   452 D adayocomadapter-CommunicationManager: convertBytesToInt32Memcpy  500
03-17 18:53:31.679   400   452 D vw-vhal : notifyVehicleProperty, propId = 0x21402051, data = {status: 3, int32Values: [500]}
03-17 18:53:31.679   400   452 I DefaultVehicleHal_v2_0: DefaultVehicleHal::onPropertyValue, value:{.timestamp = 145627201682, .areaId = 0, .prop = 557850705, .status = UNAVAILABLE, .value = {.int32Values = [1]{500}, .floatValues = [0]{}, .int64Values = [0]{}, .bytes = [0]{}, .stringValue = ""}}
03-17 18:53:31.679   400   452 D adayocomadapter-CommunicationManager: onUpstreamReceive mPropertyId 0x21402051
03-17 18:53:31.679   400   452 D adayocomadapter-CommunicationManager: onUpstreamReceive isLoss 1 mPropertyId 0x2140207b
03-17 18:53:31.679   400   452 D adayocomadapter-CommunicationManager: convertBytesToInt32Memcpy  1023
03-17 18:53:31.679   400   452 D vw-vhal : notifyVehicleProperty, propId = 0x2140207b, data = {status: 3, int32Values: [1023]}
03-17 18:53:31.679   400   452 I DefaultVehicleHal_v2_0: DefaultVehicleHal::onPropertyValue, value:{.timestamp = 145627309349, .areaId = 0, .prop = 557850747, .status = UNAVAILABLE, .value = {.int32Values = [1]{1023}, .floatValues = [0]{}, .int64Values = [0]{}, .bytes = [0]{}, .stringValue = ""}}
03-17 18:53:31.679   400   452 D adayocomadapter-CommunicationManager: onUpstreamReceive mPropertyId 0x2140207b
03-17 18:53:31.679   400   452 D adayocomadapter-CommunicationManager: onUpstreamReceive isLoss 1 mPropertyId 0x2140204c
03-17 18:53:31.679   400   452 D adayocomadapter-CommunicationManager: convertBytesToInt32Memcpy  511
03-17 18:53:31.679   400   452 D vw-vhal : notifyVehicleProperty, propId = 0x2140204c, data = {status: 3, int32Values: [511]}
03-17 18:53:31.679   400   452 I DefaultVehicleHal_v2_0: DefaultVehicleHal::onPropertyValue, value:{.timestamp = 145627423682, .areaId = 0, .prop = 557850700, .status = UNAVAILABLE, .value = {.int32Values = [1]{511}, .floatValues = [0]{}, .int64Values = [0]{}, .bytes = [0]{}, .stringValue = ""}}
03-17 18:53:31.679   400   452 D adayocomadapter-CommunicationManager: onUpstreamReceive mPropertyId 0x2140204c
03-17 18:53:31.679   400   452 D adayocomadapter-CommunicationManager: onUpstreamReceive isLoss 1 mPropertyId 0x2140207c
03-17 18:53:31.679   400   452 D adayocomadapter-CommunicationManager: convertBytesToInt32Memcpy  1023
03-17 18:53:31.679   400   452 D vw-vhal : notifyVehicleProperty, propId = 0x2140207c, data = {status: 3, int32Values: [1023]}
03-17 18:53:31.680   400   452 I DefaultVehicleHal_v2_0: DefaultVehicleHal::onPropertyValue, value:{.timestamp = 145627546015, .areaId = 0, .prop = 557850748, .status = UNAVAILABLE, .value = {.int32Values = [1]{1023}, .floatValues = [0]{}, .int64Values = [0]{}, .bytes = [0]{}, .stringValue = ""}}
03-17 18:53:31.680   400   452 D adayocomadapter-CommunicationManager: onUpstreamReceive mPropertyId 0x2140207c
03-17 18:53:31.680   400   452 D adayocomadapter-CommunicationManager: onUpstreamReceive isLoss 1 mPropertyId 0x2140207e
03-17 18:53:31.680   400   452 D adayocomadapter-CommunicationManager: convertBytesToInt32Memcpy  1023
03-17 18:53:31.680   400   452 D vw-vhal : notifyVehicleProperty, propId = 0x2140207e, data = {status: 3, int32Values: [1023]}
03-17 18:53:31.680   400   452 I DefaultVehicleHal_v2_0: DefaultVehicleHal::onPropertyValue, value:{.timestamp = 145627652682, .areaId = 0, .prop = 557850750, .status = UNAVAILABLE, .value = {.int32Values = [1]{1023}, .floatValues = [0]{}, .int64Values = [0]{}, .bytes = [0]{}, .stringValue = ""}}
03-17 18:53:31.680   400   452 D adayocomadapter-CommunicationManager: onUpstreamReceive mPropertyId 0x2140207e
03-17 18:53:31.680   400   452 D adayocomadapter-CommunicationManager: onUpstreamReceive isLoss 1 mPropertyId 0x21402082
03-17 18:53:31.680   400   452 D adayocomadapter-CommunicationManager: convertBytesToInt32Memcpy  1023
03-17 18:53:31.680   400   452 D vw-vhal : notifyVehicleProperty, propId = 0x21402082, data = {status: 3, int32Values: [1023]}
