03-17 18:53:27.189   400   452 D adayocomadapter-CommunicationManager: onUpstreamReceive mPropertyId 0x214020a9
03-17 18:53:27.189   400   452 D adayocomadapter-CommunicationManager: onUpstreamReceive isLoss 1 mPropertyId 0x214020ab
03-17 18:53:27.189   400   452 D adayocomadapter-CommunicationManager: convertBytesToInt32Memcpy  0
03-17 18:53:27.189   400   452 D vw-vhal : notifyVehicleProperty, propId = 0x214020ab, data = {status: 3, int32Values: [0]}
03-17 18:53:27.189   903  1089 I am_proc_start: [0,9669,1000,com.fawvw.hmi.cnsengineeringtestmode,service,{com.fawvw.hmi.cnsengineeringtestmode/com.fawvw.hmi.cnsengineeringtestmode.rdm.RdmServiceImpl}]
03-17 18:53:27.189   400   452 I DefaultVehicleHal_v2_0: DefaultVehicleHal::onPropertyValue, value:{.timestamp = 141136882682, .areaId = 0, .prop = 557850795, .status = UNAVAILABLE, .value = {.int32Values = [1]{0}, .floatValues = [0]{}, .int64Values = [0]{}, .bytes = [0]{}, .stringValue = ""}}
03-17 18:53:27.189   400   452 D adayocomadapter-CommunicationManager: onUpstreamReceive mPropertyId 0x214020ab
03-17 18:53:27.189   400   452 D adayocomadapter-CommunicationManager: onUpstreamReceive isLoss 1 mPropertyId 0x214020ad
03-17 18:53:27.189   400   452 D adayocomadapter-CommunicationManager: convertBytesToInt32Memcpy  0
03-17 18:53:27.189   400   452 D vw-vhal : notifyVehicleProperty, propId = 0x214020ad, data = {status: 3, int32Values: [0]}
03-17 18:53:27.189   400   452 I DefaultVehicleHal_v2_0: DefaultVehicleHal::onPropertyValue, value:{.timestamp = 141136993348, .areaId = 0, .prop = 557850797, .status = UNAVAILABLE, .value = {.int32Values = [1]{0}, .floatValues = [0]{}, .int64Values = [0]{}, .bytes = [0]{}, .stringValue = ""}}
03-17 18:53:27.189   903  1089 I ActivityManager: Start proc 9669:com.fawvw.hmi.cnsengineeringtestmode/1000 for service {com.fawvw.hmi.cnsengineeringtestmode/com.fawvw.hmi.cnsengineeringtestmode.rdm.RdmServiceImpl}
03-17 18:53:27.189   400   452 D adayocomadapter-CommunicationManager: onUpstreamReceive mPropertyId 0x214020ad
03-17 18:53:27.189   400   452 D adayocomadapter-CommunicationManager: onUpstreamReceive isLoss 0 mPropertyId 0x2140213a
03-17 18:53:27.189   400   452 D adayocomadapter-CommunicationManager: convertBytesToInt32Memcpy  0
03-17 18:53:27.189   400   452 D vw-vhal : notifyVehicleProperty, propId = 0x2140213a, data = {status: 2, int32Values: [0]}
03-17 18:53:27.189   400   452 I DefaultVehicleHal_v2_0: DefaultVehicleHal::onPropertyValue, value:{.timestamp = 141137129682, .areaId = 0, .prop = 557850938, .status = AVAILABLE, .value = {.int32Values = [1]{0}, .floatValues = [0]{}, .int64Values = [0]{}, .bytes = [0]{}, .stringValue = ""}}
03-17 18:53:27.189   400   452 D adayocomadapter-CommunicationManager: onUpstreamReceive mPropertyId 0x2140213a
03-17 18:53:27.189   400   452 D adayocomadapter-CommunicationManager: onUpstreamReceive isLoss 0 mPropertyId 0x214021c7
03-17 18:53:27.189   400   452 D adayocomadapter-CommunicationManager: convertBytesToInt32Memcpy  0
03-17 18:53:27.189   400   452 D vw-vhal : notifyVehicleProperty, propId = 0x214021c7, data = {status: 2, int32Values: [0]}
03-17 18:53:27.189   400   452 I DefaultVehicleHal_v2_0: DefaultVehicleHal::onPropertyValue, value:{.timestamp = 141137240682, .areaId = 0, .prop = 557851079, .status = AVAILABLE, .value = {.int32Values = [1]{0}, .floatValues = [0]{}, .int64Values = [0]{}, .bytes = [0]{}, .stringValue = ""}}
03-17 18:53:27.189   400   452 D adayocomadapter-CommunicationManager: onUpstreamReceive mPropertyId 0x214021c7
03-17 18:53:27.189   400   452 D adayocomadapter-CommunicationManager: onUpstreamReceive isLoss 1 mPropertyId 0x214020f2
03-17 18:53:27.189   400   452 D adayocomadapter-CommunicationManager: convertBytesToInt32Memcpy  0
03-17 18:53:27.189   400   452 D vw-vhal : notifyVehicleProperty, propId = 0x214020f2, data = {status: 3, int32Values: [0]}
03-17 18:53:27.189   400   452 I DefaultVehicleHal_v2_0: DefaultVehicleHal::onPropertyValue, value:{.timestamp = 141137346682, .areaId = 0, .prop = 557850866, .status = UNAVAILABLE, .value = {.int32Values = [1]{0}, .floatValues = [0]{}, .int64Values = [0]{}, .bytes = [0]{}, .stringValue = ""}}
03-17 18:53:27.189   400   452 D adayocomadapter-CommunicationManager: onUpstreamReceive mPropertyId 0x214020f2
03-17 18:53:27.189   400   452 D adayocomadapter-CommunicationManager: onUpstreamReceive isLoss 1 mPropertyId 0x214020f1
03-17 18:53:27.189   400   452 D adayocomadapter-CommunicationManager: convertBytesToInt32Memcpy  0
03-17 18:53:27.189   400   452 D vw-vhal : notifyVehicleProperty, propId = 0x214020f1, data = {status: 3, int32Values: [0]}
03-17 18:53:27.189   400   452 I DefaultVehicleHal_v2_0: DefaultVehicleHal::onPropertyValue, value:{.timestamp = 141137521348, .areaId = 0, .prop = 557850865, .status = UNAVAILABLE, .value = {.int32Values = [1]{0}, .floatValues = [0]{}, .int64Values = [0]{}, .bytes = [0]{}, .stringValue = ""}}
03-17 18:53:27.190   400   452 D adayocomadapter-CommunicationManager: onUpstreamReceive mPropertyId 0x214020f1
03-17 18:53:27.190   400   452 D adayocomadapter-CommunicationManager: onUpstreamReceive isLoss 1 mPropertyId 0x21402112
03-17 18:53:27.190   400   452 D adayocomadapter-CommunicationManager: convertBytesToInt32Memcpy  0
03-17 18:53:27.190   400   452 D vw-vhal : notifyVehicleProperty, propId = 0x21402112, data = {status: 3, int32Values: [0]}
03-17 18:53:27.190   400   452 I DefaultVehicleHal_v2_0: DefaultVehicleHal::onPropertyValue, value:{.timestamp = 141137639682, .areaId = 0, .prop = 557850898, .status = UNAVAILABLE, .value = {.int32Values = [1]{0}, .floatValues = [0]{}, .int64Values = [0]{}, .bytes = [0]{}, .stringValue = ""}}
03-17 18:53:27.190   400   452 D adayocomadapter-CommunicationManager: onUpstreamReceive mPropertyId 0x21402112
03-17 18:53:27.190   400   452 D adayocomadapter-CommunicationManager: onUpstreamReceive isLoss 1 mPropertyId 0x2140219f
03-17 18:53:27.190   400   452 D adayocomadapter-CommunicationManager: convertBytesToInt32Memcpy  0
03-17 18:53:27.190   400   452 D vw-vhal : notifyVehicleProperty, propId = 0x2140219f, data = {status: 3, int32Values: [0]}
03-17 18:53:27.190   400   452 I DefaultVehicleHal_v2_0: DefaultVehicleHal::onPropertyValue, value:{.timestamp = 141137749015, .areaId = 0, .prop = 557851039, .status = UNAVAILABLE, .value = {.int32Values = [1]{0}, .floatValues = [0]{}, .int64Values = [0]{}, .bytes = [0]{}, .stringValue = ""}}
03-17 18:53:27.190   400   452 D adayocomadapter-CommunicationManager: onUpstreamReceive mPropertyId 0x2140219f
03-17 18:53:27.190   400   452 D adayocomadapter-CommunicationManager: onUpstreamReceive isLoss 1 mPropertyId 0x21402139
03-17 18:53:27.190   400   452 D adayocomadapter-CommunicationManager: convertBytesToInt32Memcpy  0
03-17 18:53:27.190   400   452 D vw-vhal : notifyVehicleProperty, propId = 0x21402139, data = {status: 3, int32Values: [0]}
03-17 18:53:27.190   400   452 I DefaultVehicleHal_v2_0: DefaultVehicleHal::onPropertyValue, value:{.timestamp = 141137853682, .areaId = 0, .prop = 557850937, .status = UNAVAILABLE, .value = {.int32Values = [1]{0}, .floatValues = [0]{}, .int64Values = [0]{}, .bytes = [0]{}, .stringValue = ""}}
03-17 18:53:27.190   400   452 D adayocomadapter-CommunicationManager: onUpstreamReceive mPropertyId 0x21402139
03-17 18:53:27.190   400   452 D adayocomadapter-CommunicationManager: onUpstreamReceive isLoss 1 mPropertyId 0x21402025
03-17 18:53:27.190   400   452 D adayocomadapter-CommunicationManager: convertBytesToInt32Memcpy  0
03-17 18:53:27.190   400   452 D vw-vhal : notifyVehicleProperty, propId = 0x21402025, data = {status: 3, int32Values: [0]}
03-17 18:53:27.190   400   452 I DefaultVehicleHal_v2_0: DefaultVehicleHal::onPropertyValue, value:{.timestamp = 141137963015, .areaId = 0, .prop = 557850661, .status = UNAVAILABLE, .value = {.int32Values = [1]{0}, .floatValues = [0]{}, .int64Values = [0]{}, .bytes = [0]{}, .stringValue = ""}}
03-17 18:53:27.190   400   452 D adayocomadapter-CommunicationManager: onUpstreamReceive mPropertyId 0x21402025
03-17 18:53:27.190   400   452 D adayocomadapter-CommunicationManager: onUpstreamReceive isLoss 1 mPropertyId 0x21402033
03-17 18:53:27.190   400   452 D adayocomadapter-CommunicationManager: convertBytesToInt32Memcpy  16777215
03-17 18:53:27.190   400   452 D vw-vhal : notifyVehicleProperty, propId = 0x21402033, data = {status: 3, int32Values: [16777215]}
03-17 18:53:27.190   400   452 I DefaultVehicleHal_v2_0: DefaultVehicleHal::onPropertyValue, value:{.timestamp = 141138074015, .areaId = 0, .prop = 557850675, .status = UNAVAILABLE, .value = {.int32Values = [1]{16777215}, .floatValues = [0]{}, .int64Values = [0]{}, .bytes = [0]{}, .stringValue = ""}}
03-17 18:53:27.190   400   452 D adayocomadapter-CommunicationManager: onUpstreamReceive mPropertyId 0x21402033
03-17 18:53:27.190   400   452 D adayocomadapter-CommunicationManager: onUpstreamReceive isLoss 1 mPropertyId 0x21402034
03-17 18:53:27.190   400   452 D adayocomadapter-CommunicationManager: convertBytesToInt32Memcpy  0
03-17 18:53:27.190   400   452 D vw-vhal : notifyVehicleProperty, propId = 0x21402034, data = {status: 3, int32Values: [0]}
03-17 18:53:27.190   400   452 I DefaultVehicleHal_v2_0: DefaultVehicleHal::onPropertyValue, value:{.timestamp = 141138194682, .areaId = 0, .prop = 557850676, .status = UNAVAILABLE, .value = {.int32Values = [1]{0}, .floatValues = [0]{}, .int64Values = [0]{}, .bytes = [0]{}, .stringValue = ""}}
03-17 18:53:27.190   400   452 D adayocomadapter-CommunicationManager: onUpstreamReceive mPropertyId 0x21402034
03-17 18:53:27.190   400   452 D adayocomadapter-CommunicationManager: onUpstreamReceive isLoss 0 mPropertyId 0x2140218c
03-17 18:53:27.190   400   452 D adayocomadapter-CommunicationManager: convertBytesToInt32Memcpy  0
03-17 18:53:27.190   400   452 D vw-vhal : notifyVehicleProperty, propId = 0x2140218c, data = {status: 2, int32Values: [0]}
03-17 18:53:27.190   400   452 I DefaultVehicleHal_v2_0: DefaultVehicleHal::onPropertyValue, value:{.timestamp = 141138301348, .areaId = 0, .prop = 557851020, .status = AVAILABLE, .value = {.int32Values = [1]{0}, .floatValues = [0]{}, .int64Values = [0]{}, .bytes = [0]{}, .stringValue = ""}}
03-17 18:53:27.190   400   452 D adayocomadapter-CommunicationManager: onUpstreamReceive mPropertyId 0x2140218c
03-17 18:53:27.190   400   452 D adayocomadapter-CommunicationManager: onUpstreamReceive isLoss 0 mPropertyId 0x2140219b
03-17 18:53:27.190   400   452 D adayocomadapter-CommunicationManager: convertBytesToInt32Memcpy  0
03-17 18:53:27.190   400   452 D vw-vhal : notifyVehicleProperty, propId = 0x2140219b, data = {status: 2, int32Values: [0]}
03-17 18:53:27.190   400   452 I DefaultVehicleHal_v2_0: DefaultVehicleHal::onPropertyValue, value:{.timestamp = 141138430682, .areaId = 0, .prop = 557851035, .status = AVAILABLE, .value = {.int32Values = [1]{0}, .floatValues = [0]{}, .int64Values = [0]{}, .bytes = [0]{}, .stringValue = ""}}
03-17 18:53:27.190   400   452 D adayocomadapter-CommunicationManager: onUpstreamReceive mPropertyId 0x2140219b
03-17 18:53:27.190   400   452 D adayocomadapter-CommunicationManager: onUpstreamReceive isLoss 1 mPropertyId 0x214021a0
03-17 18:53:27.190   400   452 D adayocomadapter-CommunicationManager: convertBytesToInt32Memcpy  0
03-17 18:53:27.190   400   452 D vw-vhal : notifyVehicleProperty, propId = 0x214021a0, data = {status: 3, int32Values: [0]}
03-17 18:53:27.191   400   452 I DefaultVehicleHal_v2_0: DefaultVehicleHal::onPropertyValue, value:{.timestamp = 141138536348, .areaId = 0, .prop = 557851040, .status = UNAVAILABLE, .value = {.int32Values = [1]{0}, .floatValues = [0]{}, .int64Values = [0]{}, .bytes = [0]{}, .stringValue = ""}}
03-17 18:53:27.191   400   452 D adayocomadapter-CommunicationManager: onUpstreamReceive mPropertyId 0x214021a0
03-17 18:53:27.191   400   452 D adayocomadapter-CommunicationManager: onUpstreamReceive isLoss 1 mPropertyId 0x214021a3
03-17 18:53:27.191   400   452 D adayocomadapter-CommunicationManager: convertBytesToInt32Memcpy  0
03-17 18:53:27.191   400   452 D vw-vhal : notifyVehicleProperty, propId = 0x214021a3, data = {status: 3, int32Values: [0]}
03-17 18:53:27.191   400   452 I DefaultVehicleHal_v2_0: DefaultVehicleHal::onPropertyValue, value:{.timestamp = 141138649348, .areaId = 0, .prop = 557851043, .status = UNAVAILABLE, .value = {.int32Values = [1]{0}, .floatValues = [0]{}, .int64Values = [0]{}, .bytes = [0]{}, .stringValue = ""}}
03-17 18:53:27.191   400   452 D adayocomadapter-CommunicationManager: onUpstreamReceive mPropertyId 0x214021a3
03-17 18:53:27.191   400   452 D adayocomadapter-CommunicationManager: onUpstreamReceive isLoss 1 mPropertyId 0x214021a4
03-17 18:53:27.191   400   452 D adayocomadapter-CommunicationManager: convertBytesToInt32Memcpy  0
03-17 18:53:27.191   400   452 D vw-vhal : notifyVehicleProperty, propId = 0x214021a4, data = {status: 3, int32Values: [0]}
03-17 18:53:27.191   400   452 I DefaultVehicleHal_v2_0: DefaultVehicleHal::onPropertyValue, value:{.timestamp = 141138755015, .areaId = 0, .prop = 557851044, .status = UNAVAILABLE, .value = {.int32Values = [1]{0}, .floatValues = [0]{}, .int64Values = [0]{}, .bytes = [0]{}, .stringValue = ""}}
03-17 18:53:27.191   400   452 D adayocomadapter-CommunicationManager: onUpstreamReceive mPropertyId 0x214021a4
03-17 18:53:27.191   400   452 D adayocomadapter-CommunicationManager: onUpstreamReceive isLoss 0 mPropertyId 0x214021cb
03-17 18:53:27.191   400   452 D adayocomadapter-CommunicationManager: convertBytesToInt32Memcpy  0
03-17 18:53:27.191   400   452 D vw-vhal : notifyVehicleProperty, propId = 0x214021cb, data = {status: 2, int32Values: [0]}
03-17 18:53:27.191   400   452 I DefaultVehicleHal_v2_0: DefaultVehicleHal::onPropertyValue, value:{.timestamp = 141138860015, .areaId = 0, .prop = 557851083, .status = AVAILABLE, .value = {.int32Values = [1]{0}, .floatValues = [0]{}, .int64Values = [0]{}, .bytes = [0]{}, .stringValue = ""}}
03-17 18:53:27.191   400   452 D adayocomadapter-CommunicationManager: onUpstreamReceive mPropertyId 0x214021cb
03-17 18:53:27.194   582  3616 E WifiHAL : Invalid data received from driver
03-17 18:53:27.217  2383  2600 D AdayoDoipServer294_Doip: [ne_doip_event_loop_dispatch][line:141] : count = 0
03-17 18:53:27.230   582  3616 E WifiHAL : Invalid data received from driver
03-17 18:53:27.232  9669  9669 I neeringtestmode: Using CollectorTypeCC GC.
03-17 18:53:27.233  2106  2450 D CAR.DIAGNOSTIC: Entry - Type: 0x01, ServiceId: 0x2071, InstanceId: 0x0001, MajorVersion: 0x01FFFFFF, TTL: 0
03-17 18:53:27.233  2106  2458 D CAR.DIAGNOSTIC: Entry - Type: 0x01, ServiceId: 0x2071, InstanceId: 0x0001, MajorVersion: 0x01FFFFFF, TTL: 0
03-17 18:53:27.233  2106  2460 D CAR.DIAGNOSTIC: Entry - Type: 0x01, ServiceId: 0x2071, InstanceId: 0x0001, MajorVersion: 0x01FFFFFF, TTL: 0
03-17 18:53:27.233  2106  2450 D CAR.DIAGNOSTIC: Entry - Type: 0x01, ServiceId: 0x4001, InstanceId: 0x0001, MajorVersion: 0x01FFFFFF, TTL: 0
03-17 18:53:27.233  2106  2458 D CAR.DIAGNOSTIC: Entry - Type: 0x01, ServiceId: 0x4001, InstanceId: 0x0001, MajorVersion: 0x01FFFFFF, TTL: 0
03-17 18:53:27.233  2106  2460 D CAR.DIAGNOSTIC: Entry - Type: 0x01, ServiceId: 0x4001, InstanceId: 0x0001, MajorVersion: 0x01FFFFFF, TTL: 0
03-17 18:53:27.234  9669  9669 D neeringtestmode: Received session metadata: 369283688987156322
03-17 18:53:27.237  9669  9669 E neeringtestmode: Not starting debugger since process cannot load the jdwp agent.
03-17 18:53:27.250   903  4623 I am_proc_bound: [0,9669,com.fawvw.hmi.cnsengineeringtestmode]
03-17 18:53:27.255  9669  9669 D CompatibilityChangeReporter: Compat change id reported: 171979766; UID 1000; state: ENABLED
03-17 18:53:27.255  9669  9669 D CompatibilityChangeReporter: Compat change id reported: 242716250; UID 1000; state: DISABLED
03-17 18:53:27.260  9669  9669 D ApplicationLoaders: Returning zygote-cached class loader: /system_ext/framework/androidx.window.extensions.jar
03-17 18:53:27.260  9669  9669 D ApplicationLoaders: Returning zygote-cached class loader: /system_ext/framework/androidx.window.sidecar.jar
03-17 18:53:27.268   903  1202 D ActivityManager: freezing 8377 com.fawvw.hmi.bev.carapp
03-17 18:53:27.269  6654  6700 D TimerTriggerManager: init instance...
03-17 18:53:27.269  6654  6700 D TimerTriggerManager: Timer thread'TimerTriggerManager' is destroyed: false
03-17 18:53:27.269  6654  6700 D TimerTriggerManager: Timer 'onIndcnVehSpdChanged' is running: true
03-17 18:53:27.269  6654  6700 D TimerTriggerManager: Sending reset signal to timer 'onIndcnVehSpdChanged'
03-17 18:53:27.269   903  1202 I am_freeze: [8377,com.fawvw.hmi.bev.carapp]
03-17 18:53:27.269  6654  6700 D TimerTriggerManager: Reset signal sent to timer 'onIndcnVehSpdChanged'
03-17 18:53:27.270  6654  6707 D TimerTriggerController: Reset method called for timer: onIndcnVehSpdChanged
03-17 18:53:27.270  6654  6707 D TimerTriggerController: Calling onTimerReset for timer: onIndcnVehSpdChanged
03-17 18:53:27.270  6654  6707 D TimerTriggerManager: Timer reset: onIndcnVehSpdChanged
03-17 18:53:27.270   903  1202 D ActivityManager: freezing 5691 com.android.keychain
03-17 18:53:27.270  6654  6707 I TimerTriggerController: Timer [onIndcnVehSpdChanged] reset, remaining: 1000ms, reset count: 931
03-17 18:53:27.270   903  1202 I am_freeze: [5691,com.android.keychain]
03-17 18:53:27.271  9669  9669 D nativeloader: Configuring clns-shared-7 for other apk /system_ext/app/CnsEngineeringTestMode/CnsEngineeringTestMode.apk. target_sdk_version=31, uses_libraries=, library_path=/system_ext/app/CnsEngineeringTestMode/lib/arm64:/system_ext/app/CnsEngineeringTestMode/CnsEngineeringTestMode.apk!/lib/arm64-v8a:/system/lib64:/system_ext/lib64, permitted_path=/data:/mnt/expand:/data/user/0/com.fawvw.hmi.cnsengineeringtestmode:/system_ext/app/CnsEngineeringTestMode:/system/lib64:/system_ext/lib64
03-17 18:53:27.290   582  3616 E WifiHAL : Invalid data received from driver
03-17 18:53:27.307  9669  9669 D neeringtestmode: Compat change id reported: 142365358; UID 1000; state: ENABLED
03-17 18:53:27.309  9669  9669 D SkinManager: initCurrentUiMode: current is night
03-17 18:53:27.309  9669  9669 I SkinManager: loadSkin with package name: null
03-17 18:53:27.310  9669  9669 I CnsMQTTManager: CnsMqttSManager is init now...
03-17 18:53:27.312  9669  9669 E CnsMQTTManager: CnsMqttSManager get binder null, bind service again...
03-17 18:53:27.312  9669  9669 W ContextImpl: Calling a method in the system process without a qualified user: android.app.ContextImpl.bindService:1988 android.content.ContextWrapper.bindService:861 com.cns.android.mqtt.CnsMQTTManager.bindService:194 com.cns.android.mqtt.CnsMQTTManager.init:102 com.cns.android.mqtt.CnsMQTTManager.<init>:76 
03-17 18:53:27.317  2383  2600 D AdayoDoipServer294_Doip: [ne_doip_event_loop_dispatch][line:141] : count = 0
03-17 18:53:27.332   582  3616 E WifiHAL : Invalid data received from driver
03-17 18:53:27.336  1646  3766 D CarPropertyManager: setProperty, propertyId: 0x2141400f, areaId: 0x0, class: class [Ljava.lang.Integer;, val: [Ljava.lang.Integer;@de10534
03-17 18:53:27.337  9669  9669 I MosiExitAppHelper: addAppLifecycleObserver onStateChanged event:ON_CREATE
03-17 18:53:27.338  2106  3351 D CarPropertyService: mSyncGetSetPropertyOpCount: 1
03-17 18:53:27.339   400   400 I DefaultVehicleHal_v2_0: DefaultVehicleHal::set, current value:{.timestamp = 0, .areaId = 0, .prop = 557924367, .status = AVAILABLE, .value = {.int32Values = [1]{0}, .floatValues = [0]{}, .int64Values = [0]{}, .bytes = [0]{}, .stringValue = ""}}
03-17 18:53:27.339   400   400 I DefaultVehicleHalServer: onSetProperty(0x2141400f)
03-17 18:53:27.339   400   400 D vw-vhal : CanSignalsAdapter::setVehicleProperty: propValue = {.timestamp = 0, .areaId = 0, .prop = 557924367, .status = AVAILABLE, .value = {.int32Values = [4]{0, 32, 32, 32}, .floatValues = [0]{}, .int64Values = [0]{}, .bytes = [0]{}, .stringValue = ""}}
03-17 18:53:27.339   400   400 D vw-vhal : CanSignalsAdapter::setVehicleProperty: propId = 0x2141400f, data = {status: 0, int32Values: [0, 32, 32, 32]}
03-17 18:53:27.339   400   400 D adayocomadapter-CommunicationManager: setProperty id=[557924367]
03-17 18:53:27.339   400   400 D adayocomadapter-CommunicationManager: writeValue id=[557924367]
03-17 18:53:27.339   400   400 D adayocomadapter-VehiclePropertyStore: writeValue id=[557924367]
03-17 18:53:27.339   400   400 D adayocomadapter-CommunicationManager: sendToDownstream mPropertyId 0x2141400f
03-17 18:53:27.339   400   400 D adayocomadapter-ParseProtocolFunc: printRaWMsg Name[sendToDownstream] len[4] data[00000000]
03-17 18:53:27.339   400   400 D adayocomadapter-ParseProtocolFunc: printRaWMsg Name[sendToDownstream] len[4] data[2141400F]
03-17 18:53:27.339   400   400 D adayocomadapter-ParseProtocolFunc: printRaWMsg Name[sendToDownstream] len[8] data[2141400F00202020]
03-17 18:53:27.339   400   400 D adayocomadapter-CommunicationManager: sendToDownstream ret[0]   member[130] dataLength[4] timePoint[141287] 
03-17 18:53:27.339   400   400 D adayocomadapter-ParseProtocolFunc: printRaWMsg Name[sendToDownstream] len[8] data[2141400F00202020]
03-17 18:53:27.339   400   400 D adayocomadapter-CommunicationManager: sendToDownstream  000 mPropertyId[0x557924367]  
03-17 18:53:27.339   400   675 D adayocomadapter-DownstreamHandler: processBeforePacket downSreamtProcessTimePoint[141287] 
03-17 18:53:27.339   400   675 D adayocomadapter-DownstreamHandler: DownstreamHandler processPacket 
03-17 18:53:27.339   400   675 D adayocomadapter-DownstreamHandler: DownstreamHandler processPacket valueIndex 0x2141400f
03-17 18:53:27.339   400   675 D adayocomadapter-DownstreamHandler: DownstreamHandler processPacket 0003
03-17 18:53:27.339   400   675 D adayocomadapter-DownstreamHandler: DownstreamHandler processPacket sendMCUData2 
03-17 18:53:27.339   400   675 D adayocomadapter-CommunicationManager: sendMCUData 
03-17 18:53:27.339   400   675 D adayocomadapter-MCUInterfaceHandler: sendToMCU start
03-17 18:53:27.339  2106  3351 D CarPropertyService: mSyncGetSetPropertyOpCount: 0
03-17 18:53:27.340   642   800 I mcuc    : sd Uart data : 6AA601008A000B1202022141400F0020202043
03-17 18:53:27.340   400   675 D adayocomadapter-ParseProtocolFunc: printRaWMsg Name[sendToMCU] len[11] data[1202022141400F00202020]
03-17 18:53:27.340  1646  3766 I CCarServiceManager: CarServiceManager->lambda$submitCameraInfo$0$com-adayo-aaop_deviceservice-manager-CarServiceManager()154:link:0     ---50:pool-4-thread-3
03-17 18:53:27.341  9669  9669 D FawAccountManager: peekService available
03-17 18:53:27.341  9669  9669 W ContextImpl: Calling a method in the system process without a qualified user: android.app.ContextImpl.startForegroundService:1905 android.content.ContextWrapper.startForegroundService:830 com.fawvw.hmi.cnsengineeringtestmode.EngineeringTestModeApplication.onCreate:62 android.app.Instrumentation.callApplicationOnCreate:1316 android.app.ActivityThread.handleBindApplication:7057 
03-17 18:53:27.342  9669  9685 W ContextImpl: Calling a method in the system process without a qualified user: android.app.ContextImpl.bindService:1988 android.content.ContextWrapper.bindService:861 android.car.Car.startCarService:2807 android.car.Car.createCar:2118 com.fawvw.hmi.cnsengineeringtestmode.ui.power.IPowerProxy.initWithContext:38 
03-17 18:53:27.345   903  4623 D OomAdjuster: Not killing cached processes
03-17 18:53:27.346   903  4623 D ActivityManager: sync unfroze 8377 com.fawvw.hmi.bev.carapp for 10
03-17 18:53:27.347   903  4623 D ActivityManager: sync unfroze 5691 com.android.keychain for 10
03-17 18:53:27.348   903  4623 W ProcessStats: Tracking association SourceState{4f64ab4 com.fawvw.hmi.btmusic/10052 Fgs #939} whose proc state 3 is better than process ProcessState{e8b278a com.fawvw.mw.infotainmentbridge/10063 pkg=com.fawvw.mw.infotainmentbridge} proc state 5 (5 skipped)
03-17 18:53:27.354  9669  9669 I CnsMQTTManager: mqtt service onServiceConnected: 
03-17 18:53:27.354   903  1190 D JobScheduler.Background: Job status updated: 35/35 checked/total jobs, 268 us
03-17 18:53:27.355  9669  9669 D EngineeringTestModeApplication: CnsMQTTManager onManagerServiceConnect
03-17 18:53:27.355  9669  9669 E IPowerProxy: onLifecycleChanged true
03-17 18:53:27.355   903  1190 D NetworkPolicy: no need to update restrict power rules for uid 1000
03-17 18:53:27.355   903  1190 E JobScheduler.Quota: maybeScheduleStartAlarmLocked called for <0>android even though it already has 600000ms in its quota.
03-17 18:53:27.356   903  1088 D NotificationService: PostNotification: Started
03-17 18:53:27.356   903  1190 E JobScheduler.Quota: maybeScheduleStartAlarmLocked called for <0>com.android.providers.settings even though it already has 600000ms in its quota.
03-17 18:53:27.356   903  1190 D JobScheduler.Quota: Checking pkg <0>android
03-17 18:53:27.356   903  1190 D JobScheduler.Quota: Checking pkg <0>com.android.providers.settings
03-17 18:53:27.358  9669  9669 D CompatibilityChangeReporter: Compat change id reported: 160794467; UID 1000; state: ENABLED
03-17 18:53:27.358   903   903 D NotificationService: EnqueueNotificationRunnable.run for: 0|com.fawvw.hmi.cnsengineeringtestmode|1|null|1000
03-17 18:53:27.359   903   903 I notification_enqueue: [1000,9669,com.fawvw.hmi.cnsengineeringtestmode,1,NULL,0,Notification(channel=RdmServiceImpl shortcut=null contentView=null vibrate=null sound=null defaults=0x0 flags=0x862 color=0x00000000 category=service vis=PRIVATE),0]
03-17 18:53:27.360   903   903 D JobScheduler.DeviceIdle: Got temp whitelist [1000]
03-17 18:53:27.361   903  4623 D CompatibilityChangeReporter: Compat change id reported: 170668199; UID 1000; state: ENABLED
03-17 18:53:27.361  1810  1810 I ExtAssistant: ENQUEUED 0|com.fawvw.hmi.cnsengineeringtestmode|1|null|1000 on RdmServiceImpl
03-17 18:53:27.361   582   593 E WifiHAL : wifi_get_link_stats: requestResponse Error:-3
03-17 18:53:27.362   903  4623 D CompatibilityChangeReporter: Compat change id reported: 170668199; UID 1000; state: DISABLED
03-17 18:53:27.362   903  1251 E WifiStaIfaceAidlImpl: getLinkLayerStats failed with service-specific exception: android.os.ServiceSpecificException:  (code 4)
03-17 18:53:27.363  1810  2861 D ExtAssistant: Creating Adjustment for 0|com.fawvw.hmi.cnsengineeringtestmode|1|null|1000, with 0 actions, and 0 replies.
03-17 18:53:27.364   582  3616 E WifiHAL : Invalid data received from driver
03-17 18:53:27.365   582  3616 E WifiHAL : Invalid data received from driver
03-17 18:53:27.365   582  3616 E WifiHAL : Invalid data received from driver
03-17 18:53:27.365   903  4623 D CompatibilityChangeReporter: Compat change id reported: 255038118; UID 1000; state: ENABLED
03-17 18:53:27.365   582  3616 E WifiHAL : Invalid data received from driver
03-17 18:53:27.366   903  4623 D CompatibilityChangeReporter: Compat change id reported: 255038118; UID 1000; state: DISABLED
03-17 18:53:27.366   582  3616 E WifiHAL : Invalid data received from driver
03-17 18:53:27.366   903  1251 D WifiClientModeImpl[72500:wlan0]: updateLinkLayerStatsRssiSpeedFrequencyCapabilities rssi=-32 TxLinkspeed=72 freq=2412 RxLinkSpeed=65
03-17 18:53:27.366   903  1251 D WifiDataStall: tx tput in kbps: 49000
03-17 18:53:27.366   903  1251 D WifiDataStall: rx tput in kbps: 49000
03-17 18:53:27.367   903  1251 D WifiThroughputPredictor:  utilization (BssLoad) -1 utilization (LLStats) 80 isBluetoothConnected: false final utilization: 80
03-17 18:53:27.367   903  1251 D WifiThroughputPredictor:  airTime20: 175 airTime: 175
03-17 18:53:27.367   903  1251 D WifiThroughputPredictor:  BW: 0 RSSI: -32 Nss: 1 Mode: 4 symDur: 3600 snrDb 48 bitPerTone: 5000 rate: 72 throughput: 49
03-17 18:53:27.367   903  1251 D WifiThroughputPredictor:  utilization (BssLoad) -1 utilization (LLStats) 80 isBluetoothConnected: false final utilization: 80
03-17 18:53:27.367   903  1251 D WifiThroughputPredictor:  airTime20: 175 airTime: 175
03-17 18:53:27.367   903  1251 D WifiThroughputPredictor:  BW: 0 RSSI: -32 Nss: 1 Mode: 4 symDur: 3600 snrDb 48 bitPerTone: 5000 rate: 72 throughput: 49
03-17 18:53:27.368   903  1251 D WifiScoreCard: BSSID update SIGNAL_POLL ID: 779452451 SSID: "Cudy-6C60", BSSID: 80:af:ca:b5:6c:60, MAC: 88:e0:34:b7:61:31, IP: /192.168.10.241, Security type: 2, Supplicant state: COMPLETED, Wi-Fi standard: 4, RSSI: -32, Link speed: 72Mbps, Tx Link speed: 72Mbps, Max Supported Tx Link speed: 72Mbps, Rx Link speed: 65Mbps, Max Supported Rx Link speed: 72Mbps, Frequency: 2412MHz, Net ID: 0, Metered hint: false, score: 60, isUsable: true, CarrierMerged: false, SubscriptionId: -1, IsPrimary: 1, Trusted: true, Restricted: false, Ephemeral: false, OEM paid: false, OEM private: false, OSU AP: false, FQDN: <none>, Provider friendly name: <none>, Requesting package name: <none>"Cudy-6C60"wpa2-pskMLO Information: , Is TID-To-Link negotiation supported by the AP: false, AP MLD Address: <none>, AP MLO Link Id: <none>, AP MLO Affiliated links: <none>
03-17 18:53:27.368   903  1251 D WifiScoreCard: txRate: 92 txSpeed: 72
03-17 18:53:27.368   903  1251 D WifiScoreCard: network update SIGNAL_POLL "Cudy-6C60" ID: 746988820 RSSI -32 txSpeed 72
03-17 18:53:27.368   903  1251 D WifiClientModeImpl[72500:wlan0]:  ClientModeImpl$L2ConnectedState screen=on 3 0 "Cudy-6C60" 80:af:ca:b5:6c:60 rssi=-32 f=2412 sc=60 link=72 tx=91.9, 0.0, 0.0 rx=76.9 bcn=0 [on:0 tx:0 rx:0 period:3008] from screen [on:0 period:285566605] score=60
03-17 18:53:27.370  6654  6700 D TimerTriggerManager: init instance...
03-17 18:53:27.370   903  4623 D CompatibilityChangeReporter: Compat change id reported: 255042465; UID 1000; state: ENABLED
03-17 18:53:27.370  6654  6700 D TimerTriggerManager: Timer thread'TimerTriggerManager' is destroyed: false
03-17 18:53:27.370  6654  6700 D TimerTriggerManager: Timer 'onIndcnVehSpdChanged' is running: true
03-17 18:53:27.370  6654  6700 D TimerTriggerManager: Sending reset signal to timer 'onIndcnVehSpdChanged'
03-17 18:53:27.370  6654  6700 D TimerTriggerManager: Reset signal sent to timer 'onIndcnVehSpdChanged'
03-17 18:53:27.370  6654  6700 D TimerTriggerManager: init instance...
03-17 18:53:27.370   903  4623 D CompatibilityChangeReporter: Compat change id reported: 255042465; UID 1000; state: DISABLED
03-17 18:53:27.370  6654  6700 D TimerTriggerManager: Timer thread'TimerTriggerManager' is destroyed: false
03-17 18:53:27.370  6654  6700 D TimerTriggerManager: Timer 'onMntnWarnReqChanged' is running: true
03-17 18:53:27.371  6654  6700 D TimerTriggerManager: Sending reset signal to timer 'onMntnWarnReqChanged'
03-17 18:53:27.371  6654  6700 D TimerTriggerManager: Reset signal sent to timer 'onMntnWarnReqChanged'
03-17 18:53:27.371  6654  6707 D TimerTriggerController: Reset method called for timer: onIndcnVehSpdChanged
03-17 18:53:27.371  6654  6707 D TimerTriggerController: Calling onTimerReset for timer: onIndcnVehSpdChanged
03-17 18:53:27.371  6654  6707 D TimerTriggerManager: Timer reset: onIndcnVehSpdChanged
03-17 18:53:27.372  6654  6707 I TimerTriggerController: Timer [onIndcnVehSpdChanged] reset, remaining: 1000ms, reset count: 932
03-17 18:53:27.372  6654  6707 D TimerTriggerController: Reset method called for timer: onMntnWarnReqChanged
03-17 18:53:27.372  6654  6707 D TimerTriggerController: Calling onTimerReset for timer: onMntnWarnReqChanged
03-17 18:53:27.372  6654  6707 D TimerTriggerManager: Timer reset: onMntnWarnReqChanged
03-17 18:53:27.372  6654  6707 I TimerTriggerController: Timer [onMntnWarnReqChanged] reset, remaining: 5000ms, reset count: 466
03-17 18:53:27.374   903  1088 D NotificationService: PostNotification: Started
03-17 18:53:27.375  9669  9669 D RdmServiceImpl: RDM Service registered successfully
03-17 18:53:27.375  1603  1603 I ADAYO_LOG_: handleMessage(UsbFunc.java:3)copyQnx = 0
03-17 18:53:27.376  1603  1603 I ADAYO_LOG_: handleMessage(UsbFunc.java:69)copyState = 2
03-17 18:53:27.376   903   903 D NotificationService: EnqueueNotificationRunnable.run for: 0|com.fawvw.hmi.cnsengineeringtestmode|1|null|1000
03-17 18:53:27.377   903   903 I notification_enqueue: [1000,9669,com.fawvw.hmi.cnsengineeringtestmode,1,NULL,0,Notification(channel=RdmServiceImpl shortcut=null contentView=null vibrate=null sound=null defaults=0x0 flags=0x842 color=0x00000000 category=service vis=PRIVATE),0]
03-17 18:53:27.379  1810  1810 I ExtAssistant: ENQUEUED 0|com.fawvw.hmi.cnsengineeringtestmode|1|null|1000 on RdmServiceImpl
03-17 18:53:27.379  1810  2861 D ExtAssistant: Creating Adjustment for 0|com.fawvw.hmi.cnsengineeringtestmode|1|null|1000, with 0 actions, and 0 replies.
03-17 18:53:27.392   642   800 I mcuc    : file = hardware/interfaces/fgemcucomm/1.0/default/mcucomm/src/mcuCommFunctionTimer.cpp, function = startTimer  start timer OK = 138 
03-17 18:53:27.393   903  1260 D ConnectivityService: handleLingerComplete for [103 ETHERNET]
03-17 18:53:27.393   903  1260 D NetworkRanker: mightBeat: isEth && mCoExist return true
03-17 18:53:27.406   642   685 I mcuc    : file = hardware/interfaces/fgemcucomm/1.0/default/mcucomm/src/mcuCommFunctionTimer.cpp, func = stopTimer  stop timer = 138 
03-17 18:53:27.406   642   685 I mcuc    : rev uart=1426,len=10, data : 6AA682008A00021202DE
03-17 18:53:27.416   642   800 I mcuc    : sd Uart data : 6AA600008B000206016C
03-17 18:53:27.417  2383  2600 D AdayoDoipServer294_Doip: [ne_doip_event_loop_dispatch][line:141] : count = 0
03-17 18:53:27.430   582  3616 E WifiHAL : Invalid data received from driver
03-17 18:53:27.438   644   644 E fgesysctrl_hidl_hal_test1: fgesysctrl_get_signal status *value=0
03-17 18:53:27.439   649   759 D EvsApp  : CameraFgeSysctrl::fgesysctrl_get_signal_status() end ret = 1
03-17 18:53:27.439  1646  1727 I evsservice20200311: function = notifyAppDeviceValue :ADAYO_AVM_CAMERA_SIGNAL_STATE,1---
03-17 18:53:27.441  1646  1985 E EvsServiceManager: EvsServiceManager$1->notifyDeviceValue()42:notifyDeviceValue key：ADAYO_AVM_CAMERA_SIGNAL_STATEvalue1     ---163:Thread-125
03-17 18:53:27.469  6654  6700 D TimerTriggerManager: init instance...
03-17 18:53:27.469  6654  6700 D TimerTriggerManager: Timer thread'TimerTriggerManager' is destroyed: false
03-17 18:53:27.469  6654  6700 D TimerTriggerManager: Timer 'onIndcnVehSpdChanged' is running: true
03-17 18:53:27.469  6654  6700 D TimerTriggerManager: Sending reset signal to timer 'onIndcnVehSpdChanged'
03-17 18:53:27.470  6654  6700 D TimerTriggerManager: Reset signal sent to timer 'onIndcnVehSpdChanged'
03-17 18:53:27.470  6654  6707 D TimerTriggerController: Reset method called for timer: onIndcnVehSpdChanged
03-17 18:53:27.470  6654  6707 D TimerTriggerController: Calling onTimerReset for timer: onIndcnVehSpdChanged
03-17 18:53:27.470  6654  6707 D TimerTriggerManager: Timer reset: onIndcnVehSpdChanged
03-17 18:53:27.470  6654  6707 I TimerTriggerController: Timer [onIndcnVehSpdChanged] reset, remaining: 1000ms, reset count: 933
03-17 18:53:27.487   582  3616 E WifiHAL : Invalid data received from driver
03-17 18:53:27.517  2383  2600 D AdayoDoipServer294_Doip: [ne_doip_event_loop_dispatch][line:141] : count = 0
03-17 18:53:27.525  2106  2450 D CAR.DIAGNOSTIC: Entry - Type: 0x01, ServiceId: 0x2048, InstanceId: 0x0001, MajorVersion: 0x01FFFFFF, TTL: 0
03-17 18:53:27.525  2106  2458 D CAR.DIAGNOSTIC: Entry - Type: 0x01, ServiceId: 0x2048, InstanceId: 0x0001, MajorVersion: 0x01FFFFFF, TTL: 0
03-17 18:53:27.525  2106  2460 D CAR.DIAGNOSTIC: Entry - Type: 0x01, ServiceId: 0x2048, InstanceId: 0x0001, MajorVersion: 0x01FFFFFF, TTL: 0
03-17 18:53:27.525  2106  2450 D CAR.DIAGNOSTIC: Entry - Type: 0x01, ServiceId: 0x5555, InstanceId: 0x0001, MajorVersion: 0x01FFFFFF, TTL: 0
03-17 18:53:27.525  2106  2458 D CAR.DIAGNOSTIC: Entry - Type: 0x01, ServiceId: 0x5555, InstanceId: 0x0001, MajorVersion: 0x01FFFFFF, TTL: 0
03-17 18:53:27.525  2106  2460 D CAR.DIAGNOSTIC: Entry - Type: 0x01, ServiceId: 0x5555, InstanceId: 0x0001, MajorVersion: 0x01FFFFFF, TTL: 0
03-17 18:53:27.525  2106  2450 W CAR.DIAGNOSTIC: Not enough data for option indices: needed 128, remaining 52
03-17 18:53:27.525  2106  2458 W CAR.DIAGNOSTIC: Not enough data for option indices: needed 128, remaining 52
03-17 18:53:27.525  2106  2460 W CAR.DIAGNOSTIC: Not enough data for option indices: needed 128, remaining 52
03-17 18:53:27.531  1566  3186 D TboxNetworkManager: tboxNetworkbinder=null
03-17 18:53:27.536   679  1495 I gps_hdbd: [gps_upgrade_thread 3403]Enter
03-17 18:53:27.536   679  1495 I gps_hdbd: [gps_upgrade_thread 3432] sys.gps.update:0 ,file:not ,upgrate_ing:0
03-17 18:53:27.540   582  3616 E WifiHAL : Invalid data received from driver
03-17 18:53:27.551   582  3616 E WifiHAL : Invalid data received from driver
03-17 18:53:27.551   582  3616 E WifiHAL : Invalid data received from driver
03-17 18:53:27.551   582  3616 E WifiHAL : Invalid data received from driver
03-17 18:53:27.551   582  3616 E WifiHAL : Invalid data received from driver
03-17 18:53:27.551   582  3616 E WifiHAL : Invalid data received from driver
03-17 18:53:27.551   582  3616 E WifiHAL : Invalid data received from driver
03-17 18:53:27.551   582  3616 E WifiHAL : Invalid data received from driver
03-17 18:53:27.557   642   685 I mcuc    : sd Uart data : 6AA602054C0002920217
03-17 18:53:27.561   903   903 D ResponseStatsTracker: notification:+2m21s303ms; event=<posted>, pkg=com.fawvw.hmi.cnsengineeringtestmode, usr=0
03-17 18:53:27.561   903   903 I sysui_multi_action: [757,1501,758,1,793,204,794,0,795,204,796,1,806,com.fawvw.hmi.cnsengineeringtestmode,857,RdmServiceImpl,858,3,947,0,1500,0,1641,service,1688,1]
03-17 18:53:27.561   903   903 I sysui_multi_action: [757,804,799,note_interruptive,801,0,802,1]
03-17 18:53:27.562   642   685 I mcuc    : rev uart=1427,len=18, data : 6AA681054C000A9202000A00000000000185
03-17 18:53:27.562   400   400 D adayocomadapter-ParseProtocolFunc: printRaWMsg Name[MCUToUPstream recv] len[10] data[9202000A000000000001]
03-17 18:53:27.562   400   400 D adayocomadapter-CommunicationManager: onUpstreamback   member[0] dataLength[7] timePoint[141510]
03-17 18:53:27.562   400   400 D adayocomadapter-ParseProtocolFunc: printRaWMsg Name[onUpstreamback] len[7] data[0A000000000001]
03-17 18:53:27.563   400   452 D adayocomadapter-UpstreamHandler: processBeforePacket upSreamtProcessTimePoint[141510] 
03-17 18:53:27.563   400   452 D adayocomadapter-UpstreamHandler: processPacket UPSTREAM_QUEUE_DATA_TIMEOUT
03-17 18:53:27.563   400   452 D adayocomadapter-ParseProtocolFunc: parseCommonIPCLBytes Processing tableNumber[10]
03-17 18:53:27.563   400   452 D adayocomadapter-ParseProtocolFunc: parseCommonIPCLBytes Processing tablename[Table-10] tableSize[7]
03-17 18:53:27.563   400   452 D adayocomadapter-ParseProtocolFunc: printRaWMsg Name[byteStream recv] len[7] data[0A000000000001]
03-17 18:53:27.563   400   452 D adayocomadapter-ParseProtocolFunc: printRaWMsg Name[IPCLtoVHAL] len[10] data[2140201C000100000000]
03-17 18:53:27.563   400   452 D adayocomadapter-ParseProtocolFunc: printRaWMsg Name[IPCLtoVHAL] len[7] data[21402232000100]
03-17 18:53:27.563   400   452 D adayocomadapter-CommunicationManager: onUpstreamReceive isLoss 1 mPropertyId 0x2140201c
03-17 18:53:27.563   400   452 D adayocomadapter-CommunicationManager: convertBytesToInt32Memcpy  0
03-17 18:53:27.563   400   452 D vw-vhal : notifyVehicleProperty, propId = 0x2140201c, data = {status: 3, int32Values: [0]}
03-17 18:53:27.563   400   452 I DefaultVehicleHal_v2_0: DefaultVehicleHal::onPropertyValue, value:{.timestamp = 141510798682, .areaId = 0, .prop = 557850652, .status = UNAVAILABLE, .value = {.int32Values = [1]{0}, .floatValues = [0]{}, .int64Values = [0]{}, .bytes = [0]{}, .stringValue = ""}}
03-17 18:53:27.563   400   452 D adayocomadapter-CommunicationManager: onUpstreamReceive mPropertyId 0x2140201c
03-17 18:53:27.563   400   452 D adayocomadapter-CommunicationManager: onUpstreamReceive isLoss 1 mPropertyId 0x21402232
03-17 18:53:27.563   400   452 D adayocomadapter-CommunicationManager: convertBytesToInt32Memcpy  0
03-17 18:53:27.563   400   452 D vw-vhal : notifyVehicleProperty, propId = 0x21402232, data = {status: 3, int32Values: [0]}
03-17 18:53:27.563   400   452 I DefaultVehicleHal_v2_0: DefaultVehicleHal::onPropertyValue, value:{.timestamp = 141510942015, .areaId = 0, .prop = 557851186, .status = UNAVAILABLE, .value = {.int32Values = [1]{0}, .floatValues = [0]{}, .int64Values = [0]{}, .bytes = [0]{}, .stringValue = ""}}
03-17 18:53:27.563   400   452 D adayocomadapter-CommunicationManager: onUpstreamReceive mPropertyId 0x21402232
03-17 18:53:27.565   903   903 D NotificationService: 0|com.fawvw.hmi.cnsengineeringtestmode|1|null|1000: updating permissions
03-17 18:53:27.565   903   903 D NotificationService: 0|com.fawvw.hmi.cnsengineeringtestmode|1|null|1000: updating permissions
03-17 18:53:27.566   903   903 D NotificationService: 0|com.fawvw.hmi.cnsengineeringtestmode|1|null|1000: updating permissions
03-17 18:53:27.566   903   903 D NotificationService: 0|com.fawvw.hmi.cnsengineeringtestmode|1|null|1000: updating permissions
03-17 18:53:27.566   903   903 D NotificationService: 0|com.fawvw.hmi.cnsengineeringtestmode|1|null|1000: updating permissions
03-17 18:53:27.567   903   903 D NotificationService: 0|com.fawvw.hmi.cnsengineeringtestmode|1|null|1000: updating permissions
03-17 18:53:27.567   903   903 D NotificationService: 0|com.fawvw.hmi.cnsengineeringtestmode|1|null|1000: updating permissions
03-17 18:53:27.568   903  1190 D JobScheduler.Quota: Processing event 12 for <0>com.fawvw.hmi.cnsengineeringtestmode
03-17 18:53:27.568   903  1190 D JobScheduler.Quota: debits overflowed by -15000
01-01 08:02:22.716   709   709 I [schedu][0x86f52a5][10:53:27.565835] qcn7605: [709:I:PE] lim_process_action_frame_no_session: Unhandled action frame without session: 7f
03-17 18:53:27.568   903   903 I NotificationHistory: History disabled for user 0
03-17 18:53:27.568   903   903 W NotificationHistory: Attempted to add notif for locked/gone/disabled user 0
03-17 18:53:27.570  6654  6700 D TimerTriggerManager: init instance...
03-17 18:53:27.570  6654  6700 D TimerTriggerManager: Timer thread'TimerTriggerManager' is destroyed: false
03-17 18:53:27.570  6654  6700 D TimerTriggerManager: Timer 'onIndcnVehSpdChanged' is running: true
03-17 18:53:27.570  1763  1763 D J01Launcher_Notification: onNotificationPosted
03-17 18:53:27.570  6654  6700 D TimerTriggerManager: Sending reset signal to timer 'onIndcnVehSpdChanged'
03-17 18:53:27.570  6654  6700 D TimerTriggerManager: Reset signal sent to timer 'onIndcnVehSpdChanged'
03-17 18:53:27.571  6654  6707 D TimerTriggerController: Reset method called for timer: onIndcnVehSpdChanged
03-17 18:53:27.571  6654  6707 D TimerTriggerController: Calling onTimerReset for timer: onIndcnVehSpdChanged
03-17 18:53:27.571  6654  6707 D TimerTriggerManager: Timer reset: onIndcnVehSpdChanged
03-17 18:53:27.571  6654  6700 D TimerTriggerManager: init instance...
03-17 18:53:27.571  6654  6700 D TimerTriggerManager: Timer thread'TimerTriggerManager' is destroyed: false
03-17 18:53:27.571  6654  6707 I TimerTriggerController: Timer [onIndcnVehSpdChanged] reset, remaining: 1000ms, reset count: 934
03-17 18:53:27.571  6654  6700 D TimerTriggerManager: Timer 'onMntnWarnReqChanged' is running: true
03-17 18:53:27.571  6654  6700 D TimerTriggerManager: Sending reset signal to timer 'onMntnWarnReqChanged'
03-17 18:53:27.571  6654  6700 D TimerTriggerManager: Reset signal sent to timer 'onMntnWarnReqChanged'
03-17 18:53:27.571  6654  6707 D TimerTriggerController: Reset method called for timer: onMntnWarnReqChanged
03-17 18:53:27.571  6654  6707 D TimerTriggerController: Calling onTimerReset for timer: onMntnWarnReqChanged
03-17 18:53:27.571  6654  6707 D TimerTriggerManager: Timer reset: onMntnWarnReqChanged
03-17 18:53:27.571  6654  6707 I TimerTriggerController: Timer [onMntnWarnReqChanged] reset, remaining: 5000ms, reset count: 467
03-17 18:53:27.571   903   903 D NotificationService: PostNotification: Finished in 216 ms
03-17 18:53:27.572  1810  1810 I ExtAssistant: POSTED 0|com.fawvw.hmi.cnsengineeringtestmode|1|null|1000
03-17 18:53:27.578   903   903 D ResponseStatsTracker: notification:+2m21s322ms; event=<updated>, pkg=com.fawvw.hmi.cnsengineeringtestmode, usr=0
03-17 18:53:27.580   903   903 D NotificationService: 0|com.fawvw.hmi.cnsengineeringtestmode|1|null|1000: updating permissions
03-17 18:53:27.581   903   903 D NotificationService: 0|com.fawvw.hmi.cnsengineeringtestmode|1|null|1000: updating permissions
03-17 18:53:27.581   903   903 D NotificationService: 0|com.fawvw.hmi.cnsengineeringtestmode|1|null|1000: updating permissions
03-17 18:53:27.582   903   903 D NotificationService: 0|com.fawvw.hmi.cnsengineeringtestmode|1|null|1000: updating permissions
03-17 18:53:27.582   903   903 D NotificationService: 0|com.fawvw.hmi.cnsengineeringtestmode|1|null|1000: updating permissions
03-17 18:53:27.582   903   903 D NotificationService: 0|com.fawvw.hmi.cnsengineeringtestmode|1|null|1000: updating permissions
03-17 18:53:27.582   903   903 D NotificationService: 0|com.fawvw.hmi.cnsengineeringtestmode|1|null|1000: updating permissions
03-17 18:53:27.584  1763  1763 D J01Launcher_Notification: onNotificationPosted
03-17 18:53:27.584   903   903 D NotificationService: PostNotification: Finished in 210 ms
03-17 18:53:27.585  1810  1810 I ExtAssistant: POSTED 0|com.fawvw.hmi.cnsengineeringtestmode|1|null|1000
03-17 18:53:27.589   582  3616 E WifiHAL : Invalid data received from driver
03-17 18:53:27.590   649   756 D EvsApp  : state:255,subState:255,desiredState:0,subDesiredState:0
03-17 18:53:27.600   642   685 I mcuc    : sd Uart data : 6AA602054D0002920216
03-17 18:53:27.605   642   685 I mcuc    : rev uart=1428,len=47, data : 6AA681054D0027920200140000000000000000000000000000FFFFFFFFFFFFFFFF0000000000000000000101010162
03-17 18:53:27.605   400   400 D adayocomadapter-ParseProtocolFunc: printRaWMsg Name[MCUToUPstream recv] len[39] data[920200140000000000000000000000000000FFFFFFFFFFFFFFFF00000000000000000001010101]
03-17 18:53:27.605   400   400 D adayocomadapter-CommunicationManager: onUpstreamback   member[0] dataLength[36] timePoint[141553]
03-17 18:53:27.605   400   400 D adayocomadapter-ParseProtocolFunc: printRaWMsg Name[onUpstreamback] len[36] data[140000000000000000000000000000FFFFFFFFFFFFFFFF00000000000000000001010101]
03-17 18:53:27.605   400   452 D adayocomadapter-UpstreamHandler: processBeforePacket upSreamtProcessTimePoint[141553] 
03-17 18:53:27.605   400   452 D adayocomadapter-UpstreamHandler: processPacket UPSTREAM_QUEUE_DATA_TIMEOUT
03-17 18:53:27.605   400   452 D adayocomadapter-ParseProtocolFunc: parseCommonIPCLBytes Processing tableNumber[20]
03-17 18:53:27.605   400   452 D adayocomadapter-ParseProtocolFunc: parseCommonIPCLBytes Processing tablename[Table-20] tableSize[36]
03-17 18:53:27.605   400   452 D adayocomadapter-ParseProtocolFunc: printRaWMsg Name[byteStream recv] len[36] data[140000000000000000000000000000FFFFFFFFFFFFFFFF00000000000000000001010101]
03-17 18:53:27.605   400   452 D adayocomadapter-ParseProtocolFunc: printRaWMsg Name[IPCLtoVHAL] len[7] data[2140200F000100]
03-17 18:53:27.605   400   452 D adayocomadapter-ParseProtocolFunc: printRaWMsg Name[IPCLtoVHAL] len[7] data[214020B0000100]
03-17 18:53:27.605   400   452 D adayocomadapter-ParseProtocolFunc: printRaWMsg Name[IPCLtoVHAL] len[9] data[214120160101000000]
03-17 18:53:27.605   400   452 D adayocomadapter-ParseProtocolFunc: printRaWMsg Name[IPCLtoVHAL] len[7] data[214020590001FF]
03-17 18:53:27.605   400   452 D adayocomadapter-ParseProtocolFunc: printRaWMsg Name[IPCLtoVHAL] len[7] data[2140201A000100]
03-17 18:53:27.605   400   452 D adayocomadapter-ParseProtocolFunc: printRaWMsg Name[IPCLtoVHAL] len[7] data[21402010000100]
03-17 18:53:27.605   400   452 D adayocomadapter-ParseProtocolFunc: printRaWMsg Name[IPCLtoVHAL] len[7] data[214020550001FF]
03-17 18:53:27.605   400   452 D adayocomadapter-ParseProtocolFunc: printRaWMsg Name[IPCLtoVHAL] len[7] data[214020B1000100]
03-17 18:53:27.605   400   452 D adayocomadapter-ParseProtocolFunc: printRaWMsg Name[IPCLtoVHAL] len[7] data[2140201B000100]
03-17 18:53:27.605   400   452 D adayocomadapter-ParseProtocolFunc: printRaWMsg Name[IPCLtoVHAL] len[7] data[21402018000100]
03-17 18:53:27.606   400   452 D adayocomadapter-ParseProtocolFunc: printRaWMsg Name[IPCLtoVHAL] len[7] data[21402190000100]
03-17 18:53:27.606   400   452 D adayocomadapter-ParseProtocolFunc: printRaWMsg Name[IPCLtoVHAL] len[7] data[21402021000100]
03-17 18:53:27.606   400   452 D adayocomadapter-ParseProtocolFunc: printRaWMsg Name[IPCLtoVHAL] len[7] data[214021C8000100]
03-17 18:53:27.606   400   452 D adayocomadapter-ParseProtocolFunc: printRaWMsg Name[IPCLtoVHAL] len[8] data[2140200A00010000]
03-17 18:53:27.606   400   452 D adayocomadapter-ParseProtocolFunc: printRaWMsg Name[IPCLtoVHAL] len[7] data[2140223E000100]
03-17 18:53:27.606   400   452 D adayocomadapter-ParseProtocolFunc: printRaWMsg Name[IPCLtoVHAL] len[7] data[21402119000100]
03-17 18:53:27.606   400   452 D adayocomadapter-ParseProtocolFunc: printRaWMsg Name[IPCLtoVHAL] len[7] data[21402005000100]
03-17 18:53:27.606   400   452 D adayocomadapter-ParseProtocolFunc: printRaWMsg Name[IPCLtoVHAL] len[7] data[2140214E000100]
03-17 18:53:27.606   400   452 D adayocomadapter-ParseProtocolFunc: printRaWMsg Name[IPCLtoVHAL] len[7] data[214020560001FF]
03-17 18:53:27.606   400   452 D adayocomadapter-ParseProtocolFunc: printRaWMsg Name[IPCLtoVHAL] len[7] data[214020570001FF]
03-17 18:53:27.606   400   452 D adayocomadapter-ParseProtocolFunc: printRaWMsg Name[IPCLtoVHAL] len[7] data[214020580001FF]
03-17 18:53:27.606   400   452 D adayocomadapter-ParseProtocolFunc: printRaWMsg Name[IPCLtoVHAL] len[7] data[2140205A0001FF]
03-17 18:53:27.606   400   452 D adayocomadapter-ParseProtocolFunc: printRaWMsg Name[IPCLtoVHAL] len[7] data[2140205B0001FF]
