03-17 18:53:28.377   400   452 I DefaultVehicleHal_v2_0: DefaultVehicleHal::onPropertyValue, value:{.timestamp = 142325227682, .areaId = 0, .prop = 557850746, .status = UNAVAILABLE, .value = {.int32Values = [1]{1023}, .floatValues = [0]{}, .int64Values = [0]{}, .bytes = [0]{}, .stringValue = ""}}
03-17 18:53:28.377   400   452 D adayocomadapter-CommunicationManager: onUpstreamReceive mPropertyId 0x2140207a
03-17 18:53:28.377   400   452 D adayocomadapter-CommunicationManager: onUpstreamReceive isLoss 1 mPropertyId 0x214020d3
03-17 18:53:28.377   400   452 D adayocomadapter-CommunicationManager: convertBytesToInt32Memcpy  0
03-17 18:53:28.377   400   452 D vw-vhal : notifyVehicleProperty, propId = 0x214020d3, data = {status: 3, int32Values: [0]}
03-17 18:53:28.377   400   452 I DefaultVehicleHal_v2_0: DefaultVehicleHal::onPropertyValue, value:{.timestamp = 142325342682, .areaId = 0, .prop = 557850835, .status = UNAVAILABLE, .value = {.int32Values = [1]{0}, .floatValues = [0]{}, .int64Values = [0]{}, .bytes = [0]{}, .stringValue = ""}}
03-17 18:53:28.377   400   452 D adayocomadapter-CommunicationManager: onUpstreamReceive mPropertyId 0x214020d3
03-17 18:53:28.377   400   452 D adayocomadapter-CommunicationManager: onUpstreamReceive isLoss 1 mPropertyId 0x214020cb
03-17 18:53:28.377   400   452 D adayocomadapter-CommunicationManager: convertBytesToInt32Memcpy  50
03-17 18:53:28.377   400   452 D vw-vhal : notifyVehicleProperty, propId = 0x214020cb, data = {status: 3, int32Values: [50]}
03-17 18:53:28.377   400   452 I DefaultVehicleHal_v2_0: DefaultVehicleHal::onPropertyValue, value:{.timestamp = 142325455348, .areaId = 0, .prop = 557850827, .status = UNAVAILABLE, .value = {.int32Values = [1]{50}, .floatValues = [0]{}, .int64Values = [0]{}, .bytes = [0]{}, .stringValue = ""}}
03-17 18:53:28.377   400   452 D adayocomadapter-CommunicationManager: onUpstreamReceive mPropertyId 0x214020cb
03-17 18:53:28.377   400   452 D adayocomadapter-CommunicationManager: onUpstreamReceive isLoss 1 mPropertyId 0x2140203c
03-17 18:53:28.377   400   452 D adayocomadapter-CommunicationManager: convertBytesToInt32Memcpy  511
03-17 18:53:28.378   400   452 D vw-vhal : notifyVehicleProperty, propId = 0x2140203c, data = {status: 3, int32Values: [511]}
03-17 18:53:28.378   400   452 I DefaultVehicleHal_v2_0: DefaultVehicleHal::onPropertyValue, value:{.timestamp = 142325569682, .areaId = 0, .prop = 557850684, .status = UNAVAILABLE, .value = {.int32Values = [1]{511}, .floatValues = [0]{}, .int64Values = [0]{}, .bytes = [0]{}, .stringValue = ""}}
03-17 18:53:28.378   400   452 D adayocomadapter-CommunicationManager: onUpstreamReceive mPropertyId 0x2140203c
03-17 18:53:28.378   400   452 D adayocomadapter-CommunicationManager: onUpstreamReceive isLoss 1 mPropertyId 0x214020c9
03-17 18:53:28.378   400   452 D adayocomadapter-CommunicationManager: convertBytesToInt32Memcpy  0
03-17 18:53:28.378   400   452 D vw-vhal : notifyVehicleProperty, propId = 0x214020c9, data = {status: 3, int32Values: [0]}
03-17 18:53:28.378   400   452 I DefaultVehicleHal_v2_0: DefaultVehicleHal::onPropertyValue, value:{.timestamp = 142325680682, .areaId = 0, .prop = 557850825, .status = UNAVAILABLE, .value = {.int32Values = [1]{0}, .floatValues = [0]{}, .int64Values = [0]{}, .bytes = [0]{}, .stringValue = ""}}
03-17 18:53:28.378   400   452 D adayocomadapter-CommunicationManager: onUpstreamReceive mPropertyId 0x214020c9
03-17 18:53:28.378   400   452 D adayocomadapter-CommunicationManager: onUpstreamReceive isLoss 1 mPropertyId 0x214020cf
03-17 18:53:28.378   400   452 D adayocomadapter-CommunicationManager: convertBytesToInt32Memcpy  0
03-17 18:53:28.378   400   452 D vw-vhal : notifyVehicleProperty, propId = 0x214020cf, data = {status: 3, int32Values: [0]}
03-17 18:53:28.378   400   452 I DefaultVehicleHal_v2_0: DefaultVehicleHal::onPropertyValue, value:{.timestamp = 142325797348, .areaId = 0, .prop = 557850831, .status = UNAVAILABLE, .value = {.int32Values = [1]{0}, .floatValues = [0]{}, .int64Values = [0]{}, .bytes = [0]{}, .stringValue = ""}}
03-17 18:53:28.378   400   452 D adayocomadapter-CommunicationManager: onUpstreamReceive mPropertyId 0x214020cf
03-17 18:53:28.378   400   452 D adayocomadapter-CommunicationManager: onUpstreamReceive isLoss 1 mPropertyId 0x21402040
03-17 18:53:28.378   400   452 D adayocomadapter-CommunicationManager: convertBytesToInt32Memcpy  511
03-17 18:53:28.378   400   452 D vw-vhal : notifyVehicleProperty, propId = 0x21402040, data = {status: 3, int32Values: [511]}
03-17 18:53:28.378   400   452 I DefaultVehicleHal_v2_0: DefaultVehicleHal::onPropertyValue, value:{.timestamp = 142325899682, .areaId = 0, .prop = 557850688, .status = UNAVAILABLE, .value = {.int32Values = [1]{511}, .floatValues = [0]{}, .int64Values = [0]{}, .bytes = [0]{}, .stringValue = ""}}
03-17 18:53:28.378   400   452 D adayocomadapter-CommunicationManager: onUpstreamReceive mPropertyId 0x21402040
03-17 18:53:28.378   400   452 D adayocomadapter-CommunicationManager: onUpstreamReceive isLoss 1 mPropertyId 0x214020d1
03-17 18:53:28.378   400   452 D adayocomadapter-CommunicationManager: convertBytesToInt32Memcpy  0
03-17 18:53:28.378   400   452 D vw-vhal : notifyVehicleProperty, propId = 0x214020d1, data = {status: 3, int32Values: [0]}
03-17 18:53:28.378   400   452 I DefaultVehicleHal_v2_0: DefaultVehicleHal::onPropertyValue, value:{.timestamp = 142326004015, .areaId = 0, .prop = 557850833, .status = UNAVAILABLE, .value = {.int32Values = [1]{0}, .floatValues = [0]{}, .int64Values = [0]{}, .bytes = [0]{}, .stringValue = ""}}
03-17 18:53:28.378   400   452 D adayocomadapter-CommunicationManager: onUpstreamReceive mPropertyId 0x214020d1
03-17 18:53:28.378   400   452 D adayocomadapter-CommunicationManager: onUpstreamReceive isLoss 1 mPropertyId 0x21402044
03-17 18:53:28.378   400   452 D adayocomadapter-CommunicationManager: convertBytesToInt32Memcpy  511
03-17 18:53:28.378   400   452 D vw-vhal : notifyVehicleProperty, propId = 0x21402044, data = {status: 3, int32Values: [511]}
03-17 18:53:28.378   400   452 I DefaultVehicleHal_v2_0: DefaultVehicleHal::onPropertyValue, value:{.timestamp = 142326118348, .areaId = 0, .prop = 557850692, .status = UNAVAILABLE, .value = {.int32Values = [1]{511}, .floatValues = [0]{}, .int64Values = [0]{}, .bytes = [0]{}, .stringValue = ""}}
03-17 18:53:28.378   400   452 D adayocomadapter-CommunicationManager: onUpstreamReceive mPropertyId 0x21402044
03-17 18:53:28.378   400   452 D adayocomadapter-CommunicationManager: onUpstreamReceive isLoss 1 mPropertyId 0x214020d5
03-17 18:53:28.378   400   452 D adayocomadapter-CommunicationManager: convertBytesToInt32Memcpy  0
03-17 18:53:28.378   400   452 D vw-vhal : notifyVehicleProperty, propId = 0x214020d5, data = {status: 3, int32Values: [0]}
03-17 18:53:28.378   400   452 I DefaultVehicleHal_v2_0: DefaultVehicleHal::onPropertyValue, value:{.timestamp = 142326228682, .areaId = 0, .prop = 557850837, .status = UNAVAILABLE, .value = {.int32Values = [1]{0}, .floatValues = [0]{}, .int64Values = [0]{}, .bytes = [0]{}, .stringValue = ""}}
03-17 18:53:28.378   400   452 D adayocomadapter-CommunicationManager: onUpstreamReceive mPropertyId 0x214020d5
03-17 18:53:28.378   400   452 D adayocomadapter-CommunicationManager: onUpstreamReceive isLoss 1 mPropertyId 0x21402038
03-17 18:53:28.378   400   452 D adayocomadapter-CommunicationManager: convertBytesToInt32Memcpy  511
03-17 18:53:28.378   400   452 D vw-vhal : notifyVehicleProperty, propId = 0x21402038, data = {status: 3, int32Values: [511]}
03-17 18:53:28.378   400   452 I DefaultVehicleHal_v2_0: DefaultVehicleHal::onPropertyValue, value:{.timestamp = 142326337348, .areaId = 0, .prop = 557850680, .status = UNAVAILABLE, .value = {.int32Values = [1]{511}, .floatValues = [0]{}, .int64Values = [0]{}, .bytes = [0]{}, .stringValue = ""}}
03-17 18:53:28.378   400   452 D adayocomadapter-CommunicationManager: onUpstreamReceive mPropertyId 0x21402038
03-17 18:53:28.378   400   452 D adayocomadapter-CommunicationManager: onUpstreamReceive isLoss 1 mPropertyId 0x2140207d
03-17 18:53:28.378   400   452 D adayocomadapter-CommunicationManager: convertBytesToInt32Memcpy  1023
03-17 18:53:28.378   400   452 D vw-vhal : notifyVehicleProperty, propId = 0x2140207d, data = {status: 3, int32Values: [1023]}
03-17 18:53:28.378   400   452 I DefaultVehicleHal_v2_0: DefaultVehicleHal::onPropertyValue, value:{.timestamp = 142326523682, .areaId = 0, .prop = 557850749, .status = UNAVAILABLE, .value = {.int32Values = [1]{1023}, .floatValues = [0]{}, .int64Values = [0]{}, .bytes = [0]{}, .stringValue = ""}}
03-17 18:53:28.379   400   452 D adayocomadapter-CommunicationManager: onUpstreamReceive mPropertyId 0x2140207d
03-17 18:53:28.379   400   452 D adayocomadapter-CommunicationManager: onUpstreamReceive isLoss 1 mPropertyId 0x2140207f
03-17 18:53:28.379   400   452 D adayocomadapter-CommunicationManager: convertBytesToInt32Memcpy  1023
03-17 18:53:28.379   400   452 D vw-vhal : notifyVehicleProperty, propId = 0x2140207f, data = {status: 3, int32Values: [1023]}
03-17 18:53:28.379   400   452 I DefaultVehicleHal_v2_0: DefaultVehicleHal::onPropertyValue, value:{.timestamp = 142326636015, .areaId = 0, .prop = 557850751, .status = UNAVAILABLE, .value = {.int32Values = [1]{1023}, .floatValues = [0]{}, .int64Values = [0]{}, .bytes = [0]{}, .stringValue = ""}}
03-17 18:53:28.379   400   452 D adayocomadapter-CommunicationManager: onUpstreamReceive mPropertyId 0x2140207f
03-17 18:53:28.379   400   452 D adayocomadapter-CommunicationManager: onUpstreamReceive isLoss 1 mPropertyId 0x21402052
03-17 18:53:28.379   400   452 D adayocomadapter-CommunicationManager: convertBytesToInt32Memcpy  0
03-17 18:53:28.379   400   452 D vw-vhal : notifyVehicleProperty, propId = 0x21402052, data = {status: 3, int32Values: [0]}
03-17 18:53:28.379   400   452 I DefaultVehicleHal_v2_0: DefaultVehicleHal::onPropertyValue, value:{.timestamp = 142326752682, .areaId = 0, .prop = 557850706, .status = UNAVAILABLE, .value = {.int32Values = [1]{0}, .floatValues = [0]{}, .int64Values = [0]{}, .bytes = [0]{}, .stringValue = ""}}
03-17 18:53:28.379   400   452 D adayocomadapter-CommunicationManager: onUpstreamReceive mPropertyId 0x21402052
03-17 18:53:28.379   400   452 D adayocomadapter-CommunicationManager: onUpstreamReceive isLoss 1 mPropertyId 0x21402081
03-17 18:53:28.379   400   452 D adayocomadapter-CommunicationManager: convertBytesToInt32Memcpy  1023
03-17 18:53:28.379   400   452 D vw-vhal : notifyVehicleProperty, propId = 0x21402081, data = {status: 3, int32Values: [1023]}
03-17 18:53:28.379   400   452 I DefaultVehicleHal_v2_0: DefaultVehicleHal::onPropertyValue, value:{.timestamp = 142326865348, .areaId = 0, .prop = 557850753, .status = UNAVAILABLE, .value = {.int32Values = [1]{1023}, .floatValues = [0]{}, .int64Values = [0]{}, .bytes = [0]{}, .stringValue = ""}}
03-17 18:53:28.379   400   452 D adayocomadapter-CommunicationManager: onUpstreamReceive mPropertyId 0x21402081
03-17 18:53:28.379   400   452 D adayocomadapter-CommunicationManager: onUpstreamReceive isLoss 1 mPropertyId 0x21402080
03-17 18:53:28.379   400   452 D adayocomadapter-CommunicationManager: convertBytesToInt32Memcpy  1023
03-17 18:53:28.379   400   452 D vw-vhal : notifyVehicleProperty, propId = 0x21402080, data = {status: 3, int32Values: [1023]}
03-17 18:53:28.379   400   452 I DefaultVehicleHal_v2_0: DefaultVehicleHal::onPropertyValue, value:{.timestamp = 142327019348, .areaId = 0, .prop = 557850752, .status = UNAVAILABLE, .value = {.int32Values = [1]{1023}, .floatValues = [0]{}, .int64Values = [0]{}, .bytes = [0]{}, .stringValue = ""}}
03-17 18:53:28.379   400   452 D adayocomadapter-CommunicationManager: onUpstreamReceive mPropertyId 0x21402080
03-17 18:53:28.379   400   452 D adayocomadapter-CommunicationManager: onUpstreamReceive isLoss 1 mPropertyId 0x21402051
03-17 18:53:28.379   400   452 D adayocomadapter-CommunicationManager: convertBytesToInt32Memcpy  500
03-17 18:53:28.379   400   452 D vw-vhal : notifyVehicleProperty, propId = 0x21402051, data = {status: 3, int32Values: [500]}
03-17 18:53:28.379   400   452 I DefaultVehicleHal_v2_0: DefaultVehicleHal::onPropertyValue, value:{.timestamp = 142327170682, .areaId = 0, .prop = 557850705, .status = UNAVAILABLE, .value = {.int32Values = [1]{500}, .floatValues = [0]{}, .int64Values = [0]{}, .bytes = [0]{}, .stringValue = ""}}
03-17 18:53:28.379   400   452 D adayocomadapter-CommunicationManager: onUpstreamReceive mPropertyId 0x21402051
03-17 18:53:28.379   400   452 D adayocomadapter-CommunicationManager: onUpstreamReceive isLoss 1 mPropertyId 0x2140207b
03-17 18:53:28.379   400   452 D adayocomadapter-CommunicationManager: convertBytesToInt32Memcpy  1023
03-17 18:53:28.379   400   452 D vw-vhal : notifyVehicleProperty, propId = 0x2140207b, data = {status: 3, int32Values: [1023]}
03-17 18:53:28.379   400   452 I DefaultVehicleHal_v2_0: DefaultVehicleHal::onPropertyValue, value:{.timestamp = 142327327348, .areaId = 0, .prop = 557850747, .status = UNAVAILABLE, .value = {.int32Values = [1]{1023}, .floatValues = [0]{}, .int64Values = [0]{}, .bytes = [0]{}, .stringValue = ""}}
03-17 18:53:28.379   400   452 D adayocomadapter-CommunicationManager: onUpstreamReceive mPropertyId 0x2140207b
03-17 18:53:28.379   400   452 D adayocomadapter-CommunicationManager: onUpstreamReceive isLoss 1 mPropertyId 0x2140204c
03-17 18:53:28.379   400   452 D adayocomadapter-CommunicationManager: convertBytesToInt32Memcpy  511
03-17 18:53:28.379   400   452 D vw-vhal : notifyVehicleProperty, propId = 0x2140204c, data = {status: 3, int32Values: [511]}
03-17 18:53:28.379   400   452 I DefaultVehicleHal_v2_0: DefaultVehicleHal::onPropertyValue, value:{.timestamp = 142327487348, .areaId = 0, .prop = 557850700, .status = UNAVAILABLE, .value = {.int32Values = [1]{511}, .floatValues = [0]{}, .int64Values = [0]{}, .bytes = [0]{}, .stringValue = ""}}
03-17 18:53:28.379   400   452 D adayocomadapter-CommunicationManager: onUpstreamReceive mPropertyId 0x2140204c
03-17 18:53:28.379   400   452 D adayocomadapter-CommunicationManager: onUpstreamReceive isLoss 1 mPropertyId 0x2140207c
03-17 18:53:28.380   400   452 D adayocomadapter-CommunicationManager: convertBytesToInt32Memcpy  1023
03-17 18:53:28.380   400   452 D vw-vhal : notifyVehicleProperty, propId = 0x2140207c, data = {status: 3, int32Values: [1023]}
03-17 18:53:28.380   400   452 I DefaultVehicleHal_v2_0: DefaultVehicleHal::onPropertyValue, value:{.timestamp = 142327598015, .areaId = 0, .prop = 557850748, .status = UNAVAILABLE, .value = {.int32Values = [1]{1023}, .floatValues = [0]{}, .int64Values = [0]{}, .bytes = [0]{}, .stringValue = ""}}
03-17 18:53:28.380   400   452 D adayocomadapter-CommunicationManager: onUpstreamReceive mPropertyId 0x2140207c
03-17 18:53:28.380   400   452 D adayocomadapter-CommunicationManager: onUpstreamReceive isLoss 1 mPropertyId 0x2140207e
03-17 18:53:28.380   400   452 D adayocomadapter-CommunicationManager: convertBytesToInt32Memcpy  1023
03-17 18:53:28.380   400   452 D vw-vhal : notifyVehicleProperty, propId = 0x2140207e, data = {status: 3, int32Values: [1023]}
03-17 18:53:28.380   400   452 I DefaultVehicleHal_v2_0: DefaultVehicleHal::onPropertyValue, value:{.timestamp = 142327715015, .areaId = 0, .prop = 557850750, .status = UNAVAILABLE, .value = {.int32Values = [1]{1023}, .floatValues = [0]{}, .int64Values = [0]{}, .bytes = [0]{}, .stringValue = ""}}
03-17 18:53:28.380   400   452 D adayocomadapter-CommunicationManager: onUpstreamReceive mPropertyId 0x2140207e
03-17 18:53:28.380   400   452 D adayocomadapter-CommunicationManager: onUpstreamReceive isLoss 1 mPropertyId 0x21402082
03-17 18:53:28.380   400   452 D adayocomadapter-CommunicationManager: convertBytesToInt32Memcpy  1023
03-17 18:53:28.380   400   452 D vw-vhal : notifyVehicleProperty, propId = 0x21402082, data = {status: 3, int32Values: [1023]}
03-17 18:53:28.380   400   452 I DefaultVehicleHal_v2_0: DefaultVehicleHal::onPropertyValue, value:{.timestamp = 142327869682, .areaId = 0, .prop = 557850754, .status = UNAVAILABLE, .value = {.int32Values = [1]{1023}, .floatValues = [0]{}, .int64Values = [0]{}, .bytes = [0]{}, .stringValue = ""}}
03-17 18:53:28.380   400   452 D adayocomadapter-CommunicationManager: onUpstreamReceive mPropertyId 0x21402082
03-17 18:53:28.380   400   452 D adayocomadapter-CommunicationManager: onUpstreamReceive isLoss 1 mPropertyId 0x21402083
03-17 18:53:28.380   400   452 D adayocomadapter-CommunicationManager: convertBytesToInt32Memcpy  1023
03-17 18:53:28.380   400   452 D vw-vhal : notifyVehicleProperty, propId = 0x21402083, data = {status: 3, int32Values: [1023]}
03-17 18:53:28.380   400   452 I DefaultVehicleHal_v2_0: DefaultVehicleHal::onPropertyValue, value:{.timestamp = 142327986682, .areaId = 0, .prop = 557850755, .status = UNAVAILABLE, .value = {.int32Values = [1]{1023}, .floatValues = [0]{}, .int64Values = [0]{}, .bytes = [0]{}, .stringValue = ""}}
03-17 18:53:28.380   400   452 D adayocomadapter-CommunicationManager: onUpstreamReceive mPropertyId 0x21402083
03-17 18:53:28.380   400   452 D adayocomadapter-CommunicationManager: onUpstreamReceive isLoss 1 mPropertyId 0x21402084
03-17 18:53:28.380   400   452 D adayocomadapter-CommunicationManager: convertBytesToInt32Memcpy  1023
03-17 18:53:28.380   400   452 D vw-vhal : notifyVehicleProperty, propId = 0x21402084, data = {status: 3, int32Values: [1023]}
03-17 18:53:28.380   400   452 I DefaultVehicleHal_v2_0: DefaultVehicleHal::onPropertyValue, value:{.timestamp = 142328120682, .areaId = 0, .prop = 557850756, .status = UNAVAILABLE, .value = {.int32Values = [1]{1023}, .floatValues = [0]{}, .int64Values = [0]{}, .bytes = [0]{}, .stringValue = ""}}
03-17 18:53:28.380   400   452 D adayocomadapter-CommunicationManager: onUpstreamReceive mPropertyId 0x21402084
03-17 18:53:28.380   400   452 D adayocomadapter-CommunicationManager: onUpstreamReceive isLoss 1 mPropertyId 0x21402085
03-17 18:53:28.380   400   452 D adayocomadapter-CommunicationManager: convertBytesToInt32Memcpy  1023
03-17 18:53:28.380   400   452 D vw-vhal : notifyVehicleProperty, propId = 0x21402085, data = {status: 3, int32Values: [1023]}
03-17 18:53:28.380   400   452 I DefaultVehicleHal_v2_0: DefaultVehicleHal::onPropertyValue, value:{.timestamp = 142328245348, .areaId = 0, .prop = 557850757, .status = UNAVAILABLE, .value = {.int32Values = [1]{1023}, .floatValues = [0]{}, .int64Values = [0]{}, .bytes = [0]{}, .stringValue = ""}}
03-17 18:53:28.380   400   452 D adayocomadapter-CommunicationManager: onUpstreamReceive mPropertyId 0x21402085
03-17 18:53:28.380   400   452 D adayocomadapter-CommunicationManager: onUpstreamReceive isLoss 1 mPropertyId 0x2140220a
03-17 18:53:28.380   400   452 D adayocomadapter-CommunicationManager: convertBytesToInt32Memcpy  7
03-17 18:53:28.380   400   452 D vw-vhal : notifyVehicleProperty, propId = 0x2140220a, data = {status: 3, int32Values: [7]}
03-17 18:53:28.380   400   452 I DefaultVehicleHal_v2_0: DefaultVehicleHal::onPropertyValue, value:{.timestamp = 142328360015, .areaId = 0, .prop = 557851146, .status = UNAVAILABLE, .value = {.int32Values = [1]{7}, .floatValues = [0]{}, .int64Values = [0]{}, .bytes = [0]{}, .stringValue = ""}}
03-17 18:53:28.380   400   452 D adayocomadapter-CommunicationManager: onUpstreamReceive mPropertyId 0x2140220a
03-17 18:53:28.380   400   452 D adayocomadapter-CommunicationManager: onUpstreamReceive isLoss 1 mPropertyId 0x214021e6
03-17 18:53:28.380   400   452 D adayocomadapter-CommunicationManager: convertBytesToInt32Memcpy  0
03-17 18:53:28.380   400   452 D vw-vhal : notifyVehicleProperty, propId = 0x214021e6, data = {status: 3, int32Values: [0]}
03-17 18:53:28.380   400   452 I DefaultVehicleHal_v2_0: DefaultVehicleHal::onPropertyValue, value:{.timestamp = 142328468348, .areaId = 0, .prop = 557851110, .status = UNAVAILABLE, .value = {.int32Values = [1]{0}, .floatValues = [0]{}, .int64Values = [0]{}, .bytes = [0]{}, .stringValue = ""}}
03-17 18:53:28.380   400   452 D adayocomadapter-CommunicationManager: onUpstreamReceive mPropertyId 0x214021e6
03-17 18:53:28.387   582  3616 E WifiHAL : Invalid data received from driver
03-17 18:53:28.409  1627  8902 D okhttp.Http2: << 0x0000001d    44 HEADERS       END_HEADERS
03-17 18:53:28.413  1627  8902 D okhttp.Http2: << 0x0000001d   229 DATA          END_STREAM
03-17 18:53:28.414   903  1180 D NetworkPolicy: Blocked state of 10051: {blocked=NONE,allowed=FOREGROUND|TOP|METERED_FOREGROUND,effective=NONE}
03-17 18:53:28.416  1627  8902 D okhttp.Http2: << 0x0000001d     4 WINDOW_UPDATE 
03-17 18:53:28.416  1627  9198 I okhttp.OkHttpClient: <-- 400 https://api-c-data-uat.mosc.faw-vw.com/j01/hu/data-collection/trace-service/vehicle-trace/v2/upload?requestId=dfe5a78d-c0fd-4c1b-9e9c-773680af2ba3&signt=1773744808236&appkey=HiVQY27x&sign=34a743f0ceabf78cf8de592aa71b3ea7 (167ms)
03-17 18:53:28.417  1627  9198 I okhttp.OkHttpClient: server: stgw
03-17 18:53:28.417  1627  9198 I okhttp.OkHttpClient: date: Tue, 17 Mar 2026 10:53:28 GMT
03-17 18:53:28.417  1627  9198 I okhttp.OkHttpClient: content-type: text/html
03-17 18:53:28.417  1627  9198 I okhttp.OkHttpClient: content-length: 229
03-17 18:53:28.419  1627  9198 I okhttp.OkHttpClient: <html>
03-17 18:53:28.419  1627  9198 I okhttp.OkHttpClient: <head><title>400 No required SSL certificate was sent</title></head>
03-17 18:53:28.419  1627  9198 I okhttp.OkHttpClient: <body>
03-17 18:53:28.419  1627  9198 I okhttp.OkHttpClient: <center><h1>400 Bad Request</h1></center>
03-17 18:53:28.419  1627  9198 I okhttp.OkHttpClient: <center>No required SSL certificate was sent</center>
03-17 18:53:28.419  1627  9198 I okhttp.OkHttpClient: <hr><center>stgw</center>
03-17 18:53:28.419  1627  9198 I okhttp.OkHttpClient: </body>
03-17 18:53:28.419  1627  9198 I okhttp.OkHttpClient: </html>
03-17 18:53:28.419  2383  2600 D AdayoDoipServer294_Doip: [ne_doip_event_loop_dispatch][line:141] : count = 0
03-17 18:53:28.419  1627  9198 I okhttp.OkHttpClient: <-- END HTTP (229-byte body)
03-17 18:53:28.421  1627  9198 D okhttp.TaskRunner: Q10001 scheduled after   0 µs: OkHttp ConnectionPool
03-17 18:53:28.422  1627  8903 D okhttp.TaskRunner: Q10001 starting              : OkHttp ConnectionPool
03-17 18:53:28.423  1627  8903 D okhttp.TaskRunner: Q10001 run again after 300 s : OkHttp ConnectionPool
03-17 18:53:28.424  1627  8903 D okhttp.TaskRunner: Q10001 finished run in   2 ms: OkHttp ConnectionPool
03-17 18:53:28.439   644   644 E fgesysctrl_hidl_hal_test1: fgesysctrl_get_signal status *value=0
03-17 18:53:28.439   649   759 D EvsApp  : CameraFgeSysctrl::fgesysctrl_get_signal_status() end ret = 1
03-17 18:53:28.439  1646  1727 I evsservice20200311: function = notifyAppDeviceValue :ADAYO_AVM_CAMERA_SIGNAL_STATE,1---
03-17 18:53:28.440  1646  1985 E EvsServiceManager: EvsServiceManager$1->notifyDeviceValue()42:notifyDeviceValue key：ADAYO_AVM_CAMERA_SIGNAL_STATEvalue1     ---164:Thread-126
03-17 18:53:28.458   582  3616 E WifiHAL : Invalid data received from driver
03-17 18:53:28.458   642   685 I mcuc    : sd Uart data : 6AA60205530002920210
03-17 18:53:28.459   582  3616 E WifiHAL : Invalid data received from driver
03-17 18:53:28.459   582  3616 E WifiHAL : Invalid data received from driver
03-17 18:53:28.459   582  3616 E WifiHAL : Invalid data received from driver
03-17 18:53:28.459   582  3616 E WifiHAL : Invalid data received from driver
03-17 18:53:28.459   582  3616 E WifiHAL : Invalid data received from driver
03-17 18:53:28.459   582  3616 E WifiHAL : Invalid data received from driver
03-17 18:53:28.459   582  3616 E WifiHAL : Invalid data received from driver
03-17 18:53:28.463   642   685 I mcuc    : rev uart=1434,len=15, data : 6AA681055300079202000B00000180
03-17 18:53:28.463   642   685 I mcuc    : sd Uart data : 6AA6020554000292020F
03-17 18:53:28.464   400   400 D adayocomadapter-ParseProtocolFunc: printRaWMsg Name[MCUToUPstream recv] len[7] data[9202000B000001]
03-17 18:53:28.464   400   400 D adayocomadapter-CommunicationManager: onUpstreamback   member[0] dataLength[4] timePoint[142411]
03-17 18:53:28.464   400   400 D adayocomadapter-ParseProtocolFunc: printRaWMsg Name[onUpstreamback] len[4] data[0B000001]
03-17 18:53:28.464   400   452 D adayocomadapter-UpstreamHandler: processBeforePacket upSreamtProcessTimePoint[142411] 
03-17 18:53:28.464   400   452 D adayocomadapter-UpstreamHandler: processPacket UPSTREAM_QUEUE_DATA_TIMEOUT
03-17 18:53:28.464   400   452 D adayocomadapter-ParseProtocolFunc: parseCommonIPCLBytes Processing tableNumber[11]
03-17 18:53:28.464   400   452 D adayocomadapter-ParseProtocolFunc: parseCommonIPCLBytes Processing tablename[Table-11] tableSize[4]
03-17 18:53:28.464   400   452 D adayocomadapter-ParseProtocolFunc: printRaWMsg Name[byteStream recv] len[4] data[0B000001]
03-17 18:53:28.464   400   452 D adayocomadapter-ParseProtocolFunc: printRaWMsg Name[IPCLtoVHAL] len[8] data[2140200B00010000]
03-17 18:53:28.464   400   452 D adayocomadapter-CommunicationManager: onUpstreamReceive isLoss 1 mPropertyId 0x2140200b
03-17 18:53:28.464   400   452 D adayocomadapter-CommunicationManager: convertBytesToInt32Memcpy  0
03-17 18:53:28.464   400   452 D vw-vhal : notifyVehicleProperty, propId = 0x2140200b, data = {status: 3, int32Values: [0]}
03-17 18:53:28.464   400   452 I DefaultVehicleHal_v2_0: DefaultVehicleHal::onPropertyValue, value:{.timestamp = 142411989682, .areaId = 0, .prop = 557850635, .status = UNAVAILABLE, .value = {.int32Values = [1]{0}, .floatValues = [0]{}, .int64Values = [0]{}, .bytes = [0]{}, .stringValue = ""}}
03-17 18:53:28.464   400   452 D adayocomadapter-CommunicationManager: onUpstreamReceive mPropertyId 0x2140200b
03-17 18:53:28.469   642   685 I mcuc    : rev uart=1435,len=20, data : 6AA6810554000C9202000F000000000000000176
03-17 18:53:28.469   400   400 D adayocomadapter-ParseProtocolFunc: printRaWMsg Name[MCUToUPstream recv] len[12] data[9202000F0000000000000001]
03-17 18:53:28.469   400   400 D adayocomadapter-CommunicationManager: onUpstreamback   member[0] dataLength[9] timePoint[142416]
03-17 18:53:28.469   400   400 D adayocomadapter-ParseProtocolFunc: printRaWMsg Name[onUpstreamback] len[9] data[0F0000000000000001]
03-17 18:53:28.469   400   452 D adayocomadapter-UpstreamHandler: processBeforePacket upSreamtProcessTimePoint[142416] 
03-17 18:53:28.469   400   452 D adayocomadapter-UpstreamHandler: processPacket UPSTREAM_QUEUE_DATA_TIMEOUT
03-17 18:53:28.469   400   452 D adayocomadapter-ParseProtocolFunc: parseCommonIPCLBytes Processing tableNumber[15]
03-17 18:53:28.469   400   452 D adayocomadapter-ParseProtocolFunc: parseCommonIPCLBytes Processing tablename[Table-15] tableSize[9]
03-17 18:53:28.469   400   452 D adayocomadapter-ParseProtocolFunc: printRaWMsg Name[byteStream recv] len[9] data[0F0000000000000001]
03-17 18:53:28.469   400   452 D adayocomadapter-ParseProtocolFunc: printRaWMsg Name[IPCLtoVHAL] len[7] data[214020F3000100]
03-17 18:53:28.469   400   452 D adayocomadapter-ParseProtocolFunc: printRaWMsg Name[IPCLtoVHAL] len[7] data[214020F4000100]
03-17 18:53:28.469   400   452 D adayocomadapter-ParseProtocolFunc: printRaWMsg Name[IPCLtoVHAL] len[7] data[214020F5000100]
03-17 18:53:28.469   400   452 D adayocomadapter-ParseProtocolFunc: printRaWMsg Name[IPCLtoVHAL] len[7] data[214020F6000100]
03-17 18:53:28.469   400   452 D adayocomadapter-ParseProtocolFunc: printRaWMsg Name[IPCLtoVHAL] len[7] data[214020F7000100]
03-17 18:53:28.469   400   452 D adayocomadapter-ParseProtocolFunc: printRaWMsg Name[IPCLtoVHAL] len[7] data[214020F8000100]
03-17 18:53:28.469   400   452 D adayocomadapter-ParseProtocolFunc: printRaWMsg Name[IPCLtoVHAL] len[7] data[214020F9000100]
03-17 18:53:28.469   400   452 D adayocomadapter-CommunicationManager: onUpstreamReceive isLoss 1 mPropertyId 0x214020f3
03-17 18:53:28.469   400   452 D adayocomadapter-CommunicationManager: convertBytesToInt32Memcpy  0
03-17 18:53:28.469   400   452 D vw-vhal : notifyVehicleProperty, propId = 0x214020f3, data = {status: 3, int32Values: [0]}
03-17 18:53:28.469   400   452 I DefaultVehicleHal_v2_0: DefaultVehicleHal::onPropertyValue, value:{.timestamp = 142417316348, .areaId = 0, .prop = 557850867, .status = UNAVAILABLE, .value = {.int32Values = [1]{0}, .floatValues = [0]{}, .int64Values = [0]{}, .bytes = [0]{}, .stringValue = ""}}
03-17 18:53:28.469   400   452 D adayocomadapter-CommunicationManager: onUpstreamReceive mPropertyId 0x214020f3
03-17 18:53:28.469   400   452 D adayocomadapter-CommunicationManager: onUpstreamReceive isLoss 1 mPropertyId 0x214020f4
03-17 18:53:28.469   400   452 D adayocomadapter-CommunicationManager: convertBytesToInt32Memcpy  0
03-17 18:53:28.469   400   452 D vw-vhal : notifyVehicleProperty, propId = 0x214020f4, data = {status: 3, int32Values: [0]}
03-17 18:53:28.469   400   452 I DefaultVehicleHal_v2_0: DefaultVehicleHal::onPropertyValue, value:{.timestamp = 142417447348, .areaId = 0, .prop = 557850868, .status = UNAVAILABLE, .value = {.int32Values = [1]{0}, .floatValues = [0]{}, .int64Values = [0]{}, .bytes = [0]{}, .stringValue = ""}}
03-17 18:53:28.469   400   452 D adayocomadapter-CommunicationManager: onUpstreamReceive mPropertyId 0x214020f4
03-17 18:53:28.469   400   452 D adayocomadapter-CommunicationManager: onUpstreamReceive isLoss 1 mPropertyId 0x214020f5
03-17 18:53:28.469   400   452 D adayocomadapter-CommunicationManager: convertBytesToInt32Memcpy  0
03-17 18:53:28.469  6654  6700 D TimerTriggerManager: init instance...
03-17 18:53:28.469   400   452 D vw-vhal : notifyVehicleProperty, propId = 0x214020f5, data = {status: 3, int32Values: [0]}
03-17 18:53:28.470  6654  6700 D TimerTriggerManager: Timer thread'TimerTriggerManager' is destroyed: false
03-17 18:53:28.470   400   452 I DefaultVehicleHal_v2_0: DefaultVehicleHal::onPropertyValue, value:{.timestamp = 142417553348, .areaId = 0, .prop = 557850869, .status = UNAVAILABLE, .value = {.int32Values = [1]{0}, .floatValues = [0]{}, .int64Values = [0]{}, .bytes = [0]{}, .stringValue = ""}}
03-17 18:53:28.470  6654  6700 D TimerTriggerManager: Timer 'onIndcnVehSpdChanged' is running: true
03-17 18:53:28.470   400   452 D adayocomadapter-CommunicationManager: onUpstreamReceive mPropertyId 0x214020f5
03-17 18:53:28.470  6654  6700 D TimerTriggerManager: Sending reset signal to timer 'onIndcnVehSpdChanged'
03-17 18:53:28.470   400   452 D adayocomadapter-CommunicationManager: onUpstreamReceive isLoss 1 mPropertyId 0x214020f6
03-17 18:53:28.470   400   452 D adayocomadapter-CommunicationManager: convertBytesToInt32Memcpy  0
03-17 18:53:28.470   400   452 D vw-vhal : notifyVehicleProperty, propId = 0x214020f6, data = {status: 3, int32Values: [0]}
03-17 18:53:28.470  6654  6700 D TimerTriggerManager: Reset signal sent to timer 'onIndcnVehSpdChanged'
03-17 18:53:28.470   400   452 I DefaultVehicleHal_v2_0: DefaultVehicleHal::onPropertyValue, value:{.timestamp = 142417655682, .areaId = 0, .prop = 557850870, .status = UNAVAILABLE, .value = {.int32Values = [1]{0}, .floatValues = [0]{}, .int64Values = [0]{}, .bytes = [0]{}, .stringValue = ""}}
03-17 18:53:28.470   400   452 D adayocomadapter-CommunicationManager: onUpstreamReceive mPropertyId 0x214020f6
03-17 18:53:28.470  6654  6707 D TimerTriggerController: Reset method called for timer: onIndcnVehSpdChanged
03-17 18:53:28.470   400   452 D adayocomadapter-CommunicationManager: onUpstreamReceive isLoss 1 mPropertyId 0x214020f7
03-17 18:53:28.470   400   452 D adayocomadapter-CommunicationManager: convertBytesToInt32Memcpy  0
03-17 18:53:28.470   400   452 D vw-vhal : notifyVehicleProperty, propId = 0x214020f7, data = {status: 3, int32Values: [0]}
03-17 18:53:28.470  6654  6707 D TimerTriggerController: Calling onTimerReset for timer: onIndcnVehSpdChanged
03-17 18:53:28.470   400   452 I DefaultVehicleHal_v2_0: DefaultVehicleHal::onPropertyValue, value:{.timestamp = 142417787348, .areaId = 0, .prop = 557850871, .status = UNAVAILABLE, .value = {.int32Values = [1]{0}, .floatValues = [0]{}, .int64Values = [0]{}, .bytes = [0]{}, .stringValue = ""}}
03-17 18:53:28.470  6654  6707 D TimerTriggerManager: Timer reset: onIndcnVehSpdChanged
03-17 18:53:28.470   400   452 D adayocomadapter-CommunicationManager: onUpstreamReceive mPropertyId 0x214020f7
03-17 18:53:28.470   400   452 D adayocomadapter-CommunicationManager: onUpstreamReceive isLoss 1 mPropertyId 0x214020f8
03-17 18:53:28.470   400   452 D adayocomadapter-CommunicationManager: convertBytesToInt32Memcpy  0
03-17 18:53:28.470   400   452 D vw-vhal : notifyVehicleProperty, propId = 0x214020f8, data = {status: 3, int32Values: [0]}
03-17 18:53:28.470   400   452 I DefaultVehicleHal_v2_0: DefaultVehicleHal::onPropertyValue, value:{.timestamp = 142417889682, .areaId = 0, .prop = 557850872, .status = UNAVAILABLE, .value = {.int32Values = [1]{0}, .floatValues = [0]{}, .int64Values = [0]{}, .bytes = [0]{}, .stringValue = ""}}
03-17 18:53:28.470  6654  6707 I TimerTriggerController: Timer [onIndcnVehSpdChanged] reset, remaining: 1000ms, reset count: 943
03-17 18:53:28.470   400   452 D adayocomadapter-CommunicationManager: onUpstreamReceive mPropertyId 0x214020f8
03-17 18:53:28.470   400   452 D adayocomadapter-CommunicationManager: onUpstreamReceive isLoss 1 mPropertyId 0x214020f9
03-17 18:53:28.470   400   452 D adayocomadapter-CommunicationManager: convertBytesToInt32Memcpy  0
03-17 18:53:28.470   400   452 D vw-vhal : notifyVehicleProperty, propId = 0x214020f9, data = {status: 3, int32Values: [0]}
03-17 18:53:28.470   400   452 I DefaultVehicleHal_v2_0: DefaultVehicleHal::onPropertyValue, value:{.timestamp = 142417994015, .areaId = 0, .prop = 557850873, .status = UNAVAILABLE, .value = {.int32Values = [1]{0}, .floatValues = [0]{}, .int64Values = [0]{}, .bytes = [0]{}, .stringValue = ""}}
03-17 18:53:28.470   400   452 D adayocomadapter-CommunicationManager: onUpstreamReceive mPropertyId 0x214020f9
03-17 18:53:28.488  2336  2620 D BootTimeTracker: ┌───────────────────────────────────────────────────────────────┐
03-17 18:53:28.488  2336  2620 D BootTimeTracker: │[18:53:28.487][DefaultDispatcher-worker-1][invokeSuspend:71]   │
03-17 18:53:28.488  2336  2620 D BootTimeTracker: │ Update lastRunningTime to 1773459370575, interval to -118971. │
03-17 18:53:28.488  2336  2620 D BootTimeTracker: └───────────────────────────────────────────────────────────────┘
03-17 18:53:28.518   642   685 I mcuc    : sd Uart data : 6AA6020555000292020E
03-17 18:53:28.519  2383  2600 D AdayoDoipServer294_Doip: [ne_doip_event_loop_dispatch][line:141] : count = 0
03-17 18:53:28.523   642   685 I mcuc    : rev uart=1436,len=32, data : 6AA681055500189202001300FE00FE00FE000000000000000000000001010169
03-17 18:53:28.523   400   400 D adayocomadapter-ParseProtocolFunc: printRaWMsg Name[MCUToUPstream recv] len[24] data[9202001300FE00FE00FE0000000000000000000000010101]
03-17 18:53:28.523   400   400 D adayocomadapter-CommunicationManager: onUpstreamback   member[0] dataLength[21] timePoint[142471]
03-17 18:53:28.523   400   400 D adayocomadapter-ParseProtocolFunc: printRaWMsg Name[onUpstreamback] len[21] data[1300FE00FE00FE0000000000000000000000010101]
03-17 18:53:28.524   400   452 D adayocomadapter-UpstreamHandler: processBeforePacket upSreamtProcessTimePoint[142471] 
03-17 18:53:28.524   400   452 D adayocomadapter-UpstreamHandler: processPacket UPSTREAM_QUEUE_DATA_TIMEOUT
03-17 18:53:28.524   400   452 D adayocomadapter-ParseProtocolFunc: parseCommonIPCLBytes Processing tableNumber[19]
03-17 18:53:28.524   400   452 D adayocomadapter-ParseProtocolFunc: parseCommonIPCLBytes Processing tablename[Table-19] tableSize[21]
03-17 18:53:28.524   400   452 D adayocomadapter-ParseProtocolFunc: printRaWMsg Name[byteStream recv] len[21] data[1300FE00FE00FE0000000000000000000000010101]
03-17 18:53:28.524   400   452 D adayocomadapter-ParseProtocolFunc: printRaWMsg Name[IPCLtoVHAL] len[7] data[21401028000100]
03-17 18:53:28.524   400   452 D adayocomadapter-ParseProtocolFunc: printRaWMsg Name[IPCLtoVHAL] len[7] data[214010290001FE]
03-17 18:53:28.524   400   452 D adayocomadapter-ParseProtocolFunc: printRaWMsg Name[IPCLtoVHAL] len[7] data[2140102E000100]
03-17 18:53:28.524   400   452 D adayocomadapter-ParseProtocolFunc: printRaWMsg Name[IPCLtoVHAL] len[7] data[2140102B000100]
03-17 18:53:28.524   400   452 D adayocomadapter-ParseProtocolFunc: printRaWMsg Name[IPCLtoVHAL] len[7] data[2140104C000100]
03-17 18:53:28.524   400   452 D adayocomadapter-ParseProtocolFunc: printRaWMsg Name[IPCLtoVHAL] len[7] data[2140102C0001FE]
03-17 18:53:28.524   400   452 D adayocomadapter-ParseProtocolFunc: printRaWMsg Name[IPCLtoVHAL] len[8] data[2140200700010000]
03-17 18:53:28.524   400   452 D adayocomadapter-ParseProtocolFunc: printRaWMsg Name[IPCLtoVHAL] len[7] data[2140102F0001FE]
03-17 18:53:28.524   400   452 D adayocomadapter-ParseProtocolFunc: printRaWMsg Name[IPCLtoVHAL] len[7] data[21401031000100]
03-17 18:53:28.524   400   452 D adayocomadapter-ParseProtocolFunc: printRaWMsg Name[IPCLtoVHAL] len[8] data[2140202200010000]
03-17 18:53:28.524   400   452 D adayocomadapter-ParseProtocolFunc: printRaWMsg Name[IPCLtoVHAL] len[10] data[21402023000100000000]
03-17 18:53:28.524   400   452 D adayocomadapter-ParseProtocolFunc: printRaWMsg Name[IPCLtoVHAL] len[7] data[2140104D000100]
03-17 18:53:28.524   400   452 D adayocomadapter-CommunicationManager: onUpstreamReceive isLoss 1 mPropertyId 0x21401028
03-17 18:53:28.524   400   452 D adayocomadapter-CommunicationManager: convertBytesToInt32Memcpy  0
03-17 18:53:28.524   400   452 D vw-vhal : notifyVehicleProperty, propId = 0x21401028, data = {status: 3, int32Values: [0]}
03-17 18:53:28.524   400   452 I DefaultVehicleHal_v2_0: DefaultVehicleHal::onPropertyValue, value:{.timestamp = 142472041015, .areaId = 0, .prop = 557846568, .status = UNAVAILABLE, .value = {.int32Values = [1]{0}, .floatValues = [0]{}, .int64Values = [0]{}, .bytes = [0]{}, .stringValue = ""}}
03-17 18:53:28.524   400   452 D adayocomadapter-CommunicationManager: onUpstreamReceive mPropertyId 0x21401028
03-17 18:53:28.524   400   452 D adayocomadapter-CommunicationManager: onUpstreamReceive isLoss 1 mPropertyId 0x21401029
03-17 18:53:28.524   400   452 D adayocomadapter-CommunicationManager: convertBytesToInt32Memcpy  254
03-17 18:53:28.524   400   452 D vw-vhal : notifyVehicleProperty, propId = 0x21401029, data = {status: 3, int32Values: [254]}
03-17 18:53:28.524   400   452 I DefaultVehicleHal_v2_0: DefaultVehicleHal::onPropertyValue, value:{.timestamp = 142472181348, .areaId = 0, .prop = 557846569, .status = UNAVAILABLE, .value = {.int32Values = [1]{254}, .floatValues = [0]{}, .int64Values = [0]{}, .bytes = [0]{}, .stringValue = ""}}
03-17 18:53:28.524   400   452 D adayocomadapter-CommunicationManager: onUpstreamReceive mPropertyId 0x21401029
03-17 18:53:28.524   400   452 D adayocomadapter-CommunicationManager: onUpstreamReceive isLoss 1 mPropertyId 0x2140102e
03-17 18:53:28.524   400   452 D adayocomadapter-CommunicationManager: convertBytesToInt32Memcpy  0
03-17 18:53:28.524   400   452 D vw-vhal : notifyVehicleProperty, propId = 0x2140102e, data = {status: 3, int32Values: [0]}
03-17 18:53:28.524   400   452 I DefaultVehicleHal_v2_0: DefaultVehicleHal::onPropertyValue, value:{.timestamp = 142472288348, .areaId = 0, .prop = 557846574, .status = UNAVAILABLE, .value = {.int32Values = [1]{0}, .floatValues = [0]{}, .int64Values = [0]{}, .bytes = [0]{}, .stringValue = ""}}
03-17 18:53:28.524   400   452 D adayocomadapter-CommunicationManager: onUpstreamReceive mPropertyId 0x2140102e
03-17 18:53:28.524   400   452 D adayocomadapter-CommunicationManager: onUpstreamReceive isLoss 1 mPropertyId 0x2140102b
03-17 18:53:28.524   400   452 D adayocomadapter-CommunicationManager: convertBytesToInt32Memcpy  0
03-17 18:53:28.524   400   452 D vw-vhal : notifyVehicleProperty, propId = 0x2140102b, data = {status: 3, int32Values: [0]}
03-17 18:53:28.524   400   452 I DefaultVehicleHal_v2_0: DefaultVehicleHal::onPropertyValue, value:{.timestamp = 142472392682, .areaId = 0, .prop = 557846571, .status = UNAVAILABLE, .value = {.int32Values = [1]{0}, .floatValues = [0]{}, .int64Values = [0]{}, .bytes = [0]{}, .stringValue = ""}}
03-17 18:53:28.524   400   452 D adayocomadapter-CommunicationManager: onUpstreamReceive mPropertyId 0x2140102b
03-17 18:53:28.524   400   452 D adayocomadapter-CommunicationManager: onUpstreamReceive isLoss 1 mPropertyId 0x2140104c
03-17 18:53:28.524   400   452 D adayocomadapter-CommunicationManager: convertBytesToInt32Memcpy  0
03-17 18:53:28.524   400   452 D vw-vhal : notifyVehicleProperty, propId = 0x2140104c, data = {status: 3, int32Values: [0]}
03-17 18:53:28.524   400   452 I DefaultVehicleHal_v2_0: DefaultVehicleHal::onPropertyValue, value:{.timestamp = 142472495015, .areaId = 0, .prop = 557846604, .status = UNAVAILABLE, .value = {.int32Values = [1]{0}, .floatValues = [0]{}, .int64Values = [0]{}, .bytes = [0]{}, .stringValue = ""}}
03-17 18:53:28.524   400   452 D adayocomadapter-CommunicationManager: onUpstreamReceive mPropertyId 0x2140104c
03-17 18:53:28.525   400   452 D adayocomadapter-CommunicationManager: onUpstreamReceive isLoss 1 mPropertyId 0x2140102c
03-17 18:53:28.525   400   452 D adayocomadapter-CommunicationManager: convertBytesToInt32Memcpy  254
03-17 18:53:28.525   400   452 D vw-vhal : notifyVehicleProperty, propId = 0x2140102c, data = {status: 3, int32Values: [254]}
03-17 18:53:28.525   400   452 I DefaultVehicleHal_v2_0: DefaultVehicleHal::onPropertyValue, value:{.timestamp = 142472600348, .areaId = 0, .prop = 557846572, .status = UNAVAILABLE, .value = {.int32Values = [1]{254}, .floatValues = [0]{}, .int64Values = [0]{}, .bytes = [0]{}, .stringValue = ""}}
03-17 18:53:28.525   400   452 D adayocomadapter-CommunicationManager: onUpstreamReceive mPropertyId 0x2140102c
03-17 18:53:28.525   400   452 D adayocomadapter-CommunicationManager: onUpstreamReceive isLoss 1 mPropertyId 0x21402007
03-17 18:53:28.525   400   452 D adayocomadapter-CommunicationManager: convertBytesToInt32Memcpy  0
03-17 18:53:28.525   400   452 D vw-vhal : notifyVehicleProperty, propId = 0x21402007, data = {status: 3, int32Values: [0]}
03-17 18:53:28.525   400   452 I DefaultVehicleHal_v2_0: DefaultVehicleHal::onPropertyValue, value:{.timestamp = 142472714348, .areaId = 0, .prop = 557850631, .status = UNAVAILABLE, .value = {.int32Values = [1]{0}, .floatValues = [0]{}, .int64Values = [0]{}, .bytes = [0]{}, .stringValue = ""}}
03-17 18:53:28.525   400   452 D adayocomadapter-CommunicationManager: onUpstreamReceive mPropertyId 0x21402007
03-17 18:53:28.525   400   452 D adayocomadapter-CommunicationManager: onUpstreamReceive isLoss 1 mPropertyId 0x2140102f
03-17 18:53:28.525   400   452 D adayocomadapter-CommunicationManager: convertBytesToInt32Memcpy  254
03-17 18:53:28.525   400   452 D vw-vhal : notifyVehicleProperty, propId = 0x2140102f, data = {status: 3, int32Values: [254]}
03-17 18:53:28.525   400   452 I DefaultVehicleHal_v2_0: DefaultVehicleHal::onPropertyValue, value:{.timestamp = 142472817348, .areaId = 0, .prop = 557846575, .status = UNAVAILABLE, .value = {.int32Values = [1]{254}, .floatValues = [0]{}, .int64Values = [0]{}, .bytes = [0]{}, .stringValue = ""}}
03-17 18:53:28.525   400   452 D adayocomadapter-CommunicationManager: onUpstreamReceive mPropertyId 0x2140102f
03-17 18:53:28.525   400   452 D adayocomadapter-CommunicationManager: onUpstreamReceive isLoss 1 mPropertyId 0x21401031
03-17 18:53:28.525   400   452 D adayocomadapter-CommunicationManager: convertBytesToInt32Memcpy  0
03-17 18:53:28.525   400   452 D vw-vhal : notifyVehicleProperty, propId = 0x21401031, data = {status: 3, int32Values: [0]}
03-17 18:53:28.525   400   452 I DefaultVehicleHal_v2_0: DefaultVehicleHal::onPropertyValue, value:{.timestamp = 142472927682, .areaId = 0, .prop = 557846577, .status = UNAVAILABLE, .value = {.int32Values = [1]{0}, .floatValues = [0]{}, .int64Values = [0]{}, .bytes = [0]{}, .stringValue = ""}}
03-17 18:53:28.525   400   452 D adayocomadapter-CommunicationManager: onUpstreamReceive mPropertyId 0x21401031
03-17 18:53:28.525   400   452 D adayocomadapter-CommunicationManager: onUpstreamReceive isLoss 1 mPropertyId 0x21402022
03-17 18:53:28.525   400   452 D adayocomadapter-CommunicationManager: convertBytesToInt32Memcpy  0
03-17 18:53:28.525   400   452 D vw-vhal : notifyVehicleProperty, propId = 0x21402022, data = {status: 3, int32Values: [0]}
03-17 18:53:28.525   400   452 I DefaultVehicleHal_v2_0: DefaultVehicleHal::onPropertyValue, value:{.timestamp = 142473067015, .areaId = 0, .prop = 557850658, .status = UNAVAILABLE, .value = {.int32Values = [1]{0}, .floatValues = [0]{}, .int64Values = [0]{}, .bytes = [0]{}, .stringValue = ""}}
03-17 18:53:28.525   400   452 D adayocomadapter-CommunicationManager: onUpstreamReceive mPropertyId 0x21402022
03-17 18:53:28.525   400   452 D adayocomadapter-CommunicationManager: onUpstreamReceive isLoss 1 mPropertyId 0x21402023
03-17 18:53:28.525   400   452 D adayocomadapter-CommunicationManager: convertBytesToInt32Memcpy  0
03-17 18:53:28.525   400   452 D vw-vhal : notifyVehicleProperty, propId = 0x21402023, data = {status: 3, int32Values: [0]}
03-17 18:53:28.525   400   452 I DefaultVehicleHal_v2_0: DefaultVehicleHal::onPropertyValue, value:{.timestamp = 142473174015, .areaId = 0, .prop = 557850659, .status = UNAVAILABLE, .value = {.int32Values = [1]{0}, .floatValues = [0]{}, .int64Values = [0]{}, .bytes = [0]{}, .stringValue = ""}}
03-17 18:53:28.525   400   452 D adayocomadapter-CommunicationManager: onUpstreamReceive mPropertyId 0x21402023
03-17 18:53:28.525   400   452 D adayocomadapter-CommunicationManager: onUpstreamReceive isLoss 1 mPropertyId 0x2140104d
03-17 18:53:28.525   400   452 D adayocomadapter-CommunicationManager: convertBytesToInt32Memcpy  0
03-17 18:53:28.525   400   452 D vw-vhal : notifyVehicleProperty, propId = 0x2140104d, data = {status: 3, int32Values: [0]}
03-17 18:53:28.525   400   452 I DefaultVehicleHal_v2_0: DefaultVehicleHal::onPropertyValue, value:{.timestamp = 142473305348, .areaId = 0, .prop = 557846605, .status = UNAVAILABLE, .value = {.int32Values = [1]{0}, .floatValues = [0]{}, .int64Values = [0]{}, .bytes = [0]{}, .stringValue = ""}}
03-17 18:53:28.525   400   452 D adayocomadapter-CommunicationManager: onUpstreamReceive mPropertyId 0x2140104d
03-17 18:53:28.525  2106  2450 D CAR.DIAGNOSTIC: Entry - Type: 0x01, ServiceId: 0x2048, InstanceId: 0x0001, MajorVersion: 0x01FFFFFF, TTL: 0
03-17 18:53:28.526  2106  2460 D CAR.DIAGNOSTIC: Entry - Type: 0x01, ServiceId: 0x2048, InstanceId: 0x0001, MajorVersion: 0x01FFFFFF, TTL: 0
03-17 18:53:28.526  2106  2458 D CAR.DIAGNOSTIC: Entry - Type: 0x01, ServiceId: 0x2048, InstanceId: 0x0001, MajorVersion: 0x01FFFFFF, TTL: 0
03-17 18:53:28.526  2106  2460 D CAR.DIAGNOSTIC: Entry - Type: 0x01, ServiceId: 0x5555, InstanceId: 0x0001, MajorVersion: 0x01FFFFFF, TTL: 0
03-17 18:53:28.526  2106  2450 D CAR.DIAGNOSTIC: Entry - Type: 0x01, ServiceId: 0x5555, InstanceId: 0x0001, MajorVersion: 0x01FFFFFF, TTL: 0
03-17 18:53:28.526  2106  2458 D CAR.DIAGNOSTIC: Entry - Type: 0x01, ServiceId: 0x5555, InstanceId: 0x0001, MajorVersion: 0x01FFFFFF, TTL: 0
03-17 18:53:28.526  2106  2458 W CAR.DIAGNOSTIC: Not enough data for option indices: needed 128, remaining 52
03-17 18:53:28.526  2106  2450 W CAR.DIAGNOSTIC: Not enough data for option indices: needed 128, remaining 52
03-17 18:53:28.526  2106  2460 W CAR.DIAGNOSTIC: Not enough data for option indices: needed 128, remaining 52
03-17 18:53:28.531  1566  3186 D TboxNetworkManager: tboxNetworkbinder=null
03-17 18:53:28.560   582  3616 E WifiHAL : Invalid data received from driver
03-17 18:53:28.570  6654  6700 D TimerTriggerManager: init instance...
03-17 18:53:28.570  6654  6700 D TimerTriggerManager: Timer thread'TimerTriggerManager' is destroyed: false
03-17 18:53:28.570  6654  6700 D TimerTriggerManager: Timer 'onMntnWarnReqChanged' is running: true
03-17 18:53:28.570  6654  6700 D TimerTriggerManager: Sending reset signal to timer 'onMntnWarnReqChanged'
03-17 18:53:28.570  6654  6700 D TimerTriggerManager: Reset signal sent to timer 'onMntnWarnReqChanged'
03-17 18:53:28.570  6654  6707 D TimerTriggerController: Reset method called for timer: onMntnWarnReqChanged
03-17 18:53:28.570  6654  6707 D TimerTriggerController: Calling onTimerReset for timer: onMntnWarnReqChanged
03-17 18:53:28.570  6654  6707 D TimerTriggerManager: Timer reset: onMntnWarnReqChanged
03-17 18:53:28.570  6654  6707 I TimerTriggerController: Timer [onMntnWarnReqChanged] reset, remaining: 5000ms, reset count: 472
03-17 18:53:28.570  6654  6700 D TimerTriggerManager: init instance...
03-17 18:53:28.570  6654  6700 D TimerTriggerManager: Timer thread'TimerTriggerManager' is destroyed: false
03-17 18:53:28.570  6654  6700 D TimerTriggerManager: Timer 'onIndcnVehSpdChanged' is running: true
03-17 18:53:28.570  6654  6700 D TimerTriggerManager: Sending reset signal to timer 'onIndcnVehSpdChanged'
03-17 18:53:28.571  6654  6700 D TimerTriggerManager: Reset signal sent to timer 'onIndcnVehSpdChanged'
03-17 18:53:28.571  6654  6707 D TimerTriggerController: Reset method called for timer: onIndcnVehSpdChanged
03-17 18:53:28.571  6654  6707 D TimerTriggerController: Calling onTimerReset for timer: onIndcnVehSpdChanged
03-17 18:53:28.571  6654  6707 D TimerTriggerManager: Timer reset: onIndcnVehSpdChanged
03-17 18:53:28.571  6654  6707 I TimerTriggerController: Timer [onIndcnVehSpdChanged] reset, remaining: 1000ms, reset count: 944
03-17 18:53:28.620  2383  2600 D AdayoDoipServer294_Doip: [ne_doip_event_loop_dispatch][line:141] : count = 0
03-17 18:53:28.628   582  3616 E WifiHAL : Invalid data received from driver
03-17 18:53:28.670  6654  6700 D TimerTriggerManager: init instance...
03-17 18:53:28.670  6654  6700 D TimerTriggerManager: Timer thread'TimerTriggerManager' is destroyed: false
03-17 18:53:28.670  6654  6700 D TimerTriggerManager: Timer 'onIndcnVehSpdChanged' is running: true
