03-17 18:53:34.551   400   452 I DefaultVehicleHal_v2_0: DefaultVehicleHal::onPropertyValue, value:{.timestamp = 148498839349, .areaId = 0, .prop = 557851196, .status = UNAVAILABLE, .value = {.int32Values = [1]{20001}, .floatValues = [0]{}, .int64Values = [0]{}, .bytes = [0]{}, .stringValue = ""}}
03-17 18:53:34.551   400   452 D adayocomadapter-CommunicationManager: onUpstreamReceive mPropertyId 0x2140223c
03-17 18:53:34.551   400   452 D adayocomadapter-CommunicationManager: onUpstreamReceive isLoss 1 mPropertyId 0x21402241
03-17 18:53:34.551   400   452 D adayocomadapter-CommunicationManager: convertBytesToInt32Memcpy  0
03-17 18:53:34.551   400   452 D vw-vhal : notifyVehicleProperty, propId = 0x21402241, data = {status: 3, int32Values: [0]}
03-17 18:53:34.551   400   452 I DefaultVehicleHal_v2_0: DefaultVehicleHal::onPropertyValue, value:{.timestamp = 148499214682, .areaId = 0, .prop = 557851201, .status = UNAVAILABLE, .value = {.int32Values = [1]{0}, .floatValues = [0]{}, .int64Values = [0]{}, .bytes = [0]{}, .stringValue = ""}}
03-17 18:53:34.551   400   452 D adayocomadapter-CommunicationManager: onUpstreamReceive mPropertyId 0x21402241
03-17 18:53:34.552   400   452 D adayocomadapter-CommunicationManager: onUpstreamReceive isLoss 1 mPropertyId 0x21402242
03-17 18:53:34.552   400   452 D adayocomadapter-CommunicationManager: convertBytesToInt32Memcpy  0
03-17 18:53:34.552   400   452 D vw-vhal : notifyVehicleProperty, propId = 0x21402242, data = {status: 3, int32Values: [0]}
03-17 18:53:34.552   400   452 I DefaultVehicleHal_v2_0: DefaultVehicleHal::onPropertyValue, value:{.timestamp = 148499783016, .areaId = 0, .prop = 557851202, .status = UNAVAILABLE, .value = {.int32Values = [1]{0}, .floatValues = [0]{}, .int64Values = [0]{}, .bytes = [0]{}, .stringValue = ""}}
03-17 18:53:34.552   400   452 D adayocomadapter-CommunicationManager: onUpstreamReceive mPropertyId 0x21402242
03-17 18:53:34.552   400   452 D adayocomadapter-CommunicationManager: onUpstreamReceive isLoss 1 mPropertyId 0x214021e1
03-17 18:53:34.552   400   452 D adayocomadapter-CommunicationManager: convertBytesToInt32Memcpy  0
03-17 18:53:34.552   400   452 D vw-vhal : notifyVehicleProperty, propId = 0x214021e1, data = {status: 3, int32Values: [0]}
03-17 18:53:34.552   400   452 I DefaultVehicleHal_v2_0: DefaultVehicleHal::onPropertyValue, value:{.timestamp = 148500183349, .areaId = 0, .prop = 557851105, .status = UNAVAILABLE, .value = {.int32Values = [1]{0}, .floatValues = [0]{}, .int64Values = [0]{}, .bytes = [0]{}, .stringValue = ""}}
03-17 18:53:34.552   400   452 D adayocomadapter-CommunicationManager: onUpstreamReceive mPropertyId 0x214021e1
03-17 18:53:34.552   400   452 D adayocomadapter-CommunicationManager: onUpstreamReceive isLoss 1 mPropertyId 0x21402243
03-17 18:53:34.552   400   452 D adayocomadapter-CommunicationManager: convertBytesToInt32Memcpy  0
03-17 18:53:34.552   400   452 D vw-vhal : notifyVehicleProperty, propId = 0x21402243, data = {status: 3, int32Values: [0]}
03-17 18:53:34.553   400   452 I DefaultVehicleHal_v2_0: DefaultVehicleHal::onPropertyValue, value:{.timestamp = 148500557349, .areaId = 0, .prop = 557851203, .status = UNAVAILABLE, .value = {.int32Values = [1]{0}, .floatValues = [0]{}, .int64Values = [0]{}, .bytes = [0]{}, .stringValue = ""}}
03-17 18:53:34.553   400   452 D adayocomadapter-CommunicationManager: onUpstreamReceive mPropertyId 0x21402243
03-17 18:53:34.553   400   452 D adayocomadapter-CommunicationManager: onUpstreamReceive isLoss 1 mPropertyId 0x21402244
03-17 18:53:34.553   400   452 D adayocomadapter-CommunicationManager: convertBytesToInt32Memcpy  0
03-17 18:53:34.553   400   452 D vw-vhal : notifyVehicleProperty, propId = 0x21402244, data = {status: 3, int32Values: [0]}
03-17 18:53:34.553   400   452 I DefaultVehicleHal_v2_0: DefaultVehicleHal::onPropertyValue, value:{.timestamp = 148500903349, .areaId = 0, .prop = 557851204, .status = UNAVAILABLE, .value = {.int32Values = [1]{0}, .floatValues = [0]{}, .int64Values = [0]{}, .bytes = [0]{}, .stringValue = ""}}
03-17 18:53:34.553   400   452 D adayocomadapter-CommunicationManager: onUpstreamReceive mPropertyId 0x21402244
03-17 18:53:34.553   400   452 D adayocomadapter-CommunicationManager: onUpstreamReceive isLoss 1 mPropertyId 0x21402245
03-17 18:53:34.553   400   452 D adayocomadapter-CommunicationManager: convertBytesToInt32Memcpy  0
03-17 18:53:34.553   400   452 D vw-vhal : notifyVehicleProperty, propId = 0x21402245, data = {status: 3, int32Values: [0]}
03-17 18:53:34.553   400   452 I DefaultVehicleHal_v2_0: DefaultVehicleHal::onPropertyValue, value:{.timestamp = 148501243682, .areaId = 0, .prop = 557851205, .status = UNAVAILABLE, .value = {.int32Values = [1]{0}, .floatValues = [0]{}, .int64Values = [0]{}, .bytes = [0]{}, .stringValue = ""}}
03-17 18:53:34.553   400   452 D adayocomadapter-CommunicationManager: onUpstreamReceive mPropertyId 0x21402245
03-17 18:53:34.553   400   452 D adayocomadapter-CommunicationManager: onUpstreamReceive isLoss 1 mPropertyId 0x21402246
03-17 18:53:34.553   400   452 D adayocomadapter-CommunicationManager: convertBytesToInt32Memcpy  0
03-17 18:53:34.553   400   452 D vw-vhal : notifyVehicleProperty, propId = 0x21402246, data = {status: 3, int32Values: [0]}
03-17 18:53:34.554   400   452 I DefaultVehicleHal_v2_0: DefaultVehicleHal::onPropertyValue, value:{.timestamp = 148501591682, .areaId = 0, .prop = 557851206, .status = UNAVAILABLE, .value = {.int32Values = [1]{0}, .floatValues = [0]{}, .int64Values = [0]{}, .bytes = [0]{}, .stringValue = ""}}
03-17 18:53:34.554   400   452 D adayocomadapter-CommunicationManager: onUpstreamReceive mPropertyId 0x21402246
03-17 18:53:34.554   400   452 D adayocomadapter-CommunicationManager: onUpstreamReceive isLoss 1 mPropertyId 0x21402247
03-17 18:53:34.554   400   452 D adayocomadapter-CommunicationManager: convertBytesToInt32Memcpy  0
03-17 18:53:34.554   400   452 D vw-vhal : notifyVehicleProperty, propId = 0x21402247, data = {status: 3, int32Values: [0]}
03-17 18:53:34.554   400   452 I DefaultVehicleHal_v2_0: DefaultVehicleHal::onPropertyValue, value:{.timestamp = 148501935682, .areaId = 0, .prop = 557851207, .status = UNAVAILABLE, .value = {.int32Values = [1]{0}, .floatValues = [0]{}, .int64Values = [0]{}, .bytes = [0]{}, .stringValue = ""}}
03-17 18:53:34.554   400   452 D adayocomadapter-CommunicationManager: onUpstreamReceive mPropertyId 0x21402247
03-17 18:53:34.554   400   452 D adayocomadapter-CommunicationManager: onUpstreamReceive isLoss 1 mPropertyId 0x21402248
03-17 18:53:34.554   400   452 D adayocomadapter-CommunicationManager: convertBytesToInt32Memcpy  0
03-17 18:53:34.554   400   452 D vw-vhal : notifyVehicleProperty, propId = 0x21402248, data = {status: 3, int32Values: [0]}
03-17 18:53:34.554   400   452 I DefaultVehicleHal_v2_0: DefaultVehicleHal::onPropertyValue, value:{.timestamp = 148502275682, .areaId = 0, .prop = 557851208, .status = UNAVAILABLE, .value = {.int32Values = [1]{0}, .floatValues = [0]{}, .int64Values = [0]{}, .bytes = [0]{}, .stringValue = ""}}
03-17 18:53:34.554   400   452 D adayocomadapter-CommunicationManager: onUpstreamReceive mPropertyId 0x21402248
03-17 18:53:34.554   400   452 D adayocomadapter-CommunicationManager: onUpstreamReceive isLoss 1 mPropertyId 0x21402249
03-17 18:53:34.554   400   452 D adayocomadapter-CommunicationManager: convertBytesToInt32Memcpy  0
03-17 18:53:34.555   400   452 D vw-vhal : notifyVehicleProperty, propId = 0x21402249, data = {status: 3, int32Values: [0]}
03-17 18:53:34.555   400   452 I DefaultVehicleHal_v2_0: DefaultVehicleHal::onPropertyValue, value:{.timestamp = 148502614349, .areaId = 0, .prop = 557851209, .status = UNAVAILABLE, .value = {.int32Values = [1]{0}, .floatValues = [0]{}, .int64Values = [0]{}, .bytes = [0]{}, .stringValue = ""}}
03-17 18:53:34.555   400   452 D adayocomadapter-CommunicationManager: onUpstreamReceive mPropertyId 0x21402249
03-17 18:53:34.555   400   452 D adayocomadapter-CommunicationManager: onUpstreamReceive isLoss 1 mPropertyId 0x2140224b
03-17 18:53:34.555   400   452 D adayocomadapter-CommunicationManager: convertBytesToInt32Memcpy  0
03-17 18:53:34.555   400   452 D vw-vhal : notifyVehicleProperty, propId = 0x2140224b, data = {status: 3, int32Values: [0]}
03-17 18:53:34.555   400   452 I DefaultVehicleHal_v2_0: DefaultVehicleHal::onPropertyValue, value:{.timestamp = 148502950682, .areaId = 0, .prop = 557851211, .status = UNAVAILABLE, .value = {.int32Values = [1]{0}, .floatValues = [0]{}, .int64Values = [0]{}, .bytes = [0]{}, .stringValue = ""}}
03-17 18:53:34.555   400   452 D adayocomadapter-CommunicationManager: onUpstreamReceive mPropertyId 0x2140224b
03-17 18:53:34.555   400   452 D adayocomadapter-CommunicationManager: onUpstreamReceive isLoss 1 mPropertyId 0x2140224d
03-17 18:53:34.555   400   452 D adayocomadapter-CommunicationManager: convertBytesToInt32Memcpy  0
03-17 18:53:34.555   400   452 D vw-vhal : notifyVehicleProperty, propId = 0x2140224d, data = {status: 3, int32Values: [0]}
03-17 18:53:34.555   400   452 I DefaultVehicleHal_v2_0: DefaultVehicleHal::onPropertyValue, value:{.timestamp = 148503291016, .areaId = 0, .prop = 557851213, .status = UNAVAILABLE, .value = {.int32Values = [1]{0}, .floatValues = [0]{}, .int64Values = [0]{}, .bytes = [0]{}, .stringValue = ""}}
03-17 18:53:34.555   400   452 D adayocomadapter-CommunicationManager: onUpstreamReceive mPropertyId 0x2140224d
03-17 18:53:34.555   400   452 D adayocomadapter-CommunicationManager: onUpstreamReceive isLoss 1 mPropertyId 0x2140224f
03-17 18:53:34.555   400   452 D adayocomadapter-CommunicationManager: convertBytesToInt32Memcpy  0
03-17 18:53:34.556   400   452 D vw-vhal : notifyVehicleProperty, propId = 0x2140224f, data = {status: 3, int32Values: [0]}
03-17 18:53:34.556   400   452 I DefaultVehicleHal_v2_0: DefaultVehicleHal::onPropertyValue, value:{.timestamp = 148503630349, .areaId = 0, .prop = 557851215, .status = UNAVAILABLE, .value = {.int32Values = [1]{0}, .floatValues = [0]{}, .int64Values = [0]{}, .bytes = [0]{}, .stringValue = ""}}
03-17 18:53:34.556   400   452 D adayocomadapter-CommunicationManager: onUpstreamReceive mPropertyId 0x2140224f
03-17 18:53:34.556   400   452 D adayocomadapter-CommunicationManager: onUpstreamReceive isLoss 1 mPropertyId 0x21402251
03-17 18:53:34.556   400   452 D adayocomadapter-CommunicationManager: convertBytesToInt32Memcpy  0
03-17 18:53:34.556   400   452 D vw-vhal : notifyVehicleProperty, propId = 0x21402251, data = {status: 3, int32Values: [0]}
03-17 18:53:34.556   400   452 I DefaultVehicleHal_v2_0: DefaultVehicleHal::onPropertyValue, value:{.timestamp = 148504046682, .areaId = 0, .prop = 557851217, .status = UNAVAILABLE, .value = {.int32Values = [1]{0}, .floatValues = [0]{}, .int64Values = [0]{}, .bytes = [0]{}, .stringValue = ""}}
03-17 18:53:34.556   400   452 D adayocomadapter-CommunicationManager: onUpstreamReceive mPropertyId 0x21402251
03-17 18:53:34.556   400   452 D adayocomadapter-CommunicationManager: onUpstreamReceive isLoss 1 mPropertyId 0x21402253
03-17 18:53:34.556   400   452 D adayocomadapter-CommunicationManager: convertBytesToInt32Memcpy  0
03-17 18:53:34.556   400   452 D vw-vhal : notifyVehicleProperty, propId = 0x21402253, data = {status: 3, int32Values: [0]}
03-17 18:53:34.556   400   452 I DefaultVehicleHal_v2_0: DefaultVehicleHal::onPropertyValue, value:{.timestamp = 148504431682, .areaId = 0, .prop = 557851219, .status = UNAVAILABLE, .value = {.int32Values = [1]{0}, .floatValues = [0]{}, .int64Values = [0]{}, .bytes = [0]{}, .stringValue = ""}}
03-17 18:53:34.557   400   452 D adayocomadapter-CommunicationManager: onUpstreamReceive mPropertyId 0x21402253
03-17 18:53:34.557   400   452 D adayocomadapter-CommunicationManager: onUpstreamReceive isLoss 1 mPropertyId 0x21402254
03-17 18:53:34.557   400   452 D adayocomadapter-CommunicationManager: convertBytesToInt32Memcpy  0
03-17 18:53:34.557   400   452 D vw-vhal : notifyVehicleProperty, propId = 0x21402254, data = {status: 3, int32Values: [0]}
03-17 18:53:34.557   400   452 I DefaultVehicleHal_v2_0: DefaultVehicleHal::onPropertyValue, value:{.timestamp = 148504793016, .areaId = 0, .prop = 557851220, .status = UNAVAILABLE, .value = {.int32Values = [1]{0}, .floatValues = [0]{}, .int64Values = [0]{}, .bytes = [0]{}, .stringValue = ""}}
03-17 18:53:34.557   400   452 D adayocomadapter-CommunicationManager: onUpstreamReceive mPropertyId 0x21402254
03-17 18:53:34.571   582  3616 E WifiHAL : Invalid data received from driver
03-17 18:53:34.578  6654  6700 D TimerTriggerManager: init instance...
03-17 18:53:34.578  6654  6700 D TimerTriggerManager: Timer thread'TimerTriggerManager' is destroyed: false
03-17 18:53:34.578  6654  6700 D TimerTriggerManager: Timer 'onIndcnVehSpdChanged' is running: true
03-17 18:53:34.578  6654  6700 D TimerTriggerManager: Sending reset signal to timer 'onIndcnVehSpdChanged'
03-17 18:53:34.578  6654  6700 D TimerTriggerManager: Reset signal sent to timer 'onIndcnVehSpdChanged'
03-17 18:53:34.579  6654  6707 D TimerTriggerController: Reset method called for timer: onIndcnVehSpdChanged
03-17 18:53:34.579  6654  6707 D TimerTriggerController: Calling onTimerReset for timer: onIndcnVehSpdChanged
03-17 18:53:34.579  6654  6707 D TimerTriggerManager: Timer reset: onIndcnVehSpdChanged
03-17 18:53:34.579  6654  6707 I TimerTriggerController: Timer [onIndcnVehSpdChanged] reset, remaining: 1000ms, reset count: 1004
03-17 18:53:34.580  6654  6700 D TimerTriggerManager: init instance...
03-17 18:53:34.580  6654  6700 D TimerTriggerManager: Timer thread'TimerTriggerManager' is destroyed: false
03-17 18:53:34.580  6654  6700 D TimerTriggerManager: Timer 'onMntnWarnReqChanged' is running: true
03-17 18:53:34.580  6654  6700 D TimerTriggerManager: Sending reset signal to timer 'onMntnWarnReqChanged'
03-17 18:53:34.580  6654  6700 D TimerTriggerManager: Reset signal sent to timer 'onMntnWarnReqChanged'
03-17 18:53:34.580  6654  6707 D TimerTriggerController: Reset method called for timer: onMntnWarnReqChanged
03-17 18:53:34.580  6654  6707 D TimerTriggerController: Calling onTimerReset for timer: onMntnWarnReqChanged
03-17 18:53:34.580  6654  6707 D TimerTriggerManager: Timer reset: onMntnWarnReqChanged
03-17 18:53:34.580  6654  6707 I TimerTriggerController: Timer [onMntnWarnReqChanged] reset, remaining: 5000ms, reset count: 502
03-17 18:53:34.600   582  3616 E WifiHAL : Invalid data received from driver
03-17 18:53:34.635  2383  2600 D AdayoDoipServer294_Doip: [ne_doip_event_loop_dispatch][line:141] : count = 0
03-17 18:53:34.663   582  3616 E WifiHAL : Invalid data received from driver
03-17 18:53:34.678  6654  6700 D TimerTriggerManager: init instance...
03-17 18:53:34.678  6654  6700 D TimerTriggerManager: Timer thread'TimerTriggerManager' is destroyed: false
03-17 18:53:34.678  6654  6700 D TimerTriggerManager: Timer 'onIndcnVehSpdChanged' is running: true
03-17 18:53:34.679  6654  6700 D TimerTriggerManager: Sending reset signal to timer 'onIndcnVehSpdChanged'
03-17 18:53:34.679  6654  6700 D TimerTriggerManager: Reset signal sent to timer 'onIndcnVehSpdChanged'
03-17 18:53:34.679  6654  6707 D TimerTriggerController: Reset method called for timer: onIndcnVehSpdChanged
03-17 18:53:34.679  6654  6707 D TimerTriggerController: Calling onTimerReset for timer: onIndcnVehSpdChanged
03-17 18:53:34.679  6654  6707 D TimerTriggerManager: Timer reset: onIndcnVehSpdChanged
03-17 18:53:34.679  6654  6707 I TimerTriggerController: Timer [onIndcnVehSpdChanged] reset, remaining: 1000ms, reset count: 1005
03-17 18:53:34.682  1566  2651 D TboxNetworkManager: tboxNetworkbinder=null
03-17 18:53:34.722   582  3616 E WifiHAL : Invalid data received from driver
03-17 18:53:34.735  2383  2600 D AdayoDoipServer294_Doip: [ne_doip_event_loop_dispatch][line:141] : count = 0
03-17 18:53:34.779  6654  6700 D TimerTriggerManager: init instance...
03-17 18:53:34.779  6654  6700 D TimerTriggerManager: Timer thread'TimerTriggerManager' is destroyed: false
03-17 18:53:34.779  6654  6700 D TimerTriggerManager: Timer 'onIndcnVehSpdChanged' is running: true
03-17 18:53:34.779  6654  6700 D TimerTriggerManager: Sending reset signal to timer 'onIndcnVehSpdChanged'
03-17 18:53:34.779  6654  6700 D TimerTriggerManager: Reset signal sent to timer 'onIndcnVehSpdChanged'
03-17 18:53:34.779  6654  6707 D TimerTriggerController: Reset method called for timer: onIndcnVehSpdChanged
03-17 18:53:34.779  6654  6707 D TimerTriggerController: Calling onTimerReset for timer: onIndcnVehSpdChanged
03-17 18:53:34.779  6654  6707 D TimerTriggerManager: Timer reset: onIndcnVehSpdChanged
03-17 18:53:34.779  6654  6707 I TimerTriggerController: Timer [onIndcnVehSpdChanged] reset, remaining: 1000ms, reset count: 1006
03-17 18:53:34.779  6654  6700 D TimerTriggerManager: init instance...
03-17 18:53:34.779  6654  6700 D TimerTriggerManager: Timer thread'TimerTriggerManager' is destroyed: false
03-17 18:53:34.779  6654  6700 D TimerTriggerManager: Timer 'onMntnWarnReqChanged' is running: true
03-17 18:53:34.779  6654  6700 D TimerTriggerManager: Sending reset signal to timer 'onMntnWarnReqChanged'
03-17 18:53:34.779  6654  6700 D TimerTriggerManager: Reset signal sent to timer 'onMntnWarnReqChanged'
03-17 18:53:34.779  6654  6707 D TimerTriggerController: Reset method called for timer: onMntnWarnReqChanged
03-17 18:53:34.779  6654  6707 D TimerTriggerController: Calling onTimerReset for timer: onMntnWarnReqChanged
03-17 18:53:34.779  6654  6707 D TimerTriggerManager: Timer reset: onMntnWarnReqChanged
03-17 18:53:34.780  6654  6707 I TimerTriggerController: Timer [onMntnWarnReqChanged] reset, remaining: 5000ms, reset count: 503
03-17 18:53:34.803   582  3616 E WifiHAL : Invalid data received from driver
03-17 18:53:34.807   642   685 I mcuc    : sd Uart data : 6AA602059100029202D2
03-17 18:53:34.812   642   685 I mcuc    : rev uart=1499,len=15, data : 6AA68105910007920200010000004D
03-17 18:53:34.812   400   400 D adayocomadapter-ParseProtocolFunc: printRaWMsg Name[MCUToUPstream recv] len[7] data[92020001000000]
03-17 18:53:34.812   400   400 D adayocomadapter-CommunicationManager: onUpstreamback   member[0] dataLength[4] timePoint[148760]
03-17 18:53:34.812   400   400 D adayocomadapter-ParseProtocolFunc: printRaWMsg Name[onUpstreamback] len[4] data[01000000]
03-17 18:53:34.812   400   452 D adayocomadapter-UpstreamHandler: processBeforePacket upSreamtProcessTimePoint[148760] 
03-17 18:53:34.812   400   452 D adayocomadapter-UpstreamHandler: processPacket UPSTREAM_QUEUE_DATA_TIMEOUT
03-17 18:53:34.812   400   452 D adayocomadapter-ParseProtocolFunc: parseCommonIPCLBytes Processing tableNumber[1]
03-17 18:53:34.812   400   452 D adayocomadapter-ParseProtocolFunc: parseCommonIPCLBytes Processing tablename[Table-1] tableSize[4]
03-17 18:53:34.812   400   452 D adayocomadapter-ParseProtocolFunc: printRaWMsg Name[byteStream recv] len[4] data[01000000]
03-17 18:53:34.812   400   452 D adayocomadapter-ParseProtocolFunc: printRaWMsg Name[IPCLtoVHAL] len[8] data[2140204800000000]
03-17 18:53:34.812   400   452 D adayocomadapter-CommunicationManager: onUpstreamReceive isLoss 0 mPropertyId 0x21402048
03-17 18:53:34.812   400   452 D adayocomadapter-CommunicationManager: convertBytesToInt32Memcpy  0
03-17 18:53:34.812   400   452 D vw-vhal : notifyVehicleProperty, propId = 0x21402048, data = {status: 2, int32Values: [0]}
03-17 18:53:34.812   400   452 I DefaultVehicleHal_v2_0: DefaultVehicleHal::onPropertyValue, value:{.timestamp = 148760426349, .areaId = 0, .prop = 557850696, .status = AVAILABLE, .value = {.int32Values = [1]{0}, .floatValues = [0]{}, .int64Values = [0]{}, .bytes = [0]{}, .stringValue = ""}}
03-17 18:53:34.812   400   452 D adayocomadapter-CommunicationManager: onUpstreamReceive mPropertyId 0x21402048
03-17 18:53:34.835  2383  2600 D AdayoDoipServer294_Doip: [ne_doip_event_loop_dispatch][line:141] : count = 0
03-17 18:53:34.838   642   685 I mcuc    : sd Uart data : 6AA602059200029202D1
03-17 18:53:34.843   642   685 I mcuc    : rev uart=1500,len=32, data : 6AA681059200189202001300FE00FE00FE00000000000000000000000101012C
03-17 18:53:34.843   400   400 D adayocomadapter-ParseProtocolFunc: printRaWMsg Name[MCUToUPstream recv] len[24] data[9202001300FE00FE00FE0000000000000000000000010101]
03-17 18:53:34.843   400   400 D adayocomadapter-CommunicationManager: onUpstreamback   member[0] dataLength[21] timePoint[148791]
03-17 18:53:34.843   400   400 D adayocomadapter-ParseProtocolFunc: printRaWMsg Name[onUpstreamback] len[21] data[1300FE00FE00FE0000000000000000000000010101]
03-17 18:53:34.843   400   452 D adayocomadapter-UpstreamHandler: processBeforePacket upSreamtProcessTimePoint[148791] 
03-17 18:53:34.843   400   452 D adayocomadapter-UpstreamHandler: processPacket UPSTREAM_QUEUE_DATA_TIMEOUT
03-17 18:53:34.843   400   452 D adayocomadapter-ParseProtocolFunc: parseCommonIPCLBytes Processing tableNumber[19]
03-17 18:53:34.843   400   452 D adayocomadapter-ParseProtocolFunc: parseCommonIPCLBytes Processing tablename[Table-19] tableSize[21]
03-17 18:53:34.844   400   452 D adayocomadapter-ParseProtocolFunc: printRaWMsg Name[byteStream recv] len[21] data[1300FE00FE00FE0000000000000000000000010101]
03-17 18:53:34.844   400   452 D adayocomadapter-ParseProtocolFunc: printRaWMsg Name[IPCLtoVHAL] len[7] data[21401028000100]
03-17 18:53:34.844   400   452 D adayocomadapter-ParseProtocolFunc: printRaWMsg Name[IPCLtoVHAL] len[7] data[214010290001FE]
03-17 18:53:34.844   400   452 D adayocomadapter-ParseProtocolFunc: printRaWMsg Name[IPCLtoVHAL] len[7] data[2140102E000100]
03-17 18:53:34.844   400   452 D adayocomadapter-ParseProtocolFunc: printRaWMsg Name[IPCLtoVHAL] len[7] data[2140102B000100]
03-17 18:53:34.844   400   452 D adayocomadapter-ParseProtocolFunc: printRaWMsg Name[IPCLtoVHAL] len[7] data[2140104C000100]
03-17 18:53:34.844   400   452 D adayocomadapter-ParseProtocolFunc: printRaWMsg Name[IPCLtoVHAL] len[7] data[2140102C0001FE]
03-17 18:53:34.844   400   452 D adayocomadapter-ParseProtocolFunc: printRaWMsg Name[IPCLtoVHAL] len[8] data[2140200700010000]
03-17 18:53:34.844   400   452 D adayocomadapter-ParseProtocolFunc: printRaWMsg Name[IPCLtoVHAL] len[7] data[2140102F0001FE]
03-17 18:53:34.844   400   452 D adayocomadapter-ParseProtocolFunc: printRaWMsg Name[IPCLtoVHAL] len[7] data[21401031000100]
03-17 18:53:34.844   400   452 D adayocomadapter-ParseProtocolFunc: printRaWMsg Name[IPCLtoVHAL] len[8] data[2140202200010000]
03-17 18:53:34.844   400   452 D adayocomadapter-ParseProtocolFunc: printRaWMsg Name[IPCLtoVHAL] len[10] data[21402023000100000000]
03-17 18:53:34.844   400   452 D adayocomadapter-ParseProtocolFunc: printRaWMsg Name[IPCLtoVHAL] len[7] data[2140104D000100]
03-17 18:53:34.844   400   452 D adayocomadapter-CommunicationManager: onUpstreamReceive isLoss 1 mPropertyId 0x21401028
03-17 18:53:34.844   400   452 D adayocomadapter-CommunicationManager: convertBytesToInt32Memcpy  0
03-17 18:53:34.844   400   452 D vw-vhal : notifyVehicleProperty, propId = 0x21401028, data = {status: 3, int32Values: [0]}
03-17 18:53:34.844   400   452 I DefaultVehicleHal_v2_0: DefaultVehicleHal::onPropertyValue, value:{.timestamp = 148791885349, .areaId = 0, .prop = 557846568, .status = UNAVAILABLE, .value = {.int32Values = [1]{0}, .floatValues = [0]{}, .int64Values = [0]{}, .bytes = [0]{}, .stringValue = ""}}
03-17 18:53:34.844   400   452 D adayocomadapter-CommunicationManager: onUpstreamReceive mPropertyId 0x21401028
03-17 18:53:34.844   400   452 D adayocomadapter-CommunicationManager: onUpstreamReceive isLoss 1 mPropertyId 0x21401029
03-17 18:53:34.844   400   452 D adayocomadapter-CommunicationManager: convertBytesToInt32Memcpy  254
03-17 18:53:34.844   400   452 D vw-vhal : notifyVehicleProperty, propId = 0x21401029, data = {status: 3, int32Values: [254]}
03-17 18:53:34.844   400   452 I DefaultVehicleHal_v2_0: DefaultVehicleHal::onPropertyValue, value:{.timestamp = 148792061016, .areaId = 0, .prop = 557846569, .status = UNAVAILABLE, .value = {.int32Values = [1]{254}, .floatValues = [0]{}, .int64Values = [0]{}, .bytes = [0]{}, .stringValue = ""}}
03-17 18:53:34.844   400   452 D adayocomadapter-CommunicationManager: onUpstreamReceive mPropertyId 0x21401029
03-17 18:53:34.844   400   452 D adayocomadapter-CommunicationManager: onUpstreamReceive isLoss 1 mPropertyId 0x2140102e
03-17 18:53:34.844   400   452 D adayocomadapter-CommunicationManager: convertBytesToInt32Memcpy  0
03-17 18:53:34.844   400   452 D vw-vhal : notifyVehicleProperty, propId = 0x2140102e, data = {status: 3, int32Values: [0]}
03-17 18:53:34.844   400   452 I DefaultVehicleHal_v2_0: DefaultVehicleHal::onPropertyValue, value:{.timestamp = 148792177349, .areaId = 0, .prop = 557846574, .status = UNAVAILABLE, .value = {.int32Values = [1]{0}, .floatValues = [0]{}, .int64Values = [0]{}, .bytes = [0]{}, .stringValue = ""}}
03-17 18:53:34.844   400   452 D adayocomadapter-CommunicationManager: onUpstreamReceive mPropertyId 0x2140102e
03-17 18:53:34.844   400   452 D adayocomadapter-CommunicationManager: onUpstreamReceive isLoss 1 mPropertyId 0x2140102b
03-17 18:53:34.844   400   452 D adayocomadapter-CommunicationManager: convertBytesToInt32Memcpy  0
03-17 18:53:34.844   400   452 D vw-vhal : notifyVehicleProperty, propId = 0x2140102b, data = {status: 3, int32Values: [0]}
03-17 18:53:34.844   400   452 I DefaultVehicleHal_v2_0: DefaultVehicleHal::onPropertyValue, value:{.timestamp = 148792287349, .areaId = 0, .prop = 557846571, .status = UNAVAILABLE, .value = {.int32Values = [1]{0}, .floatValues = [0]{}, .int64Values = [0]{}, .bytes = [0]{}, .stringValue = ""}}
03-17 18:53:34.844   400   452 D adayocomadapter-CommunicationManager: onUpstreamReceive mPropertyId 0x2140102b
03-17 18:53:34.844   400   452 D adayocomadapter-CommunicationManager: onUpstreamReceive isLoss 1 mPropertyId 0x2140104c
03-17 18:53:34.844   400   452 D adayocomadapter-CommunicationManager: convertBytesToInt32Memcpy  0
03-17 18:53:34.844   400   452 D vw-vhal : notifyVehicleProperty, propId = 0x2140104c, data = {status: 3, int32Values: [0]}
03-17 18:53:34.844   400   452 I DefaultVehicleHal_v2_0: DefaultVehicleHal::onPropertyValue, value:{.timestamp = 148792397016, .areaId = 0, .prop = 557846604, .status = UNAVAILABLE, .value = {.int32Values = [1]{0}, .floatValues = [0]{}, .int64Values = [0]{}, .bytes = [0]{}, .stringValue = ""}}
03-17 18:53:34.844   400   452 D adayocomadapter-CommunicationManager: onUpstreamReceive mPropertyId 0x2140104c
03-17 18:53:34.844   400   452 D adayocomadapter-CommunicationManager: onUpstreamReceive isLoss 1 mPropertyId 0x2140102c
03-17 18:53:34.844   400   452 D adayocomadapter-CommunicationManager: convertBytesToInt32Memcpy  254
03-17 18:53:34.844   400   452 D vw-vhal : notifyVehicleProperty, propId = 0x2140102c, data = {status: 3, int32Values: [254]}
03-17 18:53:34.844   400   452 I DefaultVehicleHal_v2_0: DefaultVehicleHal::onPropertyValue, value:{.timestamp = 148792511016, .areaId = 0, .prop = 557846572, .status = UNAVAILABLE, .value = {.int32Values = [1]{254}, .floatValues = [0]{}, .int64Values = [0]{}, .bytes = [0]{}, .stringValue = ""}}
03-17 18:53:34.845   400   452 D adayocomadapter-CommunicationManager: onUpstreamReceive mPropertyId 0x2140102c
03-17 18:53:34.845   400   452 D adayocomadapter-CommunicationManager: onUpstreamReceive isLoss 1 mPropertyId 0x21402007
03-17 18:53:34.845   400   452 D adayocomadapter-CommunicationManager: convertBytesToInt32Memcpy  0
03-17 18:53:34.845   400   452 D vw-vhal : notifyVehicleProperty, propId = 0x21402007, data = {status: 3, int32Values: [0]}
03-17 18:53:34.845   400   452 I DefaultVehicleHal_v2_0: DefaultVehicleHal::onPropertyValue, value:{.timestamp = 148792644349, .areaId = 0, .prop = 557850631, .status = UNAVAILABLE, .value = {.int32Values = [1]{0}, .floatValues = [0]{}, .int64Values = [0]{}, .bytes = [0]{}, .stringValue = ""}}
03-17 18:53:34.845   400   452 D adayocomadapter-CommunicationManager: onUpstreamReceive mPropertyId 0x21402007
03-17 18:53:34.845   400   452 D adayocomadapter-CommunicationManager: onUpstreamReceive isLoss 1 mPropertyId 0x2140102f
03-17 18:53:34.845   400   452 D adayocomadapter-CommunicationManager: convertBytesToInt32Memcpy  254
03-17 18:53:34.845   400   452 D vw-vhal : notifyVehicleProperty, propId = 0x2140102f, data = {status: 3, int32Values: [254]}
03-17 18:53:34.845   400   452 I DefaultVehicleHal_v2_0: DefaultVehicleHal::onPropertyValue, value:{.timestamp = 148792755682, .areaId = 0, .prop = 557846575, .status = UNAVAILABLE, .value = {.int32Values = [1]{254}, .floatValues = [0]{}, .int64Values = [0]{}, .bytes = [0]{}, .stringValue = ""}}
03-17 18:53:34.845   400   452 D adayocomadapter-CommunicationManager: onUpstreamReceive mPropertyId 0x2140102f
03-17 18:53:34.845   400   452 D adayocomadapter-CommunicationManager: onUpstreamReceive isLoss 1 mPropertyId 0x21401031
03-17 18:53:34.845   400   452 D adayocomadapter-CommunicationManager: convertBytesToInt32Memcpy  0
03-17 18:53:34.845   400   452 D vw-vhal : notifyVehicleProperty, propId = 0x21401031, data = {status: 3, int32Values: [0]}
03-17 18:53:34.845   400   452 I DefaultVehicleHal_v2_0: DefaultVehicleHal::onPropertyValue, value:{.timestamp = 148792863016, .areaId = 0, .prop = 557846577, .status = UNAVAILABLE, .value = {.int32Values = [1]{0}, .floatValues = [0]{}, .int64Values = [0]{}, .bytes = [0]{}, .stringValue = ""}}
03-17 18:53:34.845   400   452 D adayocomadapter-CommunicationManager: onUpstreamReceive mPropertyId 0x21401031
03-17 18:53:34.845   400   452 D adayocomadapter-CommunicationManager: onUpstreamReceive isLoss 1 mPropertyId 0x21402022
03-17 18:53:34.845   400   452 D adayocomadapter-CommunicationManager: convertBytesToInt32Memcpy  0
03-17 18:53:34.845   400   452 D vw-vhal : notifyVehicleProperty, propId = 0x21402022, data = {status: 3, int32Values: [0]}
03-17 18:53:34.845   400   452 I DefaultVehicleHal_v2_0: DefaultVehicleHal::onPropertyValue, value:{.timestamp = 148792972682, .areaId = 0, .prop = 557850658, .status = UNAVAILABLE, .value = {.int32Values = [1]{0}, .floatValues = [0]{}, .int64Values = [0]{}, .bytes = [0]{}, .stringValue = ""}}
03-17 18:53:34.845   400   452 D adayocomadapter-CommunicationManager: onUpstreamReceive mPropertyId 0x21402022
03-17 18:53:34.845   400   452 D adayocomadapter-CommunicationManager: onUpstreamReceive isLoss 1 mPropertyId 0x21402023
03-17 18:53:34.845   400   452 D adayocomadapter-CommunicationManager: convertBytesToInt32Memcpy  0
03-17 18:53:34.845   400   452 D vw-vhal : notifyVehicleProperty, propId = 0x21402023, data = {status: 3, int32Values: [0]}
03-17 18:53:34.845   400   452 I DefaultVehicleHal_v2_0: DefaultVehicleHal::onPropertyValue, value:{.timestamp = 148793093349, .areaId = 0, .prop = 557850659, .status = UNAVAILABLE, .value = {.int32Values = [1]{0}, .floatValues = [0]{}, .int64Values = [0]{}, .bytes = [0]{}, .stringValue = ""}}
03-17 18:53:34.845   400   452 D adayocomadapter-CommunicationManager: onUpstreamReceive mPropertyId 0x21402023
03-17 18:53:34.845   400   452 D adayocomadapter-CommunicationManager: onUpstreamReceive isLoss 1 mPropertyId 0x2140104d
03-17 18:53:34.845   400   452 D adayocomadapter-CommunicationManager: convertBytesToInt32Memcpy  0
03-17 18:53:34.845   400   452 D vw-vhal : notifyVehicleProperty, propId = 0x2140104d, data = {status: 3, int32Values: [0]}
03-17 18:53:34.845   400   452 I DefaultVehicleHal_v2_0: DefaultVehicleHal::onPropertyValue, value:{.timestamp = 148793208016, .areaId = 0, .prop = 557846605, .status = UNAVAILABLE, .value = {.int32Values = [1]{0}, .floatValues = [0]{}, .int64Values = [0]{}, .bytes = [0]{}, .stringValue = ""}}
03-17 18:53:34.845   400   452 D adayocomadapter-CommunicationManager: onUpstreamReceive mPropertyId 0x2140104d
03-17 18:53:34.875   582  3616 E WifiHAL : Invalid data received from driver
03-17 18:53:34.880  6654  6700 D TimerTriggerManager: init instance...
03-17 18:53:34.880  6654  6700 D TimerTriggerManager: Timer thread'TimerTriggerManager' is destroyed: false
03-17 18:53:34.880  6654  6700 D TimerTriggerManager: Timer 'onIndcnVehSpdChanged' is running: true
03-17 18:53:34.880  6654  6700 D TimerTriggerManager: Sending reset signal to timer 'onIndcnVehSpdChanged'
03-17 18:53:34.880  6654  6700 D TimerTriggerManager: Reset signal sent to timer 'onIndcnVehSpdChanged'
03-17 18:53:34.880  6654  6707 D TimerTriggerController: Reset method called for timer: onIndcnVehSpdChanged
03-17 18:53:34.880  6654  6707 D TimerTriggerController: Calling onTimerReset for timer: onIndcnVehSpdChanged
03-17 18:53:34.880  6654  6707 D TimerTriggerManager: Timer reset: onIndcnVehSpdChanged
03-17 18:53:34.880  6654  6707 I TimerTriggerController: Timer [onIndcnVehSpdChanged] reset, remaining: 1000ms, reset count: 1007
03-17 18:53:34.936  2383  2600 D AdayoDoipServer294_Doip: [ne_doip_event_loop_dispatch][line:141] : count = 0
03-17 18:53:34.937   582  3616 E WifiHAL : Invalid data received from driver
03-17 18:53:34.938   642   685 I mcuc    : sd Uart data : 6AA602059300029202D0
03-17 18:53:34.944   642   685 I mcuc    : rev uart=1501,len=15, data : 6AA681059300079202000B00000140
03-17 18:53:34.944   642   685 I mcuc    : sd Uart data : 6AA602059400029202CF
03-17 18:53:34.944   400   400 D adayocomadapter-ParseProtocolFunc: printRaWMsg Name[MCUToUPstream recv] len[7] data[9202000B000001]
03-17 18:53:34.944   400   400 D adayocomadapter-CommunicationManager: onUpstreamback   member[0] dataLength[4] timePoint[148891]
03-17 18:53:34.944   400   400 D adayocomadapter-ParseProtocolFunc: printRaWMsg Name[onUpstreamback] len[4] data[0B000001]
03-17 18:53:34.944   400   452 D adayocomadapter-UpstreamHandler: processBeforePacket upSreamtProcessTimePoint[148891] 
03-17 18:53:34.944   400   452 D adayocomadapter-UpstreamHandler: processPacket UPSTREAM_QUEUE_DATA_TIMEOUT
03-17 18:53:34.944   400   452 D adayocomadapter-ParseProtocolFunc: parseCommonIPCLBytes Processing tableNumber[11]
03-17 18:53:34.944   400   452 D adayocomadapter-ParseProtocolFunc: parseCommonIPCLBytes Processing tablename[Table-11] tableSize[4]
03-17 18:53:34.944   400   452 D adayocomadapter-ParseProtocolFunc: printRaWMsg Name[byteStream recv] len[4] data[0B000001]
03-17 18:53:34.944   400   452 D adayocomadapter-ParseProtocolFunc: printRaWMsg Name[IPCLtoVHAL] len[8] data[2140200B00010000]
03-17 18:53:34.944   400   452 D adayocomadapter-CommunicationManager: onUpstreamReceive isLoss 1 mPropertyId 0x2140200b
03-17 18:53:34.944   400   452 D adayocomadapter-CommunicationManager: convertBytesToInt32Memcpy  0
03-17 18:53:34.944   400   452 D vw-vhal : notifyVehicleProperty, propId = 0x2140200b, data = {status: 3, int32Values: [0]}
03-17 18:53:34.944   400   452 I DefaultVehicleHal_v2_0: DefaultVehicleHal::onPropertyValue, value:{.timestamp = 148892054682, .areaId = 0, .prop = 557850635, .status = UNAVAILABLE, .value = {.int32Values = [1]{0}, .floatValues = [0]{}, .int64Values = [0]{}, .bytes = [0]{}, .stringValue = ""}}
03-17 18:53:34.944   400   452 D adayocomadapter-CommunicationManager: onUpstreamReceive mPropertyId 0x2140200b
03-17 18:53:34.948   582  3616 E WifiHAL : Invalid data received from driver
03-17 18:53:34.949   582  3616 E WifiHAL : Invalid data received from driver
03-17 18:53:34.949   582  3616 E WifiHAL : Invalid data received from driver
03-17 18:53:34.949   582  3616 E WifiHAL : Invalid data received from driver
03-17 18:53:34.949   582  3616 E WifiHAL : Invalid data received from driver
03-17 18:53:34.949   642   685 I mcuc    : rev uart=1502,len=20, data : 6AA6810594000C9202000F000000000000000136
03-17 18:53:34.949   582  3616 E WifiHAL : Invalid data received from driver
03-17 18:53:34.949   582  3616 E WifiHAL : Invalid data received from driver
03-17 18:53:34.949   400   400 D adayocomadapter-ParseProtocolFunc: printRaWMsg Name[MCUToUPstream recv] len[12] data[9202000F0000000000000001]
03-17 18:53:34.949   400   400 D adayocomadapter-CommunicationManager: onUpstreamback   member[0] dataLength[9] timePoint[148896]
03-17 18:53:34.949   400   400 D adayocomadapter-ParseProtocolFunc: printRaWMsg Name[onUpstreamback] len[9] data[0F0000000000000001]
03-17 18:53:34.949   400   452 D adayocomadapter-UpstreamHandler: processBeforePacket upSreamtProcessTimePoint[148897] 
03-17 18:53:34.949   400   452 D adayocomadapter-UpstreamHandler: processPacket UPSTREAM_QUEUE_DATA_TIMEOUT
03-17 18:53:34.949   400   452 D adayocomadapter-ParseProtocolFunc: parseCommonIPCLBytes Processing tableNumber[15]
03-17 18:53:34.949   400   452 D adayocomadapter-ParseProtocolFunc: parseCommonIPCLBytes Processing tablename[Table-15] tableSize[9]
03-17 18:53:34.949   400   452 D adayocomadapter-ParseProtocolFunc: printRaWMsg Name[byteStream recv] len[9] data[0F0000000000000001]
03-17 18:53:34.949   400   452 D adayocomadapter-ParseProtocolFunc: printRaWMsg Name[IPCLtoVHAL] len[7] data[214020F3000100]
03-17 18:53:34.949   400   452 D adayocomadapter-ParseProtocolFunc: printRaWMsg Name[IPCLtoVHAL] len[7] data[214020F4000100]
03-17 18:53:34.949   400   452 D adayocomadapter-ParseProtocolFunc: printRaWMsg Name[IPCLtoVHAL] len[7] data[214020F5000100]
03-17 18:53:34.949   400   452 D adayocomadapter-ParseProtocolFunc: printRaWMsg Name[IPCLtoVHAL] len[7] data[214020F6000100]
03-17 18:53:34.949   400   452 D adayocomadapter-ParseProtocolFunc: printRaWMsg Name[IPCLtoVHAL] len[7] data[214020F7000100]
03-17 18:53:34.949   400   452 D adayocomadapter-ParseProtocolFunc: printRaWMsg Name[IPCLtoVHAL] len[7] data[214020F8000100]
03-17 18:53:34.949   400   452 D adayocomadapter-ParseProtocolFunc: printRaWMsg Name[IPCLtoVHAL] len[7] data[214020F9000100]
03-17 18:53:34.949   400   452 D adayocomadapter-CommunicationManager: onUpstreamReceive isLoss 1 mPropertyId 0x214020f3
03-17 18:53:34.949   400   452 D adayocomadapter-CommunicationManager: convertBytesToInt32Memcpy  0
03-17 18:53:34.949   400   452 D vw-vhal : notifyVehicleProperty, propId = 0x214020f3, data = {status: 3, int32Values: [0]}
03-17 18:53:34.949   400   452 I DefaultVehicleHal_v2_0: DefaultVehicleHal::onPropertyValue, value:{.timestamp = 148897374016, .areaId = 0, .prop = 557850867, .status = UNAVAILABLE, .value = {.int32Values = [1]{0}, .floatValues = [0]{}, .int64Values = [0]{}, .bytes = [0]{}, .stringValue = ""}}
03-17 18:53:34.949   400   452 D adayocomadapter-CommunicationManager: onUpstreamReceive mPropertyId 0x214020f3
03-17 18:53:34.949   400   452 D adayocomadapter-CommunicationManager: onUpstreamReceive isLoss 1 mPropertyId 0x214020f4
03-17 18:53:34.949   400   452 D adayocomadapter-CommunicationManager: convertBytesToInt32Memcpy  0
03-17 18:53:34.949   400   452 D vw-vhal : notifyVehicleProperty, propId = 0x214020f4, data = {status: 3, int32Values: [0]}
03-17 18:53:34.949   400   452 I DefaultVehicleHal_v2_0: DefaultVehicleHal::onPropertyValue, value:{.timestamp = 148897526682, .areaId = 0, .prop = 557850868, .status = UNAVAILABLE, .value = {.int32Values = [1]{0}, .floatValues = [0]{}, .int64Values = [0]{}, .bytes = [0]{}, .stringValue = ""}}
03-17 18:53:34.950   400   452 D adayocomadapter-CommunicationManager: onUpstreamReceive mPropertyId 0x214020f4
03-17 18:53:34.950   400   452 D adayocomadapter-CommunicationManager: onUpstreamReceive isLoss 1 mPropertyId 0x214020f5
03-17 18:53:34.950   400   452 D adayocomadapter-CommunicationManager: convertBytesToInt32Memcpy  0
03-17 18:53:34.950   400   452 D vw-vhal : notifyVehicleProperty, propId = 0x214020f5, data = {status: 3, int32Values: [0]}
03-17 18:53:34.950   400   452 I DefaultVehicleHal_v2_0: DefaultVehicleHal::onPropertyValue, value:{.timestamp = 148897635682, .areaId = 0, .prop = 557850869, .status = UNAVAILABLE, .value = {.int32Values = [1]{0}, .floatValues = [0]{}, .int64Values = [0]{}, .bytes = [0]{}, .stringValue = ""}}
03-17 18:53:34.950   400   452 D adayocomadapter-CommunicationManager: onUpstreamReceive mPropertyId 0x214020f5
03-17 18:53:34.950   400   452 D adayocomadapter-CommunicationManager: onUpstreamReceive isLoss 1 mPropertyId 0x214020f6
03-17 18:53:34.950   400   452 D adayocomadapter-CommunicationManager: convertBytesToInt32Memcpy  0
03-17 18:53:34.950   400   452 D vw-vhal : notifyVehicleProperty, propId = 0x214020f6, data = {status: 3, int32Values: [0]}
03-17 18:53:34.950   400   452 I DefaultVehicleHal_v2_0: DefaultVehicleHal::onPropertyValue, value:{.timestamp = 148897747016, .areaId = 0, .prop = 557850870, .status = UNAVAILABLE, .value = {.int32Values = [1]{0}, .floatValues = [0]{}, .int64Values = [0]{}, .bytes = [0]{}, .stringValue = ""}}
03-17 18:53:34.950   400   452 D adayocomadapter-CommunicationManager: onUpstreamReceive mPropertyId 0x214020f6
03-17 18:53:34.950   400   452 D adayocomadapter-CommunicationManager: onUpstreamReceive isLoss 1 mPropertyId 0x214020f7
03-17 18:53:34.950   400   452 D adayocomadapter-CommunicationManager: convertBytesToInt32Memcpy  0
03-17 18:53:34.950   400   452 D vw-vhal : notifyVehicleProperty, propId = 0x214020f7, data = {status: 3, int32Values: [0]}
03-17 18:53:34.950   400   452 I DefaultVehicleHal_v2_0: DefaultVehicleHal::onPropertyValue, value:{.timestamp = 148897856682, .areaId = 0, .prop = 557850871, .status = UNAVAILABLE, .value = {.int32Values = [1]{0}, .floatValues = [0]{}, .int64Values = [0]{}, .bytes = [0]{}, .stringValue = ""}}
03-17 18:53:34.950   400   452 D adayocomadapter-CommunicationManager: onUpstreamReceive mPropertyId 0x214020f7
03-17 18:53:34.950   400   452 D adayocomadapter-CommunicationManager: onUpstreamReceive isLoss 1 mPropertyId 0x214020f8
03-17 18:53:34.950   400   452 D adayocomadapter-CommunicationManager: convertBytesToInt32Memcpy  0
03-17 18:53:34.950   400   452 D vw-vhal : notifyVehicleProperty, propId = 0x214020f8, data = {status: 3, int32Values: [0]}
03-17 18:53:34.950   400   452 I DefaultVehicleHal_v2_0: DefaultVehicleHal::onPropertyValue, value:{.timestamp = 148897960349, .areaId = 0, .prop = 557850872, .status = UNAVAILABLE, .value = {.int32Values = [1]{0}, .floatValues = [0]{}, .int64Values = [0]{}, .bytes = [0]{}, .stringValue = ""}}
03-17 18:53:34.950   400   452 D adayocomadapter-CommunicationManager: onUpstreamReceive mPropertyId 0x214020f8
03-17 18:53:34.950   400   452 D adayocomadapter-CommunicationManager: onUpstreamReceive isLoss 1 mPropertyId 0x214020f9
03-17 18:53:34.950   400   452 D adayocomadapter-CommunicationManager: convertBytesToInt32Memcpy  0
03-17 18:53:34.950   400   452 D vw-vhal : notifyVehicleProperty, propId = 0x214020f9, data = {status: 3, int32Values: [0]}
03-17 18:53:34.950   400   452 I DefaultVehicleHal_v2_0: DefaultVehicleHal::onPropertyValue, value:{.timestamp = 148898076682, .areaId = 0, .prop = 557850873, .status = UNAVAILABLE, .value = {.int32Values = [1]{0}, .floatValues = [0]{}, .int64Values = [0]{}, .bytes = [0]{}, .stringValue = ""}}
03-17 18:53:34.950   400   452 D adayocomadapter-CommunicationManager: onUpstreamReceive mPropertyId 0x214020f9
03-17 18:53:34.971   642   685 I mcuc    : sd Uart data : 6AA602059500029202CE
03-17 18:53:34.972   806   806 I adbd    : AdaTest:transport UsbFfs opening service shell,v2:getprop
03-17 18:53:34.972   806   806 I adbd    : AdaTest:adb.password.Enable is true
03-17 18:53:34.972   806   806 I adbd    : AdaTest:will enter ShellService
03-17 18:53:34.972   806   806 I adbd    : AdaTest:enter ShellService
03-17 18:53:34.972   806   806 I adbd    : AdaTest:adb.password.Enable is Enable
03-17 18:53:34.972   806   806 I adbd    : AdaTest:return unique_fd{}
03-17 18:53:34.972   806   806 I adbd    : auth_fd.get() == -1
03-17 18:53:34.974   582  3616 E WifiHAL : Invalid data received from driver
03-17 18:53:34.977   642   685 I mcuc    : rev uart=1503,len=64, data : 6AA681059500389202001800320000000012FF3F01FF01FF01FF01FF01FF01F40003FF03FF03FF03FF03FF03FF03FF03FF03FF03FF03FF03FF07000101010167
03-17 18:53:34.977   400   400 D adayocomadapter-ParseProtocolFunc: printRaWMsg Name[MCUToUPstream recv] len[56] data[9202001800320000000012FF3F01FF01FF01FF01FF01FF01F40003FF03FF03FF03FF03FF03FF03FF03FF03FF03FF03FF03FF070001010101]
03-17 18:53:34.977   400   400 D adayocomadapter-CommunicationManager: onUpstreamback   member[0] dataLength[53] timePoint[148925]
03-17 18:53:34.977   400   400 D adayocomadapter-ParseProtocolFunc: printRaWMsg Name[onUpstreamback] len[53] data[1800320000000012FF3F01FF01FF01FF01FF01FF01F40003FF03FF03FF03FF03FF03FF03FF03FF03FF03FF03FF03FF070001010101]
03-17 18:53:34.977   400   452 D adayocomadapter-UpstreamHandler: processBeforePacket upSreamtProcessTimePoint[148925] 
03-17 18:53:34.978   400   452 D adayocomadapter-UpstreamHandler: processPacket UPSTREAM_QUEUE_DATA_TIMEOUT
03-17 18:53:34.978   400   452 D adayocomadapter-ParseProtocolFunc: parseCommonIPCLBytes Processing tableNumber[24]
03-17 18:53:34.978   400   452 D adayocomadapter-ParseProtocolFunc: parseCommonIPCLBytes Processing tablename[Table-24] tableSize[53]
03-17 18:53:34.978   400   452 D adayocomadapter-ParseProtocolFunc: printRaWMsg Name[byteStream recv] len[53] data[1800320000000012FF3F01FF01FF01FF01FF01FF01F40003FF03FF03FF03FF03FF03FF03FF03FF03FF03FF03FF03FF070001010101]
03-17 18:53:34.978   400   452 D adayocomadapter-ParseProtocolFunc: printRaWMsg Name[IPCLtoVHAL] len[9] data[2141211D010112FF3F]
03-17 18:53:34.978   400   452 D adayocomadapter-ParseProtocolFunc: printRaWMsg Name[IPCLtoVHAL] len[8] data[2140207A000103FF]
03-17 18:53:34.978   400   452 D adayocomadapter-ParseProtocolFunc: printRaWMsg Name[IPCLtoVHAL] len[7] data[214020D3000100]
03-17 18:53:34.978   400   452 D adayocomadapter-ParseProtocolFunc: printRaWMsg Name[IPCLtoVHAL] len[7] data[214020CB000132]
03-17 18:53:34.978   400   452 D adayocomadapter-ParseProtocolFunc: printRaWMsg Name[IPCLtoVHAL] len[8] data[2140203C000101FF]
03-17 18:53:34.978   400   452 D adayocomadapter-ParseProtocolFunc: printRaWMsg Name[IPCLtoVHAL] len[7] data[214020C9000100]
03-17 18:53:34.978   400   452 D adayocomadapter-ParseProtocolFunc: printRaWMsg Name[IPCLtoVHAL] len[7] data[214020CF000100]
03-17 18:53:34.978   400   452 D adayocomadapter-ParseProtocolFunc: printRaWMsg Name[IPCLtoVHAL] len[8] data[21402040000101FF]
03-17 18:53:34.978   400   452 D adayocomadapter-ParseProtocolFunc: printRaWMsg Name[IPCLtoVHAL] len[7] data[214020D1000100]
03-17 18:53:34.978   400   452 D adayocomadapter-ParseProtocolFunc: printRaWMsg Name[IPCLtoVHAL] len[8] data[21402044000101FF]
03-17 18:53:34.978   400   452 D adayocomadapter-ParseProtocolFunc: printRaWMsg Name[IPCLtoVHAL] len[7] data[214020D5000100]
03-17 18:53:34.979   400   452 D adayocomadapter-ParseProtocolFunc: printRaWMsg Name[IPCLtoVHAL] len[8] data[21402038000101FF]
03-17 18:53:34.979   400   452 D adayocomadapter-ParseProtocolFunc: printRaWMsg Name[IPCLtoVHAL] len[8] data[2140207D000103FF]
03-17 18:53:34.979   400   452 D adayocomadapter-ParseProtocolFunc: printRaWMsg Name[IPCLtoVHAL] len[8] data[2140207F000103FF]
03-17 18:53:34.979   400   452 D adayocomadapter-ParseProtocolFunc: printRaWMsg Name[IPCLtoVHAL] len[7] data[21402052000100]
03-17 18:53:34.979   400   452 D adayocomadapter-ParseProtocolFunc: printRaWMsg Name[IPCLtoVHAL] len[8] data[21402081000103FF]
03-17 18:53:34.979   400   452 D adayocomadapter-ParseProtocolFunc: printRaWMsg Name[IPCLtoVHAL] len[8] data[21402080000103FF]
03-17 18:53:34.979   400   452 D adayocomadapter-ParseProtocolFunc: printRaWMsg Name[IPCLtoVHAL] len[8] data[21402051000101F4]
03-17 18:53:34.979   400   452 D adayocomadapter-ParseProtocolFunc: printRaWMsg Name[IPCLtoVHAL] len[8] data[2140207B000103FF]
03-17 18:53:34.979   400   452 D adayocomadapter-ParseProtocolFunc: printRaWMsg Name[IPCLtoVHAL] len[8] data[2140204C000101FF]
03-17 18:53:34.979   400   452 D adayocomadapter-ParseProtocolFunc: printRaWMsg Name[IPCLtoVHAL] len[8] data[2140207C000103FF]
03-17 18:53:34.979   400   452 D adayocomadapter-ParseProtocolFunc: printRaWMsg Name[IPCLtoVHAL] len[8] data[2140207E000103FF]
03-17 18:53:34.979   400   452 D adayocomadapter-ParseProtocolFunc: printRaWMsg Name[IPCLtoVHAL] len[8] data[21402082000103FF]
03-17 18:53:34.979   400   452 D adayocomadapter-ParseProtocolFunc: printRaWMsg Name[IPCLtoVHAL] len[8] data[21402083000103FF]
03-17 18:53:34.980   400   452 D adayocomadapter-ParseProtocolFunc: printRaWMsg Name[IPCLtoVHAL] len[8] data[21402084000103FF]
03-17 18:53:34.980   400   452 D adayocomadapter-ParseProtocolFunc: printRaWMsg Name[IPCLtoVHAL] len[8] data[21402085000103FF]
03-17 18:53:34.980   400   452 D adayocomadapter-ParseProtocolFunc: printRaWMsg Name[IPCLtoVHAL] len[7] data[2140220A000107]
03-17 18:53:34.980   400   452 D adayocomadapter-ParseProtocolFunc: printRaWMsg Name[IPCLtoVHAL] len[7] data[214021E6000100]
03-17 18:53:34.980   400   452 D adayocomadapter-CommunicationManager: onUpstreamReceive isLoss 1 mPropertyId 0x2141211d
03-17 18:53:34.980   400   452 D vw-vhal : notifyVehicleProperty, propId = 0x2141211d, data = {status: 3, int32Values: [18, 255, 63]}
03-17 18:53:34.980   400   452 I DefaultVehicleHal_v2_0: DefaultVehicleHal::onPropertyValue, value:{.timestamp = 148928057349, .areaId = 0, .prop = 557916445, .status = UNAVAILABLE, .value = {.int32Values = [3]{18, 255, 63}, .floatValues = [0]{}, .int64Values = [0]{}, .bytes = [0]{}, .stringValue = ""}}
03-17 18:53:34.980   400   452 D adayocomadapter-CommunicationManager: onUpstreamReceive mPropertyId 0x2141211d
03-17 18:53:34.980   400   452 D adayocomadapter-CommunicationManager: onUpstreamReceive isLoss 1 mPropertyId 0x2140207a
03-17 18:53:34.980   400   452 D adayocomadapter-CommunicationManager: convertBytesToInt32Memcpy  1023
03-17 18:53:34.980   400   452 D vw-vhal : notifyVehicleProperty, propId = 0x2140207a, data = {status: 3, int32Values: [1023]}
03-17 18:53:34.980   400   452 I DefaultVehicleHal_v2_0: DefaultVehicleHal::onPropertyValue, value:{.timestamp = 148928486349, .areaId = 0, .prop = 557850746, .status = UNAVAILABLE, .value = {.int32Values = [1]{1023}, .floatValues = [0]{}, .int64Values = [0]{}, .bytes = [0]{}, .stringValue = ""}}
