03-17 18:53:30.776  6654  6700 D TimerTriggerManager: Sending reset signal to timer 'onIndcnVehSpdChanged'
03-17 18:53:30.776  6654  6700 D TimerTriggerManager: Reset signal sent to timer 'onIndcnVehSpdChanged'
03-17 18:53:30.776  6654  6707 D TimerTriggerController: Reset method called for timer: onIndcnVehSpdChanged
03-17 18:53:30.776  6654  6707 D TimerTriggerController: Calling onTimerReset for timer: onIndcnVehSpdChanged
03-17 18:53:30.776  6654  6707 D TimerTriggerManager: Timer reset: onIndcnVehSpdChanged
03-17 18:53:30.776  6654  6707 I TimerTriggerController: Timer [onIndcnVehSpdChanged] reset, remaining: 1000ms, reset count: 966
03-17 18:53:30.777  6654  6700 D TimerTriggerManager: init instance...
03-17 18:53:30.777   642   685 I mcuc    : sd Uart data : 6AA602056E00029202F5
03-17 18:53:30.777  6654  6700 D TimerTriggerManager: Timer thread'TimerTriggerManager' is destroyed: false
03-17 18:53:30.777  6654  6700 D TimerTriggerManager: Timer 'onMntnWarnReqChanged' is running: true
03-17 18:53:30.777  6654  6700 D TimerTriggerManager: Sending reset signal to timer 'onMntnWarnReqChanged'
03-17 18:53:30.777  6654  6700 D TimerTriggerManager: Reset signal sent to timer 'onMntnWarnReqChanged'
03-17 18:53:30.777  6654  6707 D TimerTriggerController: Reset method called for timer: onMntnWarnReqChanged
03-17 18:53:30.777  6654  6707 D TimerTriggerController: Calling onTimerReset for timer: onMntnWarnReqChanged
03-17 18:53:30.778  6654  6707 D TimerTriggerManager: Timer reset: onMntnWarnReqChanged
03-17 18:53:30.778  6654  6707 I TimerTriggerController: Timer [onMntnWarnReqChanged] reset, remaining: 4999ms, reset count: 483
03-17 18:53:30.782   642   685 I mcuc    : rev uart=1461,len=18, data : 6AA681056E000A9202000A00000000000163
03-17 18:53:30.783   400   400 D adayocomadapter-ParseProtocolFunc: printRaWMsg Name[MCUToUPstream recv] len[10] data[9202000A000000000001]
03-17 18:53:30.783   400   400 D adayocomadapter-CommunicationManager: onUpstreamback   member[0] dataLength[7] timePoint[144730]
03-17 18:53:30.783   400   400 D adayocomadapter-ParseProtocolFunc: printRaWMsg Name[onUpstreamback] len[7] data[0A000000000001]
03-17 18:53:30.783   400   452 D adayocomadapter-UpstreamHandler: processBeforePacket upSreamtProcessTimePoint[144730] 
03-17 18:53:30.783   400   452 D adayocomadapter-UpstreamHandler: processPacket UPSTREAM_QUEUE_DATA_TIMEOUT
03-17 18:53:30.783   400   452 D adayocomadapter-ParseProtocolFunc: parseCommonIPCLBytes Processing tableNumber[10]
03-17 18:53:30.783   400   452 D adayocomadapter-ParseProtocolFunc: parseCommonIPCLBytes Processing tablename[Table-10] tableSize[7]
03-17 18:53:30.783   400   452 D adayocomadapter-ParseProtocolFunc: printRaWMsg Name[byteStream recv] len[7] data[0A000000000001]
03-17 18:53:30.783   400   452 D adayocomadapter-ParseProtocolFunc: printRaWMsg Name[IPCLtoVHAL] len[10] data[2140201C000100000000]
03-17 18:53:30.783   400   452 D adayocomadapter-ParseProtocolFunc: printRaWMsg Name[IPCLtoVHAL] len[7] data[21402232000100]
03-17 18:53:30.783   400   452 D adayocomadapter-CommunicationManager: onUpstreamReceive isLoss 1 mPropertyId 0x2140201c
03-17 18:53:30.783   400   452 D adayocomadapter-CommunicationManager: convertBytesToInt32Memcpy  0
03-17 18:53:30.784   400   452 D vw-vhal : notifyVehicleProperty, propId = 0x2140201c, data = {status: 3, int32Values: [0]}
03-17 18:53:30.784   400   452 I DefaultVehicleHal_v2_0: DefaultVehicleHal::onPropertyValue, value:{.timestamp = 144731640015, .areaId = 0, .prop = 557850652, .status = UNAVAILABLE, .value = {.int32Values = [1]{0}, .floatValues = [0]{}, .int64Values = [0]{}, .bytes = [0]{}, .stringValue = ""}}
03-17 18:53:30.784   400   452 D adayocomadapter-CommunicationManager: onUpstreamReceive mPropertyId 0x2140201c
03-17 18:53:30.784   400   452 D adayocomadapter-CommunicationManager: onUpstreamReceive isLoss 1 mPropertyId 0x21402232
03-17 18:53:30.784   400   452 D adayocomadapter-CommunicationManager: convertBytesToInt32Memcpy  0
03-17 18:53:30.784   400   452 D vw-vhal : notifyVehicleProperty, propId = 0x21402232, data = {status: 3, int32Values: [0]}
03-17 18:53:30.784   400   452 I DefaultVehicleHal_v2_0: DefaultVehicleHal::onPropertyValue, value:{.timestamp = 144732141349, .areaId = 0, .prop = 557851186, .status = UNAVAILABLE, .value = {.int32Values = [1]{0}, .floatValues = [0]{}, .int64Values = [0]{}, .bytes = [0]{}, .stringValue = ""}}
03-17 18:53:30.784   400   452 D adayocomadapter-CommunicationManager: onUpstreamReceive mPropertyId 0x21402232
03-17 18:53:30.789   582  3616 E WifiHAL : Invalid data received from driver
03-17 18:53:30.789   582  3616 E WifiHAL : Invalid data received from driver
03-17 18:53:30.789   582  3616 E WifiHAL : Invalid data received from driver
03-17 18:53:30.789   582  3616 E WifiHAL : Invalid data received from driver
03-17 18:53:30.789   582  3616 E WifiHAL : Invalid data received from driver
03-17 18:53:30.789   582  3616 E WifiHAL : Invalid data received from driver
03-17 18:53:30.789   582  3616 E WifiHAL : Invalid data received from driver
03-17 18:53:30.810   582  3616 E WifiHAL : Invalid data received from driver
03-17 18:53:30.825  2383  2600 D AdayoDoipServer294_Doip: [ne_doip_event_loop_dispatch][line:141] : count = 0
03-17 18:53:30.873  6654  6700 D TimerTriggerManager: init instance...
03-17 18:53:30.873  6654  6700 D TimerTriggerManager: Timer thread'TimerTriggerManager' is destroyed: false
03-17 18:53:30.873  6654  6700 D TimerTriggerManager: Timer 'onIndcnVehSpdChanged' is running: true
03-17 18:53:30.873  6654  6700 D TimerTriggerManager: Sending reset signal to timer 'onIndcnVehSpdChanged'
03-17 18:53:30.873  6654  6700 D TimerTriggerManager: Reset signal sent to timer 'onIndcnVehSpdChanged'
03-17 18:53:30.873  6654  6707 D TimerTriggerController: Reset method called for timer: onIndcnVehSpdChanged
03-17 18:53:30.873  6654  6707 D TimerTriggerController: Calling onTimerReset for timer: onIndcnVehSpdChanged
03-17 18:53:30.873  6654  6707 D TimerTriggerManager: Timer reset: onIndcnVehSpdChanged
03-17 18:53:30.873  6654  6707 I TimerTriggerController: Timer [onIndcnVehSpdChanged] reset, remaining: 1000ms, reset count: 967
03-17 18:53:30.880   582  3616 E WifiHAL : Invalid data received from driver
03-17 18:53:30.915   582  3616 E WifiHAL : Invalid data received from driver
01-01 08:02:26.065   709   709 I [schedu][0x8a26ed2][10:53:30.915385] qcn7605: [709:I:PE] lim_process_action_frame_no_session: Unhandled action frame without session: 7f
03-17 18:53:30.917   806   806 I adbd    : AdaTest:transport UsbFfs opening service shell,v2:getprop
03-17 18:53:30.917   806   806 I adbd    : AdaTest:adb.password.Enable is true
03-17 18:53:30.917   806   806 I adbd    : AdaTest:will enter ShellService
03-17 18:53:30.917   806   806 I adbd    : AdaTest:enter ShellService
03-17 18:53:30.918   806   806 I adbd    : AdaTest:adb.password.Enable is Enable
03-17 18:53:30.918   806   806 I adbd    : AdaTest:return unique_fd{}
03-17 18:53:30.918   806   806 I adbd    : auth_fd.get() == -1
03-17 18:53:30.925  2383  2600 D AdayoDoipServer294_Doip: [ne_doip_event_loop_dispatch][line:141] : count = 0
03-17 18:53:30.931   806   806 I adbd    : AdaTest:transport UsbFfs opening service shell,v2:getprop
03-17 18:53:30.931   806   806 I adbd    : AdaTest:adb.password.Enable is true
03-17 18:53:30.932   806   806 I adbd    : AdaTest:will enter ShellService
03-17 18:53:30.932   806   806 I adbd    : AdaTest:enter ShellService
03-17 18:53:30.932   806   806 I adbd    : AdaTest:adb.password.Enable is Enable
03-17 18:53:30.932   806   806 I adbd    : AdaTest:return unique_fd{}
03-17 18:53:30.932   806   806 I adbd    : auth_fd.get() == -1
03-17 18:53:30.947   806   806 I adbd    : AdaTest:transport UsbFfs opening service shell,v2:getprop
03-17 18:53:30.947   806   806 I adbd    : AdaTest:adb.password.Enable is true
03-17 18:53:30.947   806   806 I adbd    : AdaTest:will enter ShellService
03-17 18:53:30.947   806   806 I adbd    : AdaTest:enter ShellService
03-17 18:53:30.947   806   806 I adbd    : AdaTest:adb.password.Enable is Enable
03-17 18:53:30.947   806   806 I adbd    : AdaTest:return unique_fd{}
03-17 18:53:30.947   806   806 I adbd    : auth_fd.get() == -1
03-17 18:53:30.953   582  3616 E WifiHAL : Invalid data received from driver
03-17 18:53:30.972  6654  6700 D TimerTriggerManager: init instance...
03-17 18:53:30.972  6654  6700 D TimerTriggerManager: Timer thread'TimerTriggerManager' is destroyed: false
03-17 18:53:30.972  6654  6700 D TimerTriggerManager: Timer 'onIndcnVehSpdChanged' is running: true
03-17 18:53:30.972  6654  6700 D TimerTriggerManager: Sending reset signal to timer 'onIndcnVehSpdChanged'
03-17 18:53:30.972  6654  6700 D TimerTriggerManager: Reset signal sent to timer 'onIndcnVehSpdChanged'
03-17 18:53:30.972  6654  6707 D TimerTriggerController: Reset method called for timer: onIndcnVehSpdChanged
03-17 18:53:30.972  6654  6707 D TimerTriggerController: Calling onTimerReset for timer: onIndcnVehSpdChanged
03-17 18:53:30.972  6654  6707 D TimerTriggerManager: Timer reset: onIndcnVehSpdChanged
03-17 18:53:30.972  6654  6707 I TimerTriggerController: Timer [onIndcnVehSpdChanged] reset, remaining: 1000ms, reset count: 968
03-17 18:53:30.972  6654  6700 D TimerTriggerManager: init instance...
03-17 18:53:30.973  6654  6700 D TimerTriggerManager: Timer thread'TimerTriggerManager' is destroyed: false
03-17 18:53:30.973  6654  6700 D TimerTriggerManager: Timer 'onMntnWarnReqChanged' is running: true
03-17 18:53:30.973  6654  6700 D TimerTriggerManager: Sending reset signal to timer 'onMntnWarnReqChanged'
03-17 18:53:30.973  6654  6700 D TimerTriggerManager: Reset signal sent to timer 'onMntnWarnReqChanged'
03-17 18:53:30.973  6654  6707 D TimerTriggerController: Reset method called for timer: onMntnWarnReqChanged
03-17 18:53:30.973  6654  6707 D TimerTriggerController: Calling onTimerReset for timer: onMntnWarnReqChanged
03-17 18:53:30.973  6654  6707 D TimerTriggerManager: Timer reset: onMntnWarnReqChanged
03-17 18:53:30.973  6654  6707 I TimerTriggerController: Timer [onMntnWarnReqChanged] reset, remaining: 5000ms, reset count: 484
03-17 18:53:30.976   806   806 I adbd    : AdaTest:transport UsbFfs opening service shell,v2:getprop
03-17 18:53:30.976   806   806 I adbd    : AdaTest:adb.password.Enable is true
03-17 18:53:30.976   806   806 I adbd    : AdaTest:will enter ShellService
03-17 18:53:30.976   806   806 I adbd    : AdaTest:enter ShellService
03-17 18:53:30.976   806   806 I adbd    : AdaTest:adb.password.Enable is Enable
03-17 18:53:30.976   806   806 I adbd    : AdaTest:return unique_fd{}
03-17 18:53:30.976   806   806 I adbd    : auth_fd.get() == -1
03-17 18:53:30.977   806   806 I adbd    : AdaTest:transport UsbFfs opening service shell,v2:getprop
03-17 18:53:30.977   806   806 I adbd    : AdaTest:adb.password.Enable is true
03-17 18:53:30.977   806   806 I adbd    : AdaTest:will enter ShellService
03-17 18:53:30.977   806   806 I adbd    : AdaTest:enter ShellService
03-17 18:53:30.977   806   806 I adbd    : AdaTest:adb.password.Enable is Enable
03-17 18:53:30.977   806   806 I adbd    : AdaTest:return unique_fd{}
03-17 18:53:30.977   806   806 I adbd    : auth_fd.get() == -1
03-17 18:53:31.025  2383  2600 D AdayoDoipServer294_Doip: [ne_doip_event_loop_dispatch][line:141] : count = 0
03-17 18:53:31.029  2705  3422 E NetProxyJNI: getNetworkTraffic up: 332,down:50
03-17 18:53:31.029  2705  3422 I TboxServiceManager: 上下行类型变化 type:1
03-17 18:53:31.029  2705  3422 I TboxServiceStatusMonitor: onNetworkTrafficChange type: 1
03-17 18:53:31.031  1566  3186 D TboxNetworkManager: tboxNetworkbinder=null
03-17 18:53:31.051  1646  2260 D wkkSystemMonitorService: totalSystemLoad163.31%
03-17 18:53:31.053  1646  2260 E DataCollectManager: eventId = thresholdUpload, data = {"IOString":"{\"type\": \" android_io \",\"subType\": \" write_rate \",\"currentValue\": \"0.00\",\"thresholdValue\": \" 10MB/s \",\"stat\": \"ReadKBps:0.00 MB/s,WriteKBps:0.37 MB/s, iops:21.00 times/s}"}
03-17 18:53:31.060  1627  1643 D CollectDataDataFiller: ===
03-17 18:53:31.060  1627  1643 D CollectDataDataFiller: Fill [AppId = SystemInfo] [EventId = thresholdUpload] with
03-17 18:53:31.060  1627  1643 D CollectDataDataFiller: [MsgId = 8705851d-f64f-415b-a124-bb94226c6773]
03-17 18:53:31.060  1627  1643 D CollectDataDataFiller: ===
03-17 18:53:31.071   582  3616 E WifiHAL : Invalid data received from driver
03-17 18:53:31.072  6654  6700 D TimerTriggerManager: init instance...
03-17 18:53:31.072  6654  6700 D TimerTriggerManager: Timer thread'TimerTriggerManager' is destroyed: false
03-17 18:53:31.072  6654  6700 D TimerTriggerManager: Timer 'onIndcnVehSpdChanged' is running: true
03-17 18:53:31.072  6654  6700 D TimerTriggerManager: Sending reset signal to timer 'onIndcnVehSpdChanged'
03-17 18:53:31.072  6654  6700 D TimerTriggerManager: Reset signal sent to timer 'onIndcnVehSpdChanged'
03-17 18:53:31.072  6654  6707 D TimerTriggerController: Reset method called for timer: onIndcnVehSpdChanged
03-17 18:53:31.072  6654  6707 D TimerTriggerController: Calling onTimerReset for timer: onIndcnVehSpdChanged
03-17 18:53:31.072  6654  6707 D TimerTriggerManager: Timer reset: onIndcnVehSpdChanged
03-17 18:53:31.072  6654  6707 I TimerTriggerController: Timer [onIndcnVehSpdChanged] reset, remaining: 1000ms, reset count: 969
03-17 18:53:31.107   642   685 I mcuc    : sd Uart data : 6AA602056F00029202F4
03-17 18:53:31.113   642   685 I mcuc    : rev uart=1462,len=24, data : 6AA681056F00109202000400000000000000000000000063
03-17 18:53:31.113   400   400 D adayocomadapter-ParseProtocolFunc: printRaWMsg Name[MCUToUPstream recv] len[16] data[92020004000000000000000000000000]
03-17 18:53:31.113   400   400 D adayocomadapter-CommunicationManager: onUpstreamback   member[0] dataLength[13] timePoint[145060]
03-17 18:53:31.113   400   400 D adayocomadapter-ParseProtocolFunc: printRaWMsg Name[onUpstreamback] len[13] data[04000000000000000000000000]
03-17 18:53:31.113   400   452 D adayocomadapter-UpstreamHandler: processBeforePacket upSreamtProcessTimePoint[145061] 
03-17 18:53:31.113   400   452 D adayocomadapter-UpstreamHandler: processPacket UPSTREAM_QUEUE_DATA_TIMEOUT
03-17 18:53:31.113   400   452 D adayocomadapter-ParseProtocolFunc: parseCommonIPCLBytes Processing tableNumber[4]
03-17 18:53:31.113   400   452 D adayocomadapter-ParseProtocolFunc: parseCommonIPCLBytes Processing tablename[Table-4] tableSize[13]
03-17 18:53:31.113   400   452 D adayocomadapter-ParseProtocolFunc: printRaWMsg Name[byteStream recv] len[13] data[04000000000000000000000000]
03-17 18:53:31.113   400   452 D adayocomadapter-ParseProtocolFunc: printRaWMsg Name[IPCLtoVHAL] len[8] data[2140200C00000000]
03-17 18:53:31.113   400   452 D adayocomadapter-ParseProtocolFunc: printRaWMsg Name[IPCLtoVHAL] len[8] data[2140200D00000000]
03-17 18:53:31.113   400   452 D adayocomadapter-ParseProtocolFunc: printRaWMsg Name[IPCLtoVHAL] len[7] data[21402233000000]
03-17 18:53:31.113   400   452 D adayocomadapter-ParseProtocolFunc: printRaWMsg Name[IPCLtoVHAL] len[10] data[2140201D000000000000]
03-17 18:53:31.113   400   452 D adayocomadapter-ParseProtocolFunc: printRaWMsg Name[IPCLtoVHAL] len[8] data[2140201E00000000]
03-17 18:53:31.113   400   452 D adayocomadapter-CommunicationManager: onUpstreamReceive isLoss 0 mPropertyId 0x2140200c
03-17 18:53:31.113   400   452 D adayocomadapter-CommunicationManager: convertBytesToInt32Memcpy  0
03-17 18:53:31.113   400   452 D vw-vhal : notifyVehicleProperty, propId = 0x2140200c, data = {status: 2, int32Values: [0]}
03-17 18:53:31.113   400   452 I DefaultVehicleHal_v2_0: DefaultVehicleHal::onPropertyValue, value:{.timestamp = 145061411682, .areaId = 0, .prop = 557850636, .status = AVAILABLE, .value = {.int32Values = [1]{0}, .floatValues = [0]{}, .int64Values = [0]{}, .bytes = [0]{}, .stringValue = ""}}
03-17 18:53:31.113   400   452 D adayocomadapter-CommunicationManager: onUpstreamReceive mPropertyId 0x2140200c
03-17 18:53:31.113   400   452 D adayocomadapter-CommunicationManager: onUpstreamReceive isLoss 0 mPropertyId 0x2140200d
03-17 18:53:31.113   400   452 D adayocomadapter-CommunicationManager: convertBytesToInt32Memcpy  0
03-17 18:53:31.113   400   452 D vw-vhal : notifyVehicleProperty, propId = 0x2140200d, data = {status: 2, int32Values: [0]}
03-17 18:53:31.114   400   452 I DefaultVehicleHal_v2_0: DefaultVehicleHal::onPropertyValue, value:{.timestamp = 145061559682, .areaId = 0, .prop = 557850637, .status = AVAILABLE, .value = {.int32Values = [1]{0}, .floatValues = [0]{}, .int64Values = [0]{}, .bytes = [0]{}, .stringValue = ""}}
03-17 18:53:31.114   400   452 D adayocomadapter-CommunicationManager: onUpstreamReceive mPropertyId 0x2140200d
03-17 18:53:31.114   400   452 D adayocomadapter-CommunicationManager: onUpstreamReceive isLoss 0 mPropertyId 0x21402233
03-17 18:53:31.114   400   452 D adayocomadapter-CommunicationManager: convertBytesToInt32Memcpy  0
03-17 18:53:31.114   400   452 D vw-vhal : notifyVehicleProperty, propId = 0x21402233, data = {status: 2, int32Values: [0]}
03-17 18:53:31.114   400   452 I DefaultVehicleHal_v2_0: DefaultVehicleHal::onPropertyValue, value:{.timestamp = 145061689015, .areaId = 0, .prop = 557851187, .status = AVAILABLE, .value = {.int32Values = [1]{0}, .floatValues = [0]{}, .int64Values = [0]{}, .bytes = [0]{}, .stringValue = ""}}
03-17 18:53:31.114   400   452 D adayocomadapter-CommunicationManager: onUpstreamReceive mPropertyId 0x21402233
03-17 18:53:31.114   400   452 D adayocomadapter-CommunicationManager: onUpstreamReceive isLoss 0 mPropertyId 0x2140201d
03-17 18:53:31.114   400   452 D adayocomadapter-CommunicationManager: convertBytesToInt32Memcpy  0
03-17 18:53:31.114   400   452 D vw-vhal : notifyVehicleProperty, propId = 0x2140201d, data = {status: 2, int32Values: [0]}
03-17 18:53:31.114   400   452 I DefaultVehicleHal_v2_0: DefaultVehicleHal::onPropertyValue, value:{.timestamp = 145061800015, .areaId = 0, .prop = 557850653, .status = AVAILABLE, .value = {.int32Values = [1]{0}, .floatValues = [0]{}, .int64Values = [0]{}, .bytes = [0]{}, .stringValue = ""}}
03-17 18:53:31.114   400   452 D adayocomadapter-CommunicationManager: onUpstreamReceive mPropertyId 0x2140201d
03-17 18:53:31.114   400   452 D adayocomadapter-CommunicationManager: onUpstreamReceive isLoss 0 mPropertyId 0x2140201e
03-17 18:53:31.114   400   452 D adayocomadapter-CommunicationManager: convertBytesToInt32Memcpy  0
03-17 18:53:31.114   400   452 D vw-vhal : notifyVehicleProperty, propId = 0x2140201e, data = {status: 2, int32Values: [0]}
03-17 18:53:31.114   400   452 I DefaultVehicleHal_v2_0: DefaultVehicleHal::onPropertyValue, value:{.timestamp = 145061914349, .areaId = 0, .prop = 557850654, .status = AVAILABLE, .value = {.int32Values = [1]{0}, .floatValues = [0]{}, .int64Values = [0]{}, .bytes = [0]{}, .stringValue = ""}}
03-17 18:53:31.114   400   452 D adayocomadapter-CommunicationManager: onUpstreamReceive mPropertyId 0x2140201e
03-17 18:53:31.125   582  3616 E WifiHAL : Invalid data received from driver
03-17 18:53:31.125  2383  2600 D AdayoDoipServer294_Doip: [ne_doip_event_loop_dispatch][line:141] : count = 0
03-17 18:53:31.169  2366  2991 D SCM_SIGNAL: [AutoTimeCollector]sendTimeSignal >>> 18:53:31.168
03-17 18:53:31.169  2366  2991 W SCM_TRIGGER: [SignalCollectHandler]handleSignal scale-limit pass: (DateTime, 1773744811168)
03-17 18:53:31.170  2366  2997 D SCM_TRIGGER: [CacheManager]saveProperty key:[DateTime] value:[1773744811168] Success
03-17 18:53:31.170  2366  2997 W SCM_TRIGGER: [SignalCollectHandler]handleSignal dispatchSignal: DateTime
03-17 18:53:31.170  2366  2997 D TriggerManager: signal: first -> DateTime, second -> 1773744811168
03-17 18:53:31.170  2366  2997 W SCM_TRIGGER: [DateTrigger]handlePropertyUpdate jump: no Condition match
03-17 18:53:31.172  6654  6700 D TimerTriggerManager: init instance...
03-17 18:53:31.172  6654  6700 D TimerTriggerManager: Timer thread'TimerTriggerManager' is destroyed: false
03-17 18:53:31.172  6654  6700 D TimerTriggerManager: Timer 'onIndcnVehSpdChanged' is running: true
03-17 18:53:31.172  6654  6700 D TimerTriggerManager: Sending reset signal to timer 'onIndcnVehSpdChanged'
03-17 18:53:31.172  6654  6700 D TimerTriggerManager: Reset signal sent to timer 'onIndcnVehSpdChanged'
03-17 18:53:31.173  6654  6707 D TimerTriggerController: Reset method called for timer: onIndcnVehSpdChanged
03-17 18:53:31.173  6654  6707 D TimerTriggerController: Calling onTimerReset for timer: onIndcnVehSpdChanged
03-17 18:53:31.173  6654  6707 D TimerTriggerManager: Timer reset: onIndcnVehSpdChanged
03-17 18:53:31.173  6654  6707 I TimerTriggerController: Timer [onIndcnVehSpdChanged] reset, remaining: 1000ms, reset count: 970
03-17 18:53:31.173  6654  6700 D TimerTriggerManager: init instance...
03-17 18:53:31.173  6654  6700 D TimerTriggerManager: Timer thread'TimerTriggerManager' is destroyed: false
03-17 18:53:31.173  6654  6700 D TimerTriggerManager: Timer 'onMntnWarnReqChanged' is running: true
03-17 18:53:31.173  6654  6700 D TimerTriggerManager: Sending reset signal to timer 'onMntnWarnReqChanged'
03-17 18:53:31.173  6654  6700 D TimerTriggerManager: Reset signal sent to timer 'onMntnWarnReqChanged'
03-17 18:53:31.174  6654  6707 D TimerTriggerController: Reset method called for timer: onMntnWarnReqChanged
03-17 18:53:31.174  6654  6707 D TimerTriggerController: Calling onTimerReset for timer: onMntnWarnReqChanged
03-17 18:53:31.174  6654  6707 D TimerTriggerManager: Timer reset: onMntnWarnReqChanged
03-17 18:53:31.174  6654  6707 I TimerTriggerController: Timer [onMntnWarnReqChanged] reset, remaining: 5000ms, reset count: 485
03-17 18:53:31.177   642   685 I mcuc    : sd Uart data : 6AA602057000029202F3
03-17 18:53:31.182   642   685 I mcuc    : rev uart=1463,len=19, data : 6AA6810570000B920200070000000000000163
03-17 18:53:31.182   400   400 D adayocomadapter-ParseProtocolFunc: printRaWMsg Name[MCUToUPstream recv] len[11] data[9202000700000000000001]
03-17 18:53:31.182  1566  2651 D TboxNetworkManager: tboxNetworkbinder=null
03-17 18:53:31.182   400   400 D adayocomadapter-CommunicationManager: onUpstreamback   member[0] dataLength[8] timePoint[145130]
03-17 18:53:31.183   400   400 D adayocomadapter-ParseProtocolFunc: printRaWMsg Name[onUpstreamback] len[8] data[0700000000000001]
03-17 18:53:31.183   400   452 D adayocomadapter-UpstreamHandler: processBeforePacket upSreamtProcessTimePoint[145130] 
03-17 18:53:31.183   400   452 D adayocomadapter-UpstreamHandler: processPacket UPSTREAM_QUEUE_DATA_TIMEOUT
03-17 18:53:31.183   400   452 D adayocomadapter-ParseProtocolFunc: parseCommonIPCLBytes Processing tableNumber[7]
03-17 18:53:31.183   400   452 D adayocomadapter-ParseProtocolFunc: parseCommonIPCLBytes Processing tablename[Table-7] tableSize[8]
03-17 18:53:31.183   400   452 D adayocomadapter-ParseProtocolFunc: printRaWMsg Name[byteStream recv] len[8] data[0700000000000001]
03-17 18:53:31.183   400   452 D adayocomadapter-ParseProtocolFunc: printRaWMsg Name[IPCLtoVHAL] len[7] data[21402053000100]
03-17 18:53:31.183   400   452 D adayocomadapter-ParseProtocolFunc: printRaWMsg Name[IPCLtoVHAL] len[7] data[214020A0000100]
03-17 18:53:31.183   400   452 D adayocomadapter-ParseProtocolFunc: printRaWMsg Name[IPCLtoVHAL] len[7] data[21402131000100]
03-17 18:53:31.183   400   452 D adayocomadapter-ParseProtocolFunc: printRaWMsg Name[IPCLtoVHAL] len[7] data[214020A2000100]
03-17 18:53:31.183   400   452 D adayocomadapter-ParseProtocolFunc: printRaWMsg Name[IPCLtoVHAL] len[7] data[214020A4000100]
03-17 18:53:31.183   400   452 D adayocomadapter-ParseProtocolFunc: printRaWMsg Name[IPCLtoVHAL] len[7] data[214021CE000100]
03-17 18:53:31.183   400   452 D adayocomadapter-CommunicationManager: onUpstreamReceive isLoss 1 mPropertyId 0x21402053
03-17 18:53:31.183   400   452 D adayocomadapter-CommunicationManager: convertBytesToInt32Memcpy  0
03-17 18:53:31.183   400   452 D vw-vhal : notifyVehicleProperty, propId = 0x21402053, data = {status: 3, int32Values: [0]}
03-17 18:53:31.183   400   452 I DefaultVehicleHal_v2_0: DefaultVehicleHal::onPropertyValue, value:{.timestamp = 145130935015, .areaId = 0, .prop = 557850707, .status = UNAVAILABLE, .value = {.int32Values = [1]{0}, .floatValues = [0]{}, .int64Values = [0]{}, .bytes = [0]{}, .stringValue = ""}}
03-17 18:53:31.183   400   452 D adayocomadapter-CommunicationManager: onUpstreamReceive mPropertyId 0x21402053
03-17 18:53:31.183   400   452 D adayocomadapter-CommunicationManager: onUpstreamReceive isLoss 1 mPropertyId 0x214020a0
03-17 18:53:31.183   400   452 D adayocomadapter-CommunicationManager: convertBytesToInt32Memcpy  0
03-17 18:53:31.183   400   452 D vw-vhal : notifyVehicleProperty, propId = 0x214020a0, data = {status: 3, int32Values: [0]}
03-17 18:53:31.183   400   452 I DefaultVehicleHal_v2_0: DefaultVehicleHal::onPropertyValue, value:{.timestamp = 145131074015, .areaId = 0, .prop = 557850784, .status = UNAVAILABLE, .value = {.int32Values = [1]{0}, .floatValues = [0]{}, .int64Values = [0]{}, .bytes = [0]{}, .stringValue = ""}}
03-17 18:53:31.183   400   452 D adayocomadapter-CommunicationManager: onUpstreamReceive mPropertyId 0x214020a0
03-17 18:53:31.183   400   452 D adayocomadapter-CommunicationManager: onUpstreamReceive isLoss 1 mPropertyId 0x21402131
03-17 18:53:31.183   400   452 D adayocomadapter-CommunicationManager: convertBytesToInt32Memcpy  0
03-17 18:53:31.183   400   452 D vw-vhal : notifyVehicleProperty, propId = 0x21402131, data = {status: 3, int32Values: [0]}
03-17 18:53:31.183   400   452 I DefaultVehicleHal_v2_0: DefaultVehicleHal::onPropertyValue, value:{.timestamp = 145131185349, .areaId = 0, .prop = 557850929, .status = UNAVAILABLE, .value = {.int32Values = [1]{0}, .floatValues = [0]{}, .int64Values = [0]{}, .bytes = [0]{}, .stringValue = ""}}
03-17 18:53:31.183   400   452 D adayocomadapter-CommunicationManager: onUpstreamReceive mPropertyId 0x21402131
03-17 18:53:31.183   400   452 D adayocomadapter-CommunicationManager: onUpstreamReceive isLoss 1 mPropertyId 0x214020a2
03-17 18:53:31.183   400   452 D adayocomadapter-CommunicationManager: convertBytesToInt32Memcpy  0
03-17 18:53:31.183   400   452 D vw-vhal : notifyVehicleProperty, propId = 0x214020a2, data = {status: 3, int32Values: [0]}
03-17 18:53:31.183   400   452 I DefaultVehicleHal_v2_0: DefaultVehicleHal::onPropertyValue, value:{.timestamp = 145131312015, .areaId = 0, .prop = 557850786, .status = UNAVAILABLE, .value = {.int32Values = [1]{0}, .floatValues = [0]{}, .int64Values = [0]{}, .bytes = [0]{}, .stringValue = ""}}
03-17 18:53:31.183   400   452 D adayocomadapter-CommunicationManager: onUpstreamReceive mPropertyId 0x214020a2
03-17 18:53:31.183   400   452 D adayocomadapter-CommunicationManager: onUpstreamReceive isLoss 1 mPropertyId 0x214020a4
03-17 18:53:31.183   400   452 D adayocomadapter-CommunicationManager: convertBytesToInt32Memcpy  0
03-17 18:53:31.183   400   452 D vw-vhal : notifyVehicleProperty, propId = 0x214020a4, data = {status: 3, int32Values: [0]}
03-17 18:53:31.183   400   452 I DefaultVehicleHal_v2_0: DefaultVehicleHal::onPropertyValue, value:{.timestamp = 145131426682, .areaId = 0, .prop = 557850788, .status = UNAVAILABLE, .value = {.int32Values = [1]{0}, .floatValues = [0]{}, .int64Values = [0]{}, .bytes = [0]{}, .stringValue = ""}}
03-17 18:53:31.183   400   452 D adayocomadapter-CommunicationManager: onUpstreamReceive mPropertyId 0x214020a4
03-17 18:53:31.183   400   452 D adayocomadapter-CommunicationManager: onUpstreamReceive isLoss 1 mPropertyId 0x214021ce
03-17 18:53:31.183   400   452 D adayocomadapter-CommunicationManager: convertBytesToInt32Memcpy  0
03-17 18:53:31.183   400   452 D vw-vhal : notifyVehicleProperty, propId = 0x214021ce, data = {status: 3, int32Values: [0]}
03-17 18:53:31.184   400   452 I DefaultVehicleHal_v2_0: DefaultVehicleHal::onPropertyValue, value:{.timestamp = 145131538682, .areaId = 0, .prop = 557851086, .status = UNAVAILABLE, .value = {.int32Values = [1]{0}, .floatValues = [0]{}, .int64Values = [0]{}, .bytes = [0]{}, .stringValue = ""}}
03-17 18:53:31.184   400   452 D adayocomadapter-CommunicationManager: onUpstreamReceive mPropertyId 0x214021ce
03-17 18:53:31.223   582  3616 E WifiHAL : Invalid data received from driver
03-17 18:53:31.226  2383  2600 D AdayoDoipServer294_Doip: [ne_doip_event_loop_dispatch][line:141] : count = 0
03-17 18:53:31.238  2106  2450 D CAR.DIAGNOSTIC: Entry - Type: 0x01, ServiceId: 0x2071, InstanceId: 0x0001, MajorVersion: 0x01FFFFFF, TTL: 0
03-17 18:53:31.239  2106  2460 D CAR.DIAGNOSTIC: Entry - Type: 0x01, ServiceId: 0x2071, InstanceId: 0x0001, MajorVersion: 0x01FFFFFF, TTL: 0
03-17 18:53:31.239  2106  2458 D CAR.DIAGNOSTIC: Entry - Type: 0x01, ServiceId: 0x2071, InstanceId: 0x0001, MajorVersion: 0x01FFFFFF, TTL: 0
03-17 18:53:31.239  2106  2460 D CAR.DIAGNOSTIC: Entry - Type: 0x01, ServiceId: 0x4001, InstanceId: 0x0001, MajorVersion: 0x01FFFFFF, TTL: 0
03-17 18:53:31.239  2106  2458 D CAR.DIAGNOSTIC: Entry - Type: 0x01, ServiceId: 0x4001, InstanceId: 0x0001, MajorVersion: 0x01FFFFFF, TTL: 0
03-17 18:53:31.239  2106  2450 D CAR.DIAGNOSTIC: Entry - Type: 0x01, ServiceId: 0x4001, InstanceId: 0x0001, MajorVersion: 0x01FFFFFF, TTL: 0
03-17 18:53:31.268   582  3616 E WifiHAL : Invalid data received from driver
03-17 18:53:31.268   582  3616 E WifiHAL : Invalid data received from driver
03-17 18:53:31.268   582  3616 E WifiHAL : Invalid data received from driver
03-17 18:53:31.268   582  3616 E WifiHAL : Invalid data received from driver
03-17 18:53:31.268   582  3616 E WifiHAL : Invalid data received from driver
03-17 18:53:31.268   582  3616 E WifiHAL : Invalid data received from driver
03-17 18:53:31.268   582  3616 E WifiHAL : Invalid data received from driver
03-17 18:53:31.272  6654  6700 D TimerTriggerManager: init instance...
03-17 18:53:31.272  6654  6700 D TimerTriggerManager: Timer thread'TimerTriggerManager' is destroyed: false
03-17 18:53:31.272  6654  6700 D TimerTriggerManager: Timer 'onIndcnVehSpdChanged' is running: true
03-17 18:53:31.272  6654  6700 D TimerTriggerManager: Sending reset signal to timer 'onIndcnVehSpdChanged'
03-17 18:53:31.272  6654  6700 D TimerTriggerManager: Reset signal sent to timer 'onIndcnVehSpdChanged'
03-17 18:53:31.273  6654  6707 D TimerTriggerController: Reset method called for timer: onIndcnVehSpdChanged
03-17 18:53:31.273  6654  6707 D TimerTriggerController: Calling onTimerReset for timer: onIndcnVehSpdChanged
03-17 18:53:31.273  6654  6707 D TimerTriggerManager: Timer reset: onIndcnVehSpdChanged
03-17 18:53:31.273  6654  6707 I TimerTriggerController: Timer [onIndcnVehSpdChanged] reset, remaining: 1000ms, reset count: 971
03-17 18:53:31.285   642   685 I mcuc    : sd Uart data : 6AA602057100029202F2
03-17 18:53:31.290   582  3616 E WifiHAL : Invalid data received from driver
03-17 18:53:31.291   642   685 I mcuc    : rev uart=1464,len=116, data : 6AA6810571006C920200100000000000000000000000000000010000000000000000000000000000000000000000000000000000000000000000000000000000000000000000000000000000000000000000000000000000654E210000000000000000000000000000000000010101010101011D
03-17 18:53:31.291   400   400 D adayocomadapter-ParseProtocolFunc: printRaWMsg Name[MCUToUPstream recv] len[108] data[920200100000000000000000000000000000010000000000000000000000000000000000000000000000000000000000000000000000000000000000000000000000000000000000000000000000000000654E21000000000000000000000000000000000001010101010101]
03-17 18:53:31.291   400   400 D adayocomadapter-CommunicationManager: onUpstreamback   member[0] dataLength[105] timePoint[145239]
03-17 18:53:31.291   400   400 D adayocomadapter-ParseProtocolFunc: printRaWMsg Name[onUpstreamback] len[105] data[100000000000000000000000000000010000000000000000000000000000000000000000000000000000000000000000000000000000000000000000000000000000000000000000000000000000654E21000000000000000000000000000000000001010101010101]
03-17 18:53:31.291   400   452 D adayocomadapter-UpstreamHandler: processBeforePacket upSreamtProcessTimePoint[145239] 
03-17 18:53:31.291   400   452 D adayocomadapter-UpstreamHandler: processPacket UPSTREAM_QUEUE_DATA_TIMEOUT
03-17 18:53:31.291   400   452 D adayocomadapter-ParseProtocolFunc: parseCommonIPCLBytes Processing tableNumber[16]
03-17 18:53:31.291   400   452 D adayocomadapter-ParseProtocolFunc: parseCommonIPCLBytes Processing tablename[Table-16] tableSize[105]
03-17 18:53:31.291   400   452 D adayocomadapter-ParseProtocolFunc: printRaWMsg Name[byteStream recv] len[105] data[100000000000000000000000000000010000000000000000000000000000000000000000000000000000000000000000000000000000000000000000000000000000000000000000000000000000654E21000000000000000000000000000000000001010101010101]
03-17 18:53:31.291   400   452 D adayocomadapter-ParseProtocolFunc: printRaWMsg Name[IPCLtoVHAL] len[7] data[214021B1000100]
03-17 18:53:31.291   400   452 D adayocomadapter-ParseProtocolFunc: printRaWMsg Name[IPCLtoVHAL] len[7] data[21402212000100]
03-17 18:53:31.291   400   452 D adayocomadapter-ParseProtocolFunc: printRaWMsg Name[IPCLtoVHAL] len[7] data[214021B2000100]
03-17 18:53:31.291   400   452 D adayocomadapter-ParseProtocolFunc: printRaWMsg Name[IPCLtoVHAL] len[7] data[214021BD000100]
03-17 18:53:31.291   400   452 D adayocomadapter-ParseProtocolFunc: printRaWMsg Name[IPCLtoVHAL] len[7] data[2140221E000100]
03-17 18:53:31.291   400   452 D adayocomadapter-ParseProtocolFunc: printRaWMsg Name[IPCLtoVHAL] len[7] data[214021B3000100]
03-17 18:53:31.291   400   452 D adayocomadapter-ParseProtocolFunc: printRaWMsg Name[IPCLtoVHAL] len[7] data[21402214000100]
03-17 18:53:31.291   400   452 D adayocomadapter-ParseProtocolFunc: printRaWMsg Name[IPCLtoVHAL] len[7] data[214021B4000100]
03-17 18:53:31.291   400   452 D adayocomadapter-ParseProtocolFunc: printRaWMsg Name[IPCLtoVHAL] len[7] data[21402153000100]
03-17 18:53:31.291   400   452 D adayocomadapter-ParseProtocolFunc: printRaWMsg Name[IPCLtoVHAL] len[7] data[21402215000100]
03-17 18:53:31.291   400   452 D adayocomadapter-ParseProtocolFunc: printRaWMsg Name[IPCLtoVHAL] len[7] data[214021B5000100]
03-17 18:53:31.291   400   452 D adayocomadapter-ParseProtocolFunc: printRaWMsg Name[IPCLtoVHAL] len[7] data[21402154000100]
03-17 18:53:31.291   400   452 D adayocomadapter-ParseProtocolFunc: printRaWMsg Name[IPCLtoVHAL] len[7] data[214021B7000100]
03-17 18:53:31.291   400   452 D adayocomadapter-ParseProtocolFunc: printRaWMsg Name[IPCLtoVHAL] len[7] data[21402156000100]
03-17 18:53:31.292   400   452 D adayocomadapter-ParseProtocolFunc: printRaWMsg Name[IPCLtoVHAL] len[7] data[214021B8000100]
03-17 18:53:31.292   400   452 D adayocomadapter-ParseProtocolFunc: printRaWMsg Name[IPCLtoVHAL] len[7] data[21402157000100]
03-17 18:53:31.292   400   452 D adayocomadapter-ParseProtocolFunc: printRaWMsg Name[IPCLtoVHAL] len[7] data[21402219000100]
03-17 18:53:31.292   400   452 D adayocomadapter-ParseProtocolFunc: printRaWMsg Name[IPCLtoVHAL] len[7] data[2140215B000100]
03-17 18:53:31.292   400   452 D adayocomadapter-ParseProtocolFunc: printRaWMsg Name[IPCLtoVHAL] len[7] data[214021BC000100]
03-17 18:53:31.292   400   452 D adayocomadapter-ParseProtocolFunc: printRaWMsg Name[IPCLtoVHAL] len[7] data[2140221D000100]
03-17 18:53:31.292   400   452 D adayocomadapter-ParseProtocolFunc: printRaWMsg Name[IPCLtoVHAL] len[7] data[214021B9000100]
03-17 18:53:31.292   400   452 D adayocomadapter-ParseProtocolFunc: printRaWMsg Name[IPCLtoVHAL] len[7] data[2140221A000100]
03-17 18:53:31.292   400   452 D adayocomadapter-ParseProtocolFunc: printRaWMsg Name[IPCLtoVHAL] len[7] data[214021BB000100]
03-17 18:53:31.292   400   452 D adayocomadapter-ParseProtocolFunc: printRaWMsg Name[IPCLtoVHAL] len[7] data[2140215A000100]
03-17 18:53:31.292   400   452 D adayocomadapter-ParseProtocolFunc: printRaWMsg Name[IPCLtoVHAL] len[7] data[2140221C000100]
03-17 18:53:31.292   400   452 D adayocomadapter-ParseProtocolFunc: printRaWMsg Name[IPCLtoVHAL] len[7] data[214021BE000100]
03-17 18:53:31.292   400   452 D adayocomadapter-ParseProtocolFunc: printRaWMsg Name[IPCLtoVHAL] len[7] data[2140215D000100]
03-17 18:53:31.292   400   452 D adayocomadapter-ParseProtocolFunc: printRaWMsg Name[IPCLtoVHAL] len[7] data[2140221F000100]
03-17 18:53:31.292   400   452 D adayocomadapter-ParseProtocolFunc: printRaWMsg Name[IPCLtoVHAL] len[7] data[214021A5000100]
03-17 18:53:31.292   400   452 D adayocomadapter-ParseProtocolFunc: printRaWMsg Name[IPCLtoVHAL] len[7] data[21402107000100]
03-17 18:53:31.292   400   452 D adayocomadapter-ParseProtocolFunc: printRaWMsg Name[IPCLtoVHAL] len[7] data[2140222A000100]
03-17 18:53:31.292   400   452 D adayocomadapter-ParseProtocolFunc: printRaWMsg Name[IPCLtoVHAL] len[7] data[214021C3000100]
03-17 18:53:31.292   400   452 D adayocomadapter-ParseProtocolFunc: printRaWMsg Name[IPCLtoVHAL] len[7] data[214021A8000100]
03-17 18:53:31.292   400   452 D adayocomadapter-ParseProtocolFunc: printRaWMsg Name[IPCLtoVHAL] len[7] data[214021A6000101]
03-17 18:53:31.292   400   452 D adayocomadapter-ParseProtocolFunc: printRaWMsg Name[IPCLtoVHAL] len[7] data[214021A7000100]
03-17 18:53:31.292   400   452 D adayocomadapter-ParseProtocolFunc: printRaWMsg Name[IPCLtoVHAL] len[7] data[21402208000100]
03-17 18:53:31.292   400   452 D adayocomadapter-ParseProtocolFunc: printRaWMsg Name[IPCLtoVHAL] len[7] data[214021A9000100]
03-17 18:53:31.292   400   452 D adayocomadapter-ParseProtocolFunc: printRaWMsg Name[IPCLtoVHAL] len[7] data[214021AA000100]
03-17 18:53:31.292   400   452 D adayocomadapter-ParseProtocolFunc: printRaWMsg Name[IPCLtoVHAL] len[7] data[214021AB000100]
03-17 18:53:31.292   400   452 D adayocomadapter-ParseProtocolFunc: printRaWMsg Name[IPCLtoVHAL] len[7] data[214021AC000100]
03-17 18:53:31.292   400   452 D adayocomadapter-ParseProtocolFunc: printRaWMsg Name[IPCLtoVHAL] len[7] data[2140220D000100]
03-17 18:53:31.292   400   452 D adayocomadapter-ParseProtocolFunc: printRaWMsg Name[IPCLtoVHAL] len[7] data[214021AD000100]
03-17 18:53:31.292   400   452 D adayocomadapter-ParseProtocolFunc: printRaWMsg Name[IPCLtoVHAL] len[7] data[214021AE000100]
03-17 18:53:31.292   400   452 D adayocomadapter-ParseProtocolFunc: printRaWMsg Name[IPCLtoVHAL] len[7] data[214021AF000100]
03-17 18:53:31.292   400   452 D adayocomadapter-ParseProtocolFunc: printRaWMsg Name[IPCLtoVHAL] len[7] data[21402210000100]
03-17 18:53:31.292   400   452 D adayocomadapter-ParseProtocolFunc: printRaWMsg Name[IPCLtoVHAL] len[7] data[214021B0000100]
03-17 18:53:31.292   400   452 D adayocomadapter-ParseProtocolFunc: printRaWMsg Name[IPCLtoVHAL] len[7] data[21402211000100]
03-17 18:53:31.292   400   452 D adayocomadapter-ParseProtocolFunc: printRaWMsg Name[IPCLtoVHAL] len[7] data[214021B6000100]
03-17 18:53:31.292   400   452 D adayocomadapter-ParseProtocolFunc: printRaWMsg Name[IPCLtoVHAL] len[7] data[21402155000100]
03-17 18:53:31.292   400   452 D adayocomadapter-ParseProtocolFunc: printRaWMsg Name[IPCLtoVHAL] len[7] data[214021BA000100]
03-17 18:53:31.292   400   452 D adayocomadapter-ParseProtocolFunc: printRaWMsg Name[IPCLtoVHAL] len[7] data[21402159000100]
03-17 18:53:31.292   400   452 D adayocomadapter-ParseProtocolFunc: printRaWMsg Name[IPCLtoVHAL] len[7] data[214021BF000100]
03-17 18:53:31.292   400   452 D adayocomadapter-ParseProtocolFunc: printRaWMsg Name[IPCLtoVHAL] len[7] data[2140215E000100]
03-17 18:53:31.292   400   452 D adayocomadapter-ParseProtocolFunc: printRaWMsg Name[IPCLtoVHAL] len[7] data[21402220000100]
03-17 18:53:31.292   400   452 D adayocomadapter-ParseProtocolFunc: printRaWMsg Name[IPCLtoVHAL] len[7] data[214021C0000100]
03-17 18:53:31.292   400   452 D adayocomadapter-ParseProtocolFunc: printRaWMsg Name[IPCLtoVHAL] len[7] data[2140215F000100]
03-17 18:53:31.292   400   452 D adayocomadapter-ParseProtocolFunc: printRaWMsg Name[IPCLtoVHAL] len[7] data[214021C1000100]
03-17 18:53:31.292   400   452 D adayocomadapter-ParseProtocolFunc: printRaWMsg Name[IPCLtoVHAL] len[7] data[21402160000100]
03-17 18:53:31.292   400   452 D adayocomadapter-ParseProtocolFunc: printRaWMsg Name[IPCLtoVHAL] len[7] data[21402222000100]
03-17 18:53:31.292   400   452 D adayocomadapter-ParseProtocolFunc: printRaWMsg Name[IPCLtoVHAL] len[7] data[214021C2000100]
03-17 18:53:31.292   400   452 D adayocomadapter-ParseProtocolFunc: printRaWMsg Name[IPCLtoVHAL] len[7] data[214021C4000100]
03-17 18:53:31.292   400   452 D adayocomadapter-ParseProtocolFunc: printRaWMsg Name[IPCLtoVHAL] len[7] data[21402225000100]
03-17 18:53:31.293   400   452 D adayocomadapter-ParseProtocolFunc: printRaWMsg Name[IPCLtoVHAL] len[7] data[214021C5000100]
03-17 18:53:31.293   400   452 D adayocomadapter-ParseProtocolFunc: printRaWMsg Name[IPCLtoVHAL] len[7] data[21402226000100]
03-17 18:53:31.293   400   452 D adayocomadapter-ParseProtocolFunc: printRaWMsg Name[IPCLtoVHAL] len[7] data[214021C6000100]
03-17 18:53:31.293   400   452 D adayocomadapter-ParseProtocolFunc: printRaWMsg Name[IPCLtoVHAL] len[7] data[21402227000100]
03-17 18:53:31.293   400   452 D adayocomadapter-ParseProtocolFunc: printRaWMsg Name[IPCLtoVHAL] len[7] data[214021D3000100]
03-17 18:53:31.293   400   452 D adayocomadapter-ParseProtocolFunc: printRaWMsg Name[IPCLtoVHAL] len[7] data[21402234000100]
03-17 18:53:31.293   400   452 D adayocomadapter-ParseProtocolFunc: printRaWMsg Name[IPCLtoVHAL] len[7] data[214021D4000100]
03-17 18:53:31.293   400   452 D adayocomadapter-ParseProtocolFunc: printRaWMsg Name[IPCLtoVHAL] len[7] data[21402235000100]
03-17 18:53:31.293   400   452 D adayocomadapter-ParseProtocolFunc: printRaWMsg Name[IPCLtoVHAL] len[7] data[21402228000100]
03-17 18:53:31.293   400   452 D adayocomadapter-ParseProtocolFunc: printRaWMsg Name[IPCLtoVHAL] len[7] data[21402229000100]
03-17 18:53:31.293   400   452 D adayocomadapter-ParseProtocolFunc: printRaWMsg Name[IPCLtoVHAL] len[7] data[21402236000100]
03-17 18:53:31.293   400   452 D adayocomadapter-ParseProtocolFunc: printRaWMsg Name[IPCLtoVHAL] len[7] data[21402237000100]
03-17 18:53:31.293   400   452 D adayocomadapter-ParseProtocolFunc: printRaWMsg Name[IPCLtoVHAL] len[7] data[21402238000100]
03-17 18:53:31.293   400   452 D adayocomadapter-ParseProtocolFunc: printRaWMsg Name[IPCLtoVHAL] len[7] data[21402239000100]
03-17 18:53:31.293   400   452 D adayocomadapter-ParseProtocolFunc: printRaWMsg Name[IPCLtoVHAL] len[7] data[2140223A000100]
03-17 18:53:31.293   400   452 D adayocomadapter-ParseProtocolFunc: printRaWMsg Name[IPCLtoVHAL] len[7] data[2140223B000165]
03-17 18:53:31.293   400   452 D adayocomadapter-ParseProtocolFunc: printRaWMsg Name[IPCLtoVHAL] len[8] data[2140223C00014E21]
03-17 18:53:31.293   400   452 D adayocomadapter-ParseProtocolFunc: printRaWMsg Name[IPCLtoVHAL] len[7] data[21402241000100]
03-17 18:53:31.293   400   452 D adayocomadapter-ParseProtocolFunc: printRaWMsg Name[IPCLtoVHAL] len[7] data[21402242000100]
03-17 18:53:31.293   400   452 D adayocomadapter-ParseProtocolFunc: printRaWMsg Name[IPCLtoVHAL] len[7] data[214021E1000100]
03-17 18:53:31.293   400   452 D adayocomadapter-ParseProtocolFunc: printRaWMsg Name[IPCLtoVHAL] len[7] data[21402243000100]
03-17 18:53:31.293   400   452 D adayocomadapter-ParseProtocolFunc: printRaWMsg Name[IPCLtoVHAL] len[7] data[21402244000100]
03-17 18:53:31.293   400   452 D adayocomadapter-ParseProtocolFunc: printRaWMsg Name[IPCLtoVHAL] len[7] data[21402245000100]
03-17 18:53:31.293   400   452 D adayocomadapter-ParseProtocolFunc: printRaWMsg Name[IPCLtoVHAL] len[7] data[21402246000100]
03-17 18:53:31.293   400   452 D adayocomadapter-ParseProtocolFunc: printRaWMsg Name[IPCLtoVHAL] len[7] data[21402247000100]
03-17 18:53:31.293   400   452 D adayocomadapter-ParseProtocolFunc: printRaWMsg Name[IPCLtoVHAL] len[8] data[2140224800010000]
03-17 18:53:31.293   400   452 D adayocomadapter-ParseProtocolFunc: printRaWMsg Name[IPCLtoVHAL] len[7] data[21402249000100]
03-17 18:53:31.293   400   452 D adayocomadapter-ParseProtocolFunc: printRaWMsg Name[IPCLtoVHAL] len[7] data[2140224B000100]
03-17 18:53:31.293   400   452 D adayocomadapter-ParseProtocolFunc: printRaWMsg Name[IPCLtoVHAL] len[7] data[2140224D000100]
03-17 18:53:31.293   400   452 D adayocomadapter-ParseProtocolFunc: printRaWMsg Name[IPCLtoVHAL] len[7] data[2140224F000100]
03-17 18:53:31.293   400   452 D adayocomadapter-ParseProtocolFunc: printRaWMsg Name[IPCLtoVHAL] len[7] data[21402251000100]
03-17 18:53:31.293   400   452 D adayocomadapter-ParseProtocolFunc: printRaWMsg Name[IPCLtoVHAL] len[7] data[21402253000100]
03-17 18:53:31.293   400   452 D adayocomadapter-ParseProtocolFunc: printRaWMsg Name[IPCLtoVHAL] len[7] data[21402254000100]
03-17 18:53:31.293   400   452 D adayocomadapter-CommunicationManager: onUpstreamReceive isLoss 1 mPropertyId 0x214021b1
03-17 18:53:31.293   400   452 D adayocomadapter-CommunicationManager: convertBytesToInt32Memcpy  0
03-17 18:53:31.293   400   452 D vw-vhal : notifyVehicleProperty, propId = 0x214021b1, data = {status: 3, int32Values: [0]}
03-17 18:53:31.293   400   452 I DefaultVehicleHal_v2_0: DefaultVehicleHal::onPropertyValue, value:{.timestamp = 145241217682, .areaId = 0, .prop = 557851057, .status = UNAVAILABLE, .value = {.int32Values = [1]{0}, .floatValues = [0]{}, .int64Values = [0]{}, .bytes = [0]{}, .stringValue = ""}}
03-17 18:53:31.293   400   452 D adayocomadapter-CommunicationManager: onUpstreamReceive mPropertyId 0x214021b1
03-17 18:53:31.293   400   452 D adayocomadapter-CommunicationManager: onUpstreamReceive isLoss 1 mPropertyId 0x21402212
03-17 18:53:31.293   400   452 D adayocomadapter-CommunicationManager: convertBytesToInt32Memcpy  0
03-17 18:53:31.293   400   452 D vw-vhal : notifyVehicleProperty, propId = 0x21402212, data = {status: 3, int32Values: [0]}
03-17 18:53:31.293   400   452 I DefaultVehicleHal_v2_0: DefaultVehicleHal::onPropertyValue, value:{.timestamp = 145241371349, .areaId = 0, .prop = 557851154, .status = UNAVAILABLE, .value = {.int32Values = [1]{0}, .floatValues = [0]{}, .int64Values = [0]{}, .bytes = [0]{}, .stringValue = ""}}
03-17 18:53:31.293   400   452 D adayocomadapter-CommunicationManager: onUpstreamReceive mPropertyId 0x21402212
03-17 18:53:31.293   400   452 D adayocomadapter-CommunicationManager: onUpstreamReceive isLoss 1 mPropertyId 0x214021b2
03-17 18:53:31.293   400   452 D adayocomadapter-CommunicationManager: convertBytesToInt32Memcpy  0
03-17 18:53:31.293   400   452 D vw-vhal : notifyVehicleProperty, propId = 0x214021b2, data = {status: 3, int32Values: [0]}
03-17 18:53:31.293   400   452 I DefaultVehicleHal_v2_0: DefaultVehicleHal::onPropertyValue, value:{.timestamp = 145241490349, .areaId = 0, .prop = 557851058, .status = UNAVAILABLE, .value = {.int32Values = [1]{0}, .floatValues = [0]{}, .int64Values = [0]{}, .bytes = [0]{}, .stringValue = ""}}
03-17 18:53:31.293   400   452 D adayocomadapter-CommunicationManager: onUpstreamReceive mPropertyId 0x214021b2
03-17 18:53:31.293   400   452 D adayocomadapter-CommunicationManager: onUpstreamReceive isLoss 1 mPropertyId 0x214021bd
03-17 18:53:31.294   400   452 D adayocomadapter-CommunicationManager: convertBytesToInt32Memcpy  0
03-17 18:53:31.294   400   452 D vw-vhal : notifyVehicleProperty, propId = 0x214021bd, data = {status: 3, int32Values: [0]}
03-17 18:53:31.294   400   452 I DefaultVehicleHal_v2_0: DefaultVehicleHal::onPropertyValue, value:{.timestamp = 145241596682, .areaId = 0, .prop = 557851069, .status = UNAVAILABLE, .value = {.int32Values = [1]{0}, .floatValues = [0]{}, .int64Values = [0]{}, .bytes = [0]{}, .stringValue = ""}}
03-17 18:53:31.294   400   452 D adayocomadapter-CommunicationManager: onUpstreamReceive mPropertyId 0x214021bd
03-17 18:53:31.294   400   452 D adayocomadapter-CommunicationManager: onUpstreamReceive isLoss 1 mPropertyId 0x2140221e
03-17 18:53:31.294   400   452 D adayocomadapter-CommunicationManager: convertBytesToInt32Memcpy  0
03-17 18:53:31.294   400   452 D vw-vhal : notifyVehicleProperty, propId = 0x2140221e, data = {status: 3, int32Values: [0]}
03-17 18:53:31.294   400   452 I DefaultVehicleHal_v2_0: DefaultVehicleHal::onPropertyValue, value:{.timestamp = 145241712015, .areaId = 0, .prop = 557851166, .status = UNAVAILABLE, .value = {.int32Values = [1]{0}, .floatValues = [0]{}, .int64Values = [0]{}, .bytes = [0]{}, .stringValue = ""}}
03-17 18:53:31.294   400   452 D adayocomadapter-CommunicationManager: onUpstreamReceive mPropertyId 0x2140221e
03-17 18:53:31.294   400   452 D adayocomadapter-CommunicationManager: onUpstreamReceive isLoss 1 mPropertyId 0x214021b3
03-17 18:53:31.294   400   452 D adayocomadapter-CommunicationManager: convertBytesToInt32Memcpy  0
03-17 18:53:31.294   400   452 D vw-vhal : notifyVehicleProperty, propId = 0x214021b3, data = {status: 3, int32Values: [0]}
03-17 18:53:31.294   400   452 I DefaultVehicleHal_v2_0: DefaultVehicleHal::onPropertyValue, value:{.timestamp = 145241837349, .areaId = 0, .prop = 557851059, .status = UNAVAILABLE, .value = {.int32Values = [1]{0}, .floatValues = [0]{}, .int64Values = [0]{}, .bytes = [0]{}, .stringValue = ""}}
03-17 18:53:31.294   400   452 D adayocomadapter-CommunicationManager: onUpstreamReceive mPropertyId 0x214021b3
03-17 18:53:31.294   400   452 D adayocomadapter-CommunicationManager: onUpstreamReceive isLoss 1 mPropertyId 0x21402214
03-17 18:53:31.294   400   452 D adayocomadapter-CommunicationManager: convertBytesToInt32Memcpy  0
03-17 18:53:31.294   400   452 D vw-vhal : notifyVehicleProperty, propId = 0x21402214, data = {status: 3, int32Values: [0]}
03-17 18:53:31.294   400   452 I DefaultVehicleHal_v2_0: DefaultVehicleHal::onPropertyValue, value:{.timestamp = 145241960015, .areaId = 0, .prop = 557851156, .status = UNAVAILABLE, .value = {.int32Values = [1]{0}, .floatValues = [0]{}, .int64Values = [0]{}, .bytes = [0]{}, .stringValue = ""}}
03-17 18:53:31.294   400   452 D adayocomadapter-CommunicationManager: onUpstreamReceive mPropertyId 0x21402214
