03-17 18:53:37.741   400   452 I DefaultVehicleHal_v2_0: DefaultVehicleHal::onPropertyValue, value:{.timestamp = 151689101349, .areaId = 0, .prop = 557851078, .status = UNAVAILABLE, .value = {.int32Values = [1]{0}, .floatValues = [0]{}, .int64Values = [0]{}, .bytes = [0]{}, .stringValue = ""}}
03-17 18:53:37.741   400   452 D adayocomadapter-CommunicationManager: onUpstreamReceive mPropertyId 0x214021c6
03-17 18:53:37.741   400   452 D adayocomadapter-CommunicationManager: onUpstreamReceive isLoss 1 mPropertyId 0x21402227
03-17 18:53:37.741   400   452 D adayocomadapter-CommunicationManager: convertBytesToInt32Memcpy  0
03-17 18:53:37.741   400   452 D vw-vhal : notifyVehicleProperty, propId = 0x21402227, data = {status: 3, int32Values: [0]}
03-17 18:53:37.741   400   452 I DefaultVehicleHal_v2_0: DefaultVehicleHal::onPropertyValue, value:{.timestamp = 151689217016, .areaId = 0, .prop = 557851175, .status = UNAVAILABLE, .value = {.int32Values = [1]{0}, .floatValues = [0]{}, .int64Values = [0]{}, .bytes = [0]{}, .stringValue = ""}}
03-17 18:53:37.741   400   452 D adayocomadapter-CommunicationManager: onUpstreamReceive mPropertyId 0x21402227
03-17 18:53:37.741   400   452 D adayocomadapter-CommunicationManager: onUpstreamReceive isLoss 1 mPropertyId 0x214021d3
03-17 18:53:37.741   400   452 D adayocomadapter-CommunicationManager: convertBytesToInt32Memcpy  0
03-17 18:53:37.741   400   452 D vw-vhal : notifyVehicleProperty, propId = 0x214021d3, data = {status: 3, int32Values: [0]}
03-17 18:53:37.741   400   452 I DefaultVehicleHal_v2_0: DefaultVehicleHal::onPropertyValue, value:{.timestamp = 151689322016, .areaId = 0, .prop = 557851091, .status = UNAVAILABLE, .value = {.int32Values = [1]{0}, .floatValues = [0]{}, .int64Values = [0]{}, .bytes = [0]{}, .stringValue = ""}}
03-17 18:53:37.741   400   452 D adayocomadapter-CommunicationManager: onUpstreamReceive mPropertyId 0x214021d3
03-17 18:53:37.741   400   452 D adayocomadapter-CommunicationManager: onUpstreamReceive isLoss 1 mPropertyId 0x21402234
03-17 18:53:37.741   400   452 D adayocomadapter-CommunicationManager: convertBytesToInt32Memcpy  0
03-17 18:53:37.741   400   452 D vw-vhal : notifyVehicleProperty, propId = 0x21402234, data = {status: 3, int32Values: [0]}
03-17 18:53:37.741   400   452 I DefaultVehicleHal_v2_0: DefaultVehicleHal::onPropertyValue, value:{.timestamp = 151689428016, .areaId = 0, .prop = 557851188, .status = UNAVAILABLE, .value = {.int32Values = [1]{0}, .floatValues = [0]{}, .int64Values = [0]{}, .bytes = [0]{}, .stringValue = ""}}
03-17 18:53:37.741   400   452 D adayocomadapter-CommunicationManager: onUpstreamReceive mPropertyId 0x21402234
03-17 18:53:37.741   400   452 D adayocomadapter-CommunicationManager: onUpstreamReceive isLoss 1 mPropertyId 0x214021d4
03-17 18:53:37.741   400   452 D adayocomadapter-CommunicationManager: convertBytesToInt32Memcpy  0
03-17 18:53:37.741   400   452 D vw-vhal : notifyVehicleProperty, propId = 0x214021d4, data = {status: 3, int32Values: [0]}
03-17 18:53:37.742   400   452 I DefaultVehicleHal_v2_0: DefaultVehicleHal::onPropertyValue, value:{.timestamp = 151689534683, .areaId = 0, .prop = 557851092, .status = UNAVAILABLE, .value = {.int32Values = [1]{0}, .floatValues = [0]{}, .int64Values = [0]{}, .bytes = [0]{}, .stringValue = ""}}
03-17 18:53:37.742   400   452 D adayocomadapter-CommunicationManager: onUpstreamReceive mPropertyId 0x214021d4
03-17 18:53:37.742   400   452 D adayocomadapter-CommunicationManager: onUpstreamReceive isLoss 1 mPropertyId 0x21402235
03-17 18:53:37.742   400   452 D adayocomadapter-CommunicationManager: convertBytesToInt32Memcpy  0
03-17 18:53:37.742   400   452 D vw-vhal : notifyVehicleProperty, propId = 0x21402235, data = {status: 3, int32Values: [0]}
03-17 18:53:37.742   400   452 I DefaultVehicleHal_v2_0: DefaultVehicleHal::onPropertyValue, value:{.timestamp = 151689990683, .areaId = 0, .prop = 557851189, .status = UNAVAILABLE, .value = {.int32Values = [1]{0}, .floatValues = [0]{}, .int64Values = [0]{}, .bytes = [0]{}, .stringValue = ""}}
03-17 18:53:37.742   400   452 D adayocomadapter-CommunicationManager: onUpstreamReceive mPropertyId 0x21402235
03-17 18:53:37.742   400   452 D adayocomadapter-CommunicationManager: onUpstreamReceive isLoss 1 mPropertyId 0x21402228
03-17 18:53:37.742   400   452 D adayocomadapter-CommunicationManager: convertBytesToInt32Memcpy  0
03-17 18:53:37.742   400   452 D vw-vhal : notifyVehicleProperty, propId = 0x21402228, data = {status: 3, int32Values: [0]}
03-17 18:53:37.742   400   452 I DefaultVehicleHal_v2_0: DefaultVehicleHal::onPropertyValue, value:{.timestamp = 151690104016, .areaId = 0, .prop = 557851176, .status = UNAVAILABLE, .value = {.int32Values = [1]{0}, .floatValues = [0]{}, .int64Values = [0]{}, .bytes = [0]{}, .stringValue = ""}}
03-17 18:53:37.742   400   452 D adayocomadapter-CommunicationManager: onUpstreamReceive mPropertyId 0x21402228
03-17 18:53:37.742   400   452 D adayocomadapter-CommunicationManager: onUpstreamReceive isLoss 1 mPropertyId 0x21402229
03-17 18:53:37.742   400   452 D adayocomadapter-CommunicationManager: convertBytesToInt32Memcpy  0
03-17 18:53:37.742   400   452 D vw-vhal : notifyVehicleProperty, propId = 0x21402229, data = {status: 3, int32Values: [0]}
03-17 18:53:37.742   400   452 I DefaultVehicleHal_v2_0: DefaultVehicleHal::onPropertyValue, value:{.timestamp = 151690210349, .areaId = 0, .prop = 557851177, .status = UNAVAILABLE, .value = {.int32Values = [1]{0}, .floatValues = [0]{}, .int64Values = [0]{}, .bytes = [0]{}, .stringValue = ""}}
03-17 18:53:37.742   400   452 D adayocomadapter-CommunicationManager: onUpstreamReceive mPropertyId 0x21402229
03-17 18:53:37.742   400   452 D adayocomadapter-CommunicationManager: onUpstreamReceive isLoss 1 mPropertyId 0x21402236
03-17 18:53:37.742   400   452 D adayocomadapter-CommunicationManager: convertBytesToInt32Memcpy  0
03-17 18:53:37.742   400   452 D vw-vhal : notifyVehicleProperty, propId = 0x21402236, data = {status: 3, int32Values: [0]}
03-17 18:53:37.742   400   452 I DefaultVehicleHal_v2_0: DefaultVehicleHal::onPropertyValue, value:{.timestamp = 151690314349, .areaId = 0, .prop = 557851190, .status = UNAVAILABLE, .value = {.int32Values = [1]{0}, .floatValues = [0]{}, .int64Values = [0]{}, .bytes = [0]{}, .stringValue = ""}}
03-17 18:53:37.742   400   452 D adayocomadapter-CommunicationManager: onUpstreamReceive mPropertyId 0x21402236
03-17 18:53:37.742   400   452 D adayocomadapter-CommunicationManager: onUpstreamReceive isLoss 1 mPropertyId 0x21402237
03-17 18:53:37.742   400   452 D adayocomadapter-CommunicationManager: convertBytesToInt32Memcpy  0
03-17 18:53:37.742   400   452 D vw-vhal : notifyVehicleProperty, propId = 0x21402237, data = {status: 3, int32Values: [0]}
03-17 18:53:37.742   400   452 I DefaultVehicleHal_v2_0: DefaultVehicleHal::onPropertyValue, value:{.timestamp = 151690422016, .areaId = 0, .prop = 557851191, .status = UNAVAILABLE, .value = {.int32Values = [1]{0}, .floatValues = [0]{}, .int64Values = [0]{}, .bytes = [0]{}, .stringValue = ""}}
03-17 18:53:37.742   400   452 D adayocomadapter-CommunicationManager: onUpstreamReceive mPropertyId 0x21402237
03-17 18:53:37.742   400   452 D adayocomadapter-CommunicationManager: onUpstreamReceive isLoss 1 mPropertyId 0x21402238
03-17 18:53:37.742   400   452 D adayocomadapter-CommunicationManager: convertBytesToInt32Memcpy  0
03-17 18:53:37.742   400   452 D vw-vhal : notifyVehicleProperty, propId = 0x21402238, data = {status: 3, int32Values: [0]}
03-17 18:53:37.743   400   452 I DefaultVehicleHal_v2_0: DefaultVehicleHal::onPropertyValue, value:{.timestamp = 151690537683, .areaId = 0, .prop = 557851192, .status = UNAVAILABLE, .value = {.int32Values = [1]{0}, .floatValues = [0]{}, .int64Values = [0]{}, .bytes = [0]{}, .stringValue = ""}}
03-17 18:53:37.743   400   452 D adayocomadapter-CommunicationManager: onUpstreamReceive mPropertyId 0x21402238
03-17 18:53:37.743   400   452 D adayocomadapter-CommunicationManager: onUpstreamReceive isLoss 1 mPropertyId 0x21402239
03-17 18:53:37.743   400   452 D adayocomadapter-CommunicationManager: convertBytesToInt32Memcpy  0
03-17 18:53:37.743   400   452 D vw-vhal : notifyVehicleProperty, propId = 0x21402239, data = {status: 3, int32Values: [0]}
03-17 18:53:37.743   400   452 I DefaultVehicleHal_v2_0: DefaultVehicleHal::onPropertyValue, value:{.timestamp = 151690648683, .areaId = 0, .prop = 557851193, .status = UNAVAILABLE, .value = {.int32Values = [1]{0}, .floatValues = [0]{}, .int64Values = [0]{}, .bytes = [0]{}, .stringValue = ""}}
03-17 18:53:37.743   400   452 D adayocomadapter-CommunicationManager: onUpstreamReceive mPropertyId 0x21402239
03-17 18:53:37.743   400   452 D adayocomadapter-CommunicationManager: onUpstreamReceive isLoss 1 mPropertyId 0x2140223a
03-17 18:53:37.743   400   452 D adayocomadapter-CommunicationManager: convertBytesToInt32Memcpy  0
03-17 18:53:37.743   400   452 D vw-vhal : notifyVehicleProperty, propId = 0x2140223a, data = {status: 3, int32Values: [0]}
03-17 18:53:37.743   400   452 I DefaultVehicleHal_v2_0: DefaultVehicleHal::onPropertyValue, value:{.timestamp = 151690771349, .areaId = 0, .prop = 557851194, .status = UNAVAILABLE, .value = {.int32Values = [1]{0}, .floatValues = [0]{}, .int64Values = [0]{}, .bytes = [0]{}, .stringValue = ""}}
03-17 18:53:37.743   400   452 D adayocomadapter-CommunicationManager: onUpstreamReceive mPropertyId 0x2140223a
03-17 18:53:37.743   400   452 D adayocomadapter-CommunicationManager: onUpstreamReceive isLoss 1 mPropertyId 0x2140223b
03-17 18:53:37.743   400   452 D adayocomadapter-CommunicationManager: convertBytesToInt32Memcpy  101
03-17 18:53:37.743   400   452 D vw-vhal : notifyVehicleProperty, propId = 0x2140223b, data = {status: 3, int32Values: [101]}
03-17 18:53:37.743   400   452 I DefaultVehicleHal_v2_0: DefaultVehicleHal::onPropertyValue, value:{.timestamp = 151690886349, .areaId = 0, .prop = 557851195, .status = UNAVAILABLE, .value = {.int32Values = [1]{101}, .floatValues = [0]{}, .int64Values = [0]{}, .bytes = [0]{}, .stringValue = ""}}
03-17 18:53:37.743   400   452 D adayocomadapter-CommunicationManager: onUpstreamReceive mPropertyId 0x2140223b
03-17 18:53:37.743   400   452 D adayocomadapter-CommunicationManager: onUpstreamReceive isLoss 1 mPropertyId 0x2140223c
03-17 18:53:37.743   400   452 D adayocomadapter-CommunicationManager: convertBytesToInt32Memcpy  20001
03-17 18:53:37.743   400   452 D vw-vhal : notifyVehicleProperty, propId = 0x2140223c, data = {status: 3, int32Values: [20001]}
03-17 18:53:37.743   400   452 I DefaultVehicleHal_v2_0: DefaultVehicleHal::onPropertyValue, value:{.timestamp = 151690991016, .areaId = 0, .prop = 557851196, .status = UNAVAILABLE, .value = {.int32Values = [1]{20001}, .floatValues = [0]{}, .int64Values = [0]{}, .bytes = [0]{}, .stringValue = ""}}
03-17 18:53:37.743   400   452 D adayocomadapter-CommunicationManager: onUpstreamReceive mPropertyId 0x2140223c
03-17 18:53:37.743   400   452 D adayocomadapter-CommunicationManager: onUpstreamReceive isLoss 1 mPropertyId 0x21402241
03-17 18:53:37.743   400   452 D adayocomadapter-CommunicationManager: convertBytesToInt32Memcpy  0
03-17 18:53:37.743  2383  2600 D AdayoDoipServer294_Doip: [ne_doip_event_loop_dispatch][line:141] : count = 0
03-17 18:53:37.743   400   452 D vw-vhal : notifyVehicleProperty, propId = 0x21402241, data = {status: 3, int32Values: [0]}
03-17 18:53:37.743   400   452 I DefaultVehicleHal_v2_0: DefaultVehicleHal::onPropertyValue, value:{.timestamp = 151691104349, .areaId = 0, .prop = 557851201, .status = UNAVAILABLE, .value = {.int32Values = [1]{0}, .floatValues = [0]{}, .int64Values = [0]{}, .bytes = [0]{}, .stringValue = ""}}
03-17 18:53:37.743   400   452 D adayocomadapter-CommunicationManager: onUpstreamReceive mPropertyId 0x21402241
03-17 18:53:37.743   400   452 D adayocomadapter-CommunicationManager: onUpstreamReceive isLoss 1 mPropertyId 0x21402242
03-17 18:53:37.743   400   452 D adayocomadapter-CommunicationManager: convertBytesToInt32Memcpy  0
03-17 18:53:37.743   400   452 D vw-vhal : notifyVehicleProperty, propId = 0x21402242, data = {status: 3, int32Values: [0]}
03-17 18:53:37.743   400   452 I DefaultVehicleHal_v2_0: DefaultVehicleHal::onPropertyValue, value:{.timestamp = 151691207349, .areaId = 0, .prop = 557851202, .status = UNAVAILABLE, .value = {.int32Values = [1]{0}, .floatValues = [0]{}, .int64Values = [0]{}, .bytes = [0]{}, .stringValue = ""}}
03-17 18:53:37.743   400   452 D adayocomadapter-CommunicationManager: onUpstreamReceive mPropertyId 0x21402242
03-17 18:53:37.743   400   452 D adayocomadapter-CommunicationManager: onUpstreamReceive isLoss 1 mPropertyId 0x214021e1
03-17 18:53:37.743   400   452 D adayocomadapter-CommunicationManager: convertBytesToInt32Memcpy  0
03-17 18:53:37.743   400   452 D vw-vhal : notifyVehicleProperty, propId = 0x214021e1, data = {status: 3, int32Values: [0]}
03-17 18:53:37.743   400   452 I DefaultVehicleHal_v2_0: DefaultVehicleHal::onPropertyValue, value:{.timestamp = 151691312016, .areaId = 0, .prop = 557851105, .status = UNAVAILABLE, .value = {.int32Values = [1]{0}, .floatValues = [0]{}, .int64Values = [0]{}, .bytes = [0]{}, .stringValue = ""}}
03-17 18:53:37.743   400   452 D adayocomadapter-CommunicationManager: onUpstreamReceive mPropertyId 0x214021e1
03-17 18:53:37.743   400   452 D adayocomadapter-CommunicationManager: onUpstreamReceive isLoss 1 mPropertyId 0x21402243
03-17 18:53:37.743   400   452 D adayocomadapter-CommunicationManager: convertBytesToInt32Memcpy  0
03-17 18:53:37.743   400   452 D vw-vhal : notifyVehicleProperty, propId = 0x21402243, data = {status: 3, int32Values: [0]}
03-17 18:53:37.743   400   452 I DefaultVehicleHal_v2_0: DefaultVehicleHal::onPropertyValue, value:{.timestamp = 151691413683, .areaId = 0, .prop = 557851203, .status = UNAVAILABLE, .value = {.int32Values = [1]{0}, .floatValues = [0]{}, .int64Values = [0]{}, .bytes = [0]{}, .stringValue = ""}}
03-17 18:53:37.743   400   452 D adayocomadapter-CommunicationManager: onUpstreamReceive mPropertyId 0x21402243
03-17 18:53:37.743   400   452 D adayocomadapter-CommunicationManager: onUpstreamReceive isLoss 1 mPropertyId 0x21402244
03-17 18:53:37.743   400   452 D adayocomadapter-CommunicationManager: convertBytesToInt32Memcpy  0
03-17 18:53:37.743   400   452 D vw-vhal : notifyVehicleProperty, propId = 0x21402244, data = {status: 3, int32Values: [0]}
03-17 18:53:37.743   400   452 I DefaultVehicleHal_v2_0: DefaultVehicleHal::onPropertyValue, value:{.timestamp = 151691513349, .areaId = 0, .prop = 557851204, .status = UNAVAILABLE, .value = {.int32Values = [1]{0}, .floatValues = [0]{}, .int64Values = [0]{}, .bytes = [0]{}, .stringValue = ""}}
03-17 18:53:37.744   400   452 D adayocomadapter-CommunicationManager: onUpstreamReceive mPropertyId 0x21402244
03-17 18:53:37.744   400   452 D adayocomadapter-CommunicationManager: onUpstreamReceive isLoss 1 mPropertyId 0x21402245
03-17 18:53:37.744   400   452 D adayocomadapter-CommunicationManager: convertBytesToInt32Memcpy  0
03-17 18:53:37.744   400   452 D vw-vhal : notifyVehicleProperty, propId = 0x21402245, data = {status: 3, int32Values: [0]}
03-17 18:53:37.744   400   452 I DefaultVehicleHal_v2_0: DefaultVehicleHal::onPropertyValue, value:{.timestamp = 151691617016, .areaId = 0, .prop = 557851205, .status = UNAVAILABLE, .value = {.int32Values = [1]{0}, .floatValues = [0]{}, .int64Values = [0]{}, .bytes = [0]{}, .stringValue = ""}}
03-17 18:53:37.744   400   452 D adayocomadapter-CommunicationManager: onUpstreamReceive mPropertyId 0x21402245
03-17 18:53:37.744   400   452 D adayocomadapter-CommunicationManager: onUpstreamReceive isLoss 1 mPropertyId 0x21402246
03-17 18:53:37.744   400   452 D adayocomadapter-CommunicationManager: convertBytesToInt32Memcpy  0
03-17 18:53:37.744   400   452 D vw-vhal : notifyVehicleProperty, propId = 0x21402246, data = {status: 3, int32Values: [0]}
03-17 18:53:37.744   400   452 I DefaultVehicleHal_v2_0: DefaultVehicleHal::onPropertyValue, value:{.timestamp = 151691723349, .areaId = 0, .prop = 557851206, .status = UNAVAILABLE, .value = {.int32Values = [1]{0}, .floatValues = [0]{}, .int64Values = [0]{}, .bytes = [0]{}, .stringValue = ""}}
03-17 18:53:37.744   400   452 D adayocomadapter-CommunicationManager: onUpstreamReceive mPropertyId 0x21402246
03-17 18:53:37.744   400   452 D adayocomadapter-CommunicationManager: onUpstreamReceive isLoss 1 mPropertyId 0x21402247
03-17 18:53:37.744   400   452 D adayocomadapter-CommunicationManager: convertBytesToInt32Memcpy  0
03-17 18:53:37.744   400   452 D vw-vhal : notifyVehicleProperty, propId = 0x21402247, data = {status: 3, int32Values: [0]}
03-17 18:53:37.744   400   452 I DefaultVehicleHal_v2_0: DefaultVehicleHal::onPropertyValue, value:{.timestamp = 151691827349, .areaId = 0, .prop = 557851207, .status = UNAVAILABLE, .value = {.int32Values = [1]{0}, .floatValues = [0]{}, .int64Values = [0]{}, .bytes = [0]{}, .stringValue = ""}}
03-17 18:53:37.744   400   452 D adayocomadapter-CommunicationManager: onUpstreamReceive mPropertyId 0x21402247
03-17 18:53:37.744   400   452 D adayocomadapter-CommunicationManager: onUpstreamReceive isLoss 1 mPropertyId 0x21402248
03-17 18:53:37.744   400   452 D adayocomadapter-CommunicationManager: convertBytesToInt32Memcpy  0
03-17 18:53:37.744   400   452 D vw-vhal : notifyVehicleProperty, propId = 0x21402248, data = {status: 3, int32Values: [0]}
03-17 18:53:37.744   400   452 I DefaultVehicleHal_v2_0: DefaultVehicleHal::onPropertyValue, value:{.timestamp = 151691928349, .areaId = 0, .prop = 557851208, .status = UNAVAILABLE, .value = {.int32Values = [1]{0}, .floatValues = [0]{}, .int64Values = [0]{}, .bytes = [0]{}, .stringValue = ""}}
03-17 18:53:37.744   400   452 D adayocomadapter-CommunicationManager: onUpstreamReceive mPropertyId 0x21402248
03-17 18:53:37.744   400   452 D adayocomadapter-CommunicationManager: onUpstreamReceive isLoss 1 mPropertyId 0x21402249
03-17 18:53:37.744   400   452 D adayocomadapter-CommunicationManager: convertBytesToInt32Memcpy  0
03-17 18:53:37.744   400   452 D vw-vhal : notifyVehicleProperty, propId = 0x21402249, data = {status: 3, int32Values: [0]}
03-17 18:53:37.744   400   452 I DefaultVehicleHal_v2_0: DefaultVehicleHal::onPropertyValue, value:{.timestamp = 151692061016, .areaId = 0, .prop = 557851209, .status = UNAVAILABLE, .value = {.int32Values = [1]{0}, .floatValues = [0]{}, .int64Values = [0]{}, .bytes = [0]{}, .stringValue = ""}}
03-17 18:53:37.744   400   452 D adayocomadapter-CommunicationManager: onUpstreamReceive mPropertyId 0x21402249
03-17 18:53:37.744   400   452 D adayocomadapter-CommunicationManager: onUpstreamReceive isLoss 1 mPropertyId 0x2140224b
03-17 18:53:37.744   400   452 D adayocomadapter-CommunicationManager: convertBytesToInt32Memcpy  0
03-17 18:53:37.744   400   452 D vw-vhal : notifyVehicleProperty, propId = 0x2140224b, data = {status: 3, int32Values: [0]}
03-17 18:53:37.744   400   452 I DefaultVehicleHal_v2_0: DefaultVehicleHal::onPropertyValue, value:{.timestamp = 151692167016, .areaId = 0, .prop = 557851211, .status = UNAVAILABLE, .value = {.int32Values = [1]{0}, .floatValues = [0]{}, .int64Values = [0]{}, .bytes = [0]{}, .stringValue = ""}}
03-17 18:53:37.744   400   452 D adayocomadapter-CommunicationManager: onUpstreamReceive mPropertyId 0x2140224b
03-17 18:53:37.744   400   452 D adayocomadapter-CommunicationManager: onUpstreamReceive isLoss 1 mPropertyId 0x2140224d
03-17 18:53:37.744   400   452 D adayocomadapter-CommunicationManager: convertBytesToInt32Memcpy  0
03-17 18:53:37.744   400   452 D vw-vhal : notifyVehicleProperty, propId = 0x2140224d, data = {status: 3, int32Values: [0]}
03-17 18:53:37.744   400   452 I DefaultVehicleHal_v2_0: DefaultVehicleHal::onPropertyValue, value:{.timestamp = 151692270016, .areaId = 0, .prop = 557851213, .status = UNAVAILABLE, .value = {.int32Values = [1]{0}, .floatValues = [0]{}, .int64Values = [0]{}, .bytes = [0]{}, .stringValue = ""}}
03-17 18:53:37.744   400   452 D adayocomadapter-CommunicationManager: onUpstreamReceive mPropertyId 0x2140224d
03-17 18:53:37.744   400   452 D adayocomadapter-CommunicationManager: onUpstreamReceive isLoss 1 mPropertyId 0x2140224f
03-17 18:53:37.744   400   452 D adayocomadapter-CommunicationManager: convertBytesToInt32Memcpy  0
03-17 18:53:37.744   400   452 D vw-vhal : notifyVehicleProperty, propId = 0x2140224f, data = {status: 3, int32Values: [0]}
03-17 18:53:37.744   400   452 I DefaultVehicleHal_v2_0: DefaultVehicleHal::onPropertyValue, value:{.timestamp = 151692371683, .areaId = 0, .prop = 557851215, .status = UNAVAILABLE, .value = {.int32Values = [1]{0}, .floatValues = [0]{}, .int64Values = [0]{}, .bytes = [0]{}, .stringValue = ""}}
03-17 18:53:37.744   400   452 D adayocomadapter-CommunicationManager: onUpstreamReceive mPropertyId 0x2140224f
03-17 18:53:37.744   400   452 D adayocomadapter-CommunicationManager: onUpstreamReceive isLoss 1 mPropertyId 0x21402251
03-17 18:53:37.744   400   452 D adayocomadapter-CommunicationManager: convertBytesToInt32Memcpy  0
03-17 18:53:37.744   400   452 D vw-vhal : notifyVehicleProperty, propId = 0x21402251, data = {status: 3, int32Values: [0]}
03-17 18:53:37.744   400   452 I DefaultVehicleHal_v2_0: DefaultVehicleHal::onPropertyValue, value:{.timestamp = 151692477349, .areaId = 0, .prop = 557851217, .status = UNAVAILABLE, .value = {.int32Values = [1]{0}, .floatValues = [0]{}, .int64Values = [0]{}, .bytes = [0]{}, .stringValue = ""}}
03-17 18:53:37.744   400   452 D adayocomadapter-CommunicationManager: onUpstreamReceive mPropertyId 0x21402251
03-17 18:53:37.744   400   452 D adayocomadapter-CommunicationManager: onUpstreamReceive isLoss 1 mPropertyId 0x21402253
03-17 18:53:37.745   400   452 D adayocomadapter-CommunicationManager: convertBytesToInt32Memcpy  0
03-17 18:53:37.745   400   452 D vw-vhal : notifyVehicleProperty, propId = 0x21402253, data = {status: 3, int32Values: [0]}
03-17 18:53:37.745   400   452 I DefaultVehicleHal_v2_0: DefaultVehicleHal::onPropertyValue, value:{.timestamp = 151692589683, .areaId = 0, .prop = 557851219, .status = UNAVAILABLE, .value = {.int32Values = [1]{0}, .floatValues = [0]{}, .int64Values = [0]{}, .bytes = [0]{}, .stringValue = ""}}
03-17 18:53:37.745   400   452 D adayocomadapter-CommunicationManager: onUpstreamReceive mPropertyId 0x21402253
03-17 18:53:37.745   400   452 D adayocomadapter-CommunicationManager: onUpstreamReceive isLoss 1 mPropertyId 0x21402254
03-17 18:53:37.745   400   452 D adayocomadapter-CommunicationManager: convertBytesToInt32Memcpy  0
03-17 18:53:37.745   400   452 D vw-vhal : notifyVehicleProperty, propId = 0x21402254, data = {status: 3, int32Values: [0]}
03-17 18:53:37.745   400   452 I DefaultVehicleHal_v2_0: DefaultVehicleHal::onPropertyValue, value:{.timestamp = 151692694683, .areaId = 0, .prop = 557851220, .status = UNAVAILABLE, .value = {.int32Values = [1]{0}, .floatValues = [0]{}, .int64Values = [0]{}, .bytes = [0]{}, .stringValue = ""}}
03-17 18:53:37.745   400   452 D adayocomadapter-CommunicationManager: onUpstreamReceive mPropertyId 0x21402254
03-17 18:53:37.751   582  3616 E WifiHAL : Invalid data received from driver
03-17 18:53:37.757   642   685 I mcuc    : rev uart=1530,len=141, data : 6AA68005AF00858B30A5B211123525A55A8709C901F503EA000001F501F503D103D103EA01F501F500FA00FA01F300FA0064A55A88000001000101110000FF00000000FF0000220000FF00000000FF00000020000033A302A802448080808080808080550A0A0A0A0A0A0A1D0D090009000066BBBBBBBBBBBBBBBBBB00770C0708090B0C88010000004F0205CA
03-17 18:53:37.785  6654  6700 D TimerTriggerManager: init instance...
03-17 18:53:37.785  6654  6700 D TimerTriggerManager: Timer thread'TimerTriggerManager' is destroyed: false
03-17 18:53:37.785  6654  6700 D TimerTriggerManager: Timer 'onIndcnVehSpdChanged' is running: true
03-17 18:53:37.785  6654  6700 D TimerTriggerManager: Sending reset signal to timer 'onIndcnVehSpdChanged'
03-17 18:53:37.785  6654  6700 D TimerTriggerManager: Reset signal sent to timer 'onIndcnVehSpdChanged'
03-17 18:53:37.785  6654  6707 D TimerTriggerController: Reset method called for timer: onIndcnVehSpdChanged
03-17 18:53:37.785  6654  6707 D TimerTriggerController: Calling onTimerReset for timer: onIndcnVehSpdChanged
03-17 18:53:37.785  6654  6707 D TimerTriggerManager: Timer reset: onIndcnVehSpdChanged
03-17 18:53:37.785  6654  6707 I TimerTriggerController: Timer [onIndcnVehSpdChanged] reset, remaining: 1000ms, reset count: 1036
03-17 18:53:37.785  6654  6700 D TimerTriggerManager: init instance...
03-17 18:53:37.785  6654  6700 D TimerTriggerManager: Timer thread'TimerTriggerManager' is destroyed: false
03-17 18:53:37.785  6654  6700 D TimerTriggerManager: Timer 'onMntnWarnReqChanged' is running: true
03-17 18:53:37.785  6654  6700 D TimerTriggerManager: Sending reset signal to timer 'onMntnWarnReqChanged'
03-17 18:53:37.785  6654  6700 D TimerTriggerManager: Reset signal sent to timer 'onMntnWarnReqChanged'
03-17 18:53:37.785  6654  6707 D TimerTriggerController: Reset method called for timer: onMntnWarnReqChanged
03-17 18:53:37.785  6654  6707 D TimerTriggerController: Calling onTimerReset for timer: onMntnWarnReqChanged
03-17 18:53:37.785  6654  6707 D TimerTriggerManager: Timer reset: onMntnWarnReqChanged
03-17 18:53:37.785  6654  6707 I TimerTriggerController: Timer [onMntnWarnReqChanged] reset, remaining: 5000ms, reset count: 518
03-17 18:53:37.816  2106  2492 I CarPopupManagementService: Retrying TextToSpeech initialization
03-17 18:53:37.816  2106  2492 W TextToSpeech: shutdown failed: not bound to TTS engine
03-17 18:53:37.817   582  3616 E WifiHAL : Invalid data received from driver
03-17 18:53:37.821   316   316 I auditd  : avc:  denied  { find } for pid=2106 uid=1000 name=texttospeech scontext=u:r:carservice_app:s0 tcontext=u:object_r:texttospeech_service:s0 tclass=service_manager permissive=0
03-17 18:53:37.821  2106  2492 E TextToSpeech: System service is not available!
03-17 18:53:37.821  2106  2492 E TextToSpeech: Failed to bind to com.iflytek.cutefly.speechclient.hmi
03-17 18:53:37.822  2106  2492 I CarPopupManagementService: TextToSpeech init
03-17 18:53:37.822  2106  2492 E CarPopupManagementService: TextToSpeech init failed: -1
03-17 18:53:37.843  2383  2600 D AdayoDoipServer294_Doip: [ne_doip_event_loop_dispatch][line:141] : count = 0
03-17 18:53:37.856   642   685 I mcuc    : sd Uart data : 6AA60205B000029202B3
03-17 18:53:37.862   642   685 I mcuc    : rev uart=1531,len=15, data : 6AA68105B00007920200010000002E
03-17 18:53:37.862   400   400 D adayocomadapter-ParseProtocolFunc: printRaWMsg Name[MCUToUPstream recv] len[7] data[92020001000000]
03-17 18:53:37.862   400   400 D adayocomadapter-CommunicationManager: onUpstreamback   member[0] dataLength[4] timePoint[151809]
03-17 18:53:37.862   400   400 D adayocomadapter-ParseProtocolFunc: printRaWMsg Name[onUpstreamback] len[4] data[01000000]
03-17 18:53:37.862   400   452 D adayocomadapter-UpstreamHandler: processBeforePacket upSreamtProcessTimePoint[151809] 
03-17 18:53:37.862   400   452 D adayocomadapter-UpstreamHandler: processPacket UPSTREAM_QUEUE_DATA_TIMEOUT
03-17 18:53:37.862   400   452 D adayocomadapter-ParseProtocolFunc: parseCommonIPCLBytes Processing tableNumber[1]
03-17 18:53:37.862   400   452 D adayocomadapter-ParseProtocolFunc: parseCommonIPCLBytes Processing tablename[Table-1] tableSize[4]
03-17 18:53:37.862   400   452 D adayocomadapter-ParseProtocolFunc: printRaWMsg Name[byteStream recv] len[4] data[01000000]
03-17 18:53:37.862   400   452 D adayocomadapter-ParseProtocolFunc: printRaWMsg Name[IPCLtoVHAL] len[8] data[2140204800000000]
03-17 18:53:37.862   400   452 D adayocomadapter-CommunicationManager: onUpstreamReceive isLoss 0 mPropertyId 0x21402048
03-17 18:53:37.862   400   452 D adayocomadapter-CommunicationManager: convertBytesToInt32Memcpy  0
03-17 18:53:37.862   400   452 D vw-vhal : notifyVehicleProperty, propId = 0x21402048, data = {status: 2, int32Values: [0]}
03-17 18:53:37.862   400   452 I DefaultVehicleHal_v2_0: DefaultVehicleHal::onPropertyValue, value:{.timestamp = 151810143683, .areaId = 0, .prop = 557850696, .status = AVAILABLE, .value = {.int32Values = [1]{0}, .floatValues = [0]{}, .int64Values = [0]{}, .bytes = [0]{}, .stringValue = ""}}
03-17 18:53:37.862   400   452 D adayocomadapter-CommunicationManager: onUpstreamReceive mPropertyId 0x21402048
03-17 18:53:37.885  6654  6700 D TimerTriggerManager: init instance...
03-17 18:53:37.885  6654  6700 D TimerTriggerManager: Timer thread'TimerTriggerManager' is destroyed: false
03-17 18:53:37.885  6654  6700 D TimerTriggerManager: Timer 'onIndcnVehSpdChanged' is running: true
03-17 18:53:37.885  6654  6700 D TimerTriggerManager: Sending reset signal to timer 'onIndcnVehSpdChanged'
03-17 18:53:37.885  6654  6700 D TimerTriggerManager: Reset signal sent to timer 'onIndcnVehSpdChanged'
03-17 18:53:37.885  6654  6707 D TimerTriggerController: Reset method called for timer: onIndcnVehSpdChanged
03-17 18:53:37.885  6654  6707 D TimerTriggerController: Calling onTimerReset for timer: onIndcnVehSpdChanged
03-17 18:53:37.885  6654  6707 D TimerTriggerManager: Timer reset: onIndcnVehSpdChanged
03-17 18:53:37.885  6654  6707 I TimerTriggerController: Timer [onIndcnVehSpdChanged] reset, remaining: 1000ms, reset count: 1037
03-17 18:53:37.906  1646  2260 E DataCollectManager: eventId = thresholdUpload, data = {"AllInfo":"{\"Cpu\": [{\"coreId\": -1, \"Usage\": 0.15, \"user\": 4.94, \"nice\": 0.46, \"system\": 8.64, \"idle\": 84.72, \"iowait\": 0.00, \"irq\": 0.62, \"softirq\": 0.62},{\"coreId\": 0, \"Usage\": 0.20, \"user\": 4.55, \"nice\": 1.82, \"system\": 10.91, \"idle\": 80.00, \"iowait\": 0.00, \"irq\": 0.91, \"softirq\": 1.82},{\"coreId\": 1, \"Usage\": 0.22, \"user\": 8.41, \"nice\": 0.00, \"system\": 14.02, \"idle\": 77.57, \"iowait\": 0.00, \"irq\": 0.00, \"softirq\": 0.00},{\"coreId\": 2, \"Usage\": 0.08, \"user\": 0.94, \"nice\": 0.94, \"system\": 5.66, \"idle\": 92.45, \"iowait\": 0.00, \"irq\": 0.00, \"softirq\": 0.00},{\"coreId\": 3, \"Usage\": 0.15, \"user\": 5.56, \"nice\": 0.00, \"system\": 7.41, \"idle\": 85.19, \"iowait\": 0.93, \"irq\": 0.93, \"softirq\": 0.00},{\"coreId\": 4, \"Usage\": 0.18, \"user\": 6.48, \"nice\": 0.00, \"system\": 10.19, \"idle\": 82.41, \"iowait\": 0.00, \"irq\": 0.93, \"softirq\": 0.00},{\"coreId\": 5, \"Usage\": 0.07, \"user\": 1.87, \"nice\": 0.00, \"system\": 4.67, \"idle\": 92.52, \"iowait\": 0.93, \"irq\": 0.00, \"softirq\": 0.00},],{\"type\": \" android_mem \",\"subType\": \" mem_usage \",\"currentValue\": \"0.718631\",\"thresholdValue\": \" 25.00% \",\"stat\": \"Usage:0.718631,MemTotal:6004812M,MemFree:1059404M,MemAvailable:1689568M,Cached:1435636M,SwapTotal:2401920M,SwapFree:1827712M\"},{\"type\": \" android_io \",\"subType\": \" write_rate \",\"currentValue\": \"0.03\",\"thresholdValue\": \" 10MB/s \",\"stat\": \"ReadKBps:0.03 MB/s,WriteKBps:0.22 MB/s, iops:17.00 times/s},{\"disk\":{\"usage\":7.82,\"freeSpaceMB\":46890,\"totalSpaceMB\":50867}}"}
03-17 18:53:37.910   582  3616 E WifiHAL : Invalid data received from driver
03-17 18:53:37.923  1627  1643 D CollectDataDataFiller: ===
03-17 18:53:37.923  1627  1643 D CollectDataDataFiller: Fill [AppId = SystemInfo] [EventId = thresholdUpload] with
03-17 18:53:37.923  1627  1643 D CollectDataDataFiller: [MsgId = e00318de-d260-4cb3-bfa4-a9c11e902bd5]
03-17 18:53:37.923  1627  1643 D CollectDataDataFiller: ===
03-17 18:53:37.943  2383  2600 D AdayoDoipServer294_Doip: [ne_doip_event_loop_dispatch][line:141] : count = 0
03-17 18:53:37.950  1646  2260 E DataCollectManager: eventId = monitorProcess, data = {"ProcessInfo":"{\"pid\":\"1646\",\"cmdline\":\"com.adayo.aaop_deviceservice\",\"cpu\":\"2.8\",\"memory\":\"13509588\"},{\"pid\":\"9772\",\"cmdline\":\"ps -A -o pid,pcpu,args --sort\u003d-pcpu\",\"cpu\":\"5.1\",\"memory\":\"\"},{\"pid\":\"9771\",\"cmdline\":\"sh\",\"cpu\":\"2.5\",\"memory\":\"\"},{\"pid\":\"9773\",\"cmdline\":\"head -n 11\",\"cpu\":\"2.5\",\"memory\":\"\"}"}
03-17 18:53:37.959  1627  1643 D CollectDataDataFiller: ===
03-17 18:53:37.959  1627  1643 D CollectDataDataFiller: Fill [AppId = SystemInfo] [EventId = monitorProcess] with
03-17 18:53:37.959  1627  1643 D CollectDataDataFiller: [MsgId = 19a9c5da-1569-41ee-86d3-2f935dd0e061]
03-17 18:53:37.959  1627  1643 D CollectDataDataFiller: ===
03-17 18:53:37.981   582  3616 E WifiHAL : Invalid data received from driver
03-17 18:53:37.985  6654  6700 D TimerTriggerManager: init instance...
03-17 18:53:37.985  6654  6700 D TimerTriggerManager: Timer thread'TimerTriggerManager' is destroyed: false
03-17 18:53:37.985  6654  6700 D TimerTriggerManager: Timer 'onIndcnVehSpdChanged' is running: true
03-17 18:53:37.985  6654  6700 D TimerTriggerManager: Sending reset signal to timer 'onIndcnVehSpdChanged'
03-17 18:53:37.985  6654  6700 D TimerTriggerManager: Reset signal sent to timer 'onIndcnVehSpdChanged'
03-17 18:53:37.986  6654  6707 D TimerTriggerController: Reset method called for timer: onIndcnVehSpdChanged
03-17 18:53:37.986  6654  6707 D TimerTriggerController: Calling onTimerReset for timer: onIndcnVehSpdChanged
03-17 18:53:37.986  6654  6707 D TimerTriggerManager: Timer reset: onIndcnVehSpdChanged
03-17 18:53:37.986  6654  6700 D TimerTriggerManager: init instance...
03-17 18:53:37.986  6654  6707 I TimerTriggerController: Timer [onIndcnVehSpdChanged] reset, remaining: 1000ms, reset count: 1038
03-17 18:53:37.986  6654  6700 D TimerTriggerManager: Timer thread'TimerTriggerManager' is destroyed: false
03-17 18:53:37.986  6654  6700 D TimerTriggerManager: Timer 'onMntnWarnReqChanged' is running: true
03-17 18:53:37.986  6654  6700 D TimerTriggerManager: Sending reset signal to timer 'onMntnWarnReqChanged'
03-17 18:53:37.986  6654  6700 D TimerTriggerManager: Reset signal sent to timer 'onMntnWarnReqChanged'
03-17 18:53:37.986  6654  6707 D TimerTriggerController: Reset method called for timer: onMntnWarnReqChanged
03-17 18:53:37.986  6654  6707 D TimerTriggerController: Calling onTimerReset for timer: onMntnWarnReqChanged
03-17 18:53:37.986  6654  6707 D TimerTriggerManager: Timer reset: onMntnWarnReqChanged
03-17 18:53:37.986  6654  6707 I TimerTriggerController: Timer [onMntnWarnReqChanged] reset, remaining: 5000ms, reset count: 519
03-17 18:53:37.998   642   685 I mcuc    : sd Uart data : 6AA60205B100029202B2
03-17 18:53:38.003   642   685 I mcuc    : rev uart=1532,len=32, data : 6AA68105B100189202001300FE00FE00FE00000000000000000000000101010D
03-17 18:53:38.003   400   400 D adayocomadapter-ParseProtocolFunc: printRaWMsg Name[MCUToUPstream recv] len[24] data[9202001300FE00FE00FE0000000000000000000000010101]
03-17 18:53:38.003   400   400 D adayocomadapter-CommunicationManager: onUpstreamback   member[0] dataLength[21] timePoint[151951]
03-17 18:53:38.003   400   400 D adayocomadapter-ParseProtocolFunc: printRaWMsg Name[onUpstreamback] len[21] data[1300FE00FE00FE0000000000000000000000010101]
03-17 18:53:38.003   400   452 D adayocomadapter-UpstreamHandler: processBeforePacket upSreamtProcessTimePoint[151951] 
03-17 18:53:38.003   400   452 D adayocomadapter-UpstreamHandler: processPacket UPSTREAM_QUEUE_DATA_TIMEOUT
03-17 18:53:38.004   400   452 D adayocomadapter-ParseProtocolFunc: parseCommonIPCLBytes Processing tableNumber[19]
03-17 18:53:38.004   400   452 D adayocomadapter-ParseProtocolFunc: parseCommonIPCLBytes Processing tablename[Table-19] tableSize[21]
03-17 18:53:38.004   400   452 D adayocomadapter-ParseProtocolFunc: printRaWMsg Name[byteStream recv] len[21] data[1300FE00FE00FE0000000000000000000000010101]
03-17 18:53:38.004   400   452 D adayocomadapter-ParseProtocolFunc: printRaWMsg Name[IPCLtoVHAL] len[7] data[21401028000100]
03-17 18:53:38.004   400   452 D adayocomadapter-ParseProtocolFunc: printRaWMsg Name[IPCLtoVHAL] len[7] data[214010290001FE]
03-17 18:53:38.004   400   452 D adayocomadapter-ParseProtocolFunc: printRaWMsg Name[IPCLtoVHAL] len[7] data[2140102E000100]
03-17 18:53:38.004   400   452 D adayocomadapter-ParseProtocolFunc: printRaWMsg Name[IPCLtoVHAL] len[7] data[2140102B000100]
03-17 18:53:38.004   400   452 D adayocomadapter-ParseProtocolFunc: printRaWMsg Name[IPCLtoVHAL] len[7] data[2140104C000100]
03-17 18:53:38.004   400   452 D adayocomadapter-ParseProtocolFunc: printRaWMsg Name[IPCLtoVHAL] len[7] data[2140102C0001FE]
03-17 18:53:38.004   400   452 D adayocomadapter-ParseProtocolFunc: printRaWMsg Name[IPCLtoVHAL] len[8] data[2140200700010000]
03-17 18:53:38.004   400   452 D adayocomadapter-ParseProtocolFunc: printRaWMsg Name[IPCLtoVHAL] len[7] data[2140102F0001FE]
03-17 18:53:38.004   400   452 D adayocomadapter-ParseProtocolFunc: printRaWMsg Name[IPCLtoVHAL] len[7] data[21401031000100]
03-17 18:53:38.004   400   452 D adayocomadapter-ParseProtocolFunc: printRaWMsg Name[IPCLtoVHAL] len[8] data[2140202200010000]
03-17 18:53:38.004   400   452 D adayocomadapter-ParseProtocolFunc: printRaWMsg Name[IPCLtoVHAL] len[10] data[21402023000100000000]
03-17 18:53:38.004   400   452 D adayocomadapter-ParseProtocolFunc: printRaWMsg Name[IPCLtoVHAL] len[7] data[2140104D000100]
03-17 18:53:38.004   400   452 D adayocomadapter-CommunicationManager: onUpstreamReceive isLoss 1 mPropertyId 0x21401028
03-17 18:53:38.004   400   452 D adayocomadapter-CommunicationManager: convertBytesToInt32Memcpy  0
03-17 18:53:38.004   400   452 D vw-vhal : notifyVehicleProperty, propId = 0x21401028, data = {status: 3, int32Values: [0]}
03-17 18:53:38.004   400   452 I DefaultVehicleHal_v2_0: DefaultVehicleHal::onPropertyValue, value:{.timestamp = 151951915016, .areaId = 0, .prop = 557846568, .status = UNAVAILABLE, .value = {.int32Values = [1]{0}, .floatValues = [0]{}, .int64Values = [0]{}, .bytes = [0]{}, .stringValue = ""}}
03-17 18:53:38.004   400   452 D adayocomadapter-CommunicationManager: onUpstreamReceive mPropertyId 0x21401028
03-17 18:53:38.004   400   452 D adayocomadapter-CommunicationManager: onUpstreamReceive isLoss 1 mPropertyId 0x21401029
03-17 18:53:38.004   400   452 D adayocomadapter-CommunicationManager: convertBytesToInt32Memcpy  254
03-17 18:53:38.004   400   452 D vw-vhal : notifyVehicleProperty, propId = 0x21401029, data = {status: 3, int32Values: [254]}
03-17 18:53:38.004   400   452 I DefaultVehicleHal_v2_0: DefaultVehicleHal::onPropertyValue, value:{.timestamp = 151952086683, .areaId = 0, .prop = 557846569, .status = UNAVAILABLE, .value = {.int32Values = [1]{254}, .floatValues = [0]{}, .int64Values = [0]{}, .bytes = [0]{}, .stringValue = ""}}
03-17 18:53:38.004   400   452 D adayocomadapter-CommunicationManager: onUpstreamReceive mPropertyId 0x21401029
03-17 18:53:38.004   400   452 D adayocomadapter-CommunicationManager: onUpstreamReceive isLoss 1 mPropertyId 0x2140102e
03-17 18:53:38.004   400   452 D adayocomadapter-CommunicationManager: convertBytesToInt32Memcpy  0
03-17 18:53:38.004   400   452 D vw-vhal : notifyVehicleProperty, propId = 0x2140102e, data = {status: 3, int32Values: [0]}
03-17 18:53:38.004   400   452 I DefaultVehicleHal_v2_0: DefaultVehicleHal::onPropertyValue, value:{.timestamp = 151952212683, .areaId = 0, .prop = 557846574, .status = UNAVAILABLE, .value = {.int32Values = [1]{0}, .floatValues = [0]{}, .int64Values = [0]{}, .bytes = [0]{}, .stringValue = ""}}
03-17 18:53:38.004   400   452 D adayocomadapter-CommunicationManager: onUpstreamReceive mPropertyId 0x2140102e
03-17 18:53:38.004   400   452 D adayocomadapter-CommunicationManager: onUpstreamReceive isLoss 1 mPropertyId 0x2140102b
03-17 18:53:38.004   400   452 D adayocomadapter-CommunicationManager: convertBytesToInt32Memcpy  0
03-17 18:53:38.004   400   452 D vw-vhal : notifyVehicleProperty, propId = 0x2140102b, data = {status: 3, int32Values: [0]}
03-17 18:53:38.004   400   452 I DefaultVehicleHal_v2_0: DefaultVehicleHal::onPropertyValue, value:{.timestamp = 151952329016, .areaId = 0, .prop = 557846571, .status = UNAVAILABLE, .value = {.int32Values = [1]{0}, .floatValues = [0]{}, .int64Values = [0]{}, .bytes = [0]{}, .stringValue = ""}}
03-17 18:53:38.004   400   452 D adayocomadapter-CommunicationManager: onUpstreamReceive mPropertyId 0x2140102b
03-17 18:53:38.004   400   452 D adayocomadapter-CommunicationManager: onUpstreamReceive isLoss 1 mPropertyId 0x2140104c
03-17 18:53:38.004   400   452 D adayocomadapter-CommunicationManager: convertBytesToInt32Memcpy  0
03-17 18:53:38.004   400   452 D vw-vhal : notifyVehicleProperty, propId = 0x2140104c, data = {status: 3, int32Values: [0]}
03-17 18:53:38.004   400   452 I DefaultVehicleHal_v2_0: DefaultVehicleHal::onPropertyValue, value:{.timestamp = 151952444349, .areaId = 0, .prop = 557846604, .status = UNAVAILABLE, .value = {.int32Values = [1]{0}, .floatValues = [0]{}, .int64Values = [0]{}, .bytes = [0]{}, .stringValue = ""}}
03-17 18:53:38.004   400   452 D adayocomadapter-CommunicationManager: onUpstreamReceive mPropertyId 0x2140104c
03-17 18:53:38.004   400   452 D adayocomadapter-CommunicationManager: onUpstreamReceive isLoss 1 mPropertyId 0x2140102c
03-17 18:53:38.004   400   452 D adayocomadapter-CommunicationManager: convertBytesToInt32Memcpy  254
03-17 18:53:38.004   400   452 D vw-vhal : notifyVehicleProperty, propId = 0x2140102c, data = {status: 3, int32Values: [254]}
03-17 18:53:38.005   400   452 I DefaultVehicleHal_v2_0: DefaultVehicleHal::onPropertyValue, value:{.timestamp = 151952558349, .areaId = 0, .prop = 557846572, .status = UNAVAILABLE, .value = {.int32Values = [1]{254}, .floatValues = [0]{}, .int64Values = [0]{}, .bytes = [0]{}, .stringValue = ""}}
03-17 18:53:38.005   400   452 D adayocomadapter-CommunicationManager: onUpstreamReceive mPropertyId 0x2140102c
03-17 18:53:38.005   400   452 D adayocomadapter-CommunicationManager: onUpstreamReceive isLoss 1 mPropertyId 0x21402007
03-17 18:53:38.005   400   452 D adayocomadapter-CommunicationManager: convertBytesToInt32Memcpy  0
03-17 18:53:38.005   400   452 D vw-vhal : notifyVehicleProperty, propId = 0x21402007, data = {status: 3, int32Values: [0]}
03-17 18:53:38.005   400   452 I DefaultVehicleHal_v2_0: DefaultVehicleHal::onPropertyValue, value:{.timestamp = 151952755349, .areaId = 0, .prop = 557850631, .status = UNAVAILABLE, .value = {.int32Values = [1]{0}, .floatValues = [0]{}, .int64Values = [0]{}, .bytes = [0]{}, .stringValue = ""}}
03-17 18:53:38.005   400   452 D adayocomadapter-CommunicationManager: onUpstreamReceive mPropertyId 0x21402007
03-17 18:53:38.005   400   452 D adayocomadapter-CommunicationManager: onUpstreamReceive isLoss 1 mPropertyId 0x2140102f
03-17 18:53:38.005   400   452 D adayocomadapter-CommunicationManager: convertBytesToInt32Memcpy  254
03-17 18:53:38.005   400   452 D vw-vhal : notifyVehicleProperty, propId = 0x2140102f, data = {status: 3, int32Values: [254]}
03-17 18:53:38.005   400   452 I DefaultVehicleHal_v2_0: DefaultVehicleHal::onPropertyValue, value:{.timestamp = 151952875349, .areaId = 0, .prop = 557846575, .status = UNAVAILABLE, .value = {.int32Values = [1]{254}, .floatValues = [0]{}, .int64Values = [0]{}, .bytes = [0]{}, .stringValue = ""}}
03-17 18:53:38.005   400   452 D adayocomadapter-CommunicationManager: onUpstreamReceive mPropertyId 0x2140102f
03-17 18:53:38.005   400   452 D adayocomadapter-CommunicationManager: onUpstreamReceive isLoss 1 mPropertyId 0x21401031
03-17 18:53:38.005   400   452 D adayocomadapter-CommunicationManager: convertBytesToInt32Memcpy  0
03-17 18:53:38.005   400   452 D vw-vhal : notifyVehicleProperty, propId = 0x21401031, data = {status: 3, int32Values: [0]}
03-17 18:53:38.005   400   452 I DefaultVehicleHal_v2_0: DefaultVehicleHal::onPropertyValue, value:{.timestamp = 151952988016, .areaId = 0, .prop = 557846577, .status = UNAVAILABLE, .value = {.int32Values = [1]{0}, .floatValues = [0]{}, .int64Values = [0]{}, .bytes = [0]{}, .stringValue = ""}}
03-17 18:53:38.005   400   452 D adayocomadapter-CommunicationManager: onUpstreamReceive mPropertyId 0x21401031
03-17 18:53:38.005   400   452 D adayocomadapter-CommunicationManager: onUpstreamReceive isLoss 1 mPropertyId 0x21402022
03-17 18:53:38.005   400   452 D adayocomadapter-CommunicationManager: convertBytesToInt32Memcpy  0
03-17 18:53:38.005   400   452 D vw-vhal : notifyVehicleProperty, propId = 0x21402022, data = {status: 3, int32Values: [0]}
03-17 18:53:38.005   400   452 I DefaultVehicleHal_v2_0: DefaultVehicleHal::onPropertyValue, value:{.timestamp = 151953102349, .areaId = 0, .prop = 557850658, .status = UNAVAILABLE, .value = {.int32Values = [1]{0}, .floatValues = [0]{}, .int64Values = [0]{}, .bytes = [0]{}, .stringValue = ""}}
03-17 18:53:38.005   400   452 D adayocomadapter-CommunicationManager: onUpstreamReceive mPropertyId 0x21402022
03-17 18:53:38.005   400   452 D adayocomadapter-CommunicationManager: onUpstreamReceive isLoss 1 mPropertyId 0x21402023
03-17 18:53:38.005   400   452 D adayocomadapter-CommunicationManager: convertBytesToInt32Memcpy  0
03-17 18:53:38.005   400   452 D vw-vhal : notifyVehicleProperty, propId = 0x21402023, data = {status: 3, int32Values: [0]}
03-17 18:53:38.005   400   452 I DefaultVehicleHal_v2_0: DefaultVehicleHal::onPropertyValue, value:{.timestamp = 151953274016, .areaId = 0, .prop = 557850659, .status = UNAVAILABLE, .value = {.int32Values = [1]{0}, .floatValues = [0]{}, .int64Values = [0]{}, .bytes = [0]{}, .stringValue = ""}}
03-17 18:53:38.005   400   452 D adayocomadapter-CommunicationManager: onUpstreamReceive mPropertyId 0x21402023
03-17 18:53:38.005   400   452 D adayocomadapter-CommunicationManager: onUpstreamReceive isLoss 1 mPropertyId 0x2140104d
03-17 18:53:38.005   400   452 D adayocomadapter-CommunicationManager: convertBytesToInt32Memcpy  0
03-17 18:53:38.005   400   452 D vw-vhal : notifyVehicleProperty, propId = 0x2140104d, data = {status: 3, int32Values: [0]}
03-17 18:53:38.005   400   452 I DefaultVehicleHal_v2_0: DefaultVehicleHal::onPropertyValue, value:{.timestamp = 151953392349, .areaId = 0, .prop = 557846605, .status = UNAVAILABLE, .value = {.int32Values = [1]{0}, .floatValues = [0]{}, .int64Values = [0]{}, .bytes = [0]{}, .stringValue = ""}}
03-17 18:53:38.005   400   452 D adayocomadapter-CommunicationManager: onUpstreamReceive mPropertyId 0x2140104d
03-17 18:53:38.018   806   806 I adbd    : AdaTest:transport UsbFfs opening service shell,v2:getprop
03-17 18:53:38.018   806   806 I adbd    : AdaTest:adb.password.Enable is true
03-17 18:53:38.018   806   806 I adbd    : AdaTest:will enter ShellService
03-17 18:53:38.018   806   806 I adbd    : AdaTest:enter ShellService
03-17 18:53:38.019   806   806 I adbd    : AdaTest:adb.password.Enable is Enable
03-17 18:53:38.019   806   806 I adbd    : AdaTest:return unique_fd{}
03-17 18:53:38.019   806   806 I adbd    : auth_fd.get() == -1
03-17 18:53:38.031  1566  3186 D TboxNetworkManager: tboxNetworkbinder=null
03-17 18:53:38.034   806   806 I adbd    : AdaTest:transport UsbFfs opening service shell,v2:getprop
03-17 18:53:38.034   806   806 I adbd    : AdaTest:adb.password.Enable is true
03-17 18:53:38.034   806   806 I adbd    : AdaTest:will enter ShellService
03-17 18:53:38.034   806   806 I adbd    : AdaTest:enter ShellService
03-17 18:53:38.034   806   806 I adbd    : AdaTest:adb.password.Enable is Enable
03-17 18:53:38.035   806   806 I adbd    : AdaTest:return unique_fd{}
03-17 18:53:38.035   806   806 I adbd    : auth_fd.get() == -1
03-17 18:53:38.044  2383  2600 D AdayoDoipServer294_Doip: [ne_doip_event_loop_dispatch][line:141] : count = 0
03-17 18:53:38.046   582  3616 E WifiHAL : Invalid data received from driver
03-17 18:53:38.049   806   806 I adbd    : AdaTest:transport UsbFfs opening service shell,v2:getprop
03-17 18:53:38.049   806   806 I adbd    : AdaTest:adb.password.Enable is true
03-17 18:53:38.049   806   806 I adbd    : AdaTest:will enter ShellService
03-17 18:53:38.049   806   806 I adbd    : AdaTest:enter ShellService
03-17 18:53:38.049   806   806 I adbd    : AdaTest:adb.password.Enable is Enable
03-17 18:53:38.049   806   806 I adbd    : AdaTest:return unique_fd{}
03-17 18:53:38.049   806   806 I adbd    : auth_fd.get() == -1
03-17 18:53:38.081   806   806 I adbd    : AdaTest:transport UsbFfs opening service shell,v2:getprop
03-17 18:53:38.081   806   806 I adbd    : AdaTest:adb.password.Enable is true
03-17 18:53:38.081   806   806 I adbd    : AdaTest:will enter ShellService
03-17 18:53:38.081   806   806 I adbd    : AdaTest:enter ShellService
03-17 18:53:38.081   806   806 I adbd    : AdaTest:adb.password.Enable is Enable
03-17 18:53:38.081   806   806 I adbd    : AdaTest:return unique_fd{}
03-17 18:53:38.081   806   806 I adbd    : auth_fd.get() == -1
03-17 18:53:38.081   806   806 I adbd    : AdaTest:transport UsbFfs opening service shell,v2:getprop
03-17 18:53:38.081   806   806 I adbd    : AdaTest:adb.password.Enable is true
03-17 18:53:38.081   806   806 I adbd    : AdaTest:will enter ShellService
03-17 18:53:38.081   806   806 I adbd    : AdaTest:enter ShellService
03-17 18:53:38.081   806   806 I adbd    : AdaTest:adb.password.Enable is Enable
03-17 18:53:38.081   806   806 I adbd    : AdaTest:return unique_fd{}
03-17 18:53:38.081   806   806 I adbd    : auth_fd.get() == -1
03-17 18:53:38.085  6654  6700 D TimerTriggerManager: init instance...
03-17 18:53:38.085  6654  6700 D TimerTriggerManager: Timer thread'TimerTriggerManager' is destroyed: false
03-17 18:53:38.085  6654  6700 D TimerTriggerManager: Timer 'onIndcnVehSpdChanged' is running: true
03-17 18:53:38.085  6654  6700 D TimerTriggerManager: Sending reset signal to timer 'onIndcnVehSpdChanged'
03-17 18:53:38.085  6654  6700 D TimerTriggerManager: Reset signal sent to timer 'onIndcnVehSpdChanged'
03-17 18:53:38.085  6654  6707 D TimerTriggerController: Reset method called for timer: onIndcnVehSpdChanged
03-17 18:53:38.085  6654  6707 D TimerTriggerController: Calling onTimerReset for timer: onIndcnVehSpdChanged
03-17 18:53:38.085  6654  6707 D TimerTriggerManager: Timer reset: onIndcnVehSpdChanged
