03-17 18:53:36.236   400   452 I DefaultVehicleHal_v2_0: DefaultVehicleHal::onPropertyValue, value:{.timestamp = 150184163349, .areaId = 0, .prop = 557850765, .status = UNAVAILABLE, .value = {.int32Values = [1]{100}, .floatValues = [0]{}, .int64Values = [0]{}, .bytes = [0]{}, .stringValue = ""}}
03-17 18:53:36.236   400   452 D adayocomadapter-CommunicationManager: onUpstreamReceive mPropertyId 0x2140208d
03-17 18:53:36.236   400   452 D adayocomadapter-CommunicationManager: onUpstreamReceive isLoss 1 mPropertyId 0x21402195
03-17 18:53:36.236   400   452 D adayocomadapter-CommunicationManager: convertBytesToInt32Memcpy  0
03-17 18:53:36.236   400   452 D vw-vhal : notifyVehicleProperty, propId = 0x21402195, data = {status: 3, int32Values: [0]}
03-17 18:53:36.237   400   452 I DefaultVehicleHal_v2_0: DefaultVehicleHal::onPropertyValue, value:{.timestamp = 150184519349, .areaId = 0, .prop = 557851029, .status = UNAVAILABLE, .value = {.int32Values = [1]{0}, .floatValues = [0]{}, .int64Values = [0]{}, .bytes = [0]{}, .stringValue = ""}}
03-17 18:53:36.237   400   452 D adayocomadapter-CommunicationManager: onUpstreamReceive mPropertyId 0x21402195
03-17 18:53:36.237   400   452 D adayocomadapter-CommunicationManager: onUpstreamReceive isLoss 1 mPropertyId 0x21402192
03-17 18:53:36.237   400   452 D adayocomadapter-CommunicationManager: convertBytesToInt32Memcpy  0
03-17 18:53:36.237   400   452 D vw-vhal : notifyVehicleProperty, propId = 0x21402192, data = {status: 3, int32Values: [0]}
03-17 18:53:36.237   400   452 I DefaultVehicleHal_v2_0: DefaultVehicleHal::onPropertyValue, value:{.timestamp = 150184875016, .areaId = 0, .prop = 557851026, .status = UNAVAILABLE, .value = {.int32Values = [1]{0}, .floatValues = [0]{}, .int64Values = [0]{}, .bytes = [0]{}, .stringValue = ""}}
03-17 18:53:36.237   400   452 D adayocomadapter-CommunicationManager: onUpstreamReceive mPropertyId 0x21402192
03-17 18:53:36.237   400   452 D adayocomadapter-CommunicationManager: onUpstreamReceive isLoss 1 mPropertyId 0x2140208a
03-17 18:53:36.237   400   452 D adayocomadapter-CommunicationManager: convertBytesToInt32Memcpy  100
03-17 18:53:36.237   400   452 D vw-vhal : notifyVehicleProperty, propId = 0x2140208a, data = {status: 3, int32Values: [100]}
03-17 18:53:36.237   400   452 I DefaultVehicleHal_v2_0: DefaultVehicleHal::onPropertyValue, value:{.timestamp = 150185387349, .areaId = 0, .prop = 557850762, .status = UNAVAILABLE, .value = {.int32Values = [1]{100}, .floatValues = [0]{}, .int64Values = [0]{}, .bytes = [0]{}, .stringValue = ""}}
03-17 18:53:36.237   400   452 D adayocomadapter-CommunicationManager: onUpstreamReceive mPropertyId 0x2140208a
03-17 18:53:36.238   400   452 D adayocomadapter-CommunicationManager: onUpstreamReceive isLoss 1 mPropertyId 0x21402196
03-17 18:53:36.238   400   452 D adayocomadapter-CommunicationManager: convertBytesToInt32Memcpy  0
03-17 18:53:36.238   400   452 D vw-vhal : notifyVehicleProperty, propId = 0x21402196, data = {status: 3, int32Values: [0]}
03-17 18:53:36.238   400   452 I DefaultVehicleHal_v2_0: DefaultVehicleHal::onPropertyValue, value:{.timestamp = 150185751349, .areaId = 0, .prop = 557851030, .status = UNAVAILABLE, .value = {.int32Values = [1]{0}, .floatValues = [0]{}, .int64Values = [0]{}, .bytes = [0]{}, .stringValue = ""}}
03-17 18:53:36.238   400   452 D adayocomadapter-CommunicationManager: onUpstreamReceive mPropertyId 0x21402196
03-17 18:53:36.238   400   452 D adayocomadapter-CommunicationManager: onUpstreamReceive isLoss 1 mPropertyId 0x21402197
03-17 18:53:36.238   400   452 D adayocomadapter-CommunicationManager: convertBytesToInt32Memcpy  0
03-17 18:53:36.238   400   452 D vw-vhal : notifyVehicleProperty, propId = 0x21402197, data = {status: 3, int32Values: [0]}
03-17 18:53:36.238   400   452 I DefaultVehicleHal_v2_0: DefaultVehicleHal::onPropertyValue, value:{.timestamp = 150186105349, .areaId = 0, .prop = 557851031, .status = UNAVAILABLE, .value = {.int32Values = [1]{0}, .floatValues = [0]{}, .int64Values = [0]{}, .bytes = [0]{}, .stringValue = ""}}
03-17 18:53:36.238   400   452 D adayocomadapter-CommunicationManager: onUpstreamReceive mPropertyId 0x21402197
03-17 18:53:36.238   400   452 D adayocomadapter-CommunicationManager: onUpstreamReceive isLoss 1 mPropertyId 0x21402199
03-17 18:53:36.238   400   452 D adayocomadapter-CommunicationManager: convertBytesToInt32Memcpy  0
03-17 18:53:36.238   400   452 D vw-vhal : notifyVehicleProperty, propId = 0x21402199, data = {status: 3, int32Values: [0]}
03-17 18:53:36.238   400   452 I DefaultVehicleHal_v2_0: DefaultVehicleHal::onPropertyValue, value:{.timestamp = 150186447683, .areaId = 0, .prop = 557851033, .status = UNAVAILABLE, .value = {.int32Values = [1]{0}, .floatValues = [0]{}, .int64Values = [0]{}, .bytes = [0]{}, .stringValue = ""}}
03-17 18:53:36.239   400   452 D adayocomadapter-CommunicationManager: onUpstreamReceive mPropertyId 0x21402199
03-17 18:53:36.240  2383  2600 D AdayoDoipServer294_Doip: [ne_doip_event_loop_dispatch][line:141] : count = 0
03-17 18:53:36.244  2106  2458 D CAR.DIAGNOSTIC: Entry - Type: 0x01, ServiceId: 0x2071, InstanceId: 0x0001, MajorVersion: 0x01FFFFFF, TTL: 0
03-17 18:53:36.244  2106  2450 D CAR.DIAGNOSTIC: Entry - Type: 0x01, ServiceId: 0x2071, InstanceId: 0x0001, MajorVersion: 0x01FFFFFF, TTL: 0
03-17 18:53:36.244  2106  2458 D CAR.DIAGNOSTIC: Entry - Type: 0x01, ServiceId: 0x4001, InstanceId: 0x0001, MajorVersion: 0x01FFFFFF, TTL: 0
03-17 18:53:36.244  2106  2450 D CAR.DIAGNOSTIC: Entry - Type: 0x01, ServiceId: 0x4001, InstanceId: 0x0001, MajorVersion: 0x01FFFFFF, TTL: 0
03-17 18:53:36.244  2106  2460 D CAR.DIAGNOSTIC: Entry - Type: 0x01, ServiceId: 0x2071, InstanceId: 0x0001, MajorVersion: 0x01FFFFFF, TTL: 0
03-17 18:53:36.245  2106  2460 D CAR.DIAGNOSTIC: Entry - Type: 0x01, ServiceId: 0x4001, InstanceId: 0x0001, MajorVersion: 0x01FFFFFF, TTL: 0
03-17 18:53:36.257   642   685 I mcuc    : sd Uart data : 6AA60205A300029202C0
03-17 18:53:36.262   642   685 I mcuc    : rev uart=1517,len=16, data : 6AA68105A30008920200090000000131
03-17 18:53:36.262   400   400 D adayocomadapter-ParseProtocolFunc: printRaWMsg Name[MCUToUPstream recv] len[8] data[9202000900000001]
03-17 18:53:36.262   400   400 D adayocomadapter-CommunicationManager: onUpstreamback   member[0] dataLength[5] timePoint[150210]
03-17 18:53:36.262   400   400 D adayocomadapter-ParseProtocolFunc: printRaWMsg Name[onUpstreamback] len[5] data[0900000001]
03-17 18:53:36.263   400   452 D adayocomadapter-UpstreamHandler: processBeforePacket upSreamtProcessTimePoint[150210] 
03-17 18:53:36.263   400   452 D adayocomadapter-UpstreamHandler: processPacket UPSTREAM_QUEUE_DATA_TIMEOUT
03-17 18:53:36.263   400   452 D adayocomadapter-ParseProtocolFunc: parseCommonIPCLBytes Processing tableNumber[9]
03-17 18:53:36.263   400   452 D adayocomadapter-ParseProtocolFunc: parseCommonIPCLBytes Processing tablename[Table-9] tableSize[5]
03-17 18:53:36.263   400   452 D adayocomadapter-ParseProtocolFunc: printRaWMsg Name[byteStream recv] len[5] data[0900000001]
03-17 18:53:36.263   400   452 D adayocomadapter-ParseProtocolFunc: printRaWMsg Name[IPCLtoVHAL] len[7] data[21402060000100]
03-17 18:53:36.263   400   452 D adayocomadapter-ParseProtocolFunc: printRaWMsg Name[IPCLtoVHAL] len[7] data[2140218D000100]
03-17 18:53:36.263   400   452 D adayocomadapter-ParseProtocolFunc: printRaWMsg Name[IPCLtoVHAL] len[7] data[21402255000100]
03-17 18:53:36.263   400   452 D adayocomadapter-CommunicationManager: onUpstreamReceive isLoss 1 mPropertyId 0x21402060
03-17 18:53:36.263   400   452 D adayocomadapter-CommunicationManager: convertBytesToInt32Memcpy  0
03-17 18:53:36.263   400   452 D vw-vhal : notifyVehicleProperty, propId = 0x21402060, data = {status: 3, int32Values: [0]}
03-17 18:53:36.263   400   452 I DefaultVehicleHal_v2_0: DefaultVehicleHal::onPropertyValue, value:{.timestamp = 150211387349, .areaId = 0, .prop = 557850720, .status = UNAVAILABLE, .value = {.int32Values = [1]{0}, .floatValues = [0]{}, .int64Values = [0]{}, .bytes = [0]{}, .stringValue = ""}}
03-17 18:53:36.264   400   452 D adayocomadapter-CommunicationManager: onUpstreamReceive mPropertyId 0x21402060
03-17 18:53:36.264   400   452 D adayocomadapter-CommunicationManager: onUpstreamReceive isLoss 1 mPropertyId 0x2140218d
03-17 18:53:36.264   400   452 D adayocomadapter-CommunicationManager: convertBytesToInt32Memcpy  0
03-17 18:53:36.264   400   452 D vw-vhal : notifyVehicleProperty, propId = 0x2140218d, data = {status: 3, int32Values: [0]}
03-17 18:53:36.264   400   452 I DefaultVehicleHal_v2_0: DefaultVehicleHal::onPropertyValue, value:{.timestamp = 150211811683, .areaId = 0, .prop = 557851021, .status = UNAVAILABLE, .value = {.int32Values = [1]{0}, .floatValues = [0]{}, .int64Values = [0]{}, .bytes = [0]{}, .stringValue = ""}}
03-17 18:53:36.264   400   452 D adayocomadapter-CommunicationManager: onUpstreamReceive mPropertyId 0x2140218d
03-17 18:53:36.264   400   452 D adayocomadapter-CommunicationManager: onUpstreamReceive isLoss 1 mPropertyId 0x21402255
03-17 18:53:36.264   400   452 D adayocomadapter-CommunicationManager: convertBytesToInt32Memcpy  0
03-17 18:53:36.264   400   452 D vw-vhal : notifyVehicleProperty, propId = 0x21402255, data = {status: 3, int32Values: [0]}
03-17 18:53:36.264   400   452 I DefaultVehicleHal_v2_0: DefaultVehicleHal::onPropertyValue, value:{.timestamp = 150212296016, .areaId = 0, .prop = 557851221, .status = UNAVAILABLE, .value = {.int32Values = [1]{0}, .floatValues = [0]{}, .int64Values = [0]{}, .bytes = [0]{}, .stringValue = ""}}
03-17 18:53:36.264   400   452 D adayocomadapter-CommunicationManager: onUpstreamReceive mPropertyId 0x21402255
03-17 18:53:36.281  6654  6700 D TimerTriggerManager: init instance...
03-17 18:53:36.281  6654  6700 D TimerTriggerManager: Timer thread'TimerTriggerManager' is destroyed: false
03-17 18:53:36.282  6654  6700 D TimerTriggerManager: Timer 'onIndcnVehSpdChanged' is running: true
03-17 18:53:36.282  6654  6700 D TimerTriggerManager: Sending reset signal to timer 'onIndcnVehSpdChanged'
03-17 18:53:36.282  6654  6700 D TimerTriggerManager: Reset signal sent to timer 'onIndcnVehSpdChanged'
03-17 18:53:36.282  6654  6707 D TimerTriggerController: Reset method called for timer: onIndcnVehSpdChanged
03-17 18:53:36.282  6654  6707 D TimerTriggerController: Calling onTimerReset for timer: onIndcnVehSpdChanged
03-17 18:53:36.282  6654  6707 D TimerTriggerManager: Timer reset: onIndcnVehSpdChanged
03-17 18:53:36.282  6654  6707 I TimerTriggerController: Timer [onIndcnVehSpdChanged] reset, remaining: 1000ms, reset count: 1021
03-17 18:53:36.300   903   903 D NotificationService: Kill Token Timeout token=android.os.Binder@4b51635
03-17 18:53:36.302   582  3616 E WifiHAL : Invalid data received from driver
03-17 18:53:36.340  2383  2600 D AdayoDoipServer294_Doip: [ne_doip_event_loop_dispatch][line:141] : count = 0
03-17 18:53:36.355   903  4623 D InputDispatcher: setInputWindows displayId=0 8a53b79 com.adayo.service.log b2c7696 SystemUIRegionSampleHandler 3d2cd6b MosiCarBottomSystemBar 59ebcfe MosiCarTopSystemBar 3cd4c38 com.mosi.mosc.aicenter Embedded{StageCoordinatorSplitDivider} ResizingBackgroundIMAGE_BG#199 7e95a14 com.adayo.service.log/com.adayo.log.ui.MainActivity b0c0c4d ActivityRecordInputSink com.adayo.service.log/com.adayo.log.ui.MainActivity Embedded{SplitDecorManager} d29bcae ActivityRecordInputSink com.fawvw.hmi.bev.carapp/.MainActivity ResizingBackgroundIMAGE_BG#193 Embedded{SplitDecorManager} 1c7ab70 com.fawvw.hmi.bev.splitapp/com.fawvw.hmi.bev.splitapp.MainActivity 23f3059 ActivityRecordInputSink com.fawvw.hmi.bev.splitapp/.MainActivity 253590c ActivityRecordInputSink com.fawvw.hmi.cnslauncher/.Launcher 
03-17 18:53:36.380   582  3616 E WifiHAL : Invalid data received from driver
03-17 18:53:36.381  4773  8777 I [PKIAgent:PKIClient]: pki client request, url:https://cert-uat.mosc.faw-vw.com/j01/hu/cert/api/v1/check-update data:{"vin":"-----------------","certType":"FAW_VW_PKIAGENT_CA_IVI","certVersion":20,"pkiCertVersion":5}
03-17 18:53:36.381  6654  6700 D TimerTriggerManager: init instance...
03-17 18:53:36.381  6654  6700 D TimerTriggerManager: Timer thread'TimerTriggerManager' is destroyed: false
03-17 18:53:36.381  6654  6700 D TimerTriggerManager: Timer 'onIndcnVehSpdChanged' is running: true
03-17 18:53:36.381  6654  6700 D TimerTriggerManager: Sending reset signal to timer 'onIndcnVehSpdChanged'
03-17 18:53:36.381  6654  6700 D TimerTriggerManager: Reset signal sent to timer 'onIndcnVehSpdChanged'
03-17 18:53:36.381  6654  6707 D TimerTriggerController: Reset method called for timer: onIndcnVehSpdChanged
03-17 18:53:36.381  6654  6707 D TimerTriggerController: Calling onTimerReset for timer: onIndcnVehSpdChanged
03-17 18:53:36.381  6654  6707 D TimerTriggerManager: Timer reset: onIndcnVehSpdChanged
03-17 18:53:36.381  6654  6707 I TimerTriggerController: Timer [onIndcnVehSpdChanged] reset, remaining: 1000ms, reset count: 1022
03-17 18:53:36.382  4773  8777 I [PKIAgent:PKIClient]: requestId:162b2c87-2da5-4fee-9d6d-7bfbb33d6e36
03-17 18:53:36.382  4773  8777 I [PKIAgent:PKIClient]: signt:1773744816381
03-17 18:53:36.382  4773  8777 I [PKIAgent:PKIClient]: sign:ae5c6ae5a20ff54d5ec1ea97ee93a3aa
03-17 18:53:36.382  4773  8777 I [PKIAgent:PKIClient]: Did:JETTA_HU_JBEVJ01_deviceID_v1.0.1_v0.0.1
03-17 18:53:36.383  6654  6700 D TimerTriggerManager: init instance...
03-17 18:53:36.383  6654  6700 D TimerTriggerManager: Timer thread'TimerTriggerManager' is destroyed: false
03-17 18:53:36.383  6654  6700 D TimerTriggerManager: Timer 'onMntnWarnReqChanged' is running: true
03-17 18:53:36.383  6654  6700 D TimerTriggerManager: Sending reset signal to timer 'onMntnWarnReqChanged'
03-17 18:53:36.383  6654  6700 D TimerTriggerManager: Reset signal sent to timer 'onMntnWarnReqChanged'
03-17 18:53:36.383  6654  6707 D TimerTriggerController: Reset method called for timer: onMntnWarnReqChanged
03-17 18:53:36.383  6654  6707 D TimerTriggerController: Calling onTimerReset for timer: onMntnWarnReqChanged
03-17 18:53:36.383  6654  6707 D TimerTriggerManager: Timer reset: onMntnWarnReqChanged
03-17 18:53:36.383  6654  6707 I TimerTriggerController: Timer [onMntnWarnReqChanged] reset, remaining: 5000ms, reset count: 511
03-17 18:53:36.385   580  9748 I resolv  : GetAddrInfoHandler::run: {108 786540 108 983148 1000 0}
03-17 18:53:36.385   580  9748 D resolv  : resolv_getaddrinfo: explore_fqdn(): ai_family=0 ai_socktype=1 ai_protocol=6
03-17 18:53:36.386   580  9749 D resolv  : doQuery: (1, 1)
03-17 18:53:36.386   580  9749 I resolv  : res_nmkquery: (QUERY, IN, A)
03-17 18:53:36.386   580  9749 D resolv  : res_nsend
03-17 18:53:36.386   580  9749 D resolv  : resolv_cache_lookup: lookup
03-17 18:53:36.386   580  9749 I resolv  : resolv_cache_lookup: FOUND IN CACHE entry=0xb400fa8c6d04b270
03-17 18:53:36.386   580  9749 I resolv  : doQuery: rcode=0, ancount=1, return value=58
03-17 18:53:36.387   903  4623 D InputDispatcher: setInputWindows displayId=0 8a53b79 com.adayo.service.log b2c7696 SystemUIRegionSampleHandler 3d2cd6b MosiCarBottomSystemBar 59ebcfe MosiCarTopSystemBar 3cd4c38 com.mosi.mosc.aicenter Embedded{StageCoordinatorSplitDivider} ResizingBackgroundIMAGE_BG#199 7e95a14 com.adayo.service.log/com.adayo.log.ui.MainActivity b0c0c4d ActivityRecordInputSink com.adayo.service.log/com.adayo.log.ui.MainActivity Embedded{SplitDecorManager} d29bcae ActivityRecordInputSink com.fawvw.hmi.bev.carapp/.MainActivity ResizingBackgroundIMAGE_BG#193 Embedded{SplitDecorManager} 1c7ab70 com.fawvw.hmi.bev.splitapp/com.fawvw.hmi.bev.splitapp.MainActivity 23f3059 ActivityRecordInputSink com.fawvw.hmi.bev.splitapp/.MainActivity 253590c ActivityRecordInputSink com.fawvw.hmi.cnslauncher/.Launcher 
03-17 18:53:36.388   881   893 I PerfService: perfservice: set_boost /sys/devices/system/cpu/cpufreq/policy0/scaling_min_freq min=550000
03-17 18:53:36.389  4773  8777 D okhttp.TaskRunner: Q10013 scheduled after   0 µs: a1.w connect https://cert-uat.mosc.faw-vw.com/...
03-17 18:53:36.389  4773  8827 D okhttp.TaskRunner: Q10013 starting              : a1.w connect https://cert-uat.mosc.faw-vw.com/...
03-17 18:53:36.393  4773  8827 D TrafficStats: tagSocket(54) with statsTag=0xffffffff, statsUid=-1
03-17 18:53:36.395   582   593 E WifiHAL : wifi_get_link_stats: requestResponse Error:-3
03-17 18:53:36.396   903  1251 E WifiStaIfaceAidlImpl: getLinkLayerStats failed with service-specific exception: android.os.ServiceSpecificException:  (code 4)
03-17 18:53:36.399   582  3616 E WifiHAL : Invalid data received from driver
03-17 18:53:36.399   582  3616 E WifiHAL : Invalid data received from driver
03-17 18:53:36.399   582  3616 E WifiHAL : Invalid data received from driver
03-17 18:53:36.399   582  3616 E WifiHAL : Invalid data received from driver
03-17 18:53:36.399   582  3616 E WifiHAL : Invalid data received from driver
03-17 18:53:36.400   903  1251 D WifiClientModeImpl[72500:wlan0]: updateLinkLayerStatsRssiSpeedFrequencyCapabilities rssi=-32 TxLinkspeed=39 freq=2412 RxLinkSpeed=72
03-17 18:53:36.400   903  1251 D WifiDataStall: tx tput in kbps: 49000
03-17 18:53:36.400   903  1251 D WifiDataStall: rx tput in kbps: 49000
03-17 18:53:36.401   903  1251 D WifiThroughputPredictor:  utilization (BssLoad) -1 utilization (LLStats) 80 isBluetoothConnected: false final utilization: 80
03-17 18:53:36.401   903  1251 D WifiThroughputPredictor:  airTime20: 175 airTime: 175
03-17 18:53:36.401   903  1251 D WifiThroughputPredictor:  BW: 0 RSSI: -32 Nss: 1 Mode: 4 symDur: 3600 snrDb 48 bitPerTone: 5000 rate: 72 throughput: 49
03-17 18:53:36.401   903  1251 D WifiThroughputPredictor:  utilization (BssLoad) -1 utilization (LLStats) 80 isBluetoothConnected: false final utilization: 80
03-17 18:53:36.401   903  1251 D WifiThroughputPredictor:  airTime20: 175 airTime: 175
03-17 18:53:36.401   903  1251 D WifiThroughputPredictor:  BW: 0 RSSI: -32 Nss: 1 Mode: 4 symDur: 3600 snrDb 48 bitPerTone: 5000 rate: 72 throughput: 49
03-17 18:53:36.402   903  1251 D WifiScoreCard: BSSID update SIGNAL_POLL ID: 779452451 SSID: "Cudy-6C60", BSSID: 80:af:ca:b5:6c:60, MAC: 88:e0:34:b7:61:31, IP: /192.168.10.241, Security type: 2, Supplicant state: COMPLETED, Wi-Fi standard: 4, RSSI: -32, Link speed: 39Mbps, Tx Link speed: 39Mbps, Max Supported Tx Link speed: 72Mbps, Rx Link speed: 72Mbps, Max Supported Rx Link speed: 72Mbps, Frequency: 2412MHz, Net ID: 0, Metered hint: false, score: 60, isUsable: true, CarrierMerged: false, SubscriptionId: -1, IsPrimary: 1, Trusted: true, Restricted: false, Ephemeral: false, OEM paid: false, OEM private: false, OSU AP: false, FQDN: <none>, Provider friendly name: <none>, Requesting package name: <none>"Cudy-6C60"wpa2-pskMLO Information: , Is TID-To-Link negotiation supported by the AP: false, AP MLD Address: <none>, AP MLO Link Id: <none>, AP MLO Affiliated links: <none>
03-17 18:53:36.402   903  1251 D WifiScoreCard: txRate: 86 txSpeed: 39
03-17 18:53:36.402   903  1251 D WifiScoreCard: network update SIGNAL_POLL "Cudy-6C60" ID: 746988820 RSSI -32 txSpeed 39
03-17 18:53:36.402   903  1251 D WifiClientModeImpl[72500:wlan0]:  ClientModeImpl$L2ConnectedState screen=on 3 0 "Cudy-6C60" 80:af:ca:b5:6c:60 rssi=-32 f=2412 sc=60 link=39 tx=85.3, 0.0, 0.0 rx=70.4 bcn=0 [on:0 tx:0 rx:0 period:3008] from screen [on:0 period:285575639] score=60
03-17 18:53:36.439   644   644 E fgesysctrl_hidl_hal_test1: fgesysctrl_get_signal status *value=0
03-17 18:53:36.440   649   759 D EvsApp  : CameraFgeSysctrl::fgesysctrl_get_signal_status() end ret = 1
03-17 18:53:36.440  1646  1727 I evsservice20200311: function = notifyAppDeviceValue :ADAYO_AVM_CAMERA_SIGNAL_STATE,1---
03-17 18:53:36.440  2383  2600 D AdayoDoipServer294_Doip: [ne_doip_event_loop_dispatch][line:141] : count = 0
03-17 18:53:36.442  1646  1985 E EvsServiceManager: EvsServiceManager$1->notifyDeviceValue()42:notifyDeviceValue key：ADAYO_AVM_CAMERA_SIGNAL_STATEvalue1     ---172:Thread-134
03-17 18:53:36.445   582  3616 E WifiHAL : Invalid data received from driver
03-17 18:53:36.481  6654  6700 D TimerTriggerManager: init instance...
03-17 18:53:36.481  6654  6700 D TimerTriggerManager: Timer thread'TimerTriggerManager' is destroyed: false
03-17 18:53:36.481  6654  6700 D TimerTriggerManager: Timer 'onIndcnVehSpdChanged' is running: true
03-17 18:53:36.481  6654  6700 D TimerTriggerManager: Sending reset signal to timer 'onIndcnVehSpdChanged'
03-17 18:53:36.482  6654  6700 D TimerTriggerManager: Reset signal sent to timer 'onIndcnVehSpdChanged'
03-17 18:53:36.482  6654  6707 D TimerTriggerController: Reset method called for timer: onIndcnVehSpdChanged
03-17 18:53:36.482  6654  6707 D TimerTriggerController: Calling onTimerReset for timer: onIndcnVehSpdChanged
03-17 18:53:36.482  6654  6707 D TimerTriggerManager: Timer reset: onIndcnVehSpdChanged
03-17 18:53:36.482  6654  6707 I TimerTriggerController: Timer [onIndcnVehSpdChanged] reset, remaining: 1000ms, reset count: 1023
03-17 18:53:36.487  4773  8827 D okhttp.TaskRunner: Q10013 finished run in  95 ms: a1.w connect https://cert-uat.mosc.faw-vw.com/...
03-17 18:53:36.517   642   685 I mcuc    : sd Uart data : 6AA60205A400029202BF
03-17 18:53:36.522   642   685 I mcuc    : rev uart=1518,len=18, data : 6AA68105A4000A9202000600000000000131
03-17 18:53:36.522   400   400 D adayocomadapter-ParseProtocolFunc: printRaWMsg Name[MCUToUPstream recv] len[10] data[92020006000000000001]
03-17 18:53:36.522   400   400 D adayocomadapter-CommunicationManager: onUpstreamback   member[0] dataLength[7] timePoint[150470]
03-17 18:53:36.522   400   400 D adayocomadapter-ParseProtocolFunc: printRaWMsg Name[onUpstreamback] len[7] data[06000000000001]
03-17 18:53:36.522   400   452 D adayocomadapter-UpstreamHandler: processBeforePacket upSreamtProcessTimePoint[150470] 
03-17 18:53:36.522   400   452 D adayocomadapter-UpstreamHandler: processPacket UPSTREAM_QUEUE_DATA_TIMEOUT
03-17 18:53:36.522   400   452 D adayocomadapter-ParseProtocolFunc: parseCommonIPCLBytes Processing tableNumber[6]
03-17 18:53:36.522   400   452 D adayocomadapter-ParseProtocolFunc: parseCommonIPCLBytes Processing tablename[Table-6] tableSize[7]
03-17 18:53:36.522   400   452 D adayocomadapter-ParseProtocolFunc: printRaWMsg Name[byteStream recv] len[7] data[06000000000001]
03-17 18:53:36.522   400   452 D adayocomadapter-ParseProtocolFunc: printRaWMsg Name[IPCLtoVHAL] len[7] data[21402002000100]
03-17 18:53:36.522   400   452 D adayocomadapter-ParseProtocolFunc: printRaWMsg Name[IPCLtoVHAL] len[7] data[21402020000100]
03-17 18:53:36.522   400   452 D adayocomadapter-ParseProtocolFunc: printRaWMsg Name[IPCLtoVHAL] len[7] data[21402004000100]
03-17 18:53:36.522   400   452 D adayocomadapter-ParseProtocolFunc: printRaWMsg Name[IPCLtoVHAL] len[7] data[21402009000100]
03-17 18:53:36.522   400   452 D adayocomadapter-ParseProtocolFunc: printRaWMsg Name[IPCLtoVHAL] len[7] data[21402008000100]
03-17 18:53:36.523   400   452 D adayocomadapter-CommunicationManager: onUpstreamReceive isLoss 1 mPropertyId 0x21402002
03-17 18:53:36.523   400   452 D adayocomadapter-CommunicationManager: convertBytesToInt32Memcpy  0
03-17 18:53:36.523   400   452 D vw-vhal : notifyVehicleProperty, propId = 0x21402002, data = {status: 3, int32Values: [0]}
03-17 18:53:36.523   400   452 I DefaultVehicleHal_v2_0: DefaultVehicleHal::onPropertyValue, value:{.timestamp = 150470655016, .areaId = 0, .prop = 557850626, .status = UNAVAILABLE, .value = {.int32Values = [1]{0}, .floatValues = [0]{}, .int64Values = [0]{}, .bytes = [0]{}, .stringValue = ""}}
03-17 18:53:36.523   400   452 D adayocomadapter-CommunicationManager: onUpstreamReceive mPropertyId 0x21402002
03-17 18:53:36.523   400   452 D adayocomadapter-CommunicationManager: onUpstreamReceive isLoss 1 mPropertyId 0x21402020
03-17 18:53:36.523   400   452 D adayocomadapter-CommunicationManager: convertBytesToInt32Memcpy  0
03-17 18:53:36.523   400   452 D vw-vhal : notifyVehicleProperty, propId = 0x21402020, data = {status: 3, int32Values: [0]}
03-17 18:53:36.523   400   452 I DefaultVehicleHal_v2_0: DefaultVehicleHal::onPropertyValue, value:{.timestamp = 150470801016, .areaId = 0, .prop = 557850656, .status = UNAVAILABLE, .value = {.int32Values = [1]{0}, .floatValues = [0]{}, .int64Values = [0]{}, .bytes = [0]{}, .stringValue = ""}}
03-17 18:53:36.523   400   452 D adayocomadapter-CommunicationManager: onUpstreamReceive mPropertyId 0x21402020
03-17 18:53:36.523   400   452 D adayocomadapter-CommunicationManager: onUpstreamReceive isLoss 1 mPropertyId 0x21402004
03-17 18:53:36.523   400   452 D adayocomadapter-CommunicationManager: convertBytesToInt32Memcpy  0
03-17 18:53:36.523   400   452 D vw-vhal : notifyVehicleProperty, propId = 0x21402004, data = {status: 3, int32Values: [0]}
03-17 18:53:36.523   400   452 I DefaultVehicleHal_v2_0: DefaultVehicleHal::onPropertyValue, value:{.timestamp = 150470914683, .areaId = 0, .prop = 557850628, .status = UNAVAILABLE, .value = {.int32Values = [1]{0}, .floatValues = [0]{}, .int64Values = [0]{}, .bytes = [0]{}, .stringValue = ""}}
03-17 18:53:36.523   400   452 D adayocomadapter-CommunicationManager: onUpstreamReceive mPropertyId 0x21402004
03-17 18:53:36.523   400   452 D adayocomadapter-CommunicationManager: onUpstreamReceive isLoss 1 mPropertyId 0x21402009
03-17 18:53:36.523   400   452 D adayocomadapter-CommunicationManager: convertBytesToInt32Memcpy  0
03-17 18:53:36.523   400   452 D vw-vhal : notifyVehicleProperty, propId = 0x21402009, data = {status: 3, int32Values: [0]}
03-17 18:53:36.523   400   452 I DefaultVehicleHal_v2_0: DefaultVehicleHal::onPropertyValue, value:{.timestamp = 150471040683, .areaId = 0, .prop = 557850633, .status = UNAVAILABLE, .value = {.int32Values = [1]{0}, .floatValues = [0]{}, .int64Values = [0]{}, .bytes = [0]{}, .stringValue = ""}}
03-17 18:53:36.523   400   452 D adayocomadapter-CommunicationManager: onUpstreamReceive mPropertyId 0x21402009
03-17 18:53:36.523   400   452 D adayocomadapter-CommunicationManager: onUpstreamReceive isLoss 1 mPropertyId 0x21402008
03-17 18:53:36.523   400   452 D adayocomadapter-CommunicationManager: convertBytesToInt32Memcpy  0
03-17 18:53:36.523   400   452 D vw-vhal : notifyVehicleProperty, propId = 0x21402008, data = {status: 3, int32Values: [0]}
03-17 18:53:36.523   400   452 I DefaultVehicleHal_v2_0: DefaultVehicleHal::onPropertyValue, value:{.timestamp = 150471150683, .areaId = 0, .prop = 557850632, .status = UNAVAILABLE, .value = {.int32Values = [1]{0}, .floatValues = [0]{}, .int64Values = [0]{}, .bytes = [0]{}, .stringValue = ""}}
03-17 18:53:36.523   400   452 D adayocomadapter-CommunicationManager: onUpstreamReceive mPropertyId 0x21402008
03-17 18:53:36.530  2106  2460 D CAR.DIAGNOSTIC: Entry - Type: 0x01, ServiceId: 0x2048, InstanceId: 0x0001, MajorVersion: 0x01FFFFFF, TTL: 0
03-17 18:53:36.530  2106  2450 D CAR.DIAGNOSTIC: Entry - Type: 0x01, ServiceId: 0x2048, InstanceId: 0x0001, MajorVersion: 0x01FFFFFF, TTL: 0
03-17 18:53:36.531  2106  2458 D CAR.DIAGNOSTIC: Entry - Type: 0x01, ServiceId: 0x2048, InstanceId: 0x0001, MajorVersion: 0x01FFFFFF, TTL: 0
03-17 18:53:36.531  2106  2460 D CAR.DIAGNOSTIC: Entry - Type: 0x01, ServiceId: 0x5555, InstanceId: 0x0001, MajorVersion: 0x01FFFFFF, TTL: 0
03-17 18:53:36.531  2106  2458 D CAR.DIAGNOSTIC: Entry - Type: 0x01, ServiceId: 0x5555, InstanceId: 0x0001, MajorVersion: 0x01FFFFFF, TTL: 0
03-17 18:53:36.531  2106  2460 W CAR.DIAGNOSTIC: Not enough data for option indices: needed 128, remaining 52
03-17 18:53:36.531  2106  2450 D CAR.DIAGNOSTIC: Entry - Type: 0x01, ServiceId: 0x5555, InstanceId: 0x0001, MajorVersion: 0x01FFFFFF, TTL: 0
03-17 18:53:36.531  2106  2458 W CAR.DIAGNOSTIC: Not enough data for option indices: needed 128, remaining 52
03-17 18:53:36.531  2106  2450 W CAR.DIAGNOSTIC: Not enough data for option indices: needed 128, remaining 52
03-17 18:53:36.531  1566  3186 D TboxNetworkManager: tboxNetworkbinder=null
03-17 18:53:36.537   679  1495 I gps_hdbd: [gps_upgrade_thread 3403]Enter
03-17 18:53:36.537   679  1495 I gps_hdbd: [gps_upgrade_thread 3432] sys.gps.update:0 ,file:not ,upgrate_ing:0
03-17 18:53:36.540  2383  2600 D AdayoDoipServer294_Doip: [ne_doip_event_loop_dispatch][line:141] : count = 0
03-17 18:53:36.544   582  3616 E WifiHAL : Invalid data received from driver
03-17 18:53:36.570  4773  8777 E [PKIAgent:PKIClient]: pki server response, sent to pki server exception
03-17 18:53:36.570  4773  8777 E [PKIAgent:PKIClient]: java.security.cert.CertPathValidatorException: Trust anchor for certification path not found.
03-17 18:53:36.570  4773  8829 D SecurelogManager: packet_and_send_secure_log 
03-17 18:53:36.570  4773  8829 I SecurelogManager: Current process UID: 1000
03-17 18:53:36.570  4773  8777 I [PKIAgent:PKIClient]: communicate with pki server failed, retry times: 13
03-17 18:53:36.570  1603  1722 E ADAYO_LOG_: sendLog(LogServiceImpl.java:4)sendLog
03-17 18:53:36.570  1603  1722 E ADAYO_LOG_: sendLog(LogServiceImpl.java:16)writeIdsFile event_type： TLS_ERROR_EVENT
03-17 18:53:36.571  4773  8829 D [PKIAgent][SecurityLog]: securityLog event:18 result:3 detail:tls failed: java.security.cert.CertPathValidatorException: Trust anchor for certification path not found.
03-17 18:53:36.583  6654  6700 D TimerTriggerManager: init instance...
03-17 18:53:36.584  6654  6700 D TimerTriggerManager: Timer thread'TimerTriggerManager' is destroyed: false
03-17 18:53:36.584  6654  6700 D TimerTriggerManager: Timer 'onIndcnVehSpdChanged' is running: true
03-17 18:53:36.584  6654  6700 D TimerTriggerManager: Sending reset signal to timer 'onIndcnVehSpdChanged'
03-17 18:53:36.584  6654  6700 D TimerTriggerManager: Reset signal sent to timer 'onIndcnVehSpdChanged'
03-17 18:53:36.584  6654  6707 D TimerTriggerController: Reset method called for timer: onIndcnVehSpdChanged
03-17 18:53:36.584  6654  6707 D TimerTriggerController: Calling onTimerReset for timer: onIndcnVehSpdChanged
03-17 18:53:36.584  6654  6707 D TimerTriggerManager: Timer reset: onIndcnVehSpdChanged
03-17 18:53:36.584  6654  6707 I TimerTriggerController: Timer [onIndcnVehSpdChanged] reset, remaining: 1000ms, reset count: 1024
03-17 18:53:36.586  6654  6700 D TimerTriggerManager: init instance...
03-17 18:53:36.586  6654  6700 D TimerTriggerManager: Timer thread'TimerTriggerManager' is destroyed: false
03-17 18:53:36.586  6654  6700 D TimerTriggerManager: Timer 'onMntnWarnReqChanged' is running: true
03-17 18:53:36.586  6654  6700 D TimerTriggerManager: Sending reset signal to timer 'onMntnWarnReqChanged'
03-17 18:53:36.586  6654  6700 D TimerTriggerManager: Reset signal sent to timer 'onMntnWarnReqChanged'
03-17 18:53:36.586  6654  6707 D TimerTriggerController: Reset method called for timer: onMntnWarnReqChanged
03-17 18:53:36.586  6654  6707 D TimerTriggerController: Calling onTimerReset for timer: onMntnWarnReqChanged
03-17 18:53:36.586  6654  6707 D TimerTriggerManager: Timer reset: onMntnWarnReqChanged
03-17 18:53:36.587  6654  6707 I TimerTriggerController: Timer [onMntnWarnReqChanged] reset, remaining: 5000ms, reset count: 512
03-17 18:53:36.605   582  3616 E WifiHAL : Invalid data received from driver
01-01 08:02:31.755   709   709 I [schedu][0x8f940bc][10:53:36.605218] qcn7605: [709:I:PE] lim_process_action_frame_no_session: Unhandled action frame without session: 7f
03-17 18:53:36.641  2383  2600 D AdayoDoipServer294_Doip: [ne_doip_event_loop_dispatch][line:141] : count = 0
03-17 18:53:36.651   582  3616 E WifiHAL : Invalid data received from driver
03-17 18:53:36.652   582  3616 E WifiHAL : Invalid data received from driver
03-17 18:53:36.652   582  3616 E WifiHAL : Invalid data received from driver
03-17 18:53:36.652   582  3616 E WifiHAL : Invalid data received from driver
03-17 18:53:36.652   582  3616 E WifiHAL : Invalid data received from driver
03-17 18:53:36.652   582  3616 E WifiHAL : Invalid data received from driver
03-17 18:53:36.652   582  3616 E WifiHAL : Invalid data received from driver
03-17 18:53:36.652   582  3616 E WifiHAL : Invalid data received from driver
03-17 18:53:36.680   642   685 I mcuc    : sd Uart data : 6AA60205A500029202BE
03-17 18:53:36.681  6654  6700 D TimerTriggerManager: init instance...
03-17 18:53:36.681  6654  6700 D TimerTriggerManager: Timer thread'TimerTriggerManager' is destroyed: false
03-17 18:53:36.682  6654  6700 D TimerTriggerManager: Timer 'onIndcnVehSpdChanged' is running: true
03-17 18:53:36.682  6654  6700 D TimerTriggerManager: Sending reset signal to timer 'onIndcnVehSpdChanged'
03-17 18:53:36.682  6654  6700 D TimerTriggerManager: Reset signal sent to timer 'onIndcnVehSpdChanged'
03-17 18:53:36.682  6654  6707 D TimerTriggerController: Reset method called for timer: onIndcnVehSpdChanged
03-17 18:53:36.682  6654  6707 D TimerTriggerController: Calling onTimerReset for timer: onIndcnVehSpdChanged
03-17 18:53:36.682  6654  6707 D TimerTriggerManager: Timer reset: onIndcnVehSpdChanged
03-17 18:53:36.682  6654  6707 I TimerTriggerController: Timer [onIndcnVehSpdChanged] reset, remaining: 1000ms, reset count: 1025
03-17 18:53:36.682  1566  2651 D TboxNetworkManager: tboxNetworkbinder=null
03-17 18:53:36.686   642   685 I mcuc    : rev uart=1519,len=57, data : 6AA68105A50031920200114C465630314C5954455354564C4E30333000000000000000000000007F000100000000000007FE000101010101C4
03-17 18:53:36.686   400   400 D adayocomadapter-ParseProtocolFunc: printRaWMsg Name[MCUToUPstream recv] len[49] data[920200114C465630314C5954455354564C4E30333000000000000000000000007F000100000000000007FE000101010101]
03-17 18:53:36.686   400   400 D adayocomadapter-CommunicationManager: onUpstreamback   member[0] dataLength[46] timePoint[150634]
03-17 18:53:36.686   400   400 D adayocomadapter-ParseProtocolFunc: printRaWMsg Name[onUpstreamback] len[46] data[114C465630314C5954455354564C4E30333000000000000000000000007F000100000000000007FE000101010101]
03-17 18:53:36.686   400   452 D adayocomadapter-UpstreamHandler: processBeforePacket upSreamtProcessTimePoint[150634] 
03-17 18:53:36.686   400   452 D adayocomadapter-UpstreamHandler: processPacket UPSTREAM_QUEUE_DATA_TIMEOUT
03-17 18:53:36.686   400   452 D adayocomadapter-ParseProtocolFunc: parseCommonIPCLBytes Processing tableNumber[17]
03-17 18:53:36.686   400   452 D adayocomadapter-ParseProtocolFunc: parseCommonIPCLBytes Processing tablename[Table-17] tableSize[46]
03-17 18:53:36.686   400   452 D adayocomadapter-ParseProtocolFunc: printRaWMsg Name[byteStream recv] len[46] data[114C465630314C5954455354564C4E30333000000000000000000000007F000100000000000007FE000101010101]
03-17 18:53:36.686   400   452 D adayocomadapter-ParseProtocolFunc: printRaWMsg Name[IPCLtoVHAL] len[23] data[2110204701014C465630314C5954455354564C4E303330]
03-17 18:53:36.686   400   452 D adayocomadapter-ParseProtocolFunc: printRaWMsg Name[IPCLtoVHAL] len[7] data[21402013000100]
03-17 18:53:36.686   400   452 D adayocomadapter-ParseProtocolFunc: printRaWMsg Name[IPCLtoVHAL] len[7] data[2140216C000100]
03-17 18:53:36.686   400   452 D adayocomadapter-ParseProtocolFunc: printRaWMsg Name[IPCLtoVHAL] len[7] data[214020A6000100]
03-17 18:53:36.686   400   452 D adayocomadapter-ParseProtocolFunc: printRaWMsg Name[IPCLtoVHAL] len[7] data[214020FC000100]
03-17 18:53:36.687   400   452 D adayocomadapter-ParseProtocolFunc: printRaWMsg Name[IPCLtoVHAL] len[7] data[21402108000100]
03-17 18:53:36.687   400   452 D adayocomadapter-ParseProtocolFunc: printRaWMsg Name[IPCLtoVHAL] len[7] data[2140210A000100]
03-17 18:53:36.687   400   452 D adayocomadapter-ParseProtocolFunc: printRaWMsg Name[IPCLtoVHAL] len[7] data[2140202400017F]
03-17 18:53:36.687   400   452 D adayocomadapter-ParseProtocolFunc: printRaWMsg Name[IPCLtoVHAL] len[7] data[21402120000100]
03-17 18:53:36.687   400   452 D adayocomadapter-ParseProtocolFunc: printRaWMsg Name[IPCLtoVHAL] len[7] data[21402109000100]
03-17 18:53:36.687   400   452 D adayocomadapter-ParseProtocolFunc: printRaWMsg Name[IPCLtoVHAL] len[7] data[214020A7000100]
03-17 18:53:36.687   400   452 D adayocomadapter-ParseProtocolFunc: printRaWMsg Name[IPCLtoVHAL] len[7] data[2140212E000100]
03-17 18:53:36.687   400   452 D adayocomadapter-ParseProtocolFunc: printRaWMsg Name[IPCLtoVHAL] len[7] data[2140205F000100]
03-17 18:53:36.687   400   452 D adayocomadapter-ParseProtocolFunc: printRaWMsg Name[IPCLtoVHAL] len[7] data[21402100000100]
03-17 18:53:36.687   400   452 D adayocomadapter-ParseProtocolFunc: printRaWMsg Name[IPCLtoVHAL] len[8] data[214021A1000107FE]
03-17 18:53:36.687   400   452 D adayocomadapter-ParseProtocolFunc: printRaWMsg Name[IPCLtoVHAL] len[7] data[21402027000100]
03-17 18:53:36.687   400   452 D adayocomadapter-ParseProtocolFunc: printRaWMsg Name[IPCLtoVHAL] len[7] data[21402180000100]
03-17 18:53:36.687   400   452 D adayocomadapter-ParseProtocolFunc: printRaWMsg Name[IPCLtoVHAL] len[7] data[2140210B000100]
03-17 18:53:36.687   400   452 D adayocomadapter-ParseProtocolFunc: printRaWMsg Name[IPCLtoVHAL] len[7] data[2140217E000100]
03-17 18:53:36.687   400   452 D adayocomadapter-ParseProtocolFunc: printRaWMsg Name[IPCLtoVHAL] len[7] data[214020FE000101]
03-17 18:53:36.687   400   452 D adayocomadapter-ParseProtocolFunc: printRaWMsg Name[IPCLtoVHAL] len[7] data[214020FF000100]
03-17 18:53:36.687   400   452 D adayocomadapter-ParseProtocolFunc: printRaWMsg Name[IPCLtoVHAL] len[7] data[21402182000100]
03-17 18:53:36.687   400   452 D adayocomadapter-ParseProtocolFunc: printRaWMsg Name[IPCLtoVHAL] len[7] data[2140210C000100]
03-17 18:53:36.687   400   452 D adayocomadapter-CommunicationManager: onUpstreamReceive isLoss 1 mPropertyId 0x21102047
03-17 18:53:36.687   400   452 D adayocomadapter-CommunicationManager: byteArrayToHexString  LFV01LYTESTVLN030
03-17 18:53:36.687   400   452 D vw-vhal : notifyVehicleProperty, propId = 0x21102047, data = {status: 3, stringValue: "LFV01LYTESTVLN030"}
03-17 18:53:36.687   400   452 I DefaultVehicleHal_v2_0: DefaultVehicleHal::onPropertyValue, value:{.timestamp = 150634982016, .areaId = 0, .prop = 554704967, .status = UNAVAILABLE, .value = {.int32Values = [0]{}, .floatValues = [0]{}, .int64Values = [0]{}, .bytes = [0]{}, .stringValue = "LFV01LYTESTVLN030"}}
03-17 18:53:36.687   400   452 D adayocomadapter-CommunicationManager: onUpstreamReceive mPropertyId 0x21102047
03-17 18:53:36.687   400   452 D adayocomadapter-CommunicationManager: onUpstreamReceive isLoss 1 mPropertyId 0x21402013
03-17 18:53:36.687   400   452 D adayocomadapter-CommunicationManager: convertBytesToInt32Memcpy  0
03-17 18:53:36.687   400   452 D vw-vhal : notifyVehicleProperty, propId = 0x21402013, data = {status: 3, int32Values: [0]}
03-17 18:53:36.687   400   452 I DefaultVehicleHal_v2_0: DefaultVehicleHal::onPropertyValue, value:{.timestamp = 150635135016, .areaId = 0, .prop = 557850643, .status = UNAVAILABLE, .value = {.int32Values = [1]{0}, .floatValues = [0]{}, .int64Values = [0]{}, .bytes = [0]{}, .stringValue = ""}}
03-17 18:53:36.687   400   452 D adayocomadapter-CommunicationManager: onUpstreamReceive mPropertyId 0x21402013
03-17 18:53:36.687   400   452 D adayocomadapter-CommunicationManager: onUpstreamReceive isLoss 1 mPropertyId 0x2140216c
03-17 18:53:36.687   400   452 D adayocomadapter-CommunicationManager: convertBytesToInt32Memcpy  0
03-17 18:53:36.687   400   452 D vw-vhal : notifyVehicleProperty, propId = 0x2140216c, data = {status: 3, int32Values: [0]}
03-17 18:53:36.687   400   452 I DefaultVehicleHal_v2_0: DefaultVehicleHal::onPropertyValue, value:{.timestamp = 150635257683, .areaId = 0, .prop = 557850988, .status = UNAVAILABLE, .value = {.int32Values = [1]{0}, .floatValues = [0]{}, .int64Values = [0]{}, .bytes = [0]{}, .stringValue = ""}}
03-17 18:53:36.687   400   452 D adayocomadapter-CommunicationManager: onUpstreamReceive mPropertyId 0x2140216c
03-17 18:53:36.687   400   452 D adayocomadapter-CommunicationManager: onUpstreamReceive isLoss 1 mPropertyId 0x214020a6
03-17 18:53:36.687   400   452 D adayocomadapter-CommunicationManager: convertBytesToInt32Memcpy  0
03-17 18:53:36.687   400   452 D vw-vhal : notifyVehicleProperty, propId = 0x214020a6, data = {status: 3, int32Values: [0]}
03-17 18:53:36.687   400   452 I DefaultVehicleHal_v2_0: DefaultVehicleHal::onPropertyValue, value:{.timestamp = 150635369349, .areaId = 0, .prop = 557850790, .status = UNAVAILABLE, .value = {.int32Values = [1]{0}, .floatValues = [0]{}, .int64Values = [0]{}, .bytes = [0]{}, .stringValue = ""}}
03-17 18:53:36.687   400   452 D adayocomadapter-CommunicationManager: onUpstreamReceive mPropertyId 0x214020a6
03-17 18:53:36.687   400   452 D adayocomadapter-CommunicationManager: onUpstreamReceive isLoss 1 mPropertyId 0x214020fc
03-17 18:53:36.687   400   452 D adayocomadapter-CommunicationManager: convertBytesToInt32Memcpy  0
03-17 18:53:36.687   400   452 D vw-vhal : notifyVehicleProperty, propId = 0x214020fc, data = {status: 3, int32Values: [0]}
03-17 18:53:36.687   400   452 I DefaultVehicleHal_v2_0: DefaultVehicleHal::onPropertyValue, value:{.timestamp = 150635478016, .areaId = 0, .prop = 557850876, .status = UNAVAILABLE, .value = {.int32Values = [1]{0}, .floatValues = [0]{}, .int64Values = [0]{}, .bytes = [0]{}, .stringValue = ""}}
03-17 18:53:36.687   400   452 D adayocomadapter-CommunicationManager: onUpstreamReceive mPropertyId 0x214020fc
03-17 18:53:36.687   400   452 D adayocomadapter-CommunicationManager: onUpstreamReceive isLoss 1 mPropertyId 0x21402108
03-17 18:53:36.688   400   452 D adayocomadapter-CommunicationManager: convertBytesToInt32Memcpy  0
03-17 18:53:36.688   400   452 D vw-vhal : notifyVehicleProperty, propId = 0x21402108, data = {status: 3, int32Values: [0]}
03-17 18:53:36.688   400   452 I DefaultVehicleHal_v2_0: DefaultVehicleHal::onPropertyValue, value:{.timestamp = 150635590683, .areaId = 0, .prop = 557850888, .status = UNAVAILABLE, .value = {.int32Values = [1]{0}, .floatValues = [0]{}, .int64Values = [0]{}, .bytes = [0]{}, .stringValue = ""}}
03-17 18:53:36.688   400   452 D adayocomadapter-CommunicationManager: onUpstreamReceive mPropertyId 0x21402108
03-17 18:53:36.688   400   452 D adayocomadapter-CommunicationManager: onUpstreamReceive isLoss 1 mPropertyId 0x2140210a
03-17 18:53:36.688   400   452 D adayocomadapter-CommunicationManager: convertBytesToInt32Memcpy  0
03-17 18:53:36.688   400   452 D vw-vhal : notifyVehicleProperty, propId = 0x2140210a, data = {status: 3, int32Values: [0]}
03-17 18:53:36.688   400   452 I DefaultVehicleHal_v2_0: DefaultVehicleHal::onPropertyValue, value:{.timestamp = 150635696016, .areaId = 0, .prop = 557850890, .status = UNAVAILABLE, .value = {.int32Values = [1]{0}, .floatValues = [0]{}, .int64Values = [0]{}, .bytes = [0]{}, .stringValue = ""}}
03-17 18:53:36.688   400   452 D adayocomadapter-CommunicationManager: onUpstreamReceive mPropertyId 0x2140210a
03-17 18:53:36.688   400   452 D adayocomadapter-CommunicationManager: onUpstreamReceive isLoss 1 mPropertyId 0x21402024
03-17 18:53:36.688   400   452 D adayocomadapter-CommunicationManager: convertBytesToInt32Memcpy  127
03-17 18:53:36.688   400   452 D vw-vhal : notifyVehicleProperty, propId = 0x21402024, data = {status: 3, int32Values: [127]}
03-17 18:53:36.688   400   452 I DefaultVehicleHal_v2_0: DefaultVehicleHal::onPropertyValue, value:{.timestamp = 150635801683, .areaId = 0, .prop = 557850660, .status = UNAVAILABLE, .value = {.int32Values = [1]{127}, .floatValues = [0]{}, .int64Values = [0]{}, .bytes = [0]{}, .stringValue = ""}}
03-17 18:53:36.688   400   452 D adayocomadapter-CommunicationManager: onUpstreamReceive mPropertyId 0x21402024
03-17 18:53:36.688   400   452 D adayocomadapter-CommunicationManager: onUpstreamReceive isLoss 1 mPropertyId 0x21402120
03-17 18:53:36.688   400   452 D adayocomadapter-CommunicationManager: convertBytesToInt32Memcpy  0
03-17 18:53:36.688   400   452 D vw-vhal : notifyVehicleProperty, propId = 0x21402120, data = {status: 3, int32Values: [0]}
03-17 18:53:36.688   400   452 I DefaultVehicleHal_v2_0: DefaultVehicleHal::onPropertyValue, value:{.timestamp = 150635908683, .areaId = 0, .prop = 557850912, .status = UNAVAILABLE, .value = {.int32Values = [1]{0}, .floatValues = [0]{}, .int64Values = [0]{}, .bytes = [0]{}, .stringValue = ""}}
03-17 18:53:36.688   400   452 D adayocomadapter-CommunicationManager: onUpstreamReceive mPropertyId 0x21402120
03-17 18:53:36.688   400   452 D adayocomadapter-CommunicationManager: onUpstreamReceive isLoss 1 mPropertyId 0x21402109
03-17 18:53:36.688   400   452 D adayocomadapter-CommunicationManager: convertBytesToInt32Memcpy  0
03-17 18:53:36.688   400   452 D vw-vhal : notifyVehicleProperty, propId = 0x21402109, data = {status: 3, int32Values: [0]}
03-17 18:53:36.688   400   452 I DefaultVehicleHal_v2_0: DefaultVehicleHal::onPropertyValue, value:{.timestamp = 150636042016, .areaId = 0, .prop = 557850889, .status = UNAVAILABLE, .value = {.int32Values = [1]{0}, .floatValues = [0]{}, .int64Values = [0]{}, .bytes = [0]{}, .stringValue = ""}}
03-17 18:53:36.688   400   452 D adayocomadapter-CommunicationManager: onUpstreamReceive mPropertyId 0x21402109
03-17 18:53:36.688   400   452 D adayocomadapter-CommunicationManager: onUpstreamReceive isLoss 1 mPropertyId 0x214020a7
03-17 18:53:36.688   400   452 D adayocomadapter-CommunicationManager: convertBytesToInt32Memcpy  0
03-17 18:53:36.688   400   452 D vw-vhal : notifyVehicleProperty, propId = 0x214020a7, data = {status: 3, int32Values: [0]}
03-17 18:53:36.688   400   452 I DefaultVehicleHal_v2_0: DefaultVehicleHal::onPropertyValue, value:{.timestamp = 150636171683, .areaId = 0, .prop = 557850791, .status = UNAVAILABLE, .value = {.int32Values = [1]{0}, .floatValues = [0]{}, .int64Values = [0]{}, .bytes = [0]{}, .stringValue = ""}}
03-17 18:53:36.688   400   452 D adayocomadapter-CommunicationManager: onUpstreamReceive mPropertyId 0x214020a7
03-17 18:53:36.688   400   452 D adayocomadapter-CommunicationManager: onUpstreamReceive isLoss 1 mPropertyId 0x2140212e
03-17 18:53:36.688   400   452 D adayocomadapter-CommunicationManager: convertBytesToInt32Memcpy  0
03-17 18:53:36.688   400   452 D vw-vhal : notifyVehicleProperty, propId = 0x2140212e, data = {status: 3, int32Values: [0]}
03-17 18:53:36.688   400   452 I DefaultVehicleHal_v2_0: DefaultVehicleHal::onPropertyValue, value:{.timestamp = 150636295016, .areaId = 0, .prop = 557850926, .status = UNAVAILABLE, .value = {.int32Values = [1]{0}, .floatValues = [0]{}, .int64Values = [0]{}, .bytes = [0]{}, .stringValue = ""}}
03-17 18:53:36.688   400   452 D adayocomadapter-CommunicationManager: onUpstreamReceive mPropertyId 0x2140212e
03-17 18:53:36.688   400   452 D adayocomadapter-CommunicationManager: onUpstreamReceive isLoss 1 mPropertyId 0x2140205f
03-17 18:53:36.688   400   452 D adayocomadapter-CommunicationManager: convertBytesToInt32Memcpy  0
03-17 18:53:36.688   400   452 D vw-vhal : notifyVehicleProperty, propId = 0x2140205f, data = {status: 3, int32Values: [0]}
03-17 18:53:36.688   400   452 I DefaultVehicleHal_v2_0: DefaultVehicleHal::onPropertyValue, value:{.timestamp = 150636400016, .areaId = 0, .prop = 557850719, .status = UNAVAILABLE, .value = {.int32Values = [1]{0}, .floatValues = [0]{}, .int64Values = [0]{}, .bytes = [0]{}, .stringValue = ""}}
03-17 18:53:36.688   400   452 D adayocomadapter-CommunicationManager: onUpstreamReceive mPropertyId 0x2140205f
03-17 18:53:36.688   400   452 D adayocomadapter-CommunicationManager: onUpstreamReceive isLoss 1 mPropertyId 0x21402100
03-17 18:53:36.688   400   452 D adayocomadapter-CommunicationManager: convertBytesToInt32Memcpy  0
03-17 18:53:36.688   400   452 D vw-vhal : notifyVehicleProperty, propId = 0x21402100, data = {status: 3, int32Values: [0]}
03-17 18:53:36.688   400   452 I DefaultVehicleHal_v2_0: DefaultVehicleHal::onPropertyValue, value:{.timestamp = 150636506016, .areaId = 0, .prop = 557850880, .status = UNAVAILABLE, .value = {.int32Values = [1]{0}, .floatValues = [0]{}, .int64Values = [0]{}, .bytes = [0]{}, .stringValue = ""}}
03-17 18:53:36.689   400   452 D adayocomadapter-CommunicationManager: onUpstreamReceive mPropertyId 0x21402100
03-17 18:53:36.689   400   452 D adayocomadapter-CommunicationManager: onUpstreamReceive isLoss 1 mPropertyId 0x214021a1
03-17 18:53:36.689   400   452 D adayocomadapter-CommunicationManager: convertBytesToInt32Memcpy  2046
03-17 18:53:36.689   400   452 D vw-vhal : notifyVehicleProperty, propId = 0x214021a1, data = {status: 3, int32Values: [2046]}
03-17 18:53:36.689   400   452 I DefaultVehicleHal_v2_0: DefaultVehicleHal::onPropertyValue, value:{.timestamp = 150636621016, .areaId = 0, .prop = 557851041, .status = UNAVAILABLE, .value = {.int32Values = [1]{2046}, .floatValues = [0]{}, .int64Values = [0]{}, .bytes = [0]{}, .stringValue = ""}}
03-17 18:53:36.689   400   452 D adayocomadapter-CommunicationManager: onUpstreamReceive mPropertyId 0x214021a1
03-17 18:53:36.689   400   452 D adayocomadapter-CommunicationManager: onUpstreamReceive isLoss 1 mPropertyId 0x21402027
03-17 18:53:36.689   400   452 D adayocomadapter-CommunicationManager: convertBytesToInt32Memcpy  0
03-17 18:53:36.689   400   452 D vw-vhal : notifyVehicleProperty, propId = 0x21402027, data = {status: 3, int32Values: [0]}
03-17 18:53:36.689   400   452 I DefaultVehicleHal_v2_0: DefaultVehicleHal::onPropertyValue, value:{.timestamp = 150636743683, .areaId = 0, .prop = 557850663, .status = UNAVAILABLE, .value = {.int32Values = [1]{0}, .floatValues = [0]{}, .int64Values = [0]{}, .bytes = [0]{}, .stringValue = ""}}
03-17 18:53:36.689   400   452 D adayocomadapter-CommunicationManager: onUpstreamReceive mPropertyId 0x21402027
03-17 18:53:36.689   400   452 D adayocomadapter-CommunicationManager: onUpstreamReceive isLoss 1 mPropertyId 0x21402180
03-17 18:53:36.689   400   452 D adayocomadapter-CommunicationManager: convertBytesToInt32Memcpy  0
03-17 18:53:36.689   400   452 D vw-vhal : notifyVehicleProperty, propId = 0x21402180, data = {status: 3, int32Values: [0]}
