03-17 18:53:37.236   400   452 D adayocomadapter-CommunicationManager: convertBytesToInt32Memcpy  0
03-17 18:53:37.236   400   452 D vw-vhal : notifyVehicleProperty, propId = 0x214020f1, data = {status: 3, int32Values: [0]}
03-17 18:53:37.236   400   452 I DefaultVehicleHal_v2_0: DefaultVehicleHal::onPropertyValue, value:{.timestamp = 151183936016, .areaId = 0, .prop = 557850865, .status = UNAVAILABLE, .value = {.int32Values = [1]{0}, .floatValues = [0]{}, .int64Values = [0]{}, .bytes = [0]{}, .stringValue = ""}}
03-17 18:53:37.236   400   452 D adayocomadapter-CommunicationManager: onUpstreamReceive mPropertyId 0x214020f1
03-17 18:53:37.236   400   452 D adayocomadapter-CommunicationManager: onUpstreamReceive isLoss 1 mPropertyId 0x21402112
03-17 18:53:37.236   400   452 D adayocomadapter-CommunicationManager: convertBytesToInt32Memcpy  0
03-17 18:53:37.236   400   452 D vw-vhal : notifyVehicleProperty, propId = 0x21402112, data = {status: 3, int32Values: [0]}
03-17 18:53:37.236   400   452 I DefaultVehicleHal_v2_0: DefaultVehicleHal::onPropertyValue, value:{.timestamp = 151184071349, .areaId = 0, .prop = 557850898, .status = UNAVAILABLE, .value = {.int32Values = [1]{0}, .floatValues = [0]{}, .int64Values = [0]{}, .bytes = [0]{}, .stringValue = ""}}
03-17 18:53:37.236   400   452 D adayocomadapter-CommunicationManager: onUpstreamReceive mPropertyId 0x21402112
03-17 18:53:37.236   400   452 D adayocomadapter-CommunicationManager: onUpstreamReceive isLoss 1 mPropertyId 0x2140219f
03-17 18:53:37.236   400   452 D adayocomadapter-CommunicationManager: convertBytesToInt32Memcpy  0
03-17 18:53:37.236   400   452 D vw-vhal : notifyVehicleProperty, propId = 0x2140219f, data = {status: 3, int32Values: [0]}
03-17 18:53:37.236   400   452 I DefaultVehicleHal_v2_0: DefaultVehicleHal::onPropertyValue, value:{.timestamp = 151184180683, .areaId = 0, .prop = 557851039, .status = UNAVAILABLE, .value = {.int32Values = [1]{0}, .floatValues = [0]{}, .int64Values = [0]{}, .bytes = [0]{}, .stringValue = ""}}
03-17 18:53:37.236   400   452 D adayocomadapter-CommunicationManager: onUpstreamReceive mPropertyId 0x2140219f
03-17 18:53:37.236   400   452 D adayocomadapter-CommunicationManager: onUpstreamReceive isLoss 1 mPropertyId 0x21402139
03-17 18:53:37.236   400   452 D adayocomadapter-CommunicationManager: convertBytesToInt32Memcpy  0
03-17 18:53:37.236   400   452 D vw-vhal : notifyVehicleProperty, propId = 0x21402139, data = {status: 3, int32Values: [0]}
03-17 18:53:37.236   400   452 I DefaultVehicleHal_v2_0: DefaultVehicleHal::onPropertyValue, value:{.timestamp = 151184286683, .areaId = 0, .prop = 557850937, .status = UNAVAILABLE, .value = {.int32Values = [1]{0}, .floatValues = [0]{}, .int64Values = [0]{}, .bytes = [0]{}, .stringValue = ""}}
03-17 18:53:37.236   400   452 D adayocomadapter-CommunicationManager: onUpstreamReceive mPropertyId 0x21402139
03-17 18:53:37.236   400   452 D adayocomadapter-CommunicationManager: onUpstreamReceive isLoss 1 mPropertyId 0x21402025
03-17 18:53:37.236   400   452 D adayocomadapter-CommunicationManager: convertBytesToInt32Memcpy  0
03-17 18:53:37.236   400   452 D vw-vhal : notifyVehicleProperty, propId = 0x21402025, data = {status: 3, int32Values: [0]}
03-17 18:53:37.236   400   452 I DefaultVehicleHal_v2_0: DefaultVehicleHal::onPropertyValue, value:{.timestamp = 151184392683, .areaId = 0, .prop = 557850661, .status = UNAVAILABLE, .value = {.int32Values = [1]{0}, .floatValues = [0]{}, .int64Values = [0]{}, .bytes = [0]{}, .stringValue = ""}}
03-17 18:53:37.236   400   452 D adayocomadapter-CommunicationManager: onUpstreamReceive mPropertyId 0x21402025
03-17 18:53:37.236   400   452 D adayocomadapter-CommunicationManager: onUpstreamReceive isLoss 1 mPropertyId 0x21402033
03-17 18:53:37.236   400   452 D adayocomadapter-CommunicationManager: convertBytesToInt32Memcpy  16777215
03-17 18:53:37.236   400   452 D vw-vhal : notifyVehicleProperty, propId = 0x21402033, data = {status: 3, int32Values: [16777215]}
03-17 18:53:37.236   400   452 I DefaultVehicleHal_v2_0: DefaultVehicleHal::onPropertyValue, value:{.timestamp = 151184499016, .areaId = 0, .prop = 557850675, .status = UNAVAILABLE, .value = {.int32Values = [1]{16777215}, .floatValues = [0]{}, .int64Values = [0]{}, .bytes = [0]{}, .stringValue = ""}}
03-17 18:53:37.236   400   452 D adayocomadapter-CommunicationManager: onUpstreamReceive mPropertyId 0x21402033
03-17 18:53:37.237   400   452 D adayocomadapter-CommunicationManager: onUpstreamReceive isLoss 1 mPropertyId 0x21402034
03-17 18:53:37.237   400   452 D adayocomadapter-CommunicationManager: convertBytesToInt32Memcpy  0
03-17 18:53:37.237   400   452 D vw-vhal : notifyVehicleProperty, propId = 0x21402034, data = {status: 3, int32Values: [0]}
03-17 18:53:37.237   400   452 I DefaultVehicleHal_v2_0: DefaultVehicleHal::onPropertyValue, value:{.timestamp = 151184605016, .areaId = 0, .prop = 557850676, .status = UNAVAILABLE, .value = {.int32Values = [1]{0}, .floatValues = [0]{}, .int64Values = [0]{}, .bytes = [0]{}, .stringValue = ""}}
03-17 18:53:37.237   400   452 D adayocomadapter-CommunicationManager: onUpstreamReceive mPropertyId 0x21402034
03-17 18:53:37.237   400   452 D adayocomadapter-CommunicationManager: onUpstreamReceive isLoss 0 mPropertyId 0x2140218c
03-17 18:53:37.237   400   452 D adayocomadapter-CommunicationManager: convertBytesToInt32Memcpy  0
03-17 18:53:37.237   400   452 D vw-vhal : notifyVehicleProperty, propId = 0x2140218c, data = {status: 2, int32Values: [0]}
03-17 18:53:37.237   400   452 I DefaultVehicleHal_v2_0: DefaultVehicleHal::onPropertyValue, value:{.timestamp = 151184709349, .areaId = 0, .prop = 557851020, .status = AVAILABLE, .value = {.int32Values = [1]{0}, .floatValues = [0]{}, .int64Values = [0]{}, .bytes = [0]{}, .stringValue = ""}}
03-17 18:53:37.237   400   452 D adayocomadapter-CommunicationManager: onUpstreamReceive mPropertyId 0x2140218c
03-17 18:53:37.237   400   452 D adayocomadapter-CommunicationManager: onUpstreamReceive isLoss 0 mPropertyId 0x2140219b
03-17 18:53:37.237   400   452 D adayocomadapter-CommunicationManager: convertBytesToInt32Memcpy  0
03-17 18:53:37.237   400   452 D vw-vhal : notifyVehicleProperty, propId = 0x2140219b, data = {status: 2, int32Values: [0]}
03-17 18:53:37.237   400   452 I DefaultVehicleHal_v2_0: DefaultVehicleHal::onPropertyValue, value:{.timestamp = 151184815016, .areaId = 0, .prop = 557851035, .status = AVAILABLE, .value = {.int32Values = [1]{0}, .floatValues = [0]{}, .int64Values = [0]{}, .bytes = [0]{}, .stringValue = ""}}
03-17 18:53:37.237   400   452 D adayocomadapter-CommunicationManager: onUpstreamReceive mPropertyId 0x2140219b
03-17 18:53:37.237   400   452 D adayocomadapter-CommunicationManager: onUpstreamReceive isLoss 1 mPropertyId 0x214021a0
03-17 18:53:37.237   400   452 D adayocomadapter-CommunicationManager: convertBytesToInt32Memcpy  0
03-17 18:53:37.237   400   452 D vw-vhal : notifyVehicleProperty, propId = 0x214021a0, data = {status: 3, int32Values: [0]}
03-17 18:53:37.237   400   452 I DefaultVehicleHal_v2_0: DefaultVehicleHal::onPropertyValue, value:{.timestamp = 151184919349, .areaId = 0, .prop = 557851040, .status = UNAVAILABLE, .value = {.int32Values = [1]{0}, .floatValues = [0]{}, .int64Values = [0]{}, .bytes = [0]{}, .stringValue = ""}}
03-17 18:53:37.237   400   452 D adayocomadapter-CommunicationManager: onUpstreamReceive mPropertyId 0x214021a0
03-17 18:53:37.237   400   452 D adayocomadapter-CommunicationManager: onUpstreamReceive isLoss 1 mPropertyId 0x214021a3
03-17 18:53:37.237   400   452 D adayocomadapter-CommunicationManager: convertBytesToInt32Memcpy  0
03-17 18:53:37.237   400   452 D vw-vhal : notifyVehicleProperty, propId = 0x214021a3, data = {status: 3, int32Values: [0]}
03-17 18:53:37.237   400   452 I DefaultVehicleHal_v2_0: DefaultVehicleHal::onPropertyValue, value:{.timestamp = 151185025683, .areaId = 0, .prop = 557851043, .status = UNAVAILABLE, .value = {.int32Values = [1]{0}, .floatValues = [0]{}, .int64Values = [0]{}, .bytes = [0]{}, .stringValue = ""}}
03-17 18:53:37.237   400   452 D adayocomadapter-CommunicationManager: onUpstreamReceive mPropertyId 0x214021a3
03-17 18:53:37.237   400   452 D adayocomadapter-CommunicationManager: onUpstreamReceive isLoss 1 mPropertyId 0x214021a4
03-17 18:53:37.237   400   452 D adayocomadapter-CommunicationManager: convertBytesToInt32Memcpy  0
03-17 18:53:37.237   400   452 D vw-vhal : notifyVehicleProperty, propId = 0x214021a4, data = {status: 3, int32Values: [0]}
03-17 18:53:37.237   400   452 I DefaultVehicleHal_v2_0: DefaultVehicleHal::onPropertyValue, value:{.timestamp = 151185131016, .areaId = 0, .prop = 557851044, .status = UNAVAILABLE, .value = {.int32Values = [1]{0}, .floatValues = [0]{}, .int64Values = [0]{}, .bytes = [0]{}, .stringValue = ""}}
03-17 18:53:37.237   400   452 D adayocomadapter-CommunicationManager: onUpstreamReceive mPropertyId 0x214021a4
03-17 18:53:37.237   400   452 D adayocomadapter-CommunicationManager: onUpstreamReceive isLoss 0 mPropertyId 0x214021cb
03-17 18:53:37.237   400   452 D adayocomadapter-CommunicationManager: convertBytesToInt32Memcpy  0
03-17 18:53:37.237   400   452 D vw-vhal : notifyVehicleProperty, propId = 0x214021cb, data = {status: 2, int32Values: [0]}
03-17 18:53:37.237   400   452 I DefaultVehicleHal_v2_0: DefaultVehicleHal::onPropertyValue, value:{.timestamp = 151185237016, .areaId = 0, .prop = 557851083, .status = AVAILABLE, .value = {.int32Values = [1]{0}, .floatValues = [0]{}, .int64Values = [0]{}, .bytes = [0]{}, .stringValue = ""}}
03-17 18:53:37.237   400   452 D adayocomadapter-CommunicationManager: onUpstreamReceive mPropertyId 0x214021cb
03-17 18:53:37.242  2383  2600 D AdayoDoipServer294_Doip: [ne_doip_event_loop_dispatch][line:141] : count = 0
03-17 18:53:37.244  2106  2460 D CAR.DIAGNOSTIC: Entry - Type: 0x01, ServiceId: 0x2071, InstanceId: 0x0001, MajorVersion: 0x01FFFFFF, TTL: 0
03-17 18:53:37.244  2106  2450 D CAR.DIAGNOSTIC: Entry - Type: 0x01, ServiceId: 0x2071, InstanceId: 0x0001, MajorVersion: 0x01FFFFFF, TTL: 0
03-17 18:53:37.244  2106  2460 D CAR.DIAGNOSTIC: Entry - Type: 0x01, ServiceId: 0x4001, InstanceId: 0x0001, MajorVersion: 0x01FFFFFF, TTL: 0
03-17 18:53:37.244  2106  2450 D CAR.DIAGNOSTIC: Entry - Type: 0x01, ServiceId: 0x4001, InstanceId: 0x0001, MajorVersion: 0x01FFFFFF, TTL: 0
03-17 18:53:37.244  2106  2458 D CAR.DIAGNOSTIC: Entry - Type: 0x01, ServiceId: 0x2071, InstanceId: 0x0001, MajorVersion: 0x01FFFFFF, TTL: 0
03-17 18:53:37.245  2106  2458 D CAR.DIAGNOSTIC: Entry - Type: 0x01, ServiceId: 0x4001, InstanceId: 0x0001, MajorVersion: 0x01FFFFFF, TTL: 0
03-17 18:53:37.282  6654  6700 D TimerTriggerManager: init instance...
03-17 18:53:37.282  6654  6700 D TimerTriggerManager: Timer thread'TimerTriggerManager' is destroyed: false
03-17 18:53:37.282  6654  6700 D TimerTriggerManager: Timer 'onIndcnVehSpdChanged' is running: true
03-17 18:53:37.282  6654  6700 D TimerTriggerManager: Sending reset signal to timer 'onIndcnVehSpdChanged'
03-17 18:53:37.282  6654  6700 D TimerTriggerManager: Reset signal sent to timer 'onIndcnVehSpdChanged'
03-17 18:53:37.282  6654  6707 D TimerTriggerController: Reset method called for timer: onIndcnVehSpdChanged
03-17 18:53:37.282  6654  6707 D TimerTriggerController: Calling onTimerReset for timer: onIndcnVehSpdChanged
03-17 18:53:37.282  6654  6707 D TimerTriggerManager: Timer reset: onIndcnVehSpdChanged
03-17 18:53:37.282  6654  6707 I TimerTriggerController: Timer [onIndcnVehSpdChanged] reset, remaining: 1000ms, reset count: 1031
03-17 18:53:37.305   582  3616 E WifiHAL : Invalid data received from driver
03-17 18:53:37.307   642   685 I mcuc    : sd Uart data : 6AA60205AC00029202B7
03-17 18:53:37.312   642   685 I mcuc    : rev uart=1526,len=24, data : 6AA68105AC00109202000400000000000000000000000026
03-17 18:53:37.312   400   400 D adayocomadapter-ParseProtocolFunc: printRaWMsg Name[MCUToUPstream recv] len[16] data[92020004000000000000000000000000]
03-17 18:53:37.312   400   400 D adayocomadapter-CommunicationManager: onUpstreamback   member[0] dataLength[13] timePoint[151260]
03-17 18:53:37.312   400   400 D adayocomadapter-ParseProtocolFunc: printRaWMsg Name[onUpstreamback] len[13] data[04000000000000000000000000]
03-17 18:53:37.312   400   452 D adayocomadapter-UpstreamHandler: processBeforePacket upSreamtProcessTimePoint[151260] 
03-17 18:53:37.312   400   452 D adayocomadapter-UpstreamHandler: processPacket UPSTREAM_QUEUE_DATA_TIMEOUT
03-17 18:53:37.312   400   452 D adayocomadapter-ParseProtocolFunc: parseCommonIPCLBytes Processing tableNumber[4]
03-17 18:53:37.312   400   452 D adayocomadapter-ParseProtocolFunc: parseCommonIPCLBytes Processing tablename[Table-4] tableSize[13]
03-17 18:53:37.312   400   452 D adayocomadapter-ParseProtocolFunc: printRaWMsg Name[byteStream recv] len[13] data[04000000000000000000000000]
03-17 18:53:37.312   400   452 D adayocomadapter-ParseProtocolFunc: printRaWMsg Name[IPCLtoVHAL] len[8] data[2140200C00000000]
03-17 18:53:37.313   400   452 D adayocomadapter-ParseProtocolFunc: printRaWMsg Name[IPCLtoVHAL] len[8] data[2140200D00000000]
03-17 18:53:37.313   400   452 D adayocomadapter-ParseProtocolFunc: printRaWMsg Name[IPCLtoVHAL] len[7] data[21402233000000]
03-17 18:53:37.313   400   452 D adayocomadapter-ParseProtocolFunc: printRaWMsg Name[IPCLtoVHAL] len[10] data[2140201D000000000000]
03-17 18:53:37.313   400   452 D adayocomadapter-ParseProtocolFunc: printRaWMsg Name[IPCLtoVHAL] len[8] data[2140201E00000000]
03-17 18:53:37.313   400   452 D adayocomadapter-CommunicationManager: onUpstreamReceive isLoss 0 mPropertyId 0x2140200c
03-17 18:53:37.313   400   452 D adayocomadapter-CommunicationManager: convertBytesToInt32Memcpy  0
03-17 18:53:37.313   400   452 D vw-vhal : notifyVehicleProperty, propId = 0x2140200c, data = {status: 2, int32Values: [0]}
03-17 18:53:37.313   400   452 I DefaultVehicleHal_v2_0: DefaultVehicleHal::onPropertyValue, value:{.timestamp = 151260730683, .areaId = 0, .prop = 557850636, .status = AVAILABLE, .value = {.int32Values = [1]{0}, .floatValues = [0]{}, .int64Values = [0]{}, .bytes = [0]{}, .stringValue = ""}}
03-17 18:53:37.313   400   452 D adayocomadapter-CommunicationManager: onUpstreamReceive mPropertyId 0x2140200c
03-17 18:53:37.313   400   452 D adayocomadapter-CommunicationManager: onUpstreamReceive isLoss 0 mPropertyId 0x2140200d
03-17 18:53:37.313   400   452 D adayocomadapter-CommunicationManager: convertBytesToInt32Memcpy  0
03-17 18:53:37.313   400   452 D vw-vhal : notifyVehicleProperty, propId = 0x2140200d, data = {status: 2, int32Values: [0]}
03-17 18:53:37.313   400   452 I DefaultVehicleHal_v2_0: DefaultVehicleHal::onPropertyValue, value:{.timestamp = 151260870016, .areaId = 0, .prop = 557850637, .status = AVAILABLE, .value = {.int32Values = [1]{0}, .floatValues = [0]{}, .int64Values = [0]{}, .bytes = [0]{}, .stringValue = ""}}
03-17 18:53:37.313   400   452 D adayocomadapter-CommunicationManager: onUpstreamReceive mPropertyId 0x2140200d
03-17 18:53:37.313   400   452 D adayocomadapter-CommunicationManager: onUpstreamReceive isLoss 0 mPropertyId 0x21402233
03-17 18:53:37.313   400   452 D adayocomadapter-CommunicationManager: convertBytesToInt32Memcpy  0
03-17 18:53:37.313   400   452 D vw-vhal : notifyVehicleProperty, propId = 0x21402233, data = {status: 2, int32Values: [0]}
03-17 18:53:37.313   400   452 I DefaultVehicleHal_v2_0: DefaultVehicleHal::onPropertyValue, value:{.timestamp = 151260983349, .areaId = 0, .prop = 557851187, .status = AVAILABLE, .value = {.int32Values = [1]{0}, .floatValues = [0]{}, .int64Values = [0]{}, .bytes = [0]{}, .stringValue = ""}}
03-17 18:53:37.313   400   452 D adayocomadapter-CommunicationManager: onUpstreamReceive mPropertyId 0x21402233
03-17 18:53:37.313   400   452 D adayocomadapter-CommunicationManager: onUpstreamReceive isLoss 0 mPropertyId 0x2140201d
03-17 18:53:37.313   400   452 D adayocomadapter-CommunicationManager: convertBytesToInt32Memcpy  0
03-17 18:53:37.313   400   452 D vw-vhal : notifyVehicleProperty, propId = 0x2140201d, data = {status: 2, int32Values: [0]}
03-17 18:53:37.313   400   452 I DefaultVehicleHal_v2_0: DefaultVehicleHal::onPropertyValue, value:{.timestamp = 151261093683, .areaId = 0, .prop = 557850653, .status = AVAILABLE, .value = {.int32Values = [1]{0}, .floatValues = [0]{}, .int64Values = [0]{}, .bytes = [0]{}, .stringValue = ""}}
03-17 18:53:37.313   400   452 D adayocomadapter-CommunicationManager: onUpstreamReceive mPropertyId 0x2140201d
03-17 18:53:37.313   400   452 D adayocomadapter-CommunicationManager: onUpstreamReceive isLoss 0 mPropertyId 0x2140201e
03-17 18:53:37.313   400   452 D adayocomadapter-CommunicationManager: convertBytesToInt32Memcpy  0
03-17 18:53:37.313   400   452 D vw-vhal : notifyVehicleProperty, propId = 0x2140201e, data = {status: 2, int32Values: [0]}
03-17 18:53:37.313   400   452 I DefaultVehicleHal_v2_0: DefaultVehicleHal::onPropertyValue, value:{.timestamp = 151261210683, .areaId = 0, .prop = 557850654, .status = AVAILABLE, .value = {.int32Values = [1]{0}, .floatValues = [0]{}, .int64Values = [0]{}, .bytes = [0]{}, .stringValue = ""}}
03-17 18:53:37.313   400   452 D adayocomadapter-CommunicationManager: onUpstreamReceive mPropertyId 0x2140201e
03-17 18:53:37.336  1646  3766 D CarPropertyManager: setProperty, propertyId: 0x2141400f, areaId: 0x0, class: class [Ljava.lang.Integer;, val: [Ljava.lang.Integer;@2b42dfb
03-17 18:53:37.338  2106  3351 D CarPropertyService: mSyncGetSetPropertyOpCount: 1
03-17 18:53:37.338   400   400 I DefaultVehicleHal_v2_0: DefaultVehicleHal::set, current value:{.timestamp = 0, .areaId = 0, .prop = 557924367, .status = AVAILABLE, .value = {.int32Values = [1]{0}, .floatValues = [0]{}, .int64Values = [0]{}, .bytes = [0]{}, .stringValue = ""}}
03-17 18:53:37.338   400   400 I DefaultVehicleHalServer: onSetProperty(0x2141400f)
03-17 18:53:37.338   400   400 D vw-vhal : CanSignalsAdapter::setVehicleProperty: propValue = {.timestamp = 0, .areaId = 0, .prop = 557924367, .status = AVAILABLE, .value = {.int32Values = [4]{0, 32, 32, 32}, .floatValues = [0]{}, .int64Values = [0]{}, .bytes = [0]{}, .stringValue = ""}}
03-17 18:53:37.338   400   400 D vw-vhal : CanSignalsAdapter::setVehicleProperty: propId = 0x2141400f, data = {status: 0, int32Values: [0, 32, 32, 32]}
03-17 18:53:37.338   400   400 D adayocomadapter-CommunicationManager: setProperty id=[557924367]
03-17 18:53:37.338   400   400 D adayocomadapter-CommunicationManager: writeValue id=[557924367]
03-17 18:53:37.338   400   400 D adayocomadapter-VehiclePropertyStore: writeValue id=[557924367]
03-17 18:53:37.339   400   400 D adayocomadapter-CommunicationManager: sendToDownstream mPropertyId 0x2141400f
03-17 18:53:37.339   400   400 D adayocomadapter-ParseProtocolFunc: printRaWMsg Name[sendToDownstream] len[4] data[00000000]
03-17 18:53:37.339   400   400 D adayocomadapter-ParseProtocolFunc: printRaWMsg Name[sendToDownstream] len[4] data[2141400F]
03-17 18:53:37.339   400   400 D adayocomadapter-ParseProtocolFunc: printRaWMsg Name[sendToDownstream] len[8] data[2141400F00202020]
03-17 18:53:37.339   400   400 D adayocomadapter-CommunicationManager: sendToDownstream ret[0]   member[130] dataLength[4] timePoint[151286] 
03-17 18:53:37.339   400   400 D adayocomadapter-ParseProtocolFunc: printRaWMsg Name[sendToDownstream] len[8] data[2141400F00202020]
03-17 18:53:37.339   400   400 D adayocomadapter-CommunicationManager: sendToDownstream  000 mPropertyId[0x557924367]  
03-17 18:53:37.339   400   675 D adayocomadapter-DownstreamHandler: processBeforePacket downSreamtProcessTimePoint[151286] 
03-17 18:53:37.339   400   675 D adayocomadapter-DownstreamHandler: DownstreamHandler processPacket 
03-17 18:53:37.339   400   675 D adayocomadapter-DownstreamHandler: DownstreamHandler processPacket valueIndex 0x2141400f
03-17 18:53:37.339   400   675 D adayocomadapter-DownstreamHandler: DownstreamHandler processPacket 0003
03-17 18:53:37.339   400   675 D adayocomadapter-DownstreamHandler: DownstreamHandler processPacket sendMCUData2 
03-17 18:53:37.339   400   675 D adayocomadapter-CommunicationManager: sendMCUData 
03-17 18:53:37.339   400   675 D adayocomadapter-MCUInterfaceHandler: sendToMCU start
03-17 18:53:37.339  2106  3351 D CarPropertyService: mSyncGetSetPropertyOpCount: 0
03-17 18:53:37.339   642   800 I mcuc    : sd Uart data : 6AA6010093000B1202022141400F002020203A
03-17 18:53:37.339   400   675 D adayocomadapter-ParseProtocolFunc: printRaWMsg Name[sendToMCU] len[11] data[1202022141400F00202020]
03-17 18:53:37.340  1646  3766 I CCarServiceManager: CarServiceManager->lambda$submitCameraInfo$0$com-adayo-aaop_deviceservice-manager-CarServiceManager()154:link:0     ---50:pool-4-thread-3
03-17 18:53:37.342  2383  2600 D AdayoDoipServer294_Doip: [ne_doip_event_loop_dispatch][line:141] : count = 0
03-17 18:53:37.363   582  3616 E WifiHAL : Invalid data received from driver
03-17 18:53:37.383  6654  6700 D TimerTriggerManager: init instance...
03-17 18:53:37.383  6654  6700 D TimerTriggerManager: Timer thread'TimerTriggerManager' is destroyed: false
03-17 18:53:37.383  6654  6700 D TimerTriggerManager: Timer 'onIndcnVehSpdChanged' is running: true
03-17 18:53:37.383  6654  6700 D TimerTriggerManager: Sending reset signal to timer 'onIndcnVehSpdChanged'
03-17 18:53:37.383  6654  6700 D TimerTriggerManager: Reset signal sent to timer 'onIndcnVehSpdChanged'
03-17 18:53:37.383  6654  6707 D TimerTriggerController: Reset method called for timer: onIndcnVehSpdChanged
03-17 18:53:37.383  6654  6707 D TimerTriggerController: Calling onTimerReset for timer: onIndcnVehSpdChanged
03-17 18:53:37.384  6654  6707 D TimerTriggerManager: Timer reset: onIndcnVehSpdChanged
03-17 18:53:37.384  6654  6707 I TimerTriggerController: Timer [onIndcnVehSpdChanged] reset, remaining: 999ms, reset count: 1032
03-17 18:53:37.384  6654  6700 D TimerTriggerManager: init instance...
03-17 18:53:37.384  6654  6700 D TimerTriggerManager: Timer thread'TimerTriggerManager' is destroyed: false
03-17 18:53:37.384  6654  6700 D TimerTriggerManager: Timer 'onMntnWarnReqChanged' is running: true
03-17 18:53:37.384  6654  6700 D TimerTriggerManager: Sending reset signal to timer 'onMntnWarnReqChanged'
03-17 18:53:37.384  6654  6700 D TimerTriggerManager: Reset signal sent to timer 'onMntnWarnReqChanged'
03-17 18:53:37.385  6654  6707 D TimerTriggerController: Reset method called for timer: onMntnWarnReqChanged
03-17 18:53:37.385  6654  6707 D TimerTriggerController: Calling onTimerReset for timer: onMntnWarnReqChanged
03-17 18:53:37.385  6654  6707 D TimerTriggerManager: Timer reset: onMntnWarnReqChanged
03-17 18:53:37.385  6654  6707 I TimerTriggerController: Timer [onMntnWarnReqChanged] reset, remaining: 5000ms, reset count: 516
03-17 18:53:37.385  1603  1603 I ADAYO_LOG_: handleMessage(UsbFunc.java:3)copyQnx = 0
03-17 18:53:37.385  1603  1603 I ADAYO_LOG_: handleMessage(UsbFunc.java:69)copyState = 2
03-17 18:53:37.418   642   800 I mcuc    : file = hardware/interfaces/fgemcucomm/1.0/default/mcucomm/src/mcuCommFunctionTimer.cpp, function = startTimer  start timer OK = 147 
03-17 18:53:37.426   642   685 I mcuc    : file = hardware/interfaces/fgemcucomm/1.0/default/mcucomm/src/mcuCommFunctionTimer.cpp, func = stopTimer  stop timer = 147 
03-17 18:53:37.426   642   685 I mcuc    : rev uart=1527,len=10, data : 6AA682009300021202D5
03-17 18:53:37.428   642   800 I mcuc    : sd Uart data : 6AA60000940002060163
03-17 18:53:37.435   582  3616 E WifiHAL : Invalid data received from driver
03-17 18:53:37.440   644   644 E fgesysctrl_hidl_hal_test1: fgesysctrl_get_signal status *value=0
03-17 18:53:37.440   649   759 D EvsApp  : CameraFgeSysctrl::fgesysctrl_get_signal_status() end ret = 1
03-17 18:53:37.440  1646  1681 I evsservice20200311: function = notifyAppDeviceValue :ADAYO_AVM_CAMERA_SIGNAL_STATE,1---
03-17 18:53:37.442  1646  1985 E EvsServiceManager: EvsServiceManager$1->notifyDeviceValue()42:notifyDeviceValue key：ADAYO_AVM_CAMERA_SIGNAL_STATEvalue1     ---173:Thread-135
03-17 18:53:37.442  2383  2600 D AdayoDoipServer294_Doip: [ne_doip_event_loop_dispatch][line:141] : count = 0
03-17 18:53:37.483  6654  6700 D TimerTriggerManager: init instance...
03-17 18:53:37.483  6654  6700 D TimerTriggerManager: Timer thread'TimerTriggerManager' is destroyed: false
03-17 18:53:37.483  6654  6700 D TimerTriggerManager: Timer 'onIndcnVehSpdChanged' is running: true
03-17 18:53:37.483  6654  6700 D TimerTriggerManager: Sending reset signal to timer 'onIndcnVehSpdChanged'
03-17 18:53:37.483  6654  6700 D TimerTriggerManager: Reset signal sent to timer 'onIndcnVehSpdChanged'
03-17 18:53:37.483  6654  6707 D TimerTriggerController: Reset method called for timer: onIndcnVehSpdChanged
03-17 18:53:37.483  6654  6707 D TimerTriggerController: Calling onTimerReset for timer: onIndcnVehSpdChanged
03-17 18:53:37.483  6654  6707 D TimerTriggerManager: Timer reset: onIndcnVehSpdChanged
03-17 18:53:37.484  6654  6707 I TimerTriggerController: Timer [onIndcnVehSpdChanged] reset, remaining: 1000ms, reset count: 1033
03-17 18:53:37.500   642   685 I mcuc    : sd Uart data : 6AA60205AD00029202B6
03-17 18:53:37.505   642   685 I mcuc    : rev uart=1528,len=19, data : 6AA68105AD000B920200070000000000000126
03-17 18:53:37.505   400   400 D adayocomadapter-ParseProtocolFunc: printRaWMsg Name[MCUToUPstream recv] len[11] data[9202000700000000000001]
03-17 18:53:37.505   400   400 D adayocomadapter-CommunicationManager: onUpstreamback   member[0] dataLength[8] timePoint[151453]
03-17 18:53:37.505   400   400 D adayocomadapter-ParseProtocolFunc: printRaWMsg Name[onUpstreamback] len[8] data[0700000000000001]
03-17 18:53:37.505   400   452 D adayocomadapter-UpstreamHandler: processBeforePacket upSreamtProcessTimePoint[151453] 
03-17 18:53:37.505   400   452 D adayocomadapter-UpstreamHandler: processPacket UPSTREAM_QUEUE_DATA_TIMEOUT
03-17 18:53:37.506   400   452 D adayocomadapter-ParseProtocolFunc: parseCommonIPCLBytes Processing tableNumber[7]
03-17 18:53:37.506   400   452 D adayocomadapter-ParseProtocolFunc: parseCommonIPCLBytes Processing tablename[Table-7] tableSize[8]
03-17 18:53:37.506   400   452 D adayocomadapter-ParseProtocolFunc: printRaWMsg Name[byteStream recv] len[8] data[0700000000000001]
03-17 18:53:37.506   400   452 D adayocomadapter-ParseProtocolFunc: printRaWMsg Name[IPCLtoVHAL] len[7] data[21402053000100]
03-17 18:53:37.506   400   452 D adayocomadapter-ParseProtocolFunc: printRaWMsg Name[IPCLtoVHAL] len[7] data[214020A0000100]
03-17 18:53:37.506   400   452 D adayocomadapter-ParseProtocolFunc: printRaWMsg Name[IPCLtoVHAL] len[7] data[21402131000100]
03-17 18:53:37.506   400   452 D adayocomadapter-ParseProtocolFunc: printRaWMsg Name[IPCLtoVHAL] len[7] data[214020A2000100]
03-17 18:53:37.506   400   452 D adayocomadapter-ParseProtocolFunc: printRaWMsg Name[IPCLtoVHAL] len[7] data[214020A4000100]
03-17 18:53:37.506   400   452 D adayocomadapter-ParseProtocolFunc: printRaWMsg Name[IPCLtoVHAL] len[7] data[214021CE000100]
03-17 18:53:37.506   400   452 D adayocomadapter-CommunicationManager: onUpstreamReceive isLoss 1 mPropertyId 0x21402053
03-17 18:53:37.506   400   452 D adayocomadapter-CommunicationManager: convertBytesToInt32Memcpy  0
03-17 18:53:37.506   400   452 D vw-vhal : notifyVehicleProperty, propId = 0x21402053, data = {status: 3, int32Values: [0]}
03-17 18:53:37.506   400   452 I DefaultVehicleHal_v2_0: DefaultVehicleHal::onPropertyValue, value:{.timestamp = 151453824683, .areaId = 0, .prop = 557850707, .status = UNAVAILABLE, .value = {.int32Values = [1]{0}, .floatValues = [0]{}, .int64Values = [0]{}, .bytes = [0]{}, .stringValue = ""}}
03-17 18:53:37.506   400   452 D adayocomadapter-CommunicationManager: onUpstreamReceive mPropertyId 0x21402053
03-17 18:53:37.506   400   452 D adayocomadapter-CommunicationManager: onUpstreamReceive isLoss 1 mPropertyId 0x214020a0
03-17 18:53:37.506   400   452 D adayocomadapter-CommunicationManager: convertBytesToInt32Memcpy  0
03-17 18:53:37.506   400   452 D vw-vhal : notifyVehicleProperty, propId = 0x214020a0, data = {status: 3, int32Values: [0]}
03-17 18:53:37.506   400   452 I DefaultVehicleHal_v2_0: DefaultVehicleHal::onPropertyValue, value:{.timestamp = 151454013349, .areaId = 0, .prop = 557850784, .status = UNAVAILABLE, .value = {.int32Values = [1]{0}, .floatValues = [0]{}, .int64Values = [0]{}, .bytes = [0]{}, .stringValue = ""}}
03-17 18:53:37.506   400   452 D adayocomadapter-CommunicationManager: onUpstreamReceive mPropertyId 0x214020a0
03-17 18:53:37.506   400   452 D adayocomadapter-CommunicationManager: onUpstreamReceive isLoss 1 mPropertyId 0x21402131
03-17 18:53:37.506   400   452 D adayocomadapter-CommunicationManager: convertBytesToInt32Memcpy  0
03-17 18:53:37.506   400   452 D vw-vhal : notifyVehicleProperty, propId = 0x21402131, data = {status: 3, int32Values: [0]}
03-17 18:53:37.506   400   452 I DefaultVehicleHal_v2_0: DefaultVehicleHal::onPropertyValue, value:{.timestamp = 151454135683, .areaId = 0, .prop = 557850929, .status = UNAVAILABLE, .value = {.int32Values = [1]{0}, .floatValues = [0]{}, .int64Values = [0]{}, .bytes = [0]{}, .stringValue = ""}}
03-17 18:53:37.506   400   452 D adayocomadapter-CommunicationManager: onUpstreamReceive mPropertyId 0x21402131
03-17 18:53:37.506   400   452 D adayocomadapter-CommunicationManager: onUpstreamReceive isLoss 1 mPropertyId 0x214020a2
03-17 18:53:37.506   400   452 D adayocomadapter-CommunicationManager: convertBytesToInt32Memcpy  0
03-17 18:53:37.506   400   452 D vw-vhal : notifyVehicleProperty, propId = 0x214020a2, data = {status: 3, int32Values: [0]}
03-17 18:53:37.506   400   452 I DefaultVehicleHal_v2_0: DefaultVehicleHal::onPropertyValue, value:{.timestamp = 151454258683, .areaId = 0, .prop = 557850786, .status = UNAVAILABLE, .value = {.int32Values = [1]{0}, .floatValues = [0]{}, .int64Values = [0]{}, .bytes = [0]{}, .stringValue = ""}}
03-17 18:53:37.506   400   452 D adayocomadapter-CommunicationManager: onUpstreamReceive mPropertyId 0x214020a2
03-17 18:53:37.506   400   452 D adayocomadapter-CommunicationManager: onUpstreamReceive isLoss 1 mPropertyId 0x214020a4
03-17 18:53:37.506   400   452 D adayocomadapter-CommunicationManager: convertBytesToInt32Memcpy  0
03-17 18:53:37.506   400   452 D vw-vhal : notifyVehicleProperty, propId = 0x214020a4, data = {status: 3, int32Values: [0]}
03-17 18:53:37.506   400   452 I DefaultVehicleHal_v2_0: DefaultVehicleHal::onPropertyValue, value:{.timestamp = 151454368016, .areaId = 0, .prop = 557850788, .status = UNAVAILABLE, .value = {.int32Values = [1]{0}, .floatValues = [0]{}, .int64Values = [0]{}, .bytes = [0]{}, .stringValue = ""}}
03-17 18:53:37.506   400   452 D adayocomadapter-CommunicationManager: onUpstreamReceive mPropertyId 0x214020a4
03-17 18:53:37.506   400   452 D adayocomadapter-CommunicationManager: onUpstreamReceive isLoss 1 mPropertyId 0x214021ce
03-17 18:53:37.506   400   452 D adayocomadapter-CommunicationManager: convertBytesToInt32Memcpy  0
03-17 18:53:37.506   400   452 D vw-vhal : notifyVehicleProperty, propId = 0x214021ce, data = {status: 3, int32Values: [0]}
03-17 18:53:37.506   400   452 I DefaultVehicleHal_v2_0: DefaultVehicleHal::onPropertyValue, value:{.timestamp = 151454475016, .areaId = 0, .prop = 557851086, .status = UNAVAILABLE, .value = {.int32Values = [1]{0}, .floatValues = [0]{}, .int64Values = [0]{}, .bytes = [0]{}, .stringValue = ""}}
03-17 18:53:37.506   400   452 D adayocomadapter-CommunicationManager: onUpstreamReceive mPropertyId 0x214021ce
03-17 18:53:37.510   582  3616 E WifiHAL : Invalid data received from driver
03-17 18:53:37.531  2106  2460 D CAR.DIAGNOSTIC: Entry - Type: 0x01, ServiceId: 0x2048, InstanceId: 0x0001, MajorVersion: 0x01FFFFFF, TTL: 0
03-17 18:53:37.531  2106  2450 D CAR.DIAGNOSTIC: Entry - Type: 0x01, ServiceId: 0x2048, InstanceId: 0x0001, MajorVersion: 0x01FFFFFF, TTL: 0
03-17 18:53:37.531  2106  2458 D CAR.DIAGNOSTIC: Entry - Type: 0x01, ServiceId: 0x2048, InstanceId: 0x0001, MajorVersion: 0x01FFFFFF, TTL: 0
03-17 18:53:37.531  2106  2450 D CAR.DIAGNOSTIC: Entry - Type: 0x01, ServiceId: 0x5555, InstanceId: 0x0001, MajorVersion: 0x01FFFFFF, TTL: 0
03-17 18:53:37.531  2106  2450 W CAR.DIAGNOSTIC: Not enough data for option indices: needed 128, remaining 52
03-17 18:53:37.531  2106  2458 D CAR.DIAGNOSTIC: Entry - Type: 0x01, ServiceId: 0x5555, InstanceId: 0x0001, MajorVersion: 0x01FFFFFF, TTL: 0
03-17 18:53:37.531  2106  2458 W CAR.DIAGNOSTIC: Not enough data for option indices: needed 128, remaining 52
03-17 18:53:37.531  1566  3186 D TboxNetworkManager: tboxNetworkbinder=null
03-17 18:53:37.531  2106  2460 D CAR.DIAGNOSTIC: Entry - Type: 0x01, ServiceId: 0x5555, InstanceId: 0x0001, MajorVersion: 0x01FFFFFF, TTL: 0
03-17 18:53:37.532  2106  2460 W CAR.DIAGNOSTIC: Not enough data for option indices: needed 128, remaining 52
03-17 18:53:37.543  2383  2600 D AdayoDoipServer294_Doip: [ne_doip_event_loop_dispatch][line:141] : count = 0
03-17 18:53:37.572   582  3616 E WifiHAL : Invalid data received from driver
03-17 18:53:37.584  6654  6700 D TimerTriggerManager: init instance...
03-17 18:53:37.584  6654  6700 D TimerTriggerManager: Timer thread'TimerTriggerManager' is destroyed: false
03-17 18:53:37.584  6654  6700 D TimerTriggerManager: Timer 'onIndcnVehSpdChanged' is running: true
03-17 18:53:37.584  6654  6700 D TimerTriggerManager: Sending reset signal to timer 'onIndcnVehSpdChanged'
03-17 18:53:37.584  6654  6700 D TimerTriggerManager: Reset signal sent to timer 'onIndcnVehSpdChanged'
03-17 18:53:37.584  6654  6707 D TimerTriggerController: Reset method called for timer: onIndcnVehSpdChanged
03-17 18:53:37.584  6654  6707 D TimerTriggerController: Calling onTimerReset for timer: onIndcnVehSpdChanged
03-17 18:53:37.584  6654  6707 D TimerTriggerManager: Timer reset: onIndcnVehSpdChanged
03-17 18:53:37.585  6654  6707 I TimerTriggerController: Timer [onIndcnVehSpdChanged] reset, remaining: 1000ms, reset count: 1034
03-17 18:53:37.585  6654  6700 D TimerTriggerManager: init instance...
03-17 18:53:37.585  6654  6700 D TimerTriggerManager: Timer thread'TimerTriggerManager' is destroyed: false
03-17 18:53:37.585  6654  6700 D TimerTriggerManager: Timer 'onMntnWarnReqChanged' is running: true
03-17 18:53:37.585  6654  6700 D TimerTriggerManager: Sending reset signal to timer 'onMntnWarnReqChanged'
03-17 18:53:37.585  6654  6700 D TimerTriggerManager: Reset signal sent to timer 'onMntnWarnReqChanged'
03-17 18:53:37.585  6654  6707 D TimerTriggerController: Reset method called for timer: onMntnWarnReqChanged
03-17 18:53:37.585  6654  6707 D TimerTriggerController: Calling onTimerReset for timer: onMntnWarnReqChanged
03-17 18:53:37.585  6654  6707 D TimerTriggerManager: Timer reset: onMntnWarnReqChanged
03-17 18:53:37.585  6654  6707 I TimerTriggerController: Timer [onMntnWarnReqChanged] reset, remaining: 5000ms, reset count: 517
03-17 18:53:37.597   582  3616 E WifiHAL : Invalid data received from driver
03-17 18:53:37.597   582  3616 E WifiHAL : Invalid data received from driver
03-17 18:53:37.598   582  3616 E WifiHAL : Invalid data received from driver
03-17 18:53:37.598   582  3616 E WifiHAL : Invalid data received from driver
03-17 18:53:37.598   582  3616 E WifiHAL : Invalid data received from driver
03-17 18:53:37.598   582  3616 E WifiHAL : Invalid data received from driver
03-17 18:53:37.598   582  3616 E WifiHAL : Invalid data received from driver
03-17 18:53:37.628  1646  2260 D wkkSystemMonitorService: totalSystemLoad105.1389%
03-17 18:53:37.630  1646  2260 E DataCollectManager: eventId = thresholdUpload, data = {"IOString":"{\"type\": \" android_io \",\"subType\": \" write_rate \",\"currentValue\": \"0.03\",\"thresholdValue\": \" 10MB/s \",\"stat\": \"ReadKBps:0.03 MB/s,WriteKBps:0.22 MB/s, iops:17.00 times/s}"}
03-17 18:53:37.637  1627  1643 D CollectDataDataFiller: ===
03-17 18:53:37.637  1627  1643 D CollectDataDataFiller: Fill [AppId = SystemInfo] [EventId = thresholdUpload] with
03-17 18:53:37.637  1627  1643 D CollectDataDataFiller: [MsgId = 02085651-1365-43f6-9f1a-cdc93ec88881]
03-17 18:53:37.637  1627  1643 D CollectDataDataFiller: ===
03-17 18:53:37.639   582  3616 E WifiHAL : Invalid data received from driver
03-17 18:53:37.643  2383  2600 D AdayoDoipServer294_Doip: [ne_doip_event_loop_dispatch][line:141] : count = 0
03-17 18:53:37.682  1566  2651 D TboxNetworkManager: tboxNetworkbinder=null
03-17 18:53:37.684  6654  6700 D TimerTriggerManager: init instance...
03-17 18:53:37.684  6654  6700 D TimerTriggerManager: Timer thread'TimerTriggerManager' is destroyed: false
03-17 18:53:37.684  6654  6700 D TimerTriggerManager: Timer 'onIndcnVehSpdChanged' is running: true
03-17 18:53:37.684  6654  6700 D TimerTriggerManager: Sending reset signal to timer 'onIndcnVehSpdChanged'
03-17 18:53:37.684  6654  6700 D TimerTriggerManager: Reset signal sent to timer 'onIndcnVehSpdChanged'
03-17 18:53:37.684  6654  6707 D TimerTriggerController: Reset method called for timer: onIndcnVehSpdChanged
03-17 18:53:37.684  6654  6707 D TimerTriggerController: Calling onTimerReset for timer: onIndcnVehSpdChanged
03-17 18:53:37.684  6654  6707 D TimerTriggerManager: Timer reset: onIndcnVehSpdChanged
03-17 18:53:37.684  6654  6707 I TimerTriggerController: Timer [onIndcnVehSpdChanged] reset, remaining: 1000ms, reset count: 1035
03-17 18:53:37.719   649   756 D EvsApp  : state:255,subState:255,desiredState:0,subDesiredState:0
03-17 18:53:37.720   582  3616 E WifiHAL : Invalid data received from driver
03-17 18:53:37.726   642   685 I mcuc    : sd Uart data : 6AA60205AE00029202B5
03-17 18:53:37.731   642   685 I mcuc    : rev uart=1529,len=116, data : 6AA68105AE006C920200100000000000000000000000000000010000000000000000000000000000000000000000000000000000000000000000000000000000000000000000000000000000000000000000000000000000654E21000000000000000000000000000000000001010101010101E0
03-17 18:53:37.731   400   400 D adayocomadapter-ParseProtocolFunc: printRaWMsg Name[MCUToUPstream recv] len[108] data[920200100000000000000000000000000000010000000000000000000000000000000000000000000000000000000000000000000000000000000000000000000000000000000000000000000000000000654E21000000000000000000000000000000000001010101010101]
03-17 18:53:37.731   400   400 D adayocomadapter-CommunicationManager: onUpstreamback   member[0] dataLength[105] timePoint[151679]
03-17 18:53:37.731   400   400 D adayocomadapter-ParseProtocolFunc: printRaWMsg Name[onUpstreamback] len[105] data[100000000000000000000000000000010000000000000000000000000000000000000000000000000000000000000000000000000000000000000000000000000000000000000000000000000000654E21000000000000000000000000000000000001010101010101]
03-17 18:53:37.731   400   452 D adayocomadapter-UpstreamHandler: processBeforePacket upSreamtProcessTimePoint[151679] 
03-17 18:53:37.731   400   452 D adayocomadapter-UpstreamHandler: processPacket UPSTREAM_QUEUE_DATA_TIMEOUT
03-17 18:53:37.731   400   452 D adayocomadapter-ParseProtocolFunc: parseCommonIPCLBytes Processing tableNumber[16]
03-17 18:53:37.731   400   452 D adayocomadapter-ParseProtocolFunc: parseCommonIPCLBytes Processing tablename[Table-16] tableSize[105]
03-17 18:53:37.731   400   452 D adayocomadapter-ParseProtocolFunc: printRaWMsg Name[byteStream recv] len[105] data[100000000000000000000000000000010000000000000000000000000000000000000000000000000000000000000000000000000000000000000000000000000000000000000000000000000000654E21000000000000000000000000000000000001010101010101]
03-17 18:53:37.731   400   452 D adayocomadapter-ParseProtocolFunc: printRaWMsg Name[IPCLtoVHAL] len[7] data[214021B1000100]
03-17 18:53:37.731   400   452 D adayocomadapter-ParseProtocolFunc: printRaWMsg Name[IPCLtoVHAL] len[7] data[21402212000100]
03-17 18:53:37.731   400   452 D adayocomadapter-ParseProtocolFunc: printRaWMsg Name[IPCLtoVHAL] len[7] data[214021B2000100]
03-17 18:53:37.731   400   452 D adayocomadapter-ParseProtocolFunc: printRaWMsg Name[IPCLtoVHAL] len[7] data[214021BD000100]
03-17 18:53:37.731   400   452 D adayocomadapter-ParseProtocolFunc: printRaWMsg Name[IPCLtoVHAL] len[7] data[2140221E000100]
03-17 18:53:37.731   400   452 D adayocomadapter-ParseProtocolFunc: printRaWMsg Name[IPCLtoVHAL] len[7] data[214021B3000100]
03-17 18:53:37.732   400   452 D adayocomadapter-ParseProtocolFunc: printRaWMsg Name[IPCLtoVHAL] len[7] data[21402214000100]
03-17 18:53:37.732   400   452 D adayocomadapter-ParseProtocolFunc: printRaWMsg Name[IPCLtoVHAL] len[7] data[214021B4000100]
03-17 18:53:37.732   400   452 D adayocomadapter-ParseProtocolFunc: printRaWMsg Name[IPCLtoVHAL] len[7] data[21402153000100]
03-17 18:53:37.732   400   452 D adayocomadapter-ParseProtocolFunc: printRaWMsg Name[IPCLtoVHAL] len[7] data[21402215000100]
03-17 18:53:37.732   400   452 D adayocomadapter-ParseProtocolFunc: printRaWMsg Name[IPCLtoVHAL] len[7] data[214021B5000100]
03-17 18:53:37.732   400   452 D adayocomadapter-ParseProtocolFunc: printRaWMsg Name[IPCLtoVHAL] len[7] data[21402154000100]
03-17 18:53:37.732   400   452 D adayocomadapter-ParseProtocolFunc: printRaWMsg Name[IPCLtoVHAL] len[7] data[214021B7000100]
03-17 18:53:37.732   400   452 D adayocomadapter-ParseProtocolFunc: printRaWMsg Name[IPCLtoVHAL] len[7] data[21402156000100]
03-17 18:53:37.732   400   452 D adayocomadapter-ParseProtocolFunc: printRaWMsg Name[IPCLtoVHAL] len[7] data[214021B8000100]
03-17 18:53:37.732   400   452 D adayocomadapter-ParseProtocolFunc: printRaWMsg Name[IPCLtoVHAL] len[7] data[21402157000100]
03-17 18:53:37.732   400   452 D adayocomadapter-ParseProtocolFunc: printRaWMsg Name[IPCLtoVHAL] len[7] data[21402219000100]
03-17 18:53:37.732   400   452 D adayocomadapter-ParseProtocolFunc: printRaWMsg Name[IPCLtoVHAL] len[7] data[2140215B000100]
03-17 18:53:37.732   400   452 D adayocomadapter-ParseProtocolFunc: printRaWMsg Name[IPCLtoVHAL] len[7] data[214021BC000100]
03-17 18:53:37.732   400   452 D adayocomadapter-ParseProtocolFunc: printRaWMsg Name[IPCLtoVHAL] len[7] data[2140221D000100]
03-17 18:53:37.732   400   452 D adayocomadapter-ParseProtocolFunc: printRaWMsg Name[IPCLtoVHAL] len[7] data[214021B9000100]
03-17 18:53:37.732   400   452 D adayocomadapter-ParseProtocolFunc: printRaWMsg Name[IPCLtoVHAL] len[7] data[2140221A000100]
03-17 18:53:37.732   400   452 D adayocomadapter-ParseProtocolFunc: printRaWMsg Name[IPCLtoVHAL] len[7] data[214021BB000100]
03-17 18:53:37.732   400   452 D adayocomadapter-ParseProtocolFunc: printRaWMsg Name[IPCLtoVHAL] len[7] data[2140215A000100]
03-17 18:53:37.732   400   452 D adayocomadapter-ParseProtocolFunc: printRaWMsg Name[IPCLtoVHAL] len[7] data[2140221C000100]
03-17 18:53:37.732   400   452 D adayocomadapter-ParseProtocolFunc: printRaWMsg Name[IPCLtoVHAL] len[7] data[214021BE000100]
03-17 18:53:37.732   400   452 D adayocomadapter-ParseProtocolFunc: printRaWMsg Name[IPCLtoVHAL] len[7] data[2140215D000100]
03-17 18:53:37.732   400   452 D adayocomadapter-ParseProtocolFunc: printRaWMsg Name[IPCLtoVHAL] len[7] data[2140221F000100]
03-17 18:53:37.732   400   452 D adayocomadapter-ParseProtocolFunc: printRaWMsg Name[IPCLtoVHAL] len[7] data[214021A5000100]
03-17 18:53:37.732   400   452 D adayocomadapter-ParseProtocolFunc: printRaWMsg Name[IPCLtoVHAL] len[7] data[21402107000100]
03-17 18:53:37.732   400   452 D adayocomadapter-ParseProtocolFunc: printRaWMsg Name[IPCLtoVHAL] len[7] data[2140222A000100]
03-17 18:53:37.732   400   452 D adayocomadapter-ParseProtocolFunc: printRaWMsg Name[IPCLtoVHAL] len[7] data[214021C3000100]
03-17 18:53:37.732   400   452 D adayocomadapter-ParseProtocolFunc: printRaWMsg Name[IPCLtoVHAL] len[7] data[214021A8000100]
03-17 18:53:37.732   400   452 D adayocomadapter-ParseProtocolFunc: printRaWMsg Name[IPCLtoVHAL] len[7] data[214021A6000101]
03-17 18:53:37.732   400   452 D adayocomadapter-ParseProtocolFunc: printRaWMsg Name[IPCLtoVHAL] len[7] data[214021A7000100]
03-17 18:53:37.732   400   452 D adayocomadapter-ParseProtocolFunc: printRaWMsg Name[IPCLtoVHAL] len[7] data[21402208000100]
03-17 18:53:37.732   400   452 D adayocomadapter-ParseProtocolFunc: printRaWMsg Name[IPCLtoVHAL] len[7] data[214021A9000100]
03-17 18:53:37.732   400   452 D adayocomadapter-ParseProtocolFunc: printRaWMsg Name[IPCLtoVHAL] len[7] data[214021AA000100]
03-17 18:53:37.732   400   452 D adayocomadapter-ParseProtocolFunc: printRaWMsg Name[IPCLtoVHAL] len[7] data[214021AB000100]
03-17 18:53:37.732   400   452 D adayocomadapter-ParseProtocolFunc: printRaWMsg Name[IPCLtoVHAL] len[7] data[214021AC000100]
03-17 18:53:37.732   400   452 D adayocomadapter-ParseProtocolFunc: printRaWMsg Name[IPCLtoVHAL] len[7] data[2140220D000100]
03-17 18:53:37.732   400   452 D adayocomadapter-ParseProtocolFunc: printRaWMsg Name[IPCLtoVHAL] len[7] data[214021AD000100]
03-17 18:53:37.732   400   452 D adayocomadapter-ParseProtocolFunc: printRaWMsg Name[IPCLtoVHAL] len[7] data[214021AE000100]
03-17 18:53:37.732   400   452 D adayocomadapter-ParseProtocolFunc: printRaWMsg Name[IPCLtoVHAL] len[7] data[214021AF000100]
03-17 18:53:37.732   400   452 D adayocomadapter-ParseProtocolFunc: printRaWMsg Name[IPCLtoVHAL] len[7] data[21402210000100]
03-17 18:53:37.732   400   452 D adayocomadapter-ParseProtocolFunc: printRaWMsg Name[IPCLtoVHAL] len[7] data[214021B0000100]
03-17 18:53:37.732   400   452 D adayocomadapter-ParseProtocolFunc: printRaWMsg Name[IPCLtoVHAL] len[7] data[21402211000100]
03-17 18:53:37.732   400   452 D adayocomadapter-ParseProtocolFunc: printRaWMsg Name[IPCLtoVHAL] len[7] data[214021B6000100]
03-17 18:53:37.732   400   452 D adayocomadapter-ParseProtocolFunc: printRaWMsg Name[IPCLtoVHAL] len[7] data[21402155000100]
03-17 18:53:37.732   400   452 D adayocomadapter-ParseProtocolFunc: printRaWMsg Name[IPCLtoVHAL] len[7] data[214021BA000100]
03-17 18:53:37.732   400   452 D adayocomadapter-ParseProtocolFunc: printRaWMsg Name[IPCLtoVHAL] len[7] data[21402159000100]
03-17 18:53:37.732   400   452 D adayocomadapter-ParseProtocolFunc: printRaWMsg Name[IPCLtoVHAL] len[7] data[214021BF000100]
03-17 18:53:37.732   400   452 D adayocomadapter-ParseProtocolFunc: printRaWMsg Name[IPCLtoVHAL] len[7] data[2140215E000100]
03-17 18:53:37.732   400   452 D adayocomadapter-ParseProtocolFunc: printRaWMsg Name[IPCLtoVHAL] len[7] data[21402220000100]
03-17 18:53:37.732   400   452 D adayocomadapter-ParseProtocolFunc: printRaWMsg Name[IPCLtoVHAL] len[7] data[214021C0000100]
03-17 18:53:37.732   400   452 D adayocomadapter-ParseProtocolFunc: printRaWMsg Name[IPCLtoVHAL] len[7] data[2140215F000100]
03-17 18:53:37.732   400   452 D adayocomadapter-ParseProtocolFunc: printRaWMsg Name[IPCLtoVHAL] len[7] data[214021C1000100]
03-17 18:53:37.732   400   452 D adayocomadapter-ParseProtocolFunc: printRaWMsg Name[IPCLtoVHAL] len[7] data[21402160000100]
03-17 18:53:37.732   400   452 D adayocomadapter-ParseProtocolFunc: printRaWMsg Name[IPCLtoVHAL] len[7] data[21402222000100]
03-17 18:53:37.732   400   452 D adayocomadapter-ParseProtocolFunc: printRaWMsg Name[IPCLtoVHAL] len[7] data[214021C2000100]
03-17 18:53:37.732   400   452 D adayocomadapter-ParseProtocolFunc: printRaWMsg Name[IPCLtoVHAL] len[7] data[214021C4000100]
03-17 18:53:37.733   400   452 D adayocomadapter-ParseProtocolFunc: printRaWMsg Name[IPCLtoVHAL] len[7] data[21402225000100]
03-17 18:53:37.733   400   452 D adayocomadapter-ParseProtocolFunc: printRaWMsg Name[IPCLtoVHAL] len[7] data[214021C5000100]
03-17 18:53:37.733   400   452 D adayocomadapter-ParseProtocolFunc: printRaWMsg Name[IPCLtoVHAL] len[7] data[21402226000100]
03-17 18:53:37.733   400   452 D adayocomadapter-ParseProtocolFunc: printRaWMsg Name[IPCLtoVHAL] len[7] data[214021C6000100]
03-17 18:53:37.733   400   452 D adayocomadapter-ParseProtocolFunc: printRaWMsg Name[IPCLtoVHAL] len[7] data[21402227000100]
03-17 18:53:37.733   400   452 D adayocomadapter-ParseProtocolFunc: printRaWMsg Name[IPCLtoVHAL] len[7] data[214021D3000100]
03-17 18:53:37.733   400   452 D adayocomadapter-ParseProtocolFunc: printRaWMsg Name[IPCLtoVHAL] len[7] data[21402234000100]
03-17 18:53:37.733   400   452 D adayocomadapter-ParseProtocolFunc: printRaWMsg Name[IPCLtoVHAL] len[7] data[214021D4000100]
03-17 18:53:37.733   400   452 D adayocomadapter-ParseProtocolFunc: printRaWMsg Name[IPCLtoVHAL] len[7] data[21402235000100]
03-17 18:53:37.733   400   452 D adayocomadapter-ParseProtocolFunc: printRaWMsg Name[IPCLtoVHAL] len[7] data[21402228000100]
03-17 18:53:37.733   400   452 D adayocomadapter-ParseProtocolFunc: printRaWMsg Name[IPCLtoVHAL] len[7] data[21402229000100]
03-17 18:53:37.733   400   452 D adayocomadapter-ParseProtocolFunc: printRaWMsg Name[IPCLtoVHAL] len[7] data[21402236000100]
03-17 18:53:37.733   400   452 D adayocomadapter-ParseProtocolFunc: printRaWMsg Name[IPCLtoVHAL] len[7] data[21402237000100]
03-17 18:53:37.733   400   452 D adayocomadapter-ParseProtocolFunc: printRaWMsg Name[IPCLtoVHAL] len[7] data[21402238000100]
03-17 18:53:37.733   400   452 D adayocomadapter-ParseProtocolFunc: printRaWMsg Name[IPCLtoVHAL] len[7] data[21402239000100]
03-17 18:53:37.733   400   452 D adayocomadapter-ParseProtocolFunc: printRaWMsg Name[IPCLtoVHAL] len[7] data[2140223A000100]
03-17 18:53:37.733   400   452 D adayocomadapter-ParseProtocolFunc: printRaWMsg Name[IPCLtoVHAL] len[7] data[2140223B000165]
03-17 18:53:37.733   400   452 D adayocomadapter-ParseProtocolFunc: printRaWMsg Name[IPCLtoVHAL] len[8] data[2140223C00014E21]
03-17 18:53:37.733   400   452 D adayocomadapter-ParseProtocolFunc: printRaWMsg Name[IPCLtoVHAL] len[7] data[21402241000100]
03-17 18:53:37.733   400   452 D adayocomadapter-ParseProtocolFunc: printRaWMsg Name[IPCLtoVHAL] len[7] data[21402242000100]
03-17 18:53:37.733   400   452 D adayocomadapter-ParseProtocolFunc: printRaWMsg Name[IPCLtoVHAL] len[7] data[214021E1000100]
03-17 18:53:37.733   400   452 D adayocomadapter-ParseProtocolFunc: printRaWMsg Name[IPCLtoVHAL] len[7] data[21402243000100]
