03-17 18:53:34.196  3059  3258 I OkHttpClientManager: <head><title>400 No required SSL certificate was sent</title></head>
03-17 18:53:34.196  3059  3258 I OkHttpClientManager: <body>
03-17 18:53:34.196  3059  3258 I OkHttpClientManager: <center><h1>400 Bad Request</h1></center>
03-17 18:53:34.196  3059  3258 I OkHttpClientManager: <center>No required SSL certificate was sent</center>
03-17 18:53:34.196  3059  3258 I OkHttpClientManager: <hr><center>stgw</center>
03-17 18:53:34.196  3059  3258 I OkHttpClientManager: </body>
03-17 18:53:34.196  3059  3258 I OkHttpClientManager: </html>
03-17 18:53:34.196  3059  3258 I OkHttpClientManager: 
03-17 18:53:34.196  3059  3258 I OkHttpClientManager: <-- END HTTP (229-byte body)
03-17 18:53:34.196  3059  3258 I UrlInterceptor: intercept response:Response{protocol=h2, code=400, message=, url=https://api-c-uat.mosc.faw-vw.com/j01/hu/vpa/vpa/profile/v1/get-all?accountType=A&requestId=7ce88870-bd00-492b-afd3-cea233752240&signt=1773744814069&appkey=HiVQY27x&sign=2074408e22fbf73c88514d4f855b6386}
03-17 18:53:34.197  3059  3258 D okhttp.TaskRunner: Q10000 scheduled after   0 µs: OkHttp ConnectionPool
03-17 18:53:34.197  3059  8870 D okhttp.TaskRunner: Q10000 starting              : OkHttp ConnectionPool
03-17 18:53:34.197  3059  8870 D okhttp.TaskRunner: Q10000 run again after 300 s : OkHttp ConnectionPool
03-17 18:53:34.198  3059  8870 D okhttp.TaskRunner: Q10000 finished run in 544 µs: OkHttp ConnectionPool
03-17 18:53:34.207   642   685 I mcuc    : sd Uart data : 6AA602058D00029202D6
03-17 18:53:34.213   642   685 I mcuc    : rev uart=1495,len=24, data : 6AA681058D00109202000400000000000000000000000045
03-17 18:53:34.213   400   400 D adayocomadapter-ParseProtocolFunc: printRaWMsg Name[MCUToUPstream recv] len[16] data[92020004000000000000000000000000]
03-17 18:53:34.213   400   400 D adayocomadapter-CommunicationManager: onUpstreamback   member[0] dataLength[13] timePoint[148160]
03-17 18:53:34.213   400   400 D adayocomadapter-ParseProtocolFunc: printRaWMsg Name[onUpstreamback] len[13] data[04000000000000000000000000]
03-17 18:53:34.213   400   452 D adayocomadapter-UpstreamHandler: processBeforePacket upSreamtProcessTimePoint[148161] 
03-17 18:53:34.213   400   452 D adayocomadapter-UpstreamHandler: processPacket UPSTREAM_QUEUE_DATA_TIMEOUT
03-17 18:53:34.213   400   452 D adayocomadapter-ParseProtocolFunc: parseCommonIPCLBytes Processing tableNumber[4]
03-17 18:53:34.213   400   452 D adayocomadapter-ParseProtocolFunc: parseCommonIPCLBytes Processing tablename[Table-4] tableSize[13]
03-17 18:53:34.213   400   452 D adayocomadapter-ParseProtocolFunc: printRaWMsg Name[byteStream recv] len[13] data[04000000000000000000000000]
03-17 18:53:34.213   400   452 D adayocomadapter-ParseProtocolFunc: printRaWMsg Name[IPCLtoVHAL] len[8] data[2140200C00000000]
03-17 18:53:34.213   400   452 D adayocomadapter-ParseProtocolFunc: printRaWMsg Name[IPCLtoVHAL] len[8] data[2140200D00000000]
03-17 18:53:34.213   400   452 D adayocomadapter-ParseProtocolFunc: printRaWMsg Name[IPCLtoVHAL] len[7] data[21402233000000]
03-17 18:53:34.213   400   452 D adayocomadapter-ParseProtocolFunc: printRaWMsg Name[IPCLtoVHAL] len[10] data[2140201D000000000000]
03-17 18:53:34.213   400   452 D adayocomadapter-ParseProtocolFunc: printRaWMsg Name[IPCLtoVHAL] len[8] data[2140201E00000000]
03-17 18:53:34.213   400   452 D adayocomadapter-CommunicationManager: onUpstreamReceive isLoss 0 mPropertyId 0x2140200c
03-17 18:53:34.213   400   452 D adayocomadapter-CommunicationManager: convertBytesToInt32Memcpy  0
03-17 18:53:34.213   400   452 D vw-vhal : notifyVehicleProperty, propId = 0x2140200c, data = {status: 2, int32Values: [0]}
03-17 18:53:34.213   400   452 I DefaultVehicleHal_v2_0: DefaultVehicleHal::onPropertyValue, value:{.timestamp = 148161492349, .areaId = 0, .prop = 557850636, .status = AVAILABLE, .value = {.int32Values = [1]{0}, .floatValues = [0]{}, .int64Values = [0]{}, .bytes = [0]{}, .stringValue = ""}}
03-17 18:53:34.214   400   452 D adayocomadapter-CommunicationManager: onUpstreamReceive mPropertyId 0x2140200c
03-17 18:53:34.214   400   452 D adayocomadapter-CommunicationManager: onUpstreamReceive isLoss 0 mPropertyId 0x2140200d
03-17 18:53:34.214   400   452 D adayocomadapter-CommunicationManager: convertBytesToInt32Memcpy  0
03-17 18:53:34.214   400   452 D vw-vhal : notifyVehicleProperty, propId = 0x2140200d, data = {status: 2, int32Values: [0]}
03-17 18:53:34.214   400   452 I DefaultVehicleHal_v2_0: DefaultVehicleHal::onPropertyValue, value:{.timestamp = 148161717349, .areaId = 0, .prop = 557850637, .status = AVAILABLE, .value = {.int32Values = [1]{0}, .floatValues = [0]{}, .int64Values = [0]{}, .bytes = [0]{}, .stringValue = ""}}
03-17 18:53:34.214   400   452 D adayocomadapter-CommunicationManager: onUpstreamReceive mPropertyId 0x2140200d
03-17 18:53:34.214   400   452 D adayocomadapter-CommunicationManager: onUpstreamReceive isLoss 0 mPropertyId 0x21402233
03-17 18:53:34.214   400   452 D adayocomadapter-CommunicationManager: convertBytesToInt32Memcpy  0
03-17 18:53:34.214   400   452 D vw-vhal : notifyVehicleProperty, propId = 0x21402233, data = {status: 2, int32Values: [0]}
03-17 18:53:34.214   400   452 I DefaultVehicleHal_v2_0: DefaultVehicleHal::onPropertyValue, value:{.timestamp = 148161911349, .areaId = 0, .prop = 557851187, .status = AVAILABLE, .value = {.int32Values = [1]{0}, .floatValues = [0]{}, .int64Values = [0]{}, .bytes = [0]{}, .stringValue = ""}}
03-17 18:53:34.214   400   452 D adayocomadapter-CommunicationManager: onUpstreamReceive mPropertyId 0x21402233
03-17 18:53:34.214   400   452 D adayocomadapter-CommunicationManager: onUpstreamReceive isLoss 0 mPropertyId 0x2140201d
03-17 18:53:34.214   400   452 D adayocomadapter-CommunicationManager: convertBytesToInt32Memcpy  0
03-17 18:53:34.214   400   452 D vw-vhal : notifyVehicleProperty, propId = 0x2140201d, data = {status: 2, int32Values: [0]}
03-17 18:53:34.214   400   452 I DefaultVehicleHal_v2_0: DefaultVehicleHal::onPropertyValue, value:{.timestamp = 148162106349, .areaId = 0, .prop = 557850653, .status = AVAILABLE, .value = {.int32Values = [1]{0}, .floatValues = [0]{}, .int64Values = [0]{}, .bytes = [0]{}, .stringValue = ""}}
03-17 18:53:34.214   400   452 D adayocomadapter-CommunicationManager: onUpstreamReceive mPropertyId 0x2140201d
03-17 18:53:34.214   400   452 D adayocomadapter-CommunicationManager: onUpstreamReceive isLoss 0 mPropertyId 0x2140201e
03-17 18:53:34.214   400   452 D adayocomadapter-CommunicationManager: convertBytesToInt32Memcpy  0
03-17 18:53:34.214   400   452 D vw-vhal : notifyVehicleProperty, propId = 0x2140201e, data = {status: 2, int32Values: [0]}
03-17 18:53:34.214   400   452 I DefaultVehicleHal_v2_0: DefaultVehicleHal::onPropertyValue, value:{.timestamp = 148162313016, .areaId = 0, .prop = 557850654, .status = AVAILABLE, .value = {.int32Values = [1]{0}, .floatValues = [0]{}, .int64Values = [0]{}, .bytes = [0]{}, .stringValue = ""}}
03-17 18:53:34.214   400   452 D adayocomadapter-CommunicationManager: onUpstreamReceive mPropertyId 0x2140201e
03-17 18:53:34.224  2292  2546 D navi-libSdk-J01-Sdk: isServiceConnected: true
03-17 18:53:34.224  2292  2546 D NaviAdapter: remote service connected
03-17 18:53:34.225  2292  2307 D GPS_POIManager: IncomeProcess 2366
03-17 18:53:34.225  2292  2307 W POIManager: Just Location Need request Location permission
03-17 18:53:34.225  2366  2997 E /       : Just Location request Location permission
03-17 18:53:34.234  2383  2600 D AdayoDoipServer294_Doip: [ne_doip_event_loop_dispatch][line:141] : count = 0
03-17 18:53:34.242  2106  2458 D CAR.DIAGNOSTIC: Entry - Type: 0x01, ServiceId: 0x2071, InstanceId: 0x0001, MajorVersion: 0x01FFFFFF, TTL: 0
03-17 18:53:34.242  2106  2460 D CAR.DIAGNOSTIC: Entry - Type: 0x01, ServiceId: 0x2071, InstanceId: 0x0001, MajorVersion: 0x01FFFFFF, TTL: 0
03-17 18:53:34.242  2106  2450 D CAR.DIAGNOSTIC: Entry - Type: 0x01, ServiceId: 0x2071, InstanceId: 0x0001, MajorVersion: 0x01FFFFFF, TTL: 0
03-17 18:53:34.242  2106  2460 D CAR.DIAGNOSTIC: Entry - Type: 0x01, ServiceId: 0x4001, InstanceId: 0x0001, MajorVersion: 0x01FFFFFF, TTL: 0
03-17 18:53:34.242  2106  2458 D CAR.DIAGNOSTIC: Entry - Type: 0x01, ServiceId: 0x4001, InstanceId: 0x0001, MajorVersion: 0x01FFFFFF, TTL: 0
03-17 18:53:34.242  2106  2450 D CAR.DIAGNOSTIC: Entry - Type: 0x01, ServiceId: 0x4001, InstanceId: 0x0001, MajorVersion: 0x01FFFFFF, TTL: 0
03-17 18:53:34.253   582  3616 E WifiHAL : Invalid data received from driver
03-17 18:53:34.279  6654  6700 D TimerTriggerManager: init instance...
03-17 18:53:34.279  6654  6700 D TimerTriggerManager: Timer thread'TimerTriggerManager' is destroyed: false
03-17 18:53:34.279  6654  6700 D TimerTriggerManager: Timer 'onIndcnVehSpdChanged' is running: true
03-17 18:53:34.279  6654  6700 D TimerTriggerManager: Sending reset signal to timer 'onIndcnVehSpdChanged'
03-17 18:53:34.279  6654  6700 D TimerTriggerManager: Reset signal sent to timer 'onIndcnVehSpdChanged'
03-17 18:53:34.280  6654  6707 D TimerTriggerController: Reset method called for timer: onIndcnVehSpdChanged
03-17 18:53:34.280  6654  6707 D TimerTriggerController: Calling onTimerReset for timer: onIndcnVehSpdChanged
03-17 18:53:34.280  6654  6707 D TimerTriggerManager: Timer reset: onIndcnVehSpdChanged
03-17 18:53:34.280  6654  6707 I TimerTriggerController: Timer [onIndcnVehSpdChanged] reset, remaining: 1000ms, reset count: 1001
03-17 18:53:34.289  2366  2997 I VehicleNaviObserver: loadCompany
03-17 18:53:34.289  2366  2992 I VehicleNaviObserver: loadHome
03-17 18:53:34.290  2292  2307 D navi-libSdk-J01-Sdk: isServiceConnected: true
03-17 18:53:34.290  2292  9233 D navi-libSdk-J01-Sdk: isServiceConnected: true
03-17 18:53:34.290  2292  2307 D GPS_IExpired: head 210590092{state=0,isHead=true,param=,incomePid=2366,method=CompanyLocation,childCount=0}
03-17 18:53:34.290  2292  2307 D navi-libSdk-J01-Sdk: isServiceConnected: true
03-17 18:53:34.290  2292  9233 D GPS_IExpired: head 130021589{state=0,isHead=true,param=,incomePid=2366,method=HomeLocation,childCount=0}
03-17 18:53:34.290  2292  9233 D navi-libSdk-J01-Sdk: isServiceConnected: true
03-17 18:53:34.290  2292  2307 D navi-libSdk-J01-NaviSdk: getCompanyAddress: type-0,getProxy()-com.faw.navi.libsdk.IShareDataInterface$Stub$Proxy@f5f5405
03-17 18:53:34.290  2292  9233 D navi-libSdk-J01-NaviSdk: getHomeAddress: type-0,getProxy()-com.faw.navi.libsdk.IShareDataInterface$Stub$Proxy@f5f5405
03-17 18:53:34.291  2315  3276 D navi-libSdk-J01-ShareDataBinder: getCompanyAddress(ShareDataBinder.java:501) getCompanyAddress: clientPid-2292,type-0
03-17 18:53:34.291  2315  4400 D navi-libSdk-J01-ShareDataBinder: getHomeAddress(ShareDataBinder.java:518) getHomeAddress: clientPid-2292,type-0
03-17 18:53:34.291  2366  2997 I VehicleNaviObserver: loadCompany >> null, do retry
03-17 18:53:34.291  2366  2992 I VehicleNaviObserver: loadHome >> null, do retry
03-17 18:53:34.292   580  9493 D resolv  : retrying_poll: 46 retrying_poll timeout
03-17 18:53:34.292   580  9493 D resolv  : send_dg: timeout
03-17 18:53:34.292   580  9493 I resolv  : res_nsend: used send_dg 0 terrno: 110
03-17 18:53:34.292  2292  9233 D GPS_IExpired: 130021589{state=1,isHead=true,param=,incomePid=2366,method=HomeLocation,childCount=0} callback
03-17 18:53:34.292   580  9493 D resolv  : res_nsend: Querying server (# 2) address = 8.8.8.8:53
03-17 18:53:34.292  2292  9233 D GPS_IExpired: 130021589{state=1,isHead=true,param=,incomePid=2366,method=HomeLocation,childCount=0} accept and fallback 0
03-17 18:53:34.293   580  9493 D resolv  : get_timeout: using timeout of 5000 msec
03-17 18:53:34.293   580  9493 D resolv  : retrying_poll: 47 retrying_poll
03-17 18:53:34.293  2292  2307 D GPS_IExpired: 210590092{state=1,isHead=true,param=,incomePid=2366,method=CompanyLocation,childCount=0} callback
03-17 18:53:34.293  2292  2307 D GPS_IExpired: 210590092{state=1,isHead=true,param=,incomePid=2366,method=CompanyLocation,childCount=0} accept and fallback 0
03-17 18:53:34.298   582  3616 E WifiHAL : Invalid data received from driver
03-17 18:53:34.300   642   685 I mcuc    : sd Uart data : 6AA602058E0002800ADF
03-17 18:53:34.305   642   685 I mcuc    : rev uart=1496,len=13, data : 6AA681058E0005800A04000059
03-17 18:53:34.305   400   400 D adayocomadapter-ParseProtocolFunc: printRaWMsg Name[MCUToUPstream recv] len[4] data[800A0400]
03-17 18:53:34.305   400   400 D adayocomadapter-CommunicationManager: onUpstreamback   member[8] dataLength[2] timePoint[148253]
03-17 18:53:34.305   400   400 D adayocomadapter-ParseProtocolFunc: printRaWMsg Name[onUpstreamback] len[2] data[0400]
03-17 18:53:34.305   400   452 D adayocomadapter-UpstreamHandler: processBeforePacket upSreamtProcessTimePoint[148253] 
03-17 18:53:34.305   400   452 D adayocomadapter-ParseProtocolFunc: parseGeneralIPCLBytes Processing tablename[Table-0] tableSize[2]
03-17 18:53:34.305   400   452 D adayocomadapter-ParseProtocolFunc: printRaWMsg Name[byteStream recv] len[2] data[0400]
03-17 18:53:34.305   400   452 D adayocomadapter-ParseProtocolFunc: printRaWMsg Name[IPCLtoVHAL] len[7] data[31401002000000]
03-17 18:53:34.305   400   452 D adayocomadapter-ParseProtocolFunc: printRaWMsg Name[IPCLtoVHAL] len[7] data[31401001000004]
03-17 18:53:34.306   400   452 D adayocomadapter-CommunicationManager: onUpstreamReceive isLoss 0 mPropertyId 0x31401002
03-17 18:53:34.306   400   452 D adayocomadapter-CommunicationManager: convertBytesToInt32Memcpy  0
03-17 18:53:34.306   400   452 D vw-vhal : notifyVehicleProperty, propId = 0x31401002, data = {status: 2, int32Values: [0]}
03-17 18:53:34.306   400   452 I DefaultVehicleHal_v2_0: DefaultVehicleHal::onPropertyValue, value:{.timestamp = 148253712016, .areaId = 0, .prop = 826281986, .status = AVAILABLE, .value = {.int32Values = [1]{0}, .floatValues = [0]{}, .int64Values = [0]{}, .bytes = [0]{}, .stringValue = ""}}
03-17 18:53:34.306   400   452 D adayocomadapter-CommunicationManager: onUpstreamReceive mPropertyId 0x31401002
03-17 18:53:34.306   400   452 D adayocomadapter-CommunicationManager: onUpstreamReceive isLoss 0 mPropertyId 0x31401001
03-17 18:53:34.306   400   452 D adayocomadapter-CommunicationManager: convertBytesToInt32Memcpy  4
03-17 18:53:34.306   400   452 D vw-vhal : notifyVehicleProperty, propId = 0x31401001, data = {status: 2, int32Values: [4]}
03-17 18:53:34.306   400   452 I DefaultVehicleHal_v2_0: DefaultVehicleHal::onPropertyValue, value:{.timestamp = 148253929682, .areaId = 0, .prop = 826281985, .status = AVAILABLE, .value = {.int32Values = [1]{4}, .floatValues = [0]{}, .int64Values = [0]{}, .bytes = [0]{}, .stringValue = ""}}
03-17 18:53:34.306   400   452 D adayocomadapter-CommunicationManager: onUpstreamReceive mPropertyId 0x31401001
03-17 18:53:34.334  2383  2600 D AdayoDoipServer294_Doip: [ne_doip_event_loop_dispatch][line:141] : count = 0
03-17 18:53:34.337   642   685 I mcuc    : sd Uart data : 6AA602058F00029202D4
03-17 18:53:34.339   703   948 W vendor.fawvw.hardware.persistenceservice: [RecoveryTBoxSomeIPClient::connectSomeIPServer] Waiting proxy available1...
03-17 18:53:34.342   642   685 I mcuc    : rev uart=1497,len=19, data : 6AA681058F000B920200070000000000000144
03-17 18:53:34.342   400   400 D adayocomadapter-ParseProtocolFunc: printRaWMsg Name[MCUToUPstream recv] len[11] data[9202000700000000000001]
03-17 18:53:34.343   400   400 D adayocomadapter-CommunicationManager: onUpstreamback   member[0] dataLength[8] timePoint[148290]
03-17 18:53:34.343   400   400 D adayocomadapter-ParseProtocolFunc: printRaWMsg Name[onUpstreamback] len[8] data[0700000000000001]
03-17 18:53:34.343   400   452 D adayocomadapter-UpstreamHandler: processBeforePacket upSreamtProcessTimePoint[148290] 
03-17 18:53:34.343   400   452 D adayocomadapter-UpstreamHandler: processPacket UPSTREAM_QUEUE_DATA_TIMEOUT
03-17 18:53:34.343   400   452 D adayocomadapter-ParseProtocolFunc: parseCommonIPCLBytes Processing tableNumber[7]
03-17 18:53:34.343   400   452 D adayocomadapter-ParseProtocolFunc: parseCommonIPCLBytes Processing tablename[Table-7] tableSize[8]
03-17 18:53:34.343   400   452 D adayocomadapter-ParseProtocolFunc: printRaWMsg Name[byteStream recv] len[8] data[0700000000000001]
03-17 18:53:34.343   400   452 D adayocomadapter-ParseProtocolFunc: printRaWMsg Name[IPCLtoVHAL] len[7] data[21402053000100]
03-17 18:53:34.343   400   452 D adayocomadapter-ParseProtocolFunc: printRaWMsg Name[IPCLtoVHAL] len[7] data[214020A0000100]
03-17 18:53:34.343   400   452 D adayocomadapter-ParseProtocolFunc: printRaWMsg Name[IPCLtoVHAL] len[7] data[21402131000100]
03-17 18:53:34.343   400   452 D adayocomadapter-ParseProtocolFunc: printRaWMsg Name[IPCLtoVHAL] len[7] data[214020A2000100]
03-17 18:53:34.343   400   452 D adayocomadapter-ParseProtocolFunc: printRaWMsg Name[IPCLtoVHAL] len[7] data[214020A4000100]
03-17 18:53:34.343   400   452 D adayocomadapter-ParseProtocolFunc: printRaWMsg Name[IPCLtoVHAL] len[7] data[214021CE000100]
03-17 18:53:34.343   400   452 D adayocomadapter-CommunicationManager: onUpstreamReceive isLoss 1 mPropertyId 0x21402053
03-17 18:53:34.343   400   452 D adayocomadapter-CommunicationManager: convertBytesToInt32Memcpy  0
03-17 18:53:34.343   400   452 D vw-vhal : notifyVehicleProperty, propId = 0x21402053, data = {status: 3, int32Values: [0]}
03-17 18:53:34.343   400   452 I DefaultVehicleHal_v2_0: DefaultVehicleHal::onPropertyValue, value:{.timestamp = 148291190682, .areaId = 0, .prop = 557850707, .status = UNAVAILABLE, .value = {.int32Values = [1]{0}, .floatValues = [0]{}, .int64Values = [0]{}, .bytes = [0]{}, .stringValue = ""}}
03-17 18:53:34.343   400   452 D adayocomadapter-CommunicationManager: onUpstreamReceive mPropertyId 0x21402053
03-17 18:53:34.343   400   452 D adayocomadapter-CommunicationManager: onUpstreamReceive isLoss 1 mPropertyId 0x214020a0
03-17 18:53:34.343   400   452 D adayocomadapter-CommunicationManager: convertBytesToInt32Memcpy  0
03-17 18:53:34.343   400   452 D vw-vhal : notifyVehicleProperty, propId = 0x214020a0, data = {status: 3, int32Values: [0]}
03-17 18:53:34.343   400   452 I DefaultVehicleHal_v2_0: DefaultVehicleHal::onPropertyValue, value:{.timestamp = 148291410016, .areaId = 0, .prop = 557850784, .status = UNAVAILABLE, .value = {.int32Values = [1]{0}, .floatValues = [0]{}, .int64Values = [0]{}, .bytes = [0]{}, .stringValue = ""}}
03-17 18:53:34.343   400   452 D adayocomadapter-CommunicationManager: onUpstreamReceive mPropertyId 0x214020a0
03-17 18:53:34.343   400   452 D adayocomadapter-CommunicationManager: onUpstreamReceive isLoss 1 mPropertyId 0x21402131
03-17 18:53:34.343   400   452 D adayocomadapter-CommunicationManager: convertBytesToInt32Memcpy  0
03-17 18:53:34.344   400   452 D vw-vhal : notifyVehicleProperty, propId = 0x21402131, data = {status: 3, int32Values: [0]}
03-17 18:53:34.344   400   452 I DefaultVehicleHal_v2_0: DefaultVehicleHal::onPropertyValue, value:{.timestamp = 148291604016, .areaId = 0, .prop = 557850929, .status = UNAVAILABLE, .value = {.int32Values = [1]{0}, .floatValues = [0]{}, .int64Values = [0]{}, .bytes = [0]{}, .stringValue = ""}}
03-17 18:53:34.344   400   452 D adayocomadapter-CommunicationManager: onUpstreamReceive mPropertyId 0x21402131
03-17 18:53:34.344   400   452 D adayocomadapter-CommunicationManager: onUpstreamReceive isLoss 1 mPropertyId 0x214020a2
03-17 18:53:34.344   400   452 D adayocomadapter-CommunicationManager: convertBytesToInt32Memcpy  0
03-17 18:53:34.344   400   452 D vw-vhal : notifyVehicleProperty, propId = 0x214020a2, data = {status: 3, int32Values: [0]}
03-17 18:53:34.344   400   452 I DefaultVehicleHal_v2_0: DefaultVehicleHal::onPropertyValue, value:{.timestamp = 148291787016, .areaId = 0, .prop = 557850786, .status = UNAVAILABLE, .value = {.int32Values = [1]{0}, .floatValues = [0]{}, .int64Values = [0]{}, .bytes = [0]{}, .stringValue = ""}}
03-17 18:53:34.344   400   452 D adayocomadapter-CommunicationManager: onUpstreamReceive mPropertyId 0x214020a2
03-17 18:53:34.344   400   452 D adayocomadapter-CommunicationManager: onUpstreamReceive isLoss 1 mPropertyId 0x214020a4
03-17 18:53:34.344   400   452 D adayocomadapter-CommunicationManager: convertBytesToInt32Memcpy  0
03-17 18:53:34.344   400   452 D vw-vhal : notifyVehicleProperty, propId = 0x214020a4, data = {status: 3, int32Values: [0]}
03-17 18:53:34.344   400   452 I DefaultVehicleHal_v2_0: DefaultVehicleHal::onPropertyValue, value:{.timestamp = 148291972682, .areaId = 0, .prop = 557850788, .status = UNAVAILABLE, .value = {.int32Values = [1]{0}, .floatValues = [0]{}, .int64Values = [0]{}, .bytes = [0]{}, .stringValue = ""}}
03-17 18:53:34.344   400   452 D adayocomadapter-CommunicationManager: onUpstreamReceive mPropertyId 0x214020a4
03-17 18:53:34.344   400   452 D adayocomadapter-CommunicationManager: onUpstreamReceive isLoss 1 mPropertyId 0x214021ce
03-17 18:53:34.344   400   452 D adayocomadapter-CommunicationManager: convertBytesToInt32Memcpy  0
03-17 18:53:34.344   400   452 D vw-vhal : notifyVehicleProperty, propId = 0x214021ce, data = {status: 3, int32Values: [0]}
03-17 18:53:34.344   400   452 I DefaultVehicleHal_v2_0: DefaultVehicleHal::onPropertyValue, value:{.timestamp = 148292193016, .areaId = 0, .prop = 557851086, .status = UNAVAILABLE, .value = {.int32Values = [1]{0}, .floatValues = [0]{}, .int64Values = [0]{}, .bytes = [0]{}, .stringValue = ""}}
03-17 18:53:34.344   400   452 D adayocomadapter-CommunicationManager: onUpstreamReceive mPropertyId 0x214021ce
03-17 18:53:34.375   582  3616 E WifiHAL : Invalid data received from driver
03-17 18:53:34.379  6654  6700 D TimerTriggerManager: init instance...
03-17 18:53:34.380  6654  6700 D TimerTriggerManager: Timer thread'TimerTriggerManager' is destroyed: false
03-17 18:53:34.380  6654  6700 D TimerTriggerManager: Timer 'onIndcnVehSpdChanged' is running: true
03-17 18:53:34.380  6654  6700 D TimerTriggerManager: Sending reset signal to timer 'onIndcnVehSpdChanged'
03-17 18:53:34.380  6654  6700 D TimerTriggerManager: Reset signal sent to timer 'onIndcnVehSpdChanged'
03-17 18:53:34.380  6654  6707 D TimerTriggerController: Reset method called for timer: onIndcnVehSpdChanged
03-17 18:53:34.380  6654  6707 D TimerTriggerController: Calling onTimerReset for timer: onIndcnVehSpdChanged
03-17 18:53:34.380  6654  6707 D TimerTriggerManager: Timer reset: onIndcnVehSpdChanged
03-17 18:53:34.380  6654  6707 I TimerTriggerController: Timer [onIndcnVehSpdChanged] reset, remaining: 1000ms, reset count: 1002
03-17 18:53:34.382  6654  6700 D TimerTriggerManager: init instance...
03-17 18:53:34.382  6654  6700 D TimerTriggerManager: Timer thread'TimerTriggerManager' is destroyed: false
03-17 18:53:34.382  6654  6700 D TimerTriggerManager: Timer 'onMntnWarnReqChanged' is running: true
03-17 18:53:34.382  6654  6700 D TimerTriggerManager: Sending reset signal to timer 'onMntnWarnReqChanged'
03-17 18:53:34.382  6654  6700 D TimerTriggerManager: Reset signal sent to timer 'onMntnWarnReqChanged'
03-17 18:53:34.382  6654  6707 D TimerTriggerController: Reset method called for timer: onMntnWarnReqChanged
03-17 18:53:34.382  6654  6707 D TimerTriggerController: Calling onTimerReset for timer: onMntnWarnReqChanged
03-17 18:53:34.382  6654  6707 D TimerTriggerManager: Timer reset: onMntnWarnReqChanged
03-17 18:53:34.383  6654  6707 I TimerTriggerController: Timer [onMntnWarnReqChanged] reset, remaining: 5000ms, reset count: 501
03-17 18:53:34.426   582  3616 E WifiHAL : Invalid data received from driver
03-17 18:53:34.426   582  3616 E WifiHAL : Invalid data received from driver
03-17 18:53:34.426   582  3616 E WifiHAL : Invalid data received from driver
03-17 18:53:34.426   582  3616 E WifiHAL : Invalid data received from driver
03-17 18:53:34.426   582  3616 E WifiHAL : Invalid data received from driver
03-17 18:53:34.426   582  3616 E WifiHAL : Invalid data received from driver
03-17 18:53:34.426   582  3616 E WifiHAL : Invalid data received from driver
03-17 18:53:34.434  2383  2600 D AdayoDoipServer294_Doip: [ne_doip_event_loop_dispatch][line:141] : count = 0
03-17 18:53:34.439   644   644 E fgesysctrl_hidl_hal_test1: fgesysctrl_get_signal status *value=0
03-17 18:53:34.440   649   759 D EvsApp  : CameraFgeSysctrl::fgesysctrl_get_signal_status() end ret = 1
03-17 18:53:34.440  1646  1727 I evsservice20200311: function = notifyAppDeviceValue :ADAYO_AVM_CAMERA_SIGNAL_STATE,1---
03-17 18:53:34.444  1646  1985 E EvsServiceManager: EvsServiceManager$1->notifyDeviceValue()42:notifyDeviceValue key：ADAYO_AVM_CAMERA_SIGNAL_STATEvalue1     ---170:Thread-132
03-17 18:53:34.451   582  3616 E WifiHAL : Invalid data received from driver
03-17 18:53:34.479  6654  6700 D TimerTriggerManager: init instance...
03-17 18:53:34.479  6654  6700 D TimerTriggerManager: Timer thread'TimerTriggerManager' is destroyed: false
03-17 18:53:34.479  6654  6700 D TimerTriggerManager: Timer 'onIndcnVehSpdChanged' is running: true
03-17 18:53:34.479  6654  6700 D TimerTriggerManager: Sending reset signal to timer 'onIndcnVehSpdChanged'
03-17 18:53:34.479  6654  6700 D TimerTriggerManager: Reset signal sent to timer 'onIndcnVehSpdChanged'
03-17 18:53:34.479  6654  6707 D TimerTriggerController: Reset method called for timer: onIndcnVehSpdChanged
03-17 18:53:34.479  6654  6707 D TimerTriggerController: Calling onTimerReset for timer: onIndcnVehSpdChanged
03-17 18:53:34.479  6654  6707 D TimerTriggerManager: Timer reset: onIndcnVehSpdChanged
03-17 18:53:34.480  6654  6707 I TimerTriggerController: Timer [onIndcnVehSpdChanged] reset, remaining: 1000ms, reset count: 1003
03-17 18:53:34.496   582  3616 E WifiHAL : Invalid data received from driver
03-17 18:53:34.508   642   685 I mcuc    : sd Uart data : 6AA602059000029202D3
03-17 18:53:34.514   642   685 I mcuc    : rev uart=1498,len=116, data : 6AA6810590006C920200100000000000000000000000000000010000000000000000000000000000000000000000000000000000000000000000000000000000000000000000000000000000000000000000000000000000654E21000000000000000000000000000000000001010101010101FE
03-17 18:53:34.514   400   400 D adayocomadapter-ParseProtocolFunc: printRaWMsg Name[MCUToUPstream recv] len[108] data[920200100000000000000000000000000000010000000000000000000000000000000000000000000000000000000000000000000000000000000000000000000000000000000000000000000000000000654E21000000000000000000000000000000000001010101010101]
03-17 18:53:34.514   400   400 D adayocomadapter-CommunicationManager: onUpstreamback   member[0] dataLength[105] timePoint[148462]
03-17 18:53:34.515   400   400 D adayocomadapter-ParseProtocolFunc: printRaWMsg Name[onUpstreamback] len[105] data[100000000000000000000000000000010000000000000000000000000000000000000000000000000000000000000000000000000000000000000000000000000000000000000000000000000000654E21000000000000000000000000000000000001010101010101]
03-17 18:53:34.515   400   452 D adayocomadapter-UpstreamHandler: processBeforePacket upSreamtProcessTimePoint[148462] 
03-17 18:53:34.515   400   452 D adayocomadapter-UpstreamHandler: processPacket UPSTREAM_QUEUE_DATA_TIMEOUT
03-17 18:53:34.515   400   452 D adayocomadapter-ParseProtocolFunc: parseCommonIPCLBytes Processing tableNumber[16]
03-17 18:53:34.515   400   452 D adayocomadapter-ParseProtocolFunc: parseCommonIPCLBytes Processing tablename[Table-16] tableSize[105]
03-17 18:53:34.515   400   452 D adayocomadapter-ParseProtocolFunc: printRaWMsg Name[byteStream recv] len[105] data[100000000000000000000000000000010000000000000000000000000000000000000000000000000000000000000000000000000000000000000000000000000000000000000000000000000000654E21000000000000000000000000000000000001010101010101]
03-17 18:53:34.515   400   452 D adayocomadapter-ParseProtocolFunc: printRaWMsg Name[IPCLtoVHAL] len[7] data[214021B1000100]
03-17 18:53:34.515   400   452 D adayocomadapter-ParseProtocolFunc: printRaWMsg Name[IPCLtoVHAL] len[7] data[21402212000100]
03-17 18:53:34.515   400   452 D adayocomadapter-ParseProtocolFunc: printRaWMsg Name[IPCLtoVHAL] len[7] data[214021B2000100]
03-17 18:53:34.515   400   452 D adayocomadapter-ParseProtocolFunc: printRaWMsg Name[IPCLtoVHAL] len[7] data[214021BD000100]
03-17 18:53:34.515   400   452 D adayocomadapter-ParseProtocolFunc: printRaWMsg Name[IPCLtoVHAL] len[7] data[2140221E000100]
03-17 18:53:34.516   400   452 D adayocomadapter-ParseProtocolFunc: printRaWMsg Name[IPCLtoVHAL] len[7] data[214021B3000100]
03-17 18:53:34.516   400   452 D adayocomadapter-ParseProtocolFunc: printRaWMsg Name[IPCLtoVHAL] len[7] data[21402214000100]
03-17 18:53:34.516   400   452 D adayocomadapter-ParseProtocolFunc: printRaWMsg Name[IPCLtoVHAL] len[7] data[214021B4000100]
03-17 18:53:34.516   400   452 D adayocomadapter-ParseProtocolFunc: printRaWMsg Name[IPCLtoVHAL] len[7] data[21402153000100]
03-17 18:53:34.516   400   452 D adayocomadapter-ParseProtocolFunc: printRaWMsg Name[IPCLtoVHAL] len[7] data[21402215000100]
03-17 18:53:34.516   400   452 D adayocomadapter-ParseProtocolFunc: printRaWMsg Name[IPCLtoVHAL] len[7] data[214021B5000100]
03-17 18:53:34.516   400   452 D adayocomadapter-ParseProtocolFunc: printRaWMsg Name[IPCLtoVHAL] len[7] data[21402154000100]
03-17 18:53:34.516   400   452 D adayocomadapter-ParseProtocolFunc: printRaWMsg Name[IPCLtoVHAL] len[7] data[214021B7000100]
03-17 18:53:34.516   400   452 D adayocomadapter-ParseProtocolFunc: printRaWMsg Name[IPCLtoVHAL] len[7] data[21402156000100]
03-17 18:53:34.516   400   452 D adayocomadapter-ParseProtocolFunc: printRaWMsg Name[IPCLtoVHAL] len[7] data[214021B8000100]
03-17 18:53:34.516   400   452 D adayocomadapter-ParseProtocolFunc: printRaWMsg Name[IPCLtoVHAL] len[7] data[21402157000100]
03-17 18:53:34.516   400   452 D adayocomadapter-ParseProtocolFunc: printRaWMsg Name[IPCLtoVHAL] len[7] data[21402219000100]
03-17 18:53:34.516   400   452 D adayocomadapter-ParseProtocolFunc: printRaWMsg Name[IPCLtoVHAL] len[7] data[2140215B000100]
03-17 18:53:34.516   400   452 D adayocomadapter-ParseProtocolFunc: printRaWMsg Name[IPCLtoVHAL] len[7] data[214021BC000100]
03-17 18:53:34.516   400   452 D adayocomadapter-ParseProtocolFunc: printRaWMsg Name[IPCLtoVHAL] len[7] data[2140221D000100]
03-17 18:53:34.516   400   452 D adayocomadapter-ParseProtocolFunc: printRaWMsg Name[IPCLtoVHAL] len[7] data[214021B9000100]
03-17 18:53:34.517   400   452 D adayocomadapter-ParseProtocolFunc: printRaWMsg Name[IPCLtoVHAL] len[7] data[2140221A000100]
03-17 18:53:34.517   400   452 D adayocomadapter-ParseProtocolFunc: printRaWMsg Name[IPCLtoVHAL] len[7] data[214021BB000100]
03-17 18:53:34.517   400   452 D adayocomadapter-ParseProtocolFunc: printRaWMsg Name[IPCLtoVHAL] len[7] data[2140215A000100]
03-17 18:53:34.517   400   452 D adayocomadapter-ParseProtocolFunc: printRaWMsg Name[IPCLtoVHAL] len[7] data[2140221C000100]
03-17 18:53:34.517   400   452 D adayocomadapter-ParseProtocolFunc: printRaWMsg Name[IPCLtoVHAL] len[7] data[214021BE000100]
03-17 18:53:34.517   400   452 D adayocomadapter-ParseProtocolFunc: printRaWMsg Name[IPCLtoVHAL] len[7] data[2140215D000100]
03-17 18:53:34.517   400   452 D adayocomadapter-ParseProtocolFunc: printRaWMsg Name[IPCLtoVHAL] len[7] data[2140221F000100]
03-17 18:53:34.517   400   452 D adayocomadapter-ParseProtocolFunc: printRaWMsg Name[IPCLtoVHAL] len[7] data[214021A5000100]
03-17 18:53:34.517   400   452 D adayocomadapter-ParseProtocolFunc: printRaWMsg Name[IPCLtoVHAL] len[7] data[21402107000100]
03-17 18:53:34.517   400   452 D adayocomadapter-ParseProtocolFunc: printRaWMsg Name[IPCLtoVHAL] len[7] data[2140222A000100]
03-17 18:53:34.517   400   452 D adayocomadapter-ParseProtocolFunc: printRaWMsg Name[IPCLtoVHAL] len[7] data[214021C3000100]
03-17 18:53:34.517   400   452 D adayocomadapter-ParseProtocolFunc: printRaWMsg Name[IPCLtoVHAL] len[7] data[214021A8000100]
03-17 18:53:34.517   400   452 D adayocomadapter-ParseProtocolFunc: printRaWMsg Name[IPCLtoVHAL] len[7] data[214021A6000101]
03-17 18:53:34.517   400   452 D adayocomadapter-ParseProtocolFunc: printRaWMsg Name[IPCLtoVHAL] len[7] data[214021A7000100]
03-17 18:53:34.517   400   452 D adayocomadapter-ParseProtocolFunc: printRaWMsg Name[IPCLtoVHAL] len[7] data[21402208000100]
03-17 18:53:34.517   400   452 D adayocomadapter-ParseProtocolFunc: printRaWMsg Name[IPCLtoVHAL] len[7] data[214021A9000100]
03-17 18:53:34.518   400   452 D adayocomadapter-ParseProtocolFunc: printRaWMsg Name[IPCLtoVHAL] len[7] data[214021AA000100]
03-17 18:53:34.518   400   452 D adayocomadapter-ParseProtocolFunc: printRaWMsg Name[IPCLtoVHAL] len[7] data[214021AB000100]
03-17 18:53:34.518   400   452 D adayocomadapter-ParseProtocolFunc: printRaWMsg Name[IPCLtoVHAL] len[7] data[214021AC000100]
03-17 18:53:34.518   400   452 D adayocomadapter-ParseProtocolFunc: printRaWMsg Name[IPCLtoVHAL] len[7] data[2140220D000100]
03-17 18:53:34.518   400   452 D adayocomadapter-ParseProtocolFunc: printRaWMsg Name[IPCLtoVHAL] len[7] data[214021AD000100]
03-17 18:53:34.518   400   452 D adayocomadapter-ParseProtocolFunc: printRaWMsg Name[IPCLtoVHAL] len[7] data[214021AE000100]
03-17 18:53:34.518   400   452 D adayocomadapter-ParseProtocolFunc: printRaWMsg Name[IPCLtoVHAL] len[7] data[214021AF000100]
03-17 18:53:34.518   400   452 D adayocomadapter-ParseProtocolFunc: printRaWMsg Name[IPCLtoVHAL] len[7] data[21402210000100]
03-17 18:53:34.518   400   452 D adayocomadapter-ParseProtocolFunc: printRaWMsg Name[IPCLtoVHAL] len[7] data[214021B0000100]
03-17 18:53:34.518   400   452 D adayocomadapter-ParseProtocolFunc: printRaWMsg Name[IPCLtoVHAL] len[7] data[21402211000100]
03-17 18:53:34.519   400   452 D adayocomadapter-ParseProtocolFunc: printRaWMsg Name[IPCLtoVHAL] len[7] data[214021B6000100]
03-17 18:53:34.519   400   452 D adayocomadapter-ParseProtocolFunc: printRaWMsg Name[IPCLtoVHAL] len[7] data[21402155000100]
03-17 18:53:34.519   400   452 D adayocomadapter-ParseProtocolFunc: printRaWMsg Name[IPCLtoVHAL] len[7] data[214021BA000100]
03-17 18:53:34.519   400   452 D adayocomadapter-ParseProtocolFunc: printRaWMsg Name[IPCLtoVHAL] len[7] data[21402159000100]
03-17 18:53:34.519   400   452 D adayocomadapter-ParseProtocolFunc: printRaWMsg Name[IPCLtoVHAL] len[7] data[214021BF000100]
03-17 18:53:34.519   400   452 D adayocomadapter-ParseProtocolFunc: printRaWMsg Name[IPCLtoVHAL] len[7] data[2140215E000100]
03-17 18:53:34.519   400   452 D adayocomadapter-ParseProtocolFunc: printRaWMsg Name[IPCLtoVHAL] len[7] data[21402220000100]
03-17 18:53:34.519   400   452 D adayocomadapter-ParseProtocolFunc: printRaWMsg Name[IPCLtoVHAL] len[7] data[214021C0000100]
03-17 18:53:34.519   400   452 D adayocomadapter-ParseProtocolFunc: printRaWMsg Name[IPCLtoVHAL] len[7] data[2140215F000100]
03-17 18:53:34.519   400   452 D adayocomadapter-ParseProtocolFunc: printRaWMsg Name[IPCLtoVHAL] len[7] data[214021C1000100]
03-17 18:53:34.519   400   452 D adayocomadapter-ParseProtocolFunc: printRaWMsg Name[IPCLtoVHAL] len[7] data[21402160000100]
03-17 18:53:34.519   400   452 D adayocomadapter-ParseProtocolFunc: printRaWMsg Name[IPCLtoVHAL] len[7] data[21402222000100]
03-17 18:53:34.519   400   452 D adayocomadapter-ParseProtocolFunc: printRaWMsg Name[IPCLtoVHAL] len[7] data[214021C2000100]
03-17 18:53:34.519   400   452 D adayocomadapter-ParseProtocolFunc: printRaWMsg Name[IPCLtoVHAL] len[7] data[214021C4000100]
03-17 18:53:34.519   400   452 D adayocomadapter-ParseProtocolFunc: printRaWMsg Name[IPCLtoVHAL] len[7] data[21402225000100]
03-17 18:53:34.519   400   452 D adayocomadapter-ParseProtocolFunc: printRaWMsg Name[IPCLtoVHAL] len[7] data[214021C5000100]
03-17 18:53:34.519   400   452 D adayocomadapter-ParseProtocolFunc: printRaWMsg Name[IPCLtoVHAL] len[7] data[21402226000100]
03-17 18:53:34.520   400   452 D adayocomadapter-ParseProtocolFunc: printRaWMsg Name[IPCLtoVHAL] len[7] data[214021C6000100]
03-17 18:53:34.520   400   452 D adayocomadapter-ParseProtocolFunc: printRaWMsg Name[IPCLtoVHAL] len[7] data[21402227000100]
03-17 18:53:34.520   400   452 D adayocomadapter-ParseProtocolFunc: printRaWMsg Name[IPCLtoVHAL] len[7] data[214021D3000100]
03-17 18:53:34.520   400   452 D adayocomadapter-ParseProtocolFunc: printRaWMsg Name[IPCLtoVHAL] len[7] data[21402234000100]
03-17 18:53:34.520   400   452 D adayocomadapter-ParseProtocolFunc: printRaWMsg Name[IPCLtoVHAL] len[7] data[214021D4000100]
03-17 18:53:34.520   400   452 D adayocomadapter-ParseProtocolFunc: printRaWMsg Name[IPCLtoVHAL] len[7] data[21402235000100]
03-17 18:53:34.520   400   452 D adayocomadapter-ParseProtocolFunc: printRaWMsg Name[IPCLtoVHAL] len[7] data[21402228000100]
03-17 18:53:34.520   400   452 D adayocomadapter-ParseProtocolFunc: printRaWMsg Name[IPCLtoVHAL] len[7] data[21402229000100]
03-17 18:53:34.520   400   452 D adayocomadapter-ParseProtocolFunc: printRaWMsg Name[IPCLtoVHAL] len[7] data[21402236000100]
03-17 18:53:34.520   400   452 D adayocomadapter-ParseProtocolFunc: printRaWMsg Name[IPCLtoVHAL] len[7] data[21402237000100]
03-17 18:53:34.520   400   452 D adayocomadapter-ParseProtocolFunc: printRaWMsg Name[IPCLtoVHAL] len[7] data[21402238000100]
03-17 18:53:34.520   400   452 D adayocomadapter-ParseProtocolFunc: printRaWMsg Name[IPCLtoVHAL] len[7] data[21402239000100]
03-17 18:53:34.520   400   452 D adayocomadapter-ParseProtocolFunc: printRaWMsg Name[IPCLtoVHAL] len[7] data[2140223A000100]
03-17 18:53:34.520   400   452 D adayocomadapter-ParseProtocolFunc: printRaWMsg Name[IPCLtoVHAL] len[7] data[2140223B000165]
03-17 18:53:34.520   400   452 D adayocomadapter-ParseProtocolFunc: printRaWMsg Name[IPCLtoVHAL] len[8] data[2140223C00014E21]
03-17 18:53:34.520   400   452 D adayocomadapter-ParseProtocolFunc: printRaWMsg Name[IPCLtoVHAL] len[7] data[21402241000100]
03-17 18:53:34.520   400   452 D adayocomadapter-ParseProtocolFunc: printRaWMsg Name[IPCLtoVHAL] len[7] data[21402242000100]
03-17 18:53:34.521   400   452 D adayocomadapter-ParseProtocolFunc: printRaWMsg Name[IPCLtoVHAL] len[7] data[214021E1000100]
03-17 18:53:34.521   400   452 D adayocomadapter-ParseProtocolFunc: printRaWMsg Name[IPCLtoVHAL] len[7] data[21402243000100]
03-17 18:53:34.521   400   452 D adayocomadapter-ParseProtocolFunc: printRaWMsg Name[IPCLtoVHAL] len[7] data[21402244000100]
03-17 18:53:34.521   400   452 D adayocomadapter-ParseProtocolFunc: printRaWMsg Name[IPCLtoVHAL] len[7] data[21402245000100]
03-17 18:53:34.521   400   452 D adayocomadapter-ParseProtocolFunc: printRaWMsg Name[IPCLtoVHAL] len[7] data[21402246000100]
03-17 18:53:34.521   400   452 D adayocomadapter-ParseProtocolFunc: printRaWMsg Name[IPCLtoVHAL] len[7] data[21402247000100]
03-17 18:53:34.521   400   452 D adayocomadapter-ParseProtocolFunc: printRaWMsg Name[IPCLtoVHAL] len[8] data[2140224800010000]
03-17 18:53:34.521   400   452 D adayocomadapter-ParseProtocolFunc: printRaWMsg Name[IPCLtoVHAL] len[7] data[21402249000100]
03-17 18:53:34.521   400   452 D adayocomadapter-ParseProtocolFunc: printRaWMsg Name[IPCLtoVHAL] len[7] data[2140224B000100]
03-17 18:53:34.521   400   452 D adayocomadapter-ParseProtocolFunc: printRaWMsg Name[IPCLtoVHAL] len[7] data[2140224D000100]
03-17 18:53:34.521   400   452 D adayocomadapter-ParseProtocolFunc: printRaWMsg Name[IPCLtoVHAL] len[7] data[2140224F000100]
03-17 18:53:34.521   400   452 D adayocomadapter-ParseProtocolFunc: printRaWMsg Name[IPCLtoVHAL] len[7] data[21402251000100]
03-17 18:53:34.521   400   452 D adayocomadapter-ParseProtocolFunc: printRaWMsg Name[IPCLtoVHAL] len[7] data[21402253000100]
03-17 18:53:34.521   400   452 D adayocomadapter-ParseProtocolFunc: printRaWMsg Name[IPCLtoVHAL] len[7] data[21402254000100]
03-17 18:53:34.521   400   452 D adayocomadapter-CommunicationManager: onUpstreamReceive isLoss 1 mPropertyId 0x214021b1
03-17 18:53:34.521   400   452 D adayocomadapter-CommunicationManager: convertBytesToInt32Memcpy  0
03-17 18:53:34.522   400   452 D vw-vhal : notifyVehicleProperty, propId = 0x214021b1, data = {status: 3, int32Values: [0]}
03-17 18:53:34.522   400   452 I DefaultVehicleHal_v2_0: DefaultVehicleHal::onPropertyValue, value:{.timestamp = 148469713349, .areaId = 0, .prop = 557851057, .status = UNAVAILABLE, .value = {.int32Values = [1]{0}, .floatValues = [0]{}, .int64Values = [0]{}, .bytes = [0]{}, .stringValue = ""}}
03-17 18:53:34.522   400   452 D adayocomadapter-CommunicationManager: onUpstreamReceive mPropertyId 0x214021b1
03-17 18:53:34.522   400   452 D adayocomadapter-CommunicationManager: onUpstreamReceive isLoss 1 mPropertyId 0x21402212
03-17 18:53:34.522   400   452 D adayocomadapter-CommunicationManager: convertBytesToInt32Memcpy  0
03-17 18:53:34.522   400   452 D vw-vhal : notifyVehicleProperty, propId = 0x21402212, data = {status: 3, int32Values: [0]}
03-17 18:53:34.522   400   452 I DefaultVehicleHal_v2_0: DefaultVehicleHal::onPropertyValue, value:{.timestamp = 148470096682, .areaId = 0, .prop = 557851154, .status = UNAVAILABLE, .value = {.int32Values = [1]{0}, .floatValues = [0]{}, .int64Values = [0]{}, .bytes = [0]{}, .stringValue = ""}}
03-17 18:53:34.522   400   452 D adayocomadapter-CommunicationManager: onUpstreamReceive mPropertyId 0x21402212
03-17 18:53:34.522   400   452 D adayocomadapter-CommunicationManager: onUpstreamReceive isLoss 1 mPropertyId 0x214021b2
03-17 18:53:34.522   400   452 D adayocomadapter-CommunicationManager: convertBytesToInt32Memcpy  0
03-17 18:53:34.522   400   452 D vw-vhal : notifyVehicleProperty, propId = 0x214021b2, data = {status: 3, int32Values: [0]}
03-17 18:53:34.522   400   452 I DefaultVehicleHal_v2_0: DefaultVehicleHal::onPropertyValue, value:{.timestamp = 148470460016, .areaId = 0, .prop = 557851058, .status = UNAVAILABLE, .value = {.int32Values = [1]{0}, .floatValues = [0]{}, .int64Values = [0]{}, .bytes = [0]{}, .stringValue = ""}}
03-17 18:53:34.523   400   452 D adayocomadapter-CommunicationManager: onUpstreamReceive mPropertyId 0x214021b2
03-17 18:53:34.523   400   452 D adayocomadapter-CommunicationManager: onUpstreamReceive isLoss 1 mPropertyId 0x214021bd
03-17 18:53:34.523   400   452 D adayocomadapter-CommunicationManager: convertBytesToInt32Memcpy  0
03-17 18:53:34.523   400   452 D vw-vhal : notifyVehicleProperty, propId = 0x214021bd, data = {status: 3, int32Values: [0]}
03-17 18:53:34.523   400   452 I DefaultVehicleHal_v2_0: DefaultVehicleHal::onPropertyValue, value:{.timestamp = 148470806682, .areaId = 0, .prop = 557851069, .status = UNAVAILABLE, .value = {.int32Values = [1]{0}, .floatValues = [0]{}, .int64Values = [0]{}, .bytes = [0]{}, .stringValue = ""}}
03-17 18:53:34.523   400   452 D adayocomadapter-CommunicationManager: onUpstreamReceive mPropertyId 0x214021bd
03-17 18:53:34.523   400   452 D adayocomadapter-CommunicationManager: onUpstreamReceive isLoss 1 mPropertyId 0x2140221e
03-17 18:53:34.523   400   452 D adayocomadapter-CommunicationManager: convertBytesToInt32Memcpy  0
03-17 18:53:34.523   400   452 D vw-vhal : notifyVehicleProperty, propId = 0x2140221e, data = {status: 3, int32Values: [0]}
03-17 18:53:34.523   400   452 I DefaultVehicleHal_v2_0: DefaultVehicleHal::onPropertyValue, value:{.timestamp = 148471172349, .areaId = 0, .prop = 557851166, .status = UNAVAILABLE, .value = {.int32Values = [1]{0}, .floatValues = [0]{}, .int64Values = [0]{}, .bytes = [0]{}, .stringValue = ""}}
03-17 18:53:34.523   400   452 D adayocomadapter-CommunicationManager: onUpstreamReceive mPropertyId 0x2140221e
03-17 18:53:34.523   400   452 D adayocomadapter-CommunicationManager: onUpstreamReceive isLoss 1 mPropertyId 0x214021b3
03-17 18:53:34.523   400   452 D adayocomadapter-CommunicationManager: convertBytesToInt32Memcpy  0
03-17 18:53:34.523   400   452 D vw-vhal : notifyVehicleProperty, propId = 0x214021b3, data = {status: 3, int32Values: [0]}
03-17 18:53:34.524   400   452 I DefaultVehicleHal_v2_0: DefaultVehicleHal::onPropertyValue, value:{.timestamp = 148471520349, .areaId = 0, .prop = 557851059, .status = UNAVAILABLE, .value = {.int32Values = [1]{0}, .floatValues = [0]{}, .int64Values = [0]{}, .bytes = [0]{}, .stringValue = ""}}
03-17 18:53:34.524   400   452 D adayocomadapter-CommunicationManager: onUpstreamReceive mPropertyId 0x214021b3
03-17 18:53:34.524   400   452 D adayocomadapter-CommunicationManager: onUpstreamReceive isLoss 1 mPropertyId 0x21402214
03-17 18:53:34.524   400   452 D adayocomadapter-CommunicationManager: convertBytesToInt32Memcpy  0
03-17 18:53:34.524   400   452 D vw-vhal : notifyVehicleProperty, propId = 0x21402214, data = {status: 3, int32Values: [0]}
03-17 18:53:34.524   400   452 I DefaultVehicleHal_v2_0: DefaultVehicleHal::onPropertyValue, value:{.timestamp = 148471867682, .areaId = 0, .prop = 557851156, .status = UNAVAILABLE, .value = {.int32Values = [1]{0}, .floatValues = [0]{}, .int64Values = [0]{}, .bytes = [0]{}, .stringValue = ""}}
03-17 18:53:34.524   400   452 D adayocomadapter-CommunicationManager: onUpstreamReceive mPropertyId 0x21402214
03-17 18:53:34.524   400   452 D adayocomadapter-CommunicationManager: onUpstreamReceive isLoss 1 mPropertyId 0x214021b4
03-17 18:53:34.524   400   452 D adayocomadapter-CommunicationManager: convertBytesToInt32Memcpy  0
03-17 18:53:34.524   400   452 D vw-vhal : notifyVehicleProperty, propId = 0x214021b4, data = {status: 3, int32Values: [0]}
03-17 18:53:34.524   400   452 I DefaultVehicleHal_v2_0: DefaultVehicleHal::onPropertyValue, value:{.timestamp = 148472248682, .areaId = 0, .prop = 557851060, .status = UNAVAILABLE, .value = {.int32Values = [1]{0}, .floatValues = [0]{}, .int64Values = [0]{}, .bytes = [0]{}, .stringValue = ""}}
03-17 18:53:34.524   400   452 D adayocomadapter-CommunicationManager: onUpstreamReceive mPropertyId 0x214021b4
03-17 18:53:34.524   400   452 D adayocomadapter-CommunicationManager: onUpstreamReceive isLoss 1 mPropertyId 0x21402153
03-17 18:53:34.524   400   452 D adayocomadapter-CommunicationManager: convertBytesToInt32Memcpy  0
03-17 18:53:34.525   400   452 D vw-vhal : notifyVehicleProperty, propId = 0x21402153, data = {status: 3, int32Values: [0]}
03-17 18:53:34.525   400   452 I DefaultVehicleHal_v2_0: DefaultVehicleHal::onPropertyValue, value:{.timestamp = 148472599682, .areaId = 0, .prop = 557850963, .status = UNAVAILABLE, .value = {.int32Values = [1]{0}, .floatValues = [0]{}, .int64Values = [0]{}, .bytes = [0]{}, .stringValue = ""}}
03-17 18:53:34.525   400   452 D adayocomadapter-CommunicationManager: onUpstreamReceive mPropertyId 0x21402153
03-17 18:53:34.525   400   452 D adayocomadapter-CommunicationManager: onUpstreamReceive isLoss 1 mPropertyId 0x21402215
03-17 18:53:34.525   400   452 D adayocomadapter-CommunicationManager: convertBytesToInt32Memcpy  0
03-17 18:53:34.525   400   452 D vw-vhal : notifyVehicleProperty, propId = 0x21402215, data = {status: 3, int32Values: [0]}
03-17 18:53:34.525   400   452 I DefaultVehicleHal_v2_0: DefaultVehicleHal::onPropertyValue, value:{.timestamp = 148472949016, .areaId = 0, .prop = 557851157, .status = UNAVAILABLE, .value = {.int32Values = [1]{0}, .floatValues = [0]{}, .int64Values = [0]{}, .bytes = [0]{}, .stringValue = ""}}
03-17 18:53:34.525   400   452 D adayocomadapter-CommunicationManager: onUpstreamReceive mPropertyId 0x21402215
03-17 18:53:34.525   400   452 D adayocomadapter-CommunicationManager: onUpstreamReceive isLoss 1 mPropertyId 0x214021b5
03-17 18:53:34.525   400   452 D adayocomadapter-CommunicationManager: convertBytesToInt32Memcpy  0
03-17 18:53:34.525   400   452 D vw-vhal : notifyVehicleProperty, propId = 0x214021b5, data = {status: 3, int32Values: [0]}
03-17 18:53:34.525   400   452 I DefaultVehicleHal_v2_0: DefaultVehicleHal::onPropertyValue, value:{.timestamp = 148473296682, .areaId = 0, .prop = 557851061, .status = UNAVAILABLE, .value = {.int32Values = [1]{0}, .floatValues = [0]{}, .int64Values = [0]{}, .bytes = [0]{}, .stringValue = ""}}
03-17 18:53:34.525   400   452 D adayocomadapter-CommunicationManager: onUpstreamReceive mPropertyId 0x214021b5
03-17 18:53:34.525   400   452 D adayocomadapter-CommunicationManager: onUpstreamReceive isLoss 1 mPropertyId 0x21402154
03-17 18:53:34.525   400   452 D adayocomadapter-CommunicationManager: convertBytesToInt32Memcpy  0
03-17 18:53:34.526   400   452 D vw-vhal : notifyVehicleProperty, propId = 0x21402154, data = {status: 3, int32Values: [0]}
03-17 18:53:34.526   400   452 I DefaultVehicleHal_v2_0: DefaultVehicleHal::onPropertyValue, value:{.timestamp = 148473644349, .areaId = 0, .prop = 557850964, .status = UNAVAILABLE, .value = {.int32Values = [1]{0}, .floatValues = [0]{}, .int64Values = [0]{}, .bytes = [0]{}, .stringValue = ""}}
03-17 18:53:34.526   400   452 D adayocomadapter-CommunicationManager: onUpstreamReceive mPropertyId 0x21402154
03-17 18:53:34.526   400   452 D adayocomadapter-CommunicationManager: onUpstreamReceive isLoss 1 mPropertyId 0x214021b7
03-17 18:53:34.526   400   452 D adayocomadapter-CommunicationManager: convertBytesToInt32Memcpy  0
03-17 18:53:34.526   400   452 D vw-vhal : notifyVehicleProperty, propId = 0x214021b7, data = {status: 3, int32Values: [0]}
03-17 18:53:34.526   400   452 I DefaultVehicleHal_v2_0: DefaultVehicleHal::onPropertyValue, value:{.timestamp = 148473991682, .areaId = 0, .prop = 557851063, .status = UNAVAILABLE, .value = {.int32Values = [1]{0}, .floatValues = [0]{}, .int64Values = [0]{}, .bytes = [0]{}, .stringValue = ""}}
03-17 18:53:34.526   400   452 D adayocomadapter-CommunicationManager: onUpstreamReceive mPropertyId 0x214021b7
03-17 18:53:34.526   400   452 D adayocomadapter-CommunicationManager: onUpstreamReceive isLoss 1 mPropertyId 0x21402156
03-17 18:53:34.526   400   452 D adayocomadapter-CommunicationManager: convertBytesToInt32Memcpy  0
03-17 18:53:34.526   400   452 D vw-vhal : notifyVehicleProperty, propId = 0x21402156, data = {status: 3, int32Values: [0]}
03-17 18:53:34.526   400   452 I DefaultVehicleHal_v2_0: DefaultVehicleHal::onPropertyValue, value:{.timestamp = 148474338016, .areaId = 0, .prop = 557850966, .status = UNAVAILABLE, .value = {.int32Values = [1]{0}, .floatValues = [0]{}, .int64Values = [0]{}, .bytes = [0]{}, .stringValue = ""}}
