03-17 18:53:26.477   400   452 I DefaultVehicleHal_v2_0: DefaultVehicleHal::onPropertyValue, value:{.timestamp = 140425028348, .areaId = 0, .prop = 557850959, .status = AVAILABLE, .value = {.int32Values = [1]{0}, .floatValues = [0]{}, .int64Values = [0]{}, .bytes = [0]{}, .stringValue = ""}}
03-17 18:53:26.477   400   452 D adayocomadapter-CommunicationManager: onUpstreamReceive mPropertyId 0x2140214f
03-17 18:53:26.477   400   452 D adayocomadapter-CommunicationManager: onUpstreamReceive isLoss 0 mPropertyId 0x21402150
03-17 18:53:26.477   400   452 D adayocomadapter-CommunicationManager: convertBytesToInt32Memcpy  0
03-17 18:53:26.477   400   452 D vw-vhal : notifyVehicleProperty, propId = 0x21402150, data = {status: 2, int32Values: [0]}
03-17 18:53:26.477   400   452 I DefaultVehicleHal_v2_0: DefaultVehicleHal::onPropertyValue, value:{.timestamp = 140425134015, .areaId = 0, .prop = 557850960, .status = AVAILABLE, .value = {.int32Values = [1]{0}, .floatValues = [0]{}, .int64Values = [0]{}, .bytes = [0]{}, .stringValue = ""}}
03-17 18:53:26.477   400   452 D adayocomadapter-CommunicationManager: onUpstreamReceive mPropertyId 0x21402150
03-17 18:53:26.477   400   452 D adayocomadapter-CommunicationManager: onUpstreamReceive isLoss 0 mPropertyId 0x21402151
03-17 18:53:26.477   400   452 D adayocomadapter-CommunicationManager: convertBytesToInt32Memcpy  0
03-17 18:53:26.477   400   452 D vw-vhal : notifyVehicleProperty, propId = 0x21402151, data = {status: 2, int32Values: [0]}
03-17 18:53:26.477   400   452 I DefaultVehicleHal_v2_0: DefaultVehicleHal::onPropertyValue, value:{.timestamp = 140425242015, .areaId = 0, .prop = 557850961, .status = AVAILABLE, .value = {.int32Values = [1]{0}, .floatValues = [0]{}, .int64Values = [0]{}, .bytes = [0]{}, .stringValue = ""}}
03-17 18:53:26.477   400   452 D adayocomadapter-CommunicationManager: onUpstreamReceive mPropertyId 0x21402151
03-17 18:53:26.477   400   452 D adayocomadapter-CommunicationManager: onUpstreamReceive isLoss 1 mPropertyId 0x2140213d
03-17 18:53:26.477   400   452 D adayocomadapter-CommunicationManager: convertBytesToInt32Memcpy  0
03-17 18:53:26.477   400   452 D vw-vhal : notifyVehicleProperty, propId = 0x2140213d, data = {status: 3, int32Values: [0]}
03-17 18:53:26.477   400   452 I DefaultVehicleHal_v2_0: DefaultVehicleHal::onPropertyValue, value:{.timestamp = 140425348681, .areaId = 0, .prop = 557850941, .status = UNAVAILABLE, .value = {.int32Values = [1]{0}, .floatValues = [0]{}, .int64Values = [0]{}, .bytes = [0]{}, .stringValue = ""}}
03-17 18:53:26.477   400   452 D adayocomadapter-CommunicationManager: onUpstreamReceive mPropertyId 0x2140213d
03-17 18:53:26.477   400   452 D adayocomadapter-CommunicationManager: onUpstreamReceive isLoss 1 mPropertyId 0x2140213e
03-17 18:53:26.477   400   452 D adayocomadapter-CommunicationManager: convertBytesToInt32Memcpy  0
03-17 18:53:26.477   400   452 D vw-vhal : notifyVehicleProperty, propId = 0x2140213e, data = {status: 3, int32Values: [0]}
03-17 18:53:26.477   400   452 I DefaultVehicleHal_v2_0: DefaultVehicleHal::onPropertyValue, value:{.timestamp = 140425462348, .areaId = 0, .prop = 557850942, .status = UNAVAILABLE, .value = {.int32Values = [1]{0}, .floatValues = [0]{}, .int64Values = [0]{}, .bytes = [0]{}, .stringValue = ""}}
03-17 18:53:26.477   400   452 D adayocomadapter-CommunicationManager: onUpstreamReceive mPropertyId 0x2140213e
03-17 18:53:26.477   400   452 D adayocomadapter-CommunicationManager: onUpstreamReceive isLoss 0 mPropertyId 0x2140214a
03-17 18:53:26.477   400   452 D adayocomadapter-CommunicationManager: convertBytesToInt32Memcpy  0
03-17 18:53:26.478   400   452 D vw-vhal : notifyVehicleProperty, propId = 0x2140214a, data = {status: 2, int32Values: [0]}
03-17 18:53:26.478   400   452 I DefaultVehicleHal_v2_0: DefaultVehicleHal::onPropertyValue, value:{.timestamp = 140425575348, .areaId = 0, .prop = 557850954, .status = AVAILABLE, .value = {.int32Values = [1]{0}, .floatValues = [0]{}, .int64Values = [0]{}, .bytes = [0]{}, .stringValue = ""}}
03-17 18:53:26.478   400   452 D adayocomadapter-CommunicationManager: onUpstreamReceive mPropertyId 0x2140214a
03-17 18:53:26.487   642   685 I mcuc    : sd Uart data : 6AA6020544000292021F
03-17 18:53:26.491   582  3616 E WifiHAL : Invalid data received from driver
03-17 18:53:26.492   642   685 I mcuc    : rev uart=1418,len=17, data : 6AA6810544000992020002000000000196
03-17 18:53:26.492   400   400 D adayocomadapter-ParseProtocolFunc: printRaWMsg Name[MCUToUPstream recv] len[9] data[920200020000000001]
03-17 18:53:26.492   400   400 D adayocomadapter-CommunicationManager: onUpstreamback   member[0] dataLength[6] timePoint[140440]
03-17 18:53:26.492   400   400 D adayocomadapter-ParseProtocolFunc: printRaWMsg Name[onUpstreamback] len[6] data[020000000001]
03-17 18:53:26.492   400   452 D adayocomadapter-UpstreamHandler: processBeforePacket upSreamtProcessTimePoint[140440] 
03-17 18:53:26.492   400   452 D adayocomadapter-UpstreamHandler: processPacket UPSTREAM_QUEUE_DATA_TIMEOUT
03-17 18:53:26.492   400   452 D adayocomadapter-ParseProtocolFunc: parseCommonIPCLBytes Processing tableNumber[2]
03-17 18:53:26.492   400   452 D adayocomadapter-ParseProtocolFunc: parseCommonIPCLBytes Processing tablename[Table-2] tableSize[6]
03-17 18:53:26.492   400   452 D adayocomadapter-ParseProtocolFunc: printRaWMsg Name[byteStream recv] len[6] data[020000000001]
03-17 18:53:26.492   400   452 D adayocomadapter-ParseProtocolFunc: printRaWMsg Name[IPCLtoVHAL] len[7] data[21402049000100]
03-17 18:53:26.492   400   452 D adayocomadapter-ParseProtocolFunc: printRaWMsg Name[IPCLtoVHAL] len[7] data[214021A2000100]
03-17 18:53:26.492   400   452 D adayocomadapter-ParseProtocolFunc: printRaWMsg Name[IPCLtoVHAL] len[7] data[21402206000100]
03-17 18:53:26.492   400   452 D adayocomadapter-ParseProtocolFunc: printRaWMsg Name[IPCLtoVHAL] len[7] data[214020EA000100]
03-17 18:53:26.492   400   452 D adayocomadapter-CommunicationManager: onUpstreamReceive isLoss 1 mPropertyId 0x21402049
03-17 18:53:26.492   400   452 D adayocomadapter-CommunicationManager: convertBytesToInt32Memcpy  0
03-17 18:53:26.492   400   452 D vw-vhal : notifyVehicleProperty, propId = 0x21402049, data = {status: 3, int32Values: [0]}
03-17 18:53:26.493   400   452 I DefaultVehicleHal_v2_0: DefaultVehicleHal::onPropertyValue, value:{.timestamp = 140440522681, .areaId = 0, .prop = 557850697, .status = UNAVAILABLE, .value = {.int32Values = [1]{0}, .floatValues = [0]{}, .int64Values = [0]{}, .bytes = [0]{}, .stringValue = ""}}
03-17 18:53:26.493   400   452 D adayocomadapter-CommunicationManager: onUpstreamReceive mPropertyId 0x21402049
03-17 18:53:26.493   400   452 D adayocomadapter-CommunicationManager: onUpstreamReceive isLoss 1 mPropertyId 0x214021a2
03-17 18:53:26.493   400   452 D adayocomadapter-CommunicationManager: convertBytesToInt32Memcpy  0
03-17 18:53:26.493   400   452 D vw-vhal : notifyVehicleProperty, propId = 0x214021a2, data = {status: 3, int32Values: [0]}
03-17 18:53:26.493   400   452 I DefaultVehicleHal_v2_0: DefaultVehicleHal::onPropertyValue, value:{.timestamp = 140440668681, .areaId = 0, .prop = 557851042, .status = UNAVAILABLE, .value = {.int32Values = [1]{0}, .floatValues = [0]{}, .int64Values = [0]{}, .bytes = [0]{}, .stringValue = ""}}
03-17 18:53:26.493   400   452 D adayocomadapter-CommunicationManager: onUpstreamReceive mPropertyId 0x214021a2
03-17 18:53:26.493   400   452 D adayocomadapter-CommunicationManager: onUpstreamReceive isLoss 1 mPropertyId 0x21402206
03-17 18:53:26.493   400   452 D adayocomadapter-CommunicationManager: convertBytesToInt32Memcpy  0
03-17 18:53:26.493   400   452 D vw-vhal : notifyVehicleProperty, propId = 0x21402206, data = {status: 3, int32Values: [0]}
03-17 18:53:26.493   400   452 I DefaultVehicleHal_v2_0: DefaultVehicleHal::onPropertyValue, value:{.timestamp = 140440788681, .areaId = 0, .prop = 557851142, .status = UNAVAILABLE, .value = {.int32Values = [1]{0}, .floatValues = [0]{}, .int64Values = [0]{}, .bytes = [0]{}, .stringValue = ""}}
03-17 18:53:26.493   400   452 D adayocomadapter-CommunicationManager: onUpstreamReceive mPropertyId 0x21402206
03-17 18:53:26.493   400   452 D adayocomadapter-CommunicationManager: onUpstreamReceive isLoss 1 mPropertyId 0x214020ea
03-17 18:53:26.493   400   452 D adayocomadapter-CommunicationManager: convertBytesToInt32Memcpy  0
03-17 18:53:26.493   400   452 D vw-vhal : notifyVehicleProperty, propId = 0x214020ea, data = {status: 3, int32Values: [0]}
03-17 18:53:26.493   400   452 I DefaultVehicleHal_v2_0: DefaultVehicleHal::onPropertyValue, value:{.timestamp = 140440905348, .areaId = 0, .prop = 557850858, .status = UNAVAILABLE, .value = {.int32Values = [1]{0}, .floatValues = [0]{}, .int64Values = [0]{}, .bytes = [0]{}, .stringValue = ""}}
03-17 18:53:26.493   400   452 D adayocomadapter-CommunicationManager: onUpstreamReceive mPropertyId 0x214020ea
03-17 18:53:26.512  9650  9650 I ADAYO_LOG_TRACE_LOGCAT: folder_size:
03-17 18:53:26.515  2383  2600 D AdayoDoipServer294_Doip: [ne_doip_event_loop_dispatch][line:141] : count = 0
03-17 18:53:26.523  2106  2450 D CAR.DIAGNOSTIC: Entry - Type: 0x01, ServiceId: 0x2048, InstanceId: 0x0001, MajorVersion: 0x01FFFFFF, TTL: 0
03-17 18:53:26.523  2106  2458 D CAR.DIAGNOSTIC: Entry - Type: 0x01, ServiceId: 0x2048, InstanceId: 0x0001, MajorVersion: 0x01FFFFFF, TTL: 0
03-17 18:53:26.523  2106  2460 D CAR.DIAGNOSTIC: Entry - Type: 0x01, ServiceId: 0x2048, InstanceId: 0x0001, MajorVersion: 0x01FFFFFF, TTL: 0
03-17 18:53:26.524  2106  2458 D CAR.DIAGNOSTIC: Entry - Type: 0x01, ServiceId: 0x5555, InstanceId: 0x0001, MajorVersion: 0x01FFFFFF, TTL: 0
03-17 18:53:26.524  2106  2450 D CAR.DIAGNOSTIC: Entry - Type: 0x01, ServiceId: 0x5555, InstanceId: 0x0001, MajorVersion: 0x01FFFFFF, TTL: 0
03-17 18:53:26.524  2106  2450 W CAR.DIAGNOSTIC: Not enough data for option indices: needed 128, remaining 52
03-17 18:53:26.524  2106  2460 D CAR.DIAGNOSTIC: Entry - Type: 0x01, ServiceId: 0x5555, InstanceId: 0x0001, MajorVersion: 0x01FFFFFF, TTL: 0
03-17 18:53:26.524  2106  2458 W CAR.DIAGNOSTIC: Not enough data for option indices: needed 128, remaining 52
03-17 18:53:26.524  2106  2460 W CAR.DIAGNOSTIC: Not enough data for option indices: needed 128, remaining 52
03-17 18:53:26.531  1566  3186 D TboxNetworkManager: tboxNetworkbinder=null
03-17 18:53:26.560  1627  8902 D okhttp.Http2: << 0x0000001b    44 HEADERS       END_HEADERS
03-17 18:53:26.564  1627  8902 D okhttp.Http2: << 0x0000001b   229 DATA          END_STREAM
03-17 18:53:26.565   903  4623 D NetworkPolicy: Blocked state of 10051: {blocked=NONE,allowed=FOREGROUND|TOP|METERED_FOREGROUND,effective=NONE}
03-17 18:53:26.567  1627  8902 D okhttp.Http2: << 0x0000001b     4 WINDOW_UPDATE 
03-17 18:53:26.568  1627  9198 I okhttp.OkHttpClient: <-- 400 https://api-c-data-uat.mosc.faw-vw.com/j01/hu/data-collection/trace-service/vehicle-trace/v2/upload?requestId=14bf15ce-95c1-40b7-9c19-cf989ae027f9&signt=1773744806326&appkey=HiVQY27x&sign=e2e055c2044971c002f7bf7d04fd6ff0 (226ms)
03-17 18:53:26.568  1627  9198 I okhttp.OkHttpClient: server: stgw
03-17 18:53:26.568  1627  9198 I okhttp.OkHttpClient: date: Tue, 17 Mar 2026 10:53:26 GMT
03-17 18:53:26.568  1627  9198 I okhttp.OkHttpClient: content-type: text/html
03-17 18:53:26.568  1627  9198 I okhttp.OkHttpClient: content-length: 229
03-17 18:53:26.570  6654  6700 D TimerTriggerManager: init instance...
03-17 18:53:26.570  1627  9198 I okhttp.OkHttpClient: <html>
03-17 18:53:26.570  1627  9198 I okhttp.OkHttpClient: <head><title>400 No required SSL certificate was sent</title></head>
03-17 18:53:26.570  6654  6700 D TimerTriggerManager: Timer thread'TimerTriggerManager' is destroyed: false
03-17 18:53:26.570  1627  9198 I okhttp.OkHttpClient: <body>
03-17 18:53:26.570  6654  6700 D TimerTriggerManager: Timer 'onIndcnVehSpdChanged' is running: true
03-17 18:53:26.570  1627  9198 I okhttp.OkHttpClient: <center><h1>400 Bad Request</h1></center>
03-17 18:53:26.570  6654  6700 D TimerTriggerManager: Sending reset signal to timer 'onIndcnVehSpdChanged'
03-17 18:53:26.571  1627  9198 I okhttp.OkHttpClient: <center>No required SSL certificate was sent</center>
03-17 18:53:26.571  6654  6700 D TimerTriggerManager: Reset signal sent to timer 'onIndcnVehSpdChanged'
03-17 18:53:26.571  1627  9198 I okhttp.OkHttpClient: <hr><center>stgw</center>
03-17 18:53:26.571  1627  9198 I okhttp.OkHttpClient: </body>
03-17 18:53:26.571  6654  6707 D TimerTriggerController: Reset method called for timer: onIndcnVehSpdChanged
03-17 18:53:26.571  1627  9198 I okhttp.OkHttpClient: </html>
03-17 18:53:26.571  6654  6707 D TimerTriggerController: Calling onTimerReset for timer: onIndcnVehSpdChanged
03-17 18:53:26.571  6654  6707 D TimerTriggerManager: Timer reset: onIndcnVehSpdChanged
03-17 18:53:26.571  6654  6707 I TimerTriggerController: Timer [onIndcnVehSpdChanged] reset, remaining: 1000ms, reset count: 924
03-17 18:53:26.571  1627  9198 I okhttp.OkHttpClient: <-- END HTTP (229-byte body)
03-17 18:53:26.571  6654  6700 D TimerTriggerManager: init instance...
03-17 18:53:26.571  6654  6700 D TimerTriggerManager: Timer thread'TimerTriggerManager' is destroyed: false
03-17 18:53:26.571  6654  6700 D TimerTriggerManager: Timer 'onMntnWarnReqChanged' is running: true
03-17 18:53:26.571  6654  6700 D TimerTriggerManager: Sending reset signal to timer 'onMntnWarnReqChanged'
03-17 18:53:26.571  6654  6700 D TimerTriggerManager: Reset signal sent to timer 'onMntnWarnReqChanged'
03-17 18:53:26.571  6654  6707 D TimerTriggerController: Reset method called for timer: onMntnWarnReqChanged
03-17 18:53:26.571  6654  6707 D TimerTriggerController: Calling onTimerReset for timer: onMntnWarnReqChanged
03-17 18:53:26.571  6654  6707 D TimerTriggerManager: Timer reset: onMntnWarnReqChanged
03-17 18:53:26.571  6654  6707 I TimerTriggerController: Timer [onMntnWarnReqChanged] reset, remaining: 5000ms, reset count: 462
03-17 18:53:26.573  1627  9198 D okhttp.TaskRunner: Q10001 scheduled after   0 µs: OkHttp ConnectionPool
03-17 18:53:26.573   582  3616 E WifiHAL : Invalid data received from driver
03-17 18:53:26.574  1627  8903 D okhttp.TaskRunner: Q10001 starting              : OkHttp ConnectionPool
03-17 18:53:26.575  1627  8903 D okhttp.TaskRunner: Q10001 run again after 300 s : OkHttp ConnectionPool
03-17 18:53:26.576  1627  8903 D okhttp.TaskRunner: Q10001 finished run in   2 ms: OkHttp ConnectionPool
03-17 18:53:26.615  2383  2600 D AdayoDoipServer294_Doip: [ne_doip_event_loop_dispatch][line:141] : count = 0
03-17 18:53:26.618   582  3616 E WifiHAL : Invalid data received from driver
03-17 18:53:26.657   642   685 I mcuc    : sd Uart data : 6AA6020545000292021E
03-17 18:53:26.662   642   685 I mcuc    : rev uart=1419,len=16, data : 6AA6810545000892020009000000018F
03-17 18:53:26.662   400   400 D adayocomadapter-ParseProtocolFunc: printRaWMsg Name[MCUToUPstream recv] len[8] data[9202000900000001]
03-17 18:53:26.662   400   400 D adayocomadapter-CommunicationManager: onUpstreamback   member[0] dataLength[5] timePoint[140610]
03-17 18:53:26.662   400   400 D adayocomadapter-ParseProtocolFunc: printRaWMsg Name[onUpstreamback] len[5] data[0900000001]
03-17 18:53:26.662   400   452 D adayocomadapter-UpstreamHandler: processBeforePacket upSreamtProcessTimePoint[140610] 
03-17 18:53:26.662   400   452 D adayocomadapter-UpstreamHandler: processPacket UPSTREAM_QUEUE_DATA_TIMEOUT
03-17 18:53:26.662   400   452 D adayocomadapter-ParseProtocolFunc: parseCommonIPCLBytes Processing tableNumber[9]
03-17 18:53:26.662   400   452 D adayocomadapter-ParseProtocolFunc: parseCommonIPCLBytes Processing tablename[Table-9] tableSize[5]
03-17 18:53:26.662   400   452 D adayocomadapter-ParseProtocolFunc: printRaWMsg Name[byteStream recv] len[5] data[0900000001]
03-17 18:53:26.662   400   452 D adayocomadapter-ParseProtocolFunc: printRaWMsg Name[IPCLtoVHAL] len[7] data[21402060000100]
03-17 18:53:26.662   400   452 D adayocomadapter-ParseProtocolFunc: printRaWMsg Name[IPCLtoVHAL] len[7] data[2140218D000100]
03-17 18:53:26.662   400   452 D adayocomadapter-ParseProtocolFunc: printRaWMsg Name[IPCLtoVHAL] len[7] data[21402255000100]
03-17 18:53:26.662   400   452 D adayocomadapter-CommunicationManager: onUpstreamReceive isLoss 1 mPropertyId 0x21402060
03-17 18:53:26.662   400   452 D adayocomadapter-CommunicationManager: convertBytesToInt32Memcpy  0
03-17 18:53:26.662   400   452 D vw-vhal : notifyVehicleProperty, propId = 0x21402060, data = {status: 3, int32Values: [0]}
03-17 18:53:26.662   400   452 I DefaultVehicleHal_v2_0: DefaultVehicleHal::onPropertyValue, value:{.timestamp = 140610501681, .areaId = 0, .prop = 557850720, .status = UNAVAILABLE, .value = {.int32Values = [1]{0}, .floatValues = [0]{}, .int64Values = [0]{}, .bytes = [0]{}, .stringValue = ""}}
03-17 18:53:26.663   400   452 D adayocomadapter-CommunicationManager: onUpstreamReceive mPropertyId 0x21402060
03-17 18:53:26.663   400   452 D adayocomadapter-CommunicationManager: onUpstreamReceive isLoss 1 mPropertyId 0x2140218d
03-17 18:53:26.663   400   452 D adayocomadapter-CommunicationManager: convertBytesToInt32Memcpy  0
03-17 18:53:26.663   400   452 D vw-vhal : notifyVehicleProperty, propId = 0x2140218d, data = {status: 3, int32Values: [0]}
03-17 18:53:26.663   400   452 I DefaultVehicleHal_v2_0: DefaultVehicleHal::onPropertyValue, value:{.timestamp = 140610649348, .areaId = 0, .prop = 557851021, .status = UNAVAILABLE, .value = {.int32Values = [1]{0}, .floatValues = [0]{}, .int64Values = [0]{}, .bytes = [0]{}, .stringValue = ""}}
03-17 18:53:26.663   400   452 D adayocomadapter-CommunicationManager: onUpstreamReceive mPropertyId 0x2140218d
03-17 18:53:26.663   400   452 D adayocomadapter-CommunicationManager: onUpstreamReceive isLoss 1 mPropertyId 0x21402255
03-17 18:53:26.663   400   452 D adayocomadapter-CommunicationManager: convertBytesToInt32Memcpy  0
03-17 18:53:26.663   400   452 D vw-vhal : notifyVehicleProperty, propId = 0x21402255, data = {status: 3, int32Values: [0]}
03-17 18:53:26.663   400   452 I DefaultVehicleHal_v2_0: DefaultVehicleHal::onPropertyValue, value:{.timestamp = 140610761015, .areaId = 0, .prop = 557851221, .status = UNAVAILABLE, .value = {.int32Values = [1]{0}, .floatValues = [0]{}, .int64Values = [0]{}, .bytes = [0]{}, .stringValue = ""}}
03-17 18:53:26.663   400   452 D adayocomadapter-CommunicationManager: onUpstreamReceive mPropertyId 0x21402255
03-17 18:53:26.668  6654  6700 D TimerTriggerManager: init instance...
03-17 18:53:26.668  6654  6700 D TimerTriggerManager: Timer thread'TimerTriggerManager' is destroyed: false
03-17 18:53:26.668  6654  6700 D TimerTriggerManager: Timer 'onIndcnVehSpdChanged' is running: true
03-17 18:53:26.668  6654  6700 D TimerTriggerManager: Sending reset signal to timer 'onIndcnVehSpdChanged'
03-17 18:53:26.668  6654  6700 D TimerTriggerManager: Reset signal sent to timer 'onIndcnVehSpdChanged'
03-17 18:53:26.668  6654  6707 D TimerTriggerController: Reset method called for timer: onIndcnVehSpdChanged
03-17 18:53:26.668  6654  6707 D TimerTriggerController: Calling onTimerReset for timer: onIndcnVehSpdChanged
03-17 18:53:26.668  6654  6707 D TimerTriggerManager: Timer reset: onIndcnVehSpdChanged
03-17 18:53:26.669  6654  6707 I TimerTriggerController: Timer [onIndcnVehSpdChanged] reset, remaining: 1000ms, reset count: 925
03-17 18:53:26.680   582  3616 E WifiHAL : Invalid data received from driver
03-17 18:53:26.682  1566  2651 D TboxNetworkManager: tboxNetworkbinder=null
03-17 18:53:26.698  9636  9636 I auditd  : type=1400 audit(0.0:12984): avc:  denied  { read } for  comm="sh" name="/" dev="dm-0" ino=60 scontext=u:r:trace_logcat:s0 tcontext=u:object_r:rootfs:s0 tclass=dir permissive=0
03-17 18:53:26.698  9636  9636 W sh      : type=1400 audit(0.0:12984): avc:  denied  { read } for  name="/" dev="dm-0" ino=60 scontext=u:r:trace_logcat:s0 tcontext=u:object_r:rootfs:s0 tclass=dir permissive=0
03-17 18:53:26.716  2383  2600 D AdayoDoipServer294_Doip: [ne_doip_event_loop_dispatch][line:141] : count = 0
03-17 18:53:26.719   582  3616 E WifiHAL : Invalid data received from driver
03-17 18:53:26.767  6654  6700 D TimerTriggerManager: init instance...
03-17 18:53:26.767  6654  6700 D TimerTriggerManager: Timer thread'TimerTriggerManager' is destroyed: false
03-17 18:53:26.767  6654  6700 D TimerTriggerManager: Timer 'onIndcnVehSpdChanged' is running: true
03-17 18:53:26.767  6654  6700 D TimerTriggerManager: Sending reset signal to timer 'onIndcnVehSpdChanged'
03-17 18:53:26.767  6654  6700 D TimerTriggerManager: Reset signal sent to timer 'onIndcnVehSpdChanged'
03-17 18:53:26.767  6654  6707 D TimerTriggerController: Reset method called for timer: onIndcnVehSpdChanged
03-17 18:53:26.767  6654  6707 D TimerTriggerController: Calling onTimerReset for timer: onIndcnVehSpdChanged
03-17 18:53:26.767  6654  6707 D TimerTriggerManager: Timer reset: onIndcnVehSpdChanged
03-17 18:53:26.767  6654  6707 I TimerTriggerController: Timer [onIndcnVehSpdChanged] reset, remaining: 1000ms, reset count: 926
03-17 18:53:26.768  6654  6700 D TimerTriggerManager: init instance...
03-17 18:53:26.768  6654  6700 D TimerTriggerManager: Timer thread'TimerTriggerManager' is destroyed: false
03-17 18:53:26.768  6654  6700 D TimerTriggerManager: Timer 'onMntnWarnReqChanged' is running: true
03-17 18:53:26.768  6654  6700 D TimerTriggerManager: Sending reset signal to timer 'onMntnWarnReqChanged'
03-17 18:53:26.768  6654  6700 D TimerTriggerManager: Reset signal sent to timer 'onMntnWarnReqChanged'
03-17 18:53:26.768  6654  6707 D TimerTriggerController: Reset method called for timer: onMntnWarnReqChanged
03-17 18:53:26.768  6654  6707 D TimerTriggerController: Calling onTimerReset for timer: onMntnWarnReqChanged
03-17 18:53:26.768  6654  6707 D TimerTriggerManager: Timer reset: onMntnWarnReqChanged
03-17 18:53:26.768  6654  6707 I TimerTriggerController: Timer [onMntnWarnReqChanged] reset, remaining: 5000ms, reset count: 463
03-17 18:53:26.789   582  3616 E WifiHAL : Invalid data received from driver
03-17 18:53:26.816  2383  2600 D AdayoDoipServer294_Doip: [ne_doip_event_loop_dispatch][line:141] : count = 0
03-17 18:53:26.819   714   714 E sdlogd  : sdlog: 
03-17 18:53:26.819   714   714 E sdlogd  : stat error: No such file or directory, path: /la_log/vendor/fawvw/log/android/sdlog/sdlog/runtime/ap1_kernel.log
03-17 18:53:26.822   714   714 E sdlogd  : sdlog: 
03-17 18:53:26.822   714   714 E sdlogd  : stat error: No such file or directory, path: /la_log/vendor/fawvw/log/android/sdlog/sdlog/runtime/ap2_kernel.log
03-17 18:53:26.863   806   806 I adbd    : AdaTest:transport UsbFfs opening service shell,v2:getprop
03-17 18:53:26.863   806   806 I adbd    : AdaTest:adb.password.Enable is true
03-17 18:53:26.863   806   806 I adbd    : AdaTest:will enter ShellService
03-17 18:53:26.863   806   806 I adbd    : AdaTest:enter ShellService
03-17 18:53:26.863   806   806 I adbd    : AdaTest:adb.password.Enable is Enable
03-17 18:53:26.863   806   806 I adbd    : AdaTest:return unique_fd{}
03-17 18:53:26.863   806   806 I adbd    : auth_fd.get() == -1
03-17 18:53:26.867   642   685 I mcuc    : sd Uart data : 6AA6020546000292021D
03-17 18:53:26.867  6654  6700 D TimerTriggerManager: init instance...
03-17 18:53:26.867  6654  6700 D TimerTriggerManager: Timer thread'TimerTriggerManager' is destroyed: false
03-17 18:53:26.868  6654  6700 D TimerTriggerManager: Timer 'onIndcnVehSpdChanged' is running: true
03-17 18:53:26.868  6654  6700 D TimerTriggerManager: Sending reset signal to timer 'onIndcnVehSpdChanged'
03-17 18:53:26.868  6654  6700 D TimerTriggerManager: Reset signal sent to timer 'onIndcnVehSpdChanged'
03-17 18:53:26.868  6654  6707 D TimerTriggerController: Reset method called for timer: onIndcnVehSpdChanged
03-17 18:53:26.868  6654  6707 D TimerTriggerController: Calling onTimerReset for timer: onIndcnVehSpdChanged
03-17 18:53:26.868  6654  6707 D TimerTriggerManager: Timer reset: onIndcnVehSpdChanged
03-17 18:53:26.868  6654  6707 I TimerTriggerController: Timer [onIndcnVehSpdChanged] reset, remaining: 1000ms, reset count: 927
03-17 18:53:26.873   642   685 I mcuc    : rev uart=1420,len=24, data : 6AA6810546001092020015646464640000000000000001EA
03-17 18:53:26.873   582  3616 E WifiHAL : Invalid data received from driver
03-17 18:53:26.873   400   400 D adayocomadapter-ParseProtocolFunc: printRaWMsg Name[MCUToUPstream recv] len[16] data[92020015646464640000000000000001]
03-17 18:53:26.873   400   400 D adayocomadapter-CommunicationManager: onUpstreamback   member[0] dataLength[13] timePoint[140820]
03-17 18:53:26.873   400   400 D adayocomadapter-ParseProtocolFunc: printRaWMsg Name[onUpstreamback] len[13] data[15646464640000000000000001]
03-17 18:53:26.873   400   452 D adayocomadapter-UpstreamHandler: processBeforePacket upSreamtProcessTimePoint[140820] 
03-17 18:53:26.873   400   452 D adayocomadapter-UpstreamHandler: processPacket UPSTREAM_QUEUE_DATA_TIMEOUT
03-17 18:53:26.873   400   452 D adayocomadapter-ParseProtocolFunc: parseCommonIPCLBytes Processing tableNumber[21]
03-17 18:53:26.873   400   452 D adayocomadapter-ParseProtocolFunc: parseCommonIPCLBytes Processing tablename[Table-21] tableSize[13]
03-17 18:53:26.873   400   452 D adayocomadapter-ParseProtocolFunc: printRaWMsg Name[byteStream recv] len[13] data[15646464640000000000000001]
03-17 18:53:26.873   400   452 D adayocomadapter-ParseProtocolFunc: printRaWMsg Name[IPCLtoVHAL] len[7] data[2140208B000164]
03-17 18:53:26.873   400   452 D adayocomadapter-ParseProtocolFunc: printRaWMsg Name[IPCLtoVHAL] len[7] data[21402193000100]
03-17 18:53:26.873   400   452 D adayocomadapter-ParseProtocolFunc: printRaWMsg Name[IPCLtoVHAL] len[7] data[2140208C000164]
03-17 18:53:26.873   400   452 D adayocomadapter-ParseProtocolFunc: printRaWMsg Name[IPCLtoVHAL] len[7] data[21402194000100]
03-17 18:53:26.873   400   452 D adayocomadapter-ParseProtocolFunc: printRaWMsg Name[IPCLtoVHAL] len[7] data[2140208D000164]
03-17 18:53:26.873   400   452 D adayocomadapter-ParseProtocolFunc: printRaWMsg Name[IPCLtoVHAL] len[7] data[21402195000100]
03-17 18:53:26.873   400   452 D adayocomadapter-ParseProtocolFunc: printRaWMsg Name[IPCLtoVHAL] len[7] data[21402192000100]
03-17 18:53:26.873   400   452 D adayocomadapter-ParseProtocolFunc: printRaWMsg Name[IPCLtoVHAL] len[7] data[2140208A000164]
03-17 18:53:26.873   400   452 D adayocomadapter-ParseProtocolFunc: printRaWMsg Name[IPCLtoVHAL] len[7] data[21402196000100]
03-17 18:53:26.873   400   452 D adayocomadapter-ParseProtocolFunc: printRaWMsg Name[IPCLtoVHAL] len[7] data[21402197000100]
03-17 18:53:26.873   400   452 D adayocomadapter-ParseProtocolFunc: printRaWMsg Name[IPCLtoVHAL] len[7] data[21402199000100]
03-17 18:53:26.873   400   452 D adayocomadapter-CommunicationManager: onUpstreamReceive isLoss 1 mPropertyId 0x2140208b
03-17 18:53:26.873   400   452 D adayocomadapter-CommunicationManager: convertBytesToInt32Memcpy  100
03-17 18:53:26.873   400   452 D vw-vhal : notifyVehicleProperty, propId = 0x2140208b, data = {status: 3, int32Values: [100]}
03-17 18:53:26.873   400   452 I DefaultVehicleHal_v2_0: DefaultVehicleHal::onPropertyValue, value:{.timestamp = 140821271348, .areaId = 0, .prop = 557850763, .status = UNAVAILABLE, .value = {.int32Values = [1]{100}, .floatValues = [0]{}, .int64Values = [0]{}, .bytes = [0]{}, .stringValue = ""}}
03-17 18:53:26.873   400   452 D adayocomadapter-CommunicationManager: onUpstreamReceive mPropertyId 0x2140208b
03-17 18:53:26.873   400   452 D adayocomadapter-CommunicationManager: onUpstreamReceive isLoss 1 mPropertyId 0x21402193
03-17 18:53:26.873   400   452 D adayocomadapter-CommunicationManager: convertBytesToInt32Memcpy  0
03-17 18:53:26.873   400   452 D vw-vhal : notifyVehicleProperty, propId = 0x21402193, data = {status: 3, int32Values: [0]}
03-17 18:53:26.873   400   452 I DefaultVehicleHal_v2_0: DefaultVehicleHal::onPropertyValue, value:{.timestamp = 140821432015, .areaId = 0, .prop = 557851027, .status = UNAVAILABLE, .value = {.int32Values = [1]{0}, .floatValues = [0]{}, .int64Values = [0]{}, .bytes = [0]{}, .stringValue = ""}}
03-17 18:53:26.873   400   452 D adayocomadapter-CommunicationManager: onUpstreamReceive mPropertyId 0x21402193
03-17 18:53:26.873   400   452 D adayocomadapter-CommunicationManager: onUpstreamReceive isLoss 1 mPropertyId 0x2140208c
03-17 18:53:26.873   400   452 D adayocomadapter-CommunicationManager: convertBytesToInt32Memcpy  100
03-17 18:53:26.873   400   452 D vw-vhal : notifyVehicleProperty, propId = 0x2140208c, data = {status: 3, int32Values: [100]}
03-17 18:53:26.874   400   452 I DefaultVehicleHal_v2_0: DefaultVehicleHal::onPropertyValue, value:{.timestamp = 140821550681, .areaId = 0, .prop = 557850764, .status = UNAVAILABLE, .value = {.int32Values = [1]{100}, .floatValues = [0]{}, .int64Values = [0]{}, .bytes = [0]{}, .stringValue = ""}}
03-17 18:53:26.874   400   452 D adayocomadapter-CommunicationManager: onUpstreamReceive mPropertyId 0x2140208c
03-17 18:53:26.874   400   452 D adayocomadapter-CommunicationManager: onUpstreamReceive isLoss 1 mPropertyId 0x21402194
03-17 18:53:26.874   400   452 D adayocomadapter-CommunicationManager: convertBytesToInt32Memcpy  0
03-17 18:53:26.874   400   452 D vw-vhal : notifyVehicleProperty, propId = 0x21402194, data = {status: 3, int32Values: [0]}
03-17 18:53:26.874   400   452 I DefaultVehicleHal_v2_0: DefaultVehicleHal::onPropertyValue, value:{.timestamp = 140821662015, .areaId = 0, .prop = 557851028, .status = UNAVAILABLE, .value = {.int32Values = [1]{0}, .floatValues = [0]{}, .int64Values = [0]{}, .bytes = [0]{}, .stringValue = ""}}
03-17 18:53:26.874   400   452 D adayocomadapter-CommunicationManager: onUpstreamReceive mPropertyId 0x21402194
03-17 18:53:26.874   400   452 D adayocomadapter-CommunicationManager: onUpstreamReceive isLoss 1 mPropertyId 0x2140208d
03-17 18:53:26.874   400   452 D adayocomadapter-CommunicationManager: convertBytesToInt32Memcpy  100
03-17 18:53:26.874   400   452 D vw-vhal : notifyVehicleProperty, propId = 0x2140208d, data = {status: 3, int32Values: [100]}
03-17 18:53:26.874   400   452 I DefaultVehicleHal_v2_0: DefaultVehicleHal::onPropertyValue, value:{.timestamp = 140821773348, .areaId = 0, .prop = 557850765, .status = UNAVAILABLE, .value = {.int32Values = [1]{100}, .floatValues = [0]{}, .int64Values = [0]{}, .bytes = [0]{}, .stringValue = ""}}
03-17 18:53:26.874   400   452 D adayocomadapter-CommunicationManager: onUpstreamReceive mPropertyId 0x2140208d
03-17 18:53:26.874   400   452 D adayocomadapter-CommunicationManager: onUpstreamReceive isLoss 1 mPropertyId 0x21402195
03-17 18:53:26.874   400   452 D adayocomadapter-CommunicationManager: convertBytesToInt32Memcpy  0
03-17 18:53:26.874   400   452 D vw-vhal : notifyVehicleProperty, propId = 0x21402195, data = {status: 3, int32Values: [0]}
03-17 18:53:26.874   400   452 I DefaultVehicleHal_v2_0: DefaultVehicleHal::onPropertyValue, value:{.timestamp = 140821884015, .areaId = 0, .prop = 557851029, .status = UNAVAILABLE, .value = {.int32Values = [1]{0}, .floatValues = [0]{}, .int64Values = [0]{}, .bytes = [0]{}, .stringValue = ""}}
03-17 18:53:26.874   400   452 D adayocomadapter-CommunicationManager: onUpstreamReceive mPropertyId 0x21402195
03-17 18:53:26.874   400   452 D adayocomadapter-CommunicationManager: onUpstreamReceive isLoss 1 mPropertyId 0x21402192
03-17 18:53:26.874   400   452 D adayocomadapter-CommunicationManager: convertBytesToInt32Memcpy  0
03-17 18:53:26.874   400   452 D vw-vhal : notifyVehicleProperty, propId = 0x21402192, data = {status: 3, int32Values: [0]}
03-17 18:53:26.874   400   452 I DefaultVehicleHal_v2_0: DefaultVehicleHal::onPropertyValue, value:{.timestamp = 140822002681, .areaId = 0, .prop = 557851026, .status = UNAVAILABLE, .value = {.int32Values = [1]{0}, .floatValues = [0]{}, .int64Values = [0]{}, .bytes = [0]{}, .stringValue = ""}}
03-17 18:53:26.874   400   452 D adayocomadapter-CommunicationManager: onUpstreamReceive mPropertyId 0x21402192
03-17 18:53:26.874   400   452 D adayocomadapter-CommunicationManager: onUpstreamReceive isLoss 1 mPropertyId 0x2140208a
03-17 18:53:26.874   400   452 D adayocomadapter-CommunicationManager: convertBytesToInt32Memcpy  100
03-17 18:53:26.874   400   452 D vw-vhal : notifyVehicleProperty, propId = 0x2140208a, data = {status: 3, int32Values: [100]}
03-17 18:53:26.874   400   452 I DefaultVehicleHal_v2_0: DefaultVehicleHal::onPropertyValue, value:{.timestamp = 140822105681, .areaId = 0, .prop = 557850762, .status = UNAVAILABLE, .value = {.int32Values = [1]{100}, .floatValues = [0]{}, .int64Values = [0]{}, .bytes = [0]{}, .stringValue = ""}}
03-17 18:53:26.874   400   452 D adayocomadapter-CommunicationManager: onUpstreamReceive mPropertyId 0x2140208a
03-17 18:53:26.874   400   452 D adayocomadapter-CommunicationManager: onUpstreamReceive isLoss 1 mPropertyId 0x21402196
03-17 18:53:26.874   400   452 D adayocomadapter-CommunicationManager: convertBytesToInt32Memcpy  0
03-17 18:53:26.874   400   452 D vw-vhal : notifyVehicleProperty, propId = 0x21402196, data = {status: 3, int32Values: [0]}
03-17 18:53:26.874   400   452 I DefaultVehicleHal_v2_0: DefaultVehicleHal::onPropertyValue, value:{.timestamp = 140822212015, .areaId = 0, .prop = 557851030, .status = UNAVAILABLE, .value = {.int32Values = [1]{0}, .floatValues = [0]{}, .int64Values = [0]{}, .bytes = [0]{}, .stringValue = ""}}
03-17 18:53:26.874   400   452 D adayocomadapter-CommunicationManager: onUpstreamReceive mPropertyId 0x21402196
03-17 18:53:26.874   400   452 D adayocomadapter-CommunicationManager: onUpstreamReceive isLoss 1 mPropertyId 0x21402197
03-17 18:53:26.874   400   452 D adayocomadapter-CommunicationManager: convertBytesToInt32Memcpy  0
03-17 18:53:26.874   400   452 D vw-vhal : notifyVehicleProperty, propId = 0x21402197, data = {status: 3, int32Values: [0]}
03-17 18:53:26.874   400   452 I DefaultVehicleHal_v2_0: DefaultVehicleHal::onPropertyValue, value:{.timestamp = 140822323015, .areaId = 0, .prop = 557851031, .status = UNAVAILABLE, .value = {.int32Values = [1]{0}, .floatValues = [0]{}, .int64Values = [0]{}, .bytes = [0]{}, .stringValue = ""}}
03-17 18:53:26.874   400   452 D adayocomadapter-CommunicationManager: onUpstreamReceive mPropertyId 0x21402197
03-17 18:53:26.874   400   452 D adayocomadapter-CommunicationManager: onUpstreamReceive isLoss 1 mPropertyId 0x21402199
03-17 18:53:26.874   400   452 D adayocomadapter-CommunicationManager: convertBytesToInt32Memcpy  0
03-17 18:53:26.874   400   452 D vw-vhal : notifyVehicleProperty, propId = 0x21402199, data = {status: 3, int32Values: [0]}
03-17 18:53:26.874   400   452 I DefaultVehicleHal_v2_0: DefaultVehicleHal::onPropertyValue, value:{.timestamp = 140822437681, .areaId = 0, .prop = 557851033, .status = UNAVAILABLE, .value = {.int32Values = [1]{0}, .floatValues = [0]{}, .int64Values = [0]{}, .bytes = [0]{}, .stringValue = ""}}
03-17 18:53:26.874   400   452 D adayocomadapter-CommunicationManager: onUpstreamReceive mPropertyId 0x21402199
03-17 18:53:26.878   806   806 I adbd    : AdaTest:transport UsbFfs opening service shell,v2:getprop
03-17 18:53:26.878   806   806 I adbd    : AdaTest:adb.password.Enable is true
03-17 18:53:26.878   806   806 I adbd    : AdaTest:will enter ShellService
03-17 18:53:26.878   806   806 I adbd    : AdaTest:enter ShellService
03-17 18:53:26.878   806   806 I adbd    : AdaTest:adb.password.Enable is Enable
03-17 18:53:26.878   806   806 I adbd    : AdaTest:return unique_fd{}
03-17 18:53:26.878   806   806 I adbd    : auth_fd.get() == -1
03-17 18:53:26.894   806   806 I adbd    : AdaTest:transport UsbFfs opening service shell,v2:getprop
03-17 18:53:26.894   806   806 I adbd    : AdaTest:adb.password.Enable is true
03-17 18:53:26.894   806   806 I adbd    : AdaTest:will enter ShellService
03-17 18:53:26.894   806   806 I adbd    : AdaTest:enter ShellService
03-17 18:53:26.894   806   806 I adbd    : AdaTest:adb.password.Enable is Enable
03-17 18:53:26.894   806   806 I adbd    : AdaTest:return unique_fd{}
03-17 18:53:26.894   806   806 I adbd    : auth_fd.get() == -1
03-17 18:53:26.916  2383  2600 D AdayoDoipServer294_Doip: [ne_doip_event_loop_dispatch][line:141] : count = 0
03-17 18:53:26.925   806   806 I adbd    : AdaTest:transport UsbFfs opening service shell,v2:getprop
03-17 18:53:26.925   806   806 I adbd    : AdaTest:adb.password.Enable is true
03-17 18:53:26.925   806   806 I adbd    : AdaTest:will enter ShellService
03-17 18:53:26.925   806   806 I adbd    : AdaTest:enter ShellService
03-17 18:53:26.925   806   806 I adbd    : AdaTest:adb.password.Enable is Enable
03-17 18:53:26.925   806   806 I adbd    : AdaTest:return unique_fd{}
03-17 18:53:26.925   806   806 I adbd    : auth_fd.get() == -1
03-17 18:53:26.925   806   806 I adbd    : AdaTest:transport UsbFfs opening service shell,v2:getprop
03-17 18:53:26.925   806   806 I adbd    : AdaTest:adb.password.Enable is true
03-17 18:53:26.925   806   806 I adbd    : AdaTest:will enter ShellService
03-17 18:53:26.925   806   806 I adbd    : AdaTest:enter ShellService
03-17 18:53:26.926   806   806 I adbd    : AdaTest:adb.password.Enable is Enable
03-17 18:53:26.926   806   806 I adbd    : AdaTest:return unique_fd{}
03-17 18:53:26.926   806   806 I adbd    : auth_fd.get() == -1
03-17 18:53:26.959   582  3616 E WifiHAL : Invalid data received from driver
03-17 18:53:26.968  6654  6700 D TimerTriggerManager: init instance...
03-17 18:53:26.968  6654  6700 D TimerTriggerManager: Timer thread'TimerTriggerManager' is destroyed: false
03-17 18:53:26.968  6654  6700 D TimerTriggerManager: Timer 'onIndcnVehSpdChanged' is running: true
03-17 18:53:26.968  6654  6700 D TimerTriggerManager: Sending reset signal to timer 'onIndcnVehSpdChanged'
03-17 18:53:26.968  6654  6700 D TimerTriggerManager: Reset signal sent to timer 'onIndcnVehSpdChanged'
03-17 18:53:26.968  6654  6707 D TimerTriggerController: Reset method called for timer: onIndcnVehSpdChanged
03-17 18:53:26.968  6654  6707 D TimerTriggerController: Calling onTimerReset for timer: onIndcnVehSpdChanged
03-17 18:53:26.968  6654  6707 D TimerTriggerManager: Timer reset: onIndcnVehSpdChanged
03-17 18:53:26.968  6654  6707 I TimerTriggerController: Timer [onIndcnVehSpdChanged] reset, remaining: 1000ms, reset count: 928
03-17 18:53:26.968  6654  6700 D TimerTriggerManager: init instance...
03-17 18:53:26.968  6654  6700 D TimerTriggerManager: Timer thread'TimerTriggerManager' is destroyed: false
03-17 18:53:26.968  6654  6700 D TimerTriggerManager: Timer 'onMntnWarnReqChanged' is running: true
03-17 18:53:26.968  6654  6700 D TimerTriggerManager: Sending reset signal to timer 'onMntnWarnReqChanged'
03-17 18:53:26.968  6654  6700 D TimerTriggerManager: Reset signal sent to timer 'onMntnWarnReqChanged'
03-17 18:53:26.968  6654  6707 D TimerTriggerController: Reset method called for timer: onMntnWarnReqChanged
03-17 18:53:26.968  6654  6707 D TimerTriggerController: Calling onTimerReset for timer: onMntnWarnReqChanged
03-17 18:53:26.968  6654  6707 D TimerTriggerManager: Timer reset: onMntnWarnReqChanged
03-17 18:53:26.968  6654  6707 I TimerTriggerController: Timer [onMntnWarnReqChanged] reset, remaining: 5000ms, reset count: 464
03-17 18:53:26.977   642   685 I mcuc    : sd Uart data : 6AA6020547000292021C
03-17 18:53:26.982   642   685 I mcuc    : rev uart=1421,len=19, data : 6AA6810547000B9202000D0000000000000186
03-17 18:53:26.982   400   400 D adayocomadapter-ParseProtocolFunc: printRaWMsg Name[MCUToUPstream recv] len[11] data[9202000D00000000000001]
03-17 18:53:26.982   400   400 D adayocomadapter-CommunicationManager: onUpstreamback   member[0] dataLength[8] timePoint[140930]
03-17 18:53:26.982   400   400 D adayocomadapter-ParseProtocolFunc: printRaWMsg Name[onUpstreamback] len[8] data[0D00000000000001]
03-17 18:53:26.982   400   452 D adayocomadapter-UpstreamHandler: processBeforePacket upSreamtProcessTimePoint[140930] 
03-17 18:53:26.982   400   452 D adayocomadapter-UpstreamHandler: processPacket UPSTREAM_QUEUE_DATA_TIMEOUT
03-17 18:53:26.982   400   452 D adayocomadapter-ParseProtocolFunc: parseCommonIPCLBytes Processing tableNumber[13]
03-17 18:53:26.982   400   452 D adayocomadapter-ParseProtocolFunc: parseCommonIPCLBytes Processing tablename[Table-13] tableSize[8]
03-17 18:53:26.982   400   452 D adayocomadapter-ParseProtocolFunc: printRaWMsg Name[byteStream recv] len[8] data[0D00000000000001]
03-17 18:53:26.982   400   452 D adayocomadapter-ParseProtocolFunc: printRaWMsg Name[IPCLtoVHAL] len[7] data[214020BB000100]
03-17 18:53:26.982   400   452 D adayocomadapter-ParseProtocolFunc: printRaWMsg Name[IPCLtoVHAL] len[7] data[214020E3000100]
03-17 18:53:26.982   400   452 D adayocomadapter-ParseProtocolFunc: printRaWMsg Name[IPCLtoVHAL] len[7] data[214020C7000100]
03-17 18:53:26.982   400   452 D adayocomadapter-ParseProtocolFunc: printRaWMsg Name[IPCLtoVHAL] len[7] data[214020DD000100]
03-17 18:53:26.982   400   452 D adayocomadapter-ParseProtocolFunc: printRaWMsg Name[IPCLtoVHAL] len[7] data[214020DF000100]
03-17 18:53:26.983   400   452 D adayocomadapter-ParseProtocolFunc: printRaWMsg Name[IPCLtoVHAL] len[7] data[214020E4000100]
03-17 18:53:26.983   400   452 D adayocomadapter-CommunicationManager: onUpstreamReceive isLoss 1 mPropertyId 0x214020bb
03-17 18:53:26.983   400   452 D adayocomadapter-CommunicationManager: convertBytesToInt32Memcpy  0
03-17 18:53:26.983   400   452 D vw-vhal : notifyVehicleProperty, propId = 0x214020bb, data = {status: 3, int32Values: [0]}
03-17 18:53:26.983   400   452 I DefaultVehicleHal_v2_0: DefaultVehicleHal::onPropertyValue, value:{.timestamp = 140930683348, .areaId = 0, .prop = 557850811, .status = UNAVAILABLE, .value = {.int32Values = [1]{0}, .floatValues = [0]{}, .int64Values = [0]{}, .bytes = [0]{}, .stringValue = ""}}
03-17 18:53:26.983   400   452 D adayocomadapter-CommunicationManager: onUpstreamReceive mPropertyId 0x214020bb
03-17 18:53:26.983   400   452 D adayocomadapter-CommunicationManager: onUpstreamReceive isLoss 1 mPropertyId 0x214020e3
03-17 18:53:26.983   400   452 D adayocomadapter-CommunicationManager: convertBytesToInt32Memcpy  0
03-17 18:53:26.983   400   452 D vw-vhal : notifyVehicleProperty, propId = 0x214020e3, data = {status: 3, int32Values: [0]}
03-17 18:53:26.983   400   452 I DefaultVehicleHal_v2_0: DefaultVehicleHal::onPropertyValue, value:{.timestamp = 140930841015, .areaId = 0, .prop = 557850851, .status = UNAVAILABLE, .value = {.int32Values = [1]{0}, .floatValues = [0]{}, .int64Values = [0]{}, .bytes = [0]{}, .stringValue = ""}}
03-17 18:53:26.983   400   452 D adayocomadapter-CommunicationManager: onUpstreamReceive mPropertyId 0x214020e3
03-17 18:53:26.983   400   452 D adayocomadapter-CommunicationManager: onUpstreamReceive isLoss 1 mPropertyId 0x214020c7
03-17 18:53:26.983   400   452 D adayocomadapter-CommunicationManager: convertBytesToInt32Memcpy  0
03-17 18:53:26.983   400   452 D vw-vhal : notifyVehicleProperty, propId = 0x214020c7, data = {status: 3, int32Values: [0]}
03-17 18:53:26.983   400   452 I DefaultVehicleHal_v2_0: DefaultVehicleHal::onPropertyValue, value:{.timestamp = 140930964348, .areaId = 0, .prop = 557850823, .status = UNAVAILABLE, .value = {.int32Values = [1]{0}, .floatValues = [0]{}, .int64Values = [0]{}, .bytes = [0]{}, .stringValue = ""}}
03-17 18:53:26.983   400   452 D adayocomadapter-CommunicationManager: onUpstreamReceive mPropertyId 0x214020c7
03-17 18:53:26.983   400   452 D adayocomadapter-CommunicationManager: onUpstreamReceive isLoss 1 mPropertyId 0x214020dd
03-17 18:53:26.983   400   452 D adayocomadapter-CommunicationManager: convertBytesToInt32Memcpy  0
03-17 18:53:26.983   400   452 D vw-vhal : notifyVehicleProperty, propId = 0x214020dd, data = {status: 3, int32Values: [0]}
03-17 18:53:26.983   400   452 I DefaultVehicleHal_v2_0: DefaultVehicleHal::onPropertyValue, value:{.timestamp = 140931082682, .areaId = 0, .prop = 557850845, .status = UNAVAILABLE, .value = {.int32Values = [1]{0}, .floatValues = [0]{}, .int64Values = [0]{}, .bytes = [0]{}, .stringValue = ""}}
03-17 18:53:26.983   400   452 D adayocomadapter-CommunicationManager: onUpstreamReceive mPropertyId 0x214020dd
03-17 18:53:26.983   400   452 D adayocomadapter-CommunicationManager: onUpstreamReceive isLoss 1 mPropertyId 0x214020df
03-17 18:53:26.983   400   452 D adayocomadapter-CommunicationManager: convertBytesToInt32Memcpy  0
03-17 18:53:26.983   400   452 D vw-vhal : notifyVehicleProperty, propId = 0x214020df, data = {status: 3, int32Values: [0]}
03-17 18:53:26.983   400   452 I DefaultVehicleHal_v2_0: DefaultVehicleHal::onPropertyValue, value:{.timestamp = 140931196015, .areaId = 0, .prop = 557850847, .status = UNAVAILABLE, .value = {.int32Values = [1]{0}, .floatValues = [0]{}, .int64Values = [0]{}, .bytes = [0]{}, .stringValue = ""}}
03-17 18:53:26.983   400   452 D adayocomadapter-CommunicationManager: onUpstreamReceive mPropertyId 0x214020df
03-17 18:53:26.983   400   452 D adayocomadapter-CommunicationManager: onUpstreamReceive isLoss 1 mPropertyId 0x214020e4
03-17 18:53:26.983   400   452 D adayocomadapter-CommunicationManager: convertBytesToInt32Memcpy  0
03-17 18:53:26.983   400   452 D vw-vhal : notifyVehicleProperty, propId = 0x214020e4, data = {status: 3, int32Values: [0]}
03-17 18:53:26.983   400   452 I DefaultVehicleHal_v2_0: DefaultVehicleHal::onPropertyValue, value:{.timestamp = 140931319348, .areaId = 0, .prop = 557850852, .status = UNAVAILABLE, .value = {.int32Values = [1]{0}, .floatValues = [0]{}, .int64Values = [0]{}, .bytes = [0]{}, .stringValue = ""}}
03-17 18:53:26.983   400   452 D adayocomadapter-CommunicationManager: onUpstreamReceive mPropertyId 0x214020e4
03-17 18:53:26.991   582  3616 E WifiHAL : Invalid data received from driver
03-17 18:53:26.991   582  3616 E WifiHAL : Invalid data received from driver
03-17 18:53:26.991   582  3616 E WifiHAL : Invalid data received from driver
03-17 18:53:26.991   582  3616 E WifiHAL : Invalid data received from driver
03-17 18:53:26.991   582  3616 E WifiHAL : Invalid data received from driver
03-17 18:53:26.991   582  3616 E WifiHAL : Invalid data received from driver
03-17 18:53:26.991   582  3616 E WifiHAL : Invalid data received from driver
03-17 18:53:26.998   582  3616 E WifiHAL : Invalid data received from driver
03-17 18:53:27.016  2383  2600 D AdayoDoipServer294_Doip: [ne_doip_event_loop_dispatch][line:141] : count = 0
03-17 18:53:27.030  2705  3422 E NetProxyJNI: getNetworkTraffic up: 328,down:49
03-17 18:53:27.030  2705  3422 I TboxServiceManager: 上下行类型变化 type:1
03-17 18:53:27.030  2705  3422 I TboxServiceStatusMonitor: onNetworkTrafficChange type: 1
03-17 18:53:27.031  1566  3186 D TboxNetworkManager: tboxNetworkbinder=null
03-17 18:53:27.046  9664  9664 I auditd  : type=1400 audit(0.0:12985): avc:  denied  { read } for  comm="pgrep" scontext=u:r:ota_init_shell:s0 tcontext=u:r:ueventd:s0 tclass=file permissive=0
03-17 18:53:27.046  9664  9664 W pgrep   : type=1400 audit(0.0:12985): avc:  denied  { read } for  scontext=u:r:ota_init_shell:s0 tcontext=u:r:ueventd:s0 tclass=file permissive=0
03-17 18:53:27.046  9664  9664 I auditd  : type=1400 audit(0.0:12986): avc:  denied  { read } for  comm="pgrep" scontext=u:r:ota_init_shell:s0 tcontext=u:r:prng_seeder:s0 tclass=file permissive=0
03-17 18:53:27.046  9664  9664 W pgrep   : type=1400 audit(0.0:12986): avc:  denied  { read } for  scontext=u:r:ota_init_shell:s0 tcontext=u:r:prng_seeder:s0 tclass=file permissive=0
03-17 18:53:27.046  9664  9664 I auditd  : type=1400 audit(0.0:12987): avc:  denied  { read } for  comm="pgrep" scontext=u:r:ota_init_shell:s0 tcontext=u:r:sdcvd:s0 tclass=file permissive=0
03-17 18:53:27.046  9664  9664 W pgrep   : type=1400 audit(0.0:12987): avc:  denied  { read } for  scontext=u:r:ota_init_shell:s0 tcontext=u:r:sdcvd:s0 tclass=file permissive=0
03-17 18:53:27.046  9664  9664 I auditd  : type=1400 audit(0.0:12988): avc:  denied  { read } for  comm="pgrep" scontext=u:r:ota_init_shell:s0 tcontext=u:r:sdprop:s0 tclass=file permissive=0
03-17 18:53:27.046  9664  9664 W pgrep   : type=1400 audit(0.0:12988): avc:  denied  { read } for  scontext=u:r:ota_init_shell:s0 tcontext=u:r:sdprop:s0 tclass=file permissive=0
03-17 18:53:27.046  9664  9664 I auditd  : type=1400 audit(0.0:12989): avc:  denied  { read } for  comm="pgrep" scontext=u:r:ota_init_shell:s0 tcontext=u:r:keystore:s0 tclass=file permissive=0
03-17 18:53:27.046  9664  9664 W pgrep   : type=1400 audit(0.0:12989): avc:  denied  { read } for  scontext=u:r:ota_init_shell:s0 tcontext=u:r:keystore:s0 tclass=file permissive=0
03-17 18:53:27.068  6654  6700 D TimerTriggerManager: init instance...
03-17 18:53:27.068  6654  6700 D TimerTriggerManager: Timer thread'TimerTriggerManager' is destroyed: false
03-17 18:53:27.068  6654  6700 D TimerTriggerManager: Timer 'onIndcnVehSpdChanged' is running: true
03-17 18:53:27.068  6654  6700 D TimerTriggerManager: Sending reset signal to timer 'onIndcnVehSpdChanged'
03-17 18:53:27.068  6654  6700 D TimerTriggerManager: Reset signal sent to timer 'onIndcnVehSpdChanged'
03-17 18:53:27.069  6654  6707 D TimerTriggerController: Reset method called for timer: onIndcnVehSpdChanged
03-17 18:53:27.069  6654  6707 D TimerTriggerController: Calling onTimerReset for timer: onIndcnVehSpdChanged
03-17 18:53:27.069  6654  6707 D TimerTriggerManager: Timer reset: onIndcnVehSpdChanged
03-17 18:53:27.069  6654  6707 I TimerTriggerController: Timer [onIndcnVehSpdChanged] reset, remaining: 1000ms, reset count: 929
03-17 18:53:27.080   642   685 I mcuc    : sd Uart data : 6AA6020548000292021B
03-17 18:53:27.086   642   685 I mcuc    : rev uart=1422,len=57, data : 6AA68105480031920200114C465630314C5954455354564C4E30333000000000000000000000007F000100000000000007FE00010101010121
