03-17 18:53:26.184   400   452 I DefaultVehicleHal_v2_0: DefaultVehicleHal::onPropertyValue, value:{.timestamp = 140131832348, .areaId = 0, .prop = 557850934, .status = UNAVAILABLE, .value = {.int32Values = [1]{0}, .floatValues = [0]{}, .int64Values = [0]{}, .bytes = [0]{}, .stringValue = ""}}
03-17 18:53:26.184   400   452 D adayocomadapter-CommunicationManager: onUpstreamReceive mPropertyId 0x21402136
03-17 18:53:26.184   400   452 D adayocomadapter-CommunicationManager: onUpstreamReceive isLoss 1 mPropertyId 0x21402137
03-17 18:53:26.184   400   452 D adayocomadapter-CommunicationManager: convertBytesToInt32Memcpy  0
03-17 18:53:26.184   400   452 D vw-vhal : notifyVehicleProperty, propId = 0x21402137, data = {status: 3, int32Values: [0]}
03-17 18:53:26.184   400   452 I DefaultVehicleHal_v2_0: DefaultVehicleHal::onPropertyValue, value:{.timestamp = 140131936348, .areaId = 0, .prop = 557850935, .status = UNAVAILABLE, .value = {.int32Values = [1]{0}, .floatValues = [0]{}, .int64Values = [0]{}, .bytes = [0]{}, .stringValue = ""}}
03-17 18:53:26.184   400   452 D adayocomadapter-CommunicationManager: onUpstreamReceive mPropertyId 0x21402137
03-17 18:53:26.185  1603  1770 I ADAYO_LOG_: e(LogcatFunc.java:10)zipFile:true,txtFilePath: /la_log/vendor/fawvw/log/android/logcat/main.txt
03-17 18:53:26.185   903  1097 I WifiService: getSupportedFeatures uid=1000 returns 19d81dcfca8b01d
03-17 18:53:26.186   903   903 D Telecom : Logging: START_SESSION❗
03-17 18:53:26.186   903   903 D Telecom : Logging: END_SESSION (dur: 0 ms): TSI.gDPA@ABY❗
03-17 18:53:26.186   903   903 D ZenModeHelper: Default phone app: ComponentInfo{com.android.car.dialer/com.android.car.dialer.TelecomActivity}
--------- beginning of radio
03-17 18:53:26.188  1694  1694 E RILJ    : getRadioServiceProxy: MODEM for slot1 is disabled [PHONE0]
03-17 18:53:26.188  1694  1694 E RILJ    : getRadioServiceProxy: serviceProxy == null [PHONE0]
03-17 18:53:26.189  1694  1694 E PhoneInterfaceManager: queryModemActivityInfo: Empty response
03-17 18:53:26.189   903  1180 W BatteryExternalStatsWorker: error reading Bluetooth stats: 11
03-17 18:53:26.190  1702  1702 D RecentsModel:  
03-17 18:53:26.190  1702  1702 D RecentsModel: ┌────────────────────────────────────────────────────────────────────────────────────────────────────────────────
03-17 18:53:26.190  1702  1702 D RecentsModel: │ main, com.android.systemui.recent.RecentsModel.onTaskRemoved(RecentsModel.kt:131)
03-17 18:53:26.190  1702  1702 D RecentsModel: ├┄┄┄┄┄┄┄┄┄┄┄┄┄┄┄┄┄┄┄┄┄┄┄┄┄┄┄┄┄┄┄┄┄┄┄┄┄┄┄┄┄┄┄┄┄┄┄┄┄┄┄┄┄┄┄┄┄┄┄┄┄┄┄┄┄┄┄┄┄┄┄┄┄┄┄┄┄┄┄┄┄┄┄┄┄┄┄┄┄┄┄┄┄┄┄┄┄┄┄┄┄┄┄┄┄┄┄┄┄┄┄┄
03-17 18:53:26.190  1702  1702 D RecentsModel: │ onTaskRemoved
03-17 18:53:26.190  1702  1702 D RecentsModel: └────────────────────────────────────────────────────────────────────────────────────────────────────────────────
03-17 18:53:26.190   903  4623 W BatteryExternalStatsWorker: error reading modem stats:ERROR_INVALID_INFO_RECEIVED
03-17 18:53:26.191  1702  1702 D RecentsModel:  
03-17 18:53:26.191  1702  1702 D RecentsModel: ┌────────────────────────────────────────────────────────────────────────────────────────────────────────────────
03-17 18:53:26.191  1702  1702 D RecentsModel: │ main, com.android.systemui.recent.RecentsModel.onTaskRemoved(RecentsModel.kt:131)
03-17 18:53:26.191  1702  1702 D RecentsModel: ├┄┄┄┄┄┄┄┄┄┄┄┄┄┄┄┄┄┄┄┄┄┄┄┄┄┄┄┄┄┄┄┄┄┄┄┄┄┄┄┄┄┄┄┄┄┄┄┄┄┄┄┄┄┄┄┄┄┄┄┄┄┄┄┄┄┄┄┄┄┄┄┄┄┄┄┄┄┄┄┄┄┄┄┄┄┄┄┄┄┄┄┄┄┄┄┄┄┄┄┄┄┄┄┄┄┄┄┄┄┄┄┄
03-17 18:53:26.191  1702  1702 D RecentsModel: │ onTaskRemoved
03-17 18:53:26.191  1702  1702 D RecentsModel: └────────────────────────────────────────────────────────────────────────────────────────────────────────────────
03-17 18:53:26.193   903   903 D ResponseStatsTracker: notification:+2m20s130ms; event=<cancelled>, pkg=com.fawvw.hmi.cnsengineeringtestmode, usr=0
03-17 18:53:26.193   903   903 I sysui_multi_action: [757,128,758,5,759,8,793,285600743,794,0,795,285600743,796,1,806,com.fawvw.hmi.cnsengineeringtestmode,857,RdmServiceImpl,858,3,947,0,1500,285600532,1641,service,1688,1]
03-17 18:53:26.194   903   903 I notification_canceled: [0|com.fawvw.hmi.cnsengineeringtestmode|1|null|1000,8,285600743,285600743,0,-1,-1,NULL]
03-17 18:53:26.194  1603  1770 I ADAYO_LOG_: e(LogcatFunc.java:13)deleteFile:main.txt,delete:true
03-17 18:53:26.195   903  1086 I am_pss  : [8837,10075,com.android.devicelockcontroller,14712832,13078528,169984,81698816,0,19,8]
03-17 18:53:26.196   903  1086 W UsageStatsService: Unexpected activity event reported! (com.fawvw.hmi.cnsengineeringtestmode/com.fawvw.hmi.cnsengineeringtestmode.ui.MainActivity event : 23 instanceId : 231300844)
03-17 18:53:26.196   903   903 D CompatibilityChangeReporter: Compat change id reported: 175319604; UID 1000; state: ENABLED
03-17 18:53:26.197   903   903 D CompatibilityChangeReporter: Compat change id reported: 175319604; UID 1000; state: DISABLED
03-17 18:53:26.199   903   903 D CompatibilityChangeReporter: Compat change id reported: 195579280; UID 1000; state: ENABLED
03-17 18:53:26.199   903   903 D CompatibilityChangeReporter: Compat change id reported: 195579280; UID 1000; state: DISABLED
03-17 18:53:26.201   903  1097 W KernelCpuProcStringReader: File not found. It's normal if not implemented: /proc/uid_concurrent_policy_time
03-17 18:53:26.202   903   903 D CompatibilityChangeReporter: Compat change id reported: 175319604; UID 10035; state: ENABLED
03-17 18:53:26.203   903   903 D CompatibilityChangeReporter: Compat change id reported: 195579280; UID 10035; state: ENABLED
03-17 18:53:26.203   903   903 D CompatibilityChangeReporter: Compat change id reported: 195579280; UID 10035; state: DISABLED
03-17 18:53:26.205  1763  1763 D J01Launcher_Notification: onNotificationRemoved
03-17 18:53:26.205   903   903 D CompatibilityChangeReporter: Compat change id reported: 175319604; UID 10078; state: ENABLED
03-17 18:53:26.206   903   903 D CompatibilityChangeReporter: Compat change id reported: 195579280; UID 10078; state: ENABLED
03-17 18:53:26.206   903  4623 D InputDispatcher: setInputWindows displayId=0 8a53b79 com.adayo.service.log b2c7696 SystemUIRegionSampleHandler 3d2cd6b MosiCarBottomSystemBar 59ebcfe MosiCarTopSystemBar 3cd4c38 com.mosi.mosc.aicenter Embedded{StageCoordinatorSplitDivider} ResizingBackgroundIMAGE_BG#199 7e95a14 com.adayo.service.log/com.adayo.log.ui.MainActivity b0c0c4d ActivityRecordInputSink com.adayo.service.log/com.adayo.log.ui.MainActivity Embedded{SplitDecorManager} d29bcae ActivityRecordInputSink com.fawvw.hmi.bev.carapp/.MainActivity ResizingBackgroundIMAGE_BG#193 Embedded{SplitDecorManager} 1c7ab70 com.fawvw.hmi.bev.splitapp/com.fawvw.hmi.bev.splitapp.MainActivity 23f3059 ActivityRecordInputSink com.fawvw.hmi.bev.splitapp/.MainActivity 253590c ActivityRecordInputSink com.fawvw.hmi.cnslauncher/.Launcher 
03-17 18:53:26.206   903  4623 D InputDispatcher: Window went away: bb26b3e ActivityRecordInputSink com.fawvw.hmi.cnsengineeringtestmode/.ui.MainActivity
03-17 18:53:26.207   903   903 D NotificationService: 0|com.fawvw.hmi.cnsengineeringtestmode|1|null|1000: updating permissions
03-17 18:53:26.214  2383  2600 D AdayoDoipServer294_Doip: [ne_doip_event_loop_dispatch][line:141] : count = 0
03-17 18:53:26.216  1603  1770 I ADAYO_LOG_: b(LogcatFunc.java:8)path:/la_log/vendor/fawvw/log/android/logcat/main.txt
03-17 18:53:26.222  1603  1770 I ADAYO_LOG_: b(LogcatFunc.java:10)COLLECT_INT_START
03-17 18:53:26.222  1603  1770 I ADAYO_LOG_: a(LogcatFunc.java:10)startZip over
03-17 18:53:26.224   903  1073 W AccessibilityWindowsPopulator: Windows change within in 2 frames continuously over 500 ms and notify windows changed immediately
01-01 08:02:21.372     1     1 I init    : processing action (persist.log.adayo_collect.logcat=1) from (/system/etc/init/LogSystem.rc:43)
01-01 08:02:21.372     1     1 I init    : starting service 'trace_logcat'...
03-17 18:53:26.228   903  1103 D CursorWindow: Inflated: CursorWindow{name=<unnamed>, fd=545, size=3500000, inflatedSize=3500000, allocOffset=0, slotsOffset=3484608, numRows=13, numColumns=74}
03-17 18:53:26.231  2106  2458 D CAR.DIAGNOSTIC: Entry - Type: 0x01, ServiceId: 0x2071, InstanceId: 0x0001, MajorVersion: 0x01FFFFFF, TTL: 0
03-17 18:53:26.231  2106  2458 D CAR.DIAGNOSTIC: Entry - Type: 0x01, ServiceId: 0x4001, InstanceId: 0x0001, MajorVersion: 0x01FFFFFF, TTL: 0
03-17 18:53:26.231  2106  2450 D CAR.DIAGNOSTIC: Entry - Type: 0x01, ServiceId: 0x2071, InstanceId: 0x0001, MajorVersion: 0x01FFFFFF, TTL: 0
03-17 18:53:26.232  2106  2450 D CAR.DIAGNOSTIC: Entry - Type: 0x01, ServiceId: 0x4001, InstanceId: 0x0001, MajorVersion: 0x01FFFFFF, TTL: 0
03-17 18:53:26.232  2106  2460 D CAR.DIAGNOSTIC: Entry - Type: 0x01, ServiceId: 0x2071, InstanceId: 0x0001, MajorVersion: 0x01FFFFFF, TTL: 0
03-17 18:53:26.232  2106  2460 D CAR.DIAGNOSTIC: Entry - Type: 0x01, ServiceId: 0x4001, InstanceId: 0x0001, MajorVersion: 0x01FFFFFF, TTL: 0
03-17 18:53:26.239   903  4623 D InputDispatcher: setInputWindows displayId=0 8a53b79 com.adayo.service.log b2c7696 SystemUIRegionSampleHandler 3d2cd6b MosiCarBottomSystemBar 59ebcfe MosiCarTopSystemBar 3cd4c38 com.mosi.mosc.aicenter Embedded{StageCoordinatorSplitDivider} ResizingBackgroundIMAGE_BG#199 7e95a14 com.adayo.service.log/com.adayo.log.ui.MainActivity b0c0c4d ActivityRecordInputSink com.adayo.service.log/com.adayo.log.ui.MainActivity Embedded{SplitDecorManager} d29bcae ActivityRecordInputSink com.fawvw.hmi.bev.carapp/.MainActivity ResizingBackgroundIMAGE_BG#193 Embedded{SplitDecorManager} 1c7ab70 com.fawvw.hmi.bev.splitapp/com.fawvw.hmi.bev.splitapp.MainActivity 23f3059 ActivityRecordInputSink com.fawvw.hmi.bev.splitapp/.MainActivity 253590c ActivityRecordInputSink com.fawvw.hmi.cnslauncher/.Launcher 
03-17 18:53:26.258   582  3616 E WifiHAL : Invalid data received from driver
03-17 18:53:26.267  6654  6700 D TimerTriggerManager: init instance...
03-17 18:53:26.267  6654  6700 D TimerTriggerManager: Timer thread'TimerTriggerManager' is destroyed: false
03-17 18:53:26.267  6654  6700 D TimerTriggerManager: Timer 'onIndcnVehSpdChanged' is running: true
03-17 18:53:26.267  6654  6700 D TimerTriggerManager: Sending reset signal to timer 'onIndcnVehSpdChanged'
03-17 18:53:26.267  6654  6700 D TimerTriggerManager: Reset signal sent to timer 'onIndcnVehSpdChanged'
03-17 18:53:26.267  6654  6707 D TimerTriggerController: Reset method called for timer: onIndcnVehSpdChanged
03-17 18:53:26.267  6654  6707 D TimerTriggerController: Calling onTimerReset for timer: onIndcnVehSpdChanged
03-17 18:53:26.267  6654  6707 D TimerTriggerManager: Timer reset: onIndcnVehSpdChanged
03-17 18:53:26.267  6654  6707 I TimerTriggerController: Timer [onIndcnVehSpdChanged] reset, remaining: 1000ms, reset count: 921
03-17 18:53:26.273   903  4623 D InputDispatcher: setInputWindows displayId=0 8a53b79 com.adayo.service.log b2c7696 SystemUIRegionSampleHandler 3d2cd6b MosiCarBottomSystemBar 59ebcfe MosiCarTopSystemBar 3cd4c38 com.mosi.mosc.aicenter Embedded{StageCoordinatorSplitDivider} ResizingBackgroundIMAGE_BG#199 7e95a14 com.adayo.service.log/com.adayo.log.ui.MainActivity b0c0c4d ActivityRecordInputSink com.adayo.service.log/com.adayo.log.ui.MainActivity Embedded{SplitDecorManager} d29bcae ActivityRecordInputSink com.fawvw.hmi.bev.carapp/.MainActivity ResizingBackgroundIMAGE_BG#193 Embedded{SplitDecorManager} 1c7ab70 com.fawvw.hmi.bev.splitapp/com.fawvw.hmi.bev.splitapp.MainActivity 23f3059 ActivityRecordInputSink com.fawvw.hmi.bev.splitapp/.MainActivity 253590c ActivityRecordInputSink com.fawvw.hmi.cnslauncher/.Launcher 
03-17 18:53:26.285  9637  9637 I ADAYO_LOG_TRACE_LOGCAT: execute start
03-17 18:53:26.306   903  1180 D InputDispatcher: setInputWindows displayId=0 8a53b79 com.adayo.service.log b2c7696 SystemUIRegionSampleHandler 3d2cd6b MosiCarBottomSystemBar 59ebcfe MosiCarTopSystemBar 3cd4c38 com.mosi.mosc.aicenter Embedded{StageCoordinatorSplitDivider} ResizingBackgroundIMAGE_BG#199 7e95a14 com.adayo.service.log/com.adayo.log.ui.MainActivity b0c0c4d ActivityRecordInputSink com.adayo.service.log/com.adayo.log.ui.MainActivity Embedded{SplitDecorManager} d29bcae ActivityRecordInputSink com.fawvw.hmi.bev.carapp/.MainActivity ResizingBackgroundIMAGE_BG#193 Embedded{SplitDecorManager} 1c7ab70 com.fawvw.hmi.bev.splitapp/com.fawvw.hmi.bev.splitapp.MainActivity 23f3059 ActivityRecordInputSink com.fawvw.hmi.bev.splitapp/.MainActivity 253590c ActivityRecordInputSink com.fawvw.hmi.cnslauncher/.Launcher 
03-17 18:53:26.307   642   685 I mcuc    : sd Uart data : 6AA60205400002920223
03-17 18:53:26.311   582  3616 E WifiHAL : Invalid data received from driver
03-17 18:53:26.313   642   685 I mcuc    : rev uart=1414,len=18, data : 6AA6810540000A92020201F1894235303840
03-17 18:53:26.313   400   400 D adayocomadapter-ParseProtocolFunc: printRaWMsg Name[MCUToUPstream recv] len[10] data[92020201F18942353038]
03-17 18:53:26.313   400   400 D adayocomadapter-CommunicationManager: onUpstreamback   member[2] dataLength[7] timePoint[140261]
03-17 18:53:26.313   400   400 D adayocomadapter-ParseProtocolFunc: printRaWMsg Name[onUpstreamback] len[7] data[01F18942353038]
03-17 18:53:26.314   400   452 D adayocomadapter-UpstreamHandler: processBeforePacket upSreamtProcessTimePoint[140261] 
03-17 18:53:26.314   400   452 D adayocomadapter-ParseProtocolFunc: parseGeneralIPCLBytes Processing tablename[Table-1] tableSize[6]
03-17 18:53:26.314   400   452 D adayocomadapter-ParseProtocolFunc: printRaWMsg Name[byteStream recv] len[7] data[01F18942353038]
03-17 18:53:26.314   400   452 D adayocomadapter-ParseProtocolFunc: printRaWMsg Name[IPCLtoVHAL] len[12] data[214140010100F18942353038]
03-17 18:53:26.314   400   452 D adayocomadapter-CommunicationManager: onUpstreamReceive isLoss 0 mPropertyId 0x21414001
03-17 18:53:26.314   400   452 D vw-vhal : notifyVehicleProperty, propId = 0x21414001, data = {status: 2, int32Values: [241, 137, 66, 53, 48, 56]}
03-17 18:53:26.314   400   452 I vw-vhal : CanSignalsAdapter::notifyDiagProperty: propId = 0x21414001, data = {status: 2, int32Values: [241, 137, 66, 53, 48, 56]}
03-17 18:53:26.314   400   452 I DefaultVehicleHal_v2_0: DefaultVehicleHal::onPropertyValue, value:{.timestamp = 140261791015, .areaId = 0, .prop = 557924353, .status = AVAILABLE, .value = {.int32Values = [6]{241, 137, 66, 53, 48, 56}, .floatValues = [0]{}, .int64Values = [0]{}, .bytes = [0]{}, .stringValue = ""}}
03-17 18:53:26.314   400   452 D adayocomadapter-CommunicationManager: onUpstreamReceive mPropertyId 0x21414001
03-17 18:53:26.315  2383  2600 D AdayoDoipServer294_Doip: [ne_doip_event_loop_dispatch][line:141] : count = 0
03-17 18:53:26.327  9640  9640 I ADAYO_LOG_TRACE_LOGCAT: executing
03-17 18:53:26.337  1627  9198 I okhttp.OkHttpClient: --> POST https://api-c-data-uat.mosc.faw-vw.com/j01/hu/data-collection/trace-service/vehicle-trace/v2/upload?requestId=14bf15ce-95c1-40b7-9c19-cf989ae027f9&signt=1773744806326&appkey=HiVQY27x&sign=e2e055c2044971c002f7bf7d04fd6ff0
03-17 18:53:26.337  1627  9198 I okhttp.OkHttpClient: Content-Type: application/json; charset=UTF-8
03-17 18:53:26.338  1627  9198 I okhttp.OkHttpClient: Content-Length: 2276
03-17 18:53:26.338  1627  9198 I okhttp.OkHttpClient: Accept-Language: zh_CN
03-17 18:53:26.338  1627  9198 I okhttp.OkHttpClient: Did: JETTA_HU_JBEVJ01_L7X-00101.01.250001A001_v1.0.1_v0.0.1
03-17 18:53:26.338  1627  9198 I okhttp.OkHttpClient: Authorization: Bearer
03-17 18:53:26.339  1627  9198 I okhttp.OkHttpClient: X-FTB3-VIN: LFV01LYTESTVLN030
03-17 18:53:26.339  1627  9198 I okhttp.OkHttpClient: brandId: JETTA
03-17 18:53:26.340   903  4623 D InputDispatcher: setInputWindows displayId=0 8a53b79 com.adayo.service.log b2c7696 SystemUIRegionSampleHandler 3d2cd6b MosiCarBottomSystemBar 59ebcfe MosiCarTopSystemBar 3cd4c38 com.mosi.mosc.aicenter Embedded{StageCoordinatorSplitDivider} ResizingBackgroundIMAGE_BG#199 7e95a14 com.adayo.service.log/com.adayo.log.ui.MainActivity b0c0c4d ActivityRecordInputSink com.adayo.service.log/com.adayo.log.ui.MainActivity Embedded{SplitDecorManager} d29bcae ActivityRecordInputSink com.fawvw.hmi.bev.carapp/.MainActivity ResizingBackgroundIMAGE_BG#193 Embedded{SplitDecorManager} 1c7ab70 com.fawvw.hmi.bev.splitapp/com.fawvw.hmi.bev.splitapp.MainActivity 23f3059 ActivityRecordInputSink com.fawvw.hmi.bev.splitapp/.MainActivity 253590c ActivityRecordInputSink com.fawvw.hmi.cnslauncher/.Launcher 
03-17 18:53:26.340  1627  9198 I okhttp.OkHttpClient: {"compress":"GZIP","content":"H4sIAAAAAAAAAO1YW28cRRb+K6OR9m2qU7fuqvKbbYxwsInFjA0II6umu9ruTU93b3ePjTeKhHgATEKAgISEAMkoiMuyEjzwgDYr/szOJHniL3Cqe2LPtBNHXGx5l32YmT5fVZ3z1TlfXaZfvtbWWbYctOfa3f2iNIP15XbHQhsmL6I0AZw42EK50WDAUz/Xie1/eanXmwfbj8r9usVP49j4ZS8amPYcEYIJzoUknOJOO9AljL/W9od5bpKyl2Zrehu6tceHNx98+vnPd98avfeP0Z2vx999OLp9c/zRF6Nbb/x89wC8Jtq6a8+vra0sd3sAFOkw9y3kx5F/FYByP7NmkPpXF8pksUKvQ0izG/lm+Yjr1jPrW5cXljYuY7K1Il5EGBMMkyMOdTE8z8NnaxcAB36w/Wk/9NGrAzyzDojZBfqV05l40PBq+dRkkkEe7UbJ9uK+H5ug6hsa4hNMPdT3mECcKIWkIhJJ3/UNFbivqbGcY51sD+vE/H0HnA6K7Wq8IFJxoT3kE99FPJQB6ksdoCCUmlLsct8T0D0tbKaSIE+joDKhjIAsuFiCmeXpX6E+dUYwqREgWiXTJtYkQT1VCkk1iZ5MdPVK16piGFnDigHGwNPK0xuYrLzUW+r2NlaewwzDBJpyWk7C9BGC+p2Sgo86ltTylW6ZQ7phxLXNSgyb7bnWZrul60RsRSlYnc12Mez3jlv38qg0W7kuTd06UeaGjoeTLtgRvGoqd3JT7KRxMNXYInh14VIx8VzqsoafNzp4diEr5uzglu3RecEGmmDErbFWlIJNXQfjVgmTKy4V189Ds0czWc/iVAdnLVu3T1QgfYUC6I249jnS2nWRCvq8z0DADPM/kWyFOyXb+TiuwlSqXcyGVj8vw6Of5iAAayHSAUWtF5BYa0J1lQWGhcmtTUAFFZBAuesOXFi7qOZgEddhzCJREFc9JEyiBtI9HZUTr16F5H+rTcUrH2lYHkFCQoqmmeEGMYpniAEROUtMubPEuCO8GWKQW9wkNkGOiLkNYtSRXoPYiYx5M8SoQ71ZYnWMY2LgczZjzFHeE4hNfExnTPEGMXpqKZXD3EbC2CwvMUnpVCUZeVLC2AleGDd4sSYv2UgYk6cnjDmSNIipX11JCzWI8dMlRh3MTyfmNTImlOOd0P6TM6ZYg5j7xEVJTifmOl4zY7+llJbYK51Hn3gDM3jUkQfw1tAyP+XEwy6xB+zjz73q0PpL89yrEjJ3PL6zaga9tNTxnIcxl4SuWuTp3Jg5QiT3OK6A+V0dxbofG7tLYsblamdR+zsmmCNMMeqB3d3TWe2JckwUxTVUu1IEK/C92b7+mEz8l5z9ln0QFVfB0TUrplpdwpECIoQw1W6mfbO6ACD3pOdZYjYnxzCclZ64/r94idCCUsoFQ36oYTz2wRNcH5DgjNPQU8qE8s90iZDy+BKxlqe+KYrji0QW2U1qs0087tXSHgRxlJgK9NOBowO9nzpap9lWXWPYuHarvcp2rq4hm23mkMqGDSPN92uHzMWKMTpZag/jKKpOxsmKFppvobQFvToZOO3ofBswVKR5uTnEmAUoq2JNxSSObMY8GUuciLUDi66FEth4f70394S3YqfhRTzCy3mssUGaRGWaT+p71kvMk9wVLOwjrWCdcYnh72WgQ4SF7sNao1IJfLGW2KLO57Psj35X4YHCjxcX/KvMII51MP7k2/G3h/cPb9776oYtRmLy7f1J2/2f3hejO1/bFxFRbtZgbyyGuZk0JsM4nn5n8eDwhweffn7v9R9Hb/7rXHS0X7ldSkoo1RmryFeu4kpJFEjXIG76PupTA1/acw3cCxTR+mKpaEUPE7ht5H+8jgSZeucFUniufovVfX707tujOx+Pvrn9n39/ML79z/GtL0fvHN47eHNaJOMbB6O7r5FLbPT9u+cikiiJYDVZyXZ30r2z1gnG1GU89JEwrI+4CCWCbUchynxKeKhCTtjF0snZ7DaCTO82sG9kaVKYSScC/zwxFCLP03wxDR7O6kgiBzdGb381PvgAhHL/p8/Gt76wrXAVHdqsFUO/OjbOQTt7UOXFNElgemetG+mGoSCUIUJ8DPuLclHfCA8FWFJCiREhvmAvQc9KNwo/TjfUka7LCHfdJfl/9cycTliH3FUeIiYIEdxpMNIhJchoEI8nQs8YcwHU88ovmLDubZMZAAA\u003d","sendType":2,"vin":"LFV01LYTESTVLN030"}
03-17 18:53:26.341  1627  9198 I okhttp.OkHttpClient: --> END POST (2276-byte body)
03-17 18:53:26.356  1627  9198 D okhttp.Http2: >> 0x0000001b   145 HEADERS       END_HEADERS
03-17 18:53:26.358  1627  9198 D okhttp.Http2: >> 0x0000001b  2276 DATA          END_STREAM
03-17 18:53:26.366  9643  9643 I ADAYO_LOG_TRACE_LOGCAT: collect_dest_path:/la_log/vendor/fawvw/log/android/logcat
03-17 18:53:26.367  6654  6700 D TimerTriggerManager: init instance...
03-17 18:53:26.367  6654  6700 D TimerTriggerManager: Timer thread'TimerTriggerManager' is destroyed: false
03-17 18:53:26.367  6654  6700 D TimerTriggerManager: Timer 'onIndcnVehSpdChanged' is running: true
03-17 18:53:26.367  6654  6700 D TimerTriggerManager: Sending reset signal to timer 'onIndcnVehSpdChanged'
03-17 18:53:26.367  6654  6700 D TimerTriggerManager: Reset signal sent to timer 'onIndcnVehSpdChanged'
03-17 18:53:26.368  6654  6700 D TimerTriggerManager: init instance...
03-17 18:53:26.368  6654  6707 D TimerTriggerController: Reset method called for timer: onIndcnVehSpdChanged
03-17 18:53:26.368  6654  6707 D TimerTriggerController: Calling onTimerReset for timer: onIndcnVehSpdChanged
03-17 18:53:26.368  6654  6707 D TimerTriggerManager: Timer reset: onIndcnVehSpdChanged
03-17 18:53:26.368  6654  6700 D TimerTriggerManager: Timer thread'TimerTriggerManager' is destroyed: false
03-17 18:53:26.368  6654  6700 D TimerTriggerManager: Timer 'onMntnWarnReqChanged' is running: true
03-17 18:53:26.368  6654  6700 D TimerTriggerManager: Sending reset signal to timer 'onMntnWarnReqChanged'
03-17 18:53:26.368  6654  6700 D TimerTriggerManager: Reset signal sent to timer 'onMntnWarnReqChanged'
03-17 18:53:26.368  6654  6707 I TimerTriggerController: Timer [onIndcnVehSpdChanged] reset, remaining: 1000ms, reset count: 922
03-17 18:53:26.368  6654  6707 D TimerTriggerController: Reset method called for timer: onMntnWarnReqChanged
03-17 18:53:26.368  6654  6707 D TimerTriggerController: Calling onTimerReset for timer: onMntnWarnReqChanged
03-17 18:53:26.368  6654  6707 D TimerTriggerManager: Timer reset: onMntnWarnReqChanged
03-17 18:53:26.369  6654  6707 I TimerTriggerController: Timer [onMntnWarnReqChanged] reset, remaining: 5000ms, reset count: 461
03-17 18:53:26.370   642   685 I mcuc    : sd Uart data : 6AA60205410002920222
03-17 18:53:26.373   903  4623 D InputDispatcher: setInputWindows displayId=0 8a53b79 com.adayo.service.log b2c7696 SystemUIRegionSampleHandler 3d2cd6b MosiCarBottomSystemBar 59ebcfe MosiCarTopSystemBar 3cd4c38 com.mosi.mosc.aicenter Embedded{StageCoordinatorSplitDivider} ResizingBackgroundIMAGE_BG#199 7e95a14 com.adayo.service.log/com.adayo.log.ui.MainActivity b0c0c4d ActivityRecordInputSink com.adayo.service.log/com.adayo.log.ui.MainActivity Embedded{SplitDecorManager} d29bcae ActivityRecordInputSink com.fawvw.hmi.bev.carapp/.MainActivity ResizingBackgroundIMAGE_BG#193 Embedded{SplitDecorManager} 1c7ab70 com.fawvw.hmi.bev.splitapp/com.fawvw.hmi.bev.splitapp.MainActivity 23f3059 ActivityRecordInputSink com.fawvw.hmi.bev.splitapp/.MainActivity 253590c ActivityRecordInputSink com.fawvw.hmi.cnslauncher/.Launcher 
03-17 18:53:26.375   642   685 I mcuc    : rev uart=1415,len=48, data : 6AA681054100289202001B4A503130333531353242204A50313033353135324220413033000000000000000000000004
03-17 18:53:26.375   400   400 D adayocomadapter-ParseProtocolFunc: printRaWMsg Name[MCUToUPstream recv] len[40] data[9202001B4A503130333531353242204A503130333531353242204130330000000000000000000000]
03-17 18:53:26.375   400   400 D adayocomadapter-CommunicationManager: onUpstreamback   member[0] dataLength[37] timePoint[140323]
03-17 18:53:26.375   400   400 D adayocomadapter-ParseProtocolFunc: printRaWMsg Name[onUpstreamback] len[37] data[1B4A503130333531353242204A503130333531353242204130330000000000000000000000]
03-17 18:53:26.375   400   452 D adayocomadapter-UpstreamHandler: processBeforePacket upSreamtProcessTimePoint[140323] 
03-17 18:53:26.375   400   452 D adayocomadapter-UpstreamHandler: processPacket UPSTREAM_QUEUE_DATA_TIMEOUT
03-17 18:53:26.375   400   452 D adayocomadapter-ParseProtocolFunc: parseCommonIPCLBytes Processing tableNumber[27]
03-17 18:53:26.375   400   452 D adayocomadapter-ParseProtocolFunc: parseCommonIPCLBytes Processing tablename[Table-27] tableSize[37]
03-17 18:53:26.375   400   452 D adayocomadapter-ParseProtocolFunc: printRaWMsg Name[byteStream recv] len[37] data[1B4A503130333531353242204A503130333531353242204130330000000000000000000000]
03-17 18:53:26.375   400   452 D adayocomadapter-ParseProtocolFunc: printRaWMsg Name[IPCLtoVHAL] len[17] data[2141415701004A50313033353135324220]
03-17 18:53:26.375   400   452 D adayocomadapter-ParseProtocolFunc: printRaWMsg Name[IPCLtoVHAL] len[17] data[2141415801004A50313033353135324220]
03-17 18:53:26.375   400   452 D adayocomadapter-ParseProtocolFunc: printRaWMsg Name[IPCLtoVHAL] len[9] data[214141590100413033]
03-17 18:53:26.375   400   452 D adayocomadapter-ParseProtocolFunc: printRaWMsg Name[IPCLtoVHAL] len[17] data[2141415A01000000000000000000000000]
03-17 18:53:26.375   400   452 D adayocomadapter-CommunicationManager: onUpstreamReceive isLoss 0 mPropertyId 0x21414157
03-17 18:53:26.375   400   452 D vw-vhal : notifyVehicleProperty, propId = 0x21414157, data = {status: 2, int32Values: [74, 80, 49, 48, 51, 53, 49, 53, 50, 66, 32]}
03-17 18:53:26.375   400   452 I vw-vhal : CanSignalsAdapter::notifyDiagProperty: propId = 0x21414157, data = {status: 2, int32Values: [74, 80, 49, 48, 51, 53, 49, 53, 50, 66, 32]}
03-17 18:53:26.376   400   452 I DefaultVehicleHal_v2_0: DefaultVehicleHal::onPropertyValue, value:{.timestamp = 140323545348, .areaId = 0, .prop = 557924695, .status = AVAILABLE, .value = {.int32Values = [11]{74, 80, 49, 48, 51, 53, 49, 53, 50, 66, 32}, .floatValues = [0]{}, .int64Values = [0]{}, .bytes = [0]{}, .stringValue = ""}}
03-17 18:53:26.376   400   452 D DefaultVehicleHal_v2_0: onPropertyValue: Diagnostic config property: 0x21414157
03-17 18:53:26.376   400   452 D DiagPropHandler: Processing request for prop: 0x21414157, size: 11
03-17 18:53:26.376   400   452 D DiagPropHandler: String length: 11, size = 11
03-17 18:53:26.376   703   703 W vendor.fawvw.hardware.persistenceservice: [64][PersistenceProxyReplier::setValue] setValue when server disconnect
03-17 18:53:26.376   703   703 I vendor.fawvw.hardware.persistenceservice: [49][PersistenceService::setValue]Receive aidl setValue:key is VW_Spare_Part_Number,value is JP1035152B ,serviceid is 2
03-17 18:53:26.376   400   452 D DiagPropHandler: Successfully set property [VW_Spare_Part_Number] = JP1035152B 
03-17 18:53:26.376   400   452 D adayocomadapter-CommunicationManager: onUpstreamReceive mPropertyId 0x21414157
03-17 18:53:26.377   400   452 D adayocomadapter-CommunicationManager: onUpstreamReceive isLoss 0 mPropertyId 0x21414158
03-17 18:53:26.377   400   452 D vw-vhal : notifyVehicleProperty, propId = 0x21414158, data = {status: 2, int32Values: [74, 80, 49, 48, 51, 53, 49, 53, 50, 66, 32]}
03-17 18:53:26.377   400   452 I vw-vhal : CanSignalsAdapter::notifyDiagProperty: propId = 0x21414158, data = {status: 2, int32Values: [74, 80, 49, 48, 51, 53, 49, 53, 50, 66, 32]}
03-17 18:53:26.377   400   452 I DefaultVehicleHal_v2_0: DefaultVehicleHal::onPropertyValue, value:{.timestamp = 140324703015, .areaId = 0, .prop = 557924696, .status = AVAILABLE, .value = {.int32Values = [11]{74, 80, 49, 48, 51, 53, 49, 53, 50, 66, 32}, .floatValues = [0]{}, .int64Values = [0]{}, .bytes = [0]{}, .stringValue = ""}}
03-17 18:53:26.377   400   452 D adayocomadapter-CommunicationManager: onUpstreamReceive mPropertyId 0x21414158
03-17 18:53:26.377   400   452 D adayocomadapter-CommunicationManager: onUpstreamReceive isLoss 0 mPropertyId 0x21414159
03-17 18:53:26.377   400   452 D vw-vhal : notifyVehicleProperty, propId = 0x21414159, data = {status: 2, int32Values: [65, 48, 51]}
03-17 18:53:26.377   400   452 I vw-vhal : CanSignalsAdapter::notifyDiagProperty: propId = 0x21414159, data = {status: 2, int32Values: [65, 48, 51]}
03-17 18:53:26.377   400   452 I DefaultVehicleHal_v2_0: DefaultVehicleHal::onPropertyValue, value:{.timestamp = 140324933348, .areaId = 0, .prop = 557924697, .status = AVAILABLE, .value = {.int32Values = [3]{65, 48, 51}, .floatValues = [0]{}, .int64Values = [0]{}, .bytes = [0]{}, .stringValue = ""}}
03-17 18:53:26.377   400   452 D adayocomadapter-CommunicationManager: onUpstreamReceive mPropertyId 0x21414159
03-17 18:53:26.377   400   452 D adayocomadapter-CommunicationManager: onUpstreamReceive isLoss 0 mPropertyId 0x2141415a
03-17 18:53:26.377   400   452 D vw-vhal : notifyVehicleProperty, propId = 0x2141415a, data = {status: 2, int32Values: [0, 0, 0, 0, 0, 0, 0, 0, 0, 0, 0]}
03-17 18:53:26.377   400   452 I vw-vhal : CanSignalsAdapter::notifyDiagProperty: propId = 0x2141415a, data = {status: 2, int32Values: [0, 0, 0, 0, 0, 0, 0, 0, 0, 0, 0]}
03-17 18:53:26.377   400   452 I DefaultVehicleHal_v2_0: DefaultVehicleHal::onPropertyValue, value:{.timestamp = 140325075348, .areaId = 0, .prop = 557924698, .status = AVAILABLE, .value = {.int32Values = [11]{0, 0, 0, 0, 0, 0, 0, 0, 0, 0, 0}, .floatValues = [0]{}, .int64Values = [0]{}, .bytes = [0]{}, .stringValue = ""}}
03-17 18:53:26.377   400   452 D adayocomadapter-CommunicationManager: onUpstreamReceive mPropertyId 0x2141415a
03-17 18:53:26.406   582  3616 E WifiHAL : Invalid data received from driver
03-17 18:53:26.407   903  4623 D InputDispatcher: setInputWindows displayId=0 8a53b79 com.adayo.service.log b2c7696 SystemUIRegionSampleHandler 3d2cd6b MosiCarBottomSystemBar 59ebcfe MosiCarTopSystemBar 3cd4c38 com.mosi.mosc.aicenter Embedded{StageCoordinatorSplitDivider} ResizingBackgroundIMAGE_BG#199 7e95a14 com.adayo.service.log/com.adayo.log.ui.MainActivity b0c0c4d ActivityRecordInputSink com.adayo.service.log/com.adayo.log.ui.MainActivity Embedded{SplitDecorManager} d29bcae ActivityRecordInputSink com.fawvw.hmi.bev.carapp/.MainActivity ResizingBackgroundIMAGE_BG#193 Embedded{SplitDecorManager} 1c7ab70 com.fawvw.hmi.bev.splitapp/com.fawvw.hmi.bev.splitapp.MainActivity 23f3059 ActivityRecordInputSink com.fawvw.hmi.bev.splitapp/.MainActivity 253590c ActivityRecordInputSink com.fawvw.hmi.cnslauncher/.Launcher 
03-17 18:53:26.415  2383  2600 D AdayoDoipServer294_Doip: [ne_doip_event_loop_dispatch][line:141] : count = 0
03-17 18:53:26.438   582  3616 E WifiHAL : Invalid data received from driver
03-17 18:53:26.438   644   644 E fgesysctrl_hidl_hal_test1: fgesysctrl_get_signal status *value=0
03-17 18:53:26.439   582  3616 E WifiHAL : Invalid data received from driver
03-17 18:53:26.439   582  3616 E WifiHAL : Invalid data received from driver
03-17 18:53:26.439   582  3616 E WifiHAL : Invalid data received from driver
03-17 18:53:26.439   582  3616 E WifiHAL : Invalid data received from driver
03-17 18:53:26.439   582  3616 E WifiHAL : Invalid data received from driver
03-17 18:53:26.439   582  3616 E WifiHAL : Invalid data received from driver
03-17 18:53:26.439   582  3616 E WifiHAL : Invalid data received from driver
03-17 18:53:26.439   649   759 D EvsApp  : CameraFgeSysctrl::fgesysctrl_get_signal_status() end ret = 1
03-17 18:53:26.439  1646  1727 I evsservice20200311: function = notifyAppDeviceValue :ADAYO_AVM_CAMERA_SIGNAL_STATE,1---
03-17 18:53:26.441   903  4623 D InputDispatcher: setInputWindows displayId=0 8a53b79 com.adayo.service.log b2c7696 SystemUIRegionSampleHandler 3d2cd6b MosiCarBottomSystemBar 59ebcfe MosiCarTopSystemBar 3cd4c38 com.mosi.mosc.aicenter Embedded{StageCoordinatorSplitDivider} ResizingBackgroundIMAGE_BG#199 7e95a14 com.adayo.service.log/com.adayo.log.ui.MainActivity b0c0c4d ActivityRecordInputSink com.adayo.service.log/com.adayo.log.ui.MainActivity Embedded{SplitDecorManager} d29bcae ActivityRecordInputSink com.fawvw.hmi.bev.carapp/.MainActivity ResizingBackgroundIMAGE_BG#193 Embedded{SplitDecorManager} 1c7ab70 com.fawvw.hmi.bev.splitapp/com.fawvw.hmi.bev.splitapp.MainActivity 23f3059 ActivityRecordInputSink com.fawvw.hmi.bev.splitapp/.MainActivity 253590c ActivityRecordInputSink com.fawvw.hmi.cnslauncher/.Launcher 
03-17 18:53:26.441  1646  1985 E EvsServiceManager: EvsServiceManager$1->notifyDeviceValue()42:notifyDeviceValue key：ADAYO_AVM_CAMERA_SIGNAL_STATEvalue1     ---162:Thread-124
03-17 18:53:26.441   642   685 I mcuc    : sd Uart data : 6AA60205420002920221
03-17 18:53:26.447   642   685 I mcuc    : rev uart=1416,len=63, data : 6AA681054200379202001200001E1E00000000000000000000000000000000000000000000000000000000000000000000000000000000000001010101011A
03-17 18:53:26.447   400   400 D adayocomadapter-ParseProtocolFunc: printRaWMsg Name[MCUToUPstream recv] len[55] data[9202001200001E1E0000000000000000000000000000000000000000000000000000000000000000000000000000000000000101010101]
03-17 18:53:26.447   400   400 D adayocomadapter-CommunicationManager: onUpstreamback   member[0] dataLength[52] timePoint[140395]
03-17 18:53:26.447   400   400 D adayocomadapter-ParseProtocolFunc: printRaWMsg Name[onUpstreamback] len[52] data[1200001E1E0000000000000000000000000000000000000000000000000000000000000000000000000000000000000101010101]
03-17 18:53:26.447   400   452 D adayocomadapter-UpstreamHandler: processBeforePacket upSreamtProcessTimePoint[140395] 
03-17 18:53:26.447   400   452 D adayocomadapter-UpstreamHandler: processPacket UPSTREAM_QUEUE_DATA_TIMEOUT
03-17 18:53:26.447   400   452 D adayocomadapter-ParseProtocolFunc: parseCommonIPCLBytes Processing tableNumber[18]
03-17 18:53:26.447   400   452 D adayocomadapter-ParseProtocolFunc: parseCommonIPCLBytes Processing tablename[Table-18] tableSize[53]
03-17 18:53:26.447   400   452 D adayocomadapter-ParseProtocolFunc: parseCommonIPCLBytes Error: table.tSize unMatched byteStream.size[52]
03-17 18:53:26.460  9647  9647 I ADAYO_LOG_TRACE_LOGCAT: file_path:/la_log/vendor/fawvw/log/android/logcat/main.txt
03-17 18:53:26.468  6654  6700 D TimerTriggerManager: init instance...
03-17 18:53:26.468  6654  6700 D TimerTriggerManager: Timer thread'TimerTriggerManager' is destroyed: false
03-17 18:53:26.468  6654  6700 D TimerTriggerManager: Timer 'onIndcnVehSpdChanged' is running: true
03-17 18:53:26.468  6654  6700 D TimerTriggerManager: Sending reset signal to timer 'onIndcnVehSpdChanged'
03-17 18:53:26.468  6654  6700 D TimerTriggerManager: Reset signal sent to timer 'onIndcnVehSpdChanged'
03-17 18:53:26.468  6654  6707 D TimerTriggerController: Reset method called for timer: onIndcnVehSpdChanged
03-17 18:53:26.468  6654  6707 D TimerTriggerController: Calling onTimerReset for timer: onIndcnVehSpdChanged
03-17 18:53:26.468  6654  6707 D TimerTriggerManager: Timer reset: onIndcnVehSpdChanged
03-17 18:53:26.468  6654  6707 I TimerTriggerController: Timer [onIndcnVehSpdChanged] reset, remaining: 1000ms, reset count: 923
03-17 18:53:26.469   642   685 I mcuc    : sd Uart data : 6AA60205430002920220
03-17 18:53:26.474   903  4623 D InputDispatcher: setInputWindows displayId=0 8a53b79 com.adayo.service.log b2c7696 SystemUIRegionSampleHandler 3d2cd6b MosiCarBottomSystemBar 59ebcfe MosiCarTopSystemBar 3cd4c38 com.mosi.mosc.aicenter Embedded{StageCoordinatorSplitDivider} ResizingBackgroundIMAGE_BG#199 7e95a14 com.adayo.service.log/com.adayo.log.ui.MainActivity b0c0c4d ActivityRecordInputSink com.adayo.service.log/com.adayo.log.ui.MainActivity Embedded{SplitDecorManager} d29bcae ActivityRecordInputSink com.fawvw.hmi.bev.carapp/.MainActivity ResizingBackgroundIMAGE_BG#193 Embedded{SplitDecorManager} 1c7ab70 com.fawvw.hmi.bev.splitapp/com.fawvw.hmi.bev.splitapp.MainActivity 23f3059 ActivityRecordInputSink com.fawvw.hmi.bev.splitapp/.MainActivity 253590c ActivityRecordInputSink com.fawvw.hmi.cnslauncher/.Launcher 
03-17 18:53:26.474   642   685 I mcuc    : rev uart=1417,len=43, data : 6AA68105430023920200160000000000000000000000000000000000000000000000000000000000010168
03-17 18:53:26.474   400   400 D adayocomadapter-ParseProtocolFunc: printRaWMsg Name[MCUToUPstream recv] len[35] data[9202001600000000000000000000000000000000000000000000000000000000000101]
03-17 18:53:26.474   400   400 D adayocomadapter-CommunicationManager: onUpstreamback   member[0] dataLength[32] timePoint[140422]
03-17 18:53:26.474   400   400 D adayocomadapter-ParseProtocolFunc: printRaWMsg Name[onUpstreamback] len[32] data[1600000000000000000000000000000000000000000000000000000000000101]
03-17 18:53:26.474   400   452 D adayocomadapter-UpstreamHandler: processBeforePacket upSreamtProcessTimePoint[140422] 
03-17 18:53:26.474   400   452 D adayocomadapter-UpstreamHandler: processPacket UPSTREAM_QUEUE_DATA_TIMEOUT
03-17 18:53:26.474   400   452 D adayocomadapter-ParseProtocolFunc: parseCommonIPCLBytes Processing tableNumber[22]
03-17 18:53:26.475   400   452 D adayocomadapter-ParseProtocolFunc: parseCommonIPCLBytes Processing tablename[Table-22] tableSize[32]
03-17 18:53:26.475   400   452 D adayocomadapter-ParseProtocolFunc: printRaWMsg Name[byteStream recv] len[32] data[1600000000000000000000000000000000000000000000000000000000000101]
03-17 18:53:26.475   400   452 D adayocomadapter-ParseProtocolFunc: printRaWMsg Name[IPCLtoVHAL] len[7] data[2140213F000000]
03-17 18:53:26.475   400   452 D adayocomadapter-ParseProtocolFunc: printRaWMsg Name[IPCLtoVHAL] len[7] data[21402140000000]
03-17 18:53:26.475   400   452 D adayocomadapter-ParseProtocolFunc: printRaWMsg Name[IPCLtoVHAL] len[10] data[214021CA000100000000]
03-17 18:53:26.475   400   452 D adayocomadapter-ParseProtocolFunc: printRaWMsg Name[IPCLtoVHAL] len[7] data[2140214B000000]
03-17 18:53:26.475   400   452 D adayocomadapter-ParseProtocolFunc: printRaWMsg Name[IPCLtoVHAL] len[7] data[21402141000000]
03-17 18:53:26.475   400   452 D adayocomadapter-ParseProtocolFunc: printRaWMsg Name[IPCLtoVHAL] len[7] data[21402142000000]
03-17 18:53:26.475   400   452 D adayocomadapter-ParseProtocolFunc: printRaWMsg Name[IPCLtoVHAL] len[8] data[2141214401000000]
03-17 18:53:26.475   400   452 D adayocomadapter-ParseProtocolFunc: printRaWMsg Name[IPCLtoVHAL] len[7] data[2140214D000000]
03-17 18:53:26.475   400   452 D adayocomadapter-ParseProtocolFunc: printRaWMsg Name[IPCLtoVHAL] len[7] data[214021D7000000]
03-17 18:53:26.475   400   452 D adayocomadapter-ParseProtocolFunc: printRaWMsg Name[IPCLtoVHAL] len[7] data[21402143000000]
03-17 18:53:26.475   400   452 D adayocomadapter-ParseProtocolFunc: printRaWMsg Name[IPCLtoVHAL] len[8] data[2141214501000000]
03-17 18:53:26.475   400   452 D adayocomadapter-ParseProtocolFunc: printRaWMsg Name[IPCLtoVHAL] len[7] data[21402146000000]
03-17 18:53:26.475   400   452 D adayocomadapter-ParseProtocolFunc: printRaWMsg Name[IPCLtoVHAL] len[7] data[21402147000000]
03-17 18:53:26.475   400   452 D adayocomadapter-ParseProtocolFunc: printRaWMsg Name[IPCLtoVHAL] len[7] data[21402148000000]
03-17 18:53:26.475   400   452 D adayocomadapter-ParseProtocolFunc: printRaWMsg Name[IPCLtoVHAL] len[7] data[21402149000000]
03-17 18:53:26.475   400   452 D adayocomadapter-ParseProtocolFunc: printRaWMsg Name[IPCLtoVHAL] len[7] data[2140214F000000]
03-17 18:53:26.475   400   452 D adayocomadapter-ParseProtocolFunc: printRaWMsg Name[IPCLtoVHAL] len[7] data[21402150000000]
03-17 18:53:26.475   400   452 D adayocomadapter-ParseProtocolFunc: printRaWMsg Name[IPCLtoVHAL] len[7] data[21402151000000]
03-17 18:53:26.475   400   452 D adayocomadapter-ParseProtocolFunc: printRaWMsg Name[IPCLtoVHAL] len[7] data[2140213D000100]
03-17 18:53:26.475   400   452 D adayocomadapter-ParseProtocolFunc: printRaWMsg Name[IPCLtoVHAL] len[7] data[2140213E000100]
03-17 18:53:26.475   400   452 D adayocomadapter-ParseProtocolFunc: printRaWMsg Name[IPCLtoVHAL] len[7] data[2140214A000000]
03-17 18:53:26.475   400   452 D adayocomadapter-CommunicationManager: onUpstreamReceive isLoss 0 mPropertyId 0x2140213f
03-17 18:53:26.475   400   452 D adayocomadapter-CommunicationManager: convertBytesToInt32Memcpy  0
03-17 18:53:26.475   400   452 D vw-vhal : notifyVehicleProperty, propId = 0x2140213f, data = {status: 2, int32Values: [0]}
03-17 18:53:26.475   400   452 I DefaultVehicleHal_v2_0: DefaultVehicleHal::onPropertyValue, value:{.timestamp = 140423085348, .areaId = 0, .prop = 557850943, .status = AVAILABLE, .value = {.int32Values = [1]{0}, .floatValues = [0]{}, .int64Values = [0]{}, .bytes = [0]{}, .stringValue = ""}}
03-17 18:53:26.475   400   452 D adayocomadapter-CommunicationManager: onUpstreamReceive mPropertyId 0x2140213f
03-17 18:53:26.475   400   452 D adayocomadapter-CommunicationManager: onUpstreamReceive isLoss 0 mPropertyId 0x21402140
03-17 18:53:26.475   400   452 D adayocomadapter-CommunicationManager: convertBytesToInt32Memcpy  0
03-17 18:53:26.475   400   452 D vw-vhal : notifyVehicleProperty, propId = 0x21402140, data = {status: 2, int32Values: [0]}
03-17 18:53:26.475   400   452 I DefaultVehicleHal_v2_0: DefaultVehicleHal::onPropertyValue, value:{.timestamp = 140423256015, .areaId = 0, .prop = 557850944, .status = AVAILABLE, .value = {.int32Values = [1]{0}, .floatValues = [0]{}, .int64Values = [0]{}, .bytes = [0]{}, .stringValue = ""}}
03-17 18:53:26.475   400   452 D adayocomadapter-CommunicationManager: onUpstreamReceive mPropertyId 0x21402140
03-17 18:53:26.475   400   452 D adayocomadapter-CommunicationManager: onUpstreamReceive isLoss 1 mPropertyId 0x214021ca
03-17 18:53:26.475   400   452 D adayocomadapter-CommunicationManager: convertBytesToInt32Memcpy  0
03-17 18:53:26.475   400   452 D vw-vhal : notifyVehicleProperty, propId = 0x214021ca, data = {status: 3, int32Values: [0]}
03-17 18:53:26.475   400   452 I DefaultVehicleHal_v2_0: DefaultVehicleHal::onPropertyValue, value:{.timestamp = 140423387348, .areaId = 0, .prop = 557851082, .status = UNAVAILABLE, .value = {.int32Values = [1]{0}, .floatValues = [0]{}, .int64Values = [0]{}, .bytes = [0]{}, .stringValue = ""}}
03-17 18:53:26.475   400   452 D adayocomadapter-CommunicationManager: onUpstreamReceive mPropertyId 0x214021ca
03-17 18:53:26.475   400   452 D adayocomadapter-CommunicationManager: onUpstreamReceive isLoss 0 mPropertyId 0x2140214b
03-17 18:53:26.475   400   452 D adayocomadapter-CommunicationManager: convertBytesToInt32Memcpy  0
03-17 18:53:26.475   400   452 D vw-vhal : notifyVehicleProperty, propId = 0x2140214b, data = {status: 2, int32Values: [0]}
03-17 18:53:26.476   400   452 I DefaultVehicleHal_v2_0: DefaultVehicleHal::onPropertyValue, value:{.timestamp = 140423547015, .areaId = 0, .prop = 557850955, .status = AVAILABLE, .value = {.int32Values = [1]{0}, .floatValues = [0]{}, .int64Values = [0]{}, .bytes = [0]{}, .stringValue = ""}}
03-17 18:53:26.476   400   452 D adayocomadapter-CommunicationManager: onUpstreamReceive mPropertyId 0x2140214b
03-17 18:53:26.476   400   452 D adayocomadapter-CommunicationManager: onUpstreamReceive isLoss 0 mPropertyId 0x21402141
03-17 18:53:26.476   400   452 D adayocomadapter-CommunicationManager: convertBytesToInt32Memcpy  0
03-17 18:53:26.476   400   452 D vw-vhal : notifyVehicleProperty, propId = 0x21402141, data = {status: 2, int32Values: [0]}
03-17 18:53:26.476   400   452 I DefaultVehicleHal_v2_0: DefaultVehicleHal::onPropertyValue, value:{.timestamp = 140423680348, .areaId = 0, .prop = 557850945, .status = AVAILABLE, .value = {.int32Values = [1]{0}, .floatValues = [0]{}, .int64Values = [0]{}, .bytes = [0]{}, .stringValue = ""}}
03-17 18:53:26.476   400   452 D adayocomadapter-CommunicationManager: onUpstreamReceive mPropertyId 0x21402141
03-17 18:53:26.476   400   452 D adayocomadapter-CommunicationManager: onUpstreamReceive isLoss 0 mPropertyId 0x21402142
03-17 18:53:26.476   400   452 D adayocomadapter-CommunicationManager: convertBytesToInt32Memcpy  0
03-17 18:53:26.476   400   452 D vw-vhal : notifyVehicleProperty, propId = 0x21402142, data = {status: 2, int32Values: [0]}
03-17 18:53:26.476   400   452 I DefaultVehicleHal_v2_0: DefaultVehicleHal::onPropertyValue, value:{.timestamp = 140423799681, .areaId = 0, .prop = 557850946, .status = AVAILABLE, .value = {.int32Values = [1]{0}, .floatValues = [0]{}, .int64Values = [0]{}, .bytes = [0]{}, .stringValue = ""}}
03-17 18:53:26.476   400   452 D adayocomadapter-CommunicationManager: onUpstreamReceive mPropertyId 0x21402142
03-17 18:53:26.476   400   452 D adayocomadapter-CommunicationManager: onUpstreamReceive isLoss 0 mPropertyId 0x21412144
03-17 18:53:26.476   400   452 D vw-vhal : notifyVehicleProperty, propId = 0x21412144, data = {status: 2, int32Values: [0, 0]}
03-17 18:53:26.476   400   452 I DefaultVehicleHal_v2_0: DefaultVehicleHal::onPropertyValue, value:{.timestamp = 140423914015, .areaId = 0, .prop = 557916484, .status = AVAILABLE, .value = {.int32Values = [2]{0, 0}, .floatValues = [0]{}, .int64Values = [0]{}, .bytes = [0]{}, .stringValue = ""}}
03-17 18:53:26.476   400   452 D adayocomadapter-CommunicationManager: onUpstreamReceive mPropertyId 0x21412144
03-17 18:53:26.476   400   452 D adayocomadapter-CommunicationManager: onUpstreamReceive isLoss 0 mPropertyId 0x2140214d
03-17 18:53:26.476   400   452 D adayocomadapter-CommunicationManager: convertBytesToInt32Memcpy  0
03-17 18:53:26.476   400   452 D vw-vhal : notifyVehicleProperty, propId = 0x2140214d, data = {status: 2, int32Values: [0]}
03-17 18:53:26.476   400   452 I DefaultVehicleHal_v2_0: DefaultVehicleHal::onPropertyValue, value:{.timestamp = 140424114348, .areaId = 0, .prop = 557850957, .status = AVAILABLE, .value = {.int32Values = [1]{0}, .floatValues = [0]{}, .int64Values = [0]{}, .bytes = [0]{}, .stringValue = ""}}
03-17 18:53:26.476   400   452 D adayocomadapter-CommunicationManager: onUpstreamReceive mPropertyId 0x2140214d
03-17 18:53:26.476   400   452 D adayocomadapter-CommunicationManager: onUpstreamReceive isLoss 0 mPropertyId 0x214021d7
03-17 18:53:26.476   400   452 D adayocomadapter-CommunicationManager: convertBytesToInt32Memcpy  0
03-17 18:53:26.476   400   452 D vw-vhal : notifyVehicleProperty, propId = 0x214021d7, data = {status: 2, int32Values: [0]}
03-17 18:53:26.476   400   452 I DefaultVehicleHal_v2_0: DefaultVehicleHal::onPropertyValue, value:{.timestamp = 140424233681, .areaId = 0, .prop = 557851095, .status = AVAILABLE, .value = {.int32Values = [1]{0}, .floatValues = [0]{}, .int64Values = [0]{}, .bytes = [0]{}, .stringValue = ""}}
03-17 18:53:26.476   400   452 D adayocomadapter-CommunicationManager: onUpstreamReceive mPropertyId 0x214021d7
03-17 18:53:26.476   400   452 D adayocomadapter-CommunicationManager: onUpstreamReceive isLoss 0 mPropertyId 0x21402143
03-17 18:53:26.476   400   452 D adayocomadapter-CommunicationManager: convertBytesToInt32Memcpy  0
03-17 18:53:26.476   400   452 D vw-vhal : notifyVehicleProperty, propId = 0x21402143, data = {status: 2, int32Values: [0]}
03-17 18:53:26.476   400   452 I DefaultVehicleHal_v2_0: DefaultVehicleHal::onPropertyValue, value:{.timestamp = 140424345681, .areaId = 0, .prop = 557850947, .status = AVAILABLE, .value = {.int32Values = [1]{0}, .floatValues = [0]{}, .int64Values = [0]{}, .bytes = [0]{}, .stringValue = ""}}
03-17 18:53:26.476   400   452 D adayocomadapter-CommunicationManager: onUpstreamReceive mPropertyId 0x21402143
03-17 18:53:26.476   400   452 D adayocomadapter-CommunicationManager: onUpstreamReceive isLoss 0 mPropertyId 0x21412145
03-17 18:53:26.476   400   452 D vw-vhal : notifyVehicleProperty, propId = 0x21412145, data = {status: 2, int32Values: [0, 0]}
03-17 18:53:26.476   400   452 I DefaultVehicleHal_v2_0: DefaultVehicleHal::onPropertyValue, value:{.timestamp = 140424456348, .areaId = 0, .prop = 557916485, .status = AVAILABLE, .value = {.int32Values = [2]{0, 0}, .floatValues = [0]{}, .int64Values = [0]{}, .bytes = [0]{}, .stringValue = ""}}
03-17 18:53:26.476   400   452 D adayocomadapter-CommunicationManager: onUpstreamReceive mPropertyId 0x21412145
03-17 18:53:26.476   400   452 D adayocomadapter-CommunicationManager: onUpstreamReceive isLoss 0 mPropertyId 0x21402146
03-17 18:53:26.477   400   452 D adayocomadapter-CommunicationManager: convertBytesToInt32Memcpy  0
03-17 18:53:26.477   400   452 D vw-vhal : notifyVehicleProperty, propId = 0x21402146, data = {status: 2, int32Values: [0]}
03-17 18:53:26.477   400   452 I DefaultVehicleHal_v2_0: DefaultVehicleHal::onPropertyValue, value:{.timestamp = 140424588681, .areaId = 0, .prop = 557850950, .status = AVAILABLE, .value = {.int32Values = [1]{0}, .floatValues = [0]{}, .int64Values = [0]{}, .bytes = [0]{}, .stringValue = ""}}
03-17 18:53:26.477   400   452 D adayocomadapter-CommunicationManager: onUpstreamReceive mPropertyId 0x21402146
03-17 18:53:26.477   400   452 D adayocomadapter-CommunicationManager: onUpstreamReceive isLoss 0 mPropertyId 0x21402147
03-17 18:53:26.477   400   452 D adayocomadapter-CommunicationManager: convertBytesToInt32Memcpy  0
03-17 18:53:26.477   400   452 D vw-vhal : notifyVehicleProperty, propId = 0x21402147, data = {status: 2, int32Values: [0]}
03-17 18:53:26.477   400   452 I DefaultVehicleHal_v2_0: DefaultVehicleHal::onPropertyValue, value:{.timestamp = 140424695015, .areaId = 0, .prop = 557850951, .status = AVAILABLE, .value = {.int32Values = [1]{0}, .floatValues = [0]{}, .int64Values = [0]{}, .bytes = [0]{}, .stringValue = ""}}
03-17 18:53:26.477   400   452 D adayocomadapter-CommunicationManager: onUpstreamReceive mPropertyId 0x21402147
03-17 18:53:26.477   400   452 D adayocomadapter-CommunicationManager: onUpstreamReceive isLoss 0 mPropertyId 0x21402148
03-17 18:53:26.477   400   452 D adayocomadapter-CommunicationManager: convertBytesToInt32Memcpy  0
03-17 18:53:26.477   400   452 D vw-vhal : notifyVehicleProperty, propId = 0x21402148, data = {status: 2, int32Values: [0]}
03-17 18:53:26.477   400   452 I DefaultVehicleHal_v2_0: DefaultVehicleHal::onPropertyValue, value:{.timestamp = 140424805015, .areaId = 0, .prop = 557850952, .status = AVAILABLE, .value = {.int32Values = [1]{0}, .floatValues = [0]{}, .int64Values = [0]{}, .bytes = [0]{}, .stringValue = ""}}
03-17 18:53:26.477   400   452 D adayocomadapter-CommunicationManager: onUpstreamReceive mPropertyId 0x21402148
03-17 18:53:26.477   400   452 D adayocomadapter-CommunicationManager: onUpstreamReceive isLoss 0 mPropertyId 0x21402149
03-17 18:53:26.477   400   452 D adayocomadapter-CommunicationManager: convertBytesToInt32Memcpy  0
03-17 18:53:26.477   400   452 D vw-vhal : notifyVehicleProperty, propId = 0x21402149, data = {status: 2, int32Values: [0]}
03-17 18:53:26.477   400   452 I DefaultVehicleHal_v2_0: DefaultVehicleHal::onPropertyValue, value:{.timestamp = 140424911681, .areaId = 0, .prop = 557850953, .status = AVAILABLE, .value = {.int32Values = [1]{0}, .floatValues = [0]{}, .int64Values = [0]{}, .bytes = [0]{}, .stringValue = ""}}
03-17 18:53:26.477   400   452 D adayocomadapter-CommunicationManager: onUpstreamReceive mPropertyId 0x21402149
03-17 18:53:26.477   400   452 D adayocomadapter-CommunicationManager: onUpstreamReceive isLoss 0 mPropertyId 0x2140214f
03-17 18:53:26.477   400   452 D adayocomadapter-CommunicationManager: convertBytesToInt32Memcpy  0
03-17 18:53:26.477   400   452 D vw-vhal : notifyVehicleProperty, propId = 0x2140214f, data = {status: 2, int32Values: [0]}
