03-17 18:53:30.074   703   703 I vendor.fawvw.hardware.persistenceservice: [194][persistence_client_library_prct_access::get_db_context] key Environment_Switch is not in RCT,will be stored in cached
03-17 18:53:30.074   703   703 W vendor.fawvw.hardware.persistenceservice: [64][PersistenceProxyReplier::setValue] setValue when server disconnect
03-17 18:53:30.074   703   703 I vendor.fawvw.hardware.persistenceservice: [49][PersistenceService::setValue]Receive aidl setValue:key is Environment_Switch,value is 0,serviceid is 2
03-17 18:53:30.074   400   452 D DiagPropHandler: Successfully set property [Environment_Switch] = 0
03-17 18:53:30.074   400   452 D adayocomadapter-CommunicationManager: onUpstreamReceive mPropertyId 0x21414153
03-17 18:53:30.074   400   452 D adayocomadapter-CommunicationManager: onUpstreamReceive isLoss 0 mPropertyId 0x21414151
03-17 18:53:30.074   400   452 D adayocomadapter-CommunicationManager: convertBytesToInt32Memcpy  0
03-17 18:53:30.074   400   452 D vw-vhal : notifyVehicleProperty, propId = 0x21414151, data = {status: 2, int32Values: [0]}
03-17 18:53:30.074   400   452 I vw-vhal : CanSignalsAdapter::notifyDiagProperty: propId = 0x21414151, data = {status: 2, int32Values: [0]}
03-17 18:53:30.075   400   452 I DefaultVehicleHal_v2_0: DefaultVehicleHal::onPropertyValue, value:{.timestamp = 144022583349, .areaId = 0, .prop = 557924689, .status = AVAILABLE, .value = {.int32Values = [1]{0}, .floatValues = [0]{}, .int64Values = [0]{}, .bytes = [0]{}, .stringValue = ""}}
03-17 18:53:30.075   400   452 D DefaultVehicleHal_v2_0: onPropertyValue: Diagnostic config property: 0x21414151
03-17 18:53:30.075   400   452 D DiagPropHandler: Processing request for prop: 0x21414151, size: 1
03-17 18:53:30.075   703   703 W vendor.fawvw.hardware.persistenceservice: [64][PersistenceProxyReplier::setValue] setValue when server disconnect
03-17 18:53:30.075   703   703 I vendor.fawvw.hardware.persistenceservice: [49][PersistenceService::setValue]Receive aidl setValue:key is parTiTowingModWaitEpbReld,value is 0,serviceid is 2
03-17 18:53:30.076   400   452 D DiagPropHandler: Successfully set property [parTiTowingModWaitEpbReld] = 0
03-17 18:53:30.076   400   452 D adayocomadapter-CommunicationManager: onUpstreamReceive mPropertyId 0x21414151
03-17 18:53:30.076   400   452 D adayocomadapter-CommunicationManager: onUpstreamReceive isLoss 0 mPropertyId 0x2141414f
03-17 18:53:30.076   400   452 D adayocomadapter-CommunicationManager: convertBytesToInt32Memcpy  0
03-17 18:53:30.076   400   452 D vw-vhal : notifyVehicleProperty, propId = 0x2141414f, data = {status: 2, int32Values: [0]}
03-17 18:53:30.076   400   452 I vw-vhal : CanSignalsAdapter::notifyDiagProperty: propId = 0x2141414f, data = {status: 2, int32Values: [0]}
03-17 18:53:30.076   400   452 I DefaultVehicleHal_v2_0: DefaultVehicleHal::onPropertyValue, value:{.timestamp = 144024144349, .areaId = 0, .prop = 557924687, .status = AVAILABLE, .value = {.int32Values = [1]{0}, .floatValues = [0]{}, .int64Values = [0]{}, .bytes = [0]{}, .stringValue = ""}}
03-17 18:53:30.076   400   452 D DefaultVehicleHal_v2_0: onPropertyValue: Diagnostic config property: 0x2141414f
03-17 18:53:30.076   400   452 D DiagPropHandler: Processing request for prop: 0x2141414f, size: 1
03-17 18:53:30.077   703   703 W vendor.fawvw.hardware.persistenceservice: [64][PersistenceProxyReplier::setValue] setValue when server disconnect
03-17 18:53:30.077   703   703 I vendor.fawvw.hardware.persistenceservice: [49][PersistenceService::setValue]Receive aidl setValue:key is Lane_Change_Assist,value is 0,serviceid is 2
03-17 18:53:30.077   400   452 D DiagPropHandler: Successfully set property [Lane_Change_Assist] = 0
03-17 18:53:30.077   400   452 D adayocomadapter-CommunicationManager: onUpstreamReceive mPropertyId 0x2141414f
03-17 18:53:30.078   400   452 D adayocomadapter-CommunicationManager: onUpstreamReceive isLoss 0 mPropertyId 0x2141414d
03-17 18:53:30.078   400   452 D adayocomadapter-CommunicationManager: convertBytesToInt32Memcpy  0
03-17 18:53:30.078   400   452 D vw-vhal : notifyVehicleProperty, propId = 0x2141414d, data = {status: 2, int32Values: [0]}
03-17 18:53:30.078   400   452 I vw-vhal : CanSignalsAdapter::notifyDiagProperty: propId = 0x2141414d, data = {status: 2, int32Values: [0]}
03-17 18:53:30.078   400   452 I DefaultVehicleHal_v2_0: DefaultVehicleHal::onPropertyValue, value:{.timestamp = 144025964682, .areaId = 0, .prop = 557924685, .status = AVAILABLE, .value = {.int32Values = [1]{0}, .floatValues = [0]{}, .int64Values = [0]{}, .bytes = [0]{}, .stringValue = ""}}
03-17 18:53:30.078   400   452 D DefaultVehicleHal_v2_0: onPropertyValue: Diagnostic config property: 0x2141414d
03-17 18:53:30.078   400   452 D DiagPropHandler: Processing request for prop: 0x2141414d, size: 1
03-17 18:53:30.079   703   703 W vendor.fawvw.hardware.persistenceservice: [64][PersistenceProxyReplier::setValue] setValue when server disconnect
03-17 18:53:30.079   703   703 I vendor.fawvw.hardware.persistenceservice: [49][PersistenceService::setValue]Receive aidl setValue:key is Radios,value is 0,serviceid is 2
03-17 18:53:30.079   400   452 D DiagPropHandler: Successfully set property [Radios] = 0
03-17 18:53:30.079   400   452 D adayocomadapter-CommunicationManager: onUpstreamReceive mPropertyId 0x2141414d
03-17 18:53:30.079   400   452 D adayocomadapter-CommunicationManager: onUpstreamReceive isLoss 0 mPropertyId 0x2141414b
03-17 18:53:30.079   400   452 D adayocomadapter-CommunicationManager: convertBytesToInt32Memcpy  0
03-17 18:53:30.079   400   452 D vw-vhal : notifyVehicleProperty, propId = 0x2141414b, data = {status: 2, int32Values: [0]}
03-17 18:53:30.080   400   452 I vw-vhal : CanSignalsAdapter::notifyDiagProperty: propId = 0x2141414b, data = {status: 2, int32Values: [0]}
03-17 18:53:30.080   400   452 I DefaultVehicleHal_v2_0: DefaultVehicleHal::onPropertyValue, value:{.timestamp = 144027612682, .areaId = 0, .prop = 557924683, .status = AVAILABLE, .value = {.int32Values = [1]{0}, .floatValues = [0]{}, .int64Values = [0]{}, .bytes = [0]{}, .stringValue = ""}}
03-17 18:53:30.080   400   452 D DefaultVehicleHal_v2_0: onPropertyValue: Diagnostic config property: 0x2141414b
03-17 18:53:30.080   400   452 D DiagPropHandler: Processing request for prop: 0x2141414b, size: 1
03-17 18:53:30.080   703   703 W vendor.fawvw.hardware.persistenceservice: [64][PersistenceProxyReplier::setValue] setValue when server disconnect
03-17 18:53:30.080   703   703 I vendor.fawvw.hardware.persistenceservice: [49][PersistenceService::setValue]Receive aidl setValue:key is HV_Battery_Capacity,value is 0,serviceid is 2
03-17 18:53:30.081   400   452 D DiagPropHandler: Successfully set property [HV_Battery_Capacity] = 0
03-17 18:53:30.081   400   452 D adayocomadapter-CommunicationManager: onUpstreamReceive mPropertyId 0x2141414b
03-17 18:53:30.081   400   452 D adayocomadapter-CommunicationManager: onUpstreamReceive isLoss 0 mPropertyId 0x2141415d
03-17 18:53:30.081   400   452 D adayocomadapter-CommunicationManager: convertBytesToInt32Memcpy  0
03-17 18:53:30.081   400   452 D vw-vhal : notifyVehicleProperty, propId = 0x2141415d, data = {status: 2, int32Values: [0]}
03-17 18:53:30.081   400   452 I vw-vhal : CanSignalsAdapter::notifyDiagProperty: propId = 0x2141415d, data = {status: 2, int32Values: [0]}
03-17 18:53:30.081   400   452 I DefaultVehicleHal_v2_0: DefaultVehicleHal::onPropertyValue, value:{.timestamp = 144029111015, .areaId = 0, .prop = 557924701, .status = AVAILABLE, .value = {.int32Values = [1]{0}, .floatValues = [0]{}, .int64Values = [0]{}, .bytes = [0]{}, .stringValue = ""}}
03-17 18:53:30.081   400   452 D DefaultVehicleHal_v2_0: onPropertyValue: Diagnostic request property: 0x2141415d
03-17 18:53:30.081   400   452 D adayocomadapter-CommunicationManager: onUpstreamReceive mPropertyId 0x2141415d
03-17 18:53:30.081   400   452 D adayocomadapter-CommunicationManager: onUpstreamReceive isLoss 0 mPropertyId 0x21414145
03-17 18:53:30.081   400   452 D vw-vhal : notifyVehicleProperty, propId = 0x21414145, data = {status: 2, int32Values: [0, 0]}
03-17 18:53:30.081   400   452 I vw-vhal : CanSignalsAdapter::notifyDiagProperty: propId = 0x21414145, data = {status: 2, int32Values: [0, 0]}
03-17 18:53:30.082   400   452 I DefaultVehicleHal_v2_0: DefaultVehicleHal::onPropertyValue, value:{.timestamp = 144029564349, .areaId = 0, .prop = 557924677, .status = AVAILABLE, .value = {.int32Values = [2]{0, 0}, .floatValues = [0]{}, .int64Values = [0]{}, .bytes = [0]{}, .stringValue = ""}}
03-17 18:53:30.082   400   452 D DefaultVehicleHal_v2_0: onPropertyValue: Diagnostic config property: 0x21414145
03-17 18:53:30.082   400   452 D DiagPropHandler: Processing request for prop: 0x21414145, size: 2
03-17 18:53:30.082   703   703 I vendor.fawvw.hardware.persistenceservice: [194][persistence_client_library_prct_access::get_db_context] key reserve is not in RCT,will be stored in cached
03-17 18:53:30.082   703   703 W vendor.fawvw.hardware.persistenceservice: [64][PersistenceProxyReplier::setValue] setValue when server disconnect
03-17 18:53:30.082   703   703 I vendor.fawvw.hardware.persistenceservice: [49][PersistenceService::setValue]Receive aidl setValue:key is reserve,value is 0,serviceid is 2
03-17 18:53:30.082   400   452 D DiagPropHandler: Successfully set property [reserve] = 0
03-17 18:53:30.083   400   452 D DiagPropHandler: Set property [reserve] = 0
03-17 18:53:30.083   703   703 W vendor.fawvw.hardware.persistenceservice: [64][PersistenceProxyReplier::setValue] setValue when server disconnect
03-17 18:53:30.083   703   703 I vendor.fawvw.hardware.persistenceservice: [49][PersistenceService::setValue]Receive aidl setValue:key is parHmiDrvModDCCEna,value is 0,serviceid is 2
03-17 18:53:30.083   400   452 D DiagPropHandler: Successfully set property [parHmiDrvModDCCEna] = 0
03-17 18:53:30.083   400   452 D DiagPropHandler: Set property [parHmiDrvModDCCEna] = 0
03-17 18:53:30.084   703   703 W vendor.fawvw.hardware.persistenceservice: [64][PersistenceProxyReplier::setValue] setValue when server disconnect
03-17 18:53:30.084   703   703 I vendor.fawvw.hardware.persistenceservice: [49][PersistenceService::setValue]Receive aidl setValue:key is parHmiDrvModEPSEna,value is 0,serviceid is 2
03-17 18:53:30.084   400   452 D DiagPropHandler: Successfully set property [parHmiDrvModEPSEna] = 0
03-17 18:53:30.084   400   452 D DiagPropHandler: Set property [parHmiDrvModEPSEna] = 0
03-17 18:53:30.085   703   703 W vendor.fawvw.hardware.persistenceservice: [64][PersistenceProxyReplier::setValue] setValue when server disconnect
03-17 18:53:30.085   703   703 I vendor.fawvw.hardware.persistenceservice: [49][PersistenceService::setValue]Receive aidl setValue:key is parHmiDrvModBrkPdlEna,value is 0,serviceid is 2
03-17 18:53:30.085   400   452 D DiagPropHandler: Successfully set property [parHmiDrvModBrkPdlEna] = 0
03-17 18:53:30.085   400   452 D DiagPropHandler: Set property [parHmiDrvModBrkPdlEna] = 0
03-17 18:53:30.086   703   703 W vendor.fawvw.hardware.persistenceservice: [64][PersistenceProxyReplier::setValue] setValue when server disconnect
03-17 18:53:30.086   703   703 I vendor.fawvw.hardware.persistenceservice: [49][PersistenceService::setValue]Receive aidl setValue:key is parHmiDrvModAccrPdlEna,value is 0,serviceid is 2
03-17 18:53:30.086   400   452 D DiagPropHandler: Successfully set property [parHmiDrvModAccrPdlEna] = 0
03-17 18:53:30.086   400   452 D DiagPropHandler: Set property [parHmiDrvModAccrPdlEna] = 0
03-17 18:53:30.086   703   703 W vendor.fawvw.hardware.persistenceservice: [64][PersistenceProxyReplier::setValue] setValue when server disconnect
03-17 18:53:30.086   703   703 I vendor.fawvw.hardware.persistenceservice: [49][PersistenceService::setValue]Receive aidl setValue:key is parHmiDrvModINDIVIDUALEna,value is 0,serviceid is 2
03-17 18:53:30.087   400   452 D DiagPropHandler: Successfully set property [parHmiDrvModINDIVIDUALEna] = 0
03-17 18:53:30.087   400   452 D DiagPropHandler: Set property [parHmiDrvModINDIVIDUALEna] = 0
03-17 18:53:30.087   703   703 W vendor.fawvw.hardware.persistenceservice: [64][PersistenceProxyReplier::setValue] setValue when server disconnect
03-17 18:53:30.087   703   703 I vendor.fawvw.hardware.persistenceservice: [49][PersistenceService::setValue]Receive aidl setValue:key is parHmiDrvModSPORTEna,value is 0,serviceid is 2
03-17 18:53:30.087   400   452 D DiagPropHandler: Successfully set property [parHmiDrvModSPORTEna] = 0
03-17 18:53:30.087   400   452 D DiagPropHandler: Set property [parHmiDrvModSPORTEna] = 0
03-17 18:53:30.088   703   703 W vendor.fawvw.hardware.persistenceservice: [64][PersistenceProxyReplier::setValue] setValue when server disconnect
03-17 18:53:30.088   703   703 I vendor.fawvw.hardware.persistenceservice: [49][PersistenceService::setValue]Receive aidl setValue:key is parHmiDrvModCOMFORTEna,value is 0,serviceid is 2
03-17 18:53:30.088   400   452 D DiagPropHandler: Successfully set property [parHmiDrvModCOMFORTEna] = 0
03-17 18:53:30.088   400   452 D DiagPropHandler: Set property [parHmiDrvModCOMFORTEna] = 0
03-17 18:53:30.089   703   703 W vendor.fawvw.hardware.persistenceservice: [64][PersistenceProxyReplier::setValue] setValue when server disconnect
03-17 18:53:30.089   703   703 I vendor.fawvw.hardware.persistenceservice: [49][PersistenceService::setValue]Receive aidl setValue:key is parHmiDrvModECOEna,value is 0,serviceid is 2
03-17 18:53:30.089   400   452 D DiagPropHandler: Successfully set property [parHmiDrvModECOEna] = 0
03-17 18:53:30.089   400   452 D DiagPropHandler: Set property [parHmiDrvModECOEna] = 0
03-17 18:53:30.090   703   703 W vendor.fawvw.hardware.persistenceservice: [64][PersistenceProxyReplier::setValue] setValue when server disconnect
03-17 18:53:30.090   703   703 I vendor.fawvw.hardware.persistenceservice: [49][PersistenceService::setValue]Receive aidl setValue:key is parHmiDrvModFctEna,value is 0,serviceid is 2
03-17 18:53:30.090   400   452 D DiagPropHandler: Successfully set property [parHmiDrvModFctEna] = 0
03-17 18:53:30.090   400   452 D DiagPropHandler: Set property [parHmiDrvModFctEna] = 0
03-17 18:53:30.090   400   452 D adayocomadapter-CommunicationManager: onUpstreamReceive mPropertyId 0x21414145
03-17 18:53:30.090   400   452 D adayocomadapter-CommunicationManager: onUpstreamReceive isLoss 0 mPropertyId 0x21414143
03-17 18:53:30.090   400   452 D adayocomadapter-CommunicationManager: convertBytesToInt32Memcpy  0
03-17 18:53:30.090   400   452 D vw-vhal : notifyVehicleProperty, propId = 0x21414143, data = {status: 2, int32Values: [0]}
03-17 18:53:30.090   400   452 I vw-vhal : CanSignalsAdapter::notifyDiagProperty: propId = 0x21414143, data = {status: 2, int32Values: [0]}
03-17 18:53:30.091   400   452 I DefaultVehicleHal_v2_0: DefaultVehicleHal::onPropertyValue, value:{.timestamp = 144038486015, .areaId = 0, .prop = 557924675, .status = AVAILABLE, .value = {.int32Values = [1]{0}, .floatValues = [0]{}, .int64Values = [0]{}, .bytes = [0]{}, .stringValue = ""}}
03-17 18:53:30.091   400   452 D DefaultVehicleHal_v2_0: onPropertyValue: Diagnostic config property: 0x21414143
03-17 18:53:30.091   400   452 D DiagPropHandler: Processing request for prop: 0x21414143, size: 1
03-17 18:53:30.091   703   703 W vendor.fawvw.hardware.persistenceservice: [64][PersistenceProxyReplier::setValue] setValue when server disconnect
03-17 18:53:30.091   703   703 I vendor.fawvw.hardware.persistenceservice: [49][PersistenceService::setValue]Receive aidl setValue:key is parHmiSterWhlCustmizeBtnSupportESound,value is 0,serviceid is 2
03-17 18:53:30.091   400   452 D DiagPropHandler: Successfully set property [parHmiSterWhlCustmizeBtnSupportESound] = 0
03-17 18:53:30.091   400   452 D DiagPropHandler: Set property [parHmiSterWhlCustmizeBtnSupportESound] = 0
03-17 18:53:30.092   703   703 W vendor.fawvw.hardware.persistenceservice: [64][PersistenceProxyReplier::setValue] setValue when server disconnect
03-17 18:53:30.092   703   703 I vendor.fawvw.hardware.persistenceservice: [49][PersistenceService::setValue]Receive aidl setValue:key is parHmiSterWhlCustmizeBtnSupportTopView,value is 0,serviceid is 2
03-17 18:53:30.092  2106  2277 D CarPopupManagementService: onEvent: CNS_DIAG_VIN_BIND_REQ
03-17 18:53:30.092   400   452 D DiagPropHandler: Successfully set property [parHmiSterWhlCustmizeBtnSupportTopView] = 0
03-17 18:53:30.093   400   452 D DiagPropHandler: Set property [parHmiSterWhlCustmizeBtnSupportTopView] = 0
03-17 18:53:30.093  2106  2492 I CarPopupManagementService: handleDiagVinBindReq: CNS_DIAG_VIN_BIND_REQ is not turned on
03-17 18:53:30.093   703   703 W vendor.fawvw.hardware.persistenceservice: [64][PersistenceProxyReplier::setValue] setValue when server disconnect
03-17 18:53:30.093   703   703 I vendor.fawvw.hardware.persistenceservice: [49][PersistenceService::setValue]Receive aidl setValue:key is parHmiSterWhlCustmizeBtnSupportDVR,value is 0,serviceid is 2
03-17 18:53:30.093   400   452 D DiagPropHandler: Successfully set property [parHmiSterWhlCustmizeBtnSupportDVR] = 0
03-17 18:53:30.093   400   452 D DiagPropHandler: Set property [parHmiSterWhlCustmizeBtnSupportDVR] = 0
03-17 18:53:30.094   703   703 W vendor.fawvw.hardware.persistenceservice: [64][PersistenceProxyReplier::setValue] setValue when server disconnect
03-17 18:53:30.094   703   703 I vendor.fawvw.hardware.persistenceservice: [49][PersistenceService::setValue]Receive aidl setValue:key is parHmiSterWhlCustmizeBtnSupportMediaSwitch,value is 0,serviceid is 2
03-17 18:53:30.094   400   452 D DiagPropHandler: Successfully set property [parHmiSterWhlCustmizeBtnSupportMediaSwitch] = 0
03-17 18:53:30.094   400   452 D DiagPropHandler: Set property [parHmiSterWhlCustmizeBtnSupportMediaSwitch] = 0
03-17 18:53:30.095   703   703 W vendor.fawvw.hardware.persistenceservice: [64][PersistenceProxyReplier::setValue] setValue when server disconnect
03-17 18:53:30.095   703   703 I vendor.fawvw.hardware.persistenceservice: [49][PersistenceService::setValue]Receive aidl setValue:key is parHmiSterWhlCustmizeBtnSupportGreeting,value is 0,serviceid is 2
03-17 18:53:30.095   400   452 D DiagPropHandler: Successfully set property [parHmiSterWhlCustmizeBtnSupportGreeting] = 0
03-17 18:53:30.095   400   452 D DiagPropHandler: Set property [parHmiSterWhlCustmizeBtnSupportGreeting] = 0
03-17 18:53:30.096   703   703 W vendor.fawvw.hardware.persistenceservice: [64][PersistenceProxyReplier::setValue] setValue when server disconnect
03-17 18:53:30.096   703   703 I vendor.fawvw.hardware.persistenceservice: [49][PersistenceService::setValue]Receive aidl setValue:key is parHmiSterWhlCustmizeBtnSupportMirrorAdjustment,value is 0,serviceid is 2
03-17 18:53:30.096   400   452 D DiagPropHandler: Successfully set property [parHmiSterWhlCustmizeBtnSupportMirrorAdjustment] = 0
03-17 18:53:30.096   400   452 D DiagPropHandler: Set property [parHmiSterWhlCustmizeBtnSupportMirrorAdjustment] = 0
03-17 18:53:30.096   400   452 D adayocomadapter-CommunicationManager: onUpstreamReceive mPropertyId 0x21414143
03-17 18:53:30.096   400   452 D adayocomadapter-CommunicationManager: onUpstreamReceive isLoss 0 mPropertyId 0x21414141
03-17 18:53:30.096   400   452 D adayocomadapter-CommunicationManager: convertBytesToInt32Memcpy  0
03-17 18:53:30.096   400   452 D vw-vhal : notifyVehicleProperty, propId = 0x21414141, data = {status: 2, int32Values: [0]}
03-17 18:53:30.096   400   452 I vw-vhal : CanSignalsAdapter::notifyDiagProperty: propId = 0x21414141, data = {status: 2, int32Values: [0]}
03-17 18:53:30.096   400   452 I DefaultVehicleHal_v2_0: DefaultVehicleHal::onPropertyValue, value:{.timestamp = 144044435349, .areaId = 0, .prop = 557924673, .status = AVAILABLE, .value = {.int32Values = [1]{0}, .floatValues = [0]{}, .int64Values = [0]{}, .bytes = [0]{}, .stringValue = ""}}
03-17 18:53:30.097   400   452 D DefaultVehicleHal_v2_0: onPropertyValue: Diagnostic config property: 0x21414141
03-17 18:53:30.097   400   452 D DiagPropHandler: Processing request for prop: 0x21414141, size: 1
03-17 18:53:30.097   703   703 I vendor.fawvw.hardware.persistenceservice: [194][persistence_client_library_prct_access::get_db_context] key Reserved is not in RCT,will be stored in cached
03-17 18:53:30.097   703   703 W vendor.fawvw.hardware.persistenceservice: [64][PersistenceProxyReplier::setValue] setValue when server disconnect
03-17 18:53:30.097   703   703 I vendor.fawvw.hardware.persistenceservice: [49][PersistenceService::setValue]Receive aidl setValue:key is Reserved,value is 0,serviceid is 2
03-17 18:53:30.097   400   452 D DiagPropHandler: Successfully set property [Reserved] = 0
03-17 18:53:30.097   400   452 D DiagPropHandler: Set property [Reserved] = 0
03-17 18:53:30.098   703   703 W vendor.fawvw.hardware.persistenceservice: [64][PersistenceProxyReplier::setValue] setValue when server disconnect
03-17 18:53:30.098   703   703 I vendor.fawvw.hardware.persistenceservice: [49][PersistenceService::setValue]Receive aidl setValue:key is parHmiDriveRangeSupportDynamic,value is 0,serviceid is 2
03-17 18:53:30.098   400   452 D DiagPropHandler: Successfully set property [parHmiDriveRangeSupportDynamic] = 0
03-17 18:53:30.098   400   452 D DiagPropHandler: Set property [parHmiDriveRangeSupportDynamic] = 0
03-17 18:53:30.099   703   703 W vendor.fawvw.hardware.persistenceservice: [64][PersistenceProxyReplier::setValue] setValue when server disconnect
03-17 18:53:30.099   703   703 I vendor.fawvw.hardware.persistenceservice: [49][PersistenceService::setValue]Receive aidl setValue:key is parHmiDriveRangeSupportCLTC,value is 0,serviceid is 2
03-17 18:53:30.099   400   452 D DiagPropHandler: Successfully set property [parHmiDriveRangeSupportCLTC] = 0
03-17 18:53:30.099   400   452 D DiagPropHandler: Set property [parHmiDriveRangeSupportCLTC] = 0
03-17 18:53:30.100   703   703 W vendor.fawvw.hardware.persistenceservice: [64][PersistenceProxyReplier::setValue] setValue when server disconnect
03-17 18:53:30.100   703   703 I vendor.fawvw.hardware.persistenceservice: [49][PersistenceService::setValue]Receive aidl setValue:key is parHmiDriveRangeSupportWLTC,value is 0,serviceid is 2
03-17 18:53:30.100   400   452 D DiagPropHandler: Successfully set property [parHmiDriveRangeSupportWLTC] = 0
03-17 18:53:30.100   400   452 D DiagPropHandler: Set property [parHmiDriveRangeSupportWLTC] = 0
03-17 18:53:30.100   703   703 I vendor.fawvw.hardware.persistenceservice: [194][persistence_client_library_prct_access::get_db_context] key Reserved is not in RCT,will be stored in cached
03-17 18:53:30.100   703   703 W vendor.fawvw.hardware.persistenceservice: [64][PersistenceProxyReplier::setValue] setValue when server disconnect
03-17 18:53:30.100   703   703 I vendor.fawvw.hardware.persistenceservice: [49][PersistenceService::setValue]Receive aidl setValue:key is Reserved,value is 0,serviceid is 2
03-17 18:53:30.101   400   452 D DiagPropHandler: Successfully set property [Reserved] = 0
03-17 18:53:30.101   400   452 D DiagPropHandler: Set property [Reserved] = 0
03-17 18:53:30.101   703   703 W vendor.fawvw.hardware.persistenceservice: [64][PersistenceProxyReplier::setValue] setValue when server disconnect
03-17 18:53:30.101   703   703 I vendor.fawvw.hardware.persistenceservice: [49][PersistenceService::setValue]Receive aidl setValue:key is parHmiDriveRangeCurSelection,value is 0,serviceid is 2
03-17 18:53:30.102   400   452 D DiagPropHandler: Successfully set property [parHmiDriveRangeCurSelection] = 0
03-17 18:53:30.102   400   452 D DiagPropHandler: Set property [parHmiDriveRangeCurSelection] = 0
03-17 18:53:30.102   400   452 D adayocomadapter-CommunicationManager: onUpstreamReceive mPropertyId 0x21414141
03-17 18:53:30.102   400   452 D adayocomadapter-CommunicationManager: onUpstreamReceive isLoss 0 mPropertyId 0x2141413f
03-17 18:53:30.102   400   452 D adayocomadapter-CommunicationManager: convertBytesToInt32Memcpy  0
03-17 18:53:30.102   400   452 D vw-vhal : notifyVehicleProperty, propId = 0x2141413f, data = {status: 2, int32Values: [0]}
03-17 18:53:30.102   400   452 I vw-vhal : CanSignalsAdapter::notifyDiagProperty: propId = 0x2141413f, data = {status: 2, int32Values: [0]}
03-17 18:53:30.102   400   452 I DefaultVehicleHal_v2_0: DefaultVehicleHal::onPropertyValue, value:{.timestamp = 144050053015, .areaId = 0, .prop = 557924671, .status = AVAILABLE, .value = {.int32Values = [1]{0}, .floatValues = [0]{}, .int64Values = [0]{}, .bytes = [0]{}, .stringValue = ""}}
03-17 18:53:30.102   400   452 D DefaultVehicleHal_v2_0: onPropertyValue: Diagnostic config property: 0x2141413f
03-17 18:53:30.102   400   452 D DiagPropHandler: Processing request for prop: 0x2141413f, size: 1
03-17 18:53:30.103   703   703 W vendor.fawvw.hardware.persistenceservice: [64][PersistenceProxyReplier::setValue] setValue when server disconnect
03-17 18:53:30.103   703   703 I vendor.fawvw.hardware.persistenceservice: [49][PersistenceService::setValue]Receive aidl setValue:key is wireless_charging,value is 0,serviceid is 2
03-17 18:53:30.103   400   452 D DiagPropHandler: Successfully set property [wireless_charging] = 0
03-17 18:53:30.103   400   452 D adayocomadapter-CommunicationManager: onUpstreamReceive mPropertyId 0x2141413f
03-17 18:53:30.103   400   452 D adayocomadapter-CommunicationManager: onUpstreamReceive isLoss 0 mPropertyId 0x2141413d
03-17 18:53:30.103   400   452 D adayocomadapter-CommunicationManager: convertBytesToInt32Memcpy  0
03-17 18:53:30.103   400   452 D vw-vhal : notifyVehicleProperty, propId = 0x2141413d, data = {status: 2, int32Values: [0]}
03-17 18:53:30.103   400   452 I vw-vhal : CanSignalsAdapter::notifyDiagProperty: propId = 0x2141413d, data = {status: 2, int32Values: [0]}
03-17 18:53:30.103   400   452 I DefaultVehicleHal_v2_0: DefaultVehicleHal::onPropertyValue, value:{.timestamp = 144051482015, .areaId = 0, .prop = 557924669, .status = AVAILABLE, .value = {.int32Values = [1]{0}, .floatValues = [0]{}, .int64Values = [0]{}, .bytes = [0]{}, .stringValue = ""}}
03-17 18:53:30.104   400   452 D DefaultVehicleHal_v2_0: onPropertyValue: Diagnostic config property: 0x2141413d
03-17 18:53:30.104   400   452 D DiagPropHandler: Processing request for prop: 0x2141413d, size: 1
03-17 18:53:30.104   703   703 W vendor.fawvw.hardware.persistenceservice: [64][PersistenceProxyReplier::setValue] setValue when server disconnect
03-17 18:53:30.104   703   703 I vendor.fawvw.hardware.persistenceservice: [49][PersistenceService::setValue]Receive aidl setValue:key is ABK,value is 0,serviceid is 2
03-17 18:53:30.104   400   452 D DiagPropHandler: Successfully set property [ABK] = 0
03-17 18:53:30.105   400   452 D adayocomadapter-CommunicationManager: onUpstreamReceive mPropertyId 0x2141413d
03-17 18:53:30.105   400   452 D adayocomadapter-CommunicationManager: onUpstreamReceive isLoss 0 mPropertyId 0x2141413b
03-17 18:53:30.105   400   452 D adayocomadapter-CommunicationManager: convertBytesToInt32Memcpy  0
03-17 18:53:30.105   400   452 D vw-vhal : notifyVehicleProperty, propId = 0x2141413b, data = {status: 2, int32Values: [0]}
03-17 18:53:30.105   400   452 I vw-vhal : CanSignalsAdapter::notifyDiagProperty: propId = 0x2141413b, data = {status: 2, int32Values: [0]}
03-17 18:53:30.105   400   452 I DefaultVehicleHal_v2_0: DefaultVehicleHal::onPropertyValue, value:{.timestamp = 144052907682, .areaId = 0, .prop = 557924667, .status = AVAILABLE, .value = {.int32Values = [1]{0}, .floatValues = [0]{}, .int64Values = [0]{}, .bytes = [0]{}, .stringValue = ""}}
03-17 18:53:30.105   400   452 D DefaultVehicleHal_v2_0: onPropertyValue: Diagnostic config property: 0x2141413b
03-17 18:53:30.105   400   452 D DiagPropHandler: Processing request for prop: 0x2141413b, size: 1
03-17 18:53:30.106   703   703 W vendor.fawvw.hardware.persistenceservice: [64][PersistenceProxyReplier::setValue] setValue when server disconnect
03-17 18:53:30.106   703   703 I vendor.fawvw.hardware.persistenceservice: [49][PersistenceService::setValue]Receive aidl setValue:key is Intelligent_NOA_Assist,value is 0,serviceid is 2
03-17 18:53:30.106   400   452 D DiagPropHandler: Successfully set property [Intelligent_NOA_Assist] = 0
03-17 18:53:30.106   400   452 D adayocomadapter-CommunicationManager: onUpstreamReceive mPropertyId 0x2141413b
03-17 18:53:30.106   400   452 D adayocomadapter-CommunicationManager: onUpstreamReceive isLoss 0 mPropertyId 0x21414139
03-17 18:53:30.106   400   452 D adayocomadapter-CommunicationManager: convertBytesToInt32Memcpy  0
03-17 18:53:30.106   400   452 D vw-vhal : notifyVehicleProperty, propId = 0x21414139, data = {status: 2, int32Values: [0]}
03-17 18:53:30.106   400   452 I vw-vhal : CanSignalsAdapter::notifyDiagProperty: propId = 0x21414139, data = {status: 2, int32Values: [0]}
03-17 18:53:30.106   400   452 I DefaultVehicleHal_v2_0: DefaultVehicleHal::onPropertyValue, value:{.timestamp = 144054338015, .areaId = 0, .prop = 557924665, .status = AVAILABLE, .value = {.int32Values = [1]{0}, .floatValues = [0]{}, .int64Values = [0]{}, .bytes = [0]{}, .stringValue = ""}}
03-17 18:53:30.106   400   452 D DefaultVehicleHal_v2_0: onPropertyValue: Diagnostic config property: 0x21414139
03-17 18:53:30.106   400   452 D DiagPropHandler: Processing request for prop: 0x21414139, size: 1
03-17 18:53:30.107   703   703 W vendor.fawvw.hardware.persistenceservice: [64][PersistenceProxyReplier::setValue] setValue when server disconnect
03-17 18:53:30.107   703   703 I vendor.fawvw.hardware.persistenceservice: [49][PersistenceService::setValue]Receive aidl setValue:key is Lane_Assist,value is 0,serviceid is 2
03-17 18:53:30.107   400   452 D DiagPropHandler: Successfully set property [Lane_Assist] = 0
03-17 18:53:30.107   400   452 D adayocomadapter-CommunicationManager: onUpstreamReceive mPropertyId 0x21414139
03-17 18:53:30.107   400   452 D adayocomadapter-CommunicationManager: onUpstreamReceive isLoss 0 mPropertyId 0x21414137
03-17 18:53:30.107   400   452 D adayocomadapter-CommunicationManager: convertBytesToInt32Memcpy  0
03-17 18:53:30.108   400   452 D vw-vhal : notifyVehicleProperty, propId = 0x21414137, data = {status: 2, int32Values: [0]}
03-17 18:53:30.108   400   452 I vw-vhal : CanSignalsAdapter::notifyDiagProperty: propId = 0x21414137, data = {status: 2, int32Values: [0]}
03-17 18:53:30.108   400   452 I DefaultVehicleHal_v2_0: DefaultVehicleHal::onPropertyValue, value:{.timestamp = 144055703349, .areaId = 0, .prop = 557924663, .status = AVAILABLE, .value = {.int32Values = [1]{0}, .floatValues = [0]{}, .int64Values = [0]{}, .bytes = [0]{}, .stringValue = ""}}
03-17 18:53:30.108   400   452 D DefaultVehicleHal_v2_0: onPropertyValue: Diagnostic config property: 0x21414137
03-17 18:53:30.108   400   452 D DiagPropHandler: Processing request for prop: 0x21414137, size: 1
03-17 18:53:30.108   703   703 W vendor.fawvw.hardware.persistenceservice: [64][PersistenceProxyReplier::setValue] setValue when server disconnect
03-17 18:53:30.108   703   703 I vendor.fawvw.hardware.persistenceservice: [49][PersistenceService::setValue]Receive aidl setValue:key is VZA,value is 0,serviceid is 2
03-17 18:53:30.109   400   452 D DiagPropHandler: Successfully set property [VZA] = 0
03-17 18:53:30.109   400   452 D adayocomadapter-CommunicationManager: onUpstreamReceive mPropertyId 0x21414137
03-17 18:53:30.109   400   452 D adayocomadapter-CommunicationManager: onUpstreamReceive isLoss 0 mPropertyId 0x21414135
03-17 18:53:30.109   400   452 D adayocomadapter-CommunicationManager: convertBytesToInt32Memcpy  0
03-17 18:53:30.109   400   452 D vw-vhal : notifyVehicleProperty, propId = 0x21414135, data = {status: 2, int32Values: [0]}
03-17 18:53:30.109   400   452 I vw-vhal : CanSignalsAdapter::notifyDiagProperty: propId = 0x21414135, data = {status: 2, int32Values: [0]}
03-17 18:53:30.109   400   452 I DefaultVehicleHal_v2_0: DefaultVehicleHal::onPropertyValue, value:{.timestamp = 144057138349, .areaId = 0, .prop = 557924661, .status = AVAILABLE, .value = {.int32Values = [1]{0}, .floatValues = [0]{}, .int64Values = [0]{}, .bytes = [0]{}, .stringValue = ""}}
03-17 18:53:30.109   400   452 D DefaultVehicleHal_v2_0: onPropertyValue: Diagnostic config property: 0x21414135
03-17 18:53:30.109   400   452 D DiagPropHandler: Processing request for prop: 0x21414135, size: 1
03-17 18:53:30.110   703   703 W vendor.fawvw.hardware.persistenceservice: [64][PersistenceProxyReplier::setValue] setValue when server disconnect
03-17 18:53:30.110   703   703 I vendor.fawvw.hardware.persistenceservice: [49][PersistenceService::setValue]Receive aidl setValue:key is Multi-function_Camera,value is 0,serviceid is 2
03-17 18:53:30.110   400   452 D DiagPropHandler: Successfully set property [Multi-function_Camera] = 0
03-17 18:53:30.110   400   452 D adayocomadapter-CommunicationManager: onUpstreamReceive mPropertyId 0x21414135
03-17 18:53:30.110   400   452 D adayocomadapter-CommunicationManager: onUpstreamReceive isLoss 0 mPropertyId 0x21414133
03-17 18:53:30.110   400   452 D adayocomadapter-CommunicationManager: convertBytesToInt32Memcpy  0
03-17 18:53:30.110   400   452 D vw-vhal : notifyVehicleProperty, propId = 0x21414133, data = {status: 2, int32Values: [0]}
03-17 18:53:30.110   400   452 I vw-vhal : CanSignalsAdapter::notifyDiagProperty: propId = 0x21414133, data = {status: 2, int32Values: [0]}
03-17 18:53:30.110   400   452 I DefaultVehicleHal_v2_0: DefaultVehicleHal::onPropertyValue, value:{.timestamp = 144058478349, .areaId = 0, .prop = 557924659, .status = AVAILABLE, .value = {.int32Values = [1]{0}, .floatValues = [0]{}, .int64Values = [0]{}, .bytes = [0]{}, .stringValue = ""}}
03-17 18:53:30.111   400   452 D DefaultVehicleHal_v2_0: onPropertyValue: Diagnostic config property: 0x21414133
03-17 18:53:30.111   400   452 D DiagPropHandler: Processing request for prop: 0x21414133, size: 1
03-17 18:53:30.111   703   703 W vendor.fawvw.hardware.persistenceservice: [64][PersistenceProxyReplier::setValue] setValue when server disconnect
03-17 18:53:30.111   703   703 I vendor.fawvw.hardware.persistenceservice: [49][PersistenceService::setValue]Receive aidl setValue:key is Driving_Assist,value is 0,serviceid is 2
03-17 18:53:30.111   400   452 D DiagPropHandler: Successfully set property [Driving_Assist] = 0
03-17 18:53:30.111   400   452 D adayocomadapter-CommunicationManager: onUpstreamReceive mPropertyId 0x21414133
03-17 18:53:30.112   400   452 D adayocomadapter-CommunicationManager: onUpstreamReceive isLoss 0 mPropertyId 0x21414131
03-17 18:53:30.112   400   452 D adayocomadapter-CommunicationManager: convertBytesToInt32Memcpy  0
03-17 18:53:30.112   400   452 D vw-vhal : notifyVehicleProperty, propId = 0x21414131, data = {status: 2, int32Values: [0]}
03-17 18:53:30.112   400   452 I vw-vhal : CanSignalsAdapter::notifyDiagProperty: propId = 0x21414131, data = {status: 2, int32Values: [0]}
03-17 18:53:30.112   400   452 I DefaultVehicleHal_v2_0: DefaultVehicleHal::onPropertyValue, value:{.timestamp = 144059805682, .areaId = 0, .prop = 557924657, .status = AVAILABLE, .value = {.int32Values = [1]{0}, .floatValues = [0]{}, .int64Values = [0]{}, .bytes = [0]{}, .stringValue = ""}}
03-17 18:53:30.112   400   452 D DefaultVehicleHal_v2_0: onPropertyValue: Diagnostic config property: 0x21414131
03-17 18:53:30.112   400   452 D DiagPropHandler: Processing request for prop: 0x21414131, size: 1
03-17 18:53:30.113   703   703 W vendor.fawvw.hardware.persistenceservice: [64][PersistenceProxyReplier::setValue] setValue when server disconnect
03-17 18:53:30.113   703   703 I vendor.fawvw.hardware.persistenceservice: [49][PersistenceService::setValue]Receive aidl setValue:key is Parking_Assist,value is 0,serviceid is 2
03-17 18:53:30.113   400   452 D DiagPropHandler: Successfully set property [Parking_Assist] = 0
03-17 18:53:30.113   400   452 D adayocomadapter-CommunicationManager: onUpstreamReceive mPropertyId 0x21414131
03-17 18:53:30.113   400   452 D adayocomadapter-CommunicationManager: onUpstreamReceive isLoss 0 mPropertyId 0x2141415e
03-17 18:53:30.113   400   452 D adayocomadapter-CommunicationManager: convertBytesToInt32Memcpy  0
03-17 18:53:30.113   400   452 D vw-vhal : notifyVehicleProperty, propId = 0x2141415e, data = {status: 2, int32Values: [0]}
03-17 18:53:30.113   400   452 I vw-vhal : CanSignalsAdapter::notifyDiagProperty: propId = 0x2141415e, data = {status: 2, int32Values: [0]}
03-17 18:53:30.113   400   452 I DefaultVehicleHal_v2_0: DefaultVehicleHal::onPropertyValue, value:{.timestamp = 144061200349, .areaId = 0, .prop = 557924702, .status = AVAILABLE, .value = {.int32Values = [1]{0}, .floatValues = [0]{}, .int64Values = [0]{}, .bytes = [0]{}, .stringValue = ""}}
03-17 18:53:30.113   400   452 D adayocomadapter-CommunicationManager: onUpstreamReceive mPropertyId 0x2141415e
03-17 18:53:30.113   400   452 D adayocomadapter-CommunicationManager: onUpstreamReceive isLoss 0 mPropertyId 0x2141412f
03-17 18:53:30.113   400   452 D adayocomadapter-CommunicationManager: convertBytesToInt32Memcpy  0
03-17 18:53:30.113   400   452 D vw-vhal : notifyVehicleProperty, propId = 0x2141412f, data = {status: 2, int32Values: [0]}
03-17 18:53:30.114   400   452 I vw-vhal : CanSignalsAdapter::notifyDiagProperty: propId = 0x2141412f, data = {status: 2, int32Values: [0]}
03-17 18:53:30.114   400   452 I DefaultVehicleHal_v2_0: DefaultVehicleHal::onPropertyValue, value:{.timestamp = 144061615682, .areaId = 0, .prop = 557924655, .status = AVAILABLE, .value = {.int32Values = [1]{0}, .floatValues = [0]{}, .int64Values = [0]{}, .bytes = [0]{}, .stringValue = ""}}
03-17 18:53:30.114   400   452 D DefaultVehicleHal_v2_0: onPropertyValue: Diagnostic config property: 0x2141412f
03-17 18:53:30.114   400   452 D DiagPropHandler: Processing request for prop: 0x2141412f, size: 1
03-17 18:53:30.114   703   703 W vendor.fawvw.hardware.persistenceservice: [64][PersistenceProxyReplier::setValue] setValue when server disconnect
03-17 18:53:30.114   703   703 I vendor.fawvw.hardware.persistenceservice: [49][PersistenceService::setValue]Receive aidl setValue:key is AVM,value is 0,serviceid is 2
03-17 18:53:30.115   400   452 D DiagPropHandler: Successfully set property [AVM] = 0
03-17 18:53:30.115   400   452 D adayocomadapter-CommunicationManager: onUpstreamReceive mPropertyId 0x2141412f
03-17 18:53:30.115   400   452 D adayocomadapter-CommunicationManager: onUpstreamReceive isLoss 0 mPropertyId 0x2141412d
03-17 18:53:30.115   400   452 D adayocomadapter-CommunicationManager: convertBytesToInt32Memcpy  0
03-17 18:53:30.115   400   452 D vw-vhal : notifyVehicleProperty, propId = 0x2141412d, data = {status: 2, int32Values: [0]}
03-17 18:53:30.115   400   452 I vw-vhal : CanSignalsAdapter::notifyDiagProperty: propId = 0x2141412d, data = {status: 2, int32Values: [0]}
03-17 18:53:30.115   400   452 I DefaultVehicleHal_v2_0: DefaultVehicleHal::onPropertyValue, value:{.timestamp = 144062986015, .areaId = 0, .prop = 557924653, .status = AVAILABLE, .value = {.int32Values = [1]{0}, .floatValues = [0]{}, .int64Values = [0]{}, .bytes = [0]{}, .stringValue = ""}}
03-17 18:53:30.115   400   452 D DefaultVehicleHal_v2_0: onPropertyValue: Diagnostic config property: 0x2141412d
03-17 18:53:30.115   400   452 D DiagPropHandler: Processing request for prop: 0x2141412d, size: 1
03-17 18:53:30.116   703   703 W vendor.fawvw.hardware.persistenceservice: [64][PersistenceProxyReplier::setValue] setValue when server disconnect
03-17 18:53:30.116   703   703 I vendor.fawvw.hardware.persistenceservice: [49][PersistenceService::setValue]Receive aidl setValue:key is USS,value is 0,serviceid is 2
03-17 18:53:30.116   400   452 D DiagPropHandler: Successfully set property [USS] = 0
03-17 18:53:30.116   400   452 D adayocomadapter-CommunicationManager: onUpstreamReceive mPropertyId 0x2141412d
03-17 18:53:30.116   400   452 D adayocomadapter-CommunicationManager: onUpstreamReceive isLoss 0 mPropertyId 0x2141412b
03-17 18:53:30.116   400   452 D adayocomadapter-CommunicationManager: convertBytesToInt32Memcpy  0
03-17 18:53:30.116   400   452 D vw-vhal : notifyVehicleProperty, propId = 0x2141412b, data = {status: 2, int32Values: [0]}
03-17 18:53:30.116   400   452 I vw-vhal : CanSignalsAdapter::notifyDiagProperty: propId = 0x2141412b, data = {status: 2, int32Values: [0]}
03-17 18:53:30.116   400   452 I DefaultVehicleHal_v2_0: DefaultVehicleHal::onPropertyValue, value:{.timestamp = 144064368349, .areaId = 0, .prop = 557924651, .status = AVAILABLE, .value = {.int32Values = [1]{0}, .floatValues = [0]{}, .int64Values = [0]{}, .bytes = [0]{}, .stringValue = ""}}
03-17 18:53:30.116   400   452 D DefaultVehicleHal_v2_0: onPropertyValue: Diagnostic config property: 0x2141412b
03-17 18:53:30.117   400   452 D DiagPropHandler: Processing request for prop: 0x2141412b, size: 1
03-17 18:53:30.117   703   703 W vendor.fawvw.hardware.persistenceservice: [64][PersistenceProxyReplier::setValue] setValue when server disconnect
03-17 18:53:30.117   703   703 I vendor.fawvw.hardware.persistenceservice: [49][PersistenceService::setValue]Receive aidl setValue:key is HVAC_Seat_Heat,value is 0,serviceid is 2
03-17 18:53:30.117   400   452 D DiagPropHandler: Successfully set property [HVAC_Seat_Heat] = 0
03-17 18:53:30.117   400   452 D adayocomadapter-CommunicationManager: onUpstreamReceive mPropertyId 0x2141412b
03-17 18:53:30.117   400   452 D adayocomadapter-CommunicationManager: onUpstreamReceive isLoss 0 mPropertyId 0x21414111
03-17 18:53:30.117   400   452 D vw-vhal : notifyVehicleProperty, propId = 0x21414111, data = {status: 2, int32Values: [0, 0, 0]}
03-17 18:53:30.118   400   452 I vw-vhal : CanSignalsAdapter::notifyDiagProperty: propId = 0x21414111, data = {status: 2, int32Values: [0, 0, 0]}
03-17 18:53:30.118   400   452 I DefaultVehicleHal_v2_0: DefaultVehicleHal::onPropertyValue, value:{.timestamp = 144065633682, .areaId = 0, .prop = 557924625, .status = AVAILABLE, .value = {.int32Values = [3]{0, 0, 0}, .floatValues = [0]{}, .int64Values = [0]{}, .bytes = [0]{}, .stringValue = ""}}
03-17 18:53:30.118   400   452 D DefaultVehicleHal_v2_0: onPropertyValue: Diagnostic config property: 0x21414111
03-17 18:53:30.118   400   452 D DiagPropHandler: Processing request for prop: 0x21414111, size: 3
03-17 18:53:30.118   703   703 W vendor.fawvw.hardware.persistenceservice: [64][PersistenceProxyReplier::setValue] setValue when server disconnect
03-17 18:53:30.118   703   703 I vendor.fawvw.hardware.persistenceservice: [49][PersistenceService::setValue]Receive aidl setValue:key is Mode_Status,value is 0,serviceid is 2
03-17 18:53:30.119   400   452 D DiagPropHandler: Successfully set property [Mode_Status] = 0
03-17 18:53:30.119   400   452 D adayocomadapter-CommunicationManager: onUpstreamReceive mPropertyId 0x21414111
03-17 18:53:30.119   400   452 D adayocomadapter-CommunicationManager: onUpstreamReceive isLoss 0 mPropertyId 0x21414129
03-17 18:53:30.119   400   452 D adayocomadapter-CommunicationManager: convertBytesToInt32Memcpy  0
03-17 18:53:30.119   400   452 D vw-vhal : notifyVehicleProperty, propId = 0x21414129, data = {status: 2, int32Values: [0]}
03-17 18:53:30.119   400   452 I vw-vhal : CanSignalsAdapter::notifyDiagProperty: propId = 0x21414129, data = {status: 2, int32Values: [0]}
03-17 18:53:30.119   400   452 I DefaultVehicleHal_v2_0: DefaultVehicleHal::onPropertyValue, value:{.timestamp = 144067141015, .areaId = 0, .prop = 557924649, .status = AVAILABLE, .value = {.int32Values = [1]{0}, .floatValues = [0]{}, .int64Values = [0]{}, .bytes = [0]{}, .stringValue = ""}}
03-17 18:53:30.119   400   452 D DefaultVehicleHal_v2_0: onPropertyValue: Diagnostic config property: 0x21414129
03-17 18:53:30.119   400   452 D DiagPropHandler: Processing request for prop: 0x21414129, size: 1
03-17 18:53:30.120   703   703 W vendor.fawvw.hardware.persistenceservice: [64][PersistenceProxyReplier::setValue] setValue when server disconnect
03-17 18:53:30.120   703   703 I vendor.fawvw.hardware.persistenceservice: [49][PersistenceService::setValue]Receive aidl setValue:key is HVAC_Seat_Ventilation,value is 0,serviceid is 2
03-17 18:53:30.120   400   452 D DiagPropHandler: Successfully set property [HVAC_Seat_Ventilation] = 0
03-17 18:53:30.120   400   452 D adayocomadapter-CommunicationManager: onUpstreamReceive mPropertyId 0x21414129
03-17 18:53:30.120   400   452 D adayocomadapter-CommunicationManager: onUpstreamReceive isLoss 0 mPropertyId 0x2141410f
03-17 18:53:30.120   400   452 D vw-vhal : notifyVehicleProperty, propId = 0x2141410f, data = {status: 2, int32Values: [0, 0, 0]}
03-17 18:53:30.120   400   452 I vw-vhal : CanSignalsAdapter::notifyDiagProperty: propId = 0x2141410f, data = {status: 2, int32Values: [0, 0, 0]}
03-17 18:53:30.121   400   452 I DefaultVehicleHal_v2_0: DefaultVehicleHal::onPropertyValue, value:{.timestamp = 144068508682, .areaId = 0, .prop = 557924623, .status = AVAILABLE, .value = {.int32Values = [3]{0, 0, 0}, .floatValues = [0]{}, .int64Values = [0]{}, .bytes = [0]{}, .stringValue = ""}}
03-17 18:53:30.121   400   452 D DefaultVehicleHal_v2_0: onPropertyValue: Diagnostic config property: 0x2141410f
03-17 18:53:30.121   400   452 D DiagPropHandler: Processing request for prop: 0x2141410f, size: 3
03-17 18:53:30.121   703   703 W vendor.fawvw.hardware.persistenceservice: [64][PersistenceProxyReplier::setValue] setValue when server disconnect
03-17 18:53:30.121   703   703 I vendor.fawvw.hardware.persistenceservice: [49][PersistenceService::setValue]Receive aidl setValue:key is ABT_OFF,value is 0,serviceid is 2
03-17 18:53:30.121   400   452 D DiagPropHandler: Successfully set property [ABT_OFF] = 0
03-17 18:53:30.122   400   452 D DiagPropHandler: Set property [ABT_OFF] = 0
03-17 18:53:30.122   703   703 I vendor.fawvw.hardware.persistenceservice: [194][persistence_client_library_prct_access::get_db_context] key reserved1 is not in RCT,will be stored in cached
03-17 18:53:30.122   703   703 W vendor.fawvw.hardware.persistenceservice: [64][PersistenceProxyReplier::setValue] setValue when server disconnect
03-17 18:53:30.122   703   703 I vendor.fawvw.hardware.persistenceservice: [49][PersistenceService::setValue]Receive aidl setValue:key is reserved1,value is 0,serviceid is 2
03-17 18:53:30.122   400   452 D DiagPropHandler: Successfully set property [reserved1] = 0
03-17 18:53:30.122   400   452 D DiagPropHandler: Set property [reserved1] = 0
03-17 18:53:30.123   703   703 W vendor.fawvw.hardware.persistenceservice: [64][PersistenceProxyReplier::setValue] setValue when server disconnect
03-17 18:53:30.123   703   703 I vendor.fawvw.hardware.persistenceservice: [49][PersistenceService::setValue]Receive aidl setValue:key is SDS_Car_control,value is 0,serviceid is 2
03-17 18:53:30.123  2383  2600 D AdayoDoipServer294_Doip: [ne_doip_event_loop_dispatch][line:141] : count = 0
03-17 18:53:30.123   400   452 D DiagPropHandler: Successfully set property [SDS_Car_control] = 0
03-17 18:53:30.123   400   452 D DiagPropHandler: Set property [SDS_Car_control] = 0
03-17 18:53:30.124   703   703 W vendor.fawvw.hardware.persistenceservice: [64][PersistenceProxyReplier::setValue] setValue when server disconnect
03-17 18:53:30.124   703   703 I vendor.fawvw.hardware.persistenceservice: [49][PersistenceService::setValue]Receive aidl setValue:key is Remote_Car_Control,value is 0,serviceid is 2
03-17 18:53:30.124   400   452 D DiagPropHandler: Successfully set property [Remote_Car_Control] = 0
03-17 18:53:30.124   400   452 D DiagPropHandler: Set property [Remote_Car_Control] = 0
03-17 18:53:30.124   703   703 W vendor.fawvw.hardware.persistenceservice: [64][PersistenceProxyReplier::setValue] setValue when server disconnect
03-17 18:53:30.125   703   703 I vendor.fawvw.hardware.persistenceservice: [49][PersistenceService::setValue]Receive aidl setValue:key is Esound_Audio_Play,value is 0,serviceid is 2
03-17 18:53:30.125   400   452 D DiagPropHandler: Successfully set property [Esound_Audio_Play] = 0
03-17 18:53:30.125   400   452 D DiagPropHandler: Set property [Esound_Audio_Play] = 0
03-17 18:53:30.125   703   703 I vendor.fawvw.hardware.persistenceservice: [194][persistence_client_library_prct_access::get_db_context] key reserved is not in RCT,will be stored in cached
03-17 18:53:30.126   703   703 W vendor.fawvw.hardware.persistenceservice: [64][PersistenceProxyReplier::setValue] setValue when server disconnect
03-17 18:53:30.126   703   703 I vendor.fawvw.hardware.persistenceservice: [49][PersistenceService::setValue]Receive aidl setValue:key is reserved,value is 0,serviceid is 2
03-17 18:53:30.126   400   452 D DiagPropHandler: Successfully set property [reserved] = 0
03-17 18:53:30.126   400   452 D DiagPropHandler: Set property [reserved] = 0
03-17 18:53:30.126   703   703 W vendor.fawvw.hardware.persistenceservice: [64][PersistenceProxyReplier::setValue] setValue when server disconnect
03-17 18:53:30.127   703   703 I vendor.fawvw.hardware.persistenceservice: [49][PersistenceService::setValue]Receive aidl setValue:key is Audio_System,value is 0,serviceid is 2
03-17 18:53:30.127   400   452 D DiagPropHandler: Successfully set property [Audio_System] = 0
03-17 18:53:30.127   400   452 D DiagPropHandler: Set property [Audio_System] = 0
03-17 18:53:30.127   703   703 W vendor.fawvw.hardware.persistenceservice: [64][PersistenceProxyReplier::setValue] setValue when server disconnect
03-17 18:53:30.127   703   703 I vendor.fawvw.hardware.persistenceservice: [49][PersistenceService::setValue]Receive aidl setValue:key is WLC,value is 0,serviceid is 2
03-17 18:53:30.127   400   452 D DiagPropHandler: Successfully set property [WLC] = 0
03-17 18:53:30.128   400   452 D DiagPropHandler: Set property [WLC] = 0
03-17 18:53:30.128   703   703 I vendor.fawvw.hardware.persistenceservice: [194][persistence_client_library_prct_access::get_db_context] key Reserved is not in RCT,will be stored in cached
