03-17 18:53:33.476   400   452 D adayocomadapter-ParseProtocolFunc: printRaWMsg Name[IPCLtoVHAL] len[7] data[2140213E000100]
03-17 18:53:33.476   400   452 D adayocomadapter-ParseProtocolFunc: printRaWMsg Name[IPCLtoVHAL] len[7] data[2140214A000000]
03-17 18:53:33.476   400   452 D adayocomadapter-CommunicationManager: onUpstreamReceive isLoss 0 mPropertyId 0x2140213f
03-17 18:53:33.476   400   452 D adayocomadapter-CommunicationManager: convertBytesToInt32Memcpy  0
03-17 18:53:33.476   400   452 D vw-vhal : notifyVehicleProperty, propId = 0x2140213f, data = {status: 2, int32Values: [0]}
03-17 18:53:33.476   400   452 I DefaultVehicleHal_v2_0: DefaultVehicleHal::onPropertyValue, value:{.timestamp = 147423766016, .areaId = 0, .prop = 557850943, .status = AVAILABLE, .value = {.int32Values = [1]{0}, .floatValues = [0]{}, .int64Values = [0]{}, .bytes = [0]{}, .stringValue = ""}}
03-17 18:53:33.476   400   452 D adayocomadapter-CommunicationManager: onUpstreamReceive mPropertyId 0x2140213f
03-17 18:53:33.476   400   452 D adayocomadapter-CommunicationManager: onUpstreamReceive isLoss 0 mPropertyId 0x21402140
03-17 18:53:33.476   400   452 D adayocomadapter-CommunicationManager: convertBytesToInt32Memcpy  0
03-17 18:53:33.476   400   452 D vw-vhal : notifyVehicleProperty, propId = 0x21402140, data = {status: 2, int32Values: [0]}
03-17 18:53:33.476   400   452 I DefaultVehicleHal_v2_0: DefaultVehicleHal::onPropertyValue, value:{.timestamp = 147424025349, .areaId = 0, .prop = 557850944, .status = AVAILABLE, .value = {.int32Values = [1]{0}, .floatValues = [0]{}, .int64Values = [0]{}, .bytes = [0]{}, .stringValue = ""}}
03-17 18:53:33.476   400   452 D adayocomadapter-CommunicationManager: onUpstreamReceive mPropertyId 0x21402140
03-17 18:53:33.476   400   452 D adayocomadapter-CommunicationManager: onUpstreamReceive isLoss 1 mPropertyId 0x214021ca
03-17 18:53:33.476   400   452 D adayocomadapter-CommunicationManager: convertBytesToInt32Memcpy  0
03-17 18:53:33.476   400   452 D vw-vhal : notifyVehicleProperty, propId = 0x214021ca, data = {status: 3, int32Values: [0]}
03-17 18:53:33.476   400   452 I DefaultVehicleHal_v2_0: DefaultVehicleHal::onPropertyValue, value:{.timestamp = 147424257016, .areaId = 0, .prop = 557851082, .status = UNAVAILABLE, .value = {.int32Values = [1]{0}, .floatValues = [0]{}, .int64Values = [0]{}, .bytes = [0]{}, .stringValue = ""}}
03-17 18:53:33.476   400   452 D adayocomadapter-CommunicationManager: onUpstreamReceive mPropertyId 0x214021ca
03-17 18:53:33.476   400   452 D adayocomadapter-CommunicationManager: onUpstreamReceive isLoss 0 mPropertyId 0x2140214b
03-17 18:53:33.476   400   452 D adayocomadapter-CommunicationManager: convertBytesToInt32Memcpy  0
03-17 18:53:33.476   400   452 D vw-vhal : notifyVehicleProperty, propId = 0x2140214b, data = {status: 2, int32Values: [0]}
03-17 18:53:33.476   400   452 I DefaultVehicleHal_v2_0: DefaultVehicleHal::onPropertyValue, value:{.timestamp = 147424501016, .areaId = 0, .prop = 557850955, .status = AVAILABLE, .value = {.int32Values = [1]{0}, .floatValues = [0]{}, .int64Values = [0]{}, .bytes = [0]{}, .stringValue = ""}}
03-17 18:53:33.477   400   452 D adayocomadapter-CommunicationManager: onUpstreamReceive mPropertyId 0x2140214b
03-17 18:53:33.477   400   452 D adayocomadapter-CommunicationManager: onUpstreamReceive isLoss 0 mPropertyId 0x21402141
03-17 18:53:33.477   400   452 D adayocomadapter-CommunicationManager: convertBytesToInt32Memcpy  0
03-17 18:53:33.477   400   452 D vw-vhal : notifyVehicleProperty, propId = 0x21402141, data = {status: 2, int32Values: [0]}
03-17 18:53:33.477   400   452 I DefaultVehicleHal_v2_0: DefaultVehicleHal::onPropertyValue, value:{.timestamp = 147424734349, .areaId = 0, .prop = 557850945, .status = AVAILABLE, .value = {.int32Values = [1]{0}, .floatValues = [0]{}, .int64Values = [0]{}, .bytes = [0]{}, .stringValue = ""}}
03-17 18:53:33.477   400   452 D adayocomadapter-CommunicationManager: onUpstreamReceive mPropertyId 0x21402141
03-17 18:53:33.477   400   452 D adayocomadapter-CommunicationManager: onUpstreamReceive isLoss 0 mPropertyId 0x21402142
03-17 18:53:33.477   400   452 D adayocomadapter-CommunicationManager: convertBytesToInt32Memcpy  0
03-17 18:53:33.477   400   452 D vw-vhal : notifyVehicleProperty, propId = 0x21402142, data = {status: 2, int32Values: [0]}
03-17 18:53:33.477   400   452 I DefaultVehicleHal_v2_0: DefaultVehicleHal::onPropertyValue, value:{.timestamp = 147424937682, .areaId = 0, .prop = 557850946, .status = AVAILABLE, .value = {.int32Values = [1]{0}, .floatValues = [0]{}, .int64Values = [0]{}, .bytes = [0]{}, .stringValue = ""}}
03-17 18:53:33.477   400   452 D adayocomadapter-CommunicationManager: onUpstreamReceive mPropertyId 0x21402142
03-17 18:53:33.477   400   452 D adayocomadapter-CommunicationManager: onUpstreamReceive isLoss 0 mPropertyId 0x21412144
03-17 18:53:33.477   400   452 D vw-vhal : notifyVehicleProperty, propId = 0x21412144, data = {status: 2, int32Values: [0, 0]}
03-17 18:53:33.477   400   452 I DefaultVehicleHal_v2_0: DefaultVehicleHal::onPropertyValue, value:{.timestamp = 147425127016, .areaId = 0, .prop = 557916484, .status = AVAILABLE, .value = {.int32Values = [2]{0, 0}, .floatValues = [0]{}, .int64Values = [0]{}, .bytes = [0]{}, .stringValue = ""}}
03-17 18:53:33.477   400   452 D adayocomadapter-CommunicationManager: onUpstreamReceive mPropertyId 0x21412144
03-17 18:53:33.477   400   452 D adayocomadapter-CommunicationManager: onUpstreamReceive isLoss 0 mPropertyId 0x2140214d
03-17 18:53:33.477   400   452 D adayocomadapter-CommunicationManager: convertBytesToInt32Memcpy  0
03-17 18:53:33.477   400   452 D vw-vhal : notifyVehicleProperty, propId = 0x2140214d, data = {status: 2, int32Values: [0]}
03-17 18:53:33.477   400   452 I DefaultVehicleHal_v2_0: DefaultVehicleHal::onPropertyValue, value:{.timestamp = 147425326682, .areaId = 0, .prop = 557850957, .status = AVAILABLE, .value = {.int32Values = [1]{0}, .floatValues = [0]{}, .int64Values = [0]{}, .bytes = [0]{}, .stringValue = ""}}
03-17 18:53:33.477   400   452 D adayocomadapter-CommunicationManager: onUpstreamReceive mPropertyId 0x2140214d
03-17 18:53:33.477   400   452 D adayocomadapter-CommunicationManager: onUpstreamReceive isLoss 0 mPropertyId 0x214021d7
03-17 18:53:33.477   400   452 D adayocomadapter-CommunicationManager: convertBytesToInt32Memcpy  0
03-17 18:53:33.477   400   452 D vw-vhal : notifyVehicleProperty, propId = 0x214021d7, data = {status: 2, int32Values: [0]}
03-17 18:53:33.478   400   452 I DefaultVehicleHal_v2_0: DefaultVehicleHal::onPropertyValue, value:{.timestamp = 147425532349, .areaId = 0, .prop = 557851095, .status = AVAILABLE, .value = {.int32Values = [1]{0}, .floatValues = [0]{}, .int64Values = [0]{}, .bytes = [0]{}, .stringValue = ""}}
03-17 18:53:33.478   400   452 D adayocomadapter-CommunicationManager: onUpstreamReceive mPropertyId 0x214021d7
03-17 18:53:33.478   400   452 D adayocomadapter-CommunicationManager: onUpstreamReceive isLoss 0 mPropertyId 0x21402143
03-17 18:53:33.478   400   452 D adayocomadapter-CommunicationManager: convertBytesToInt32Memcpy  0
03-17 18:53:33.478   400   452 D vw-vhal : notifyVehicleProperty, propId = 0x21402143, data = {status: 2, int32Values: [0]}
03-17 18:53:33.478   400   452 I DefaultVehicleHal_v2_0: DefaultVehicleHal::onPropertyValue, value:{.timestamp = 147425740349, .areaId = 0, .prop = 557850947, .status = AVAILABLE, .value = {.int32Values = [1]{0}, .floatValues = [0]{}, .int64Values = [0]{}, .bytes = [0]{}, .stringValue = ""}}
03-17 18:53:33.478   400   452 D adayocomadapter-CommunicationManager: onUpstreamReceive mPropertyId 0x21402143
03-17 18:53:33.478   400   452 D adayocomadapter-CommunicationManager: onUpstreamReceive isLoss 0 mPropertyId 0x21412145
03-17 18:53:33.478   400   452 D vw-vhal : notifyVehicleProperty, propId = 0x21412145, data = {status: 2, int32Values: [0, 0]}
03-17 18:53:33.478   400   452 I DefaultVehicleHal_v2_0: DefaultVehicleHal::onPropertyValue, value:{.timestamp = 147425919682, .areaId = 0, .prop = 557916485, .status = AVAILABLE, .value = {.int32Values = [2]{0, 0}, .floatValues = [0]{}, .int64Values = [0]{}, .bytes = [0]{}, .stringValue = ""}}
03-17 18:53:33.478   400   452 D adayocomadapter-CommunicationManager: onUpstreamReceive mPropertyId 0x21412145
03-17 18:53:33.478   400   452 D adayocomadapter-CommunicationManager: onUpstreamReceive isLoss 0 mPropertyId 0x21402146
03-17 18:53:33.478   400   452 D adayocomadapter-CommunicationManager: convertBytesToInt32Memcpy  0
03-17 18:53:33.478   400   452 D vw-vhal : notifyVehicleProperty, propId = 0x21402146, data = {status: 2, int32Values: [0]}
03-17 18:53:33.478   400   452 I DefaultVehicleHal_v2_0: DefaultVehicleHal::onPropertyValue, value:{.timestamp = 147426109682, .areaId = 0, .prop = 557850950, .status = AVAILABLE, .value = {.int32Values = [1]{0}, .floatValues = [0]{}, .int64Values = [0]{}, .bytes = [0]{}, .stringValue = ""}}
03-17 18:53:33.478   400   452 D adayocomadapter-CommunicationManager: onUpstreamReceive mPropertyId 0x21402146
03-17 18:53:33.478   400   452 D adayocomadapter-CommunicationManager: onUpstreamReceive isLoss 0 mPropertyId 0x21402147
03-17 18:53:33.478   400   452 D adayocomadapter-CommunicationManager: convertBytesToInt32Memcpy  0
03-17 18:53:33.478   400   452 D vw-vhal : notifyVehicleProperty, propId = 0x21402147, data = {status: 2, int32Values: [0]}
03-17 18:53:33.478   400   452 I DefaultVehicleHal_v2_0: DefaultVehicleHal::onPropertyValue, value:{.timestamp = 147426308682, .areaId = 0, .prop = 557850951, .status = AVAILABLE, .value = {.int32Values = [1]{0}, .floatValues = [0]{}, .int64Values = [0]{}, .bytes = [0]{}, .stringValue = ""}}
03-17 18:53:33.478   400   452 D adayocomadapter-CommunicationManager: onUpstreamReceive mPropertyId 0x21402147
03-17 18:53:33.478   400   452 D adayocomadapter-CommunicationManager: onUpstreamReceive isLoss 0 mPropertyId 0x21402148
03-17 18:53:33.478   400   452 D adayocomadapter-CommunicationManager: convertBytesToInt32Memcpy  0
03-17 18:53:33.478   400   452 D vw-vhal : notifyVehicleProperty, propId = 0x21402148, data = {status: 2, int32Values: [0]}
03-17 18:53:33.478   400   452 I DefaultVehicleHal_v2_0: DefaultVehicleHal::onPropertyValue, value:{.timestamp = 147426502016, .areaId = 0, .prop = 557850952, .status = AVAILABLE, .value = {.int32Values = [1]{0}, .floatValues = [0]{}, .int64Values = [0]{}, .bytes = [0]{}, .stringValue = ""}}
03-17 18:53:33.479   400   452 D adayocomadapter-CommunicationManager: onUpstreamReceive mPropertyId 0x21402148
03-17 18:53:33.479   400   452 D adayocomadapter-CommunicationManager: onUpstreamReceive isLoss 0 mPropertyId 0x21402149
03-17 18:53:33.479   400   452 D adayocomadapter-CommunicationManager: convertBytesToInt32Memcpy  0
03-17 18:53:33.479   400   452 D vw-vhal : notifyVehicleProperty, propId = 0x21402149, data = {status: 2, int32Values: [0]}
03-17 18:53:33.479   400   452 I DefaultVehicleHal_v2_0: DefaultVehicleHal::onPropertyValue, value:{.timestamp = 147426690016, .areaId = 0, .prop = 557850953, .status = AVAILABLE, .value = {.int32Values = [1]{0}, .floatValues = [0]{}, .int64Values = [0]{}, .bytes = [0]{}, .stringValue = ""}}
03-17 18:53:33.479   400   452 D adayocomadapter-CommunicationManager: onUpstreamReceive mPropertyId 0x21402149
03-17 18:53:33.479   400   452 D adayocomadapter-CommunicationManager: onUpstreamReceive isLoss 0 mPropertyId 0x2140214f
03-17 18:53:33.479   400   452 D adayocomadapter-CommunicationManager: convertBytesToInt32Memcpy  0
03-17 18:53:33.479   400   452 D vw-vhal : notifyVehicleProperty, propId = 0x2140214f, data = {status: 2, int32Values: [0]}
03-17 18:53:33.479   400   452 I DefaultVehicleHal_v2_0: DefaultVehicleHal::onPropertyValue, value:{.timestamp = 147426873682, .areaId = 0, .prop = 557850959, .status = AVAILABLE, .value = {.int32Values = [1]{0}, .floatValues = [0]{}, .int64Values = [0]{}, .bytes = [0]{}, .stringValue = ""}}
03-17 18:53:33.479   400   452 D adayocomadapter-CommunicationManager: onUpstreamReceive mPropertyId 0x2140214f
03-17 18:53:33.479   400   452 D adayocomadapter-CommunicationManager: onUpstreamReceive isLoss 0 mPropertyId 0x21402150
03-17 18:53:33.479   400   452 D adayocomadapter-CommunicationManager: convertBytesToInt32Memcpy  0
03-17 18:53:33.479   400   452 D vw-vhal : notifyVehicleProperty, propId = 0x21402150, data = {status: 2, int32Values: [0]}
03-17 18:53:33.479   400   452 I DefaultVehicleHal_v2_0: DefaultVehicleHal::onPropertyValue, value:{.timestamp = 147427058016, .areaId = 0, .prop = 557850960, .status = AVAILABLE, .value = {.int32Values = [1]{0}, .floatValues = [0]{}, .int64Values = [0]{}, .bytes = [0]{}, .stringValue = ""}}
03-17 18:53:33.479   400   452 D adayocomadapter-CommunicationManager: onUpstreamReceive mPropertyId 0x21402150
03-17 18:53:33.479   400   452 D adayocomadapter-CommunicationManager: onUpstreamReceive isLoss 0 mPropertyId 0x21402151
03-17 18:53:33.479   400   452 D adayocomadapter-CommunicationManager: convertBytesToInt32Memcpy  0
03-17 18:53:33.479   400   452 D vw-vhal : notifyVehicleProperty, propId = 0x21402151, data = {status: 2, int32Values: [0]}
03-17 18:53:33.479   400   452 I DefaultVehicleHal_v2_0: DefaultVehicleHal::onPropertyValue, value:{.timestamp = 147427241349, .areaId = 0, .prop = 557850961, .status = AVAILABLE, .value = {.int32Values = [1]{0}, .floatValues = [0]{}, .int64Values = [0]{}, .bytes = [0]{}, .stringValue = ""}}
03-17 18:53:33.479   400   452 D adayocomadapter-CommunicationManager: onUpstreamReceive mPropertyId 0x21402151
03-17 18:53:33.479   400   452 D adayocomadapter-CommunicationManager: onUpstreamReceive isLoss 1 mPropertyId 0x2140213d
03-17 18:53:33.479   400   452 D adayocomadapter-CommunicationManager: convertBytesToInt32Memcpy  0
03-17 18:53:33.479   400   452 D vw-vhal : notifyVehicleProperty, propId = 0x2140213d, data = {status: 3, int32Values: [0]}
03-17 18:53:33.479   400   452 I DefaultVehicleHal_v2_0: DefaultVehicleHal::onPropertyValue, value:{.timestamp = 147427426016, .areaId = 0, .prop = 557850941, .status = UNAVAILABLE, .value = {.int32Values = [1]{0}, .floatValues = [0]{}, .int64Values = [0]{}, .bytes = [0]{}, .stringValue = ""}}
03-17 18:53:33.479   400   452 D adayocomadapter-CommunicationManager: onUpstreamReceive mPropertyId 0x2140213d
03-17 18:53:33.479   400   452 D adayocomadapter-CommunicationManager: onUpstreamReceive isLoss 1 mPropertyId 0x2140213e
03-17 18:53:33.480   400   452 D adayocomadapter-CommunicationManager: convertBytesToInt32Memcpy  0
03-17 18:53:33.480   400   452 D vw-vhal : notifyVehicleProperty, propId = 0x2140213e, data = {status: 3, int32Values: [0]}
03-17 18:53:33.480   400   452 I DefaultVehicleHal_v2_0: DefaultVehicleHal::onPropertyValue, value:{.timestamp = 147427652349, .areaId = 0, .prop = 557850942, .status = UNAVAILABLE, .value = {.int32Values = [1]{0}, .floatValues = [0]{}, .int64Values = [0]{}, .bytes = [0]{}, .stringValue = ""}}
03-17 18:53:33.480   400   452 D adayocomadapter-CommunicationManager: onUpstreamReceive mPropertyId 0x2140213e
03-17 18:53:33.480   400   452 D adayocomadapter-CommunicationManager: onUpstreamReceive isLoss 0 mPropertyId 0x2140214a
03-17 18:53:33.480   400   452 D adayocomadapter-CommunicationManager: convertBytesToInt32Memcpy  0
03-17 18:53:33.480   400   452 D vw-vhal : notifyVehicleProperty, propId = 0x2140214a, data = {status: 2, int32Values: [0]}
03-17 18:53:33.480   400   452 I DefaultVehicleHal_v2_0: DefaultVehicleHal::onPropertyValue, value:{.timestamp = 147427886682, .areaId = 0, .prop = 557850954, .status = AVAILABLE, .value = {.int32Values = [1]{0}, .floatValues = [0]{}, .int64Values = [0]{}, .bytes = [0]{}, .stringValue = ""}}
03-17 18:53:33.480   400   452 D adayocomadapter-CommunicationManager: onUpstreamReceive mPropertyId 0x2140214a
03-17 18:53:33.480  6654  6700 D TimerTriggerManager: init instance...
03-17 18:53:33.480  6654  6700 D TimerTriggerManager: Timer thread'TimerTriggerManager' is destroyed: false
03-17 18:53:33.480  6654  6700 D TimerTriggerManager: Timer 'onIndcnVehSpdChanged' is running: true
03-17 18:53:33.480  6654  6700 D TimerTriggerManager: Sending reset signal to timer 'onIndcnVehSpdChanged'
03-17 18:53:33.480  6654  6700 D TimerTriggerManager: Reset signal sent to timer 'onIndcnVehSpdChanged'
03-17 18:53:33.480  6654  6707 D TimerTriggerController: Reset method called for timer: onIndcnVehSpdChanged
03-17 18:53:33.480  6654  6707 D TimerTriggerController: Calling onTimerReset for timer: onIndcnVehSpdChanged
03-17 18:53:33.480  6654  6707 D TimerTriggerManager: Timer reset: onIndcnVehSpdChanged
03-17 18:53:33.481  6654  6707 I TimerTriggerController: Timer [onIndcnVehSpdChanged] reset, remaining: 1000ms, reset count: 993
03-17 18:53:33.490   642   685 I mcuc    : sd Uart data : 6AA602058600029202DD
03-17 18:53:33.496   642   685 I mcuc    : rev uart=1488,len=57, data : 6AA68105860031920200114C465630314C5954455354564C4E30333000000000000000000000007F000100000000000007FE000101010101E3
03-17 18:53:33.496   400   400 D adayocomadapter-ParseProtocolFunc: printRaWMsg Name[MCUToUPstream recv] len[49] data[920200114C465630314C5954455354564C4E30333000000000000000000000007F000100000000000007FE000101010101]
03-17 18:53:33.496   400   400 D adayocomadapter-CommunicationManager: onUpstreamback   member[0] dataLength[46] timePoint[147443]
03-17 18:53:33.496   400   400 D adayocomadapter-ParseProtocolFunc: printRaWMsg Name[onUpstreamback] len[46] data[114C465630314C5954455354564C4E30333000000000000000000000007F000100000000000007FE000101010101]
03-17 18:53:33.496   400   452 D adayocomadapter-UpstreamHandler: processBeforePacket upSreamtProcessTimePoint[147443] 
03-17 18:53:33.496   400   452 D adayocomadapter-UpstreamHandler: processPacket UPSTREAM_QUEUE_DATA_TIMEOUT
03-17 18:53:33.496   400   452 D adayocomadapter-ParseProtocolFunc: parseCommonIPCLBytes Processing tableNumber[17]
03-17 18:53:33.496   400   452 D adayocomadapter-ParseProtocolFunc: parseCommonIPCLBytes Processing tablename[Table-17] tableSize[46]
03-17 18:53:33.496   400   452 D adayocomadapter-ParseProtocolFunc: printRaWMsg Name[byteStream recv] len[46] data[114C465630314C5954455354564C4E30333000000000000000000000007F000100000000000007FE000101010101]
03-17 18:53:33.496   400   452 D adayocomadapter-ParseProtocolFunc: printRaWMsg Name[IPCLtoVHAL] len[23] data[2110204701014C465630314C5954455354564C4E303330]
03-17 18:53:33.496   400   452 D adayocomadapter-ParseProtocolFunc: printRaWMsg Name[IPCLtoVHAL] len[7] data[21402013000100]
03-17 18:53:33.497   400   452 D adayocomadapter-ParseProtocolFunc: printRaWMsg Name[IPCLtoVHAL] len[7] data[2140216C000100]
03-17 18:53:33.497   400   452 D adayocomadapter-ParseProtocolFunc: printRaWMsg Name[IPCLtoVHAL] len[7] data[214020A6000100]
03-17 18:53:33.497   400   452 D adayocomadapter-ParseProtocolFunc: printRaWMsg Name[IPCLtoVHAL] len[7] data[214020FC000100]
03-17 18:53:33.497   400   452 D adayocomadapter-ParseProtocolFunc: printRaWMsg Name[IPCLtoVHAL] len[7] data[21402108000100]
03-17 18:53:33.497   400   452 D adayocomadapter-ParseProtocolFunc: printRaWMsg Name[IPCLtoVHAL] len[7] data[2140210A000100]
03-17 18:53:33.497   400   452 D adayocomadapter-ParseProtocolFunc: printRaWMsg Name[IPCLtoVHAL] len[7] data[2140202400017F]
03-17 18:53:33.497   400   452 D adayocomadapter-ParseProtocolFunc: printRaWMsg Name[IPCLtoVHAL] len[7] data[21402120000100]
03-17 18:53:33.497   400   452 D adayocomadapter-ParseProtocolFunc: printRaWMsg Name[IPCLtoVHAL] len[7] data[21402109000100]
03-17 18:53:33.497   400   452 D adayocomadapter-ParseProtocolFunc: printRaWMsg Name[IPCLtoVHAL] len[7] data[214020A7000100]
03-17 18:53:33.497   400   452 D adayocomadapter-ParseProtocolFunc: printRaWMsg Name[IPCLtoVHAL] len[7] data[2140212E000100]
03-17 18:53:33.497   400   452 D adayocomadapter-ParseProtocolFunc: printRaWMsg Name[IPCLtoVHAL] len[7] data[2140205F000100]
03-17 18:53:33.497   400   452 D adayocomadapter-ParseProtocolFunc: printRaWMsg Name[IPCLtoVHAL] len[7] data[21402100000100]
03-17 18:53:33.497   400   452 D adayocomadapter-ParseProtocolFunc: printRaWMsg Name[IPCLtoVHAL] len[8] data[214021A1000107FE]
03-17 18:53:33.497   400   452 D adayocomadapter-ParseProtocolFunc: printRaWMsg Name[IPCLtoVHAL] len[7] data[21402027000100]
03-17 18:53:33.497   400   452 D adayocomadapter-ParseProtocolFunc: printRaWMsg Name[IPCLtoVHAL] len[7] data[21402180000100]
03-17 18:53:33.497   400   452 D adayocomadapter-ParseProtocolFunc: printRaWMsg Name[IPCLtoVHAL] len[7] data[2140210B000100]
03-17 18:53:33.497   400   452 D adayocomadapter-ParseProtocolFunc: printRaWMsg Name[IPCLtoVHAL] len[7] data[2140217E000100]
03-17 18:53:33.497   400   452 D adayocomadapter-ParseProtocolFunc: printRaWMsg Name[IPCLtoVHAL] len[7] data[214020FE000101]
03-17 18:53:33.497   400   452 D adayocomadapter-ParseProtocolFunc: printRaWMsg Name[IPCLtoVHAL] len[7] data[214020FF000100]
03-17 18:53:33.497   400   452 D adayocomadapter-ParseProtocolFunc: printRaWMsg Name[IPCLtoVHAL] len[7] data[21402182000100]
03-17 18:53:33.497   400   452 D adayocomadapter-ParseProtocolFunc: printRaWMsg Name[IPCLtoVHAL] len[7] data[2140210C000100]
03-17 18:53:33.497   400   452 D adayocomadapter-CommunicationManager: onUpstreamReceive isLoss 1 mPropertyId 0x21102047
03-17 18:53:33.497   400   452 D adayocomadapter-CommunicationManager: byteArrayToHexString  LFV01LYTESTVLN030
03-17 18:53:33.497   400   452 D vw-vhal : notifyVehicleProperty, propId = 0x21102047, data = {status: 3, stringValue: "LFV01LYTESTVLN030"}
03-17 18:53:33.497   400   452 I DefaultVehicleHal_v2_0: DefaultVehicleHal::onPropertyValue, value:{.timestamp = 147445399682, .areaId = 0, .prop = 554704967, .status = UNAVAILABLE, .value = {.int32Values = [0]{}, .floatValues = [0]{}, .int64Values = [0]{}, .bytes = [0]{}, .stringValue = "LFV01LYTESTVLN030"}}
03-17 18:53:33.497   400   452 D adayocomadapter-CommunicationManager: onUpstreamReceive mPropertyId 0x21102047
03-17 18:53:33.497   400   452 D adayocomadapter-CommunicationManager: onUpstreamReceive isLoss 1 mPropertyId 0x21402013
03-17 18:53:33.498   400   452 D adayocomadapter-CommunicationManager: convertBytesToInt32Memcpy  0
03-17 18:53:33.498   400   452 D vw-vhal : notifyVehicleProperty, propId = 0x21402013, data = {status: 3, int32Values: [0]}
03-17 18:53:33.498   400   452 I DefaultVehicleHal_v2_0: DefaultVehicleHal::onPropertyValue, value:{.timestamp = 147445640682, .areaId = 0, .prop = 557850643, .status = UNAVAILABLE, .value = {.int32Values = [1]{0}, .floatValues = [0]{}, .int64Values = [0]{}, .bytes = [0]{}, .stringValue = ""}}
03-17 18:53:33.498   400   452 D adayocomadapter-CommunicationManager: onUpstreamReceive mPropertyId 0x21402013
03-17 18:53:33.498   400   452 D adayocomadapter-CommunicationManager: onUpstreamReceive isLoss 1 mPropertyId 0x2140216c
03-17 18:53:33.498   400   452 D adayocomadapter-CommunicationManager: convertBytesToInt32Memcpy  0
03-17 18:53:33.498   400   452 D vw-vhal : notifyVehicleProperty, propId = 0x2140216c, data = {status: 3, int32Values: [0]}
03-17 18:53:33.498   400   452 I DefaultVehicleHal_v2_0: DefaultVehicleHal::onPropertyValue, value:{.timestamp = 147445863349, .areaId = 0, .prop = 557850988, .status = UNAVAILABLE, .value = {.int32Values = [1]{0}, .floatValues = [0]{}, .int64Values = [0]{}, .bytes = [0]{}, .stringValue = ""}}
03-17 18:53:33.498   400   452 D adayocomadapter-CommunicationManager: onUpstreamReceive mPropertyId 0x2140216c
03-17 18:53:33.498   400   452 D adayocomadapter-CommunicationManager: onUpstreamReceive isLoss 1 mPropertyId 0x214020a6
03-17 18:53:33.498   400   452 D adayocomadapter-CommunicationManager: convertBytesToInt32Memcpy  0
03-17 18:53:33.498   400   452 D vw-vhal : notifyVehicleProperty, propId = 0x214020a6, data = {status: 3, int32Values: [0]}
03-17 18:53:33.498   400   452 I DefaultVehicleHal_v2_0: DefaultVehicleHal::onPropertyValue, value:{.timestamp = 147446077016, .areaId = 0, .prop = 557850790, .status = UNAVAILABLE, .value = {.int32Values = [1]{0}, .floatValues = [0]{}, .int64Values = [0]{}, .bytes = [0]{}, .stringValue = ""}}
03-17 18:53:33.498   400   452 D adayocomadapter-CommunicationManager: onUpstreamReceive mPropertyId 0x214020a6
03-17 18:53:33.498   400   452 D adayocomadapter-CommunicationManager: onUpstreamReceive isLoss 1 mPropertyId 0x214020fc
03-17 18:53:33.498   400   452 D adayocomadapter-CommunicationManager: convertBytesToInt32Memcpy  0
03-17 18:53:33.498   400   452 D vw-vhal : notifyVehicleProperty, propId = 0x214020fc, data = {status: 3, int32Values: [0]}
03-17 18:53:33.498   400   452 I DefaultVehicleHal_v2_0: DefaultVehicleHal::onPropertyValue, value:{.timestamp = 147446300682, .areaId = 0, .prop = 557850876, .status = UNAVAILABLE, .value = {.int32Values = [1]{0}, .floatValues = [0]{}, .int64Values = [0]{}, .bytes = [0]{}, .stringValue = ""}}
03-17 18:53:33.498   400   452 D adayocomadapter-CommunicationManager: onUpstreamReceive mPropertyId 0x214020fc
03-17 18:53:33.498   400   452 D adayocomadapter-CommunicationManager: onUpstreamReceive isLoss 1 mPropertyId 0x21402108
03-17 18:53:33.498   400   452 D adayocomadapter-CommunicationManager: convertBytesToInt32Memcpy  0
03-17 18:53:33.498   400   452 D vw-vhal : notifyVehicleProperty, propId = 0x21402108, data = {status: 3, int32Values: [0]}
03-17 18:53:33.498   400   452 I DefaultVehicleHal_v2_0: DefaultVehicleHal::onPropertyValue, value:{.timestamp = 147446515016, .areaId = 0, .prop = 557850888, .status = UNAVAILABLE, .value = {.int32Values = [1]{0}, .floatValues = [0]{}, .int64Values = [0]{}, .bytes = [0]{}, .stringValue = ""}}
03-17 18:53:33.499   400   452 D adayocomadapter-CommunicationManager: onUpstreamReceive mPropertyId 0x21402108
03-17 18:53:33.499   400   452 D adayocomadapter-CommunicationManager: onUpstreamReceive isLoss 1 mPropertyId 0x2140210a
03-17 18:53:33.499   400   452 D adayocomadapter-CommunicationManager: convertBytesToInt32Memcpy  0
03-17 18:53:33.499   400   452 D vw-vhal : notifyVehicleProperty, propId = 0x2140210a, data = {status: 3, int32Values: [0]}
03-17 18:53:33.499   400   452 I DefaultVehicleHal_v2_0: DefaultVehicleHal::onPropertyValue, value:{.timestamp = 147446736682, .areaId = 0, .prop = 557850890, .status = UNAVAILABLE, .value = {.int32Values = [1]{0}, .floatValues = [0]{}, .int64Values = [0]{}, .bytes = [0]{}, .stringValue = ""}}
03-17 18:53:33.499   400   452 D adayocomadapter-CommunicationManager: onUpstreamReceive mPropertyId 0x2140210a
03-17 18:53:33.499   400   452 D adayocomadapter-CommunicationManager: onUpstreamReceive isLoss 1 mPropertyId 0x21402024
03-17 18:53:33.499   400   452 D adayocomadapter-CommunicationManager: convertBytesToInt32Memcpy  127
03-17 18:53:33.499   400   452 D vw-vhal : notifyVehicleProperty, propId = 0x21402024, data = {status: 3, int32Values: [127]}
03-17 18:53:33.499   400   452 I DefaultVehicleHal_v2_0: DefaultVehicleHal::onPropertyValue, value:{.timestamp = 147446953682, .areaId = 0, .prop = 557850660, .status = UNAVAILABLE, .value = {.int32Values = [1]{127}, .floatValues = [0]{}, .int64Values = [0]{}, .bytes = [0]{}, .stringValue = ""}}
03-17 18:53:33.499   400   452 D adayocomadapter-CommunicationManager: onUpstreamReceive mPropertyId 0x21402024
03-17 18:53:33.499   400   452 D adayocomadapter-CommunicationManager: onUpstreamReceive isLoss 1 mPropertyId 0x21402120
03-17 18:53:33.499   400   452 D adayocomadapter-CommunicationManager: convertBytesToInt32Memcpy  0
03-17 18:53:33.499   400   452 D vw-vhal : notifyVehicleProperty, propId = 0x21402120, data = {status: 3, int32Values: [0]}
03-17 18:53:33.499   400   452 I DefaultVehicleHal_v2_0: DefaultVehicleHal::onPropertyValue, value:{.timestamp = 147447141349, .areaId = 0, .prop = 557850912, .status = UNAVAILABLE, .value = {.int32Values = [1]{0}, .floatValues = [0]{}, .int64Values = [0]{}, .bytes = [0]{}, .stringValue = ""}}
03-17 18:53:33.499   400   452 D adayocomadapter-CommunicationManager: onUpstreamReceive mPropertyId 0x21402120
03-17 18:53:33.499   400   452 D adayocomadapter-CommunicationManager: onUpstreamReceive isLoss 1 mPropertyId 0x21402109
03-17 18:53:33.499   400   452 D adayocomadapter-CommunicationManager: convertBytesToInt32Memcpy  0
03-17 18:53:33.499   400   452 D vw-vhal : notifyVehicleProperty, propId = 0x21402109, data = {status: 3, int32Values: [0]}
03-17 18:53:33.499   400   452 I DefaultVehicleHal_v2_0: DefaultVehicleHal::onPropertyValue, value:{.timestamp = 147447336682, .areaId = 0, .prop = 557850889, .status = UNAVAILABLE, .value = {.int32Values = [1]{0}, .floatValues = [0]{}, .int64Values = [0]{}, .bytes = [0]{}, .stringValue = ""}}
03-17 18:53:33.499   400   452 D adayocomadapter-CommunicationManager: onUpstreamReceive mPropertyId 0x21402109
03-17 18:53:33.499   400   452 D adayocomadapter-CommunicationManager: onUpstreamReceive isLoss 1 mPropertyId 0x214020a7
03-17 18:53:33.499   400   452 D adayocomadapter-CommunicationManager: convertBytesToInt32Memcpy  0
03-17 18:53:33.499   400   452 D vw-vhal : notifyVehicleProperty, propId = 0x214020a7, data = {status: 3, int32Values: [0]}
03-17 18:53:33.500   400   452 I DefaultVehicleHal_v2_0: DefaultVehicleHal::onPropertyValue, value:{.timestamp = 147447539682, .areaId = 0, .prop = 557850791, .status = UNAVAILABLE, .value = {.int32Values = [1]{0}, .floatValues = [0]{}, .int64Values = [0]{}, .bytes = [0]{}, .stringValue = ""}}
03-17 18:53:33.500   400   452 D adayocomadapter-CommunicationManager: onUpstreamReceive mPropertyId 0x214020a7
03-17 18:53:33.500   400   452 D adayocomadapter-CommunicationManager: onUpstreamReceive isLoss 1 mPropertyId 0x2140212e
03-17 18:53:33.500   400   452 D adayocomadapter-CommunicationManager: convertBytesToInt32Memcpy  0
03-17 18:53:33.500   400   452 D vw-vhal : notifyVehicleProperty, propId = 0x2140212e, data = {status: 3, int32Values: [0]}
03-17 18:53:33.500   400   452 I DefaultVehicleHal_v2_0: DefaultVehicleHal::onPropertyValue, value:{.timestamp = 147447782016, .areaId = 0, .prop = 557850926, .status = UNAVAILABLE, .value = {.int32Values = [1]{0}, .floatValues = [0]{}, .int64Values = [0]{}, .bytes = [0]{}, .stringValue = ""}}
03-17 18:53:33.500   400   452 D adayocomadapter-CommunicationManager: onUpstreamReceive mPropertyId 0x2140212e
03-17 18:53:33.500   400   452 D adayocomadapter-CommunicationManager: onUpstreamReceive isLoss 1 mPropertyId 0x2140205f
03-17 18:53:33.500   400   452 D adayocomadapter-CommunicationManager: convertBytesToInt32Memcpy  0
03-17 18:53:33.500   400   452 D vw-vhal : notifyVehicleProperty, propId = 0x2140205f, data = {status: 3, int32Values: [0]}
03-17 18:53:33.500   400   452 I DefaultVehicleHal_v2_0: DefaultVehicleHal::onPropertyValue, value:{.timestamp = 147447982349, .areaId = 0, .prop = 557850719, .status = UNAVAILABLE, .value = {.int32Values = [1]{0}, .floatValues = [0]{}, .int64Values = [0]{}, .bytes = [0]{}, .stringValue = ""}}
03-17 18:53:33.500   400   452 D adayocomadapter-CommunicationManager: onUpstreamReceive mPropertyId 0x2140205f
03-17 18:53:33.500   400   452 D adayocomadapter-CommunicationManager: onUpstreamReceive isLoss 1 mPropertyId 0x21402100
03-17 18:53:33.500   400   452 D adayocomadapter-CommunicationManager: convertBytesToInt32Memcpy  0
03-17 18:53:33.500   400   452 D vw-vhal : notifyVehicleProperty, propId = 0x21402100, data = {status: 3, int32Values: [0]}
03-17 18:53:33.500   400   452 I DefaultVehicleHal_v2_0: DefaultVehicleHal::onPropertyValue, value:{.timestamp = 147448235682, .areaId = 0, .prop = 557850880, .status = UNAVAILABLE, .value = {.int32Values = [1]{0}, .floatValues = [0]{}, .int64Values = [0]{}, .bytes = [0]{}, .stringValue = ""}}
03-17 18:53:33.500   400   452 D adayocomadapter-CommunicationManager: onUpstreamReceive mPropertyId 0x21402100
03-17 18:53:33.500   400   452 D adayocomadapter-CommunicationManager: onUpstreamReceive isLoss 1 mPropertyId 0x214021a1
03-17 18:53:33.500   400   452 D adayocomadapter-CommunicationManager: convertBytesToInt32Memcpy  2046
03-17 18:53:33.500   400   452 D vw-vhal : notifyVehicleProperty, propId = 0x214021a1, data = {status: 3, int32Values: [2046]}
03-17 18:53:33.500   400   452 I DefaultVehicleHal_v2_0: DefaultVehicleHal::onPropertyValue, value:{.timestamp = 147448476016, .areaId = 0, .prop = 557851041, .status = UNAVAILABLE, .value = {.int32Values = [1]{2046}, .floatValues = [0]{}, .int64Values = [0]{}, .bytes = [0]{}, .stringValue = ""}}
03-17 18:53:33.501   400   452 D adayocomadapter-CommunicationManager: onUpstreamReceive mPropertyId 0x214021a1
03-17 18:53:33.501   400   452 D adayocomadapter-CommunicationManager: onUpstreamReceive isLoss 1 mPropertyId 0x21402027
03-17 18:53:33.501   400   452 D adayocomadapter-CommunicationManager: convertBytesToInt32Memcpy  0
03-17 18:53:33.501   400   452 D vw-vhal : notifyVehicleProperty, propId = 0x21402027, data = {status: 3, int32Values: [0]}
03-17 18:53:33.501   582  3616 E WifiHAL : Invalid data received from driver
03-17 18:53:33.501   400   452 I DefaultVehicleHal_v2_0: DefaultVehicleHal::onPropertyValue, value:{.timestamp = 147448688016, .areaId = 0, .prop = 557850663, .status = UNAVAILABLE, .value = {.int32Values = [1]{0}, .floatValues = [0]{}, .int64Values = [0]{}, .bytes = [0]{}, .stringValue = ""}}
03-17 18:53:33.501   400   452 D adayocomadapter-CommunicationManager: onUpstreamReceive mPropertyId 0x21402027
03-17 18:53:33.501   400   452 D adayocomadapter-CommunicationManager: onUpstreamReceive isLoss 1 mPropertyId 0x21402180
03-17 18:53:33.501   582  3616 E WifiHAL : Invalid data received from driver
03-17 18:53:33.501   400   452 D adayocomadapter-CommunicationManager: convertBytesToInt32Memcpy  0
03-17 18:53:33.501   582  3616 E WifiHAL : Invalid data received from driver
03-17 18:53:33.501   400   452 D vw-vhal : notifyVehicleProperty, propId = 0x21402180, data = {status: 3, int32Values: [0]}
03-17 18:53:33.501   582  3616 E WifiHAL : Invalid data received from driver
03-17 18:53:33.501   400   452 I DefaultVehicleHal_v2_0: DefaultVehicleHal::onPropertyValue, value:{.timestamp = 147448902349, .areaId = 0, .prop = 557851008, .status = UNAVAILABLE, .value = {.int32Values = [1]{0}, .floatValues = [0]{}, .int64Values = [0]{}, .bytes = [0]{}, .stringValue = ""}}
03-17 18:53:33.501   582  3616 E WifiHAL : Invalid data received from driver
03-17 18:53:33.501   400   452 D adayocomadapter-CommunicationManager: onUpstreamReceive mPropertyId 0x21402180
03-17 18:53:33.501   400   452 D adayocomadapter-CommunicationManager: onUpstreamReceive isLoss 1 mPropertyId 0x2140210b
03-17 18:53:33.501   582  3616 E WifiHAL : Invalid data received from driver
03-17 18:53:33.501   400   452 D adayocomadapter-CommunicationManager: convertBytesToInt32Memcpy  0
03-17 18:53:33.501   582  3616 E WifiHAL : Invalid data received from driver
03-17 18:53:33.501   400   452 D vw-vhal : notifyVehicleProperty, propId = 0x2140210b, data = {status: 3, int32Values: [0]}
03-17 18:53:33.501   400   452 I DefaultVehicleHal_v2_0: DefaultVehicleHal::onPropertyValue, value:{.timestamp = 147449097016, .areaId = 0, .prop = 557850891, .status = UNAVAILABLE, .value = {.int32Values = [1]{0}, .floatValues = [0]{}, .int64Values = [0]{}, .bytes = [0]{}, .stringValue = ""}}
03-17 18:53:33.501   400   452 D adayocomadapter-CommunicationManager: onUpstreamReceive mPropertyId 0x2140210b
03-17 18:53:33.501   400   452 D adayocomadapter-CommunicationManager: onUpstreamReceive isLoss 1 mPropertyId 0x2140217e
03-17 18:53:33.501   400   452 D adayocomadapter-CommunicationManager: convertBytesToInt32Memcpy  0
03-17 18:53:33.501   400   452 D vw-vhal : notifyVehicleProperty, propId = 0x2140217e, data = {status: 3, int32Values: [0]}
03-17 18:53:33.501   400   452 I DefaultVehicleHal_v2_0: DefaultVehicleHal::onPropertyValue, value:{.timestamp = 147449295682, .areaId = 0, .prop = 557851006, .status = UNAVAILABLE, .value = {.int32Values = [1]{0}, .floatValues = [0]{}, .int64Values = [0]{}, .bytes = [0]{}, .stringValue = ""}}
03-17 18:53:33.501   400   452 D adayocomadapter-CommunicationManager: onUpstreamReceive mPropertyId 0x2140217e
03-17 18:53:33.501   400   452 D adayocomadapter-CommunicationManager: onUpstreamReceive isLoss 1 mPropertyId 0x214020fe
03-17 18:53:33.501   400   452 D adayocomadapter-CommunicationManager: convertBytesToInt32Memcpy  1
03-17 18:53:33.501   400   452 D vw-vhal : notifyVehicleProperty, propId = 0x214020fe, data = {status: 3, int32Values: [1]}
03-17 18:53:33.501   400   452 I DefaultVehicleHal_v2_0: DefaultVehicleHal::onPropertyValue, value:{.timestamp = 147449490349, .areaId = 0, .prop = 557850878, .status = UNAVAILABLE, .value = {.int32Values = [1]{1}, .floatValues = [0]{}, .int64Values = [0]{}, .bytes = [0]{}, .stringValue = ""}}
03-17 18:53:33.502   400   452 D adayocomadapter-CommunicationManager: onUpstreamReceive mPropertyId 0x214020fe
03-17 18:53:33.502   400   452 D adayocomadapter-CommunicationManager: onUpstreamReceive isLoss 1 mPropertyId 0x214020ff
03-17 18:53:33.502   400   452 D adayocomadapter-CommunicationManager: convertBytesToInt32Memcpy  0
03-17 18:53:33.502   400   452 D vw-vhal : notifyVehicleProperty, propId = 0x214020ff, data = {status: 3, int32Values: [0]}
03-17 18:53:33.502   400   452 I DefaultVehicleHal_v2_0: DefaultVehicleHal::onPropertyValue, value:{.timestamp = 147449683016, .areaId = 0, .prop = 557850879, .status = UNAVAILABLE, .value = {.int32Values = [1]{0}, .floatValues = [0]{}, .int64Values = [0]{}, .bytes = [0]{}, .stringValue = ""}}
03-17 18:53:33.502   400   452 D adayocomadapter-CommunicationManager: onUpstreamReceive mPropertyId 0x214020ff
03-17 18:53:33.502   400   452 D adayocomadapter-CommunicationManager: onUpstreamReceive isLoss 1 mPropertyId 0x21402182
03-17 18:53:33.502   400   452 D adayocomadapter-CommunicationManager: convertBytesToInt32Memcpy  0
03-17 18:53:33.502   400   452 D vw-vhal : notifyVehicleProperty, propId = 0x21402182, data = {status: 3, int32Values: [0]}
03-17 18:53:33.502   400   452 I DefaultVehicleHal_v2_0: DefaultVehicleHal::onPropertyValue, value:{.timestamp = 147449886016, .areaId = 0, .prop = 557851010, .status = UNAVAILABLE, .value = {.int32Values = [1]{0}, .floatValues = [0]{}, .int64Values = [0]{}, .bytes = [0]{}, .stringValue = ""}}
03-17 18:53:33.502   400   452 D adayocomadapter-CommunicationManager: onUpstreamReceive mPropertyId 0x21402182
03-17 18:53:33.502   400   452 D adayocomadapter-CommunicationManager: onUpstreamReceive isLoss 1 mPropertyId 0x2140210c
03-17 18:53:33.502   400   452 D adayocomadapter-CommunicationManager: convertBytesToInt32Memcpy  0
03-17 18:53:33.502   400   452 D vw-vhal : notifyVehicleProperty, propId = 0x2140210c, data = {status: 3, int32Values: [0]}
03-17 18:53:33.502   400   452 I DefaultVehicleHal_v2_0: DefaultVehicleHal::onPropertyValue, value:{.timestamp = 147450128682, .areaId = 0, .prop = 557850892, .status = UNAVAILABLE, .value = {.int32Values = [1]{0}, .floatValues = [0]{}, .int64Values = [0]{}, .bytes = [0]{}, .stringValue = ""}}
03-17 18:53:33.502   400   452 D adayocomadapter-CommunicationManager: onUpstreamReceive mPropertyId 0x2140210c
03-17 18:53:33.514  1627  9198 I okhttp.OkHttpClient: --> POST https://api-c-data-uat.mosc.faw-vw.com/j01/hu/data-collection/trace-service/vehicle-trace/v2/upload?requestId=397ee40f-1adc-4ea0-9e11-13c2d6ac3032&signt=1773744813493&appkey=HiVQY27x&sign=5989eed0c45efd00809e3a8bb0a42d06
03-17 18:53:33.514  1627  9198 I okhttp.OkHttpClient: Content-Type: application/json; charset=UTF-8
03-17 18:53:33.515  1627  9198 I okhttp.OkHttpClient: Content-Length: 1575
03-17 18:53:33.515  1627  9198 I okhttp.OkHttpClient: Accept-Language: zh_CN
03-17 18:53:33.515  1627  9198 I okhttp.OkHttpClient: Did: JETTA_HU_JBEVJ01_L7X-00101.01.250001A001_v1.0.1_v0.0.1
03-17 18:53:33.516  1627  9198 I okhttp.OkHttpClient: Authorization: Bearer
03-17 18:53:33.516  1627  9198 I okhttp.OkHttpClient: X-FTB3-VIN: LFV01LYTESTVLN030
03-17 18:53:33.517  1627  9198 I okhttp.OkHttpClient: brandId: JETTA
03-17 18:53:33.519  1627  9198 I okhttp.OkHttpClient: {"compress":"GZIP","content":"H4sIAAAAAAAAAOVW227jNhD9FUNA3ywuSUm8+M1Js9hs425RO2mL9cKgSTpRK4uqJDt1g/x7h5Lji5x0m4cuenkwrDnkzJw5HF4+PgSqKC5NMAjGm6q2y8t84YK+B29sWaUuhxGCMMIeLK0CE77mpcq9z/uLyWQItk7rTTuiXZZZXU/SpQ0GhPOIx7HAcUxZPzCqBv+H4PLDuC7T/BY8HqZBvSnsNBj0pkEPgpYuNbPUgdWfBtVqPtmP3pdpbWelqm07qldlafP6RmWr7RSMItkM1Xelre5cZg4GewSPzt5U28i1qlv4e6vMN2dFNfDOPT+j/4NP1GASMdZivdSBLSTCuFdDcdWb6jF4hJrsOtX2cifG7N317P3Zxc17TGZX/McQY4JBP4JoguF7CL/Z2gsKf9j/BU8xfKUQ5d01IHYNhTVBd5VcF5lTxo/9Vn+9FdKU6Rp0PN/ozJpm+sISTTBl4ZxFPIyJlKGQRIRCJ9pSjueKWk87U/ntSt36hL/fQdBlddv4M0EljbkONdE6jKlehBKihMQYHCtDqeUKprsK5g7b1WpMaBZAzhIswCxK9zP0QCsKJi0CRLVte6SyuWmrpf2gtrna1jr6ML6E4VXqDd9w4ANfV29vMLn6aXIxntxcfYsjDAV8obblmO/bdphlTZqma8+Lle+fj/CpXQkN4K2Q9KGjrisQ1psY0cgDq8qW3ibAiHogh+VuJ8Tc21VTg0ck4sIjqcmaGZwh3gRN3b1K60OntPy1NWWTpHKLegcxChIdMsN/SixCnB/yIkjIY16EItjBh8Q4itgxsSevPbG4Q8zP6BA7UYweKQbM2LFiGB8zAx5xh5gUXcVapz0xeqIYxh1itEOMsENiAsXymNe22B2vBI6OQ14iQpJ9jldXsGd4RV3B5JFgdJvlZcFA0+06PSlGUIS7zNqmOqBxwkxGHWZxh1kb9DXMEsSP1xKC8NczO9Es6WpGPtNk2wbZMYtRciyZQPJUMvpXmuxT//k7b2mXz116AM9WnvnLdx6PcMIoefniowlk/qp78TV6DHbu/ZFdTlytsgHDOBaEjjzytrR2IAXjvLWHa5Vmap7ZAWGEw1Ux6p8rfWfNgMRRIr3X+F4VbSAaYyIpbqEmEpE4oQKPpsHjCzL8S65+z96k1S8Q6MF3UttaHAkCGRZQ6rhQ2o7OAIyZgMYHYl6TPQxXJeOP/8U3xIIvkkhIHlIZJWEcaRPOFTGhMYmmjCQqptH/6Q0B5+DuDfFd6bStqv07okj9CTUNCItZ29pLk6W5bUDtlkgZtXFIKVfM2jWGU2vdHFR+cvMKmQZwtjY2nBau3LQBowTLRIjtVnvKIxnBJ3mKqhcOe6Hrwax+AUH7qrwFLKxcWU9XGEcmLJpcBzkJYt2cp7nISa472HS9MO89Db0iGpYn0aq7oyiwWM9E+RJ7bOnytHbldn3/7i2mlaZzJeahho0Gz/SYhkpRHRKizZzGki0S8Q/YYp/+AADSByZfDgAA","sendType":2,"vin":"LFV01LYTESTVLN030"}
03-17 18:53:33.519  1627  9198 I okhttp.OkHttpClient: --> END POST (1575-byte body)
01-01 08:02:28.674  9738  9738 W audit   : audit_lost=12926 audit_rate_limit=5 audit_backlog_limit=64
01-01 08:02:28.674  9738  9738 E audit   : rate limit exceeded
03-17 18:53:33.518  9738  9738 I auditd  : type=1400 audit(0.0:13649): avc:  denied  { read } for  comm="pgrep" scontext=u:r:ota_init_shell:s0 tcontext=u:r:ueventd:s0 tclass=file permissive=0
03-17 18:53:33.518  9738  9738 W pgrep   : type=1400 audit(0.0:13649): avc:  denied  { read } for  scontext=u:r:ota_init_shell:s0 tcontext=u:r:ueventd:s0 tclass=file permissive=0
03-17 18:53:33.518  9738  9738 I auditd  : type=1400 audit(0.0:13650): avc:  denied  { read } for  comm="pgrep" scontext=u:r:ota_init_shell:s0 tcontext=u:r:prng_seeder:s0 tclass=file permissive=0
03-17 18:53:33.518  9738  9738 W pgrep   : type=1400 audit(0.0:13650): avc:  denied  { read } for  scontext=u:r:ota_init_shell:s0 tcontext=u:r:prng_seeder:s0 tclass=file permissive=0
03-17 18:53:33.518  9738  9738 I auditd  : type=1400 audit(0.0:13651): avc:  denied  { read } for  comm="pgrep" scontext=u:r:ota_init_shell:s0 tcontext=u:r:sdcvd:s0 tclass=file permissive=0
03-17 18:53:33.518  9738  9738 W pgrep   : type=1400 audit(0.0:13651): avc:  denied  { read } for  scontext=u:r:ota_init_shell:s0 tcontext=u:r:sdcvd:s0 tclass=file permissive=0
03-17 18:53:33.518  9738  9738 I auditd  : type=1400 audit(0.0:13652): avc:  denied  { read } for  comm="pgrep" scontext=u:r:ota_init_shell:s0 tcontext=u:r:sdprop:s0 tclass=file permissive=0
03-17 18:53:33.518  9738  9738 W pgrep   : type=1400 audit(0.0:13652): avc:  denied  { read } for  scontext=u:r:ota_init_shell:s0 tcontext=u:r:sdprop:s0 tclass=file permissive=0
03-17 18:53:33.518  9738  9738 I auditd  : type=1400 audit(0.0:13653): avc:  denied  { read } for  comm="pgrep" scontext=u:r:ota_init_shell:s0 tcontext=u:r:keystore:s0 tclass=file permissive=0
03-17 18:53:33.518  9738  9738 W pgrep   : type=1400 audit(0.0:13653): avc:  denied  { read } for  scontext=u:r:ota_init_shell:s0 tcontext=u:r:keystore:s0 tclass=file permissive=0
03-17 18:53:33.528  2106  2450 D CAR.DIAGNOSTIC: Entry - Type: 0x01, ServiceId: 0x2048, InstanceId: 0x0001, MajorVersion: 0x01FFFFFF, TTL: 0
03-17 18:53:33.528  2106  2458 D CAR.DIAGNOSTIC: Entry - Type: 0x01, ServiceId: 0x2048, InstanceId: 0x0001, MajorVersion: 0x01FFFFFF, TTL: 0
03-17 18:53:33.528  2106  2450 D CAR.DIAGNOSTIC: Entry - Type: 0x01, ServiceId: 0x5555, InstanceId: 0x0001, MajorVersion: 0x01FFFFFF, TTL: 0
03-17 18:53:33.529   582  3616 E WifiHAL : Invalid data received from driver
03-17 18:53:33.529  2106  2458 D CAR.DIAGNOSTIC: Entry - Type: 0x01, ServiceId: 0x5555, InstanceId: 0x0001, MajorVersion: 0x01FFFFFF, TTL: 0
03-17 18:53:33.529  2106  2460 D CAR.DIAGNOSTIC: Entry - Type: 0x01, ServiceId: 0x2048, InstanceId: 0x0001, MajorVersion: 0x01FFFFFF, TTL: 0
03-17 18:53:33.529  2106  2450 W CAR.DIAGNOSTIC: Not enough data for option indices: needed 128, remaining 52
03-17 18:53:33.529  2106  2458 W CAR.DIAGNOSTIC: Not enough data for option indices: needed 128, remaining 52
03-17 18:53:33.529  2106  2460 D CAR.DIAGNOSTIC: Entry - Type: 0x01, ServiceId: 0x5555, InstanceId: 0x0001, MajorVersion: 0x01FFFFFF, TTL: 0
03-17 18:53:33.529  2106  2460 W CAR.DIAGNOSTIC: Not enough data for option indices: needed 128, remaining 52
03-17 18:53:33.531  1566  3186 D TboxNetworkManager: tboxNetworkbinder=null
03-17 18:53:33.532  2383  2600 D AdayoDoipServer294_Doip: [ne_doip_event_loop_dispatch][line:141] : count = 0
03-17 18:53:33.536   679  1495 I gps_hdbd: [gps_upgrade_thread 3403]Enter
03-17 18:53:33.537   679  1495 I gps_hdbd: [gps_upgrade_thread 3432] sys.gps.update:0 ,file:not ,upgrate_ing:0
03-17 18:53:33.537   642   685 I mcuc    : sd Uart data : 6AA602058700029202DC
03-17 18:53:33.542   642   685 I mcuc    : rev uart=1489,len=19, data : 6AA6810587000B9202000D0000000000000146
03-17 18:53:33.542   400   400 D adayocomadapter-ParseProtocolFunc: printRaWMsg Name[MCUToUPstream recv] len[11] data[9202000D00000000000001]
03-17 18:53:33.542   400   400 D adayocomadapter-CommunicationManager: onUpstreamback   member[0] dataLength[8] timePoint[147490]
03-17 18:53:33.543   400   400 D adayocomadapter-ParseProtocolFunc: printRaWMsg Name[onUpstreamback] len[8] data[0D00000000000001]
03-17 18:53:33.543   400   452 D adayocomadapter-UpstreamHandler: processBeforePacket upSreamtProcessTimePoint[147490] 
03-17 18:53:33.543   400   452 D adayocomadapter-UpstreamHandler: processPacket UPSTREAM_QUEUE_DATA_TIMEOUT
03-17 18:53:33.543   400   452 D adayocomadapter-ParseProtocolFunc: parseCommonIPCLBytes Processing tableNumber[13]
03-17 18:53:33.543   400   452 D adayocomadapter-ParseProtocolFunc: parseCommonIPCLBytes Processing tablename[Table-13] tableSize[8]
03-17 18:53:33.543   400   452 D adayocomadapter-ParseProtocolFunc: printRaWMsg Name[byteStream recv] len[8] data[0D00000000000001]
03-17 18:53:33.543   400   452 D adayocomadapter-ParseProtocolFunc: printRaWMsg Name[IPCLtoVHAL] len[7] data[214020BB000100]
03-17 18:53:33.543   400   452 D adayocomadapter-ParseProtocolFunc: printRaWMsg Name[IPCLtoVHAL] len[7] data[214020E3000100]
03-17 18:53:33.543   400   452 D adayocomadapter-ParseProtocolFunc: printRaWMsg Name[IPCLtoVHAL] len[7] data[214020C7000100]
03-17 18:53:33.543   400   452 D adayocomadapter-ParseProtocolFunc: printRaWMsg Name[IPCLtoVHAL] len[7] data[214020DD000100]
03-17 18:53:33.543   400   452 D adayocomadapter-ParseProtocolFunc: printRaWMsg Name[IPCLtoVHAL] len[7] data[214020DF000100]
03-17 18:53:33.543   400   452 D adayocomadapter-ParseProtocolFunc: printRaWMsg Name[IPCLtoVHAL] len[7] data[214020E4000100]
03-17 18:53:33.543   400   452 D adayocomadapter-CommunicationManager: onUpstreamReceive isLoss 1 mPropertyId 0x214020bb
03-17 18:53:33.543   400   452 D adayocomadapter-CommunicationManager: convertBytesToInt32Memcpy  0
03-17 18:53:33.543   400   452 D vw-vhal : notifyVehicleProperty, propId = 0x214020bb, data = {status: 3, int32Values: [0]}
03-17 18:53:33.543   400   452 I DefaultVehicleHal_v2_0: DefaultVehicleHal::onPropertyValue, value:{.timestamp = 147491378349, .areaId = 0, .prop = 557850811, .status = UNAVAILABLE, .value = {.int32Values = [1]{0}, .floatValues = [0]{}, .int64Values = [0]{}, .bytes = [0]{}, .stringValue = ""}}
03-17 18:53:33.543   400   452 D adayocomadapter-CommunicationManager: onUpstreamReceive mPropertyId 0x214020bb
03-17 18:53:33.543   400   452 D adayocomadapter-CommunicationManager: onUpstreamReceive isLoss 1 mPropertyId 0x214020e3
03-17 18:53:33.543   400   452 D adayocomadapter-CommunicationManager: convertBytesToInt32Memcpy  0
03-17 18:53:33.544   400   452 D vw-vhal : notifyVehicleProperty, propId = 0x214020e3, data = {status: 3, int32Values: [0]}
03-17 18:53:33.544   400   452 I DefaultVehicleHal_v2_0: DefaultVehicleHal::onPropertyValue, value:{.timestamp = 147491631349, .areaId = 0, .prop = 557850851, .status = UNAVAILABLE, .value = {.int32Values = [1]{0}, .floatValues = [0]{}, .int64Values = [0]{}, .bytes = [0]{}, .stringValue = ""}}
03-17 18:53:33.544   400   452 D adayocomadapter-CommunicationManager: onUpstreamReceive mPropertyId 0x214020e3
03-17 18:53:33.544   400   452 D adayocomadapter-CommunicationManager: onUpstreamReceive isLoss 1 mPropertyId 0x214020c7
03-17 18:53:33.544   400   452 D adayocomadapter-CommunicationManager: convertBytesToInt32Memcpy  0
03-17 18:53:33.544   400   452 D vw-vhal : notifyVehicleProperty, propId = 0x214020c7, data = {status: 3, int32Values: [0]}
03-17 18:53:33.544   400   452 I DefaultVehicleHal_v2_0: DefaultVehicleHal::onPropertyValue, value:{.timestamp = 147491844016, .areaId = 0, .prop = 557850823, .status = UNAVAILABLE, .value = {.int32Values = [1]{0}, .floatValues = [0]{}, .int64Values = [0]{}, .bytes = [0]{}, .stringValue = ""}}
03-17 18:53:33.544   400   452 D adayocomadapter-CommunicationManager: onUpstreamReceive mPropertyId 0x214020c7
03-17 18:53:33.544   400   452 D adayocomadapter-CommunicationManager: onUpstreamReceive isLoss 1 mPropertyId 0x214020dd
03-17 18:53:33.544   400   452 D adayocomadapter-CommunicationManager: convertBytesToInt32Memcpy  0
03-17 18:53:33.544   400   452 D vw-vhal : notifyVehicleProperty, propId = 0x214020dd, data = {status: 3, int32Values: [0]}
