03-17 18:52:56.531  1566  3186 D TboxNetworkManager: tboxNetworkbinder=null
03-17 18:52:56.540   582  3616 E WifiHAL : Invalid data received from driver
03-17 18:52:56.545   314   314 I lowmemorykiller: Kill 'com.android.packageinstaller' (4145), uid 10018, oom_score_adj 965 to free 62876kB rss, 10656kB swap; reason: device is not responding
03-17 18:52:56.545   314   314 I killinfo: [4145,10018,965,0,62876,1,1382656,1338508,7592,1920,10320,4012,2401920,1905024,630096,1075004,148336,1182080,77412,224164,45328,99120,0,0,214432,0,56,0,0,10656,701752,0,0,2.050000,2.050000,0.220000,0.000000,11.950000]
03-17 18:52:56.565   903  1180 I ActivityManager: Process com.android.packageinstaller (pid 4145) has died: cch+65 CEM 
03-17 18:52:56.565   903  1180 I am_proc_died: [0,4145,com.android.packageinstaller,965,19]
03-17 18:52:56.565   903  1090 I libprocessgroup: Successfully killed process cgroup uid 10018 pid 4145 in 0ms
03-17 18:52:56.566   566   566 I Zygote  : Process 4145 exited due to signal 9 (Killed)
03-17 18:52:56.566   903  1180 I am_uid_stopped: 10018
03-17 18:52:56.568   903  1071 D DisplayManagerService: Drop pending events for gone uid 10018
03-17 18:52:56.569   903  1246 D NetworkPolicy: no need to update restrict power rules for uid 10018
03-17 18:52:56.569   903  1180 D OomAdjuster: Not killing cached processes
03-17 18:52:56.570   903  1190 D JobScheduler.DeviceIdle: uid 10018 going inactive
03-17 18:52:56.570   903  1190 D JobScheduler: pending queue: 0 jobs.
03-17 18:52:56.570   903  1190 D JobScheduler.Concurrency: Pending queue: 
03-17 18:52:56.571   903  1190 D JobScheduler: UID 10018 proc state changed to CEM  with capabilities=------
03-17 18:52:56.571   903  1190 D JobScheduler: pending queue: 0 jobs.
03-17 18:52:56.571   903  1190 D JobScheduler.Concurrency: Pending queue: 
03-17 18:52:56.571   903  1190 D JobScheduler.Background: Job status updated: 0/0 checked/total jobs, 26 us
03-17 18:52:56.572  1566  1566 I AccessibilityCache: onAccessibilityEvent(EventType: TYPE_WINDOW_CONTENT_CHANGED; EventTime: 109917; PackageName: com.fawvw.hmi.bev.carapp; MovementGranularity: 0; Action: 0; ContentChangeTypes: [CONTENT_CHANGE_TYPE_SUBTREE]; WindowChangeTypes: [] [ ClassName: androidx.recyclerview.widget.RecyclerView; Text: []; ContentDescription: null; ItemCount: 77; CurrentItemIndex: -1; Enabled: true; Password: false; Checked: false; FullScreen: false; Scrollable: true; ImportantForAccessibility: true; AccessibilityDataSensitive: false; BeforeText: null; FromIndex: 0; ToIndex: 8; ScrollX: 0; ScrollY: 0; MaxScrollX: 0; MaxScrollY: 0; ScrollDeltaX: -1; ScrollDeltaY: -1; AddedCount: -1; RemovedCount: -1; ParcelableData: null; DisplayId: 0 ]
03-17 18:52:56.572  1566  1566 I AccessibilityCache: ; SourceWindowId: 0xe; SourceNodeId: 0xffffffff0000034e; SourceDisplayId: 0)
03-17 18:52:56.572  1566  1566 I AccessibilityCache: Clearing cached subtree.
03-17 18:52:56.572  1566  1566 I AccessibilityCache: clear()
03-17 18:52:56.572  1566  1566 I AccessibilityCache: clearWindowCacheLocked
03-17 18:52:56.573  1566  1566 I AccessibilityCache: clearNodesForWindowLocked(17)
03-17 18:52:56.573  1566  1566 I AccessibilityCache: clearNodesForWindowLocked(14)
03-17 18:52:56.573  1566  1566 I AccessibilityCache: clearNodesForWindowLocked(1)
03-17 18:52:56.573  1566  1566 I AccessibilityCache: clearNodesForWindowLocked(0)
03-17 18:52:56.573  1566  1566 D AccessibilityServices: type = 2048  pkg = com.fawvw.hmi.bev.carapp
03-17 18:52:56.576   903  1190 D JobScheduler: UID 10069 proc state changed to SVC  with capabilities=------
03-17 18:52:56.576   903  1190 D JobScheduler: pending queue: 0 jobs.
03-17 18:52:56.576   903  1190 D JobScheduler.Concurrency: Pending queue: 
03-17 18:52:56.577   314   322 W lowmemorykiller: Failed to open /proc/4145/task; errno=2: process pid(4145) might have died
03-17 18:52:56.577   314   322 E lowmemorykiller: process_mrelease 4145 failed: No such process
03-17 18:52:56.577   903  1190 D JobScheduler: UID 10069 proc state changed to CEM  with capabilities=------
03-17 18:52:56.577   903  1190 D JobScheduler: pending queue: 0 jobs.
03-17 18:52:56.577   903  1190 D JobScheduler.Concurrency: Pending queue: 
03-17 18:52:56.578   903  1086 I am_pss  : [3224,10052,com.fawvw.hmi.btmusic,12257280,10711040,178176,75120640,0,4,6]
03-17 18:52:56.604  1566  1566 I AccessibilityCache: onAccessibilityEvent(EventType: TYPE_VIEW_SCROLLED; EventTime: 109950; PackageName: com.fawvw.hmi.bev.carapp; MovementGranularity: 0; Action: 0; ContentChangeTypes: []; WindowChangeTypes: [] [ ClassName: androidx.recyclerview.widget.RecyclerView; Text: []; ContentDescription: null; ItemCount: 77; CurrentItemIndex: -1; Enabled: true; Password: false; Checked: false; FullScreen: false; Scrollable: true; ImportantForAccessibility: true; AccessibilityDataSensitive: false; BeforeText: null; FromIndex: 0; ToIndex: 8; ScrollX: 0; ScrollY: 0; MaxScrollX: 0; MaxScrollY: 0; ScrollDeltaX: 0; ScrollDeltaY: 0; AddedCount: -1; RemovedCount: -1; ParcelableData: null; DisplayId: 0 ]
03-17 18:52:56.604  1566  1566 I AccessibilityCache: ; SourceWindowId: 0xe; SourceNodeId: 0xffffffff0000034e; SourceDisplayId: 0)
03-17 18:52:56.604  1566  1566 I AccessibilityCache: Clearing cached subtree.
03-17 18:52:56.611  2383  2600 D AdayoDoipServer294_Doip: [ne_doip_event_loop_dispatch][line:141] : count = 0
03-17 18:52:56.612   582  3616 E WifiHAL : Invalid data received from driver
03-17 18:52:56.623  6654  6700 D TimerTriggerManager: init instance...
03-17 18:52:56.623  6654  6700 D TimerTriggerManager: Timer thread'TimerTriggerManager' is destroyed: false
03-17 18:52:56.623  6654  6700 D TimerTriggerManager: Timer 'onIndcnVehSpdChanged' is running: true
03-17 18:52:56.623  6654  6700 D TimerTriggerManager: Sending reset signal to timer 'onIndcnVehSpdChanged'
03-17 18:52:56.623  6654  6700 D TimerTriggerManager: Reset signal sent to timer 'onIndcnVehSpdChanged'
03-17 18:52:56.623  6654  6707 D TimerTriggerController: Reset method called for timer: onIndcnVehSpdChanged
03-17 18:52:56.623  6654  6707 D TimerTriggerController: Calling onTimerReset for timer: onIndcnVehSpdChanged
03-17 18:52:56.623  6654  6707 D TimerTriggerManager: Timer reset: onIndcnVehSpdChanged
03-17 18:52:56.624  6654  6707 I TimerTriggerController: Timer [onIndcnVehSpdChanged] reset, remaining: 1000ms, reset count: 625
03-17 18:52:56.682  1566  2651 D TboxNetworkManager: tboxNetworkbinder=null
03-17 18:52:56.711  1566  8119 D AiuiUploadState: onFailure-->Read timed out
03-17 18:52:56.711  1566  8119 D SrSolution: setParam:{"ret":10114, "response_id": 9}
03-17 18:52:56.711  1566  8119 D ms_jni  : setParam
03-17 18:52:56.711  2383  2600 D AdayoDoipServer294_Doip: [ne_doip_event_loop_dispatch][line:141] : count = 0
03-17 18:52:56.711  1566  8119 D SrBase  : MsBase.mUseMs-->truelibissms.setParam ret = 0
03-17 18:52:56.711  1566  8119 D SrSolution: libissms.setParam : ret = 0
03-17 18:52:56.711  1566  8119 D AiuiUploadState: connect timeout ... ret = 0
03-17 18:52:56.716  1566  2005 D MsManager: onMSMsgProc_() l = [20050], l1 = [12001], s = [http_post recv time out]
03-17 18:52:56.716  1566  1907 I SrSolution: ISS_SR_MSG_UPLOADDATATOCLOUDSTATUS:12001 http_post recv time out
03-17 18:52:56.716  1566  1907 E SrSolution: Last upload failed, trigger re upload
03-17 18:52:56.716  1566  2005 D MsManager: onMSMsgProc_() l = [22002], l1 = [0], s = [{"appid":"9a3193da","body":"eyJjaGVja3VwbG9kdGltZSI6IjIwMjYtMDMtMTcgMTg6NTI6NTYgMjAzIiwiY21kOjpkZWZhdWx0Ijp7ImFjdGl2ZVN0YXR1cyI6ImJnIiwiZGF0YSI6e30sInNjZW5lU3RhdHVzIjoiZGVmYXVsdCJ9LCJtYXBVOjpuYXZpIjp7ImFjdGl2ZVN0YXR1cyI6ImZnIiwic2NlbmVTdGF0dXMiOiJkZWZhdWx0In0sInRpbWUiOiIxMTAxNTExNTczNDUiLCJ2aWV3Q21kOjpkZWZhdWx0Ijp7ImFjdGl2ZVN0YXR1cyI6ImJnIiwiZGF0YSI6eyJob3RJbmZvIjp7InZpZXdDbWQiOiJPRkZ8MTg1MnzlvoDkuIrmu5F85b6A5LiL5ruRfOWGjeW+gOS4i+e/u3zmu5HliLDmnIDpobZ85ruR5Yiw5pyA5bqVfOWFheaUvueUtXzmmL7npLp85aOw6Z+zfOi/nuaOpXzpgJrnlKh85a6J5YWo5LiO5pyN5YqhfOiTneeJmXxXTEFOfOenu+WKqOe9kee7nHzmiYvmnLrkupLogZR8Q3VkeS02QzYwfOW3suS/neWtmHzlv73nlaV8Q3VkeS02QzYwLTVHfENoaW5hTmV0LUQ5QjlFNC01R3xERUVQQUwifX0sImV4cGVjdF9zZXJ2aWNlIjoibWFwVSIsInNjZW5lU3RhdHVzIjoiZGVmYXVsdCJ9fQ==","check_sum":"d4e10d1fa4c2196d99dd2fc6c8dc651f","cur_time":"1773744776","did":"JETTA_HU_JBEVJ01_X9G-10007.05.1800010022_v0.0.1_v0.0.1","host":"api-c.mosc.faw-vw.com","param":"eyJhdXRoX2lkIjoiMjJmZGIyZmVmYzNhMDhjZTkyMDBjNzRiOTdmY2M2YjciLCJjbWQiOiJzeW5jIiwiaW50ZXJhY3RfbW9kZSI6ImNvbnRpbnVvdXMiLCJzY2VuZSI6Im1haW4ifQo=","request_id":10,"url":"api-c.mosc.faw-vw.com/j01/hu/voice/iflytek/private/event"}
03-17 18:52:56.716  1566  2005 D MsManager: ]
03-17 18:52:56.716  1566  1907 D SrManager: onSrMessage() called with: uMsg = [20050], wParam = [12001], lParam = [http_post recv time out]
03-17 18:52:56.716  1566  1907 D SrManager: onSrMessage() called with: uMsg = [22002], wParam = [0], lParam = [{"appid":"9a3193da","body":"eyJjaGVja3VwbG9kdGltZSI6IjIwMjYtMDMtMTcgMTg6NTI6NTYgMjAzIiwiY21kOjpkZWZhdWx0Ijp7ImFjdGl2ZVN0YXR1cyI6ImJnIiwiZGF0YSI6e30sInNjZW5lU3RhdHVzIjoiZGVmYXVsdCJ9LCJtYXBVOjpuYXZpIjp7ImFjdGl2ZVN0YXR1cyI6ImZnIiwic2NlbmVTdGF0dXMiOiJkZWZhdWx0In0sInRpbWUiOiIxMTAxNTExNTczNDUiLCJ2aWV3Q21kOjpkZWZhdWx0Ijp7ImFjdGl2ZVN0YXR1cyI6ImJnIiwiZGF0YSI6eyJob3RJbmZvIjp7InZpZXdDbWQiOiJPRkZ8MTg1MnzlvoDkuIrmu5F85b6A5LiL5ruRfOWGjeW+gOS4i+e/u3zmu5HliLDmnIDpobZ85ruR5Yiw5pyA5bqVfOWFheaUvueUtXzmmL7npLp85aOw6Z+zfOi/nuaOpXzpgJrnlKh85a6J5YWo5LiO5pyN5YqhfOiTneeJmXxXTEFOfOenu+WKqOe9kee7nHzmiYvmnLrkupLogZR8Q3VkeS02QzYwfOW3suS/neWtmHzlv73nlaV8Q3VkeS02QzYwLTVHfENoaW5hTmV0LUQ5QjlFNC01R3xERUVQQUwifX0sImV4cGVjdF9zZXJ2aWNlIjoibWFwVSIsInNjZW5lU3RhdHVzIjoiZGVmYXVsdCJ9fQ==","check_sum":"d4e10d1fa4c2196d99dd2fc6c8dc651f","cur_time":"1773744776","did":"JETTA_HU_JBEVJ01_X9G-10007.05.1800010022_v0.0.1_v0.0.1","host":"api-c.mosc.faw-vw.com","param":"eyJhdXRoX2lkIjoiMjJmZGIyZmVmYzNhMDhjZTkyMDBjNzRiOTdmY2M2YjciLCJjbWQiOiJzeW5jIiwiaW50ZXJhY3RfbW9kZSI6ImNvbnRpbnVvdXMiLCJzY2VuZSI6Im1haW4ifQo=","request_id":10,"url":"api-c.mosc.faw-vw.com/j01/hu/voice/iflytek/private/event"}
03-17 18:52:56.716  1566  1907 D SrManager: ]
03-17 18:52:56.717  1566  1907 D SrManager: ISS_SR_MSG_SR_CLOUD_UploadDataNotify-lParam->{"appid":"9a3193da","body":"eyJjaGVja3VwbG9kdGltZSI6IjIwMjYtMDMtMTcgMTg6NTI6NTYgMjAzIiwiY21kOjpkZWZhdWx0Ijp7ImFjdGl2ZVN0YXR1cyI6ImJnIiwiZGF0YSI6e30sInNjZW5lU3RhdHVzIjoiZGVmYXVsdCJ9LCJtYXBVOjpuYXZpIjp7ImFjdGl2ZVN0YXR1cyI6ImZnIiwic2NlbmVTdGF0dXMiOiJkZWZhdWx0In0sInRpbWUiOiIxMTAxNTExNTczNDUiLCJ2aWV3Q21kOjpkZWZhdWx0Ijp7ImFjdGl2ZVN0YXR1cyI6ImJnIiwiZGF0YSI6eyJob3RJbmZvIjp7InZpZXdDbWQiOiJPRkZ8MTg1MnzlvoDkuIrmu5F85b6A5LiL5ruRfOWGjeW+gOS4i+e/u3zmu5HliLDmnIDpobZ85ruR5Yiw5pyA5bqVfOWFheaUvueUtXzmmL7npLp85aOw6Z+zfOi/nuaOpXzpgJrnlKh85a6J5YWo5LiO5pyN5YqhfOiTneeJmXxXTEFOfOenu+WKqOe9kee7nHzmiYvmnLrkupLogZR8Q3VkeS02QzYwfOW3suS/neWtmHzlv73nlaV8Q3VkeS02QzYwLTVHfENoaW5hTmV0LUQ5QjlFNC01R3xERUVQQUwifX0sImV4cGVjdF9zZXJ2aWNlIjoibWFwVSIsInNjZW5lU3RhdHVzIjoiZGVmYXVsdCJ9fQ==","check_sum":"d4e10d1fa4c2196d99dd2fc6c8dc651f","cur_time":"1773744776","did":"JETTA_HU_JBEVJ01_X9G-10007.05.1800010022_v0.0.1_v0.0.1","host":"api-c.mosc.faw-vw.com","param":"eyJhdXRoX2lkIjoiMjJmZGIyZmVmYzNhMDhjZTkyMDBjNzRiOTdmY2M2YjciLCJjbWQiOiJzeW5jIiwiaW50ZXJhY3RfbW9kZSI6ImNvbnRpbnVvdXMiLCJzY2VuZSI6Im1haW4ifQo=","request_id":10,"url":"api-c.mosc.faw-vw.com/j01/hu/voice/iflytek/private/event"}
03-17 18:52:56.717  1566  1907 D SrManager: ISS_SR_MSG_SR_CLOUD_UploadDataNotify-uMsg->22002
03-17 18:52:56.717  1566  1907 D SrManager: ISS_SR_MSG_SR_CLOUD_UploadDataNotify-wParam->0
03-17 18:52:56.717  1566  2024 D SrBusinessManager: handleMessage : 22002 - {"appid":"9a3193da","body":"eyJjaGVja3VwbG9kdGltZSI6IjIwMjYtMDMtMTcgMTg6NTI6NTYgMjAzIiwiY21kOjpkZWZhdWx0Ijp7ImFjdGl2ZVN0YXR1cyI6ImJnIiwiZGF0YSI6e30sInNjZW5lU3RhdHVzIjoiZGVmYXVsdCJ9LCJtYXBVOjpuYXZpIjp7ImFjdGl2ZVN0YXR1cyI6ImZnIiwic2NlbmVTdGF0dXMiOiJkZWZhdWx0In0sInRpbWUiOiIxMTAxNTExNTczNDUiLCJ2aWV3Q21kOjpkZWZhdWx0Ijp7ImFjdGl2ZVN0YXR1cyI6ImJnIiwiZGF0YSI6eyJob3RJbmZvIjp7InZpZXdDbWQiOiJPRkZ8MTg1MnzlvoDkuIrmu5F85b6A5LiL5ruRfOWGjeW+gOS4i+e/u3zmu5HliLDmnIDpobZ85ruR5Yiw5pyA5bqVfOWFheaUvueUtXzmmL7npLp85aOw6Z+zfOi/nuaOpXzpgJrnlKh85a6J5YWo5LiO5pyN5YqhfOiTneeJmXxXTEFOfOenu+WKqOe9kee7nHzmiYvmnLrkupLogZR8Q3VkeS02QzYwfOW3suS/neWtmHzlv73nlaV8Q3VkeS02QzYwLTVHfENoaW5hTmV0LUQ5QjlFNC01R3xERUVQQUwifX0sImV4cGVjdF9zZXJ2aWNlIjoibWFwVSIsInNjZW5lU3RhdHVzIjoiZGVmYXVsdCJ9fQ==","check_sum":"d4e10d1fa4c2196d99dd2fc6c8dc651f","cur_time":"1773744776","did":"JETTA_HU_JBEVJ01_X9G-10007.05.1800010022_v0.0.1_v0.0.1","host":"api-c.mosc.faw-vw.com","param":"eyJhdXRoX2lkIjoiMjJmZGIyZmVmYzNhMDhjZTkyMDBjNzRiOTdmY2M2YjciLCJjbWQiOiJzeW5jIiwiaW50ZXJhY3RfbW9kZSI6ImNvbnRpbnVvdXMiLCJzY2VuZSI6Im1haW4ifQo=","request_id":10,"url":"api-c.mosc.faw-vw.com/j01/hu/voice/iflytek/private/event"}
03-17 18:52:56.717  1566  2024 D SrBusinessManager: upload_state = {"appid":"9a3193da","body":"eyJjaGVja3VwbG9kdGltZSI6IjIwMjYtMDMtMTcgMTg6NTI6NTYgMjAzIiwiY21kOjpkZWZhdWx0Ijp7ImFjdGl2ZVN0YXR1cyI6ImJnIiwiZGF0YSI6e30sInNjZW5lU3RhdHVzIjoiZGVmYXVsdCJ9LCJtYXBVOjpuYXZpIjp7ImFjdGl2ZVN0YXR1cyI6ImZnIiwic2NlbmVTdGF0dXMiOiJkZWZhdWx0In0sInRpbWUiOiIxMTAxNTExNTczNDUiLCJ2aWV3Q21kOjpkZWZhdWx0Ijp7ImFjdGl2ZVN0YXR1cyI6ImJnIiwiZGF0YSI6eyJob3RJbmZvIjp7InZpZXdDbWQiOiJPRkZ8MTg1MnzlvoDkuIrmu5F85b6A5LiL5ruRfOWGjeW+gOS4i+e/u3zmu5HliLDmnIDpobZ85ruR5Yiw5pyA5bqVfOWFheaUvueUtXzmmL7npLp85aOw6Z+zfOi/nuaOpXzpgJrnlKh85a6J5YWo5LiO5pyN5YqhfOiTneeJmXxXTEFOfOenu+WKqOe9kee7nHzmiYvmnLrkupLogZR8Q3VkeS02QzYwfOW3suS/neWtmHzlv73nlaV8Q3VkeS02QzYwLTVHfENoaW5hTmV0LUQ5QjlFNC01R3xERUVQQUwifX0sImV4cGVjdF9zZXJ2aWNlIjoibWFwVSIsInNjZW5lU3RhdHVzIjoiZGVmYXVsdCJ9fQ==","check_sum":"d4e10d1fa4c2196d99dd2fc6c8dc651f","cur_time":"1773744776","did":"JETTA_HU_JBEVJ01_X9G-10007.05.1800010022_v0.0.1_v0.0.1","host":"api-c.mosc.faw-vw.com","param":"eyJhdXRoX2lkIjoiMjJmZGIyZmVmYzNhMDhjZTkyMDBjNzRiOTdmY2M2YjciLCJjbWQiOiJzeW5jIiwiaW50ZXJhY3RfbW9kZSI6ImNvbnRpbnVvdXMiLCJzY2VuZSI6Im1haW4ifQo=","request_id":10,"url":"api-c.mosc.faw-vw.com/j01/hu/voice/iflytek/private/event"}
03-17 18:52:56.717  1566  2024 D HttpUrlConstant: authToken = null
03-17 18:52:56.717  1566  2024 D AiuiUploadState: url-->https://api-c-uat.mosc.faw-vw.com/j01/hu/voice/iflytek/private/event
03-17 18:52:56.717  1566  2024 D AiuiUploadState: request_id-->10appid -->9a3193da
03-17 18:52:56.718  1566  2024 D AiuiUploadState: Did-->JETTA_HU_JBEVJ01_X9G-10007.05.1800010022_v0.0.1_v0.0.1
03-17 18:52:56.718  1566  2024 D AiuiUploadState: Host-->api-c.mosc.faw-vw.com
03-17 18:52:56.718  1566  2024 D AiuiUploadState: X-Appid-->9a3193da
03-17 18:52:56.718  1566  2024 D AiuiUploadState: X-Param-->eyJhdXRoX2lkIjoiMjJmZGIyZmVmYzNhMDhjZTkyMDBjNzRiOTdmY2M2YjciLCJjbWQiOiJzeW5jIiwiaW50ZXJhY3RfbW9kZSI6ImNvbnRpbnVvdXMiLCJzY2VuZSI6Im1haW4ifQo=
03-17 18:52:56.720   580  9148 I resolv  : GetAddrInfoHandler::run: {103 786535 103 983143 1000 0}
03-17 18:52:56.720   580  9148 D resolv  : resolv_getaddrinfo: explore_fqdn(): ai_family=0 ai_socktype=1 ai_protocol=6
03-17 18:52:56.721   580  9149 D resolv  : doQuery: (1, 1)
03-17 18:52:56.721   580  9149 I resolv  : res_nmkquery: (QUERY, IN, A)
03-17 18:52:56.721   580  9149 D resolv  : res_nsend
03-17 18:52:56.721   580  9149 D resolv  : resolv_cache_lookup: lookup
03-17 18:52:56.721   580  9149 I resolv  : resolv_cache_lookup: FOUND IN CACHE entry=0xb400fa8ced049430
03-17 18:52:56.721   580  9149 I resolv  : doQuery: rcode=0, ancount=1, return value=131
03-17 18:52:56.722  1566  8119 D TrafficStats: tagSocket(54) with statsTag=0xffffffff, statsUid=-1
03-17 18:52:56.723  6654  6700 D TimerTriggerManager: init instance...
03-17 18:52:56.723  6654  6700 D TimerTriggerManager: Timer thread'TimerTriggerManager' is destroyed: false
03-17 18:52:56.724  6654  6700 D TimerTriggerManager: Timer 'onIndcnVehSpdChanged' is running: true
03-17 18:52:56.724  6654  6700 D TimerTriggerManager: Sending reset signal to timer 'onIndcnVehSpdChanged'
03-17 18:52:56.724  6654  6700 D TimerTriggerManager: Reset signal sent to timer 'onIndcnVehSpdChanged'
03-17 18:52:56.724  6654  6700 D TimerTriggerManager: init instance...
03-17 18:52:56.724  6654  6700 D TimerTriggerManager: Timer thread'TimerTriggerManager' is destroyed: false
03-17 18:52:56.724  6654  6707 D TimerTriggerController: Reset method called for timer: onIndcnVehSpdChanged
03-17 18:52:56.724  6654  6700 D TimerTriggerManager: Timer 'onMntnWarnReqChanged' is running: true
03-17 18:52:56.724  6654  6700 D TimerTriggerManager: Sending reset signal to timer 'onMntnWarnReqChanged'
03-17 18:52:56.724  6654  6707 D TimerTriggerController: Calling onTimerReset for timer: onIndcnVehSpdChanged
03-17 18:52:56.724  6654  6707 D TimerTriggerManager: Timer reset: onIndcnVehSpdChanged
03-17 18:52:56.724  6654  6700 D TimerTriggerManager: Reset signal sent to timer 'onMntnWarnReqChanged'
03-17 18:52:56.724  6654  6707 I TimerTriggerController: Timer [onIndcnVehSpdChanged] reset, remaining: 1000ms, reset count: 626
03-17 18:52:56.724  6654  6707 D TimerTriggerController: Reset method called for timer: onMntnWarnReqChanged
03-17 18:52:56.724  6654  6707 D TimerTriggerController: Calling onTimerReset for timer: onMntnWarnReqChanged
03-17 18:52:56.724  6654  6707 D TimerTriggerManager: Timer reset: onMntnWarnReqChanged
03-17 18:52:56.724  6654  6707 I TimerTriggerController: Timer [onMntnWarnReqChanged] reset, remaining: 5000ms, reset count: 313
01-01 08:01:51.890   709   709 E [schedu][0x698f59a][10:52:56.740097] qcn7605: [709:E:WMI] is_service_enabled_tlv: Service id 371 but WMI ext2 service bitmap is NULL
03-17 18:52:56.758   642   685 I mcuc    : sd Uart data : 6AA602041F0002920245
03-17 18:52:56.763   642   685 I mcuc    : rev uart=1117,len=14, data : 6AA681041F00069202000C0001B5
03-17 18:52:56.763   642   685 I mcuc    : sd Uart data : 6AA60204200002920244
03-17 18:52:56.764   400   892 D adayocomadapter-ParseProtocolFunc: printRaWMsg Name[MCUToUPstream recv] len[6] data[9202000C0001]
03-17 18:52:56.764   400   892 D adayocomadapter-CommunicationManager: onUpstreamback   member[0] dataLength[3] timePoint[110711]
03-17 18:52:56.764   400   892 D adayocomadapter-ParseProtocolFunc: printRaWMsg Name[onUpstreamback] len[3] data[0C0001]
03-17 18:52:56.764   400   452 D adayocomadapter-UpstreamHandler: processBeforePacket upSreamtProcessTimePoint[110711] 
03-17 18:52:56.764   400   452 D adayocomadapter-UpstreamHandler: processPacket UPSTREAM_QUEUE_DATA_TIMEOUT
03-17 18:52:56.764   400   452 D adayocomadapter-ParseProtocolFunc: parseCommonIPCLBytes Processing tableNumber[12]
03-17 18:52:56.764   400   452 D adayocomadapter-ParseProtocolFunc: parseCommonIPCLBytes Processing tablename[Table-12] tableSize[3]
03-17 18:52:56.764   400   452 D adayocomadapter-ParseProtocolFunc: printRaWMsg Name[byteStream recv] len[3] data[0C0001]
03-17 18:52:56.764   400   452 D adayocomadapter-ParseProtocolFunc: printRaWMsg Name[IPCLtoVHAL] len[7] data[21402166000100]
03-17 18:52:56.764   400   452 D adayocomadapter-CommunicationManager: onUpstreamReceive isLoss 1 mPropertyId 0x21402166
03-17 18:52:56.764   400   452 D adayocomadapter-CommunicationManager: convertBytesToInt32Memcpy  0
03-17 18:52:56.764   400   452 D vw-vhal : notifyVehicleProperty, propId = 0x21402166, data = {status: 3, int32Values: [0]}
03-17 18:52:56.764   400   452 I DefaultVehicleHal_v2_0: DefaultVehicleHal::onPropertyValue, value:{.timestamp = 110711873678, .areaId = 0, .prop = 557850982, .status = UNAVAILABLE, .value = {.int32Values = [1]{0}, .floatValues = [0]{}, .int64Values = [0]{}, .bytes = [0]{}, .stringValue = ""}}
03-17 18:52:56.764   400   452 D adayocomadapter-CommunicationManager: onUpstreamReceive mPropertyId 0x21402166
03-17 18:52:56.769   642   685 I mcuc    : rev uart=1118,len=17, data : 6AA681042000099202000E7E7E000001B3
03-17 18:52:56.769   400   892 D adayocomadapter-ParseProtocolFunc: printRaWMsg Name[MCUToUPstream recv] len[9] data[9202000E7E7E000001]
03-17 18:52:56.769   400   892 D adayocomadapter-CommunicationManager: onUpstreamback   member[0] dataLength[6] timePoint[110716]
03-17 18:52:56.769   400   892 D adayocomadapter-ParseProtocolFunc: printRaWMsg Name[onUpstreamback] len[6] data[0E7E7E000001]
03-17 18:52:56.769   400   452 D adayocomadapter-UpstreamHandler: processBeforePacket upSreamtProcessTimePoint[110716] 
03-17 18:52:56.769   400   452 D adayocomadapter-UpstreamHandler: processPacket UPSTREAM_QUEUE_DATA_TIMEOUT
03-17 18:52:56.769   400   452 D adayocomadapter-ParseProtocolFunc: parseCommonIPCLBytes Processing tableNumber[14]
03-17 18:52:56.769   400   452 D adayocomadapter-ParseProtocolFunc: parseCommonIPCLBytes Processing tablename[Table-14] tableSize[6]
03-17 18:52:56.769   400   452 D adayocomadapter-ParseProtocolFunc: printRaWMsg Name[byteStream recv] len[6] data[0E7E7E000001]
03-17 18:52:56.769   400   452 D adayocomadapter-ParseProtocolFunc: printRaWMsg Name[IPCLtoVHAL] len[7] data[214020DE00017E]
03-17 18:52:56.769   400   452 D adayocomadapter-ParseProtocolFunc: printRaWMsg Name[IPCLtoVHAL] len[7] data[214020E000017E]
03-17 18:52:56.769   400   452 D adayocomadapter-ParseProtocolFunc: printRaWMsg Name[IPCLtoVHAL] len[7] data[214020E5000100]
03-17 18:52:56.769   400   452 D adayocomadapter-ParseProtocolFunc: printRaWMsg Name[IPCLtoVHAL] len[7] data[214020E6000100]
03-17 18:52:56.769   400   452 D adayocomadapter-CommunicationManager: onUpstreamReceive isLoss 1 mPropertyId 0x214020de
03-17 18:52:56.769   400   452 D adayocomadapter-CommunicationManager: convertBytesToInt32Memcpy  126
03-17 18:52:56.769   400   452 D vw-vhal : notifyVehicleProperty, propId = 0x214020de, data = {status: 3, int32Values: [126]}
03-17 18:52:56.769   400   452 I DefaultVehicleHal_v2_0: DefaultVehicleHal::onPropertyValue, value:{.timestamp = 110717195011, .areaId = 0, .prop = 557850846, .status = UNAVAILABLE, .value = {.int32Values = [1]{126}, .floatValues = [0]{}, .int64Values = [0]{}, .bytes = [0]{}, .stringValue = ""}}
03-17 18:52:56.769   400   452 D adayocomadapter-CommunicationManager: onUpstreamReceive mPropertyId 0x214020de
03-17 18:52:56.769   400   452 D adayocomadapter-CommunicationManager: onUpstreamReceive isLoss 1 mPropertyId 0x214020e0
03-17 18:52:56.769   400   452 D adayocomadapter-CommunicationManager: convertBytesToInt32Memcpy  126
03-17 18:52:56.769   400   452 D vw-vhal : notifyVehicleProperty, propId = 0x214020e0, data = {status: 3, int32Values: [126]}
03-17 18:52:56.769   400   452 I DefaultVehicleHal_v2_0: DefaultVehicleHal::onPropertyValue, value:{.timestamp = 110717332345, .areaId = 0, .prop = 557850848, .status = UNAVAILABLE, .value = {.int32Values = [1]{126}, .floatValues = [0]{}, .int64Values = [0]{}, .bytes = [0]{}, .stringValue = ""}}
03-17 18:52:56.769   400   452 D adayocomadapter-CommunicationManager: onUpstreamReceive mPropertyId 0x214020e0
03-17 18:52:56.769   400   452 D adayocomadapter-CommunicationManager: onUpstreamReceive isLoss 1 mPropertyId 0x214020e5
03-17 18:52:56.769   400   452 D adayocomadapter-CommunicationManager: convertBytesToInt32Memcpy  0
03-17 18:52:56.769   400   452 D vw-vhal : notifyVehicleProperty, propId = 0x214020e5, data = {status: 3, int32Values: [0]}
03-17 18:52:56.769   400   452 I DefaultVehicleHal_v2_0: DefaultVehicleHal::onPropertyValue, value:{.timestamp = 110717438678, .areaId = 0, .prop = 557850853, .status = UNAVAILABLE, .value = {.int32Values = [1]{0}, .floatValues = [0]{}, .int64Values = [0]{}, .bytes = [0]{}, .stringValue = ""}}
03-17 18:52:56.769   400   452 D adayocomadapter-CommunicationManager: onUpstreamReceive mPropertyId 0x214020e5
03-17 18:52:56.769   400   452 D adayocomadapter-CommunicationManager: onUpstreamReceive isLoss 1 mPropertyId 0x214020e6
03-17 18:52:56.769   400   452 D adayocomadapter-CommunicationManager: convertBytesToInt32Memcpy  0
03-17 18:52:56.769   400   452 D vw-vhal : notifyVehicleProperty, propId = 0x214020e6, data = {status: 3, int32Values: [0]}
03-17 18:52:56.770   400   452 I DefaultVehicleHal_v2_0: DefaultVehicleHal::onPropertyValue, value:{.timestamp = 110717541678, .areaId = 0, .prop = 557850854, .status = UNAVAILABLE, .value = {.int32Values = [1]{0}, .floatValues = [0]{}, .int64Values = [0]{}, .bytes = [0]{}, .stringValue = ""}}
03-17 18:52:56.770   400   452 D adayocomadapter-CommunicationManager: onUpstreamReceive mPropertyId 0x214020e6
03-17 18:52:56.781   582  3616 E WifiHAL : Invalid data received from driver
03-17 18:52:56.789   582  3616 E WifiHAL : Invalid data received from driver
03-17 18:52:56.789   582  3616 E WifiHAL : Invalid data received from driver
03-17 18:52:56.790   582  3616 E WifiHAL : Invalid data received from driver
03-17 18:52:56.790   582  3616 E WifiHAL : Invalid data received from driver
03-17 18:52:56.790   582  3616 E WifiHAL : Invalid data received from driver
03-17 18:52:56.790   582  3616 E WifiHAL : Invalid data received from driver
03-17 18:52:56.790   582  3616 E WifiHAL : Invalid data received from driver
03-17 18:52:56.811  2383  2600 D AdayoDoipServer294_Doip: [ne_doip_event_loop_dispatch][line:141] : count = 0
03-17 18:52:56.823  1566  1566 I AccessibilityCache: onAccessibilityEvent(EventType: TYPE_WINDOW_CONTENT_CHANGED; EventTime: 110169; PackageName: com.fawvw.hmi.bev.carapp; MovementGranularity: 0; Action: 0; ContentChangeTypes: [CONTENT_CHANGE_TYPE_SUBTREE]; WindowChangeTypes: [] [ ClassName: android.view.ViewGroup; Text: []; ContentDescription: null; ItemCount: -1; CurrentItemIndex: -1; Enabled: true; Password: false; Checked: false; FullScreen: false; Scrollable: false; ImportantForAccessibility: false; AccessibilityDataSensitive: false; BeforeText: null; FromIndex: -1; ToIndex: -1; ScrollX: 0; ScrollY: 0; MaxScrollX: 0; MaxScrollY: 0; ScrollDeltaX: -1; ScrollDeltaY: -1; AddedCount: -1; RemovedCount: -1; ParcelableData: null; DisplayId: 0 ]
03-17 18:52:56.823  1566  1566 I AccessibilityCache: ; SourceWindowId: 0xe; SourceNodeId: 0xffffffff000003ab; SourceDisplayId: 0)
03-17 18:52:56.823  1566  1566 I AccessibilityCache: Clearing cached subtree.
03-17 18:52:56.824  6654  6700 D TimerTriggerManager: init instance...
03-17 18:52:56.824  6654  6700 D TimerTriggerManager: Timer thread'TimerTriggerManager' is destroyed: false
03-17 18:52:56.824  6654  6700 D TimerTriggerManager: Timer 'onIndcnVehSpdChanged' is running: true
03-17 18:52:56.824  6654  6700 D TimerTriggerManager: Sending reset signal to timer 'onIndcnVehSpdChanged'
03-17 18:52:56.824  6654  6700 D TimerTriggerManager: Reset signal sent to timer 'onIndcnVehSpdChanged'
03-17 18:52:56.824  6654  6707 D TimerTriggerController: Reset method called for timer: onIndcnVehSpdChanged
03-17 18:52:56.824  6654  6707 D TimerTriggerController: Calling onTimerReset for timer: onIndcnVehSpdChanged
03-17 18:52:56.824  6654  6707 D TimerTriggerManager: Timer reset: onIndcnVehSpdChanged
03-17 18:52:56.824  6654  6707 I TimerTriggerController: Timer [onIndcnVehSpdChanged] reset, remaining: 1000ms, reset count: 627
03-17 18:52:56.901   903  1215 D InputReader: BatchSize: 9 Count: 9
03-17 18:52:56.901   903  1215 D InputReader: Input event: eventHubDevice=1 type=EV_ABS code=ABS_MT_TRACKING_ID value=27 when=110849043000
03-17 18:52:56.901   903  1215 D InputReader: Input event: eventHubDevice=1 type=EV_ABS code=ABS_MT_POSITION_X value=1089 when=110849043000
03-17 18:52:56.901   903  1215 D InputReader: Input event: eventHubDevice=1 type=EV_ABS code=ABS_MT_POSITION_Y value=768 when=110849043000
03-17 18:52:56.901   903  1215 D InputReader: Input event: eventHubDevice=1 type=EV_ABS code=ABS_MT_TOUCH_MAJOR value=8 when=110849043000
03-17 18:52:56.901   903  1215 D InputReader: Input event: eventHubDevice=1 type=EV_ABS code=ABS_MT_WIDTH_MAJOR value=8 when=110849043000
03-17 18:52:56.901   903  1215 D InputReader: Input event: eventHubDevice=1 type=EV_KEY code=BTN_TOUCH value=DOWN when=110849043000
03-17 18:52:56.901   903  1215 D InputReader: Input event: eventHubDevice=1 type=EV_ABS code=ABS_X value=1089 when=110849043000
03-17 18:52:56.901   903  1215 D InputReader: Input event: eventHubDevice=1 type=EV_ABS code=ABS_Y value=768 when=110849043000
03-17 18:52:56.901   903  1215 D InputReader: Input event: eventHubDevice=1 type=EV_SYN code=SYN_REPORT value=0 when=110849043000
03-17 18:52:56.901   903  1215 D InputReader: syncTouch: pointerCount 0 -> 1, touching ids 0x00000000 -> 0x80000000, hovering ids 0x00000000 -> 0x00000000, canceled ids 0x00000000
03-17 18:52:56.901   903  1215 D UnwantedInteractionBlocker: notifyMotion: NotifyMotionArgs(id=896253771, eventTime=110849043000, deviceId=2, source=TOUCHSCREEN, action=DOWN, pointerCount=1 pointers={0: id=0 x=1088.6 y=767.5 pressure=1.0 major=8.0 minor=8.0 orientation=0.0}, flags=0x00000000)
03-17 18:52:56.902   903  1215 D UnwantedInteractionBlocker: enqueueOutboundMotionLocked: NotifyMotionArgs(id=896253771, eventTime=110849043000, deviceId=2, source=TOUCHSCREEN, action=DOWN, pointerCount=1 pointers={0: id=0 x=1088.6 y=767.5 pressure=1.0 major=8.0 minor=8.0 orientation=0.0}, flags=0x00000000)
03-17 18:52:56.902   903  1215 D InputDispatcher: notifyMotion - id=356bbf4b eventTime=110849043000, deviceId=2, source=TOUCHSCREEN, displayId=0, policyFlags=0x0, action=DOWN, actionButton=0x0, flags=0x0, metaState=0x0, buttonState=0x0, edgeFlags=0x0, xPrecision=1.000391, yPrecision=1.000695, xCursorPosition=nan, yCursorPosition=nan, downTime=110849043000
03-17 18:52:56.902   903  1215 D InputDispatcher:   Pointer 0: id=0, toolType=FINGER, x=1088.574829, y=767.467041, pressure=1.000000, size=0.031373, touchMajor=7.995662, touchMinor=7.995662, toolMajor=7.995662, toolMinor=7.995662, orientation=0.000000
03-17 18:52:56.902   903  1215 I InputVerifier: input: Processing DOWN for device DeviceId(2) (1 pointer) on display 0
03-17 18:52:56.902   903  1214 D InputDispatcher: dispatchMotion - eventTime=110849043000, deviceId=2, source=TOUCHSCREEN, displayId=0, policyFlags=0x62000000, action=DOWN, actionButton=0x0, flags=0x0, metaState=0x0, buttonState=0x0,edgeFlags=0x0, xPrecision=1.000391, yPrecision=1.000695, downTime=110849043000
03-17 18:52:56.902   903  1214 D InputDispatcher:   Pointer 0: id=0, toolType=FINGER, x=1088.574829, y=767.467041, pressure=1.000000, size=0.031373, touchMajor=7.995662, touchMinor=7.995662, toolMajor=7.995662, toolMinor=7.995662, orientation=0.000000
03-17 18:52:56.902   903  1214 D InputDispatcher: dispatchEventToCurrentInputTargets
03-17 18:52:56.902   903  1214 D InputDispatcher: channel '3d2cd6b MosiCarBottomSystemBar (server)' ~ prepareDispatchCycle - flags=ZERO_COORDS | DISPATCH_AS_OUTSIDE, globalScaleFactor=1.000000, pointerIds=<none> 
03-17 18:52:56.902   903  1214 D InputDispatcher:         default (ROT_0) (TRANSLATE)
03-17 18:52:56.902   903  1214 D InputDispatcher:             1.0000  0.0000  -0.0000
03-17 18:52:56.902   903  1214 D InputDispatcher:             0.0000  1.0000  -1312.0000
03-17 18:52:56.902   903  1214 D InputDispatcher:             0.0000  0.0000  1.0000
03-17 18:52:56.902   903  1214 D InputDispatcher: channel '3d2cd6b MosiCarBottomSystemBar (server)' ~ startDispatchCycle
03-17 18:52:56.902   903  1214 D InputDispatcher: Publishing DispatchEntry{resolvedAction=OUTSIDE, resolvedFlags=0, targetFlags=ZERO_COORDS | DISPATCH_AS_OUTSIDE, transform=transform (ROT_0) (TRANSLATE)
03-17 18:52:56.902   903  1214 D InputDispatcher:     1.0000  0.0000  -0.0000
03-17 18:52:56.902   903  1214 D InputDispatcher:     0.0000  1.0000  -1312.0000
03-17 18:52:56.902   903  1214 D InputDispatcher:     0.0000  0.0000  1.0000
03-17 18:52:56.902   903  1214 D InputDispatcher: } original: MotionEvent(deviceId=2, eventTime=110849043000, source=TOUCHSCREEN, displayId=0, action=DOWN, actionButton=0x00000000, flags=0x00000000, metaState=0x00000000, buttonState=0x00000000, classification=NONE, edgeFlags=0x00000000, xPrecision=1.0, yPrecision=1.0, xCursorPosition=nan, yCursorPosition=nan, pointers=[0: (1088.6, 767.5)]), policyFlags=0x62000000 to 3d2cd6b MosiCarBottomSystemBar (server)
03-17 18:52:56.902   903  1214 I InputVerifier: input: Processing OUTSIDE for device DeviceId(2) (1 pointer) on 3d2cd6b MosiCarBottomSystemBar (server)
03-17 18:52:56.902   903  1214 D InputTransport: channel '3d2cd6b MosiCarBottomSystemBar (server)' publisher ~ publishMotionEvent: seq=544, id=1508513274, deviceId=2, source=TOUCHSCREEN, displayId=0, action=OUTSIDE, actionButton=0x00000000, flags=0x0, edgeFlags=0x0, metaState=0x0, buttonState=0x0, classification=NONE,xPrecision=1.000391, yPrecision=1.000695, downTime=110849043000, eventTime=110849043000, pointerCount=1 
03-17 18:52:56.902   903  1214 D InputTransport:         transform (ROT_0) (TRANSLATE)
03-17 18:52:56.902   903  1214 D InputTransport:             1.0000  0.0000  -0.0000
03-17 18:52:56.902   903  1214 D InputTransport:             0.0000  1.0000  -1312.0000
03-17 18:52:56.902   903  1214 D InputTransport:             0.0000  0.0000  1.0000
03-17 18:52:56.902   903  1214 D InputTransport: channel '3d2cd6b MosiCarBottomSystemBar (server)' ~ sent message of type MOTION
03-17 18:52:56.902   903  1214 D InputDispatcher: channel '59ebcfe MosiCarTopSystemBar (server)' ~ prepareDispatchCycle - flags=ZERO_COORDS | DISPATCH_AS_OUTSIDE, globalScaleFactor=1.000000, pointerIds=<none> 
03-17 18:52:56.902   903  1214 D InputDispatcher:         default (ROT_0) (IDENTITY)
03-17 18:52:56.902   903  1214 D InputDispatcher: channel '59ebcfe MosiCarTopSystemBar (server)' ~ startDispatchCycle
03-17 18:52:56.902  1702  1702 D InputTransport: channel '3d2cd6b MosiCarBottomSystemBar (client)' consumer ~ consume: consumeBatches=false, frameTime=-1
03-17 18:52:56.902   903  1214 D InputDispatcher: Publishing DispatchEntry{resolvedAction=OUTSIDE, resolvedFlags=0, targetFlags=ZERO_COORDS | DISPATCH_AS_OUTSIDE, transform=transform (ROT_0) (IDENTITY)
03-17 18:52:56.902   903  1214 D InputDispatcher: } original: MotionEvent(deviceId=2, eventTime=110849043000, source=TOUCHSCREEN, displayId=0, action=DOWN, actionButton=0x00000000, flags=0x00000000, metaState=0x00000000, buttonState=0x00000000, classification=NONE, edgeFlags=0x00000000, xPrecision=1.0, yPrecision=1.0, xCursorPosition=nan, yCursorPosition=nan, pointers=[0: (1088.6, 767.5)]), policyFlags=0x62000000 to 59ebcfe MosiCarTopSystemBar (server)
03-17 18:52:56.902   903  1214 I InputVerifier: input: Processing OUTSIDE for device DeviceId(2) (1 pointer) on 59ebcfe MosiCarTopSystemBar (server)
03-17 18:52:56.902  1702  1702 D InputTransport: channel '3d2cd6b MosiCarBottomSystemBar (client)' ~ received message of type MOTION
03-17 18:52:56.902   903  1214 D InputTransport: channel '59ebcfe MosiCarTopSystemBar (server)' publisher ~ publishMotionEvent: seq=545, id=1318817849, deviceId=2, source=TOUCHSCREEN, displayId=0, action=OUTSIDE, actionButton=0x00000000, flags=0x0, edgeFlags=0x0, metaState=0x0, buttonState=0x0, classification=NONE,xPrecision=1.000391, yPrecision=1.000695, downTime=110849043000, eventTime=110849043000, pointerCount=1 
03-17 18:52:56.902   903  1214 D InputTransport:         transform (ROT_0) (IDENTITY)
03-17 18:52:56.902  1702  1702 D InputTransport: channel '3d2cd6b MosiCarBottomSystemBar (client)' consumer ~ consumed motion event, seq=544
03-17 18:52:56.902   903  1214 D InputTransport: channel '59ebcfe MosiCarTopSystemBar (server)' ~ sent message of type MOTION
03-17 18:52:56.902   903  1214 D InputDispatcher: channel '7a5e81e com.fawvw.hmi.bev.carapp/com.fawvw.hmi.bev.carapp.MainActivity (server)' ~ prepareDispatchCycle - flags=FOREGROUND | SPLIT | DISPATCH_AS_IS | WINDOW_IS_PARTIALLY_OBSCURED, globalScaleFactor=1.000000, pointerIds=00000000000000000000000000000001 
03-17 18:52:56.902   903  1214 D InputDispatcher:         pointerId 0: (ROT_0) (IDENTITY)
03-17 18:52:56.902   903  1214 D InputDispatcher: channel '7a5e81e com.fawvw.hmi.bev.carapp/com.fawvw.hmi.bev.carapp.MainActivity (server)' ~ startDispatchCycle
03-17 18:52:56.903  1702  1702 D InputTransport: channel '3d2cd6b MosiCarBottomSystemBar (client)' consumer ~ sendFinishedSignal: seq=544, handled=false
03-17 18:52:56.903   903  1214 D InputDispatcher: Publishing DispatchEntry{resolvedAction=DOWN, resolvedFlags=2, targetFlags=FOREGROUND | SPLIT | DISPATCH_AS_IS | WINDOW_IS_PARTIALLY_OBSCURED, transform=transform (ROT_0) (IDENTITY)
03-17 18:52:56.903   903  1214 D InputDispatcher: } original: MotionEvent(deviceId=2, eventTime=110849043000, source=TOUCHSCREEN, displayId=0, action=DOWN, actionButton=0x00000000, flags=0x00000000, metaState=0x00000000, buttonState=0x00000000, classification=NONE, edgeFlags=0x00000000, xPrecision=1.0, yPrecision=1.0, xCursorPosition=nan, yCursorPosition=nan, pointers=[0: (1088.6, 767.5)]), policyFlags=0x62000000 to 7a5e81e com.fawvw.hmi.bev.carapp/com.fawvw.hmi.bev.carapp.MainActivity (server)
03-17 18:52:56.903  1702  1702 D InputTransport: channel '3d2cd6b MosiCarBottomSystemBar (client)' ~ sent message of type FINISHED
03-17 18:52:56.903  1702  1702 D InputTransport: channel '3d2cd6b MosiCarBottomSystemBar (client)' consumer ~ consume: consumeBatches=false, frameTime=-1
03-17 18:52:56.903  1702  1702 D InputTransport: channel '3d2cd6b MosiCarBottomSystemBar (client)' ~ receive message failed, errno=11
03-17 18:52:56.903   903  1214 I InputVerifier: input: Processing DOWN for device DeviceId(2) (1 pointer) on 7a5e81e com.fawvw.hmi.bev.carapp/com.fawvw.hmi.bev.carapp.MainActivity (server)
03-17 18:52:56.903   903  1214 D InputTransport: channel '7a5e81e com.fawvw.hmi.bev.carapp/com.fawvw.hmi.bev.carapp.MainActivity (server)' publisher ~ publishMotionEvent: seq=546, id=896253771, deviceId=2, source=TOUCHSCREEN, displayId=0, action=DOWN, actionButton=0x00000000, flags=0x2, edgeFlags=0x0, metaState=0x0, buttonState=0x0, classification=NONE,xPrecision=1.000391, yPrecision=1.000695, downTime=110849043000, eventTime=110849043000, pointerCount=1 
03-17 18:52:56.903   903  1214 D InputTransport:         transform (ROT_0) (IDENTITY)
03-17 18:52:56.903  1702  1702 D InputTransport: channel '59ebcfe MosiCarTopSystemBar (client)' consumer ~ consume: consumeBatches=false, frameTime=-1
03-17 18:52:56.903  1702  1702 D InputTransport: channel '59ebcfe MosiCarTopSystemBar (client)' ~ received message of type MOTION
03-17 18:52:56.903   903  1214 D InputTransport: channel '7a5e81e com.fawvw.hmi.bev.carapp/com.fawvw.hmi.bev.carapp.MainActivity (server)' ~ sent message of type MOTION
03-17 18:52:56.903  1702  1702 D InputTransport: channel '59ebcfe MosiCarTopSystemBar (client)' consumer ~ consumed motion event, seq=545
03-17 18:52:56.903   903  1214 D InputDispatcher: channel 'PointerEventDispatcher0 (server)' ~ prepareDispatchCycle - flags=DISPATCH_AS_IS, globalScaleFactor=1.000000, pointerIds=<none> 
03-17 18:52:56.903   903  1214 D InputDispatcher:         default (ROT_0) (IDENTITY)
03-17 18:52:56.903   903  1214 D InputDispatcher: channel 'PointerEventDispatcher0 (server)' ~ startDispatchCycle
03-17 18:52:56.903  1702  1702 D InputTransport: channel '59ebcfe MosiCarTopSystemBar (client)' consumer ~ sendFinishedSignal: seq=545, handled=false
03-17 18:52:56.903  8377  8377 D InputTransport: channel '7a5e81e com.fawvw.hmi.bev.carapp/com.fawvw.hmi.bev.carapp.MainActivity (client)' consumer ~ consume: consumeBatches=false, frameTime=-1
03-17 18:52:56.903  1702  1702 D InputTransport: channel '59ebcfe MosiCarTopSystemBar (client)' ~ sent message of type FINISHED
03-17 18:52:56.903  1702  1702 D InputTransport: channel '59ebcfe MosiCarTopSystemBar (client)' consumer ~ consume: consumeBatches=false, frameTime=-1
03-17 18:52:56.903   903  1214 D InputDispatcher: Publishing DispatchEntry{resolvedAction=DOWN, resolvedFlags=0, targetFlags=DISPATCH_AS_IS, transform=transform (ROT_0) (IDENTITY)
03-17 18:52:56.903   903  1214 D InputDispatcher: } original: MotionEvent(deviceId=2, eventTime=110849043000, source=TOUCHSCREEN, displayId=0, action=DOWN, actionButton=0x00000000, flags=0x00000000, metaState=0x00000000, buttonState=0x00000000, classification=NONE, edgeFlags=0x00000000, xPrecision=1.0, yPrecision=1.0, xCursorPosition=nan, yCursorPosition=nan, pointers=[0: (1088.6, 767.5)]), policyFlags=0x62000000 to PointerEventDispatcher0 (server)
03-17 18:52:56.903  1702  1702 D InputTransport: channel '59ebcfe MosiCarTopSystemBar (client)' ~ receive message failed, errno=11
03-17 18:52:56.903  8377  8377 D InputTransport: channel '7a5e81e com.fawvw.hmi.bev.carapp/com.fawvw.hmi.bev.carapp.MainActivity (client)' ~ received message of type MOTION
03-17 18:52:56.903   903  1214 I InputVerifier: input: Processing DOWN for device DeviceId(2) (1 pointer) on PointerEventDispatcher0 (server)
03-17 18:52:56.903  8377  8377 D InputTransport: channel '7a5e81e com.fawvw.hmi.bev.carapp/com.fawvw.hmi.bev.carapp.MainActivity (client)' consumer ~ consumed motion event, seq=546
03-17 18:52:56.903   903  1214 D InputTransport: channel 'PointerEventDispatcher0 (server)' publisher ~ publishMotionEvent: seq=547, id=896253771, deviceId=2, source=TOUCHSCREEN, displayId=0, action=DOWN, actionButton=0x00000000, flags=0x0, edgeFlags=0x0, metaState=0x0, buttonState=0x0, classification=NONE,xPrecision=1.000391, yPrecision=1.000695, downTime=110849043000, eventTime=110849043000, pointerCount=1 
03-17 18:52:56.903   903  1214 D InputTransport:         transform (ROT_0) (IDENTITY)
03-17 18:52:56.903   903  1214 D InputTransport: channel 'PointerEventDispatcher0 (server)' ~ sent message of type MOTION
03-17 18:52:56.903   903  1071 D InputTransport: channel 'PointerEventDispatcher0 (client)' consumer ~ consume: consumeBatches=false, frameTime=-1
03-17 18:52:56.903   903  1071 D InputTransport: channel 'PointerEventDispatcher0 (client)' ~ received message of type MOTION
03-17 18:52:56.903   903  1071 D InputTransport: channel 'PointerEventDispatcher0 (client)' consumer ~ consumed motion event, seq=547
03-17 18:52:56.903   903  1071 D VelocityTracker: VelocityTracker: addMovement eventTime=110849043000, pointerId=0, activePointerId=0
03-17 18:52:56.903   903  1071 D VelocityTracker:   0: axis=0, position=1088.575, estimator (degree=0, coeff=[ 1088.575195 ], confidence=1.000000)
03-17 18:52:56.903   903  1071 D VelocityTracker: VelocityTracker: addMovement eventTime=110849043000, pointerId=0, activePointerId=0
03-17 18:52:56.903  8377  8377 D VelocityTracker: VelocityTracker: addMovement eventTime=110849043000, pointerId=0, activePointerId=0
03-17 18:52:56.903   903  1071 D VelocityTracker:   0: axis=1, position=767.467, estimator (degree=0, coeff=[ 767.466797 ], confidence=1.000000)
03-17 18:52:56.903  8377  8377 D VelocityTracker:   0: axis=0, position=480.575, estimator (degree=0, coeff=[ 480.575195 ], confidence=1.000000)
03-17 18:52:56.903  8377  8377 D VelocityTracker: VelocityTracker: addMovement eventTime=110849043000, pointerId=0, activePointerId=0
03-17 18:52:56.903  8377  8377 D VelocityTracker:   0: axis=1, position=443.467, estimator (degree=0, coeff=[ 443.466797 ], confidence=1.000000)
03-17 18:52:56.903   903  1071 D InputTransport: channel 'PointerEventDispatcher0 (client)' consumer ~ sendFinishedSignal: seq=547, handled=false
03-17 18:52:56.903   903  1071 D InputTransport: channel 'PointerEventDispatcher0 (client)' ~ sent message of type FINISHED
03-17 18:52:56.903   903  1071 D InputTransport: channel 'PointerEventDispatcher0 (client)' consumer ~ consume: consumeBatches=false, frameTime=-1
03-17 18:52:56.903   903  1071 D InputTransport: channel 'PointerEventDispatcher0 (client)' ~ receive message failed, errno=11
03-17 18:52:56.903  8377  8377 D InputTransport: channel '7a5e81e com.fawvw.hmi.bev.carapp/com.fawvw.hmi.bev.carapp.MainActivity (client)' consumer ~ sendFinishedSignal: seq=546, handled=true
03-17 18:52:56.904  8377  8377 D InputTransport: channel '7a5e81e com.fawvw.hmi.bev.carapp/com.fawvw.hmi.bev.carapp.MainActivity (client)' ~ sent message of type FINISHED
03-17 18:52:56.904  8377  8377 D InputTransport: channel '7a5e81e com.fawvw.hmi.bev.carapp/com.fawvw.hmi.bev.carapp.MainActivity (client)' consumer ~ consume: consumeBatches=false, frameTime=-1
03-17 18:52:56.904  8377  8377 D InputTransport: channel '7a5e81e com.fawvw.hmi.bev.carapp/com.fawvw.hmi.bev.carapp.MainActivity (client)' ~ receive message failed, errno=11
03-17 18:52:56.904   903  1214 D InputTransport: channel '3d2cd6b MosiCarBottomSystemBar (server)' ~ received message of type FINISHED
01-01 08:01:52.050   133   133 E sd_touch soc: ipcc@2.sdrv-touch.-1.190: semidrive_process_events:dn id=0,x=1089,y=768,DOWN[0xc0],dn_count=27,27
03-17 18:52:56.904   903  1214 D InputTransport: channel '3d2cd6b MosiCarBottomSystemBar (server)' publisher ~ receiveConsumerResponse: finished: seq=544, handled=false
03-17 18:52:56.904   903  1214 D InputDispatcher: channel '3d2cd6b MosiCarBottomSystemBar (server)' ~ finishDispatchCycle - seq=544, handled=false
03-17 18:52:56.904   903  1214 D InputTransport: channel '3d2cd6b MosiCarBottomSystemBar (server)' ~ receive message failed, errno=11
03-17 18:52:56.904   903  1214 D InputTransport: channel '3d2cd6b MosiCarBottomSystemBar (server)' publisher ~ receiveConsumerResponse: Unknown error -11
03-17 18:52:56.904   903  1214 D InputDispatcher: channel '3d2cd6b MosiCarBottomSystemBar (server)' ~ startDispatchCycle
03-17 18:52:56.904   903  1214 D InputTransport: channel '59ebcfe MosiCarTopSystemBar (server)' ~ received message of type FINISHED
03-17 18:52:56.904   903  1214 D InputTransport: channel '59ebcfe MosiCarTopSystemBar (server)' publisher ~ receiveConsumerResponse: finished: seq=545, handled=false
03-17 18:52:56.904   903  1214 D InputDispatcher: channel '59ebcfe MosiCarTopSystemBar (server)' ~ finishDispatchCycle - seq=545, handled=false
03-17 18:52:56.904   903  1214 D InputTransport: channel '59ebcfe MosiCarTopSystemBar (server)' ~ receive message failed, errno=11
03-17 18:52:56.904   903  1214 D InputTransport: channel '59ebcfe MosiCarTopSystemBar (server)' publisher ~ receiveConsumerResponse: Unknown error -11
03-17 18:52:56.904   903  1214 D InputDispatcher: channel '59ebcfe MosiCarTopSystemBar (server)' ~ startDispatchCycle
03-17 18:52:56.904   903  1214 D InputTransport: channel 'PointerEventDispatcher0 (server)' ~ received message of type FINISHED
03-17 18:52:56.904   903  1214 D InputTransport: channel 'PointerEventDispatcher0 (server)' publisher ~ receiveConsumerResponse: finished: seq=547, handled=false
03-17 18:52:56.904   903  1214 D InputDispatcher: channel 'PointerEventDispatcher0 (server)' ~ finishDispatchCycle - seq=547, handled=false
03-17 18:52:56.904   903  1214 D InputTransport: channel 'PointerEventDispatcher0 (server)' ~ receive message failed, errno=11
03-17 18:52:56.904   903  1214 D InputTransport: channel 'PointerEventDispatcher0 (server)' publisher ~ receiveConsumerResponse: Unknown error -11
03-17 18:52:56.904   903  1214 D InputDispatcher: channel 'PointerEventDispatcher0 (server)' ~ startDispatchCycle
03-17 18:52:56.905   903  1214 D InputTransport: channel '7a5e81e com.fawvw.hmi.bev.carapp/com.fawvw.hmi.bev.carapp.MainActivity (server)' ~ received message of type FINISHED
03-17 18:52:56.905   903  1214 D InputTransport: channel '7a5e81e com.fawvw.hmi.bev.carapp/com.fawvw.hmi.bev.carapp.MainActivity (server)' publisher ~ receiveConsumerResponse: finished: seq=546, handled=true
03-17 18:52:56.905   903  1214 D InputDispatcher: channel '7a5e81e com.fawvw.hmi.bev.carapp/com.fawvw.hmi.bev.carapp.MainActivity (server)' ~ finishDispatchCycle - seq=546, handled=true
03-17 18:52:56.905   903  1214 D InputTransport: channel '7a5e81e com.fawvw.hmi.bev.carapp/com.fawvw.hmi.bev.carapp.MainActivity (server)' ~ receive message failed, errno=11
03-17 18:52:56.905   903  1214 D InputTransport: channel '7a5e81e com.fawvw.hmi.bev.carapp/com.fawvw.hmi.bev.carapp.MainActivity (server)' publisher ~ receiveConsumerResponse: Unknown error -11
03-17 18:52:56.905   903  1214 D InputDispatcher: channel '7a5e81e com.fawvw.hmi.bev.carapp/com.fawvw.hmi.bev.carapp.MainActivity (server)' ~ startDispatchCycle
03-17 18:52:56.907   903  1215 D InputReader: BatchSize: 3 Count: 3
03-17 18:52:56.907   903  1215 D InputReader: Input event: eventHubDevice=1 type=EV_ABS code=ABS_MT_TOUCH_MAJOR value=16 when=110855140000
03-17 18:52:56.907   903  1215 D InputReader: Input event: eventHubDevice=1 type=EV_ABS code=ABS_MT_WIDTH_MAJOR value=16 when=110855140000
03-17 18:52:56.907   903  1215 D InputReader: Input event: eventHubDevice=1 type=EV_SYN code=SYN_REPORT value=0 when=110855140000
03-17 18:52:56.907   903  1215 D InputReader: syncTouch: pointerCount 1 -> 1, touching ids 0x80000000 -> 0x80000000, hovering ids 0x00000000 -> 0x00000000, canceled ids 0x00000000
03-17 18:52:56.907   903  1215 D UnwantedInteractionBlocker: notifyMotion: NotifyMotionArgs(id=1052637126, eventTime=110855140000, deviceId=2, source=TOUCHSCREEN, action=MOVE, pointerCount=1 pointers={0: id=0 x=1088.6 y=767.5 pressure=1.0 major=16.0 minor=16.0 orientation=0.0}, flags=0x00000000)
03-17 18:52:56.907   903  1215 D UnwantedInteractionBlocker: enqueueOutboundMotionLocked: NotifyMotionArgs(id=1052637126, eventTime=110855140000, deviceId=2, source=TOUCHSCREEN, action=MOVE, pointerCount=1 pointers={0: id=0 x=1088.6 y=767.5 pressure=1.0 major=16.0 minor=16.0 orientation=0.0}, flags=0x00000000)
03-17 18:52:56.907   903  1215 D InputDispatcher: notifyMotion - id=3ebdf7c6 eventTime=110855140000, deviceId=2, source=TOUCHSCREEN, displayId=0, policyFlags=0x0, action=MOVE, actionButton=0x0, flags=0x0, metaState=0x0, buttonState=0x0, edgeFlags=0x0, xPrecision=1.000391, yPrecision=1.000695, xCursorPosition=nan, yCursorPosition=nan, downTime=110849043000
03-17 18:52:56.907   903  1215 D InputDispatcher:   Pointer 0: id=0, toolType=FINGER, x=1088.574829, y=767.467041, pressure=1.000000, size=0.062745, touchMajor=15.991324, touchMinor=15.991324, toolMajor=15.991324, toolMinor=15.991324, orientation=0.000000
03-17 18:52:56.908   903  1215 I InputVerifier: input: Processing MOVE for device DeviceId(2) (1 pointer) on display 0
