03-17 18:52:54.980   903  1214 D InputDispatcher: Publishing DispatchEntry{resolvedAction=MOVE, resolvedFlags=0, targetFlags=DISPATCH_AS_IS, transform=transform (ROT_0) (IDENTITY)
03-17 18:52:54.980   903  1214 D InputDispatcher: } original: MotionEvent(deviceId=2, eventTime=108926420000, source=TOUCHSCREEN, displayId=0, action=MOVE, actionButton=0x00000000, flags=0x00000000, metaState=0x00000000, buttonState=0x00000000, classification=NONE, edgeFlags=0x00000000, xPrecision=1.0, yPrecision=1.0, xCursorPosition=nan, yCursorPosition=nan, pointers=[0: (1305.5, 775.5)]), policyFlags=0x62000000 to PointerEventDispatcher0 (server)
03-17 18:52:54.980   903  1214 I InputVerifier: input: Processing MOVE for device DeviceId(2) (1 pointer) on PointerEventDispatcher0 (server)
03-17 18:52:54.980   903  1214 D InputTransport: channel 'PointerEventDispatcher0 (server)' publisher ~ publishMotionEvent: seq=523, id=555599221, deviceId=2, source=TOUCHSCREEN, displayId=0, action=MOVE, actionButton=0x00000000, flags=0x0, edgeFlags=0x0, metaState=0x0, buttonState=0x0, classification=NONE,xPrecision=1.000391, yPrecision=1.000695, downTime=108919244000, eventTime=108926420000, pointerCount=1 
03-17 18:52:54.980   903  1214 D InputTransport:         transform (ROT_0) (IDENTITY)
03-17 18:52:54.980   903  1214 D InputTransport: channel 'PointerEventDispatcher0 (server)' ~ sent message of type MOTION
03-17 18:52:54.980   903  1071 D InputTransport: channel 'PointerEventDispatcher0 (client)' consumer ~ consume: consumeBatches=false, frameTime=-1
03-17 18:52:54.980   903  1071 D InputTransport: channel 'PointerEventDispatcher0 (client)' ~ received message of type MOTION
03-17 18:52:54.980   903  1071 D InputTransport: channel 'PointerEventDispatcher0 (client)' consumer ~ started batch event
03-17 18:52:54.980   903  1071 D InputTransport: channel 'PointerEventDispatcher0 (client)' ~ receive message failed, errno=11
03-17 18:52:54.980   903  1071 D InputTransport: channel 'PointerEventDispatcher0 (client)' consumer ~ consume: consumeBatches=true, frameTime=-1
03-17 18:52:54.980   903  1071 D InputTransport: channel 'PointerEventDispatcher0 (client)' ~ receive message failed, errno=11
03-17 18:52:54.980   903  1071 D InputTransport: channel 'PointerEventDispatcher0 (client)' consumer ~ consumed batch event, seq=523
03-17 18:52:54.980   903  1071 D VelocityTracker: VelocityTracker: addMovement eventTime=108926420000, pointerId=0, activePointerId=0
03-17 18:52:54.980   903  1071 D VelocityTracker: solveLeastSquares: m=2, n=2, x=[ 0.000000, -0.007176 ], y=[ 1305.490234, 1305.490234 ], w=[ 1.000000, 1.000000 ]
03-17 18:52:54.980   903  1071 D VelocityTracker:   - a=[ [ 1.000000, 0.000000 ], [ 1.000000, -0.007176 ] ]
03-17 18:52:54.980   903  1071 D VelocityTracker:   - q=[ [ 0.707107, 0.707107 ], [ 0.707107, -0.707107 ] ]
03-17 18:52:54.980   903  1071 D VelocityTracker:   - r=[ [ 1.414214, -0.005074 ], [ 0.000000, 0.005074 ] ]
03-17 18:52:54.981   903  1071 D VelocityTracker:   - qr=[ [ 1.000000, 0.000000 ], [ 1.000000, -0.007176 ] ]
03-17 18:52:54.981   903  1071 D VelocityTracker:   - b=[ 1305.490234, -0.012029 ]
03-17 18:52:54.981   903  1071 D VelocityTracker:   - sserr=0.000000
03-17 18:52:54.981   903  1071 D VelocityTracker:   - sstot=0.000000
03-17 18:52:54.981   903  1071 D VelocityTracker:   - det=1.000000
03-17 18:52:54.981   903  1071 D VelocityTracker: estimate: degree=1, coeff=[ 1305.490234, -0.012029 ], confidence=1.000000
03-17 18:52:54.981   903  1071 D VelocityTracker:   0: axis=0, position=1305.490, estimator (degree=1, coeff=[ 1305.490234, -0.012029 ], confidence=1.000000)
03-17 18:52:54.981   903  1071 D VelocityTracker: VelocityTracker: addMovement eventTime=108926420000, pointerId=0, activePointerId=0
03-17 18:52:54.981   903  1071 D VelocityTracker: solveLeastSquares: m=2, n=2, x=[ 0.000000, -0.007176 ], y=[ 775.461914, 775.461914 ], w=[ 1.000000, 1.000000 ]
03-17 18:52:54.981   903  1071 D VelocityTracker:   - a=[ [ 1.000000, 0.000000 ], [ 1.000000, -0.007176 ] ]
03-17 18:52:54.981   903  1071 D VelocityTracker:   - q=[ [ 0.707107, 0.707107 ], [ 0.707107, -0.707107 ] ]
03-17 18:52:54.981   903  1071 D VelocityTracker:   - r=[ [ 1.414214, -0.005074 ], [ 0.000000, 0.005074 ] ]
03-17 18:52:54.981   903  1071 D VelocityTracker:   - qr=[ [ 1.000000, 0.000000 ], [ 1.000000, -0.007176 ] ]
03-17 18:52:54.981   903  1071 D VelocityTracker:   - b=[ 775.461914, -0.012029 ]
03-17 18:52:54.981   903  1071 D VelocityTracker:   - sserr=0.000000
03-17 18:52:54.981   903  1071 D VelocityTracker:   - sstot=0.000000
03-17 18:52:54.981   903  1071 D VelocityTracker:   - det=1.000000
03-17 18:52:54.981   903  1071 D VelocityTracker: estimate: degree=1, coeff=[ 775.461914, -0.012029 ], confidence=1.000000
03-17 18:52:54.981   903  1071 D VelocityTracker:   0: axis=1, position=775.462, estimator (degree=1, coeff=[ 775.461914, -0.012029 ], confidence=1.000000)
03-17 18:52:54.981   903  1071 D InputTransport: channel 'PointerEventDispatcher0 (client)' consumer ~ sendFinishedSignal: seq=523, handled=false
03-17 18:52:54.981   903  1071 D InputTransport: channel 'PointerEventDispatcher0 (client)' ~ sent message of type FINISHED
03-17 18:52:54.981   903  1071 D InputTransport: channel 'PointerEventDispatcher0 (client)' consumer ~ consume: consumeBatches=true, frameTime=-1
03-17 18:52:54.981   903  1214 D InputTransport: channel 'PointerEventDispatcher0 (server)' ~ received message of type FINISHED
03-17 18:52:54.981   903  1071 D InputTransport: channel 'PointerEventDispatcher0 (client)' ~ receive message failed, errno=11
03-17 18:52:54.981   903  1214 D InputTransport: channel 'PointerEventDispatcher0 (server)' publisher ~ receiveConsumerResponse: finished: seq=523, handled=false
03-17 18:52:54.981   903  1214 D InputDispatcher: channel 'PointerEventDispatcher0 (server)' ~ finishDispatchCycle - seq=523, handled=false
03-17 18:52:54.981   903  1214 D InputTransport: channel 'PointerEventDispatcher0 (server)' ~ receive message failed, errno=11
03-17 18:52:54.981   903  1214 D InputTransport: channel 'PointerEventDispatcher0 (server)' publisher ~ receiveConsumerResponse: Unknown error -11
03-17 18:52:54.981   903  1214 D InputDispatcher: channel 'PointerEventDispatcher0 (server)' ~ startDispatchCycle
03-17 18:52:54.986   903  1215 D InputReader: BatchSize: 3 Count: 3
03-17 18:52:54.986   903  1215 D InputReader: Input event: eventHubDevice=1 type=EV_ABS code=ABS_MT_TOUCH_MAJOR value=23 when=108934298000
03-17 18:52:54.986   903  1215 D InputReader: Input event: eventHubDevice=1 type=EV_ABS code=ABS_MT_WIDTH_MAJOR value=23 when=108934298000
03-17 18:52:54.986   903  1215 D InputReader: Input event: eventHubDevice=1 type=EV_SYN code=SYN_REPORT value=0 when=108934298000
03-17 18:52:54.986   903  1215 D InputReader: syncTouch: pointerCount 1 -> 1, touching ids 0x80000000 -> 0x80000000, hovering ids 0x00000000 -> 0x00000000, canceled ids 0x00000000
03-17 18:52:54.987   903  1215 D UnwantedInteractionBlocker: notifyMotion: NotifyMotionArgs(id=199810176, eventTime=108934298000, deviceId=2, source=TOUCHSCREEN, action=MOVE, pointerCount=1 pointers={0: id=0 x=1305.5 y=775.5 pressure=1.0 major=23.0 minor=23.0 orientation=0.0}, flags=0x00000000)
03-17 18:52:54.987   903  1215 D UnwantedInteractionBlocker: enqueueOutboundMotionLocked: NotifyMotionArgs(id=199810176, eventTime=108934298000, deviceId=2, source=TOUCHSCREEN, action=MOVE, pointerCount=1 pointers={0: id=0 x=1305.5 y=775.5 pressure=1.0 major=23.0 minor=23.0 orientation=0.0}, flags=0x00000000)
03-17 18:52:54.987   903  1215 D InputDispatcher: notifyMotion - id=be8dc80 eventTime=108934298000, deviceId=2, source=TOUCHSCREEN, displayId=0, policyFlags=0x0, action=MOVE, actionButton=0x0, flags=0x0, metaState=0x0, buttonState=0x0, edgeFlags=0x0, xPrecision=1.000391, yPrecision=1.000695, xCursorPosition=nan, yCursorPosition=nan, downTime=108919244000
03-17 18:52:54.987   903  1215 D InputDispatcher:   Pointer 0: id=0, toolType=FINGER, x=1305.489990, y=775.461487, pressure=1.000000, size=0.090196, touchMajor=22.987530, touchMinor=22.987530, toolMajor=22.987530, toolMinor=22.987530, orientation=0.000000
03-17 18:52:54.987   903  1215 I InputVerifier: input: Processing MOVE for device DeviceId(2) (1 pointer) on display 0
03-17 18:52:54.987   903  1214 D InputDispatcher: dispatchMotion - eventTime=108934298000, deviceId=2, source=TOUCHSCREEN, displayId=0, policyFlags=0x62000000, action=MOVE, actionButton=0x0, flags=0x0, metaState=0x0, buttonState=0x0,edgeFlags=0x0, xPrecision=1.000391, yPrecision=1.000695, downTime=108919244000
03-17 18:52:54.987   903  1214 D InputDispatcher:   Pointer 0: id=0, toolType=FINGER, x=1305.489990, y=775.461487, pressure=1.000000, size=0.090196, touchMajor=22.987530, touchMinor=22.987530, toolMajor=22.987530, toolMinor=22.987530, orientation=0.000000
03-17 18:52:54.987   903  1214 D InputDispatcher: dispatchEventToCurrentInputTargets
03-17 18:52:54.987   903  1214 D InputDispatcher: channel '7a5e81e com.fawvw.hmi.bev.carapp/com.fawvw.hmi.bev.carapp.MainActivity (server)' ~ prepareDispatchCycle - flags=FOREGROUND | SPLIT | DISPATCH_AS_IS | WINDOW_IS_PARTIALLY_OBSCURED, globalScaleFactor=1.000000, pointerIds=00000000000000000000000000000001 
03-17 18:52:54.987   903  1214 D InputDispatcher:         pointerId 0: (ROT_0) (IDENTITY)
03-17 18:52:54.987   903  1214 D InputDispatcher: channel '7a5e81e com.fawvw.hmi.bev.carapp/com.fawvw.hmi.bev.carapp.MainActivity (server)' ~ startDispatchCycle
03-17 18:52:54.987   642   685 I mcuc    : sd Uart data : 6AA602040D0002920257
03-17 18:52:54.987   903  1214 D InputDispatcher: Publishing DispatchEntry{resolvedAction=MOVE, resolvedFlags=2, targetFlags=FOREGROUND | SPLIT | DISPATCH_AS_IS | WINDOW_IS_PARTIALLY_OBSCURED, transform=transform (ROT_0) (IDENTITY)
03-17 18:52:54.987   903  1214 D InputDispatcher: } original: MotionEvent(deviceId=2, eventTime=108934298000, source=TOUCHSCREEN, displayId=0, action=MOVE, actionButton=0x00000000, flags=0x00000000, metaState=0x00000000, buttonState=0x00000000, classification=NONE, edgeFlags=0x00000000, xPrecision=1.0, yPrecision=1.0, xCursorPosition=nan, yCursorPosition=nan, pointers=[0: (1305.5, 775.5)]), policyFlags=0x62000000 to 7a5e81e com.fawvw.hmi.bev.carapp/com.fawvw.hmi.bev.carapp.MainActivity (server)
03-17 18:52:54.987   903  1214 I InputVerifier: input: Processing MOVE for device DeviceId(2) (1 pointer) on 7a5e81e com.fawvw.hmi.bev.carapp/com.fawvw.hmi.bev.carapp.MainActivity (server)
03-17 18:52:54.987   903  1214 D InputTransport: channel '7a5e81e com.fawvw.hmi.bev.carapp/com.fawvw.hmi.bev.carapp.MainActivity (server)' publisher ~ publishMotionEvent: seq=524, id=199810176, deviceId=2, source=TOUCHSCREEN, displayId=0, action=MOVE, actionButton=0x00000000, flags=0x2, edgeFlags=0x0, metaState=0x0, buttonState=0x0, classification=NONE,xPrecision=1.000391, yPrecision=1.000695, downTime=108919244000, eventTime=108934298000, pointerCount=1 
03-17 18:52:54.987   903  1214 D InputTransport:         transform (ROT_0) (IDENTITY)
03-17 18:52:54.987   903  1214 D InputTransport: channel '7a5e81e com.fawvw.hmi.bev.carapp/com.fawvw.hmi.bev.carapp.MainActivity (server)' ~ sent message of type MOTION
03-17 18:52:54.987   903  1214 D InputDispatcher: channel 'PointerEventDispatcher0 (server)' ~ prepareDispatchCycle - flags=DISPATCH_AS_IS, globalScaleFactor=1.000000, pointerIds=<none> 
03-17 18:52:54.987   903  1214 D InputDispatcher:         default (ROT_0) (IDENTITY)
03-17 18:52:54.987  8377  8377 D InputTransport: channel '7a5e81e com.fawvw.hmi.bev.carapp/com.fawvw.hmi.bev.carapp.MainActivity (client)' consumer ~ consume: consumeBatches=false, frameTime=-1
03-17 18:52:54.987   903  1214 D InputDispatcher: channel 'PointerEventDispatcher0 (server)' ~ startDispatchCycle
03-17 18:52:54.987  8377  8377 D InputTransport: channel '7a5e81e com.fawvw.hmi.bev.carapp/com.fawvw.hmi.bev.carapp.MainActivity (client)' ~ received message of type MOTION
03-17 18:52:54.987   903  1214 D InputDispatcher: Publishing DispatchEntry{resolvedAction=MOVE, resolvedFlags=0, targetFlags=DISPATCH_AS_IS, transform=transform (ROT_0) (IDENTITY)
03-17 18:52:54.987   903  1214 D InputDispatcher: } original: MotionEvent(deviceId=2, eventTime=108934298000, source=TOUCHSCREEN, displayId=0, action=MOVE, actionButton=0x00000000, flags=0x00000000, metaState=0x00000000, buttonState=0x00000000, classification=NONE, edgeFlags=0x00000000, xPrecision=1.0, yPrecision=1.0, xCursorPosition=nan, yCursorPosition=nan, pointers=[0: (1305.5, 775.5)]), policyFlags=0x62000000 to PointerEventDispatcher0 (server)
03-17 18:52:54.987  8377  8377 D InputTransport: channel '7a5e81e com.fawvw.hmi.bev.carapp/com.fawvw.hmi.bev.carapp.MainActivity (client)' consumer ~ appended to batch event
03-17 18:52:54.988  8377  8377 D InputTransport: channel '7a5e81e com.fawvw.hmi.bev.carapp/com.fawvw.hmi.bev.carapp.MainActivity (client)' ~ receive message failed, errno=11
03-17 18:52:54.988   903  1214 I InputVerifier: input: Processing MOVE for device DeviceId(2) (1 pointer) on PointerEventDispatcher0 (server)
03-17 18:52:54.988   903  1214 D InputTransport: channel 'PointerEventDispatcher0 (server)' publisher ~ publishMotionEvent: seq=525, id=199810176, deviceId=2, source=TOUCHSCREEN, displayId=0, action=MOVE, actionButton=0x00000000, flags=0x0, edgeFlags=0x0, metaState=0x0, buttonState=0x0, classification=NONE,xPrecision=1.000391, yPrecision=1.000695, downTime=108919244000, eventTime=108934298000, pointerCount=1 
03-17 18:52:54.988   903  1214 D InputTransport:         transform (ROT_0) (IDENTITY)
03-17 18:52:54.988   903  1071 D InputTransport: channel 'PointerEventDispatcher0 (client)' consumer ~ consume: consumeBatches=false, frameTime=-1
03-17 18:52:54.988   903  1071 D InputTransport: channel 'PointerEventDispatcher0 (client)' ~ received message of type MOTION
03-17 18:52:54.988   903  1071 D InputTransport: channel 'PointerEventDispatcher0 (client)' consumer ~ started batch event
03-17 18:52:54.988   903  1071 D InputTransport: channel 'PointerEventDispatcher0 (client)' ~ receive message failed, errno=11
03-17 18:52:54.988   903  1071 D InputTransport: channel 'PointerEventDispatcher0 (client)' consumer ~ consume: consumeBatches=true, frameTime=-1
03-17 18:52:54.988   903  1071 D InputTransport: channel 'PointerEventDispatcher0 (client)' ~ receive message failed, errno=11
03-17 18:52:54.988   903  1071 D InputTransport: channel 'PointerEventDispatcher0 (client)' consumer ~ consumed batch event, seq=525
03-17 18:52:54.988   903  1071 D VelocityTracker: VelocityTracker: addMovement eventTime=108934298000, pointerId=0, activePointerId=0
03-17 18:52:54.988   903  1071 D VelocityTracker:   0: axis=0, position=1305.490, estimator (degree=2, coeff=[ 1305.490601, 0.216709, 13.381796 ], confidence=1.000000)
03-17 18:52:54.988   903  1071 D VelocityTracker: VelocityTracker: addMovement eventTime=108934298000, pointerId=0, activePointerId=0
03-17 18:52:54.988   903  1071 D VelocityTracker:   0: axis=1, position=775.462, estimator (degree=2, coeff=[ 775.461792, -0.104545, -6.998921 ], confidence=1.000000)
03-17 18:52:54.988   903  1071 D InputTransport: channel 'PointerEventDispatcher0 (client)' consumer ~ sendFinishedSignal: seq=525, handled=false
03-17 18:52:54.988   903  1071 D InputTransport: channel 'PointerEventDispatcher0 (client)' ~ sent message of type FINISHED
03-17 18:52:54.988   903  1071 D InputTransport: channel 'PointerEventDispatcher0 (client)' consumer ~ consume: consumeBatches=true, frameTime=-1
03-17 18:52:54.988   903  1071 D InputTransport: channel 'PointerEventDispatcher0 (client)' ~ receive message failed, errno=11
03-17 18:52:54.988   903  1214 D InputTransport: channel 'PointerEventDispatcher0 (server)' ~ sent message of type MOTION
03-17 18:52:54.988   903  1214 D InputTransport: channel 'PointerEventDispatcher0 (server)' ~ received message of type FINISHED
03-17 18:52:54.988   903  1214 D InputTransport: channel 'PointerEventDispatcher0 (server)' publisher ~ receiveConsumerResponse: finished: seq=525, handled=false
03-17 18:52:54.988   903  1214 D InputDispatcher: channel 'PointerEventDispatcher0 (server)' ~ finishDispatchCycle - seq=525, handled=false
03-17 18:52:54.988   903  1214 D InputTransport: channel 'PointerEventDispatcher0 (server)' ~ receive message failed, errno=11
03-17 18:52:54.988   903  1214 D InputTransport: channel 'PointerEventDispatcher0 (server)' publisher ~ receiveConsumerResponse: Unknown error -11
03-17 18:52:54.988   903  1214 D InputDispatcher: channel 'PointerEventDispatcher0 (server)' ~ startDispatchCycle
03-17 18:52:54.989   582  3616 E WifiHAL : Invalid data received from driver
03-17 18:52:54.992   642   685 I mcuc    : rev uart=1099,len=21, data : 6AA681040D000D92020005000000000000000001C7
03-17 18:52:54.993   400   892 D adayocomadapter-ParseProtocolFunc: printRaWMsg Name[MCUToUPstream recv] len[13] data[92020005000000000000000001]
03-17 18:52:54.993   400   892 D adayocomadapter-CommunicationManager: onUpstreamback   member[0] dataLength[10] timePoint[108940]
03-17 18:52:54.993   400   892 D adayocomadapter-ParseProtocolFunc: printRaWMsg Name[onUpstreamback] len[10] data[05000000000000000001]
03-17 18:52:54.993   400   452 D adayocomadapter-UpstreamHandler: processBeforePacket upSreamtProcessTimePoint[108940] 
03-17 18:52:54.993   400   452 D adayocomadapter-UpstreamHandler: processPacket UPSTREAM_QUEUE_DATA_TIMEOUT
03-17 18:52:54.993   400   452 D adayocomadapter-ParseProtocolFunc: parseCommonIPCLBytes Processing tableNumber[5]
03-17 18:52:54.993   400   452 D adayocomadapter-ParseProtocolFunc: parseCommonIPCLBytes Processing tablename[Table-5] tableSize[10]
03-17 18:52:54.993   400   452 D adayocomadapter-ParseProtocolFunc: printRaWMsg Name[byteStream recv] len[10] data[05000000000000000001]
03-17 18:52:54.993   400   452 D adayocomadapter-ParseProtocolFunc: printRaWMsg Name[IPCLtoVHAL] len[8] data[2140213400010000]
03-17 18:52:54.993   400   452 D adayocomadapter-ParseProtocolFunc: printRaWMsg Name[IPCLtoVHAL] len[8] data[2140213500010000]
03-17 18:52:54.993   400   452 D adayocomadapter-ParseProtocolFunc: printRaWMsg Name[IPCLtoVHAL] len[8] data[2140213600010000]
03-17 18:52:54.993   400   452 D adayocomadapter-ParseProtocolFunc: printRaWMsg Name[IPCLtoVHAL] len[8] data[2140213700010000]
03-17 18:52:54.993   400   452 D adayocomadapter-CommunicationManager: onUpstreamReceive isLoss 1 mPropertyId 0x21402134
03-17 18:52:54.993   400   452 D adayocomadapter-CommunicationManager: convertBytesToInt32Memcpy  0
03-17 18:52:54.993   400   452 D vw-vhal : notifyVehicleProperty, propId = 0x21402134, data = {status: 3, int32Values: [0]}
03-17 18:52:54.993   400   452 I DefaultVehicleHal_v2_0: DefaultVehicleHal::onPropertyValue, value:{.timestamp = 108941113011, .areaId = 0, .prop = 557850932, .status = UNAVAILABLE, .value = {.int32Values = [1]{0}, .floatValues = [0]{}, .int64Values = [0]{}, .bytes = [0]{}, .stringValue = ""}}
03-17 18:52:54.993   400   452 D adayocomadapter-CommunicationManager: onUpstreamReceive mPropertyId 0x21402134
03-17 18:52:54.993   400   452 D adayocomadapter-CommunicationManager: onUpstreamReceive isLoss 1 mPropertyId 0x21402135
03-17 18:52:54.993   400   452 D adayocomadapter-CommunicationManager: convertBytesToInt32Memcpy  0
03-17 18:52:54.993   400   452 D vw-vhal : notifyVehicleProperty, propId = 0x21402135, data = {status: 3, int32Values: [0]}
03-17 18:52:54.993   400   452 I DefaultVehicleHal_v2_0: DefaultVehicleHal::onPropertyValue, value:{.timestamp = 108941257344, .areaId = 0, .prop = 557850933, .status = UNAVAILABLE, .value = {.int32Values = [1]{0}, .floatValues = [0]{}, .int64Values = [0]{}, .bytes = [0]{}, .stringValue = ""}}
03-17 18:52:54.993   400   452 D adayocomadapter-CommunicationManager: onUpstreamReceive mPropertyId 0x21402135
03-17 18:52:54.993   400   452 D adayocomadapter-CommunicationManager: onUpstreamReceive isLoss 1 mPropertyId 0x21402136
03-17 18:52:54.993   400   452 D adayocomadapter-CommunicationManager: convertBytesToInt32Memcpy  0
03-17 18:52:54.993   400   452 D vw-vhal : notifyVehicleProperty, propId = 0x21402136, data = {status: 3, int32Values: [0]}
03-17 18:52:54.993   400   452 I DefaultVehicleHal_v2_0: DefaultVehicleHal::onPropertyValue, value:{.timestamp = 108941373344, .areaId = 0, .prop = 557850934, .status = UNAVAILABLE, .value = {.int32Values = [1]{0}, .floatValues = [0]{}, .int64Values = [0]{}, .bytes = [0]{}, .stringValue = ""}}
03-17 18:52:54.993   400   452 D adayocomadapter-CommunicationManager: onUpstreamReceive mPropertyId 0x21402136
03-17 18:52:54.993   400   452 D adayocomadapter-CommunicationManager: onUpstreamReceive isLoss 1 mPropertyId 0x21402137
03-17 18:52:54.993   400   452 D adayocomadapter-CommunicationManager: convertBytesToInt32Memcpy  0
03-17 18:52:54.993   400   452 D vw-vhal : notifyVehicleProperty, propId = 0x21402137, data = {status: 3, int32Values: [0]}
03-17 18:52:54.993   400   452 I DefaultVehicleHal_v2_0: DefaultVehicleHal::onPropertyValue, value:{.timestamp = 108941492011, .areaId = 0, .prop = 557850935, .status = UNAVAILABLE, .value = {.int32Values = [1]{0}, .floatValues = [0]{}, .int64Values = [0]{}, .bytes = [0]{}, .stringValue = ""}}
03-17 18:52:54.993   400   452 D adayocomadapter-CommunicationManager: onUpstreamReceive mPropertyId 0x21402137
03-17 18:52:54.995   903  1215 D InputReader: BatchSize: 3 Count: 3
03-17 18:52:54.995   903  1215 D InputReader: Input event: eventHubDevice=1 type=EV_ABS code=ABS_MT_TOUCH_MAJOR value=29 when=108943118000
03-17 18:52:54.995   903  1215 D InputReader: Input event: eventHubDevice=1 type=EV_ABS code=ABS_MT_WIDTH_MAJOR value=29 when=108943118000
03-17 18:52:54.995   903  1215 D InputReader: Input event: eventHubDevice=1 type=EV_SYN code=SYN_REPORT value=0 when=108943118000
03-17 18:52:54.995   903  1215 D InputReader: syncTouch: pointerCount 1 -> 1, touching ids 0x80000000 -> 0x80000000, hovering ids 0x00000000 -> 0x00000000, canceled ids 0x00000000
03-17 18:52:54.995   903  1215 D UnwantedInteractionBlocker: notifyMotion: NotifyMotionArgs(id=698612295, eventTime=108943118000, deviceId=2, source=TOUCHSCREEN, action=MOVE, pointerCount=1 pointers={0: id=0 x=1305.5 y=775.5 pressure=1.0 major=29.0 minor=29.0 orientation=0.0}, flags=0x00000000)
03-17 18:52:54.995   903  1215 D UnwantedInteractionBlocker: enqueueOutboundMotionLocked: NotifyMotionArgs(id=698612295, eventTime=108943118000, deviceId=2, source=TOUCHSCREEN, action=MOVE, pointerCount=1 pointers={0: id=0 x=1305.5 y=775.5 pressure=1.0 major=29.0 minor=29.0 orientation=0.0}, flags=0x00000000)
03-17 18:52:54.995   903  1215 D InputDispatcher: notifyMotion - id=29a3fa47 eventTime=108943118000, deviceId=2, source=TOUCHSCREEN, displayId=0, policyFlags=0x0, action=MOVE, actionButton=0x0, flags=0x0, metaState=0x0, buttonState=0x0, edgeFlags=0x0, xPrecision=1.000391, yPrecision=1.000695, xCursorPosition=nan, yCursorPosition=nan, downTime=108919244000
03-17 18:52:54.996   903  1215 D InputDispatcher:   Pointer 0: id=0, toolType=FINGER, x=1305.489990, y=775.461487, pressure=1.000000, size=0.113725, touchMajor=28.984276, touchMinor=28.984276, toolMajor=28.984276, toolMinor=28.984276, orientation=0.000000
03-17 18:52:54.996   903  1215 I InputVerifier: input: Processing MOVE for device DeviceId(2) (1 pointer) on display 0
03-17 18:52:54.996   903  1214 D InputDispatcher: dispatchMotion - eventTime=108943118000, deviceId=2, source=TOUCHSCREEN, displayId=0, policyFlags=0x62000000, action=MOVE, actionButton=0x0, flags=0x0, metaState=0x0, buttonState=0x0,edgeFlags=0x0, xPrecision=1.000391, yPrecision=1.000695, downTime=108919244000
03-17 18:52:54.996   903  1214 D InputDispatcher:   Pointer 0: id=0, toolType=FINGER, x=1305.489990, y=775.461487, pressure=1.000000, size=0.113725, touchMajor=28.984276, touchMinor=28.984276, toolMajor=28.984276, toolMinor=28.984276, orientation=0.000000
03-17 18:52:54.996   903  1214 D InputDispatcher: dispatchEventToCurrentInputTargets
03-17 18:52:54.996   903  1214 D InputDispatcher: channel '7a5e81e com.fawvw.hmi.bev.carapp/com.fawvw.hmi.bev.carapp.MainActivity (server)' ~ prepareDispatchCycle - flags=FOREGROUND | SPLIT | DISPATCH_AS_IS | WINDOW_IS_PARTIALLY_OBSCURED, globalScaleFactor=1.000000, pointerIds=00000000000000000000000000000001 
03-17 18:52:54.996   903  1214 D InputDispatcher:         pointerId 0: (ROT_0) (IDENTITY)
03-17 18:52:54.996   903  1214 D InputDispatcher: channel '7a5e81e com.fawvw.hmi.bev.carapp/com.fawvw.hmi.bev.carapp.MainActivity (server)' ~ startDispatchCycle
03-17 18:52:54.996   903  1214 D InputDispatcher: Publishing DispatchEntry{resolvedAction=MOVE, resolvedFlags=2, targetFlags=FOREGROUND | SPLIT | DISPATCH_AS_IS | WINDOW_IS_PARTIALLY_OBSCURED, transform=transform (ROT_0) (IDENTITY)
03-17 18:52:54.996   903  1214 D InputDispatcher: } original: MotionEvent(deviceId=2, eventTime=108943118000, source=TOUCHSCREEN, displayId=0, action=MOVE, actionButton=0x00000000, flags=0x00000000, metaState=0x00000000, buttonState=0x00000000, classification=NONE, edgeFlags=0x00000000, xPrecision=1.0, yPrecision=1.0, xCursorPosition=nan, yCursorPosition=nan, pointers=[0: (1305.5, 775.5)]), policyFlags=0x62000000 to 7a5e81e com.fawvw.hmi.bev.carapp/com.fawvw.hmi.bev.carapp.MainActivity (server)
03-17 18:52:54.996   903  1214 I InputVerifier: input: Processing MOVE for device DeviceId(2) (1 pointer) on 7a5e81e com.fawvw.hmi.bev.carapp/com.fawvw.hmi.bev.carapp.MainActivity (server)
03-17 18:52:54.996   903  1214 D InputTransport: channel '7a5e81e com.fawvw.hmi.bev.carapp/com.fawvw.hmi.bev.carapp.MainActivity (server)' publisher ~ publishMotionEvent: seq=526, id=698612295, deviceId=2, source=TOUCHSCREEN, displayId=0, action=MOVE, actionButton=0x00000000, flags=0x2, edgeFlags=0x0, metaState=0x0, buttonState=0x0, classification=NONE,xPrecision=1.000391, yPrecision=1.000695, downTime=108919244000, eventTime=108943118000, pointerCount=1 
03-17 18:52:54.996   903  1214 D InputTransport:         transform (ROT_0) (IDENTITY)
03-17 18:52:54.996   903  1214 D InputTransport: channel '7a5e81e com.fawvw.hmi.bev.carapp/com.fawvw.hmi.bev.carapp.MainActivity (server)' ~ sent message of type MOTION
03-17 18:52:54.996  8377  8377 D InputTransport: channel '7a5e81e com.fawvw.hmi.bev.carapp/com.fawvw.hmi.bev.carapp.MainActivity (client)' consumer ~ consume: consumeBatches=false, frameTime=-1
03-17 18:52:54.996   903  1214 D InputDispatcher: channel 'PointerEventDispatcher0 (server)' ~ prepareDispatchCycle - flags=DISPATCH_AS_IS, globalScaleFactor=1.000000, pointerIds=<none> 
03-17 18:52:54.996   903  1214 D InputDispatcher:         default (ROT_0) (IDENTITY)
03-17 18:52:54.996  8377  8377 D InputTransport: channel '7a5e81e com.fawvw.hmi.bev.carapp/com.fawvw.hmi.bev.carapp.MainActivity (client)' ~ received message of type MOTION
03-17 18:52:54.996   903  1214 D InputDispatcher: channel 'PointerEventDispatcher0 (server)' ~ startDispatchCycle
03-17 18:52:54.996  8377  8377 D InputTransport: channel '7a5e81e com.fawvw.hmi.bev.carapp/com.fawvw.hmi.bev.carapp.MainActivity (client)' consumer ~ appended to batch event
03-17 18:52:54.996  8377  8377 D InputTransport: channel '7a5e81e com.fawvw.hmi.bev.carapp/com.fawvw.hmi.bev.carapp.MainActivity (client)' ~ receive message failed, errno=11
03-17 18:52:54.997   903  1214 D InputDispatcher: Publishing DispatchEntry{resolvedAction=MOVE, resolvedFlags=0, targetFlags=DISPATCH_AS_IS, transform=transform (ROT_0) (IDENTITY)
03-17 18:52:54.997   903  1214 D InputDispatcher: } original: MotionEvent(deviceId=2, eventTime=108943118000, source=TOUCHSCREEN, displayId=0, action=MOVE, actionButton=0x00000000, flags=0x00000000, metaState=0x00000000, buttonState=0x00000000, classification=NONE, edgeFlags=0x00000000, xPrecision=1.0, yPrecision=1.0, xCursorPosition=nan, yCursorPosition=nan, pointers=[0: (1305.5, 775.5)]), policyFlags=0x62000000 to PointerEventDispatcher0 (server)
03-17 18:52:54.997   903  1214 I InputVerifier: input: Processing MOVE for device DeviceId(2) (1 pointer) on PointerEventDispatcher0 (server)
03-17 18:52:54.997   903  1214 D InputTransport: channel 'PointerEventDispatcher0 (server)' publisher ~ publishMotionEvent: seq=527, id=698612295, deviceId=2, source=TOUCHSCREEN, displayId=0, action=MOVE, actionButton=0x00000000, flags=0x0, edgeFlags=0x0, metaState=0x0, buttonState=0x0, classification=NONE,xPrecision=1.000391, yPrecision=1.000695, downTime=108919244000, eventTime=108943118000, pointerCount=1 
03-17 18:52:54.997   903  1214 D InputTransport:         transform (ROT_0) (IDENTITY)
03-17 18:52:54.997   903  1214 D InputTransport: channel 'PointerEventDispatcher0 (server)' ~ sent message of type MOTION
03-17 18:52:54.997   903  1071 D InputTransport: channel 'PointerEventDispatcher0 (client)' consumer ~ consume: consumeBatches=false, frameTime=-1
03-17 18:52:54.997   903  1071 D InputTransport: channel 'PointerEventDispatcher0 (client)' ~ received message of type MOTION
03-17 18:52:54.997   903  1071 D InputTransport: channel 'PointerEventDispatcher0 (client)' consumer ~ started batch event
03-17 18:52:54.997   903  1071 D InputTransport: channel 'PointerEventDispatcher0 (client)' ~ receive message failed, errno=11
03-17 18:52:54.997   903  1071 D InputTransport: channel 'PointerEventDispatcher0 (client)' consumer ~ consume: consumeBatches=true, frameTime=-1
03-17 18:52:54.997   903  1071 D InputTransport: channel 'PointerEventDispatcher0 (client)' ~ receive message failed, errno=11
03-17 18:52:54.997   903  1071 D InputTransport: channel 'PointerEventDispatcher0 (client)' consumer ~ consumed batch event, seq=527
03-17 18:52:54.997   903  1071 D VelocityTracker: VelocityTracker: addMovement eventTime=108943118000, pointerId=0, activePointerId=0
03-17 18:52:54.997  8377  8377 D InputTransport: channel '7a5e81e com.fawvw.hmi.bev.carapp/com.fawvw.hmi.bev.carapp.MainActivity (client)' consumer ~ consume: consumeBatches=true, frameTime=108944598345
03-17 18:52:54.997   903  1071 D VelocityTracker:   0: axis=0, position=1305.490, estimator (degree=2, coeff=[ 1305.490234, 0.000000, 0.000000 ], confidence=1.000000)
03-17 18:52:54.997   903  1071 D VelocityTracker: VelocityTracker: addMovement eventTime=108943118000, pointerId=0, activePointerId=0
03-17 18:52:54.997  8377  8377 D InputTransport: channel '7a5e81e com.fawvw.hmi.bev.carapp/com.fawvw.hmi.bev.carapp.MainActivity (client)' ~ receive message failed, errno=11
03-17 18:52:54.997   903  1071 D VelocityTracker:   0: axis=1, position=775.462, estimator (degree=2, coeff=[ 775.461670, -0.088168, -3.719030 ], confidence=1.000000)
03-17 18:52:54.997  8377  8377 D InputTransport: [0] - out (1305.490, 775.461), cur (1305.490, 775.461), other (1305.490, 775.461), alpha 0.601
03-17 18:52:54.997  8377  8377 D InputTransport: channel '7a5e81e com.fawvw.hmi.bev.carapp/com.fawvw.hmi.bev.carapp.MainActivity (client)' consumer ~ consumed batch event, seq=524
03-17 18:52:54.997   903  1071 D InputTransport: channel 'PointerEventDispatcher0 (client)' consumer ~ sendFinishedSignal: seq=527, handled=false
03-17 18:52:54.997   903  1071 D InputTransport: channel 'PointerEventDispatcher0 (client)' ~ sent message of type FINISHED
03-17 18:52:54.997   903  1071 D InputTransport: channel 'PointerEventDispatcher0 (client)' consumer ~ consume: consumeBatches=true, frameTime=-1
03-17 18:52:54.997   903  1071 D InputTransport: channel 'PointerEventDispatcher0 (client)' ~ receive message failed, errno=11
03-17 18:52:54.997   903  1214 D InputTransport: channel 'PointerEventDispatcher0 (server)' ~ received message of type FINISHED
03-17 18:52:54.997  8377  8377 D VelocityTracker: VelocityTracker: addMovement eventTime=108926420000, pointerId=0, activePointerId=0
03-17 18:52:54.997   903  1214 D InputTransport: channel 'PointerEventDispatcher0 (server)' publisher ~ receiveConsumerResponse: finished: seq=527, handled=false
03-17 18:52:54.997  8377  8377 D VelocityTracker: solveLeastSquares: m=2, n=2, x=[ 0.000000, -0.007176 ], y=[ 697.490234, 697.490234 ], w=[ 1.000000, 1.000000 ]
03-17 18:52:54.997  8377  8377 D VelocityTracker:   - a=[ [ 1.000000, 0.000000 ], [ 1.000000, -0.007176 ] ]
03-17 18:52:54.997  8377  8377 D VelocityTracker:   - q=[ [ 0.707107, 0.707107 ], [ 0.707107, -0.707107 ] ]
03-17 18:52:54.997  8377  8377 D VelocityTracker:   - r=[ [ 1.414214, -0.005074 ], [ 0.000000, 0.005074 ] ]
03-17 18:52:54.997  8377  8377 D VelocityTracker:   - qr=[ [ 1.000000, 0.000000 ], [ 1.000000, -0.007176 ] ]
03-17 18:52:54.998  8377  8377 D VelocityTracker:   - b=[ 697.490234, -0.006014 ]
03-17 18:52:54.998  8377  8377 D VelocityTracker:   - sserr=0.000000
03-17 18:52:54.998  8377  8377 D VelocityTracker:   - sstot=0.000000
03-17 18:52:54.998  8377  8377 D VelocityTracker:   - det=1.000000
03-17 18:52:54.998  8377  8377 D VelocityTracker: estimate: degree=1, coeff=[ 697.490234, -0.006014 ], confidence=1.000000
03-17 18:52:54.998   903  1214 D InputDispatcher: channel 'PointerEventDispatcher0 (server)' ~ finishDispatchCycle - seq=527, handled=false
03-17 18:52:54.998  8377  8377 D VelocityTracker:   0: axis=0, position=697.490, estimator (degree=1, coeff=[ 697.490234, -0.006014 ], confidence=1.000000)
03-17 18:52:54.998  8377  8377 D VelocityTracker: VelocityTracker: addMovement eventTime=108926420000, pointerId=0, activePointerId=0
03-17 18:52:54.998   903  1214 D InputTransport: channel 'PointerEventDispatcher0 (server)' ~ receive message failed, errno=11
03-17 18:52:54.998  8377  8377 D VelocityTracker: solveLeastSquares: m=2, n=2, x=[ 0.000000, -0.007176 ], y=[ 451.461914, 451.461914 ], w=[ 1.000000, 1.000000 ]
03-17 18:52:54.998  8377  8377 D VelocityTracker:   - a=[ [ 1.000000, 0.000000 ], [ 1.000000, -0.007176 ] ]
03-17 18:52:54.998   903  1214 D InputTransport: channel 'PointerEventDispatcher0 (server)' publisher ~ receiveConsumerResponse: Unknown error -11
03-17 18:52:54.998  8377  8377 D VelocityTracker:   - q=[ [ 0.707107, 0.707107 ], [ 0.707107, -0.707107 ] ]
03-17 18:52:54.998  8377  8377 D VelocityTracker:   - r=[ [ 1.414214, -0.005074 ], [ 0.000000, 0.005074 ] ]
03-17 18:52:54.998   903  1214 D InputDispatcher: channel 'PointerEventDispatcher0 (server)' ~ startDispatchCycle
03-17 18:52:54.998  8377  8377 D VelocityTracker:   - qr=[ [ 1.000000, 0.000000 ], [ 1.000000, -0.007176 ] ]
03-17 18:52:54.998  8377  8377 D VelocityTracker:   - b=[ 451.461914, -0.006014 ]
03-17 18:52:54.998  8377  8377 D VelocityTracker:   - sserr=0.000000
03-17 18:52:54.998  8377  8377 D VelocityTracker:   - sstot=0.000000
03-17 18:52:54.998  8377  8377 D VelocityTracker:   - det=1.000000
03-17 18:52:54.998  8377  8377 D VelocityTracker: estimate: degree=1, coeff=[ 451.461914, -0.006014 ], confidence=1.000000
03-17 18:52:54.998  8377  8377 D VelocityTracker:   0: axis=1, position=451.462, estimator (degree=1, coeff=[ 451.461914, -0.006014 ], confidence=1.000000)
03-17 18:52:54.998  8377  8377 D VelocityTracker: VelocityTracker: addMovement eventTime=108934298000, pointerId=0, activePointerId=0
03-17 18:52:54.998  8377  8377 D VelocityTracker:   0: axis=0, position=697.490, estimator (degree=2, coeff=[ 697.490234, 0.000000, 0.000000 ], confidence=1.000000)
03-17 18:52:54.998  8377  8377 D VelocityTracker: VelocityTracker: addMovement eventTime=108934298000, pointerId=0, activePointerId=0
03-17 18:52:54.998  8377  8377 D VelocityTracker:   0: axis=1, position=451.462, estimator (degree=2, coeff=[ 451.462097, 0.108355, 6.690898 ], confidence=1.000000)
03-17 18:52:54.998  8377  8377 D InputTransport: channel '7a5e81e com.fawvw.hmi.bev.carapp/com.fawvw.hmi.bev.carapp.MainActivity (client)' consumer ~ sendFinishedSignal: seq=524, handled=true
03-17 18:52:54.998  8377  8377 D InputTransport: channel '7a5e81e com.fawvw.hmi.bev.carapp/com.fawvw.hmi.bev.carapp.MainActivity (client)' ~ sent message of type FINISHED
03-17 18:52:54.998  8377  8377 D InputTransport: channel '7a5e81e com.fawvw.hmi.bev.carapp/com.fawvw.hmi.bev.carapp.MainActivity (client)' ~ sent message of type FINISHED
03-17 18:52:54.998   903  1214 D InputTransport: channel '7a5e81e com.fawvw.hmi.bev.carapp/com.fawvw.hmi.bev.carapp.MainActivity (server)' ~ received message of type FINISHED
03-17 18:52:54.998   903  1214 D InputTransport: channel '7a5e81e com.fawvw.hmi.bev.carapp/com.fawvw.hmi.bev.carapp.MainActivity (server)' publisher ~ receiveConsumerResponse: finished: seq=522, handled=true
03-17 18:52:54.998  8377  8377 D InputTransport: channel '7a5e81e com.fawvw.hmi.bev.carapp/com.fawvw.hmi.bev.carapp.MainActivity (client)' consumer ~ consume: consumeBatches=true, frameTime=108944598345
03-17 18:52:54.998  8377  8377 D InputTransport: channel '7a5e81e com.fawvw.hmi.bev.carapp/com.fawvw.hmi.bev.carapp.MainActivity (client)' ~ receive message failed, errno=11
03-17 18:52:54.998   903  1214 D InputDispatcher: channel '7a5e81e com.fawvw.hmi.bev.carapp/com.fawvw.hmi.bev.carapp.MainActivity (server)' ~ finishDispatchCycle - seq=522, handled=true
03-17 18:52:54.998   903  1214 D InputTransport: channel '7a5e81e com.fawvw.hmi.bev.carapp/com.fawvw.hmi.bev.carapp.MainActivity (server)' ~ received message of type FINISHED
03-17 18:52:54.998   903  1214 D InputTransport: channel '7a5e81e com.fawvw.hmi.bev.carapp/com.fawvw.hmi.bev.carapp.MainActivity (server)' publisher ~ receiveConsumerResponse: finished: seq=524, handled=true
03-17 18:52:54.998   903  1214 D InputDispatcher: channel '7a5e81e com.fawvw.hmi.bev.carapp/com.fawvw.hmi.bev.carapp.MainActivity (server)' ~ finishDispatchCycle - seq=524, handled=true
03-17 18:52:54.998   903  1214 D InputTransport: channel '7a5e81e com.fawvw.hmi.bev.carapp/com.fawvw.hmi.bev.carapp.MainActivity (server)' ~ receive message failed, errno=11
03-17 18:52:54.998   903  1214 D InputTransport: channel '7a5e81e com.fawvw.hmi.bev.carapp/com.fawvw.hmi.bev.carapp.MainActivity (server)' publisher ~ receiveConsumerResponse: Unknown error -11
03-17 18:52:54.999   903  1214 D InputDispatcher: channel '7a5e81e com.fawvw.hmi.bev.carapp/com.fawvw.hmi.bev.carapp.MainActivity (server)' ~ startDispatchCycle
03-17 18:52:54.999   903  1214 D InputDispatcher: channel '7a5e81e com.fawvw.hmi.bev.carapp/com.fawvw.hmi.bev.carapp.MainActivity (server)' ~ startDispatchCycle
03-17 18:52:55.002  2383  2600 D AdayoDoipServer294_Doip: [ne_doip_event_loop_dispatch][line:141] : count = 0
03-17 18:52:55.003   903  1215 D InputReader: BatchSize: 3 Count: 3
03-17 18:52:55.003   903  1215 D InputReader: Input event: eventHubDevice=1 type=EV_ABS code=ABS_MT_TOUCH_MAJOR value=35 when=108950935000
03-17 18:52:55.003   903  1215 D InputReader: Input event: eventHubDevice=1 type=EV_ABS code=ABS_MT_WIDTH_MAJOR value=35 when=108950935000
03-17 18:52:55.003   903  1215 D InputReader: Input event: eventHubDevice=1 type=EV_SYN code=SYN_REPORT value=0 when=108950935000
03-17 18:52:55.003   903  1215 D InputReader: syncTouch: pointerCount 1 -> 1, touching ids 0x80000000 -> 0x80000000, hovering ids 0x00000000 -> 0x00000000, canceled ids 0x00000000
03-17 18:52:55.003   903  1215 D UnwantedInteractionBlocker: notifyMotion: NotifyMotionArgs(id=559536660, eventTime=108950935000, deviceId=2, source=TOUCHSCREEN, action=MOVE, pointerCount=1 pointers={0: id=0 x=1305.5 y=775.5 pressure=1.0 major=35.0 minor=35.0 orientation=0.0}, flags=0x00000000)
03-17 18:52:55.003   903  1215 D UnwantedInteractionBlocker: enqueueOutboundMotionLocked: NotifyMotionArgs(id=559536660, eventTime=108950935000, deviceId=2, source=TOUCHSCREEN, action=MOVE, pointerCount=1 pointers={0: id=0 x=1305.5 y=775.5 pressure=1.0 major=35.0 minor=35.0 orientation=0.0}, flags=0x00000000)
03-17 18:52:55.003   903  1215 D InputDispatcher: notifyMotion - id=2159da14 eventTime=108950935000, deviceId=2, source=TOUCHSCREEN, displayId=0, policyFlags=0x0, action=MOVE, actionButton=0x0, flags=0x0, metaState=0x0, buttonState=0x0, edgeFlags=0x0, xPrecision=1.000391, yPrecision=1.000695, xCursorPosition=nan, yCursorPosition=nan, downTime=108919244000
03-17 18:52:55.003   903  1215 D InputDispatcher:   Pointer 0: id=0, toolType=FINGER, x=1305.489990, y=775.461487, pressure=1.000000, size=0.137255, touchMajor=34.981022, touchMinor=34.981022, toolMajor=34.981022, toolMinor=34.981022, orientation=0.000000
03-17 18:52:55.003   903  1215 I InputVerifier: input: Processing MOVE for device DeviceId(2) (1 pointer) on display 0
03-17 18:52:55.003   903  1214 D InputDispatcher: dispatchMotion - eventTime=108950935000, deviceId=2, source=TOUCHSCREEN, displayId=0, policyFlags=0x62000000, action=MOVE, actionButton=0x0, flags=0x0, metaState=0x0, buttonState=0x0,edgeFlags=0x0, xPrecision=1.000391, yPrecision=1.000695, downTime=108919244000
03-17 18:52:55.004   903  1214 D InputDispatcher:   Pointer 0: id=0, toolType=FINGER, x=1305.489990, y=775.461487, pressure=1.000000, size=0.137255, touchMajor=34.981022, touchMinor=34.981022, toolMajor=34.981022, toolMinor=34.981022, orientation=0.000000
03-17 18:52:55.004   903  1214 D InputDispatcher: dispatchEventToCurrentInputTargets
03-17 18:52:55.004   903  1214 D InputDispatcher: channel '7a5e81e com.fawvw.hmi.bev.carapp/com.fawvw.hmi.bev.carapp.MainActivity (server)' ~ prepareDispatchCycle - flags=FOREGROUND | SPLIT | DISPATCH_AS_IS | WINDOW_IS_PARTIALLY_OBSCURED, globalScaleFactor=1.000000, pointerIds=00000000000000000000000000000001 
03-17 18:52:55.004   903  1214 D InputDispatcher:         pointerId 0: (ROT_0) (IDENTITY)
03-17 18:52:55.004   903  1214 D InputDispatcher: channel '7a5e81e com.fawvw.hmi.bev.carapp/com.fawvw.hmi.bev.carapp.MainActivity (server)' ~ startDispatchCycle
03-17 18:52:55.004   903  1214 D InputDispatcher: Publishing DispatchEntry{resolvedAction=MOVE, resolvedFlags=2, targetFlags=FOREGROUND | SPLIT | DISPATCH_AS_IS | WINDOW_IS_PARTIALLY_OBSCURED, transform=transform (ROT_0) (IDENTITY)
03-17 18:52:55.004   903  1214 D InputDispatcher: } original: MotionEvent(deviceId=2, eventTime=108950935000, source=TOUCHSCREEN, displayId=0, action=MOVE, actionButton=0x00000000, flags=0x00000000, metaState=0x00000000, buttonState=0x00000000, classification=NONE, edgeFlags=0x00000000, xPrecision=1.0, yPrecision=1.0, xCursorPosition=nan, yCursorPosition=nan, pointers=[0: (1305.5, 775.5)]), policyFlags=0x62000000 to 7a5e81e com.fawvw.hmi.bev.carapp/com.fawvw.hmi.bev.carapp.MainActivity (server)
03-17 18:52:55.004   903  1214 I InputVerifier: input: Processing MOVE for device DeviceId(2) (1 pointer) on 7a5e81e com.fawvw.hmi.bev.carapp/com.fawvw.hmi.bev.carapp.MainActivity (server)
03-17 18:52:55.004   903  1214 D InputTransport: channel '7a5e81e com.fawvw.hmi.bev.carapp/com.fawvw.hmi.bev.carapp.MainActivity (server)' publisher ~ publishMotionEvent: seq=528, id=559536660, deviceId=2, source=TOUCHSCREEN, displayId=0, action=MOVE, actionButton=0x00000000, flags=0x2, edgeFlags=0x0, metaState=0x0, buttonState=0x0, classification=NONE,xPrecision=1.000391, yPrecision=1.000695, downTime=108919244000, eventTime=108950935000, pointerCount=1 
03-17 18:52:55.004   903  1214 D InputTransport:         transform (ROT_0) (IDENTITY)
03-17 18:52:55.004  8377  8377 D InputTransport: channel '7a5e81e com.fawvw.hmi.bev.carapp/com.fawvw.hmi.bev.carapp.MainActivity (client)' consumer ~ consume: consumeBatches=false, frameTime=-1
03-17 18:52:55.004  8377  8377 D InputTransport: channel '7a5e81e com.fawvw.hmi.bev.carapp/com.fawvw.hmi.bev.carapp.MainActivity (client)' ~ received message of type MOTION
03-17 18:52:55.004  8377  8377 D InputTransport: channel '7a5e81e com.fawvw.hmi.bev.carapp/com.fawvw.hmi.bev.carapp.MainActivity (client)' consumer ~ appended to batch event
03-17 18:52:55.004  8377  8377 D InputTransport: channel '7a5e81e com.fawvw.hmi.bev.carapp/com.fawvw.hmi.bev.carapp.MainActivity (client)' ~ receive message failed, errno=11
03-17 18:52:55.004   903  1214 D InputTransport: channel '7a5e81e com.fawvw.hmi.bev.carapp/com.fawvw.hmi.bev.carapp.MainActivity (server)' ~ sent message of type MOTION
03-17 18:52:55.005   903  1214 D InputDispatcher: channel 'PointerEventDispatcher0 (server)' ~ prepareDispatchCycle - flags=DISPATCH_AS_IS, globalScaleFactor=1.000000, pointerIds=<none> 
03-17 18:52:55.005   903  1214 D InputDispatcher:         default (ROT_0) (IDENTITY)
03-17 18:52:55.005   903  1214 D InputDispatcher: channel 'PointerEventDispatcher0 (server)' ~ startDispatchCycle
03-17 18:52:55.005   903  1214 D InputDispatcher: Publishing DispatchEntry{resolvedAction=MOVE, resolvedFlags=0, targetFlags=DISPATCH_AS_IS, transform=transform (ROT_0) (IDENTITY)
03-17 18:52:55.005   903  1214 D InputDispatcher: } original: MotionEvent(deviceId=2, eventTime=108950935000, source=TOUCHSCREEN, displayId=0, action=MOVE, actionButton=0x00000000, flags=0x00000000, metaState=0x00000000, buttonState=0x00000000, classification=NONE, edgeFlags=0x00000000, xPrecision=1.0, yPrecision=1.0, xCursorPosition=nan, yCursorPosition=nan, pointers=[0: (1305.5, 775.5)]), policyFlags=0x62000000 to PointerEventDispatcher0 (server)
03-17 18:52:55.005   903  1214 I InputVerifier: input: Processing MOVE for device DeviceId(2) (1 pointer) on PointerEventDispatcher0 (server)
03-17 18:52:55.005   903  1214 D InputTransport: channel 'PointerEventDispatcher0 (server)' publisher ~ publishMotionEvent: seq=529, id=559536660, deviceId=2, source=TOUCHSCREEN, displayId=0, action=MOVE, actionButton=0x00000000, flags=0x0, edgeFlags=0x0, metaState=0x0, buttonState=0x0, classification=NONE,xPrecision=1.000391, yPrecision=1.000695, downTime=108919244000, eventTime=108950935000, pointerCount=1 
03-17 18:52:55.005   903  1214 D InputTransport:         transform (ROT_0) (IDENTITY)
03-17 18:52:55.005   903  1214 D InputTransport: channel 'PointerEventDispatcher0 (server)' ~ sent message of type MOTION
03-17 18:52:55.005   903  1071 D InputTransport: channel 'PointerEventDispatcher0 (client)' consumer ~ consume: consumeBatches=false, frameTime=-1
03-17 18:52:55.005   903  1071 D InputTransport: channel 'PointerEventDispatcher0 (client)' ~ received message of type MOTION
03-17 18:52:55.005   903  1071 D InputTransport: channel 'PointerEventDispatcher0 (client)' consumer ~ started batch event
03-17 18:52:55.005   903  1071 D InputTransport: channel 'PointerEventDispatcher0 (client)' ~ receive message failed, errno=11
03-17 18:52:55.005   903  1071 D InputTransport: channel 'PointerEventDispatcher0 (client)' consumer ~ consume: consumeBatches=true, frameTime=-1
03-17 18:52:55.005   903  1071 D InputTransport: channel 'PointerEventDispatcher0 (client)' ~ receive message failed, errno=11
03-17 18:52:55.005   903  1071 D InputTransport: channel 'PointerEventDispatcher0 (client)' consumer ~ consumed batch event, seq=529
03-17 18:52:55.005   903  1071 D VelocityTracker: VelocityTracker: addMovement eventTime=108950935000, pointerId=0, activePointerId=0
03-17 18:52:55.005   903  1071 D VelocityTracker:   0: axis=0, position=1305.490, estimator (degree=2, coeff=[ 1305.490234, 0.000000, 0.000000 ], confidence=1.000000)
03-17 18:52:55.005   903  1071 D VelocityTracker: VelocityTracker: addMovement eventTime=108950935000, pointerId=0, activePointerId=0
03-17 18:52:55.005   903  1071 D VelocityTracker:   0: axis=1, position=775.462, estimator (degree=2, coeff=[ 775.461609, -0.070646, -2.234647 ], confidence=1.000000)
03-17 18:52:55.005   903  1071 D InputTransport: channel 'PointerEventDispatcher0 (client)' consumer ~ sendFinishedSignal: seq=529, handled=false
03-17 18:52:55.005   903  1071 D InputTransport: channel 'PointerEventDispatcher0 (client)' ~ sent message of type FINISHED
03-17 18:52:55.005   903  1071 D InputTransport: channel 'PointerEventDispatcher0 (client)' consumer ~ consume: consumeBatches=true, frameTime=-1
03-17 18:52:55.005   903  1071 D InputTransport: channel 'PointerEventDispatcher0 (client)' ~ receive message failed, errno=11
03-17 18:52:55.005   903  1214 D InputTransport: channel 'PointerEventDispatcher0 (server)' ~ received message of type FINISHED
03-17 18:52:55.005   903  1214 D InputTransport: channel 'PointerEventDispatcher0 (server)' publisher ~ receiveConsumerResponse: finished: seq=529, handled=false
03-17 18:52:55.006   903  1214 D InputDispatcher: channel 'PointerEventDispatcher0 (server)' ~ finishDispatchCycle - seq=529, handled=false
03-17 18:52:55.006   903  1214 D InputTransport: channel 'PointerEventDispatcher0 (server)' ~ receive message failed, errno=11
03-17 18:52:55.006   903  1214 D InputTransport: channel 'PointerEventDispatcher0 (server)' publisher ~ receiveConsumerResponse: Unknown error -11
03-17 18:52:55.006   903  1214 D InputDispatcher: channel 'PointerEventDispatcher0 (server)' ~ startDispatchCycle
03-17 18:52:55.012   903  1215 D InputReader: BatchSize: 3 Count: 3
03-17 18:52:55.012   903  1215 D InputReader: Input event: eventHubDevice=1 type=EV_ABS code=ABS_MT_TOUCH_MAJOR value=40 when=108959829000
03-17 18:52:55.012   903  1215 D InputReader: Input event: eventHubDevice=1 type=EV_ABS code=ABS_MT_WIDTH_MAJOR value=40 when=108959829000
03-17 18:52:55.012   903  1215 D InputReader: Input event: eventHubDevice=1 type=EV_SYN code=SYN_REPORT value=0 when=108959829000
03-17 18:52:55.012   903  1215 D InputReader: syncTouch: pointerCount 1 -> 1, touching ids 0x80000000 -> 0x80000000, hovering ids 0x00000000 -> 0x00000000, canceled ids 0x00000000
03-17 18:52:55.012   903  1215 D UnwantedInteractionBlocker: notifyMotion: NotifyMotionArgs(id=476999905, eventTime=108959829000, deviceId=2, source=TOUCHSCREEN, action=MOVE, pointerCount=1 pointers={0: id=0 x=1305.5 y=775.5 pressure=1.0 major=40.0 minor=40.0 orientation=0.0}, flags=0x00000000)
03-17 18:52:55.012   903  1215 D UnwantedInteractionBlocker: enqueueOutboundMotionLocked: NotifyMotionArgs(id=476999905, eventTime=108959829000, deviceId=2, source=TOUCHSCREEN, action=MOVE, pointerCount=1 pointers={0: id=0 x=1305.5 y=775.5 pressure=1.0 major=40.0 minor=40.0 orientation=0.0}, flags=0x00000000)
