--------- beginning of main
03-17 18:52:54.374   582  3616 E WifiHAL : Invalid data received from driver
03-17 18:52:54.380   327   327 E CompositionEngine: [StageCoordinatorSplitDivider#160] Invalid device requested composition type change: Client (1) --> Client (1)
03-17 18:52:54.380   327   327 E CompositionEngine: [#82] Invalid device requested composition type change: Client (1) --> Client (1)
03-17 18:52:54.380   327   327 E CompositionEngine: [MosiCarTopSystemBar#66] Invalid device requested composition type change: Client (1) --> Client (1)
03-17 18:52:54.396  2383  2600 D AdayoDoipServer294_Doip: [ne_doip_event_loop_dispatch][line:141] : count = 0
03-17 18:52:54.401  1513  8570 D IpClient/wlan0: addressUpdated: fd18:fd32:4514:0:1b93:aa5b:12f3:16a9/64 on ifindex 26 flags 0x00000900 scope 0
03-17 18:52:54.403  1513  8570 D IpReachabilityMonitor: watch: iface{wlan0/26/88:e0:34:b7:61:31/1500}, ntable=[ fd18:fd32:4514::1/NeighborEvent{@107436,RTM_NEWNEIGH,if=26,fd18:fd32:4514::1,NUD_REACHABLE,[80:af:ca:b5:6c:60]}, 192.168.10.1/NeighborEvent{@106562,RTM_NEWNEIGH,if=26,192.168.10.1,NUD_REACHABLE,[80:af:ca:b5:6c:60]}, fe80::82af:caff:feb5:6c60/null]
03-17 18:52:54.403   582  3616 E WifiHAL : Invalid data received from driver
03-17 18:52:54.404  1603  1770 I ADAYO_LOG_: a(CmdFunc.java:22)logcat execute command finally : [logcat -b all -c]
03-17 18:52:54.404  1513  8570 D IpClient.wlan0: set max DTIM multiplier to 2
03-17 18:52:54.404  1603  1770 I ADAYO_LOG_: a(CmdFunc.java:38)logcatexecute command end, errorMsg: , and status: 0: 
03-17 18:52:54.405   903  1251 D WifiClientModeImpl[72500:wlan0]: Link configuration changed for netId: 0 old: {InterfaceName: wlan0 LinkAddresses: [ 192.168.10.241/24,fe80::4bd1:907e:d7f4:b550/64 ] DnsAddresses: [ /fd18:fd32:4514::1,/192.168.10.1 ] Domains: lan MTU: 0 ServerAddress: /192.168.10.1 TcpBufferSizes: 524288,1048576,2097152,262144,524288,1048576 Routes: [ fe80::/64 -> :: wlan0 mtu 0,fd18:fd32:4514::/48 -> fe80::82af:caff:feb5:6c60 wlan0 mtu 0,fd18:fd32:4514::/64 -> :: wlan0 mtu 0,192.168.10.0/24 -> 0.0.0.0 wlan0 mtu 0,0.0.0.0/0 -> 192.168.10.1 wlan0 mtu 0 ]} new: {InterfaceName: wlan0 LinkAddresses: [ 192.168.10.241/24,fe80::4bd1:907e:d7f4:b550/64,fd18:fd32:4514:0:1b93:aa5b:12f3:16a9/64 ] DnsAddresses: [ /fd18:fd32:4514::1,/192.168.10.1 ] Domains: lan MTU: 0 ServerAddress: /192.168.10.1 TcpBufferSizes: 524288,1048576,2097152,262144,524288,1048576 Routes: [ fe80::/64 -> :: wlan0 mtu 0,fd18:fd32:4514::/48 -> fe80::82af:caff:feb5:6c60 wlan0 mtu 0,fd18:fd32:4514::/64 -> :: wlan0 mtu 0,192.168.10.0/24 -> 0.0.0.0 wlan0 mtu 0,0.0.0.0/0 -> 192.168.10.1 wlan0 mtu 0 ]}
03-17 18:52:54.405   903  1251 D WifiClientModeImpl[72500:wlan0]: Queuing broadcast=ACTION_LINK_CONFIGURATION_CHANGED
03-17 18:52:54.405   903  1251 D WifiClientModeImpl[72500:wlan0]: Sending broadcast=ACTION_LINK_CONFIGURATION_CHANGED
03-17 18:52:54.406   903  1260 D ConnectivityService: Update of LinkProperties for [107 WIFI]; created=105785; firstConnected=105786
03-17 18:52:54.406   903  1251 D WifiClientModeImpl[72500:wlan0]: updateLinkProperties nid: 0 state: CONNECTED v4 v4r v4dns v6dns
03-17 18:52:54.406   903  1251 D WifiClientModeImpl[72500:wlan0]:  ClientModeImpl$ConnectableState screen=on 0 0 v4 v4r v4dns v6dns
03-17 18:52:54.407   903  1260 D ConnectivityService: notifyType CALLBACK_IP_CHANGED for [107 WIFI]
03-17 18:52:54.407   903  1260 D ConnectivityService:  sending notification for NetworkRequest [ REQUEST id=1, [ Capabilities: INTERNET&NOT_RESTRICTED&TRUSTED&NOT_VPN&NOT_VCN_MANAGED RequestorUid: 1000 RequestorPkg: android UnderlyingNetworks: Null] ]
03-17 18:52:54.407   903  1260 D ConnectivityService:  sending notification for NetworkRequest [ LISTEN id=5, [ Capabilities: FOREGROUND RequestorUid: 1000 RequestorPkg: android UnderlyingNetworks: Null] ]
03-17 18:52:54.407   582   593 D WifiHAL : wifi_set_dtim_config: multiplier:2
03-17 18:52:54.407   903  1260 D ConnectivityService: sending notification CALLBACK_IP_CHANGED for NetworkRequest [ LISTEN id=5, [ Capabilities: FOREGROUND RequestorUid: 1000 RequestorPkg: android UnderlyingNetworks: Null] ]
03-17 18:52:54.407   903  1260 D ConnectivityService:  sending notification for NetworkRequest [ REQUEST id=7, [ Capabilities: INTERNET&NOT_RESTRICTED&TRUSTED&NOT_VCN_MANAGED Uid: 1000 RequestorUid: 1000 RequestorPkg: android UnderlyingNetworks: Null] ]
03-17 18:52:54.407   903  1260 D ConnectivityService: sending notification CALLBACK_IP_CHANGED for NetworkRequest [ TRACK_DEFAULT id=6, [ Capabilities: INTERNET&NOT_RESTRICTED&TRUSTED&NOT_VCN_MANAGED Uid: 1000 RequestorUid: 1000 RequestorPkg: android UnderlyingNetworks: Null] ]
03-17 18:52:54.407   903  2565 I WifiService: getScanResults uid=1000
03-17 18:52:54.407   582  3616 E WifiHAL : Invalid data received from driver
03-17 18:52:54.408   903  1260 D ConnectivityService:  sending notification for NetworkRequest [ LISTEN id=8, [ Capabilities: FOREGROUND RequestorUid: 1000 RequestorPkg: android UnderlyingNetworks: Null] ]
03-17 18:52:54.408   903  1260 D ConnectivityService: sending notification CALLBACK_IP_CHANGED for NetworkRequest [ LISTEN id=8, [ Capabilities: FOREGROUND RequestorUid: 1000 RequestorPkg: android UnderlyingNetworks: Null] ]
03-17 18:52:54.408   903  1260 D ConnectivityService:  sending notification for NetworkRequest [ LISTEN id=9, [ Capabilities: NOT_RESTRICTED&TRUSTED&NOT_VPN&FOREGROUND&NOT_VCN_MANAGED Uid: 1000 RequestorUid: 1000 RequestorPkg: android UnderlyingNetworks: Null] ]
03-17 18:52:54.408   903  1260 D ConnectivityService: sending notification CALLBACK_IP_CHANGED for NetworkRequest [ LISTEN id=9, [ Capabilities: NOT_RESTRICTED&TRUSTED&NOT_VPN&FOREGROUND&NOT_VCN_MANAGED Uid: 1000 RequestorUid: 1000 RequestorPkg: android UnderlyingNetworks: Null] ]
03-17 18:52:54.408   903  1260 D ConnectivityService:  sending notification for NetworkRequest [ LISTEN id=10, [ RequestorUid: 1000 RequestorPkg: android UnderlyingNetworks: Null] ]
03-17 18:52:54.408   903  1260 D ConnectivityService: sending notification CALLBACK_IP_CHANGED for NetworkRequest [ LISTEN id=10, [ RequestorUid: 1000 RequestorPkg: android UnderlyingNetworks: Null] ]
03-17 18:52:54.408   903  1260 D ConnectivityService:  sending notification for NetworkRequest [ LISTEN id=11, [ Capabilities: NOT_RESTRICTED&TRUSTED&NOT_VPN&NOT_VCN_MANAGED Uid: 1000 RequestorUid: 1000 RequestorPkg: android UnderlyingNetworks: Null] ]
03-17 18:52:54.408   903  1260 D ConnectivityService: sending notification CALLBACK_IP_CHANGED for NetworkRequest [ LISTEN id=11, [ Capabilities: NOT_RESTRICTED&TRUSTED&NOT_VPN&NOT_VCN_MANAGED Uid: 1000 RequestorUid: 1000 RequestorPkg: android UnderlyingNetworks: Null] ]
03-17 18:52:54.408   903  1260 D ConnectivityService:  sending notification for NetworkRequest [ REQUEST id=14, [ Capabilities: INTERNET&NOT_RESTRICTED&TRUSTED&NOT_VCN_MANAGED Uid: 10029 RequestorUid: 1000 RequestorPkg: android UnderlyingNetworks: Null] ]
03-17 18:52:54.408   903  1260 D ConnectivityService: sending notification CALLBACK_IP_CHANGED for NetworkRequest [ TRACK_DEFAULT id=13, [ Capabilities: INTERNET&NOT_RESTRICTED&TRUSTED&NOT_VCN_MANAGED Uid: 10029 RequestorUid: 1000 RequestorPkg: android UnderlyingNetworks: Null] ]
03-17 18:52:54.409   903  1260 D ConnectivityService:  sending notification for NetworkRequest [ REQUEST id=16, [ Capabilities: INTERNET&NOT_RESTRICTED&TRUSTED&NOT_VCN_MANAGED Uid: 1000 RequestorUid: 1000 RequestorPkg: android UnderlyingNetworks: Null] ]
03-17 18:52:54.409   903  1260 D ConnectivityService: sending notification CALLBACK_IP_CHANGED for NetworkRequest [ TRACK_DEFAULT id=15, [ Capabilities: INTERNET&NOT_RESTRICTED&TRUSTED&NOT_VCN_MANAGED Uid: 1000 RequestorUid: 1000 RequestorPkg: android UnderlyingNetworks: Null] ]
03-17 18:52:54.409   903  1260 D ConnectivityService:  sending notification for NetworkRequest [ REQUEST id=18, [ Capabilities: INTERNET&NOT_RESTRICTED&TRUSTED&NOT_VCN_MANAGED Uid: 1073 RequestorUid: 1073 RequestorPkg: com.android.networkstack UnderlyingNetworks: Null] ]
03-17 18:52:54.409   903  1260 D ConnectivityService: sending notification CALLBACK_IP_CHANGED for NetworkRequest [ TRACK_DEFAULT id=17, [ Capabilities: INTERNET&NOT_RESTRICTED&TRUSTED&NOT_VCN_MANAGED Uid: 1073 RequestorUid: 1073 RequestorPkg: com.android.networkstack UnderlyingNetworks: Null] ]
03-17 18:52:54.409   903  1260 D ConnectivityService:  sending notification for NetworkRequest [ LISTEN id=19, [ Transports: WIFI Capabilities: NOT_RESTRICTED&TRUSTED&NOT_VPN&NOT_VCN_MANAGED Uid: 1073 RequestorUid: 1073 RequestorPkg: com.android.networkstack UnderlyingNetworks: Null] ]
03-17 18:52:54.410   903  1251 D WifiClientModeImpl: Set maximum DTIM Multiplier to 2 SUCCESS
03-17 18:52:54.410   903  1251 D WifiClientModeImpl[72500:wlan0]:  ClientModeImpl$ConnectableState screen=on maximum multiplier=2
03-17 18:52:54.410   903  1260 D ConnectivityService: sending notification CALLBACK_IP_CHANGED for NetworkRequest [ LISTEN id=19, [ Transports: WIFI Capabilities: NOT_RESTRICTED&TRUSTED&NOT_VPN&NOT_VCN_MANAGED Uid: 1073 RequestorUid: 1073 RequestorPkg: com.android.networkstack UnderlyingNetworks: Null] ]
03-17 18:52:54.411   806   806 I adbd    : AdaTest:transport UsbFfs opening service shell,v2:getprop
03-17 18:52:54.411   806   806 I adbd    : AdaTest:adb.password.Enable is true
03-17 18:52:54.411   806   806 I adbd    : AdaTest:will enter ShellService
03-17 18:52:54.411   806   806 I adbd    : AdaTest:enter ShellService
03-17 18:52:54.411   806   806 I adbd    : AdaTest:adb.password.Enable is Enable
03-17 18:52:54.411   806   806 I adbd    : AdaTest:return unique_fd{}
03-17 18:52:54.411   806   806 I adbd    : auth_fd.get() == -1
03-17 18:52:54.412   806   806 I adbd    : AdaTest:transport UsbFfs opening service shell,v2:getprop
03-17 18:52:54.412   806   806 I adbd    : AdaTest:adb.password.Enable is true
03-17 18:52:54.412   806   806 I adbd    : AdaTest:will enter ShellService
03-17 18:52:54.412   806   806 I adbd    : AdaTest:enter ShellService
03-17 18:52:54.412   806   806 I adbd    : AdaTest:adb.password.Enable is Enable
03-17 18:52:54.412   806   806 I adbd    : AdaTest:return unique_fd{}
03-17 18:52:54.412   806   806 I adbd    : auth_fd.get() == -1
03-17 18:52:54.412   806   806 I adbd    : AdaTest:transport UsbFfs opening service shell,v2:getprop
03-17 18:52:54.412   806   806 I adbd    : AdaTest:adb.password.Enable is true
03-17 18:52:54.412   806   806 I adbd    : AdaTest:will enter ShellService
03-17 18:52:54.412   903  1260 D ConnectivityService:  sending notification for NetworkRequest [ TRACK_SYSTEM_DEFAULT id=20, [ Capabilities: INTERNET&NOT_RESTRICTED&TRUSTED&NOT_VPN&NOT_VCN_MANAGED RequestorUid: 1073 RequestorPkg: com.android.networkstack.tethering UnderlyingNetworks: Null] ]
03-17 18:52:54.412   806   806 I adbd    : AdaTest:enter ShellService
03-17 18:52:54.412   806   806 I adbd    : AdaTest:adb.password.Enable is Enable
03-17 18:52:54.412   806   806 I adbd    : AdaTest:return unique_fd{}
03-17 18:52:54.412   806   806 I adbd    : auth_fd.get() == -1
03-17 18:52:54.412   903  1260 D ConnectivityService: sending notification CALLBACK_IP_CHANGED for NetworkRequest [ TRACK_SYSTEM_DEFAULT id=20, [ Capabilities: INTERNET&NOT_RESTRICTED&TRUSTED&NOT_VPN&NOT_VCN_MANAGED RequestorUid: 1073 RequestorPkg: com.android.networkstack.tethering UnderlyingNetworks: Null] ]
03-17 18:52:54.414   903  2565 I WifiService: getSupportedFeatures uid=1000 returns 19d81dcfca8b01d
03-17 18:52:54.414   903  1260 D ConnectivityService:  sending notification for NetworkRequest [ LISTEN id=21, [ Transports: WIFI Capabilities: NOT_RESTRICTED&TRUSTED&NOT_VPN&NOT_VCN_MANAGED Uid: 1000 RequestorUid: 1000 RequestorPkg: com.vendor.fawvw.fawsystemserver UnderlyingNetworks: Null] ]
03-17 18:52:54.415   903  1260 D ConnectivityService: sending notification CALLBACK_IP_CHANGED for NetworkRequest [ LISTEN id=21, [ Transports: WIFI Capabilities: NOT_RESTRICTED&TRUSTED&NOT_VPN&NOT_VCN_MANAGED Uid: 1000 RequestorUid: 1000 RequestorPkg: com.vendor.fawvw.fawsystemserver UnderlyingNetworks: Null] ]
03-17 18:52:54.415   903  1260 D ConnectivityService:  sending notification for NetworkRequest [ LISTEN id=22, [ Capabilities: INTERNET&NOT_RESTRICTED&TRUSTED&VALIDATED&NOT_VCN_MANAGED Uid: 1000 RequestorUid: 1000 RequestorPkg: android UnderlyingNetworks: Null] ]
03-17 18:52:54.415  1603  1770 I ADAYO_LOG_: i(null:15)logcat file is zip packing, zipFilePath: /la_log/vendor/fawvw/log/android/logcat/logcat_0020_0001_2026_03_14_11_33_36_47_2026_03_17_18_52_54_31.gz
03-17 18:52:54.415  1603  1770 I ADAYO_LOG_: e(LogcatFunc.java:2)isOpenEncrypt: false
03-17 18:52:54.416  1513  1563 I Tethering: Looking for default routes on: {InterfaceName: wlan0 LinkAddresses: [ 192.168.10.241/24,fe80::4bd1:907e:d7f4:b550/64,fd18:fd32:4514:0:1b93:aa5b:12f3:16a9/64 ] DnsAddresses: [ /fd18:fd32:4514::1,/192.168.10.1 ] Domains: lan MTU: 0 ServerAddress: /192.168.10.1 TcpBufferSizes: 524288,1048576,2097152,262144,524288,1048576 Routes: [ fe80::/64 -> :: wlan0 mtu 0,fd18:fd32:4514::/48 -> fe80::82af:caff:feb5:6c60 wlan0 mtu 0,fd18:fd32:4514::/64 -> :: wlan0 mtu 0,192.168.10.0/24 -> 0.0.0.0 wlan0 mtu 0,0.0.0.0/0 -> 192.168.10.1 wlan0 mtu 0 ]}
03-17 18:52:54.416   903  1260 D ConnectivityService: sending notification CALLBACK_IP_CHANGED for NetworkRequest [ LISTEN id=22, [ Capabilities: INTERNET&NOT_RESTRICTED&TRUSTED&VALIDATED&NOT_VCN_MANAGED Uid: 1000 RequestorUid: 1000 RequestorPkg: android UnderlyingNetworks: Null] ]
--------- beginning of kernel
01-01 08:01:49.566     1     1 I init    : processing action (persist.log.adayo_collect.logcat=2) from (/system/etc/init/LogSystem.rc:46)
03-17 18:52:54.416  1513  1563 I Tethering: Found upstream interface(s): [wlan0]
01-01 08:01:49.566     1     1 I init    : Sending signal 9 to service 'trace_logcat' (pid 6766) process group...
03-17 18:52:54.416   903  1260 D ConnectivityService:  sending notification for NetworkRequest [ LISTEN id=23, [ Transports: WIFI Capabilities: NOT_RESTRICTED&TRUSTED&NOT_VPN&NOT_VCN_MANAGED Uid: 10035 RequestorUid: 10035 RequestorPkg: com.android.systemui UnderlyingNetworks: Null] ]
03-17 18:52:54.417  8377  8543 I WifiTracker: Fetched scan results: [SSID: "Xiaomi 14", BSSID: 56:7e:4b:55:b8:0a, capabilities: [WPA2-PSK-CCMP][RSN-PSK-CCMP][ESS], level: -78, frequency: 5765, timestamp: 103289333, distance: ?(cm), distanceSd: ?(cm), passpoint: no, ChannelBandwidth: 2, centerFreq0: 5775, centerFreq1: 0, standard: 11ac, 80211mcResponder: is not supported, Radio Chain Infos: [RadioChainInfo: id=0, level=-79, RadioChainInfo: id=1, level=-86], interface name: wlan0, SSID: "Adayo-CW", BSSID: 80:ae:54:0e:1b:c3, capabilities: [WPA2-PSK-CCMP][RSN-PSK-CCMP][WPA-PSK-CCMP][ESS], level: -87, frequency: 5240, timestamp: 104182390, distance: ?(cm), distanceSd: ?(cm), passpoint: no, ChannelBandwidth: 3, centerFreq0: 5210, centerFreq1: 5250, standard: 11ax, 80211mcResponder: is not supported, Radio Chain Infos: [RadioChainInfo: id=0, level=-89, RadioChainInfo: id=1, level=-92], interface name: wlan0, SSID: , BSSID: aa:02:db:f9:b9:e5, capabilities: [WPA-PSK-CCMP][WPA2-PSK-CCMP][RSN-PSK-CCMP][ESS], level: -58, frequency: 5260, timestamp: 104446769, distance: ?(cm), distanceSd: ?(cm), passpoint: no, ChannelBandwidth: 2, centerFreq0: 5290, centerFreq1: 0, standard: 11ax, 80211mcResponder: is not supported, Radio Chain Infos: [RadioChainInfo: id=0, level=-59, RadioChainInfo: id=1, level=-66], interface name: wlan0, SSID: "nidewifi-5G", BSSID: 18:47:4d:b4:cd:8f, capabilities: [WPA2-PSK-CCMP][RSN-PSK-CCMP][ESS], level: -91, frequency: 5805, timestamp: 103485484, distance: ?(cm), distanceSd: ?(cm), passpoint: no, ChannelBandwidth: 2, centerFreq0: 5775, centerFreq1: 0, standard: 11ac, 80211mcResponder: is not supported, Radio Chain Infos: [RadioChainInfo: id=0, level=-92, RadioChainInfo: id=1, level=-98], interface name: wlan0, SSID: "Tony’s 20phone", BSSID: fe:95:22:c2:25:70, capabilities: [WPA2-PSK-CCMP][RSN-PSK+SAE-CCMP][ESS][MFPC], level: -93, frequency: 5745, timestamp: 104652566, distance: ?(cm), distanceSd: ?(cm), passpoint: no, ChannelBandwidth: 2, centerFreq0: 5775, centerFreq1: 0, standard: 11ax, 80211mcResponder: is not supported, Radio Chain Infos: [RadioChainInfo: id=0, level=-94, RadioChainInfo: id=1, level=-98], interface name: wlan0, SSID: "TP_KK", BSSID: 94:d9:b3:f9:32:b9, capabilities: [WPA-PSK-CCMP][WPA2-PSK-CCMP][RSN-PSK-CCMP][ESS], level: -90, frequency: 5745, timestamp: 104841662, distance: ?(cm), distanceSd: ?(cm), passpoint: no, ChannelBandwidth: 2, centerFreq0: 5775, centerFreq1: 0, standard: 11ac, 80211mcResponder: is not supported, Radio Chain Infos: [RadioChainInfo: id=0, level=-91, RadioChainInfo: id=1, level=-98], interface name: wlan0, SSID: "TP-LINK_E6B8", BSSID: 74:05:a5:c3:e6:ba, capabilities: [WPA-PSK-CCMP][WPA2-PSK-CCMP][RSN-PSK-CCMP][ESS], level: -86, frequency: 5745, timestamp: 103249304, distance: ?(cm), distanceSd: ?(cm), passpoint: no, ChannelBandwidth: 2, centerFreq0: 5775, centerFreq1: 0, standard: 11ac, 80211mcResponder: is not supported, Radio Chain Infos: [RadioChainInfo: id=0, level=-87, RadioChainInfo: id=1, level=-91], interface name: wlan0, SSID: "AndroidAuto_5G", BSSID: b0:6e:bf:3c:71:dc, capabilities: [WPA2-PSK-CCMP][RSN-PSK-CCMP][ESS], level: -75, frequency: 5745, timestamp: 104826727, distance: ?(cm), distanceSd: ?(cm), passpoint: no, ChannelBandwidth: 2, centerFreq0: 5775, centerFreq1: 0, standard: 11ac, 80211mcResponder: is not supported, Radio Chain Infos: [RadioChainInfo: id=0, level=-78, RadioChainInfo: id=1, level=-77], interface name: wlan0, SSID: "AndroidAP_6881", BSSID: a2:99:17:1e:f6:2d, capabilities: [WPA2-PSK-CCMP][RSN-PSK+SAE-CCMP][ESS][MFPC], level: -76, frequency: 5745, timestamp: 104494571, distance: ?(cm), distanceSd: ?(cm), passpoint: no, ChannelBandwidth: 2, centerFreq0: 5775, centerFreq1: 0, standard: 11ac, 80211mcResponder: is not supported, Radio Chain Infos: [RadioChainInfo: id=0, level=-77, RadioChainInfo: id=1, level=-84], interface name: wlan0, SSID: "Cudy-6C60-5G", BSSID: 82:af:ca:b5:6c:61, capabilities: [WPA2-PSK-CCMP][RSN-PSK-CCMP][ESS], level: -24, frequency: 5180, timestamp: 103747471, distance: ?(cm), distanceSd: ?(cm), passpoint: no, ChannelBand
03-17 18:52:54.417   580  3946 D TetherController: setDnsForwarders(0xf006b 0 = 'fd18:fd32:4514::1')
03-17 18:52:54.417   580  3946 D TetherController: setDnsForwarders(0xf006b 1 = '192.168.10.1')
03-17 18:52:54.417   903  1260 D ConnectivityService: sending notification CALLBACK_IP_CHANGED for NetworkRequest [ LISTEN id=23, [ Transports: WIFI Capabilities: NOT_RESTRICTED&TRUSTED&NOT_VPN&NOT_VCN_MANAGED Uid: 10035 RequestorUid: 10035 RequestorPkg: com.android.systemui UnderlyingNetworks: Null] ]
03-17 18:52:54.417   580  3946 I netd    : tetherDnsSet(107, [fd18:fd32:4514::1, 192.168.10.1]) <0.18ms>
03-17 18:52:54.418   903  1260 D ConnectivityService:  sending notification for NetworkRequest [ LISTEN id=24, [ Transports: WIFI Capabilities: NOT_RESTRICTED&TRUSTED&NOT_VPN&NOT_VCN_MANAGED Uid: 1000 RequestorUid: 1000 RequestorPkg: com.fawvw.hmi.j01.ota UnderlyingNetworks: Null] ]
03-17 18:52:54.418   903  1260 D ConnectivityService: sending notification CALLBACK_IP_CHANGED for NetworkRequest [ LISTEN id=24, [ Transports: WIFI Capabilities: NOT_RESTRICTED&TRUSTED&NOT_VPN&NOT_VCN_MANAGED Uid: 1000 RequestorUid: 1000 RequestorPkg: com.fawvw.hmi.j01.ota UnderlyingNetworks: Null] ]
03-17 18:52:54.419   903  2565 I WifiService: getConfiguredNetworks uid=1000
03-17 18:52:54.419   903  1260 D ConnectivityService:  sending notification for NetworkRequest [ LISTEN id=25, [ Transports: WIFI Capabilities: INTERNET&TRUSTED&NOT_VPN&NOT_VCN_MANAGED Uid: 1001 RequestorUid: 1001 RequestorPkg: com.android.phone UnderlyingNetworks: Null] ]
03-17 18:52:54.419  3945  3945 I dnsmasq : using nameserver 192.168.10.1#53
03-17 18:52:54.419  3945  3945 I dnsmasq : using nameserver fd18:fd32:4514::1#53
03-17 18:52:54.419   903  1260 D ConnectivityService: sending notification CALLBACK_IP_CHANGED for NetworkRequest [ LISTEN id=25, [ Transports: WIFI Capabilities: INTERNET&TRUSTED&NOT_VPN&NOT_VCN_MANAGED Uid: 1001 RequestorUid: 1001 RequestorPkg: com.android.phone UnderlyingNetworks: Null] ]
03-17 18:52:54.420  6654  6700 D TimerTriggerManager: init instance...
03-17 18:52:54.420  6654  6700 D TimerTriggerManager: Timer thread'TimerTriggerManager' is destroyed: false
03-17 18:52:54.421  6654  6700 D TimerTriggerManager: Timer 'onIndcnVehSpdChanged' is running: true
03-17 18:52:54.421  6654  6700 D TimerTriggerManager: Sending reset signal to timer 'onIndcnVehSpdChanged'
03-17 18:52:54.421   903  1260 D ConnectivityService:  sending notification for NetworkRequest [ REQUEST id=27, [ Capabilities: INTERNET&NOT_RESTRICTED&TRUSTED&NOT_VCN_MANAGED Uid: 1001 RequestorUid: 1001 RequestorPkg: com.android.phone UnderlyingNetworks: Null] ]
03-17 18:52:54.421   903  1260 D ConnectivityService: sending notification CALLBACK_IP_CHANGED for NetworkRequest [ TRACK_DEFAULT id=26, [ Capabilities: INTERNET&NOT_RESTRICTED&TRUSTED&NOT_VCN_MANAGED Uid: 1001 RequestorUid: 1001 RequestorPkg: com.android.phone UnderlyingNetworks: Null] ]
03-17 18:52:54.421  6654  6707 D TimerTriggerController: Reset method called for timer: onIndcnVehSpdChanged
03-17 18:52:54.421  6654  6707 D TimerTriggerController: Calling onTimerReset for timer: onIndcnVehSpdChanged
03-17 18:52:54.421  6654  6707 D TimerTriggerManager: Timer reset: onIndcnVehSpdChanged
03-17 18:52:54.421   903  1260 D ConnectivityService:  sending notification for NetworkRequest [ REQUEST id=29, [ Capabilities: INTERNET&NOT_RESTRICTED&TRUSTED&NOT_VCN_MANAGED Uid: 1001 RequestorUid: 1001 RequestorPkg: com.android.phone UnderlyingNetworks: Null] ]
03-17 18:52:54.421   903  1260 D ConnectivityService: sending notification CALLBACK_IP_CHANGED for NetworkRequest [ TRACK_DEFAULT id=28, [ Capabilities: INTERNET&NOT_RESTRICTED&TRUSTED&NOT_VCN_MANAGED Uid: 1001 RequestorUid: 1001 RequestorPkg: com.android.phone UnderlyingNetworks: Null] ]
03-17 18:52:54.422  6654  6707 I TimerTriggerController: Timer [onIndcnVehSpdChanged] reset, remaining: 1000ms, reset count: 603
03-17 18:52:54.422   903  1260 D ConnectivityService:  sending notification for NetworkRequest [ REQUEST id=31, [ Capabilities: INTERNET&NOT_RESTRICTED&TRUSTED&NOT_VCN_MANAGED Uid: 10053 RequestorUid: 10053 RequestorPkg: com.mosi.mosc.aicenter UnderlyingNetworks: Null] ]
03-17 18:52:54.422   903  1260 D ConnectivityService: sending notification CALLBACK_IP_CHANGED for NetworkRequest [ TRACK_DEFAULT id=30, [ Capabilities: INTERNET&NOT_RESTRICTED&TRUSTED&NOT_VCN_MANAGED Uid: 10053 RequestorUid: 10053 RequestorPkg: com.mosi.mosc.aicenter UnderlyingNetworks: Null] ]
03-17 18:52:54.422  6654  6700 D TimerTriggerManager: Reset signal sent to timer 'onIndcnVehSpdChanged'
03-17 18:52:54.422   903  1260 D ConnectivityService:  sending notification for NetworkRequest [ REQUEST id=33, [ Capabilities: INTERNET&NOT_RESTRICTED&TRUSTED&NOT_VCN_MANAGED Uid: 10064 RequestorUid: 10064 RequestorPkg: com.fawvw.vehicle.navi.j01app UnderlyingNetworks: Null] ]
03-17 18:52:54.422   903  1260 D ConnectivityService: sending notification CALLBACK_IP_CHANGED for NetworkRequest [ TRACK_DEFAULT id=32, [ Capabilities: INTERNET&NOT_RESTRICTED&TRUSTED&NOT_VCN_MANAGED Uid: 10064 RequestorUid: 10064 RequestorPkg: com.fawvw.vehicle.navi.j01app UnderlyingNetworks: Null] ]
03-17 18:52:54.423   903  1260 D ConnectivityService:  sending notification for NetworkRequest [ REQUEST id=35, [ Capabilities: INTERNET&NOT_RESTRICTED&TRUSTED&NOT_VCN_MANAGED Uid: 10064 RequestorUid: 10064 RequestorPkg: com.fawvw.vehicle.navi.j01app UnderlyingNetworks: Null] ]
03-17 18:52:54.423   903  1260 D ConnectivityService: sending notification CALLBACK_IP_CHANGED for NetworkRequest [ TRACK_DEFAULT id=34, [ Capabilities: INTERNET&NOT_RESTRICTED&TRUSTED&NOT_VCN_MANAGED Uid: 10064 RequestorUid: 10064 RequestorPkg: com.fawvw.vehicle.navi.j01app UnderlyingNetworks: Null] ]
03-17 18:52:54.423   903  1260 D ConnectivityService:  sending notification for NetworkRequest [ REQUEST id=37, [ Capabilities: INTERNET&NOT_RESTRICTED&TRUSTED&NOT_VCN_MANAGED Uid: 10075 RequestorUid: 1000 RequestorPkg: android UnderlyingNetworks: Null] ]
03-17 18:52:54.423   903  1260 D ConnectivityService: sending notification CALLBACK_IP_CHANGED for NetworkRequest [ TRACK_DEFAULT id=36, [ Capabilities: INTERNET&NOT_RESTRICTED&TRUSTED&NOT_VCN_MANAGED Uid: 10075 RequestorUid: 1000 RequestorPkg: android UnderlyingNetworks: Null] ]
03-17 18:52:54.423   903  1260 D ConnectivityService:  sending notification for NetworkRequest [ LISTEN id=40, [ RequestorUid: 1073 RequestorPkg: com.android.networkstack.tethering UnderlyingNetworks: Null] ]
03-17 18:52:54.423   903  1260 D ConnectivityService: sending notification CALLBACK_IP_CHANGED for NetworkRequest [ LISTEN id=40, [ RequestorUid: 1073 RequestorPkg: com.android.networkstack.tethering UnderlyingNetworks: Null] ]
03-17 18:52:54.423   903  1260 D ConnectivityService:  sending notification for NetworkRequest [ REQUEST id=42, [ Capabilities: INTERNET&NOT_RESTRICTED&TRUSTED&NOT_VCN_MANAGED Uid: 10064 RequestorUid: 10064 RequestorPkg: com.fawvw.vehicle.navi.j01app UnderlyingNetworks: Null] ]
03-17 18:52:54.424   903  1260 D ConnectivityService: sending notification CALLBACK_IP_CHANGED for NetworkRequest [ TRACK_DEFAULT id=41, [ Capabilities: INTERNET&NOT_RESTRICTED&TRUSTED&NOT_VCN_MANAGED Uid: 10064 RequestorUid: 10064 RequestorPkg: com.fawvw.vehicle.navi.j01app UnderlyingNetworks: Null] ]
03-17 18:52:54.424   903  1260 D ConnectivityService:  sending notification for NetworkRequest [ LISTEN id=43, [ Capabilities: NOT_METERED&INTERNET&NOT_RESTRICTED&TRUSTED&NOT_VPN&NOT_VCN_MANAGED Uid: 10064 RequestorUid: 10064 RequestorPkg: com.fawvw.vehicle.navi.j01app UnderlyingNetworks: Null] ]
03-17 18:52:54.424   903  1260 D ConnectivityService: sending notification CALLBACK_IP_CHANGED for NetworkRequest [ LISTEN id=43, [ Capabilities: NOT_METERED&INTERNET&NOT_RESTRICTED&TRUSTED&NOT_VPN&NOT_VCN_MANAGED Uid: 10064 RequestorUid: 10064 RequestorPkg: com.fawvw.vehicle.navi.j01app UnderlyingNetworks: Null] ]
03-17 18:52:54.424   903  1260 D ConnectivityService:  sending notification for NetworkRequest [ REQUEST id=45, [ Capabilities: INTERNET&NOT_RESTRICTED&TRUSTED&NOT_VCN_MANAGED Uid: 10064 RequestorUid: 10064 RequestorPkg: com.fawvw.vehicle.navi.j01app UnderlyingNetworks: Null] ]
03-17 18:52:54.424   903  1260 D ConnectivityService: sending notification CALLBACK_IP_CHANGED for NetworkRequest [ TRACK_DEFAULT id=44, [ Capabilities: INTERNET&NOT_RESTRICTED&TRUSTED&NOT_VCN_MANAGED Uid: 10064 RequestorUid: 10064 RequestorPkg: com.fawvw.vehicle.navi.j01app UnderlyingNetworks: Null] ]
03-17 18:52:54.425   903  1260 D ConnectivityService:  sending notification for NetworkRequest [ LISTEN id=46, [ Capabilities: INTERNET&NOT_RESTRICTED&TRUSTED&NOT_VPN&VALIDATED&NOT_VCN_MANAGED Uid: 10064 RequestorUid: 10064 RequestorPkg: com.fawvw.vehicle.navi.j01app UnderlyingNetworks: Null] ]
03-17 18:52:54.425   903  1260 D ConnectivityService: sending notification CALLBACK_IP_CHANGED for NetworkRequest [ LISTEN id=46, [ Capabilities: INTERNET&NOT_RESTRICTED&TRUSTED&NOT_VPN&VALIDATED&NOT_VCN_MANAGED Uid: 10064 RequestorUid: 10064 RequestorPkg: com.fawvw.vehicle.navi.j01app UnderlyingNetworks: Null] ]
03-17 18:52:54.425   903  1260 D ConnectivityService:  sending notification for NetworkRequest [ REQUEST id=48, [ Capabilities: INTERNET&NOT_RESTRICTED&TRUSTED&NOT_VCN_MANAGED Uid: 10076 RequestorUid: 1000 RequestorPkg: android UnderlyingNetworks: Null] ]
03-17 18:52:54.425   903  1260 D ConnectivityService: sending notification CALLBACK_IP_CHANGED for NetworkRequest [ TRACK_DEFAULT id=47, [ Capabilities: INTERNET&NOT_RESTRICTED&TRUSTED&NOT_VCN_MANAGED Uid: 10076 RequestorUid: 1000 RequestorPkg: android UnderlyingNetworks: Null] ]
03-17 18:52:54.425   903  1260 D ConnectivityService:  sending notification for NetworkRequest [ REQUEST id=52, [ Capabilities: INTERNET&NOT_RESTRICTED&TRUSTED&NOT_VCN_MANAGED Uid: 10017 RequestorUid: 1000 RequestorPkg: android UnderlyingNetworks: Null] ]
03-17 18:52:54.425   903  1260 D ConnectivityService: sending notification CALLBACK_IP_CHANGED for NetworkRequest [ TRACK_DEFAULT id=51, [ Capabilities: INTERNET&NOT_RESTRICTED&TRUSTED&NOT_VCN_MANAGED Uid: 10017 RequestorUid: 1000 RequestorPkg: android UnderlyingNetworks: Null] ]
03-17 18:52:54.425   903  1260 D ConnectivityService:  sending notification for NetworkRequest [ REQUEST id=55, [ Transports: CELLULAR|WIFI Capabilities: NOT_RESTRICTED&TRUSTED&NOT_VPN&NOT_VCN_MANAGED Uid: 1000 RequestorUid: 1000 RequestorPkg: com.fawvw.mw.pkiagent UnderlyingNetworks: Null] ]
03-17 18:52:54.425   903  1260 D ConnectivityService: sending notification CALLBACK_IP_CHANGED for NetworkRequest [ REQUEST id=55, [ Transports: CELLULAR|WIFI Capabilities: NOT_RESTRICTED&TRUSTED&NOT_VPN&NOT_VCN_MANAGED Uid: 1000 RequestorUid: 1000 RequestorPkg: com.fawvw.mw.pkiagent UnderlyingNetworks: Null] ]
03-17 18:52:54.426   903  1260 D ConnectivityService:  sending notification for NetworkRequest [ LISTEN id=56, [ Transports: WIFI Capabilities: NOT_VPN RequestorUid: 1000 RequestorPkg: com.fawvw.hmi.bev.carapp UnderlyingNetworks: Null] ]
03-17 18:52:54.426   903  1260 D ConnectivityService: sending notification CALLBACK_IP_CHANGED for NetworkRequest [ LISTEN id=56, [ Transports: WIFI Capabilities: NOT_VPN RequestorUid: 1000 RequestorPkg: com.fawvw.hmi.bev.carapp UnderlyingNetworks: Null] ]
03-17 18:52:54.426   903  1260 D ConnectivityService:  sending notification for NetworkRequest [ LISTEN id=57, [ Transports: WIFI Capabilities: INTERNET&NOT_RESTRICTED&TRUSTED&NOT_VPN&NOT_VCN_MANAGED Uid: 1000 RequestorUid: 1000 RequestorPkg: android UnderlyingNetworks: Null] ]
03-17 18:52:54.426   903  1260 D ConnectivityService: sending notification CALLBACK_IP_CHANGED for NetworkRequest [ LISTEN id=57, [ Transports: WIFI Capabilities: INTERNET&NOT_RESTRICTED&TRUSTED&NOT_VPN&NOT_VCN_MANAGED Uid: 1000 RequestorUid: 1000 RequestorPkg: android UnderlyingNetworks: Null] ]
03-17 18:52:54.429  2315  3257 D bdtts-NetworkCallback: onLinkPropertiesChanged
03-17 18:52:54.435   644   644 E fgesysctrl_hidl_hal_test1: fgesysctrl_get_signal status *value=0
03-17 18:52:54.435   649   759 D EvsApp  : CameraFgeSysctrl::fgesysctrl_get_signal_status() end ret = 1
03-17 18:52:54.436  1646  1681 I evsservice20200311: function = notifyAppDeviceValue :ADAYO_AVM_CAMERA_SIGNAL_STATE,1---
03-17 18:52:54.437  1646  1985 E EvsServiceManager: EvsServiceManager$1->notifyDeviceValue()42:notifyDeviceValue key：ADAYO_AVM_CAMERA_SIGNAL_STATEvalue1     ---130:Thread-92
03-17 18:52:54.454   903  2017 I WifiService: getMatchingPasspointConfigurations uid=1000
03-17 18:52:54.457   903  2017 I WifiService: getMatchingOsuProviders uid=1000
03-17 18:52:54.457   806   806 I adbd    : AdaTest:transport UsbFfs opening service shell,v2:getprop
03-17 18:52:54.457   806   806 I adbd    : AdaTest:adb.password.Enable is true
03-17 18:52:54.457   806   806 I adbd    : AdaTest:will enter ShellService
03-17 18:52:54.457   806   806 I adbd    : AdaTest:enter ShellService
03-17 18:52:54.457   806   806 I adbd    : AdaTest:adb.password.Enable is Enable
03-17 18:52:54.457   806   806 I adbd    : AdaTest:return unique_fd{}
03-17 18:52:54.457   806   806 I adbd    : auth_fd.get() == -1
03-17 18:52:54.458   806   806 I adbd    : AdaTest:transport UsbFfs opening service shell,v2:getprop
03-17 18:52:54.458   806   806 I adbd    : AdaTest:adb.password.Enable is true
03-17 18:52:54.458   806   806 I adbd    : AdaTest:will enter ShellService
03-17 18:52:54.458   806   806 I adbd    : AdaTest:enter ShellService
03-17 18:52:54.458   806   806 I adbd    : AdaTest:adb.password.Enable is Enable
03-17 18:52:54.458   903  2017 I WifiService: getMatchingPasspointConfigsForOsuProviders uid=1000
03-17 18:52:54.458   806   806 I adbd    : AdaTest:return unique_fd{}
03-17 18:52:54.458   806   806 I adbd    : auth_fd.get() == -1
03-17 18:52:54.465   582  3616 E WifiHAL : Invalid data received from driver
03-17 18:52:54.478   580  3946 I netd    : tetherGetStats() -> {[TetherStatsParcel{iface: vlan_07, rxBytes: 88, rxPackets: 2, txBytes: 180, txPackets: 4, ifIndex: 0}, TetherStatsParcel{iface: wlan0, rxBytes: 0, rxPackets: 0, txBytes: 0, txPackets: 0, ifIndex: 0}]} <3.22ms>
--------- beginning of events
03-17 18:52:54.481   903  1242 I netstats_mobile_sample: [0,0,0,0,0,0,0,0,1773744774488]
03-17 18:52:54.482   903  1242 I netstats_wifi_sample: [452308,111564,886,1052,522538,99269,1246,1008,1773744774488]
03-17 18:52:54.487   580  3946 I netd    : bandwidthRemoveInterfaceQuota(vlan_00) <3.73ms>
03-17 18:52:54.491   580  3946 I netd    : bandwidthSetInterfaceQuota(vlan_00, 9223372036854775807) <3.68ms>
03-17 18:52:54.493  2106  2458 D CAR.DIAGNOSTIC: Entry - Type: 0x01, ServiceId: 0x2048, InstanceId: 0x0001, MajorVersion: 0x01FFFFFF, TTL: 0
03-17 18:52:54.493  2106  2450 D CAR.DIAGNOSTIC: Entry - Type: 0x01, ServiceId: 0x2048, InstanceId: 0x0001, MajorVersion: 0x01FFFFFF, TTL: 0
03-17 18:52:54.493  2106  2450 D CAR.DIAGNOSTIC: Entry - Type: 0x01, ServiceId: 0x5555, InstanceId: 0x0001, MajorVersion: 0x01FFFFFF, TTL: 0
03-17 18:52:54.493  2106  2450 W CAR.DIAGNOSTIC: Not enough data for option indices: needed 128, remaining 52
03-17 18:52:54.493  2106  2458 D CAR.DIAGNOSTIC: Entry - Type: 0x01, ServiceId: 0x5555, InstanceId: 0x0001, MajorVersion: 0x01FFFFFF, TTL: 0
03-17 18:52:54.493  2106  2458 W CAR.DIAGNOSTIC: Not enough data for option indices: needed 128, remaining 52
03-17 18:52:54.493  2106  2460 D CAR.DIAGNOSTIC: Entry - Type: 0x01, ServiceId: 0x2048, InstanceId: 0x0001, MajorVersion: 0x01FFFFFF, TTL: 0
03-17 18:52:54.493  2106  2460 D CAR.DIAGNOSTIC: Entry - Type: 0x01, ServiceId: 0x5555, InstanceId: 0x0001, MajorVersion: 0x01FFFFFF, TTL: 0
03-17 18:52:54.493  2106  2460 W CAR.DIAGNOSTIC: Not enough data for option indices: needed 128, remaining 52
03-17 18:52:54.496  8377  8543 D WifiTracker: ------ Dumping AccessPoints that were not seen on this scan ------
03-17 18:52:54.496  8377  8543 D WifiTracker: Did not find FL-2.4G-1497 in this scan
03-17 18:52:54.496  8377  8543 D WifiTracker: Did not find KY-4G-421A in this scan
03-17 18:52:54.496  8377  8543 D WifiTracker: Did not find HotspotRQe5 in this scan
03-17 18:52:54.496   580  3946 I netd    : bandwidthRemoveInterfaceQuota(vlan_01) <4.40ms>
03-17 18:52:54.496  8377  8543 D WifiTracker: Did not find UGREEN-28591DB0 in this scan
03-17 18:52:54.496  8377  8543 D WifiTracker: ---- Done dumping AccessPoints that were not seen on this scan ----
03-17 18:52:54.496  8377  8377 I WifiTracker: Invoking onAccessPointsChanged callback
03-17 18:52:54.497  2383  2600 D AdayoDoipServer294_Doip: [ne_doip_event_loop_dispatch][line:141] : count = 0
03-17 18:52:54.497   903  2017 I WifiService: getWifiEnabledState uid=1000 state=3
03-17 18:52:54.498  8377  8435 I CarWifiManager: AccessPoint Cudy-6C60, isReachable: true
03-17 18:52:54.498  8377  8435 I CarWifiManager: AccessPoint Cudy-6C60-5G, isReachable: true
03-17 18:52:54.498  8377  8435 I CarWifiManager: AccessPoint ChinaNet-D9B9E4-5G, isReachable: true
03-17 18:52:54.498  8377  8435 I CarWifiManager: AccessPoint DEEPAL, isReachable: true
03-17 18:52:54.498  8377  8435 I CarWifiManager: AccessPoint HONOR 100, isReachable: true
03-17 18:52:54.498  8377  8435 I CarWifiManager: AccessPoint TP-LINK_CAR, isReachable: true
03-17 18:52:54.498  8377  8435 I CarWifiManager: AccessPoint AndroidAP_4071, isReachable: true
03-17 18:52:54.498  8377  8435 I CarWifiManager: AccessPoint AndroidAP_5418, isReachable: true
03-17 18:52:54.498  8377  8435 I CarWifiManager: AccessPoint AndroidAP_6881, isReachable: true
03-17 18:52:54.498  8377  8435 I CarWifiManager: AccessPoint AndroidAP_7437, isReachable: true
03-17 18:52:54.498  8377  8435 I CarWifiManager: AccessPoint AndroidAuto_5G, isReachable: true
03-17 18:52:54.498  8377  8435 I CarWifiManager: AccessPoint TP-LINK_45A7, isReachable: true
03-17 18:52:54.498  8377  8435 I CarWifiManager: AccessPoint TP-LINK_APP, isReachable: true
03-17 18:52:54.498  8377  8435 I CarWifiManager: AccessPoint TP-LINK_DE9B, isReachable: true
03-17 18:52:54.498  8377  8435 I CarWifiManager: AccessPoint Adayo-CW, isReachable: true
03-17 18:52:54.498  8377  8435 I CarWifiManager: AccessPoint ADAYOGE FangKe, isReachable: true
03-17 18:52:54.498  8377  8435 I CarWifiManager: AccessPoint ADAYOGE WiFi, isReachable: true
03-17 18:52:54.498  8377  8435 I CarWifiManager: AccessPoint AKALMING, isReachable: true
03-17 18:52:54.498  8377  8435 I CarWifiManager: AccessPoint AndroidAP_3590, isReachable: true
03-17 18:52:54.498  8377  8435 I CarWifiManager: AccessPoint AndroidAP_5614, isReachable: true
03-17 18:52:54.498  8377  8435 I CarWifiManager: AccessPoint FL-5G-1497, isReachable: true
03-17 18:52:54.498  8377  8435 I CarWifiManager: AccessPoint FX_2415, isReachable: true
03-17 18:52:54.498  8377  8435 I CarWifiManager: AccessPoint FX_8833, isReachable: true
03-17 18:52:54.498  8377  8435 I CarWifiManager: AccessPoint iPhone 13 Pro, isReachable: true
03-17 18:52:54.498  8377  8435 I CarWifiManager: AccessPoint JETTA WLAN 001, isReachable: true
03-17 18:52:54.498  8377  8435 I CarWifiManager: AccessPoint ProductPro, isReachable: true
03-17 18:52:54.498  8377  8435 I CarWifiManager: AccessPoint TP-LINK_3AFA, isReachable: true
03-17 18:52:54.498  8377  8435 I CarWifiManager: AccessPoint TP-LINK_E6B8, isReachable: true
03-17 18:52:54.498  8377  8435 I CarWifiManager: AccessPoint Xiaomi 14, isReachable: true
03-17 18:52:54.498  8377  8435 I CarWifiManager: AccessPoint ZTE_3DA119, isReachable: true
03-17 18:52:54.498  8377  8435 I CarWifiManager: AccessPoint ABCDEFG, isReachable: true
03-17 18:52:54.498  8377  8435 I CarWifiManager: AccessPoint ADAYOGE-HK, isReachable: true
03-17 18:52:54.498  8377  8435 I CarWifiManager: AccessPoint AndroidAP_2884, isReachable: true
03-17 18:52:54.498  8377  8435 I CarWifiManager: AccessPoint DIRECT-ea84-1590, isReachable: true
03-17 18:52:54.498  8377  8435 I CarWifiManager: AccessPoint HUAWEI_B316_9AF2_5G, isReachable: true
03-17 18:52:54.498  8377  8435 I CarWifiManager: AccessPoint nidewifi-5G, isReachable: true
03-17 18:52:54.498  8377  8435 I CarWifiManager: AccessPoint Tony’s 20phone, isReachable: true
03-17 18:52:54.498  8377  8435 I CarWifiManager: AccessPoint TP_KK, isReachable: true
03-17 18:52:54.498  8377  8435 I AccessPoint: AccessPoint: Cudy-6C60, detailed state: CONNECTED, isReachable: true
03-17 18:52:54.499  8377  8435 I CnsCarApp-WlanRepositoryImpl: Connected access point: Cudy-6C60
03-17 18:52:54.500   903  2017 I WifiService: getCurrentNetwork uid=1000
03-17 18:52:54.500   580  3946 I netd    : bandwidthSetInterfaceQuota(vlan_01, 9223372036854775807) <3.87ms>
03-17 18:52:54.501  8377  8435 I CnsCarApp-WlanViewModel: onAccessPointsChanged, connected WIFI: WifiItem(security=2, level=4, iconRes=2131231217, ssid=Cudy-6C60, title=Cudy-6C60, summary=已连接, isSaved=true, isActive=true, isNowConnected=true)
03-17 18:52:54.502   903  2017 I WifiService: getWifiEnabledState uid=1000 state=3
03-17 18:52:54.502  8377  8435 I CarWifiManager: AccessPoint Cudy-6C60, isReachable: true
03-17 18:52:54.502  8377  8435 I CarWifiManager: AccessPoint Cudy-6C60-5G, isReachable: true
03-17 18:52:54.502  8377  8435 I CarWifiManager: AccessPoint ChinaNet-D9B9E4-5G, isReachable: true
03-17 18:52:54.502  8377  8435 I CarWifiManager: AccessPoint DEEPAL, isReachable: true
03-17 18:52:54.502  8377  8435 I CarWifiManager: AccessPoint HONOR 100, isReachable: true
03-17 18:52:54.502  8377  8435 I CarWifiManager: AccessPoint TP-LINK_CAR, isReachable: true
03-17 18:52:54.502  8377  8435 I CarWifiManager: AccessPoint AndroidAP_4071, isReachable: true
03-17 18:52:54.502  8377  8435 I CarWifiManager: AccessPoint AndroidAP_5418, isReachable: true
03-17 18:52:54.502  8377  8435 I CarWifiManager: AccessPoint AndroidAP_6881, isReachable: true
03-17 18:52:54.502  8377  8435 I CarWifiManager: AccessPoint AndroidAP_7437, isReachable: true
03-17 18:52:54.502  8377  8435 I CarWifiManager: AccessPoint AndroidAuto_5G, isReachable: true
03-17 18:52:54.502  8377  8435 I CarWifiManager: AccessPoint TP-LINK_45A7, isReachable: true
03-17 18:52:54.502  8377  8435 I CarWifiManager: AccessPoint TP-LINK_APP, isReachable: true
03-17 18:52:54.502  8377  8435 I CarWifiManager: AccessPoint TP-LINK_DE9B, isReachable: true
03-17 18:52:54.502  8377  8435 I CarWifiManager: AccessPoint Adayo-CW, isReachable: true
03-17 18:52:54.502  8377  8435 I CarWifiManager: AccessPoint ADAYOGE FangKe, isReachable: true
03-17 18:52:54.502  8377  8435 I CarWifiManager: AccessPoint ADAYOGE WiFi, isReachable: true
03-17 18:52:54.502  8377  8435 I CarWifiManager: AccessPoint AKALMING, isReachable: true
03-17 18:52:54.502  8377  8435 I CarWifiManager: AccessPoint AndroidAP_3590, isReachable: true
03-17 18:52:54.502  8377  8435 I CarWifiManager: AccessPoint AndroidAP_5614, isReachable: true
03-17 18:52:54.502  8377  8435 I CarWifiManager: AccessPoint FL-5G-1497, isReachable: true
03-17 18:52:54.502  8377  8435 I CarWifiManager: AccessPoint FX_2415, isReachable: true
03-17 18:52:54.502  8377  8435 I CarWifiManager: AccessPoint FX_8833, isReachable: true
03-17 18:52:54.502  8377  8435 I CarWifiManager: AccessPoint iPhone 13 Pro, isReachable: true
03-17 18:52:54.502  8377  8435 I CarWifiManager: AccessPoint JETTA WLAN 001, isReachable: true
03-17 18:52:54.502  8377  8435 I CarWifiManager: AccessPoint ProductPro, isReachable: true
03-17 18:52:54.502  8377  8435 I CarWifiManager: AccessPoint TP-LINK_3AFA, isReachable: true
03-17 18:52:54.502  8377  8435 I CarWifiManager: AccessPoint TP-LINK_E6B8, isReachable: true
03-17 18:52:54.502  8377  8435 I CarWifiManager: AccessPoint Xiaomi 14, isReachable: true
03-17 18:52:54.502  8377  8435 I CarWifiManager: AccessPoint ZTE_3DA119, isReachable: true
03-17 18:52:54.502  8377  8435 I CarWifiManager: AccessPoint ABCDEFG, isReachable: true
03-17 18:52:54.502  8377  8435 I CarWifiManager: AccessPoint ADAYOGE-HK, isReachable: true
03-17 18:52:54.502  8377  8435 I CarWifiManager: AccessPoint AndroidAP_2884, isReachable: true
03-17 18:52:54.502  8377  8435 I CarWifiManager: AccessPoint DIRECT-ea84-1590, isReachable: true
03-17 18:52:54.502  8377  8435 I CarWifiManager: AccessPoint HUAWEI_B316_9AF2_5G, isReachable: true
03-17 18:52:54.502  8377  8435 I CarWifiManager: AccessPoint nidewifi-5G, isReachable: true
03-17 18:52:54.502  8377  8435 I CarWifiManager: AccessPoint Tony’s 20phone, isReachable: true
03-17 18:52:54.503  8377  8435 I CarWifiManager: AccessPoint TP_KK, isReachable: true
03-17 18:52:54.503  8377  8435 W SettingsLib.AccessPoint: NetworkInfo is null, cannot return detailed state
03-17 18:52:54.504  8377  8435 W SettingsLib.AccessPoint: NetworkInfo is null, cannot return detailed state
03-17 18:52:54.504  8377  8435 W SettingsLib.AccessPoint: NetworkInfo is null, cannot return detailed state
03-17 18:52:54.505   580  3946 I netd    : bandwidthRemoveInterfaceQuota(vlan_08) <3.60ms>
03-17 18:52:54.505  8377  8435 W SettingsLib.AccessPoint: NetworkInfo is null, cannot return detailed state
03-17 18:52:54.505  8377  8435 W SettingsLib.AccessPoint: NetworkInfo is null, cannot return detailed state
03-17 18:52:54.505  8377  8435 W SettingsLib.AccessPoint: NetworkInfo is null, cannot return detailed state
03-17 18:52:54.506  8377  8435 W SettingsLib.AccessPoint: NetworkInfo is null, cannot return detailed state
03-17 18:52:54.506  8377  8435 W SettingsLib.AccessPoint: NetworkInfo is null, cannot return detailed state
03-17 18:52:54.506  8377  8435 W SettingsLib.AccessPoint: NetworkInfo is null, cannot return detailed state
03-17 18:52:54.506  8377  8435 W SettingsLib.AccessPoint: NetworkInfo is null, cannot return detailed state
03-17 18:52:54.506  8377  8435 W SettingsLib.AccessPoint: NetworkInfo is null, cannot return detailed state
03-17 18:52:54.507  8377  8435 W SettingsLib.AccessPoint: NetworkInfo is null, cannot return detailed state
03-17 18:52:54.507  8377  8435 W SettingsLib.AccessPoint: NetworkInfo is null, cannot return detailed state
03-17 18:52:54.507  8377  8435 W SettingsLib.AccessPoint: NetworkInfo is null, cannot return detailed state
03-17 18:52:54.507  8377  8435 W SettingsLib.AccessPoint: NetworkInfo is null, cannot return detailed state
03-17 18:52:54.508  8377  8435 W SettingsLib.AccessPoint: NetworkInfo is null, cannot return detailed state
03-17 18:52:54.508  8377  8435 W SettingsLib.AccessPoint: NetworkInfo is null, cannot return detailed state
03-17 18:52:54.508  8377  8435 W SettingsLib.AccessPoint: NetworkInfo is null, cannot return detailed state
03-17 18:52:54.508  8377  8435 W SettingsLib.AccessPoint: NetworkInfo is null, cannot return detailed state
03-17 18:52:54.509  8377  8435 W SettingsLib.AccessPoint: NetworkInfo is null, cannot return detailed state
03-17 18:52:54.509   580  3946 I netd    : bandwidthSetInterfaceQuota(vlan_08, 9223372036854775807) <3.84ms>
03-17 18:52:54.509  8377  8435 W SettingsLib.AccessPoint: NetworkInfo is null, cannot return detailed state
03-17 18:52:54.509  8377  8435 W SettingsLib.AccessPoint: NetworkInfo is null, cannot return detailed state
03-17 18:52:54.509  8377  8435 W SettingsLib.AccessPoint: NetworkInfo is null, cannot return detailed state
03-17 18:52:54.510  8377  8435 W SettingsLib.AccessPoint: NetworkInfo is null, cannot return detailed state
03-17 18:52:54.510  8377  8435 W SettingsLib.AccessPoint: NetworkInfo is null, cannot return detailed state
03-17 18:52:54.510  8377  8435 W SettingsLib.AccessPoint: NetworkInfo is null, cannot return detailed state
03-17 18:52:54.510  8377  8435 W SettingsLib.AccessPoint: NetworkInfo is null, cannot return detailed state
03-17 18:52:54.511  8377  8435 W SettingsLib.AccessPoint: NetworkInfo is null, cannot return detailed state
03-17 18:52:54.511  8377  8435 W SettingsLib.AccessPoint: NetworkInfo is null, cannot return detailed state
03-17 18:52:54.511  8377  8435 W SettingsLib.AccessPoint: NetworkInfo is null, cannot return detailed state
03-17 18:52:54.511  8377  8435 W SettingsLib.AccessPoint: NetworkInfo is null, cannot return detailed state
03-17 18:52:54.512  8377  8435 W SettingsLib.AccessPoint: NetworkInfo is null, cannot return detailed state
03-17 18:52:54.512  8377  8435 W SettingsLib.AccessPoint: NetworkInfo is null, cannot return detailed state
03-17 18:52:54.512  8377  8435 W SettingsLib.AccessPoint: NetworkInfo is null, cannot return detailed state
03-17 18:52:54.513  8377  8435 W SettingsLib.AccessPoint: NetworkInfo is null, cannot return detailed state
03-17 18:52:54.513  8377  8435 W SettingsLib.AccessPoint: NetworkInfo is null, cannot return detailed state
03-17 18:52:54.513  8377  8435 W SettingsLib.AccessPoint: NetworkInfo is null, cannot return detailed state
03-17 18:52:54.513   580  3946 I netd    : bandwidthRemoveInterfaceQuota(vlan_07) <3.82ms>
03-17 18:52:54.513  8377  8435 I CnsCarApp-WlanRepositoryImpl: Available WIFI: { 
