03-17 18:52:55.846  8377  8491 W SettingsLib.AccessPoint: NetworkInfo is null, cannot return detailed state
03-17 18:52:55.846  8377  8491 W SettingsLib.AccessPoint: NetworkInfo is null, cannot return detailed state
03-17 18:52:55.846  8377  8491 I AccessPoint: AccessPoint: AndroidAP_5418, detailed state: null, isReachable: true
03-17 18:52:55.846  8377  8491 W SettingsLib.AccessPoint: NetworkInfo is null, cannot return detailed state
03-17 18:52:55.846  8377  8491 W SettingsLib.AccessPoint: NetworkInfo is null, cannot return detailed state
03-17 18:52:55.846  8377  8491 I AccessPoint: AccessPoint: AndroidAP_6881, detailed state: null, isReachable: true
03-17 18:52:55.846  8377  8491 W SettingsLib.AccessPoint: NetworkInfo is null, cannot return detailed state
03-17 18:52:55.846  8377  8491 W SettingsLib.AccessPoint: NetworkInfo is null, cannot return detailed state
03-17 18:52:55.846  8377  8491 I AccessPoint: AccessPoint: AndroidAP_7437, detailed state: null, isReachable: true
03-17 18:52:55.846  8377  8491 W SettingsLib.AccessPoint: NetworkInfo is null, cannot return detailed state
03-17 18:52:55.846  8377  8491 W SettingsLib.AccessPoint: NetworkInfo is null, cannot return detailed state
03-17 18:52:55.846  8377  8491 I AccessPoint: AccessPoint: AndroidAuto_5G, detailed state: null, isReachable: true
03-17 18:52:55.846  8377  8491 W SettingsLib.AccessPoint: NetworkInfo is null, cannot return detailed state
03-17 18:52:55.846  8377  8491 W SettingsLib.AccessPoint: NetworkInfo is null, cannot return detailed state
03-17 18:52:55.846  8377  8491 I AccessPoint: AccessPoint: TP-LINK_45A7, detailed state: null, isReachable: true
03-17 18:52:55.846  8377  8491 W SettingsLib.AccessPoint: NetworkInfo is null, cannot return detailed state
03-17 18:52:55.846  8377  8491 W SettingsLib.AccessPoint: NetworkInfo is null, cannot return detailed state
03-17 18:52:55.846  8377  8491 I AccessPoint: AccessPoint: TP-LINK_APP, detailed state: null, isReachable: true
03-17 18:52:55.846  8377  8491 W SettingsLib.AccessPoint: NetworkInfo is null, cannot return detailed state
03-17 18:52:55.846  8377  8491 W SettingsLib.AccessPoint: NetworkInfo is null, cannot return detailed state
03-17 18:52:55.846  8377  8491 I AccessPoint: AccessPoint: TP-LINK_DE9B, detailed state: null, isReachable: true
03-17 18:52:55.846  8377  8491 W SettingsLib.AccessPoint: NetworkInfo is null, cannot return detailed state
03-17 18:52:55.846  8377  8491 W SettingsLib.AccessPoint: NetworkInfo is null, cannot return detailed state
03-17 18:52:55.846  8377  8491 I AccessPoint: AccessPoint: Adayo-CW, detailed state: null, isReachable: true
03-17 18:52:55.846  8377  8491 W SettingsLib.AccessPoint: NetworkInfo is null, cannot return detailed state
03-17 18:52:55.846  8377  8491 W SettingsLib.AccessPoint: NetworkInfo is null, cannot return detailed state
03-17 18:52:55.846  8377  8491 I AccessPoint: AccessPoint: ADAYOGE FangKe, detailed state: null, isReachable: true
03-17 18:52:55.846  8377  8491 W SettingsLib.AccessPoint: NetworkInfo is null, cannot return detailed state
03-17 18:52:55.846  8377  8491 W SettingsLib.AccessPoint: NetworkInfo is null, cannot return detailed state
03-17 18:52:55.846  8377  8491 I AccessPoint: AccessPoint: ADAYOGE WiFi, detailed state: null, isReachable: true
03-17 18:52:55.846  8377  8491 W SettingsLib.AccessPoint: NetworkInfo is null, cannot return detailed state
03-17 18:52:55.846  8377  8491 W SettingsLib.AccessPoint: NetworkInfo is null, cannot return detailed state
03-17 18:52:55.846  8377  8491 I AccessPoint: AccessPoint: AKALMING, detailed state: null, isReachable: true
03-17 18:52:55.846  8377  8491 W SettingsLib.AccessPoint: NetworkInfo is null, cannot return detailed state
03-17 18:52:55.846  8377  8491 W SettingsLib.AccessPoint: NetworkInfo is null, cannot return detailed state
03-17 18:52:55.846  8377  8491 I AccessPoint: AccessPoint: AndroidAP_3590, detailed state: null, isReachable: true
03-17 18:52:55.846  8377  8491 W SettingsLib.AccessPoint: NetworkInfo is null, cannot return detailed state
03-17 18:52:55.846  8377  8491 W SettingsLib.AccessPoint: NetworkInfo is null, cannot return detailed state
03-17 18:52:55.846  8377  8491 I AccessPoint: AccessPoint: AndroidAP_5614, detailed state: null, isReachable: true
03-17 18:52:55.846  8377  8491 W SettingsLib.AccessPoint: NetworkInfo is null, cannot return detailed state
03-17 18:52:55.846  8377  8491 W SettingsLib.AccessPoint: NetworkInfo is null, cannot return detailed state
03-17 18:52:55.847  8377  8491 I AccessPoint: AccessPoint: FL-5G-1497, detailed state: null, isReachable: true
03-17 18:52:55.847  8377  8491 W SettingsLib.AccessPoint: NetworkInfo is null, cannot return detailed state
03-17 18:52:55.847  8377  8491 W SettingsLib.AccessPoint: NetworkInfo is null, cannot return detailed state
03-17 18:52:55.847  8377  8491 I AccessPoint: AccessPoint: FX_2415, detailed state: null, isReachable: true
03-17 18:52:55.847  8377  8491 W SettingsLib.AccessPoint: NetworkInfo is null, cannot return detailed state
03-17 18:52:55.847  8377  8491 W SettingsLib.AccessPoint: NetworkInfo is null, cannot return detailed state
03-17 18:52:55.847  8377  8491 I AccessPoint: AccessPoint: FX_8833, detailed state: null, isReachable: true
03-17 18:52:55.847  8377  8491 W SettingsLib.AccessPoint: NetworkInfo is null, cannot return detailed state
03-17 18:52:55.847  8377  8491 W SettingsLib.AccessPoint: NetworkInfo is null, cannot return detailed state
03-17 18:52:55.847  8377  8491 I AccessPoint: AccessPoint: iPhone 13 Pro, detailed state: null, isReachable: true
03-17 18:52:55.847  8377  8491 W SettingsLib.AccessPoint: NetworkInfo is null, cannot return detailed state
03-17 18:52:55.847  8377  8491 W SettingsLib.AccessPoint: NetworkInfo is null, cannot return detailed state
03-17 18:52:55.847  8377  8491 I AccessPoint: AccessPoint: JETTA WLAN 001, detailed state: null, isReachable: true
03-17 18:52:55.847  8377  8491 W SettingsLib.AccessPoint: NetworkInfo is null, cannot return detailed state
03-17 18:52:55.847  8377  8491 W SettingsLib.AccessPoint: NetworkInfo is null, cannot return detailed state
03-17 18:52:55.847  8377  8491 I AccessPoint: AccessPoint: ProductPro, detailed state: null, isReachable: true
03-17 18:52:55.847  8377  8491 W SettingsLib.AccessPoint: NetworkInfo is null, cannot return detailed state
03-17 18:52:55.847  8377  8491 W SettingsLib.AccessPoint: NetworkInfo is null, cannot return detailed state
03-17 18:52:55.847  8377  8491 I AccessPoint: AccessPoint: TP-LINK_3AFA, detailed state: null, isReachable: true
03-17 18:52:55.847  8377  8491 W SettingsLib.AccessPoint: NetworkInfo is null, cannot return detailed state
03-17 18:52:55.847  8377  8491 W SettingsLib.AccessPoint: NetworkInfo is null, cannot return detailed state
03-17 18:52:55.847  8377  8491 I AccessPoint: AccessPoint: TP-LINK_E6B8, detailed state: null, isReachable: true
03-17 18:52:55.847  8377  8491 W SettingsLib.AccessPoint: NetworkInfo is null, cannot return detailed state
03-17 18:52:55.847  8377  8491 W SettingsLib.AccessPoint: NetworkInfo is null, cannot return detailed state
03-17 18:52:55.847  8377  8491 I AccessPoint: AccessPoint: Xiaomi 14, detailed state: null, isReachable: true
03-17 18:52:55.847  8377  8491 W SettingsLib.AccessPoint: NetworkInfo is null, cannot return detailed state
03-17 18:52:55.847  8377  8491 W SettingsLib.AccessPoint: NetworkInfo is null, cannot return detailed state
03-17 18:52:55.847  8377  8491 I AccessPoint: AccessPoint: ZTE_3DA119, detailed state: null, isReachable: true
03-17 18:52:55.847  8377  8491 W SettingsLib.AccessPoint: NetworkInfo is null, cannot return detailed state
03-17 18:52:55.847  8377  8491 W SettingsLib.AccessPoint: NetworkInfo is null, cannot return detailed state
03-17 18:52:55.847  8377  8491 I AccessPoint: AccessPoint: ABCDEFG, detailed state: null, isReachable: true
03-17 18:52:55.847  8377  8491 W SettingsLib.AccessPoint: NetworkInfo is null, cannot return detailed state
03-17 18:52:55.847  8377  8491 W SettingsLib.AccessPoint: NetworkInfo is null, cannot return detailed state
03-17 18:52:55.847  8377  8491 I AccessPoint: AccessPoint: ADAYOGE-HK, detailed state: null, isReachable: true
03-17 18:52:55.847  8377  8491 W SettingsLib.AccessPoint: NetworkInfo is null, cannot return detailed state
03-17 18:52:55.847  8377  8491 W SettingsLib.AccessPoint: NetworkInfo is null, cannot return detailed state
03-17 18:52:55.847  8377  8491 I AccessPoint: AccessPoint: AndroidAP_2884, detailed state: null, isReachable: true
03-17 18:52:55.847  8377  8491 W SettingsLib.AccessPoint: NetworkInfo is null, cannot return detailed state
03-17 18:52:55.847  8377  8491 W SettingsLib.AccessPoint: NetworkInfo is null, cannot return detailed state
03-17 18:52:55.847  8377  8491 I AccessPoint: AccessPoint: DIRECT-ea84-1590, detailed state: null, isReachable: true
03-17 18:52:55.847  8377  8491 W SettingsLib.AccessPoint: NetworkInfo is null, cannot return detailed state
03-17 18:52:55.847  8377  8491 W SettingsLib.AccessPoint: NetworkInfo is null, cannot return detailed state
03-17 18:52:55.847  8377  8491 I AccessPoint: AccessPoint: HUAWEI_B316_9AF2_5G, detailed state: null, isReachable: true
03-17 18:52:55.847  8377  8491 W SettingsLib.AccessPoint: NetworkInfo is null, cannot return detailed state
03-17 18:52:55.847  8377  8491 W SettingsLib.AccessPoint: NetworkInfo is null, cannot return detailed state
03-17 18:52:55.847  8377  8491 I AccessPoint: AccessPoint: nidewifi-5G, detailed state: null, isReachable: true
03-17 18:52:55.847  8377  8491 W SettingsLib.AccessPoint: NetworkInfo is null, cannot return detailed state
03-17 18:52:55.847  8377  8491 W SettingsLib.AccessPoint: NetworkInfo is null, cannot return detailed state
03-17 18:52:55.847  8377  8491 I AccessPoint: AccessPoint: Tony’s 20phone, detailed state: null, isReachable: true
03-17 18:52:55.847  8377  8491 W SettingsLib.AccessPoint: NetworkInfo is null, cannot return detailed state
03-17 18:52:55.847  8377  8491 W SettingsLib.AccessPoint: NetworkInfo is null, cannot return detailed state
03-17 18:52:55.847  8377  8491 I AccessPoint: AccessPoint: TP_KK, detailed state: null, isReachable: true
03-17 18:52:55.847  8377  8491 W SettingsLib.AccessPoint: NetworkInfo is null, cannot return detailed state
03-17 18:52:55.848  8377  8491 I CnsCarApp-WlanRepositoryImpl: No connected access point!!
03-17 18:52:55.848  8377  8491 I CnsCarApp-WlanViewModel: onAccessPointsChanged, connected WIFI: null
03-17 18:52:55.848   903  4623 I WifiService: getWifiEnabledState uid=1000 state=3
03-17 18:52:55.848  8377  8491 I CarWifiManager: AccessPoint Cudy-6C60, isReachable: true
03-17 18:52:55.848  8377  8491 I CarWifiManager: AccessPoint Cudy-6C60-5G, isReachable: true
03-17 18:52:55.848  8377  8491 I CarWifiManager: AccessPoint ChinaNet-D9B9E4-5G, isReachable: true
03-17 18:52:55.848  8377  8491 I CarWifiManager: AccessPoint DEEPAL, isReachable: true
03-17 18:52:55.848  8377  8491 I CarWifiManager: AccessPoint HONOR 100, isReachable: true
03-17 18:52:55.848  8377  8491 I CarWifiManager: AccessPoint TP-LINK_CAR, isReachable: true
03-17 18:52:55.848  8377  8491 I CarWifiManager: AccessPoint AndroidAP_4071, isReachable: true
03-17 18:52:55.848  8377  8491 I CarWifiManager: AccessPoint AndroidAP_5418, isReachable: true
03-17 18:52:55.848  8377  8491 I CarWifiManager: AccessPoint AndroidAP_6881, isReachable: true
03-17 18:52:55.848  8377  8491 I CarWifiManager: AccessPoint AndroidAP_7437, isReachable: true
03-17 18:52:55.848  8377  8491 I CarWifiManager: AccessPoint AndroidAuto_5G, isReachable: true
03-17 18:52:55.849  8377  8491 I CarWifiManager: AccessPoint TP-LINK_45A7, isReachable: true
03-17 18:52:55.849  8377  8491 I CarWifiManager: AccessPoint TP-LINK_APP, isReachable: true
03-17 18:52:55.849  8377  8491 I CarWifiManager: AccessPoint TP-LINK_DE9B, isReachable: true
03-17 18:52:55.849  8377  8491 I CarWifiManager: AccessPoint Adayo-CW, isReachable: true
03-17 18:52:55.849  8377  8491 I CarWifiManager: AccessPoint ADAYOGE FangKe, isReachable: true
03-17 18:52:55.849  8377  8491 I CarWifiManager: AccessPoint ADAYOGE WiFi, isReachable: true
03-17 18:52:55.849  8377  8491 I CarWifiManager: AccessPoint AKALMING, isReachable: true
03-17 18:52:55.849  8377  8491 I CarWifiManager: AccessPoint AndroidAP_3590, isReachable: true
03-17 18:52:55.849  8377  8491 I CarWifiManager: AccessPoint AndroidAP_5614, isReachable: true
03-17 18:52:55.849  8377  8491 I CarWifiManager: AccessPoint FL-5G-1497, isReachable: true
03-17 18:52:55.849  8377  8491 I CarWifiManager: AccessPoint FX_2415, isReachable: true
03-17 18:52:55.849  8377  8491 I CarWifiManager: AccessPoint FX_8833, isReachable: true
03-17 18:52:55.849  8377  8491 I CarWifiManager: AccessPoint iPhone 13 Pro, isReachable: true
03-17 18:52:55.849  8377  8491 I CarWifiManager: AccessPoint JETTA WLAN 001, isReachable: true
03-17 18:52:55.849  8377  8491 I CarWifiManager: AccessPoint ProductPro, isReachable: true
03-17 18:52:55.849  8377  8491 I CarWifiManager: AccessPoint TP-LINK_3AFA, isReachable: true
03-17 18:52:55.849  8377  8491 I CarWifiManager: AccessPoint TP-LINK_E6B8, isReachable: true
03-17 18:52:55.849  8377  8491 I CarWifiManager: AccessPoint Xiaomi 14, isReachable: true
03-17 18:52:55.849  8377  8491 I CarWifiManager: AccessPoint ZTE_3DA119, isReachable: true
03-17 18:52:55.849  8377  8491 I CarWifiManager: AccessPoint ABCDEFG, isReachable: true
03-17 18:52:55.849  8377  8491 I CarWifiManager: AccessPoint ADAYOGE-HK, isReachable: true
03-17 18:52:55.849  8377  8491 I CarWifiManager: AccessPoint AndroidAP_2884, isReachable: true
03-17 18:52:55.849  8377  8491 I CarWifiManager: AccessPoint DIRECT-ea84-1590, isReachable: true
03-17 18:52:55.849  8377  8491 I CarWifiManager: AccessPoint HUAWEI_B316_9AF2_5G, isReachable: true
03-17 18:52:55.849  8377  8491 I CarWifiManager: AccessPoint nidewifi-5G, isReachable: true
03-17 18:52:55.849  8377  8491 I CarWifiManager: AccessPoint Tony’s 20phone, isReachable: true
03-17 18:52:55.849  8377  8491 I CarWifiManager: AccessPoint TP_KK, isReachable: true
03-17 18:52:55.850  8377  8491 W SettingsLib.AccessPoint: NetworkInfo is null, cannot return detailed state
03-17 18:52:55.851  8377  8491 W SettingsLib.AccessPoint: NetworkInfo is null, cannot return detailed state
03-17 18:52:55.851  8377  8491 W SettingsLib.AccessPoint: NetworkInfo is null, cannot return detailed state
03-17 18:52:55.851   582  3616 E WifiHAL : Invalid data received from driver
03-17 18:52:55.851  8377  8491 W SettingsLib.AccessPoint: NetworkInfo is null, cannot return detailed state
03-17 18:52:55.852  8377  8491 W SettingsLib.AccessPoint: NetworkInfo is null, cannot return detailed state
03-17 18:52:55.853  8377  8491 W SettingsLib.AccessPoint: NetworkInfo is null, cannot return detailed state
03-17 18:52:55.853  8377  8491 W SettingsLib.AccessPoint: NetworkInfo is null, cannot return detailed state
03-17 18:52:55.853  8377  8491 W SettingsLib.AccessPoint: NetworkInfo is null, cannot return detailed state
03-17 18:52:55.854  8377  8491 W SettingsLib.AccessPoint: NetworkInfo is null, cannot return detailed state
03-17 18:52:55.854  8377  8491 W SettingsLib.AccessPoint: NetworkInfo is null, cannot return detailed state
03-17 18:52:55.855  8377  8491 W SettingsLib.AccessPoint: NetworkInfo is null, cannot return detailed state
03-17 18:52:55.855  3517  3517 D hostapd : nl80211: BSS Event 59 (NL80211_CMD_FRAME) received for wlan1
03-17 18:52:55.855  3517  3517 D hostapd : nl80211: RX frame da=ff:ff:ff:ff:ff:ff sa=16:1a:5e:b6:ab:a3 bssid=16:1a:5e:b6:ab:a3 freq=5180 ssi_signal=-6700 fc=0xd0 seq_ctrl=0xa750 stype=13 (WLAN_FC_STYPE_ACTION) len=42
03-17 18:52:55.855  3517  3517 D hostapd : wlan1: Event RX_MGMT (18) received
03-17 18:52:55.855  3517  3517 D hostapd : Receive wpa msg : Event RX_MGMT (18) received
03-17 18:52:55.855  8377  8491 W SettingsLib.AccessPoint: NetworkInfo is null, cannot return detailed state
03-17 18:52:55.856  8377  8491 W SettingsLib.AccessPoint: NetworkInfo is null, cannot return detailed state
03-17 18:52:55.856  8377  8491 W SettingsLib.AccessPoint: NetworkInfo is null, cannot return detailed state
03-17 18:52:55.856  8377  8491 W SettingsLib.AccessPoint: NetworkInfo is null, cannot return detailed state
03-17 18:52:55.857  8377  8491 W SettingsLib.AccessPoint: NetworkInfo is null, cannot return detailed state
03-17 18:52:55.857  8377  8491 W SettingsLib.AccessPoint: NetworkInfo is null, cannot return detailed state
03-17 18:52:55.857  8377  8491 W SettingsLib.AccessPoint: NetworkInfo is null, cannot return detailed state
03-17 18:52:55.857  8377  8491 W SettingsLib.AccessPoint: NetworkInfo is null, cannot return detailed state
03-17 18:52:55.857  8377  8491 W SettingsLib.AccessPoint: NetworkInfo is null, cannot return detailed state
03-17 18:52:55.858  8377  8491 W SettingsLib.AccessPoint: NetworkInfo is null, cannot return detailed state
03-17 18:52:55.858  8377  8491 W SettingsLib.AccessPoint: NetworkInfo is null, cannot return detailed state
03-17 18:52:55.858  8377  8491 W SettingsLib.AccessPoint: NetworkInfo is null, cannot return detailed state
03-17 18:52:55.858  8377  8491 W SettingsLib.AccessPoint: NetworkInfo is null, cannot return detailed state
03-17 18:52:55.859  8377  8491 W SettingsLib.AccessPoint: NetworkInfo is null, cannot return detailed state
03-17 18:52:55.865   582  3616 E WifiHAL : Invalid data received from driver
03-17 18:52:55.866   642   685 I mcuc    : sd Uart data : 6AA6020418000292024C
03-17 18:52:55.867  8377  8491 W SettingsLib.AccessPoint: NetworkInfo is null, cannot return detailed state
03-17 18:52:55.868  8377  8491 W SettingsLib.AccessPoint: NetworkInfo is null, cannot return detailed state
03-17 18:52:55.868  8377  8491 W SettingsLib.AccessPoint: NetworkInfo is null, cannot return detailed state
03-17 18:52:55.869  8377  8491 W SettingsLib.AccessPoint: NetworkInfo is null, cannot return detailed state
03-17 18:52:55.870  8377  8491 W SettingsLib.AccessPoint: NetworkInfo is null, cannot return detailed state
03-17 18:52:55.870  2315  2315 D CVUtilsTelephony: update
03-17 18:52:55.870  8377  8491 W SettingsLib.AccessPoint: NetworkInfo is null, cannot return detailed state
03-17 18:52:55.871  8377  8491 W SettingsLib.AccessPoint: NetworkInfo is null, cannot return detailed state
03-17 18:52:55.871  2315  2315 D CVUtilsTelephony: update
03-17 18:52:55.871  8377  8491 W SettingsLib.AccessPoint: NetworkInfo is null, cannot return detailed state
03-17 18:52:55.871   642   685 I mcuc    : rev uart=1110,len=116, data : 6AA6810418006C920200100000000000000000000000000000010000000000000000000000000000000000000000000000000000000000000000000000000000000000000000000000000000000000000000000000000000654E2100000000000000000000000000000000000101010101010177
03-17 18:52:55.871  8377  8491 W SettingsLib.AccessPoint: NetworkInfo is null, cannot return detailed state
03-17 18:52:55.872   400   892 D adayocomadapter-ParseProtocolFunc: printRaWMsg Name[MCUToUPstream recv] len[108] data[920200100000000000000000000000000000010000000000000000000000000000000000000000000000000000000000000000000000000000000000000000000000000000000000000000000000000000654E21000000000000000000000000000000000001010101010101]
03-17 18:52:55.872   400   892 D adayocomadapter-CommunicationManager: onUpstreamback   member[0] dataLength[105] timePoint[109819]
03-17 18:52:55.872   400   892 D adayocomadapter-ParseProtocolFunc: printRaWMsg Name[onUpstreamback] len[105] data[100000000000000000000000000000010000000000000000000000000000000000000000000000000000000000000000000000000000000000000000000000000000000000000000000000000000654E21000000000000000000000000000000000001010101010101]
03-17 18:52:55.872   400   452 D adayocomadapter-UpstreamHandler: processBeforePacket upSreamtProcessTimePoint[109819] 
03-17 18:52:55.872  8377  8491 W SettingsLib.AccessPoint: NetworkInfo is null, cannot return detailed state
03-17 18:52:55.872   400   452 D adayocomadapter-UpstreamHandler: processPacket UPSTREAM_QUEUE_DATA_TIMEOUT
03-17 18:52:55.872   400   452 D adayocomadapter-ParseProtocolFunc: parseCommonIPCLBytes Processing tableNumber[16]
03-17 18:52:55.872   400   452 D adayocomadapter-ParseProtocolFunc: parseCommonIPCLBytes Processing tablename[Table-16] tableSize[105]
03-17 18:52:55.872   400   452 D adayocomadapter-ParseProtocolFunc: printRaWMsg Name[byteStream recv] len[105] data[100000000000000000000000000000010000000000000000000000000000000000000000000000000000000000000000000000000000000000000000000000000000000000000000000000000000654E21000000000000000000000000000000000001010101010101]
03-17 18:52:55.872   400   452 D adayocomadapter-ParseProtocolFunc: printRaWMsg Name[IPCLtoVHAL] len[7] data[214021B1000100]
03-17 18:52:55.872   400   452 D adayocomadapter-ParseProtocolFunc: printRaWMsg Name[IPCLtoVHAL] len[7] data[21402212000100]
03-17 18:52:55.872   400   452 D adayocomadapter-ParseProtocolFunc: printRaWMsg Name[IPCLtoVHAL] len[7] data[214021B2000100]
03-17 18:52:55.872   400   452 D adayocomadapter-ParseProtocolFunc: printRaWMsg Name[IPCLtoVHAL] len[7] data[214021BD000100]
03-17 18:52:55.872   400   452 D adayocomadapter-ParseProtocolFunc: printRaWMsg Name[IPCLtoVHAL] len[7] data[2140221E000100]
03-17 18:52:55.872   400   452 D adayocomadapter-ParseProtocolFunc: printRaWMsg Name[IPCLtoVHAL] len[7] data[214021B3000100]
03-17 18:52:55.872   400   452 D adayocomadapter-ParseProtocolFunc: printRaWMsg Name[IPCLtoVHAL] len[7] data[21402214000100]
03-17 18:52:55.872   400   452 D adayocomadapter-ParseProtocolFunc: printRaWMsg Name[IPCLtoVHAL] len[7] data[214021B4000100]
03-17 18:52:55.872   400   452 D adayocomadapter-ParseProtocolFunc: printRaWMsg Name[IPCLtoVHAL] len[7] data[21402153000100]
03-17 18:52:55.872  8377  8491 W SettingsLib.AccessPoint: NetworkInfo is null, cannot return detailed state
03-17 18:52:55.872   400   452 D adayocomadapter-ParseProtocolFunc: printRaWMsg Name[IPCLtoVHAL] len[7] data[21402215000100]
03-17 18:52:55.872   400   452 D adayocomadapter-ParseProtocolFunc: printRaWMsg Name[IPCLtoVHAL] len[7] data[214021B5000100]
03-17 18:52:55.872   400   452 D adayocomadapter-ParseProtocolFunc: printRaWMsg Name[IPCLtoVHAL] len[7] data[21402154000100]
03-17 18:52:55.872   400   452 D adayocomadapter-ParseProtocolFunc: printRaWMsg Name[IPCLtoVHAL] len[7] data[214021B7000100]
03-17 18:52:55.872   400   452 D adayocomadapter-ParseProtocolFunc: printRaWMsg Name[IPCLtoVHAL] len[7] data[21402156000100]
03-17 18:52:55.872   400   452 D adayocomadapter-ParseProtocolFunc: printRaWMsg Name[IPCLtoVHAL] len[7] data[214021B8000100]
03-17 18:52:55.872   400   452 D adayocomadapter-ParseProtocolFunc: printRaWMsg Name[IPCLtoVHAL] len[7] data[21402157000100]
03-17 18:52:55.872   400   452 D adayocomadapter-ParseProtocolFunc: printRaWMsg Name[IPCLtoVHAL] len[7] data[21402219000100]
03-17 18:52:55.872   400   452 D adayocomadapter-ParseProtocolFunc: printRaWMsg Name[IPCLtoVHAL] len[7] data[2140215B000100]
03-17 18:52:55.872   400   452 D adayocomadapter-ParseProtocolFunc: printRaWMsg Name[IPCLtoVHAL] len[7] data[214021BC000100]
03-17 18:52:55.872   400   452 D adayocomadapter-ParseProtocolFunc: printRaWMsg Name[IPCLtoVHAL] len[7] data[2140221D000100]
03-17 18:52:55.872   400   452 D adayocomadapter-ParseProtocolFunc: printRaWMsg Name[IPCLtoVHAL] len[7] data[214021B9000100]
03-17 18:52:55.872   400   452 D adayocomadapter-ParseProtocolFunc: printRaWMsg Name[IPCLtoVHAL] len[7] data[2140221A000100]
03-17 18:52:55.872   400   452 D adayocomadapter-ParseProtocolFunc: printRaWMsg Name[IPCLtoVHAL] len[7] data[214021BB000100]
03-17 18:52:55.872   400   452 D adayocomadapter-ParseProtocolFunc: printRaWMsg Name[IPCLtoVHAL] len[7] data[2140215A000100]
03-17 18:52:55.872  8377  8491 W SettingsLib.AccessPoint: NetworkInfo is null, cannot return detailed state
03-17 18:52:55.872   400   452 D adayocomadapter-ParseProtocolFunc: printRaWMsg Name[IPCLtoVHAL] len[7] data[2140221C000100]
03-17 18:52:55.872   400   452 D adayocomadapter-ParseProtocolFunc: printRaWMsg Name[IPCLtoVHAL] len[7] data[214021BE000100]
03-17 18:52:55.872   400   452 D adayocomadapter-ParseProtocolFunc: printRaWMsg Name[IPCLtoVHAL] len[7] data[2140215D000100]
03-17 18:52:55.872   400   452 D adayocomadapter-ParseProtocolFunc: printRaWMsg Name[IPCLtoVHAL] len[7] data[2140221F000100]
03-17 18:52:55.872   400   452 D adayocomadapter-ParseProtocolFunc: printRaWMsg Name[IPCLtoVHAL] len[7] data[214021A5000100]
03-17 18:52:55.872   400   452 D adayocomadapter-ParseProtocolFunc: printRaWMsg Name[IPCLtoVHAL] len[7] data[21402107000100]
03-17 18:52:55.872   400   452 D adayocomadapter-ParseProtocolFunc: printRaWMsg Name[IPCLtoVHAL] len[7] data[2140222A000100]
03-17 18:52:55.872   400   452 D adayocomadapter-ParseProtocolFunc: printRaWMsg Name[IPCLtoVHAL] len[7] data[214021C3000100]
03-17 18:52:55.872   400   452 D adayocomadapter-ParseProtocolFunc: printRaWMsg Name[IPCLtoVHAL] len[7] data[214021A8000100]
03-17 18:52:55.872   400   452 D adayocomadapter-ParseProtocolFunc: printRaWMsg Name[IPCLtoVHAL] len[7] data[214021A6000101]
03-17 18:52:55.872   400   452 D adayocomadapter-ParseProtocolFunc: printRaWMsg Name[IPCLtoVHAL] len[7] data[214021A7000100]
03-17 18:52:55.872   400   452 D adayocomadapter-ParseProtocolFunc: printRaWMsg Name[IPCLtoVHAL] len[7] data[21402208000100]
03-17 18:52:55.872   400   452 D adayocomadapter-ParseProtocolFunc: printRaWMsg Name[IPCLtoVHAL] len[7] data[214021A9000100]
03-17 18:52:55.872   400   452 D adayocomadapter-ParseProtocolFunc: printRaWMsg Name[IPCLtoVHAL] len[7] data[214021AA000100]
03-17 18:52:55.873   400   452 D adayocomadapter-ParseProtocolFunc: printRaWMsg Name[IPCLtoVHAL] len[7] data[214021AB000100]
03-17 18:52:55.873   400   452 D adayocomadapter-ParseProtocolFunc: printRaWMsg Name[IPCLtoVHAL] len[7] data[214021AC000100]
03-17 18:52:55.873   400   452 D adayocomadapter-ParseProtocolFunc: printRaWMsg Name[IPCLtoVHAL] len[7] data[2140220D000100]
03-17 18:52:55.873   400   452 D adayocomadapter-ParseProtocolFunc: printRaWMsg Name[IPCLtoVHAL] len[7] data[214021AD000100]
03-17 18:52:55.873   400   452 D adayocomadapter-ParseProtocolFunc: printRaWMsg Name[IPCLtoVHAL] len[7] data[214021AE000100]
03-17 18:52:55.873   400   452 D adayocomadapter-ParseProtocolFunc: printRaWMsg Name[IPCLtoVHAL] len[7] data[214021AF000100]
03-17 18:52:55.873   400   452 D adayocomadapter-ParseProtocolFunc: printRaWMsg Name[IPCLtoVHAL] len[7] data[21402210000100]
03-17 18:52:55.873   400   452 D adayocomadapter-ParseProtocolFunc: printRaWMsg Name[IPCLtoVHAL] len[7] data[214021B0000100]
03-17 18:52:55.873   400   452 D adayocomadapter-ParseProtocolFunc: printRaWMsg Name[IPCLtoVHAL] len[7] data[21402211000100]
03-17 18:52:55.873   400   452 D adayocomadapter-ParseProtocolFunc: printRaWMsg Name[IPCLtoVHAL] len[7] data[214021B6000100]
03-17 18:52:55.873   400   452 D adayocomadapter-ParseProtocolFunc: printRaWMsg Name[IPCLtoVHAL] len[7] data[21402155000100]
03-17 18:52:55.873   400   452 D adayocomadapter-ParseProtocolFunc: printRaWMsg Name[IPCLtoVHAL] len[7] data[214021BA000100]
03-17 18:52:55.873   400   452 D adayocomadapter-ParseProtocolFunc: printRaWMsg Name[IPCLtoVHAL] len[7] data[21402159000100]
03-17 18:52:55.873   400   452 D adayocomadapter-ParseProtocolFunc: printRaWMsg Name[IPCLtoVHAL] len[7] data[214021BF000100]
03-17 18:52:55.873   400   452 D adayocomadapter-ParseProtocolFunc: printRaWMsg Name[IPCLtoVHAL] len[7] data[2140215E000100]
03-17 18:52:55.873   400   452 D adayocomadapter-ParseProtocolFunc: printRaWMsg Name[IPCLtoVHAL] len[7] data[21402220000100]
03-17 18:52:55.873   400   452 D adayocomadapter-ParseProtocolFunc: printRaWMsg Name[IPCLtoVHAL] len[7] data[214021C0000100]
03-17 18:52:55.873   400   452 D adayocomadapter-ParseProtocolFunc: printRaWMsg Name[IPCLtoVHAL] len[7] data[2140215F000100]
03-17 18:52:55.873   400   452 D adayocomadapter-ParseProtocolFunc: printRaWMsg Name[IPCLtoVHAL] len[7] data[214021C1000100]
03-17 18:52:55.873   400   452 D adayocomadapter-ParseProtocolFunc: printRaWMsg Name[IPCLtoVHAL] len[7] data[21402160000100]
03-17 18:52:55.873   400   452 D adayocomadapter-ParseProtocolFunc: printRaWMsg Name[IPCLtoVHAL] len[7] data[21402222000100]
03-17 18:52:55.873   400   452 D adayocomadapter-ParseProtocolFunc: printRaWMsg Name[IPCLtoVHAL] len[7] data[214021C2000100]
03-17 18:52:55.873   400   452 D adayocomadapter-ParseProtocolFunc: printRaWMsg Name[IPCLtoVHAL] len[7] data[214021C4000100]
03-17 18:52:55.873   400   452 D adayocomadapter-ParseProtocolFunc: printRaWMsg Name[IPCLtoVHAL] len[7] data[21402225000100]
03-17 18:52:55.873   400   452 D adayocomadapter-ParseProtocolFunc: printRaWMsg Name[IPCLtoVHAL] len[7] data[214021C5000100]
03-17 18:52:55.873   400   452 D adayocomadapter-ParseProtocolFunc: printRaWMsg Name[IPCLtoVHAL] len[7] data[21402226000100]
03-17 18:52:55.873  8377  8491 W SettingsLib.AccessPoint: NetworkInfo is null, cannot return detailed state
03-17 18:52:55.873   400   452 D adayocomadapter-ParseProtocolFunc: printRaWMsg Name[IPCLtoVHAL] len[7] data[214021C6000100]
03-17 18:52:55.873   400   452 D adayocomadapter-ParseProtocolFunc: printRaWMsg Name[IPCLtoVHAL] len[7] data[21402227000100]
03-17 18:52:55.873   400   452 D adayocomadapter-ParseProtocolFunc: printRaWMsg Name[IPCLtoVHAL] len[7] data[214021D3000100]
03-17 18:52:55.873   400   452 D adayocomadapter-ParseProtocolFunc: printRaWMsg Name[IPCLtoVHAL] len[7] data[21402234000100]
03-17 18:52:55.873   400   452 D adayocomadapter-ParseProtocolFunc: printRaWMsg Name[IPCLtoVHAL] len[7] data[214021D4000100]
03-17 18:52:55.873   400   452 D adayocomadapter-ParseProtocolFunc: printRaWMsg Name[IPCLtoVHAL] len[7] data[21402235000100]
03-17 18:52:55.873   400   452 D adayocomadapter-ParseProtocolFunc: printRaWMsg Name[IPCLtoVHAL] len[7] data[21402228000100]
03-17 18:52:55.873   400   452 D adayocomadapter-ParseProtocolFunc: printRaWMsg Name[IPCLtoVHAL] len[7] data[21402229000100]
03-17 18:52:55.873   400   452 D adayocomadapter-ParseProtocolFunc: printRaWMsg Name[IPCLtoVHAL] len[7] data[21402236000100]
03-17 18:52:55.873   400   452 D adayocomadapter-ParseProtocolFunc: printRaWMsg Name[IPCLtoVHAL] len[7] data[21402237000100]
03-17 18:52:55.873   400   452 D adayocomadapter-ParseProtocolFunc: printRaWMsg Name[IPCLtoVHAL] len[7] data[21402238000100]
03-17 18:52:55.873   400   452 D adayocomadapter-ParseProtocolFunc: printRaWMsg Name[IPCLtoVHAL] len[7] data[21402239000100]
03-17 18:52:55.873   400   452 D adayocomadapter-ParseProtocolFunc: printRaWMsg Name[IPCLtoVHAL] len[7] data[2140223A000100]
03-17 18:52:55.873   400   452 D adayocomadapter-ParseProtocolFunc: printRaWMsg Name[IPCLtoVHAL] len[7] data[2140223B000165]
03-17 18:52:55.873   400   452 D adayocomadapter-ParseProtocolFunc: printRaWMsg Name[IPCLtoVHAL] len[8] data[2140223C00014E21]
03-17 18:52:55.873   400   452 D adayocomadapter-ParseProtocolFunc: printRaWMsg Name[IPCLtoVHAL] len[7] data[21402241000100]
03-17 18:52:55.873   400   452 D adayocomadapter-ParseProtocolFunc: printRaWMsg Name[IPCLtoVHAL] len[7] data[21402242000100]
03-17 18:52:55.873   400   452 D adayocomadapter-ParseProtocolFunc: printRaWMsg Name[IPCLtoVHAL] len[7] data[214021E1000100]
03-17 18:52:55.873   400   452 D adayocomadapter-ParseProtocolFunc: printRaWMsg Name[IPCLtoVHAL] len[7] data[21402243000100]
03-17 18:52:55.873  8377  8491 I CnsCarApp-WlanRepositoryImpl: Available WIFI: { 
03-17 18:52:55.873   400   452 D adayocomadapter-ParseProtocolFunc: printRaWMsg Name[IPCLtoVHAL] len[7] data[21402244000100]
03-17 18:52:55.873  8377  8491 I CnsCarApp-WlanRepositoryImpl:   AccessPoint(Cudy-6C60:80:af:ca:b5:6c:60,saved,connectable,WPA2,level=4,metered=false,rssi=-30,scan cache size=1), AccessPoint(Cudy-6C60-5G:82:af:ca:b5:6c:61,connectable,WPA2,level=4,metered=false,rssi=-24,scan cache size=1), AccessPoint(ChinaNet-D9B9E4-5G:a8:02:db:d9:b9:e5,connectable,WPA_WPA2,level=3,metered=false,rssi=-57,scan cache size=1), AccessPoint(DEEPAL:50:c3:a2:c6:f2:d5,connectable,SAE,level=3,metered=false,rssi=-59,scan cache size=2), AccessPoint(HONOR 100:ee:72:e6:40:b9:a8,connectable,WPA2,level=3,metered=false,rssi=-64,scan cache size=1), AccessPoint(TP-LINK_CAR:80:ea:07:6b:3c:77,connectable,WPA_WPA2,level=3,metered=false,rssi=-65,scan cache size=1), AccessPoint(AndroidAP_4071:f2:6b:52:a1:d8:b1,connectable,SAE,level=2,metered=false,rssi=-77,scan cache size=1), AccessPoint(AndroidAP_5418:06:d3:f7:40:6e:ee,connectable,SAE,level=2,metered=false,rssi=-71,scan cache size=1), AccessPoint(AndroidAP_6881:a2:99:17:1e:f6:2d,connectable,SAE,level=2,metered=false,rssi=-76,scan cache size=1), AccessPoint(AndroidAP_7437:16:1a:5e:b6:ab:a3,connectable,SAE,level=2,metered=false,rssi=-68,scan cache size=1), AccessPoint(AndroidAuto_5G:b0:6e:bf:3c:71:dc,connectable,WPA2,level=2,metered=false,rssi=-74,scan cache size=1), AccessPoint(TP-LINK_45A7:74:39:89:18:45:a9,connectable,WPA_WPA2,level=2,metered=false,rssi=-76,scan cache size=1), AccessPoint(TP-LINK_APP:80:ea:07:6b:3c:79,connectable,WPA_WPA2,level=2,metered=false,rssi=-72,scan cache size=1), AccessPoint(TP-LINK_DE9B:68:dd:b7:a1:de:9d,connectable,WPA_WPA2,level=2,metered=false,rssi=-76,scan cache size=1), AccessPoint(Adayo-CW:80:ae:54:0e:1b:c3,connectable,WPA_WPA2,level=1,metered=false,rssi=-87,scan cache size=1), AccessPoint(ADAYOGE FangKe:74:ea:cb:f6:5b:02,connectable,WPA2,level=1,metered=false,rssi=-81,scan cache size=1), AccessPoint(ADAYOGE WiFi:74:ea:cb:f6:5b:03,connectable,WPA2,level=1,metered=false,rssi=-81,scan cache size=1), AccessPoint(AKALMING:d2:57:7e:eb:f7:2b,connectable,WPA2,level=1,metered=false,rssi=-85,scan cache size=1), AccessPoint(AndroidAP_3590:0a:56:a0:18:6b:32,connectable,SAE,level=1,metered=false,rssi=-86,scan cache size=1), AccessPoint(AndroidAP_5614:2e:df:e8:50:8f:cc,connectable,SAE,level=1,metered=false,rssi=-81,scan cache size=1), AccessPoint(FL-5G-1497:3c:67:c1:00:c9:53,connectable,WPA2,level=1,metered=false,rssi=-80,scan cache size=1), AccessPoint(FX_2415:a4:04:50:87:38:75,connectable,WPA2,level=1,metered=false,rssi=-82,scan cache size=1), AccessPoint(FX_8833:a4:04:50:7c:02:bf,connectable,WPA2,level=1,metered=false,rssi=-82,scan cache size=1), AccessPoint(iPhone 13 Pro:12:3b:11:e8:d7:9e,connectable,SAE,level=1,metered=false,rssi=-82,scan cache size=1), AccessPoint(JETTA WLAN 001:3a:3d:c3:49:dd:1b,connectable,SAE,level=1,metered=false,rssi=-80,scan cache size=3), AccessPoint(ProductPro:28:d1:27:8a:09:a3,connectable,WPA_WPA2,level=1,metered=false,rssi=-83,scan cache size=1), AccessPoint(TP-LINK_3AFA:04:f9:f8:37:3a:fc,connectable,WPA_WPA2,level=1,metered=false,rssi=-86,scan cache size=1), AccessPoint(TP-LINK_E6B8:74:05:a5:c3:e6:ba,connectable,WPA_WPA2,level=1,metered=false,rssi=-85,scan cache size=1), AccessPoint(Xiaomi 14:56:7e:4b:55:b8:0a,connectable,WPA2,level=1,metered=false,rssi=-78,scan cache size=1), AccessPoint(ZTE_3DA119:5c:7d:ae:3d:a1:19,connectable,WPA2,level=1,metered=false,rssi=-79,scan cache size=1), AccessPoint(ABCDEFG:10:3c:59:c2:fc:5c,connectable,WPA2,level=0,metered=false,rssi=-89,scan cache size=1), AccessPoint(ADAYOGE-HK:30:fc:68:dd:04:f9,connectable,WPA_WPA2,level=0,metered=false,rssi=-92,scan cache size=1), AccessPoint(AndroidAP_2884:a4:04:50:d0:4d:5d,connectable,SAE,level=0,metered=false,rssi=-90,scan cache size=1), AccessPoint(DIRECT-ea84-1590:c2:de:ee:46:c1:f4,connectable,WPA2,level=0,metered=false,rssi=-90,scan cache size=1), AccessPoint(HUAWEI_B316_9AF2_5G:34:7e:00:c6:9a:f7,connectable,WPA2,level=0,metered=false,rssi=-89,scan cache size=1), AccessPoint(nidewifi-5G:18:47:4d:b4:cd:8f,connectable,WPA2,level=0,metered=false,rssi=-90,sc
03-17 18:52:55.873   400   452 D adayocomadapter-ParseProtocolFunc: printRaWMsg Name[IPCLtoVHAL] len[7] data[21402245000100]
03-17 18:52:55.873  8377  8491 I CnsCarApp-WlanRepositoryImpl: }
03-17 18:52:55.873   400   452 D adayocomadapter-ParseProtocolFunc: printRaWMsg Name[IPCLtoVHAL] len[7] data[21402246000100]
03-17 18:52:55.873   400   452 D adayocomadapter-ParseProtocolFunc: printRaWMsg Name[IPCLtoVHAL] len[7] data[21402247000100]
03-17 18:52:55.873   400   452 D adayocomadapter-ParseProtocolFunc: printRaWMsg Name[IPCLtoVHAL] len[8] data[2140224800010000]
03-17 18:52:55.873  8377  8491 I CnsCarApp-AccessPoint_SECURITY: Security: 2
03-17 18:52:55.873   400   452 D adayocomadapter-ParseProtocolFunc: printRaWMsg Name[IPCLtoVHAL] len[7] data[21402249000100]
03-17 18:52:55.873   400   452 D adayocomadapter-ParseProtocolFunc: printRaWMsg Name[IPCLtoVHAL] len[7] data[2140224B000100]
03-17 18:52:55.873   400   452 D adayocomadapter-ParseProtocolFunc: printRaWMsg Name[IPCLtoVHAL] len[7] data[2140224D000100]
03-17 18:52:55.874   400   452 D adayocomadapter-ParseProtocolFunc: printRaWMsg Name[IPCLtoVHAL] len[7] data[2140224F000100]
03-17 18:52:55.874   400   452 D adayocomadapter-ParseProtocolFunc: printRaWMsg Name[IPCLtoVHAL] len[7] data[21402251000100]
03-17 18:52:55.874  8377  8491 I CnsCarApp-AccessPoint_SECURITY: Security: 2
03-17 18:52:55.874   400   452 D adayocomadapter-ParseProtocolFunc: printRaWMsg Name[IPCLtoVHAL] len[7] data[21402253000100]
03-17 18:52:55.874  8377  8491 I CnsCarApp-AccessPoint_SECURITY: Security: 2
03-17 18:52:55.874   400   452 D adayocomadapter-ParseProtocolFunc: printRaWMsg Name[IPCLtoVHAL] len[7] data[21402254000100]
03-17 18:52:55.874  8377  8491 I CnsCarApp-AccessPoint_SECURITY: Security: 5
03-17 18:52:55.874   400   452 D adayocomadapter-CommunicationManager: onUpstreamReceive isLoss 1 mPropertyId 0x214021b1
03-17 18:52:55.874   400   452 D adayocomadapter-CommunicationManager: convertBytesToInt32Memcpy  0
03-17 18:52:55.874  8377  8491 I CnsCarApp-AccessPoint_SECURITY: Security: 2
03-17 18:52:55.874  8377  8491 I CnsCarApp-AccessPoint_SECURITY: Security: 2
03-17 18:52:55.874   400   452 D vw-vhal : notifyVehicleProperty, propId = 0x214021b1, data = {status: 3, int32Values: [0]}
03-17 18:52:55.874  8377  8491 I CnsCarApp-AccessPoint_SECURITY: Security: 5
03-17 18:52:55.874  8377  8491 I CnsCarApp-AccessPoint_SECURITY: Security: 5
03-17 18:52:55.874  8377  8491 I CnsCarApp-AccessPoint_SECURITY: Security: 5
03-17 18:52:55.874  8377  8491 I CnsCarApp-AccessPoint_SECURITY: Security: 5
03-17 18:52:55.874   400   452 I DefaultVehicleHal_v2_0: DefaultVehicleHal::onPropertyValue, value:{.timestamp = 109821755011, .areaId = 0, .prop = 557851057, .status = UNAVAILABLE, .value = {.int32Values = [1]{0}, .floatValues = [0]{}, .int64Values = [0]{}, .bytes = [0]{}, .stringValue = ""}}
03-17 18:52:55.874  8377  8491 I CnsCarApp-AccessPoint_SECURITY: Security: 2
03-17 18:52:55.874   400   452 D adayocomadapter-CommunicationManager: onUpstreamReceive mPropertyId 0x214021b1
03-17 18:52:55.874  8377  8491 I CnsCarApp-AccessPoint_SECURITY: Security: 2
03-17 18:52:55.874   400   452 D adayocomadapter-CommunicationManager: onUpstreamReceive isLoss 1 mPropertyId 0x21402212
03-17 18:52:55.874  8377  8491 I CnsCarApp-AccessPoint_SECURITY: Security: 2
03-17 18:52:55.874   400   452 D adayocomadapter-CommunicationManager: convertBytesToInt32Memcpy  0
03-17 18:52:55.874   400   452 D vw-vhal : notifyVehicleProperty, propId = 0x21402212, data = {status: 3, int32Values: [0]}
03-17 18:52:55.874  8377  8491 I CnsCarApp-AccessPoint_SECURITY: Security: 2
03-17 18:52:55.874  8377  8491 I CnsCarApp-AccessPoint_SECURITY: Security: 2
03-17 18:52:55.874   400   452 I DefaultVehicleHal_v2_0: DefaultVehicleHal::onPropertyValue, value:{.timestamp = 109821907678, .areaId = 0, .prop = 557851154, .status = UNAVAILABLE, .value = {.int32Values = [1]{0}, .floatValues = [0]{}, .int64Values = [0]{}, .bytes = [0]{}, .stringValue = ""}}
03-17 18:52:55.874  8377  8491 I CnsCarApp-AccessPoint_SECURITY: Security: 2
03-17 18:52:55.874   400   452 D adayocomadapter-CommunicationManager: onUpstreamReceive mPropertyId 0x21402212
03-17 18:52:55.874   400   452 D adayocomadapter-CommunicationManager: onUpstreamReceive isLoss 1 mPropertyId 0x214021b2
03-17 18:52:55.874  8377  8491 I CnsCarApp-AccessPoint_SECURITY: Security: 2
03-17 18:52:55.874   400   452 D adayocomadapter-CommunicationManager: convertBytesToInt32Memcpy  0
03-17 18:52:55.874  8377  8491 I CnsCarApp-AccessPoint_SECURITY: Security: 2
03-17 18:52:55.874   400   452 D vw-vhal : notifyVehicleProperty, propId = 0x214021b2, data = {status: 3, int32Values: [0]}
03-17 18:52:55.874  8377  8491 I CnsCarApp-AccessPoint_SECURITY: Security: 5
03-17 18:52:55.874   400   452 I DefaultVehicleHal_v2_0: DefaultVehicleHal::onPropertyValue, value:{.timestamp = 109822025011, .areaId = 0, .prop = 557851058, .status = UNAVAILABLE, .value = {.int32Values = [1]{0}, .floatValues = [0]{}, .int64Values = [0]{}, .bytes = [0]{}, .stringValue = ""}}
03-17 18:52:55.874  8377  8491 I CnsCarApp-AccessPoint_SECURITY: Security: 5
03-17 18:52:55.874  8377  8491 I CnsCarApp-AccessPoint_SECURITY: Security: 2
03-17 18:52:55.874   400   452 D adayocomadapter-CommunicationManager: onUpstreamReceive mPropertyId 0x214021b2
03-17 18:52:55.874   400   452 D adayocomadapter-CommunicationManager: onUpstreamReceive isLoss 1 mPropertyId 0x214021bd
03-17 18:52:55.874  8377  8491 I CnsCarApp-AccessPoint_SECURITY: Security: 2
03-17 18:52:55.874   400   452 D adayocomadapter-CommunicationManager: convertBytesToInt32Memcpy  0
03-17 18:52:55.874   400   452 D vw-vhal : notifyVehicleProperty, propId = 0x214021bd, data = {status: 3, int32Values: [0]}
03-17 18:52:55.874  8377  8491 I CnsCarApp-AccessPoint_SECURITY: Security: 2
03-17 18:52:55.874  8377  8491 I CnsCarApp-AccessPoint_SECURITY: Security: 5
03-17 18:52:55.874   400   452 I DefaultVehicleHal_v2_0: DefaultVehicleHal::onPropertyValue, value:{.timestamp = 109822148678, .areaId = 0, .prop = 557851069, .status = UNAVAILABLE, .value = {.int32Values = [1]{0}, .floatValues = [0]{}, .int64Values = [0]{}, .bytes = [0]{}, .stringValue = ""}}
03-17 18:52:55.874  8377  8491 I CnsCarApp-AccessPoint_SECURITY: Security: 5
03-17 18:52:55.874  8377  8491 I CnsCarApp-AccessPoint_SECURITY: Security: 2
03-17 18:52:55.874  8377  8491 I CnsCarApp-AccessPoint_SECURITY: Security: 2
03-17 18:52:55.874   400   452 D adayocomadapter-CommunicationManager: onUpstreamReceive mPropertyId 0x214021bd
03-17 18:52:55.874   400   452 D adayocomadapter-CommunicationManager: onUpstreamReceive isLoss 1 mPropertyId 0x2140221e
03-17 18:52:55.874  8377  8491 I CnsCarApp-AccessPoint_SECURITY: Security: 2
03-17 18:52:55.874   400   452 D adayocomadapter-CommunicationManager: convertBytesToInt32Memcpy  0
03-17 18:52:55.874  8377  8491 I CnsCarApp-AccessPoint_SECURITY: Security: 2
03-17 18:52:55.874   400   452 D vw-vhal : notifyVehicleProperty, propId = 0x2140221e, data = {status: 3, int32Values: [0]}
03-17 18:52:55.874  8377  8491 I CnsCarApp-AccessPoint_SECURITY: Security: 2
03-17 18:52:55.874   400   452 I DefaultVehicleHal_v2_0: DefaultVehicleHal::onPropertyValue, value:{.timestamp = 109822302011, .areaId = 0, .prop = 557851166, .status = UNAVAILABLE, .value = {.int32Values = [1]{0}, .floatValues = [0]{}, .int64Values = [0]{}, .bytes = [0]{}, .stringValue = ""}}
03-17 18:52:55.874  8377  8491 I CnsCarApp-AccessPoint_SECURITY: Security: 2
03-17 18:52:55.874   400   452 D adayocomadapter-CommunicationManager: onUpstreamReceive mPropertyId 0x2140221e
03-17 18:52:55.874  8377  8491 I CnsCarApp-AccessPoint_SECURITY: Security: 2
03-17 18:52:55.874   400   452 D adayocomadapter-CommunicationManager: onUpstreamReceive isLoss 1 mPropertyId 0x214021b3
03-17 18:52:55.874   400   452 D adayocomadapter-CommunicationManager: convertBytesToInt32Memcpy  0
03-17 18:52:55.874  8377  8491 I CnsCarApp-AccessPoint_SECURITY: Security: 5
03-17 18:52:55.874   400   452 D vw-vhal : notifyVehicleProperty, propId = 0x214021b3, data = {status: 3, int32Values: [0]}
03-17 18:52:55.874  8377  8491 I CnsCarApp-AccessPoint_SECURITY: Security: 2
03-17 18:52:55.874   400   452 I DefaultVehicleHal_v2_0: DefaultVehicleHal::onPropertyValue, value:{.timestamp = 109822416678, .areaId = 0, .prop = 557851059, .status = UNAVAILABLE, .value = {.int32Values = [1]{0}, .floatValues = [0]{}, .int64Values = [0]{}, .bytes = [0]{}, .stringValue = ""}}
03-17 18:52:55.874  8377  8491 I CnsCarApp-AccessPoint_SECURITY: Security: 2
03-17 18:52:55.874   400   452 D adayocomadapter-CommunicationManager: onUpstreamReceive mPropertyId 0x214021b3
03-17 18:52:55.874  8377  8491 I CnsCarApp-AccessPoint_SECURITY: Security: 2
03-17 18:52:55.874   400   452 D adayocomadapter-CommunicationManager: onUpstreamReceive isLoss 1 mPropertyId 0x21402214
03-17 18:52:55.874   400   452 D adayocomadapter-CommunicationManager: convertBytesToInt32Memcpy  0
03-17 18:52:55.874  8377  8491 I CnsCarApp-AccessPoint_SECURITY: Security: 5
03-17 18:52:55.874  8377  8491 I CnsCarApp-AccessPoint_SECURITY: Security: 2
03-17 18:52:55.874   400   452 D vw-vhal : notifyVehicleProperty, propId = 0x21402214, data = {status: 3, int32Values: [0]}
03-17 18:52:55.875   400   452 I DefaultVehicleHal_v2_0: DefaultVehicleHal::onPropertyValue, value:{.timestamp = 109822531678, .areaId = 0, .prop = 557851156, .status = UNAVAILABLE, .value = {.int32Values = [1]{0}, .floatValues = [0]{}, .int64Values = [0]{}, .bytes = [0]{}, .stringValue = ""}}
03-17 18:52:55.875   400   452 D adayocomadapter-CommunicationManager: onUpstreamReceive mPropertyId 0x21402214
03-17 18:52:55.875   400   452 D adayocomadapter-CommunicationManager: onUpstreamReceive isLoss 1 mPropertyId 0x214021b4
03-17 18:52:55.875   400   452 D adayocomadapter-CommunicationManager: convertBytesToInt32Memcpy  0
03-17 18:52:55.875   400   452 D vw-vhal : notifyVehicleProperty, propId = 0x214021b4, data = {status: 3, int32Values: [0]}
03-17 18:52:55.875   400   452 I DefaultVehicleHal_v2_0: DefaultVehicleHal::onPropertyValue, value:{.timestamp = 109822639678, .areaId = 0, .prop = 557851060, .status = UNAVAILABLE, .value = {.int32Values = [1]{0}, .floatValues = [0]{}, .int64Values = [0]{}, .bytes = [0]{}, .stringValue = ""}}
03-17 18:52:55.875   400   452 D adayocomadapter-CommunicationManager: onUpstreamReceive mPropertyId 0x214021b4
03-17 18:52:55.875   400   452 D adayocomadapter-CommunicationManager: onUpstreamReceive isLoss 1 mPropertyId 0x21402153
03-17 18:52:55.875   400   452 D adayocomadapter-CommunicationManager: convertBytesToInt32Memcpy  0
03-17 18:52:55.875   400   452 D vw-vhal : notifyVehicleProperty, propId = 0x21402153, data = {status: 3, int32Values: [0]}
03-17 18:52:55.875   400   452 I DefaultVehicleHal_v2_0: DefaultVehicleHal::onPropertyValue, value:{.timestamp = 109822756678, .areaId = 0, .prop = 557850963, .status = UNAVAILABLE, .value = {.int32Values = [1]{0}, .floatValues = [0]{}, .int64Values = [0]{}, .bytes = [0]{}, .stringValue = ""}}
03-17 18:52:55.875   400   452 D adayocomadapter-CommunicationManager: onUpstreamReceive mPropertyId 0x21402153
03-17 18:52:55.875   400   452 D adayocomadapter-CommunicationManager: onUpstreamReceive isLoss 1 mPropertyId 0x21402215
03-17 18:52:55.875   400   452 D adayocomadapter-CommunicationManager: convertBytesToInt32Memcpy  0
03-17 18:52:55.875   400   452 D vw-vhal : notifyVehicleProperty, propId = 0x21402215, data = {status: 3, int32Values: [0]}
03-17 18:52:55.875   400   452 I DefaultVehicleHal_v2_0: DefaultVehicleHal::onPropertyValue, value:{.timestamp = 109822863344, .areaId = 0, .prop = 557851157, .status = UNAVAILABLE, .value = {.int32Values = [1]{0}, .floatValues = [0]{}, .int64Values = [0]{}, .bytes = [0]{}, .stringValue = ""}}
03-17 18:52:55.875   400   452 D adayocomadapter-CommunicationManager: onUpstreamReceive mPropertyId 0x21402215
03-17 18:52:55.875   400   452 D adayocomadapter-CommunicationManager: onUpstreamReceive isLoss 1 mPropertyId 0x214021b5
03-17 18:52:55.875   400   452 D adayocomadapter-CommunicationManager: convertBytesToInt32Memcpy  0
03-17 18:52:55.875   400   452 D vw-vhal : notifyVehicleProperty, propId = 0x214021b5, data = {status: 3, int32Values: [0]}
03-17 18:52:55.875   400   452 I DefaultVehicleHal_v2_0: DefaultVehicleHal::onPropertyValue, value:{.timestamp = 109822972344, .areaId = 0, .prop = 557851061, .status = UNAVAILABLE, .value = {.int32Values = [1]{0}, .floatValues = [0]{}, .int64Values = [0]{}, .bytes = [0]{}, .stringValue = ""}}
03-17 18:52:55.875   400   452 D adayocomadapter-CommunicationManager: onUpstreamReceive mPropertyId 0x214021b5
03-17 18:52:55.875   400   452 D adayocomadapter-CommunicationManager: onUpstreamReceive isLoss 1 mPropertyId 0x21402154
03-17 18:52:55.875   400   452 D adayocomadapter-CommunicationManager: convertBytesToInt32Memcpy  0
03-17 18:52:55.875   400   452 D vw-vhal : notifyVehicleProperty, propId = 0x21402154, data = {status: 3, int32Values: [0]}
03-17 18:52:55.875   400   452 I DefaultVehicleHal_v2_0: DefaultVehicleHal::onPropertyValue, value:{.timestamp = 109823080344, .areaId = 0, .prop = 557850964, .status = UNAVAILABLE, .value = {.int32Values = [1]{0}, .floatValues = [0]{}, .int64Values = [0]{}, .bytes = [0]{}, .stringValue = ""}}
03-17 18:52:55.875   400   452 D adayocomadapter-CommunicationManager: onUpstreamReceive mPropertyId 0x21402154
03-17 18:52:55.875   400   452 D adayocomadapter-CommunicationManager: onUpstreamReceive isLoss 1 mPropertyId 0x214021b7
03-17 18:52:55.875   400   452 D adayocomadapter-CommunicationManager: convertBytesToInt32Memcpy  0
03-17 18:52:55.875   400   452 D vw-vhal : notifyVehicleProperty, propId = 0x214021b7, data = {status: 3, int32Values: [0]}
03-17 18:52:55.875   400   452 I DefaultVehicleHal_v2_0: DefaultVehicleHal::onPropertyValue, value:{.timestamp = 109823197344, .areaId = 0, .prop = 557851063, .status = UNAVAILABLE, .value = {.int32Values = [1]{0}, .floatValues = [0]{}, .int64Values = [0]{}, .bytes = [0]{}, .stringValue = ""}}
03-17 18:52:55.875   400   452 D adayocomadapter-CommunicationManager: onUpstreamReceive mPropertyId 0x214021b7
03-17 18:52:55.875   400   452 D adayocomadapter-CommunicationManager: onUpstreamReceive isLoss 1 mPropertyId 0x21402156
03-17 18:52:55.875   400   452 D adayocomadapter-CommunicationManager: convertBytesToInt32Memcpy  0
