03-17 18:52:56.908   903  1214 D InputDispatcher: dispatchMotion - eventTime=110855140000, deviceId=2, source=TOUCHSCREEN, displayId=0, policyFlags=0x62000000, action=MOVE, actionButton=0x0, flags=0x0, metaState=0x0, buttonState=0x0,edgeFlags=0x0, xPrecision=1.000391, yPrecision=1.000695, downTime=110849043000
03-17 18:52:56.908   903  1214 D InputDispatcher:   Pointer 0: id=0, toolType=FINGER, x=1088.574829, y=767.467041, pressure=1.000000, size=0.062745, touchMajor=15.991324, touchMinor=15.991324, toolMajor=15.991324, toolMinor=15.991324, orientation=0.000000
03-17 18:52:56.908   903  1214 D InputDispatcher: dispatchEventToCurrentInputTargets
03-17 18:52:56.908   903  1214 D InputDispatcher: channel '7a5e81e com.fawvw.hmi.bev.carapp/com.fawvw.hmi.bev.carapp.MainActivity (server)' ~ prepareDispatchCycle - flags=FOREGROUND | SPLIT | DISPATCH_AS_IS | WINDOW_IS_PARTIALLY_OBSCURED, globalScaleFactor=1.000000, pointerIds=00000000000000000000000000000001 
03-17 18:52:56.908   903  1214 D InputDispatcher:         pointerId 0: (ROT_0) (IDENTITY)
03-17 18:52:56.908   903  1214 D InputDispatcher: channel '7a5e81e com.fawvw.hmi.bev.carapp/com.fawvw.hmi.bev.carapp.MainActivity (server)' ~ startDispatchCycle
03-17 18:52:56.908   903  1214 D InputDispatcher: Publishing DispatchEntry{resolvedAction=MOVE, resolvedFlags=2, targetFlags=FOREGROUND | SPLIT | DISPATCH_AS_IS | WINDOW_IS_PARTIALLY_OBSCURED, transform=transform (ROT_0) (IDENTITY)
03-17 18:52:56.908   903  1214 D InputDispatcher: } original: MotionEvent(deviceId=2, eventTime=110855140000, source=TOUCHSCREEN, displayId=0, action=MOVE, actionButton=0x00000000, flags=0x00000000, metaState=0x00000000, buttonState=0x00000000, classification=NONE, edgeFlags=0x00000000, xPrecision=1.0, yPrecision=1.0, xCursorPosition=nan, yCursorPosition=nan, pointers=[0: (1088.6, 767.5)]), policyFlags=0x62000000 to 7a5e81e com.fawvw.hmi.bev.carapp/com.fawvw.hmi.bev.carapp.MainActivity (server)
03-17 18:52:56.908   903  1214 I InputVerifier: input: Processing MOVE for device DeviceId(2) (1 pointer) on 7a5e81e com.fawvw.hmi.bev.carapp/com.fawvw.hmi.bev.carapp.MainActivity (server)
03-17 18:52:56.908   903  1214 D InputTransport: channel '7a5e81e com.fawvw.hmi.bev.carapp/com.fawvw.hmi.bev.carapp.MainActivity (server)' publisher ~ publishMotionEvent: seq=548, id=1052637126, deviceId=2, source=TOUCHSCREEN, displayId=0, action=MOVE, actionButton=0x00000000, flags=0x2, edgeFlags=0x0, metaState=0x0, buttonState=0x0, classification=NONE,xPrecision=1.000391, yPrecision=1.000695, downTime=110849043000, eventTime=110855140000, pointerCount=1 
03-17 18:52:56.908   903  1214 D InputTransport:         transform (ROT_0) (IDENTITY)
03-17 18:52:56.908   903  1214 D InputTransport: channel '7a5e81e com.fawvw.hmi.bev.carapp/com.fawvw.hmi.bev.carapp.MainActivity (server)' ~ sent message of type MOTION
03-17 18:52:56.908   903  1214 D InputDispatcher: channel 'PointerEventDispatcher0 (server)' ~ prepareDispatchCycle - flags=DISPATCH_AS_IS, globalScaleFactor=1.000000, pointerIds=<none> 
03-17 18:52:56.908   903  1214 D InputDispatcher:         default (ROT_0) (IDENTITY)
03-17 18:52:56.908  8377  8377 D InputTransport: channel '7a5e81e com.fawvw.hmi.bev.carapp/com.fawvw.hmi.bev.carapp.MainActivity (client)' consumer ~ consume: consumeBatches=false, frameTime=-1
03-17 18:52:56.908   903  1214 D InputDispatcher: channel 'PointerEventDispatcher0 (server)' ~ startDispatchCycle
03-17 18:52:56.908  8377  8377 D InputTransport: channel '7a5e81e com.fawvw.hmi.bev.carapp/com.fawvw.hmi.bev.carapp.MainActivity (client)' ~ received message of type MOTION
03-17 18:52:56.908  8377  8377 D InputTransport: channel '7a5e81e com.fawvw.hmi.bev.carapp/com.fawvw.hmi.bev.carapp.MainActivity (client)' consumer ~ started batch event
03-17 18:52:56.908   903  1214 D InputDispatcher: Publishing DispatchEntry{resolvedAction=MOVE, resolvedFlags=0, targetFlags=DISPATCH_AS_IS, transform=transform (ROT_0) (IDENTITY)
03-17 18:52:56.908   903  1214 D InputDispatcher: } original: MotionEvent(deviceId=2, eventTime=110855140000, source=TOUCHSCREEN, displayId=0, action=MOVE, actionButton=0x00000000, flags=0x00000000, metaState=0x00000000, buttonState=0x00000000, classification=NONE, edgeFlags=0x00000000, xPrecision=1.0, yPrecision=1.0, xCursorPosition=nan, yCursorPosition=nan, pointers=[0: (1088.6, 767.5)]), policyFlags=0x62000000 to PointerEventDispatcher0 (server)
03-17 18:52:56.908  8377  8377 D InputTransport: channel '7a5e81e com.fawvw.hmi.bev.carapp/com.fawvw.hmi.bev.carapp.MainActivity (client)' ~ receive message failed, errno=11
03-17 18:52:56.908   903  1214 I InputVerifier: input: Processing MOVE for device DeviceId(2) (1 pointer) on PointerEventDispatcher0 (server)
03-17 18:52:56.908   903  1214 D InputTransport: channel 'PointerEventDispatcher0 (server)' publisher ~ publishMotionEvent: seq=549, id=1052637126, deviceId=2, source=TOUCHSCREEN, displayId=0, action=MOVE, actionButton=0x00000000, flags=0x0, edgeFlags=0x0, metaState=0x0, buttonState=0x0, classification=NONE,xPrecision=1.000391, yPrecision=1.000695, downTime=110849043000, eventTime=110855140000, pointerCount=1 
03-17 18:52:56.908   903  1214 D InputTransport:         transform (ROT_0) (IDENTITY)
03-17 18:52:56.908   903  1214 D InputTransport: channel 'PointerEventDispatcher0 (server)' ~ sent message of type MOTION
03-17 18:52:56.908   903  1071 D InputTransport: channel 'PointerEventDispatcher0 (client)' consumer ~ consume: consumeBatches=false, frameTime=-1
03-17 18:52:56.908   903  1071 D InputTransport: channel 'PointerEventDispatcher0 (client)' ~ received message of type MOTION
03-17 18:52:56.908   903  1071 D InputTransport: channel 'PointerEventDispatcher0 (client)' consumer ~ started batch event
03-17 18:52:56.908   903  1071 D InputTransport: channel 'PointerEventDispatcher0 (client)' ~ receive message failed, errno=11
03-17 18:52:56.908   903  1071 D InputTransport: channel 'PointerEventDispatcher0 (client)' consumer ~ consume: consumeBatches=true, frameTime=-1
03-17 18:52:56.908   903  1071 D InputTransport: channel 'PointerEventDispatcher0 (client)' ~ receive message failed, errno=11
03-17 18:52:56.908   903  1071 D InputTransport: channel 'PointerEventDispatcher0 (client)' consumer ~ consumed batch event, seq=549
03-17 18:52:56.909   903  1071 D VelocityTracker: VelocityTracker: addMovement eventTime=110855140000, pointerId=0, activePointerId=0
03-17 18:52:56.909   903  1071 D VelocityTracker: solveLeastSquares: m=2, n=2, x=[ 0.000000, -0.006097 ], y=[ 1088.575195, 1088.575195 ], w=[ 1.000000, 1.000000 ]
03-17 18:52:56.909   903  1071 D VelocityTracker:   - a=[ [ 1.000000, 0.000000 ], [ 1.000000, -0.006097 ] ]
03-17 18:52:56.909   903  1071 D VelocityTracker:   - q=[ [ 0.707107, 0.707107 ], [ 0.707107, -0.707107 ] ]
03-17 18:52:56.909   903  1071 D VelocityTracker:   - r=[ [ 1.414214, -0.004311 ], [ 0.000000, 0.004311 ] ]
03-17 18:52:56.909   903  1071 D VelocityTracker:   - qr=[ [ 1.000000, -0.000000 ], [ 1.000000, -0.006097 ] ]
03-17 18:52:56.909   903  1071 D VelocityTracker:   - b=[ 1088.575073, -0.028315 ]
03-17 18:52:56.909   903  1071 D VelocityTracker:   - sserr=0.000000
03-17 18:52:56.909   903  1071 D VelocityTracker:   - sstot=0.000000
03-17 18:52:56.909   903  1071 D VelocityTracker:   - det=1.000000
03-17 18:52:56.909   903  1071 D VelocityTracker: estimate: degree=1, coeff=[ 1088.575073, -0.028315 ], confidence=1.000000
03-17 18:52:56.909   903  1071 D VelocityTracker:   0: axis=0, position=1088.575, estimator (degree=1, coeff=[ 1088.575073, -0.028315 ], confidence=1.000000)
03-17 18:52:56.909   903  1071 D VelocityTracker: VelocityTracker: addMovement eventTime=110855140000, pointerId=0, activePointerId=0
03-17 18:52:56.909   903  1071 D VelocityTracker: solveLeastSquares: m=2, n=2, x=[ 0.000000, -0.006097 ], y=[ 767.466797, 767.466797 ], w=[ 1.000000, 1.000000 ]
03-17 18:52:56.909   903  1071 D VelocityTracker:   - a=[ [ 1.000000, 0.000000 ], [ 1.000000, -0.006097 ] ]
03-17 18:52:56.909   903  1071 D VelocityTracker:   - q=[ [ 0.707107, 0.707107 ], [ 0.707107, -0.707107 ] ]
03-17 18:52:56.909   903  1071 D VelocityTracker:   - r=[ [ 1.414214, -0.004311 ], [ 0.000000, 0.004311 ] ]
03-17 18:52:56.909   903  1071 D VelocityTracker:   - qr=[ [ 1.000000, -0.000000 ], [ 1.000000, -0.006097 ] ]
03-17 18:52:56.909   903  1071 D VelocityTracker:   - b=[ 767.466736, -0.028315 ]
03-17 18:52:56.909   903  1071 D VelocityTracker:   - sserr=0.000000
03-17 18:52:56.909   903  1071 D VelocityTracker:   - sstot=0.000000
03-17 18:52:56.909   903  1071 D VelocityTracker:   - det=1.000000
03-17 18:52:56.909   903  1071 D VelocityTracker: estimate: degree=1, coeff=[ 767.466736, -0.028315 ], confidence=1.000000
03-17 18:52:56.909   903  1071 D VelocityTracker:   0: axis=1, position=767.467, estimator (degree=1, coeff=[ 767.466736, -0.028315 ], confidence=1.000000)
03-17 18:52:56.909   903  1071 D InputTransport: channel 'PointerEventDispatcher0 (client)' consumer ~ sendFinishedSignal: seq=549, handled=false
03-17 18:52:56.909   903  1071 D InputTransport: channel 'PointerEventDispatcher0 (client)' ~ sent message of type FINISHED
03-17 18:52:56.909   903  1071 D InputTransport: channel 'PointerEventDispatcher0 (client)' consumer ~ consume: consumeBatches=true, frameTime=-1
03-17 18:52:56.909   903  1071 D InputTransport: channel 'PointerEventDispatcher0 (client)' ~ receive message failed, errno=11
03-17 18:52:56.909   903  1214 D InputTransport: channel 'PointerEventDispatcher0 (server)' ~ received message of type FINISHED
03-17 18:52:56.909   903  1214 D InputTransport: channel 'PointerEventDispatcher0 (server)' publisher ~ receiveConsumerResponse: finished: seq=549, handled=false
03-17 18:52:56.909   903  1214 D InputDispatcher: channel 'PointerEventDispatcher0 (server)' ~ finishDispatchCycle - seq=549, handled=false
03-17 18:52:56.909   903  1214 D InputTransport: channel 'PointerEventDispatcher0 (server)' ~ receive message failed, errno=11
03-17 18:52:56.909   903  1214 D InputTransport: channel 'PointerEventDispatcher0 (server)' publisher ~ receiveConsumerResponse: Unknown error -11
03-17 18:52:56.909   903  1214 D InputDispatcher: channel 'PointerEventDispatcher0 (server)' ~ startDispatchCycle
03-17 18:52:56.912  2383  2600 D AdayoDoipServer294_Doip: [ne_doip_event_loop_dispatch][line:141] : count = 0
03-17 18:52:56.916   903  1215 D InputReader: BatchSize: 3 Count: 3
03-17 18:52:56.916   903  1215 D InputReader: Input event: eventHubDevice=1 type=EV_ABS code=ABS_MT_TOUCH_MAJOR value=23 when=110864051000
03-17 18:52:56.916   903  1215 D InputReader: Input event: eventHubDevice=1 type=EV_ABS code=ABS_MT_WIDTH_MAJOR value=23 when=110864051000
03-17 18:52:56.916   903  1215 D InputReader: Input event: eventHubDevice=1 type=EV_SYN code=SYN_REPORT value=0 when=110864051000
03-17 18:52:56.916   903  1215 D InputReader: syncTouch: pointerCount 1 -> 1, touching ids 0x80000000 -> 0x80000000, hovering ids 0x00000000 -> 0x00000000, canceled ids 0x00000000
03-17 18:52:56.916   903  1215 D UnwantedInteractionBlocker: notifyMotion: NotifyMotionArgs(id=203939887, eventTime=110864051000, deviceId=2, source=TOUCHSCREEN, action=MOVE, pointerCount=1 pointers={0: id=0 x=1088.6 y=767.5 pressure=1.0 major=23.0 minor=23.0 orientation=0.0}, flags=0x00000000)
03-17 18:52:56.916   903  1215 D UnwantedInteractionBlocker: enqueueOutboundMotionLocked: NotifyMotionArgs(id=203939887, eventTime=110864051000, deviceId=2, source=TOUCHSCREEN, action=MOVE, pointerCount=1 pointers={0: id=0 x=1088.6 y=767.5 pressure=1.0 major=23.0 minor=23.0 orientation=0.0}, flags=0x00000000)
03-17 18:52:56.916   903  1215 D InputDispatcher: notifyMotion - id=c27e02f eventTime=110864051000, deviceId=2, source=TOUCHSCREEN, displayId=0, policyFlags=0x0, action=MOVE, actionButton=0x0, flags=0x0, metaState=0x0, buttonState=0x0, edgeFlags=0x0, xPrecision=1.000391, yPrecision=1.000695, xCursorPosition=nan, yCursorPosition=nan, downTime=110849043000
03-17 18:52:56.916   903  1215 D InputDispatcher:   Pointer 0: id=0, toolType=FINGER, x=1088.574829, y=767.467041, pressure=1.000000, size=0.090196, touchMajor=22.987530, touchMinor=22.987530, toolMajor=22.987530, toolMinor=22.987530, orientation=0.000000
03-17 18:52:56.916   903  1215 I InputVerifier: input: Processing MOVE for device DeviceId(2) (1 pointer) on display 0
03-17 18:52:56.917   903  1214 D InputDispatcher: dispatchMotion - eventTime=110864051000, deviceId=2, source=TOUCHSCREEN, displayId=0, policyFlags=0x62000000, action=MOVE, actionButton=0x0, flags=0x0, metaState=0x0, buttonState=0x0,edgeFlags=0x0, xPrecision=1.000391, yPrecision=1.000695, downTime=110849043000
03-17 18:52:56.917   903  1214 D InputDispatcher:   Pointer 0: id=0, toolType=FINGER, x=1088.574829, y=767.467041, pressure=1.000000, size=0.090196, touchMajor=22.987530, touchMinor=22.987530, toolMajor=22.987530, toolMinor=22.987530, orientation=0.000000
03-17 18:52:56.917   903  1214 D InputDispatcher: dispatchEventToCurrentInputTargets
03-17 18:52:56.917   903  1214 D InputDispatcher: channel '7a5e81e com.fawvw.hmi.bev.carapp/com.fawvw.hmi.bev.carapp.MainActivity (server)' ~ prepareDispatchCycle - flags=FOREGROUND | SPLIT | DISPATCH_AS_IS | WINDOW_IS_PARTIALLY_OBSCURED, globalScaleFactor=1.000000, pointerIds=00000000000000000000000000000001 
03-17 18:52:56.917   903  1214 D InputDispatcher:         pointerId 0: (ROT_0) (IDENTITY)
03-17 18:52:56.917   903  1214 D InputDispatcher: channel '7a5e81e com.fawvw.hmi.bev.carapp/com.fawvw.hmi.bev.carapp.MainActivity (server)' ~ startDispatchCycle
03-17 18:52:56.917   903  1214 D InputDispatcher: Publishing DispatchEntry{resolvedAction=MOVE, resolvedFlags=2, targetFlags=FOREGROUND | SPLIT | DISPATCH_AS_IS | WINDOW_IS_PARTIALLY_OBSCURED, transform=transform (ROT_0) (IDENTITY)
03-17 18:52:56.917   903  1214 D InputDispatcher: } original: MotionEvent(deviceId=2, eventTime=110864051000, source=TOUCHSCREEN, displayId=0, action=MOVE, actionButton=0x00000000, flags=0x00000000, metaState=0x00000000, buttonState=0x00000000, classification=NONE, edgeFlags=0x00000000, xPrecision=1.0, yPrecision=1.0, xCursorPosition=nan, yCursorPosition=nan, pointers=[0: (1088.6, 767.5)]), policyFlags=0x62000000 to 7a5e81e com.fawvw.hmi.bev.carapp/com.fawvw.hmi.bev.carapp.MainActivity (server)
03-17 18:52:56.917   903  1214 I InputVerifier: input: Processing MOVE for device DeviceId(2) (1 pointer) on 7a5e81e com.fawvw.hmi.bev.carapp/com.fawvw.hmi.bev.carapp.MainActivity (server)
03-17 18:52:56.917   903  1214 D InputTransport: channel '7a5e81e com.fawvw.hmi.bev.carapp/com.fawvw.hmi.bev.carapp.MainActivity (server)' publisher ~ publishMotionEvent: seq=550, id=203939887, deviceId=2, source=TOUCHSCREEN, displayId=0, action=MOVE, actionButton=0x00000000, flags=0x2, edgeFlags=0x0, metaState=0x0, buttonState=0x0, classification=NONE,xPrecision=1.000391, yPrecision=1.000695, downTime=110849043000, eventTime=110864051000, pointerCount=1 
03-17 18:52:56.917   903  1214 D InputTransport:         transform (ROT_0) (IDENTITY)
03-17 18:52:56.917   903  1214 D InputTransport: channel '7a5e81e com.fawvw.hmi.bev.carapp/com.fawvw.hmi.bev.carapp.MainActivity (server)' ~ sent message of type MOTION
03-17 18:52:56.917   903  1214 D InputDispatcher: channel 'PointerEventDispatcher0 (server)' ~ prepareDispatchCycle - flags=DISPATCH_AS_IS, globalScaleFactor=1.000000, pointerIds=<none> 
03-17 18:52:56.917   903  1214 D InputDispatcher:         default (ROT_0) (IDENTITY)
03-17 18:52:56.917   903  1214 D InputDispatcher: channel 'PointerEventDispatcher0 (server)' ~ startDispatchCycle
03-17 18:52:56.917  8377  8377 D InputTransport: channel '7a5e81e com.fawvw.hmi.bev.carapp/com.fawvw.hmi.bev.carapp.MainActivity (client)' consumer ~ consume: consumeBatches=false, frameTime=-1
03-17 18:52:56.917  8377  8377 D InputTransport: channel '7a5e81e com.fawvw.hmi.bev.carapp/com.fawvw.hmi.bev.carapp.MainActivity (client)' ~ received message of type MOTION
03-17 18:52:56.917   903  1214 D InputDispatcher: Publishing DispatchEntry{resolvedAction=MOVE, resolvedFlags=0, targetFlags=DISPATCH_AS_IS, transform=transform (ROT_0) (IDENTITY)
03-17 18:52:56.917   903  1214 D InputDispatcher: } original: MotionEvent(deviceId=2, eventTime=110864051000, source=TOUCHSCREEN, displayId=0, action=MOVE, actionButton=0x00000000, flags=0x00000000, metaState=0x00000000, buttonState=0x00000000, classification=NONE, edgeFlags=0x00000000, xPrecision=1.0, yPrecision=1.0, xCursorPosition=nan, yCursorPosition=nan, pointers=[0: (1088.6, 767.5)]), policyFlags=0x62000000 to PointerEventDispatcher0 (server)
03-17 18:52:56.917  8377  8377 D InputTransport: channel '7a5e81e com.fawvw.hmi.bev.carapp/com.fawvw.hmi.bev.carapp.MainActivity (client)' consumer ~ appended to batch event
03-17 18:52:56.917  8377  8377 D InputTransport: channel '7a5e81e com.fawvw.hmi.bev.carapp/com.fawvw.hmi.bev.carapp.MainActivity (client)' ~ receive message failed, errno=11
03-17 18:52:56.917   903  1214 I InputVerifier: input: Processing MOVE for device DeviceId(2) (1 pointer) on PointerEventDispatcher0 (server)
03-17 18:52:56.917   903  1214 D InputTransport: channel 'PointerEventDispatcher0 (server)' publisher ~ publishMotionEvent: seq=551, id=203939887, deviceId=2, source=TOUCHSCREEN, displayId=0, action=MOVE, actionButton=0x00000000, flags=0x0, edgeFlags=0x0, metaState=0x0, buttonState=0x0, classification=NONE,xPrecision=1.000391, yPrecision=1.000695, downTime=110849043000, eventTime=110864051000, pointerCount=1 
03-17 18:52:56.917   903  1214 D InputTransport:         transform (ROT_0) (IDENTITY)
03-17 18:52:56.917   903  1214 D InputTransport: channel 'PointerEventDispatcher0 (server)' ~ sent message of type MOTION
03-17 18:52:56.917   903  1071 D InputTransport: channel 'PointerEventDispatcher0 (client)' consumer ~ consume: consumeBatches=false, frameTime=-1
03-17 18:52:56.917   903  1071 D InputTransport: channel 'PointerEventDispatcher0 (client)' ~ received message of type MOTION
03-17 18:52:56.917   903  1071 D InputTransport: channel 'PointerEventDispatcher0 (client)' consumer ~ started batch event
03-17 18:52:56.917   903  1071 D InputTransport: channel 'PointerEventDispatcher0 (client)' ~ receive message failed, errno=11
03-17 18:52:56.917   903  1071 D InputTransport: channel 'PointerEventDispatcher0 (client)' consumer ~ consume: consumeBatches=true, frameTime=-1
03-17 18:52:56.917   903  1071 D InputTransport: channel 'PointerEventDispatcher0 (client)' ~ receive message failed, errno=11
03-17 18:52:56.917   903  1071 D InputTransport: channel 'PointerEventDispatcher0 (client)' consumer ~ consumed batch event, seq=551
03-17 18:52:56.917   903  1071 D VelocityTracker: VelocityTracker: addMovement eventTime=110864051000, pointerId=0, activePointerId=0
03-17 18:52:56.917   903  1071 D VelocityTracker:   0: axis=0, position=1088.575, estimator (degree=2, coeff=[ 1088.575195, 0.000000, 0.000000 ], confidence=1.000000)
03-17 18:52:56.917   903  1071 D VelocityTracker: VelocityTracker: addMovement eventTime=110864051000, pointerId=0, activePointerId=0
03-17 18:52:56.918   903  1071 D VelocityTracker:   0: axis=1, position=767.467, estimator (degree=2, coeff=[ 767.466919, 0.111550, 7.661004 ], confidence=1.000000)
03-17 18:52:56.918   903  1071 D InputTransport: channel 'PointerEventDispatcher0 (client)' consumer ~ sendFinishedSignal: seq=551, handled=false
03-17 18:52:56.918   903  1071 D InputTransport: channel 'PointerEventDispatcher0 (client)' ~ sent message of type FINISHED
03-17 18:52:56.918   903  1071 D InputTransport: channel 'PointerEventDispatcher0 (client)' consumer ~ consume: consumeBatches=true, frameTime=-1
03-17 18:52:56.918   903  1071 D InputTransport: channel 'PointerEventDispatcher0 (client)' ~ receive message failed, errno=11
03-17 18:52:56.918   903  1214 D InputTransport: channel 'PointerEventDispatcher0 (server)' ~ received message of type FINISHED
03-17 18:52:56.918   903  1214 D InputTransport: channel 'PointerEventDispatcher0 (server)' publisher ~ receiveConsumerResponse: finished: seq=551, handled=false
03-17 18:52:56.918   903  1214 D InputDispatcher: channel 'PointerEventDispatcher0 (server)' ~ finishDispatchCycle - seq=551, handled=false
03-17 18:52:56.918   903  1214 D InputTransport: channel 'PointerEventDispatcher0 (server)' ~ receive message failed, errno=11
03-17 18:52:56.918   903  1214 D InputTransport: channel 'PointerEventDispatcher0 (server)' publisher ~ receiveConsumerResponse: Unknown error -11
03-17 18:52:56.918   903  1214 D InputDispatcher: channel 'PointerEventDispatcher0 (server)' ~ startDispatchCycle
03-17 18:52:56.918   642   685 I mcuc    : sd Uart data : 6AA60204210002920243
03-17 18:52:56.923   642   685 I mcuc    : rev uart=1119,len=32, data : 6AA681042100189202001300FE00FE00FE00000000000000000000000101019E
03-17 18:52:56.924   400   892 D adayocomadapter-ParseProtocolFunc: printRaWMsg Name[MCUToUPstream recv] len[24] data[9202001300FE00FE00FE0000000000000000000000010101]
03-17 18:52:56.924   400   892 D adayocomadapter-CommunicationManager: onUpstreamback   member[0] dataLength[21] timePoint[110871]
03-17 18:52:56.924   400   892 D adayocomadapter-ParseProtocolFunc: printRaWMsg Name[onUpstreamback] len[21] data[1300FE00FE00FE0000000000000000000000010101]
03-17 18:52:56.924   400   452 D adayocomadapter-UpstreamHandler: processBeforePacket upSreamtProcessTimePoint[110871] 
03-17 18:52:56.924   400   452 D adayocomadapter-UpstreamHandler: processPacket UPSTREAM_QUEUE_DATA_TIMEOUT
03-17 18:52:56.924   400   452 D adayocomadapter-ParseProtocolFunc: parseCommonIPCLBytes Processing tableNumber[19]
03-17 18:52:56.924   400   452 D adayocomadapter-ParseProtocolFunc: parseCommonIPCLBytes Processing tablename[Table-19] tableSize[21]
03-17 18:52:56.924   400   452 D adayocomadapter-ParseProtocolFunc: printRaWMsg Name[byteStream recv] len[21] data[1300FE00FE00FE0000000000000000000000010101]
03-17 18:52:56.924   400   452 D adayocomadapter-ParseProtocolFunc: printRaWMsg Name[IPCLtoVHAL] len[7] data[21401028000100]
03-17 18:52:56.924   400   452 D adayocomadapter-ParseProtocolFunc: printRaWMsg Name[IPCLtoVHAL] len[7] data[214010290001FE]
03-17 18:52:56.924   400   452 D adayocomadapter-ParseProtocolFunc: printRaWMsg Name[IPCLtoVHAL] len[7] data[2140102E000100]
03-17 18:52:56.924   400   452 D adayocomadapter-ParseProtocolFunc: printRaWMsg Name[IPCLtoVHAL] len[7] data[2140102B000100]
03-17 18:52:56.924   400   452 D adayocomadapter-ParseProtocolFunc: printRaWMsg Name[IPCLtoVHAL] len[7] data[2140104C000100]
03-17 18:52:56.924   400   452 D adayocomadapter-ParseProtocolFunc: printRaWMsg Name[IPCLtoVHAL] len[7] data[2140102C0001FE]
03-17 18:52:56.924  6654  6700 D TimerTriggerManager: init instance...
03-17 18:52:56.924   400   452 D adayocomadapter-ParseProtocolFunc: printRaWMsg Name[IPCLtoVHAL] len[8] data[2140200700010000]
03-17 18:52:56.924   400   452 D adayocomadapter-ParseProtocolFunc: printRaWMsg Name[IPCLtoVHAL] len[7] data[2140102F0001FE]
03-17 18:52:56.924  6654  6700 D TimerTriggerManager: Timer thread'TimerTriggerManager' is destroyed: false
03-17 18:52:56.924   400   452 D adayocomadapter-ParseProtocolFunc: printRaWMsg Name[IPCLtoVHAL] len[7] data[21401031000100]
03-17 18:52:56.924   400   452 D adayocomadapter-ParseProtocolFunc: printRaWMsg Name[IPCLtoVHAL] len[8] data[2140202200010000]
03-17 18:52:56.924  6654  6700 D TimerTriggerManager: Timer 'onIndcnVehSpdChanged' is running: true
03-17 18:52:56.924   400   452 D adayocomadapter-ParseProtocolFunc: printRaWMsg Name[IPCLtoVHAL] len[10] data[21402023000100000000]
03-17 18:52:56.924  6654  6700 D TimerTriggerManager: Sending reset signal to timer 'onIndcnVehSpdChanged'
03-17 18:52:56.924   400   452 D adayocomadapter-ParseProtocolFunc: printRaWMsg Name[IPCLtoVHAL] len[7] data[2140104D000100]
03-17 18:52:56.924   400   452 D adayocomadapter-CommunicationManager: onUpstreamReceive isLoss 1 mPropertyId 0x21401028
03-17 18:52:56.924  6654  6700 D TimerTriggerManager: Reset signal sent to timer 'onIndcnVehSpdChanged'
03-17 18:52:56.924   400   452 D adayocomadapter-CommunicationManager: convertBytesToInt32Memcpy  0
03-17 18:52:56.924   400   452 D vw-vhal : notifyVehicleProperty, propId = 0x21401028, data = {status: 3, int32Values: [0]}
03-17 18:52:56.924   400   452 I DefaultVehicleHal_v2_0: DefaultVehicleHal::onPropertyValue, value:{.timestamp = 110872166345, .areaId = 0, .prop = 557846568, .status = UNAVAILABLE, .value = {.int32Values = [1]{0}, .floatValues = [0]{}, .int64Values = [0]{}, .bytes = [0]{}, .stringValue = ""}}
03-17 18:52:56.924   903  1215 D InputReader: BatchSize: 3 Count: 3
03-17 18:52:56.924   400   452 D adayocomadapter-CommunicationManager: onUpstreamReceive mPropertyId 0x21401028
03-17 18:52:56.924   400   452 D adayocomadapter-CommunicationManager: onUpstreamReceive isLoss 1 mPropertyId 0x21401029
03-17 18:52:56.924   400   452 D adayocomadapter-CommunicationManager: convertBytesToInt32Memcpy  254
03-17 18:52:56.924   903  1215 D InputReader: Input event: eventHubDevice=1 type=EV_ABS code=ABS_MT_TOUCH_MAJOR value=29 when=110872213000
03-17 18:52:56.924   903  1215 D InputReader: Input event: eventHubDevice=1 type=EV_ABS code=ABS_MT_WIDTH_MAJOR value=29 when=110872213000
03-17 18:52:56.924   400   452 D vw-vhal : notifyVehicleProperty, propId = 0x21401029, data = {status: 3, int32Values: [254]}
03-17 18:52:56.924   903  1215 D InputReader: Input event: eventHubDevice=1 type=EV_SYN code=SYN_REPORT value=0 when=110872213000
03-17 18:52:56.924  6654  6707 D TimerTriggerController: Reset method called for timer: onIndcnVehSpdChanged
03-17 18:52:56.924   400   452 I DefaultVehicleHal_v2_0: DefaultVehicleHal::onPropertyValue, value:{.timestamp = 110872404678, .areaId = 0, .prop = 557846569, .status = UNAVAILABLE, .value = {.int32Values = [1]{254}, .floatValues = [0]{}, .int64Values = [0]{}, .bytes = [0]{}, .stringValue = ""}}
03-17 18:52:56.924   903  1215 D InputReader: syncTouch: pointerCount 1 -> 1, touching ids 0x80000000 -> 0x80000000, hovering ids 0x00000000 -> 0x00000000, canceled ids 0x00000000
03-17 18:52:56.924  6654  6707 D TimerTriggerController: Calling onTimerReset for timer: onIndcnVehSpdChanged
03-17 18:52:56.924   400   452 D adayocomadapter-CommunicationManager: onUpstreamReceive mPropertyId 0x21401029
03-17 18:52:56.924   400   452 D adayocomadapter-CommunicationManager: onUpstreamReceive isLoss 1 mPropertyId 0x2140102e
03-17 18:52:56.924  6654  6707 D TimerTriggerManager: Timer reset: onIndcnVehSpdChanged
03-17 18:52:56.924   400   452 D adayocomadapter-CommunicationManager: convertBytesToInt32Memcpy  0
03-17 18:52:56.924   400   452 D vw-vhal : notifyVehicleProperty, propId = 0x2140102e, data = {status: 3, int32Values: [0]}
03-17 18:52:56.924   903  1215 D UnwantedInteractionBlocker: notifyMotion: NotifyMotionArgs(id=627389924, eventTime=110872213000, deviceId=2, source=TOUCHSCREEN, action=MOVE, pointerCount=1 pointers={0: id=0 x=1088.6 y=767.5 pressure=1.0 major=29.0 minor=29.0 orientation=0.0}, flags=0x00000000)
03-17 18:52:56.925   400   452 I DefaultVehicleHal_v2_0: DefaultVehicleHal::onPropertyValue, value:{.timestamp = 110872536345, .areaId = 0, .prop = 557846574, .status = UNAVAILABLE, .value = {.int32Values = [1]{0}, .floatValues = [0]{}, .int64Values = [0]{}, .bytes = [0]{}, .stringValue = ""}}
03-17 18:52:56.925   903  1215 D UnwantedInteractionBlocker: enqueueOutboundMotionLocked: NotifyMotionArgs(id=627389924, eventTime=110872213000, deviceId=2, source=TOUCHSCREEN, action=MOVE, pointerCount=1 pointers={0: id=0 x=1088.6 y=767.5 pressure=1.0 major=29.0 minor=29.0 orientation=0.0}, flags=0x00000000)
03-17 18:52:56.925   400   452 D adayocomadapter-CommunicationManager: onUpstreamReceive mPropertyId 0x2140102e
03-17 18:52:56.925  6654  6707 I TimerTriggerController: Timer [onIndcnVehSpdChanged] reset, remaining: 1000ms, reset count: 628
03-17 18:52:56.925   400   452 D adayocomadapter-CommunicationManager: onUpstreamReceive isLoss 1 mPropertyId 0x2140102b
03-17 18:52:56.925   400   452 D adayocomadapter-CommunicationManager: convertBytesToInt32Memcpy  0
03-17 18:52:56.925   903  1215 D InputDispatcher: notifyMotion - id=256535e4 eventTime=110872213000, deviceId=2, source=TOUCHSCREEN, displayId=0, policyFlags=0x0, action=MOVE, actionButton=0x0, flags=0x0, metaState=0x0, buttonState=0x0, edgeFlags=0x0, xPrecision=1.000391, yPrecision=1.000695, xCursorPosition=nan, yCursorPosition=nan, downTime=110849043000
03-17 18:52:56.925   400   452 D vw-vhal : notifyVehicleProperty, propId = 0x2140102b, data = {status: 3, int32Values: [0]}
03-17 18:52:56.925   903  1215 D InputDispatcher:   Pointer 0: id=0, toolType=FINGER, x=1088.574829, y=767.467041, pressure=1.000000, size=0.113725, touchMajor=28.984276, touchMinor=28.984276, toolMajor=28.984276, toolMinor=28.984276, orientation=0.000000
03-17 18:52:56.925   400   452 I DefaultVehicleHal_v2_0: DefaultVehicleHal::onPropertyValue, value:{.timestamp = 110872663011, .areaId = 0, .prop = 557846571, .status = UNAVAILABLE, .value = {.int32Values = [1]{0}, .floatValues = [0]{}, .int64Values = [0]{}, .bytes = [0]{}, .stringValue = ""}}
03-17 18:52:56.925   903  1215 I InputVerifier: input: Processing MOVE for device DeviceId(2) (1 pointer) on display 0
03-17 18:52:56.925   400   452 D adayocomadapter-CommunicationManager: onUpstreamReceive mPropertyId 0x2140102b
03-17 18:52:56.925   400   452 D adayocomadapter-CommunicationManager: onUpstreamReceive isLoss 1 mPropertyId 0x2140104c
03-17 18:52:56.925   400   452 D adayocomadapter-CommunicationManager: convertBytesToInt32Memcpy  0
03-17 18:52:56.925   400   452 D vw-vhal : notifyVehicleProperty, propId = 0x2140104c, data = {status: 3, int32Values: [0]}
03-17 18:52:56.925   400   452 I DefaultVehicleHal_v2_0: DefaultVehicleHal::onPropertyValue, value:{.timestamp = 110872773345, .areaId = 0, .prop = 557846604, .status = UNAVAILABLE, .value = {.int32Values = [1]{0}, .floatValues = [0]{}, .int64Values = [0]{}, .bytes = [0]{}, .stringValue = ""}}
03-17 18:52:56.925   903  1214 D InputDispatcher: dispatchMotion - eventTime=110872213000, deviceId=2, source=TOUCHSCREEN, displayId=0, policyFlags=0x62000000, action=MOVE, actionButton=0x0, flags=0x0, metaState=0x0, buttonState=0x0,edgeFlags=0x0, xPrecision=1.000391, yPrecision=1.000695, downTime=110849043000
03-17 18:52:56.925   400   452 D adayocomadapter-CommunicationManager: onUpstreamReceive mPropertyId 0x2140104c
03-17 18:52:56.925   400   452 D adayocomadapter-CommunicationManager: onUpstreamReceive isLoss 1 mPropertyId 0x2140102c
03-17 18:52:56.925   903  1214 D InputDispatcher:   Pointer 0: id=0, toolType=FINGER, x=1088.574829, y=767.467041, pressure=1.000000, size=0.113725, touchMajor=28.984276, touchMinor=28.984276, toolMajor=28.984276, toolMinor=28.984276, orientation=0.000000
03-17 18:52:56.925   400   452 D adayocomadapter-CommunicationManager: convertBytesToInt32Memcpy  254
03-17 18:52:56.925   400   452 D vw-vhal : notifyVehicleProperty, propId = 0x2140102c, data = {status: 3, int32Values: [254]}
03-17 18:52:56.925   903  1214 D InputDispatcher: dispatchEventToCurrentInputTargets
03-17 18:52:56.925   400   452 I DefaultVehicleHal_v2_0: DefaultVehicleHal::onPropertyValue, value:{.timestamp = 110872888345, .areaId = 0, .prop = 557846572, .status = UNAVAILABLE, .value = {.int32Values = [1]{254}, .floatValues = [0]{}, .int64Values = [0]{}, .bytes = [0]{}, .stringValue = ""}}
03-17 18:52:56.925   400   452 D adayocomadapter-CommunicationManager: onUpstreamReceive mPropertyId 0x2140102c
03-17 18:52:56.925   400   452 D adayocomadapter-CommunicationManager: onUpstreamReceive isLoss 1 mPropertyId 0x21402007
03-17 18:52:56.925   903  1214 D InputDispatcher: channel '7a5e81e com.fawvw.hmi.bev.carapp/com.fawvw.hmi.bev.carapp.MainActivity (server)' ~ prepareDispatchCycle - flags=FOREGROUND | SPLIT | DISPATCH_AS_IS | WINDOW_IS_PARTIALLY_OBSCURED, globalScaleFactor=1.000000, pointerIds=00000000000000000000000000000001 
03-17 18:52:56.925   903  1214 D InputDispatcher:         pointerId 0: (ROT_0) (IDENTITY)
03-17 18:52:56.925   400   452 D adayocomadapter-CommunicationManager: convertBytesToInt32Memcpy  0
03-17 18:52:56.925   400   452 D vw-vhal : notifyVehicleProperty, propId = 0x21402007, data = {status: 3, int32Values: [0]}
03-17 18:52:56.925   903  1214 D InputDispatcher: channel '7a5e81e com.fawvw.hmi.bev.carapp/com.fawvw.hmi.bev.carapp.MainActivity (server)' ~ startDispatchCycle
03-17 18:52:56.925   400   452 I DefaultVehicleHal_v2_0: DefaultVehicleHal::onPropertyValue, value:{.timestamp = 110873002011, .areaId = 0, .prop = 557850631, .status = UNAVAILABLE, .value = {.int32Values = [1]{0}, .floatValues = [0]{}, .int64Values = [0]{}, .bytes = [0]{}, .stringValue = ""}}
03-17 18:52:56.925   400   452 D adayocomadapter-CommunicationManager: onUpstreamReceive mPropertyId 0x21402007
03-17 18:52:56.925   400   452 D adayocomadapter-CommunicationManager: onUpstreamReceive isLoss 1 mPropertyId 0x2140102f
03-17 18:52:56.925   903  1214 D InputDispatcher: Publishing DispatchEntry{resolvedAction=MOVE, resolvedFlags=2, targetFlags=FOREGROUND | SPLIT | DISPATCH_AS_IS | WINDOW_IS_PARTIALLY_OBSCURED, transform=transform (ROT_0) (IDENTITY)
03-17 18:52:56.925   903  1214 D InputDispatcher: } original: MotionEvent(deviceId=2, eventTime=110872213000, source=TOUCHSCREEN, displayId=0, action=MOVE, actionButton=0x00000000, flags=0x00000000, metaState=0x00000000, buttonState=0x00000000, classification=NONE, edgeFlags=0x00000000, xPrecision=1.0, yPrecision=1.0, xCursorPosition=nan, yCursorPosition=nan, pointers=[0: (1088.6, 767.5)]), policyFlags=0x62000000 to 7a5e81e com.fawvw.hmi.bev.carapp/com.fawvw.hmi.bev.carapp.MainActivity (server)
03-17 18:52:56.925   400   452 D adayocomadapter-CommunicationManager: convertBytesToInt32Memcpy  254
03-17 18:52:56.925  6654  6700 D TimerTriggerManager: init instance...
03-17 18:52:56.925   400   452 D vw-vhal : notifyVehicleProperty, propId = 0x2140102f, data = {status: 3, int32Values: [254]}
03-17 18:52:56.925  6654  6700 D TimerTriggerManager: Timer thread'TimerTriggerManager' is destroyed: false
03-17 18:52:56.925   903  1214 I InputVerifier: input: Processing MOVE for device DeviceId(2) (1 pointer) on 7a5e81e com.fawvw.hmi.bev.carapp/com.fawvw.hmi.bev.carapp.MainActivity (server)
03-17 18:52:56.925   400   452 I DefaultVehicleHal_v2_0: DefaultVehicleHal::onPropertyValue, value:{.timestamp = 110873122011, .areaId = 0, .prop = 557846575, .status = UNAVAILABLE, .value = {.int32Values = [1]{254}, .floatValues = [0]{}, .int64Values = [0]{}, .bytes = [0]{}, .stringValue = ""}}
03-17 18:52:56.925  6654  6700 D TimerTriggerManager: Timer 'onMntnWarnReqChanged' is running: true
03-17 18:52:56.925  6654  6700 D TimerTriggerManager: Sending reset signal to timer 'onMntnWarnReqChanged'
03-17 18:52:56.925   903  1214 D InputTransport: channel '7a5e81e com.fawvw.hmi.bev.carapp/com.fawvw.hmi.bev.carapp.MainActivity (server)' publisher ~ publishMotionEvent: seq=552, id=627389924, deviceId=2, source=TOUCHSCREEN, displayId=0, action=MOVE, actionButton=0x00000000, flags=0x2, edgeFlags=0x0, metaState=0x0, buttonState=0x0, classification=NONE,xPrecision=1.000391, yPrecision=1.000695, downTime=110849043000, eventTime=110872213000, pointerCount=1 
03-17 18:52:56.925   903  1214 D InputTransport:         transform (ROT_0) (IDENTITY)
03-17 18:52:56.925   400   452 D adayocomadapter-CommunicationManager: onUpstreamReceive mPropertyId 0x2140102f
03-17 18:52:56.925   400   452 D adayocomadapter-CommunicationManager: onUpstreamReceive isLoss 1 mPropertyId 0x21401031
03-17 18:52:56.925   400   452 D adayocomadapter-CommunicationManager: convertBytesToInt32Memcpy  0
03-17 18:52:56.925   903  1214 D InputTransport: channel '7a5e81e com.fawvw.hmi.bev.carapp/com.fawvw.hmi.bev.carapp.MainActivity (server)' ~ sent message of type MOTION
03-17 18:52:56.925   400   452 D vw-vhal : notifyVehicleProperty, propId = 0x21401031, data = {status: 3, int32Values: [0]}
03-17 18:52:56.925  6654  6700 D TimerTriggerManager: Reset signal sent to timer 'onMntnWarnReqChanged'
03-17 18:52:56.925   903  1214 D InputDispatcher: channel 'PointerEventDispatcher0 (server)' ~ prepareDispatchCycle - flags=DISPATCH_AS_IS, globalScaleFactor=1.000000, pointerIds=<none> 
03-17 18:52:56.925   903  1214 D InputDispatcher:         default (ROT_0) (IDENTITY)
03-17 18:52:56.925   400   452 I DefaultVehicleHal_v2_0: DefaultVehicleHal::onPropertyValue, value:{.timestamp = 110873245345, .areaId = 0, .prop = 557846577, .status = UNAVAILABLE, .value = {.int32Values = [1]{0}, .floatValues = [0]{}, .int64Values = [0]{}, .bytes = [0]{}, .stringValue = ""}}
03-17 18:52:56.925   903  1214 D InputDispatcher: channel 'PointerEventDispatcher0 (server)' ~ startDispatchCycle
03-17 18:52:56.925   400   452 D adayocomadapter-CommunicationManager: onUpstreamReceive mPropertyId 0x21401031
03-17 18:52:56.925  8377  8377 D InputTransport: channel '7a5e81e com.fawvw.hmi.bev.carapp/com.fawvw.hmi.bev.carapp.MainActivity (client)' consumer ~ consume: consumeBatches=false, frameTime=-1
03-17 18:52:56.925   400   452 D adayocomadapter-CommunicationManager: onUpstreamReceive isLoss 1 mPropertyId 0x21402022
03-17 18:52:56.925   400   452 D adayocomadapter-CommunicationManager: convertBytesToInt32Memcpy  0
03-17 18:52:56.925  8377  8377 D InputTransport: channel '7a5e81e com.fawvw.hmi.bev.carapp/com.fawvw.hmi.bev.carapp.MainActivity (client)' ~ received message of type MOTION
03-17 18:52:56.925   903  1214 D InputDispatcher: Publishing DispatchEntry{resolvedAction=MOVE, resolvedFlags=0, targetFlags=DISPATCH_AS_IS, transform=transform (ROT_0) (IDENTITY)
03-17 18:52:56.925   903  1214 D InputDispatcher: } original: MotionEvent(deviceId=2, eventTime=110872213000, source=TOUCHSCREEN, displayId=0, action=MOVE, actionButton=0x00000000, flags=0x00000000, metaState=0x00000000, buttonState=0x00000000, classification=NONE, edgeFlags=0x00000000, xPrecision=1.0, yPrecision=1.0, xCursorPosition=nan, yCursorPosition=nan, pointers=[0: (1088.6, 767.5)]), policyFlags=0x62000000 to PointerEventDispatcher0 (server)
03-17 18:52:56.925   400   452 D vw-vhal : notifyVehicleProperty, propId = 0x21402022, data = {status: 3, int32Values: [0]}
03-17 18:52:56.925  6654  6707 D TimerTriggerController: Reset method called for timer: onMntnWarnReqChanged
03-17 18:52:56.925  8377  8377 D InputTransport: channel '7a5e81e com.fawvw.hmi.bev.carapp/com.fawvw.hmi.bev.carapp.MainActivity (client)' consumer ~ appended to batch event
03-17 18:52:56.925  8377  8377 D InputTransport: channel '7a5e81e com.fawvw.hmi.bev.carapp/com.fawvw.hmi.bev.carapp.MainActivity (client)' ~ receive message failed, errno=11
03-17 18:52:56.925   903  1214 I InputVerifier: input: Processing MOVE for device DeviceId(2) (1 pointer) on PointerEventDispatcher0 (server)
03-17 18:52:56.925   400   452 I DefaultVehicleHal_v2_0: DefaultVehicleHal::onPropertyValue, value:{.timestamp = 110873375678, .areaId = 0, .prop = 557850658, .status = UNAVAILABLE, .value = {.int32Values = [1]{0}, .floatValues = [0]{}, .int64Values = [0]{}, .bytes = [0]{}, .stringValue = ""}}
03-17 18:52:56.925  6654  6707 D TimerTriggerController: Calling onTimerReset for timer: onMntnWarnReqChanged
03-17 18:52:56.925   400   452 D adayocomadapter-CommunicationManager: onUpstreamReceive mPropertyId 0x21402022
03-17 18:52:56.925  6654  6707 D TimerTriggerManager: Timer reset: onMntnWarnReqChanged
03-17 18:52:56.925   903  1214 D InputTransport: channel 'PointerEventDispatcher0 (server)' publisher ~ publishMotionEvent: seq=553, id=627389924, deviceId=2, source=TOUCHSCREEN, displayId=0, action=MOVE, actionButton=0x00000000, flags=0x0, edgeFlags=0x0, metaState=0x0, buttonState=0x0, classification=NONE,xPrecision=1.000391, yPrecision=1.000695, downTime=110849043000, eventTime=110872213000, pointerCount=1 
03-17 18:52:56.925   903  1214 D InputTransport:         transform (ROT_0) (IDENTITY)
03-17 18:52:56.925   400   452 D adayocomadapter-CommunicationManager: onUpstreamReceive isLoss 1 mPropertyId 0x21402023
03-17 18:52:56.925   400   452 D adayocomadapter-CommunicationManager: convertBytesToInt32Memcpy  0
03-17 18:52:56.925   903  1214 D InputTransport: channel 'PointerEventDispatcher0 (server)' ~ sent message of type MOTION
03-17 18:52:56.925   400   452 D vw-vhal : notifyVehicleProperty, propId = 0x21402023, data = {status: 3, int32Values: [0]}
03-17 18:52:56.925   400   452 I DefaultVehicleHal_v2_0: DefaultVehicleHal::onPropertyValue, value:{.timestamp = 110873503678, .areaId = 0, .prop = 557850659, .status = UNAVAILABLE, .value = {.int32Values = [1]{0}, .floatValues = [0]{}, .int64Values = [0]{}, .bytes = [0]{}, .stringValue = ""}}
03-17 18:52:56.925   903  1071 D InputTransport: channel 'PointerEventDispatcher0 (client)' consumer ~ consume: consumeBatches=false, frameTime=-1
03-17 18:52:56.925  8377  8377 D InputTransport: channel '7a5e81e com.fawvw.hmi.bev.carapp/com.fawvw.hmi.bev.carapp.MainActivity (client)' consumer ~ consume: consumeBatches=true, frameTime=110873147678
03-17 18:52:56.925   400   452 D adayocomadapter-CommunicationManager: onUpstreamReceive mPropertyId 0x21402023
03-17 18:52:56.926   903  1071 D InputTransport: channel 'PointerEventDispatcher0 (client)' ~ received message of type MOTION
03-17 18:52:56.926   400   452 D adayocomadapter-CommunicationManager: onUpstreamReceive isLoss 1 mPropertyId 0x2140104d
03-17 18:52:56.926  8377  8377 D InputTransport: channel '7a5e81e com.fawvw.hmi.bev.carapp/com.fawvw.hmi.bev.carapp.MainActivity (client)' ~ receive message failed, errno=11
03-17 18:52:56.926   903  1071 D InputTransport: channel 'PointerEventDispatcher0 (client)' consumer ~ started batch event
03-17 18:52:56.926   400   452 D adayocomadapter-CommunicationManager: convertBytesToInt32Memcpy  0
03-17 18:52:56.926   903  1071 D InputTransport: channel 'PointerEventDispatcher0 (client)' ~ receive message failed, errno=11
03-17 18:52:56.926   400   452 D vw-vhal : notifyVehicleProperty, propId = 0x2140104d, data = {status: 3, int32Values: [0]}
03-17 18:52:56.926  8377  8377 D InputTransport: [0] - out (1088.575, 767.467), cur (1088.575, 767.467), other (1088.575, 767.467), alpha 0.502
03-17 18:52:56.926   903  1071 D InputTransport: channel 'PointerEventDispatcher0 (client)' consumer ~ consume: consumeBatches=true, frameTime=-1
03-17 18:52:56.926  8377  8377 D InputTransport: channel '7a5e81e com.fawvw.hmi.bev.carapp/com.fawvw.hmi.bev.carapp.MainActivity (client)' consumer ~ consumed batch event, seq=550
03-17 18:52:56.926   400   452 I DefaultVehicleHal_v2_0: DefaultVehicleHal::onPropertyValue, value:{.timestamp = 110873625345, .areaId = 0, .prop = 557846605, .status = UNAVAILABLE, .value = {.int32Values = [1]{0}, .floatValues = [0]{}, .int64Values = [0]{}, .bytes = [0]{}, .stringValue = ""}}
03-17 18:52:56.926   903  1071 D InputTransport: channel 'PointerEventDispatcher0 (client)' ~ receive message failed, errno=11
03-17 18:52:56.926   400   452 D adayocomadapter-CommunicationManager: onUpstreamReceive mPropertyId 0x2140104d
03-17 18:52:56.926   903  1071 D InputTransport: channel 'PointerEventDispatcher0 (client)' consumer ~ consumed batch event, seq=553
03-17 18:52:56.926   903  1071 D VelocityTracker: VelocityTracker: addMovement eventTime=110872213000, pointerId=0, activePointerId=0
03-17 18:52:56.926   903  1071 D VelocityTracker:   0: axis=0, position=1088.575, estimator (degree=2, coeff=[ 1088.575195, 0.000000, 0.000000 ], confidence=1.000000)
03-17 18:52:56.926  8377  8377 D VelocityTracker: VelocityTracker: addMovement eventTime=110855140000, pointerId=0, activePointerId=0
03-17 18:52:56.926   903  1071 D VelocityTracker: VelocityTracker: addMovement eventTime=110872213000, pointerId=0, activePointerId=0
03-17 18:52:56.926  8377  8377 D VelocityTracker: solveLeastSquares: m=2, n=2, x=[ 0.000000, -0.006097 ], y=[ 480.575195, 480.575195 ], w=[ 1.000000, 1.000000 ]
03-17 18:52:56.926   903  1071 D VelocityTracker:   0: axis=1, position=767.467, estimator (degree=2, coeff=[ 767.466553, -0.105707, -4.584610 ], confidence=1.000000)
03-17 18:52:56.926  8377  8377 D VelocityTracker:   - a=[ [ 1.000000, 0.000000 ], [ 1.000000, -0.006097 ] ]
03-17 18:52:56.926  8377  8377 D VelocityTracker:   - q=[ [ 0.707107, 0.707107 ], [ 0.707107, -0.707107 ] ]
03-17 18:52:56.926  8377  8377 D VelocityTracker:   - r=[ [ 1.414214, -0.004311 ], [ 0.000000, 0.004311 ] ]
03-17 18:52:56.926   903  1071 D InputTransport: channel 'PointerEventDispatcher0 (client)' consumer ~ sendFinishedSignal: seq=553, handled=false
03-17 18:52:56.926  8377  8377 D VelocityTracker:   - qr=[ [ 1.000000, -0.000000 ], [ 1.000000, -0.006097 ] ]
03-17 18:52:56.926   903  1071 D InputTransport: channel 'PointerEventDispatcher0 (client)' ~ sent message of type FINISHED
03-17 18:52:56.926  8377  8377 D VelocityTracker:   - b=[ 480.575134, -0.014157 ]
03-17 18:52:56.926   903  1071 D InputTransport: channel 'PointerEventDispatcher0 (client)' consumer ~ consume: consumeBatches=true, frameTime=-1
03-17 18:52:56.926  8377  8377 D VelocityTracker:   - sserr=0.000000
03-17 18:52:56.926   903  1071 D InputTransport: channel 'PointerEventDispatcher0 (client)' ~ receive message failed, errno=11
03-17 18:52:56.926  8377  8377 D VelocityTracker:   - sstot=0.000000
03-17 18:52:56.926  8377  8377 D VelocityTracker:   - det=1.000000
03-17 18:52:56.926  8377  8377 D VelocityTracker: estimate: degree=1, coeff=[ 480.575134, -0.014157 ], confidence=1.000000
03-17 18:52:56.926  8377  8377 D VelocityTracker:   0: axis=0, position=480.575, estimator (degree=1, coeff=[ 480.575134, -0.014157 ], confidence=1.000000)
03-17 18:52:56.926   903  1214 D InputTransport: channel 'PointerEventDispatcher0 (server)' ~ received message of type FINISHED
03-17 18:52:56.926  8377  8377 D VelocityTracker: VelocityTracker: addMovement eventTime=110855140000, pointerId=0, activePointerId=0
03-17 18:52:56.926   903  1214 D InputTransport: channel 'PointerEventDispatcher0 (server)' publisher ~ receiveConsumerResponse: finished: seq=553, handled=false
03-17 18:52:56.926  8377  8377 D VelocityTracker: solveLeastSquares: m=2, n=2, x=[ 0.000000, -0.006097 ], y=[ 443.466797, 443.466797 ], w=[ 1.000000, 1.000000 ]
03-17 18:52:56.926   903  1214 D InputDispatcher: channel 'PointerEventDispatcher0 (server)' ~ finishDispatchCycle - seq=553, handled=false
03-17 18:52:56.926  8377  8377 D VelocityTracker:   - a=[ [ 1.000000, 0.000000 ], [ 1.000000, -0.006097 ] ]
03-17 18:52:56.926   903  1214 D InputTransport: channel 'PointerEventDispatcher0 (server)' ~ receive message failed, errno=11
03-17 18:52:56.926  8377  8377 D VelocityTracker:   - q=[ [ 0.707107, 0.707107 ], [ 0.707107, -0.707107 ] ]
03-17 18:52:56.926   903  1214 D InputTransport: channel 'PointerEventDispatcher0 (server)' publisher ~ receiveConsumerResponse: Unknown error -11
03-17 18:52:56.926  8377  8377 D VelocityTracker:   - r=[ [ 1.414214, -0.004311 ], [ 0.000000, 0.004311 ] ]
03-17 18:52:56.926  8377  8377 D VelocityTracker:   - qr=[ [ 1.000000, -0.000000 ], [ 1.000000, -0.006097 ] ]
03-17 18:52:56.926   903  1214 D InputDispatcher: channel 'PointerEventDispatcher0 (server)' ~ startDispatchCycle
03-17 18:52:56.926  8377  8377 D VelocityTracker:   - b=[ 443.466736, -0.014157 ]
03-17 18:52:56.926  8377  8377 D VelocityTracker:   - sserr=0.000000
03-17 18:52:56.926  8377  8377 D VelocityTracker:   - sstot=0.000000
03-17 18:52:56.926  8377  8377 D VelocityTracker:   - det=1.000000
03-17 18:52:56.926  8377  8377 D VelocityTracker: estimate: degree=1, coeff=[ 443.466736, -0.014157 ], confidence=1.000000
03-17 18:52:56.926  6654  6707 I TimerTriggerController: Timer [onMntnWarnReqChanged] reset, remaining: 5000ms, reset count: 314
03-17 18:52:56.926  8377  8377 D VelocityTracker:   0: axis=1, position=443.467, estimator (degree=1, coeff=[ 443.466736, -0.014157 ], confidence=1.000000)
03-17 18:52:56.926  8377  8377 D VelocityTracker: VelocityTracker: addMovement eventTime=110864051000, pointerId=0, activePointerId=0
03-17 18:52:56.926  8377  8377 D VelocityTracker:   0: axis=0, position=480.575, estimator (degree=2, coeff=[ 480.575195, 0.000000, 0.000000 ], confidence=1.000000)
03-17 18:52:56.926  8377  8377 D VelocityTracker: VelocityTracker: addMovement eventTime=110864051000, pointerId=0, activePointerId=0
03-17 18:52:56.926  8377  8377 D VelocityTracker:   0: axis=1, position=443.467, estimator (degree=2, coeff=[ 443.466675, -0.111550, -7.661004 ], confidence=1.000000)
03-17 18:52:56.926  8377  8377 D InputTransport: channel '7a5e81e com.fawvw.hmi.bev.carapp/com.fawvw.hmi.bev.carapp.MainActivity (client)' consumer ~ sendFinishedSignal: seq=550, handled=true
03-17 18:52:56.926  8377  8377 D InputTransport: channel '7a5e81e com.fawvw.hmi.bev.carapp/com.fawvw.hmi.bev.carapp.MainActivity (client)' ~ sent message of type FINISHED
03-17 18:52:56.927  8377  8377 D InputTransport: channel '7a5e81e com.fawvw.hmi.bev.carapp/com.fawvw.hmi.bev.carapp.MainActivity (client)' ~ sent message of type FINISHED
03-17 18:52:56.927   903  1214 D InputTransport: channel '7a5e81e com.fawvw.hmi.bev.carapp/com.fawvw.hmi.bev.carapp.MainActivity (server)' ~ received message of type FINISHED
03-17 18:52:56.927  8377  8377 D InputTransport: channel '7a5e81e com.fawvw.hmi.bev.carapp/com.fawvw.hmi.bev.carapp.MainActivity (client)' consumer ~ consume: consumeBatches=true, frameTime=110873147678
03-17 18:52:56.927   903  1214 D InputTransport: channel '7a5e81e com.fawvw.hmi.bev.carapp/com.fawvw.hmi.bev.carapp.MainActivity (server)' publisher ~ receiveConsumerResponse: finished: seq=548, handled=true
03-17 18:52:56.927  8377  8377 D InputTransport: channel '7a5e81e com.fawvw.hmi.bev.carapp/com.fawvw.hmi.bev.carapp.MainActivity (client)' ~ receive message failed, errno=11
03-17 18:52:56.927   903  1214 D InputDispatcher: channel '7a5e81e com.fawvw.hmi.bev.carapp/com.fawvw.hmi.bev.carapp.MainActivity (server)' ~ finishDispatchCycle - seq=548, handled=true
