03-17 18:52:57.610  8377  8491 I AccessPoint: AccessPoint: AndroidAP_5418, detailed state: null, isReachable: true
03-17 18:52:57.610  8377  8491 W SettingsLib.AccessPoint: NetworkInfo is null, cannot return detailed state
03-17 18:52:57.610  8377  8491 W SettingsLib.AccessPoint: NetworkInfo is null, cannot return detailed state
03-17 18:52:57.610  8377  8491 I AccessPoint: AccessPoint: AndroidAP_6881, detailed state: null, isReachable: true
03-17 18:52:57.610  8377  8491 W SettingsLib.AccessPoint: NetworkInfo is null, cannot return detailed state
03-17 18:52:57.610  8377  8491 W SettingsLib.AccessPoint: NetworkInfo is null, cannot return detailed state
03-17 18:52:57.610  8377  8491 I AccessPoint: AccessPoint: AndroidAP_7437, detailed state: null, isReachable: true
03-17 18:52:57.610  8377  8491 W SettingsLib.AccessPoint: NetworkInfo is null, cannot return detailed state
03-17 18:52:57.610  8377  8491 W SettingsLib.AccessPoint: NetworkInfo is null, cannot return detailed state
03-17 18:52:57.610  8377  8491 I AccessPoint: AccessPoint: AndroidAuto_5G, detailed state: null, isReachable: true
03-17 18:52:57.610  8377  8491 W SettingsLib.AccessPoint: NetworkInfo is null, cannot return detailed state
03-17 18:52:57.610  8377  8491 W SettingsLib.AccessPoint: NetworkInfo is null, cannot return detailed state
03-17 18:52:57.610  8377  8491 I AccessPoint: AccessPoint: TP-LINK_45A7, detailed state: null, isReachable: true
03-17 18:52:57.610  8377  8491 W SettingsLib.AccessPoint: NetworkInfo is null, cannot return detailed state
03-17 18:52:57.610  8377  8491 W SettingsLib.AccessPoint: NetworkInfo is null, cannot return detailed state
03-17 18:52:57.610  8377  8491 I AccessPoint: AccessPoint: TP-LINK_APP, detailed state: null, isReachable: true
03-17 18:52:57.610  8377  8491 W SettingsLib.AccessPoint: NetworkInfo is null, cannot return detailed state
03-17 18:52:57.610  8377  8491 W SettingsLib.AccessPoint: NetworkInfo is null, cannot return detailed state
03-17 18:52:57.611  8377  8491 I AccessPoint: AccessPoint: TP-LINK_DE9B, detailed state: null, isReachable: true
03-17 18:52:57.611  8377  8491 W SettingsLib.AccessPoint: NetworkInfo is null, cannot return detailed state
03-17 18:52:57.611  8377  8491 W SettingsLib.AccessPoint: NetworkInfo is null, cannot return detailed state
03-17 18:52:57.611  8377  8491 I AccessPoint: AccessPoint: Adayo-CW, detailed state: null, isReachable: true
03-17 18:52:57.611  8377  8491 W SettingsLib.AccessPoint: NetworkInfo is null, cannot return detailed state
03-17 18:52:57.611  8377  8491 W SettingsLib.AccessPoint: NetworkInfo is null, cannot return detailed state
03-17 18:52:57.611  8377  8491 I AccessPoint: AccessPoint: ADAYOGE FangKe, detailed state: null, isReachable: true
03-17 18:52:57.611  8377  8491 W SettingsLib.AccessPoint: NetworkInfo is null, cannot return detailed state
03-17 18:52:57.611  8377  8491 W SettingsLib.AccessPoint: NetworkInfo is null, cannot return detailed state
03-17 18:52:57.611  8377  8491 I AccessPoint: AccessPoint: ADAYOGE WiFi, detailed state: null, isReachable: true
03-17 18:52:57.611  8377  8491 W SettingsLib.AccessPoint: NetworkInfo is null, cannot return detailed state
03-17 18:52:57.611  8377  8491 W SettingsLib.AccessPoint: NetworkInfo is null, cannot return detailed state
03-17 18:52:57.611  8377  8491 I AccessPoint: AccessPoint: AKALMING, detailed state: null, isReachable: true
03-17 18:52:57.611  8377  8491 W SettingsLib.AccessPoint: NetworkInfo is null, cannot return detailed state
03-17 18:52:57.611  8377  8491 W SettingsLib.AccessPoint: NetworkInfo is null, cannot return detailed state
03-17 18:52:57.611  8377  8491 I AccessPoint: AccessPoint: AndroidAP_3590, detailed state: null, isReachable: true
03-17 18:52:57.611  8377  8491 W SettingsLib.AccessPoint: NetworkInfo is null, cannot return detailed state
03-17 18:52:57.611  8377  8491 W SettingsLib.AccessPoint: NetworkInfo is null, cannot return detailed state
03-17 18:52:57.611  8377  8491 I AccessPoint: AccessPoint: AndroidAP_5614, detailed state: null, isReachable: true
03-17 18:52:57.611  8377  8491 W SettingsLib.AccessPoint: NetworkInfo is null, cannot return detailed state
03-17 18:52:57.611  8377  8491 W SettingsLib.AccessPoint: NetworkInfo is null, cannot return detailed state
03-17 18:52:57.611  8377  8491 I AccessPoint: AccessPoint: FL-5G-1497, detailed state: null, isReachable: true
03-17 18:52:57.611  8377  8491 W SettingsLib.AccessPoint: NetworkInfo is null, cannot return detailed state
03-17 18:52:57.611  8377  8491 W SettingsLib.AccessPoint: NetworkInfo is null, cannot return detailed state
03-17 18:52:57.611  8377  8491 I AccessPoint: AccessPoint: FX_2415, detailed state: null, isReachable: true
03-17 18:52:57.611  8377  8491 W SettingsLib.AccessPoint: NetworkInfo is null, cannot return detailed state
03-17 18:52:57.611  8377  8491 W SettingsLib.AccessPoint: NetworkInfo is null, cannot return detailed state
03-17 18:52:57.611  8377  8491 I AccessPoint: AccessPoint: FX_8833, detailed state: null, isReachable: true
03-17 18:52:57.611  8377  8491 W SettingsLib.AccessPoint: NetworkInfo is null, cannot return detailed state
03-17 18:52:57.611  8377  8491 W SettingsLib.AccessPoint: NetworkInfo is null, cannot return detailed state
03-17 18:52:57.611  8377  8491 I AccessPoint: AccessPoint: iPhone 13 Pro, detailed state: null, isReachable: true
03-17 18:52:57.611  8377  8491 W SettingsLib.AccessPoint: NetworkInfo is null, cannot return detailed state
03-17 18:52:57.611  8377  8491 W SettingsLib.AccessPoint: NetworkInfo is null, cannot return detailed state
03-17 18:52:57.611   903  1806 I WifiService: getSupportedFeatures uid=1000 returns 19d81dcfca8b01d
03-17 18:52:57.611  8377  8491 I AccessPoint: AccessPoint: JETTA WLAN 001, detailed state: null, isReachable: true
03-17 18:52:57.611  8377  8491 W SettingsLib.AccessPoint: NetworkInfo is null, cannot return detailed state
03-17 18:52:57.611  8377  8491 W SettingsLib.AccessPoint: NetworkInfo is null, cannot return detailed state
03-17 18:52:57.611  8377  8491 I AccessPoint: AccessPoint: ProductPro, detailed state: null, isReachable: true
03-17 18:52:57.611  8377  8491 W SettingsLib.AccessPoint: NetworkInfo is null, cannot return detailed state
03-17 18:52:57.611  8377  8491 W SettingsLib.AccessPoint: NetworkInfo is null, cannot return detailed state
03-17 18:52:57.611  8377  8491 I AccessPoint: AccessPoint: TP-LINK_3AFA, detailed state: null, isReachable: true
03-17 18:52:57.611  8377  8491 W SettingsLib.AccessPoint: NetworkInfo is null, cannot return detailed state
03-17 18:52:57.611  8377  8491 W SettingsLib.AccessPoint: NetworkInfo is null, cannot return detailed state
03-17 18:52:57.611  8377  8491 I AccessPoint: AccessPoint: TP-LINK_E6B8, detailed state: null, isReachable: true
03-17 18:52:57.611  8377  8491 W SettingsLib.AccessPoint: NetworkInfo is null, cannot return detailed state
03-17 18:52:57.611  8377  8491 W SettingsLib.AccessPoint: NetworkInfo is null, cannot return detailed state
03-17 18:52:57.611   582  3616 E WifiHAL : Invalid data received from driver
03-17 18:52:57.611  8377  8491 I AccessPoint: AccessPoint: Xiaomi 14, detailed state: null, isReachable: true
03-17 18:52:57.611  8377  8491 W SettingsLib.AccessPoint: NetworkInfo is null, cannot return detailed state
03-17 18:52:57.611  8377  8491 W SettingsLib.AccessPoint: NetworkInfo is null, cannot return detailed state
03-17 18:52:57.611  8377  8491 I AccessPoint: AccessPoint: ZTE_3DA119, detailed state: null, isReachable: true
03-17 18:52:57.611  8377  8491 W SettingsLib.AccessPoint: NetworkInfo is null, cannot return detailed state
03-17 18:52:57.611  8377  8491 W SettingsLib.AccessPoint: NetworkInfo is null, cannot return detailed state
03-17 18:52:57.611  8377  8491 I AccessPoint: AccessPoint: ABCDEFG, detailed state: null, isReachable: true
03-17 18:52:57.612  8377  8491 W SettingsLib.AccessPoint: NetworkInfo is null, cannot return detailed state
03-17 18:52:57.612  8377  8491 W SettingsLib.AccessPoint: NetworkInfo is null, cannot return detailed state
03-17 18:52:57.612  8377  8491 I AccessPoint: AccessPoint: ADAYOGE-HK, detailed state: null, isReachable: true
03-17 18:52:57.612  8377  8491 W SettingsLib.AccessPoint: NetworkInfo is null, cannot return detailed state
03-17 18:52:57.612  8377  8491 W SettingsLib.AccessPoint: NetworkInfo is null, cannot return detailed state
03-17 18:52:57.612  8377  8491 I AccessPoint: AccessPoint: AndroidAP_2884, detailed state: null, isReachable: true
03-17 18:52:57.612  8377  8491 W SettingsLib.AccessPoint: NetworkInfo is null, cannot return detailed state
03-17 18:52:57.612  8377  8491 W SettingsLib.AccessPoint: NetworkInfo is null, cannot return detailed state
03-17 18:52:57.612  8377  8491 I AccessPoint: AccessPoint: DIRECT-ea84-1590, detailed state: null, isReachable: true
03-17 18:52:57.612  8377  8491 W SettingsLib.AccessPoint: NetworkInfo is null, cannot return detailed state
03-17 18:52:57.612  8377  8491 W SettingsLib.AccessPoint: NetworkInfo is null, cannot return detailed state
03-17 18:52:57.612  8377  8491 I AccessPoint: AccessPoint: HUAWEI_B316_9AF2_5G, detailed state: null, isReachable: true
03-17 18:52:57.612  8377  8491 W SettingsLib.AccessPoint: NetworkInfo is null, cannot return detailed state
03-17 18:52:57.612  8377  8491 W SettingsLib.AccessPoint: NetworkInfo is null, cannot return detailed state
03-17 18:52:57.612  8377  8491 I AccessPoint: AccessPoint: nidewifi-5G, detailed state: null, isReachable: true
03-17 18:52:57.612  8377  8491 W SettingsLib.AccessPoint: NetworkInfo is null, cannot return detailed state
03-17 18:52:57.612  8377  8491 W SettingsLib.AccessPoint: NetworkInfo is null, cannot return detailed state
03-17 18:52:57.612  8377  8491 I AccessPoint: AccessPoint: Tony’s 20phone, detailed state: null, isReachable: true
03-17 18:52:57.612  8377  8491 W SettingsLib.AccessPoint: NetworkInfo is null, cannot return detailed state
03-17 18:52:57.612  8377  8491 W SettingsLib.AccessPoint: NetworkInfo is null, cannot return detailed state
03-17 18:52:57.612  8377  8491 I AccessPoint: AccessPoint: TP_KK, detailed state: null, isReachable: true
03-17 18:52:57.612  8377  8491 W SettingsLib.AccessPoint: NetworkInfo is null, cannot return detailed state
03-17 18:52:57.612  8377  8491 I CnsCarApp-WlanRepositoryImpl: No connected access point!!
03-17 18:52:57.614  8377  8543 I WifiTracker: Fetched scan results: [SSID: "Xiaomi 14", BSSID: 56:7e:4b:55:b8:0a, capabilities: [WPA2-PSK-CCMP][RSN-PSK-CCMP][ESS], level: -78, frequency: 5765, timestamp: 103289333, distance: ?(cm), distanceSd: ?(cm), passpoint: no, ChannelBandwidth: 2, centerFreq0: 5775, centerFreq1: 0, standard: 11ac, 80211mcResponder: is not supported, Radio Chain Infos: [RadioChainInfo: id=0, level=-79, RadioChainInfo: id=1, level=-86], interface name: wlan0, SSID: "Adayo-CW", BSSID: 80:ae:54:0e:1b:c3, capabilities: [WPA2-PSK-CCMP][RSN-PSK-CCMP][WPA-PSK-CCMP][ESS], level: -87, frequency: 5240, timestamp: 104182390, distance: ?(cm), distanceSd: ?(cm), passpoint: no, ChannelBandwidth: 3, centerFreq0: 5210, centerFreq1: 5250, standard: 11ax, 80211mcResponder: is not supported, Radio Chain Infos: [RadioChainInfo: id=0, level=-89, RadioChainInfo: id=1, level=-92], interface name: wlan0, SSID: , BSSID: aa:02:db:f9:b9:e5, capabilities: [WPA-PSK-CCMP][WPA2-PSK-CCMP][RSN-PSK-CCMP][ESS], level: -58, frequency: 5260, timestamp: 104446769, distance: ?(cm), distanceSd: ?(cm), passpoint: no, ChannelBandwidth: 2, centerFreq0: 5290, centerFreq1: 0, standard: 11ax, 80211mcResponder: is not supported, Radio Chain Infos: [RadioChainInfo: id=0, level=-59, RadioChainInfo: id=1, level=-66], interface name: wlan0, SSID: "nidewifi-5G", BSSID: 18:47:4d:b4:cd:8f, capabilities: [WPA2-PSK-CCMP][RSN-PSK-CCMP][ESS], level: -91, frequency: 5805, timestamp: 103485484, distance: ?(cm), distanceSd: ?(cm), passpoint: no, ChannelBandwidth: 2, centerFreq0: 5775, centerFreq1: 0, standard: 11ac, 80211mcResponder: is not supported, Radio Chain Infos: [RadioChainInfo: id=0, level=-92, RadioChainInfo: id=1, level=-98], interface name: wlan0, SSID: "Tony’s 20phone", BSSID: fe:95:22:c2:25:70, capabilities: [WPA2-PSK-CCMP][RSN-PSK+SAE-CCMP][ESS][MFPC], level: -93, frequency: 5745, timestamp: 104652566, distance: ?(cm), distanceSd: ?(cm), passpoint: no, ChannelBandwidth: 2, centerFreq0: 5775, centerFreq1: 0, standard: 11ax, 80211mcResponder: is not supported, Radio Chain Infos: [RadioChainInfo: id=0, level=-94, RadioChainInfo: id=1, level=-98], interface name: wlan0, SSID: "TP_KK", BSSID: 94:d9:b3:f9:32:b9, capabilities: [WPA-PSK-CCMP][WPA2-PSK-CCMP][RSN-PSK-CCMP][ESS], level: -90, frequency: 5745, timestamp: 104841662, distance: ?(cm), distanceSd: ?(cm), passpoint: no, ChannelBandwidth: 2, centerFreq0: 5775, centerFreq1: 0, standard: 11ac, 80211mcResponder: is not supported, Radio Chain Infos: [RadioChainInfo: id=0, level=-91, RadioChainInfo: id=1, level=-98], interface name: wlan0, SSID: "TP-LINK_E6B8", BSSID: 74:05:a5:c3:e6:ba, capabilities: [WPA-PSK-CCMP][WPA2-PSK-CCMP][RSN-PSK-CCMP][ESS], level: -86, frequency: 5745, timestamp: 103249304, distance: ?(cm), distanceSd: ?(cm), passpoint: no, ChannelBandwidth: 2, centerFreq0: 5775, centerFreq1: 0, standard: 11ac, 80211mcResponder: is not supported, Radio Chain Infos: [RadioChainInfo: id=0, level=-87, RadioChainInfo: id=1, level=-91], interface name: wlan0, SSID: "AndroidAuto_5G", BSSID: b0:6e:bf:3c:71:dc, capabilities: [WPA2-PSK-CCMP][RSN-PSK-CCMP][ESS], level: -75, frequency: 5745, timestamp: 104826727, distance: ?(cm), distanceSd: ?(cm), passpoint: no, ChannelBandwidth: 2, centerFreq0: 5775, centerFreq1: 0, standard: 11ac, 80211mcResponder: is not supported, Radio Chain Infos: [RadioChainInfo: id=0, level=-78, RadioChainInfo: id=1, level=-77], interface name: wlan0, SSID: "AndroidAP_6881", BSSID: a2:99:17:1e:f6:2d, capabilities: [WPA2-PSK-CCMP][RSN-PSK+SAE-CCMP][ESS][MFPC], level: -76, frequency: 5745, timestamp: 104494571, distance: ?(cm), distanceSd: ?(cm), passpoint: no, ChannelBandwidth: 2, centerFreq0: 5775, centerFreq1: 0, standard: 11ac, 80211mcResponder: is not supported, Radio Chain Infos: [RadioChainInfo: id=0, level=-77, RadioChainInfo: id=1, level=-84], interface name: wlan0, SSID: "Cudy-6C60-5G", BSSID: 82:af:ca:b5:6c:61, capabilities: [WPA2-PSK-CCMP][RSN-PSK-CCMP][ESS], level: -24, frequency: 5180, timestamp: 103747471, distance: ?(cm), distanceSd: ?(cm), passpoint: no, ChannelBand
03-17 18:52:57.614  8377  8491 I CnsCarApp-WlanViewModel: onAccessPointsChanged, connected WIFI: null
03-17 18:52:57.614   903  1833 I WifiService: getWifiEnabledState uid=1000 state=3
03-17 18:52:57.615  8377  8491 I CarWifiManager: AccessPoint Cudy-6C60, isReachable: true
03-17 18:52:57.615  8377  8491 I CarWifiManager: AccessPoint Cudy-6C60-5G, isReachable: true
03-17 18:52:57.615  8377  8491 I CarWifiManager: AccessPoint ChinaNet-D9B9E4-5G, isReachable: true
03-17 18:52:57.615  8377  8491 I CarWifiManager: AccessPoint DEEPAL, isReachable: true
03-17 18:52:57.615  8377  8491 I CarWifiManager: AccessPoint HONOR 100, isReachable: true
03-17 18:52:57.615  8377  8491 I CarWifiManager: AccessPoint TP-LINK_CAR, isReachable: true
03-17 18:52:57.615  8377  8491 I CarWifiManager: AccessPoint AndroidAP_4071, isReachable: true
03-17 18:52:57.615  8377  8491 I CarWifiManager: AccessPoint AndroidAP_5418, isReachable: true
03-17 18:52:57.615  8377  8491 I CarWifiManager: AccessPoint AndroidAP_6881, isReachable: true
03-17 18:52:57.615  8377  8491 I CarWifiManager: AccessPoint AndroidAP_7437, isReachable: true
03-17 18:52:57.615  8377  8491 I CarWifiManager: AccessPoint AndroidAuto_5G, isReachable: true
03-17 18:52:57.615  8377  8491 I CarWifiManager: AccessPoint TP-LINK_45A7, isReachable: true
03-17 18:52:57.615  8377  8491 I CarWifiManager: AccessPoint TP-LINK_APP, isReachable: true
03-17 18:52:57.615  8377  8491 I CarWifiManager: AccessPoint TP-LINK_DE9B, isReachable: true
03-17 18:52:57.615  8377  8491 I CarWifiManager: AccessPoint Adayo-CW, isReachable: true
03-17 18:52:57.615  8377  8491 I CarWifiManager: AccessPoint ADAYOGE FangKe, isReachable: true
03-17 18:52:57.615  8377  8491 I CarWifiManager: AccessPoint ADAYOGE WiFi, isReachable: true
03-17 18:52:57.615  8377  8491 I CarWifiManager: AccessPoint AKALMING, isReachable: true
03-17 18:52:57.615  8377  8491 I CarWifiManager: AccessPoint AndroidAP_3590, isReachable: true
03-17 18:52:57.615  8377  8491 I CarWifiManager: AccessPoint AndroidAP_5614, isReachable: true
03-17 18:52:57.615  8377  8491 I CarWifiManager: AccessPoint FL-5G-1497, isReachable: true
03-17 18:52:57.615  8377  8491 I CarWifiManager: AccessPoint FX_2415, isReachable: true
03-17 18:52:57.615  8377  8491 I CarWifiManager: AccessPoint FX_8833, isReachable: true
03-17 18:52:57.615  8377  8491 I CarWifiManager: AccessPoint iPhone 13 Pro, isReachable: true
03-17 18:52:57.615  8377  8491 I CarWifiManager: AccessPoint JETTA WLAN 001, isReachable: true
03-17 18:52:57.615  8377  8491 I CarWifiManager: AccessPoint ProductPro, isReachable: true
03-17 18:52:57.615  8377  8491 I CarWifiManager: AccessPoint TP-LINK_3AFA, isReachable: true
03-17 18:52:57.615  8377  8491 I CarWifiManager: AccessPoint TP-LINK_E6B8, isReachable: true
03-17 18:52:57.615  8377  8491 I CarWifiManager: AccessPoint Xiaomi 14, isReachable: true
03-17 18:52:57.615  8377  8491 I CarWifiManager: AccessPoint ZTE_3DA119, isReachable: true
03-17 18:52:57.615  8377  8491 I CarWifiManager: AccessPoint ABCDEFG, isReachable: true
03-17 18:52:57.615  8377  8491 I CarWifiManager: AccessPoint ADAYOGE-HK, isReachable: true
03-17 18:52:57.615  8377  8491 I CarWifiManager: AccessPoint AndroidAP_2884, isReachable: true
03-17 18:52:57.615  8377  8491 I CarWifiManager: AccessPoint DIRECT-ea84-1590, isReachable: true
03-17 18:52:57.615  8377  8491 I CarWifiManager: AccessPoint HUAWEI_B316_9AF2_5G, isReachable: true
03-17 18:52:57.615  8377  8491 I CarWifiManager: AccessPoint nidewifi-5G, isReachable: true
03-17 18:52:57.615  8377  8491 I CarWifiManager: AccessPoint Tony’s 20phone, isReachable: true
03-17 18:52:57.615  8377  8491 I CarWifiManager: AccessPoint TP_KK, isReachable: true
03-17 18:52:57.616   903  1806 I WifiService: getConfiguredNetworks uid=1000
03-17 18:52:57.616  8377  8491 W SettingsLib.AccessPoint: NetworkInfo is null, cannot return detailed state
03-17 18:52:57.617  2383  2600 D AdayoDoipServer294_Doip: [ne_doip_event_loop_dispatch][line:141] : count = 0
03-17 18:52:57.617  8377  8491 W SettingsLib.AccessPoint: NetworkInfo is null, cannot return detailed state
03-17 18:52:57.617  8377  8491 W SettingsLib.AccessPoint: NetworkInfo is null, cannot return detailed state
03-17 18:52:57.617  8377  8491 W SettingsLib.AccessPoint: NetworkInfo is null, cannot return detailed state
03-17 18:52:57.618  8377  8491 W SettingsLib.AccessPoint: NetworkInfo is null, cannot return detailed state
03-17 18:52:57.618  8377  8491 W SettingsLib.AccessPoint: NetworkInfo is null, cannot return detailed state
03-17 18:52:57.618  8377  8491 W SettingsLib.AccessPoint: NetworkInfo is null, cannot return detailed state
03-17 18:52:57.619  8377  8491 W SettingsLib.AccessPoint: NetworkInfo is null, cannot return detailed state
03-17 18:52:57.619  8377  8491 W SettingsLib.AccessPoint: NetworkInfo is null, cannot return detailed state
03-17 18:52:57.619  8377  8491 W SettingsLib.AccessPoint: NetworkInfo is null, cannot return detailed state
03-17 18:52:57.620  8377  8491 W SettingsLib.AccessPoint: NetworkInfo is null, cannot return detailed state
03-17 18:52:57.620  8377  8491 W SettingsLib.AccessPoint: NetworkInfo is null, cannot return detailed state
03-17 18:52:57.620  8377  8491 W SettingsLib.AccessPoint: NetworkInfo is null, cannot return detailed state
03-17 18:52:57.621  8377  8491 W SettingsLib.AccessPoint: NetworkInfo is null, cannot return detailed state
03-17 18:52:57.621  8377  8491 W SettingsLib.AccessPoint: NetworkInfo is null, cannot return detailed state
03-17 18:52:57.622  8377  8491 W SettingsLib.AccessPoint: NetworkInfo is null, cannot return detailed state
03-17 18:52:57.622  8377  8491 W SettingsLib.AccessPoint: NetworkInfo is null, cannot return detailed state
03-17 18:52:57.623  8377  8491 W SettingsLib.AccessPoint: NetworkInfo is null, cannot return detailed state
03-17 18:52:57.623  8377  8491 W SettingsLib.AccessPoint: NetworkInfo is null, cannot return detailed state
03-17 18:52:57.624  8377  8491 W SettingsLib.AccessPoint: NetworkInfo is null, cannot return detailed state
03-17 18:52:57.625  8377  8491 W SettingsLib.AccessPoint: NetworkInfo is null, cannot return detailed state
03-17 18:52:57.626  8377  8491 W SettingsLib.AccessPoint: NetworkInfo is null, cannot return detailed state
03-17 18:52:57.626  8377  8491 W SettingsLib.AccessPoint: NetworkInfo is null, cannot return detailed state
03-17 18:52:57.627  6654  6700 D TimerTriggerManager: init instance...
03-17 18:52:57.627  8377  8491 W SettingsLib.AccessPoint: NetworkInfo is null, cannot return detailed state
03-17 18:52:57.627  6654  6700 D TimerTriggerManager: Timer thread'TimerTriggerManager' is destroyed: false
03-17 18:52:57.627  6654  6700 D TimerTriggerManager: Timer 'onIndcnVehSpdChanged' is running: true
03-17 18:52:57.627  6654  6700 D TimerTriggerManager: Sending reset signal to timer 'onIndcnVehSpdChanged'
03-17 18:52:57.628  6654  6700 D TimerTriggerManager: Reset signal sent to timer 'onIndcnVehSpdChanged'
03-17 18:52:57.628  6654  6707 D TimerTriggerController: Reset method called for timer: onIndcnVehSpdChanged
03-17 18:52:57.628  8377  8491 W SettingsLib.AccessPoint: NetworkInfo is null, cannot return detailed state
03-17 18:52:57.628  6654  6707 D TimerTriggerController: Calling onTimerReset for timer: onIndcnVehSpdChanged
03-17 18:52:57.628  6654  6707 D TimerTriggerManager: Timer reset: onIndcnVehSpdChanged
03-17 18:52:57.629  6654  6707 I TimerTriggerController: Timer [onIndcnVehSpdChanged] reset, remaining: 1000ms, reset count: 635
03-17 18:52:57.629  8377  8491 W SettingsLib.AccessPoint: NetworkInfo is null, cannot return detailed state
03-17 18:52:57.630  8377  8491 W SettingsLib.AccessPoint: NetworkInfo is null, cannot return detailed state
03-17 18:52:57.630  8377  8491 W SettingsLib.AccessPoint: NetworkInfo is null, cannot return detailed state
03-17 18:52:57.631  8377  8491 W SettingsLib.AccessPoint: NetworkInfo is null, cannot return detailed state
03-17 18:52:57.631  8377  8491 W SettingsLib.AccessPoint: NetworkInfo is null, cannot return detailed state
03-17 18:52:57.632  8377  8491 W SettingsLib.AccessPoint: NetworkInfo is null, cannot return detailed state
03-17 18:52:57.632  8377  8491 W SettingsLib.AccessPoint: NetworkInfo is null, cannot return detailed state
03-17 18:52:57.633  8377  8491 W SettingsLib.AccessPoint: NetworkInfo is null, cannot return detailed state
03-17 18:52:57.634  8377  8491 W SettingsLib.AccessPoint: NetworkInfo is null, cannot return detailed state
03-17 18:52:57.635  8377  8491 W SettingsLib.AccessPoint: NetworkInfo is null, cannot return detailed state
03-17 18:52:57.637  8377  8491 W SettingsLib.AccessPoint: NetworkInfo is null, cannot return detailed state
03-17 18:52:57.638  8377  8491 W SettingsLib.AccessPoint: NetworkInfo is null, cannot return detailed state
03-17 18:52:57.639  8377  8491 I CnsCarApp-WlanRepositoryImpl: Available WIFI: { 
03-17 18:52:57.639  8377  8491 I CnsCarApp-WlanRepositoryImpl:   AccessPoint(Cudy-6C60:80:af:ca:b5:6c:60,saved,active,WPA2,level=4,metered=false,rssi=-31,scan cache size=1), AccessPoint(Cudy-6C60-5G:82:af:ca:b5:6c:61,connectable,WPA2,level=4,metered=false,rssi=-24,scan cache size=1), AccessPoint(ChinaNet-D9B9E4-5G:a8:02:db:d9:b9:e5,connectable,WPA_WPA2,level=3,metered=false,rssi=-57,scan cache size=1), AccessPoint(DEEPAL:50:c3:a2:c6:f2:d5,connectable,SAE,level=3,metered=false,rssi=-59,scan cache size=2), AccessPoint(HONOR 100:ee:72:e6:40:b9:a8,connectable,WPA2,level=3,metered=false,rssi=-64,scan cache size=1), AccessPoint(TP-LINK_CAR:80:ea:07:6b:3c:77,connectable,WPA_WPA2,level=3,metered=false,rssi=-65,scan cache size=1), AccessPoint(AndroidAP_4071:f2:6b:52:a1:d8:b1,connectable,SAE,level=2,metered=false,rssi=-77,scan cache size=1), AccessPoint(AndroidAP_5418:06:d3:f7:40:6e:ee,connectable,SAE,level=2,metered=false,rssi=-71,scan cache size=1), AccessPoint(AndroidAP_6881:a2:99:17:1e:f6:2d,connectable,SAE,level=2,metered=false,rssi=-76,scan cache size=1), AccessPoint(AndroidAP_7437:16:1a:5e:b6:ab:a3,connectable,SAE,level=2,metered=false,rssi=-68,scan cache size=1), AccessPoint(AndroidAuto_5G:b0:6e:bf:3c:71:dc,connectable,WPA2,level=2,metered=false,rssi=-74,scan cache size=1), AccessPoint(TP-LINK_45A7:74:39:89:18:45:a9,connectable,WPA_WPA2,level=2,metered=false,rssi=-76,scan cache size=1), AccessPoint(TP-LINK_APP:80:ea:07:6b:3c:79,connectable,WPA_WPA2,level=2,metered=false,rssi=-72,scan cache size=1), AccessPoint(TP-LINK_DE9B:68:dd:b7:a1:de:9d,connectable,WPA_WPA2,level=2,metered=false,rssi=-76,scan cache size=1), AccessPoint(Adayo-CW:80:ae:54:0e:1b:c3,connectable,WPA_WPA2,level=1,metered=false,rssi=-87,scan cache size=1), AccessPoint(ADAYOGE FangKe:74:ea:cb:f6:5b:02,connectable,WPA2,level=1,metered=false,rssi=-81,scan cache size=1), AccessPoint(ADAYOGE WiFi:74:ea:cb:f6:5b:03,connectable,WPA2,level=1,metered=false,rssi=-81,scan cache size=1), AccessPoint(AKALMING:d2:57:7e:eb:f7:2b,connectable,WPA2,level=1,metered=false,rssi=-85,scan cache size=1), AccessPoint(AndroidAP_3590:0a:56:a0:18:6b:32,connectable,SAE,level=1,metered=false,rssi=-86,scan cache size=1), AccessPoint(AndroidAP_5614:2e:df:e8:50:8f:cc,connectable,SAE,level=1,metered=false,rssi=-81,scan cache size=1), AccessPoint(FL-5G-1497:3c:67:c1:00:c9:53,connectable,WPA2,level=1,metered=false,rssi=-80,scan cache size=1), AccessPoint(FX_2415:a4:04:50:87:38:75,connectable,WPA2,level=1,metered=false,rssi=-82,scan cache size=1), AccessPoint(FX_8833:a4:04:50:7c:02:bf,connectable,WPA2,level=1,metered=false,rssi=-82,scan cache size=1), AccessPoint(iPhone 13 Pro:12:3b:11:e8:d7:9e,connectable,SAE,level=1,metered=false,rssi=-82,scan cache size=1), AccessPoint(JETTA WLAN 001:3a:3d:c3:49:dd:1b,connectable,SAE,level=1,metered=false,rssi=-80,scan cache size=3), AccessPoint(ProductPro:28:d1:27:8a:09:a3,connectable,WPA_WPA2,level=1,metered=false,rssi=-83,scan cache size=1), AccessPoint(TP-LINK_3AFA:04:f9:f8:37:3a:fc,connectable,WPA_WPA2,level=1,metered=false,rssi=-86,scan cache size=1), AccessPoint(TP-LINK_E6B8:74:05:a5:c3:e6:ba,connectable,WPA_WPA2,level=1,metered=false,rssi=-85,scan cache size=1), AccessPoint(Xiaomi 14:56:7e:4b:55:b8:0a,connectable,WPA2,level=1,metered=false,rssi=-78,scan cache size=1), AccessPoint(ZTE_3DA119:5c:7d:ae:3d:a1:19,connectable,WPA2,level=1,metered=false,rssi=-79,scan cache size=1), AccessPoint(ABCDEFG:10:3c:59:c2:fc:5c,connectable,WPA2,level=0,metered=false,rssi=-89,scan cache size=1), AccessPoint(ADAYOGE-HK:30:fc:68:dd:04:f9,connectable,WPA_WPA2,level=0,metered=false,rssi=-92,scan cache size=1), AccessPoint(AndroidAP_2884:a4:04:50:d0:4d:5d,connectable,SAE,level=0,metered=false,rssi=-90,scan cache size=1), AccessPoint(DIRECT-ea84-1590:c2:de:ee:46:c1:f4,connectable,WPA2,level=0,metered=false,rssi=-90,scan cache size=1), AccessPoint(HUAWEI_B316_9AF2_5G:34:7e:00:c6:9a:f7,connectable,WPA2,level=0,metered=false,rssi=-89,scan cache size=1), AccessPoint(nidewifi-5G:18:47:4d:b4:cd:8f,connectable,WPA2,level=0,metered=false,rssi=-90,scan ca
03-17 18:52:57.639  8377  8491 I CnsCarApp-WlanRepositoryImpl: }
03-17 18:52:57.639  8377  8491 I CnsCarApp-AccessPoint_SECURITY: Security: 2
03-17 18:52:57.639  8377  8491 I CnsCarApp-AccessPoint_SECURITY: Security: 2
03-17 18:52:57.639  8377  8491 I CnsCarApp-AccessPoint_SECURITY: Security: 2
03-17 18:52:57.639  8377  8491 I CnsCarApp-AccessPoint_SECURITY: Security: 5
03-17 18:52:57.639  8377  8491 I CnsCarApp-AccessPoint_SECURITY: Security: 2
03-17 18:52:57.639  8377  8491 I CnsCarApp-AccessPoint_SECURITY: Security: 2
03-17 18:52:57.639  8377  8491 I CnsCarApp-AccessPoint_SECURITY: Security: 5
03-17 18:52:57.639  8377  8491 I CnsCarApp-AccessPoint_SECURITY: Security: 5
03-17 18:52:57.639  8377  8491 I CnsCarApp-AccessPoint_SECURITY: Security: 5
03-17 18:52:57.639  8377  8491 I CnsCarApp-AccessPoint_SECURITY: Security: 5
03-17 18:52:57.639  8377  8491 I CnsCarApp-AccessPoint_SECURITY: Security: 2
03-17 18:52:57.639  8377  8491 I CnsCarApp-AccessPoint_SECURITY: Security: 2
03-17 18:52:57.639  8377  8491 I CnsCarApp-AccessPoint_SECURITY: Security: 2
03-17 18:52:57.639  8377  8491 I CnsCarApp-AccessPoint_SECURITY: Security: 2
03-17 18:52:57.639  8377  8491 I CnsCarApp-AccessPoint_SECURITY: Security: 2
03-17 18:52:57.639  8377  8491 I CnsCarApp-AccessPoint_SECURITY: Security: 2
03-17 18:52:57.639  8377  8491 I CnsCarApp-AccessPoint_SECURITY: Security: 2
03-17 18:52:57.639  8377  8491 I CnsCarApp-AccessPoint_SECURITY: Security: 2
03-17 18:52:57.641  8377  8491 I CnsCarApp-AccessPoint_SECURITY: Security: 5
03-17 18:52:57.641  8377  8491 I CnsCarApp-AccessPoint_SECURITY: Security: 5
03-17 18:52:57.641  8377  8491 I CnsCarApp-AccessPoint_SECURITY: Security: 2
03-17 18:52:57.641  8377  8491 I CnsCarApp-AccessPoint_SECURITY: Security: 2
03-17 18:52:57.641  8377  8491 I CnsCarApp-AccessPoint_SECURITY: Security: 2
03-17 18:52:57.641  8377  8491 I CnsCarApp-AccessPoint_SECURITY: Security: 5
03-17 18:52:57.641  8377  8491 I CnsCarApp-AccessPoint_SECURITY: Security: 5
03-17 18:52:57.641  8377  8491 I CnsCarApp-AccessPoint_SECURITY: Security: 2
03-17 18:52:57.641  8377  8491 I CnsCarApp-AccessPoint_SECURITY: Security: 2
03-17 18:52:57.641  8377  8491 I CnsCarApp-AccessPoint_SECURITY: Security: 2
03-17 18:52:57.641  8377  8491 I CnsCarApp-AccessPoint_SECURITY: Security: 2
03-17 18:52:57.641  8377  8491 I CnsCarApp-AccessPoint_SECURITY: Security: 2
03-17 18:52:57.641  8377  8491 I CnsCarApp-AccessPoint_SECURITY: Security: 2
03-17 18:52:57.641  8377  8491 I CnsCarApp-AccessPoint_SECURITY: Security: 2
03-17 18:52:57.641  8377  8491 I CnsCarApp-AccessPoint_SECURITY: Security: 5
03-17 18:52:57.641  8377  8491 I CnsCarApp-AccessPoint_SECURITY: Security: 2
03-17 18:52:57.641  8377  8491 I CnsCarApp-AccessPoint_SECURITY: Security: 2
03-17 18:52:57.641  8377  8491 I CnsCarApp-AccessPoint_SECURITY: Security: 2
03-17 18:52:57.641  8377  8491 I CnsCarApp-AccessPoint_SECURITY: Security: 5
03-17 18:52:57.641  8377  8491 I CnsCarApp-AccessPoint_SECURITY: Security: 2
03-17 18:52:57.654   580   630 I netd    : tetherGetStats() -> {[TetherStatsParcel{iface: vlan_07, rxBytes: 88, rxPackets: 2, txBytes: 180, txPackets: 4, ifIndex: 0}, TetherStatsParcel{iface: wlan0, rxBytes: 0, rxPackets: 0, txBytes: 0, txPackets: 0, ifIndex: 0}]} <3.47ms>
03-17 18:52:57.659   903  1242 I netstats_mobile_sample: [0,0,0,0,0,0,0,0,1773744777665]
03-17 18:52:57.659   903  1242 I netstats_wifi_sample: [472768,116388,936,1122,546031,104294,1302,1081,1773744777665]
03-17 18:52:57.666   580   630 I netd    : bandwidthRemoveInterfaceQuota(vlan_00) <4.54ms>
03-17 18:52:57.670   903  1242 E NetworkStats: [SkDestroyListener] ERROR readPacket error: : read failed: ENOBUFS (No buffer space available)
03-17 18:52:57.670   903  1242 E NetworkStats: android.system.ErrnoException: read failed: ENOBUFS (No buffer space available)
03-17 18:52:57.670   903  1242 E NetworkStats: 	at libcore.io.Linux.readBytes(Native Method)
03-17 18:52:57.670   903  1242 E NetworkStats: 	at libcore.io.Linux.read(Linux.java:190)
03-17 18:52:57.670   903  1242 E NetworkStats: 	at libcore.io.ForwardingOs.read(ForwardingOs.java:613)
03-17 18:52:57.670   903  1242 E NetworkStats: 	at libcore.io.BlockGuardOs.read(BlockGuardOs.java:325)
03-17 18:52:57.670   903  1242 E NetworkStats: 	at android.system.Os.read(Os.java:571)
03-17 18:52:57.670   903  1242 E NetworkStats: 	at android.net.connectivity.com.android.net.module.util.PacketReader.readPacket(PacketReader.java:57)
03-17 18:52:57.670   903  1242 E NetworkStats: 	at android.net.connectivity.com.android.net.module.util.PacketReader.readPacket(PacketReader.java:32)
03-17 18:52:57.670   903  1242 E NetworkStats: 	at android.net.connectivity.com.android.net.module.util.FdEventsReader.handleInput(FdEventsReader.java:237)
03-17 18:52:57.670   903  1242 E NetworkStats: 	at android.net.connectivity.com.android.net.module.util.FdEventsReader.lambda$createAndRegisterFd$0(FdEventsReader.java:217)
03-17 18:52:57.670   903  1242 E NetworkStats: 	at android.net.connectivity.com.android.net.module.util.FdEventsReader.$r8$lambda$xh0yZpbdLvlMgmz3uMcpPMcWNvc(FdEventsReader.java:0)
03-17 18:52:57.670   903  1242 E NetworkStats: 	at android.net.connectivity.com.android.net.module.util.FdEventsReader$$ExternalSyntheticLambda0.onFileDescriptorEvents(R8$$SyntheticClass:0)
03-17 18:52:57.670   903  1242 E NetworkStats: 	at android.os.MessageQueue.dispatchEvents(MessageQueue.java:293)
03-17 18:52:57.670   903  1242 E NetworkStats: 	at android.os.MessageQueue.nativePollOnce(Native Method)
03-17 18:52:57.670   903  1242 E NetworkStats: 	at android.os.MessageQueue.next(MessageQueue.java:335)
03-17 18:52:57.670   903  1242 E NetworkStats: 	at android.os.Looper.loopOnce(Looper.java:162)
03-17 18:52:57.670   903  1242 E NetworkStats: 	at android.os.Looper.loop(Looper.java:294)
03-17 18:52:57.670   903  1242 E NetworkStats: 	at android.os.HandlerThread.run(HandlerThread.java:67)
03-17 18:52:57.672   580   630 I netd    : bandwidthSetInterfaceQuota(vlan_00, 9223372036854775807) <4.40ms>
03-17 18:52:57.670   903  1242 E SkDestroyListener: Errno: ENOBUFS
03-17 18:52:57.673   903  1088 I am_wtf  : [0,903,system_server,-1,SkDestroyListener,Errno: ENOBUFS]
03-17 18:52:57.677   580   630 I netd    : bandwidthRemoveInterfaceQuota(vlan_01) <4.33ms>
03-17 18:52:57.683   580   630 I netd    : bandwidthSetInterfaceQuota(vlan_01, 9223372036854775807) <6.21ms>
03-17 18:52:57.685  1566  2651 D TboxNetworkManager: tboxNetworkbinder=null
03-17 18:52:57.690   903  1759 I WifiService: getMatchingPasspointConfigurations uid=1000
03-17 18:52:57.693   580   630 I netd    : bandwidthRemoveInterfaceQuota(vlan_08) <5.67ms>
03-17 18:52:57.698   903  1759 I WifiService: getMatchingOsuProviders uid=1000
03-17 18:52:57.699   903  1759 I WifiService: getMatchingPasspointConfigsForOsuProviders uid=1000
03-17 18:52:57.699   580   630 I netd    : bandwidthSetInterfaceQuota(vlan_08, 9223372036854775807) <5.15ms>
03-17 18:52:57.701   582  3616 E WifiHAL : Invalid data received from driver
03-17 18:52:57.706   580  3946 I netd    : tetherAddForward(wlan1, wlan0) <9.45ms>
03-17 18:52:57.706   580  3946 I netd    : ipfwdAddInterfaceForward(wlan1, wlan0) <0.23ms>
03-17 18:52:57.710   580   630 I netd    : bandwidthRemoveInterfaceQuota(vlan_07) <8.40ms>
03-17 18:52:57.712   903   903 I notification_cancel: [1073,1513,com.android.networkstack.tethering,1002,NULL,-1,0,33856,8,NULL]
03-17 18:52:57.715   580   630 I netd    : bandwidthSetInterfaceQuota(vlan_07, 9223372036854775807) <3.99ms>
03-17 18:52:57.717  2383  2600 D AdayoDoipServer294_Doip: [ne_doip_event_loop_dispatch][line:141] : count = 0
03-17 18:52:57.718   642   685 I mcuc    : rev uart=1126,len=141, data : 6AA680042700858B30A5B211123438A55A8709CE01F603EC000001F601F603D203D803EC01F601F600FB00FB01F400FB0064A55A88000001000101110000FF00000000FF0000220000FF00000000FF00000020000033A202A402448080808080808080550A0A0A0A0A0A0A1D0D090009000066BBBBBBBBBBBBBBBBBB00770C0708090B0C88010000004F02052C
03-17 18:52:57.720   580   630 I netd    : bandwidthRemoveInterfaceQuota(vlan_15) <4.00ms>
03-17 18:52:57.724   580   630 I netd    : bandwidthSetInterfaceQuota(vlan_15, 9223372036854775807) <4.08ms>
03-17 18:52:57.730  1646  2259 D wkkSystemMonitorService: totalSystemLoad302.49048%
03-17 18:52:57.730   580   630 I netd    : bandwidthRemoveInterfaceQuota(vlan_16) <4.96ms>
03-17 18:52:57.726  6654  6700 D TimerTriggerManager: init instance...
03-17 18:52:57.730  6654  6700 D TimerTriggerManager: Timer thread'TimerTriggerManager' is destroyed: false
03-17 18:52:57.730  6654  6700 D TimerTriggerManager: Timer 'onIndcnVehSpdChanged' is running: true
03-17 18:52:57.730  6654  6700 D TimerTriggerManager: Sending reset signal to timer 'onIndcnVehSpdChanged'
03-17 18:52:57.730  6654  6700 D TimerTriggerManager: Reset signal sent to timer 'onIndcnVehSpdChanged'
03-17 18:52:57.731  6654  6700 D TimerTriggerManager: init instance...
03-17 18:52:57.731  6654  6700 D TimerTriggerManager: Timer thread'TimerTriggerManager' is destroyed: false
03-17 18:52:57.731  6654  6700 D TimerTriggerManager: Timer 'onMntnWarnReqChanged' is running: true
03-17 18:52:57.731  6654  6700 D TimerTriggerManager: Sending reset signal to timer 'onMntnWarnReqChanged'
03-17 18:52:57.731  6654  6700 D TimerTriggerManager: Reset signal sent to timer 'onMntnWarnReqChanged'
03-17 18:52:57.732  1646  2259 E DataCollectManager: eventId = thresholdUpload, data = {"IOString":"{\"type\": \" android_io \",\"subType\": \" write_rate \",\"currentValue\": \"0.52\",\"thresholdValue\": \" 10MB/s \",\"stat\": \"ReadKBps:0.52 MB/s,WriteKBps:0.99 MB/s, iops:95.00 times/s}"}
03-17 18:52:57.733  6654  6707 D TimerTriggerController: Reset method called for timer: onIndcnVehSpdChanged
03-17 18:52:57.733  6654  6707 D TimerTriggerController: Calling onTimerReset for timer: onIndcnVehSpdChanged
03-17 18:52:57.733  6654  6707 D TimerTriggerManager: Timer reset: onIndcnVehSpdChanged
03-17 18:52:57.734  6654  6707 I TimerTriggerController: Timer [onIndcnVehSpdChanged] reset, remaining: 1000ms, reset count: 636
03-17 18:52:57.734  6654  6707 D TimerTriggerController: Reset method called for timer: onMntnWarnReqChanged
03-17 18:52:57.734  6654  6707 D TimerTriggerController: Calling onTimerReset for timer: onMntnWarnReqChanged
03-17 18:52:57.734  6654  6707 D TimerTriggerManager: Timer reset: onMntnWarnReqChanged
03-17 18:52:57.734  6654  6707 I TimerTriggerController: Timer [onMntnWarnReqChanged] reset, remaining: 5000ms, reset count: 318
03-17 18:52:57.736   580   630 I netd    : bandwidthSetInterfaceQuota(vlan_16, 9223372036854775807) <5.04ms>
03-17 18:52:57.736  2106  2492 I CarPopupManagementService: Retrying TextToSpeech initialization
03-17 18:52:57.736  2106  2492 W TextToSpeech: shutdown failed: not bound to TTS engine
03-17 18:52:57.742  1627  1883 D CollectDataDataFiller: ===
03-17 18:52:57.742  1627  1883 D CollectDataDataFiller: Fill [AppId = SystemInfo] [EventId = thresholdUpload] with
03-17 18:52:57.742  1627  1883 D CollectDataDataFiller: [MsgId = e0bc903b-86f5-45cb-883c-052f14460446]
03-17 18:52:57.742  1627  1883 D CollectDataDataFiller: ===
03-17 18:52:57.743   316   316 I auditd  : avc:  denied  { find } for pid=2106 uid=1000 name=texttospeech scontext=u:r:carservice_app:s0 tcontext=u:object_r:texttospeech_service:s0 tclass=service_manager permissive=0
03-17 18:52:57.743   903  1251 D WifiClientModeImpl[72500:wlan0]:  ClientModeImpl$L2ConnectedState screen=on 2 0 "Cudy-6C60" 80:af:ca:b5:6c:60 rssi=-31 f=2412 sc=60 link=6 tx=0.3, 0.0, 0.0 rx=0.0 bcn=0 [on:0 tx:0 rx:0 period:379] from screen [on:0 period:285536980] score=60
03-17 18:52:57.744  2106  2492 E TextToSpeech: System service is not available!
03-17 18:52:57.744  2106  2492 E TextToSpeech: Failed to bind to com.iflytek.cutefly.speechclient.hmi
01-01 08:01:52.890   316   316 E SELinux : avc:  denied  { find } for pid=2106 uid=1000 name=texttospeech scontext=u:r:carservice_app:s0 tcontext=u:object_r:texttospeech_service:s0 tclass=service_manager permissive=0
03-17 18:52:57.747  2106  2492 I CarPopupManagementService: TextToSpeech init
03-17 18:52:57.747  2106  2492 E CarPopupManagementService: TextToSpeech init failed: -1
03-17 18:52:57.748   580   630 I netd    : bandwidthRemoveInterfaceQuota(vlan_00) <4.06ms>
03-17 18:52:57.751  8377  8377 D InputTransport: channel '7a5e81e com.fawvw.hmi.bev.carapp/com.fawvw.hmi.bev.carapp.MainActivity (client)' consumer ~ sendTimeline: inputEventId=329699257, gpuCompletedTime=111597135011, presentTime=111634000345
03-17 18:52:57.751  8377  8377 D InputTransport: channel '7a5e81e com.fawvw.hmi.bev.carapp/com.fawvw.hmi.bev.carapp.MainActivity (client)' ~ sent message of type TIMELINE
03-17 18:52:57.751   903  1214 D InputTransport: channel '7a5e81e com.fawvw.hmi.bev.carapp/com.fawvw.hmi.bev.carapp.MainActivity (server)' ~ received message of type TIMELINE
03-17 18:52:57.751   903  1214 D InputTransport: channel '7a5e81e com.fawvw.hmi.bev.carapp/com.fawvw.hmi.bev.carapp.MainActivity (server)' publisher ~ receiveConsumerResponse: timeline: id=329699257
03-17 18:52:57.751   903  1214 D InputTransport: channel '7a5e81e com.fawvw.hmi.bev.carapp/com.fawvw.hmi.bev.carapp.MainActivity (server)' ~ receive message failed, errno=11
03-17 18:52:57.751   903  1214 D InputTransport: channel '7a5e81e com.fawvw.hmi.bev.carapp/com.fawvw.hmi.bev.carapp.MainActivity (server)' publisher ~ receiveConsumerResponse: Unknown error -11
03-17 18:52:57.752   580   630 I netd    : bandwidthSetInterfaceQuota(vlan_00, 9223372036854775807) <3.88ms>
03-17 18:52:57.755   582  3616 E WifiHAL : Invalid data received from driver
03-17 18:52:57.757   580   630 I netd    : bandwidthRemoveInterfaceQuota(vlan_01) <3.89ms>
03-17 18:52:57.761   580   630 I netd    : bandwidthSetInterfaceQuota(vlan_01, 9223372036854775807) <3.91ms>
03-17 18:52:57.766   580   630 I netd    : bandwidthRemoveInterfaceQuota(vlan_08) <3.86ms>
03-17 18:52:57.771   580   630 I netd    : bandwidthSetInterfaceQuota(vlan_08, 9223372036854775807) <4.35ms>
03-17 18:52:57.774  8377  8543 D WifiTracker: ------ Dumping AccessPoints that were not seen on this scan ------
03-17 18:52:57.774  8377  8543 D WifiTracker: ---- Done dumping AccessPoints that were not seen on this scan ----
03-17 18:52:57.775  8377  8377 I WifiTracker: Invoking onAccessPointsChanged callback
03-17 18:52:57.775   580   630 I netd    : bandwidthRemoveInterfaceQuota(vlan_07) <3.87ms>
03-17 18:52:57.776   903  1759 I WifiService: getWifiEnabledState uid=1000 state=3
03-17 18:52:57.777  8377  8543 D WifiTracker: mLastNetworkInfo set: [type: WIFI[], state: CONNECTING/AUTHENTICATING, reason: (unspecified), extra: (none), failover: false, available: false, roaming: false]
03-17 18:52:57.777   903  1759 I WifiService: getWifiEnabledState uid=1000 state=3
03-17 18:52:57.777   903  2017 I WifiService: getConnectionInfo uid=1000
03-17 18:52:57.778  8377  8491 I CarWifiManager: AccessPoint Cudy-6C60, isReachable: true
03-17 18:52:57.778  8377  8491 I CarWifiManager: AccessPoint Cudy-6C60-5G, isReachable: true
03-17 18:52:57.778  8377  8491 I CarWifiManager: AccessPoint ChinaNet-D9B9E4-5G, isReachable: true
03-17 18:52:57.778  8377  8491 I CarWifiManager: AccessPoint DEEPAL, isReachable: true
03-17 18:52:57.778  8377  8543 D WifiTracker: mLastInfo set as: SSID: "Cudy-6C60", BSSID: 80:af:ca:b5:6c:60, MAC: 88:e0:34:b7:61:31, IP: /192.168.10.241, Security type: 2, Supplicant state: COMPLETED, Wi-Fi standard: 4, RSSI: -31, Link speed: 6Mbps, Tx Link speed: 6Mbps, Max Supported Tx Link speed: 72Mbps, Rx Link speed: 6Mbps, Max Supported Rx Link speed: 72Mbps, Frequency: 2412MHz, Net ID: 0, Metered hint: false, score: 60, isUsable: true, CarrierMerged: false, SubscriptionId: -1, IsPrimary: 1, Trusted: true, Restricted: false, Ephemeral: false, OEM paid: false, OEM private: false, OSU AP: false, FQDN: <none>, Provider friendly name: <none>, Requesting package name: <none>"Cudy-6C60"wpa2-pskMLO Information: , Is TID-To-Link negotiation supported by the AP: false, AP MLD Address: <none>, AP MLO Link Id: <none>, AP MLO Affiliated links: <none>
03-17 18:52:57.778  8377  8491 I CarWifiManager: AccessPoint HONOR 100, isReachable: true
03-17 18:52:57.778  8377  8491 I CarWifiManager: AccessPoint TP-LINK_CAR, isReachable: true
03-17 18:52:57.779  8377  8491 I CarWifiManager: AccessPoint AndroidAP_4071, isReachable: true
03-17 18:52:57.779  8377  8491 I CarWifiManager: AccessPoint AndroidAP_5418, isReachable: true
03-17 18:52:57.779  8377  8491 I CarWifiManager: AccessPoint AndroidAP_6881, isReachable: true
03-17 18:52:57.779  8377  8491 I CarWifiManager: AccessPoint AndroidAP_7437, isReachable: true
03-17 18:52:57.779  8377  8491 I CarWifiManager: AccessPoint AndroidAuto_5G, isReachable: true
03-17 18:52:57.779  8377  8491 I CarWifiManager: AccessPoint TP-LINK_45A7, isReachable: true
03-17 18:52:57.779  8377  8491 I CarWifiManager: AccessPoint TP-LINK_APP, isReachable: true
03-17 18:52:57.779  8377  8491 I CarWifiManager: AccessPoint TP-LINK_DE9B, isReachable: true
03-17 18:52:57.779  8377  8491 I CarWifiManager: AccessPoint Adayo-CW, isReachable: true
03-17 18:52:57.779  8377  8491 I CarWifiManager: AccessPoint ADAYOGE FangKe, isReachable: true
03-17 18:52:57.779  8377  8491 I CarWifiManager: AccessPoint ADAYOGE WiFi, isReachable: true
03-17 18:52:57.779  8377  8491 I CarWifiManager: AccessPoint AKALMING, isReachable: true
03-17 18:52:57.779  8377  8491 I CarWifiManager: AccessPoint AndroidAP_3590, isReachable: true
03-17 18:52:57.779  8377  8491 I CarWifiManager: AccessPoint AndroidAP_5614, isReachable: true
03-17 18:52:57.779  8377  8491 I CarWifiManager: AccessPoint FL-5G-1497, isReachable: true
03-17 18:52:57.779  8377  8491 I CarWifiManager: AccessPoint FX_2415, isReachable: true
03-17 18:52:57.779  8377  8491 I CarWifiManager: AccessPoint FX_8833, isReachable: true
03-17 18:52:57.779  8377  8491 I CarWifiManager: AccessPoint iPhone 13 Pro, isReachable: true
03-17 18:52:57.779  8377  8491 I CarWifiManager: AccessPoint JETTA WLAN 001, isReachable: true
03-17 18:52:57.779  8377  8491 I CarWifiManager: AccessPoint ProductPro, isReachable: true
03-17 18:52:57.779  8377  8491 I CarWifiManager: AccessPoint TP-LINK_3AFA, isReachable: true
03-17 18:52:57.779  8377  8491 I CarWifiManager: AccessPoint TP-LINK_E6B8, isReachable: true
03-17 18:52:57.779  8377  8491 I CarWifiManager: AccessPoint Xiaomi 14, isReachable: true
03-17 18:52:57.779  8377  8491 I CarWifiManager: AccessPoint ZTE_3DA119, isReachable: true
03-17 18:52:57.779  8377  8491 I CarWifiManager: AccessPoint ABCDEFG, isReachable: true
03-17 18:52:57.779  8377  8491 I CarWifiManager: AccessPoint ADAYOGE-HK, isReachable: true
03-17 18:52:57.779  8377  8491 I CarWifiManager: AccessPoint AndroidAP_2884, isReachable: true
03-17 18:52:57.779  8377  8491 I CarWifiManager: AccessPoint DIRECT-ea84-1590, isReachable: true
03-17 18:52:57.779  8377  8491 I CarWifiManager: AccessPoint HUAWEI_B316_9AF2_5G, isReachable: true
03-17 18:52:57.779  8377  8491 I CarWifiManager: AccessPoint nidewifi-5G, isReachable: true
03-17 18:52:57.779  8377  8491 I CarWifiManager: AccessPoint Tony’s 20phone, isReachable: true
03-17 18:52:57.779  8377  8491 I CarWifiManager: AccessPoint TP_KK, isReachable: true
03-17 18:52:57.779  8377  8491 I AccessPoint: AccessPoint: Cudy-6C60, detailed state: CONNECTING, isReachable: true
03-17 18:52:57.779  8377  8491 W SettingsLib.AccessPoint: NetworkInfo is null, cannot return detailed state
03-17 18:52:57.779  8377  8491 I AccessPoint: AccessPoint: Cudy-6C60-5G, detailed state: null, isReachable: true
03-17 18:52:57.779  8377  8491 W SettingsLib.AccessPoint: NetworkInfo is null, cannot return detailed state
03-17 18:52:57.779  8377  8491 W SettingsLib.AccessPoint: NetworkInfo is null, cannot return detailed state
03-17 18:52:57.779  8377  8491 I AccessPoint: AccessPoint: ChinaNet-D9B9E4-5G, detailed state: null, isReachable: true
03-17 18:52:57.779  8377  8491 W SettingsLib.AccessPoint: NetworkInfo is null, cannot return detailed state
03-17 18:52:57.779  8377  8491 W SettingsLib.AccessPoint: NetworkInfo is null, cannot return detailed state
03-17 18:52:57.779  8377  8491 I AccessPoint: AccessPoint: DEEPAL, detailed state: null, isReachable: true
03-17 18:52:57.779  8377  8491 W SettingsLib.AccessPoint: NetworkInfo is null, cannot return detailed state
03-17 18:52:57.779  8377  8491 W SettingsLib.AccessPoint: NetworkInfo is null, cannot return detailed state
03-17 18:52:57.779  8377  8491 I AccessPoint: AccessPoint: HONOR 100, detailed state: null, isReachable: true
03-17 18:52:57.779  8377  8491 W SettingsLib.AccessPoint: NetworkInfo is null, cannot return detailed state
03-17 18:52:57.779  8377  8491 W SettingsLib.AccessPoint: NetworkInfo is null, cannot return detailed state
03-17 18:52:57.779  8377  8491 I AccessPoint: AccessPoint: TP-LINK_CAR, detailed state: null, isReachable: true
03-17 18:52:57.779  8377  8491 W SettingsLib.AccessPoint: NetworkInfo is null, cannot return detailed state
03-17 18:52:57.779  8377  8491 W SettingsLib.AccessPoint: NetworkInfo is null, cannot return detailed state
03-17 18:52:57.779  8377  8491 I AccessPoint: AccessPoint: AndroidAP_4071, detailed state: null, isReachable: true
03-17 18:52:57.780  8377  8491 W SettingsLib.AccessPoint: NetworkInfo is null, cannot return detailed state
03-17 18:52:57.780  8377  8491 W SettingsLib.AccessPoint: NetworkInfo is null, cannot return detailed state
03-17 18:52:57.780  8377  8491 I AccessPoint: AccessPoint: AndroidAP_5418, detailed state: null, isReachable: true
03-17 18:52:57.780  8377  8491 W SettingsLib.AccessPoint: NetworkInfo is null, cannot return detailed state
03-17 18:52:57.780  8377  8491 W SettingsLib.AccessPoint: NetworkInfo is null, cannot return detailed state
03-17 18:52:57.780  8377  8491 I AccessPoint: AccessPoint: AndroidAP_6881, detailed state: null, isReachable: true
03-17 18:52:57.780  8377  8491 W SettingsLib.AccessPoint: NetworkInfo is null, cannot return detailed state
03-17 18:52:57.780  8377  8491 W SettingsLib.AccessPoint: NetworkInfo is null, cannot return detailed state
03-17 18:52:57.780  8377  8491 I AccessPoint: AccessPoint: AndroidAP_7437, detailed state: null, isReachable: true
03-17 18:52:57.780  8377  8491 W SettingsLib.AccessPoint: NetworkInfo is null, cannot return detailed state
03-17 18:52:57.780  8377  8491 W SettingsLib.AccessPoint: NetworkInfo is null, cannot return detailed state
03-17 18:52:57.780  8377  8491 I AccessPoint: AccessPoint: AndroidAuto_5G, detailed state: null, isReachable: true
