03-17 18:52:58.192   903  1260 D NetworkRanker: mightBeat: isEth && mCoExist return true
03-17 18:52:58.192   903  1260 D NetworkRanker: mightBeat: isEth && mCoExist return true
03-17 18:52:58.192   903  1260 D NetworkRanker: mightBeat: isEth && mCoExist return true
03-17 18:52:58.192   903  1260 D NetworkRanker: mightBeat: isEth && mCoExist return true
03-17 18:52:58.192   903  1260 D NetworkRanker: mightBeat: isEth && mCoExist return true
03-17 18:52:58.192   903  1260 D NetworkRanker: mightBeat: isEth && mCoExist return true
03-17 18:52:58.192   903  1260 D NetworkRanker: mightBeat: isEth && mCoExist return true
03-17 18:52:58.192   903  1260 D NetworkRanker: mightBeat: isEth && mCoExist return true
03-17 18:52:58.192   903  1260 D NetworkRanker: mightBeat: isEth && mCoExist return true
03-17 18:52:58.192   903  1260 D NetworkRanker: mightBeat: isEth && mCoExist return true
03-17 18:52:58.192   903  1260 D NetworkRanker: mightBeat: isEth && mCoExist return true
03-17 18:52:58.192   903  1260 D NetworkRanker: mightBeat: isEth && mCoExist return true
03-17 18:52:58.192   903  1260 D NetworkRanker: mightBeat: isEth && mCoExist return true
03-17 18:52:58.192   903  1260 D NetworkRanker: mightBeat: isEth && mCoExist return true
03-17 18:52:58.192   903  1260 D NetworkRanker: mightBeat: isEth && mCoExist return true
03-17 18:52:58.192   903  1260 D NetworkRanker: mightBeat: isEth && mCoExist return true
03-17 18:52:58.192   903  1260 D NetworkRanker: mightBeat: isEth && mCoExist return true
03-17 18:52:58.192   903  1260 D NetworkRanker: mightBeat: isEth && mCoExist return true
03-17 18:52:58.192   903  1260 D NetworkRanker: mightBeat: isEth && mCoExist return true
03-17 18:52:58.193   903  1260 D NetworkRanker: mightBeat: isEth && mCoExist return true
03-17 18:52:58.193   903  1260 D NetworkRanker: mightBeat: isEth && mCoExist return true
03-17 18:52:58.193   903  1260 D NetworkRanker: mightBeat: isEth && mCoExist return true
03-17 18:52:58.193   903  1260 D NetworkRanker: mightBeat: isEth && mCoExist return true
03-17 18:52:58.193   903  1260 D NetworkRanker: mightBeat: isEth && mCoExist return true
03-17 18:52:58.193   903  1260 D NetworkRanker: mightBeat: isEth && mCoExist return true
03-17 18:52:58.193   903  1260 D NetworkRanker: mightBeat: isEth && mCoExist return true
03-17 18:52:58.193   903  1020 I WifiService: getConfiguredNetworks uid=1000
03-17 18:52:58.197  1694  1694 D TelephonyNetworkFactory[0]: onReleaseNetworkFor [NetworkRequest [ REQUEST id=48, [ Capabilities: INTERNET&NOT_RESTRICTED&TRUSTED&NOT_VCN_MANAGED Uid: 10076 RequestorUid: 1000 RequestorPkg: android UnderlyingNetworks: Null] ], mPriority=20, state=UNSATISFIED, mAttachedDataNetwork=null, isMetered=true, created time=18:52:58.197, evaluation result=null] applied false
03-17 18:52:58.197   903  1260 D ConnectivityService: Rematched networks [computed 2ms] [applied 2ms] [issued 10]
03-17 18:52:58.197   903  1260 D ConnectivityService: NetworkReassignment : no changes
03-17 18:52:58.197   903  1260 D ConnectivityService: notifyType CALLBACK_CAP_CHANGED for [108 WIFI]
03-17 18:52:58.197   903  1260 D ConnectivityService:  sending notification for NetworkRequest [ REQUEST id=1, [ Capabilities: INTERNET&NOT_RESTRICTED&TRUSTED&NOT_VPN&NOT_VCN_MANAGED RequestorUid: 1000 RequestorPkg: android UnderlyingNetworks: Null] ]
03-17 18:52:58.198   903  1260 D ConnectivityService:  sending notification for NetworkRequest [ LISTEN id=5, [ Capabilities: FOREGROUND RequestorUid: 1000 RequestorPkg: android UnderlyingNetworks: Null] ]
03-17 18:52:58.198  1694  1694 D TelephonyNetworkFactory[0]: onReleaseNetworkFor [NetworkRequest [ REQUEST id=33, [ Capabilities: INTERNET&NOT_RESTRICTED&TRUSTED&NOT_VCN_MANAGED Uid: 10064 RequestorUid: 10064 RequestorPkg: com.fawvw.vehicle.navi.j01app UnderlyingNetworks: Null] ], mPriority=20, state=UNSATISFIED, mAttachedDataNetwork=null, isMetered=true, created time=18:52:58.198, evaluation result=null] applied false
03-17 18:52:58.198   903  1260 D ConnectivityService: sending notification CALLBACK_CAP_CHANGED for NetworkRequest [ LISTEN id=5, [ Capabilities: FOREGROUND RequestorUid: 1000 RequestorPkg: android UnderlyingNetworks: Null] ]
03-17 18:52:58.198   903  1260 D ConnectivityService:  sending notification for NetworkRequest [ REQUEST id=7, [ Capabilities: INTERNET&NOT_RESTRICTED&TRUSTED&NOT_VCN_MANAGED Uid: 1000 RequestorUid: 1000 RequestorPkg: android UnderlyingNetworks: Null] ]
03-17 18:52:58.198   903  1289 D JobScheduler.Connectivity: Using BG bypass for 10029
03-17 18:52:58.198   903  1260 D ConnectivityService: sending notification CALLBACK_CAP_CHANGED for NetworkRequest [ TRACK_DEFAULT id=6, [ Capabilities: INTERNET&NOT_RESTRICTED&TRUSTED&NOT_VCN_MANAGED Uid: 1000 RequestorUid: 1000 RequestorPkg: android UnderlyingNetworks: Null] ]
03-17 18:52:58.198   903  1260 D ConnectivityService:  sending notification for NetworkRequest [ LISTEN id=8, [ Capabilities: FOREGROUND RequestorUid: 1000 RequestorPkg: android UnderlyingNetworks: Null] ]
03-17 18:52:58.199  1694  1694 D TelephonyNetworkFactory[0]: onReleaseNetworkFor [NetworkRequest [ REQUEST id=52, [ Capabilities: INTERNET&NOT_RESTRICTED&TRUSTED&NOT_VCN_MANAGED Uid: 10017 RequestorUid: 1000 RequestorPkg: android UnderlyingNetworks: Null] ], mPriority=20, state=UNSATISFIED, mAttachedDataNetwork=null, isMetered=true, created time=18:52:58.198, evaluation result=null] applied false
03-17 18:52:58.199   903  1260 D ConnectivityService: sending notification CALLBACK_CAP_CHANGED for NetworkRequest [ LISTEN id=8, [ Capabilities: FOREGROUND RequestorUid: 1000 RequestorPkg: android UnderlyingNetworks: Null] ]
03-17 18:52:58.199  1694  1694 D TelephonyNetworkFactory[0]: onReleaseNetworkFor [NetworkRequest [ REQUEST id=35, [ Capabilities: INTERNET&NOT_RESTRICTED&TRUSTED&NOT_VCN_MANAGED Uid: 10064 RequestorUid: 10064 RequestorPkg: com.fawvw.vehicle.navi.j01app UnderlyingNetworks: Null] ], mPriority=20, state=UNSATISFIED, mAttachedDataNetwork=null, isMetered=true, created time=18:52:58.198, evaluation result=null] applied false
03-17 18:52:58.200  2106  2450 D CAR.DIAGNOSTIC: Entry - Type: 0x01, ServiceId: 0x2071, InstanceId: 0x0001, MajorVersion: 0x01FFFFFF, TTL: 0
03-17 18:52:58.200  2106  2450 D CAR.DIAGNOSTIC: Entry - Type: 0x01, ServiceId: 0x4001, InstanceId: 0x0001, MajorVersion: 0x01FFFFFF, TTL: 0
03-17 18:52:58.200  2106  2460 D CAR.DIAGNOSTIC: Entry - Type: 0x01, ServiceId: 0x2071, InstanceId: 0x0001, MajorVersion: 0x01FFFFFF, TTL: 0
03-17 18:52:58.200  2106  2460 D CAR.DIAGNOSTIC: Entry - Type: 0x01, ServiceId: 0x4001, InstanceId: 0x0001, MajorVersion: 0x01FFFFFF, TTL: 0
03-17 18:52:58.200  1694  1694 D TelephonyNetworkFactory[0]: onReleaseNetworkFor [NetworkRequest [ REQUEST id=37, [ Capabilities: INTERNET&NOT_RESTRICTED&TRUSTED&NOT_VCN_MANAGED Uid: 10075 RequestorUid: 1000 RequestorPkg: android UnderlyingNetworks: Null] ], mPriority=20, state=UNSATISFIED, mAttachedDataNetwork=null, isMetered=true, created time=18:52:58.200, evaluation result=null] applied false
03-17 18:52:58.200  2106  2458 D CAR.DIAGNOSTIC: Entry - Type: 0x01, ServiceId: 0x2071, InstanceId: 0x0001, MajorVersion: 0x01FFFFFF, TTL: 0
03-17 18:52:58.200  2106  2458 D CAR.DIAGNOSTIC: Entry - Type: 0x01, ServiceId: 0x4001, InstanceId: 0x0001, MajorVersion: 0x01FFFFFF, TTL: 0
03-17 18:52:58.199   903  1260 D ConnectivityService:  sending notification for NetworkRequest [ LISTEN id=9, [ Capabilities: NOT_RESTRICTED&TRUSTED&NOT_VPN&FOREGROUND&NOT_VCN_MANAGED Uid: 1000 RequestorUid: 1000 RequestorPkg: android UnderlyingNetworks: Null] ]
03-17 18:52:58.200   903  1289 I JobScheduler.Connectivity: Connectivity CHANGED for JobStatus{4993a63 #u0a29/100 com.huawei.hiviewlite/.UploadJobService u=0 s=10029 TIME=-18s797ms:-18s797ms NET PERSISTED READY}: usable=true satisfied=true
03-17 18:52:58.201   903  1289 D JobScheduler.Connectivity: Using BG bypass for 10017
03-17 18:52:58.201   903  1260 D ConnectivityService: sending notification CALLBACK_CAP_CHANGED for NetworkRequest [ LISTEN id=9, [ Capabilities: NOT_RESTRICTED&TRUSTED&NOT_VPN&FOREGROUND&NOT_VCN_MANAGED Uid: 1000 RequestorUid: 1000 RequestorPkg: android UnderlyingNetworks: Null] ]
03-17 18:52:58.201   903  1260 D ConnectivityService:  sending notification for NetworkRequest [ LISTEN id=10, [ RequestorUid: 1000 RequestorPkg: android UnderlyingNetworks: Null] ]
03-17 18:52:58.201   903  1289 I JobScheduler.Connectivity: Connectivity CHANGED for JobStatus{cf5941c #u0a17/0 com.android.statementservice/androidx.work.impl.background.systemjob.SystemJobService u=0 s=10017 TIME=-59s581ms:none NET IDLE satisfied:0x9b400000 unsatisfied:0x4}: usable=true satisfied=true
03-17 18:52:58.201  1694  1694 D TelephonyNetworkFactory[0]: onReleaseNetworkFor [NetworkRequest [ REQUEST id=45, [ Capabilities: INTERNET&NOT_RESTRICTED&TRUSTED&NOT_VCN_MANAGED Uid: 10064 RequestorUid: 10064 RequestorPkg: com.fawvw.vehicle.navi.j01app UnderlyingNetworks: Null] ], mPriority=20, state=UNSATISFIED, mAttachedDataNetwork=null, isMetered=true, created time=18:52:58.201, evaluation result=null] applied false
03-17 18:52:58.201   903  1260 D ConnectivityService: sending notification CALLBACK_CAP_CHANGED for NetworkRequest [ LISTEN id=10, [ RequestorUid: 1000 RequestorPkg: android UnderlyingNetworks: Null] ]
03-17 18:52:58.201   903  1260 D ConnectivityService:  sending notification for NetworkRequest [ LISTEN id=11, [ Capabilities: NOT_RESTRICTED&TRUSTED&NOT_VPN&NOT_VCN_MANAGED Uid: 1000 RequestorUid: 1000 RequestorPkg: android UnderlyingNetworks: Null] ]
03-17 18:52:58.201   903  1260 D ConnectivityService: sending notification CALLBACK_CAP_CHANGED for NetworkRequest [ LISTEN id=11, [ Capabilities: NOT_RESTRICTED&TRUSTED&NOT_VPN&NOT_VCN_MANAGED Uid: 1000 RequestorUid: 1000 RequestorPkg: android UnderlyingNetworks: Null] ]
03-17 18:52:58.202   903  1190 D JobScheduler: MSG_CHECK_CHANGED_JOB_LIST
03-17 18:52:58.202   903  1190 D JobScheduler: Check changed jobs...
03-17 18:52:58.202  1694  1694 D TelephonyNetworkFactory[0]: onReleaseNetworkFor [NetworkRequest [ REQUEST id=18, [ Capabilities: INTERNET&NOT_RESTRICTED&TRUSTED&NOT_VCN_MANAGED Uid: 1073 RequestorUid: 1073 RequestorPkg: com.android.networkstack UnderlyingNetworks: Null] ], mPriority=20, state=UNSATISFIED, mAttachedDataNetwork=null, isMetered=true, created time=18:52:58.202, evaluation result=null] applied false
03-17 18:52:58.202   903  1260 D ConnectivityService:  sending notification for NetworkRequest [ REQUEST id=14, [ Capabilities: INTERNET&NOT_RESTRICTED&TRUSTED&NOT_VCN_MANAGED Uid: 10029 RequestorUid: 1000 RequestorPkg: android UnderlyingNetworks: Null] ]
03-17 18:52:58.202   903  1260 D ConnectivityService: sending notification CALLBACK_CAP_CHANGED for NetworkRequest [ TRACK_DEFAULT id=13, [ Capabilities: INTERNET&NOT_RESTRICTED&TRUSTED&NOT_VCN_MANAGED Uid: 10029 RequestorUid: 1000 RequestorPkg: android UnderlyingNetworks: Null] ]
03-17 18:52:58.203   903  1260 D ConnectivityService:  sending notification for NetworkRequest [ REQUEST id=16, [ Capabilities: INTERNET&NOT_RESTRICTED&TRUSTED&NOT_VCN_MANAGED Uid: 1000 RequestorUid: 1000 RequestorPkg: android UnderlyingNetworks: Null] ]
03-17 18:52:58.203  1694  1694 D TelephonyNetworkFactory[0]: onReleaseNetworkFor [NetworkRequest [ REQUEST id=29, [ Capabilities: INTERNET&NOT_RESTRICTED&TRUSTED&NOT_VCN_MANAGED Uid: 1001 RequestorUid: 1001 RequestorPkg: com.android.phone UnderlyingNetworks: Null] ], mPriority=20, state=UNSATISFIED, mAttachedDataNetwork=null, isMetered=true, created time=18:52:58.202, evaluation result=null] applied false
03-17 18:52:58.203   903  1190 I JobScheduler.Connectivity: evaluateStateLocked finds job JobStatus{cf5941c #u0a17/0 com.android.statementservice/androidx.work.impl.background.systemjob.SystemJobService u=0 s=10017 TIME=-59s583ms:none NET IDLE satisfied:0x9b400000 unsatisfied:0x4} would not be ready.
03-17 18:52:58.203   903  1190 D JobScheduler: maybeQueueReadyJobsForExecutionLocked: Running jobs.
03-17 18:52:58.203   903  1190 D JobScheduler: pending queue: 0 jobs.
03-17 18:52:58.203   903  1190 D JobScheduler.Concurrency: Pending queue: 
03-17 18:52:58.203   903  1260 D ConnectivityService: sending notification CALLBACK_CAP_CHANGED for NetworkRequest [ TRACK_DEFAULT id=15, [ Capabilities: INTERNET&NOT_RESTRICTED&TRUSTED&NOT_VCN_MANAGED Uid: 1000 RequestorUid: 1000 RequestorPkg: android UnderlyingNetworks: Null] ]
03-17 18:52:58.203  1694  1694 D TelephonyNetworkFactory[0]: onReleaseNetworkFor [NetworkRequest [ REQUEST id=1, [ Capabilities: INTERNET&NOT_RESTRICTED&TRUSTED&NOT_VPN&NOT_VCN_MANAGED RequestorUid: 1000 RequestorPkg: android UnderlyingNetworks: Null] ], mPriority=20, state=UNSATISFIED, mAttachedDataNetwork=null, isMetered=true, created time=18:52:58.202, evaluation result=null] applied false
03-17 18:52:58.203   903  1260 D ConnectivityService:  sending notification for NetworkRequest [ REQUEST id=18, [ Capabilities: INTERNET&NOT_RESTRICTED&TRUSTED&NOT_VCN_MANAGED Uid: 1073 RequestorUid: 1073 RequestorPkg: com.android.networkstack UnderlyingNetworks: Null] ]
03-17 18:52:58.204   903  1260 D ConnectivityService: sending notification CALLBACK_CAP_CHANGED for NetworkRequest [ TRACK_DEFAULT id=17, [ Capabilities: INTERNET&NOT_RESTRICTED&TRUSTED&NOT_VCN_MANAGED Uid: 1073 RequestorUid: 1073 RequestorPkg: com.android.networkstack UnderlyingNetworks: Null] ]
03-17 18:52:58.204  1694  1694 D TelephonyNetworkFactory[0]: onReleaseNetworkFor [NetworkRequest [ REQUEST id=16, [ Capabilities: INTERNET&NOT_RESTRICTED&TRUSTED&NOT_VCN_MANAGED Uid: 1000 RequestorUid: 1000 RequestorPkg: android UnderlyingNetworks: Null] ], mPriority=20, state=UNSATISFIED, mAttachedDataNetwork=null, isMetered=true, created time=18:52:58.204, evaluation result=null] applied false
03-17 18:52:58.204   903  1260 D ConnectivityService:  sending notification for NetworkRequest [ LISTEN id=19, [ Transports: WIFI Capabilities: NOT_RESTRICTED&TRUSTED&NOT_VPN&NOT_VCN_MANAGED Uid: 1073 RequestorUid: 1073 RequestorPkg: com.android.networkstack UnderlyingNetworks: Null] ]
03-17 18:52:58.205  1694  1694 D TelephonyNetworkFactory[0]: onReleaseNetworkFor [NetworkRequest [ REQUEST id=27, [ Capabilities: INTERNET&NOT_RESTRICTED&TRUSTED&NOT_VCN_MANAGED Uid: 1001 RequestorUid: 1001 RequestorPkg: com.android.phone UnderlyingNetworks: Null] ], mPriority=20, state=UNSATISFIED, mAttachedDataNetwork=null, isMetered=true, created time=18:52:58.204, evaluation result=null] applied false
03-17 18:52:58.205   903  1260 D ConnectivityService: sending notification CALLBACK_CAP_CHANGED for NetworkRequest [ LISTEN id=19, [ Transports: WIFI Capabilities: NOT_RESTRICTED&TRUSTED&NOT_VPN&NOT_VCN_MANAGED Uid: 1073 RequestorUid: 1073 RequestorPkg: com.android.networkstack UnderlyingNetworks: Null] ]
03-17 18:52:58.205   903  1260 D ConnectivityService:  sending notification for NetworkRequest [ TRACK_SYSTEM_DEFAULT id=20, [ Capabilities: INTERNET&NOT_RESTRICTED&TRUSTED&NOT_VPN&NOT_VCN_MANAGED RequestorUid: 1073 RequestorPkg: com.android.networkstack.tethering UnderlyingNetworks: Null] ]
03-17 18:52:58.205   903  1260 D ConnectivityService: sending notification CALLBACK_CAP_CHANGED for NetworkRequest [ TRACK_SYSTEM_DEFAULT id=20, [ Capabilities: INTERNET&NOT_RESTRICTED&TRUSTED&NOT_VPN&NOT_VCN_MANAGED RequestorUid: 1073 RequestorPkg: com.android.networkstack.tethering UnderlyingNetworks: Null] ]
03-17 18:52:58.205  1694  1694 D TelephonyNetworkFactory[0]: onReleaseNetworkFor [NetworkRequest [ REQUEST id=31, [ Capabilities: INTERNET&NOT_RESTRICTED&TRUSTED&NOT_VCN_MANAGED Uid: 10053 RequestorUid: 10053 RequestorPkg: com.mosi.mosc.aicenter UnderlyingNetworks: Null] ], mPriority=20, state=UNSATISFIED, mAttachedDataNetwork=null, isMetered=true, created time=18:52:58.204, evaluation result=null] applied false
03-17 18:52:58.205   903  1260 D ConnectivityService:  sending notification for NetworkRequest [ LISTEN id=21, [ Transports: WIFI Capabilities: NOT_RESTRICTED&TRUSTED&NOT_VPN&NOT_VCN_MANAGED Uid: 1000 RequestorUid: 1000 RequestorPkg: com.vendor.fawvw.fawsystemserver UnderlyingNetworks: Null] ]
03-17 18:52:58.206  1694  1694 D TelephonyNetworkFactory[0]: onReleaseNetworkFor [NetworkRequest [ REQUEST id=42, [ Capabilities: INTERNET&NOT_RESTRICTED&TRUSTED&NOT_VCN_MANAGED Uid: 10064 RequestorUid: 10064 RequestorPkg: com.fawvw.vehicle.navi.j01app UnderlyingNetworks: Null] ], mPriority=20, state=UNSATISFIED, mAttachedDataNetwork=null, isMetered=true, created time=18:52:58.206, evaluation result=null] applied false
03-17 18:52:58.206   903  1260 D ConnectivityService: sending notification CALLBACK_CAP_CHANGED for NetworkRequest [ LISTEN id=21, [ Transports: WIFI Capabilities: NOT_RESTRICTED&TRUSTED&NOT_VPN&NOT_VCN_MANAGED Uid: 1000 RequestorUid: 1000 RequestorPkg: com.vendor.fawvw.fawsystemserver UnderlyingNetworks: Null] ]
03-17 18:52:58.206  1694  1694 D TelephonyNetworkFactory[0]: onReleaseNetworkFor [NetworkRequest [ REQUEST id=55, [ Transports: CELLULAR|WIFI Capabilities: NOT_RESTRICTED&TRUSTED&NOT_VPN&NOT_VCN_MANAGED Uid: 1000 RequestorUid: 1000 RequestorPkg: com.fawvw.mw.pkiagent UnderlyingNetworks: Null] ], mPriority=0, state=UNSATISFIED, mAttachedDataNetwork=null, isMetered=false, created time=18:52:58.206, evaluation result=null] applied false
03-17 18:52:58.207   642   685 I mcuc    : sd Uart data : 6AA602042C0002920238
03-17 18:52:58.207  1694  1694 D TelephonyNetworkFactory[0]: onReleaseNetworkFor [NetworkRequest [ REQUEST id=7, [ Capabilities: INTERNET&NOT_RESTRICTED&TRUSTED&NOT_VCN_MANAGED Uid: 1000 RequestorUid: 1000 RequestorPkg: android UnderlyingNetworks: Null] ], mPriority=20, state=UNSATISFIED, mAttachedDataNetwork=null, isMetered=true, created time=18:52:58.207, evaluation result=null] applied false
03-17 18:52:58.207   903  1260 D ConnectivityService:  sending notification for NetworkRequest [ LISTEN id=22, [ Capabilities: INTERNET&NOT_RESTRICTED&TRUSTED&VALIDATED&NOT_VCN_MANAGED Uid: 1000 RequestorUid: 1000 RequestorPkg: android UnderlyingNetworks: Null] ]
03-17 18:52:58.208  1694  1694 D TelephonyNetworkFactory[0]: onReleaseNetworkFor [NetworkRequest [ REQUEST id=14, [ Capabilities: INTERNET&NOT_RESTRICTED&TRUSTED&NOT_VCN_MANAGED Uid: 10029 RequestorUid: 1000 RequestorPkg: android UnderlyingNetworks: Null] ], mPriority=20, state=UNSATISFIED, mAttachedDataNetwork=null, isMetered=true, created time=18:52:58.207, evaluation result=null] applied false
03-17 18:52:58.208   903  1260 D ConnectivityService: sending notification CALLBACK_CAP_CHANGED for NetworkRequest [ LISTEN id=22, [ Capabilities: INTERNET&NOT_RESTRICTED&TRUSTED&VALIDATED&NOT_VCN_MANAGED Uid: 1000 RequestorUid: 1000 RequestorPkg: android UnderlyingNetworks: Null] ]
03-17 18:52:58.208   903  1260 D ConnectivityService:  sending notification for NetworkRequest [ LISTEN id=23, [ Transports: WIFI Capabilities: NOT_RESTRICTED&TRUSTED&NOT_VPN&NOT_VCN_MANAGED Uid: 10035 RequestorUid: 10035 RequestorPkg: com.android.systemui UnderlyingNetworks: Null] ]
03-17 18:52:58.208   903  1260 D ConnectivityService: sending notification CALLBACK_CAP_CHANGED for NetworkRequest [ LISTEN id=23, [ Transports: WIFI Capabilities: NOT_RESTRICTED&TRUSTED&NOT_VPN&NOT_VCN_MANAGED Uid: 10035 RequestorUid: 10035 RequestorPkg: com.android.systemui UnderlyingNetworks: Null] ]
03-17 18:52:58.208   903  1260 D ConnectivityService:  sending notification for NetworkRequest [ LISTEN id=24, [ Transports: WIFI Capabilities: NOT_RESTRICTED&TRUSTED&NOT_VPN&NOT_VCN_MANAGED Uid: 1000 RequestorUid: 1000 RequestorPkg: com.fawvw.hmi.j01.ota UnderlyingNetworks: Null] ]
03-17 18:52:58.209   903  1260 D ConnectivityService: sending notification CALLBACK_CAP_CHANGED for NetworkRequest [ LISTEN id=24, [ Transports: WIFI Capabilities: NOT_RESTRICTED&TRUSTED&NOT_VPN&NOT_VCN_MANAGED Uid: 1000 RequestorUid: 1000 RequestorPkg: com.fawvw.hmi.j01.ota UnderlyingNetworks: Null] ]
03-17 18:52:58.209   903  1260 D ConnectivityService:  sending notification for NetworkRequest [ LISTEN id=25, [ Transports: WIFI Capabilities: INTERNET&TRUSTED&NOT_VPN&NOT_VCN_MANAGED Uid: 1001 RequestorUid: 1001 RequestorPkg: com.android.phone UnderlyingNetworks: Null] ]
03-17 18:52:58.209   903  1260 D ConnectivityService: sending notification CALLBACK_CAP_CHANGED for NetworkRequest [ LISTEN id=25, [ Transports: WIFI Capabilities: INTERNET&TRUSTED&NOT_VPN&NOT_VCN_MANAGED Uid: 1001 RequestorUid: 1001 RequestorPkg: com.android.phone UnderlyingNetworks: Null] ]
03-17 18:52:58.209  1702  2031 D WifiController:  
03-17 18:52:58.209  1702  2031 D WifiController: ┌────────────────────────────────────────────────────────────────────────────────────────────────────────────────
03-17 18:52:58.209  1702  2031 D WifiController: │ ConnectivityThread, com.android.systemui.connect.WifiController.setAvailable(WifiController.kt:67)
03-17 18:52:58.209  1702  2031 D WifiController: ├┄┄┄┄┄┄┄┄┄┄┄┄┄┄┄┄┄┄┄┄┄┄┄┄┄┄┄┄┄┄┄┄┄┄┄┄┄┄┄┄┄┄┄┄┄┄┄┄┄┄┄┄┄┄┄┄┄┄┄┄┄┄┄┄┄┄┄┄┄┄┄┄┄┄┄┄┄┄┄┄┄┄┄┄┄┄┄┄┄┄┄┄┄┄┄┄┄┄┄┄┄┄┄┄┄┄┄┄┄┄┄┄
03-17 18:52:58.209  1702  2031 D WifiController: │ true
03-17 18:52:58.209  1702  2031 D WifiController: └────────────────────────────────────────────────────────────────────────────────────────────────────────────────
03-17 18:52:58.209   903  1260 D ConnectivityService:  sending notification for NetworkRequest [ REQUEST id=27, [ Capabilities: INTERNET&NOT_RESTRICTED&TRUSTED&NOT_VCN_MANAGED Uid: 1001 RequestorUid: 1001 RequestorPkg: com.android.phone UnderlyingNetworks: Null] ]
03-17 18:52:58.209   903  1260 D ConnectivityService: sending notification CALLBACK_CAP_CHANGED for NetworkRequest [ TRACK_DEFAULT id=26, [ Capabilities: INTERNET&NOT_RESTRICTED&TRUSTED&NOT_VCN_MANAGED Uid: 1001 RequestorUid: 1001 RequestorPkg: com.android.phone UnderlyingNetworks: Null] ]
03-17 18:52:58.210   903  1260 D ConnectivityService:  sending notification for NetworkRequest [ REQUEST id=29, [ Capabilities: INTERNET&NOT_RESTRICTED&TRUSTED&NOT_VCN_MANAGED Uid: 1001 RequestorUid: 1001 RequestorPkg: com.android.phone UnderlyingNetworks: Null] ]
03-17 18:52:58.210   903  1260 D ConnectivityService: sending notification CALLBACK_CAP_CHANGED for NetworkRequest [ TRACK_DEFAULT id=28, [ Capabilities: INTERNET&NOT_RESTRICTED&TRUSTED&NOT_VCN_MANAGED Uid: 1001 RequestorUid: 1001 RequestorPkg: com.android.phone UnderlyingNetworks: Null] ]
03-17 18:52:58.210   903  1260 D ConnectivityService:  sending notification for NetworkRequest [ REQUEST id=31, [ Capabilities: INTERNET&NOT_RESTRICTED&TRUSTED&NOT_VCN_MANAGED Uid: 10053 RequestorUid: 10053 RequestorPkg: com.mosi.mosc.aicenter UnderlyingNetworks: Null] ]
03-17 18:52:58.210  2503  2827 D OTAService: onCapabilitiesChanged: 108,[ Transports: WIFI Capabilities: NOT_METERED&INTERNET&NOT_RESTRICTED&TRUSTED&NOT_VPN&VALIDATED&NOT_ROAMING&FOREGROUND&NOT_CONGESTED&NOT_SUSPENDED&NOT_VCN_MANAGED LinkUpBandwidth>=12000Kbps LinkDnBandwidth>=30000Kbps TransportInfo: <SSID: <unknown ssid>, BSSID: 02:00:00:00:00:00, MAC: 02:00:00:00:00:00, IP: /192.168.10.241, Security type: 2, Supplicant state: COMPLETED, Wi-Fi standard: 4, RSSI: -31, Link speed: 6Mbps, Tx Link speed: 6Mbps, Max Supported Tx Link speed: 72Mbps, Rx Link speed: 6Mbps, Max Supported Rx Link speed: 72Mbps, Frequency: 2412MHz, Net ID: -1, Metered hint: false, score: 60, isUsable: true, CarrierMerged: false, SubscriptionId: -1, IsPrimary: 1, Trusted: true, Restricted: false, Ephemeral: false, OEM paid: false, OEM private: false, OSU AP: false, FQDN: <none>, Provider friendly name: <none>, Requesting package name: <none><none>MLO Information: , Is TID-To-Link negotiation supported by the AP: false, AP MLD Address: <none>, AP MLO Link Id: <none>, AP MLO Affiliated links: <none>> SignalStrength: -31 AdminUids: [1000] SSID: "Cudy-6C60" UnderlyingNetworks: Null]
03-17 18:52:58.210   903  1260 D ConnectivityService: sending notification CALLBACK_CAP_CHANGED for NetworkRequest [ TRACK_DEFAULT id=30, [ Capabilities: INTERNET&NOT_RESTRICTED&TRUSTED&NOT_VCN_MANAGED Uid: 10053 RequestorUid: 10053 RequestorPkg: com.mosi.mosc.aicenter UnderlyingNetworks: Null] ]
03-17 18:52:58.210  2503  2827 I OTAServiceNative: notifyWifiConnectStatus 1
03-17 18:52:58.210   903  1260 D ConnectivityService:  sending notification for NetworkRequest [ REQUEST id=33, [ Capabilities: INTERNET&NOT_RESTRICTED&TRUSTED&NOT_VCN_MANAGED Uid: 10064 RequestorUid: 10064 RequestorPkg: com.fawvw.vehicle.navi.j01app UnderlyingNetworks: Null] ]
03-17 18:52:58.211   903  1260 D ConnectivityService: sending notification CALLBACK_CAP_CHANGED for NetworkRequest [ TRACK_DEFAULT id=32, [ Capabilities: INTERNET&NOT_RESTRICTED&TRUSTED&NOT_VCN_MANAGED Uid: 10064 RequestorUid: 10064 RequestorPkg: com.fawvw.vehicle.navi.j01app UnderlyingNetworks: Null] ]
03-17 18:52:58.211   903  1260 D ConnectivityService:  sending notification for NetworkRequest [ REQUEST id=35, [ Capabilities: INTERNET&NOT_RESTRICTED&TRUSTED&NOT_VCN_MANAGED Uid: 10064 RequestorUid: 10064 RequestorPkg: com.fawvw.vehicle.navi.j01app UnderlyingNetworks: Null] ]
03-17 18:52:58.211   903  1260 D ConnectivityService: sending notification CALLBACK_CAP_CHANGED for NetworkRequest [ TRACK_DEFAULT id=34, [ Capabilities: INTERNET&NOT_RESTRICTED&TRUSTED&NOT_VCN_MANAGED Uid: 10064 RequestorUid: 10064 RequestorPkg: com.fawvw.vehicle.navi.j01app UnderlyingNetworks: Null] ]
03-17 18:52:58.212   903  1260 D ConnectivityService:  sending notification for NetworkRequest [ REQUEST id=37, [ Capabilities: INTERNET&NOT_RESTRICTED&TRUSTED&NOT_VCN_MANAGED Uid: 10075 RequestorUid: 1000 RequestorPkg: android UnderlyingNetworks: Null] ]
03-17 18:52:58.212   642   685 I mcuc    : rev uart=1131,len=15, data : 6AA681042C000792020001000000B3
03-17 18:52:58.212   400   892 D adayocomadapter-ParseProtocolFunc: printRaWMsg Name[MCUToUPstream recv] len[7] data[92020001000000]
03-17 18:52:58.212   400   892 D adayocomadapter-CommunicationManager: onUpstreamback   member[0] dataLength[4] timePoint[112160]
03-17 18:52:58.212   400   892 D adayocomadapter-ParseProtocolFunc: printRaWMsg Name[onUpstreamback] len[4] data[01000000]
03-17 18:52:58.213   400   452 D adayocomadapter-UpstreamHandler: processBeforePacket upSreamtProcessTimePoint[112160] 
03-17 18:52:58.213   400   452 D adayocomadapter-UpstreamHandler: processPacket UPSTREAM_QUEUE_DATA_TIMEOUT
03-17 18:52:58.213   400   452 D adayocomadapter-ParseProtocolFunc: parseCommonIPCLBytes Processing tableNumber[1]
03-17 18:52:58.213   400   452 D adayocomadapter-ParseProtocolFunc: parseCommonIPCLBytes Processing tablename[Table-1] tableSize[4]
03-17 18:52:58.213   400   452 D adayocomadapter-ParseProtocolFunc: printRaWMsg Name[byteStream recv] len[4] data[01000000]
03-17 18:52:58.213   400   452 D adayocomadapter-ParseProtocolFunc: printRaWMsg Name[IPCLtoVHAL] len[8] data[2140204800000000]
03-17 18:52:58.213   400   452 D adayocomadapter-CommunicationManager: onUpstreamReceive isLoss 0 mPropertyId 0x21402048
03-17 18:52:58.213   400   452 D adayocomadapter-CommunicationManager: convertBytesToInt32Memcpy  0
03-17 18:52:58.213   400   452 D vw-vhal : notifyVehicleProperty, propId = 0x21402048, data = {status: 2, int32Values: [0]}
03-17 18:52:58.213   400   452 I DefaultVehicleHal_v2_0: DefaultVehicleHal::onPropertyValue, value:{.timestamp = 112160820345, .areaId = 0, .prop = 557850696, .status = AVAILABLE, .value = {.int32Values = [1]{0}, .floatValues = [0]{}, .int64Values = [0]{}, .bytes = [0]{}, .stringValue = ""}}
03-17 18:52:58.213   400   452 D adayocomadapter-CommunicationManager: onUpstreamReceive mPropertyId 0x21402048
03-17 18:52:58.214   903  1260 D ConnectivityService: sending notification CALLBACK_CAP_CHANGED for NetworkRequest [ TRACK_DEFAULT id=36, [ Capabilities: INTERNET&NOT_RESTRICTED&TRUSTED&NOT_VCN_MANAGED Uid: 10075 RequestorUid: 1000 RequestorPkg: android UnderlyingNetworks: Null] ]
03-17 18:52:58.214   903  1260 D ConnectivityService:  sending notification for NetworkRequest [ LISTEN id=40, [ RequestorUid: 1073 RequestorPkg: com.android.networkstack.tethering UnderlyingNetworks: Null] ]
03-17 18:52:58.215   903  1260 D ConnectivityService: sending notification CALLBACK_CAP_CHANGED for NetworkRequest [ LISTEN id=40, [ RequestorUid: 1073 RequestorPkg: com.android.networkstack.tethering UnderlyingNetworks: Null] ]
03-17 18:52:58.215   903  1260 D ConnectivityService:  sending notification for NetworkRequest [ REQUEST id=42, [ Capabilities: INTERNET&NOT_RESTRICTED&TRUSTED&NOT_VCN_MANAGED Uid: 10064 RequestorUid: 10064 RequestorPkg: com.fawvw.vehicle.navi.j01app UnderlyingNetworks: Null] ]
03-17 18:52:58.215   903  1260 D ConnectivityService: sending notification CALLBACK_CAP_CHANGED for NetworkRequest [ TRACK_DEFAULT id=41, [ Capabilities: INTERNET&NOT_RESTRICTED&TRUSTED&NOT_VCN_MANAGED Uid: 10064 RequestorUid: 10064 RequestorPkg: com.fawvw.vehicle.navi.j01app UnderlyingNetworks: Null] ]
03-17 18:52:58.216   903  1260 D ConnectivityService:  sending notification for NetworkRequest [ LISTEN id=43, [ Capabilities: NOT_METERED&INTERNET&NOT_RESTRICTED&TRUSTED&NOT_VPN&NOT_VCN_MANAGED Uid: 10064 RequestorUid: 10064 RequestorPkg: com.fawvw.vehicle.navi.j01app UnderlyingNetworks: Null] ]
03-17 18:52:58.216   903  1260 D ConnectivityService: sending notification CALLBACK_CAP_CHANGED for NetworkRequest [ LISTEN id=43, [ Capabilities: NOT_METERED&INTERNET&NOT_RESTRICTED&TRUSTED&NOT_VPN&NOT_VCN_MANAGED Uid: 10064 RequestorUid: 10064 RequestorPkg: com.fawvw.vehicle.navi.j01app UnderlyingNetworks: Null] ]
03-17 18:52:58.216   903  1260 D ConnectivityService:  sending notification for NetworkRequest [ REQUEST id=45, [ Capabilities: INTERNET&NOT_RESTRICTED&TRUSTED&NOT_VCN_MANAGED Uid: 10064 RequestorUid: 10064 RequestorPkg: com.fawvw.vehicle.navi.j01app UnderlyingNetworks: Null] ]
03-17 18:52:58.217   903  1260 D ConnectivityService: sending notification CALLBACK_CAP_CHANGED for NetworkRequest [ TRACK_DEFAULT id=44, [ Capabilities: INTERNET&NOT_RESTRICTED&TRUSTED&NOT_VCN_MANAGED Uid: 10064 RequestorUid: 10064 RequestorPkg: com.fawvw.vehicle.navi.j01app UnderlyingNetworks: Null] ]
03-17 18:52:58.217  2315  3257 D NetworkLiveData: registerNetworkCallback defaultCallback onCapabilitiesChanged: [ Transports: WIFI Capabilities: NOT_METERED&INTERNET&NOT_RESTRICTED&TRUSTED&NOT_VPN&VALIDATED&NOT_ROAMING&FOREGROUND&NOT_CONGESTED&NOT_SUSPENDED&NOT_VCN_MANAGED LinkUpBandwidth>=12000Kbps LinkDnBandwidth>=30000Kbps TransportInfo: <SSID: <unknown ssid>, BSSID: 02:00:00:00:00:00, MAC: 02:00:00:00:00:00, IP: /192.168.10.241, Security type: 2, Supplicant state: COMPLETED, Wi-Fi standard: 4, RSSI: -31, Link speed: 6Mbps, Tx Link speed: 6Mbps, Max Supported Tx Link speed: 72Mbps, Rx Link speed: 6Mbps, Max Supported Rx Link speed: 72Mbps, Frequency: 2412MHz, Net ID: -1, Metered hint: false, score: 60, isUsable: true, CarrierMerged: false, SubscriptionId: -1, IsPrimary: -1, Trusted: true, Restricted: false, Ephemeral: false, OEM paid: false, OEM private: false, OSU AP: false, FQDN: <none>, Provider friendly name: <none>, Requesting package name: <none><none>MLO Information: , Is TID-To-Link negotiation supported by the AP: false, AP MLD Address: <none>, AP MLO Link Id: <none>, AP MLO Affiliated links: <none>> SignalStrength: -31 UnderlyingNetworks: Null]
03-17 18:52:58.217  2315  3257 D NetworkLiveData: registerNetworkCallback: Wi-Fi transport, validated=true
03-17 18:52:58.217   903  1260 D ConnectivityService:  sending notification for NetworkRequest [ LISTEN id=46, [ Capabilities: INTERNET&NOT_RESTRICTED&TRUSTED&NOT_VPN&VALIDATED&NOT_VCN_MANAGED Uid: 10064 RequestorUid: 10064 RequestorPkg: com.fawvw.vehicle.navi.j01app UnderlyingNetworks: Null] ]
03-17 18:52:58.217   903  1260 D ConnectivityService: sending notification CALLBACK_CAP_CHANGED for NetworkRequest [ LISTEN id=46, [ Capabilities: INTERNET&NOT_RESTRICTED&TRUSTED&NOT_VPN&VALIDATED&NOT_VCN_MANAGED Uid: 10064 RequestorUid: 10064 RequestorPkg: com.fawvw.vehicle.navi.j01app UnderlyingNetworks: Null] ]
03-17 18:52:58.218  2315  3257 D NetworkLiveData: defaultCallback onCapabilitiesChanged: [ Transports: WIFI Capabilities: NOT_METERED&INTERNET&NOT_RESTRICTED&TRUSTED&NOT_VPN&VALIDATED&NOT_ROAMING&FOREGROUND&NOT_CONGESTED&NOT_SUSPENDED&NOT_VCN_MANAGED LinkUpBandwidth>=12000Kbps LinkDnBandwidth>=30000Kbps TransportInfo: <SSID: <unknown ssid>, BSSID: 02:00:00:00:00:00, MAC: 02:00:00:00:00:00, IP: /192.168.10.241, Security type: 2, Supplicant state: COMPLETED, Wi-Fi standard: 4, RSSI: -31, Link speed: 6Mbps, Tx Link speed: 6Mbps, Max Supported Tx Link speed: 72Mbps, Rx Link speed: 6Mbps, Max Supported Rx Link speed: 72Mbps, Frequency: 2412MHz, Net ID: -1, Metered hint: false, score: 60, isUsable: true, CarrierMerged: false, SubscriptionId: -1, IsPrimary: -1, Trusted: true, Restricted: false, Ephemeral: false, OEM paid: false, OEM private: false, OSU AP: false, FQDN: <none>, Provider friendly name: <none>, Requesting package name: <none><none>MLO Information: , Is TID-To-Link negotiation supported by the AP: false, AP MLD Address: <none>, AP MLO Link Id: <none>, AP MLO Affiliated links: <none>> SignalStrength: -31 UnderlyingNetworks: Null]
03-17 18:52:58.218  2315  3257 D NetworkLiveData: defaultCallback: Wi-Fi transport, validated=true
03-17 18:52:58.218   903  1260 D ConnectivityService:  sending notification for NetworkRequest [ REQUEST id=48, [ Capabilities: INTERNET&NOT_RESTRICTED&TRUSTED&NOT_VCN_MANAGED Uid: 10076 RequestorUid: 1000 RequestorPkg: android UnderlyingNetworks: Null] ]
03-17 18:52:58.218   903  1260 D ConnectivityService: sending notification CALLBACK_CAP_CHANGED for NetworkRequest [ TRACK_DEFAULT id=47, [ Capabilities: INTERNET&NOT_RESTRICTED&TRUSTED&NOT_VCN_MANAGED Uid: 10076 RequestorUid: 1000 RequestorPkg: android UnderlyingNetworks: Null] ]
03-17 18:52:58.218   903  1260 D ConnectivityService:  sending notification for NetworkRequest [ REQUEST id=52, [ Capabilities: INTERNET&NOT_RESTRICTED&TRUSTED&NOT_VCN_MANAGED Uid: 10017 RequestorUid: 1000 RequestorPkg: android UnderlyingNetworks: Null] ]
03-17 18:52:58.218   903  1260 D ConnectivityService: sending notification CALLBACK_CAP_CHANGED for NetworkRequest [ TRACK_DEFAULT id=51, [ Capabilities: INTERNET&NOT_RESTRICTED&TRUSTED&NOT_VCN_MANAGED Uid: 10017 RequestorUid: 1000 RequestorPkg: android UnderlyingNetworks: Null] ]
03-17 18:52:58.219   903  1260 D ConnectivityService:  sending notification for NetworkRequest [ REQUEST id=55, [ Transports: CELLULAR|WIFI Capabilities: NOT_RESTRICTED&TRUSTED&NOT_VPN&NOT_VCN_MANAGED Uid: 1000 RequestorUid: 1000 RequestorPkg: com.fawvw.mw.pkiagent UnderlyingNetworks: Null] ]
03-17 18:52:58.219   903  1260 D ConnectivityService: sending notification CALLBACK_CAP_CHANGED for NetworkRequest [ REQUEST id=55, [ Transports: CELLULAR|WIFI Capabilities: NOT_RESTRICTED&TRUSTED&NOT_VPN&NOT_VCN_MANAGED Uid: 1000 RequestorUid: 1000 RequestorPkg: com.fawvw.mw.pkiagent UnderlyingNetworks: Null] ]
03-17 18:52:58.219   903  1260 D ConnectivityService:  sending notification for NetworkRequest [ LISTEN id=56, [ Transports: WIFI Capabilities: NOT_VPN RequestorUid: 1000 RequestorPkg: com.fawvw.hmi.bev.carapp UnderlyingNetworks: Null] ]
03-17 18:52:58.220   903  1260 D ConnectivityService: sending notification CALLBACK_CAP_CHANGED for NetworkRequest [ LISTEN id=56, [ Transports: WIFI Capabilities: NOT_VPN RequestorUid: 1000 RequestorPkg: com.fawvw.hmi.bev.carapp UnderlyingNetworks: Null] ]
03-17 18:52:58.220   903  1260 D ConnectivityService:  sending notification for NetworkRequest [ LISTEN id=57, [ Transports: WIFI Capabilities: INTERNET&NOT_RESTRICTED&TRUSTED&NOT_VPN&NOT_VCN_MANAGED Uid: 1000 RequestorUid: 1000 RequestorPkg: android UnderlyingNetworks: Null] ]
03-17 18:52:58.220  2383  2600 D AdayoDoipServer294_Doip: [ne_doip_event_loop_dispatch][line:141] : count = 0
03-17 18:52:58.220   903  1260 D ConnectivityService: sending notification CALLBACK_CAP_CHANGED for NetworkRequest [ LISTEN id=57, [ Transports: WIFI Capabilities: INTERNET&NOT_RESTRICTED&TRUSTED&NOT_VPN&NOT_VCN_MANAGED Uid: 1000 RequestorUid: 1000 RequestorPkg: android UnderlyingNetworks: Null] ]
03-17 18:52:58.221   903  1260 D ConnectivityService: Setting DNS servers for network 108 to [/192.168.10.1]
03-17 18:52:58.221   582  3616 E WifiHAL : Invalid data received from driver
03-17 18:52:58.221   903  1260 D DnsManager: sendDnsConfigurationForNetwork(108, [192.168.10.1], [lan], 1800, 25, 8, 64, 0, 0, , [192.168.10.1])
03-17 18:52:58.221   903  1289 I WifiService: getPrivilegedConnectedNetwork uid=1000
03-17 18:52:58.221   580   630 D resolv  : PrivateDnsConfiguration::set(108, 0xf006c, 1, )
03-17 18:52:58.222   580   630 D resolv  : PrivateDnsConfiguration::setDoh(108, 0xf006c, 1, )
03-17 18:52:58.222   580   630 I resolv  : setDoh: No suitable DoH server found
03-17 18:52:58.222   580   630 D resolv  : PrivateDnsConfiguration::clearDoh (108)
03-17 18:52:58.222   580   630 D resolv  : resolv_set_nameservers: netId = 108, numservers = 1
03-17 18:52:58.222   580   630 D resolv  : android_getaddrinfofornetcontext: explore_numeric: ai_family=10 ai_socktype=2 ai_protocol=17
03-17 18:52:58.222   580   630 D resolv  : explore_numeric_scope
03-17 18:52:58.222   580   630 D resolv  : android_getaddrinfofornetcontext: explore_numeric: ai_family=2 ai_socktype=2 ai_protocol=17
03-17 18:52:58.222   580   630 D resolv  : explore_numeric_scope
03-17 18:52:58.222   580  9186 W resolv  : Validating DnsTlsServer 192.168.10.1 with mark 0xf006c
03-17 18:52:58.222   580   630 I netd    : DnsResolverService::setResolverConfiguration(108, [192.168.10.1], [lan], 1800, 25, 8, 64, 0, 0, "", [192.168.10.1]) -> (0) (0.9ms)
03-17 18:52:58.222   580  9186 D resolv  : Beginning validation with mark f006c
03-17 18:52:58.222   580  9186 D resolv  : No socket for query.  Opening socket and sending.
03-17 18:52:58.222   580   630 I netd    : setResolverConfiguration(ResolverParamsParcel{netId: 108, sampleValiditySeconds: 1800, successThreshold: 25, minSamples: 8, maxSamples: 64, baseTimeoutMsec: 0, retryCount: 0, servers: [192.168.10.1], domains: [lan], tlsName: , tlsServers: [192.168.10.1], tlsFingerprints: [], caCertificate: , tlsConnectTimeoutMs: 0, resolverOptions: (null), transportTypes: [1]}) <0.99ms>
03-17 18:52:58.222   580  9186 D resolv  : Constructing new socket
03-17 18:52:58.223   580  9186 D resolv  : DnsTlsSocket is initialized with { mConnectTimeoutMs: 127000, mAsyncHandshake: 0 }
03-17 18:52:58.223   580  9186 D resolv  : 983148 connecting TCP socket
03-17 18:52:58.223   903  1289 D InstantWifi: Receive Wifi is connected, freq =  2412 and currentNetworkId : 0, wifiinfo = SSID: <unknown ssid>, BSSID: 02:00:00:00:00:00, MAC: 02:00:00:00:00:00, IP: /192.168.10.241, Security type: 2, Supplicant state: COMPLETED, Wi-Fi standard: 4, RSSI: -31, Link speed: 6Mbps, Tx Link speed: 6Mbps, Max Supported Tx Link speed: 72Mbps, Rx Link speed: 6Mbps, Max Supported Rx Link speed: 72Mbps, Frequency: 2412MHz, Net ID: -1, Metered hint: false, score: 60, isUsable: true, CarrierMerged: false, SubscriptionId: -1, IsPrimary: 1, Trusted: true, Restricted: false, Ephemeral: false, OEM paid: false, OEM private: false, OSU AP: false, FQDN: <none>, Provider friendly name: <none>, Requesting package name: <none><none>MLO Information: , Is TID-To-Link negotiation supported by the AP: false, AP MLD Address: <none>, AP MLO Link Id: <none>, AP MLO Affiliated links: <none>
03-17 18:52:58.224   580  9186 D resolv  : No known sessions
03-17 18:52:58.224   580  9186 D resolv  : No session available
03-17 18:52:58.224   580  9186 D resolv  :  Calling SSL_connect with mark 0xf006c
03-17 18:52:58.225   580  9186 D resolv  :  SSL_connect returned -1 with mark 0xf006c
03-17 18:52:58.225   580  9186 D resolv  :  Calling SSL_connect with mark 0xf006c
03-17 18:52:58.225   580  9186 D resolv  :  SSL_connect returned -1 with mark 0xf006c
03-17 18:52:58.225   580  9186 W resolv  : SSL_connect ssl error =5, mark 0xf006c: Connection refused
03-17 18:52:58.225   580  9186 W resolv  : TLS Handshake failed
03-17 18:52:58.225   580  9186 D resolv  : Initialization failed.
03-17 18:52:58.225   580  9186 D resolv  : Destructor
03-17 18:52:58.225   580  9186 D resolv  : Destructor completed
03-17 18:52:58.225   580  9186 D resolv  : Failing all pending queries.
03-17 18:52:58.225   580  9186 W resolv  : query failed
03-17 18:52:58.225   580  9186 D resolv  : Destructor
03-17 18:52:58.226   580  9186 D resolv  : Locked destruction procedure
03-17 18:52:58.226   580  9186 D resolv  : Destructor completed
03-17 18:52:58.226   580  9186 W resolv  : validateDnsTlsServer returned 0 for 192.168.10.1
03-17 18:52:58.226   580  9186 D resolv  : Sending validation failure event on netId 108 for 192.168.10.1:853 with hostname {}
03-17 18:52:58.226   580  9186 W resolv  : Validation failed
03-17 18:52:58.227   903  1260 D ConnectivityService: sendStickyBroadcast: action=android.net.conn.INET_CONDITION_ACTION
03-17 18:52:58.230  1763  9064 D okhttp.Http2: >> CONNECTION 505249202a20485454502f322e300d0a0d0a534d0d0a0d0a
03-17 18:52:58.231   903  1260 W ContextImpl: Calling a method in the system process without a qualified user: android.app.ContextImpl.sendStickyBroadcast:1626 android.net.connectivity.com.android.server.ConnectivityService.sendStickyBroadcast:3333 android.net.connectivity.com.android.server.ConnectivityService.sendGeneralBroadcast:3303 android.net.connectivity.com.android.server.ConnectivityService.sendInetConditionBroadcast:3280 android.net.connectivity.com.android.server.ConnectivityService.updateInetCondition:10031 
03-17 18:52:58.232  6654  6700 D TimerTriggerManager: init instance...
03-17 18:52:58.232  6654  6700 D TimerTriggerManager: Timer thread'TimerTriggerManager' is destroyed: false
03-17 18:52:58.232  6654  6700 D TimerTriggerManager: Timer 'onIndcnVehSpdChanged' is running: true
03-17 18:52:58.232  6654  6700 D TimerTriggerManager: Sending reset signal to timer 'onIndcnVehSpdChanged'
03-17 18:52:58.232  6654  6700 D TimerTriggerManager: Reset signal sent to timer 'onIndcnVehSpdChanged'
03-17 18:52:58.232   903  1251 D WifiClientModeImpl[72500:wlan0]: WifiNetworkAgent -> Wifi networkStatus valid, score= 60
03-17 18:52:58.232  6654  6707 D TimerTriggerController: Reset method called for timer: onIndcnVehSpdChanged
03-17 18:52:58.232  6654  6707 D TimerTriggerController: Calling onTimerReset for timer: onIndcnVehSpdChanged
03-17 18:52:58.233  6654  6707 D TimerTriggerManager: Timer reset: onIndcnVehSpdChanged
03-17 18:52:58.233  6654  6707 I TimerTriggerController: Timer [onIndcnVehSpdChanged] reset, remaining: 999ms, reset count: 641
03-17 18:52:58.234   903  2917 I WifiService: getSupportedFeatures uid=1000 returns 19d81dcfca8b01d
03-17 18:52:58.235   903  1251 D WifiScoreCard: BSSID update VALIDATION_SUCCESS ID: 779452451 SSID: "Cudy-6C60", BSSID: 80:af:ca:b5:6c:60, MAC: 88:e0:34:b7:61:31, IP: /192.168.10.241, Security type: 2, Supplicant state: COMPLETED, Wi-Fi standard: 4, RSSI: -31, Link speed: 6Mbps, Tx Link speed: 6Mbps, Max Supported Tx Link speed: 72Mbps, Rx Link speed: 6Mbps, Max Supported Rx Link speed: 72Mbps, Frequency: 2412MHz, Net ID: 0, Metered hint: false, score: 60, isUsable: true, CarrierMerged: false, SubscriptionId: -1, IsPrimary: 1, Trusted: true, Restricted: false, Ephemeral: false, OEM paid: false, OEM private: false, OSU AP: false, FQDN: <none>, Provider friendly name: <none>, Requesting package name: <none>"Cudy-6C60"wpa2-pskMLO Information: , Is TID-To-Link negotiation supported by the AP: false, AP MLD Address: <none>, AP MLO Link Id: <none>, AP MLO Affiliated links: <none>
03-17 18:52:58.236   903  1251 D WifiScoreCard: Histogram IP_CONFIGURATION_SUCCESS RSSI{[-32,-31)=1, [-31,-30)=2}
03-17 18:52:58.237   903  1251 D WifiScoreCard: Histogram SIGNAL_POLL RSSI{[-32,-31)=3, [-31,-30)=4, [-30,-29)=1}
03-17 18:52:58.237  1763  9064 D okhttp.Http2: >> 0x00000000     6 SETTINGS      
03-17 18:52:58.238   903  1260 D ConnectivityService: Update of LinkProperties for [108 WIFI]; created=111268; firstConnected=111269
03-17 18:52:58.238  1763  9064 D okhttp.Http2: >> 0x00000000     4 WINDOW_UPDATE 
03-17 18:52:58.239  1763  9064 D okhttp.TaskRunner: Q10012 scheduled after   0 µs: OkHttp api-c-uat.mosc.faw-vw.com
03-17 18:52:58.239  1763  8864 D okhttp.TaskRunner: Q10012 starting              : OkHttp api-c-uat.mosc.faw-vw.com
03-17 18:52:58.240  1566  1566 I AccessibilityCache: onAccessibilityEvent(EventType: TYPE_WINDOW_CONTENT_CHANGED; EventTime: 111575; PackageName: com.fawvw.hmi.bev.carapp; MovementGranularity: 0; Action: 0; ContentChangeTypes: [CONTENT_CHANGE_TYPE_SUBTREE]; WindowChangeTypes: [] [ ClassName: androidx.viewpager.widget.ViewPager; Text: []; ContentDescription: null; ItemCount: -1; CurrentItemIndex: -1; Enabled: true; Password: false; Checked: false; FullScreen: false; Scrollable: false; ImportantForAccessibility: true; AccessibilityDataSensitive: false; BeforeText: null; FromIndex: -1; ToIndex: -1; ScrollX: 0; ScrollY: 0; MaxScrollX: 0; MaxScrollY: 0; ScrollDeltaX: -1; ScrollDeltaY: -1; AddedCount: -1; RemovedCount: -1; ParcelableData: null; DisplayId: 0 ]
03-17 18:52:58.240  1566  1566 I AccessibilityCache: ; SourceWindowId: 0xe; SourceNodeId: 0xffffffff00000321; SourceDisplayId: 0)
03-17 18:52:58.240  1566  1566 I AccessibilityCache: Clearing cached subtree.
03-17 18:52:58.240  1763  9064 D okhttp.TaskRunner: Q10000 scheduled after   0 µs: OkHttp ConnectionPool
03-17 18:52:58.240  1566  1566 D AccessibilityServices: type = 2048  pkg = com.fawvw.hmi.bev.carapp
03-17 18:52:58.241  1763  8865 D okhttp.TaskRunner: Q10000 starting              : OkHttp ConnectionPool
03-17 18:52:58.242  1763  8865 D okhttp.TaskRunner: Q10000 run again after 300 s : OkHttp ConnectionPool
03-17 18:52:58.242  1763  8865 D okhttp.TaskRunner: Q10000 finished run in   1 ms: OkHttp ConnectionPool
03-17 18:52:58.243   903  3543 D WifiMemoryStoreImpl: Set cluster G14151cc22c862514 for W51a07fbaae758023: SUCCESS
03-17 18:52:58.244  1763  9064 D okhttp.Http2: >> 0x00000003   258 HEADERS       END_HEADERS
03-17 18:52:58.246  1763  9064 D okhttp.Http2: >> 0x00000003    68 DATA          END_STREAM
03-17 18:52:58.252   903  1251 I WifiClientModeImpl: Default Gateway MAC address of 80:af:ca:b5:6c:60 from routes is : 80:af:ca:b5:6c:60
03-17 18:52:58.261   903  2917 I WifiService: getMatchingPasspointConfigurations uid=1000
03-17 18:52:58.280   903  1251 D WifiConfigStore: Writing to stores completed in 23 ms.
03-17 18:52:58.281   642   685 I mcuc    : sd Uart data : 6AA602042D0002920237
03-17 18:52:58.281   903  1251 D WifiClientModeImpl[72500:wlan0]:  ClientModeImpl$L3ConnectedState screen=on 1 0
03-17 18:52:58.282   582  3616 E WifiHAL : Invalid data received from driver
03-17 18:52:58.284   903  2917 I WifiService: getMatchingOsuProviders uid=1000
03-17 18:52:58.285   903  2917 I WifiService: getMatchingPasspointConfigsForOsuProviders uid=1000
03-17 18:52:58.286   642   685 I mcuc    : rev uart=1132,len=57, data : 6AA681042D0031920200114C465630314C5954455354564C4E30333000000000000000000000007F000100000000000007FE0001010101013D
03-17 18:52:58.286   400   892 D adayocomadapter-ParseProtocolFunc: printRaWMsg Name[MCUToUPstream recv] len[49] data[920200114C465630314C5954455354564C4E30333000000000000000000000007F000100000000000007FE000101010101]
03-17 18:52:58.286   400   892 D adayocomadapter-CommunicationManager: onUpstreamback   member[0] dataLength[46] timePoint[112234]
03-17 18:52:58.286   400   892 D adayocomadapter-ParseProtocolFunc: printRaWMsg Name[onUpstreamback] len[46] data[114C465630314C5954455354564C4E30333000000000000000000000007F000100000000000007FE000101010101]
03-17 18:52:58.286   400   452 D adayocomadapter-UpstreamHandler: processBeforePacket upSreamtProcessTimePoint[112234] 
03-17 18:52:58.286   400   452 D adayocomadapter-UpstreamHandler: processPacket UPSTREAM_QUEUE_DATA_TIMEOUT
03-17 18:52:58.286   400   452 D adayocomadapter-ParseProtocolFunc: parseCommonIPCLBytes Processing tableNumber[17]
03-17 18:52:58.286   400   452 D adayocomadapter-ParseProtocolFunc: parseCommonIPCLBytes Processing tablename[Table-17] tableSize[46]
03-17 18:52:58.286   400   452 D adayocomadapter-ParseProtocolFunc: printRaWMsg Name[byteStream recv] len[46] data[114C465630314C5954455354564C4E30333000000000000000000000007F000100000000000007FE000101010101]
03-17 18:52:58.286   400   452 D adayocomadapter-ParseProtocolFunc: printRaWMsg Name[IPCLtoVHAL] len[23] data[2110204701014C465630314C5954455354564C4E303330]
03-17 18:52:58.286   400   452 D adayocomadapter-ParseProtocolFunc: printRaWMsg Name[IPCLtoVHAL] len[7] data[21402013000100]
03-17 18:52:58.286   400   452 D adayocomadapter-ParseProtocolFunc: printRaWMsg Name[IPCLtoVHAL] len[7] data[2140216C000100]
03-17 18:52:58.286   400   452 D adayocomadapter-ParseProtocolFunc: printRaWMsg Name[IPCLtoVHAL] len[7] data[214020A6000100]
03-17 18:52:58.286   400   452 D adayocomadapter-ParseProtocolFunc: printRaWMsg Name[IPCLtoVHAL] len[7] data[214020FC000100]
03-17 18:52:58.286   400   452 D adayocomadapter-ParseProtocolFunc: printRaWMsg Name[IPCLtoVHAL] len[7] data[21402108000100]
03-17 18:52:58.286   400   452 D adayocomadapter-ParseProtocolFunc: printRaWMsg Name[IPCLtoVHAL] len[7] data[2140210A000100]
03-17 18:52:58.287   400   452 D adayocomadapter-ParseProtocolFunc: printRaWMsg Name[IPCLtoVHAL] len[7] data[2140202400017F]
03-17 18:52:58.287   400   452 D adayocomadapter-ParseProtocolFunc: printRaWMsg Name[IPCLtoVHAL] len[7] data[21402120000100]
03-17 18:52:58.287   400   452 D adayocomadapter-ParseProtocolFunc: printRaWMsg Name[IPCLtoVHAL] len[7] data[21402109000100]
03-17 18:52:58.287   400   452 D adayocomadapter-ParseProtocolFunc: printRaWMsg Name[IPCLtoVHAL] len[7] data[214020A7000100]
03-17 18:52:58.287   400   452 D adayocomadapter-ParseProtocolFunc: printRaWMsg Name[IPCLtoVHAL] len[7] data[2140212E000100]
03-17 18:52:58.287   400   452 D adayocomadapter-ParseProtocolFunc: printRaWMsg Name[IPCLtoVHAL] len[7] data[2140205F000100]
