03-17 18:52:55.325   903  1260 D ConnectivityService:  sending notification for NetworkRequest [ REQUEST id=37, [ Capabilities: INTERNET&NOT_RESTRICTED&TRUSTED&NOT_VCN_MANAGED Uid: 10075 RequestorUid: 1000 RequestorPkg: android UnderlyingNetworks: Null] ]
03-17 18:52:55.325   903  1260 D ConnectivityService: sending notification CALLBACK_LOST for NetworkRequest [ TRACK_DEFAULT id=36, [ Capabilities: INTERNET&NOT_RESTRICTED&TRUSTED&NOT_VCN_MANAGED Uid: 10075 RequestorUid: 1000 RequestorPkg: android UnderlyingNetworks: Null] ]
03-17 18:52:55.325   903  1260 D ConnectivityService:  sending notification for NetworkRequest [ LISTEN id=40, [ RequestorUid: 1073 RequestorPkg: com.android.networkstack.tethering UnderlyingNetworks: Null] ]
03-17 18:52:55.325   903  1260 D ConnectivityService: sending notification CALLBACK_LOST for NetworkRequest [ LISTEN id=40, [ RequestorUid: 1073 RequestorPkg: com.android.networkstack.tethering UnderlyingNetworks: Null] ]
03-17 18:52:55.325   903  1260 D ConnectivityService:  sending notification for NetworkRequest [ REQUEST id=42, [ Capabilities: INTERNET&NOT_RESTRICTED&TRUSTED&NOT_VCN_MANAGED Uid: 10064 RequestorUid: 10064 RequestorPkg: com.fawvw.vehicle.navi.j01app UnderlyingNetworks: Null] ]
03-17 18:52:55.325   903  1260 D ConnectivityService: sending notification CALLBACK_LOST for NetworkRequest [ TRACK_DEFAULT id=41, [ Capabilities: INTERNET&NOT_RESTRICTED&TRUSTED&NOT_VCN_MANAGED Uid: 10064 RequestorUid: 10064 RequestorPkg: com.fawvw.vehicle.navi.j01app UnderlyingNetworks: Null] ]
03-17 18:52:55.326   903  1260 D ConnectivityService:  sending notification for NetworkRequest [ LISTEN id=43, [ Capabilities: NOT_METERED&INTERNET&NOT_RESTRICTED&TRUSTED&NOT_VPN&NOT_VCN_MANAGED Uid: 10064 RequestorUid: 10064 RequestorPkg: com.fawvw.vehicle.navi.j01app UnderlyingNetworks: Null] ]
03-17 18:52:55.326   903  1260 D ConnectivityService: sending notification CALLBACK_LOST for NetworkRequest [ LISTEN id=43, [ Capabilities: NOT_METERED&INTERNET&NOT_RESTRICTED&TRUSTED&NOT_VPN&NOT_VCN_MANAGED Uid: 10064 RequestorUid: 10064 RequestorPkg: com.fawvw.vehicle.navi.j01app UnderlyingNetworks: Null] ]
03-17 18:52:55.326   903  1260 D ConnectivityService:  sending notification for NetworkRequest [ REQUEST id=45, [ Capabilities: INTERNET&NOT_RESTRICTED&TRUSTED&NOT_VCN_MANAGED Uid: 10064 RequestorUid: 10064 RequestorPkg: com.fawvw.vehicle.navi.j01app UnderlyingNetworks: Null] ]
03-17 18:52:55.326   903  1260 D ConnectivityService: sending notification CALLBACK_LOST for NetworkRequest [ TRACK_DEFAULT id=44, [ Capabilities: INTERNET&NOT_RESTRICTED&TRUSTED&NOT_VCN_MANAGED Uid: 10064 RequestorUid: 10064 RequestorPkg: com.fawvw.vehicle.navi.j01app UnderlyingNetworks: Null] ]
03-17 18:52:55.327   903  1260 D ConnectivityService:  sending notification for NetworkRequest [ LISTEN id=46, [ Capabilities: INTERNET&NOT_RESTRICTED&TRUSTED&NOT_VPN&VALIDATED&NOT_VCN_MANAGED Uid: 10064 RequestorUid: 10064 RequestorPkg: com.fawvw.vehicle.navi.j01app UnderlyingNetworks: Null] ]
03-17 18:52:55.327   903  1260 D ConnectivityService: sending notification CALLBACK_LOST for NetworkRequest [ LISTEN id=46, [ Capabilities: INTERNET&NOT_RESTRICTED&TRUSTED&NOT_VPN&VALIDATED&NOT_VCN_MANAGED Uid: 10064 RequestorUid: 10064 RequestorPkg: com.fawvw.vehicle.navi.j01app UnderlyingNetworks: Null] ]
03-17 18:52:55.328   903  1260 D ConnectivityService:  sending notification for NetworkRequest [ REQUEST id=48, [ Capabilities: INTERNET&NOT_RESTRICTED&TRUSTED&NOT_VCN_MANAGED Uid: 10076 RequestorUid: 1000 RequestorPkg: android UnderlyingNetworks: Null] ]
03-17 18:52:55.329   903  3543 D NetworkPolicy: Blocked state of 10064: {blocked=NONE,allowed=FOREGROUND|TOP|METERED_FOREGROUND,effective=NONE}
03-17 18:52:55.329  2503  2827 D OTAService: onLost: 
03-17 18:52:55.330   903  1260 D ConnectivityService: sending notification CALLBACK_LOST for NetworkRequest [ TRACK_DEFAULT id=47, [ Capabilities: INTERNET&NOT_RESTRICTED&TRUSTED&NOT_VCN_MANAGED Uid: 10076 RequestorUid: 1000 RequestorPkg: android UnderlyingNetworks: Null] ]
03-17 18:52:55.330  6654  6700 D TimerTriggerManager: init instance...
03-17 18:52:55.330  6654  6700 D TimerTriggerManager: Timer thread'TimerTriggerManager' is destroyed: false
03-17 18:52:55.331  6654  6700 D TimerTriggerManager: Timer 'onIndcnVehSpdChanged' is running: true
03-17 18:52:55.331  6654  6700 D TimerTriggerManager: Sending reset signal to timer 'onIndcnVehSpdChanged'
03-17 18:52:55.331   903  1260 D ConnectivityService:  sending notification for NetworkRequest [ REQUEST id=52, [ Capabilities: INTERNET&NOT_RESTRICTED&TRUSTED&NOT_VCN_MANAGED Uid: 10017 RequestorUid: 1000 RequestorPkg: android UnderlyingNetworks: Null] ]
03-17 18:52:55.331   903  1260 D ConnectivityService: sending notification CALLBACK_LOST for NetworkRequest [ TRACK_DEFAULT id=51, [ Capabilities: INTERNET&NOT_RESTRICTED&TRUSTED&NOT_VCN_MANAGED Uid: 10017 RequestorUid: 1000 RequestorPkg: android UnderlyingNetworks: Null] ]
03-17 18:52:55.331  6654  6700 D TimerTriggerManager: Reset signal sent to timer 'onIndcnVehSpdChanged'
03-17 18:52:55.332  6654  6700 D TimerTriggerManager: init instance...
03-17 18:52:55.332  1513  8570 D DhcpClient: DHCP Packet Handler stopped
03-17 18:52:55.332   903  1260 D ConnectivityService:  sending notification for NetworkRequest [ REQUEST id=55, [ Transports: CELLULAR|WIFI Capabilities: NOT_RESTRICTED&TRUSTED&NOT_VPN&NOT_VCN_MANAGED Uid: 1000 RequestorUid: 1000 RequestorPkg: com.fawvw.mw.pkiagent UnderlyingNetworks: Null] ]
03-17 18:52:55.332  1513  8570 D DhcpClient: onQuitting
03-17 18:52:55.332   903  1260 D ConnectivityService: sending notification CALLBACK_LOST for NetworkRequest [ REQUEST id=55, [ Transports: CELLULAR|WIFI Capabilities: NOT_RESTRICTED&TRUSTED&NOT_VPN&NOT_VCN_MANAGED Uid: 1000 RequestorUid: 1000 RequestorPkg: com.fawvw.mw.pkiagent UnderlyingNetworks: Null] ]
03-17 18:52:55.333   903  1260 D ConnectivityService:  sending notification for NetworkRequest [ LISTEN id=56, [ Transports: WIFI Capabilities: NOT_VPN RequestorUid: 1000 RequestorPkg: com.fawvw.hmi.bev.carapp UnderlyingNetworks: Null] ]
03-17 18:52:55.333  2503  2827 I OTAServiceNative: notifyWifiConnectStatus 0
03-17 18:52:55.333   903  1260 D ConnectivityService: sending notification CALLBACK_LOST for NetworkRequest [ LISTEN id=56, [ Transports: WIFI Capabilities: NOT_VPN RequestorUid: 1000 RequestorPkg: com.fawvw.hmi.bev.carapp UnderlyingNetworks: Null] ]
03-17 18:52:55.333   903  1260 D ConnectivityService:  sending notification for NetworkRequest [ LISTEN id=57, [ Transports: WIFI Capabilities: INTERNET&NOT_RESTRICTED&TRUSTED&NOT_VPN&NOT_VCN_MANAGED Uid: 1000 RequestorUid: 1000 RequestorPkg: android UnderlyingNetworks: Null] ]
03-17 18:52:55.333   903  1260 D ConnectivityService: sending notification CALLBACK_LOST for NetworkRequest [ LISTEN id=57, [ Transports: WIFI Capabilities: INTERNET&NOT_RESTRICTED&TRUSTED&NOT_VPN&NOT_VCN_MANAGED Uid: 1000 RequestorUid: 1000 RequestorPkg: android UnderlyingNetworks: Null] ]
03-17 18:52:55.333  4773  4857 I [PKIAgent:PKIClient]: Network is lost
03-17 18:52:55.334  6654  6700 D TimerTriggerManager: Timer thread'TimerTriggerManager' is destroyed: false
03-17 18:52:55.334   580  3946 I netd    : interfaceSetCfg(InterfaceConfigurationParcel{ifName: wlan0, hwAddr: , ipv4Addr: 0.0.0.0, prefixLength: 0, flags: []}) <0.74ms>
03-17 18:52:55.334  6654  6700 D TimerTriggerManager: Timer 'onMntnWarnReqChanged' is running: true
03-17 18:52:55.334  6654  6700 D TimerTriggerManager: Sending reset signal to timer 'onMntnWarnReqChanged'
03-17 18:52:55.337  6654  6700 D TimerTriggerManager: Reset signal sent to timer 'onMntnWarnReqChanged'
03-17 18:52:55.337   580   619 I Netd    : Destroyed 7 sockets on 192.168.10.241 in 2340us
03-17 18:52:55.338   582  3616 E WifiHAL : Invalid data received from driver
03-17 18:52:55.338   582  3616 E WifiHAL : Invalid data received from driver
03-17 18:52:55.338   582  3616 E WifiHAL : Invalid data received from driver
03-17 18:52:55.338   582  3616 E WifiHAL : Invalid data received from driver
03-17 18:52:55.338   582  3616 E WifiHAL : Invalid data received from driver
03-17 18:52:55.338  6654  6707 D TimerTriggerController: Reset method called for timer: onIndcnVehSpdChanged
03-17 18:52:55.339  6654  6707 D TimerTriggerController: Calling onTimerReset for timer: onIndcnVehSpdChanged
03-17 18:52:55.339  6654  6707 D TimerTriggerManager: Timer reset: onIndcnVehSpdChanged
03-17 18:52:55.339  6654  6707 I TimerTriggerController: Timer [onIndcnVehSpdChanged] reset, remaining: 1000ms, reset count: 612
03-17 18:52:55.339  6654  6707 D TimerTriggerController: Reset method called for timer: onMntnWarnReqChanged
03-17 18:52:55.340  6654  6707 D TimerTriggerController: Calling onTimerReset for timer: onMntnWarnReqChanged
03-17 18:52:55.340  6654  6707 D TimerTriggerManager: Timer reset: onMntnWarnReqChanged
03-17 18:52:55.340  6654  6707 I TimerTriggerController: Timer [onMntnWarnReqChanged] reset, remaining: 4999ms, reset count: 306
03-17 18:52:55.341  1627  8904 D okhttp.Http2: >> 0x00000000     8 GOAWAY        
03-17 18:52:55.341   580  3946 I netd    : bandwidthSetInterfaceQuota(vlan_08, 9223372036854775807) <6.43ms>
03-17 18:52:55.342  1763  8865 D okhttp.Http2: >> 0x00000000     8 GOAWAY        
03-17 18:52:55.343   580   630 I netd    : wakeupDelInterface(wlan0, 462967197709:wlan0, -2147483648, -2147483648) <7.68ms>
03-17 18:52:55.344  2835  9085 D okhttp.Http2: >> 0x00000000     8 GOAWAY        
03-17 18:52:55.345   580   630 I netd    : setNetworkAllowlist([NativeUidRangeConfig{netId: 102, uidRanges: [UidRangeParcel{start: 0, stop: 99999}], subPriority: 0}, NativeUidRangeConfig{netId: 104, uidRanges: [UidRangeParcel{start: 0, stop: 99999}], subPriority: 0}, NativeUidRangeConfig{netId: 101, uidRanges: [UidRangeParcel{start: 0, stop: 99999}], subPriority: 0}, NativeUidRangeConfig{netId: 105, uidRanges: [UidRangeParcel{start: 0, stop: 99999}], subPriority: 0}, NativeUidRangeConfig{netId: 100, uidRanges: [UidRangeParcel{start: 0, stop: 99999}], subPriority: 0}, NativeUidRangeConfig{netId: 103, uidRanges: [UidRangeParcel{start: 0, stop: 99999}], subPriority: 0}]) <0.02ms>
03-17 18:52:55.347  3059  8871 D okhttp.Http2: >> 0x00000000     8 GOAWAY        
03-17 18:52:55.348   580   630 I netd    : idletimerRemoveInterface(wlan0, 15, 1) <2.23ms>
03-17 18:52:55.351  3059  8871 D okhttp.TaskRunner: Q10008 finished run in   3 s : OkHttp api-c-uat.mosc.faw-vw.com
03-17 18:52:55.352  1763  8865 D okhttp.TaskRunner: Q10008 finished run in   2 s : OkHttp api-c-uat.mosc.faw-vw.com
03-17 18:52:55.352  2835  9085 D okhttp.TaskRunner: Q10004 finished run in   1 s : OkHttp api-c-uat.mosc.faw-vw.com
03-17 18:52:55.355  1603  1603 I ADAYO_LOG_: handleMessage(UsbFunc.java:3)copyQnx = 0
03-17 18:52:55.355  1603  1603 I ADAYO_LOG_: handleMessage(UsbFunc.java:69)copyState = 2
03-17 18:52:55.356   580   630 I netd    : bandwidthRemoveInterfaceQuota(vlan_07) <4.13ms>
03-17 18:52:55.357   642   685 I mcuc    : sd Uart data : 6AA60204130002920251
03-17 18:52:55.357   903  1260 D ConnectivityService: Sending DISCONNECTED broadcast for type 1 [107 WIFI] isDefaultNetwork=true
03-17 18:52:55.357   903  1260 D ConnectivityService: sendStickyBroadcast: action=android.net.conn.CONNECTIVITY_CHANGE
03-17 18:52:55.358   903  1260 W ContextImpl: Calling a method in the system process without a qualified user: android.app.ContextImpl.sendStickyBroadcast:1626 android.net.connectivity.com.android.server.ConnectivityService.sendStickyBroadcast:3333 android.net.connectivity.com.android.server.ConnectivityService.sendLegacyNetworkBroadcast:10378 android.net.connectivity.com.android.server.ConnectivityService$LegacyTypeTracker.remove:1201 android.net.connectivity.com.android.server.ConnectivityService$LegacyTypeTracker.remove:1218 
03-17 18:52:55.358  1627  8904 D okhttp.TaskRunner: Q10009 finished run in   1 s : OkHttp api-c-data-uat.mosc.faw-vw.com
03-17 18:52:55.360  2315  3257 D NetworkLiveData: defaultCallback onLost: 107
03-17 18:52:55.360   582  3616 E WifiHAL : Invalid data received from driver
03-17 18:52:55.360   582  3616 E WifiHAL : Invalid data received from driver
03-17 18:52:55.360   582  3616 E WifiHAL : Invalid data received from driver
03-17 18:52:55.360   582  3616 E WifiHAL : Invalid data received from driver
03-17 18:52:55.360   582  3616 E WifiHAL : Invalid data received from driver
03-17 18:52:55.360   582  3616 E WifiHAL : Invalid data received from driver
03-17 18:52:55.360   582  3616 E WifiHAL : Invalid data received from driver
03-17 18:52:55.360   582  3616 E WifiHAL : Invalid data received from driver
03-17 18:52:55.360  2315  3257 I bdtts-NetworkCallback: onLost network =107 , netWorkIdSet = [100, 101, 104, 105]
03-17 18:52:55.361   903  1260 I ConnectivityService: send Message updatePkgApnData2
03-17 18:52:55.362   903  1260 I ConnectivityService: notDefaultVlan=vlan_08
03-17 18:52:55.362   903  1260 D ConnectivityService: vlan_07 and vlan_09 not add bestNetwork
03-17 18:52:55.362   903  1260 I ConnectivityService: notDefaultVlan=vlan_15
03-17 18:52:55.362   903  1260 D ConnectivityService: vlan_07 and vlan_09 not add bestNetwork
03-17 18:52:55.362   903  1260 I ConnectivityService: notDefaultVlan=vlan_01
03-17 18:52:55.362   642   685 I mcuc    : rev uart=1105,len=18, data : 6AA6810413000A9202000A000000000001BF
03-17 18:52:55.363   400   892 D adayocomadapter-ParseProtocolFunc: printRaWMsg Name[MCUToUPstream recv] len[10] data[9202000A000000000001]
03-17 18:52:55.363   400   892 D adayocomadapter-CommunicationManager: onUpstreamback   member[0] dataLength[7] timePoint[109310]
03-17 18:52:55.363   400   892 D adayocomadapter-ParseProtocolFunc: printRaWMsg Name[onUpstreamback] len[7] data[0A000000000001]
03-17 18:52:55.363   400   452 D adayocomadapter-UpstreamHandler: processBeforePacket upSreamtProcessTimePoint[109311] 
03-17 18:52:55.363   400   452 D adayocomadapter-UpstreamHandler: processPacket UPSTREAM_QUEUE_DATA_TIMEOUT
03-17 18:52:55.363   400   452 D adayocomadapter-ParseProtocolFunc: parseCommonIPCLBytes Processing tableNumber[10]
03-17 18:52:55.363   400   452 D adayocomadapter-ParseProtocolFunc: parseCommonIPCLBytes Processing tablename[Table-10] tableSize[7]
03-17 18:52:55.363   400   452 D adayocomadapter-ParseProtocolFunc: printRaWMsg Name[byteStream recv] len[7] data[0A000000000001]
03-17 18:52:55.363   400   452 D adayocomadapter-ParseProtocolFunc: printRaWMsg Name[IPCLtoVHAL] len[10] data[2140201C000100000000]
03-17 18:52:55.363   400   452 D adayocomadapter-ParseProtocolFunc: printRaWMsg Name[IPCLtoVHAL] len[7] data[21402232000100]
03-17 18:52:55.363   400   452 D adayocomadapter-CommunicationManager: onUpstreamReceive isLoss 1 mPropertyId 0x2140201c
03-17 18:52:55.363   400   452 D adayocomadapter-CommunicationManager: convertBytesToInt32Memcpy  0
03-17 18:52:55.363   582  3616 E WifiHAL : Invalid data received from driver
03-17 18:52:55.363   400   452 D vw-vhal : notifyVehicleProperty, propId = 0x2140201c, data = {status: 3, int32Values: [0]}
03-17 18:52:55.363   582  3616 E WifiHAL : Invalid data received from driver
03-17 18:52:55.363   582  3616 E WifiHAL : Invalid data received from driver
03-17 18:52:55.363   400   452 I DefaultVehicleHal_v2_0: DefaultVehicleHal::onPropertyValue, value:{.timestamp = 109311503678, .areaId = 0, .prop = 557850652, .status = UNAVAILABLE, .value = {.int32Values = [1]{0}, .floatValues = [0]{}, .int64Values = [0]{}, .bytes = [0]{}, .stringValue = ""}}
03-17 18:52:55.364   400   452 D adayocomadapter-CommunicationManager: onUpstreamReceive mPropertyId 0x2140201c
03-17 18:52:55.364   582  3616 E WifiHAL : Invalid data received from driver
03-17 18:52:55.364   400   452 D adayocomadapter-CommunicationManager: onUpstreamReceive isLoss 1 mPropertyId 0x21402232
03-17 18:52:55.364   400   452 D adayocomadapter-CommunicationManager: convertBytesToInt32Memcpy  0
03-17 18:52:55.364   582  3616 E WifiHAL : Invalid data received from driver
03-17 18:52:55.364   400   452 D vw-vhal : notifyVehicleProperty, propId = 0x21402232, data = {status: 3, int32Values: [0]}
03-17 18:52:55.364   400   452 I DefaultVehicleHal_v2_0: DefaultVehicleHal::onPropertyValue, value:{.timestamp = 109311664344, .areaId = 0, .prop = 557851186, .status = UNAVAILABLE, .value = {.int32Values = [1]{0}, .floatValues = [0]{}, .int64Values = [0]{}, .bytes = [0]{}, .stringValue = ""}}
03-17 18:52:55.364   400   452 D adayocomadapter-CommunicationManager: onUpstreamReceive mPropertyId 0x21402232
03-17 18:52:55.364   580   630 I netd    : interfaceSetEnableIPv6(wlan0, false) <5.56ms>
03-17 18:52:55.362   903  1260 D ConnectivityService: vlan_07 and vlan_09 not add bestNetwork
03-17 18:52:55.365   903  1260 I ConnectivityService: notDefaultVlan=vlan_16
03-17 18:52:55.365   903  1260 D ConnectivityService: vlan_07 and vlan_09 not add bestNetwork
03-17 18:52:55.366   582  3616 E WifiHAL : Invalid data received from driver
03-17 18:52:55.366   582  3616 E WifiHAL : Invalid data received from driver
03-17 18:52:55.366   582  3616 E WifiHAL : Invalid data received from driver
03-17 18:52:55.366   903  1260 I ConnectivityService: notDefaultVlan=vlan_00
03-17 18:52:55.366   903  1260 D ConnectivityService: vlan_07 and vlan_09 not add bestNetwork
03-17 18:52:55.366  1566  1566 W ConnectionManager: mTboxNetworkManager is null
03-17 18:52:55.366  1566  1566 D ConnectionManager: apnANetEnable = false
03-17 18:52:55.367   903  1260 I biao    : nai=NetworkAgentInfo{network{103}  handle{445787328525}  ni{Ethernet CONNECTED extra: 36:7c:7c:00:00:03} created=2026-03-14T03:33:05.216Z Score(Policies : EVER_EVALUATED ; KeepConnected : 0)  created 18046  lp{{InterfaceName: vlan_07 LinkAddresses: [ fe80::9ee2:2291:ebd7:2b68/64,192.168.7.3/24 ] DnsAddresses: [ /114.114.114.114,/8.8.8.8 ] Domains: null MTU: 0 TcpBufferSizes: 524288,1048576,3145728,524288,1048576,2097152 Routes: [ fe80::/64 -> :: vlan_07 mtu 0,192.168.7.0/24 -> 0.0.0.0 vlan_07 mtu 0,0.0.0.0/0 -> 192.168.7.4 vlan_07 mtu 0 ]}}  nc{[ Transports: ETHERNET Capabilities: INTERNET&NOT_RESTRICTED&TRUSTED&NOT_VPN&NOT_ROAMING&FOREGROUND&NOT_CONGESTED&NOT_SUSPENDED&NOT_VCN_MANAGED LinkUpBandwidth>=100000Kbps LinkDnBandwidth>=100000Kbps Specifier: <EthernetNetworkSpecifier (vlan_07)> UnderlyingNetworks: Null]}  factorySerialNumber=1}
03-17 18:52:55.367  1566  1566 W ConnectionManager: 车机网络 net cannot access
03-17 18:52:55.367  1566  1566 D ConnectionManager: 网络判断
03-17 18:52:55.367  1566  1566 W ConnectionManager: mTboxNetworkManager is null
03-17 18:52:55.367  1566  1566 D ConnectionManager: apnANetEnable = false
03-17 18:52:55.368  1566  1566 I ConnectionManager: onReceive isNetworkAvailable :false
03-17 18:52:55.368  1566  1566 D AccountUtils: getAccountId accountId:#anonymousGuest#
03-17 18:52:55.368  1566  1566 D GbtAccountInfoManager: getSecurityData accountId: #anonymousGuest#
03-17 18:52:55.368  1566  1566 D GbtSecurityDataPersistenceOverSp: getSecurityData securityDataString: {"errorCode":0,"loginID":"#anonymousGuest#","version":0,"voicecollection":{"authorizationDuration":-2,"recentAgreeDate":"2026-03-14","recentRejectDate":"2026-03-14","status":false},"voiceUploading":{"authorizationDuration":-2,"recentAgreeDate":"2026-03-14","recentRejectDate":"1990-1-1","status":false}}
03-17 18:52:55.369   903  1260 D ConnectivityService: rematch for [103 ETHERNET]
03-17 18:52:55.369   903  1260 D ConnectivityService:    accepting network in place of null
03-17 18:52:55.369  1566  1566 D GbtAccountInfoManager: tryRecovery originalData: GbtAccountParamBean{errorCode=0, loginId='#anonymousGuest#', version='0', voiceUploading=DataBean{authorizationDuration='-2', recentAgreeDate='2026-03-14', recentRejectDate='1990-1-1', status=false}, voiceCollection=DataBean{authorizationDuration='-2', recentAgreeDate='2026-03-14', recentRejectDate='2026-03-14', status=false}}
03-17 18:52:55.369   903  1260 D ConnectivityService: rematch for [103 ETHERNET]
03-17 18:52:55.369  1566  1566 W ConnectionManager: mTboxNetworkManager is null
03-17 18:52:55.369  1566  1566 D ConnectionManager: apnANetEnable = false
03-17 18:52:55.370   903  1260 D ConnectivityService:    accepting network in place of null
03-17 18:52:55.370   903  1260 D ConnectivityService: rematch for [103 ETHERNET]
03-17 18:52:55.370   903  1260 D ConnectivityService:    accepting network in place of null
03-17 18:52:55.370   903  1260 D ConnectivityService: rematch for [103 ETHERNET]
03-17 18:52:55.370   903  1260 D ConnectivityService:    accepting network in place of null
03-17 18:52:55.370   903  1260 D ConnectivityService: rematch for [103 ETHERNET]
03-17 18:52:55.370   903  1260 D ConnectivityService:    accepting network in place of null
03-17 18:52:55.370   903  1260 D ConnectivityService: rematch for [103 ETHERNET]
03-17 18:52:55.370   903  1260 D ConnectivityService:    accepting network in place of null
03-17 18:52:55.371   903  1260 D ConnectivityService: rematch for [103 ETHERNET]
03-17 18:52:55.371   903  1260 D ConnectivityService:    accepting network in place of null
03-17 18:52:55.371   580   630 I netd    : bandwidthSetInterfaceQuota(vlan_07, 9223372036854775807) <4.35ms>
03-17 18:52:55.371  1566  1566 W ConnectionManager: 车机网络 net cannot access
03-17 18:52:55.371  1566  1566 D ConnectionManager: 1S内多次执行，不执行操作
03-17 18:52:55.371   903  1260 D ConnectivityService: rematch for [103 ETHERNET]
03-17 18:52:55.371   903  1260 D ConnectivityService:    accepting network in place of null
03-17 18:52:55.371   903   903 I notification_cancel: [1073,1513,com.android.networkstack.tethering,1002,NULL,-1,0,33856,8,NULL]
03-17 18:52:55.371   903  1260 D ConnectivityService: rematch for [103 ETHERNET]
03-17 18:52:55.371   903  1260 D ConnectivityService:    accepting network in place of null
03-17 18:52:55.371   903  1260 D ConnectivityService: rematch for [103 ETHERNET]
03-17 18:52:55.371   903  1260 D ConnectivityService:    accepting network in place of null
03-17 18:52:55.371   903  1260 D ConnectivityService: rematch for [103 ETHERNET]
03-17 18:52:55.371   903  1260 D ConnectivityService:    accepting network in place of null
03-17 18:52:55.371   903  1260 D ConnectivityService: rematch for [103 ETHERNET]
03-17 18:52:55.372   903  1260 D ConnectivityService:    accepting network in place of null
03-17 18:52:55.372   903  1260 D ConnectivityService: rematch for [103 ETHERNET]
03-17 18:52:55.372   903  1260 D ConnectivityService:    accepting network in place of null
03-17 18:52:55.372   903  1260 D ConnectivityService: rematch for [103 ETHERNET]
03-17 18:52:55.372   903  1260 D ConnectivityService:    accepting network in place of null
03-17 18:52:55.372   903  1260 D ConnectivityService: rematch for [103 ETHERNET]
03-17 18:52:55.372   903  1260 D ConnectivityService:    accepting network in place of null
03-17 18:52:55.372   903  1260 D ConnectivityService: rematch for [103 ETHERNET]
03-17 18:52:55.372   903  1260 D ConnectivityService:    accepting network in place of null
03-17 18:52:55.373   903  1260 D ConnectivityService: Switching to new default network for: uid/pid:1000/903 activeRequest: 1 callbackRequest: 1 [NetworkRequest [ REQUEST id=1, [ Capabilities: INTERNET&NOT_RESTRICTED&TRUSTED&NOT_VPN&NOT_VCN_MANAGED RequestorUid: 1000 RequestorPkg: android UnderlyingNetworks: Null] ]] callback flags: 1 order: 2147483647 using NetworkAgentInfo{network{103}  handle{445787328525}  ni{Ethernet CONNECTED extra: 36:7c:7c:00:00:03} created=2026-03-14T03:33:05.216Z Score(Policies : EVER_EVALUATED ; KeepConnected : 0)  created 18046  lp{{InterfaceName: vlan_07 LinkAddresses: [ fe80::9ee2:2291:ebd7:2b68/64,192.168.7.3/24 ] DnsAddresses: [ /114.114.114.114,/8.8.8.8 ] Domains: null MTU: 0 TcpBufferSizes: 524288,1048576,3145728,524288,1048576,2097152 Routes: [ fe80::/64 -> :: vlan_07 mtu 0,192.168.7.0/24 -> 0.0.0.0 vlan_07 mtu 0,0.0.0.0/0 -> 192.168.7.4 vlan_07 mtu 0 ]}}  nc{[ Transports: ETHERNET Capabilities: INTERNET&NOT_RESTRICTED&TRUSTED&NOT_VPN&NOT_ROAMING&FOREGROUND&NOT_CONGESTED&NOT_SUSPENDED&NOT_VCN_MANAGED LinkUpBandwidth>=100000Kbps LinkDnBandwidth>=100000Kbps Specifier: <EthernetNetworkSpecifier (vlan_07)> UnderlyingNetworks: Null]}  factorySerialNumber=1}
03-17 18:52:55.374   580   630 I netd    : networkSetDefault(103) <0.40ms>
03-17 18:52:55.375  1694  1694 D TelephonyNetworkFactory[0]: got request NetworkRequest [ REQUEST id=1, [ Capabilities: INTERNET&NOT_RESTRICTED&TRUSTED&NOT_VPN&NOT_VCN_MANAGED RequestorUid: 1000 RequestorPkg: android UnderlyingNetworks: Null] ]
03-17 18:52:55.375  1694  1694 D TelephonyNetworkFactory[0]: got request NetworkRequest [ REQUEST id=7, [ Capabilities: INTERNET&NOT_RESTRICTED&TRUSTED&NOT_VCN_MANAGED Uid: 1000 RequestorUid: 1000 RequestorPkg: android UnderlyingNetworks: Null] ]
03-17 18:52:55.376  1694  1694 D TelephonyNetworkFactory[0]: got request NetworkRequest [ REQUEST id=14, [ Capabilities: INTERNET&NOT_RESTRICTED&TRUSTED&NOT_VCN_MANAGED Uid: 10029 RequestorUid: 1000 RequestorPkg: android UnderlyingNetworks: Null] ]
03-17 18:52:55.376  1694  1694 D TelephonyNetworkFactory[0]: got request NetworkRequest [ REQUEST id=16, [ Capabilities: INTERNET&NOT_RESTRICTED&TRUSTED&NOT_VCN_MANAGED Uid: 1000 RequestorUid: 1000 RequestorPkg: android UnderlyingNetworks: Null] ]
03-17 18:52:55.376  1694  1694 D TelephonyNetworkFactory[0]: got request NetworkRequest [ REQUEST id=18, [ Capabilities: INTERNET&NOT_RESTRICTED&TRUSTED&NOT_VCN_MANAGED Uid: 1073 RequestorUid: 1073 RequestorPkg: com.android.networkstack UnderlyingNetworks: Null] ]
03-17 18:52:55.376  1694  1694 D TelephonyNetworkFactory[0]: got request NetworkRequest [ REQUEST id=27, [ Capabilities: INTERNET&NOT_RESTRICTED&TRUSTED&NOT_VCN_MANAGED Uid: 1001 RequestorUid: 1001 RequestorPkg: com.android.phone UnderlyingNetworks: Null] ]
03-17 18:52:55.376  1694  1694 D TelephonyNetworkFactory[0]: got request NetworkRequest [ REQUEST id=29, [ Capabilities: INTERNET&NOT_RESTRICTED&TRUSTED&NOT_VCN_MANAGED Uid: 1001 RequestorUid: 1001 RequestorPkg: com.android.phone UnderlyingNetworks: Null] ]
03-17 18:52:55.376  1694  1694 D TelephonyNetworkFactory[0]: got request NetworkRequest [ REQUEST id=31, [ Capabilities: INTERNET&NOT_RESTRICTED&TRUSTED&NOT_VCN_MANAGED Uid: 10053 RequestorUid: 10053 RequestorPkg: com.mosi.mosc.aicenter UnderlyingNetworks: Null] ]
03-17 18:52:55.376  1694  1694 D TelephonyNetworkFactory[0]: got request NetworkRequest [ REQUEST id=33, [ Capabilities: INTERNET&NOT_RESTRICTED&TRUSTED&NOT_VCN_MANAGED Uid: 10064 RequestorUid: 10064 RequestorPkg: com.fawvw.vehicle.navi.j01app UnderlyingNetworks: Null] ]
03-17 18:52:55.376  1694  1694 D TelephonyNetworkFactory[0]: got request NetworkRequest [ REQUEST id=35, [ Capabilities: INTERNET&NOT_RESTRICTED&TRUSTED&NOT_VCN_MANAGED Uid: 10064 RequestorUid: 10064 RequestorPkg: com.fawvw.vehicle.navi.j01app UnderlyingNetworks: Null] ]
03-17 18:52:55.376  1694  1694 D TelephonyNetworkFactory[0]: got request NetworkRequest [ REQUEST id=37, [ Capabilities: INTERNET&NOT_RESTRICTED&TRUSTED&NOT_VCN_MANAGED Uid: 10075 RequestorUid: 1000 RequestorPkg: android UnderlyingNetworks: Null] ]
03-17 18:52:55.377  1694  1694 D TelephonyNetworkFactory[0]: got request NetworkRequest [ REQUEST id=42, [ Capabilities: INTERNET&NOT_RESTRICTED&TRUSTED&NOT_VCN_MANAGED Uid: 10064 RequestorUid: 10064 RequestorPkg: com.fawvw.vehicle.navi.j01app UnderlyingNetworks: Null] ]
03-17 18:52:55.377  1694  1694 D TelephonyNetworkFactory[0]: got request NetworkRequest [ REQUEST id=45, [ Capabilities: INTERNET&NOT_RESTRICTED&TRUSTED&NOT_VCN_MANAGED Uid: 10064 RequestorUid: 10064 RequestorPkg: com.fawvw.vehicle.navi.j01app UnderlyingNetworks: Null] ]
03-17 18:52:55.377  1694  1694 D TelephonyNetworkFactory[0]: got request NetworkRequest [ REQUEST id=48, [ Capabilities: INTERNET&NOT_RESTRICTED&TRUSTED&NOT_VCN_MANAGED Uid: 10076 RequestorUid: 1000 RequestorPkg: android UnderlyingNetworks: Null] ]
03-17 18:52:55.377  1694  1694 D TelephonyNetworkFactory[0]: got request NetworkRequest [ REQUEST id=52, [ Capabilities: INTERNET&NOT_RESTRICTED&TRUSTED&NOT_VCN_MANAGED Uid: 10017 RequestorUid: 1000 RequestorPkg: android UnderlyingNetworks: Null] ]
03-17 18:52:55.377  1694  1694 D TelephonyNetworkFactory[0]: got request NetworkRequest [ REQUEST id=55, [ Transports: CELLULAR|WIFI Capabilities: NOT_RESTRICTED&TRUSTED&NOT_VPN&NOT_VCN_MANAGED Uid: 1000 RequestorUid: 1000 RequestorPkg: com.fawvw.mw.pkiagent UnderlyingNetworks: Null] ]
03-17 18:52:55.378  1694  1694 D TelephonyNetworkFactory[0]: onNeedNetworkFor [NetworkRequest [ REQUEST id=1, [ Capabilities: INTERNET&NOT_RESTRICTED&TRUSTED&NOT_VPN&NOT_VCN_MANAGED RequestorUid: 1000 RequestorPkg: android UnderlyingNetworks: Null] ], mPriority=20, state=UNSATISFIED, mAttachedDataNetwork=null, isMetered=true, created time=18:52:55.377, evaluation result=null] shouldApply false
03-17 18:52:55.379  1694  1694 D TelephonyNetworkFactory[0]: onNeedNetworkFor [NetworkRequest [ REQUEST id=7, [ Capabilities: INTERNET&NOT_RESTRICTED&TRUSTED&NOT_VCN_MANAGED Uid: 1000 RequestorUid: 1000 RequestorPkg: android UnderlyingNetworks: Null] ], mPriority=20, state=UNSATISFIED, mAttachedDataNetwork=null, isMetered=true, created time=18:52:55.377, evaluation result=null] shouldApply false
03-17 18:52:55.379  1694  1694 D TelephonyNetworkFactory[0]: onNeedNetworkFor [NetworkRequest [ REQUEST id=14, [ Capabilities: INTERNET&NOT_RESTRICTED&TRUSTED&NOT_VCN_MANAGED Uid: 10029 RequestorUid: 1000 RequestorPkg: android UnderlyingNetworks: Null] ], mPriority=20, state=UNSATISFIED, mAttachedDataNetwork=null, isMetered=true, created time=18:52:55.378, evaluation result=null] shouldApply false
03-17 18:52:55.381   642   685 I mcuc    : sd Uart data : 6AA60204140002920250
03-17 18:52:55.381  1763  1763 D BroadcastRefreshStrategy: action = android.net.conn.CONNECTIVITY_CHANGE
03-17 18:52:55.382   903  1759 D NetworkPolicy: Blocked state of 10036: {blocked=NONE,allowed=FOREGROUND|TOP|METERED_FOREGROUND,effective=NONE}
03-17 18:52:55.382   903  1260 D ConnectivityService: Setting tx/rx TCP buffers to 524288,1048576,3145728,524288,1048576,2097152
03-17 18:52:55.383   903  1180 D NetworkPolicy: Blocked state of 10064: {blocked=NONE,allowed=FOREGROUND|TOP|METERED_FOREGROUND,effective=NONE}
03-17 18:52:55.384  2315  3257 D bdtts-NetworkCallback: NETWORK NAME: ether
03-17 18:52:55.384   903   903 D NetworkPolicy: Blocked state of 1000: {blocked=NONE,allowed=RESTRICTED_MODE_PERMISSIONS,effective=NONE}
03-17 18:52:55.384   580   630 I netd    : setTcpRWmemorySize(524288 1048576 3145728, 524288 1048576 2097152) <0.16ms>
03-17 18:52:55.384   903   903 D NetworkPolicy: Blocked state of 1000: {blocked=NONE,allowed=RESTRICTED_MODE_PERMISSIONS,effective=NONE}
03-17 18:52:55.387   642   685 I mcuc    : rev uart=1106,len=64, data : 6AA681041400389202001800320000000012FF3F01FF01FF01FF01FF01FF01F40003FF03FF03FF03FF03FF03FF03FF03FF03FF03FF03FF03FF070001010101E9
03-17 18:52:55.387   400   892 D adayocomadapter-ParseProtocolFunc: printRaWMsg Name[MCUToUPstream recv] len[56] data[9202001800320000000012FF3F01FF01FF01FF01FF01FF01F40003FF03FF03FF03FF03FF03FF03FF03FF03FF03FF03FF03FF070001010101]
03-17 18:52:55.387   400   892 D adayocomadapter-CommunicationManager: onUpstreamback   member[0] dataLength[53] timePoint[109335]
03-17 18:52:55.387   400   892 D adayocomadapter-ParseProtocolFunc: printRaWMsg Name[onUpstreamback] len[53] data[1800320000000012FF3F01FF01FF01FF01FF01FF01F40003FF03FF03FF03FF03FF03FF03FF03FF03FF03FF03FF03FF070001010101]
03-17 18:52:55.388   400   452 D adayocomadapter-UpstreamHandler: processBeforePacket upSreamtProcessTimePoint[109335] 
03-17 18:52:55.388   400   452 D adayocomadapter-UpstreamHandler: processPacket UPSTREAM_QUEUE_DATA_TIMEOUT
03-17 18:52:55.388   400   452 D adayocomadapter-ParseProtocolFunc: parseCommonIPCLBytes Processing tableNumber[24]
03-17 18:52:55.388   400   452 D adayocomadapter-ParseProtocolFunc: parseCommonIPCLBytes Processing tablename[Table-24] tableSize[53]
03-17 18:52:55.388   400   452 D adayocomadapter-ParseProtocolFunc: printRaWMsg Name[byteStream recv] len[53] data[1800320000000012FF3F01FF01FF01FF01FF01FF01F40003FF03FF03FF03FF03FF03FF03FF03FF03FF03FF03FF03FF070001010101]
03-17 18:52:55.388   400   452 D adayocomadapter-ParseProtocolFunc: printRaWMsg Name[IPCLtoVHAL] len[9] data[2141211D010112FF3F]
03-17 18:52:55.388   400   452 D adayocomadapter-ParseProtocolFunc: printRaWMsg Name[IPCLtoVHAL] len[8] data[2140207A000103FF]
03-17 18:52:55.388   400   452 D adayocomadapter-ParseProtocolFunc: printRaWMsg Name[IPCLtoVHAL] len[7] data[214020D3000100]
03-17 18:52:55.388   400   452 D adayocomadapter-ParseProtocolFunc: printRaWMsg Name[IPCLtoVHAL] len[7] data[214020CB000132]
03-17 18:52:55.388   400   452 D adayocomadapter-ParseProtocolFunc: printRaWMsg Name[IPCLtoVHAL] len[8] data[2140203C000101FF]
03-17 18:52:55.388   400   452 D adayocomadapter-ParseProtocolFunc: printRaWMsg Name[IPCLtoVHAL] len[7] data[214020C9000100]
03-17 18:52:55.388   400   452 D adayocomadapter-ParseProtocolFunc: printRaWMsg Name[IPCLtoVHAL] len[7] data[214020CF000100]
03-17 18:52:55.388   400   452 D adayocomadapter-ParseProtocolFunc: printRaWMsg Name[IPCLtoVHAL] len[8] data[21402040000101FF]
03-17 18:52:55.388   400   452 D adayocomadapter-ParseProtocolFunc: printRaWMsg Name[IPCLtoVHAL] len[7] data[214020D1000100]
03-17 18:52:55.388   400   452 D adayocomadapter-ParseProtocolFunc: printRaWMsg Name[IPCLtoVHAL] len[8] data[21402044000101FF]
03-17 18:52:55.388   400   452 D adayocomadapter-ParseProtocolFunc: printRaWMsg Name[IPCLtoVHAL] len[7] data[214020D5000100]
03-17 18:52:55.388   400   452 D adayocomadapter-ParseProtocolFunc: printRaWMsg Name[IPCLtoVHAL] len[8] data[21402038000101FF]
03-17 18:52:55.388   400   452 D adayocomadapter-ParseProtocolFunc: printRaWMsg Name[IPCLtoVHAL] len[8] data[2140207D000103FF]
03-17 18:52:55.388   400   452 D adayocomadapter-ParseProtocolFunc: printRaWMsg Name[IPCLtoVHAL] len[8] data[2140207F000103FF]
03-17 18:52:55.388   400   452 D adayocomadapter-ParseProtocolFunc: printRaWMsg Name[IPCLtoVHAL] len[7] data[21402052000100]
03-17 18:52:55.388   400   452 D adayocomadapter-ParseProtocolFunc: printRaWMsg Name[IPCLtoVHAL] len[8] data[21402081000103FF]
03-17 18:52:55.389   400   452 D adayocomadapter-ParseProtocolFunc: printRaWMsg Name[IPCLtoVHAL] len[8] data[21402080000103FF]
03-17 18:52:55.389   400   452 D adayocomadapter-ParseProtocolFunc: printRaWMsg Name[IPCLtoVHAL] len[8] data[21402051000101F4]
03-17 18:52:55.389   400   452 D adayocomadapter-ParseProtocolFunc: printRaWMsg Name[IPCLtoVHAL] len[8] data[2140207B000103FF]
03-17 18:52:55.389   400   452 D adayocomadapter-ParseProtocolFunc: printRaWMsg Name[IPCLtoVHAL] len[8] data[2140204C000101FF]
03-17 18:52:55.389   400   452 D adayocomadapter-ParseProtocolFunc: printRaWMsg Name[IPCLtoVHAL] len[8] data[2140207C000103FF]
03-17 18:52:55.389   400   452 D adayocomadapter-ParseProtocolFunc: printRaWMsg Name[IPCLtoVHAL] len[8] data[2140207E000103FF]
03-17 18:52:55.389   400   452 D adayocomadapter-ParseProtocolFunc: printRaWMsg Name[IPCLtoVHAL] len[8] data[21402082000103FF]
03-17 18:52:55.389   400   452 D adayocomadapter-ParseProtocolFunc: printRaWMsg Name[IPCLtoVHAL] len[8] data[21402083000103FF]
03-17 18:52:55.389   400   452 D adayocomadapter-ParseProtocolFunc: printRaWMsg Name[IPCLtoVHAL] len[8] data[21402084000103FF]
03-17 18:52:55.389   400   452 D adayocomadapter-ParseProtocolFunc: printRaWMsg Name[IPCLtoVHAL] len[8] data[21402085000103FF]
03-17 18:52:55.389   400   452 D adayocomadapter-ParseProtocolFunc: printRaWMsg Name[IPCLtoVHAL] len[7] data[2140220A000107]
03-17 18:52:55.389   400   452 D adayocomadapter-ParseProtocolFunc: printRaWMsg Name[IPCLtoVHAL] len[7] data[214021E6000100]
03-17 18:52:55.389   400   452 D adayocomadapter-CommunicationManager: onUpstreamReceive isLoss 1 mPropertyId 0x2141211d
03-17 18:52:55.389   400   452 D vw-vhal : notifyVehicleProperty, propId = 0x2141211d, data = {status: 3, int32Values: [18, 255, 63]}
03-17 18:52:55.389   400   452 I DefaultVehicleHal_v2_0: DefaultVehicleHal::onPropertyValue, value:{.timestamp = 109336897678, .areaId = 0, .prop = 557916445, .status = UNAVAILABLE, .value = {.int32Values = [3]{18, 255, 63}, .floatValues = [0]{}, .int64Values = [0]{}, .bytes = [0]{}, .stringValue = ""}}
03-17 18:52:55.389   580   630 I netd    : bandwidthRemoveInterfaceQuota(vlan_15) <4.06ms>
03-17 18:52:55.389   400   452 D adayocomadapter-CommunicationManager: onUpstreamReceive mPropertyId 0x2141211d
03-17 18:52:55.389   400   452 D adayocomadapter-CommunicationManager: onUpstreamReceive isLoss 1 mPropertyId 0x2140207a
03-17 18:52:55.389   400   452 D adayocomadapter-CommunicationManager: convertBytesToInt32Memcpy  1023
03-17 18:52:55.389   400   452 D vw-vhal : notifyVehicleProperty, propId = 0x2140207a, data = {status: 3, int32Values: [1023]}
03-17 18:52:55.389   400   452 I DefaultVehicleHal_v2_0: DefaultVehicleHal::onPropertyValue, value:{.timestamp = 109337062344, .areaId = 0, .prop = 557850746, .status = UNAVAILABLE, .value = {.int32Values = [1]{1023}, .floatValues = [0]{}, .int64Values = [0]{}, .bytes = [0]{}, .stringValue = ""}}
03-17 18:52:55.389   400   452 D adayocomadapter-CommunicationManager: onUpstreamReceive mPropertyId 0x2140207a
03-17 18:52:55.389   400   452 D adayocomadapter-CommunicationManager: onUpstreamReceive isLoss 1 mPropertyId 0x214020d3
03-17 18:52:55.389   400   452 D adayocomadapter-CommunicationManager: convertBytesToInt32Memcpy  0
03-17 18:52:55.389   400   452 D vw-vhal : notifyVehicleProperty, propId = 0x214020d3, data = {status: 3, int32Values: [0]}
03-17 18:52:55.389   400   452 I DefaultVehicleHal_v2_0: DefaultVehicleHal::onPropertyValue, value:{.timestamp = 109337201344, .areaId = 0, .prop = 557850835, .status = UNAVAILABLE, .value = {.int32Values = [1]{0}, .floatValues = [0]{}, .int64Values = [0]{}, .bytes = [0]{}, .stringValue = ""}}
03-17 18:52:55.389   400   452 D adayocomadapter-CommunicationManager: onUpstreamReceive mPropertyId 0x214020d3
03-17 18:52:55.389   400   452 D adayocomadapter-CommunicationManager: onUpstreamReceive isLoss 1 mPropertyId 0x214020cb
03-17 18:52:55.389   400   452 D adayocomadapter-CommunicationManager: convertBytesToInt32Memcpy  50
03-17 18:52:55.389   400   452 D vw-vhal : notifyVehicleProperty, propId = 0x214020cb, data = {status: 3, int32Values: [50]}
03-17 18:52:55.389   400   452 I DefaultVehicleHal_v2_0: DefaultVehicleHal::onPropertyValue, value:{.timestamp = 109337329344, .areaId = 0, .prop = 557850827, .status = UNAVAILABLE, .value = {.int32Values = [1]{50}, .floatValues = [0]{}, .int64Values = [0]{}, .bytes = [0]{}, .stringValue = ""}}
03-17 18:52:55.389   400   452 D adayocomadapter-CommunicationManager: onUpstreamReceive mPropertyId 0x214020cb
03-17 18:52:55.389   400   452 D adayocomadapter-CommunicationManager: onUpstreamReceive isLoss 1 mPropertyId 0x2140203c
03-17 18:52:55.389   400   452 D adayocomadapter-CommunicationManager: convertBytesToInt32Memcpy  511
03-17 18:52:55.389   400   452 D vw-vhal : notifyVehicleProperty, propId = 0x2140203c, data = {status: 3, int32Values: [511]}
03-17 18:52:55.389   400   452 I DefaultVehicleHal_v2_0: DefaultVehicleHal::onPropertyValue, value:{.timestamp = 109337451344, .areaId = 0, .prop = 557850684, .status = UNAVAILABLE, .value = {.int32Values = [1]{511}, .floatValues = [0]{}, .int64Values = [0]{}, .bytes = [0]{}, .stringValue = ""}}
03-17 18:52:55.389   400   452 D adayocomadapter-CommunicationManager: onUpstreamReceive mPropertyId 0x2140203c
03-17 18:52:55.389   400   452 D adayocomadapter-CommunicationManager: onUpstreamReceive isLoss 1 mPropertyId 0x214020c9
03-17 18:52:55.389   400   452 D adayocomadapter-CommunicationManager: convertBytesToInt32Memcpy  0
03-17 18:52:55.389   903  1833 I WifiService: getMatchingPasspointConfigurations uid=1000
03-17 18:52:55.390   400   452 D vw-vhal : notifyVehicleProperty, propId = 0x214020c9, data = {status: 3, int32Values: [0]}
03-17 18:52:55.390   400   452 I DefaultVehicleHal_v2_0: DefaultVehicleHal::onPropertyValue, value:{.timestamp = 109337583678, .areaId = 0, .prop = 557850825, .status = UNAVAILABLE, .value = {.int32Values = [1]{0}, .floatValues = [0]{}, .int64Values = [0]{}, .bytes = [0]{}, .stringValue = ""}}
03-17 18:52:55.390   400   452 D adayocomadapter-CommunicationManager: onUpstreamReceive mPropertyId 0x214020c9
03-17 18:52:55.390   400   452 D adayocomadapter-CommunicationManager: onUpstreamReceive isLoss 1 mPropertyId 0x214020cf
03-17 18:52:55.390   400   452 D adayocomadapter-CommunicationManager: convertBytesToInt32Memcpy  0
03-17 18:52:55.390   400   452 D vw-vhal : notifyVehicleProperty, propId = 0x214020cf, data = {status: 3, int32Values: [0]}
03-17 18:52:55.390   400   452 I DefaultVehicleHal_v2_0: DefaultVehicleHal::onPropertyValue, value:{.timestamp = 109337704678, .areaId = 0, .prop = 557850831, .status = UNAVAILABLE, .value = {.int32Values = [1]{0}, .floatValues = [0]{}, .int64Values = [0]{}, .bytes = [0]{}, .stringValue = ""}}
03-17 18:52:55.390   400   452 D adayocomadapter-CommunicationManager: onUpstreamReceive mPropertyId 0x214020cf
03-17 18:52:55.390   400   452 D adayocomadapter-CommunicationManager: onUpstreamReceive isLoss 1 mPropertyId 0x21402040
03-17 18:52:55.390   400   452 D adayocomadapter-CommunicationManager: convertBytesToInt32Memcpy  511
03-17 18:52:55.390   400   452 D vw-vhal : notifyVehicleProperty, propId = 0x21402040, data = {status: 3, int32Values: [511]}
03-17 18:52:55.390   400   452 I DefaultVehicleHal_v2_0: DefaultVehicleHal::onPropertyValue, value:{.timestamp = 109337828678, .areaId = 0, .prop = 557850688, .status = UNAVAILABLE, .value = {.int32Values = [1]{511}, .floatValues = [0]{}, .int64Values = [0]{}, .bytes = [0]{}, .stringValue = ""}}
03-17 18:52:55.390   400   452 D adayocomadapter-CommunicationManager: onUpstreamReceive mPropertyId 0x21402040
03-17 18:52:55.390   400   452 D adayocomadapter-CommunicationManager: onUpstreamReceive isLoss 1 mPropertyId 0x214020d1
03-17 18:52:55.390   400   452 D adayocomadapter-CommunicationManager: convertBytesToInt32Memcpy  0
03-17 18:52:55.390   400   452 D vw-vhal : notifyVehicleProperty, propId = 0x214020d1, data = {status: 3, int32Values: [0]}
03-17 18:52:55.390   400   452 I DefaultVehicleHal_v2_0: DefaultVehicleHal::onPropertyValue, value:{.timestamp = 109337942678, .areaId = 0, .prop = 557850833, .status = UNAVAILABLE, .value = {.int32Values = [1]{0}, .floatValues = [0]{}, .int64Values = [0]{}, .bytes = [0]{}, .stringValue = ""}}
03-17 18:52:55.390   400   452 D adayocomadapter-CommunicationManager: onUpstreamReceive mPropertyId 0x214020d1
03-17 18:52:55.390   400   452 D adayocomadapter-CommunicationManager: onUpstreamReceive isLoss 1 mPropertyId 0x21402044
03-17 18:52:55.390   400   452 D adayocomadapter-CommunicationManager: convertBytesToInt32Memcpy  511
03-17 18:52:55.390   400   452 D vw-vhal : notifyVehicleProperty, propId = 0x21402044, data = {status: 3, int32Values: [511]}
03-17 18:52:55.390   400   452 I DefaultVehicleHal_v2_0: DefaultVehicleHal::onPropertyValue, value:{.timestamp = 109338053678, .areaId = 0, .prop = 557850692, .status = UNAVAILABLE, .value = {.int32Values = [1]{511}, .floatValues = [0]{}, .int64Values = [0]{}, .bytes = [0]{}, .stringValue = ""}}
03-17 18:52:55.390   400   452 D adayocomadapter-CommunicationManager: onUpstreamReceive mPropertyId 0x21402044
03-17 18:52:55.390   400   452 D adayocomadapter-CommunicationManager: onUpstreamReceive isLoss 1 mPropertyId 0x214020d5
03-17 18:52:55.390   400   452 D adayocomadapter-CommunicationManager: convertBytesToInt32Memcpy  0
03-17 18:52:55.390   400   452 D vw-vhal : notifyVehicleProperty, propId = 0x214020d5, data = {status: 3, int32Values: [0]}
03-17 18:52:55.390   400   452 I DefaultVehicleHal_v2_0: DefaultVehicleHal::onPropertyValue, value:{.timestamp = 109338177344, .areaId = 0, .prop = 557850837, .status = UNAVAILABLE, .value = {.int32Values = [1]{0}, .floatValues = [0]{}, .int64Values = [0]{}, .bytes = [0]{}, .stringValue = ""}}
03-17 18:52:55.390   400   452 D adayocomadapter-CommunicationManager: onUpstreamReceive mPropertyId 0x214020d5
03-17 18:52:55.390   400   452 D adayocomadapter-CommunicationManager: onUpstreamReceive isLoss 1 mPropertyId 0x21402038
03-17 18:52:55.390   400   452 D adayocomadapter-CommunicationManager: convertBytesToInt32Memcpy  511
03-17 18:52:55.390   400   452 D vw-vhal : notifyVehicleProperty, propId = 0x21402038, data = {status: 3, int32Values: [511]}
03-17 18:52:55.390   400   452 I DefaultVehicleHal_v2_0: DefaultVehicleHal::onPropertyValue, value:{.timestamp = 109338294344, .areaId = 0, .prop = 557850680, .status = UNAVAILABLE, .value = {.int32Values = [1]{511}, .floatValues = [0]{}, .int64Values = [0]{}, .bytes = [0]{}, .stringValue = ""}}
03-17 18:52:55.390   400   452 D adayocomadapter-CommunicationManager: onUpstreamReceive mPropertyId 0x21402038
03-17 18:52:55.390   400   452 D adayocomadapter-CommunicationManager: onUpstreamReceive isLoss 1 mPropertyId 0x2140207d
03-17 18:52:55.390   400   452 D adayocomadapter-CommunicationManager: convertBytesToInt32Memcpy  1023
03-17 18:52:55.390   400   452 D vw-vhal : notifyVehicleProperty, propId = 0x2140207d, data = {status: 3, int32Values: [1023]}
03-17 18:52:55.390   400   452 I DefaultVehicleHal_v2_0: DefaultVehicleHal::onPropertyValue, value:{.timestamp = 109338408344, .areaId = 0, .prop = 557850749, .status = UNAVAILABLE, .value = {.int32Values = [1]{1023}, .floatValues = [0]{}, .int64Values = [0]{}, .bytes = [0]{}, .stringValue = ""}}
03-17 18:52:55.390   400   452 D adayocomadapter-CommunicationManager: onUpstreamReceive mPropertyId 0x2140207d
03-17 18:52:55.390   400   452 D adayocomadapter-CommunicationManager: onUpstreamReceive isLoss 1 mPropertyId 0x2140207f
03-17 18:52:55.390   400   452 D adayocomadapter-CommunicationManager: convertBytesToInt32Memcpy  1023
03-17 18:52:55.390   400   452 D vw-vhal : notifyVehicleProperty, propId = 0x2140207f, data = {status: 3, int32Values: [1023]}
03-17 18:52:55.390   400   452 I DefaultVehicleHal_v2_0: DefaultVehicleHal::onPropertyValue, value:{.timestamp = 109338529678, .areaId = 0, .prop = 557850751, .status = UNAVAILABLE, .value = {.int32Values = [1]{1023}, .floatValues = [0]{}, .int64Values = [0]{}, .bytes = [0]{}, .stringValue = ""}}
03-17 18:52:55.391   400   452 D adayocomadapter-CommunicationManager: onUpstreamReceive mPropertyId 0x2140207f
03-17 18:52:55.391   400   452 D adayocomadapter-CommunicationManager: onUpstreamReceive isLoss 1 mPropertyId 0x21402052
03-17 18:52:55.391   400   452 D adayocomadapter-CommunicationManager: convertBytesToInt32Memcpy  0
03-17 18:52:55.391   400   452 D vw-vhal : notifyVehicleProperty, propId = 0x21402052, data = {status: 3, int32Values: [0]}
03-17 18:52:55.391   400   452 I DefaultVehicleHal_v2_0: DefaultVehicleHal::onPropertyValue, value:{.timestamp = 109338642678, .areaId = 0, .prop = 557850706, .status = UNAVAILABLE, .value = {.int32Values = [1]{0}, .floatValues = [0]{}, .int64Values = [0]{}, .bytes = [0]{}, .stringValue = ""}}
03-17 18:52:55.391   400   452 D adayocomadapter-CommunicationManager: onUpstreamReceive mPropertyId 0x21402052
03-17 18:52:55.391   400   452 D adayocomadapter-CommunicationManager: onUpstreamReceive isLoss 1 mPropertyId 0x21402081
03-17 18:52:55.391   400   452 D adayocomadapter-CommunicationManager: convertBytesToInt32Memcpy  1023
03-17 18:52:55.391   400   452 D vw-vhal : notifyVehicleProperty, propId = 0x21402081, data = {status: 3, int32Values: [1023]}
03-17 18:52:55.391   400   452 I DefaultVehicleHal_v2_0: DefaultVehicleHal::onPropertyValue, value:{.timestamp = 109338791678, .areaId = 0, .prop = 557850753, .status = UNAVAILABLE, .value = {.int32Values = [1]{1023}, .floatValues = [0]{}, .int64Values = [0]{}, .bytes = [0]{}, .stringValue = ""}}
03-17 18:52:55.391   400   452 D adayocomadapter-CommunicationManager: onUpstreamReceive mPropertyId 0x21402081
03-17 18:52:55.391   400   452 D adayocomadapter-CommunicationManager: onUpstreamReceive isLoss 1 mPropertyId 0x21402080
03-17 18:52:55.391   400   452 D adayocomadapter-CommunicationManager: convertBytesToInt32Memcpy  1023
03-17 18:52:55.391   400   452 D vw-vhal : notifyVehicleProperty, propId = 0x21402080, data = {status: 3, int32Values: [1023]}
03-17 18:52:55.391   400   452 I DefaultVehicleHal_v2_0: DefaultVehicleHal::onPropertyValue, value:{.timestamp = 109338911344, .areaId = 0, .prop = 557850752, .status = UNAVAILABLE, .value = {.int32Values = [1]{1023}, .floatValues = [0]{}, .int64Values = [0]{}, .bytes = [0]{}, .stringValue = ""}}
03-17 18:52:55.391   400   452 D adayocomadapter-CommunicationManager: onUpstreamReceive mPropertyId 0x21402080
03-17 18:52:55.391   400   452 D adayocomadapter-CommunicationManager: onUpstreamReceive isLoss 1 mPropertyId 0x21402051
03-17 18:52:55.391   400   452 D adayocomadapter-CommunicationManager: convertBytesToInt32Memcpy  500
03-17 18:52:55.391   400   452 D vw-vhal : notifyVehicleProperty, propId = 0x21402051, data = {status: 3, int32Values: [500]}
03-17 18:52:55.391   400   452 I DefaultVehicleHal_v2_0: DefaultVehicleHal::onPropertyValue, value:{.timestamp = 109339025011, .areaId = 0, .prop = 557850705, .status = UNAVAILABLE, .value = {.int32Values = [1]{500}, .floatValues = [0]{}, .int64Values = [0]{}, .bytes = [0]{}, .stringValue = ""}}
03-17 18:52:55.391   400   452 D adayocomadapter-CommunicationManager: onUpstreamReceive mPropertyId 0x21402051
03-17 18:52:55.391   400   452 D adayocomadapter-CommunicationManager: onUpstreamReceive isLoss 1 mPropertyId 0x2140207b
03-17 18:52:55.391   400   452 D adayocomadapter-CommunicationManager: convertBytesToInt32Memcpy  1023
03-17 18:52:55.391   400   452 D vw-vhal : notifyVehicleProperty, propId = 0x2140207b, data = {status: 3, int32Values: [1023]}
