03-17 18:52:55.513   400   452 D adayocomadapter-UpstreamHandler: processPacket UPSTREAM_QUEUE_DATA_TIMEOUT
03-17 18:52:55.513   400   452 D adayocomadapter-ParseProtocolFunc: parseCommonIPCLBytes Processing tableNumber[3]
03-17 18:52:55.513   400   452 D adayocomadapter-ParseProtocolFunc: parseCommonIPCLBytes Processing tablename[Table-3] tableSize[7]
03-17 18:52:55.513   400   452 D adayocomadapter-ParseProtocolFunc: printRaWMsg Name[byteStream recv] len[7] data[03000000000001]
03-17 18:52:55.513   400   452 D adayocomadapter-ParseProtocolFunc: printRaWMsg Name[IPCLtoVHAL] len[9] data[214121380100000000]
03-17 18:52:55.513   400   452 D adayocomadapter-ParseProtocolFunc: printRaWMsg Name[IPCLtoVHAL] len[7] data[214021D6000100]
03-17 18:52:55.513   400   452 D adayocomadapter-CommunicationManager: onUpstreamReceive isLoss 0 mPropertyId 0x21412138
03-17 18:52:55.513   400   452 D vw-vhal : notifyVehicleProperty, propId = 0x21412138, data = {status: 2, int32Values: [0, 0, 0]}
03-17 18:52:55.513   400   452 I DefaultVehicleHal_v2_0: DefaultVehicleHal::onPropertyValue, value:{.timestamp = 109461274344, .areaId = 0, .prop = 557916472, .status = AVAILABLE, .value = {.int32Values = [3]{0, 0, 0}, .floatValues = [0]{}, .int64Values = [0]{}, .bytes = [0]{}, .stringValue = ""}}
03-17 18:52:55.513   400   452 D adayocomadapter-CommunicationManager: onUpstreamReceive mPropertyId 0x21412138
03-17 18:52:55.513   400   452 D adayocomadapter-CommunicationManager: onUpstreamReceive isLoss 1 mPropertyId 0x214021d6
03-17 18:52:55.513   400   452 D adayocomadapter-CommunicationManager: convertBytesToInt32Memcpy  0
03-17 18:52:55.513   400   452 D vw-vhal : notifyVehicleProperty, propId = 0x214021d6, data = {status: 3, int32Values: [0]}
03-17 18:52:55.513   400   452 I DefaultVehicleHal_v2_0: DefaultVehicleHal::onPropertyValue, value:{.timestamp = 109461442344, .areaId = 0, .prop = 557851094, .status = UNAVAILABLE, .value = {.int32Values = [1]{0}, .floatValues = [0]{}, .int64Values = [0]{}, .bytes = [0]{}, .stringValue = ""}}
03-17 18:52:55.513   400   452 D adayocomadapter-CommunicationManager: onUpstreamReceive mPropertyId 0x214021d6
03-17 18:52:55.514   580   630 I netd    : tetherGetStats() -> {[TetherStatsParcel{iface: vlan_07, rxBytes: 88, rxPackets: 2, txBytes: 180, txPackets: 4, ifIndex: 0}, TetherStatsParcel{iface: wlan0, rxBytes: 0, rxPackets: 0, txBytes: 0, txPackets: 0, ifIndex: 0}]} <3.37ms>
03-17 18:52:55.517   903  1260 I netstats_mobile_sample: [0,0,0,0,0,0,0,0,1773744775523]
03-17 18:52:55.517   903  1260 I netstats_wifi_sample: [472426,115627,931,1113,545701,103613,1297,1074,1773744775523]
03-17 18:52:55.518   582  3616 E WifiHAL : Invalid data received from driver
03-17 18:52:55.519   903  1260 D ConnectivityService: sending notification CALLBACK_AVAILABLE for NetworkRequest [ TRACK_DEFAULT id=6, [ Capabilities: INTERNET&NOT_RESTRICTED&TRUSTED&NOT_VCN_MANAGED Uid: 1000 RequestorUid: 1000 RequestorPkg: android UnderlyingNetworks: Null] ]
03-17 18:52:55.519   903  1260 D ConnectivityService: sending notification CALLBACK_AVAILABLE for NetworkRequest [ TRACK_DEFAULT id=51, [ Capabilities: INTERNET&NOT_RESTRICTED&TRUSTED&NOT_VCN_MANAGED Uid: 10017 RequestorUid: 1000 RequestorPkg: android UnderlyingNetworks: Null] ]
03-17 18:52:55.520   903  1190 D JobScheduler.Connectivity: Using BG bypass for 10017
03-17 18:52:55.520   903  1190 D JobScheduler.Connectivity: UID 10017 current state allows metered network=false procState=CEM  capabilities=------
03-17 18:52:55.520   903  1190 I JobScheduler.Connectivity: Connectivity unchanged for JobStatus{cf5941c #u0a17/0 com.android.statementservice/androidx.work.impl.background.systemjob.SystemJobService u=0 s=10017 TIME=-56s900ms:none NET IDLE satisfied:0x8b400000 unsatisfied:0x10000004}: usable=true satisfied=false
03-17 18:52:55.520   903  1260 D ConnectivityService: sending notification CALLBACK_AVAILABLE for NetworkRequest [ TRACK_DEFAULT id=41, [ Capabilities: INTERNET&NOT_RESTRICTED&TRUSTED&NOT_VCN_MANAGED Uid: 10064 RequestorUid: 10064 RequestorPkg: com.fawvw.vehicle.navi.j01app UnderlyingNetworks: Null] ]
03-17 18:52:55.521  6654  6700 D TimerTriggerManager: init instance...
03-17 18:52:55.521   903  1260 D ConnectivityService: sending notification CALLBACK_AVAILABLE for NetworkRequest [ TRACK_DEFAULT id=36, [ Capabilities: INTERNET&NOT_RESTRICTED&TRUSTED&NOT_VCN_MANAGED Uid: 10075 RequestorUid: 1000 RequestorPkg: android UnderlyingNetworks: Null] ]
03-17 18:52:55.521  6654  6700 D TimerTriggerManager: Timer thread'TimerTriggerManager' is destroyed: false
03-17 18:52:55.521  6654  6700 D TimerTriggerManager: Timer 'onMntnWarnReqChanged' is running: true
03-17 18:52:55.521  6654  6700 D TimerTriggerManager: Sending reset signal to timer 'onMntnWarnReqChanged'
03-17 18:52:55.521  6654  6700 D TimerTriggerManager: Reset signal sent to timer 'onMntnWarnReqChanged'
03-17 18:52:55.521   903  1260 D ConnectivityService: sending notification CALLBACK_AVAILABLE for NetworkRequest [ TRACK_DEFAULT id=26, [ Capabilities: INTERNET&NOT_RESTRICTED&TRUSTED&NOT_VCN_MANAGED Uid: 1001 RequestorUid: 1001 RequestorPkg: com.android.phone UnderlyingNetworks: Null] ]
03-17 18:52:55.521  6654  6700 D TimerTriggerManager: init instance...
03-17 18:52:55.521  6654  6700 D TimerTriggerManager: Timer thread'TimerTriggerManager' is destroyed: false
03-17 18:52:55.521  6654  6700 D TimerTriggerManager: Timer 'onIndcnVehSpdChanged' is running: true
03-17 18:52:55.521  6654  6707 D TimerTriggerController: Reset method called for timer: onMntnWarnReqChanged
03-17 18:52:55.521  6654  6707 D TimerTriggerController: Calling onTimerReset for timer: onMntnWarnReqChanged
03-17 18:52:55.522  6654  6707 D TimerTriggerManager: Timer reset: onMntnWarnReqChanged
03-17 18:52:55.522  6654  6707 I TimerTriggerController: Timer [onMntnWarnReqChanged] reset, remaining: 4999ms, reset count: 307
03-17 18:52:55.522   903  1260 D ConnectivityService: sending notification CALLBACK_AVAILABLE for NetworkRequest [ TRACK_DEFAULT id=34, [ Capabilities: INTERNET&NOT_RESTRICTED&TRUSTED&NOT_VCN_MANAGED Uid: 10064 RequestorUid: 10064 RequestorPkg: com.fawvw.vehicle.navi.j01app UnderlyingNetworks: Null] ]
03-17 18:52:55.523   903  1260 D ConnectivityService: sending notification CALLBACK_AVAILABLE for NetworkRequest [ TRACK_DEFAULT id=30, [ Capabilities: INTERNET&NOT_RESTRICTED&TRUSTED&NOT_VCN_MANAGED Uid: 10053 RequestorUid: 10053 RequestorPkg: com.mosi.mosc.aicenter UnderlyingNetworks: Null] ]
03-17 18:52:55.523   903  1086 I am_pss  : [8378,10065,com.fawvw.hmi.bev.splitapp,48798720,43819008,164864,139784192,0,2,8]
03-17 18:52:55.523   903  1260 D ConnectivityService: sending notification CALLBACK_AVAILABLE for NetworkRequest [ TRACK_DEFAULT id=47, [ Capabilities: INTERNET&NOT_RESTRICTED&TRUSTED&NOT_VCN_MANAGED Uid: 10076 RequestorUid: 1000 RequestorPkg: android UnderlyingNetworks: Null] ]
03-17 18:52:55.524   903  1260 D ConnectivityService: sending notification CALLBACK_AVAILABLE for NetworkRequest [ TRACK_DEFAULT id=17, [ Capabilities: INTERNET&NOT_RESTRICTED&TRUSTED&NOT_VCN_MANAGED Uid: 1073 RequestorUid: 1073 RequestorPkg: com.android.networkstack UnderlyingNetworks: Null] ]
03-17 18:52:55.524   903  1260 D ConnectivityService: sending notification CALLBACK_AVAILABLE for NetworkRequest [ TRACK_DEFAULT id=13, [ Capabilities: INTERNET&NOT_RESTRICTED&TRUSTED&NOT_VCN_MANAGED Uid: 10029 RequestorUid: 1000 RequestorPkg: android UnderlyingNetworks: Null] ]
03-17 18:52:55.525   903  1190 D JobScheduler.Connectivity: Using BG bypass for 10029
03-17 18:52:55.525  3059  3221 I NetworkManager: onAvailable
03-17 18:52:55.525   903  1260 D ConnectivityService: sending notification CALLBACK_AVAILABLE for NetworkRequest [ TRACK_DEFAULT id=44, [ Capabilities: INTERNET&NOT_RESTRICTED&TRUSTED&NOT_VCN_MANAGED Uid: 10064 RequestorUid: 10064 RequestorPkg: com.fawvw.vehicle.navi.j01app UnderlyingNetworks: Null] ]
03-17 18:52:55.525  3059  3221 I AvatarManager: onNetworkChange isNetworkConnect:true
03-17 18:52:55.525  3059  3221 I VoiceManager: onNetworkChange isNetworkConnect:true
03-17 18:52:55.525   903  1190 D JobScheduler.Connectivity: UID 10029 current state allows metered network=false procState=IMPF capabilities=------
03-17 18:52:55.525   903  1190 I JobScheduler.Connectivity: Connectivity unchanged for JobStatus{4993a63 #u0a29/100 com.huawei.hiviewlite/.UploadJobService u=0 s=10029 TIME=-16s122ms:-16s122ms NET PERSISTED READY}: usable=true satisfied=false
03-17 18:52:55.525  6654  6700 D TimerTriggerManager: Sending reset signal to timer 'onIndcnVehSpdChanged'
03-17 18:52:55.525  6654  6700 D TimerTriggerManager: Reset signal sent to timer 'onIndcnVehSpdChanged'
03-17 18:52:55.526   903  1260 D ConnectivityService: sending notification CALLBACK_AVAILABLE for NetworkRequest [ TRACK_DEFAULT id=32, [ Capabilities: INTERNET&NOT_RESTRICTED&TRUSTED&NOT_VCN_MANAGED Uid: 10064 RequestorUid: 10064 RequestorPkg: com.fawvw.vehicle.navi.j01app UnderlyingNetworks: Null] ]
03-17 18:52:55.526  6654  6707 D TimerTriggerController: Reset method called for timer: onIndcnVehSpdChanged
03-17 18:52:55.526  6654  6707 D TimerTriggerController: Calling onTimerReset for timer: onIndcnVehSpdChanged
03-17 18:52:55.526  6654  6707 D TimerTriggerManager: Timer reset: onIndcnVehSpdChanged
03-17 18:52:55.526  6654  6707 I TimerTriggerController: Timer [onIndcnVehSpdChanged] reset, remaining: 1000ms, reset count: 614
03-17 18:52:55.526   903  1260 D ConnectivityService: sending notification CALLBACK_AVAILABLE for NetworkRequest [ TRACK_SYSTEM_DEFAULT id=20, [ Capabilities: INTERNET&NOT_RESTRICTED&TRUSTED&NOT_VPN&NOT_VCN_MANAGED RequestorUid: 1073 RequestorPkg: com.android.networkstack.tethering UnderlyingNetworks: Null] ]
03-17 18:52:55.527   903  1260 D ConnectivityService: sending notification CALLBACK_AVAILABLE for NetworkRequest [ TRACK_DEFAULT id=15, [ Capabilities: INTERNET&NOT_RESTRICTED&TRUSTED&NOT_VCN_MANAGED Uid: 1000 RequestorUid: 1000 RequestorPkg: android UnderlyingNetworks: Null] ]
03-17 18:52:55.527   903  1260 D ConnectivityService: sending notification CALLBACK_AVAILABLE for NetworkRequest [ TRACK_DEFAULT id=28, [ Capabilities: INTERNET&NOT_RESTRICTED&TRUSTED&NOT_VCN_MANAGED Uid: 1001 RequestorUid: 1001 RequestorPkg: com.android.phone UnderlyingNetworks: Null] ]
03-17 18:52:55.527  1513  1563 D UpstreamNetworkMonitor: New default Internet network: 103
03-17 18:52:55.528  3059  3258 I UrlInterceptor: replaceUrl originUrl:https://api-c-uat.mosc.faw-vw.com/j01/hu/vpa/ai/support/switch/v1/bigmodel/get-status  originBaseUrl:https://api-c-uat.mosc.faw-vw.com/j01/hu/vpa/  HybridSds-V1
03-17 18:52:55.528   903  1260 D NetworkRanker: mightBeat: isEth && mCoExist return true
03-17 18:52:55.528  3059  3258 I AccountManager: getBaseURL url:null
03-17 18:52:55.528  3059  3258 I AccountManager: getBaseURL is empty , HybridSds-V1  use default url:null
03-17 18:52:55.528  3059  3258 I AccountManager: getBaseURL url:https://api-c-uat.mosc.faw-vw.com/j01/hu/voice/
03-17 18:52:55.528   903  1260 D NetworkRanker: mightBeat: isEth && mCoExist return true
03-17 18:52:55.528  3059  3258 I UrlInterceptor: replaceUrl baseUrl:https://api-c-uat.mosc.faw-vw.com/j01/hu/voice/
03-17 18:52:55.528   903  1260 D NetworkRanker: mightBeat: isEth && mCoExist return true
03-17 18:52:55.528   903  1260 D NetworkRanker: mightBeat: isEth && mCoExist return true
03-17 18:52:55.528   903  1260 D NetworkRanker: mightBeat: isEth && mCoExist return true
03-17 18:52:55.528  1513  1563 I Tethering: Looking for default routes on: {InterfaceName: vlan_07 LinkAddresses: [ fe80::9ee2:2291:ebd7:2b68/64,192.168.7.3/24 ] DnsAddresses: [ /114.114.114.114,/8.8.8.8 ] Domains: null MTU: 0 TcpBufferSizes: 524288,1048576,3145728,524288,1048576,2097152 Routes: [ fe80::/64 -> :: vlan_07 mtu 0,192.168.7.0/24 -> 0.0.0.0 vlan_07 mtu 0,0.0.0.0/0 -> 192.168.7.4 vlan_07 mtu 0 ]}
03-17 18:52:55.529   903  1292 D NetworkTimeUpdateService: New default network 103; checking time.
03-17 18:52:55.529  1513  1563 I Tethering: Found upstream interface(s): [vlan_07]
03-17 18:52:55.529   580  3946 D TetherController: setDnsForwarders(0xf0067 0 = '114.114.114.114')
03-17 18:52:55.529   580  3946 D TetherController: setDnsForwarders(0xf0067 1 = '8.8.8.8')
03-17 18:52:55.529   580  3946 I netd    : tetherDnsSet(103, [114.114.114.114, 8.8.8.8]) <0.17ms>
03-17 18:52:55.531  3945  3945 I dnsmasq : using nameserver 8.8.8.8#53
03-17 18:52:55.531  3945  3945 I dnsmasq : using nameserver 114.114.114.114#53
03-17 18:52:55.532   580  3946 D TetherController: Setting IP forward enable = 1
03-17 18:52:55.532   580  3946 I netd    : ipfwdEnableForwarding(tethering) <0.29ms>
03-17 18:52:55.532   580  3946 I netd    : tetherAddForward(eth0, vlan_07) <0.01ms>
03-17 18:52:55.533   580   630 I netd    : bandwidthRemoveInterfaceQuota(vlan_00) <4.11ms>
03-17 18:52:55.533   580  3946 I netd    : ipfwdAddInterfaceForward(eth0, vlan_07) <0.24ms>
03-17 18:52:55.533   903  1260 D ConnectivityService: Ethernet enabling NAT 
03-17 18:52:55.534   903  1260 D ConnectivityService: Sending CONNECTED broadcast for type 9 [103 ETHERNET] isDefaultNetwork=true
03-17 18:52:55.534   903  1260 D ConnectivityService: sendStickyBroadcast: action=android.net.conn.CONNECTIVITY_CHANGE
03-17 18:52:55.534   903  1260 W ContextImpl: Calling a method in the system process without a qualified user: android.app.ContextImpl.sendStickyBroadcast:1626 android.net.connectivity.com.android.server.ConnectivityService.sendStickyBroadcast:3333 android.net.connectivity.com.android.server.ConnectivityService.sendGeneralBroadcast:3303 android.net.connectivity.com.android.server.ConnectivityService.sendConnectedBroadcast:3276 android.net.connectivity.com.android.server.ConnectivityService.sendLegacyNetworkBroadcast:10350 
03-17 18:52:55.534  1566  3186 D TboxNetworkManager: tboxNetworkbinder=null
03-17 18:52:55.538   903  1260 D NetworkRanker: mightBeat: isEth && mCoExist return true
03-17 18:52:55.538   903  1260 D NetworkRanker: mightBeat: isEth && mCoExist return true
03-17 18:52:55.538   903  1260 D NetworkRanker: mightBeat: isEth && mCoExist return true
03-17 18:52:55.538   903  1260 D NetworkRanker: mightBeat: isEth && mCoExist return true
03-17 18:52:55.538   903  1260 D NetworkRanker: mightBeat: isEth && mCoExist return true
03-17 18:52:55.538   580  3946 I netd    : bandwidthSetInterfaceQuota(vlan_00, 9223372036854775807) <4.29ms>
03-17 18:52:55.539   582  3616 E WifiHAL : Invalid data received from driver
03-17 18:52:55.540   903   903 D NetworkPolicy: Blocked state of 1000: {blocked=NONE,allowed=RESTRICTED_MODE_PERMISSIONS,effective=NONE}
03-17 18:52:55.540   903   903 D NetworkPolicy: Blocked state of 1000: {blocked=NONE,allowed=RESTRICTED_MODE_PERMISSIONS,effective=NONE}
03-17 18:52:55.542   903  1260 D ConnectivityService: Rematched networks [computed 7ms] [applied 169ms] [issued 4]
03-17 18:52:55.542   903  1754 I WifiService: getMatchingPasspointConfigurations uid=1000
03-17 18:52:55.542  3059  3258 I UrlInterceptor: replaceUrl newUrl:https://api-c-uat.mosc.faw-vw.com/j01/hu/voice/ai/support/switch/v1/bigmodel/get-status
03-17 18:52:55.543   903  1260 D ConnectivityService: NetworkReassignment :
03-17 18:52:55.543   903  1260 D ConnectivityService:   7 : null → 103
03-17 18:52:55.543   903  1260 D ConnectivityService:   52 : null → 103
03-17 18:52:55.543   903  1260 D ConnectivityService:   42 : null → 103
03-17 18:52:55.543   903  1260 D ConnectivityService:   37 : null → 103
03-17 18:52:55.543   903  1260 D ConnectivityService:   27 : null → 103
03-17 18:52:55.543   903  1260 D ConnectivityService:   35 : null → 103
03-17 18:52:55.543   903  1260 D ConnectivityService:   31 : null → 103
03-17 18:52:55.543   903  1260 D ConnectivityService:   48 : null → 103
03-17 18:52:55.543   903  1260 D ConnectivityService:   18 : null → 103
03-17 18:52:55.543   903  1260 D ConnectivityService:   14 : null → 103
03-17 18:52:55.543   903  1260 D ConnectivityService:   45 : null → 103
03-17 18:52:55.543   903  1260 D ConnectivityService:   1 : null → 103
03-17 18:52:55.543   903  1260 D ConnectivityService:   33 : null → 103
03-17 18:52:55.543   903  1260 D ConnectivityService:   20 : null → 103
03-17 18:52:55.543   903  1260 D ConnectivityService:   16 : null → 103
03-17 18:52:55.543   903  1260 D ConnectivityService:   29 : null → 103
03-17 18:52:55.543   580  3946 I netd    : bandwidthRemoveInterfaceQuota(vlan_01) <3.98ms>
03-17 18:52:55.544  3059  3258 I UrlInterceptor: intercept builder:okhttp3.Request$Builder@2be29e1 Request；Request{method=POST, url=https://api-c-uat.mosc.faw-vw.com/j01/hu/voice/ai/support/switch/v1/bigmodel/get-status, headers=[name_id:HybridSds-V1], tags={class retrofit2.Invocation=com.mosi.mosc.appbase.api.LLMApi.getDeepSeekSwitchStatus() [LLMGetReq(switchType=SPEECH_ENHANCEMENT)]}}
03-17 18:52:55.545  3059  3258 I VehicleManager: getCarDid
03-17 18:52:55.545  3059  3258 D CarPropertyManager: getProperty, propertyId: CNS_INFO_DEVICE_ID, areaId: 0x0
03-17 18:52:55.546  2315  3257 D NetworkLiveData: defaultCallback onAvailable: 103
03-17 18:52:55.546  2315  3257 D NetworkLiveData: defaultCallback onCapabilitiesChanged: [ Transports: ETHERNET Capabilities: INTERNET&NOT_RESTRICTED&TRUSTED&NOT_VPN&NOT_ROAMING&FOREGROUND&NOT_CONGESTED&NOT_SUSPENDED&NOT_VCN_MANAGED LinkUpBandwidth>=100000Kbps LinkDnBandwidth>=100000Kbps Specifier: <EthernetNetworkSpecifier (vlan_07)> UnderlyingNetworks: Null]
03-17 18:52:55.546  2315  3257 D NetworkLiveData: defaultCallback: Ethernet transport, validated=false
03-17 18:52:55.546  2106  2753 D CarPropertyService: mSyncGetSetPropertyOpCount: 1
03-17 18:52:55.546  2106  2753 I CAR.HAL : get, property Id: 554705038 // 0x2110208e, property name: CNS_INFO_DEVICE_ID areaId: 0 // 0x0
03-17 18:52:55.547   580  3946 D TcpSocketMonitor: resuming tcpinfo polling (interval=30000ms)
03-17 18:52:55.547   580  3946 I netd    : networkDestroy(107) <3.55ms>
03-17 18:52:55.547   400   892 I DefaultVehicleHal_v2_0: getProp(0x2110208e)
03-17 18:52:55.547   400   892 D adayocomadapter-CommunicationManager: getProperty id=[554705038] getProperty  value 0 
03-17 18:52:55.547   400   892 D vw-vhal : CanSignalsAdapter::getVehicleProperty success: propId = 0x2110208e, data = {status: 2, stringValue: "L7X-00101.01.250001A001"}
03-17 18:52:55.547   400   892 I DefaultVehicleHal_v2_0: Get Property: {.timestamp = 109495168011, .areaId = 0, .prop = 554705038, .status = AVAILABLE, .value = {.int32Values = [0]{}, .floatValues = [0]{}, .int64Values = [0]{}, .bytes = [0]{}, .stringValue = "L7X-00101.01.250001A001"}}
03-17 18:52:55.548  2106  2753 I CAR.HAL : get, property Id: 554705038 // 0x2110208e, property name: CNS_INFO_DEVICE_ID areaId: 0 // 0x0
03-17 18:52:55.548   400   892 I DefaultVehicleHal_v2_0: getProp(0x2110208e)
03-17 18:52:55.548   400   892 D adayocomadapter-CommunicationManager: getProperty id=[554705038] getProperty  value 0 
03-17 18:52:55.548   400   892 D vw-vhal : CanSignalsAdapter::getVehicleProperty success: propId = 0x2110208e, data = {status: 2, stringValue: "L7X-00101.01.250001A001"}
03-17 18:52:55.548   400   892 I DefaultVehicleHal_v2_0: Get Property: {.timestamp = 109496061011, .areaId = 0, .prop = 554705038, .status = AVAILABLE, .value = {.int32Values = [0]{}, .floatValues = [0]{}, .int64Values = [0]{}, .bytes = [0]{}, .stringValue = "L7X-00101.01.250001A001"}}
03-17 18:52:55.548  1566  1566 W ConnectionManager: mTboxNetworkManager is null
03-17 18:52:55.549  1566  1566 D ConnectionManager: apnANetEnable = false
03-17 18:52:55.549  2106  2753 D CarPropertyService: mSyncGetSetPropertyOpCount: 0
03-17 18:52:55.549   580   630 I resolv  : DNS cache flushed
03-17 18:52:55.549   580   630 D resolv  : PrivateDnsConfiguration::clear(107)
03-17 18:52:55.550   580   630 W resolv  : resolv_stats_set_addrs: Network 107 not found for PROTO_DOT
03-17 18:52:55.550   580   630 D resolv  : PrivateDnsConfiguration::clearDoh (107)
03-17 18:52:55.550   580   630 W resolv  : resolv_stats_set_addrs: Network 107 not found for PROTO_DOH
03-17 18:52:55.550   580   630 I netd    : destroyNetworkCache(107) <0.49ms>
03-17 18:52:55.550   903  1260 D ConnectivityService: createNativeNetworkNumber = 6
03-17 18:52:55.551   903  1070 W ContextImpl: Calling a method in the system process without a qualified user: android.app.ContextImpl.sendBroadcast:1220 com.android.server.timedetector.TimeDetectorStrategyImpl.sendNtpTimeBroadcast:776 com.android.server.timedetector.TimeDetectorStrategyImpl.setSystemClockAndConfidenceUnderWakeLock:1132 com.android.server.timedetector.TimeDetectorStrategyImpl.setSystemClockAndConfidenceIfRequired:974 com.android.server.timedetector.TimeDetectorStrategyImpl.doAutoTimeDetection:755 
03-17 18:52:55.551   903  1754 I WifiService: getMatchingOsuProviders uid=1000
03-17 18:52:55.551   903  1833 D NetworkPolicy: Blocked state of 1000: {blocked=NONE,allowed=RESTRICTED_MODE_PERMISSIONS,effective=NONE}
03-17 18:52:55.552   903  1180 I WifiService: getMatchingPasspointConfigsForOsuProviders uid=1000
03-17 18:52:55.554  1566  1566 D ConnectionManager: 连接到网络：false| -------------------------
03-17 18:52:55.554  1566  1566 W ConnectionManager: 车机网络 net cannot access
03-17 18:52:55.554  1566  1566 D ConnectionManager: 1S内多次执行，不执行操作
03-17 18:52:55.554   580  3946 I netd    : bandwidthSetInterfaceQuota(vlan_01, 9223372036854775807) <4.67ms>
03-17 18:52:55.555   903  1754 D NetworkPolicy: Blocked state of 10036: {blocked=NONE,allowed=FOREGROUND|TOP|METERED_FOREGROUND,effective=NONE}
03-17 18:52:55.555  1867  1947 I AccountLifecycleObserver: getAuthToken: serviceId: HybridSds-V1, token is isNullOrEmpty?: true, url: {"wss.url":"wss://api-c-ws-uat.mosc.faw-vw.com/j01/hu/voice","ugate":"https://api-c-uat.mosc.faw-vw.com/j01/hu/voice"}
03-17 18:52:55.556  1566  1566 W ConnectionManager: mTboxNetworkManager is null
03-17 18:52:55.556  1566  1566 D ConnectionManager: apnANetEnable = false
03-17 18:52:55.557  1763  1763 D BroadcastRefreshStrategy: action = android.net.conn.CONNECTIVITY_CHANGE
03-17 18:52:55.558  3059  3258 D okhttp.TaskRunner: Q10000 canceled              : OkHttp ConnectionPool
03-17 18:52:55.559   580  3946 I netd    : bandwidthRemoveInterfaceQuota(vlan_08) <4.67ms>
03-17 18:52:55.561   580  9112 I resolv  : GetAddrInfoHandler::run: {103 103 103 983143 10053 0}
03-17 18:52:55.561   903  1070 E ActivityManager: Sending non-protected broadcast com.adayo.ntp.recevie from system 903:system/1000 pkg android
03-17 18:52:55.561   903  1070 E ActivityManager: java.lang.Throwable
03-17 18:52:55.561   903  1070 E ActivityManager: 	at com.android.server.am.ActivityManagerService.checkBroadcastFromSystem(ActivityManagerService.java:14408)
03-17 18:52:55.561   903  1070 E ActivityManager: 	at com.android.server.am.ActivityManagerService.broadcastIntentLockedTraced(ActivityManagerService.java:15235)
03-17 18:52:55.561   903  1070 E ActivityManager: 	at com.android.server.am.ActivityManagerService.broadcastIntentLocked(ActivityManagerService.java:14474)
03-17 18:52:55.561   903  1070 E ActivityManager: 	at com.android.server.am.ActivityManagerService.broadcastIntentWithFeature(ActivityManagerService.java:15440)
03-17 18:52:55.561   903  1070 E ActivityManager: 	at android.app.ContextImpl.sendBroadcast(ContextImpl.java:1224)
03-17 18:52:55.561   903  1070 E ActivityManager: 	at com.android.server.timedetector.TimeDetectorStrategyImpl.sendNtpTimeBroadcast(TimeDetectorStrategyImpl.java:776)
03-17 18:52:55.561   903  1070 E ActivityManager: 	at com.android.server.timedetector.TimeDetectorStrategyImpl.setSystemClockAndConfidenceUnderWakeLock(TimeDetectorStrategyImpl.java:1132)
03-17 18:52:55.561   903  1070 E ActivityManager: 	at com.android.server.timedetector.TimeDetectorStrategyImpl.setSystemClockAndConfidenceIfRequired(TimeDetectorStrategyImpl.java:974)
03-17 18:52:55.561   903  1070 E ActivityManager: 	at com.android.server.timedetector.TimeDetectorStrategyImpl.doAutoTimeDetection(TimeDetectorStrategyImpl.java:755)
03-17 18:52:55.561   903  1070 E ActivityManager: 	at com.android.server.timedetector.TimeDetectorStrategyImpl.suggestNetworkTime(TimeDetectorStrategyImpl.java:328)
03-17 18:52:55.561   903  1070 E ActivityManager: 	at com.android.server.timedetector.TimeDetectorInternalImpl.lambda$suggestNetworkTime$0(TimeDetectorInternalImpl.java:87)
03-17 18:52:55.561   903  1070 E ActivityManager: 	at com.android.server.timedetector.TimeDetectorInternalImpl.$r8$lambda$i_bY-cYaOWr1U99VfGrEI33C7n4(TimeDetectorInternalImpl.java:0)
03-17 18:52:55.561   903  1070 E ActivityManager: 	at com.android.server.timedetector.TimeDetectorInternalImpl$$ExternalSyntheticLambda1.run(R8$$SyntheticClass:0)
03-17 18:52:55.561   903  1070 E ActivityManager: 	at android.os.Handler.handleCallback(Handler.java:958)
03-17 18:52:55.561   903  1070 E ActivityManager: 	at android.os.Handler.dispatchMessage(Handler.java:99)
03-17 18:52:55.561   903  1070 E ActivityManager: 	at android.os.Looper.loopOnce(Looper.java:205)
03-17 18:52:55.561   903  1070 E ActivityManager: 	at android.os.Looper.loop(Looper.java:294)
03-17 18:52:55.561   903  1070 E ActivityManager: 	at android.os.HandlerThread.run(HandlerThread.java:67)
03-17 18:52:55.561   903  1070 E ActivityManager: 	at com.android.server.ServiceThread.run(ServiceThread.java:46)
03-17 18:52:55.561   580  9112 D resolv  : resolv_getaddrinfo: explore_fqdn(): ai_family=0 ai_socktype=1 ai_protocol=6
03-17 18:52:55.562   903  1070 D time_detector: clock no need updating: adayo sendBroadcast ntp time success 1773744775557
03-17 18:52:55.563   580  9113 D resolv  : doQuery: (1, 1)
03-17 18:52:55.563   580  9113 I resolv  : res_nmkquery: (QUERY, IN, A)
03-17 18:52:55.563   580  9113 D resolv  : res_nsend
03-17 18:52:55.563   580  9113 D resolv  : resolv_cache_lookup: lookup
03-17 18:52:55.563   580  9113 I resolv  : resolv_cache_lookup: FOUND IN CACHE entry=0xb400fa8ced049430
03-17 18:52:55.563   580  9113 I resolv  : doQuery: rcode=0, ancount=1, return value=131
03-17 18:52:55.565  3059  3258 D TrafficStats: tagSocket(81) with statsTag=0xffffffff, statsUid=-1
03-17 18:52:55.566   580  3946 I netd    : bandwidthSetInterfaceQuota(vlan_08, 9223372036854775807) <4.68ms>
03-17 18:52:55.567   903  1088 I am_wtf  : [0,903,system_server,-1,ActivityManager,Sending non-protected broadcast com.adayo.ntp.recevie from system 903:system/1000 pkg android]
03-17 18:52:55.568   903  1754 D NetworkPolicy: Blocked state of 1000: {blocked=NONE,allowed=RESTRICTED_MODE_PERMISSIONS,effective=NONE}
03-17 18:52:55.570  1566  1566 D ConnectionManager: 连接到网络：false| -------------------------
03-17 18:52:55.570  1566  1566 W ConnectionManager: 车机网络 net cannot access
03-17 18:52:55.570  1566  1566 D ConnectionManager: 1S内多次执行，不执行操作
03-17 18:52:55.571   580  3946 I netd    : bandwidthRemoveInterfaceQuota(vlan_07) <4.09ms>
03-17 18:52:55.572  1646  1646 I TimeSyncService: TimeSyncService$5->onReceive()249:waitForBroadcast: action=com.adayo.ntp.recevie     ---2:main
03-17 18:52:55.573  1646  1646 I TimeSyncService: TimeSyncService$5->onReceive()263:waitForBroadcast: ntpTimeMs=1773744775557stringExtra1773744775557iscountdown:false     ---2:main
03-17 18:52:55.577   582  3616 E WifiHAL : Invalid data received from driver
03-17 18:52:55.578   903  1086 I am_pss  : [8377,1000,com.fawvw.hmi.bev.carapp,120854528,113389568,151552,224182272,0,2,11]
03-17 18:52:55.579   580  3946 I netd    : bandwidthSetInterfaceQuota(vlan_07, 9223372036854775807) <4.59ms>
03-17 18:52:55.584   580  3946 I netd    : bandwidthRemoveInterfaceQuota(vlan_15) <4.28ms>
03-17 18:52:55.586   903  1086 I am_pss  : [2938,1000,com.android.car.dialer,15500288,13410304,174080,84234240,0,4,6]
03-17 18:52:55.587   582  3616 E WifiHAL : Invalid data received from driver
03-17 18:52:55.589   580  3946 I netd    : bandwidthSetInterfaceQuota(vlan_15, 9223372036854775807) <4.45ms>
03-17 18:52:55.594  2292  3465 D GPS_POIManager: IncomeProcess 2366
03-17 18:52:55.594  2292  3465 W POIManager: Just Location Need request Location permission
03-17 18:52:55.595   580  3946 I netd    : bandwidthRemoveInterfaceQuota(vlan_16) <4.20ms>
03-17 18:52:55.595  2366  2993 E /       : Just Location request Location permission
03-17 18:52:55.595   903  1086 I am_pss  : [3059,10053,com.mosi.mosc.aicenter,33817600,30511104,157696,121077760,0,4,7]
03-17 18:52:55.595   582  3616 E WifiHAL : Invalid data received from driver
03-17 18:52:55.595   582  3616 E WifiHAL : Invalid data received from driver
03-17 18:52:55.595   582  3616 E WifiHAL : Invalid data received from driver
03-17 18:52:55.595   582  3616 E WifiHAL : Invalid data received from driver
03-17 18:52:55.596   582  3616 E WifiHAL : Invalid data received from driver
03-17 18:52:55.596   582  3616 E WifiHAL : Invalid data received from driver
03-17 18:52:55.596   582  3616 E WifiHAL : Invalid data received from driver
03-17 18:52:55.600   580  3946 I netd    : bandwidthSetInterfaceQuota(vlan_16, 9223372036854775807) <4.41ms>
03-17 18:52:55.602   903  1086 I am_pss  : [3049,1000,com.fawvw.hmi.aggregationmedia,8333312,6901760,176128,69152768,0,4,5]
03-17 18:52:55.603   903  1190 D JobScheduler.Quota: Processing event 6 for <0>com.mosi.mosc.informationdelivery
03-17 18:52:55.603   903  1190 D JobScheduler.Quota: Processing event 6 for <0>com.fawvw.hmi.cnsengineeringtestmode
03-17 18:52:55.608   580  3946 I netd    : bandwidthRemoveInterfaceQuota(vlan_00) <4.04ms>
03-17 18:52:55.608  2383  2600 D AdayoDoipServer294_Doip: [ne_doip_event_loop_dispatch][line:141] : count = 0
03-17 18:52:55.613   580  3946 I netd    : bandwidthSetInterfaceQuota(vlan_00, 9223372036854775807) <4.10ms>
03-17 18:52:55.618   580  3946 I netd    : bandwidthRemoveInterfaceQuota(vlan_01) <4.08ms>
03-17 18:52:55.623   580  3946 I netd    : bandwidthSetInterfaceQuota(vlan_01, 9223372036854775807) <4.51ms>
03-17 18:52:55.624  6654  6700 D TimerTriggerManager: init instance...
03-17 18:52:55.624  6654  6700 D TimerTriggerManager: Timer thread'TimerTriggerManager' is destroyed: false
03-17 18:52:55.624  6654  6700 D TimerTriggerManager: Timer 'onIndcnVehSpdChanged' is running: true
03-17 18:52:55.624  6654  6700 D TimerTriggerManager: Sending reset signal to timer 'onIndcnVehSpdChanged'
03-17 18:52:55.624  6654  6700 D TimerTriggerManager: Reset signal sent to timer 'onIndcnVehSpdChanged'
03-17 18:52:55.625  6654  6707 D TimerTriggerController: Reset method called for timer: onIndcnVehSpdChanged
03-17 18:52:55.625  1627  9082 I okhttp.OkHttpClient: --> POST https://api-c-data-uat.mosc.faw-vw.com/j01/hu/data-collection/trace-service/vehicle-trace/v2/upload?requestId=e9d41184-de05-4802-a1da-d406ffc9553c&signt=1773744775612&appkey=HiVQY27x&sign=a2212fab34c51f62be1d0f074d93533c
03-17 18:52:55.625  6654  6707 D TimerTriggerController: Calling onTimerReset for timer: onIndcnVehSpdChanged
03-17 18:52:55.625  6654  6707 D TimerTriggerManager: Timer reset: onIndcnVehSpdChanged
03-17 18:52:55.625  6654  6707 I TimerTriggerController: Timer [onIndcnVehSpdChanged] reset, remaining: 1000ms, reset count: 615
03-17 18:52:55.625  1627  9082 I okhttp.OkHttpClient: Content-Type: application/json; charset=UTF-8
03-17 18:52:55.626  1627  9082 I okhttp.OkHttpClient: Content-Length: 2092
03-17 18:52:55.626  1627  9082 I okhttp.OkHttpClient: Accept-Language: zh_CN
03-17 18:52:55.626  1627  9082 I okhttp.OkHttpClient: Did: JETTA_HU_JBEVJ01_L7X-00101.01.250001A001_v1.0.1_v0.0.1
03-17 18:52:55.626  1627  9082 I okhttp.OkHttpClient: Authorization: Bearer
03-17 18:52:55.627  1627  9082 I okhttp.OkHttpClient: X-FTB3-VIN: LFV01LYTESTVLN030
03-17 18:52:55.627  1627  9082 I okhttp.OkHttpClient: brandId: JETTA
03-17 18:52:55.628   580  3946 I netd    : bandwidthRemoveInterfaceQuota(vlan_08) <4.14ms>
03-17 18:52:55.630  1627  9082 I okhttp.OkHttpClient: {"compress":"GZIP","content":"H4sIAAAAAAAAAO1Zy24cRRT9lVFL7Kaaej+8sx1HcbAJwg9AcWRVd1XbDTPTTXePjbEsITYoILFBYskOiQ0fgEDia2L4DG51256H7YQQbIWYxWj63qo699St01V3ah4fR7YsV120EC3barEso35wbPuqzosReEmMg6vyFgx4Sio7Cr0frmxuLoKd5s1R15IWg4FPm8186KMFohRTnCtpCDb9yNkGxh9HblzZBoC7TizG/Wjom/0iIJ4+/ebZ1z/98eUvz7769fT7n5/99gWA+qoqquXC+RDjBID8QZ761QsGuw+2dh8urWw/xGR3TX2IMCYYKJOYCgzPi/DZPQBHDF84fEXnGJtHZQB9sBWiHPhR04IeDuzoXl6nxWgEcwlNnzX3zslX+UE+2ls+Sgfetb0zT1KCqUSJZApxYgzShmikU5F6qnBiqQ+sAXRvbPdCvM/3AXRY77XjtXKZ8JkMoyTiWaKRcc4iRzR1miTcMQXdixr6Lo5cVeSuNWF5wLMksAazrIqPgWuXE0w6DxBNfbcutR+5brK0HzV+ZM+muv5oYxWax3kwwiLDGHhau7+NydpHmysbm9tr72KGYQI3LhJK1EQkla/LYlT7rhONtRCECclX9KweUJhrXYyrdqadfE6ffgfC+fP3H06//TG0NrYZh+xlNh/cln6Wb0c8NHE6CQMo4R5xLwQyqTLISGNZSlLOvLsb4uHyOvFoKcMe879qJqrxKeWGCES8BtUkIkEJMQpZI6zVzlibZa+XajaO6sYPV0dZcYVyXk07CjI5dTqtPtpoKkg3jDjeiRqYwE600NuJerZLxG5egNXfiepxsjlpPazyxu/Cwea71nRcVbCy23YwPuuCY0nbpmYf9LlfDNxUY4/g9aW36zNkkF7nft9b985SWS+Ewb3Qo/9BCHTmY7rz9fICbEljjHsNTK5+uz65DclezGSrHBTW3bhsJZMq0RwJQwjizktklE0QlYRRYV3mqb1DsmV06rxcHAzaMK1ql8tx0M9jeEyLCgQQLET6oKitGhIbTBxTHBzj2lfBFrHSwR7BagdbxkIGu26n0HmgigNP7gZtD2Vi2TmKQ5s3HShro+TVp51peItRZM2FSzLI0DQxPMeLmFleHY9zXoDJZnmZmMppXprEXM/zwniWF5vjRaDCmON1KV98Ll9qmhfhMaezxKBq0TMJE7GRLyImLyUM4zli9KUSRs8WdsJLx4y9csKCa44Xm+PVaeGcF2Rjlte5Y0KMxZpME5M6FupFxMRlYvMryecTJqeJgdL5rMK6EBNe6jw/5wnjMSH/QsLEPK8ZhemYk+fzYrHiM7xAYP9wIZ/0rz7thn541XEH7t1xIH79aaewxFiQ6488KoDbW/NHXpuOhYvh/XU/3CwaO1gAk2tC14PnfuX9gmJcSt3aiwdQpNlk4GF7lIJpvt5ftum+dwtEM6Uw9No4tGUHRDkmhuLO1SIRbTQB6J3o5Jo0/EcO/cDe5fUnAHQchNQpS8WaQYQMprpR2tSvL4GTS615IBZyMnHDISnVyZtYPShJk5RxjpTgFnFFKEoS6hClzmKRpTY1r9lPpZutHqSYVA/vVUXq63pSQZR52KB2IiK57KQ9dIN85FtnWgxj6+xREVtblLvdGsOmddBuVKFzW3/sRCzuxA+7RVEddYBMYMMYPXvVzuMYzNilOGXdQ4s9VPSgV78E0L6t9sCH6qJqdsYYM4fKNtZUTEjNfMzLsfilWPvw0vXQqEfIy6PRS2j1/gwKbLFXoNzGOzYsRnlTVGfre9OvmEtoCjspVOTOa8QpYYCkJSJZJh1PM+MS83q9YjdyG6GIhnrhuVdZkhg2f5X1968k6nHaLuebdSshXCItyxSSSkrEcZbBzzssENfeEYlNlvm7cBGqiIGS7Rr1EKLI/GXWXdcN9j7LBBfIEEpg10kIstqnKFOpUFo77O2d2HUEEfi6f1nIXf+XxUrqMpwwRJxiIBLNYXORAtGUSyxNxpiTr4FInvwFKpbzhowbAAA\u003d","sendType":2,"vin":"LFV01LYTESTVLN030"}
03-17 18:52:55.631   903   903 I notification_cancel: [1073,1513,com.android.networkstack.tethering,1002,NULL,-1,0,33856,8,NULL]
03-17 18:52:55.631  1627  9082 I okhttp.OkHttpClient: --> END POST (2092-byte body)
03-17 18:52:55.633   580  3946 I netd    : bandwidthSetInterfaceQuota(vlan_08, 9223372036854775807) <4.27ms>
03-17 18:52:55.638   580  3946 I netd    : bandwidthRemoveInterfaceQuota(vlan_07) <4.02ms>
03-17 18:52:55.639  1627  9082 D okhttp.TaskRunner: Q10001 canceled              : OkHttp ConnectionPool
03-17 18:52:55.641  2366  2993 I VehicleNaviObserver: loadHome
03-17 18:52:55.642  2292  3465 D navi-libSdk-J01-Sdk: isServiceConnected: true
03-17 18:52:55.642  2292  3465 D GPS_IExpired: head 67566986{state=0,isHead=true,param=,incomePid=2366,method=HomeLocation,childCount=0}
03-17 18:52:55.642  2292  3465 D navi-libSdk-J01-Sdk: isServiceConnected: true
03-17 18:52:55.642  2292  3465 D navi-libSdk-J01-NaviSdk: getHomeAddress: type-0,getProxy()-com.faw.navi.libsdk.IShareDataInterface$Stub$Proxy@f5f5405
03-17 18:52:55.642  2315  8653 D navi-libSdk-J01-ShareDataBinder: getHomeAddress(ShareDataBinder.java:518) getHomeAddress: clientPid-2292,type-0
03-17 18:52:55.643   580  3946 I netd    : bandwidthSetInterfaceQuota(vlan_07, 9223372036854775807) <4.17ms>
03-17 18:52:55.643  2366  2992 I VehicleNaviObserver: loadCompany
03-17 18:52:55.643  2366  2993 I VehicleNaviObserver: loadHome >> null, do retry
03-17 18:52:55.644  2292  2307 D navi-libSdk-J01-Sdk: isServiceConnected: true
03-17 18:52:55.644  2292  2307 D GPS_IExpired: head 183906299{state=0,isHead=true,param=,incomePid=2366,method=CompanyLocation,childCount=0}
03-17 18:52:55.644   582  3616 E WifiHAL : Invalid data received from driver
03-17 18:52:55.644  2292  2307 D navi-libSdk-J01-Sdk: isServiceConnected: true
03-17 18:52:55.645  2292  2307 D navi-libSdk-J01-NaviSdk: getCompanyAddress: type-0,getProxy()-com.faw.navi.libsdk.IShareDataInterface$Stub$Proxy@f5f5405
03-17 18:52:55.645  2292  3465 D GPS_IExpired: 67566986{state=1,isHead=true,param=,incomePid=2366,method=HomeLocation,childCount=0} callback
03-17 18:52:55.645  2292  3465 D GPS_IExpired: 67566986{state=1,isHead=true,param=,incomePid=2366,method=HomeLocation,childCount=0} accept and fallback 0
03-17 18:52:55.645  2315  8653 D navi-libSdk-J01-ShareDataBinder: getCompanyAddress(ShareDataBinder.java:501) getCompanyAddress: clientPid-2292,type-0
03-17 18:52:55.646  2366  2992 I VehicleNaviObserver: loadCompany >> null, do retry
03-17 18:52:55.647  2292  2307 D GPS_IExpired: 183906299{state=1,isHead=true,param=,incomePid=2366,method=CompanyLocation,childCount=0} callback
03-17 18:52:55.647  2292  2307 D GPS_IExpired: 183906299{state=1,isHead=true,param=,incomePid=2366,method=CompanyLocation,childCount=0} accept and fallback 0
03-17 18:52:55.648   580  3946 I netd    : bandwidthRemoveInterfaceQuota(vlan_15) <4.12ms>
03-17 18:52:55.649  1627  9082 D TrafficStats: tagSocket(90) with statsTag=0xffffffff, statsUid=-1
03-17 18:52:55.652   580  3946 I netd    : bandwidthSetInterfaceQuota(vlan_15, 9223372036854775807) <3.99ms>
03-17 18:52:55.657   580  3946 I netd    : bandwidthRemoveInterfaceQuota(vlan_16) <3.87ms>
03-17 18:52:55.660  1603  1770 I ADAYO_LOG_: e(LogcatFunc.java:10)zipFile:true,txtFilePath: /la_log/vendor/fawvw/log/android/logcat/main.txt
03-17 18:52:55.660  1603  1770 I ADAYO_LOG_: e(LogcatFunc.java:13)deleteFile:main.txt,delete:true
03-17 18:52:55.663   580  3946 I netd    : bandwidthSetInterfaceQuota(vlan_16, 9223372036854775807) <5.71ms>
01-01 08:01:50.809   709   709 E [schedu][0x6887715][10:52:55.659132] qcn7605: [709:E:WMI] is_service_enabled_tlv: Service id 371 but WMI ext2 service bitmap is NULL
03-17 18:52:55.667   642   685 I mcuc    : sd Uart data : 6AA6020416000292024E
03-17 18:52:55.673   642   685 I mcuc    : rev uart=1108,len=24, data : 6AA68104160010920200156464646400000000000000011B
03-17 18:52:55.673   400   892 D adayocomadapter-ParseProtocolFunc: printRaWMsg Name[MCUToUPstream recv] len[16] data[92020015646464640000000000000001]
03-17 18:52:55.673   400   892 D adayocomadapter-CommunicationManager: onUpstreamback   member[0] dataLength[13] timePoint[109621]
03-17 18:52:55.673   400   892 D adayocomadapter-ParseProtocolFunc: printRaWMsg Name[onUpstreamback] len[13] data[15646464640000000000000001]
03-17 18:52:55.674   400   452 D adayocomadapter-UpstreamHandler: processBeforePacket upSreamtProcessTimePoint[109621] 
03-17 18:52:55.674   400   452 D adayocomadapter-UpstreamHandler: processPacket UPSTREAM_QUEUE_DATA_TIMEOUT
03-17 18:52:55.674   400   452 D adayocomadapter-ParseProtocolFunc: parseCommonIPCLBytes Processing tableNumber[21]
03-17 18:52:55.674   400   452 D adayocomadapter-ParseProtocolFunc: parseCommonIPCLBytes Processing tablename[Table-21] tableSize[13]
03-17 18:52:55.674   400   452 D adayocomadapter-ParseProtocolFunc: printRaWMsg Name[byteStream recv] len[13] data[15646464640000000000000001]
03-17 18:52:55.674   400   452 D adayocomadapter-ParseProtocolFunc: printRaWMsg Name[IPCLtoVHAL] len[7] data[2140208B000164]
03-17 18:52:55.674   400   452 D adayocomadapter-ParseProtocolFunc: printRaWMsg Name[IPCLtoVHAL] len[7] data[21402193000100]
03-17 18:52:55.674   400   452 D adayocomadapter-ParseProtocolFunc: printRaWMsg Name[IPCLtoVHAL] len[7] data[2140208C000164]
03-17 18:52:55.674   400   452 D adayocomadapter-ParseProtocolFunc: printRaWMsg Name[IPCLtoVHAL] len[7] data[21402194000100]
03-17 18:52:55.674   400   452 D adayocomadapter-ParseProtocolFunc: printRaWMsg Name[IPCLtoVHAL] len[7] data[2140208D000164]
03-17 18:52:55.674   400   452 D adayocomadapter-ParseProtocolFunc: printRaWMsg Name[IPCLtoVHAL] len[7] data[21402195000100]
03-17 18:52:55.674   400   452 D adayocomadapter-ParseProtocolFunc: printRaWMsg Name[IPCLtoVHAL] len[7] data[21402192000100]
03-17 18:52:55.674   400   452 D adayocomadapter-ParseProtocolFunc: printRaWMsg Name[IPCLtoVHAL] len[7] data[2140208A000164]
03-17 18:52:55.674   400   452 D adayocomadapter-ParseProtocolFunc: printRaWMsg Name[IPCLtoVHAL] len[7] data[21402196000100]
03-17 18:52:55.674   400   452 D adayocomadapter-ParseProtocolFunc: printRaWMsg Name[IPCLtoVHAL] len[7] data[21402197000100]
03-17 18:52:55.674   400   452 D adayocomadapter-ParseProtocolFunc: printRaWMsg Name[IPCLtoVHAL] len[7] data[21402199000100]
03-17 18:52:55.674   400   452 D adayocomadapter-CommunicationManager: onUpstreamReceive isLoss 1 mPropertyId 0x2140208b
03-17 18:52:55.674   400   452 D adayocomadapter-CommunicationManager: convertBytesToInt32Memcpy  100
03-17 18:52:55.674   400   452 D vw-vhal : notifyVehicleProperty, propId = 0x2140208b, data = {status: 3, int32Values: [100]}
03-17 18:52:55.674   400   452 I DefaultVehicleHal_v2_0: DefaultVehicleHal::onPropertyValue, value:{.timestamp = 109621951011, .areaId = 0, .prop = 557850763, .status = UNAVAILABLE, .value = {.int32Values = [1]{100}, .floatValues = [0]{}, .int64Values = [0]{}, .bytes = [0]{}, .stringValue = ""}}
03-17 18:52:55.674   400   452 D adayocomadapter-CommunicationManager: onUpstreamReceive mPropertyId 0x2140208b
03-17 18:52:55.674   400   452 D adayocomadapter-CommunicationManager: onUpstreamReceive isLoss 1 mPropertyId 0x21402193
03-17 18:52:55.674   400   452 D adayocomadapter-CommunicationManager: convertBytesToInt32Memcpy  0
03-17 18:52:55.674   400   452 D vw-vhal : notifyVehicleProperty, propId = 0x21402193, data = {status: 3, int32Values: [0]}
03-17 18:52:55.674   400   452 I DefaultVehicleHal_v2_0: DefaultVehicleHal::onPropertyValue, value:{.timestamp = 109622110678, .areaId = 0, .prop = 557851027, .status = UNAVAILABLE, .value = {.int32Values = [1]{0}, .floatValues = [0]{}, .int64Values = [0]{}, .bytes = [0]{}, .stringValue = ""}}
03-17 18:52:55.674   400   452 D adayocomadapter-CommunicationManager: onUpstreamReceive mPropertyId 0x21402193
03-17 18:52:55.674   400   452 D adayocomadapter-CommunicationManager: onUpstreamReceive isLoss 1 mPropertyId 0x2140208c
03-17 18:52:55.674   400   452 D adayocomadapter-CommunicationManager: convertBytesToInt32Memcpy  100
03-17 18:52:55.674   400   452 D vw-vhal : notifyVehicleProperty, propId = 0x2140208c, data = {status: 3, int32Values: [100]}
03-17 18:52:55.674   400   452 I DefaultVehicleHal_v2_0: DefaultVehicleHal::onPropertyValue, value:{.timestamp = 109622233678, .areaId = 0, .prop = 557850764, .status = UNAVAILABLE, .value = {.int32Values = [1]{100}, .floatValues = [0]{}, .int64Values = [0]{}, .bytes = [0]{}, .stringValue = ""}}
03-17 18:52:55.674   400   452 D adayocomadapter-CommunicationManager: onUpstreamReceive mPropertyId 0x2140208c
03-17 18:52:55.674   400   452 D adayocomadapter-CommunicationManager: onUpstreamReceive isLoss 1 mPropertyId 0x21402194
03-17 18:52:55.674   400   452 D adayocomadapter-CommunicationManager: convertBytesToInt32Memcpy  0
03-17 18:52:55.674   400   452 D vw-vhal : notifyVehicleProperty, propId = 0x21402194, data = {status: 3, int32Values: [0]}
03-17 18:52:55.674   400   452 I DefaultVehicleHal_v2_0: DefaultVehicleHal::onPropertyValue, value:{.timestamp = 109622350344, .areaId = 0, .prop = 557851028, .status = UNAVAILABLE, .value = {.int32Values = [1]{0}, .floatValues = [0]{}, .int64Values = [0]{}, .bytes = [0]{}, .stringValue = ""}}
03-17 18:52:55.674   400   452 D adayocomadapter-CommunicationManager: onUpstreamReceive mPropertyId 0x21402194
03-17 18:52:55.674   400   452 D adayocomadapter-CommunicationManager: onUpstreamReceive isLoss 1 mPropertyId 0x2140208d
03-17 18:52:55.674   400   452 D adayocomadapter-CommunicationManager: convertBytesToInt32Memcpy  100
03-17 18:52:55.674   400   452 D vw-vhal : notifyVehicleProperty, propId = 0x2140208d, data = {status: 3, int32Values: [100]}
03-17 18:52:55.674   400   452 I DefaultVehicleHal_v2_0: DefaultVehicleHal::onPropertyValue, value:{.timestamp = 109622472344, .areaId = 0, .prop = 557850765, .status = UNAVAILABLE, .value = {.int32Values = [1]{100}, .floatValues = [0]{}, .int64Values = [0]{}, .bytes = [0]{}, .stringValue = ""}}
03-17 18:52:55.674   400   452 D adayocomadapter-CommunicationManager: onUpstreamReceive mPropertyId 0x2140208d
03-17 18:52:55.674   400   452 D adayocomadapter-CommunicationManager: onUpstreamReceive isLoss 1 mPropertyId 0x21402195
03-17 18:52:55.674   400   452 D adayocomadapter-CommunicationManager: convertBytesToInt32Memcpy  0
03-17 18:52:55.675   400   452 D vw-vhal : notifyVehicleProperty, propId = 0x21402195, data = {status: 3, int32Values: [0]}
03-17 18:52:55.675   400   452 I DefaultVehicleHal_v2_0: DefaultVehicleHal::onPropertyValue, value:{.timestamp = 109622584678, .areaId = 0, .prop = 557851029, .status = UNAVAILABLE, .value = {.int32Values = [1]{0}, .floatValues = [0]{}, .int64Values = [0]{}, .bytes = [0]{}, .stringValue = ""}}
03-17 18:52:55.675   400   452 D adayocomadapter-CommunicationManager: onUpstreamReceive mPropertyId 0x21402195
03-17 18:52:55.675   400   452 D adayocomadapter-CommunicationManager: onUpstreamReceive isLoss 1 mPropertyId 0x21402192
03-17 18:52:55.675   400   452 D adayocomadapter-CommunicationManager: convertBytesToInt32Memcpy  0
03-17 18:52:55.675   400   452 D vw-vhal : notifyVehicleProperty, propId = 0x21402192, data = {status: 3, int32Values: [0]}
03-17 18:52:55.675   400   452 I DefaultVehicleHal_v2_0: DefaultVehicleHal::onPropertyValue, value:{.timestamp = 109622700344, .areaId = 0, .prop = 557851026, .status = UNAVAILABLE, .value = {.int32Values = [1]{0}, .floatValues = [0]{}, .int64Values = [0]{}, .bytes = [0]{}, .stringValue = ""}}
03-17 18:52:55.675   400   452 D adayocomadapter-CommunicationManager: onUpstreamReceive mPropertyId 0x21402192
03-17 18:52:55.675   400   452 D adayocomadapter-CommunicationManager: onUpstreamReceive isLoss 1 mPropertyId 0x2140208a
03-17 18:52:55.675   400   452 D adayocomadapter-CommunicationManager: convertBytesToInt32Memcpy  100
03-17 18:52:55.675   400   452 D vw-vhal : notifyVehicleProperty, propId = 0x2140208a, data = {status: 3, int32Values: [100]}
03-17 18:52:55.675   400   452 I DefaultVehicleHal_v2_0: DefaultVehicleHal::onPropertyValue, value:{.timestamp = 109622819344, .areaId = 0, .prop = 557850762, .status = UNAVAILABLE, .value = {.int32Values = [1]{100}, .floatValues = [0]{}, .int64Values = [0]{}, .bytes = [0]{}, .stringValue = ""}}
03-17 18:52:55.675   400   452 D adayocomadapter-CommunicationManager: onUpstreamReceive mPropertyId 0x2140208a
03-17 18:52:55.675   400   452 D adayocomadapter-CommunicationManager: onUpstreamReceive isLoss 1 mPropertyId 0x21402196
03-17 18:52:55.675   400   452 D adayocomadapter-CommunicationManager: convertBytesToInt32Memcpy  0
03-17 18:52:55.675   400   452 D vw-vhal : notifyVehicleProperty, propId = 0x21402196, data = {status: 3, int32Values: [0]}
03-17 18:52:55.675   400   452 I DefaultVehicleHal_v2_0: DefaultVehicleHal::onPropertyValue, value:{.timestamp = 109622933011, .areaId = 0, .prop = 557851030, .status = UNAVAILABLE, .value = {.int32Values = [1]{0}, .floatValues = [0]{}, .int64Values = [0]{}, .bytes = [0]{}, .stringValue = ""}}
03-17 18:52:55.675   400   452 D adayocomadapter-CommunicationManager: onUpstreamReceive mPropertyId 0x21402196
03-17 18:52:55.675   400   452 D adayocomadapter-CommunicationManager: onUpstreamReceive isLoss 1 mPropertyId 0x21402197
03-17 18:52:55.675   400   452 D adayocomadapter-CommunicationManager: convertBytesToInt32Memcpy  0
03-17 18:52:55.675   400   452 D vw-vhal : notifyVehicleProperty, propId = 0x21402197, data = {status: 3, int32Values: [0]}
03-17 18:52:55.675   400   452 I DefaultVehicleHal_v2_0: DefaultVehicleHal::onPropertyValue, value:{.timestamp = 109623043678, .areaId = 0, .prop = 557851031, .status = UNAVAILABLE, .value = {.int32Values = [1]{0}, .floatValues = [0]{}, .int64Values = [0]{}, .bytes = [0]{}, .stringValue = ""}}
03-17 18:52:55.675   400   452 D adayocomadapter-CommunicationManager: onUpstreamReceive mPropertyId 0x21402197
03-17 18:52:55.675   400   452 D adayocomadapter-CommunicationManager: onUpstreamReceive isLoss 1 mPropertyId 0x21402199
03-17 18:52:55.675   400   452 D adayocomadapter-CommunicationManager: convertBytesToInt32Memcpy  0
03-17 18:52:55.675   400   452 D vw-vhal : notifyVehicleProperty, propId = 0x21402199, data = {status: 3, int32Values: [0]}
03-17 18:52:55.675   400   452 I DefaultVehicleHal_v2_0: DefaultVehicleHal::onPropertyValue, value:{.timestamp = 109623150678, .areaId = 0, .prop = 557851033, .status = UNAVAILABLE, .value = {.int32Values = [1]{0}, .floatValues = [0]{}, .int64Values = [0]{}, .bytes = [0]{}, .stringValue = ""}}
03-17 18:52:55.675   400   452 D adayocomadapter-CommunicationManager: onUpstreamReceive mPropertyId 0x21402199
03-17 18:52:55.680  1603  1770 I ADAYO_LOG_: b(LogcatFunc.java:8)path:/la_log/vendor/fawvw/log/android/logcat/main.txt
03-17 18:52:55.682  1566  2651 D TboxNetworkManager: tboxNetworkbinder=null
03-17 18:52:55.684  8377  8543 D WifiTracker: ------ Dumping AccessPoints that were not seen on this scan ------
03-17 18:52:55.685  8377  8543 D WifiTracker: ---- Done dumping AccessPoints that were not seen on this scan ----
03-17 18:52:55.685  8377  8377 W .hmi.bev.carapp: Long monitor contention with owner WifiTracker{ae50778} (8543) at void com.android.settingslib.wifi.WifiTracker.updateAccessPoints(java.util.List, java.util.List)(WifiTracker.java:672) waiters=0 in java.util.List com.android.settingslib.wifi.WifiTracker.getAccessPoints() for 172ms
03-17 18:52:55.685  8377  8377 I dvm_lock_sample: [com.fawvw.hmi.bev.carapp,1,main,172,WifiTracker.java,433,java.util.List com.android.settingslib.wifi.WifiTracker.getAccessPoints(),-,672,void com.android.settingslib.wifi.WifiTracker.updateAccessPoints(java.util.List, java.util.List),34]
03-17 18:52:55.685  8377  8377 I CarWifiManager: AccessPoint Cudy-6C60, isReachable: true
03-17 18:52:55.685  8377  8377 I CarWifiManager: AccessPoint Cudy-6C60-5G, isReachable: true
03-17 18:52:55.685  8377  8377 I CarWifiManager: AccessPoint ChinaNet-D9B9E4-5G, isReachable: true
03-17 18:52:55.685  8377  8377 I CarWifiManager: AccessPoint DEEPAL, isReachable: true
