03-17 18:52:57.412  8377  8491 W SettingsLib.AccessPoint: NetworkInfo is null, cannot return detailed state
03-17 18:52:57.413  1513  1513 D TrafficStats: tagSocket(152) with statsTag=0xffffffff, statsUid=-1
03-17 18:52:57.413  8377  8491 W SettingsLib.AccessPoint: NetworkInfo is null, cannot return detailed state
03-17 18:52:57.413  8377  8491 I AccessPoint: AccessPoint: ProductPro, detailed state: null, isReachable: true
03-17 18:52:57.413  8377  8491 W SettingsLib.AccessPoint: NetworkInfo is null, cannot return detailed state
03-17 18:52:57.413  8377  8491 W SettingsLib.AccessPoint: NetworkInfo is null, cannot return detailed state
03-17 18:52:57.413  8377  8491 I AccessPoint: AccessPoint: TP-LINK_3AFA, detailed state: null, isReachable: true
03-17 18:52:57.413  8377  8491 W SettingsLib.AccessPoint: NetworkInfo is null, cannot return detailed state
03-17 18:52:57.413  8377  8491 W SettingsLib.AccessPoint: NetworkInfo is null, cannot return detailed state
03-17 18:52:57.413  8377  8491 I AccessPoint: AccessPoint: TP-LINK_E6B8, detailed state: null, isReachable: true
03-17 18:52:57.413  8377  8491 W SettingsLib.AccessPoint: NetworkInfo is null, cannot return detailed state
03-17 18:52:57.413  8377  8491 W SettingsLib.AccessPoint: NetworkInfo is null, cannot return detailed state
03-17 18:52:57.413  8377  8491 I AccessPoint: AccessPoint: Xiaomi 14, detailed state: null, isReachable: true
03-17 18:52:57.413  8377  8491 W SettingsLib.AccessPoint: NetworkInfo is null, cannot return detailed state
03-17 18:52:57.413  8377  8491 W SettingsLib.AccessPoint: NetworkInfo is null, cannot return detailed state
03-17 18:52:57.413  8377  8491 I AccessPoint: AccessPoint: ZTE_3DA119, detailed state: null, isReachable: true
03-17 18:52:57.413  8377  8491 W SettingsLib.AccessPoint: NetworkInfo is null, cannot return detailed state
03-17 18:52:57.413  8377  8491 W SettingsLib.AccessPoint: NetworkInfo is null, cannot return detailed state
03-17 18:52:57.413  8377  8491 I AccessPoint: AccessPoint: ABCDEFG, detailed state: null, isReachable: true
03-17 18:52:57.413  8377  8491 W SettingsLib.AccessPoint: NetworkInfo is null, cannot return detailed state
03-17 18:52:57.413  8377  8491 W SettingsLib.AccessPoint: NetworkInfo is null, cannot return detailed state
03-17 18:52:57.413  8377  8491 I AccessPoint: AccessPoint: ADAYOGE-HK, detailed state: null, isReachable: true
03-17 18:52:57.413  8377  8491 W SettingsLib.AccessPoint: NetworkInfo is null, cannot return detailed state
03-17 18:52:57.413  8377  8491 W SettingsLib.AccessPoint: NetworkInfo is null, cannot return detailed state
03-17 18:52:57.413  8377  8491 I AccessPoint: AccessPoint: AndroidAP_2884, detailed state: null, isReachable: true
03-17 18:52:57.413  8377  8491 W SettingsLib.AccessPoint: NetworkInfo is null, cannot return detailed state
03-17 18:52:57.413  8377  8491 W SettingsLib.AccessPoint: NetworkInfo is null, cannot return detailed state
03-17 18:52:57.414  8377  8491 I AccessPoint: AccessPoint: DIRECT-ea84-1590, detailed state: null, isReachable: true
03-17 18:52:57.414  8377  8491 W SettingsLib.AccessPoint: NetworkInfo is null, cannot return detailed state
03-17 18:52:57.414  8377  8491 W SettingsLib.AccessPoint: NetworkInfo is null, cannot return detailed state
03-17 18:52:57.414  8377  8491 I AccessPoint: AccessPoint: HUAWEI_B316_9AF2_5G, detailed state: null, isReachable: true
03-17 18:52:57.414  8377  8491 W SettingsLib.AccessPoint: NetworkInfo is null, cannot return detailed state
03-17 18:52:57.414  8377  8491 W SettingsLib.AccessPoint: NetworkInfo is null, cannot return detailed state
03-17 18:52:57.414  2383  2600 D AdayoDoipServer294_Doip: [ne_doip_event_loop_dispatch][line:141] : count = 0
03-17 18:52:57.414  8377  8491 I AccessPoint: AccessPoint: nidewifi-5G, detailed state: null, isReachable: true
03-17 18:52:57.414  8377  8491 W SettingsLib.AccessPoint: NetworkInfo is null, cannot return detailed state
03-17 18:52:57.414  8377  8491 W SettingsLib.AccessPoint: NetworkInfo is null, cannot return detailed state
03-17 18:52:57.414  8377  8491 I AccessPoint: AccessPoint: Tony’s 20phone, detailed state: null, isReachable: true
03-17 18:52:57.414  8377  8491 W SettingsLib.AccessPoint: NetworkInfo is null, cannot return detailed state
03-17 18:52:57.414  8377  8491 W SettingsLib.AccessPoint: NetworkInfo is null, cannot return detailed state
03-17 18:52:57.414  8377  8491 I AccessPoint: AccessPoint: TP_KK, detailed state: null, isReachable: true
03-17 18:52:57.414  8377  8491 W SettingsLib.AccessPoint: NetworkInfo is null, cannot return detailed state
03-17 18:52:57.414  8377  8491 I CnsCarApp-WlanRepositoryImpl: No connected access point!!
03-17 18:52:57.414  8377  8491 I CnsCarApp-WlanViewModel: onAccessPointsChanged, connected WIFI: null
03-17 18:52:57.414   903  1806 I WifiService: getWifiEnabledState uid=1000 state=3
03-17 18:52:57.414  8377  8491 I CarWifiManager: AccessPoint Cudy-6C60, isReachable: true
03-17 18:52:57.414  8377  8491 I CarWifiManager: AccessPoint Cudy-6C60-5G, isReachable: true
03-17 18:52:57.414  8377  8491 I CarWifiManager: AccessPoint ChinaNet-D9B9E4-5G, isReachable: true
03-17 18:52:57.415  8377  8491 I CarWifiManager: AccessPoint DEEPAL, isReachable: true
03-17 18:52:57.415  8377  8491 I CarWifiManager: AccessPoint HONOR 100, isReachable: true
03-17 18:52:57.415  8377  8491 I CarWifiManager: AccessPoint TP-LINK_CAR, isReachable: true
03-17 18:52:57.415  8377  8491 I CarWifiManager: AccessPoint AndroidAP_4071, isReachable: true
03-17 18:52:57.415  8377  8491 I CarWifiManager: AccessPoint AndroidAP_5418, isReachable: true
03-17 18:52:57.415  8377  8491 I CarWifiManager: AccessPoint AndroidAP_6881, isReachable: true
03-17 18:52:57.415  8377  8491 I CarWifiManager: AccessPoint AndroidAP_7437, isReachable: true
03-17 18:52:57.415  8377  8491 I CarWifiManager: AccessPoint AndroidAuto_5G, isReachable: true
03-17 18:52:57.415  8377  8491 I CarWifiManager: AccessPoint TP-LINK_45A7, isReachable: true
03-17 18:52:57.415  8377  8491 I CarWifiManager: AccessPoint TP-LINK_APP, isReachable: true
03-17 18:52:57.415  8377  8491 I CarWifiManager: AccessPoint TP-LINK_DE9B, isReachable: true
03-17 18:52:57.415  8377  8491 I CarWifiManager: AccessPoint Adayo-CW, isReachable: true
03-17 18:52:57.415  8377  8491 I CarWifiManager: AccessPoint ADAYOGE FangKe, isReachable: true
03-17 18:52:57.415  8377  8491 I CarWifiManager: AccessPoint ADAYOGE WiFi, isReachable: true
03-17 18:52:57.415  8377  8491 I CarWifiManager: AccessPoint AKALMING, isReachable: true
03-17 18:52:57.415  8377  8491 I CarWifiManager: AccessPoint AndroidAP_3590, isReachable: true
03-17 18:52:57.415  8377  8491 I CarWifiManager: AccessPoint AndroidAP_5614, isReachable: true
03-17 18:52:57.415  8377  8543 I WifiTracker: Fetched scan results: [SSID: "Xiaomi 14", BSSID: 56:7e:4b:55:b8:0a, capabilities: [WPA2-PSK-CCMP][RSN-PSK-CCMP][ESS], level: -78, frequency: 5765, timestamp: 103289333, distance: ?(cm), distanceSd: ?(cm), passpoint: no, ChannelBandwidth: 2, centerFreq0: 5775, centerFreq1: 0, standard: 11ac, 80211mcResponder: is not supported, Radio Chain Infos: [RadioChainInfo: id=0, level=-79, RadioChainInfo: id=1, level=-86], interface name: wlan0, SSID: "Adayo-CW", BSSID: 80:ae:54:0e:1b:c3, capabilities: [WPA2-PSK-CCMP][RSN-PSK-CCMP][WPA-PSK-CCMP][ESS], level: -87, frequency: 5240, timestamp: 104182390, distance: ?(cm), distanceSd: ?(cm), passpoint: no, ChannelBandwidth: 3, centerFreq0: 5210, centerFreq1: 5250, standard: 11ax, 80211mcResponder: is not supported, Radio Chain Infos: [RadioChainInfo: id=0, level=-89, RadioChainInfo: id=1, level=-92], interface name: wlan0, SSID: , BSSID: aa:02:db:f9:b9:e5, capabilities: [WPA-PSK-CCMP][WPA2-PSK-CCMP][RSN-PSK-CCMP][ESS], level: -58, frequency: 5260, timestamp: 104446769, distance: ?(cm), distanceSd: ?(cm), passpoint: no, ChannelBandwidth: 2, centerFreq0: 5290, centerFreq1: 0, standard: 11ax, 80211mcResponder: is not supported, Radio Chain Infos: [RadioChainInfo: id=0, level=-59, RadioChainInfo: id=1, level=-66], interface name: wlan0, SSID: "nidewifi-5G", BSSID: 18:47:4d:b4:cd:8f, capabilities: [WPA2-PSK-CCMP][RSN-PSK-CCMP][ESS], level: -91, frequency: 5805, timestamp: 103485484, distance: ?(cm), distanceSd: ?(cm), passpoint: no, ChannelBandwidth: 2, centerFreq0: 5775, centerFreq1: 0, standard: 11ac, 80211mcResponder: is not supported, Radio Chain Infos: [RadioChainInfo: id=0, level=-92, RadioChainInfo: id=1, level=-98], interface name: wlan0, SSID: "Tony’s 20phone", BSSID: fe:95:22:c2:25:70, capabilities: [WPA2-PSK-CCMP][RSN-PSK+SAE-CCMP][ESS][MFPC], level: -93, frequency: 5745, timestamp: 104652566, distance: ?(cm), distanceSd: ?(cm), passpoint: no, ChannelBandwidth: 2, centerFreq0: 5775, centerFreq1: 0, standard: 11ax, 80211mcResponder: is not supported, Radio Chain Infos: [RadioChainInfo: id=0, level=-94, RadioChainInfo: id=1, level=-98], interface name: wlan0, SSID: "TP_KK", BSSID: 94:d9:b3:f9:32:b9, capabilities: [WPA-PSK-CCMP][WPA2-PSK-CCMP][RSN-PSK-CCMP][ESS], level: -90, frequency: 5745, timestamp: 104841662, distance: ?(cm), distanceSd: ?(cm), passpoint: no, ChannelBandwidth: 2, centerFreq0: 5775, centerFreq1: 0, standard: 11ac, 80211mcResponder: is not supported, Radio Chain Infos: [RadioChainInfo: id=0, level=-91, RadioChainInfo: id=1, level=-98], interface name: wlan0, SSID: "TP-LINK_E6B8", BSSID: 74:05:a5:c3:e6:ba, capabilities: [WPA-PSK-CCMP][WPA2-PSK-CCMP][RSN-PSK-CCMP][ESS], level: -86, frequency: 5745, timestamp: 103249304, distance: ?(cm), distanceSd: ?(cm), passpoint: no, ChannelBandwidth: 2, centerFreq0: 5775, centerFreq1: 0, standard: 11ac, 80211mcResponder: is not supported, Radio Chain Infos: [RadioChainInfo: id=0, level=-87, RadioChainInfo: id=1, level=-91], interface name: wlan0, SSID: "AndroidAuto_5G", BSSID: b0:6e:bf:3c:71:dc, capabilities: [WPA2-PSK-CCMP][RSN-PSK-CCMP][ESS], level: -75, frequency: 5745, timestamp: 104826727, distance: ?(cm), distanceSd: ?(cm), passpoint: no, ChannelBandwidth: 2, centerFreq0: 5775, centerFreq1: 0, standard: 11ac, 80211mcResponder: is not supported, Radio Chain Infos: [RadioChainInfo: id=0, level=-78, RadioChainInfo: id=1, level=-77], interface name: wlan0, SSID: "AndroidAP_6881", BSSID: a2:99:17:1e:f6:2d, capabilities: [WPA2-PSK-CCMP][RSN-PSK+SAE-CCMP][ESS][MFPC], level: -76, frequency: 5745, timestamp: 104494571, distance: ?(cm), distanceSd: ?(cm), passpoint: no, ChannelBandwidth: 2, centerFreq0: 5775, centerFreq1: 0, standard: 11ac, 80211mcResponder: is not supported, Radio Chain Infos: [RadioChainInfo: id=0, level=-77, RadioChainInfo: id=1, level=-84], interface name: wlan0, SSID: "Cudy-6C60-5G", BSSID: 82:af:ca:b5:6c:61, capabilities: [WPA2-PSK-CCMP][RSN-PSK-CCMP][ESS], level: -24, frequency: 5180, timestamp: 103747471, distance: ?(cm), distanceSd: ?(cm), passpoint: no, ChannelBand
03-17 18:52:57.415  8377  8491 I CarWifiManager: AccessPoint FL-5G-1497, isReachable: true
03-17 18:52:57.415  8377  8491 I CarWifiManager: AccessPoint FX_2415, isReachable: true
03-17 18:52:57.415  8377  8491 I CarWifiManager: AccessPoint FX_8833, isReachable: true
03-17 18:52:57.415  8377  8491 I CarWifiManager: AccessPoint iPhone 13 Pro, isReachable: true
03-17 18:52:57.415  8377  8491 I CarWifiManager: AccessPoint JETTA WLAN 001, isReachable: true
03-17 18:52:57.415  8377  8491 I CarWifiManager: AccessPoint ProductPro, isReachable: true
03-17 18:52:57.415  8377  8491 I CarWifiManager: AccessPoint TP-LINK_3AFA, isReachable: true
03-17 18:52:57.415  8377  8491 I CarWifiManager: AccessPoint TP-LINK_E6B8, isReachable: true
03-17 18:52:57.415  8377  8491 I CarWifiManager: AccessPoint Xiaomi 14, isReachable: true
03-17 18:52:57.415  8377  8491 I CarWifiManager: AccessPoint ZTE_3DA119, isReachable: true
03-17 18:52:57.415  8377  8491 I CarWifiManager: AccessPoint ABCDEFG, isReachable: true
03-17 18:52:57.415  8377  8491 I CarWifiManager: AccessPoint ADAYOGE-HK, isReachable: true
03-17 18:52:57.415  8377  8491 I CarWifiManager: AccessPoint AndroidAP_2884, isReachable: true
03-17 18:52:57.415  8377  8491 I CarWifiManager: AccessPoint DIRECT-ea84-1590, isReachable: true
03-17 18:52:57.415  8377  8491 I CarWifiManager: AccessPoint HUAWEI_B316_9AF2_5G, isReachable: true
03-17 18:52:57.415  8377  8491 I CarWifiManager: AccessPoint nidewifi-5G, isReachable: true
03-17 18:52:57.415  8377  8491 I CarWifiManager: AccessPoint Tony’s 20phone, isReachable: true
03-17 18:52:57.415  8377  8491 I CarWifiManager: AccessPoint TP_KK, isReachable: true
03-17 18:52:57.416  8377  8491 W SettingsLib.AccessPoint: NetworkInfo is null, cannot return detailed state
03-17 18:52:57.416   642   800 I mcuc    : sd Uart data : 6AA60000740002060183
03-17 18:52:57.416  8377  8491 W SettingsLib.AccessPoint: NetworkInfo is null, cannot return detailed state
03-17 18:52:57.417   903  1806 I WifiService: getConfiguredNetworks uid=1000
03-17 18:52:57.417  8377  8491 W SettingsLib.AccessPoint: NetworkInfo is null, cannot return detailed state
03-17 18:52:57.417  8377  8491 W SettingsLib.AccessPoint: NetworkInfo is null, cannot return detailed state
03-17 18:52:57.417  1513  9153 D NetworkMonitor/108/wlan0: PROBE_DNS connectivitycheck.gstatic.com 21ms OK 142.251.41.3
03-17 18:52:57.418  8377  8491 W SettingsLib.AccessPoint: NetworkInfo is null, cannot return detailed state
03-17 18:52:57.418  8377  8491 W SettingsLib.AccessPoint: NetworkInfo is null, cannot return detailed state
03-17 18:52:57.418  8377  8491 W SettingsLib.AccessPoint: NetworkInfo is null, cannot return detailed state
03-17 18:52:57.418  8377  8491 W SettingsLib.AccessPoint: NetworkInfo is null, cannot return detailed state
03-17 18:52:57.419  8377  8491 W SettingsLib.AccessPoint: NetworkInfo is null, cannot return detailed state
03-17 18:52:57.419  8377  8491 W SettingsLib.AccessPoint: NetworkInfo is null, cannot return detailed state
03-17 18:52:57.419  8377  8491 W SettingsLib.AccessPoint: NetworkInfo is null, cannot return detailed state
03-17 18:52:57.420  8377  8491 W SettingsLib.AccessPoint: NetworkInfo is null, cannot return detailed state
03-17 18:52:57.420   580  9155 I resolv  : GetAddrInfoHandler::run: {108 983148 108 983148 1073 1}
03-17 18:52:57.420   580  9155 D resolv  : resolv_getaddrinfo: explore_fqdn(): ai_family=0 ai_socktype=1 ai_protocol=6
03-17 18:52:57.420  8377  8491 W SettingsLib.AccessPoint: NetworkInfo is null, cannot return detailed state
03-17 18:52:57.420  8377  8491 W SettingsLib.AccessPoint: NetworkInfo is null, cannot return detailed state
03-17 18:52:57.421  8377  8491 W SettingsLib.AccessPoint: NetworkInfo is null, cannot return detailed state
03-17 18:52:57.421   580  9156 D resolv  : doQuery: (1, 1)
03-17 18:52:57.421   580  9156 I resolv  : res_nmkquery: (QUERY, IN, A)
03-17 18:52:57.421  8377  8491 W SettingsLib.AccessPoint: NetworkInfo is null, cannot return detailed state
03-17 18:52:57.421   580  9156 D resolv  : res_nsend
03-17 18:52:57.421   580  9156 D resolv  : resolv_cache_lookup: lookup
03-17 18:52:57.421   580  9156 I resolv  : resolv_cache_lookup: FOUND IN CACHE entry=0xb400fa8c6d04a9b0
03-17 18:52:57.421   580  9156 I resolv  : doQuery: rcode=0, ancount=1, return value=63
03-17 18:52:57.421  8377  8491 W SettingsLib.AccessPoint: NetworkInfo is null, cannot return detailed state
03-17 18:52:57.422  8377  8491 W SettingsLib.AccessPoint: NetworkInfo is null, cannot return detailed state
03-17 18:52:57.422  8377  8491 W SettingsLib.AccessPoint: NetworkInfo is null, cannot return detailed state
03-17 18:52:57.422  8377  8491 W SettingsLib.AccessPoint: NetworkInfo is null, cannot return detailed state
03-17 18:52:57.422  1513  9153 D TrafficStats: tagSocket(152) with statsTag=0xffffff81, statsUid=-1
03-17 18:52:57.423  8377  8491 W SettingsLib.AccessPoint: NetworkInfo is null, cannot return detailed state
03-17 18:52:57.423  8377  8491 W SettingsLib.AccessPoint: NetworkInfo is null, cannot return detailed state
03-17 18:52:57.424  8377  8491 W SettingsLib.AccessPoint: NetworkInfo is null, cannot return detailed state
03-17 18:52:57.424  8377  8491 W SettingsLib.AccessPoint: NetworkInfo is null, cannot return detailed state
03-17 18:52:57.424  8377  8491 W SettingsLib.AccessPoint: NetworkInfo is null, cannot return detailed state
03-17 18:52:57.424  8377  8491 W SettingsLib.AccessPoint: NetworkInfo is null, cannot return detailed state
03-17 18:52:57.425  6654  6700 D TimerTriggerManager: init instance...
03-17 18:52:57.425  6654  6700 D TimerTriggerManager: Timer thread'TimerTriggerManager' is destroyed: false
03-17 18:52:57.425  6654  6700 D TimerTriggerManager: Timer 'onIndcnVehSpdChanged' is running: true
03-17 18:52:57.425  6654  6700 D TimerTriggerManager: Sending reset signal to timer 'onIndcnVehSpdChanged'
03-17 18:52:57.425  6654  6700 D TimerTriggerManager: Reset signal sent to timer 'onIndcnVehSpdChanged'
03-17 18:52:57.425  6654  6707 D TimerTriggerController: Reset method called for timer: onIndcnVehSpdChanged
03-17 18:52:57.425  6654  6707 D TimerTriggerController: Calling onTimerReset for timer: onIndcnVehSpdChanged
03-17 18:52:57.425  6654  6707 D TimerTriggerManager: Timer reset: onIndcnVehSpdChanged
03-17 18:52:57.425  6654  6707 I TimerTriggerController: Timer [onIndcnVehSpdChanged] reset, remaining: 1000ms, reset count: 633
03-17 18:52:57.425  8377  8491 W SettingsLib.AccessPoint: NetworkInfo is null, cannot return detailed state
03-17 18:52:57.426  8377  8491 W SettingsLib.AccessPoint: NetworkInfo is null, cannot return detailed state
03-17 18:52:57.426  8377  8491 W SettingsLib.AccessPoint: NetworkInfo is null, cannot return detailed state
03-17 18:52:57.427  8377  8491 W SettingsLib.AccessPoint: NetworkInfo is null, cannot return detailed state
03-17 18:52:57.427  8377  8491 W SettingsLib.AccessPoint: NetworkInfo is null, cannot return detailed state
03-17 18:52:57.427  8377  8491 W SettingsLib.AccessPoint: NetworkInfo is null, cannot return detailed state
03-17 18:52:57.427  8377  8491 W SettingsLib.AccessPoint: NetworkInfo is null, cannot return detailed state
03-17 18:52:57.428  8377  8491 W SettingsLib.AccessPoint: NetworkInfo is null, cannot return detailed state
03-17 18:52:57.428  8377  8491 W SettingsLib.AccessPoint: NetworkInfo is null, cannot return detailed state
03-17 18:52:57.428  8377  8491 W SettingsLib.AccessPoint: NetworkInfo is null, cannot return detailed state
03-17 18:52:57.429  8377  8491 W SettingsLib.AccessPoint: NetworkInfo is null, cannot return detailed state
03-17 18:52:57.429  8377  8491 W SettingsLib.AccessPoint: NetworkInfo is null, cannot return detailed state
03-17 18:52:57.429  8377  8491 I CnsCarApp-WlanRepositoryImpl: Available WIFI: { 
03-17 18:52:57.429  8377  8491 I CnsCarApp-WlanRepositoryImpl:   AccessPoint(Cudy-6C60:80:af:ca:b5:6c:60,saved,connectable,WPA2,level=4,metered=false,rssi=-30,scan cache size=1), AccessPoint(Cudy-6C60-5G:82:af:ca:b5:6c:61,connectable,WPA2,level=4,metered=false,rssi=-24,scan cache size=1), AccessPoint(ChinaNet-D9B9E4-5G:a8:02:db:d9:b9:e5,connectable,WPA_WPA2,level=3,metered=false,rssi=-57,scan cache size=1), AccessPoint(DEEPAL:50:c3:a2:c6:f2:d5,connectable,SAE,level=3,metered=false,rssi=-59,scan cache size=2), AccessPoint(HONOR 100:ee:72:e6:40:b9:a8,connectable,WPA2,level=3,metered=false,rssi=-64,scan cache size=1), AccessPoint(TP-LINK_CAR:80:ea:07:6b:3c:77,connectable,WPA_WPA2,level=3,metered=false,rssi=-65,scan cache size=1), AccessPoint(AndroidAP_4071:f2:6b:52:a1:d8:b1,connectable,SAE,level=2,metered=false,rssi=-77,scan cache size=1), AccessPoint(AndroidAP_5418:06:d3:f7:40:6e:ee,connectable,SAE,level=2,metered=false,rssi=-71,scan cache size=1), AccessPoint(AndroidAP_6881:a2:99:17:1e:f6:2d,connectable,SAE,level=2,metered=false,rssi=-76,scan cache size=1), AccessPoint(AndroidAP_7437:16:1a:5e:b6:ab:a3,connectable,SAE,level=2,metered=false,rssi=-68,scan cache size=1), AccessPoint(AndroidAuto_5G:b0:6e:bf:3c:71:dc,connectable,WPA2,level=2,metered=false,rssi=-74,scan cache size=1), AccessPoint(TP-LINK_45A7:74:39:89:18:45:a9,connectable,WPA_WPA2,level=2,metered=false,rssi=-76,scan cache size=1), AccessPoint(TP-LINK_APP:80:ea:07:6b:3c:79,connectable,WPA_WPA2,level=2,metered=false,rssi=-72,scan cache size=1), AccessPoint(TP-LINK_DE9B:68:dd:b7:a1:de:9d,connectable,WPA_WPA2,level=2,metered=false,rssi=-76,scan cache size=1), AccessPoint(Adayo-CW:80:ae:54:0e:1b:c3,connectable,WPA_WPA2,level=1,metered=false,rssi=-87,scan cache size=1), AccessPoint(ADAYOGE FangKe:74:ea:cb:f6:5b:02,connectable,WPA2,level=1,metered=false,rssi=-81,scan cache size=1), AccessPoint(ADAYOGE WiFi:74:ea:cb:f6:5b:03,connectable,WPA2,level=1,metered=false,rssi=-81,scan cache size=1), AccessPoint(AKALMING:d2:57:7e:eb:f7:2b,connectable,WPA2,level=1,metered=false,rssi=-85,scan cache size=1), AccessPoint(AndroidAP_3590:0a:56:a0:18:6b:32,connectable,SAE,level=1,metered=false,rssi=-86,scan cache size=1), AccessPoint(AndroidAP_5614:2e:df:e8:50:8f:cc,connectable,SAE,level=1,metered=false,rssi=-81,scan cache size=1), AccessPoint(FL-5G-1497:3c:67:c1:00:c9:53,connectable,WPA2,level=1,metered=false,rssi=-80,scan cache size=1), AccessPoint(FX_2415:a4:04:50:87:38:75,connectable,WPA2,level=1,metered=false,rssi=-82,scan cache size=1), AccessPoint(FX_8833:a4:04:50:7c:02:bf,connectable,WPA2,level=1,metered=false,rssi=-82,scan cache size=1), AccessPoint(iPhone 13 Pro:12:3b:11:e8:d7:9e,connectable,SAE,level=1,metered=false,rssi=-82,scan cache size=1), AccessPoint(JETTA WLAN 001:3a:3d:c3:49:dd:1b,connectable,SAE,level=1,metered=false,rssi=-80,scan cache size=3), AccessPoint(ProductPro:28:d1:27:8a:09:a3,connectable,WPA_WPA2,level=1,metered=false,rssi=-83,scan cache size=1), AccessPoint(TP-LINK_3AFA:04:f9:f8:37:3a:fc,connectable,WPA_WPA2,level=1,metered=false,rssi=-86,scan cache size=1), AccessPoint(TP-LINK_E6B8:74:05:a5:c3:e6:ba,connectable,WPA_WPA2,level=1,metered=false,rssi=-85,scan cache size=1), AccessPoint(Xiaomi 14:56:7e:4b:55:b8:0a,connectable,WPA2,level=1,metered=false,rssi=-78,scan cache size=1), AccessPoint(ZTE_3DA119:5c:7d:ae:3d:a1:19,connectable,WPA2,level=1,metered=false,rssi=-79,scan cache size=1), AccessPoint(ABCDEFG:10:3c:59:c2:fc:5c,connectable,WPA2,level=0,metered=false,rssi=-89,scan cache size=1), AccessPoint(ADAYOGE-HK:30:fc:68:dd:04:f9,connectable,WPA_WPA2,level=0,metered=false,rssi=-92,scan cache size=1), AccessPoint(AndroidAP_2884:a4:04:50:d0:4d:5d,connectable,SAE,level=0,metered=false,rssi=-90,scan cache size=1), AccessPoint(DIRECT-ea84-1590:c2:de:ee:46:c1:f4,connectable,WPA2,level=0,metered=false,rssi=-90,scan cache size=1), AccessPoint(HUAWEI_B316_9AF2_5G:34:7e:00:c6:9a:f7,connectable,WPA2,level=0,metered=false,rssi=-89,scan cache size=1), AccessPoint(nidewifi-5G:18:47:4d:b4:cd:8f,connectable,WPA2,level=0,metered=false,rssi=-90,sc
03-17 18:52:57.429  8377  8491 I CnsCarApp-WlanRepositoryImpl: }
03-17 18:52:57.429  8377  8491 I CnsCarApp-AccessPoint_SECURITY: Security: 2
03-17 18:52:57.429  8377  8491 I CnsCarApp-AccessPoint_SECURITY: Security: 2
03-17 18:52:57.429  8377  8491 I CnsCarApp-AccessPoint_SECURITY: Security: 2
03-17 18:52:57.429  8377  8491 I CnsCarApp-AccessPoint_SECURITY: Security: 5
03-17 18:52:57.429  8377  8491 I CnsCarApp-AccessPoint_SECURITY: Security: 2
03-17 18:52:57.430  8377  8491 I CnsCarApp-AccessPoint_SECURITY: Security: 2
03-17 18:52:57.430  8377  8491 I CnsCarApp-AccessPoint_SECURITY: Security: 5
03-17 18:52:57.430  8377  8491 I CnsCarApp-AccessPoint_SECURITY: Security: 5
03-17 18:52:57.430  8377  8491 I CnsCarApp-AccessPoint_SECURITY: Security: 5
03-17 18:52:57.430  8377  8491 I CnsCarApp-AccessPoint_SECURITY: Security: 5
03-17 18:52:57.430  8377  8491 I CnsCarApp-AccessPoint_SECURITY: Security: 2
03-17 18:52:57.430  8377  8491 I CnsCarApp-AccessPoint_SECURITY: Security: 2
03-17 18:52:57.430  8377  8491 I CnsCarApp-AccessPoint_SECURITY: Security: 2
03-17 18:52:57.430  8377  8491 I CnsCarApp-AccessPoint_SECURITY: Security: 2
03-17 18:52:57.430  8377  8491 I CnsCarApp-AccessPoint_SECURITY: Security: 2
03-17 18:52:57.430  8377  8491 I CnsCarApp-AccessPoint_SECURITY: Security: 2
03-17 18:52:57.430  8377  8491 I CnsCarApp-AccessPoint_SECURITY: Security: 2
03-17 18:52:57.430  8377  8491 I CnsCarApp-AccessPoint_SECURITY: Security: 2
03-17 18:52:57.430  8377  8491 I CnsCarApp-AccessPoint_SECURITY: Security: 5
03-17 18:52:57.430  8377  8491 I CnsCarApp-AccessPoint_SECURITY: Security: 5
03-17 18:52:57.430  8377  8491 I CnsCarApp-AccessPoint_SECURITY: Security: 2
03-17 18:52:57.430  8377  8491 I CnsCarApp-AccessPoint_SECURITY: Security: 2
03-17 18:52:57.430  8377  8491 I CnsCarApp-AccessPoint_SECURITY: Security: 2
03-17 18:52:57.430  8377  8491 I CnsCarApp-AccessPoint_SECURITY: Security: 5
03-17 18:52:57.430  8377  8491 I CnsCarApp-AccessPoint_SECURITY: Security: 5
03-17 18:52:57.430  8377  8491 I CnsCarApp-AccessPoint_SECURITY: Security: 2
03-17 18:52:57.430  8377  8491 I CnsCarApp-AccessPoint_SECURITY: Security: 2
03-17 18:52:57.430  8377  8491 I CnsCarApp-AccessPoint_SECURITY: Security: 2
03-17 18:52:57.430  8377  8491 I CnsCarApp-AccessPoint_SECURITY: Security: 2
03-17 18:52:57.430  8377  8491 I CnsCarApp-AccessPoint_SECURITY: Security: 2
03-17 18:52:57.430  8377  8491 I CnsCarApp-AccessPoint_SECURITY: Security: 2
03-17 18:52:57.430  8377  8491 I CnsCarApp-AccessPoint_SECURITY: Security: 2
03-17 18:52:57.430  8377  8491 I CnsCarApp-AccessPoint_SECURITY: Security: 5
03-17 18:52:57.430  8377  8491 I CnsCarApp-AccessPoint_SECURITY: Security: 2
03-17 18:52:57.430  8377  8491 I CnsCarApp-AccessPoint_SECURITY: Security: 2
03-17 18:52:57.430  8377  8491 I CnsCarApp-AccessPoint_SECURITY: Security: 2
03-17 18:52:57.430  8377  8491 I CnsCarApp-AccessPoint_SECURITY: Security: 5
03-17 18:52:57.430  8377  8491 I CnsCarApp-AccessPoint_SECURITY: Security: 2
03-17 18:52:57.431   582  3616 E WifiHAL : Invalid data received from driver
03-17 18:52:57.436   644   644 E fgesysctrl_hidl_hal_test1: fgesysctrl_get_signal status *value=0
03-17 18:52:57.436   649   759 D EvsApp  : CameraFgeSysctrl::fgesysctrl_get_signal_status() end ret = 1
03-17 18:52:57.436  1646  1680 I evsservice20200311: function = notifyAppDeviceValue :ADAYO_AVM_CAMERA_SIGNAL_STATE,1---
03-17 18:52:57.436  1566  3005 D ActionModelImpl: updateCurrentWindowAction
03-17 18:52:57.437  1566  3005 I AccessibilityCache: Set windows
03-17 18:52:57.437  1566  3005 I AccessibilityCache: clearWindowCacheLocked
03-17 18:52:57.438  1646  1985 E EvsServiceManager: EvsServiceManager$1->notifyDeviceValue()42:notifyDeviceValue key：ADAYO_AVM_CAMERA_SIGNAL_STATEvalue1     ---133:Thread-95
03-17 18:52:57.445   903  2917 I WifiService: getMatchingPasspointConfigurations uid=1000
03-17 18:52:57.445   580  3946 I netd    : tetherGetStats() -> {[TetherStatsParcel{iface: vlan_07, rxBytes: 88, rxPackets: 2, txBytes: 180, txPackets: 4, ifIndex: 0}, TetherStatsParcel{iface: wlan0, rxBytes: 0, rxPackets: 0, txBytes: 0, txPackets: 0, ifIndex: 0}]} <3.05ms>
03-17 18:52:57.447   903  1180 I WifiService: getMatchingOsuProviders uid=1000
03-17 18:52:57.448   903  1260 I netstats_mobile_sample: [0,0,0,0,0,0,0,0,1773744777454]
03-17 18:52:57.448   903  1260 I netstats_wifi_sample: [472629,116133,934,1118,545741,103688,1298,1075,1773744777454]
03-17 18:52:57.448   903  1180 I WifiService: getMatchingPasspointConfigsForOsuProviders uid=1000
03-17 18:52:57.451   903  1260 D ConnectivityService: sending notification CALLBACK_AVAILABLE for NetworkRequest [ TRACK_DEFAULT id=6, [ Capabilities: INTERNET&NOT_RESTRICTED&TRUSTED&NOT_VCN_MANAGED Uid: 1000 RequestorUid: 1000 RequestorPkg: android UnderlyingNetworks: Null] ]
03-17 18:52:57.451   903  1260 D ConnectivityService: sending notification CALLBACK_AVAILABLE for NetworkRequest [ TRACK_DEFAULT id=51, [ Capabilities: INTERNET&NOT_RESTRICTED&TRUSTED&NOT_VCN_MANAGED Uid: 10017 RequestorUid: 1000 RequestorPkg: android UnderlyingNetworks: Null] ]
03-17 18:52:57.452   903  1260 D ConnectivityService: sending notification CALLBACK_AVAILABLE for NetworkRequest [ TRACK_DEFAULT id=41, [ Capabilities: INTERNET&NOT_RESTRICTED&TRUSTED&NOT_VCN_MANAGED Uid: 10064 RequestorUid: 10064 RequestorPkg: com.fawvw.vehicle.navi.j01app UnderlyingNetworks: Null] ]
03-17 18:52:57.452   582  3616 E WifiHAL : Invalid data received from driver
03-17 18:52:57.452   582  3616 E WifiHAL : Invalid data received from driver
03-17 18:52:57.452   582  3616 E WifiHAL : Invalid data received from driver
03-17 18:52:57.453   582  3616 E WifiHAL : Invalid data received from driver
03-17 18:52:57.453   582  3616 E WifiHAL : Invalid data received from driver
03-17 18:52:57.453   582  3616 E WifiHAL : Invalid data received from driver
03-17 18:52:57.453   582  3616 E WifiHAL : Invalid data received from driver
03-17 18:52:57.453   903  1190 D JobScheduler.Connectivity: Using BG bypass for 10017
03-17 18:52:57.453   903  1190 I JobScheduler.Connectivity: Connectivity unchanged for JobStatus{cf5941c #u0a17/0 com.android.statementservice/androidx.work.impl.background.systemjob.SystemJobService u=0 s=10017 TIME=-58s834ms:none NET IDLE satisfied:0x8b400000 unsatisfied:0x10000004}: usable=false satisfied=false
03-17 18:52:57.454   903  1260 D ConnectivityService: sending notification CALLBACK_AVAILABLE for NetworkRequest [ TRACK_DEFAULT id=36, [ Capabilities: INTERNET&NOT_RESTRICTED&TRUSTED&NOT_VCN_MANAGED Uid: 10075 RequestorUid: 1000 RequestorPkg: android UnderlyingNetworks: Null] ]
03-17 18:52:57.454   580  3946 I netd    : bandwidthRemoveInterfaceQuota(vlan_00) <4.15ms>
03-17 18:52:57.454   903  1260 D ConnectivityService: sending notification CALLBACK_AVAILABLE for NetworkRequest [ TRACK_DEFAULT id=26, [ Capabilities: INTERNET&NOT_RESTRICTED&TRUSTED&NOT_VCN_MANAGED Uid: 1001 RequestorUid: 1001 RequestorPkg: com.android.phone UnderlyingNetworks: Null] ]
03-17 18:52:57.455   903  1260 D ConnectivityService: sending notification CALLBACK_AVAILABLE for NetworkRequest [ REQUEST id=55, [ Transports: CELLULAR|WIFI Capabilities: NOT_RESTRICTED&TRUSTED&NOT_VPN&NOT_VCN_MANAGED Uid: 1000 RequestorUid: 1000 RequestorPkg: com.fawvw.mw.pkiagent UnderlyingNetworks: Null] ]
03-17 18:52:57.456  4773  4857 I [PKIAgent:PKIClient]: Network is available
03-17 18:52:57.456   903  1260 D ConnectivityService: sending notification CALLBACK_AVAILABLE for NetworkRequest [ TRACK_DEFAULT id=34, [ Capabilities: INTERNET&NOT_RESTRICTED&TRUSTED&NOT_VCN_MANAGED Uid: 10064 RequestorUid: 10064 RequestorPkg: com.fawvw.vehicle.navi.j01app UnderlyingNetworks: Null] ]
03-17 18:52:57.457  4773  4857 I [PKIAgent:PKIClient]: wifi:true cellular:false
03-17 18:52:57.457   642   685 I mcuc    : sd Uart data : 6AA6020426000292023E
03-17 18:52:57.457   903  1260 D ConnectivityService: sending notification CALLBACK_AVAILABLE for NetworkRequest [ TRACK_DEFAULT id=30, [ Capabilities: INTERNET&NOT_RESTRICTED&TRUSTED&NOT_VCN_MANAGED Uid: 10053 RequestorUid: 10053 RequestorPkg: com.mosi.mosc.aicenter UnderlyingNetworks: Null] ]
03-17 18:52:57.458   903  1260 D ConnectivityService: sending notification CALLBACK_AVAILABLE for NetworkRequest [ TRACK_DEFAULT id=47, [ Capabilities: INTERNET&NOT_RESTRICTED&TRUSTED&NOT_VCN_MANAGED Uid: 10076 RequestorUid: 1000 RequestorPkg: android UnderlyingNetworks: Null] ]
03-17 18:52:57.458  3059  3221 I NetworkManager: onAvailable
03-17 18:52:57.459  3059  3221 I AvatarManager: onNetworkChange isNetworkConnect:true
03-17 18:52:57.459   903  1260 D ConnectivityService: sending notification CALLBACK_AVAILABLE for NetworkRequest [ TRACK_DEFAULT id=17, [ Capabilities: INTERNET&NOT_RESTRICTED&TRUSTED&NOT_VCN_MANAGED Uid: 1073 RequestorUid: 1073 RequestorPkg: com.android.networkstack UnderlyingNetworks: Null] ]
03-17 18:52:57.459  3059  3221 I VoiceManager: onNetworkChange isNetworkConnect:true
03-17 18:52:57.459   806   806 I adbd    : AdaTest:transport UsbFfs opening service shell,v2:getprop
03-17 18:52:57.459   806   806 I adbd    : AdaTest:adb.password.Enable is true
03-17 18:52:57.459   806   806 I adbd    : AdaTest:will enter ShellService
03-17 18:52:57.459   806   806 I adbd    : AdaTest:enter ShellService
03-17 18:52:57.459   580  3946 I netd    : bandwidthSetInterfaceQuota(vlan_00, 9223372036854775807) <4.74ms>
03-17 18:52:57.459   806   806 I adbd    : AdaTest:adb.password.Enable is Enable
03-17 18:52:57.459   806   806 I adbd    : AdaTest:return unique_fd{}
03-17 18:52:57.459   806   806 I adbd    : auth_fd.get() == -1
03-17 18:52:57.459   806   806 I adbd    : AdaTest:transport UsbFfs opening service shell,v2:getprop
03-17 18:52:57.459   806   806 I adbd    : AdaTest:adb.password.Enable is true
03-17 18:52:57.459   806   806 I adbd    : AdaTest:will enter ShellService
03-17 18:52:57.459   806   806 I adbd    : AdaTest:enter ShellService
03-17 18:52:57.460   806   806 I adbd    : AdaTest:adb.password.Enable is Enable
03-17 18:52:57.460   806   806 I adbd    : AdaTest:return unique_fd{}
03-17 18:52:57.460   806   806 I adbd    : auth_fd.get() == -1
03-17 18:52:57.460   903  1260 D ConnectivityService: sending notification CALLBACK_AVAILABLE for NetworkRequest [ TRACK_DEFAULT id=13, [ Capabilities: INTERNET&NOT_RESTRICTED&TRUSTED&NOT_VCN_MANAGED Uid: 10029 RequestorUid: 1000 RequestorPkg: android UnderlyingNetworks: Null] ]
03-17 18:52:57.460   903  1260 D ConnectivityService: sending notification CALLBACK_AVAILABLE for NetworkRequest [ TRACK_DEFAULT id=44, [ Capabilities: INTERNET&NOT_RESTRICTED&TRUSTED&NOT_VCN_MANAGED Uid: 10064 RequestorUid: 10064 RequestorPkg: com.fawvw.vehicle.navi.j01app UnderlyingNetworks: Null] ]
03-17 18:52:57.461   806   806 I adbd    : AdaTest:transport UsbFfs opening service shell,v2:getprop
03-17 18:52:57.461   806   806 I adbd    : AdaTest:adb.password.Enable is true
03-17 18:52:57.461   806   806 I adbd    : AdaTest:will enter ShellService
03-17 18:52:57.461   806   806 I adbd    : AdaTest:enter ShellService
03-17 18:52:57.461   806   806 I adbd    : AdaTest:adb.password.Enable is Enable
03-17 18:52:57.461   806   806 I adbd    : AdaTest:return unique_fd{}
03-17 18:52:57.461   806   806 I adbd    : auth_fd.get() == -1
03-17 18:52:57.462   903  1190 D JobScheduler.Connectivity: Using BG bypass for 10029
03-17 18:52:57.462   903  1190 D JobScheduler.Connectivity: UID 10029 current state allows metered network=false procState=IMPF capabilities=------
03-17 18:52:57.462   903  1260 D ConnectivityService: sending notification CALLBACK_AVAILABLE for NetworkRequest [ TRACK_DEFAULT id=32, [ Capabilities: INTERNET&NOT_RESTRICTED&TRUSTED&NOT_VCN_MANAGED Uid: 10064 RequestorUid: 10064 RequestorPkg: com.fawvw.vehicle.navi.j01app UnderlyingNetworks: Null] ]
03-17 18:52:57.462   903  1260 D ConnectivityService: sending notification CALLBACK_AVAILABLE for NetworkRequest [ TRACK_SYSTEM_DEFAULT id=20, [ Capabilities: INTERNET&NOT_RESTRICTED&TRUSTED&NOT_VPN&NOT_VCN_MANAGED RequestorUid: 1073 RequestorPkg: com.android.networkstack.tethering UnderlyingNetworks: Null] ]
03-17 18:52:57.463   642   685 I mcuc    : rev uart=1125,len=19, data : 6AA6810426000B9202000D00000000000001A8
03-17 18:52:57.463   400   892 D adayocomadapter-ParseProtocolFunc: printRaWMsg Name[MCUToUPstream recv] len[11] data[9202000D00000000000001]
03-17 18:52:57.463   400   892 D adayocomadapter-CommunicationManager: onUpstreamback   member[0] dataLength[8] timePoint[111410]
03-17 18:52:57.463   400   892 D adayocomadapter-ParseProtocolFunc: printRaWMsg Name[onUpstreamback] len[8] data[0D00000000000001]
03-17 18:52:57.463   400   452 D adayocomadapter-UpstreamHandler: processBeforePacket upSreamtProcessTimePoint[111411] 
03-17 18:52:57.463   400   452 D adayocomadapter-UpstreamHandler: processPacket UPSTREAM_QUEUE_DATA_TIMEOUT
03-17 18:52:57.463   903  1260 D ConnectivityService: sending notification CALLBACK_AVAILABLE for NetworkRequest [ TRACK_DEFAULT id=15, [ Capabilities: INTERNET&NOT_RESTRICTED&TRUSTED&NOT_VCN_MANAGED Uid: 1000 RequestorUid: 1000 RequestorPkg: android UnderlyingNetworks: Null] ]
03-17 18:52:57.463   400   452 D adayocomadapter-ParseProtocolFunc: parseCommonIPCLBytes Processing tableNumber[13]
03-17 18:52:57.463   400   452 D adayocomadapter-ParseProtocolFunc: parseCommonIPCLBytes Processing tablename[Table-13] tableSize[8]
03-17 18:52:57.463   400   452 D adayocomadapter-ParseProtocolFunc: printRaWMsg Name[byteStream recv] len[8] data[0D00000000000001]
03-17 18:52:57.463   400   452 D adayocomadapter-ParseProtocolFunc: printRaWMsg Name[IPCLtoVHAL] len[7] data[214020BB000100]
03-17 18:52:57.463   400   452 D adayocomadapter-ParseProtocolFunc: printRaWMsg Name[IPCLtoVHAL] len[7] data[214020E3000100]
03-17 18:52:57.463   400   452 D adayocomadapter-ParseProtocolFunc: printRaWMsg Name[IPCLtoVHAL] len[7] data[214020C7000100]
03-17 18:52:57.463   400   452 D adayocomadapter-ParseProtocolFunc: printRaWMsg Name[IPCLtoVHAL] len[7] data[214020DD000100]
03-17 18:52:57.463   400   452 D adayocomadapter-ParseProtocolFunc: printRaWMsg Name[IPCLtoVHAL] len[7] data[214020DF000100]
03-17 18:52:57.463   400   452 D adayocomadapter-ParseProtocolFunc: printRaWMsg Name[IPCLtoVHAL] len[7] data[214020E4000100]
03-17 18:52:57.463   400   452 D adayocomadapter-CommunicationManager: onUpstreamReceive isLoss 1 mPropertyId 0x214020bb
03-17 18:52:57.463   400   452 D adayocomadapter-CommunicationManager: convertBytesToInt32Memcpy  0
03-17 18:52:57.463   400   452 D vw-vhal : notifyVehicleProperty, propId = 0x214020bb, data = {status: 3, int32Values: [0]}
03-17 18:52:57.463   903  1260 D ConnectivityService: sending notification CALLBACK_AVAILABLE for NetworkRequest [ TRACK_DEFAULT id=28, [ Capabilities: INTERNET&NOT_RESTRICTED&TRUSTED&NOT_VCN_MANAGED Uid: 1001 RequestorUid: 1001 RequestorPkg: com.android.phone UnderlyingNetworks: Null] ]
03-17 18:52:57.463   400   452 I DefaultVehicleHal_v2_0: DefaultVehicleHal::onPropertyValue, value:{.timestamp = 111411466011, .areaId = 0, .prop = 557850811, .status = UNAVAILABLE, .value = {.int32Values = [1]{0}, .floatValues = [0]{}, .int64Values = [0]{}, .bytes = [0]{}, .stringValue = ""}}
03-17 18:52:57.463   400   452 D adayocomadapter-CommunicationManager: onUpstreamReceive mPropertyId 0x214020bb
03-17 18:52:57.464   400   452 D adayocomadapter-CommunicationManager: onUpstreamReceive isLoss 1 mPropertyId 0x214020e3
03-17 18:52:57.464   400   452 D adayocomadapter-CommunicationManager: convertBytesToInt32Memcpy  0
03-17 18:52:57.464   400   452 D vw-vhal : notifyVehicleProperty, propId = 0x214020e3, data = {status: 3, int32Values: [0]}
03-17 18:52:57.464   400   452 I DefaultVehicleHal_v2_0: DefaultVehicleHal::onPropertyValue, value:{.timestamp = 111411605678, .areaId = 0, .prop = 557850851, .status = UNAVAILABLE, .value = {.int32Values = [1]{0}, .floatValues = [0]{}, .int64Values = [0]{}, .bytes = [0]{}, .stringValue = ""}}
03-17 18:52:57.464   400   452 D adayocomadapter-CommunicationManager: onUpstreamReceive mPropertyId 0x214020e3
03-17 18:52:57.464   400   452 D adayocomadapter-CommunicationManager: onUpstreamReceive isLoss 1 mPropertyId 0x214020c7
03-17 18:52:57.464   400   452 D adayocomadapter-CommunicationManager: convertBytesToInt32Memcpy  0
03-17 18:52:57.464   400   452 D vw-vhal : notifyVehicleProperty, propId = 0x214020c7, data = {status: 3, int32Values: [0]}
03-17 18:52:57.464  1513  1563 D UpstreamNetworkMonitor: New default Internet network: 108
03-17 18:52:57.464   400   452 I DefaultVehicleHal_v2_0: DefaultVehicleHal::onPropertyValue, value:{.timestamp = 111411724345, .areaId = 0, .prop = 557850823, .status = UNAVAILABLE, .value = {.int32Values = [1]{0}, .floatValues = [0]{}, .int64Values = [0]{}, .bytes = [0]{}, .stringValue = ""}}
03-17 18:52:57.464   400   452 D adayocomadapter-CommunicationManager: onUpstreamReceive mPropertyId 0x214020c7
03-17 18:52:57.464   400   452 D adayocomadapter-CommunicationManager: onUpstreamReceive isLoss 1 mPropertyId 0x214020dd
03-17 18:52:57.464   400   452 D adayocomadapter-CommunicationManager: convertBytesToInt32Memcpy  0
03-17 18:52:57.464   400   452 D vw-vhal : notifyVehicleProperty, propId = 0x214020dd, data = {status: 3, int32Values: [0]}
03-17 18:52:57.464   400   452 I DefaultVehicleHal_v2_0: DefaultVehicleHal::onPropertyValue, value:{.timestamp = 111411832678, .areaId = 0, .prop = 557850845, .status = UNAVAILABLE, .value = {.int32Values = [1]{0}, .floatValues = [0]{}, .int64Values = [0]{}, .bytes = [0]{}, .stringValue = ""}}
03-17 18:52:57.464   400   452 D adayocomadapter-CommunicationManager: onUpstreamReceive mPropertyId 0x214020dd
03-17 18:52:57.464   903  1260 D NetworkRanker: mightBeat: isEth && mCoExist return true
03-17 18:52:57.464   400   452 D adayocomadapter-CommunicationManager: onUpstreamReceive isLoss 1 mPropertyId 0x214020df
03-17 18:52:57.464   400   452 D adayocomadapter-CommunicationManager: convertBytesToInt32Memcpy  0
03-17 18:52:57.464   903  1260 D NetworkRanker: mightBeat: isEth && mCoExist return true
03-17 18:52:57.464   400   452 D vw-vhal : notifyVehicleProperty, propId = 0x214020df, data = {status: 3, int32Values: [0]}
03-17 18:52:57.464   400   452 I DefaultVehicleHal_v2_0: DefaultVehicleHal::onPropertyValue, value:{.timestamp = 111411951678, .areaId = 0, .prop = 557850847, .status = UNAVAILABLE, .value = {.int32Values = [1]{0}, .floatValues = [0]{}, .int64Values = [0]{}, .bytes = [0]{}, .stringValue = ""}}
03-17 18:52:57.464   903  1260 D NetworkRanker: mightBeat: isEth && mCoExist return true
03-17 18:52:57.464   400   452 D adayocomadapter-CommunicationManager: onUpstreamReceive mPropertyId 0x214020df
03-17 18:52:57.464   903  1260 D NetworkRanker: mightBeat: isEth && mCoExist return true
03-17 18:52:57.464   400   452 D adayocomadapter-CommunicationManager: onUpstreamReceive isLoss 1 mPropertyId 0x214020e4
03-17 18:52:57.464   400   452 D adayocomadapter-CommunicationManager: convertBytesToInt32Memcpy  0
03-17 18:52:57.464   400   452 D vw-vhal : notifyVehicleProperty, propId = 0x214020e4, data = {status: 3, int32Values: [0]}
03-17 18:52:57.464   903  1260 D NetworkRanker: mightBeat: isEth && mCoExist return true
03-17 18:52:57.464   400   452 I DefaultVehicleHal_v2_0: DefaultVehicleHal::onPropertyValue, value:{.timestamp = 111412123345, .areaId = 0, .prop = 557850852, .status = UNAVAILABLE, .value = {.int32Values = [1]{0}, .floatValues = [0]{}, .int64Values = [0]{}, .bytes = [0]{}, .stringValue = ""}}
03-17 18:52:57.464   400   452 D adayocomadapter-CommunicationManager: onUpstreamReceive mPropertyId 0x214020e4
03-17 18:52:57.465  3059  3259 I UrlInterceptor: replaceUrl originUrl:https://api-c-uat.mosc.faw-vw.com/j01/hu/vpa/ai/support/switch/v1/bigmodel/get-status  originBaseUrl:https://api-c-uat.mosc.faw-vw.com/j01/hu/vpa/  HybridSds-V1
03-17 18:52:57.465  3059  3259 I AccountManager: getBaseURL url:null
03-17 18:52:57.465  3059  3259 I AccountManager: getBaseURL is empty , HybridSds-V1  use default url:null
03-17 18:52:57.465  3059  3259 I AccountManager: getBaseURL url:https://api-c-uat.mosc.faw-vw.com/j01/hu/voice/
03-17 18:52:57.465  3059  3259 I UrlInterceptor: replaceUrl baseUrl:https://api-c-uat.mosc.faw-vw.com/j01/hu/voice/
03-17 18:52:57.465  3059  3259 I UrlInterceptor: replaceUrl newUrl:https://api-c-uat.mosc.faw-vw.com/j01/hu/voice/ai/support/switch/v1/bigmodel/get-status
03-17 18:52:57.465  1513  1563 I Tethering: Looking for default routes on: {InterfaceName: wlan0 LinkAddresses: [ 192.168.10.241/24 ] DnsAddresses: [ /192.168.10.1 ] Domains: lan MTU: 0 ServerAddress: /192.168.10.1 TcpBufferSizes: 524288,1048576,2097152,262144,524288,1048576 Routes: [ fe80::/64 -> :: wlan0 mtu 0,192.168.10.0/24 -> 0.0.0.0 wlan0 mtu 0,0.0.0.0/0 -> 192.168.10.1 wlan0 mtu 0 ]}
03-17 18:52:57.465   903  1260 D NetworkRanker: mightBeat: isEth && mCoExist return true
03-17 18:52:57.465  1513  1563 I Tethering: Found upstream interface(s): [wlan0]
03-17 18:52:57.465   580  3946 D TetherController: setDnsForwarders(0xf006c 0 = '192.168.10.1')
03-17 18:52:57.466   580  3946 I netd    : tetherDnsSet(108, [192.168.10.1]) <0.16ms>
03-17 18:52:57.466   903  1260 D ConnectivityService: sending notification CALLBACK_AVAILABLE for NetworkRequest [ LISTEN id=23, [ Transports: WIFI Capabilities: NOT_RESTRICTED&TRUSTED&NOT_VPN&NOT_VCN_MANAGED Uid: 10035 RequestorUid: 10035 RequestorPkg: com.android.systemui UnderlyingNetworks: Null] ]
03-17 18:52:57.467   903  1292 D NetworkTimeUpdateService: New default network 108; checking time.
03-17 18:52:57.467  3945  3945 I dnsmasq : using nameserver 192.168.10.1#53
03-17 18:52:57.467   903  1260 D ConnectivityService: sending notification CALLBACK_AVAILABLE for NetworkRequest [ LISTEN id=40, [ RequestorUid: 1073 RequestorPkg: com.android.networkstack.tethering UnderlyingNetworks: Null] ]
03-17 18:52:57.467   903  1190 I JobScheduler.Connectivity: Connectivity unchanged for JobStatus{4993a63 #u0a29/100 com.huawei.hiviewlite/.UploadJobService u=0 s=10029 TIME=-18s62ms:-18s62ms NET PERSISTED READY}: usable=false satisfied=false
03-17 18:52:57.468  3059  3259 I UrlInterceptor: intercept builder:okhttp3.Request$Builder@b6e9dc7 Request；Request{method=POST, url=https://api-c-uat.mosc.faw-vw.com/j01/hu/voice/ai/support/switch/v1/bigmodel/get-status, headers=[name_id:HybridSds-V1], tags={class retrofit2.Invocation=com.mosi.mosc.appbase.api.LLMApi.getDeepSeekSwitchStatus() [LLMGetReq(switchType=SPEECH_ENHANCEMENT)]}}
03-17 18:52:57.468  1702  2031 D WifiController:  
03-17 18:52:57.468  1702  2031 D WifiController: ┌────────────────────────────────────────────────────────────────────────────────────────────────────────────────
03-17 18:52:57.468  1702  2031 D WifiController: │ ConnectivityThread, com.android.systemui.connect.WifiController.setConnected(WifiController.kt:56)
03-17 18:52:57.468  1702  2031 D WifiController: ├┄┄┄┄┄┄┄┄┄┄┄┄┄┄┄┄┄┄┄┄┄┄┄┄┄┄┄┄┄┄┄┄┄┄┄┄┄┄┄┄┄┄┄┄┄┄┄┄┄┄┄┄┄┄┄┄┄┄┄┄┄┄┄┄┄┄┄┄┄┄┄┄┄┄┄┄┄┄┄┄┄┄┄┄┄┄┄┄┄┄┄┄┄┄┄┄┄┄┄┄┄┄┄┄┄┄┄┄┄┄┄┄
03-17 18:52:57.468  1702  2031 D WifiController: │ true
03-17 18:52:57.468  1702  2031 D WifiController: └────────────────────────────────────────────────────────────────────────────────────────────────────────────────
03-17 18:52:57.470   903  1070 W ContextImpl: Calling a method in the system process without a qualified user: android.app.ContextImpl.sendBroadcast:1220 com.android.server.timedetector.TimeDetectorStrategyImpl.sendNtpTimeBroadcast:776 com.android.server.timedetector.TimeDetectorStrategyImpl.setSystemClockAndConfidenceUnderWakeLock:1132 com.android.server.timedetector.TimeDetectorStrategyImpl.setSystemClockAndConfidenceIfRequired:974 com.android.server.timedetector.TimeDetectorStrategyImpl.doAutoTimeDetection:755 
03-17 18:52:57.470   327   327 E CompositionEngine: [StageCoordinatorSplitDivider#160] Invalid device requested composition type change: Client (1) --> Client (1)
03-17 18:52:57.471   327   327 E CompositionEngine: [#82] Invalid device requested composition type change: Client (1) --> Client (1)
03-17 18:52:57.471   327   327 E CompositionEngine: [MosiCarTopSystemBar#66] Invalid device requested composition type change: Client (1) --> Client (1)
03-17 18:52:57.471   903  1070 E ActivityManager: Sending non-protected broadcast com.adayo.ntp.recevie from system 903:system/1000 pkg android
03-17 18:52:57.471   903  1070 E ActivityManager: java.lang.Throwable
03-17 18:52:57.471   903  1070 E ActivityManager: 	at com.android.server.am.ActivityManagerService.checkBroadcastFromSystem(ActivityManagerService.java:14408)
03-17 18:52:57.471   903  1070 E ActivityManager: 	at com.android.server.am.ActivityManagerService.broadcastIntentLockedTraced(ActivityManagerService.java:15235)
03-17 18:52:57.471   903  1070 E ActivityManager: 	at com.android.server.am.ActivityManagerService.broadcastIntentLocked(ActivityManagerService.java:14474)
03-17 18:52:57.471   903  1070 E ActivityManager: 	at com.android.server.am.ActivityManagerService.broadcastIntentWithFeature(ActivityManagerService.java:15440)
03-17 18:52:57.471   903  1070 E ActivityManager: 	at android.app.ContextImpl.sendBroadcast(ContextImpl.java:1224)
03-17 18:52:57.471   903  1070 E ActivityManager: 	at com.android.server.timedetector.TimeDetectorStrategyImpl.sendNtpTimeBroadcast(TimeDetectorStrategyImpl.java:776)
03-17 18:52:57.471   903  1070 E ActivityManager: 	at com.android.server.timedetector.TimeDetectorStrategyImpl.setSystemClockAndConfidenceUnderWakeLock(TimeDetectorStrategyImpl.java:1132)
03-17 18:52:57.471   903  1070 E ActivityManager: 	at com.android.server.timedetector.TimeDetectorStrategyImpl.setSystemClockAndConfidenceIfRequired(TimeDetectorStrategyImpl.java:974)
03-17 18:52:57.471   903  1070 E ActivityManager: 	at com.android.server.timedetector.TimeDetectorStrategyImpl.doAutoTimeDetection(TimeDetectorStrategyImpl.java:755)
03-17 18:52:57.471   903  1070 E ActivityManager: 	at com.android.server.timedetector.TimeDetectorStrategyImpl.suggestNetworkTime(TimeDetectorStrategyImpl.java:328)
03-17 18:52:57.471   903  1070 E ActivityManager: 	at com.android.server.timedetector.TimeDetectorInternalImpl.lambda$suggestNetworkTime$0(TimeDetectorInternalImpl.java:87)
03-17 18:52:57.471   903  1070 E ActivityManager: 	at com.android.server.timedetector.TimeDetectorInternalImpl.$r8$lambda$i_bY-cYaOWr1U99VfGrEI33C7n4(TimeDetectorInternalImpl.java:0)
03-17 18:52:57.471   903  1070 E ActivityManager: 	at com.android.server.timedetector.TimeDetectorInternalImpl$$ExternalSyntheticLambda1.run(R8$$SyntheticClass:0)
03-17 18:52:57.471   903  1070 E ActivityManager: 	at android.os.Handler.handleCallback(Handler.java:958)
03-17 18:52:57.471   903  1070 E ActivityManager: 	at android.os.Handler.dispatchMessage(Handler.java:99)
03-17 18:52:57.471   903  1070 E ActivityManager: 	at android.os.Looper.loopOnce(Looper.java:205)
03-17 18:52:57.471   903  1070 E ActivityManager: 	at android.os.Looper.loop(Looper.java:294)
03-17 18:52:57.471   903  1070 E ActivityManager: 	at android.os.HandlerThread.run(HandlerThread.java:67)
03-17 18:52:57.471   903  1070 E ActivityManager: 	at com.android.server.ServiceThread.run(ServiceThread.java:46)
03-17 18:52:57.472  2315  3257 D NetworkLiveData: defaultCallback onAvailable: 108
