03-17 18:52:56.960   903  1214 D InputTransport: channel '7a5e81e com.fawvw.hmi.bev.carapp/com.fawvw.hmi.bev.carapp.MainActivity (server)' publisher ~ receiveConsumerResponse: Unknown error -11
03-17 18:52:56.960   903  1214 D InputDispatcher: channel '7a5e81e com.fawvw.hmi.bev.carapp/com.fawvw.hmi.bev.carapp.MainActivity (server)' ~ startDispatchCycle
03-17 18:52:56.960   903  1214 D InputDispatcher: channel '7a5e81e com.fawvw.hmi.bev.carapp/com.fawvw.hmi.bev.carapp.MainActivity (server)' ~ startDispatchCycle
03-17 18:52:56.974   903  1215 D InputReader: BatchSize: 3 Count: 3
03-17 18:52:56.974   903  1215 D InputReader: Input event: eventHubDevice=1 type=EV_ABS code=ABS_MT_TOUCH_MAJOR value=42 when=110921907000
03-17 18:52:56.974   903  1215 D InputReader: Input event: eventHubDevice=1 type=EV_ABS code=ABS_MT_WIDTH_MAJOR value=42 when=110921907000
03-17 18:52:56.974   903  1215 D InputReader: Input event: eventHubDevice=1 type=EV_SYN code=SYN_REPORT value=0 when=110921907000
03-17 18:52:56.974   903  1215 D InputReader: syncTouch: pointerCount 1 -> 1, touching ids 0x80000000 -> 0x80000000, hovering ids 0x00000000 -> 0x00000000, canceled ids 0x00000000
03-17 18:52:56.974   903  1215 D UnwantedInteractionBlocker: notifyMotion: NotifyMotionArgs(id=457416205, eventTime=110921907000, deviceId=2, source=TOUCHSCREEN, action=MOVE, pointerCount=1 pointers={0: id=0 x=1088.6 y=767.5 pressure=1.0 major=42.0 minor=42.0 orientation=0.0}, flags=0x00000000)
03-17 18:52:56.974   903  1215 D UnwantedInteractionBlocker: enqueueOutboundMotionLocked: NotifyMotionArgs(id=457416205, eventTime=110921907000, deviceId=2, source=TOUCHSCREEN, action=MOVE, pointerCount=1 pointers={0: id=0 x=1088.6 y=767.5 pressure=1.0 major=42.0 minor=42.0 orientation=0.0}, flags=0x00000000)
03-17 18:52:56.974   903  1215 D InputDispatcher: notifyMotion - id=1b439e0d eventTime=110921907000, deviceId=2, source=TOUCHSCREEN, displayId=0, policyFlags=0x0, action=MOVE, actionButton=0x0, flags=0x0, metaState=0x0, buttonState=0x0, edgeFlags=0x0, xPrecision=1.000391, yPrecision=1.000695, xCursorPosition=nan, yCursorPosition=nan, downTime=110849043000
03-17 18:52:56.974   903  1215 D InputDispatcher:   Pointer 0: id=0, toolType=FINGER, x=1088.574829, y=767.467041, pressure=1.000000, size=0.164706, touchMajor=41.977226, touchMinor=41.977226, toolMajor=41.977226, toolMinor=41.977226, orientation=0.000000
03-17 18:52:56.974   903  1215 I InputVerifier: input: Processing MOVE for device DeviceId(2) (1 pointer) on display 0
03-17 18:52:56.974   903  1214 D InputDispatcher: dispatchMotion - eventTime=110921907000, deviceId=2, source=TOUCHSCREEN, displayId=0, policyFlags=0x62000000, action=MOVE, actionButton=0x0, flags=0x0, metaState=0x0, buttonState=0x0,edgeFlags=0x0, xPrecision=1.000391, yPrecision=1.000695, downTime=110849043000
03-17 18:52:56.974   903  1214 D InputDispatcher:   Pointer 0: id=0, toolType=FINGER, x=1088.574829, y=767.467041, pressure=1.000000, size=0.164706, touchMajor=41.977226, touchMinor=41.977226, toolMajor=41.977226, toolMinor=41.977226, orientation=0.000000
03-17 18:52:56.975   903  1214 D InputDispatcher: dispatchEventToCurrentInputTargets
03-17 18:52:56.975   903  1214 D InputDispatcher: channel '7a5e81e com.fawvw.hmi.bev.carapp/com.fawvw.hmi.bev.carapp.MainActivity (server)' ~ prepareDispatchCycle - flags=FOREGROUND | SPLIT | DISPATCH_AS_IS | WINDOW_IS_PARTIALLY_OBSCURED, globalScaleFactor=1.000000, pointerIds=00000000000000000000000000000001 
03-17 18:52:56.975   903  1214 D InputDispatcher:         pointerId 0: (ROT_0) (IDENTITY)
03-17 18:52:56.975   903  1214 D InputDispatcher: channel '7a5e81e com.fawvw.hmi.bev.carapp/com.fawvw.hmi.bev.carapp.MainActivity (server)' ~ startDispatchCycle
03-17 18:52:56.975   903  1214 D InputDispatcher: Publishing DispatchEntry{resolvedAction=MOVE, resolvedFlags=2, targetFlags=FOREGROUND | SPLIT | DISPATCH_AS_IS | WINDOW_IS_PARTIALLY_OBSCURED, transform=transform (ROT_0) (IDENTITY)
03-17 18:52:56.975   903  1214 D InputDispatcher: } original: MotionEvent(deviceId=2, eventTime=110921907000, source=TOUCHSCREEN, displayId=0, action=MOVE, actionButton=0x00000000, flags=0x00000000, metaState=0x00000000, buttonState=0x00000000, classification=NONE, edgeFlags=0x00000000, xPrecision=1.0, yPrecision=1.0, xCursorPosition=nan, yCursorPosition=nan, pointers=[0: (1088.6, 767.5)]), policyFlags=0x62000000 to 7a5e81e com.fawvw.hmi.bev.carapp/com.fawvw.hmi.bev.carapp.MainActivity (server)
03-17 18:52:56.975   903  1214 I InputVerifier: input: Processing MOVE for device DeviceId(2) (1 pointer) on 7a5e81e com.fawvw.hmi.bev.carapp/com.fawvw.hmi.bev.carapp.MainActivity (server)
03-17 18:52:56.975   903  1214 D InputTransport: channel '7a5e81e com.fawvw.hmi.bev.carapp/com.fawvw.hmi.bev.carapp.MainActivity (server)' publisher ~ publishMotionEvent: seq=562, id=457416205, deviceId=2, source=TOUCHSCREEN, displayId=0, action=MOVE, actionButton=0x00000000, flags=0x2, edgeFlags=0x0, metaState=0x0, buttonState=0x0, classification=NONE,xPrecision=1.000391, yPrecision=1.000695, downTime=110849043000, eventTime=110921907000, pointerCount=1 
03-17 18:52:56.975   903  1214 D InputTransport:         transform (ROT_0) (IDENTITY)
03-17 18:52:56.975   903  1214 D InputTransport: channel '7a5e81e com.fawvw.hmi.bev.carapp/com.fawvw.hmi.bev.carapp.MainActivity (server)' ~ sent message of type MOTION
03-17 18:52:56.975   903  1214 D InputDispatcher: channel 'PointerEventDispatcher0 (server)' ~ prepareDispatchCycle - flags=DISPATCH_AS_IS, globalScaleFactor=1.000000, pointerIds=<none> 
03-17 18:52:56.975   903  1214 D InputDispatcher:         default (ROT_0) (IDENTITY)
03-17 18:52:56.975  8377  8377 D InputTransport: channel '7a5e81e com.fawvw.hmi.bev.carapp/com.fawvw.hmi.bev.carapp.MainActivity (client)' consumer ~ consume: consumeBatches=false, frameTime=-1
03-17 18:52:56.975   903  1214 D InputDispatcher: channel 'PointerEventDispatcher0 (server)' ~ startDispatchCycle
03-17 18:52:56.975  8377  8377 D InputTransport: channel '7a5e81e com.fawvw.hmi.bev.carapp/com.fawvw.hmi.bev.carapp.MainActivity (client)' ~ received message of type MOTION
03-17 18:52:56.975   903  1214 D InputDispatcher: Publishing DispatchEntry{resolvedAction=MOVE, resolvedFlags=0, targetFlags=DISPATCH_AS_IS, transform=transform (ROT_0) (IDENTITY)
03-17 18:52:56.975   903  1214 D InputDispatcher: } original: MotionEvent(deviceId=2, eventTime=110921907000, source=TOUCHSCREEN, displayId=0, action=MOVE, actionButton=0x00000000, flags=0x00000000, metaState=0x00000000, buttonState=0x00000000, classification=NONE, edgeFlags=0x00000000, xPrecision=1.0, yPrecision=1.0, xCursorPosition=nan, yCursorPosition=nan, pointers=[0: (1088.6, 767.5)]), policyFlags=0x62000000 to PointerEventDispatcher0 (server)
03-17 18:52:56.975  8377  8377 D InputTransport: channel '7a5e81e com.fawvw.hmi.bev.carapp/com.fawvw.hmi.bev.carapp.MainActivity (client)' consumer ~ appended to batch event
03-17 18:52:56.975  8377  8377 D InputTransport: channel '7a5e81e com.fawvw.hmi.bev.carapp/com.fawvw.hmi.bev.carapp.MainActivity (client)' ~ receive message failed, errno=11
03-17 18:52:56.975   903  1214 I InputVerifier: input: Processing MOVE for device DeviceId(2) (1 pointer) on PointerEventDispatcher0 (server)
03-17 18:52:56.975   903  1214 D InputTransport: channel 'PointerEventDispatcher0 (server)' publisher ~ publishMotionEvent: seq=563, id=457416205, deviceId=2, source=TOUCHSCREEN, displayId=0, action=MOVE, actionButton=0x00000000, flags=0x0, edgeFlags=0x0, metaState=0x0, buttonState=0x0, classification=NONE,xPrecision=1.000391, yPrecision=1.000695, downTime=110849043000, eventTime=110921907000, pointerCount=1 
03-17 18:52:56.975   903  1214 D InputTransport:         transform (ROT_0) (IDENTITY)
03-17 18:52:56.975   903  1214 D InputTransport: channel 'PointerEventDispatcher0 (server)' ~ sent message of type MOTION
03-17 18:52:56.975   903  1071 D InputTransport: channel 'PointerEventDispatcher0 (client)' consumer ~ consume: consumeBatches=false, frameTime=-1
03-17 18:52:56.975   903  1071 D InputTransport: channel 'PointerEventDispatcher0 (client)' ~ received message of type MOTION
03-17 18:52:56.975   903  1071 D InputTransport: channel 'PointerEventDispatcher0 (client)' consumer ~ started batch event
03-17 18:52:56.975   903  1071 D InputTransport: channel 'PointerEventDispatcher0 (client)' ~ receive message failed, errno=11
03-17 18:52:56.975   903  1071 D InputTransport: channel 'PointerEventDispatcher0 (client)' consumer ~ consume: consumeBatches=true, frameTime=-1
03-17 18:52:56.975   903  1071 D InputTransport: channel 'PointerEventDispatcher0 (client)' ~ receive message failed, errno=11
03-17 18:52:56.975   903  1071 D InputTransport: channel 'PointerEventDispatcher0 (client)' consumer ~ consumed batch event, seq=563
03-17 18:52:56.975   903  1071 D VelocityTracker: VelocityTracker: addMovement eventTime=110921907000, pointerId=0, activePointerId=0
03-17 18:52:56.975   903  1071 D VelocityTracker:   0: axis=0, position=1088.575, estimator (degree=2, coeff=[ 1088.575195, 0.000000, 0.000000 ], confidence=1.000000)
03-17 18:52:56.975   903  1071 D VelocityTracker: VelocityTracker: addMovement eventTime=110921907000, pointerId=0, activePointerId=0
03-17 18:52:56.975   903  1071 D VelocityTracker:   0: axis=1, position=767.467, estimator (degree=2, coeff=[ 767.467224, 0.020062, 0.178610 ], confidence=1.000000)
03-17 18:52:56.975   903  1071 D InputTransport: channel 'PointerEventDispatcher0 (client)' consumer ~ sendFinishedSignal: seq=563, handled=false
03-17 18:52:56.976   903  1071 D InputTransport: channel 'PointerEventDispatcher0 (client)' ~ sent message of type FINISHED
03-17 18:52:56.976   903  1071 D InputTransport: channel 'PointerEventDispatcher0 (client)' consumer ~ consume: consumeBatches=true, frameTime=-1
03-17 18:52:56.976   903  1071 D InputTransport: channel 'PointerEventDispatcher0 (client)' ~ receive message failed, errno=11
03-17 18:52:56.976   903  1214 D InputTransport: channel 'PointerEventDispatcher0 (server)' ~ received message of type FINISHED
03-17 18:52:56.976   903  1214 D InputTransport: channel 'PointerEventDispatcher0 (server)' publisher ~ receiveConsumerResponse: finished: seq=563, handled=false
03-17 18:52:56.976   903  1214 D InputDispatcher: channel 'PointerEventDispatcher0 (server)' ~ finishDispatchCycle - seq=563, handled=false
03-17 18:52:56.976   903  1214 D InputTransport: channel 'PointerEventDispatcher0 (server)' ~ receive message failed, errno=11
03-17 18:52:56.976   903  1214 D InputTransport: channel 'PointerEventDispatcher0 (server)' publisher ~ receiveConsumerResponse: Unknown error -11
03-17 18:52:56.976   903  1214 D InputDispatcher: channel 'PointerEventDispatcher0 (server)' ~ startDispatchCycle
03-17 18:52:56.976  8377  8377 D InputTransport: channel '7a5e81e com.fawvw.hmi.bev.carapp/com.fawvw.hmi.bev.carapp.MainActivity (client)' consumer ~ consume: consumeBatches=true, frameTime=110923612012
03-17 18:52:56.976  8377  8377 D InputTransport: channel '7a5e81e com.fawvw.hmi.bev.carapp/com.fawvw.hmi.bev.carapp.MainActivity (client)' ~ receive message failed, errno=11
03-17 18:52:56.976  8377  8377 D InputTransport: [0] - rewrite (1088.575, 767.467), old (1088.575, 767.467)
03-17 18:52:56.976  8377  8377 D InputTransport: channel '7a5e81e com.fawvw.hmi.bev.carapp/com.fawvw.hmi.bev.carapp.MainActivity (client)' consumer ~ consumed batch event, seq=560
03-17 18:52:56.976  8377  8377 D InputTransport: channel '7a5e81e com.fawvw.hmi.bev.carapp/com.fawvw.hmi.bev.carapp.MainActivity (client)' consumer ~ sendFinishedSignal: seq=560, handled=true
03-17 18:52:56.976  8377  8377 D InputTransport: channel '7a5e81e com.fawvw.hmi.bev.carapp/com.fawvw.hmi.bev.carapp.MainActivity (client)' ~ sent message of type FINISHED
03-17 18:52:56.976  8377  8377 D InputTransport: channel '7a5e81e com.fawvw.hmi.bev.carapp/com.fawvw.hmi.bev.carapp.MainActivity (client)' consumer ~ consume: consumeBatches=true, frameTime=110923612012
03-17 18:52:56.976   903  1214 D InputTransport: channel '7a5e81e com.fawvw.hmi.bev.carapp/com.fawvw.hmi.bev.carapp.MainActivity (server)' ~ received message of type FINISHED
03-17 18:52:56.976  8377  8377 D InputTransport: channel '7a5e81e com.fawvw.hmi.bev.carapp/com.fawvw.hmi.bev.carapp.MainActivity (client)' ~ receive message failed, errno=11
03-17 18:52:56.976   903  1214 D InputTransport: channel '7a5e81e com.fawvw.hmi.bev.carapp/com.fawvw.hmi.bev.carapp.MainActivity (server)' publisher ~ receiveConsumerResponse: finished: seq=560, handled=true
03-17 18:52:56.976   903  1214 D InputDispatcher: channel '7a5e81e com.fawvw.hmi.bev.carapp/com.fawvw.hmi.bev.carapp.MainActivity (server)' ~ finishDispatchCycle - seq=560, handled=true
03-17 18:52:56.976   903  1214 D InputTransport: channel '7a5e81e com.fawvw.hmi.bev.carapp/com.fawvw.hmi.bev.carapp.MainActivity (server)' ~ receive message failed, errno=11
03-17 18:52:56.976   903  1214 D InputTransport: channel '7a5e81e com.fawvw.hmi.bev.carapp/com.fawvw.hmi.bev.carapp.MainActivity (server)' publisher ~ receiveConsumerResponse: Unknown error -11
03-17 18:52:56.976   903  1214 D InputDispatcher: channel '7a5e81e com.fawvw.hmi.bev.carapp/com.fawvw.hmi.bev.carapp.MainActivity (server)' ~ startDispatchCycle
03-17 18:52:56.986   903  1215 D InputReader: BatchSize: 7 Count: 7
03-17 18:52:56.986   903  1215 D InputReader: Input event: eventHubDevice=1 type=EV_ABS code=ABS_MT_TRACKING_ID value=-1 when=110933692000
03-17 18:52:56.986   903  1215 D InputReader: Input event: eventHubDevice=1 type=EV_ABS code=ABS_MT_POSITION_X value=0 when=110933692000
03-17 18:52:56.986   903  1215 W InputReader: Received unexpected event (0x35, 0x0) for slot 0 with tracking id 27
03-17 18:52:56.986   903  1215 D InputReader: Input event: eventHubDevice=1 type=EV_ABS code=ABS_MT_POSITION_Y value=0 when=110933692000
03-17 18:52:56.986   903  1215 W InputReader: Received unexpected event (0x36, 0x0) for slot 0 with tracking id 27
03-17 18:52:56.986   903  1215 D InputReader: Input event: eventHubDevice=1 type=EV_ABS code=ABS_MT_TOUCH_MAJOR value=0 when=110933692000
03-17 18:52:56.986   903  1215 D InputReader: Input event: eventHubDevice=1 type=EV_ABS code=ABS_MT_WIDTH_MAJOR value=0 when=110933692000
03-17 18:52:56.986   903  1215 D InputReader: Input event: eventHubDevice=1 type=EV_KEY code=BTN_TOUCH value=UP when=110933692000
03-17 18:52:56.986   903  1215 D InputReader: Input event: eventHubDevice=1 type=EV_SYN code=SYN_REPORT value=0 when=110933692000
03-17 18:52:56.986   903  1215 D InputReader: syncTouch: pointerCount 1 -> 0, touching ids 0x80000000 -> 0x00000000, hovering ids 0x00000000 -> 0x00000000, canceled ids 0x00000000
03-17 18:52:56.986   903  1215 D UnwantedInteractionBlocker: notifyMotion: NotifyMotionArgs(id=329699257, eventTime=110933692000, deviceId=2, source=TOUCHSCREEN, action=UP, pointerCount=1 pointers={0: id=0 x=1088.6 y=767.5 pressure=1.0 major=42.0 minor=42.0 orientation=0.0}, flags=0x00000000)
03-17 18:52:56.986   903  1215 D UnwantedInteractionBlocker: enqueueOutboundMotionLocked: NotifyMotionArgs(id=329699257, eventTime=110933692000, deviceId=2, source=TOUCHSCREEN, action=UP, pointerCount=1 pointers={0: id=0 x=1088.6 y=767.5 pressure=1.0 major=42.0 minor=42.0 orientation=0.0}, flags=0x00000000)
03-17 18:52:56.986   903  1215 D InputDispatcher: notifyMotion - id=13a6cfb9 eventTime=110933692000, deviceId=2, source=TOUCHSCREEN, displayId=0, policyFlags=0x0, action=UP, actionButton=0x0, flags=0x0, metaState=0x0, buttonState=0x0, edgeFlags=0x0, xPrecision=1.000391, yPrecision=1.000695, xCursorPosition=nan, yCursorPosition=nan, downTime=110849043000
03-17 18:52:56.986   903  1215 D InputDispatcher:   Pointer 0: id=0, toolType=FINGER, x=1088.574829, y=767.467041, pressure=1.000000, size=0.164706, touchMajor=41.977226, touchMinor=41.977226, toolMajor=41.977226, toolMinor=41.977226, orientation=0.000000
03-17 18:52:56.986   903  1215 I InputVerifier: input: Processing UP for device DeviceId(2) (1 pointer) on display 0
03-17 18:52:56.986   903  1214 D InputDispatcher: dispatchMotion - eventTime=110933692000, deviceId=2, source=TOUCHSCREEN, displayId=0, policyFlags=0x62000000, action=UP, actionButton=0x0, flags=0x0, metaState=0x0, buttonState=0x0,edgeFlags=0x0, xPrecision=1.000391, yPrecision=1.000695, downTime=110849043000
03-17 18:52:56.986   903  1214 D InputDispatcher:   Pointer 0: id=0, toolType=FINGER, x=1088.574829, y=767.467041, pressure=1.000000, size=0.164706, touchMajor=41.977226, touchMinor=41.977226, toolMajor=41.977226, toolMinor=41.977226, orientation=0.000000
03-17 18:52:56.986   903  1214 D InputDispatcher: dispatchEventToCurrentInputTargets
03-17 18:52:56.986   903  1214 D InputDispatcher: channel '7a5e81e com.fawvw.hmi.bev.carapp/com.fawvw.hmi.bev.carapp.MainActivity (server)' ~ prepareDispatchCycle - flags=FOREGROUND | SPLIT | DISPATCH_AS_IS | WINDOW_IS_PARTIALLY_OBSCURED, globalScaleFactor=1.000000, pointerIds=00000000000000000000000000000001 
03-17 18:52:56.986   903  1214 D InputDispatcher:         pointerId 0: (ROT_0) (IDENTITY)
03-17 18:52:56.987   903  1214 D InputDispatcher: channel '7a5e81e com.fawvw.hmi.bev.carapp/com.fawvw.hmi.bev.carapp.MainActivity (server)' ~ startDispatchCycle
03-17 18:52:56.987   903  1214 D InputDispatcher: Publishing DispatchEntry{resolvedAction=UP, resolvedFlags=2, targetFlags=FOREGROUND | SPLIT | DISPATCH_AS_IS | WINDOW_IS_PARTIALLY_OBSCURED, transform=transform (ROT_0) (IDENTITY)
03-17 18:52:56.987   903  1214 D InputDispatcher: } original: MotionEvent(deviceId=2, eventTime=110933692000, source=TOUCHSCREEN, displayId=0, action=UP, actionButton=0x00000000, flags=0x00000000, metaState=0x00000000, buttonState=0x00000000, classification=NONE, edgeFlags=0x00000000, xPrecision=1.0, yPrecision=1.0, xCursorPosition=nan, yCursorPosition=nan, pointers=[0: (1088.6, 767.5)]), policyFlags=0x62000000 to 7a5e81e com.fawvw.hmi.bev.carapp/com.fawvw.hmi.bev.carapp.MainActivity (server)
03-17 18:52:56.987   903  1214 I InputVerifier: input: Processing UP for device DeviceId(2) (1 pointer) on 7a5e81e com.fawvw.hmi.bev.carapp/com.fawvw.hmi.bev.carapp.MainActivity (server)
03-17 18:52:56.987   903  1214 D InputTransport: channel '7a5e81e com.fawvw.hmi.bev.carapp/com.fawvw.hmi.bev.carapp.MainActivity (server)' publisher ~ publishMotionEvent: seq=564, id=329699257, deviceId=2, source=TOUCHSCREEN, displayId=0, action=UP, actionButton=0x00000000, flags=0x2, edgeFlags=0x0, metaState=0x0, buttonState=0x0, classification=NONE,xPrecision=1.000391, yPrecision=1.000695, downTime=110849043000, eventTime=110933692000, pointerCount=1 
03-17 18:52:56.987   903  1214 D InputTransport:         transform (ROT_0) (IDENTITY)
03-17 18:52:56.987   903  1214 D InputTransport: channel '7a5e81e com.fawvw.hmi.bev.carapp/com.fawvw.hmi.bev.carapp.MainActivity (server)' ~ sent message of type MOTION
03-17 18:52:56.987   903  1214 D InputDispatcher: channel 'PointerEventDispatcher0 (server)' ~ prepareDispatchCycle - flags=DISPATCH_AS_IS, globalScaleFactor=1.000000, pointerIds=<none> 
03-17 18:52:56.987   903  1214 D InputDispatcher:         default (ROT_0) (IDENTITY)
03-17 18:52:56.987  8377  8377 D InputTransport: channel '7a5e81e com.fawvw.hmi.bev.carapp/com.fawvw.hmi.bev.carapp.MainActivity (client)' consumer ~ consume: consumeBatches=false, frameTime=-1
03-17 18:52:56.987   903  1214 D InputDispatcher: channel 'PointerEventDispatcher0 (server)' ~ startDispatchCycle
03-17 18:52:56.987  8377  8377 D InputTransport: channel '7a5e81e com.fawvw.hmi.bev.carapp/com.fawvw.hmi.bev.carapp.MainActivity (client)' ~ received message of type MOTION
03-17 18:52:56.987  8377  8377 D InputTransport: [0] - rewrite (1088.575, 767.467), old (1088.575, 767.467)
03-17 18:52:56.987   903  1214 D InputDispatcher: Publishing DispatchEntry{resolvedAction=UP, resolvedFlags=0, targetFlags=DISPATCH_AS_IS, transform=transform (ROT_0) (IDENTITY)
03-17 18:52:56.987   903  1214 D InputDispatcher: } original: MotionEvent(deviceId=2, eventTime=110933692000, source=TOUCHSCREEN, displayId=0, action=UP, actionButton=0x00000000, flags=0x00000000, metaState=0x00000000, buttonState=0x00000000, classification=NONE, edgeFlags=0x00000000, xPrecision=1.0, yPrecision=1.0, xCursorPosition=nan, yCursorPosition=nan, pointers=[0: (1088.6, 767.5)]), policyFlags=0x62000000 to PointerEventDispatcher0 (server)
03-17 18:52:56.987  8377  8377 D InputTransport: channel '7a5e81e com.fawvw.hmi.bev.carapp/com.fawvw.hmi.bev.carapp.MainActivity (client)' consumer ~ consumed batch event and deferred current event, seq=562
03-17 18:52:56.987   903  1214 I InputVerifier: input: Processing UP for device DeviceId(2) (1 pointer) on PointerEventDispatcher0 (server)
03-17 18:52:56.987   903  1214 D InputTransport: channel 'PointerEventDispatcher0 (server)' publisher ~ publishMotionEvent: seq=565, id=329699257, deviceId=2, source=TOUCHSCREEN, displayId=0, action=UP, actionButton=0x00000000, flags=0x0, edgeFlags=0x0, metaState=0x0, buttonState=0x0, classification=NONE,xPrecision=1.000391, yPrecision=1.000695, downTime=110849043000, eventTime=110933692000, pointerCount=1 
03-17 18:52:56.987   903  1214 D InputTransport:         transform (ROT_0) (IDENTITY)
03-17 18:52:56.987   903  1214 D InputTransport: channel 'PointerEventDispatcher0 (server)' ~ sent message of type MOTION
03-17 18:52:56.987   903  1071 D InputTransport: channel 'PointerEventDispatcher0 (client)' consumer ~ consume: consumeBatches=false, frameTime=-1
03-17 18:52:56.987   903  1071 D InputTransport: channel 'PointerEventDispatcher0 (client)' ~ received message of type MOTION
03-17 18:52:56.987   903  1071 D InputTransport: channel 'PointerEventDispatcher0 (client)' consumer ~ consumed motion event, seq=565
03-17 18:52:56.987  8377  8377 D InputTransport: channel '7a5e81e com.fawvw.hmi.bev.carapp/com.fawvw.hmi.bev.carapp.MainActivity (client)' consumer ~ sendFinishedSignal: seq=562, handled=true
03-17 18:52:56.987  8377  8377 D InputTransport: channel '7a5e81e com.fawvw.hmi.bev.carapp/com.fawvw.hmi.bev.carapp.MainActivity (client)' ~ sent message of type FINISHED
03-17 18:52:56.987  8377  8377 D InputTransport: channel '7a5e81e com.fawvw.hmi.bev.carapp/com.fawvw.hmi.bev.carapp.MainActivity (client)' consumer ~ consume: consumeBatches=false, frameTime=-1
03-17 18:52:56.987   903  1214 D InputTransport: channel '7a5e81e com.fawvw.hmi.bev.carapp/com.fawvw.hmi.bev.carapp.MainActivity (server)' ~ received message of type FINISHED
03-17 18:52:56.987  8377  8377 D InputTransport: [0] - rewrite (1088.575, 767.467), old (1088.575, 767.467)
03-17 18:52:56.987   903  1214 D InputTransport: channel '7a5e81e com.fawvw.hmi.bev.carapp/com.fawvw.hmi.bev.carapp.MainActivity (server)' publisher ~ receiveConsumerResponse: finished: seq=562, handled=true
03-17 18:52:56.987  8377  8377 D InputTransport: channel '7a5e81e com.fawvw.hmi.bev.carapp/com.fawvw.hmi.bev.carapp.MainActivity (client)' consumer ~ consumed motion event, seq=564
03-17 18:52:56.987   903  1214 D InputDispatcher: channel '7a5e81e com.fawvw.hmi.bev.carapp/com.fawvw.hmi.bev.carapp.MainActivity (server)' ~ finishDispatchCycle - seq=562, handled=true
03-17 18:52:56.987   903  1214 D InputTransport: channel '7a5e81e com.fawvw.hmi.bev.carapp/com.fawvw.hmi.bev.carapp.MainActivity (server)' ~ receive message failed, errno=11
03-17 18:52:56.987   903  1214 D InputTransport: channel '7a5e81e com.fawvw.hmi.bev.carapp/com.fawvw.hmi.bev.carapp.MainActivity (server)' publisher ~ receiveConsumerResponse: Unknown error -11
03-17 18:52:56.987  8377  8377 D VelocityTracker: VelocityTracker: stopped for 69.6 ms, clearing state upon pointer liftoff.
03-17 18:52:56.987   903  1214 D InputDispatcher: channel '7a5e81e com.fawvw.hmi.bev.carapp/com.fawvw.hmi.bev.carapp.MainActivity (server)' ~ startDispatchCycle
03-17 18:52:56.987   903  1071 D InputTransport: channel 'PointerEventDispatcher0 (client)' consumer ~ sendFinishedSignal: seq=565, handled=false
03-17 18:52:56.987   903  1071 D InputTransport: channel 'PointerEventDispatcher0 (client)' ~ sent message of type FINISHED
03-17 18:52:56.987   903  1071 D InputTransport: channel 'PointerEventDispatcher0 (client)' consumer ~ consume: consumeBatches=false, frameTime=-1
03-17 18:52:56.987   903  1071 D InputTransport: channel 'PointerEventDispatcher0 (client)' ~ receive message failed, errno=11
03-17 18:52:56.987  8377  8377 D InputTransport: channel '7a5e81e com.fawvw.hmi.bev.carapp/com.fawvw.hmi.bev.carapp.MainActivity (client)' consumer ~ sendFinishedSignal: seq=564, handled=true
03-17 18:52:56.987   903  1214 D InputTransport: channel 'PointerEventDispatcher0 (server)' ~ received message of type FINISHED
03-17 18:52:56.987  8377  8377 D InputTransport: channel '7a5e81e com.fawvw.hmi.bev.carapp/com.fawvw.hmi.bev.carapp.MainActivity (client)' ~ sent message of type FINISHED
03-17 18:52:56.988   903  1214 D InputTransport: channel 'PointerEventDispatcher0 (server)' publisher ~ receiveConsumerResponse: finished: seq=565, handled=false
03-17 18:52:56.988  8377  8377 D InputTransport: channel '7a5e81e com.fawvw.hmi.bev.carapp/com.fawvw.hmi.bev.carapp.MainActivity (client)' consumer ~ consume: consumeBatches=false, frameTime=-1
03-17 18:52:56.988   903  1214 D InputDispatcher: channel 'PointerEventDispatcher0 (server)' ~ finishDispatchCycle - seq=565, handled=false
03-17 18:52:56.988  8377  8377 D InputTransport: channel '7a5e81e com.fawvw.hmi.bev.carapp/com.fawvw.hmi.bev.carapp.MainActivity (client)' ~ receive message failed, errno=11
03-17 18:52:56.988   903  1214 D InputTransport: channel 'PointerEventDispatcher0 (server)' ~ receive message failed, errno=11
03-17 18:52:56.988   903  1214 D InputTransport: channel 'PointerEventDispatcher0 (server)' publisher ~ receiveConsumerResponse: Unknown error -11
03-17 18:52:56.988   903  1214 D InputDispatcher: channel 'PointerEventDispatcher0 (server)' ~ startDispatchCycle
03-17 18:52:56.988   903  1214 D InputTransport: channel '7a5e81e com.fawvw.hmi.bev.carapp/com.fawvw.hmi.bev.carapp.MainActivity (server)' ~ received message of type FINISHED
03-17 18:52:56.988   903  1214 D InputTransport: channel '7a5e81e com.fawvw.hmi.bev.carapp/com.fawvw.hmi.bev.carapp.MainActivity (server)' publisher ~ receiveConsumerResponse: finished: seq=564, handled=true
03-17 18:52:56.988   903  1214 D InputDispatcher: channel '7a5e81e com.fawvw.hmi.bev.carapp/com.fawvw.hmi.bev.carapp.MainActivity (server)' ~ finishDispatchCycle - seq=564, handled=true
03-17 18:52:56.988   903  1214 D InputTransport: channel '7a5e81e com.fawvw.hmi.bev.carapp/com.fawvw.hmi.bev.carapp.MainActivity (server)' ~ receive message failed, errno=11
03-17 18:52:56.988   903  1214 D InputTransport: channel '7a5e81e com.fawvw.hmi.bev.carapp/com.fawvw.hmi.bev.carapp.MainActivity (server)' publisher ~ receiveConsumerResponse: Unknown error -11
03-17 18:52:56.988   903  1214 D InputDispatcher: channel '7a5e81e com.fawvw.hmi.bev.carapp/com.fawvw.hmi.bev.carapp.MainActivity (server)' ~ startDispatchCycle
03-17 18:52:56.988  8377  8377 I CnsCarApp-WlanViewModel: on WIFI click: WifiItem(security=2, level=4, iconRes=2131231217, ssid=Cudy-6C60, title=Cudy-6C60, summary=已保存, isSaved=true, isActive=false, isNowConnected=false)
03-17 18:52:56.988   903  1754 D AS.AudioService: performclick---->>-2
03-17 18:52:56.988  8377  8377 I CnsCarApp-WlanRepositoryImpl: Cudy-6C60 disabled by wrong pwd: false
03-17 18:52:56.988  8377  8377 I CnsCarApp-WlanViewModel: try to connect saved wifi: WifiItem(security=2, level=4, iconRes=2131231217, ssid=Cudy-6C60, title=Cudy-6C60, summary=已保存, isSaved=true, isActive=false, isNowConnected=false)
03-17 18:52:56.989  8377  8377 W SettingsLib.AccessPoint: NetworkInfo is null, cannot return detailed state
03-17 18:52:56.989   903  1278 D AudioTrack: setSampleRate(39): prior state:STATE_STOPPED rate:48000
03-17 18:52:56.989  8377  8377 I CnsCarApp-WlanRepositoryImpl: connectToSavedWifi: accessPoint: AccessPoint(Cudy-6C60:80:af:ca:b5:6c:60,saved,connectable,WPA2,level=4,metered=false,rssi=-30,scan cache size=1)
03-17 18:52:56.989   903  1278 D AudioTrack: start(39): prior state:STATE_STOPPED
03-17 18:52:56.989   903  1278 D AudioTrack: start(39): server read:-103776  cumulative flushed:0  client written:0
03-17 18:52:56.989   704  2952 I APM::AudioPolicyEngine: getDevicesForStrategyInt no device found for strategy 0
03-17 18:52:56.989   903  1180 I WifiService: connect uid=1000
03-17 18:52:56.991   704  2952 D audioserver: logFgsApiBegin: FGS Logger Transaction failed, -129
03-17 18:52:56.992   903  1251 D WifiConfigurationUtil: Add upgradable SAE configuration.
03-17 18:52:56.993  8377  8377 D InputTransport: channel '7a5e81e com.fawvw.hmi.bev.carapp/com.fawvw.hmi.bev.carapp.MainActivity (client)' consumer ~ consume: consumeBatches=true, frameTime=110940424345
03-17 18:52:56.993  8377  8377 D InputTransport: channel '7a5e81e com.fawvw.hmi.bev.carapp/com.fawvw.hmi.bev.carapp.MainActivity (client)' ~ receive message failed, errno=11
03-17 18:52:56.993   903  1251 E WifiPermissionsUtil: isDeviceOwner: packageName is null, returning false
03-17 18:52:56.993   903  1251 E WifiPermissionsUtil: isProfileOwner: packageName is null, returning false
03-17 18:52:56.994   903  1251 D WifiConfigManager: Enable disabled network: "Cudy-6C60" num=0
03-17 18:52:56.996   903  1754 I WifiService: getScanResults uid=1000
03-17 18:52:57.003   903  1251 D WifiConfigStore: Writing to stores completed in 4 ms.
03-17 18:52:57.004   903  1251 W ContextImpl: Calling a method in the system process without a qualified user: android.app.ContextImpl.sendBroadcastMultiplePermissions:1253 android.content.Context.sendBroadcastWithMultiplePermissions:2504 com.android.server.wifi.WifiServiceImpl.broadcastWifiCredentialChanged:6343 com.android.server.wifi.WifiServiceImpl.lambda$connect$114:6397 com.android.server.wifi.WifiServiceImpl.$r8$lambda$-JNwG9dSsBRaPtuDVu_nESmenOQ:0 
03-17 18:52:57.006   903  1251 D WifiMbbManager: No secondary transient CMM active, trigger callback immediately
03-17 18:52:57.006   903  1251 D WifiConfigManager: Enable disabled network: "Cudy-6C60" num=0
03-17 18:52:57.007   642   685 I mcuc    : sd Uart data : 6AA60204220002920242
03-17 18:52:57.012  2383  2600 D AdayoDoipServer294_Doip: [ne_doip_event_loop_dispatch][line:141] : count = 0
03-17 18:52:57.013   642   685 I mcuc    : rev uart=1120,len=24, data : 6AA6810422001092020004000000000000000000000000B1
03-17 18:52:57.013   400   892 D adayocomadapter-ParseProtocolFunc: printRaWMsg Name[MCUToUPstream recv] len[16] data[92020004000000000000000000000000]
03-17 18:52:57.013   400   892 D adayocomadapter-CommunicationManager: onUpstreamback   member[0] dataLength[13] timePoint[110960]
03-17 18:52:57.013   400   892 D adayocomadapter-ParseProtocolFunc: printRaWMsg Name[onUpstreamback] len[13] data[04000000000000000000000000]
03-17 18:52:57.013   400   452 D adayocomadapter-UpstreamHandler: processBeforePacket upSreamtProcessTimePoint[110961] 
03-17 18:52:57.013   400   452 D adayocomadapter-UpstreamHandler: processPacket UPSTREAM_QUEUE_DATA_TIMEOUT
03-17 18:52:57.013   400   452 D adayocomadapter-ParseProtocolFunc: parseCommonIPCLBytes Processing tableNumber[4]
03-17 18:52:57.013   400   452 D adayocomadapter-ParseProtocolFunc: parseCommonIPCLBytes Processing tablename[Table-4] tableSize[13]
03-17 18:52:57.013   400   452 D adayocomadapter-ParseProtocolFunc: printRaWMsg Name[byteStream recv] len[13] data[04000000000000000000000000]
03-17 18:52:57.013   400   452 D adayocomadapter-ParseProtocolFunc: printRaWMsg Name[IPCLtoVHAL] len[8] data[2140200C00000000]
03-17 18:52:57.013   400   452 D adayocomadapter-ParseProtocolFunc: printRaWMsg Name[IPCLtoVHAL] len[8] data[2140200D00000000]
03-17 18:52:57.013   400   452 D adayocomadapter-ParseProtocolFunc: printRaWMsg Name[IPCLtoVHAL] len[7] data[21402233000000]
03-17 18:52:57.013   400   452 D adayocomadapter-ParseProtocolFunc: printRaWMsg Name[IPCLtoVHAL] len[10] data[2140201D000000000000]
03-17 18:52:57.013   400   452 D adayocomadapter-ParseProtocolFunc: printRaWMsg Name[IPCLtoVHAL] len[8] data[2140201E00000000]
03-17 18:52:57.013   400   452 D adayocomadapter-CommunicationManager: onUpstreamReceive isLoss 0 mPropertyId 0x2140200c
03-17 18:52:57.013   400   452 D adayocomadapter-CommunicationManager: convertBytesToInt32Memcpy  0
03-17 18:52:57.013   400   452 D vw-vhal : notifyVehicleProperty, propId = 0x2140200c, data = {status: 2, int32Values: [0]}
03-17 18:52:57.013   400   452 I DefaultVehicleHal_v2_0: DefaultVehicleHal::onPropertyValue, value:{.timestamp = 110961379678, .areaId = 0, .prop = 557850636, .status = AVAILABLE, .value = {.int32Values = [1]{0}, .floatValues = [0]{}, .int64Values = [0]{}, .bytes = [0]{}, .stringValue = ""}}
03-17 18:52:57.013   400   452 D adayocomadapter-CommunicationManager: onUpstreamReceive mPropertyId 0x2140200c
03-17 18:52:57.013   400   452 D adayocomadapter-CommunicationManager: onUpstreamReceive isLoss 0 mPropertyId 0x2140200d
03-17 18:52:57.013   400   452 D adayocomadapter-CommunicationManager: convertBytesToInt32Memcpy  0
03-17 18:52:57.013   400   452 D vw-vhal : notifyVehicleProperty, propId = 0x2140200d, data = {status: 2, int32Values: [0]}
03-17 18:52:57.013   400   452 I DefaultVehicleHal_v2_0: DefaultVehicleHal::onPropertyValue, value:{.timestamp = 110961521011, .areaId = 0, .prop = 557850637, .status = AVAILABLE, .value = {.int32Values = [1]{0}, .floatValues = [0]{}, .int64Values = [0]{}, .bytes = [0]{}, .stringValue = ""}}
03-17 18:52:57.014   400   452 D adayocomadapter-CommunicationManager: onUpstreamReceive mPropertyId 0x2140200d
03-17 18:52:57.014   400   452 D adayocomadapter-CommunicationManager: onUpstreamReceive isLoss 0 mPropertyId 0x21402233
03-17 18:52:57.014   400   452 D adayocomadapter-CommunicationManager: convertBytesToInt32Memcpy  0
03-17 18:52:57.014   400   452 D vw-vhal : notifyVehicleProperty, propId = 0x21402233, data = {status: 2, int32Values: [0]}
03-17 18:52:57.014   400   452 I DefaultVehicleHal_v2_0: DefaultVehicleHal::onPropertyValue, value:{.timestamp = 110961637345, .areaId = 0, .prop = 557851187, .status = AVAILABLE, .value = {.int32Values = [1]{0}, .floatValues = [0]{}, .int64Values = [0]{}, .bytes = [0]{}, .stringValue = ""}}
03-17 18:52:57.014   400   452 D adayocomadapter-CommunicationManager: onUpstreamReceive mPropertyId 0x21402233
03-17 18:52:57.014   400   452 D adayocomadapter-CommunicationManager: onUpstreamReceive isLoss 0 mPropertyId 0x2140201d
03-17 18:52:57.014   400   452 D adayocomadapter-CommunicationManager: convertBytesToInt32Memcpy  0
03-17 18:52:57.014   400   452 D vw-vhal : notifyVehicleProperty, propId = 0x2140201d, data = {status: 2, int32Values: [0]}
03-17 18:52:57.014   400   452 I DefaultVehicleHal_v2_0: DefaultVehicleHal::onPropertyValue, value:{.timestamp = 110961751345, .areaId = 0, .prop = 557850653, .status = AVAILABLE, .value = {.int32Values = [1]{0}, .floatValues = [0]{}, .int64Values = [0]{}, .bytes = [0]{}, .stringValue = ""}}
03-17 18:52:57.014   400   452 D adayocomadapter-CommunicationManager: onUpstreamReceive mPropertyId 0x2140201d
03-17 18:52:57.014   400   452 D adayocomadapter-CommunicationManager: onUpstreamReceive isLoss 0 mPropertyId 0x2140201e
03-17 18:52:57.014   400   452 D adayocomadapter-CommunicationManager: convertBytesToInt32Memcpy  0
03-17 18:52:57.014   400   452 D vw-vhal : notifyVehicleProperty, propId = 0x2140201e, data = {status: 2, int32Values: [0]}
03-17 18:52:57.014   400   452 I DefaultVehicleHal_v2_0: DefaultVehicleHal::onPropertyValue, value:{.timestamp = 110961855345, .areaId = 0, .prop = 557850654, .status = AVAILABLE, .value = {.int32Values = [1]{0}, .floatValues = [0]{}, .int64Values = [0]{}, .bytes = [0]{}, .stringValue = ""}}
03-17 18:52:57.014   400   452 D adayocomadapter-CommunicationManager: onUpstreamReceive mPropertyId 0x2140201e
03-17 18:52:57.019   903  1251 D WifiConfigStore: Writing to stores completed in 4 ms.
03-17 18:52:57.020   903  1251 D WifiClientModeImpl[72500:wlan0]: connectToUserSelectNetwork netId 0, uid 1000, package com.fawvw.hmi.bev.carapp, forceReconnect = false, isUserSelected = true
03-17 18:52:57.022   903  1251 D WifiClientModeImpl[72500:wlan0]:  ClientModeImpl$ConnectableState screen=on uid=1000 0 "Cudy-6C60"WPA_PSK nid=0 cuid=1000 suid=1000
03-17 18:52:57.022   903  1251 D WifiScoreReport: setShouldReduceNetworkScore=false mNetworkAgent is null? true
03-17 18:52:57.022   903  1251 D WifiClientModeImpl[72500:wlan0]: CMD_START_CONNECT  my state DisconnectedState nid=0 roam=false
03-17 18:52:57.023   903  1251 D WifiScoreCard: network update CONNECTION_ATTEMPT "Cudy-6C60" ID: 746988820 RSSI -30 txSpeed -1
03-17 18:52:57.023   903  1251 D WifiScoreCard:  scan rssi: -30
03-17 18:52:57.023   903  1251 D WifiScoreCard: CONNECTION_ATTEMPT SSID: <unknown ssid>, BSSID: <none>, MAC: 88:e0:34:b7:61:31, IP: null, Security type: -1, Supplicant state: DISCONNECTED, Wi-Fi standard: 4, RSSI: -127, Link speed: -1Mbps, Tx Link speed: -1Mbps, Max Supported Tx Link speed: -1Mbps, Rx Link speed: -1Mbps, Max Supported Rx Link speed: -1Mbps, Frequency: -1MHz, Net ID: -1, Metered hint: false, score: 0, isUsable: true, CarrierMerged: false, SubscriptionId: -1, IsPrimary: 0, Trusted: false, Restricted: false, Ephemeral: false, OEM paid: false, OEM private: false, OSU AP: false, FQDN: <none>, Provider friendly name: <none>, Requesting package name: <none><none>MLO Information: , Is TID-To-Link negotiation supported by the AP: false, AP MLD Address: <none>, AP MLO Link Id: <none>, AP MLO Affiliated links: <none>
03-17 18:52:57.023   903  1754 I WifiService: getSupportedFeatures uid=1000 returns 19d81dcfca8b01d
03-17 18:52:57.024   903  1251 D WifiClientModeImpl[72500:wlan0]: setTargetBssid set to any key="Cudy-6C60"WPA_PSK
03-17 18:52:57.024  6654  6700 D TimerTriggerManager: init instance...
03-17 18:52:57.024  6654  6700 D TimerTriggerManager: Timer thread'TimerTriggerManager' is destroyed: false
03-17 18:52:57.024  6654  6700 D TimerTriggerManager: Timer 'onIndcnVehSpdChanged' is running: true
03-17 18:52:57.024  6654  6700 D TimerTriggerManager: Sending reset signal to timer 'onIndcnVehSpdChanged'
03-17 18:52:57.024  6654  6700 D TimerTriggerManager: Reset signal sent to timer 'onIndcnVehSpdChanged'
03-17 18:52:57.025  6654  6707 D TimerTriggerController: Reset method called for timer: onIndcnVehSpdChanged
03-17 18:52:57.025  6654  6707 D TimerTriggerController: Calling onTimerReset for timer: onIndcnVehSpdChanged
03-17 18:52:57.025  6654  6707 D TimerTriggerManager: Timer reset: onIndcnVehSpdChanged
03-17 18:52:57.025  6654  6707 I TimerTriggerController: Timer [onIndcnVehSpdChanged] reset, remaining: 1000ms, reset count: 629
03-17 18:52:57.027  8377  8543 I WifiTracker: Fetched scan results: [SSID: "Xiaomi 14", BSSID: 56:7e:4b:55:b8:0a, capabilities: [WPA2-PSK-CCMP][RSN-PSK-CCMP][ESS], level: -78, frequency: 5765, timestamp: 103289333, distance: ?(cm), distanceSd: ?(cm), passpoint: no, ChannelBandwidth: 2, centerFreq0: 5775, centerFreq1: 0, standard: 11ac, 80211mcResponder: is not supported, Radio Chain Infos: [RadioChainInfo: id=0, level=-79, RadioChainInfo: id=1, level=-86], interface name: wlan0, SSID: "Adayo-CW", BSSID: 80:ae:54:0e:1b:c3, capabilities: [WPA2-PSK-CCMP][RSN-PSK-CCMP][WPA-PSK-CCMP][ESS], level: -87, frequency: 5240, timestamp: 104182390, distance: ?(cm), distanceSd: ?(cm), passpoint: no, ChannelBandwidth: 3, centerFreq0: 5210, centerFreq1: 5250, standard: 11ax, 80211mcResponder: is not supported, Radio Chain Infos: [RadioChainInfo: id=0, level=-89, RadioChainInfo: id=1, level=-92], interface name: wlan0, SSID: , BSSID: aa:02:db:f9:b9:e5, capabilities: [WPA-PSK-CCMP][WPA2-PSK-CCMP][RSN-PSK-CCMP][ESS], level: -58, frequency: 5260, timestamp: 104446769, distance: ?(cm), distanceSd: ?(cm), passpoint: no, ChannelBandwidth: 2, centerFreq0: 5290, centerFreq1: 0, standard: 11ax, 80211mcResponder: is not supported, Radio Chain Infos: [RadioChainInfo: id=0, level=-59, RadioChainInfo: id=1, level=-66], interface name: wlan0, SSID: "nidewifi-5G", BSSID: 18:47:4d:b4:cd:8f, capabilities: [WPA2-PSK-CCMP][RSN-PSK-CCMP][ESS], level: -91, frequency: 5805, timestamp: 103485484, distance: ?(cm), distanceSd: ?(cm), passpoint: no, ChannelBandwidth: 2, centerFreq0: 5775, centerFreq1: 0, standard: 11ac, 80211mcResponder: is not supported, Radio Chain Infos: [RadioChainInfo: id=0, level=-92, RadioChainInfo: id=1, level=-98], interface name: wlan0, SSID: "Tony’s 20phone", BSSID: fe:95:22:c2:25:70, capabilities: [WPA2-PSK-CCMP][RSN-PSK+SAE-CCMP][ESS][MFPC], level: -93, frequency: 5745, timestamp: 104652566, distance: ?(cm), distanceSd: ?(cm), passpoint: no, ChannelBandwidth: 2, centerFreq0: 5775, centerFreq1: 0, standard: 11ax, 80211mcResponder: is not supported, Radio Chain Infos: [RadioChainInfo: id=0, level=-94, RadioChainInfo: id=1, level=-98], interface name: wlan0, SSID: "TP_KK", BSSID: 94:d9:b3:f9:32:b9, capabilities: [WPA-PSK-CCMP][WPA2-PSK-CCMP][RSN-PSK-CCMP][ESS], level: -90, frequency: 5745, timestamp: 104841662, distance: ?(cm), distanceSd: ?(cm), passpoint: no, ChannelBandwidth: 2, centerFreq0: 5775, centerFreq1: 0, standard: 11ac, 80211mcResponder: is not supported, Radio Chain Infos: [RadioChainInfo: id=0, level=-91, RadioChainInfo: id=1, level=-98], interface name: wlan0, SSID: "TP-LINK_E6B8", BSSID: 74:05:a5:c3:e6:ba, capabilities: [WPA-PSK-CCMP][WPA2-PSK-CCMP][RSN-PSK-CCMP][ESS], level: -86, frequency: 5745, timestamp: 103249304, distance: ?(cm), distanceSd: ?(cm), passpoint: no, ChannelBandwidth: 2, centerFreq0: 5775, centerFreq1: 0, standard: 11ac, 80211mcResponder: is not supported, Radio Chain Infos: [RadioChainInfo: id=0, level=-87, RadioChainInfo: id=1, level=-91], interface name: wlan0, SSID: "AndroidAuto_5G", BSSID: b0:6e:bf:3c:71:dc, capabilities: [WPA2-PSK-CCMP][RSN-PSK-CCMP][ESS], level: -75, frequency: 5745, timestamp: 104826727, distance: ?(cm), distanceSd: ?(cm), passpoint: no, ChannelBandwidth: 2, centerFreq0: 5775, centerFreq1: 0, standard: 11ac, 80211mcResponder: is not supported, Radio Chain Infos: [RadioChainInfo: id=0, level=-78, RadioChainInfo: id=1, level=-77], interface name: wlan0, SSID: "AndroidAP_6881", BSSID: a2:99:17:1e:f6:2d, capabilities: [WPA2-PSK-CCMP][RSN-PSK+SAE-CCMP][ESS][MFPC], level: -76, frequency: 5745, timestamp: 104494571, distance: ?(cm), distanceSd: ?(cm), passpoint: no, ChannelBandwidth: 2, centerFreq0: 5775, centerFreq1: 0, standard: 11ac, 80211mcResponder: is not supported, Radio Chain Infos: [RadioChainInfo: id=0, level=-77, RadioChainInfo: id=1, level=-84], interface name: wlan0, SSID: "Cudy-6C60-5G", BSSID: 82:af:ca:b5:6c:61, capabilities: [WPA2-PSK-CCMP][RSN-PSK-CCMP][ESS], level: -24, frequency: 5180, timestamp: 103747471, distance: ?(cm), distanceSd: ?(cm), passpoint: no, ChannelBand
03-17 18:52:57.027   903  1251 I WifiClientModeImpl[72500:wlan0]: Connecting with 88:e0:34:b7:61:31 as the mac address
03-17 18:52:57.028   582  3616 E WifiHAL : Invalid data received from driver
03-17 18:52:57.029  2705  3422 E NetProxyJNI: getNetworkTraffic up: 269,down:42
03-17 18:52:57.029  2705  3422 I TboxServiceManager: 上下行类型变化 type:1
03-17 18:52:57.029  2705  3422 I TboxServiceStatusMonitor: onNetworkTrafficChange type: 1
03-17 18:52:57.029   704  1051 D AudioFlinger: mixer(0xb400fc3a653f3940) throttle end: throttle time(38)
03-17 18:52:57.029   903  1754 I WifiService: getConfiguredNetworks uid=1000
03-17 18:52:57.031  1566  3186 D TboxNetworkManager: tboxNetworkbinder=null
03-17 18:52:57.035   642   685 I mcuc    : sd Uart data : 6AA60204230002920241
03-17 18:52:57.040   642   685 I mcuc    : rev uart=1121,len=61, data : 6AA6810423003592020019000101000000000000000000000000000000000000000000000000000000FFFFFF0000000000000000000000010001010173
03-17 18:52:57.040   642   685 I mcuc    : sd Uart data : 6AA60204240002920240
03-17 18:52:57.040   400   892 D adayocomadapter-ParseProtocolFunc: printRaWMsg Name[MCUToUPstream recv] len[53] data[92020019000101000000000000000000000000000000000000000000000000000000FFFFFF00000000000000000000000100010101]
03-17 18:52:57.040   400   892 D adayocomadapter-CommunicationManager: onUpstreamback   member[0] dataLength[50] timePoint[110988]
03-17 18:52:57.040   400   892 D adayocomadapter-ParseProtocolFunc: printRaWMsg Name[onUpstreamback] len[50] data[19000101000000000000000000000000000000000000000000000000000000FFFFFF00000000000000000000000100010101]
03-17 18:52:57.040   400   452 D adayocomadapter-UpstreamHandler: processBeforePacket upSreamtProcessTimePoint[110988] 
03-17 18:52:57.040   400   452 D adayocomadapter-UpstreamHandler: processPacket UPSTREAM_QUEUE_DATA_TIMEOUT
03-17 18:52:57.040   400   452 D adayocomadapter-ParseProtocolFunc: parseCommonIPCLBytes Processing tableNumber[25]
03-17 18:52:57.040   400   452 D adayocomadapter-ParseProtocolFunc: parseCommonIPCLBytes Processing tablename[Table-25] tableSize[50]
03-17 18:52:57.040   400   452 D adayocomadapter-ParseProtocolFunc: printRaWMsg Name[byteStream recv] len[50] data[19000101000000000000000000000000000000000000000000000000000000FFFFFF00000000000000000000000100010101]
03-17 18:52:57.040   400   452 D adayocomadapter-ParseProtocolFunc: printRaWMsg Name[IPCLtoVHAL] len[7] data[214020C5000000]
03-17 18:52:57.040   400   452 D adayocomadapter-ParseProtocolFunc: printRaWMsg Name[IPCLtoVHAL] len[7] data[21402106000000]
03-17 18:52:57.040   400   452 D adayocomadapter-ParseProtocolFunc: printRaWMsg Name[IPCLtoVHAL] len[7] data[21402132000000]
03-17 18:52:57.040   400   452 D adayocomadapter-ParseProtocolFunc: printRaWMsg Name[IPCLtoVHAL] len[7] data[214020BF000100]
03-17 18:52:57.040   400   452 D adayocomadapter-ParseProtocolFunc: printRaWMsg Name[IPCLtoVHAL] len[7] data[2140212F000000]
03-17 18:52:57.040   400   452 D adayocomadapter-ParseProtocolFunc: printRaWMsg Name[IPCLtoVHAL] len[7] data[21402026000000]
03-17 18:52:57.040   400   452 D adayocomadapter-ParseProtocolFunc: printRaWMsg Name[IPCLtoVHAL] len[7] data[214020B3000000]
03-17 18:52:57.040   400   452 D adayocomadapter-ParseProtocolFunc: printRaWMsg Name[IPCLtoVHAL] len[7] data[2140219E000100]
03-17 18:52:57.040   400   452 D adayocomadapter-ParseProtocolFunc: printRaWMsg Name[IPCLtoVHAL] len[7] data[21402130000000]
03-17 18:52:57.040   400   452 D adayocomadapter-ParseProtocolFunc: printRaWMsg Name[IPCLtoVHAL] len[12] data[2141204A0101000101000000]
03-17 18:52:57.041   400   452 D adayocomadapter-ParseProtocolFunc: printRaWMsg Name[IPCLtoVHAL] len[7] data[214020BD000100]
03-17 18:52:57.041   400   452 D adayocomadapter-ParseProtocolFunc: printRaWMsg Name[IPCLtoVHAL] len[7] data[2140213B000000]
03-17 18:52:57.041   400   452 D adayocomadapter-ParseProtocolFunc: printRaWMsg Name[IPCLtoVHAL] len[7] data[214020AE000100]
03-17 18:52:57.041   400   452 D adayocomadapter-ParseProtocolFunc: printRaWMsg Name[IPCLtoVHAL] len[7] data[2140210D000000]
03-17 18:52:57.041   400   452 D adayocomadapter-ParseProtocolFunc: printRaWMsg Name[IPCLtoVHAL] len[7] data[21401018000100]
03-17 18:52:57.041   400   452 D adayocomadapter-ParseProtocolFunc: printRaWMsg Name[IPCLtoVHAL] len[7] data[214020A9000100]
03-17 18:52:57.041   400   452 D adayocomadapter-ParseProtocolFunc: printRaWMsg Name[IPCLtoVHAL] len[7] data[214020AB000100]
03-17 18:52:57.041   400   452 D adayocomadapter-ParseProtocolFunc: printRaWMsg Name[IPCLtoVHAL] len[7] data[214020AD000100]
03-17 18:52:57.041   400   452 D adayocomadapter-ParseProtocolFunc: printRaWMsg Name[IPCLtoVHAL] len[7] data[2140213A000000]
03-17 18:52:57.041   400   452 D adayocomadapter-ParseProtocolFunc: printRaWMsg Name[IPCLtoVHAL] len[7] data[214021C7000000]
03-17 18:52:57.041   400   452 D adayocomadapter-ParseProtocolFunc: printRaWMsg Name[IPCLtoVHAL] len[7] data[214020F2000100]
03-17 18:52:57.041   400   452 D adayocomadapter-ParseProtocolFunc: printRaWMsg Name[IPCLtoVHAL] len[7] data[214020F1000100]
03-17 18:52:57.041   400   452 D adayocomadapter-ParseProtocolFunc: printRaWMsg Name[IPCLtoVHAL] len[7] data[21402112000100]
03-17 18:52:57.041   400   452 D adayocomadapter-ParseProtocolFunc: printRaWMsg Name[IPCLtoVHAL] len[8] data[2140219F00010000]
03-17 18:52:57.041   400   452 D adayocomadapter-ParseProtocolFunc: printRaWMsg Name[IPCLtoVHAL] len[7] data[21402139000100]
03-17 18:52:57.041   400   452 D adayocomadapter-ParseProtocolFunc: printRaWMsg Name[IPCLtoVHAL] len[8] data[2140202500010000]
03-17 18:52:57.041   400   452 D adayocomadapter-ParseProtocolFunc: printRaWMsg Name[IPCLtoVHAL] len[10] data[21402033000100FFFFFF]
03-17 18:52:57.041   400   452 D adayocomadapter-ParseProtocolFunc: printRaWMsg Name[IPCLtoVHAL] len[7] data[21402034000100]
03-17 18:52:57.041   400   452 D adayocomadapter-ParseProtocolFunc: printRaWMsg Name[IPCLtoVHAL] len[7] data[2140218C000000]
03-17 18:52:57.041   400   452 D adayocomadapter-ParseProtocolFunc: printRaWMsg Name[IPCLtoVHAL] len[7] data[2140219B000000]
03-17 18:52:57.041   400   452 D adayocomadapter-ParseProtocolFunc: printRaWMsg Name[IPCLtoVHAL] len[7] data[214021A0000100]
03-17 18:52:57.041   400   452 D adayocomadapter-ParseProtocolFunc: printRaWMsg Name[IPCLtoVHAL] len[7] data[214021A3000100]
03-17 18:52:57.041   400   452 D adayocomadapter-ParseProtocolFunc: printRaWMsg Name[IPCLtoVHAL] len[7] data[214021A4000100]
03-17 18:52:57.041   400   452 D adayocomadapter-ParseProtocolFunc: printRaWMsg Name[IPCLtoVHAL] len[7] data[214021CB000000]
03-17 18:52:57.041   400   452 D adayocomadapter-CommunicationManager: onUpstreamReceive isLoss 0 mPropertyId 0x214020c5
03-17 18:52:57.041   400   452 D adayocomadapter-CommunicationManager: convertBytesToInt32Memcpy  0
03-17 18:52:57.041   400   452 D vw-vhal : notifyVehicleProperty, propId = 0x214020c5, data = {status: 2, int32Values: [0]}
