03-17 18:52:57.472  2315  3257 D NetworkLiveData: defaultCallback onCapabilitiesChanged: [ Transports: WIFI Capabilities: NOT_METERED&INTERNET&NOT_RESTRICTED&TRUSTED&NOT_VPN&NOT_ROAMING&FOREGROUND&NOT_CONGESTED&NOT_SUSPENDED&NOT_VCN_MANAGED LinkUpBandwidth>=12000Kbps LinkDnBandwidth>=30000Kbps TransportInfo: <SSID: <unknown ssid>, BSSID: 02:00:00:00:00:00, MAC: 02:00:00:00:00:00, IP: /192.168.10.241, Security type: 2, Supplicant state: COMPLETED, Wi-Fi standard: 4, RSSI: -31, Link speed: 6Mbps, Tx Link speed: 6Mbps, Max Supported Tx Link speed: 72Mbps, Rx Link speed: 6Mbps, Max Supported Rx Link speed: 72Mbps, Frequency: 2412MHz, Net ID: -1, Metered hint: false, score: 60, isUsable: true, CarrierMerged: false, SubscriptionId: -1, IsPrimary: -1, Trusted: true, Restricted: false, Ephemeral: false, OEM paid: false, OEM private: false, OSU AP: false, FQDN: <none>, Provider friendly name: <none>, Requesting package name: <none><none>MLO Information: , Is TID-To-Link negotiation supported by the AP: false, AP MLD Address: <none>, AP MLO Link Id: <none>, AP MLO Affiliated links: <none>> SignalStrength: -31 UnderlyingNetworks: Null]
03-17 18:52:57.472  2315  3257 D NetworkLiveData: defaultCallback: Wi-Fi transport, validated=false
03-17 18:52:57.472   903  1070 D time_detector: clock no need updating: adayo sendBroadcast ntp time success 1773744777477
03-17 18:52:57.475   903  1088 I am_wtf  : [0,903,system_server,-1,ActivityManager,Sending non-protected broadcast com.adayo.ntp.recevie from system 903:system/1000 pkg android]
03-17 18:52:57.478  3059  3259 I VehicleManager: getCarDid
03-17 18:52:57.478  3059  3259 D CarPropertyManager: getProperty, propertyId: CNS_INFO_DEVICE_ID, areaId: 0x0
03-17 18:52:57.479   580  3946 I netd    : bandwidthRemoveInterfaceQuota(vlan_01) <5.75ms>
03-17 18:52:57.481  2106  2753 D CarPropertyService: mSyncGetSetPropertyOpCount: 1
03-17 18:52:57.481  2106  2753 I CAR.HAL : get, property Id: 554705038 // 0x2110208e, property name: CNS_INFO_DEVICE_ID areaId: 0 // 0x0
03-17 18:52:57.483   400   892 I DefaultVehicleHal_v2_0: getProp(0x2110208e)
03-17 18:52:57.483   400   892 D adayocomadapter-CommunicationManager: getProperty id=[554705038] getProperty  value 0 
03-17 18:52:57.483   400   892 D vw-vhal : CanSignalsAdapter::getVehicleProperty success: propId = 0x2110208e, data = {status: 2, stringValue: "L7X-00101.01.250001A001"}
03-17 18:52:57.483   400   892 I DefaultVehicleHal_v2_0: Get Property: {.timestamp = 111431429345, .areaId = 0, .prop = 554705038, .status = AVAILABLE, .value = {.int32Values = [0]{}, .floatValues = [0]{}, .int64Values = [0]{}, .bytes = [0]{}, .stringValue = "L7X-00101.01.250001A001"}}
03-17 18:52:57.484  2106  2753 I CAR.HAL : get, property Id: 554705038 // 0x2110208e, property name: CNS_INFO_DEVICE_ID areaId: 0 // 0x0
03-17 18:52:57.485   400   892 I DefaultVehicleHal_v2_0: getProp(0x2110208e)
03-17 18:52:57.485   400   892 D adayocomadapter-CommunicationManager: getProperty id=[554705038] getProperty  value 0 
03-17 18:52:57.485   400   892 D vw-vhal : CanSignalsAdapter::getVehicleProperty success: propId = 0x2110208e, data = {status: 2, stringValue: "L7X-00101.01.250001A001"}
03-17 18:52:57.485   400   892 I DefaultVehicleHal_v2_0: Get Property: {.timestamp = 111432809011, .areaId = 0, .prop = 554705038, .status = AVAILABLE, .value = {.int32Values = [0]{}, .floatValues = [0]{}, .int64Values = [0]{}, .bytes = [0]{}, .stringValue = "L7X-00101.01.250001A001"}}
03-17 18:52:57.485  2106  2753 D CarPropertyService: mSyncGetSetPropertyOpCount: 0
03-17 18:52:57.486  1646  1646 I TimeSyncService: TimeSyncService$5->onReceive()249:waitForBroadcast: action=com.adayo.ntp.recevie     ---2:main
03-17 18:52:57.487   580  3946 I netd    : bandwidthSetInterfaceQuota(vlan_01, 9223372036854775807) <4.39ms>
03-17 18:52:57.488  1646  1646 I TimeSyncService: TimeSyncService$5->onReceive()263:waitForBroadcast: ntpTimeMs=1773744777477stringExtra1773744777477iscountdown:false     ---2:main
03-17 18:52:57.491  1867  1947 I AccountLifecycleObserver: getAuthToken: serviceId: HybridSds-V1, token is isNullOrEmpty?: true, url: {"wss.url":"wss://api-c-ws-uat.mosc.faw-vw.com/j01/hu/voice","ugate":"https://api-c-uat.mosc.faw-vw.com/j01/hu/voice"}
03-17 18:52:57.492   580  3946 I netd    : bandwidthRemoveInterfaceQuota(vlan_08) <3.98ms>
03-17 18:52:57.494   580  9161 I resolv  : GetAddrInfoHandler::run: {108 108 108 983148 10053 0}
03-17 18:52:57.494   580  9161 D resolv  : resolv_getaddrinfo: explore_fqdn(): ai_family=0 ai_socktype=1 ai_protocol=6
03-17 18:52:57.494   903  1260 D ConnectivityService: sending notification CALLBACK_AVAILABLE for NetworkRequest [ LISTEN id=57, [ Transports: WIFI Capabilities: INTERNET&NOT_RESTRICTED&TRUSTED&NOT_VPN&NOT_VCN_MANAGED Uid: 1000 RequestorUid: 1000 RequestorPkg: android UnderlyingNetworks: Null] ]
03-17 18:52:57.496  2106  2460 D CAR.DIAGNOSTIC: Entry - Type: 0x01, ServiceId: 0x2048, InstanceId: 0x0001, MajorVersion: 0x01FFFFFF, TTL: 0
03-17 18:52:57.496   580  9162 D resolv  : doQuery: (1, 1)
03-17 18:52:57.496   580  9162 I resolv  : res_nmkquery: (QUERY, IN, A)
03-17 18:52:57.496  2106  2460 D CAR.DIAGNOSTIC: Entry - Type: 0x01, ServiceId: 0x5555, InstanceId: 0x0001, MajorVersion: 0x01FFFFFF, TTL: 0
03-17 18:52:57.496   580  9162 D resolv  : res_nsend
03-17 18:52:57.496  2106  2460 W CAR.DIAGNOSTIC: Not enough data for option indices: needed 128, remaining 52
03-17 18:52:57.496   580  9162 D resolv  : resolv_cache_lookup: lookup
03-17 18:52:57.496   580  9162 D resolv  : resolv_cache_lookup: NOT IN CACHE
03-17 18:52:57.496   580  9162 D resolv  : resolv_populate_res_for_net: netid=108
03-17 18:52:57.496   580  9162 D resolv  : res_stats_usable_server: NS stats: S 1 + E 0 + T 0 + I 0 = 1, rtt = 8, min_samples = 8
03-17 18:52:57.496  2106  2458 D CAR.DIAGNOSTIC: Entry - Type: 0x01, ServiceId: 0x2048, InstanceId: 0x0001, MajorVersion: 0x01FFFFFF, TTL: 0
03-17 18:52:57.496   580  9162 D resolv  : res_nsend: Querying server (# 1) address = 192.168.10.1:53
03-17 18:52:57.497  2106  2458 D CAR.DIAGNOSTIC: Entry - Type: 0x01, ServiceId: 0x5555, InstanceId: 0x0001, MajorVersion: 0x01FFFFFF, TTL: 0
03-17 18:52:57.497  2106  2458 W CAR.DIAGNOSTIC: Not enough data for option indices: needed 128, remaining 52
03-17 18:52:57.497   580  9162 D resolv  : send_dg: new DG socket
03-17 18:52:57.497   580  3946 I netd    : bandwidthSetInterfaceQuota(vlan_08, 9223372036854775807) <4.41ms>
03-17 18:52:57.497   580  9162 D resolv  : get_timeout: using timeout of 5000 msec
03-17 18:52:57.497   580  9162 D resolv  : retrying_poll: 48 retrying_poll
03-17 18:52:57.497   582  3616 E WifiHAL : Invalid data received from driver
03-17 18:52:57.498   903  1260 D ConnectivityService: sending notification CALLBACK_AVAILABLE for NetworkRequest [ LISTEN id=21, [ Transports: WIFI Capabilities: NOT_RESTRICTED&TRUSTED&NOT_VPN&NOT_VCN_MANAGED Uid: 1000 RequestorUid: 1000 RequestorPkg: com.vendor.fawvw.fawsystemserver UnderlyingNetworks: Null] ]
03-17 18:52:57.498  2106  2450 D CAR.DIAGNOSTIC: Entry - Type: 0x01, ServiceId: 0x2048, InstanceId: 0x0001, MajorVersion: 0x01FFFFFF, TTL: 0
03-17 18:52:57.498  2106  2450 D CAR.DIAGNOSTIC: Entry - Type: 0x01, ServiceId: 0x5555, InstanceId: 0x0001, MajorVersion: 0x01FFFFFF, TTL: 0
03-17 18:52:57.498  2106  2450 W CAR.DIAGNOSTIC: Not enough data for option indices: needed 128, remaining 52
03-17 18:52:57.498   903  1289 I WifiService: getPrivilegedConnectedNetwork uid=1000
03-17 18:52:57.498   903  1260 D ConnectivityService: sending notification CALLBACK_AVAILABLE for NetworkRequest [ LISTEN id=8, [ Capabilities: FOREGROUND RequestorUid: 1000 RequestorPkg: android UnderlyingNetworks: Null] ]
03-17 18:52:57.499  1430  1784 I FawConnectService: onAvailable
03-17 18:52:57.500   903  1289 D InstantWifi: Receive Wifi is connected, freq =  2412 and currentNetworkId : 0, wifiinfo = SSID: <unknown ssid>, BSSID: 02:00:00:00:00:00, MAC: 02:00:00:00:00:00, IP: /192.168.10.241, Security type: 2, Supplicant state: COMPLETED, Wi-Fi standard: 4, RSSI: -31, Link speed: 6Mbps, Tx Link speed: 6Mbps, Max Supported Tx Link speed: 72Mbps, Rx Link speed: 6Mbps, Max Supported Rx Link speed: 72Mbps, Frequency: 2412MHz, Net ID: -1, Metered hint: false, score: 60, isUsable: true, CarrierMerged: false, SubscriptionId: -1, IsPrimary: 1, Trusted: true, Restricted: false, Ephemeral: false, OEM paid: false, OEM private: false, OSU AP: false, FQDN: <none>, Provider friendly name: <none>, Requesting package name: <none><none>MLO Information: , Is TID-To-Link negotiation supported by the AP: false, AP MLD Address: <none>, AP MLO Link Id: <none>, AP MLO Affiliated links: <none>
03-17 18:52:57.501   903  1260 D ConnectivityService: sending notification CALLBACK_AVAILABLE for NetworkRequest [ LISTEN id=5, [ Capabilities: FOREGROUND RequestorUid: 1000 RequestorPkg: android UnderlyingNetworks: Null] ]
03-17 18:52:57.498  1430  1430 I auditd  : type=1400 audit(0.0:9947): avc:  denied  { write } for  comm="ConnectivityThr" name="property_service" dev="tmpfs" ino=419 scontext=u:r:fawvwservice_app:s0 tcontext=u:object_r:property_socket:s0 tclass=sock_file permissive=0
03-17 18:52:57.498  1430  1430 W ConnectivityThr: type=1400 audit(0.0:9947): avc:  denied  { write } for  name="property_service" dev="tmpfs" ino=419 scontext=u:r:fawvwservice_app:s0 tcontext=u:object_r:property_socket:s0 tclass=sock_file permissive=0
03-17 18:52:57.501  1430  1784 W libc    : Unable to set property "faw.ota.network.status" to "wifi": connection failed; errno=13 (Permission denied)
03-17 18:52:57.502   580  3946 I netd    : bandwidthRemoveInterfaceQuota(vlan_07) <4.06ms>
03-17 18:52:57.502   903  1289 D JobScheduler.Connectivity: Using BG bypass for 10029
03-17 18:52:57.502   903  1260 D ConnectivityService: sending notification CALLBACK_AVAILABLE for NetworkRequest [ LISTEN id=24, [ Transports: WIFI Capabilities: NOT_RESTRICTED&TRUSTED&NOT_VPN&NOT_VCN_MANAGED Uid: 1000 RequestorUid: 1000 RequestorPkg: com.fawvw.hmi.j01.ota UnderlyingNetworks: Null] ]
03-17 18:52:57.502  1430  1784 E SystemProp: Failed to set property: faw.ota.network.status
03-17 18:52:57.502  1430  1784 E SystemProp: java.lang.RuntimeException: failed to set system property (check logcat for reason)
03-17 18:52:57.502  1430  1784 E SystemProp: 	at android.os.SystemProperties.native_set(Native Method)
03-17 18:52:57.502  1430  1784 E SystemProp: 	at android.os.SystemProperties.set(SystemProperties.java:235)
03-17 18:52:57.502  1430  1784 E SystemProp: 	at com.vendor.fawvw.fawsystemserver.FawConnectService.updateProperty(FawConnectService.java:154)
03-17 18:52:57.502  1430  1784 E SystemProp: 	at com.vendor.fawvw.fawsystemserver.FawConnectService.checkWifiStatus(FawConnectService.java:89)
03-17 18:52:57.502  1430  1784 E SystemProp: 	at com.vendor.fawvw.fawsystemserver.FawConnectService.-$$Nest$mcheckWifiStatus(Unknown Source:0)
03-17 18:52:57.502  1430  1784 E SystemProp: 	at com.vendor.fawvw.fawsystemserver.FawConnectService$1.onAvailable(FawConnectService.java:65)
03-17 18:52:57.502  1430  1784 E SystemProp: 	at android.net.ConnectivityManager$NetworkCallback.onAvailable(ConnectivityManager.java:3954)
03-17 18:52:57.502  1430  1784 E SystemProp: 	at android.net.ConnectivityManager$NetworkCallback.onAvailable(ConnectivityManager.java:3936)
03-17 18:52:57.502  1430  1784 E SystemProp: 	at android.net.ConnectivityManager$CallbackHandler.handleMessage(ConnectivityManager.java:4263)
03-17 18:52:57.502  1430  1784 E SystemProp: 	at android.os.Handler.dispatchMessage(Handler.java:106)
03-17 18:52:57.502  1430  1784 E SystemProp: 	at android.os.Looper.loopOnce(Looper.java:205)
03-17 18:52:57.502  1430  1784 E SystemProp: 	at android.os.Looper.loop(Looper.java:294)
03-17 18:52:57.502  1430  1784 E SystemProp: 	at android.os.HandlerThread.run(HandlerThread.java:67)
03-17 18:52:57.502   903  1260 D ConnectivityService: sending notification CALLBACK_AVAILABLE for NetworkRequest [ LISTEN id=43, [ Capabilities: NOT_METERED&INTERNET&NOT_RESTRICTED&TRUSTED&NOT_VPN&NOT_VCN_MANAGED Uid: 10064 RequestorUid: 10064 RequestorPkg: com.fawvw.vehicle.navi.j01app UnderlyingNetworks: Null] ]
03-17 18:52:57.503   903  1260 D ConnectivityService: sending notification CALLBACK_AVAILABLE for NetworkRequest [ LISTEN id=19, [ Transports: WIFI Capabilities: NOT_RESTRICTED&TRUSTED&NOT_VPN&NOT_VCN_MANAGED Uid: 1073 RequestorUid: 1073 RequestorPkg: com.android.networkstack UnderlyingNetworks: Null] ]
03-17 18:52:57.504  2315  3257 D NetworkLiveData: registerNetworkCallback defaultCallback onCapabilitiesChanged: [ Transports: WIFI Capabilities: NOT_METERED&INTERNET&NOT_RESTRICTED&TRUSTED&NOT_VPN&NOT_ROAMING&FOREGROUND&NOT_CONGESTED&NOT_SUSPENDED&NOT_VCN_MANAGED LinkUpBandwidth>=12000Kbps LinkDnBandwidth>=30000Kbps TransportInfo: <SSID: <unknown ssid>, BSSID: 02:00:00:00:00:00, MAC: 02:00:00:00:00:00, IP: /192.168.10.241, Security type: 2, Supplicant state: COMPLETED, Wi-Fi standard: 4, RSSI: -31, Link speed: 6Mbps, Tx Link speed: 6Mbps, Max Supported Tx Link speed: 72Mbps, Rx Link speed: 6Mbps, Max Supported Rx Link speed: 72Mbps, Frequency: 2412MHz, Net ID: -1, Metered hint: false, score: 60, isUsable: true, CarrierMerged: false, SubscriptionId: -1, IsPrimary: -1, Trusted: true, Restricted: false, Ephemeral: false, OEM paid: false, OEM private: false, OSU AP: false, FQDN: <none>, Provider friendly name: <none>, Requesting package name: <none><none>MLO Information: , Is TID-To-Link negotiation supported by the AP: false, AP MLD Address: <none>, AP MLO Link Id: <none>, AP MLO Affiliated links: <none>> SignalStrength: -31 UnderlyingNetworks: Null]
03-17 18:52:57.504   903  1260 D ConnectivityService: sending notification CALLBACK_AVAILABLE for NetworkRequest [ LISTEN id=9, [ Capabilities: NOT_RESTRICTED&TRUSTED&NOT_VPN&FOREGROUND&NOT_VCN_MANAGED Uid: 1000 RequestorUid: 1000 RequestorPkg: android UnderlyingNetworks: Null] ]
03-17 18:52:57.504  2315  3257 D NetworkLiveData: registerNetworkCallback: Wi-Fi transport, validated=false
03-17 18:52:57.505  2503  2827 D OTAService: onCapabilitiesChanged: 108,[ Transports: WIFI Capabilities: NOT_METERED&INTERNET&NOT_RESTRICTED&TRUSTED&NOT_VPN&NOT_ROAMING&FOREGROUND&NOT_CONGESTED&NOT_SUSPENDED&NOT_VCN_MANAGED LinkUpBandwidth>=12000Kbps LinkDnBandwidth>=30000Kbps TransportInfo: <SSID: <unknown ssid>, BSSID: 02:00:00:00:00:00, MAC: 02:00:00:00:00:00, IP: /192.168.10.241, Security type: 2, Supplicant state: COMPLETED, Wi-Fi standard: 4, RSSI: -31, Link speed: 6Mbps, Tx Link speed: 6Mbps, Max Supported Tx Link speed: 72Mbps, Rx Link speed: 6Mbps, Max Supported Rx Link speed: 72Mbps, Frequency: 2412MHz, Net ID: -1, Metered hint: false, score: 60, isUsable: true, CarrierMerged: false, SubscriptionId: -1, IsPrimary: 1, Trusted: true, Restricted: false, Ephemeral: false, OEM paid: false, OEM private: false, OSU AP: false, FQDN: <none>, Provider friendly name: <none>, Requesting package name: <none><none>MLO Information: , Is TID-To-Link negotiation supported by the AP: false, AP MLD Address: <none>, AP MLO Link Id: <none>, AP MLO Affiliated links: <none>> SignalStrength: -31 AdminUids: [1000] SSID: "Cudy-6C60" UnderlyingNetworks: Null]
03-17 18:52:57.505   903  1260 D ConnectivityService: sending notification CALLBACK_AVAILABLE for NetworkRequest [ LISTEN id=56, [ Transports: WIFI Capabilities: NOT_VPN RequestorUid: 1000 RequestorPkg: com.fawvw.hmi.bev.carapp UnderlyingNetworks: Null] ]
03-17 18:52:57.505  2503  2827 I OTAServiceNative: notifyWifiConnectStatus 0
03-17 18:52:57.505   903  1260 D ConnectivityService: sending notification CALLBACK_AVAILABLE for NetworkRequest [ LISTEN id=11, [ Capabilities: NOT_RESTRICTED&TRUSTED&NOT_VPN&NOT_VCN_MANAGED Uid: 1000 RequestorUid: 1000 RequestorPkg: android UnderlyingNetworks: Null] ]
03-17 18:52:57.506   806   806 I adbd    : AdaTest:transport UsbFfs opening service shell,v2:getprop
03-17 18:52:57.506   903  1260 D ConnectivityService: sending notification CALLBACK_AVAILABLE for NetworkRequest [ LISTEN id=25, [ Transports: WIFI Capabilities: INTERNET&TRUSTED&NOT_VPN&NOT_VCN_MANAGED Uid: 1001 RequestorUid: 1001 RequestorPkg: com.android.phone UnderlyingNetworks: Null] ]
03-17 18:52:57.506   806   806 I adbd    : AdaTest:adb.password.Enable is true
03-17 18:52:57.506   806   806 I adbd    : AdaTest:will enter ShellService
03-17 18:52:57.506   806   806 I adbd    : AdaTest:enter ShellService
03-17 18:52:57.506   806   806 I adbd    : AdaTest:adb.password.Enable is Enable
03-17 18:52:57.506   806   806 I adbd    : AdaTest:return unique_fd{}
03-17 18:52:57.506   806   806 I adbd    : auth_fd.get() == -1
03-17 18:52:57.507   903  1289 I JobScheduler.Connectivity: Connectivity unchanged for JobStatus{4993a63 #u0a29/100 com.huawei.hiviewlite/.UploadJobService u=0 s=10029 TIME=-18s103ms:-18s103ms NET PERSISTED READY}: usable=true satisfied=false
03-17 18:52:57.507   580  3946 I netd    : bandwidthSetInterfaceQuota(vlan_07, 9223372036854775807) <4.86ms>
03-17 18:52:57.507   903  1260 D ConnectivityService: sending notification CALLBACK_AVAILABLE for NetworkRequest [ LISTEN id=10, [ RequestorUid: 1000 RequestorPkg: android UnderlyingNetworks: Null] ]
03-17 18:52:57.508   903  1289 D JobScheduler.Connectivity: Using BG bypass for 10017
03-17 18:52:57.508   903  1260 D ConnectivityService: Sending DISCONNECTED broadcast for type 9 [103 ETHERNET] isDefaultNetwork=true
03-17 18:52:57.508   903  1260 D ConnectivityService: sendStickyBroadcast: action=android.net.conn.CONNECTIVITY_CHANGE
03-17 18:52:57.508   806   806 I adbd    : AdaTest:transport UsbFfs opening service shell,v2:getprop
03-17 18:52:57.508   903  1260 W ContextImpl: Calling a method in the system process without a qualified user: android.app.ContextImpl.sendStickyBroadcast:1626 android.net.connectivity.com.android.server.ConnectivityService.sendStickyBroadcast:3333 android.net.connectivity.com.android.server.ConnectivityService.sendLegacyNetworkBroadcast:10378 android.net.connectivity.com.android.server.ConnectivityService$LegacyTypeTracker.remove:1201 android.net.connectivity.com.android.server.ConnectivityService.updateLegacyTypeTrackerAndVpnLockdownForRematch:9867 
03-17 18:52:57.508   806   806 I adbd    : AdaTest:adb.password.Enable is true
03-17 18:52:57.508   806   806 I adbd    : AdaTest:will enter ShellService
03-17 18:52:57.508   806   806 I adbd    : AdaTest:enter ShellService
03-17 18:52:57.508   806   806 I adbd    : AdaTest:adb.password.Enable is Enable
03-17 18:52:57.508   806   806 I adbd    : AdaTest:return unique_fd{}
03-17 18:52:57.509   806   806 I adbd    : auth_fd.get() == -1
03-17 18:52:57.509   903  1289 I JobScheduler.Connectivity: Connectivity unchanged for JobStatus{cf5941c #u0a17/0 com.android.statementservice/androidx.work.impl.background.systemjob.SystemJobService u=0 s=10017 TIME=-58s889ms:none NET IDLE satisfied:0x8b400000 unsatisfied:0x10000004}: usable=true satisfied=false
03-17 18:52:57.510   903  1289 D NetworkPolicy: Meteredness of netId=108 changed to false
03-17 18:52:57.510   903  1289 D NetworkPolicy: Roaming of netId=108 changed to false
03-17 18:52:57.510   580  9162 D resolv  : retrying_poll: 48 retrying_poll returning 1
03-17 18:52:57.510   580  9162 I resolv  : res_nsend: used send_dg 59 terrno: 0
03-17 18:52:57.510   580  9162 D resolv  : res_stats_set_sample: rcode = 0, sec = 13
03-17 18:52:57.510   580  9162 D resolv  : res_cache_add_stats_sample_locked: adding sample to stats, next = 1, count = 1
03-17 18:52:57.510   580  9162 D resolv  : res_nsend: got answer:
03-17 18:52:57.510   580  9162 D resolv  : answer_getTTL: TTL = 882
03-17 18:52:57.510   580  9162 D resolv  : _cache_add_p: entry 2 added (count=2)
03-17 18:52:57.511   580  9162 D resolv  : cache_dump_mru_locked: MRU LIST ( 2):  2 1
03-17 18:52:57.511   580  9162 I resolv  : doQuery: rcode=0, ancount=1, return value=59
03-17 18:52:57.512  3059  3259 D TrafficStats: tagSocket(111) with statsTag=0xffffffff, statsUid=-1
03-17 18:52:57.512   903  1289 D NetworkPolicy: Interfaces of netId=108 changed to {wlan0}
03-17 18:52:57.513   580  3946 I netd    : bandwidthRemoveInterfaceQuota(vlan_15) <5.21ms>
03-17 18:52:57.514   903   903 D NetworkPolicy: Blocked state of 1000: {blocked=NONE,allowed=RESTRICTED_MODE_PERMISSIONS,effective=NONE}
03-17 18:52:57.515   903   903 D NetworkPolicy: Blocked state of 1000: {blocked=NONE,allowed=RESTRICTED_MODE_PERMISSIONS,effective=NONE}
03-17 18:52:57.516   903   903 I notification_cancel: [1073,1513,com.android.networkstack.tethering,1002,NULL,-1,0,33856,8,NULL]
03-17 18:52:57.516  2383  2600 D AdayoDoipServer294_Doip: [ne_doip_event_loop_dispatch][line:141] : count = 0
03-17 18:52:57.517   580   630 D TetherController: Setting IP forward enable = 1
03-17 18:52:57.517  1566  1566 W ConnectionManager: mTboxNetworkManager is null
03-17 18:52:57.517  1566  1566 D ConnectionManager: apnANetEnable = false
03-17 18:52:57.517   580   630 I netd    : ipfwdEnableForwarding(tethering) <0.28ms>
03-17 18:52:57.517   903  1180 D NetworkPolicy: Blocked state of 1000: {blocked=NONE,allowed=RESTRICTED_MODE_PERMISSIONS,effective=NONE}
03-17 18:52:57.517   580   630 I netd    : tetherAddForward(eth0, wlan0) <0.01ms>
03-17 18:52:57.518   580  3946 I netd    : bandwidthSetInterfaceQuota(vlan_15, 9223372036854775807) <4.18ms>
03-17 18:52:57.518   580   630 I netd    : ipfwdAddInterfaceForward(eth0, wlan0) <0.24ms>
03-17 18:52:57.519  1763  1763 D BroadcastRefreshStrategy: action = android.net.conn.CONNECTIVITY_CHANGE
03-17 18:52:57.519   903  1260 D ConnectivityService: Ethernet enabling NAT 
03-17 18:52:57.520  1566  1566 D ConnectionManager: 连接到网络：true| -------------------------
03-17 18:52:57.520   903  1833 D NetworkPolicy: Blocked state of 10036: {blocked=NONE,allowed=FOREGROUND|TOP|METERED_FOREGROUND,effective=NONE}
03-17 18:52:57.520  1566  1566 D ConnectionManager: 车机网络 net access
03-17 18:52:57.520  1566  1566 D ConnectionManager: 网络判断
03-17 18:52:57.520  1566  1566 W ConnectionManager: mTboxNetworkManager is null
03-17 18:52:57.520  1566  1566 D ConnectionManager: apnANetEnable = false
03-17 18:52:57.520   903  1260 D ConnectivityService: Sending CONNECTED broadcast for type 1 [108 WIFI] isDefaultNetwork=true
03-17 18:52:57.521   903  1260 D ConnectivityService: sendStickyBroadcast: action=android.net.conn.CONNECTIVITY_CHANGE
03-17 18:52:57.521   903  1180 D NetworkPolicy: Blocked state of 1000: {blocked=NONE,allowed=RESTRICTED_MODE_PERMISSIONS,effective=NONE}
03-17 18:52:57.521   903  1260 W ContextImpl: Calling a method in the system process without a qualified user: android.app.ContextImpl.sendStickyBroadcast:1626 android.net.connectivity.com.android.server.ConnectivityService.sendStickyBroadcast:3333 android.net.connectivity.com.android.server.ConnectivityService.sendGeneralBroadcast:3303 android.net.connectivity.com.android.server.ConnectivityService.sendConnectedBroadcast:3276 android.net.connectivity.com.android.server.ConnectivityService.sendLegacyNetworkBroadcast:10350 
03-17 18:52:57.523  1566  1566 D ConnectionManager: 连接到网络：true| -------------------------
03-17 18:52:57.523  1566  1566 I ConnectionManager: onReceive isNetworkAvailable :true
03-17 18:52:57.523  1566  1566 D AccountUtils: getAccountId accountId:#anonymousGuest#
03-17 18:52:57.523  1566  1566 D GbtAccountInfoManager: getSecurityData accountId: #anonymousGuest#
03-17 18:52:57.523  1566  1566 D GbtSecurityDataPersistenceOverSp: getSecurityData securityDataString: {"errorCode":0,"loginID":"#anonymousGuest#","version":0,"voicecollection":{"authorizationDuration":-2,"recentAgreeDate":"2026-03-14","recentRejectDate":"2026-03-14","status":false},"voiceUploading":{"authorizationDuration":-2,"recentAgreeDate":"2026-03-14","recentRejectDate":"1990-1-1","status":false}}
03-17 18:52:57.523   580   630 I netd    : bandwidthRemoveInterfaceQuota(vlan_16) <4.17ms>
03-17 18:52:57.523  1566  1566 D GbtAccountInfoManager: tryRecovery originalData: GbtAccountParamBean{errorCode=0, loginId='#anonymousGuest#', version='0', voiceUploading=DataBean{authorizationDuration='-2', recentAgreeDate='2026-03-14', recentRejectDate='1990-1-1', status=false}, voiceCollection=DataBean{authorizationDuration='-2', recentAgreeDate='2026-03-14', recentRejectDate='2026-03-14', status=false}}
03-17 18:52:57.523  1566  1566 W ConnectionManager: mTboxNetworkManager is null
03-17 18:52:57.523  1566  1566 D ConnectionManager: apnANetEnable = false
03-17 18:52:57.524   903  1833 D NetworkPolicy: Blocked state of 1000: {blocked=NONE,allowed=RESTRICTED_MODE_PERMISSIONS,effective=NONE}
03-17 18:52:57.526   903  1260 I ApnUtil : clearPkgApnData
03-17 18:52:57.527   903  1260 W ContextImpl: Calling a method in the system process without a qualified user: android.app.ContextImpl.sendBroadcast:1220 android.net.connectivity.com.android.server.connectivity.ApnUtil.clearPkgApnData:193 android.net.connectivity.com.android.server.ConnectivityService.sendLegacyNetworkBroadcast:10387 android.net.connectivity.com.android.server.ConnectivityService$LegacyTypeTracker.add:1177 android.net.connectivity.com.android.server.ConnectivityService.updateLegacyTypeTrackerAndVpnLockdownForRematch:9875 
03-17 18:52:57.527   903   903 D NetworkPolicy: Blocked state of 1000: {blocked=NONE,allowed=RESTRICTED_MODE_PERMISSIONS,effective=NONE}
03-17 18:52:57.528   903   903 D NetworkPolicy: Blocked state of 1000: {blocked=NONE,allowed=RESTRICTED_MODE_PERMISSIONS,effective=NONE}
03-17 18:52:57.528   580   630 I netd    : bandwidthSetInterfaceQuota(vlan_16, 9223372036854775807) <4.56ms>
03-17 18:52:57.529  1566  1566 D ConnectionManager: 连接到网络：true| -------------------------
03-17 18:52:57.529  1566  1566 D ConnectionManager: 车机网络 net access
03-17 18:52:57.529  1566  1566 D ConnectionManager: 1S内多次执行，不执行操作
03-17 18:52:57.529  1566  1566 W ConnectionManager: mTboxNetworkManager is null
03-17 18:52:57.529  1566  1566 D ConnectionManager: apnANetEnable = false
03-17 18:52:57.530   903  1806 D NetworkPolicy: Blocked state of 1000: {blocked=NONE,allowed=RESTRICTED_MODE_PERMISSIONS,effective=NONE}
03-17 18:52:57.530  1763  1763 D BroadcastRefreshStrategy: action = android.net.conn.CONNECTIVITY_CHANGE
03-17 18:52:57.531   903  2917 D NetworkPolicy: Blocked state of 10036: {blocked=NONE,allowed=FOREGROUND|TOP|METERED_FOREGROUND,effective=NONE}
03-17 18:52:57.531   903  1260 E ActivityManager: Sending non-protected broadcast adayo.bind.process.network.close from system 903:system/1000 pkg android
03-17 18:52:57.531   903  1260 E ActivityManager: java.lang.Throwable
03-17 18:52:57.531   903  1260 E ActivityManager: 	at com.android.server.am.ActivityManagerService.checkBroadcastFromSystem(ActivityManagerService.java:14408)
03-17 18:52:57.531   903  1260 E ActivityManager: 	at com.android.server.am.ActivityManagerService.broadcastIntentLockedTraced(ActivityManagerService.java:15235)
03-17 18:52:57.531   903  1260 E ActivityManager: 	at com.android.server.am.ActivityManagerService.broadcastIntentLocked(ActivityManagerService.java:14474)
03-17 18:52:57.531   903  1260 E ActivityManager: 	at com.android.server.am.ActivityManagerService.broadcastIntentWithFeature(ActivityManagerService.java:15440)
03-17 18:52:57.531   903  1260 E ActivityManager: 	at android.app.ContextImpl.sendBroadcast(ContextImpl.java:1224)
03-17 18:52:57.531   903  1260 E ActivityManager: 	at android.net.connectivity.com.android.server.connectivity.ApnUtil.clearPkgApnData(ApnUtil.java:193)
03-17 18:52:57.531   903  1260 E ActivityManager: 	at android.net.connectivity.com.android.server.ConnectivityService.sendLegacyNetworkBroadcast(ConnectivityService.java:10387)
03-17 18:52:57.531   903  1260 E ActivityManager: 	at android.net.connectivity.com.android.server.ConnectivityService$LegacyTypeTracker.add(ConnectivityService.java:1177)
03-17 18:52:57.531   903  1260 E ActivityManager: 	at android.net.connectivity.com.android.server.ConnectivityService.updateLegacyTypeTrackerAndVpnLockdownForRematch(ConnectivityService.java:9875)
03-17 18:52:57.531   903  1260 E ActivityManager: 	at android.net.connectivity.com.android.server.ConnectivityService.applyNetworkReassignment(ConnectivityService.java:9810)
03-17 18:52:57.531   903  1260 E ActivityManager: 	at android.net.connectivity.com.android.server.ConnectivityService.rematchNetworksAndRequests(ConnectivityService.java:9722)
03-17 18:52:57.531   903  1260 E ActivityManager: 	at android.net.connectivity.com.android.server.ConnectivityService.rematchAllNetworksAndRequests(ConnectivityService.java:9708)
03-17 18:52:57.531   903  1260 E ActivityManager: 	at android.net.connectivity.com.android.server.ConnectivityService.updateNetworkInfo(ConnectivityService.java:10206)
03-17 18:52:57.531   903  1260 E ActivityManager: 	at android.net.connectivity.com.android.server.ConnectivityService.-$$Nest$mupdateNetworkInfo(ConnectivityService.java:0)
03-17 18:52:57.531   903  1260 E ActivityManager: 	at android.net.connectivity.com.android.server.ConnectivityService$NetworkStateTrackerHandler.maybeHandleNetworkAgentMessage(ConnectivityService.java:3932)
03-17 18:52:57.531   903  1260 E ActivityManager: 	at android.net.connectivity.com.android.server.ConnectivityService$NetworkStateTrackerHandler.handleMessage(ConnectivityService.java:4297)
03-17 18:52:57.531   903  1260 E ActivityManager: 	at android.os.Handler.dispatchMessage(Handler.java:106)
03-17 18:52:57.531   903  1260 E ActivityManager: 	at android.os.Looper.loopOnce(Looper.java:205)
03-17 18:52:57.531   903  1260 E ActivityManager: 	at android.os.Looper.loop(Looper.java:294)
03-17 18:52:57.531   903  1260 E ActivityManager: 	at android.os.HandlerThread.run(HandlerThread.java:67)
03-17 18:52:57.531  1566  3186 D TboxNetworkManager: tboxNetworkbinder=null
03-17 18:52:57.532   903  1088 I am_wtf  : [0,903,system_server,-1,ActivityManager,Sending non-protected broadcast adayo.bind.process.network.close from system 903:system/1000 pkg android]
03-17 18:52:57.533   679  1495 I gps_hdbd: [gps_upgrade_thread 3403]Enter
03-17 18:52:57.533  6654  6700 D TimerTriggerManager: init instance...
03-17 18:52:57.533  1566  1566 D ConnectionManager: 连接到网络：true| -------------------------
03-17 18:52:57.533  1566  1566 D ConnectionManager: 车机网络 net access
03-17 18:52:57.533   679  1495 I gps_hdbd: [gps_upgrade_thread 3432] sys.gps.update:0 ,file:not ,upgrate_ing:0
03-17 18:52:57.533   903  1260 D NetworkRanker: mightBeat: isEth && mCoExist return true
03-17 18:52:57.533  1566  1566 D ConnectionManager: 1S内多次执行，不执行操作
03-17 18:52:57.533   903  1260 D NetworkRanker: mightBeat: isEth && mCoExist return true
03-17 18:52:57.533  1566  1566 W ConnectionManager: mTboxNetworkManager is null
03-17 18:52:57.533   903  1260 D NetworkRanker: mightBeat: isEth && mCoExist return true
03-17 18:52:57.533  1566  1566 D ConnectionManager: apnANetEnable = false
03-17 18:52:57.533   903  1260 D NetworkRanker: mightBeat: isEth && mCoExist return true
03-17 18:52:57.533   903  1260 D NetworkRanker: mightBeat: isEth && mCoExist return true
03-17 18:52:57.533   903  1260 D NetworkRanker: mightBeat: isEth && mCoExist return true
03-17 18:52:57.533   903  1260 D NetworkRanker: mightBeat: isEth && mCoExist return true
03-17 18:52:57.533   903  1260 D NetworkRanker: mightBeat: isEth && mCoExist return true
03-17 18:52:57.533   903  1260 D NetworkRanker: mightBeat: isEth && mCoExist return true
03-17 18:52:57.533   903  1260 D NetworkRanker: mightBeat: isEth && mCoExist return true
03-17 18:52:57.533   903  1260 D NetworkRanker: mightBeat: isEth && mCoExist return true
03-17 18:52:57.533   903  1260 D NetworkRanker: mightBeat: isEth && mCoExist return true
03-17 18:52:57.533   903  1260 D NetworkRanker: mightBeat: isEth && mCoExist return true
03-17 18:52:57.533   903  1260 D NetworkRanker: mightBeat: isEth && mCoExist return true
03-17 18:52:57.533   903  1260 D NetworkRanker: mightBeat: isEth && mCoExist return true
03-17 18:52:57.533   903  1260 D NetworkRanker: mightBeat: isEth && mCoExist return true
03-17 18:52:57.533   903  1260 D NetworkRanker: mightBeat: isEth && mCoExist return true
03-17 18:52:57.533   903  1260 D NetworkRanker: mightBeat: isEth && mCoExist return true
03-17 18:52:57.533   903  1260 D NetworkRanker: mightBeat: isEth && mCoExist return true
03-17 18:52:57.534   903  1260 D NetworkRanker: mightBeat: isEth && mCoExist return true
03-17 18:52:57.534   903  1260 D NetworkRanker: mightBeat: isEth && mCoExist return true
03-17 18:52:57.534   903  1260 D NetworkRanker: mightBeat: isEth && mCoExist return true
03-17 18:52:57.534   903  1260 D NetworkRanker: mightBeat: isEth && mCoExist return true
03-17 18:52:57.534   903  1260 D NetworkRanker: mightBeat: isEth && mCoExist return true
03-17 18:52:57.534   903  1260 D NetworkRanker: mightBeat: isEth && mCoExist return true
03-17 18:52:57.534   903  1260 D NetworkRanker: mightBeat: isEth && mCoExist return true
03-17 18:52:57.534   903  1260 D NetworkRanker: mightBeat: isEth && mCoExist return true
03-17 18:52:57.534   903  1260 D NetworkRanker: mightBeat: isEth && mCoExist return true
03-17 18:52:57.534   903  1260 D NetworkRanker: mightBeat: isEth && mCoExist return true
03-17 18:52:57.534   903  1260 D NetworkRanker: mightBeat: isEth && mCoExist return true
03-17 18:52:57.534   903  2917 D NetworkPolicy: Blocked state of 1000: {blocked=NONE,allowed=RESTRICTED_MODE_PERMISSIONS,effective=NONE}
03-17 18:52:57.534   903  1260 D NetworkRanker: mightBeat: isEth && mCoExist return true
03-17 18:52:57.534   903  1260 D NetworkRanker: mightBeat: isEth && mCoExist return true
03-17 18:52:57.534   903  1260 D NetworkRanker: mightBeat: isEth && mCoExist return true
03-17 18:52:57.534   903  1260 D NetworkRanker: mightBeat: isEth && mCoExist return true
03-17 18:52:57.534   903  1260 D NetworkRanker: mightBeat: isEth && mCoExist return true
03-17 18:52:57.534   903  1260 D NetworkRanker: mightBeat: isEth && mCoExist return true
03-17 18:52:57.534   903  1260 D NetworkRanker: mightBeat: isEth && mCoExist return true
03-17 18:52:57.533  6654  6700 D TimerTriggerManager: Timer thread'TimerTriggerManager' is destroyed: false
03-17 18:52:57.534   903  1260 D NetworkRanker: mightBeat: isEth && mCoExist return true
03-17 18:52:57.534   903  1260 D NetworkRanker: mightBeat: isEth && mCoExist return true
03-17 18:52:57.534   903  1260 D NetworkRanker: mightBeat: isEth && mCoExist return true
03-17 18:52:57.534   903  1260 D NetworkRanker: mightBeat: isEth && mCoExist return true
03-17 18:52:57.534   903  1260 D NetworkRanker: mightBeat: isEth && mCoExist return true
03-17 18:52:57.534   903  1260 D NetworkRanker: mightBeat: isEth && mCoExist return true
03-17 18:52:57.534   903  1260 D NetworkRanker: mightBeat: isEth && mCoExist return true
03-17 18:52:57.534   903  1260 D NetworkRanker: mightBeat: isEth && mCoExist return true
03-17 18:52:57.534   903  1260 D NetworkRanker: mightBeat: isEth && mCoExist return true
03-17 18:52:57.534   903  1260 D NetworkRanker: mightBeat: isEth && mCoExist return true
03-17 18:52:57.534   903  1260 D NetworkRanker: mightBeat: isEth && mCoExist return true
03-17 18:52:57.534   903  1260 D NetworkRanker: mightBeat: isEth && mCoExist return true
03-17 18:52:57.535   903  1260 D NetworkRanker: mightBeat: isEth && mCoExist return true
03-17 18:52:57.535   903  1260 D NetworkRanker: mightBeat: isEth && mCoExist return true
03-17 18:52:57.535   903  1260 D NetworkRanker: mightBeat: isEth && mCoExist return true
03-17 18:52:57.535   903  1260 D NetworkRanker: mightBeat: isEth && mCoExist return true
03-17 18:52:57.535   903  1260 D NetworkRanker: mightBeat: isEth && mCoExist return true
03-17 18:52:57.535   903  1260 D NetworkRanker: mightBeat: isEth && mCoExist return true
03-17 18:52:57.535   903  1260 D NetworkRanker: mightBeat: isEth && mCoExist return true
03-17 18:52:57.535   903  1260 D NetworkRanker: mightBeat: isEth && mCoExist return true
03-17 18:52:57.535   903  1260 D NetworkRanker: mightBeat: isEth && mCoExist return true
03-17 18:52:57.535   903  1260 D NetworkRanker: mightBeat: isEth && mCoExist return true
03-17 18:52:57.535   903  1260 D NetworkRanker: mightBeat: isEth && mCoExist return true
03-17 18:52:57.535   903  1260 D NetworkRanker: mightBeat: isEth && mCoExist return true
03-17 18:52:57.535   903  1260 D NetworkRanker: mightBeat: isEth && mCoExist return true
03-17 18:52:57.535   903  1260 D NetworkRanker: mightBeat: isEth && mCoExist return true
03-17 18:52:57.535   903  1260 D NetworkRanker: mightBeat: isEth && mCoExist return true
03-17 18:52:57.535   903  1260 D NetworkRanker: mightBeat: isEth && mCoExist return true
03-17 18:52:57.535   903  1260 D NetworkRanker: mightBeat: isEth && mCoExist return true
03-17 18:52:57.535   903  1260 D NetworkRanker: mightBeat: isEth && mCoExist return true
03-17 18:52:57.535   903  1260 D NetworkRanker: mightBeat: isEth && mCoExist return true
03-17 18:52:57.535   903  1260 D NetworkRanker: mightBeat: isEth && mCoExist return true
03-17 18:52:57.535   903  1260 D NetworkRanker: mightBeat: isEth && mCoExist return true
03-17 18:52:57.535   903  1260 D NetworkRanker: mightBeat: isEth && mCoExist return true
03-17 18:52:57.535   903  1260 D NetworkRanker: mightBeat: isEth && mCoExist return true
03-17 18:52:57.535   903  1260 D NetworkRanker: mightBeat: isEth && mCoExist return true
03-17 18:52:57.535   903  1260 D NetworkRanker: mightBeat: isEth && mCoExist return true
03-17 18:52:57.535   903  1260 D NetworkRanker: mightBeat: isEth && mCoExist return true
03-17 18:52:57.535   903  1260 D NetworkRanker: mightBeat: isEth && mCoExist return true
03-17 18:52:57.535   903  1260 D NetworkRanker: mightBeat: isEth && mCoExist return true
03-17 18:52:57.535   903  1260 D NetworkRanker: mightBeat: isEth && mCoExist return true
03-17 18:52:57.535   903  1260 D NetworkRanker: mightBeat: isEth && mCoExist return true
03-17 18:52:57.536   903  1260 D NetworkRanker: mightBeat: isEth && mCoExist return true
03-17 18:52:57.536   903  1260 D NetworkRanker: mightBeat: isEth && mCoExist return true
03-17 18:52:57.536   903  1260 D NetworkRanker: mightBeat: isEth && mCoExist return true
03-17 18:52:57.536   903  1260 D NetworkRanker: mightBeat: isEth && mCoExist return true
03-17 18:52:57.536   903  1260 D NetworkRanker: mightBeat: isEth && mCoExist return true
03-17 18:52:57.536   903  1260 D NetworkRanker: mightBeat: isEth && mCoExist return true
03-17 18:52:57.536   903  1260 D NetworkRanker: mightBeat: isEth && mCoExist return true
03-17 18:52:57.536   903  1260 D NetworkRanker: mightBeat: isEth && mCoExist return true
03-17 18:52:57.536   903  1260 D NetworkRanker: mightBeat: isEth && mCoExist return true
03-17 18:52:57.536   903  1260 D NetworkRanker: mightBeat: isEth && mCoExist return true
03-17 18:52:57.536  6654  6700 D TimerTriggerManager: Timer 'onIndcnVehSpdChanged' is running: true
03-17 18:52:57.536   903  1260 D NetworkRanker: mightBeat: isEth && mCoExist return true
03-17 18:52:57.536  6654  6700 D TimerTriggerManager: Sending reset signal to timer 'onIndcnVehSpdChanged'
03-17 18:52:57.536   903  1260 D NetworkRanker: mightBeat: isEth && mCoExist return true
03-17 18:52:57.536   903  1260 D NetworkRanker: mightBeat: isEth && mCoExist return true
03-17 18:52:57.536   903  1260 D NetworkRanker: mightBeat: isEth && mCoExist return true
03-17 18:52:57.536   903  1260 D NetworkRanker: mightBeat: isEth && mCoExist return true
03-17 18:52:57.536   903  1260 D NetworkRanker: mightBeat: isEth && mCoExist return true
03-17 18:52:57.536  1566  1566 D ConnectionManager: 连接到网络：true| -------------------------
03-17 18:52:57.536  1566  1566 D ConnectionManager: 车机网络 net access
03-17 18:52:57.536   903  1260 D NetworkRanker: mightBeat: isEth && mCoExist return true
03-17 18:52:57.536  1566  1566 D ConnectionManager: 1S内多次执行，不执行操作
03-17 18:52:57.537  6654  6700 D TimerTriggerManager: Reset signal sent to timer 'onIndcnVehSpdChanged'
03-17 18:52:57.537  6654  6707 D TimerTriggerController: Reset method called for timer: onIndcnVehSpdChanged
03-17 18:52:57.537  6654  6707 D TimerTriggerController: Calling onTimerReset for timer: onIndcnVehSpdChanged
03-17 18:52:57.537  6654  6707 D TimerTriggerManager: Timer reset: onIndcnVehSpdChanged
03-17 18:52:57.537  6654  6707 I TimerTriggerController: Timer [onIndcnVehSpdChanged] reset, remaining: 1000ms, reset count: 634
03-17 18:52:57.538   903  1260 D ConnectivityService: Rematched networks [computed 3ms] [applied 138ms] [issued 4]
03-17 18:52:57.538   903  1260 D ConnectivityService: NetworkReassignment :
03-17 18:52:57.538   903  1260 D ConnectivityService:   7 : 103 → 108
03-17 18:52:57.538   903  1260 D ConnectivityService:   52 : 103 → 108
03-17 18:52:57.538   903  1260 D ConnectivityService:   42 : 103 → 108
03-17 18:52:57.538   903  1260 D ConnectivityService:   37 : 103 → 108
03-17 18:52:57.538   903  1260 D ConnectivityService:   27 : 103 → 108
03-17 18:52:57.538   903  1260 D ConnectivityService:   55 : null → 108
03-17 18:52:57.538   903  1260 D ConnectivityService:   35 : 103 → 108
03-17 18:52:57.538   903  1260 D ConnectivityService:   31 : 103 → 108
03-17 18:52:57.538   903  1260 D ConnectivityService:   48 : 103 → 108
03-17 18:52:57.538   903  1260 D ConnectivityService:   18 : 103 → 108
03-17 18:52:57.538   903  1260 D ConnectivityService:   14 : 103 → 108
03-17 18:52:57.538   903  1260 D ConnectivityService:   45 : 103 → 108
03-17 18:52:57.538   903  1260 D ConnectivityService:   1 : 103 → 108
03-17 18:52:57.538   903  1260 D ConnectivityService:   33 : 103 → 108
03-17 18:52:57.538   903  1260 D ConnectivityService:   20 : 103 → 108
03-17 18:52:57.538   903  1260 D ConnectivityService:   16 : 103 → 108
03-17 18:52:57.538   903  1260 D ConnectivityService:   29 : 103 → 108
03-17 18:52:57.538   903  1260 D ConnectivityService: notifyType CALLBACK_PRECHECK for [108 WIFI]
03-17 18:52:57.538   903  1260 D ConnectivityService:  sending notification for NetworkRequest [ REQUEST id=1, [ Capabilities: INTERNET&NOT_RESTRICTED&TRUSTED&NOT_VPN&NOT_VCN_MANAGED RequestorUid: 1000 RequestorPkg: android UnderlyingNetworks: Null] ]
03-17 18:52:57.538   903  1260 D ConnectivityService:  sending notification for NetworkRequest [ LISTEN id=5, [ Capabilities: FOREGROUND RequestorUid: 1000 RequestorPkg: android UnderlyingNetworks: Null] ]
03-17 18:52:57.538   903  1260 D ConnectivityService: sending notification CALLBACK_PRECHECK for NetworkRequest [ LISTEN id=5, [ Capabilities: FOREGROUND RequestorUid: 1000 RequestorPkg: android UnderlyingNetworks: Null] ]
03-17 18:52:57.538   903  1260 D ConnectivityService:  sending notification for NetworkRequest [ REQUEST id=7, [ Capabilities: INTERNET&NOT_RESTRICTED&TRUSTED&NOT_VCN_MANAGED Uid: 1000 RequestorUid: 1000 RequestorPkg: android UnderlyingNetworks: Null] ]
03-17 18:52:57.538   903  1260 D ConnectivityService: sending notification CALLBACK_PRECHECK for NetworkRequest [ TRACK_DEFAULT id=6, [ Capabilities: INTERNET&NOT_RESTRICTED&TRUSTED&NOT_VCN_MANAGED Uid: 1000 RequestorUid: 1000 RequestorPkg: android UnderlyingNetworks: Null] ]
03-17 18:52:57.538   903  1260 D ConnectivityService:  sending notification for NetworkRequest [ LISTEN id=8, [ Capabilities: FOREGROUND RequestorUid: 1000 RequestorPkg: android UnderlyingNetworks: Null] ]
03-17 18:52:57.538   903  1260 D ConnectivityService: sending notification CALLBACK_PRECHECK for NetworkRequest [ LISTEN id=8, [ Capabilities: FOREGROUND RequestorUid: 1000 RequestorPkg: android UnderlyingNetworks: Null] ]
03-17 18:52:57.539   903  1260 D ConnectivityService:  sending notification for NetworkRequest [ LISTEN id=9, [ Capabilities: NOT_RESTRICTED&TRUSTED&NOT_VPN&FOREGROUND&NOT_VCN_MANAGED Uid: 1000 RequestorUid: 1000 RequestorPkg: android UnderlyingNetworks: Null] ]
03-17 18:52:57.539   903  1260 D ConnectivityService: sending notification CALLBACK_PRECHECK for NetworkRequest [ LISTEN id=9, [ Capabilities: NOT_RESTRICTED&TRUSTED&NOT_VPN&FOREGROUND&NOT_VCN_MANAGED Uid: 1000 RequestorUid: 1000 RequestorPkg: android UnderlyingNetworks: Null] ]
03-17 18:52:57.539   903  1260 D ConnectivityService:  sending notification for NetworkRequest [ LISTEN id=10, [ RequestorUid: 1000 RequestorPkg: android UnderlyingNetworks: Null] ]
03-17 18:52:57.539   903  1260 D ConnectivityService: sending notification CALLBACK_PRECHECK for NetworkRequest [ LISTEN id=10, [ RequestorUid: 1000 RequestorPkg: android UnderlyingNetworks: Null] ]
03-17 18:52:57.539   903  1260 D ConnectivityService:  sending notification for NetworkRequest [ LISTEN id=11, [ Capabilities: NOT_RESTRICTED&TRUSTED&NOT_VPN&NOT_VCN_MANAGED Uid: 1000 RequestorUid: 1000 RequestorPkg: android UnderlyingNetworks: Null] ]
03-17 18:52:57.539   903  1260 D ConnectivityService: sending notification CALLBACK_PRECHECK for NetworkRequest [ LISTEN id=11, [ Capabilities: NOT_RESTRICTED&TRUSTED&NOT_VPN&NOT_VCN_MANAGED Uid: 1000 RequestorUid: 1000 RequestorPkg: android UnderlyingNetworks: Null] ]
03-17 18:52:57.539   903  1260 D ConnectivityService:  sending notification for NetworkRequest [ REQUEST id=14, [ Capabilities: INTERNET&NOT_RESTRICTED&TRUSTED&NOT_VCN_MANAGED Uid: 10029 RequestorUid: 1000 RequestorPkg: android UnderlyingNetworks: Null] ]
03-17 18:52:57.539   903  1260 D ConnectivityService: sending notification CALLBACK_PRECHECK for NetworkRequest [ TRACK_DEFAULT id=13, [ Capabilities: INTERNET&NOT_RESTRICTED&TRUSTED&NOT_VCN_MANAGED Uid: 10029 RequestorUid: 1000 RequestorPkg: android UnderlyingNetworks: Null] ]
03-17 18:52:57.539   903  1260 D ConnectivityService:  sending notification for NetworkRequest [ REQUEST id=16, [ Capabilities: INTERNET&NOT_RESTRICTED&TRUSTED&NOT_VCN_MANAGED Uid: 1000 RequestorUid: 1000 RequestorPkg: android UnderlyingNetworks: Null] ]
03-17 18:52:57.539   903  1260 D ConnectivityService: sending notification CALLBACK_PRECHECK for NetworkRequest [ TRACK_DEFAULT id=15, [ Capabilities: INTERNET&NOT_RESTRICTED&TRUSTED&NOT_VCN_MANAGED Uid: 1000 RequestorUid: 1000 RequestorPkg: android UnderlyingNetworks: Null] ]
03-17 18:52:57.539   903  1260 D ConnectivityService:  sending notification for NetworkRequest [ REQUEST id=18, [ Capabilities: INTERNET&NOT_RESTRICTED&TRUSTED&NOT_VCN_MANAGED Uid: 1073 RequestorUid: 1073 RequestorPkg: com.android.networkstack UnderlyingNetworks: Null] ]
03-17 18:52:57.539   903  1260 D ConnectivityService: sending notification CALLBACK_PRECHECK for NetworkRequest [ TRACK_DEFAULT id=17, [ Capabilities: INTERNET&NOT_RESTRICTED&TRUSTED&NOT_VCN_MANAGED Uid: 1073 RequestorUid: 1073 RequestorPkg: com.android.networkstack UnderlyingNetworks: Null] ]
03-17 18:52:57.539  6654  6700 D TimerTriggerManager: init instance...
03-17 18:52:57.540  6654  6700 D TimerTriggerManager: Timer thread'TimerTriggerManager' is destroyed: false
03-17 18:52:57.540  6654  6700 D TimerTriggerManager: Timer 'onMntnWarnReqChanged' is running: true
03-17 18:52:57.540  6654  6700 D TimerTriggerManager: Sending reset signal to timer 'onMntnWarnReqChanged'
03-17 18:52:57.540   903  1260 D ConnectivityService:  sending notification for NetworkRequest [ LISTEN id=19, [ Transports: WIFI Capabilities: NOT_RESTRICTED&TRUSTED&NOT_VPN&NOT_VCN_MANAGED Uid: 1073 RequestorUid: 1073 RequestorPkg: com.android.networkstack UnderlyingNetworks: Null] ]
03-17 18:52:57.540   903  1260 D ConnectivityService: sending notification CALLBACK_PRECHECK for NetworkRequest [ LISTEN id=19, [ Transports: WIFI Capabilities: NOT_RESTRICTED&TRUSTED&NOT_VPN&NOT_VCN_MANAGED Uid: 1073 RequestorUid: 1073 RequestorPkg: com.android.networkstack UnderlyingNetworks: Null] ]
03-17 18:52:57.541  6654  6700 D TimerTriggerManager: Reset signal sent to timer 'onMntnWarnReqChanged'
03-17 18:52:57.541   903  1260 D ConnectivityService:  sending notification for NetworkRequest [ TRACK_SYSTEM_DEFAULT id=20, [ Capabilities: INTERNET&NOT_RESTRICTED&TRUSTED&NOT_VPN&NOT_VCN_MANAGED RequestorUid: 1073 RequestorPkg: com.android.networkstack.tethering UnderlyingNetworks: Null] ]
03-17 18:52:57.541   903  1260 D ConnectivityService: sending notification CALLBACK_PRECHECK for NetworkRequest [ TRACK_SYSTEM_DEFAULT id=20, [ Capabilities: INTERNET&NOT_RESTRICTED&TRUSTED&NOT_VPN&NOT_VCN_MANAGED RequestorUid: 1073 RequestorPkg: com.android.networkstack.tethering UnderlyingNetworks: Null] ]
03-17 18:52:57.541  6654  6707 D TimerTriggerController: Reset method called for timer: onMntnWarnReqChanged
03-17 18:52:57.541   903  1260 D ConnectivityService:  sending notification for NetworkRequest [ LISTEN id=21, [ Transports: WIFI Capabilities: NOT_RESTRICTED&TRUSTED&NOT_VPN&NOT_VCN_MANAGED Uid: 1000 RequestorUid: 1000 RequestorPkg: com.vendor.fawvw.fawsystemserver UnderlyingNetworks: Null] ]
03-17 18:52:57.541  6654  6707 D TimerTriggerController: Calling onTimerReset for timer: onMntnWarnReqChanged
03-17 18:52:57.541  6654  6707 D TimerTriggerManager: Timer reset: onMntnWarnReqChanged
03-17 18:52:57.541   903  1260 D ConnectivityService: sending notification CALLBACK_PRECHECK for NetworkRequest [ LISTEN id=21, [ Transports: WIFI Capabilities: NOT_RESTRICTED&TRUSTED&NOT_VPN&NOT_VCN_MANAGED Uid: 1000 RequestorUid: 1000 RequestorPkg: com.vendor.fawvw.fawsystemserver UnderlyingNetworks: Null] ]
03-17 18:52:57.541  6654  6707 I TimerTriggerController: Timer [onMntnWarnReqChanged] reset, remaining: 5000ms, reset count: 317
03-17 18:52:57.541   903  1260 D ConnectivityService:  sending notification for NetworkRequest [ LISTEN id=23, [ Transports: WIFI Capabilities: NOT_RESTRICTED&TRUSTED&NOT_VPN&NOT_VCN_MANAGED Uid: 10035 RequestorUid: 10035 RequestorPkg: com.android.systemui UnderlyingNetworks: Null] ]
03-17 18:52:57.541   903  1260 D ConnectivityService: sending notification CALLBACK_PRECHECK for NetworkRequest [ LISTEN id=23, [ Transports: WIFI Capabilities: NOT_RESTRICTED&TRUSTED&NOT_VPN&NOT_VCN_MANAGED Uid: 10035 RequestorUid: 10035 RequestorPkg: com.android.systemui UnderlyingNetworks: Null] ]
