03-17 18:52:56.927   903  1214 D InputTransport: channel '7a5e81e com.fawvw.hmi.bev.carapp/com.fawvw.hmi.bev.carapp.MainActivity (server)' ~ received message of type FINISHED
03-17 18:52:56.927   903  1214 D InputTransport: channel '7a5e81e com.fawvw.hmi.bev.carapp/com.fawvw.hmi.bev.carapp.MainActivity (server)' publisher ~ receiveConsumerResponse: finished: seq=550, handled=true
03-17 18:52:56.927   903  1214 D InputDispatcher: channel '7a5e81e com.fawvw.hmi.bev.carapp/com.fawvw.hmi.bev.carapp.MainActivity (server)' ~ finishDispatchCycle - seq=550, handled=true
03-17 18:52:56.927   903  1214 D InputTransport: channel '7a5e81e com.fawvw.hmi.bev.carapp/com.fawvw.hmi.bev.carapp.MainActivity (server)' ~ receive message failed, errno=11
03-17 18:52:56.927   903  1214 D InputTransport: channel '7a5e81e com.fawvw.hmi.bev.carapp/com.fawvw.hmi.bev.carapp.MainActivity (server)' publisher ~ receiveConsumerResponse: Unknown error -11
03-17 18:52:56.927   903  1214 D InputDispatcher: channel '7a5e81e com.fawvw.hmi.bev.carapp/com.fawvw.hmi.bev.carapp.MainActivity (server)' ~ startDispatchCycle
03-17 18:52:56.927   903  1214 D InputDispatcher: channel '7a5e81e com.fawvw.hmi.bev.carapp/com.fawvw.hmi.bev.carapp.MainActivity (server)' ~ startDispatchCycle
03-17 18:52:56.933   903  1215 D InputReader: BatchSize: 3 Count: 3
03-17 18:52:56.933   903  1215 D InputReader: Input event: eventHubDevice=1 type=EV_ABS code=ABS_MT_TOUCH_MAJOR value=35 when=110880755000
03-17 18:52:56.933   903  1215 D InputReader: Input event: eventHubDevice=1 type=EV_ABS code=ABS_MT_WIDTH_MAJOR value=35 when=110880755000
03-17 18:52:56.933   903  1215 D InputReader: Input event: eventHubDevice=1 type=EV_SYN code=SYN_REPORT value=0 when=110880755000
03-17 18:52:56.933   903  1215 D InputReader: syncTouch: pointerCount 1 -> 1, touching ids 0x80000000 -> 0x80000000, hovering ids 0x00000000 -> 0x00000000, canceled ids 0x00000000
03-17 18:52:56.933   903  1215 D UnwantedInteractionBlocker: notifyMotion: NotifyMotionArgs(id=461890650, eventTime=110880755000, deviceId=2, source=TOUCHSCREEN, action=MOVE, pointerCount=1 pointers={0: id=0 x=1088.6 y=767.5 pressure=1.0 major=35.0 minor=35.0 orientation=0.0}, flags=0x00000000)
03-17 18:52:56.933   903  1215 D UnwantedInteractionBlocker: enqueueOutboundMotionLocked: NotifyMotionArgs(id=461890650, eventTime=110880755000, deviceId=2, source=TOUCHSCREEN, action=MOVE, pointerCount=1 pointers={0: id=0 x=1088.6 y=767.5 pressure=1.0 major=35.0 minor=35.0 orientation=0.0}, flags=0x00000000)
03-17 18:52:56.933   903  1215 D InputDispatcher: notifyMotion - id=1b87e45a eventTime=110880755000, deviceId=2, source=TOUCHSCREEN, displayId=0, policyFlags=0x0, action=MOVE, actionButton=0x0, flags=0x0, metaState=0x0, buttonState=0x0, edgeFlags=0x0, xPrecision=1.000391, yPrecision=1.000695, xCursorPosition=nan, yCursorPosition=nan, downTime=110849043000
03-17 18:52:56.933   903  1215 D InputDispatcher:   Pointer 0: id=0, toolType=FINGER, x=1088.574829, y=767.467041, pressure=1.000000, size=0.137255, touchMajor=34.981022, touchMinor=34.981022, toolMajor=34.981022, toolMinor=34.981022, orientation=0.000000
03-17 18:52:56.933   903  1215 I InputVerifier: input: Processing MOVE for device DeviceId(2) (1 pointer) on display 0
03-17 18:52:56.933   903  1214 D InputDispatcher: dispatchMotion - eventTime=110880755000, deviceId=2, source=TOUCHSCREEN, displayId=0, policyFlags=0x62000000, action=MOVE, actionButton=0x0, flags=0x0, metaState=0x0, buttonState=0x0,edgeFlags=0x0, xPrecision=1.000391, yPrecision=1.000695, downTime=110849043000
03-17 18:52:56.933   903  1214 D InputDispatcher:   Pointer 0: id=0, toolType=FINGER, x=1088.574829, y=767.467041, pressure=1.000000, size=0.137255, touchMajor=34.981022, touchMinor=34.981022, toolMajor=34.981022, toolMinor=34.981022, orientation=0.000000
03-17 18:52:56.933   903  1214 D InputDispatcher: dispatchEventToCurrentInputTargets
03-17 18:52:56.933   903  1214 D InputDispatcher: channel '7a5e81e com.fawvw.hmi.bev.carapp/com.fawvw.hmi.bev.carapp.MainActivity (server)' ~ prepareDispatchCycle - flags=FOREGROUND | SPLIT | DISPATCH_AS_IS | WINDOW_IS_PARTIALLY_OBSCURED, globalScaleFactor=1.000000, pointerIds=00000000000000000000000000000001 
03-17 18:52:56.933   903  1214 D InputDispatcher:         pointerId 0: (ROT_0) (IDENTITY)
03-17 18:52:56.933   903  1214 D InputDispatcher: channel '7a5e81e com.fawvw.hmi.bev.carapp/com.fawvw.hmi.bev.carapp.MainActivity (server)' ~ startDispatchCycle
03-17 18:52:56.934   903  1214 D InputDispatcher: Publishing DispatchEntry{resolvedAction=MOVE, resolvedFlags=2, targetFlags=FOREGROUND | SPLIT | DISPATCH_AS_IS | WINDOW_IS_PARTIALLY_OBSCURED, transform=transform (ROT_0) (IDENTITY)
03-17 18:52:56.934   903  1214 D InputDispatcher: } original: MotionEvent(deviceId=2, eventTime=110880755000, source=TOUCHSCREEN, displayId=0, action=MOVE, actionButton=0x00000000, flags=0x00000000, metaState=0x00000000, buttonState=0x00000000, classification=NONE, edgeFlags=0x00000000, xPrecision=1.0, yPrecision=1.0, xCursorPosition=nan, yCursorPosition=nan, pointers=[0: (1088.6, 767.5)]), policyFlags=0x62000000 to 7a5e81e com.fawvw.hmi.bev.carapp/com.fawvw.hmi.bev.carapp.MainActivity (server)
03-17 18:52:56.934   903  1214 I InputVerifier: input: Processing MOVE for device DeviceId(2) (1 pointer) on 7a5e81e com.fawvw.hmi.bev.carapp/com.fawvw.hmi.bev.carapp.MainActivity (server)
03-17 18:52:56.934   903  1214 D InputTransport: channel '7a5e81e com.fawvw.hmi.bev.carapp/com.fawvw.hmi.bev.carapp.MainActivity (server)' publisher ~ publishMotionEvent: seq=554, id=461890650, deviceId=2, source=TOUCHSCREEN, displayId=0, action=MOVE, actionButton=0x00000000, flags=0x2, edgeFlags=0x0, metaState=0x0, buttonState=0x0, classification=NONE,xPrecision=1.000391, yPrecision=1.000695, downTime=110849043000, eventTime=110880755000, pointerCount=1 
03-17 18:52:56.934   903  1214 D InputTransport:         transform (ROT_0) (IDENTITY)
03-17 18:52:56.934   903  1214 D InputTransport: channel '7a5e81e com.fawvw.hmi.bev.carapp/com.fawvw.hmi.bev.carapp.MainActivity (server)' ~ sent message of type MOTION
03-17 18:52:56.934   903  1214 D InputDispatcher: channel 'PointerEventDispatcher0 (server)' ~ prepareDispatchCycle - flags=DISPATCH_AS_IS, globalScaleFactor=1.000000, pointerIds=<none> 
03-17 18:52:56.934   903  1214 D InputDispatcher:         default (ROT_0) (IDENTITY)
03-17 18:52:56.934   903  1214 D InputDispatcher: channel 'PointerEventDispatcher0 (server)' ~ startDispatchCycle
03-17 18:52:56.934  8377  8377 D InputTransport: channel '7a5e81e com.fawvw.hmi.bev.carapp/com.fawvw.hmi.bev.carapp.MainActivity (client)' consumer ~ consume: consumeBatches=false, frameTime=-1
03-17 18:52:56.934  8377  8377 D InputTransport: channel '7a5e81e com.fawvw.hmi.bev.carapp/com.fawvw.hmi.bev.carapp.MainActivity (client)' ~ received message of type MOTION
03-17 18:52:56.934   903  1214 D InputDispatcher: Publishing DispatchEntry{resolvedAction=MOVE, resolvedFlags=0, targetFlags=DISPATCH_AS_IS, transform=transform (ROT_0) (IDENTITY)
03-17 18:52:56.934   903  1214 D InputDispatcher: } original: MotionEvent(deviceId=2, eventTime=110880755000, source=TOUCHSCREEN, displayId=0, action=MOVE, actionButton=0x00000000, flags=0x00000000, metaState=0x00000000, buttonState=0x00000000, classification=NONE, edgeFlags=0x00000000, xPrecision=1.0, yPrecision=1.0, xCursorPosition=nan, yCursorPosition=nan, pointers=[0: (1088.6, 767.5)]), policyFlags=0x62000000 to PointerEventDispatcher0 (server)
03-17 18:52:56.934  8377  8377 D InputTransport: channel '7a5e81e com.fawvw.hmi.bev.carapp/com.fawvw.hmi.bev.carapp.MainActivity (client)' consumer ~ appended to batch event
03-17 18:52:56.934  8377  8377 D InputTransport: channel '7a5e81e com.fawvw.hmi.bev.carapp/com.fawvw.hmi.bev.carapp.MainActivity (client)' ~ receive message failed, errno=11
03-17 18:52:56.934   903  1214 I InputVerifier: input: Processing MOVE for device DeviceId(2) (1 pointer) on PointerEventDispatcher0 (server)
03-17 18:52:56.934   903  1214 D InputTransport: channel 'PointerEventDispatcher0 (server)' publisher ~ publishMotionEvent: seq=555, id=461890650, deviceId=2, source=TOUCHSCREEN, displayId=0, action=MOVE, actionButton=0x00000000, flags=0x0, edgeFlags=0x0, metaState=0x0, buttonState=0x0, classification=NONE,xPrecision=1.000391, yPrecision=1.000695, downTime=110849043000, eventTime=110880755000, pointerCount=1 
03-17 18:52:56.934   903  1214 D InputTransport:         transform (ROT_0) (IDENTITY)
03-17 18:52:56.934   903  1214 D InputTransport: channel 'PointerEventDispatcher0 (server)' ~ sent message of type MOTION
03-17 18:52:56.934   903  1071 D InputTransport: channel 'PointerEventDispatcher0 (client)' consumer ~ consume: consumeBatches=false, frameTime=-1
03-17 18:52:56.934   903  1071 D InputTransport: channel 'PointerEventDispatcher0 (client)' ~ received message of type MOTION
03-17 18:52:56.934   903  1071 D InputTransport: channel 'PointerEventDispatcher0 (client)' consumer ~ started batch event
03-17 18:52:56.934   903  1071 D InputTransport: channel 'PointerEventDispatcher0 (client)' ~ receive message failed, errno=11
03-17 18:52:56.934   903  1071 D InputTransport: channel 'PointerEventDispatcher0 (client)' consumer ~ consume: consumeBatches=true, frameTime=-1
03-17 18:52:56.934   903  1071 D InputTransport: channel 'PointerEventDispatcher0 (client)' ~ receive message failed, errno=11
03-17 18:52:56.934   903  1071 D InputTransport: channel 'PointerEventDispatcher0 (client)' consumer ~ consumed batch event, seq=555
03-17 18:52:56.934   903  1071 D VelocityTracker: VelocityTracker: addMovement eventTime=110880755000, pointerId=0, activePointerId=0
03-17 18:52:56.934   903  1071 D VelocityTracker:   0: axis=0, position=1088.575, estimator (degree=2, coeff=[ 1088.575195, 0.000000, 0.000000 ], confidence=1.000000)
03-17 18:52:56.934   903  1071 D VelocityTracker: VelocityTracker: addMovement eventTime=110880755000, pointerId=0, activePointerId=0
03-17 18:52:56.934   903  1071 D VelocityTracker:   0: axis=1, position=767.467, estimator (degree=2, coeff=[ 767.466797, 0.000000, 0.000000 ], confidence=1.000000)
03-17 18:52:56.934   903  1071 D InputTransport: channel 'PointerEventDispatcher0 (client)' consumer ~ sendFinishedSignal: seq=555, handled=false
03-17 18:52:56.934   903  1071 D InputTransport: channel 'PointerEventDispatcher0 (client)' ~ sent message of type FINISHED
03-17 18:52:56.934   903  1214 D InputTransport: channel 'PointerEventDispatcher0 (server)' ~ received message of type FINISHED
03-17 18:52:56.934   903  1214 D InputTransport: channel 'PointerEventDispatcher0 (server)' publisher ~ receiveConsumerResponse: finished: seq=555, handled=false
03-17 18:52:56.934   903  1214 D InputDispatcher: channel 'PointerEventDispatcher0 (server)' ~ finishDispatchCycle - seq=555, handled=false
03-17 18:52:56.934   903  1071 D InputTransport: channel 'PointerEventDispatcher0 (client)' consumer ~ consume: consumeBatches=true, frameTime=-1
03-17 18:52:56.934   903  1071 D InputTransport: channel 'PointerEventDispatcher0 (client)' ~ receive message failed, errno=11
03-17 18:52:56.935   903  1214 D InputTransport: channel 'PointerEventDispatcher0 (server)' ~ receive message failed, errno=11
03-17 18:52:56.935   903  1214 D InputTransport: channel 'PointerEventDispatcher0 (server)' publisher ~ receiveConsumerResponse: Unknown error -11
03-17 18:52:56.935   903  1214 D InputDispatcher: channel 'PointerEventDispatcher0 (server)' ~ startDispatchCycle
03-17 18:52:56.936  1566  1566 I AccessibilityCache: onAccessibilityEvent(EventType: TYPE_WINDOW_CONTENT_CHANGED; EventTime: 110283; PackageName: com.fawvw.hmi.bev.carapp; MovementGranularity: 0; Action: 0; ContentChangeTypes: [CONTENT_CHANGE_TYPE_SUBTREE]; WindowChangeTypes: [] [ ClassName: androidx.recyclerview.widget.RecyclerView; Text: []; ContentDescription: null; ItemCount: 77; CurrentItemIndex: -1; Enabled: true; Password: false; Checked: false; FullScreen: false; Scrollable: true; ImportantForAccessibility: true; AccessibilityDataSensitive: false; BeforeText: null; FromIndex: 0; ToIndex: 8; ScrollX: 0; ScrollY: 0; MaxScrollX: 0; MaxScrollY: 0; ScrollDeltaX: -1; ScrollDeltaY: -1; AddedCount: -1; RemovedCount: -1; ParcelableData: null; DisplayId: 0 ]
03-17 18:52:56.936  1566  1566 I AccessibilityCache: ; SourceWindowId: 0xe; SourceNodeId: 0xffffffff0000034e; SourceDisplayId: 0)
03-17 18:52:56.936  1566  1566 I AccessibilityCache: Clearing cached subtree.
03-17 18:52:56.936  1566  1566 D AccessibilityServices: type = 2048  pkg = com.fawvw.hmi.bev.carapp
03-17 18:52:56.936   582  3616 E WifiHAL : Invalid data received from driver
03-17 18:52:56.941   903  1215 D InputReader: BatchSize: 3 Count: 3
03-17 18:52:56.941   903  1215 D InputReader: Input event: eventHubDevice=1 type=EV_ABS code=ABS_MT_TOUCH_MAJOR value=39 when=110888543000
03-17 18:52:56.941   903  1215 D InputReader: Input event: eventHubDevice=1 type=EV_ABS code=ABS_MT_WIDTH_MAJOR value=39 when=110888543000
03-17 18:52:56.941   903  1215 D InputReader: Input event: eventHubDevice=1 type=EV_SYN code=SYN_REPORT value=0 when=110888543000
03-17 18:52:56.941   903  1215 D InputReader: syncTouch: pointerCount 1 -> 1, touching ids 0x80000000 -> 0x80000000, hovering ids 0x00000000 -> 0x00000000, canceled ids 0x00000000
03-17 18:52:56.941   903  1215 D UnwantedInteractionBlocker: notifyMotion: NotifyMotionArgs(id=318538608, eventTime=110888543000, deviceId=2, source=TOUCHSCREEN, action=MOVE, pointerCount=1 pointers={0: id=0 x=1088.6 y=767.5 pressure=1.0 major=39.0 minor=39.0 orientation=0.0}, flags=0x00000000)
03-17 18:52:56.941   903  1215 D UnwantedInteractionBlocker: enqueueOutboundMotionLocked: NotifyMotionArgs(id=318538608, eventTime=110888543000, deviceId=2, source=TOUCHSCREEN, action=MOVE, pointerCount=1 pointers={0: id=0 x=1088.6 y=767.5 pressure=1.0 major=39.0 minor=39.0 orientation=0.0}, flags=0x00000000)
03-17 18:52:56.941   903  1215 D InputDispatcher: notifyMotion - id=12fc8370 eventTime=110888543000, deviceId=2, source=TOUCHSCREEN, displayId=0, policyFlags=0x0, action=MOVE, actionButton=0x0, flags=0x0, metaState=0x0, buttonState=0x0, edgeFlags=0x0, xPrecision=1.000391, yPrecision=1.000695, xCursorPosition=nan, yCursorPosition=nan, downTime=110849043000
03-17 18:52:56.941   903  1215 D InputDispatcher:   Pointer 0: id=0, toolType=FINGER, x=1088.574829, y=767.467041, pressure=1.000000, size=0.152941, touchMajor=38.978855, touchMinor=38.978855, toolMajor=38.978855, toolMinor=38.978855, orientation=0.000000
03-17 18:52:56.941   903  1215 I InputVerifier: input: Processing MOVE for device DeviceId(2) (1 pointer) on display 0
03-17 18:52:56.941   903  1214 D InputDispatcher: dispatchMotion - eventTime=110888543000, deviceId=2, source=TOUCHSCREEN, displayId=0, policyFlags=0x62000000, action=MOVE, actionButton=0x0, flags=0x0, metaState=0x0, buttonState=0x0,edgeFlags=0x0, xPrecision=1.000391, yPrecision=1.000695, downTime=110849043000
03-17 18:52:56.941   903  1214 D InputDispatcher:   Pointer 0: id=0, toolType=FINGER, x=1088.574829, y=767.467041, pressure=1.000000, size=0.152941, touchMajor=38.978855, touchMinor=38.978855, toolMajor=38.978855, toolMinor=38.978855, orientation=0.000000
03-17 18:52:56.941   903  1214 D InputDispatcher: dispatchEventToCurrentInputTargets
03-17 18:52:56.941   903  1214 D InputDispatcher: channel '7a5e81e com.fawvw.hmi.bev.carapp/com.fawvw.hmi.bev.carapp.MainActivity (server)' ~ prepareDispatchCycle - flags=FOREGROUND | SPLIT | DISPATCH_AS_IS | WINDOW_IS_PARTIALLY_OBSCURED, globalScaleFactor=1.000000, pointerIds=00000000000000000000000000000001 
03-17 18:52:56.941   903  1214 D InputDispatcher:         pointerId 0: (ROT_0) (IDENTITY)
03-17 18:52:56.941   903  1214 D InputDispatcher: channel '7a5e81e com.fawvw.hmi.bev.carapp/com.fawvw.hmi.bev.carapp.MainActivity (server)' ~ startDispatchCycle
03-17 18:52:56.941   903  1214 D InputDispatcher: Publishing DispatchEntry{resolvedAction=MOVE, resolvedFlags=2, targetFlags=FOREGROUND | SPLIT | DISPATCH_AS_IS | WINDOW_IS_PARTIALLY_OBSCURED, transform=transform (ROT_0) (IDENTITY)
03-17 18:52:56.941   903  1214 D InputDispatcher: } original: MotionEvent(deviceId=2, eventTime=110888543000, source=TOUCHSCREEN, displayId=0, action=MOVE, actionButton=0x00000000, flags=0x00000000, metaState=0x00000000, buttonState=0x00000000, classification=NONE, edgeFlags=0x00000000, xPrecision=1.0, yPrecision=1.0, xCursorPosition=nan, yCursorPosition=nan, pointers=[0: (1088.6, 767.5)]), policyFlags=0x62000000 to 7a5e81e com.fawvw.hmi.bev.carapp/com.fawvw.hmi.bev.carapp.MainActivity (server)
03-17 18:52:56.941   903  1214 I InputVerifier: input: Processing MOVE for device DeviceId(2) (1 pointer) on 7a5e81e com.fawvw.hmi.bev.carapp/com.fawvw.hmi.bev.carapp.MainActivity (server)
03-17 18:52:56.941   903  1214 D InputTransport: channel '7a5e81e com.fawvw.hmi.bev.carapp/com.fawvw.hmi.bev.carapp.MainActivity (server)' publisher ~ publishMotionEvent: seq=556, id=318538608, deviceId=2, source=TOUCHSCREEN, displayId=0, action=MOVE, actionButton=0x00000000, flags=0x2, edgeFlags=0x0, metaState=0x0, buttonState=0x0, classification=NONE,xPrecision=1.000391, yPrecision=1.000695, downTime=110849043000, eventTime=110888543000, pointerCount=1 
03-17 18:52:56.941   903  1214 D InputTransport:         transform (ROT_0) (IDENTITY)
03-17 18:52:56.941   903  1214 D InputTransport: channel '7a5e81e com.fawvw.hmi.bev.carapp/com.fawvw.hmi.bev.carapp.MainActivity (server)' ~ sent message of type MOTION
03-17 18:52:56.941   903  1214 D InputDispatcher: channel 'PointerEventDispatcher0 (server)' ~ prepareDispatchCycle - flags=DISPATCH_AS_IS, globalScaleFactor=1.000000, pointerIds=<none> 
03-17 18:52:56.941   903  1214 D InputDispatcher:         default (ROT_0) (IDENTITY)
03-17 18:52:56.941  8377  8377 D InputTransport: channel '7a5e81e com.fawvw.hmi.bev.carapp/com.fawvw.hmi.bev.carapp.MainActivity (client)' consumer ~ consume: consumeBatches=false, frameTime=-1
03-17 18:52:56.942   903  1214 D InputDispatcher: channel 'PointerEventDispatcher0 (server)' ~ startDispatchCycle
03-17 18:52:56.942  8377  8377 D InputTransport: channel '7a5e81e com.fawvw.hmi.bev.carapp/com.fawvw.hmi.bev.carapp.MainActivity (client)' ~ received message of type MOTION
03-17 18:52:56.942  8377  8377 D InputTransport: channel '7a5e81e com.fawvw.hmi.bev.carapp/com.fawvw.hmi.bev.carapp.MainActivity (client)' consumer ~ appended to batch event
03-17 18:52:56.942   903  1214 D InputDispatcher: Publishing DispatchEntry{resolvedAction=MOVE, resolvedFlags=0, targetFlags=DISPATCH_AS_IS, transform=transform (ROT_0) (IDENTITY)
03-17 18:52:56.942   903  1214 D InputDispatcher: } original: MotionEvent(deviceId=2, eventTime=110888543000, source=TOUCHSCREEN, displayId=0, action=MOVE, actionButton=0x00000000, flags=0x00000000, metaState=0x00000000, buttonState=0x00000000, classification=NONE, edgeFlags=0x00000000, xPrecision=1.0, yPrecision=1.0, xCursorPosition=nan, yCursorPosition=nan, pointers=[0: (1088.6, 767.5)]), policyFlags=0x62000000 to PointerEventDispatcher0 (server)
03-17 18:52:56.942  8377  8377 D InputTransport: channel '7a5e81e com.fawvw.hmi.bev.carapp/com.fawvw.hmi.bev.carapp.MainActivity (client)' ~ receive message failed, errno=11
03-17 18:52:56.942   903  1214 I InputVerifier: input: Processing MOVE for device DeviceId(2) (1 pointer) on PointerEventDispatcher0 (server)
03-17 18:52:56.942   903  1214 D InputTransport: channel 'PointerEventDispatcher0 (server)' publisher ~ publishMotionEvent: seq=557, id=318538608, deviceId=2, source=TOUCHSCREEN, displayId=0, action=MOVE, actionButton=0x00000000, flags=0x0, edgeFlags=0x0, metaState=0x0, buttonState=0x0, classification=NONE,xPrecision=1.000391, yPrecision=1.000695, downTime=110849043000, eventTime=110888543000, pointerCount=1 
03-17 18:52:56.942   903  1214 D InputTransport:         transform (ROT_0) (IDENTITY)
03-17 18:52:56.942   903  1214 D InputTransport: channel 'PointerEventDispatcher0 (server)' ~ sent message of type MOTION
03-17 18:52:56.942   903  1071 D InputTransport: channel 'PointerEventDispatcher0 (client)' consumer ~ consume: consumeBatches=false, frameTime=-1
03-17 18:52:56.942   903  1071 D InputTransport: channel 'PointerEventDispatcher0 (client)' ~ received message of type MOTION
03-17 18:52:56.942   903  1071 D InputTransport: channel 'PointerEventDispatcher0 (client)' consumer ~ started batch event
03-17 18:52:56.942   903  1071 D InputTransport: channel 'PointerEventDispatcher0 (client)' ~ receive message failed, errno=11
03-17 18:52:56.942   903  1071 D InputTransport: channel 'PointerEventDispatcher0 (client)' consumer ~ consume: consumeBatches=true, frameTime=-1
03-17 18:52:56.942   903  1071 D InputTransport: channel 'PointerEventDispatcher0 (client)' ~ receive message failed, errno=11
03-17 18:52:56.942   903  1071 D InputTransport: channel 'PointerEventDispatcher0 (client)' consumer ~ consumed batch event, seq=557
03-17 18:52:56.942   903  1071 D VelocityTracker: VelocityTracker: addMovement eventTime=110888543000, pointerId=0, activePointerId=0
03-17 18:52:56.942   903  1071 D VelocityTracker:   0: axis=0, position=1088.575, estimator (degree=2, coeff=[ 1088.575195, 0.000000, 0.000000 ], confidence=1.000000)
03-17 18:52:56.942   903  1071 D VelocityTracker: VelocityTracker: addMovement eventTime=110888543000, pointerId=0, activePointerId=0
03-17 18:52:56.942   903  1071 D VelocityTracker:   0: axis=1, position=767.467, estimator (degree=2, coeff=[ 767.467346, 0.091710, 2.137264 ], confidence=1.000000)
03-17 18:52:56.942  8377  8377 D InputTransport: channel '7a5e81e com.fawvw.hmi.bev.carapp/com.fawvw.hmi.bev.carapp.MainActivity (client)' consumer ~ consume: consumeBatches=true, frameTime=110889965678
03-17 18:52:56.942  8377  8377 D InputTransport: channel '7a5e81e com.fawvw.hmi.bev.carapp/com.fawvw.hmi.bev.carapp.MainActivity (client)' ~ receive message failed, errno=11
03-17 18:52:56.942   903  1071 D InputTransport: channel 'PointerEventDispatcher0 (client)' consumer ~ sendFinishedSignal: seq=557, handled=false
03-17 18:52:56.942  8377  8377 D InputTransport: [0] - rewrite (1088.575, 767.467), old (1088.575, 767.467)
03-17 18:52:56.942   903  1071 D InputTransport: channel 'PointerEventDispatcher0 (client)' ~ sent message of type FINISHED
03-17 18:52:56.942  8377  8377 D InputTransport: [0] - rewrite (1088.575, 767.467), old (1088.575, 767.467)
03-17 18:52:56.942   903  1071 D InputTransport: channel 'PointerEventDispatcher0 (client)' consumer ~ consume: consumeBatches=true, frameTime=-1
03-17 18:52:56.942  8377  8377 D InputTransport: channel '7a5e81e com.fawvw.hmi.bev.carapp/com.fawvw.hmi.bev.carapp.MainActivity (client)' consumer ~ consumed batch event, seq=554
03-17 18:52:56.942   903  1071 D InputTransport: channel 'PointerEventDispatcher0 (client)' ~ receive message failed, errno=11
03-17 18:52:56.942   903  1214 D InputTransport: channel 'PointerEventDispatcher0 (server)' ~ received message of type FINISHED
03-17 18:52:56.942   903  1214 D InputTransport: channel 'PointerEventDispatcher0 (server)' publisher ~ receiveConsumerResponse: finished: seq=557, handled=false
03-17 18:52:56.942   903  1214 D InputDispatcher: channel 'PointerEventDispatcher0 (server)' ~ finishDispatchCycle - seq=557, handled=false
03-17 18:52:56.942   903  1214 D InputTransport: channel 'PointerEventDispatcher0 (server)' ~ receive message failed, errno=11
03-17 18:52:56.942   903  1214 D InputTransport: channel 'PointerEventDispatcher0 (server)' publisher ~ receiveConsumerResponse: Unknown error -11
03-17 18:52:56.942   903  1214 D InputDispatcher: channel 'PointerEventDispatcher0 (server)' ~ startDispatchCycle
03-17 18:52:56.942  8377  8377 D InputTransport: channel '7a5e81e com.fawvw.hmi.bev.carapp/com.fawvw.hmi.bev.carapp.MainActivity (client)' consumer ~ sendFinishedSignal: seq=554, handled=true
03-17 18:52:56.943  8377  8377 D InputTransport: channel '7a5e81e com.fawvw.hmi.bev.carapp/com.fawvw.hmi.bev.carapp.MainActivity (client)' ~ sent message of type FINISHED
03-17 18:52:56.943  8377  8377 D InputTransport: channel '7a5e81e com.fawvw.hmi.bev.carapp/com.fawvw.hmi.bev.carapp.MainActivity (client)' ~ sent message of type FINISHED
03-17 18:52:56.943   903  1214 D InputTransport: channel '7a5e81e com.fawvw.hmi.bev.carapp/com.fawvw.hmi.bev.carapp.MainActivity (server)' ~ received message of type FINISHED
03-17 18:52:56.943  8377  8377 D InputTransport: channel '7a5e81e com.fawvw.hmi.bev.carapp/com.fawvw.hmi.bev.carapp.MainActivity (client)' consumer ~ consume: consumeBatches=true, frameTime=110889965678
03-17 18:52:56.943   903  1214 D InputTransport: channel '7a5e81e com.fawvw.hmi.bev.carapp/com.fawvw.hmi.bev.carapp.MainActivity (server)' publisher ~ receiveConsumerResponse: finished: seq=552, handled=true
03-17 18:52:56.943  8377  8377 D InputTransport: channel '7a5e81e com.fawvw.hmi.bev.carapp/com.fawvw.hmi.bev.carapp.MainActivity (client)' ~ receive message failed, errno=11
03-17 18:52:56.943   903  1214 D InputDispatcher: channel '7a5e81e com.fawvw.hmi.bev.carapp/com.fawvw.hmi.bev.carapp.MainActivity (server)' ~ finishDispatchCycle - seq=552, handled=true
03-17 18:52:56.943   903  1214 D InputTransport: channel '7a5e81e com.fawvw.hmi.bev.carapp/com.fawvw.hmi.bev.carapp.MainActivity (server)' ~ received message of type FINISHED
03-17 18:52:56.943   903  1214 D InputTransport: channel '7a5e81e com.fawvw.hmi.bev.carapp/com.fawvw.hmi.bev.carapp.MainActivity (server)' publisher ~ receiveConsumerResponse: finished: seq=554, handled=true
03-17 18:52:56.943   903  1214 D InputDispatcher: channel '7a5e81e com.fawvw.hmi.bev.carapp/com.fawvw.hmi.bev.carapp.MainActivity (server)' ~ finishDispatchCycle - seq=554, handled=true
03-17 18:52:56.943   903  1214 D InputTransport: channel '7a5e81e com.fawvw.hmi.bev.carapp/com.fawvw.hmi.bev.carapp.MainActivity (server)' ~ receive message failed, errno=11
03-17 18:52:56.943   903  1214 D InputTransport: channel '7a5e81e com.fawvw.hmi.bev.carapp/com.fawvw.hmi.bev.carapp.MainActivity (server)' publisher ~ receiveConsumerResponse: Unknown error -11
03-17 18:52:56.943   903  1214 D InputDispatcher: channel '7a5e81e com.fawvw.hmi.bev.carapp/com.fawvw.hmi.bev.carapp.MainActivity (server)' ~ startDispatchCycle
03-17 18:52:56.943   903  1214 D InputDispatcher: channel '7a5e81e com.fawvw.hmi.bev.carapp/com.fawvw.hmi.bev.carapp.MainActivity (server)' ~ startDispatchCycle
03-17 18:52:56.949   903  1215 D InputReader: BatchSize: 3 Count: 3
03-17 18:52:56.950   903  1215 D InputReader: Input event: eventHubDevice=1 type=EV_ABS code=ABS_MT_TOUCH_MAJOR value=42 when=110897446000
03-17 18:52:56.950   903  1215 D InputReader: Input event: eventHubDevice=1 type=EV_ABS code=ABS_MT_WIDTH_MAJOR value=42 when=110897446000
03-17 18:52:56.950   903  1215 D InputReader: Input event: eventHubDevice=1 type=EV_SYN code=SYN_REPORT value=0 when=110897446000
03-17 18:52:56.950   903  1215 D InputReader: syncTouch: pointerCount 1 -> 1, touching ids 0x80000000 -> 0x80000000, hovering ids 0x00000000 -> 0x00000000, canceled ids 0x00000000
03-17 18:52:56.950   903  1215 D UnwantedInteractionBlocker: notifyMotion: NotifyMotionArgs(id=930916266, eventTime=110897446000, deviceId=2, source=TOUCHSCREEN, action=MOVE, pointerCount=1 pointers={0: id=0 x=1088.6 y=767.5 pressure=1.0 major=42.0 minor=42.0 orientation=0.0}, flags=0x00000000)
03-17 18:52:56.950   903  1215 D UnwantedInteractionBlocker: enqueueOutboundMotionLocked: NotifyMotionArgs(id=930916266, eventTime=110897446000, deviceId=2, source=TOUCHSCREEN, action=MOVE, pointerCount=1 pointers={0: id=0 x=1088.6 y=767.5 pressure=1.0 major=42.0 minor=42.0 orientation=0.0}, flags=0x00000000)
03-17 18:52:56.950   903  1215 D InputDispatcher: notifyMotion - id=377ca7aa eventTime=110897446000, deviceId=2, source=TOUCHSCREEN, displayId=0, policyFlags=0x0, action=MOVE, actionButton=0x0, flags=0x0, metaState=0x0, buttonState=0x0, edgeFlags=0x0, xPrecision=1.000391, yPrecision=1.000695, xCursorPosition=nan, yCursorPosition=nan, downTime=110849043000
03-17 18:52:56.950   903  1215 D InputDispatcher:   Pointer 0: id=0, toolType=FINGER, x=1088.574829, y=767.467041, pressure=1.000000, size=0.164706, touchMajor=41.977226, touchMinor=41.977226, toolMajor=41.977226, toolMinor=41.977226, orientation=0.000000
03-17 18:52:56.950   903  1215 I InputVerifier: input: Processing MOVE for device DeviceId(2) (1 pointer) on display 0
03-17 18:52:56.950   903  1214 D InputDispatcher: dispatchMotion - eventTime=110897446000, deviceId=2, source=TOUCHSCREEN, displayId=0, policyFlags=0x62000000, action=MOVE, actionButton=0x0, flags=0x0, metaState=0x0, buttonState=0x0,edgeFlags=0x0, xPrecision=1.000391, yPrecision=1.000695, downTime=110849043000
03-17 18:52:56.950   903  1214 D InputDispatcher:   Pointer 0: id=0, toolType=FINGER, x=1088.574829, y=767.467041, pressure=1.000000, size=0.164706, touchMajor=41.977226, touchMinor=41.977226, toolMajor=41.977226, toolMinor=41.977226, orientation=0.000000
03-17 18:52:56.950   903  1214 D InputDispatcher: dispatchEventToCurrentInputTargets
03-17 18:52:56.950   903  1214 D InputDispatcher: channel '7a5e81e com.fawvw.hmi.bev.carapp/com.fawvw.hmi.bev.carapp.MainActivity (server)' ~ prepareDispatchCycle - flags=FOREGROUND | SPLIT | DISPATCH_AS_IS | WINDOW_IS_PARTIALLY_OBSCURED, globalScaleFactor=1.000000, pointerIds=00000000000000000000000000000001 
03-17 18:52:56.950   903  1214 D InputDispatcher:         pointerId 0: (ROT_0) (IDENTITY)
03-17 18:52:56.950   903  1214 D InputDispatcher: channel '7a5e81e com.fawvw.hmi.bev.carapp/com.fawvw.hmi.bev.carapp.MainActivity (server)' ~ startDispatchCycle
03-17 18:52:56.950   903  1214 D InputDispatcher: Publishing DispatchEntry{resolvedAction=MOVE, resolvedFlags=2, targetFlags=FOREGROUND | SPLIT | DISPATCH_AS_IS | WINDOW_IS_PARTIALLY_OBSCURED, transform=transform (ROT_0) (IDENTITY)
03-17 18:52:56.950   903  1214 D InputDispatcher: } original: MotionEvent(deviceId=2, eventTime=110897446000, source=TOUCHSCREEN, displayId=0, action=MOVE, actionButton=0x00000000, flags=0x00000000, metaState=0x00000000, buttonState=0x00000000, classification=NONE, edgeFlags=0x00000000, xPrecision=1.0, yPrecision=1.0, xCursorPosition=nan, yCursorPosition=nan, pointers=[0: (1088.6, 767.5)]), policyFlags=0x62000000 to 7a5e81e com.fawvw.hmi.bev.carapp/com.fawvw.hmi.bev.carapp.MainActivity (server)
03-17 18:52:56.950   903  1214 I InputVerifier: input: Processing MOVE for device DeviceId(2) (1 pointer) on 7a5e81e com.fawvw.hmi.bev.carapp/com.fawvw.hmi.bev.carapp.MainActivity (server)
03-17 18:52:56.950   903  1214 D InputTransport: channel '7a5e81e com.fawvw.hmi.bev.carapp/com.fawvw.hmi.bev.carapp.MainActivity (server)' publisher ~ publishMotionEvent: seq=558, id=930916266, deviceId=2, source=TOUCHSCREEN, displayId=0, action=MOVE, actionButton=0x00000000, flags=0x2, edgeFlags=0x0, metaState=0x0, buttonState=0x0, classification=NONE,xPrecision=1.000391, yPrecision=1.000695, downTime=110849043000, eventTime=110897446000, pointerCount=1 
03-17 18:52:56.950   903  1214 D InputTransport:         transform (ROT_0) (IDENTITY)
03-17 18:52:56.950   903  1214 D InputTransport: channel '7a5e81e com.fawvw.hmi.bev.carapp/com.fawvw.hmi.bev.carapp.MainActivity (server)' ~ sent message of type MOTION
03-17 18:52:56.950   903  1214 D InputDispatcher: channel 'PointerEventDispatcher0 (server)' ~ prepareDispatchCycle - flags=DISPATCH_AS_IS, globalScaleFactor=1.000000, pointerIds=<none> 
03-17 18:52:56.950   903  1214 D InputDispatcher:         default (ROT_0) (IDENTITY)
03-17 18:52:56.950  8377  8377 D InputTransport: channel '7a5e81e com.fawvw.hmi.bev.carapp/com.fawvw.hmi.bev.carapp.MainActivity (client)' consumer ~ consume: consumeBatches=false, frameTime=-1
03-17 18:52:56.950   903  1214 D InputDispatcher: channel 'PointerEventDispatcher0 (server)' ~ startDispatchCycle
03-17 18:52:56.950  8377  8377 D InputTransport: channel '7a5e81e com.fawvw.hmi.bev.carapp/com.fawvw.hmi.bev.carapp.MainActivity (client)' ~ received message of type MOTION
03-17 18:52:56.950  8377  8377 D InputTransport: channel '7a5e81e com.fawvw.hmi.bev.carapp/com.fawvw.hmi.bev.carapp.MainActivity (client)' consumer ~ appended to batch event
03-17 18:52:56.950   903  1214 D InputDispatcher: Publishing DispatchEntry{resolvedAction=MOVE, resolvedFlags=0, targetFlags=DISPATCH_AS_IS, transform=transform (ROT_0) (IDENTITY)
03-17 18:52:56.950   903  1214 D InputDispatcher: } original: MotionEvent(deviceId=2, eventTime=110897446000, source=TOUCHSCREEN, displayId=0, action=MOVE, actionButton=0x00000000, flags=0x00000000, metaState=0x00000000, buttonState=0x00000000, classification=NONE, edgeFlags=0x00000000, xPrecision=1.0, yPrecision=1.0, xCursorPosition=nan, yCursorPosition=nan, pointers=[0: (1088.6, 767.5)]), policyFlags=0x62000000 to PointerEventDispatcher0 (server)
03-17 18:52:56.950  8377  8377 D InputTransport: channel '7a5e81e com.fawvw.hmi.bev.carapp/com.fawvw.hmi.bev.carapp.MainActivity (client)' ~ receive message failed, errno=11
03-17 18:52:56.950   903  1214 I InputVerifier: input: Processing MOVE for device DeviceId(2) (1 pointer) on PointerEventDispatcher0 (server)
03-17 18:52:56.951   903  1214 D InputTransport: channel 'PointerEventDispatcher0 (server)' publisher ~ publishMotionEvent: seq=559, id=930916266, deviceId=2, source=TOUCHSCREEN, displayId=0, action=MOVE, actionButton=0x00000000, flags=0x0, edgeFlags=0x0, metaState=0x0, buttonState=0x0, classification=NONE,xPrecision=1.000391, yPrecision=1.000695, downTime=110849043000, eventTime=110897446000, pointerCount=1 
03-17 18:52:56.951   903  1214 D InputTransport:         transform (ROT_0) (IDENTITY)
03-17 18:52:56.951   903  1214 D InputTransport: channel 'PointerEventDispatcher0 (server)' ~ sent message of type MOTION
03-17 18:52:56.951   903  1071 D InputTransport: channel 'PointerEventDispatcher0 (client)' consumer ~ consume: consumeBatches=false, frameTime=-1
03-17 18:52:56.951   903  1071 D InputTransport: channel 'PointerEventDispatcher0 (client)' ~ received message of type MOTION
03-17 18:52:56.951   903  1071 D InputTransport: channel 'PointerEventDispatcher0 (client)' consumer ~ started batch event
03-17 18:52:56.951   903  1071 D InputTransport: channel 'PointerEventDispatcher0 (client)' ~ receive message failed, errno=11
03-17 18:52:56.951   903  1071 D InputTransport: channel 'PointerEventDispatcher0 (client)' consumer ~ consume: consumeBatches=true, frameTime=-1
03-17 18:52:56.951   903  1071 D InputTransport: channel 'PointerEventDispatcher0 (client)' ~ receive message failed, errno=11
03-17 18:52:56.951   903  1071 D InputTransport: channel 'PointerEventDispatcher0 (client)' consumer ~ consumed batch event, seq=559
03-17 18:52:56.951   903  1071 D VelocityTracker: VelocityTracker: addMovement eventTime=110897446000, pointerId=0, activePointerId=0
03-17 18:52:56.951   903  1071 D VelocityTracker:   0: axis=0, position=1088.575, estimator (degree=2, coeff=[ 1088.574829, -0.065807, -1.341349 ], confidence=1.000000)
03-17 18:52:56.951   903  1071 D VelocityTracker: VelocityTracker: addMovement eventTime=110897446000, pointerId=0, activePointerId=0
03-17 18:52:56.951   903  1071 D VelocityTracker:   0: axis=1, position=767.467, estimator (degree=2, coeff=[ 767.466797, 0.000000, 0.000000 ], confidence=1.000000)
03-17 18:52:56.951   903  1071 D InputTransport: channel 'PointerEventDispatcher0 (client)' consumer ~ sendFinishedSignal: seq=559, handled=false
03-17 18:52:56.951   903  1071 D InputTransport: channel 'PointerEventDispatcher0 (client)' ~ sent message of type FINISHED
03-17 18:52:56.951   903  1214 D InputTransport: channel 'PointerEventDispatcher0 (server)' ~ received message of type FINISHED
03-17 18:52:56.951   903  1071 D InputTransport: channel 'PointerEventDispatcher0 (client)' consumer ~ consume: consumeBatches=true, frameTime=-1
03-17 18:52:56.951   903  1071 D InputTransport: channel 'PointerEventDispatcher0 (client)' ~ receive message failed, errno=11
03-17 18:52:56.951   903  1214 D InputTransport: channel 'PointerEventDispatcher0 (server)' publisher ~ receiveConsumerResponse: finished: seq=559, handled=false
03-17 18:52:56.951   903  1214 D InputDispatcher: channel 'PointerEventDispatcher0 (server)' ~ finishDispatchCycle - seq=559, handled=false
03-17 18:52:56.951   903  1214 D InputTransport: channel 'PointerEventDispatcher0 (server)' ~ receive message failed, errno=11
03-17 18:52:56.951   903  1214 D InputTransport: channel 'PointerEventDispatcher0 (server)' publisher ~ receiveConsumerResponse: Unknown error -11
03-17 18:52:56.951   903  1214 D InputDispatcher: channel 'PointerEventDispatcher0 (server)' ~ startDispatchCycle
03-17 18:52:56.957   903  1215 D InputReader: BatchSize: 3 Count: 3
03-17 18:52:56.957   903  1215 D InputReader: Input event: eventHubDevice=1 type=EV_ABS code=ABS_MT_TOUCH_MAJOR value=44 when=110905227000
03-17 18:52:56.957   903  1215 D InputReader: Input event: eventHubDevice=1 type=EV_ABS code=ABS_MT_WIDTH_MAJOR value=44 when=110905227000
03-17 18:52:56.957   903  1215 D InputReader: Input event: eventHubDevice=1 type=EV_SYN code=SYN_REPORT value=0 when=110905227000
03-17 18:52:56.957   903  1215 D InputReader: syncTouch: pointerCount 1 -> 1, touching ids 0x80000000 -> 0x80000000, hovering ids 0x00000000 -> 0x00000000, canceled ids 0x00000000
03-17 18:52:56.957   903  1215 D UnwantedInteractionBlocker: notifyMotion: NotifyMotionArgs(id=357462498, eventTime=110905227000, deviceId=2, source=TOUCHSCREEN, action=MOVE, pointerCount=1 pointers={0: id=0 x=1088.6 y=767.5 pressure=1.0 major=44.0 minor=44.0 orientation=0.0}, flags=0x00000000)
03-17 18:52:56.957   903  1215 D UnwantedInteractionBlocker: enqueueOutboundMotionLocked: NotifyMotionArgs(id=357462498, eventTime=110905227000, deviceId=2, source=TOUCHSCREEN, action=MOVE, pointerCount=1 pointers={0: id=0 x=1088.6 y=767.5 pressure=1.0 major=44.0 minor=44.0 orientation=0.0}, flags=0x00000000)
03-17 18:52:56.958   903  1215 D InputDispatcher: notifyMotion - id=154e71e2 eventTime=110905227000, deviceId=2, source=TOUCHSCREEN, displayId=0, policyFlags=0x0, action=MOVE, actionButton=0x0, flags=0x0, metaState=0x0, buttonState=0x0, edgeFlags=0x0, xPrecision=1.000391, yPrecision=1.000695, xCursorPosition=nan, yCursorPosition=nan, downTime=110849043000
03-17 18:52:56.958   903  1215 D InputDispatcher:   Pointer 0: id=0, toolType=FINGER, x=1088.574829, y=767.467041, pressure=1.000000, size=0.172549, touchMajor=43.976143, touchMinor=43.976143, toolMajor=43.976143, toolMinor=43.976143, orientation=0.000000
03-17 18:52:56.958   903  1215 I InputVerifier: input: Processing MOVE for device DeviceId(2) (1 pointer) on display 0
03-17 18:52:56.958   903  1214 D InputDispatcher: dispatchMotion - eventTime=110905227000, deviceId=2, source=TOUCHSCREEN, displayId=0, policyFlags=0x62000000, action=MOVE, actionButton=0x0, flags=0x0, metaState=0x0, buttonState=0x0,edgeFlags=0x0, xPrecision=1.000391, yPrecision=1.000695, downTime=110849043000
03-17 18:52:56.958   903  1214 D InputDispatcher:   Pointer 0: id=0, toolType=FINGER, x=1088.574829, y=767.467041, pressure=1.000000, size=0.172549, touchMajor=43.976143, touchMinor=43.976143, toolMajor=43.976143, toolMinor=43.976143, orientation=0.000000
03-17 18:52:56.958   903  1214 D InputDispatcher: dispatchEventToCurrentInputTargets
03-17 18:52:56.958   903  1214 D InputDispatcher: channel '7a5e81e com.fawvw.hmi.bev.carapp/com.fawvw.hmi.bev.carapp.MainActivity (server)' ~ prepareDispatchCycle - flags=FOREGROUND | SPLIT | DISPATCH_AS_IS | WINDOW_IS_PARTIALLY_OBSCURED, globalScaleFactor=1.000000, pointerIds=00000000000000000000000000000001 
03-17 18:52:56.958   903  1214 D InputDispatcher:         pointerId 0: (ROT_0) (IDENTITY)
03-17 18:52:56.958   903  1214 D InputDispatcher: channel '7a5e81e com.fawvw.hmi.bev.carapp/com.fawvw.hmi.bev.carapp.MainActivity (server)' ~ startDispatchCycle
03-17 18:52:56.958   903  1214 D InputDispatcher: Publishing DispatchEntry{resolvedAction=MOVE, resolvedFlags=2, targetFlags=FOREGROUND | SPLIT | DISPATCH_AS_IS | WINDOW_IS_PARTIALLY_OBSCURED, transform=transform (ROT_0) (IDENTITY)
03-17 18:52:56.958   903  1214 D InputDispatcher: } original: MotionEvent(deviceId=2, eventTime=110905227000, source=TOUCHSCREEN, displayId=0, action=MOVE, actionButton=0x00000000, flags=0x00000000, metaState=0x00000000, buttonState=0x00000000, classification=NONE, edgeFlags=0x00000000, xPrecision=1.0, yPrecision=1.0, xCursorPosition=nan, yCursorPosition=nan, pointers=[0: (1088.6, 767.5)]), policyFlags=0x62000000 to 7a5e81e com.fawvw.hmi.bev.carapp/com.fawvw.hmi.bev.carapp.MainActivity (server)
03-17 18:52:56.958   903  1214 I InputVerifier: input: Processing MOVE for device DeviceId(2) (1 pointer) on 7a5e81e com.fawvw.hmi.bev.carapp/com.fawvw.hmi.bev.carapp.MainActivity (server)
03-17 18:52:56.958   903  1214 D InputTransport: channel '7a5e81e com.fawvw.hmi.bev.carapp/com.fawvw.hmi.bev.carapp.MainActivity (server)' publisher ~ publishMotionEvent: seq=560, id=357462498, deviceId=2, source=TOUCHSCREEN, displayId=0, action=MOVE, actionButton=0x00000000, flags=0x2, edgeFlags=0x0, metaState=0x0, buttonState=0x0, classification=NONE,xPrecision=1.000391, yPrecision=1.000695, downTime=110849043000, eventTime=110905227000, pointerCount=1 
03-17 18:52:56.958   903  1214 D InputTransport:         transform (ROT_0) (IDENTITY)
03-17 18:52:56.958   903  1214 D InputTransport: channel '7a5e81e com.fawvw.hmi.bev.carapp/com.fawvw.hmi.bev.carapp.MainActivity (server)' ~ sent message of type MOTION
03-17 18:52:56.958   903  1214 D InputDispatcher: channel 'PointerEventDispatcher0 (server)' ~ prepareDispatchCycle - flags=DISPATCH_AS_IS, globalScaleFactor=1.000000, pointerIds=<none> 
03-17 18:52:56.958   903  1214 D InputDispatcher:         default (ROT_0) (IDENTITY)
03-17 18:52:56.958  8377  8377 D InputTransport: channel '7a5e81e com.fawvw.hmi.bev.carapp/com.fawvw.hmi.bev.carapp.MainActivity (client)' consumer ~ consume: consumeBatches=false, frameTime=-1
03-17 18:52:56.958   903  1214 D InputDispatcher: channel 'PointerEventDispatcher0 (server)' ~ startDispatchCycle
03-17 18:52:56.958  8377  8377 D InputTransport: channel '7a5e81e com.fawvw.hmi.bev.carapp/com.fawvw.hmi.bev.carapp.MainActivity (client)' ~ received message of type MOTION
03-17 18:52:56.958  8377  8377 D InputTransport: channel '7a5e81e com.fawvw.hmi.bev.carapp/com.fawvw.hmi.bev.carapp.MainActivity (client)' consumer ~ appended to batch event
03-17 18:52:56.958   903  1214 D InputDispatcher: Publishing DispatchEntry{resolvedAction=MOVE, resolvedFlags=0, targetFlags=DISPATCH_AS_IS, transform=transform (ROT_0) (IDENTITY)
03-17 18:52:56.958   903  1214 D InputDispatcher: } original: MotionEvent(deviceId=2, eventTime=110905227000, source=TOUCHSCREEN, displayId=0, action=MOVE, actionButton=0x00000000, flags=0x00000000, metaState=0x00000000, buttonState=0x00000000, classification=NONE, edgeFlags=0x00000000, xPrecision=1.0, yPrecision=1.0, xCursorPosition=nan, yCursorPosition=nan, pointers=[0: (1088.6, 767.5)]), policyFlags=0x62000000 to PointerEventDispatcher0 (server)
03-17 18:52:56.958  8377  8377 D InputTransport: channel '7a5e81e com.fawvw.hmi.bev.carapp/com.fawvw.hmi.bev.carapp.MainActivity (client)' ~ receive message failed, errno=11
03-17 18:52:56.958   903  1214 I InputVerifier: input: Processing MOVE for device DeviceId(2) (1 pointer) on PointerEventDispatcher0 (server)
03-17 18:52:56.958   903  1214 D InputTransport: channel 'PointerEventDispatcher0 (server)' publisher ~ publishMotionEvent: seq=561, id=357462498, deviceId=2, source=TOUCHSCREEN, displayId=0, action=MOVE, actionButton=0x00000000, flags=0x0, edgeFlags=0x0, metaState=0x0, buttonState=0x0, classification=NONE,xPrecision=1.000391, yPrecision=1.000695, downTime=110849043000, eventTime=110905227000, pointerCount=1 
03-17 18:52:56.958   903  1214 D InputTransport:         transform (ROT_0) (IDENTITY)
03-17 18:52:56.958   903  1214 D InputTransport: channel 'PointerEventDispatcher0 (server)' ~ sent message of type MOTION
03-17 18:52:56.958   903  1071 D InputTransport: channel 'PointerEventDispatcher0 (client)' consumer ~ consume: consumeBatches=false, frameTime=-1
03-17 18:52:56.958   903  1071 D InputTransport: channel 'PointerEventDispatcher0 (client)' ~ received message of type MOTION
03-17 18:52:56.958   903  1071 D InputTransport: channel 'PointerEventDispatcher0 (client)' consumer ~ started batch event
03-17 18:52:56.958   903  1071 D InputTransport: channel 'PointerEventDispatcher0 (client)' ~ receive message failed, errno=11
03-17 18:52:56.958   903  1071 D InputTransport: channel 'PointerEventDispatcher0 (client)' consumer ~ consume: consumeBatches=true, frameTime=-1
03-17 18:52:56.958   903  1071 D InputTransport: channel 'PointerEventDispatcher0 (client)' ~ receive message failed, errno=11
03-17 18:52:56.958   903  1071 D InputTransport: channel 'PointerEventDispatcher0 (client)' consumer ~ consumed batch event, seq=561
03-17 18:52:56.958   903  1071 D VelocityTracker: VelocityTracker: addMovement eventTime=110905227000, pointerId=0, activePointerId=0
03-17 18:52:56.959   903  1071 D VelocityTracker:   0: axis=0, position=1088.575, estimator (degree=2, coeff=[ 1088.575073, 0.001672, 0.125239 ], confidence=1.000000)
03-17 18:52:56.959   903  1071 D VelocityTracker: VelocityTracker: addMovement eventTime=110905227000, pointerId=0, activePointerId=0
03-17 18:52:56.959   903  1071 D VelocityTracker:   0: axis=1, position=767.467, estimator (degree=2, coeff=[ 767.465698, -0.111429, -1.773745 ], confidence=1.000000)
03-17 18:52:56.959   903  1071 D InputTransport: channel 'PointerEventDispatcher0 (client)' consumer ~ sendFinishedSignal: seq=561, handled=false
03-17 18:52:56.959   903  1071 D InputTransport: channel 'PointerEventDispatcher0 (client)' ~ sent message of type FINISHED
03-17 18:52:56.959   903  1071 D InputTransport: channel 'PointerEventDispatcher0 (client)' consumer ~ consume: consumeBatches=true, frameTime=-1
03-17 18:52:56.959   903  1071 D InputTransport: channel 'PointerEventDispatcher0 (client)' ~ receive message failed, errno=11
03-17 18:52:56.959   903  1214 D InputTransport: channel 'PointerEventDispatcher0 (server)' ~ received message of type FINISHED
03-17 18:52:56.959   903  1214 D InputTransport: channel 'PointerEventDispatcher0 (server)' publisher ~ receiveConsumerResponse: finished: seq=561, handled=false
03-17 18:52:56.959   903  1214 D InputDispatcher: channel 'PointerEventDispatcher0 (server)' ~ finishDispatchCycle - seq=561, handled=false
03-17 18:52:56.959   903  1214 D InputTransport: channel 'PointerEventDispatcher0 (server)' ~ receive message failed, errno=11
03-17 18:52:56.959   903  1214 D InputTransport: channel 'PointerEventDispatcher0 (server)' publisher ~ receiveConsumerResponse: Unknown error -11
03-17 18:52:56.959   903  1214 D InputDispatcher: channel 'PointerEventDispatcher0 (server)' ~ startDispatchCycle
03-17 18:52:56.959  8377  8377 D InputTransport: channel '7a5e81e com.fawvw.hmi.bev.carapp/com.fawvw.hmi.bev.carapp.MainActivity (client)' consumer ~ consume: consumeBatches=true, frameTime=110906790678
03-17 18:52:56.959  8377  8377 D InputTransport: channel '7a5e81e com.fawvw.hmi.bev.carapp/com.fawvw.hmi.bev.carapp.MainActivity (client)' ~ receive message failed, errno=11
03-17 18:52:56.959  8377  8377 D InputTransport: [0] - rewrite (1088.575, 767.467), old (1088.575, 767.467)
03-17 18:52:56.959  8377  8377 D InputTransport: [0] - rewrite (1088.575, 767.467), old (1088.575, 767.467)
03-17 18:52:56.959  8377  8377 D InputTransport: channel '7a5e81e com.fawvw.hmi.bev.carapp/com.fawvw.hmi.bev.carapp.MainActivity (client)' consumer ~ consumed batch event, seq=558
03-17 18:52:56.959  8377  8377 D InputTransport: channel '7a5e81e com.fawvw.hmi.bev.carapp/com.fawvw.hmi.bev.carapp.MainActivity (client)' consumer ~ sendFinishedSignal: seq=558, handled=true
03-17 18:52:56.959  8377  8377 D InputTransport: channel '7a5e81e com.fawvw.hmi.bev.carapp/com.fawvw.hmi.bev.carapp.MainActivity (client)' ~ sent message of type FINISHED
03-17 18:52:56.959  8377  8377 D InputTransport: channel '7a5e81e com.fawvw.hmi.bev.carapp/com.fawvw.hmi.bev.carapp.MainActivity (client)' ~ sent message of type FINISHED
03-17 18:52:56.959   903  1214 D InputTransport: channel '7a5e81e com.fawvw.hmi.bev.carapp/com.fawvw.hmi.bev.carapp.MainActivity (server)' ~ received message of type FINISHED
03-17 18:52:56.959  8377  8377 D InputTransport: channel '7a5e81e com.fawvw.hmi.bev.carapp/com.fawvw.hmi.bev.carapp.MainActivity (client)' consumer ~ consume: consumeBatches=true, frameTime=110906790678
03-17 18:52:56.959  8377  8377 D InputTransport: channel '7a5e81e com.fawvw.hmi.bev.carapp/com.fawvw.hmi.bev.carapp.MainActivity (client)' ~ receive message failed, errno=11
03-17 18:52:56.959   903  1214 D InputTransport: channel '7a5e81e com.fawvw.hmi.bev.carapp/com.fawvw.hmi.bev.carapp.MainActivity (server)' publisher ~ receiveConsumerResponse: finished: seq=556, handled=true
03-17 18:52:56.959   903  1214 D InputDispatcher: channel '7a5e81e com.fawvw.hmi.bev.carapp/com.fawvw.hmi.bev.carapp.MainActivity (server)' ~ finishDispatchCycle - seq=556, handled=true
03-17 18:52:56.959   903  1214 D InputTransport: channel '7a5e81e com.fawvw.hmi.bev.carapp/com.fawvw.hmi.bev.carapp.MainActivity (server)' ~ received message of type FINISHED
03-17 18:52:56.959   903  1214 D InputTransport: channel '7a5e81e com.fawvw.hmi.bev.carapp/com.fawvw.hmi.bev.carapp.MainActivity (server)' publisher ~ receiveConsumerResponse: finished: seq=558, handled=true
03-17 18:52:56.960   903  1214 D InputDispatcher: channel '7a5e81e com.fawvw.hmi.bev.carapp/com.fawvw.hmi.bev.carapp.MainActivity (server)' ~ finishDispatchCycle - seq=558, handled=true
03-17 18:52:56.960   903  1214 D InputTransport: channel '7a5e81e com.fawvw.hmi.bev.carapp/com.fawvw.hmi.bev.carapp.MainActivity (server)' ~ receive message failed, errno=11
