03-17 18:52:57.780  8377  8491 W SettingsLib.AccessPoint: NetworkInfo is null, cannot return detailed state
03-17 18:52:57.780  8377  8491 W SettingsLib.AccessPoint: NetworkInfo is null, cannot return detailed state
03-17 18:52:57.780  8377  8491 I AccessPoint: AccessPoint: TP-LINK_45A7, detailed state: null, isReachable: true
03-17 18:52:57.780  8377  8491 W SettingsLib.AccessPoint: NetworkInfo is null, cannot return detailed state
03-17 18:52:57.780  8377  8491 W SettingsLib.AccessPoint: NetworkInfo is null, cannot return detailed state
03-17 18:52:57.780  8377  8491 I AccessPoint: AccessPoint: TP-LINK_APP, detailed state: null, isReachable: true
03-17 18:52:57.780  8377  8491 W SettingsLib.AccessPoint: NetworkInfo is null, cannot return detailed state
03-17 18:52:57.780  8377  8491 W SettingsLib.AccessPoint: NetworkInfo is null, cannot return detailed state
03-17 18:52:57.780  8377  8491 I AccessPoint: AccessPoint: TP-LINK_DE9B, detailed state: null, isReachable: true
03-17 18:52:57.780  8377  8491 W SettingsLib.AccessPoint: NetworkInfo is null, cannot return detailed state
03-17 18:52:57.780  8377  8491 W SettingsLib.AccessPoint: NetworkInfo is null, cannot return detailed state
03-17 18:52:57.780  8377  8491 I AccessPoint: AccessPoint: Adayo-CW, detailed state: null, isReachable: true
03-17 18:52:57.780  8377  8491 W SettingsLib.AccessPoint: NetworkInfo is null, cannot return detailed state
03-17 18:52:57.780  8377  8491 W SettingsLib.AccessPoint: NetworkInfo is null, cannot return detailed state
03-17 18:52:57.780  8377  8491 I AccessPoint: AccessPoint: ADAYOGE FangKe, detailed state: null, isReachable: true
03-17 18:52:57.780  8377  8491 W SettingsLib.AccessPoint: NetworkInfo is null, cannot return detailed state
03-17 18:52:57.780  8377  8491 W SettingsLib.AccessPoint: NetworkInfo is null, cannot return detailed state
03-17 18:52:57.780  8377  8491 I AccessPoint: AccessPoint: ADAYOGE WiFi, detailed state: null, isReachable: true
03-17 18:52:57.780  8377  8491 W SettingsLib.AccessPoint: NetworkInfo is null, cannot return detailed state
03-17 18:52:57.780  8377  8491 W SettingsLib.AccessPoint: NetworkInfo is null, cannot return detailed state
03-17 18:52:57.780  8377  8491 I AccessPoint: AccessPoint: AKALMING, detailed state: null, isReachable: true
03-17 18:52:57.780  8377  8491 W SettingsLib.AccessPoint: NetworkInfo is null, cannot return detailed state
03-17 18:52:57.780  8377  8491 W SettingsLib.AccessPoint: NetworkInfo is null, cannot return detailed state
03-17 18:52:57.780  8377  8491 I AccessPoint: AccessPoint: AndroidAP_3590, detailed state: null, isReachable: true
03-17 18:52:57.780  8377  8491 W SettingsLib.AccessPoint: NetworkInfo is null, cannot return detailed state
03-17 18:52:57.780  8377  8491 W SettingsLib.AccessPoint: NetworkInfo is null, cannot return detailed state
03-17 18:52:57.780  8377  8491 I AccessPoint: AccessPoint: AndroidAP_5614, detailed state: null, isReachable: true
03-17 18:52:57.780  8377  8491 W SettingsLib.AccessPoint: NetworkInfo is null, cannot return detailed state
03-17 18:52:57.780  8377  8491 W SettingsLib.AccessPoint: NetworkInfo is null, cannot return detailed state
03-17 18:52:57.780  8377  8491 I AccessPoint: AccessPoint: FL-5G-1497, detailed state: null, isReachable: true
03-17 18:52:57.780  8377  8491 W SettingsLib.AccessPoint: NetworkInfo is null, cannot return detailed state
03-17 18:52:57.780  8377  8491 W SettingsLib.AccessPoint: NetworkInfo is null, cannot return detailed state
03-17 18:52:57.780  8377  8491 I AccessPoint: AccessPoint: FX_2415, detailed state: null, isReachable: true
03-17 18:52:57.780  8377  8491 W SettingsLib.AccessPoint: NetworkInfo is null, cannot return detailed state
03-17 18:52:57.780  8377  8491 W SettingsLib.AccessPoint: NetworkInfo is null, cannot return detailed state
03-17 18:52:57.780  8377  8491 I AccessPoint: AccessPoint: FX_8833, detailed state: null, isReachable: true
03-17 18:52:57.780  8377  8491 W SettingsLib.AccessPoint: NetworkInfo is null, cannot return detailed state
03-17 18:52:57.780  8377  8491 W SettingsLib.AccessPoint: NetworkInfo is null, cannot return detailed state
03-17 18:52:57.780  8377  8491 I AccessPoint: AccessPoint: iPhone 13 Pro, detailed state: null, isReachable: true
03-17 18:52:57.780  8377  8491 W SettingsLib.AccessPoint: NetworkInfo is null, cannot return detailed state
03-17 18:52:57.781  8377  8491 W SettingsLib.AccessPoint: NetworkInfo is null, cannot return detailed state
03-17 18:52:57.781  8377  8491 I AccessPoint: AccessPoint: JETTA WLAN 001, detailed state: null, isReachable: true
03-17 18:52:57.781  8377  8491 W SettingsLib.AccessPoint: NetworkInfo is null, cannot return detailed state
03-17 18:52:57.781  8377  8491 W SettingsLib.AccessPoint: NetworkInfo is null, cannot return detailed state
03-17 18:52:57.781  8377  8491 I AccessPoint: AccessPoint: ProductPro, detailed state: null, isReachable: true
03-17 18:52:57.781  8377  8491 W SettingsLib.AccessPoint: NetworkInfo is null, cannot return detailed state
03-17 18:52:57.781  8377  8491 W SettingsLib.AccessPoint: NetworkInfo is null, cannot return detailed state
03-17 18:52:57.781  8377  8491 I AccessPoint: AccessPoint: TP-LINK_3AFA, detailed state: null, isReachable: true
03-17 18:52:57.781  8377  8491 W SettingsLib.AccessPoint: NetworkInfo is null, cannot return detailed state
03-17 18:52:57.781   580   630 I netd    : bandwidthSetInterfaceQuota(vlan_07, 9223372036854775807) <4.72ms>
03-17 18:52:57.781  8377  8491 W SettingsLib.AccessPoint: NetworkInfo is null, cannot return detailed state
03-17 18:52:57.781  8377  8491 I AccessPoint: AccessPoint: TP-LINK_E6B8, detailed state: null, isReachable: true
03-17 18:52:57.781  8377  8491 W SettingsLib.AccessPoint: NetworkInfo is null, cannot return detailed state
03-17 18:52:57.781  8377  8491 W SettingsLib.AccessPoint: NetworkInfo is null, cannot return detailed state
03-17 18:52:57.781  8377  8491 I AccessPoint: AccessPoint: Xiaomi 14, detailed state: null, isReachable: true
03-17 18:52:57.781  8377  8491 W SettingsLib.AccessPoint: NetworkInfo is null, cannot return detailed state
03-17 18:52:57.781  8377  8491 W SettingsLib.AccessPoint: NetworkInfo is null, cannot return detailed state
03-17 18:52:57.781  8377  8491 I AccessPoint: AccessPoint: ZTE_3DA119, detailed state: null, isReachable: true
03-17 18:52:57.781  8377  8491 W SettingsLib.AccessPoint: NetworkInfo is null, cannot return detailed state
03-17 18:52:57.781  8377  8491 W SettingsLib.AccessPoint: NetworkInfo is null, cannot return detailed state
03-17 18:52:57.781  8377  8491 I AccessPoint: AccessPoint: ABCDEFG, detailed state: null, isReachable: true
03-17 18:52:57.781  8377  8491 W SettingsLib.AccessPoint: NetworkInfo is null, cannot return detailed state
03-17 18:52:57.781  8377  8491 W SettingsLib.AccessPoint: NetworkInfo is null, cannot return detailed state
03-17 18:52:57.781  8377  8491 I AccessPoint: AccessPoint: ADAYOGE-HK, detailed state: null, isReachable: true
03-17 18:52:57.781  8377  8491 W SettingsLib.AccessPoint: NetworkInfo is null, cannot return detailed state
03-17 18:52:57.781  8377  8491 W SettingsLib.AccessPoint: NetworkInfo is null, cannot return detailed state
03-17 18:52:57.781  8377  8491 I AccessPoint: AccessPoint: AndroidAP_2884, detailed state: null, isReachable: true
03-17 18:52:57.781  8377  8491 W SettingsLib.AccessPoint: NetworkInfo is null, cannot return detailed state
03-17 18:52:57.781  8377  8491 W SettingsLib.AccessPoint: NetworkInfo is null, cannot return detailed state
03-17 18:52:57.781  8377  8491 I AccessPoint: AccessPoint: DIRECT-ea84-1590, detailed state: null, isReachable: true
03-17 18:52:57.781  8377  8491 W SettingsLib.AccessPoint: NetworkInfo is null, cannot return detailed state
03-17 18:52:57.781  8377  8491 W SettingsLib.AccessPoint: NetworkInfo is null, cannot return detailed state
03-17 18:52:57.781  8377  8491 I AccessPoint: AccessPoint: HUAWEI_B316_9AF2_5G, detailed state: null, isReachable: true
03-17 18:52:57.781  8377  8491 W SettingsLib.AccessPoint: NetworkInfo is null, cannot return detailed state
03-17 18:52:57.781  8377  8491 W SettingsLib.AccessPoint: NetworkInfo is null, cannot return detailed state
03-17 18:52:57.781  8377  8491 I AccessPoint: AccessPoint: nidewifi-5G, detailed state: null, isReachable: true
03-17 18:52:57.781  8377  8491 W SettingsLib.AccessPoint: NetworkInfo is null, cannot return detailed state
03-17 18:52:57.781  8377  8491 W SettingsLib.AccessPoint: NetworkInfo is null, cannot return detailed state
03-17 18:52:57.781  8377  8491 I AccessPoint: AccessPoint: Tony’s 20phone, detailed state: null, isReachable: true
03-17 18:52:57.781  8377  8491 W SettingsLib.AccessPoint: NetworkInfo is null, cannot return detailed state
03-17 18:52:57.781  8377  8491 W SettingsLib.AccessPoint: NetworkInfo is null, cannot return detailed state
03-17 18:52:57.781  8377  8491 I AccessPoint: AccessPoint: TP_KK, detailed state: null, isReachable: true
03-17 18:52:57.781  8377  8491 W SettingsLib.AccessPoint: NetworkInfo is null, cannot return detailed state
03-17 18:52:57.781  8377  8491 I CnsCarApp-WlanRepositoryImpl: No connected access point!!
03-17 18:52:57.781  8377  8491 I CnsCarApp-WlanViewModel: onAccessPointsChanged, connected WIFI: null
03-17 18:52:57.782   903  1759 I WifiService: getWifiEnabledState uid=1000 state=3
03-17 18:52:57.782  8377  8491 I CarWifiManager: AccessPoint Cudy-6C60, isReachable: true
03-17 18:52:57.782  8377  8491 I CarWifiManager: AccessPoint Cudy-6C60-5G, isReachable: true
03-17 18:52:57.782  8377  8491 I CarWifiManager: AccessPoint ChinaNet-D9B9E4-5G, isReachable: true
03-17 18:52:57.782  8377  8491 I CarWifiManager: AccessPoint DEEPAL, isReachable: true
03-17 18:52:57.782  8377  8491 I CarWifiManager: AccessPoint HONOR 100, isReachable: true
03-17 18:52:57.782  8377  8491 I CarWifiManager: AccessPoint TP-LINK_CAR, isReachable: true
03-17 18:52:57.782  8377  8491 I CarWifiManager: AccessPoint AndroidAP_4071, isReachable: true
03-17 18:52:57.782  8377  8491 I CarWifiManager: AccessPoint AndroidAP_5418, isReachable: true
03-17 18:52:57.782  8377  8491 I CarWifiManager: AccessPoint AndroidAP_6881, isReachable: true
03-17 18:52:57.782  8377  8491 I CarWifiManager: AccessPoint AndroidAP_7437, isReachable: true
03-17 18:52:57.782  8377  8491 I CarWifiManager: AccessPoint AndroidAuto_5G, isReachable: true
03-17 18:52:57.783  8377  8491 I CarWifiManager: AccessPoint TP-LINK_45A7, isReachable: true
03-17 18:52:57.783  8377  8491 I CarWifiManager: AccessPoint TP-LINK_APP, isReachable: true
03-17 18:52:57.783  8377  8491 I CarWifiManager: AccessPoint TP-LINK_DE9B, isReachable: true
03-17 18:52:57.783  8377  8491 I CarWifiManager: AccessPoint Adayo-CW, isReachable: true
03-17 18:52:57.783  8377  8491 I CarWifiManager: AccessPoint ADAYOGE FangKe, isReachable: true
03-17 18:52:57.783  8377  8491 I CarWifiManager: AccessPoint ADAYOGE WiFi, isReachable: true
03-17 18:52:57.783  8377  8491 I CarWifiManager: AccessPoint AKALMING, isReachable: true
03-17 18:52:57.783  8377  8491 I CarWifiManager: AccessPoint AndroidAP_3590, isReachable: true
03-17 18:52:57.783  8377  8491 I CarWifiManager: AccessPoint AndroidAP_5614, isReachable: true
03-17 18:52:57.783  8377  8491 I CarWifiManager: AccessPoint FL-5G-1497, isReachable: true
03-17 18:52:57.783  8377  8491 I CarWifiManager: AccessPoint FX_2415, isReachable: true
03-17 18:52:57.783  8377  8491 I CarWifiManager: AccessPoint FX_8833, isReachable: true
03-17 18:52:57.783  8377  8491 I CarWifiManager: AccessPoint iPhone 13 Pro, isReachable: true
03-17 18:52:57.783  8377  8491 I CarWifiManager: AccessPoint JETTA WLAN 001, isReachable: true
03-17 18:52:57.783  8377  8491 I CarWifiManager: AccessPoint ProductPro, isReachable: true
03-17 18:52:57.783  8377  8491 I CarWifiManager: AccessPoint TP-LINK_3AFA, isReachable: true
03-17 18:52:57.783  8377  8491 I CarWifiManager: AccessPoint TP-LINK_E6B8, isReachable: true
03-17 18:52:57.783  8377  8491 I CarWifiManager: AccessPoint Xiaomi 14, isReachable: true
03-17 18:52:57.783  8377  8491 I CarWifiManager: AccessPoint ZTE_3DA119, isReachable: true
03-17 18:52:57.783  8377  8491 I CarWifiManager: AccessPoint ABCDEFG, isReachable: true
03-17 18:52:57.783  8377  8491 I CarWifiManager: AccessPoint ADAYOGE-HK, isReachable: true
03-17 18:52:57.783  8377  8491 I CarWifiManager: AccessPoint AndroidAP_2884, isReachable: true
03-17 18:52:57.783  8377  8491 I CarWifiManager: AccessPoint DIRECT-ea84-1590, isReachable: true
03-17 18:52:57.783  8377  8491 I CarWifiManager: AccessPoint HUAWEI_B316_9AF2_5G, isReachable: true
03-17 18:52:57.783  8377  8491 I CarWifiManager: AccessPoint nidewifi-5G, isReachable: true
03-17 18:52:57.783  8377  8491 I CarWifiManager: AccessPoint Tony’s 20phone, isReachable: true
03-17 18:52:57.783  8377  8491 I CarWifiManager: AccessPoint TP_KK, isReachable: true
03-17 18:52:57.784  8377  8491 W SettingsLib.AccessPoint: NetworkInfo is null, cannot return detailed state
03-17 18:52:57.784  8377  8491 W SettingsLib.AccessPoint: NetworkInfo is null, cannot return detailed state
03-17 18:52:57.785  8377  8491 W SettingsLib.AccessPoint: NetworkInfo is null, cannot return detailed state
03-17 18:52:57.785  8377  8491 W SettingsLib.AccessPoint: NetworkInfo is null, cannot return detailed state
03-17 18:52:57.785  8377  8491 W SettingsLib.AccessPoint: NetworkInfo is null, cannot return detailed state
03-17 18:52:57.785   903  2017 I WifiService: getConfiguredNetworks uid=1000
03-17 18:52:57.785  8377  8491 W SettingsLib.AccessPoint: NetworkInfo is null, cannot return detailed state
03-17 18:52:57.786  8377  8491 W SettingsLib.AccessPoint: NetworkInfo is null, cannot return detailed state
03-17 18:52:57.786   580   630 I netd    : bandwidthRemoveInterfaceQuota(vlan_15) <4.12ms>
03-17 18:52:57.786  8377  8491 W SettingsLib.AccessPoint: NetworkInfo is null, cannot return detailed state
03-17 18:52:57.786  8377  8491 W SettingsLib.AccessPoint: NetworkInfo is null, cannot return detailed state
03-17 18:52:57.787  8377  8491 W SettingsLib.AccessPoint: NetworkInfo is null, cannot return detailed state
03-17 18:52:57.787  8377  8491 W SettingsLib.AccessPoint: NetworkInfo is null, cannot return detailed state
03-17 18:52:57.788  8377  8491 W SettingsLib.AccessPoint: NetworkInfo is null, cannot return detailed state
03-17 18:52:57.788  8377  8491 W SettingsLib.AccessPoint: NetworkInfo is null, cannot return detailed state
03-17 18:52:57.788  8377  8491 W SettingsLib.AccessPoint: NetworkInfo is null, cannot return detailed state
03-17 18:52:57.789  8377  8491 W SettingsLib.AccessPoint: NetworkInfo is null, cannot return detailed state
03-17 18:52:57.789  8377  8491 W SettingsLib.AccessPoint: NetworkInfo is null, cannot return detailed state
03-17 18:52:57.790  8377  8491 W SettingsLib.AccessPoint: NetworkInfo is null, cannot return detailed state
03-17 18:52:57.791  8377  8491 W SettingsLib.AccessPoint: NetworkInfo is null, cannot return detailed state
03-17 18:52:57.791  8377  8491 W SettingsLib.AccessPoint: NetworkInfo is null, cannot return detailed state
03-17 18:52:57.791  8377  8491 W SettingsLib.AccessPoint: NetworkInfo is null, cannot return detailed state
03-17 18:52:57.792  8377  8491 W SettingsLib.AccessPoint: NetworkInfo is null, cannot return detailed state
03-17 18:52:57.792  8377  8491 W SettingsLib.AccessPoint: NetworkInfo is null, cannot return detailed state
03-17 18:52:57.793  8377  8491 W SettingsLib.AccessPoint: NetworkInfo is null, cannot return detailed state
03-17 18:52:57.793  8377  8491 W SettingsLib.AccessPoint: NetworkInfo is null, cannot return detailed state
03-17 18:52:57.793   580   630 I netd    : bandwidthSetInterfaceQuota(vlan_15, 9223372036854775807) <5.98ms>
03-17 18:52:57.794  8377  8491 W SettingsLib.AccessPoint: NetworkInfo is null, cannot return detailed state
03-17 18:52:57.794  8377  8491 W SettingsLib.AccessPoint: NetworkInfo is null, cannot return detailed state
03-17 18:52:57.794  8377  8491 W SettingsLib.AccessPoint: NetworkInfo is null, cannot return detailed state
03-17 18:52:57.794  8377  8491 W SettingsLib.AccessPoint: NetworkInfo is null, cannot return detailed state
03-17 18:52:57.795  8377  8491 W SettingsLib.AccessPoint: NetworkInfo is null, cannot return detailed state
03-17 18:52:57.795  8377  8491 W SettingsLib.AccessPoint: NetworkInfo is null, cannot return detailed state
03-17 18:52:57.796  8377  8491 W SettingsLib.AccessPoint: NetworkInfo is null, cannot return detailed state
03-17 18:52:57.796  8377  8491 W SettingsLib.AccessPoint: NetworkInfo is null, cannot return detailed state
03-17 18:52:57.796  8377  8491 W SettingsLib.AccessPoint: NetworkInfo is null, cannot return detailed state
03-17 18:52:57.797  8377  8491 W SettingsLib.AccessPoint: NetworkInfo is null, cannot return detailed state
03-17 18:52:57.797  8377  8491 W SettingsLib.AccessPoint: NetworkInfo is null, cannot return detailed state
03-17 18:52:57.798  8377  8491 W SettingsLib.AccessPoint: NetworkInfo is null, cannot return detailed state
03-17 18:52:57.798  8377  8491 W SettingsLib.AccessPoint: NetworkInfo is null, cannot return detailed state
03-17 18:52:57.798   580   630 I netd    : bandwidthRemoveInterfaceQuota(vlan_16) <4.00ms>
03-17 18:52:57.798  8377  8491 I CnsCarApp-WlanRepositoryImpl: Available WIFI: { 
03-17 18:52:57.798  8377  8491 I CnsCarApp-WlanRepositoryImpl:   AccessPoint(Cudy-6C60:80:af:ca:b5:6c:60,saved,active,WPA2,level=4,metered=false,rssi=-31,scan cache size=1), AccessPoint(Cudy-6C60-5G:82:af:ca:b5:6c:61,connectable,WPA2,level=4,metered=false,rssi=-24,scan cache size=1), AccessPoint(ChinaNet-D9B9E4-5G:a8:02:db:d9:b9:e5,connectable,WPA_WPA2,level=3,metered=false,rssi=-57,scan cache size=1), AccessPoint(DEEPAL:50:c3:a2:c6:f2:d5,connectable,SAE,level=3,metered=false,rssi=-59,scan cache size=2), AccessPoint(HONOR 100:ee:72:e6:40:b9:a8,connectable,WPA2,level=3,metered=false,rssi=-64,scan cache size=1), AccessPoint(TP-LINK_CAR:80:ea:07:6b:3c:77,connectable,WPA_WPA2,level=3,metered=false,rssi=-65,scan cache size=1), AccessPoint(AndroidAP_4071:f2:6b:52:a1:d8:b1,connectable,SAE,level=2,metered=false,rssi=-77,scan cache size=1), AccessPoint(AndroidAP_5418:06:d3:f7:40:6e:ee,connectable,SAE,level=2,metered=false,rssi=-71,scan cache size=1), AccessPoint(AndroidAP_6881:a2:99:17:1e:f6:2d,connectable,SAE,level=2,metered=false,rssi=-76,scan cache size=1), AccessPoint(AndroidAP_7437:16:1a:5e:b6:ab:a3,connectable,SAE,level=2,metered=false,rssi=-68,scan cache size=1), AccessPoint(AndroidAuto_5G:b0:6e:bf:3c:71:dc,connectable,WPA2,level=2,metered=false,rssi=-74,scan cache size=1), AccessPoint(TP-LINK_45A7:74:39:89:18:45:a9,connectable,WPA_WPA2,level=2,metered=false,rssi=-76,scan cache size=1), AccessPoint(TP-LINK_APP:80:ea:07:6b:3c:79,connectable,WPA_WPA2,level=2,metered=false,rssi=-72,scan cache size=1), AccessPoint(TP-LINK_DE9B:68:dd:b7:a1:de:9d,connectable,WPA_WPA2,level=2,metered=false,rssi=-76,scan cache size=1), AccessPoint(Adayo-CW:80:ae:54:0e:1b:c3,connectable,WPA_WPA2,level=1,metered=false,rssi=-87,scan cache size=1), AccessPoint(ADAYOGE FangKe:74:ea:cb:f6:5b:02,connectable,WPA2,level=1,metered=false,rssi=-81,scan cache size=1), AccessPoint(ADAYOGE WiFi:74:ea:cb:f6:5b:03,connectable,WPA2,level=1,metered=false,rssi=-81,scan cache size=1), AccessPoint(AKALMING:d2:57:7e:eb:f7:2b,connectable,WPA2,level=1,metered=false,rssi=-85,scan cache size=1), AccessPoint(AndroidAP_3590:0a:56:a0:18:6b:32,connectable,SAE,level=1,metered=false,rssi=-86,scan cache size=1), AccessPoint(AndroidAP_5614:2e:df:e8:50:8f:cc,connectable,SAE,level=1,metered=false,rssi=-81,scan cache size=1), AccessPoint(FL-5G-1497:3c:67:c1:00:c9:53,connectable,WPA2,level=1,metered=false,rssi=-80,scan cache size=1), AccessPoint(FX_2415:a4:04:50:87:38:75,connectable,WPA2,level=1,metered=false,rssi=-82,scan cache size=1), AccessPoint(FX_8833:a4:04:50:7c:02:bf,connectable,WPA2,level=1,metered=false,rssi=-82,scan cache size=1), AccessPoint(iPhone 13 Pro:12:3b:11:e8:d7:9e,connectable,SAE,level=1,metered=false,rssi=-82,scan cache size=1), AccessPoint(JETTA WLAN 001:3a:3d:c3:49:dd:1b,connectable,SAE,level=1,metered=false,rssi=-80,scan cache size=3), AccessPoint(ProductPro:28:d1:27:8a:09:a3,connectable,WPA_WPA2,level=1,metered=false,rssi=-83,scan cache size=1), AccessPoint(TP-LINK_3AFA:04:f9:f8:37:3a:fc,connectable,WPA_WPA2,level=1,metered=false,rssi=-86,scan cache size=1), AccessPoint(TP-LINK_E6B8:74:05:a5:c3:e6:ba,connectable,WPA_WPA2,level=1,metered=false,rssi=-85,scan cache size=1), AccessPoint(Xiaomi 14:56:7e:4b:55:b8:0a,connectable,WPA2,level=1,metered=false,rssi=-78,scan cache size=1), AccessPoint(ZTE_3DA119:5c:7d:ae:3d:a1:19,connectable,WPA2,level=1,metered=false,rssi=-79,scan cache size=1), AccessPoint(ABCDEFG:10:3c:59:c2:fc:5c,connectable,WPA2,level=0,metered=false,rssi=-89,scan cache size=1), AccessPoint(ADAYOGE-HK:30:fc:68:dd:04:f9,connectable,WPA_WPA2,level=0,metered=false,rssi=-92,scan cache size=1), AccessPoint(AndroidAP_2884:a4:04:50:d0:4d:5d,connectable,SAE,level=0,metered=false,rssi=-90,scan cache size=1), AccessPoint(DIRECT-ea84-1590:c2:de:ee:46:c1:f4,connectable,WPA2,level=0,metered=false,rssi=-90,scan cache size=1), AccessPoint(HUAWEI_B316_9AF2_5G:34:7e:00:c6:9a:f7,connectable,WPA2,level=0,metered=false,rssi=-89,scan cache size=1), AccessPoint(nidewifi-5G:18:47:4d:b4:cd:8f,connectable,WPA2,level=0,metered=false,rssi=-90,scan ca
03-17 18:52:57.798  8377  8491 I CnsCarApp-WlanRepositoryImpl: }
03-17 18:52:57.798  8377  8491 I CnsCarApp-AccessPoint_SECURITY: Security: 2
03-17 18:52:57.799  8377  8491 I CnsCarApp-AccessPoint_SECURITY: Security: 2
03-17 18:52:57.799  8377  8491 I CnsCarApp-AccessPoint_SECURITY: Security: 2
03-17 18:52:57.799  8377  8491 I CnsCarApp-AccessPoint_SECURITY: Security: 5
03-17 18:52:57.799  8377  8491 I CnsCarApp-AccessPoint_SECURITY: Security: 2
03-17 18:52:57.799  8377  8491 I CnsCarApp-AccessPoint_SECURITY: Security: 2
03-17 18:52:57.799  8377  8491 I CnsCarApp-AccessPoint_SECURITY: Security: 5
03-17 18:52:57.799  8377  8491 I CnsCarApp-AccessPoint_SECURITY: Security: 5
03-17 18:52:57.799  8377  8491 I CnsCarApp-AccessPoint_SECURITY: Security: 5
03-17 18:52:57.799  8377  8491 I CnsCarApp-AccessPoint_SECURITY: Security: 5
03-17 18:52:57.799  8377  8491 I CnsCarApp-AccessPoint_SECURITY: Security: 2
03-17 18:52:57.799  8377  8491 I CnsCarApp-AccessPoint_SECURITY: Security: 2
03-17 18:52:57.799  8377  8491 I CnsCarApp-AccessPoint_SECURITY: Security: 2
03-17 18:52:57.799  8377  8491 I CnsCarApp-AccessPoint_SECURITY: Security: 2
03-17 18:52:57.799  8377  8491 I CnsCarApp-AccessPoint_SECURITY: Security: 2
03-17 18:52:57.799  8377  8491 I CnsCarApp-AccessPoint_SECURITY: Security: 2
03-17 18:52:57.799  8377  8491 I CnsCarApp-AccessPoint_SECURITY: Security: 2
03-17 18:52:57.799  8377  8491 I CnsCarApp-AccessPoint_SECURITY: Security: 2
03-17 18:52:57.799  8377  8491 I CnsCarApp-AccessPoint_SECURITY: Security: 5
03-17 18:52:57.799  8377  8491 I CnsCarApp-AccessPoint_SECURITY: Security: 5
03-17 18:52:57.799  8377  8491 I CnsCarApp-AccessPoint_SECURITY: Security: 2
03-17 18:52:57.799  8377  8491 I CnsCarApp-AccessPoint_SECURITY: Security: 2
03-17 18:52:57.799  8377  8491 I CnsCarApp-AccessPoint_SECURITY: Security: 2
03-17 18:52:57.799  8377  8491 I CnsCarApp-AccessPoint_SECURITY: Security: 5
03-17 18:52:57.799  8377  8491 I CnsCarApp-AccessPoint_SECURITY: Security: 5
03-17 18:52:57.799  8377  8491 I CnsCarApp-AccessPoint_SECURITY: Security: 2
03-17 18:52:57.799  8377  8491 I CnsCarApp-AccessPoint_SECURITY: Security: 2
03-17 18:52:57.799  8377  8491 I CnsCarApp-AccessPoint_SECURITY: Security: 2
03-17 18:52:57.799  8377  8491 I CnsCarApp-AccessPoint_SECURITY: Security: 2
03-17 18:52:57.799  8377  8491 I CnsCarApp-AccessPoint_SECURITY: Security: 2
03-17 18:52:57.800  8377  8491 I CnsCarApp-AccessPoint_SECURITY: Security: 2
03-17 18:52:57.800  8377  8491 I CnsCarApp-AccessPoint_SECURITY: Security: 2
03-17 18:52:57.800  8377  8491 I CnsCarApp-AccessPoint_SECURITY: Security: 5
03-17 18:52:57.800  8377  8491 I CnsCarApp-AccessPoint_SECURITY: Security: 2
03-17 18:52:57.800  8377  8491 I CnsCarApp-AccessPoint_SECURITY: Security: 2
03-17 18:52:57.800  8377  8491 I CnsCarApp-AccessPoint_SECURITY: Security: 2
03-17 18:52:57.800  8377  8491 I CnsCarApp-AccessPoint_SECURITY: Security: 5
03-17 18:52:57.800  8377  8491 I CnsCarApp-AccessPoint_SECURITY: Security: 2
03-17 18:52:57.803   580   630 I netd    : bandwidthSetInterfaceQuota(vlan_16, 9223372036854775807) <3.99ms>
03-17 18:52:57.805   903  3543 I WifiService: getScanResults uid=1000
03-17 18:52:57.811  8377  8543 I WifiTracker: Fetched scan results: [SSID: "Xiaomi 14", BSSID: 56:7e:4b:55:b8:0a, capabilities: [WPA2-PSK-CCMP][RSN-PSK-CCMP][ESS], level: -78, frequency: 5765, timestamp: 103289333, distance: ?(cm), distanceSd: ?(cm), passpoint: no, ChannelBandwidth: 2, centerFreq0: 5775, centerFreq1: 0, standard: 11ac, 80211mcResponder: is not supported, Radio Chain Infos: [RadioChainInfo: id=0, level=-79, RadioChainInfo: id=1, level=-86], interface name: wlan0, SSID: "Adayo-CW", BSSID: 80:ae:54:0e:1b:c3, capabilities: [WPA2-PSK-CCMP][RSN-PSK-CCMP][WPA-PSK-CCMP][ESS], level: -87, frequency: 5240, timestamp: 104182390, distance: ?(cm), distanceSd: ?(cm), passpoint: no, ChannelBandwidth: 3, centerFreq0: 5210, centerFreq1: 5250, standard: 11ax, 80211mcResponder: is not supported, Radio Chain Infos: [RadioChainInfo: id=0, level=-89, RadioChainInfo: id=1, level=-92], interface name: wlan0, SSID: , BSSID: aa:02:db:f9:b9:e5, capabilities: [WPA-PSK-CCMP][WPA2-PSK-CCMP][RSN-PSK-CCMP][ESS], level: -58, frequency: 5260, timestamp: 104446769, distance: ?(cm), distanceSd: ?(cm), passpoint: no, ChannelBandwidth: 2, centerFreq0: 5290, centerFreq1: 0, standard: 11ax, 80211mcResponder: is not supported, Radio Chain Infos: [RadioChainInfo: id=0, level=-59, RadioChainInfo: id=1, level=-66], interface name: wlan0, SSID: "nidewifi-5G", BSSID: 18:47:4d:b4:cd:8f, capabilities: [WPA2-PSK-CCMP][RSN-PSK-CCMP][ESS], level: -91, frequency: 5805, timestamp: 103485484, distance: ?(cm), distanceSd: ?(cm), passpoint: no, ChannelBandwidth: 2, centerFreq0: 5775, centerFreq1: 0, standard: 11ac, 80211mcResponder: is not supported, Radio Chain Infos: [RadioChainInfo: id=0, level=-92, RadioChainInfo: id=1, level=-98], interface name: wlan0, SSID: "Tony’s 20phone", BSSID: fe:95:22:c2:25:70, capabilities: [WPA2-PSK-CCMP][RSN-PSK+SAE-CCMP][ESS][MFPC], level: -93, frequency: 5745, timestamp: 104652566, distance: ?(cm), distanceSd: ?(cm), passpoint: no, ChannelBandwidth: 2, centerFreq0: 5775, centerFreq1: 0, standard: 11ax, 80211mcResponder: is not supported, Radio Chain Infos: [RadioChainInfo: id=0, level=-94, RadioChainInfo: id=1, level=-98], interface name: wlan0, SSID: "TP_KK", BSSID: 94:d9:b3:f9:32:b9, capabilities: [WPA-PSK-CCMP][WPA2-PSK-CCMP][RSN-PSK-CCMP][ESS], level: -90, frequency: 5745, timestamp: 104841662, distance: ?(cm), distanceSd: ?(cm), passpoint: no, ChannelBandwidth: 2, centerFreq0: 5775, centerFreq1: 0, standard: 11ac, 80211mcResponder: is not supported, Radio Chain Infos: [RadioChainInfo: id=0, level=-91, RadioChainInfo: id=1, level=-98], interface name: wlan0, SSID: "TP-LINK_E6B8", BSSID: 74:05:a5:c3:e6:ba, capabilities: [WPA-PSK-CCMP][WPA2-PSK-CCMP][RSN-PSK-CCMP][ESS], level: -86, frequency: 5745, timestamp: 103249304, distance: ?(cm), distanceSd: ?(cm), passpoint: no, ChannelBandwidth: 2, centerFreq0: 5775, centerFreq1: 0, standard: 11ac, 80211mcResponder: is not supported, Radio Chain Infos: [RadioChainInfo: id=0, level=-87, RadioChainInfo: id=1, level=-91], interface name: wlan0, SSID: "AndroidAuto_5G", BSSID: b0:6e:bf:3c:71:dc, capabilities: [WPA2-PSK-CCMP][RSN-PSK-CCMP][ESS], level: -75, frequency: 5745, timestamp: 104826727, distance: ?(cm), distanceSd: ?(cm), passpoint: no, ChannelBandwidth: 2, centerFreq0: 5775, centerFreq1: 0, standard: 11ac, 80211mcResponder: is not supported, Radio Chain Infos: [RadioChainInfo: id=0, level=-78, RadioChainInfo: id=1, level=-77], interface name: wlan0, SSID: "AndroidAP_6881", BSSID: a2:99:17:1e:f6:2d, capabilities: [WPA2-PSK-CCMP][RSN-PSK+SAE-CCMP][ESS][MFPC], level: -76, frequency: 5745, timestamp: 104494571, distance: ?(cm), distanceSd: ?(cm), passpoint: no, ChannelBandwidth: 2, centerFreq0: 5775, centerFreq1: 0, standard: 11ac, 80211mcResponder: is not supported, Radio Chain Infos: [RadioChainInfo: id=0, level=-77, RadioChainInfo: id=1, level=-84], interface name: wlan0, SSID: "Cudy-6C60-5G", BSSID: 82:af:ca:b5:6c:61, capabilities: [WPA2-PSK-CCMP][RSN-PSK-CCMP][ESS], level: -24, frequency: 5180, timestamp: 103747471, distance: ?(cm), distanceSd: ?(cm), passpoint: no, ChannelBand
03-17 18:52:57.812   580   630 I netd    : bandwidthRemoveInterfaceQuota(vlan_00) <4.20ms>
03-17 18:52:57.814   903  1759 I WifiService: getConfiguredNetworks uid=1000
03-17 18:52:57.815   582  3616 E WifiHAL : Invalid data received from driver
03-17 18:52:57.816   580   630 I netd    : bandwidthSetInterfaceQuota(vlan_00, 9223372036854775807) <4.17ms>
03-17 18:52:57.818  2383  2600 D AdayoDoipServer294_Doip: [ne_doip_event_loop_dispatch][line:141] : count = 0
03-17 18:52:57.818  8377  8377 I WifiTracker: Invoking onAccessPointsChanged callback
03-17 18:52:57.819   903  1759 I WifiService: getWifiEnabledState uid=1000 state=3
03-17 18:52:57.819  8377  8491 I CarWifiManager: AccessPoint Cudy-6C60, isReachable: true
03-17 18:52:57.819  8377  8491 I CarWifiManager: AccessPoint Cudy-6C60-5G, isReachable: true
03-17 18:52:57.820  8377  8491 I CarWifiManager: AccessPoint ChinaNet-D9B9E4-5G, isReachable: true
03-17 18:52:57.820  8377  8491 I CarWifiManager: AccessPoint DEEPAL, isReachable: true
03-17 18:52:57.820  8377  8491 I CarWifiManager: AccessPoint HONOR 100, isReachable: true
03-17 18:52:57.820  8377  8491 I CarWifiManager: AccessPoint TP-LINK_CAR, isReachable: true
03-17 18:52:57.821  8377  8491 I CarWifiManager: AccessPoint AndroidAP_4071, isReachable: true
03-17 18:52:57.821  8377  8491 I CarWifiManager: AccessPoint AndroidAP_5418, isReachable: true
03-17 18:52:57.821  8377  8491 I CarWifiManager: AccessPoint AndroidAP_6881, isReachable: true
03-17 18:52:57.821  8377  8491 I CarWifiManager: AccessPoint AndroidAP_7437, isReachable: true
03-17 18:52:57.821  8377  8491 I CarWifiManager: AccessPoint AndroidAuto_5G, isReachable: true
03-17 18:52:57.821  8377  8491 I CarWifiManager: AccessPoint TP-LINK_45A7, isReachable: true
03-17 18:52:57.821  8377  8491 I CarWifiManager: AccessPoint TP-LINK_APP, isReachable: true
03-17 18:52:57.821  8377  8491 I CarWifiManager: AccessPoint TP-LINK_DE9B, isReachable: true
03-17 18:52:57.821  8377  8491 I CarWifiManager: AccessPoint Adayo-CW, isReachable: true
03-17 18:52:57.821  8377  8491 I CarWifiManager: AccessPoint ADAYOGE FangKe, isReachable: true
03-17 18:52:57.821  8377  8491 I CarWifiManager: AccessPoint ADAYOGE WiFi, isReachable: true
03-17 18:52:57.821  8377  8491 I CarWifiManager: AccessPoint AKALMING, isReachable: true
03-17 18:52:57.821  8377  8491 I CarWifiManager: AccessPoint AndroidAP_3590, isReachable: true
03-17 18:52:57.821  8377  8491 I CarWifiManager: AccessPoint AndroidAP_5614, isReachable: true
03-17 18:52:57.821  8377  8491 I CarWifiManager: AccessPoint FL-5G-1497, isReachable: true
03-17 18:52:57.821  8377  8491 I CarWifiManager: AccessPoint FX_2415, isReachable: true
03-17 18:52:57.821  8377  8491 I CarWifiManager: AccessPoint FX_8833, isReachable: true
03-17 18:52:57.821  8377  8491 I CarWifiManager: AccessPoint iPhone 13 Pro, isReachable: true
03-17 18:52:57.821   642   685 I mcuc    : sd Uart data : 6AA6020428000292023C
03-17 18:52:57.821  8377  8491 I CarWifiManager: AccessPoint JETTA WLAN 001, isReachable: true
03-17 18:52:57.821  8377  8491 I CarWifiManager: AccessPoint ProductPro, isReachable: true
03-17 18:52:57.821  8377  8491 I CarWifiManager: AccessPoint TP-LINK_3AFA, isReachable: true
03-17 18:52:57.821  8377  8491 I CarWifiManager: AccessPoint TP-LINK_E6B8, isReachable: true
03-17 18:52:57.821  8377  8491 I CarWifiManager: AccessPoint Xiaomi 14, isReachable: true
03-17 18:52:57.821  8377  8491 I CarWifiManager: AccessPoint ZTE_3DA119, isReachable: true
03-17 18:52:57.821  8377  8491 I CarWifiManager: AccessPoint ABCDEFG, isReachable: true
03-17 18:52:57.821  8377  8491 I CarWifiManager: AccessPoint ADAYOGE-HK, isReachable: true
03-17 18:52:57.821  8377  8491 I CarWifiManager: AccessPoint AndroidAP_2884, isReachable: true
03-17 18:52:57.821  8377  8491 I CarWifiManager: AccessPoint DIRECT-ea84-1590, isReachable: true
03-17 18:52:57.822  8377  8491 I CarWifiManager: AccessPoint HUAWEI_B316_9AF2_5G, isReachable: true
03-17 18:52:57.822  8377  8491 I CarWifiManager: AccessPoint nidewifi-5G, isReachable: true
03-17 18:52:57.822  8377  8491 I CarWifiManager: AccessPoint Tony’s 20phone, isReachable: true
03-17 18:52:57.822  8377  8491 I CarWifiManager: AccessPoint TP_KK, isReachable: true
03-17 18:52:57.822  8377  8491 I AccessPoint: AccessPoint: Cudy-6C60, detailed state: AUTHENTICATING, isReachable: true
03-17 18:52:57.822  8377  8491 W SettingsLib.AccessPoint: NetworkInfo is null, cannot return detailed state
03-17 18:52:57.822  8377  8491 I AccessPoint: AccessPoint: Cudy-6C60-5G, detailed state: null, isReachable: true
03-17 18:52:57.822  8377  8491 W SettingsLib.AccessPoint: NetworkInfo is null, cannot return detailed state
03-17 18:52:57.822  8377  8491 W SettingsLib.AccessPoint: NetworkInfo is null, cannot return detailed state
03-17 18:52:57.822  8377  8491 I AccessPoint: AccessPoint: ChinaNet-D9B9E4-5G, detailed state: null, isReachable: true
03-17 18:52:57.822  8377  8491 W SettingsLib.AccessPoint: NetworkInfo is null, cannot return detailed state
03-17 18:52:57.822  8377  8491 W SettingsLib.AccessPoint: NetworkInfo is null, cannot return detailed state
03-17 18:52:57.822  8377  8491 I AccessPoint: AccessPoint: DEEPAL, detailed state: null, isReachable: true
03-17 18:52:57.822  8377  8491 W SettingsLib.AccessPoint: NetworkInfo is null, cannot return detailed state
03-17 18:52:57.822  8377  8491 W SettingsLib.AccessPoint: NetworkInfo is null, cannot return detailed state
03-17 18:52:57.822  8377  8491 I AccessPoint: AccessPoint: HONOR 100, detailed state: null, isReachable: true
03-17 18:52:57.822  8377  8491 W SettingsLib.AccessPoint: NetworkInfo is null, cannot return detailed state
03-17 18:52:57.822  8377  8491 W SettingsLib.AccessPoint: NetworkInfo is null, cannot return detailed state
03-17 18:52:57.822  8377  8491 I AccessPoint: AccessPoint: TP-LINK_CAR, detailed state: null, isReachable: true
03-17 18:52:57.822  8377  8491 W SettingsLib.AccessPoint: NetworkInfo is null, cannot return detailed state
03-17 18:52:57.822  8377  8491 W SettingsLib.AccessPoint: NetworkInfo is null, cannot return detailed state
03-17 18:52:57.822  8377  8491 I AccessPoint: AccessPoint: AndroidAP_4071, detailed state: null, isReachable: true
03-17 18:52:57.822  8377  8491 W SettingsLib.AccessPoint: NetworkInfo is null, cannot return detailed state
03-17 18:52:57.822  8377  8491 W SettingsLib.AccessPoint: NetworkInfo is null, cannot return detailed state
03-17 18:52:57.822  8377  8491 I AccessPoint: AccessPoint: AndroidAP_5418, detailed state: null, isReachable: true
03-17 18:52:57.822  8377  8491 W SettingsLib.AccessPoint: NetworkInfo is null, cannot return detailed state
03-17 18:52:57.822  8377  8491 W SettingsLib.AccessPoint: NetworkInfo is null, cannot return detailed state
03-17 18:52:57.822  8377  8491 I AccessPoint: AccessPoint: AndroidAP_6881, detailed state: null, isReachable: true
03-17 18:52:57.822  8377  8491 W SettingsLib.AccessPoint: NetworkInfo is null, cannot return detailed state
03-17 18:52:57.822   580   630 I netd    : bandwidthRemoveInterfaceQuota(vlan_01) <5.00ms>
03-17 18:52:57.822  8377  8491 W SettingsLib.AccessPoint: NetworkInfo is null, cannot return detailed state
03-17 18:52:57.822  8377  8491 I AccessPoint: AccessPoint: AndroidAP_7437, detailed state: null, isReachable: true
03-17 18:52:57.822  8377  8491 W SettingsLib.AccessPoint: NetworkInfo is null, cannot return detailed state
03-17 18:52:57.822  8377  8491 W SettingsLib.AccessPoint: NetworkInfo is null, cannot return detailed state
03-17 18:52:57.822  8377  8491 I AccessPoint: AccessPoint: AndroidAuto_5G, detailed state: null, isReachable: true
03-17 18:52:57.822  8377  8491 W SettingsLib.AccessPoint: NetworkInfo is null, cannot return detailed state
03-17 18:52:57.822  8377  8491 W SettingsLib.AccessPoint: NetworkInfo is null, cannot return detailed state
03-17 18:52:57.822  8377  8491 I AccessPoint: AccessPoint: TP-LINK_45A7, detailed state: null, isReachable: true
03-17 18:52:57.822  8377  8491 W SettingsLib.AccessPoint: NetworkInfo is null, cannot return detailed state
03-17 18:52:57.822  8377  8491 W SettingsLib.AccessPoint: NetworkInfo is null, cannot return detailed state
03-17 18:52:57.822  8377  8491 I AccessPoint: AccessPoint: TP-LINK_APP, detailed state: null, isReachable: true
03-17 18:52:57.823  8377  8491 W SettingsLib.AccessPoint: NetworkInfo is null, cannot return detailed state
03-17 18:52:57.823  8377  8491 W SettingsLib.AccessPoint: NetworkInfo is null, cannot return detailed state
03-17 18:52:57.823  8377  8491 I AccessPoint: AccessPoint: TP-LINK_DE9B, detailed state: null, isReachable: true
03-17 18:52:57.823  8377  8491 W SettingsLib.AccessPoint: NetworkInfo is null, cannot return detailed state
03-17 18:52:57.823  8377  8491 W SettingsLib.AccessPoint: NetworkInfo is null, cannot return detailed state
03-17 18:52:57.823  8377  8491 I AccessPoint: AccessPoint: Adayo-CW, detailed state: null, isReachable: true
03-17 18:52:57.823  8377  8491 W SettingsLib.AccessPoint: NetworkInfo is null, cannot return detailed state
03-17 18:52:57.823  8377  8491 W SettingsLib.AccessPoint: NetworkInfo is null, cannot return detailed state
03-17 18:52:57.823  8377  8491 I AccessPoint: AccessPoint: ADAYOGE FangKe, detailed state: null, isReachable: true
03-17 18:52:57.823  8377  8491 W SettingsLib.AccessPoint: NetworkInfo is null, cannot return detailed state
03-17 18:52:57.823  8377  8491 W SettingsLib.AccessPoint: NetworkInfo is null, cannot return detailed state
03-17 18:52:57.823  8377  8491 I AccessPoint: AccessPoint: ADAYOGE WiFi, detailed state: null, isReachable: true
03-17 18:52:57.823  8377  8491 W SettingsLib.AccessPoint: NetworkInfo is null, cannot return detailed state
03-17 18:52:57.823  8377  8491 W SettingsLib.AccessPoint: NetworkInfo is null, cannot return detailed state
03-17 18:52:57.823  8377  8491 I AccessPoint: AccessPoint: AKALMING, detailed state: null, isReachable: true
03-17 18:52:57.823  8377  8491 W SettingsLib.AccessPoint: NetworkInfo is null, cannot return detailed state
03-17 18:52:57.823  8377  8491 W SettingsLib.AccessPoint: NetworkInfo is null, cannot return detailed state
03-17 18:52:57.823  8377  8491 I AccessPoint: AccessPoint: AndroidAP_3590, detailed state: null, isReachable: true
03-17 18:52:57.823  8377  8491 W SettingsLib.AccessPoint: NetworkInfo is null, cannot return detailed state
03-17 18:52:57.823  8377  8491 W SettingsLib.AccessPoint: NetworkInfo is null, cannot return detailed state
03-17 18:52:57.823  8377  8491 I AccessPoint: AccessPoint: AndroidAP_5614, detailed state: null, isReachable: true
03-17 18:52:57.823  8377  8491 W SettingsLib.AccessPoint: NetworkInfo is null, cannot return detailed state
03-17 18:52:57.823  8377  8491 W SettingsLib.AccessPoint: NetworkInfo is null, cannot return detailed state
03-17 18:52:57.823  8377  8491 I AccessPoint: AccessPoint: FL-5G-1497, detailed state: null, isReachable: true
03-17 18:52:57.823  8377  8491 W SettingsLib.AccessPoint: NetworkInfo is null, cannot return detailed state
03-17 18:52:57.823  8377  8491 W SettingsLib.AccessPoint: NetworkInfo is null, cannot return detailed state
03-17 18:52:57.823  8377  8491 I AccessPoint: AccessPoint: FX_2415, detailed state: null, isReachable: true
03-17 18:52:57.823  8377  8491 W SettingsLib.AccessPoint: NetworkInfo is null, cannot return detailed state
03-17 18:52:57.823  8377  8491 W SettingsLib.AccessPoint: NetworkInfo is null, cannot return detailed state
03-17 18:52:57.823  8377  8491 I AccessPoint: AccessPoint: FX_8833, detailed state: null, isReachable: true
03-17 18:52:57.823  8377  8491 W SettingsLib.AccessPoint: NetworkInfo is null, cannot return detailed state
03-17 18:52:57.823  8377  8491 W SettingsLib.AccessPoint: NetworkInfo is null, cannot return detailed state
03-17 18:52:57.823  8377  8491 I AccessPoint: AccessPoint: iPhone 13 Pro, detailed state: null, isReachable: true
03-17 18:52:57.823  8377  8491 W SettingsLib.AccessPoint: NetworkInfo is null, cannot return detailed state
03-17 18:52:57.823  8377  8491 W SettingsLib.AccessPoint: NetworkInfo is null, cannot return detailed state
03-17 18:52:57.823  8377  8491 I AccessPoint: AccessPoint: JETTA WLAN 001, detailed state: null, isReachable: true
03-17 18:52:57.824  8377  8491 W SettingsLib.AccessPoint: NetworkInfo is null, cannot return detailed state
03-17 18:52:57.824  8377  8491 W SettingsLib.AccessPoint: NetworkInfo is null, cannot return detailed state
03-17 18:52:57.824  8377  8491 I AccessPoint: AccessPoint: ProductPro, detailed state: null, isReachable: true
03-17 18:52:57.824  8377  8491 W SettingsLib.AccessPoint: NetworkInfo is null, cannot return detailed state
03-17 18:52:57.824  8377  8491 W SettingsLib.AccessPoint: NetworkInfo is null, cannot return detailed state
03-17 18:52:57.824  8377  8491 I AccessPoint: AccessPoint: TP-LINK_3AFA, detailed state: null, isReachable: true
03-17 18:52:57.824  8377  8491 W SettingsLib.AccessPoint: NetworkInfo is null, cannot return detailed state
03-17 18:52:57.824  8377  8491 W SettingsLib.AccessPoint: NetworkInfo is null, cannot return detailed state
03-17 18:52:57.824  8377  8491 I AccessPoint: AccessPoint: TP-LINK_E6B8, detailed state: null, isReachable: true
03-17 18:52:57.824  8377  8491 W SettingsLib.AccessPoint: NetworkInfo is null, cannot return detailed state
03-17 18:52:57.824  8377  8491 W SettingsLib.AccessPoint: NetworkInfo is null, cannot return detailed state
03-17 18:52:57.824  8377  8491 I AccessPoint: AccessPoint: Xiaomi 14, detailed state: null, isReachable: true
03-17 18:52:57.824  8377  8491 W SettingsLib.AccessPoint: NetworkInfo is null, cannot return detailed state
03-17 18:52:57.824  8377  8491 W SettingsLib.AccessPoint: NetworkInfo is null, cannot return detailed state
03-17 18:52:57.824  8377  8491 I AccessPoint: AccessPoint: ZTE_3DA119, detailed state: null, isReachable: true
03-17 18:52:57.824  8377  8491 W SettingsLib.AccessPoint: NetworkInfo is null, cannot return detailed state
03-17 18:52:57.824  8377  8491 W SettingsLib.AccessPoint: NetworkInfo is null, cannot return detailed state
03-17 18:52:57.824  8377  8491 I AccessPoint: AccessPoint: ABCDEFG, detailed state: null, isReachable: true
03-17 18:52:57.824  8377  8491 W SettingsLib.AccessPoint: NetworkInfo is null, cannot return detailed state
03-17 18:52:57.824  8377  8491 W SettingsLib.AccessPoint: NetworkInfo is null, cannot return detailed state
03-17 18:52:57.824  8377  8491 I AccessPoint: AccessPoint: ADAYOGE-HK, detailed state: null, isReachable: true
03-17 18:52:57.824  8377  8491 W SettingsLib.AccessPoint: NetworkInfo is null, cannot return detailed state
03-17 18:52:57.824  8377  8491 W SettingsLib.AccessPoint: NetworkInfo is null, cannot return detailed state
03-17 18:52:57.824  8377  8491 I AccessPoint: AccessPoint: AndroidAP_2884, detailed state: null, isReachable: true
03-17 18:52:57.824  8377  8491 W SettingsLib.AccessPoint: NetworkInfo is null, cannot return detailed state
03-17 18:52:57.824  8377  8491 W SettingsLib.AccessPoint: NetworkInfo is null, cannot return detailed state
03-17 18:52:57.824  8377  8491 I AccessPoint: AccessPoint: DIRECT-ea84-1590, detailed state: null, isReachable: true
03-17 18:52:57.824  8377  8491 W SettingsLib.AccessPoint: NetworkInfo is null, cannot return detailed state
03-17 18:52:57.824  8377  8491 W SettingsLib.AccessPoint: NetworkInfo is null, cannot return detailed state
03-17 18:52:57.824  8377  8491 I AccessPoint: AccessPoint: HUAWEI_B316_9AF2_5G, detailed state: null, isReachable: true
03-17 18:52:57.824  8377  8491 W SettingsLib.AccessPoint: NetworkInfo is null, cannot return detailed state
03-17 18:52:57.824  8377  8491 W SettingsLib.AccessPoint: NetworkInfo is null, cannot return detailed state
03-17 18:52:57.824  8377  8491 I AccessPoint: AccessPoint: nidewifi-5G, detailed state: null, isReachable: true
03-17 18:52:57.824  8377  8491 W SettingsLib.AccessPoint: NetworkInfo is null, cannot return detailed state
03-17 18:52:57.824  8377  8491 W SettingsLib.AccessPoint: NetworkInfo is null, cannot return detailed state
03-17 18:52:57.824  8377  8491 I AccessPoint: AccessPoint: Tony’s 20phone, detailed state: null, isReachable: true
03-17 18:52:57.824  8377  8491 W SettingsLib.AccessPoint: NetworkInfo is null, cannot return detailed state
03-17 18:52:57.824  8377  8491 W SettingsLib.AccessPoint: NetworkInfo is null, cannot return detailed state
03-17 18:52:57.824  8377  8491 I AccessPoint: AccessPoint: TP_KK, detailed state: null, isReachable: true
03-17 18:52:57.824  8377  8491 W SettingsLib.AccessPoint: NetworkInfo is null, cannot return detailed state
03-17 18:52:57.825  8377  8491 I CnsCarApp-WlanRepositoryImpl: No connected access point!!
03-17 18:52:57.825  8377  8491 I CnsCarApp-WlanViewModel: onAccessPointsChanged, connected WIFI: null
03-17 18:52:57.826   903  1759 I WifiService: getWifiEnabledState uid=1000 state=3
03-17 18:52:57.827   642   685 I mcuc    : rev uart=1127,len=63, data : 6AA681042800379202001200001E1E000000000000000000000000000000000000000000000000000000000000000000000000000000000000010101010135
03-17 18:52:57.827   580   630 I netd    : bandwidthSetInterfaceQuota(vlan_01, 9223372036854775807) <4.29ms>
03-17 18:52:57.827   400   892 D adayocomadapter-ParseProtocolFunc: printRaWMsg Name[MCUToUPstream recv] len[55] data[9202001200001E1E0000000000000000000000000000000000000000000000000000000000000000000000000000000000000101010101]
03-17 18:52:57.828   400   892 D adayocomadapter-CommunicationManager: onUpstreamback   member[0] dataLength[52] timePoint[111775]
03-17 18:52:57.828   400   892 D adayocomadapter-ParseProtocolFunc: printRaWMsg Name[onUpstreamback] len[52] data[1200001E1E0000000000000000000000000000000000000000000000000000000000000000000000000000000000000101010101]
03-17 18:52:57.828   400   452 D adayocomadapter-UpstreamHandler: processBeforePacket upSreamtProcessTimePoint[111775] 
03-17 18:52:57.828   400   452 D adayocomadapter-UpstreamHandler: processPacket UPSTREAM_QUEUE_DATA_TIMEOUT
03-17 18:52:57.828   400   452 D adayocomadapter-ParseProtocolFunc: parseCommonIPCLBytes Processing tableNumber[18]
03-17 18:52:57.828   400   452 D adayocomadapter-ParseProtocolFunc: parseCommonIPCLBytes Processing tablename[Table-18] tableSize[53]
03-17 18:52:57.828   400   452 D adayocomadapter-ParseProtocolFunc: parseCommonIPCLBytes Error: table.tSize unMatched byteStream.size[52]
03-17 18:52:57.828  6654  6700 D TimerTriggerManager: init instance...
03-17 18:52:57.828  6654  6700 D TimerTriggerManager: Timer thread'TimerTriggerManager' is destroyed: false
03-17 18:52:57.828  6654  6700 D TimerTriggerManager: Timer 'onIndcnVehSpdChanged' is running: true
03-17 18:52:57.828  6654  6700 D TimerTriggerManager: Sending reset signal to timer 'onIndcnVehSpdChanged'
03-17 18:52:57.828  6654  6700 D TimerTriggerManager: Reset signal sent to timer 'onIndcnVehSpdChanged'
03-17 18:52:57.829  6654  6707 D TimerTriggerController: Reset method called for timer: onIndcnVehSpdChanged
03-17 18:52:57.829  6654  6707 D TimerTriggerController: Calling onTimerReset for timer: onIndcnVehSpdChanged
03-17 18:52:57.829  6654  6707 D TimerTriggerManager: Timer reset: onIndcnVehSpdChanged
03-17 18:52:57.829  6654  6707 I TimerTriggerController: Timer [onIndcnVehSpdChanged] reset, remaining: 1000ms, reset count: 637
03-17 18:52:57.826  9169  9169 I auditd  : type=1400 audit(0.0:9948): avc:  denied  { read } for  comm="ps" name="pid_max" dev="proc" ino=74261 scontext=u:r:system_app:s0 tcontext=u:object_r:proc_pid_max:s0 tclass=file permissive=0
03-17 18:52:57.826  9169  9169 W ps      : type=1400 audit(0.0:9948): avc:  denied  { read } for  name="pid_max" dev="proc" ino=74261 scontext=u:r:system_app:s0 tcontext=u:object_r:proc_pid_max:s0 tclass=file permissive=0
03-17 18:52:57.826  9169  9169 I auditd  : type=1400 audit(0.0:9949): avc:  denied  { read } for  comm="ps" scontext=u:r:system_app:s0 tcontext=u:r:servicemanager:s0 tclass=file permissive=0
03-17 18:52:57.826  9169  9169 W ps      : type=1400 audit(0.0:9949): avc:  denied  { read } for  scontext=u:r:system_app:s0 tcontext=u:r:servicemanager:s0 tclass=file permissive=0
03-17 18:52:57.826  9169  9169 I auditd  : type=1400 audit(0.0:9950): avc:  denied  { read } for  comm="ps" scontext=u:r:system_app:s0 tcontext=u:r:hwservicemanager:s0 tclass=file permissive=0
03-17 18:52:57.826  9169  9169 W ps      : type=1400 audit(0.0:9950): avc:  denied  { read } for  scontext=u:r:system_app:s0 tcontext=u:r:hwservicemanager:s0 tclass=file permissive=0
03-17 18:52:57.826  9169  9169 I auditd  : type=1400 audit(0.0:9951): avc:  denied  { read } for  comm="ps" scontext=u:r:system_app:s0 tcontext=u:r:carpowerpolicyd:s0 tclass=file permissive=0
03-17 18:52:57.826  9169  9169 W ps      : type=1400 audit(0.0:9951): avc:  denied  { read } for  scontext=u:r:system_app:s0 tcontext=u:r:carpowerpolicyd:s0 tclass=file permissive=0
03-17 18:52:57.826  9169  9169 I auditd  : type=1400 audit(0.0:9952): avc:  denied  { read } for  comm="ps" scontext=u:r:system_app:s0 tcontext=u:r:fgebackcar:s0 tclass=file permissive=0
03-17 18:52:57.826  9169  9169 W ps      : type=1400 audit(0.0:9952): avc:  denied  { read } for  scontext=u:r:system_app:s0 tcontext=u:r:fgebackcar:s0 tclass=file permissive=0
