03-17 18:52:55.046   903  1215 D InputDispatcher: notifyMotion - id=1aa376b7 eventTime=108993225000, deviceId=2, source=TOUCHSCREEN, displayId=0, policyFlags=0x0, action=MOVE, actionButton=0x0, flags=0x0, metaState=0x0, buttonState=0x0, edgeFlags=0x0, xPrecision=1.000391, yPrecision=1.000695, xCursorPosition=nan, yCursorPosition=nan, downTime=108919244000
03-17 18:52:55.046   903  1215 D InputDispatcher:   Pointer 0: id=0, toolType=FINGER, x=1305.489990, y=775.461487, pressure=1.000000, size=0.196078, touchMajor=49.972889, touchMinor=49.972889, toolMajor=49.972889, toolMinor=49.972889, orientation=0.000000
03-17 18:52:55.046   903  1215 I InputVerifier: input: Processing MOVE for device DeviceId(2) (1 pointer) on display 0
03-17 18:52:55.046   903  1214 D InputDispatcher: dispatchMotion - eventTime=108993225000, deviceId=2, source=TOUCHSCREEN, displayId=0, policyFlags=0x62000000, action=MOVE, actionButton=0x0, flags=0x0, metaState=0x0, buttonState=0x0,edgeFlags=0x0, xPrecision=1.000391, yPrecision=1.000695, downTime=108919244000
03-17 18:52:55.046   903  1214 D InputDispatcher:   Pointer 0: id=0, toolType=FINGER, x=1305.489990, y=775.461487, pressure=1.000000, size=0.196078, touchMajor=49.972889, touchMinor=49.972889, toolMajor=49.972889, toolMinor=49.972889, orientation=0.000000
03-17 18:52:55.046   903  1214 D InputDispatcher: dispatchEventToCurrentInputTargets
03-17 18:52:55.046   903  1214 D InputDispatcher: channel '7a5e81e com.fawvw.hmi.bev.carapp/com.fawvw.hmi.bev.carapp.MainActivity (server)' ~ prepareDispatchCycle - flags=FOREGROUND | SPLIT | DISPATCH_AS_IS | WINDOW_IS_PARTIALLY_OBSCURED, globalScaleFactor=1.000000, pointerIds=00000000000000000000000000000001 
03-17 18:52:55.046   903  1214 D InputDispatcher:         pointerId 0: (ROT_0) (IDENTITY)
03-17 18:52:55.046   903  1214 D InputDispatcher: channel '7a5e81e com.fawvw.hmi.bev.carapp/com.fawvw.hmi.bev.carapp.MainActivity (server)' ~ startDispatchCycle
03-17 18:52:55.046   903  1214 D InputDispatcher: Publishing DispatchEntry{resolvedAction=MOVE, resolvedFlags=2, targetFlags=FOREGROUND | SPLIT | DISPATCH_AS_IS | WINDOW_IS_PARTIALLY_OBSCURED, transform=transform (ROT_0) (IDENTITY)
03-17 18:52:55.046   903  1214 D InputDispatcher: } original: MotionEvent(deviceId=2, eventTime=108993225000, source=TOUCHSCREEN, displayId=0, action=MOVE, actionButton=0x00000000, flags=0x00000000, metaState=0x00000000, buttonState=0x00000000, classification=NONE, edgeFlags=0x00000000, xPrecision=1.0, yPrecision=1.0, xCursorPosition=nan, yCursorPosition=nan, pointers=[0: (1305.5, 775.5)]), policyFlags=0x62000000 to 7a5e81e com.fawvw.hmi.bev.carapp/com.fawvw.hmi.bev.carapp.MainActivity (server)
03-17 18:52:55.046   903  1214 I InputVerifier: input: Processing MOVE for device DeviceId(2) (1 pointer) on 7a5e81e com.fawvw.hmi.bev.carapp/com.fawvw.hmi.bev.carapp.MainActivity (server)
03-17 18:52:55.046   903  1214 D InputTransport: channel '7a5e81e com.fawvw.hmi.bev.carapp/com.fawvw.hmi.bev.carapp.MainActivity (server)' publisher ~ publishMotionEvent: seq=538, id=446920375, deviceId=2, source=TOUCHSCREEN, displayId=0, action=MOVE, actionButton=0x00000000, flags=0x2, edgeFlags=0x0, metaState=0x0, buttonState=0x0, classification=NONE,xPrecision=1.000391, yPrecision=1.000695, downTime=108919244000, eventTime=108993225000, pointerCount=1 
03-17 18:52:55.046   903  1214 D InputTransport:         transform (ROT_0) (IDENTITY)
03-17 18:52:55.046   903  1214 D InputTransport: channel '7a5e81e com.fawvw.hmi.bev.carapp/com.fawvw.hmi.bev.carapp.MainActivity (server)' ~ sent message of type MOTION
03-17 18:52:55.046   903  1214 D InputDispatcher: channel 'PointerEventDispatcher0 (server)' ~ prepareDispatchCycle - flags=DISPATCH_AS_IS, globalScaleFactor=1.000000, pointerIds=<none> 
03-17 18:52:55.046   903  1214 D InputDispatcher:         default (ROT_0) (IDENTITY)
03-17 18:52:55.046   903  1214 D InputDispatcher: channel 'PointerEventDispatcher0 (server)' ~ startDispatchCycle
03-17 18:52:55.046  8377  8377 D InputTransport: channel '7a5e81e com.fawvw.hmi.bev.carapp/com.fawvw.hmi.bev.carapp.MainActivity (client)' consumer ~ consume: consumeBatches=false, frameTime=-1
03-17 18:52:55.046  8377  8377 D InputTransport: channel '7a5e81e com.fawvw.hmi.bev.carapp/com.fawvw.hmi.bev.carapp.MainActivity (client)' ~ received message of type MOTION
03-17 18:52:55.046   903  1214 D InputDispatcher: Publishing DispatchEntry{resolvedAction=MOVE, resolvedFlags=0, targetFlags=DISPATCH_AS_IS, transform=transform (ROT_0) (IDENTITY)
03-17 18:52:55.046   903  1214 D InputDispatcher: } original: MotionEvent(deviceId=2, eventTime=108993225000, source=TOUCHSCREEN, displayId=0, action=MOVE, actionButton=0x00000000, flags=0x00000000, metaState=0x00000000, buttonState=0x00000000, classification=NONE, edgeFlags=0x00000000, xPrecision=1.0, yPrecision=1.0, xCursorPosition=nan, yCursorPosition=nan, pointers=[0: (1305.5, 775.5)]), policyFlags=0x62000000 to PointerEventDispatcher0 (server)
03-17 18:52:55.046  8377  8377 D InputTransport: channel '7a5e81e com.fawvw.hmi.bev.carapp/com.fawvw.hmi.bev.carapp.MainActivity (client)' consumer ~ appended to batch event
03-17 18:52:55.046  8377  8377 D InputTransport: channel '7a5e81e com.fawvw.hmi.bev.carapp/com.fawvw.hmi.bev.carapp.MainActivity (client)' ~ receive message failed, errno=11
03-17 18:52:55.046   903  1214 I InputVerifier: input: Processing MOVE for device DeviceId(2) (1 pointer) on PointerEventDispatcher0 (server)
03-17 18:52:55.047   903  1214 D InputTransport: channel 'PointerEventDispatcher0 (server)' publisher ~ publishMotionEvent: seq=539, id=446920375, deviceId=2, source=TOUCHSCREEN, displayId=0, action=MOVE, actionButton=0x00000000, flags=0x0, edgeFlags=0x0, metaState=0x0, buttonState=0x0, classification=NONE,xPrecision=1.000391, yPrecision=1.000695, downTime=108919244000, eventTime=108993225000, pointerCount=1 
03-17 18:52:55.047   903  1214 D InputTransport:         transform (ROT_0) (IDENTITY)
03-17 18:52:55.047   903  1071 D InputTransport: channel 'PointerEventDispatcher0 (client)' consumer ~ consume: consumeBatches=false, frameTime=-1
03-17 18:52:55.047   903  1071 D InputTransport: channel 'PointerEventDispatcher0 (client)' ~ received message of type MOTION
03-17 18:52:55.047   903  1071 D InputTransport: channel 'PointerEventDispatcher0 (client)' consumer ~ started batch event
03-17 18:52:55.047   903  1071 D InputTransport: channel 'PointerEventDispatcher0 (client)' ~ receive message failed, errno=11
03-17 18:52:55.047   903  1071 D InputTransport: channel 'PointerEventDispatcher0 (client)' consumer ~ consume: consumeBatches=true, frameTime=-1
03-17 18:52:55.047   903  1071 D InputTransport: channel 'PointerEventDispatcher0 (client)' ~ receive message failed, errno=11
03-17 18:52:55.047   903  1071 D InputTransport: channel 'PointerEventDispatcher0 (client)' consumer ~ consumed batch event, seq=539
03-17 18:52:55.047   903  1071 D VelocityTracker: VelocityTracker: addMovement eventTime=108993225000, pointerId=0, activePointerId=0
03-17 18:52:55.047   903  1071 D VelocityTracker:   0: axis=0, position=1305.490, estimator (degree=2, coeff=[ 1305.490234, 0.000000, 0.000000 ], confidence=1.000000)
03-17 18:52:55.047   903  1071 D VelocityTracker: VelocityTracker: addMovement eventTime=108993225000, pointerId=0, activePointerId=0
03-17 18:52:55.047   903  1071 D VelocityTracker:   0: axis=1, position=775.462, estimator (degree=2, coeff=[ 775.461243, -0.046367, -0.548939 ], confidence=1.000000)
03-17 18:52:55.047   903  1071 D InputTransport: channel 'PointerEventDispatcher0 (client)' consumer ~ sendFinishedSignal: seq=539, handled=false
03-17 18:52:55.047   903  1071 D InputTransport: channel 'PointerEventDispatcher0 (client)' ~ sent message of type FINISHED
03-17 18:52:55.047   903  1071 D InputTransport: channel 'PointerEventDispatcher0 (client)' consumer ~ consume: consumeBatches=true, frameTime=-1
03-17 18:52:55.047   903  1071 D InputTransport: channel 'PointerEventDispatcher0 (client)' ~ receive message failed, errno=11
03-17 18:52:55.047   903  1214 D InputTransport: channel 'PointerEventDispatcher0 (server)' ~ sent message of type MOTION
03-17 18:52:55.047   903  1214 D InputTransport: channel 'PointerEventDispatcher0 (server)' ~ received message of type FINISHED
03-17 18:52:55.047   903  1214 D InputTransport: channel 'PointerEventDispatcher0 (server)' publisher ~ receiveConsumerResponse: finished: seq=539, handled=false
03-17 18:52:55.047   903  1214 D InputDispatcher: channel 'PointerEventDispatcher0 (server)' ~ finishDispatchCycle - seq=539, handled=false
03-17 18:52:55.047   903  1214 D InputTransport: channel 'PointerEventDispatcher0 (server)' ~ receive message failed, errno=11
03-17 18:52:55.047   903  1214 D InputTransport: channel 'PointerEventDispatcher0 (server)' publisher ~ receiveConsumerResponse: Unknown error -11
03-17 18:52:55.047   903  1214 D InputDispatcher: channel 'PointerEventDispatcher0 (server)' ~ startDispatchCycle
03-17 18:52:55.048  8377  8377 D InputTransport: channel '7a5e81e com.fawvw.hmi.bev.carapp/com.fawvw.hmi.bev.carapp.MainActivity (client)' consumer ~ consume: consumeBatches=true, frameTime=108995161345
03-17 18:52:55.048  8377  8377 D InputTransport: channel '7a5e81e com.fawvw.hmi.bev.carapp/com.fawvw.hmi.bev.carapp.MainActivity (client)' ~ receive message failed, errno=11
03-17 18:52:55.048  8377  8377 D InputTransport: [0] - rewrite (1305.490, 775.461), old (1305.490, 775.461)
03-17 18:52:55.048  8377  8377 D InputTransport: [0] - rewrite (1305.490, 775.461), old (1305.490, 775.461)
03-17 18:52:55.048  8377  8377 D InputTransport: channel '7a5e81e com.fawvw.hmi.bev.carapp/com.fawvw.hmi.bev.carapp.MainActivity (client)' consumer ~ consumed batch event, seq=536
03-17 18:52:55.048  8377  8377 D InputTransport: channel '7a5e81e com.fawvw.hmi.bev.carapp/com.fawvw.hmi.bev.carapp.MainActivity (client)' consumer ~ sendFinishedSignal: seq=536, handled=true
03-17 18:52:55.048  8377  8377 D InputTransport: channel '7a5e81e com.fawvw.hmi.bev.carapp/com.fawvw.hmi.bev.carapp.MainActivity (client)' ~ sent message of type FINISHED
03-17 18:52:55.048  8377  8377 D InputTransport: channel '7a5e81e com.fawvw.hmi.bev.carapp/com.fawvw.hmi.bev.carapp.MainActivity (client)' ~ sent message of type FINISHED
03-17 18:52:55.048   903  1214 D InputTransport: channel '7a5e81e com.fawvw.hmi.bev.carapp/com.fawvw.hmi.bev.carapp.MainActivity (server)' ~ received message of type FINISHED
03-17 18:52:55.048  8377  8377 D InputTransport: channel '7a5e81e com.fawvw.hmi.bev.carapp/com.fawvw.hmi.bev.carapp.MainActivity (client)' consumer ~ consume: consumeBatches=true, frameTime=108995161345
03-17 18:52:55.048  8377  8377 D InputTransport: channel '7a5e81e com.fawvw.hmi.bev.carapp/com.fawvw.hmi.bev.carapp.MainActivity (client)' ~ receive message failed, errno=11
03-17 18:52:55.048   903  1214 D InputTransport: channel '7a5e81e com.fawvw.hmi.bev.carapp/com.fawvw.hmi.bev.carapp.MainActivity (server)' publisher ~ receiveConsumerResponse: finished: seq=534, handled=true
03-17 18:52:55.048   903  1214 D InputDispatcher: channel '7a5e81e com.fawvw.hmi.bev.carapp/com.fawvw.hmi.bev.carapp.MainActivity (server)' ~ finishDispatchCycle - seq=534, handled=true
03-17 18:52:55.048   903  1214 D InputTransport: channel '7a5e81e com.fawvw.hmi.bev.carapp/com.fawvw.hmi.bev.carapp.MainActivity (server)' ~ received message of type FINISHED
03-17 18:52:55.048   903  1214 D InputTransport: channel '7a5e81e com.fawvw.hmi.bev.carapp/com.fawvw.hmi.bev.carapp.MainActivity (server)' publisher ~ receiveConsumerResponse: finished: seq=536, handled=true
03-17 18:52:55.048   903  1214 D InputDispatcher: channel '7a5e81e com.fawvw.hmi.bev.carapp/com.fawvw.hmi.bev.carapp.MainActivity (server)' ~ finishDispatchCycle - seq=536, handled=true
03-17 18:52:55.048   903  1214 D InputTransport: channel '7a5e81e com.fawvw.hmi.bev.carapp/com.fawvw.hmi.bev.carapp.MainActivity (server)' ~ receive message failed, errno=11
03-17 18:52:55.048   903  1214 D InputTransport: channel '7a5e81e com.fawvw.hmi.bev.carapp/com.fawvw.hmi.bev.carapp.MainActivity (server)' publisher ~ receiveConsumerResponse: Unknown error -11
03-17 18:52:55.048   903  1214 D InputDispatcher: channel '7a5e81e com.fawvw.hmi.bev.carapp/com.fawvw.hmi.bev.carapp.MainActivity (server)' ~ startDispatchCycle
03-17 18:52:55.048   903  1214 D InputDispatcher: channel '7a5e81e com.fawvw.hmi.bev.carapp/com.fawvw.hmi.bev.carapp.MainActivity (server)' ~ startDispatchCycle
03-17 18:52:55.046  9103  9103 I auditd  : type=1400 audit(0.0:9617): avc:  denied  { read } for  comm="pgrep" scontext=u:r:ota_init_shell:s0 tcontext=u:r:ueventd:s0 tclass=file permissive=0
03-17 18:52:55.046  9103  9103 W pgrep   : type=1400 audit(0.0:9617): avc:  denied  { read } for  scontext=u:r:ota_init_shell:s0 tcontext=u:r:ueventd:s0 tclass=file permissive=0
03-17 18:52:55.046  9103  9103 I auditd  : type=1400 audit(0.0:9618): avc:  denied  { read } for  comm="pgrep" scontext=u:r:ota_init_shell:s0 tcontext=u:r:prng_seeder:s0 tclass=file permissive=0
03-17 18:52:55.046  9103  9103 W pgrep   : type=1400 audit(0.0:9618): avc:  denied  { read } for  scontext=u:r:ota_init_shell:s0 tcontext=u:r:prng_seeder:s0 tclass=file permissive=0
03-17 18:52:55.046  9103  9103 I auditd  : type=1400 audit(0.0:9619): avc:  denied  { read } for  comm="pgrep" scontext=u:r:ota_init_shell:s0 tcontext=u:r:sdcvd:s0 tclass=file permissive=0
03-17 18:52:55.046  9103  9103 W pgrep   : type=1400 audit(0.0:9619): avc:  denied  { read } for  scontext=u:r:ota_init_shell:s0 tcontext=u:r:sdcvd:s0 tclass=file permissive=0
03-17 18:52:55.046  9103  9103 I auditd  : type=1400 audit(0.0:9620): avc:  denied  { read } for  comm="pgrep" scontext=u:r:ota_init_shell:s0 tcontext=u:r:sdprop:s0 tclass=file permissive=0
03-17 18:52:55.046  9103  9103 W pgrep   : type=1400 audit(0.0:9620): avc:  denied  { read } for  scontext=u:r:ota_init_shell:s0 tcontext=u:r:sdprop:s0 tclass=file permissive=0
03-17 18:52:55.046  9103  9103 I auditd  : type=1400 audit(0.0:9621): avc:  denied  { read } for  comm="pgrep" scontext=u:r:ota_init_shell:s0 tcontext=u:r:keystore:s0 tclass=file permissive=0
03-17 18:52:55.046  9103  9103 W pgrep   : type=1400 audit(0.0:9621): avc:  denied  { read } for  scontext=u:r:ota_init_shell:s0 tcontext=u:r:keystore:s0 tclass=file permissive=0
01-01 08:01:50.200  9103  9103 W audit   : audit_lost=8984 audit_rate_limit=5 audit_backlog_limit=64
03-17 18:52:55.051   582  3616 E WifiHAL : Invalid data received from driver
03-17 18:52:55.058   642   685 I mcuc    : sd Uart data : 6AA602040E0002920256
03-17 18:52:55.062   903  1215 D InputReader: BatchSize: 3 Count: 3
03-17 18:52:55.062   903  1215 D InputReader: Input event: eventHubDevice=1 type=EV_ABS code=ABS_MT_TOUCH_MAJOR value=47 when=109009903000
03-17 18:52:55.062   903  1215 D InputReader: Input event: eventHubDevice=1 type=EV_ABS code=ABS_MT_WIDTH_MAJOR value=47 when=109009903000
03-17 18:52:55.062   903  1215 D InputReader: Input event: eventHubDevice=1 type=EV_SYN code=SYN_REPORT value=0 when=109009903000
03-17 18:52:55.062   903  1215 D InputReader: syncTouch: pointerCount 1 -> 1, touching ids 0x80000000 -> 0x80000000, hovering ids 0x00000000 -> 0x00000000, canceled ids 0x00000000
03-17 18:52:55.062   903  1215 D UnwantedInteractionBlocker: notifyMotion: NotifyMotionArgs(id=955804265, eventTime=109009903000, deviceId=2, source=TOUCHSCREEN, action=MOVE, pointerCount=1 pointers={0: id=0 x=1305.5 y=775.5 pressure=1.0 major=47.0 minor=47.0 orientation=0.0}, flags=0x00000000)
03-17 18:52:55.062   903  1215 D UnwantedInteractionBlocker: enqueueOutboundMotionLocked: NotifyMotionArgs(id=955804265, eventTime=109009903000, deviceId=2, source=TOUCHSCREEN, action=MOVE, pointerCount=1 pointers={0: id=0 x=1305.5 y=775.5 pressure=1.0 major=47.0 minor=47.0 orientation=0.0}, flags=0x00000000)
03-17 18:52:55.062   903  1215 D InputDispatcher: notifyMotion - id=38f86a69 eventTime=109009903000, deviceId=2, source=TOUCHSCREEN, displayId=0, policyFlags=0x0, action=MOVE, actionButton=0x0, flags=0x0, metaState=0x0, buttonState=0x0, edgeFlags=0x0, xPrecision=1.000391, yPrecision=1.000695, xCursorPosition=nan, yCursorPosition=nan, downTime=108919244000
03-17 18:52:55.062   903  1215 D InputDispatcher:   Pointer 0: id=0, toolType=FINGER, x=1305.489990, y=775.461487, pressure=1.000000, size=0.184314, touchMajor=46.974514, touchMinor=46.974514, toolMajor=46.974514, toolMinor=46.974514, orientation=0.000000
03-17 18:52:55.062   903  1215 I InputVerifier: input: Processing MOVE for device DeviceId(2) (1 pointer) on display 0
03-17 18:52:55.063   903  1214 D InputDispatcher: dispatchMotion - eventTime=109009903000, deviceId=2, source=TOUCHSCREEN, displayId=0, policyFlags=0x62000000, action=MOVE, actionButton=0x0, flags=0x0, metaState=0x0, buttonState=0x0,edgeFlags=0x0, xPrecision=1.000391, yPrecision=1.000695, downTime=108919244000
03-17 18:52:55.063   903  1214 D InputDispatcher:   Pointer 0: id=0, toolType=FINGER, x=1305.489990, y=775.461487, pressure=1.000000, size=0.184314, touchMajor=46.974514, touchMinor=46.974514, toolMajor=46.974514, toolMinor=46.974514, orientation=0.000000
03-17 18:52:55.063   903  1214 D InputDispatcher: dispatchEventToCurrentInputTargets
03-17 18:52:55.063   903  1214 D InputDispatcher: channel '7a5e81e com.fawvw.hmi.bev.carapp/com.fawvw.hmi.bev.carapp.MainActivity (server)' ~ prepareDispatchCycle - flags=FOREGROUND | SPLIT | DISPATCH_AS_IS | WINDOW_IS_PARTIALLY_OBSCURED, globalScaleFactor=1.000000, pointerIds=00000000000000000000000000000001 
03-17 18:52:55.063   903  1214 D InputDispatcher:         pointerId 0: (ROT_0) (IDENTITY)
03-17 18:52:55.063   903  1214 D InputDispatcher: channel '7a5e81e com.fawvw.hmi.bev.carapp/com.fawvw.hmi.bev.carapp.MainActivity (server)' ~ startDispatchCycle
03-17 18:52:55.063   903  1214 D InputDispatcher: Publishing DispatchEntry{resolvedAction=MOVE, resolvedFlags=2, targetFlags=FOREGROUND | SPLIT | DISPATCH_AS_IS | WINDOW_IS_PARTIALLY_OBSCURED, transform=transform (ROT_0) (IDENTITY)
03-17 18:52:55.063   903  1214 D InputDispatcher: } original: MotionEvent(deviceId=2, eventTime=109009903000, source=TOUCHSCREEN, displayId=0, action=MOVE, actionButton=0x00000000, flags=0x00000000, metaState=0x00000000, buttonState=0x00000000, classification=NONE, edgeFlags=0x00000000, xPrecision=1.0, yPrecision=1.0, xCursorPosition=nan, yCursorPosition=nan, pointers=[0: (1305.5, 775.5)]), policyFlags=0x62000000 to 7a5e81e com.fawvw.hmi.bev.carapp/com.fawvw.hmi.bev.carapp.MainActivity (server)
03-17 18:52:55.063   903  1214 I InputVerifier: input: Processing MOVE for device DeviceId(2) (1 pointer) on 7a5e81e com.fawvw.hmi.bev.carapp/com.fawvw.hmi.bev.carapp.MainActivity (server)
03-17 18:52:55.063   903  1214 D InputTransport: channel '7a5e81e com.fawvw.hmi.bev.carapp/com.fawvw.hmi.bev.carapp.MainActivity (server)' publisher ~ publishMotionEvent: seq=540, id=955804265, deviceId=2, source=TOUCHSCREEN, displayId=0, action=MOVE, actionButton=0x00000000, flags=0x2, edgeFlags=0x0, metaState=0x0, buttonState=0x0, classification=NONE,xPrecision=1.000391, yPrecision=1.000695, downTime=108919244000, eventTime=109009903000, pointerCount=1 
03-17 18:52:55.063   903  1214 D InputTransport:         transform (ROT_0) (IDENTITY)
03-17 18:52:55.063   903  1214 D InputTransport: channel '7a5e81e com.fawvw.hmi.bev.carapp/com.fawvw.hmi.bev.carapp.MainActivity (server)' ~ sent message of type MOTION
03-17 18:52:55.063   903  1214 D InputDispatcher: channel 'PointerEventDispatcher0 (server)' ~ prepareDispatchCycle - flags=DISPATCH_AS_IS, globalScaleFactor=1.000000, pointerIds=<none> 
03-17 18:52:55.063   903  1214 D InputDispatcher:         default (ROT_0) (IDENTITY)
03-17 18:52:55.063   903  1214 D InputDispatcher: channel 'PointerEventDispatcher0 (server)' ~ startDispatchCycle
03-17 18:52:55.063  8377  8377 D InputTransport: channel '7a5e81e com.fawvw.hmi.bev.carapp/com.fawvw.hmi.bev.carapp.MainActivity (client)' consumer ~ consume: consumeBatches=false, frameTime=-1
03-17 18:52:55.063   903  1214 D InputDispatcher: Publishing DispatchEntry{resolvedAction=MOVE, resolvedFlags=0, targetFlags=DISPATCH_AS_IS, transform=transform (ROT_0) (IDENTITY)
03-17 18:52:55.063   903  1214 D InputDispatcher: } original: MotionEvent(deviceId=2, eventTime=109009903000, source=TOUCHSCREEN, displayId=0, action=MOVE, actionButton=0x00000000, flags=0x00000000, metaState=0x00000000, buttonState=0x00000000, classification=NONE, edgeFlags=0x00000000, xPrecision=1.0, yPrecision=1.0, xCursorPosition=nan, yCursorPosition=nan, pointers=[0: (1305.5, 775.5)]), policyFlags=0x62000000 to PointerEventDispatcher0 (server)
03-17 18:52:55.063  8377  8377 D InputTransport: channel '7a5e81e com.fawvw.hmi.bev.carapp/com.fawvw.hmi.bev.carapp.MainActivity (client)' ~ received message of type MOTION
03-17 18:52:55.063  8377  8377 D InputTransport: channel '7a5e81e com.fawvw.hmi.bev.carapp/com.fawvw.hmi.bev.carapp.MainActivity (client)' consumer ~ appended to batch event
03-17 18:52:55.063   903  1214 I InputVerifier: input: Processing MOVE for device DeviceId(2) (1 pointer) on PointerEventDispatcher0 (server)
03-17 18:52:55.063  8377  8377 D InputTransport: channel '7a5e81e com.fawvw.hmi.bev.carapp/com.fawvw.hmi.bev.carapp.MainActivity (client)' ~ receive message failed, errno=11
03-17 18:52:55.063   903  1214 D InputTransport: channel 'PointerEventDispatcher0 (server)' publisher ~ publishMotionEvent: seq=541, id=955804265, deviceId=2, source=TOUCHSCREEN, displayId=0, action=MOVE, actionButton=0x00000000, flags=0x0, edgeFlags=0x0, metaState=0x0, buttonState=0x0, classification=NONE,xPrecision=1.000391, yPrecision=1.000695, downTime=108919244000, eventTime=109009903000, pointerCount=1 
03-17 18:52:55.063   903  1214 D InputTransport:         transform (ROT_0) (IDENTITY)
03-17 18:52:55.063   903  1071 D InputTransport: channel 'PointerEventDispatcher0 (client)' consumer ~ consume: consumeBatches=false, frameTime=-1
03-17 18:52:55.063   903  1071 D InputTransport: channel 'PointerEventDispatcher0 (client)' ~ received message of type MOTION
03-17 18:52:55.063   903  1071 D InputTransport: channel 'PointerEventDispatcher0 (client)' consumer ~ started batch event
03-17 18:52:55.063   903  1071 D InputTransport: channel 'PointerEventDispatcher0 (client)' ~ receive message failed, errno=11
03-17 18:52:55.063   903  1071 D InputTransport: channel 'PointerEventDispatcher0 (client)' consumer ~ consume: consumeBatches=true, frameTime=-1
03-17 18:52:55.064   903  1071 D InputTransport: channel 'PointerEventDispatcher0 (client)' ~ receive message failed, errno=11
03-17 18:52:55.064   903  1071 D InputTransport: channel 'PointerEventDispatcher0 (client)' consumer ~ consumed batch event, seq=541
03-17 18:52:55.064   903  1071 D VelocityTracker: VelocityTracker: addMovement eventTime=109009903000, pointerId=0, activePointerId=0
03-17 18:52:55.064   903  1071 D VelocityTracker:   0: axis=0, position=1305.490, estimator (degree=2, coeff=[ 1305.493042, 0.161884, 1.643612 ], confidence=1.000000)
03-17 18:52:55.064   903  1071 D VelocityTracker: VelocityTracker: addMovement eventTime=109009903000, pointerId=0, activePointerId=0
03-17 18:52:55.064   903  1071 D VelocityTracker:   0: axis=1, position=775.462, estimator (degree=2, coeff=[ 775.462830, 0.050087, 0.493682 ], confidence=1.000000)
03-17 18:52:55.064   903  1071 D InputTransport: channel 'PointerEventDispatcher0 (client)' consumer ~ sendFinishedSignal: seq=541, handled=false
03-17 18:52:55.064   903  1071 D InputTransport: channel 'PointerEventDispatcher0 (client)' ~ sent message of type FINISHED
03-17 18:52:55.064   903  1071 D InputTransport: channel 'PointerEventDispatcher0 (client)' consumer ~ consume: consumeBatches=true, frameTime=-1
03-17 18:52:55.064   903  1071 D InputTransport: channel 'PointerEventDispatcher0 (client)' ~ receive message failed, errno=11
03-17 18:52:55.064   642   685 I mcuc    : rev uart=1100,len=35, data : 6AA681040E001B920202034C37582D30303130312E30312E3235303030314130303108
03-17 18:52:55.064   400   892 D adayocomadapter-ParseProtocolFunc: printRaWMsg Name[MCUToUPstream recv] len[27] data[920202034C37582D30303130312E30312E32353030303141303031]
03-17 18:52:55.064   400   892 D adayocomadapter-CommunicationManager: onUpstreamback   member[2] dataLength[24] timePoint[109012]
03-17 18:52:55.064   400   892 D adayocomadapter-ParseProtocolFunc: printRaWMsg Name[onUpstreamback] len[24] data[034C37582D30303130312E30312E32353030303141303031]
03-17 18:52:55.064  8377  8377 D InputTransport: channel '7a5e81e com.fawvw.hmi.bev.carapp/com.fawvw.hmi.bev.carapp.MainActivity (client)' consumer ~ consume: consumeBatches=true, frameTime=109011997011
03-17 18:52:55.064  8377  8377 D InputTransport: channel '7a5e81e com.fawvw.hmi.bev.carapp/com.fawvw.hmi.bev.carapp.MainActivity (client)' ~ receive message failed, errno=11
03-17 18:52:55.065   400   452 D adayocomadapter-UpstreamHandler: processBeforePacket upSreamtProcessTimePoint[109012] 
03-17 18:52:55.065  8377  8377 D InputTransport: [0] - rewrite (1305.490, 775.461), old (1305.490, 775.461)
03-17 18:52:55.065   903  1214 D InputTransport: channel 'PointerEventDispatcher0 (server)' ~ sent message of type MOTION
03-17 18:52:55.065   400   452 D adayocomadapter-ParseProtocolFunc: parseGeneralIPCLBytes Processing tablename[Table-3] tableSize[23]
03-17 18:52:55.065   400   452 D adayocomadapter-ParseProtocolFunc: printRaWMsg Name[byteStream recv] len[24] data[034C37582D30303130312E30312E32353030303141303031]
03-17 18:52:55.065   400   452 D adayocomadapter-ParseProtocolFunc: printRaWMsg Name[IPCLtoVHAL] len[29] data[2110208E01004C37582D30303130312E30312E32353030303141303031]
03-17 18:52:55.065  8377  8377 D InputTransport: channel '7a5e81e com.fawvw.hmi.bev.carapp/com.fawvw.hmi.bev.carapp.MainActivity (client)' consumer ~ consumed batch event, seq=538
03-17 18:52:55.065   400   452 D adayocomadapter-CommunicationManager: onUpstreamReceive isLoss 0 mPropertyId 0x2110208e
03-17 18:52:55.065   400   452 D adayocomadapter-CommunicationManager: byteArrayToHexString  L7X-00101.01.250001A001
03-17 18:52:55.065   903  1214 D InputTransport: channel 'PointerEventDispatcher0 (server)' ~ received message of type FINISHED
03-17 18:52:55.065   903  1214 D InputTransport: channel 'PointerEventDispatcher0 (server)' publisher ~ receiveConsumerResponse: finished: seq=541, handled=false
03-17 18:52:55.065   903  1214 D InputDispatcher: channel 'PointerEventDispatcher0 (server)' ~ finishDispatchCycle - seq=541, handled=false
03-17 18:52:55.065   400   452 D vw-vhal : notifyVehicleProperty, propId = 0x2110208e, data = {status: 2, stringValue: "L7X-00101.01.250001A001"}
03-17 18:52:55.065   903  1214 D InputTransport: channel 'PointerEventDispatcher0 (server)' ~ receive message failed, errno=11
03-17 18:52:55.065   903  1214 D InputTransport: channel 'PointerEventDispatcher0 (server)' publisher ~ receiveConsumerResponse: Unknown error -11
03-17 18:52:55.065   400   452 I DefaultVehicleHal_v2_0: DefaultVehicleHal::onPropertyValue, value:{.timestamp = 109012780344, .areaId = 0, .prop = 554705038, .status = AVAILABLE, .value = {.int32Values = [0]{}, .floatValues = [0]{}, .int64Values = [0]{}, .bytes = [0]{}, .stringValue = "L7X-00101.01.250001A001"}}
03-17 18:52:55.065   903  1214 D InputDispatcher: channel 'PointerEventDispatcher0 (server)' ~ startDispatchCycle
03-17 18:52:55.065   400   452 D adayocomadapter-CommunicationManager: onUpstreamReceive mPropertyId 0x2110208e
03-17 18:52:55.065  8377  8377 D InputTransport: channel '7a5e81e com.fawvw.hmi.bev.carapp/com.fawvw.hmi.bev.carapp.MainActivity (client)' consumer ~ sendFinishedSignal: seq=538, handled=true
03-17 18:52:55.065  8377  8377 D InputTransport: channel '7a5e81e com.fawvw.hmi.bev.carapp/com.fawvw.hmi.bev.carapp.MainActivity (client)' ~ sent message of type FINISHED
03-17 18:52:55.065  8377  8377 D InputTransport: channel '7a5e81e com.fawvw.hmi.bev.carapp/com.fawvw.hmi.bev.carapp.MainActivity (client)' consumer ~ consume: consumeBatches=true, frameTime=109011997011
03-17 18:52:55.065   903  1214 D InputTransport: channel '7a5e81e com.fawvw.hmi.bev.carapp/com.fawvw.hmi.bev.carapp.MainActivity (server)' ~ received message of type FINISHED
03-17 18:52:55.065  8377  8377 D InputTransport: channel '7a5e81e com.fawvw.hmi.bev.carapp/com.fawvw.hmi.bev.carapp.MainActivity (client)' ~ receive message failed, errno=11
03-17 18:52:55.065   903  1214 D InputTransport: channel '7a5e81e com.fawvw.hmi.bev.carapp/com.fawvw.hmi.bev.carapp.MainActivity (server)' publisher ~ receiveConsumerResponse: finished: seq=538, handled=true
03-17 18:52:55.065   903  1214 D InputDispatcher: channel '7a5e81e com.fawvw.hmi.bev.carapp/com.fawvw.hmi.bev.carapp.MainActivity (server)' ~ finishDispatchCycle - seq=538, handled=true
03-17 18:52:55.065   903  1214 D InputTransport: channel '7a5e81e com.fawvw.hmi.bev.carapp/com.fawvw.hmi.bev.carapp.MainActivity (server)' ~ receive message failed, errno=11
03-17 18:52:55.065   903  1214 D InputTransport: channel '7a5e81e com.fawvw.hmi.bev.carapp/com.fawvw.hmi.bev.carapp.MainActivity (server)' publisher ~ receiveConsumerResponse: Unknown error -11
03-17 18:52:55.065   903  1214 D InputDispatcher: channel '7a5e81e com.fawvw.hmi.bev.carapp/com.fawvw.hmi.bev.carapp.MainActivity (server)' ~ startDispatchCycle
03-17 18:52:55.073   582  3616 E WifiHAL : Invalid data received from driver
03-17 18:52:55.073   903  1215 D InputReader: BatchSize: 7 Count: 7
03-17 18:52:55.073   903  1215 D InputReader: Input event: eventHubDevice=1 type=EV_ABS code=ABS_MT_TRACKING_ID value=-1 when=109020653000
03-17 18:52:55.073   903  1215 D InputReader: Input event: eventHubDevice=1 type=EV_ABS code=ABS_MT_POSITION_X value=0 when=109020653000
03-17 18:52:55.073   903  1215 W InputReader: Received unexpected event (0x35, 0x0) for slot 0 with tracking id 26
03-17 18:52:55.073   903  1215 D InputReader: Input event: eventHubDevice=1 type=EV_ABS code=ABS_MT_POSITION_Y value=0 when=109020653000
03-17 18:52:55.073   903  1215 W InputReader: Received unexpected event (0x36, 0x0) for slot 0 with tracking id 26
03-17 18:52:55.073   903  1215 D InputReader: Input event: eventHubDevice=1 type=EV_ABS code=ABS_MT_TOUCH_MAJOR value=0 when=109020653000
03-17 18:52:55.073   903  1215 D InputReader: Input event: eventHubDevice=1 type=EV_ABS code=ABS_MT_WIDTH_MAJOR value=0 when=109020653000
03-17 18:52:55.073   903  1215 D InputReader: Input event: eventHubDevice=1 type=EV_KEY code=BTN_TOUCH value=UP when=109020653000
03-17 18:52:55.073   903  1215 D InputReader: Input event: eventHubDevice=1 type=EV_SYN code=SYN_REPORT value=0 when=109020653000
03-17 18:52:55.073   903  1215 D InputReader: syncTouch: pointerCount 1 -> 0, touching ids 0x80000000 -> 0x00000000, hovering ids 0x00000000 -> 0x00000000, canceled ids 0x00000000
03-17 18:52:55.073   903  1215 D UnwantedInteractionBlocker: notifyMotion: NotifyMotionArgs(id=386265202, eventTime=109020653000, deviceId=2, source=TOUCHSCREEN, action=UP, pointerCount=1 pointers={0: id=0 x=1305.5 y=775.5 pressure=1.0 major=47.0 minor=47.0 orientation=0.0}, flags=0x00000000)
03-17 18:52:55.073   903  1215 D UnwantedInteractionBlocker: enqueueOutboundMotionLocked: NotifyMotionArgs(id=386265202, eventTime=109020653000, deviceId=2, source=TOUCHSCREEN, action=UP, pointerCount=1 pointers={0: id=0 x=1305.5 y=775.5 pressure=1.0 major=47.0 minor=47.0 orientation=0.0}, flags=0x00000000)
03-17 18:52:55.073   903  1215 D InputDispatcher: notifyMotion - id=1705f072 eventTime=109020653000, deviceId=2, source=TOUCHSCREEN, displayId=0, policyFlags=0x0, action=UP, actionButton=0x0, flags=0x0, metaState=0x0, buttonState=0x0, edgeFlags=0x0, xPrecision=1.000391, yPrecision=1.000695, xCursorPosition=nan, yCursorPosition=nan, downTime=108919244000
03-17 18:52:55.073   903  1215 D InputDispatcher:   Pointer 0: id=0, toolType=FINGER, x=1305.489990, y=775.461487, pressure=1.000000, size=0.184314, touchMajor=46.974514, touchMinor=46.974514, toolMajor=46.974514, toolMinor=46.974514, orientation=0.000000
03-17 18:52:55.073   903  1215 I InputVerifier: input: Processing UP for device DeviceId(2) (1 pointer) on display 0
03-17 18:52:55.074   582  3616 E WifiHAL : Invalid data received from driver
03-17 18:52:55.074   582  3616 E WifiHAL : Invalid data received from driver
03-17 18:52:55.074   903  1214 D InputDispatcher: dispatchMotion - eventTime=109020653000, deviceId=2, source=TOUCHSCREEN, displayId=0, policyFlags=0x62000000, action=UP, actionButton=0x0, flags=0x0, metaState=0x0, buttonState=0x0,edgeFlags=0x0, xPrecision=1.000391, yPrecision=1.000695, downTime=108919244000
03-17 18:52:55.075   903  1214 D InputDispatcher:   Pointer 0: id=0, toolType=FINGER, x=1305.489990, y=775.461487, pressure=1.000000, size=0.184314, touchMajor=46.974514, touchMinor=46.974514, toolMajor=46.974514, toolMinor=46.974514, orientation=0.000000
03-17 18:52:55.075   903  1214 D InputDispatcher: dispatchEventToCurrentInputTargets
03-17 18:52:55.075   903  1214 D InputDispatcher: channel '7a5e81e com.fawvw.hmi.bev.carapp/com.fawvw.hmi.bev.carapp.MainActivity (server)' ~ prepareDispatchCycle - flags=FOREGROUND | SPLIT | DISPATCH_AS_IS | WINDOW_IS_PARTIALLY_OBSCURED, globalScaleFactor=1.000000, pointerIds=00000000000000000000000000000001 
03-17 18:52:55.075   903  1214 D InputDispatcher:         pointerId 0: (ROT_0) (IDENTITY)
03-17 18:52:55.075   903  1214 D InputDispatcher: channel '7a5e81e com.fawvw.hmi.bev.carapp/com.fawvw.hmi.bev.carapp.MainActivity (server)' ~ startDispatchCycle
03-17 18:52:55.075   903  1214 D InputDispatcher: Publishing DispatchEntry{resolvedAction=UP, resolvedFlags=2, targetFlags=FOREGROUND | SPLIT | DISPATCH_AS_IS | WINDOW_IS_PARTIALLY_OBSCURED, transform=transform (ROT_0) (IDENTITY)
03-17 18:52:55.075   903  1214 D InputDispatcher: } original: MotionEvent(deviceId=2, eventTime=109020653000, source=TOUCHSCREEN, displayId=0, action=UP, actionButton=0x00000000, flags=0x00000000, metaState=0x00000000, buttonState=0x00000000, classification=NONE, edgeFlags=0x00000000, xPrecision=1.0, yPrecision=1.0, xCursorPosition=nan, yCursorPosition=nan, pointers=[0: (1305.5, 775.5)]), policyFlags=0x62000000 to 7a5e81e com.fawvw.hmi.bev.carapp/com.fawvw.hmi.bev.carapp.MainActivity (server)
03-17 18:52:55.075   903  1214 I InputVerifier: input: Processing UP for device DeviceId(2) (1 pointer) on 7a5e81e com.fawvw.hmi.bev.carapp/com.fawvw.hmi.bev.carapp.MainActivity (server)
03-17 18:52:55.075   903  1214 D InputTransport: channel '7a5e81e com.fawvw.hmi.bev.carapp/com.fawvw.hmi.bev.carapp.MainActivity (server)' publisher ~ publishMotionEvent: seq=542, id=386265202, deviceId=2, source=TOUCHSCREEN, displayId=0, action=UP, actionButton=0x00000000, flags=0x2, edgeFlags=0x0, metaState=0x0, buttonState=0x0, classification=NONE,xPrecision=1.000391, yPrecision=1.000695, downTime=108919244000, eventTime=109020653000, pointerCount=1 
03-17 18:52:55.075   903  1214 D InputTransport:         transform (ROT_0) (IDENTITY)
03-17 18:52:55.075  8377  8377 D InputTransport: channel '7a5e81e com.fawvw.hmi.bev.carapp/com.fawvw.hmi.bev.carapp.MainActivity (client)' consumer ~ consume: consumeBatches=false, frameTime=-1
03-17 18:52:55.075  8377  8377 D InputTransport: channel '7a5e81e com.fawvw.hmi.bev.carapp/com.fawvw.hmi.bev.carapp.MainActivity (client)' ~ received message of type MOTION
03-17 18:52:55.075  8377  8377 D InputTransport: [0] - rewrite (1305.490, 775.461), old (1305.490, 775.461)
03-17 18:52:55.075  8377  8377 D InputTransport: channel '7a5e81e com.fawvw.hmi.bev.carapp/com.fawvw.hmi.bev.carapp.MainActivity (client)' consumer ~ consumed batch event and deferred current event, seq=540
03-17 18:52:55.075  8377  8377 D InputTransport: channel '7a5e81e com.fawvw.hmi.bev.carapp/com.fawvw.hmi.bev.carapp.MainActivity (client)' consumer ~ sendFinishedSignal: seq=540, handled=true
03-17 18:52:55.075  8377  8377 D InputTransport: channel '7a5e81e com.fawvw.hmi.bev.carapp/com.fawvw.hmi.bev.carapp.MainActivity (client)' ~ sent message of type FINISHED
03-17 18:52:55.075  8377  8377 D InputTransport: channel '7a5e81e com.fawvw.hmi.bev.carapp/com.fawvw.hmi.bev.carapp.MainActivity (client)' consumer ~ consume: consumeBatches=false, frameTime=-1
03-17 18:52:55.075  8377  8377 D InputTransport: [0] - rewrite (1305.490, 775.461), old (1305.490, 775.461)
03-17 18:52:55.076  8377  8377 D InputTransport: channel '7a5e81e com.fawvw.hmi.bev.carapp/com.fawvw.hmi.bev.carapp.MainActivity (client)' consumer ~ consumed motion event, seq=542
03-17 18:52:55.076  8377  8377 D VelocityTracker: VelocityTracker: stopped for 86.4 ms, clearing state upon pointer liftoff.
03-17 18:52:55.076  8377  8377 D InputTransport: channel '7a5e81e com.fawvw.hmi.bev.carapp/com.fawvw.hmi.bev.carapp.MainActivity (client)' consumer ~ sendFinishedSignal: seq=542, handled=true
03-17 18:52:55.076  8377  8377 D InputTransport: channel '7a5e81e com.fawvw.hmi.bev.carapp/com.fawvw.hmi.bev.carapp.MainActivity (client)' ~ sent message of type FINISHED
03-17 18:52:55.076  8377  8377 D InputTransport: channel '7a5e81e com.fawvw.hmi.bev.carapp/com.fawvw.hmi.bev.carapp.MainActivity (client)' consumer ~ consume: consumeBatches=false, frameTime=-1
03-17 18:52:55.076  8377  8377 D InputTransport: channel '7a5e81e com.fawvw.hmi.bev.carapp/com.fawvw.hmi.bev.carapp.MainActivity (client)' ~ receive message failed, errno=11
03-17 18:52:55.076   903  1214 D InputTransport: channel '7a5e81e com.fawvw.hmi.bev.carapp/com.fawvw.hmi.bev.carapp.MainActivity (server)' ~ sent message of type MOTION
03-17 18:52:55.076   903  1214 D InputDispatcher: channel 'PointerEventDispatcher0 (server)' ~ prepareDispatchCycle - flags=DISPATCH_AS_IS, globalScaleFactor=1.000000, pointerIds=<none> 
03-17 18:52:55.076   903  1214 D InputDispatcher:         default (ROT_0) (IDENTITY)
03-17 18:52:55.076   903  1214 D InputDispatcher: channel 'PointerEventDispatcher0 (server)' ~ startDispatchCycle
03-17 18:52:55.077   903  1214 D InputDispatcher: Publishing DispatchEntry{resolvedAction=UP, resolvedFlags=0, targetFlags=DISPATCH_AS_IS, transform=transform (ROT_0) (IDENTITY)
03-17 18:52:55.077   903  1214 D InputDispatcher: } original: MotionEvent(deviceId=2, eventTime=109020653000, source=TOUCHSCREEN, displayId=0, action=UP, actionButton=0x00000000, flags=0x00000000, metaState=0x00000000, buttonState=0x00000000, classification=NONE, edgeFlags=0x00000000, xPrecision=1.0, yPrecision=1.0, xCursorPosition=nan, yCursorPosition=nan, pointers=[0: (1305.5, 775.5)]), policyFlags=0x62000000 to PointerEventDispatcher0 (server)
03-17 18:52:55.077   903  1214 I InputVerifier: input: Processing UP for device DeviceId(2) (1 pointer) on PointerEventDispatcher0 (server)
03-17 18:52:55.077   903  1214 D InputTransport: channel 'PointerEventDispatcher0 (server)' publisher ~ publishMotionEvent: seq=543, id=386265202, deviceId=2, source=TOUCHSCREEN, displayId=0, action=UP, actionButton=0x00000000, flags=0x0, edgeFlags=0x0, metaState=0x0, buttonState=0x0, classification=NONE,xPrecision=1.000391, yPrecision=1.000695, downTime=108919244000, eventTime=109020653000, pointerCount=1 
03-17 18:52:55.077   903  1214 D InputTransport:         transform (ROT_0) (IDENTITY)
03-17 18:52:55.077   903  1071 D InputTransport: channel 'PointerEventDispatcher0 (client)' consumer ~ consume: consumeBatches=false, frameTime=-1
03-17 18:52:55.077   903  1071 D InputTransport: channel 'PointerEventDispatcher0 (client)' ~ received message of type MOTION
03-17 18:52:55.077   903  1071 D InputTransport: channel 'PointerEventDispatcher0 (client)' consumer ~ consumed motion event, seq=543
03-17 18:52:55.077   903  1071 D InputTransport: channel 'PointerEventDispatcher0 (client)' consumer ~ sendFinishedSignal: seq=543, handled=false
03-17 18:52:55.077   903  1071 D InputTransport: channel 'PointerEventDispatcher0 (client)' ~ sent message of type FINISHED
03-17 18:52:55.077   903  1071 D InputTransport: channel 'PointerEventDispatcher0 (client)' consumer ~ consume: consumeBatches=false, frameTime=-1
03-17 18:52:55.077   903  1071 D InputTransport: channel 'PointerEventDispatcher0 (client)' ~ receive message failed, errno=11
03-17 18:52:55.078   903  1214 D InputTransport: channel 'PointerEventDispatcher0 (server)' ~ sent message of type MOTION
03-17 18:52:55.079   903  1214 D InputTransport: channel '7a5e81e com.fawvw.hmi.bev.carapp/com.fawvw.hmi.bev.carapp.MainActivity (server)' ~ received message of type FINISHED
03-17 18:52:55.079   903  1214 D InputTransport: channel '7a5e81e com.fawvw.hmi.bev.carapp/com.fawvw.hmi.bev.carapp.MainActivity (server)' publisher ~ receiveConsumerResponse: finished: seq=540, handled=true
03-17 18:52:55.079   903  1214 D InputDispatcher: channel '7a5e81e com.fawvw.hmi.bev.carapp/com.fawvw.hmi.bev.carapp.MainActivity (server)' ~ finishDispatchCycle - seq=540, handled=true
03-17 18:52:55.079   903  1214 D InputTransport: channel '7a5e81e com.fawvw.hmi.bev.carapp/com.fawvw.hmi.bev.carapp.MainActivity (server)' ~ received message of type FINISHED
03-17 18:52:55.079   903  1214 D InputTransport: channel '7a5e81e com.fawvw.hmi.bev.carapp/com.fawvw.hmi.bev.carapp.MainActivity (server)' publisher ~ receiveConsumerResponse: finished: seq=542, handled=true
03-17 18:52:55.079   903  1214 D InputDispatcher: channel '7a5e81e com.fawvw.hmi.bev.carapp/com.fawvw.hmi.bev.carapp.MainActivity (server)' ~ finishDispatchCycle - seq=542, handled=true
03-17 18:52:55.079   903  1214 D InputTransport: channel '7a5e81e com.fawvw.hmi.bev.carapp/com.fawvw.hmi.bev.carapp.MainActivity (server)' ~ receive message failed, errno=11
03-17 18:52:55.079   903  1214 D InputTransport: channel '7a5e81e com.fawvw.hmi.bev.carapp/com.fawvw.hmi.bev.carapp.MainActivity (server)' publisher ~ receiveConsumerResponse: Unknown error -11
03-17 18:52:55.079   903  1214 D InputDispatcher: channel '7a5e81e com.fawvw.hmi.bev.carapp/com.fawvw.hmi.bev.carapp.MainActivity (server)' ~ startDispatchCycle
03-17 18:52:55.079   903  1214 D InputDispatcher: channel '7a5e81e com.fawvw.hmi.bev.carapp/com.fawvw.hmi.bev.carapp.MainActivity (server)' ~ startDispatchCycle
03-17 18:52:55.079   903  1214 D InputTransport: channel 'PointerEventDispatcher0 (server)' ~ received message of type FINISHED
03-17 18:52:55.079   903  1214 D InputTransport: channel 'PointerEventDispatcher0 (server)' publisher ~ receiveConsumerResponse: finished: seq=543, handled=false
03-17 18:52:55.079   903  1214 D InputDispatcher: channel 'PointerEventDispatcher0 (server)' ~ finishDispatchCycle - seq=543, handled=false
03-17 18:52:55.079   903  1214 D InputTransport: channel 'PointerEventDispatcher0 (server)' ~ receive message failed, errno=11
03-17 18:52:55.080   903  1214 D InputTransport: channel 'PointerEventDispatcher0 (server)' publisher ~ receiveConsumerResponse: Unknown error -11
03-17 18:52:55.080   903  1214 D InputDispatcher: channel 'PointerEventDispatcher0 (server)' ~ startDispatchCycle
03-17 18:52:55.081   642   685 I mcuc    : sd Uart data : 6AA602040F0002920255
03-17 18:52:55.081  8377  8377 D InputTransport: channel '7a5e81e com.fawvw.hmi.bev.carapp/com.fawvw.hmi.bev.carapp.MainActivity (client)' consumer ~ consume: consumeBatches=true, frameTime=109028858678
03-17 18:52:55.081  8377  8377 D InputTransport: channel '7a5e81e com.fawvw.hmi.bev.carapp/com.fawvw.hmi.bev.carapp.MainActivity (client)' ~ receive message failed, errno=11
03-17 18:52:55.084  8377  8377 I CnsCarApp-WlanViewModel: onDisconnect wifi: WifiItem(security=2, level=4, iconRes=2131231217, ssid=Cudy-6C60, title=Cudy-6C60, summary=网络不可用, isSaved=true, isActive=true, isNowConnected=true)
03-17 18:52:55.084   903  3543 I WifiService: getWifiEnabledState uid=1000 state=3
03-17 18:52:55.085  8377  8377 I CarWifiManager: AccessPoint Cudy-6C60, isReachable: true
03-17 18:52:55.085  8377  8377 I CarWifiManager: AccessPoint Cudy-6C60-5G, isReachable: true
03-17 18:52:55.085  8377  8377 I CarWifiManager: AccessPoint ChinaNet-D9B9E4-5G, isReachable: true
03-17 18:52:55.085  8377  8377 I CarWifiManager: AccessPoint DEEPAL, isReachable: true
03-17 18:52:55.085  8377  8377 I CarWifiManager: AccessPoint HONOR 100, isReachable: true
03-17 18:52:55.085  8377  8377 I CarWifiManager: AccessPoint TP-LINK_CAR, isReachable: true
03-17 18:52:55.085  8377  8377 I CarWifiManager: AccessPoint AndroidAP_4071, isReachable: true
03-17 18:52:55.085  8377  8377 I CarWifiManager: AccessPoint AndroidAP_5418, isReachable: true
03-17 18:52:55.085  8377  8377 I CarWifiManager: AccessPoint AndroidAP_6881, isReachable: true
03-17 18:52:55.085  8377  8377 I CarWifiManager: AccessPoint AndroidAP_7437, isReachable: true
03-17 18:52:55.085  8377  8377 I CarWifiManager: AccessPoint AndroidAuto_5G, isReachable: true
03-17 18:52:55.085  8377  8377 I CarWifiManager: AccessPoint TP-LINK_45A7, isReachable: true
03-17 18:52:55.085  8377  8377 I CarWifiManager: AccessPoint TP-LINK_APP, isReachable: true
03-17 18:52:55.085  8377  8377 I CarWifiManager: AccessPoint TP-LINK_DE9B, isReachable: true
03-17 18:52:55.085  8377  8377 I CarWifiManager: AccessPoint Adayo-CW, isReachable: true
03-17 18:52:55.085  8377  8377 I CarWifiManager: AccessPoint ADAYOGE FangKe, isReachable: true
03-17 18:52:55.085  8377  8377 I CarWifiManager: AccessPoint ADAYOGE WiFi, isReachable: true
03-17 18:52:55.085  8377  8377 I CarWifiManager: AccessPoint AKALMING, isReachable: true
03-17 18:52:55.085  8377  8377 I CarWifiManager: AccessPoint AndroidAP_3590, isReachable: true
03-17 18:52:55.085  8377  8377 I CarWifiManager: AccessPoint AndroidAP_5614, isReachable: true
03-17 18:52:55.085  8377  8377 I CarWifiManager: AccessPoint FL-5G-1497, isReachable: true
03-17 18:52:55.085  8377  8377 I CarWifiManager: AccessPoint FX_2415, isReachable: true
03-17 18:52:55.085  8377  8377 I CarWifiManager: AccessPoint FX_8833, isReachable: true
03-17 18:52:55.085  8377  8377 I CarWifiManager: AccessPoint iPhone 13 Pro, isReachable: true
03-17 18:52:55.085  8377  8377 I CarWifiManager: AccessPoint JETTA WLAN 001, isReachable: true
03-17 18:52:55.085  8377  8377 I CarWifiManager: AccessPoint ProductPro, isReachable: true
03-17 18:52:55.085  8377  8377 I CarWifiManager: AccessPoint TP-LINK_3AFA, isReachable: true
03-17 18:52:55.085  8377  8377 I CarWifiManager: AccessPoint TP-LINK_E6B8, isReachable: true
03-17 18:52:55.085  8377  8377 I CarWifiManager: AccessPoint Xiaomi 14, isReachable: true
03-17 18:52:55.085  8377  8377 I CarWifiManager: AccessPoint ZTE_3DA119, isReachable: true
03-17 18:52:55.085  8377  8377 I CarWifiManager: AccessPoint ABCDEFG, isReachable: true
03-17 18:52:55.085  8377  8377 I CarWifiManager: AccessPoint ADAYOGE-HK, isReachable: true
03-17 18:52:55.085  8377  8377 I CarWifiManager: AccessPoint AndroidAP_2884, isReachable: true
03-17 18:52:55.085  8377  8377 I CarWifiManager: AccessPoint DIRECT-ea84-1590, isReachable: true
03-17 18:52:55.085  8377  8377 I CarWifiManager: AccessPoint HUAWEI_B316_9AF2_5G, isReachable: true
03-17 18:52:55.085  8377  8377 I CarWifiManager: AccessPoint nidewifi-5G, isReachable: true
03-17 18:52:55.085  8377  8377 I CarWifiManager: AccessPoint Tony’s 20phone, isReachable: true
03-17 18:52:55.085  8377  8377 I CarWifiManager: AccessPoint TP_KK, isReachable: true
03-17 18:52:55.085  8377  8377 I AccessPoint: AccessPoint: Cudy-6C60, detailed state: CONNECTED, isReachable: true
03-17 18:52:55.085  8377  8377 I CnsCarApp-WlanRepositoryImpl: disable network: 0
03-17 18:52:55.086   642   685 I mcuc    : rev uart=1101,len=57, data : 6AA681040F0031920200114C465630314C5954455354564C4E30333000000000000000000000007F000100000000000007FE0001010101015B
03-17 18:52:55.087   400   892 D adayocomadapter-ParseProtocolFunc: printRaWMsg Name[MCUToUPstream recv] len[49] data[920200114C465630314C5954455354564C4E30333000000000000000000000007F000100000000000007FE000101010101]
03-17 18:52:55.087   400   892 D adayocomadapter-CommunicationManager: onUpstreamback   member[0] dataLength[46] timePoint[109035]
03-17 18:52:55.087   400   892 D adayocomadapter-ParseProtocolFunc: printRaWMsg Name[onUpstreamback] len[46] data[114C465630314C5954455354564C4E30333000000000000000000000007F000100000000000007FE000101010101]
03-17 18:52:55.087   400   452 D adayocomadapter-UpstreamHandler: processBeforePacket upSreamtProcessTimePoint[109035] 
03-17 18:52:55.087   400   452 D adayocomadapter-UpstreamHandler: processPacket UPSTREAM_QUEUE_DATA_TIMEOUT
03-17 18:52:55.087   400   452 D adayocomadapter-ParseProtocolFunc: parseCommonIPCLBytes Processing tableNumber[17]
03-17 18:52:55.087   400   452 D adayocomadapter-ParseProtocolFunc: parseCommonIPCLBytes Processing tablename[Table-17] tableSize[46]
03-17 18:52:55.087   400   452 D adayocomadapter-ParseProtocolFunc: printRaWMsg Name[byteStream recv] len[46] data[114C465630314C5954455354564C4E30333000000000000000000000007F000100000000000007FE000101010101]
03-17 18:52:55.087   400   452 D adayocomadapter-ParseProtocolFunc: printRaWMsg Name[IPCLtoVHAL] len[23] data[2110204701014C465630314C5954455354564C4E303330]
03-17 18:52:55.087   400   452 D adayocomadapter-ParseProtocolFunc: printRaWMsg Name[IPCLtoVHAL] len[7] data[21402013000100]
03-17 18:52:55.087   400   452 D adayocomadapter-ParseProtocolFunc: printRaWMsg Name[IPCLtoVHAL] len[7] data[2140216C000100]
03-17 18:52:55.087   400   452 D adayocomadapter-ParseProtocolFunc: printRaWMsg Name[IPCLtoVHAL] len[7] data[214020A6000100]
03-17 18:52:55.087   400   452 D adayocomadapter-ParseProtocolFunc: printRaWMsg Name[IPCLtoVHAL] len[7] data[214020FC000100]
03-17 18:52:55.087   400   452 D adayocomadapter-ParseProtocolFunc: printRaWMsg Name[IPCLtoVHAL] len[7] data[21402108000100]
03-17 18:52:55.087   400   452 D adayocomadapter-ParseProtocolFunc: printRaWMsg Name[IPCLtoVHAL] len[7] data[2140210A000100]
03-17 18:52:55.087   400   452 D adayocomadapter-ParseProtocolFunc: printRaWMsg Name[IPCLtoVHAL] len[7] data[2140202400017F]
03-17 18:52:55.087   400   452 D adayocomadapter-ParseProtocolFunc: printRaWMsg Name[IPCLtoVHAL] len[7] data[21402120000100]
