03-17 18:52:57.207   903  1251 W ContextImpl: Calling a method in the system process without a qualified user: android.app.ContextImpl.sendStickyBroadcast:1626 com.android.server.wifi.ClientModeImpl.sendNetworkChangeBroadcast:3008 com.android.server.wifi.ClientModeImpl.lambda$sendNetworkChangeBroadcastWithCurrentState$14:2985 com.android.server.wifi.ClientModeImpl.$r8$lambda$q-j88Pjw4gROgoJFr8wBlBVbuJI:0 com.android.server.wifi.ClientModeImpl$$ExternalSyntheticLambda4.send:0 
03-17 18:52:57.209   903  1251 D WifiScoreCard: Changing state to FOUR_WAY_HANDSHAKE SSID: "Cudy-6C60", BSSID: 80:af:ca:b5:6c:60, MAC: 88:e0:34:b7:61:31, IP: null, Security type: 2, Supplicant state: ASSOCIATED, Wi-Fi standard: 4, RSSI: -127, Link speed: -1Mbps, Tx Link speed: -1Mbps, Max Supported Tx Link speed: 72Mbps, Rx Link speed: -1Mbps, Max Supported Rx Link speed: 72Mbps, Frequency: 2412MHz, Net ID: 0, Metered hint: false, score: 0, isUsable: true, CarrierMerged: false, SubscriptionId: -1, IsPrimary: 1, Trusted: true, Restricted: false, Ephemeral: false, OEM paid: false, OEM private: false, OSU AP: false, FQDN: <none>, Provider friendly name: <none>, Requesting package name: <none><none>MLO Information: , Is TID-To-Link negotiation supported by the AP: false, AP MLD Address: <none>, AP MLO Link Id: <none>, AP MLO Affiliated links: <none>
03-17 18:52:57.209   903  1251 I WifiClientModeImpl[72500:wlan0]: Update current security type to 2
03-17 18:52:57.209  4321  4321 D nearby  : P2pChannelSM:onReceive: android.net.wifi.STATE_CHANGE
03-17 18:52:57.210   903  1251 D WifiScoreCard: ifaceName=wlan0,wifiInfo=SSID: "Cudy-6C60", BSSID: 80:af:ca:b5:6c:60, MAC: 88:e0:34:b7:61:31, IP: null, Security type: 2, Supplicant state: FOUR_WAY_HANDSHAKE, Wi-Fi standard: 4, RSSI: -127, Link speed: -1Mbps, Tx Link speed: -1Mbps, Max Supported Tx Link speed: 72Mbps, Rx Link speed: -1Mbps, Max Supported Rx Link speed: 72Mbps, Frequency: 2412MHz, Net ID: 0, Metered hint: false, score: 0, isUsable: true, CarrierMerged: false, SubscriptionId: -1, IsPrimary: 1, Trusted: true, Restricted: false, Ephemeral: false, OEM paid: false, OEM private: false, OSU AP: false, FQDN: <none>, Provider friendly name: <none>, Requesting package name: <none><none>MLO Information: , Is TID-To-Link negotiation supported by the AP: false, AP MLD Address: <none>, AP MLO Link Id: <none>, AP MLO Affiliated links: <none>
03-17 18:52:57.210   903  1251 D WifiClientModeImpl[72500:wlan0]: ConnectingOrConnectedState: Supplicant State change  ssid: "Cudy-6C60" bssid: 80:af:ca:b5:6c:60 nid: 0 frequencyMhz: 2412 state: FOUR_WAY_HANDSHAKE
03-17 18:52:57.210   903  1251 D WifiClientModeImpl[72500:wlan0]:  ClientModeImpl$ConnectingOrConnectedState screen=on 0 0 ssid: "Cudy-6C60" bssid: 80:af:ca:b5:6c:60 nid: 0 frequencyMhz: 2412 state: FOUR_WAY_HANDSHAKE
03-17 18:52:57.210   903  1251 D SupplicantStateTracker[wlan0]: HandshakeState{ when=-13ms what=147462 obj= ssid: "Cudy-6C60" bssid: 80:af:ca:b5:6c:60 nid: 0 frequencyMhz: 2412 state: FOUR_WAY_HANDSHAKE target=com.android.wifi.x.com.android.internal.util.StateMachine$SmHandler }
03-17 18:52:57.210  2238  2238 I wpa_supplicant: wlan0: WPA: Key negotiation completed with 80:af:ca:b5:6c:60 [PTK=CCMP GTK=CCMP]
03-17 18:52:57.210  2238  2238 D wpa_supplicant: wlan0: Cancelling authentication timeout
03-17 18:52:57.210  2238  2238 D wpa_supplicant: wlan0: State: GROUP_HANDSHAKE -> COMPLETED
03-17 18:52:57.211  2238  2238 D wpa_supplicant: wlan0: Radio work 'connect'@0xb400f395ae40e4a0 done in 0.121085 seconds
03-17 18:52:57.211  2238  2238 D wpa_supplicant: wlan0: radio_work_free('connect'@0xb400f395ae40e4a0): num_active_works --> 0
03-17 18:52:57.211  2238  2238 I wpa_supplicant: wlan0: CTRL-EVENT-CONNECTED - Connection to 80:af:ca:b5:6c:60 completed [id=0 id_str=%7B%22configKey%22%3A%22%5C%22Cudy-6C60%5C%22WPA_PSK%22%2C%22creatorUid%22%3A%221000%22%7D]
03-17 18:52:57.211  2238  2238 D wpa_supplicant: nl80211: Set wlan0 operstate 0->1 (UP)
03-17 18:52:57.211   582  3616 E WifiHAL : Invalid data received from driver
03-17 18:52:57.211  2238  2238 D wpa_supplicant: netlink: Operstate: ifindex=26 linkmode=-1 (no change), operstate=6 (IF_OPER_UP)
03-17 18:52:57.211   903  1251 D SupplicantStateTracker: Queuing broadcast=SUPPLICANT_STATE_CHANGED_ACTION state=FOUR_WAY_HANDSHAKE failedAuth=false reasonCode=0
03-17 18:52:57.211   903  1251 D SupplicantStateTracker: Sending broadcast=SUPPLICANT_STATE_CHANGED_ACTION state=FOUR_WAY_HANDSHAKE failedAuth=false reasonCode=0
03-17 18:52:57.211  8377  8377 I CnsCarApp-WlanFragment: onReceive: wifi NetworkInfo state: CONNECTING
03-17 18:52:57.211  8377  8377 I CnsCarApp-WlanFragment: networkInfo detailed state: AUTHENTICATING
03-17 18:52:57.211  8377  8377 I CnsCarApp-WlanFragment: NetwrorkInfo: Connecting
03-17 18:52:57.211  3517  3517 D hostapd : RTM_NEWLINK: ifi_index=26 ifname=wlan0 operstate=6 linkmode=1 ifi_family=0 ifi_flags=0x11043 ([UP][RUNNING][LOWER_UP])
03-17 18:52:57.211  2238  2238 D wpa_supplicant: Not configuring frame filtering - BSS 80:af:ca:b5:6c:60 is not a Hotspot 2.0 network
03-17 18:52:57.211  2238  2238 D wpa_supplicant: Notifying state change event to aidl control: 9
03-17 18:52:57.211  2238  2238 I wpa_supplicant: assoc key_mgmt 0x2 network key_mgmt 0x142
03-17 18:52:57.211  2238  2238 D wpa_supplicant: wlan0: Determining shared radio frequencies (max len 2)
03-17 18:52:57.211  2238  2238 D wpa_supplicant: wlan0: Shared frequencies (len=1): completed iteration
03-17 18:52:57.211  2238  2238 D wpa_supplicant: wlan0: freq[0]: 2412, flags=0x1
03-17 18:52:57.211  2238  2238 D wpa_supplicant: P2P: Add operating class 81
03-17 18:52:57.211  2238  2238 D wpa_supplicant: P2P: Channels - hexdump(len=13): 01 02 03 04 05 06 07 08 09 0a 0b 0c 0d
03-17 18:52:57.211  2238  2238 D wpa_supplicant: P2P: Add operating class 115 (client only)
03-17 18:52:57.211  2238  2238 D wpa_supplicant: P2P: Channels (client only) - hexdump(len=4): 24 28 2c 30
03-17 18:52:57.211  2238  2238 D wpa_supplicant: P2P: Add operating class 116 (client only)
03-17 18:52:57.211  2238  2238 D wpa_supplicant: P2P: Channels (client only) - hexdump(len=2): 24 2c
03-17 18:52:57.211  2238  2238 D wpa_supplicant: P2P: Add operating class 117 (client only)
03-17 18:52:57.211  2238  2238 D wpa_supplicant: P2P: Channels (client only) - hexdump(len=2): 28 30
03-17 18:52:57.211  2238  2238 D wpa_supplicant: P2P: Add operating class 124
03-17 18:52:57.211  2238  2238 D wpa_supplicant: P2P: Channels - hexdump(len=4): 95 99 9d a1
03-17 18:52:57.211  2238  2238 D wpa_supplicant: P2P: Add operating class 125
03-17 18:52:57.211  2238  2238 D wpa_supplicant: P2P: Channels - hexdump(len=5): 95 99 9d a1 a5
03-17 18:52:57.211  2238  2238 D wpa_supplicant: P2P: Add operating class 126
03-17 18:52:57.211  2238  2238 D wpa_supplicant: P2P: Channels - hexdump(len=2): 95 9d
03-17 18:52:57.211  2238  2238 D wpa_supplicant: P2P: Add operating class 127
03-17 18:52:57.211  2238  2238 D wpa_supplicant: P2P: Channels - hexdump(len=2): 99 a1
03-17 18:52:57.211  2238  2238 D wpa_supplicant: P2P: Add operating class 128 (client only)
03-17 18:52:57.211  2238  2238 D wpa_supplicant: P2P: Add operating class 128
03-17 18:52:57.211  2238  2238 D wpa_supplicant: P2P: Channels - hexdump(len=4): 95 99 9d a1
03-17 18:52:57.211  2238  2238 D wpa_supplicant: P2P: Channels (client only) - hexdump(len=4): 24 28 2c 30
03-17 18:52:57.212  2238  2238 D wpa_supplicant: P2P: Add operating class 130 (client only)
03-17 18:52:57.212  2238  2238 D wpa_supplicant: P2P: Add operating class 130
03-17 18:52:57.212  2238  2238 D wpa_supplicant: P2P: Channels - hexdump(len=5): 95 99 9d a1 a5
03-17 18:52:57.212  2238  2238 D wpa_supplicant: P2P: Channels (client only) - hexdump(len=8): 24 28 2c 30 34 38 3c 40
03-17 18:52:57.212  2238  2238 D wpa_supplicant: P2P: Update channel list
03-17 18:52:57.212  2238  2238 D wpa_supplicant: P2P: channels: 81:1,2,3,4,5,6,7,8,9,10,11,12,13 124:149,153,157,161 125:149,153,157,161,165 126:149,157 127:153,161 128:149,153,157,161 130:149,153,157,161,165
03-17 18:52:57.212  2238  2238 D wpa_supplicant: P2P: cli_channels: 115:36,40,44,48 116:36,44 117:40,48 128:36,40,44,48 130:36,40,44,48,52,56,60,64
03-17 18:52:57.212  1763  1763 D BroadcastRefreshStrategy: action = android.net.wifi.STATE_CHANGE
03-17 18:52:57.212  2238  2238 D wpa_supplicant: EAPOL: External notification - portValid=1
03-17 18:52:57.212  2238  2238 D wpa_supplicant: EAPOL: External notification - EAP success=1
03-17 18:52:57.212  2238  2238 D wpa_supplicant: EAPOL: SUPP_PAE entering state AUTHENTICATING
03-17 18:52:57.212  2238  2238 D wpa_supplicant: EAPOL: SUPP_BE entering state SUCCESS
03-17 18:52:57.212  2238  2238 D wpa_supplicant: EAP: EAP entering state DISABLED
03-17 18:52:57.212  2238  2238 D wpa_supplicant: EAPOL: SUPP_PAE entering state AUTHENTICATED
03-17 18:52:57.212  2238  2238 D wpa_supplicant: EAPOL: Supplicant port status: Authorized
03-17 18:52:57.212  2238  2238 D wpa_supplicant: nl80211: Set supplicant port authorized for 80:af:ca:b5:6c:60
03-17 18:52:57.212  2238  2238 D wpa_supplicant: EAPOL: SUPP_BE entering state IDLE
03-17 18:52:57.212  2238  2238 D wpa_supplicant: EAPOL authentication completed - result=SUCCESS
03-17 18:52:57.212  2238  2238 D wpa_supplicant: nl80211: Set rekey offload
03-17 18:52:57.212  2238  2238 D wpa_supplicant: RTM_NEWLINK: ifi_index=26 ifname=wlan0 operstate=6 linkmode=1 ifi_family=0 ifi_flags=0x11043 ([UP][RUNNING][LOWER_UP])
03-17 18:52:57.212   582  3616 E WifiHAL : Invalid data received from driver
03-17 18:52:57.212  2383  2600 D AdayoDoipServer294_Doip: [ne_doip_event_loop_dispatch][line:141] : count = 0
03-17 18:52:57.212   903  4623 D SupplicantStaIfaceHalAidlImpl: ISupplicantStaIfaceCallback.onStateChanged: newState=COMPLETED, bssid=80:af:ca:b5:6c:60, ssid="Cudy-6C60", filsHlpSent=false, supplicantKeyMgmtMask=0x00000002, frameworkKeyMgmtMask={1}, frequencyMhz=2412 received
03-17 18:52:57.213  2238  2238 D wpa_supplicant: nl80211: Drv Event 103 (NL80211_CMD_VENDOR) received for wlan0
03-17 18:52:57.213  2238  2238 D wpa_supplicant: nl80211: Vendor event: wiphy=0 vendor_id=0x1374 subcmd=165
03-17 18:52:57.213  2238  2238 D wpa_supplicant: nl80211: Ignore unsupported QCA vendor event 165
03-17 18:52:57.213   582  3616 E WifiHAL : Invalid data received from driver
03-17 18:52:57.213  1513  8570 D IpClient/wlan0: interfaceLinkStateChanged: ifindex 26 up
03-17 18:52:57.215  3100  3476 D ANWAPI  : (3100|0x03FA5CB0)[BTAPI] btsdk_exec_apicb end
03-17 18:52:57.216   903  1251 D WifiClientModeImpl[72500:wlan0]: sendNetworkChangeBroadcast oldState=AUTHENTICATING newState=AUTHENTICATING hidden=false
03-17 18:52:57.216   903  1251 D WifiScoreCard: Changing state to GROUP_HANDSHAKE SSID: "Cudy-6C60", BSSID: 80:af:ca:b5:6c:60, MAC: 88:e0:34:b7:61:31, IP: null, Security type: 2, Supplicant state: FOUR_WAY_HANDSHAKE, Wi-Fi standard: 4, RSSI: -127, Link speed: -1Mbps, Tx Link speed: -1Mbps, Max Supported Tx Link speed: 72Mbps, Rx Link speed: -1Mbps, Max Supported Rx Link speed: 72Mbps, Frequency: 2412MHz, Net ID: 0, Metered hint: false, score: 0, isUsable: true, CarrierMerged: false, SubscriptionId: -1, IsPrimary: 1, Trusted: true, Restricted: false, Ephemeral: false, OEM paid: false, OEM private: false, OSU AP: false, FQDN: <none>, Provider friendly name: <none>, Requesting package name: <none><none>MLO Information: , Is TID-To-Link negotiation supported by the AP: false, AP MLD Address: <none>, AP MLO Link Id: <none>, AP MLO Affiliated links: <none>
03-17 18:52:57.216  1673  1673 I CarPlay_Service: onReceive(BluetoothPopupService.java:2)bluetoothReceiver action: android.bluetooth.adapter.action.DISCOVERY_FINISHED
03-17 18:52:57.216  1673  1673 I CarPlay_Service: onReceive(BluetoothPopupService.java:9)bluetoothReceiver 蓝牙扫描完成！
03-17 18:52:57.217   903  1251 I WifiClientModeImpl[72500:wlan0]: Update current security type to 2
03-17 18:52:57.217   903  1251 D WifiScoreCard: ifaceName=wlan0,wifiInfo=SSID: "Cudy-6C60", BSSID: 80:af:ca:b5:6c:60, MAC: 88:e0:34:b7:61:31, IP: null, Security type: 2, Supplicant state: GROUP_HANDSHAKE, Wi-Fi standard: 4, RSSI: -127, Link speed: -1Mbps, Tx Link speed: -1Mbps, Max Supported Tx Link speed: 72Mbps, Rx Link speed: -1Mbps, Max Supported Rx Link speed: 72Mbps, Frequency: 2412MHz, Net ID: 0, Metered hint: false, score: 0, isUsable: true, CarrierMerged: false, SubscriptionId: -1, IsPrimary: 1, Trusted: true, Restricted: false, Ephemeral: false, OEM paid: false, OEM private: false, OSU AP: false, FQDN: <none>, Provider friendly name: <none>, Requesting package name: <none><none>MLO Information: , Is TID-To-Link negotiation supported by the AP: false, AP MLD Address: <none>, AP MLO Link Id: <none>, AP MLO Affiliated links: <none>
03-17 18:52:57.217   903  1251 D WifiClientModeImpl[72500:wlan0]: ConnectingOrConnectedState: Supplicant State change  ssid: "Cudy-6C60" bssid: 80:af:ca:b5:6c:60 nid: 0 frequencyMhz: 2412 state: GROUP_HANDSHAKE
03-17 18:52:57.217   903  1251 D WifiClientModeImpl[72500:wlan0]:  ClientModeImpl$ConnectingOrConnectedState screen=on 0 0 ssid: "Cudy-6C60" bssid: 80:af:ca:b5:6c:60 nid: 0 frequencyMhz: 2412 state: GROUP_HANDSHAKE
03-17 18:52:57.217   903  1251 D SupplicantStateTracker[wlan0]: HandshakeState{ when=-14ms what=147462 obj= ssid: "Cudy-6C60" bssid: 80:af:ca:b5:6c:60 nid: 0 frequencyMhz: 2412 state: GROUP_HANDSHAKE target=com.android.wifi.x.com.android.internal.util.StateMachine$SmHandler }
03-17 18:52:57.218   903  1251 D SupplicantStateTracker: Queuing broadcast=SUPPLICANT_STATE_CHANGED_ACTION state=GROUP_HANDSHAKE failedAuth=false reasonCode=0
03-17 18:52:57.218   903  1251 D SupplicantStateTracker: Sending broadcast=SUPPLICANT_STATE_CHANGED_ACTION state=GROUP_HANDSHAKE failedAuth=false reasonCode=0
03-17 18:52:57.218  8377  8377 I CnsCarApp-BTRepositoryImpl: onScanningStateChanged, is start scan: false
03-17 18:52:57.220  8377  8377 I CnsCarApp-WlanFragment: onReceive: wifi state: FOUR_WAY_HANDSHAKE
03-17 18:52:57.221  1917  1917 I Carlink_CarBtConnector: discover finished
03-17 18:52:57.221  1917  1917 D Carlink_CarLinkManager: bluetooth_state_change: 8, address: null, mBtDevices.size() =0
03-17 18:52:57.221  1917  1917 I Carlink_CarLinkManager: updateDrawerConnectionState: 0
03-17 18:52:57.222   903  1251 I WifiNative: Device is in DBS mode now
03-17 18:52:57.222   903  1251 D WifiClientModeImpl[72500:wlan0]: Network connection established
03-17 18:52:57.223   903  1251 I WifiClientModeImpl[72500:wlan0]: Update current security type to 2 from network connection event.
03-17 18:52:57.223   903  1251 I ApplicationQosPolicyRequestHandler: Queueing all policies on iface=wlan0. numPolicies=0
03-17 18:52:57.224  8377  8377 I CnsCarApp-WlanFragment: onReceive: wifi state: GROUP_HANDSHAKE
03-17 18:52:57.225   903  1251 D WifiClientModeImpl[72500:wlan0]:  ClientModeImpl$ConnectingOrConnectedState screen=on 0 false 80:af:ca:b5:6c:60 nid=0 "Cudy-6C60"WPA_PSK last="Cudy-6C60"WPA_PSK
03-17 18:52:57.226   903  1251 D WifiClientModeImpl[72500:wlan0]: sendNetworkChangeBroadcast oldState=AUTHENTICATING newState=CONNECTING hidden=false
03-17 18:52:57.226  6654  6700 D TimerTriggerManager: init instance...
03-17 18:52:57.226  6654  6700 D TimerTriggerManager: Timer thread'TimerTriggerManager' is destroyed: false
03-17 18:52:57.226   903  1251 D WifiClientModeImpl[72500:wlan0]: Queueing broadcast=NETWORK_STATE_CHANGED_ACTION networkAgentState=CONNECTING
03-17 18:52:57.226  6654  6700 D TimerTriggerManager: Timer 'onIndcnVehSpdChanged' is running: true
03-17 18:52:57.226   903  1251 I WifiActiveModeWarden: Sending onWifiNetworkStateChanged cmmRole=1 state=3
03-17 18:52:57.226  6654  6700 D TimerTriggerManager: Sending reset signal to timer 'onIndcnVehSpdChanged'
03-17 18:52:57.226  6654  6700 D TimerTriggerManager: Reset signal sent to timer 'onIndcnVehSpdChanged'
03-17 18:52:57.226   903  1251 D WifiClientModeImpl: Sending broadcast=NETWORK_STATE_CHANGED_ACTION networkAgentState=CONNECTING
03-17 18:52:57.226  6654  6707 D TimerTriggerController: Reset method called for timer: onIndcnVehSpdChanged
03-17 18:52:57.226  6654  6707 D TimerTriggerController: Calling onTimerReset for timer: onIndcnVehSpdChanged
03-17 18:52:57.226  6654  6707 D TimerTriggerManager: Timer reset: onIndcnVehSpdChanged
03-17 18:52:57.226  6654  6707 I TimerTriggerController: Timer [onIndcnVehSpdChanged] reset, remaining: 1000ms, reset count: 631
03-17 18:52:57.226   903  1251 W ContextImpl: Calling a method in the system process without a qualified user: android.app.ContextImpl.sendStickyBroadcast:1626 com.android.server.wifi.ClientModeImpl.sendNetworkChangeBroadcast:3008 com.android.server.wifi.ClientModeImpl.lambda$sendNetworkChangeBroadcastWithCurrentState$14:2985 com.android.server.wifi.ClientModeImpl.$r8$lambda$q-j88Pjw4gROgoJFr8wBlBVbuJI:0 com.android.server.wifi.ClientModeImpl$$ExternalSyntheticLambda4.send:0 
03-17 18:52:57.227   903  1251 D WifiClientModeImpl[72500:wlan0]: Network selected by UID 1000 explicitlySelected=true
03-17 18:52:57.228   903  1251 D WifiClientModeImpl[72500:wlan0]: reported txKbps 72000 rxKbps 72000
03-17 18:52:57.229   903  1251 I ConnectivityService: Update score for net 108 : +IS_UNMETERED+EVER_USER_SELECTED
03-17 18:52:57.229  4321  4321 D nearby  : P2pChannelSM:onReceive: android.net.wifi.STATE_CHANGE
03-17 18:52:57.230   903  1251 D ConnectivityService: registerNetworkAgent NetworkAgentInfo{network{108}  handle{467262165005}  ni{WIFI CONNECTING extra: } created=2026-03-17T10:52:57.229Z Score(Policies : IS_UNMETERED&EVER_USER_SELECTED ; KeepConnected : 0)  explicitlySelected  lp{{InterfaceName: wlan0 LinkAddresses: [ ] DnsAddresses: [ ] Domains: null MTU: 0 Routes: [ ]}}  nc{[ Transports: WIFI Capabilities: NOT_METERED&INTERNET&NOT_RESTRICTED&TRUSTED&NOT_VPN&NOT_ROAMING&NOT_CONGESTED&NOT_SUSPENDED&NOT_VCN_MANAGED LinkUpBandwidth>=72000Kbps LinkDnBandwidth>=72000Kbps Specifier: <WifiNetworkAgentSpecifier [WifiConfiguration=, SSID="Cudy-6C60", BSSID=80:af:ca:b5:6c:60, band=1, mMatchLocalOnlySpecifiers=false]> TransportInfo: <SSID: "Cudy-6C60", BSSID: 80:af:ca:b5:6c:60, MAC: 88:e0:34:b7:61:31, IP: null, Security type: 2, Supplicant state: GROUP_HANDSHAKE, Wi-Fi standard: 4, RSSI: -127, Link speed: -1Mbps, Tx Link speed: -1Mbps, Max Supported Tx Link speed: 72Mbps, Rx Link speed: -1Mbps, Max Supported Rx Link speed: 72Mbps, Frequency: 2412MHz, Net ID: 0, Metered hint: false, score: 0, isUsable: true, CarrierMerged: false, SubscriptionId: -1, IsPrimary: 1, Trusted: true, Restricted: false, Ephemeral: false, OEM paid: false, OEM private: false, OSU AP: false, FQDN: <none>, Provider friendly name: <none>, Requesting package name: <none>"Cudy-6C60"wpa2-pskMLO Information: , Is TID-To-Link negotiation supported by the AP: false, AP MLD Address: <none>, AP MLO Link Id: <none>, AP MLO Affiliated links: <none>> AllowedUids: <{1000}> OwnerUid: 1000 AdminUids: [1000] SSID: "Cudy-6C60" UnderlyingNetworks: Null]}  factorySerialNumber=4}
03-17 18:52:57.230   903  1251 D WifiClientModeImpl[72500:wlan0]: L2ConnectedState clearTargetBssid any key="Cudy-6C60"WPA_PSK
03-17 18:52:57.231   903  1251 D WifiScoreCard: NETWORK_AGENT_ID: 108 ID: 779452451
03-17 18:52:57.231   903  1251 D SoftApManager[wlan1]: onL2Connected called
03-17 18:52:57.232  8377  8377 I CnsCarApp-WlanFragment: onReceive: wifi NetworkInfo state: CONNECTING
03-17 18:52:57.232  8377  8377 I CnsCarApp-WlanFragment: networkInfo detailed state: CONNECTING
03-17 18:52:57.232  8377  8377 I CnsCarApp-WlanFragment: NetwrorkInfo: Connecting
03-17 18:52:57.232   903  1251 D WifiClientModeImpl[72500:wlan0]: startIpClient netId=0 "Cudy-6C60"WPA_PSK  roam=false static=false randomMac=false isFilsConnection=false
03-17 18:52:57.232   903  1251 D WifiClientModeImpl[72500:wlan0]: sendNetworkChangeBroadcast oldState=CONNECTING newState=OBTAINING_IPADDR hidden=false
03-17 18:52:57.232   903  1251 D WifiClientModeImpl[72500:wlan0]: Queueing broadcast=NETWORK_STATE_CHANGED_ACTION networkAgentState=OBTAINING_IPADDR
03-17 18:52:57.232   903  1251 I WifiActiveModeWarden: Sending onWifiNetworkStateChanged cmmRole=1 state=5
01-01 08:01:52.381   709   709 I [schedu][0x6a07474][10:52:57.231322] qcn7605: [709:I:PE] lim_process_action_frame_no_session: Unhandled action frame without session: 7f
03-17 18:52:57.232   903  1251 D WifiClientModeImpl: Sending broadcast=NETWORK_STATE_CHANGED_ACTION networkAgentState=OBTAINING_IPADDR
03-17 18:52:57.232  1763  1763 D BroadcastRefreshStrategy: action = android.net.wifi.STATE_CHANGE
03-17 18:52:57.232   903  1251 W ContextImpl: Calling a method in the system process without a qualified user: android.app.ContextImpl.sendStickyBroadcast:1626 com.android.server.wifi.ClientModeImpl.sendNetworkChangeBroadcast:3008 com.android.server.wifi.ClientModeImpl.lambda$sendNetworkChangeBroadcastWithCurrentState$14:2985 com.android.server.wifi.ClientModeImpl.$r8$lambda$q-j88Pjw4gROgoJFr8wBlBVbuJI:0 com.android.server.wifi.ClientModeImpl$$ExternalSyntheticLambda4.send:0 
03-17 18:52:57.233  1513  1746 I NetworkMonitor: mUseHttps=false
03-17 18:52:57.234   903  1251 D WifiClientModeImpl[72500:wlan0]: ObtainingIpAddress clearTargetBssid any key="Cudy-6C60"WPA_PSK
03-17 18:52:57.234  4321  4321 D nearby  : P2pChannelSM:onReceive: android.net.wifi.STATE_CHANGE
03-17 18:52:57.234   903  1251 D WifiClientModeImpl[72500:wlan0]: setSuspendOptimizationsNative: 1 true -want true stack:setSuspendOptimizationsNative - handlePostDhcpSetup - stopDhcpSetup - startIpClient
03-17 18:52:57.234   903  1251 D WifiClientModeImpl[72500:wlan0]: Request to set power save for: wlan0 to: true requested by: 1, mPowerSaveDisableRequests = 0
03-17 18:52:57.234   903  1251 D WifiClientModeImpl[72500:wlan0]: Setting power save to: true, mPowerSaveDisableRequests = 0
03-17 18:52:57.235  2238  2238 D wpa_supplicant: nl80211: set_p2p_powersave (legacy_ps=1 opp_ps=-1 ctwindow=-1)
03-17 18:52:57.235   903  1256 D WifiP2pService: P2pDisabledState cmd = BLOCK_DISCOVERY { when=-1ms what=143375 target=com.android.wifi.x.com.android.internal.util.StateMachine$SmHandler }
03-17 18:52:57.235   903  1256 D WifiP2pService: DefaultState cmd = BLOCK_DISCOVERY { when=-1ms what=143375 target=com.android.wifi.x.com.android.internal.util.StateMachine$SmHandler }
03-17 18:52:57.235  8377  8377 I CnsCarApp-WlanFragment: onReceive: wifi NetworkInfo state: CONNECTING
03-17 18:52:57.236  8377  8377 I CnsCarApp-WlanFragment: networkInfo detailed state: OBTAINING_IPADDR
03-17 18:52:57.236  8377  8377 I CnsCarApp-WlanFragment: NetwrorkInfo: Connecting
03-17 18:52:57.236  2238  2238 D wpa_supplicant: wpa_driver_nl80211_driver_cmd BTCOEXMODE 2 len = 0, 4096
03-17 18:52:57.236   582  3616 E WifiHAL : Invalid data received from driver
03-17 18:52:57.236  1763  1763 D BroadcastRefreshStrategy: action = android.net.wifi.STATE_CHANGE
03-17 18:52:57.239   582   593 E WifiHAL : wifi_get_packet_filter_capabilities: requestResponse() error: -1
03-17 18:52:57.236   903  1260 D ConnectivityService: Network Monitor created for NetworkAgentInfo{network{108}  handle{467262165005}  ni{WIFI CONNECTING extra: } created=2026-03-17T10:52:57.229Z Score(Policies : IS_UNMETERED&EVER_USER_SELECTED ; KeepConnected : 0)  explicitlySelected  lp{{InterfaceName: wlan0 LinkAddresses: [ ] DnsAddresses: [ ] Domains: null MTU: 0 Routes: [ ]}}  nc{[ Transports: WIFI Capabilities: NOT_METERED&INTERNET&NOT_RESTRICTED&TRUSTED&NOT_VPN&NOT_ROAMING&NOT_CONGESTED&NOT_SUSPENDED&NOT_VCN_MANAGED LinkUpBandwidth>=72000Kbps LinkDnBandwidth>=72000Kbps Specifier: <WifiNetworkAgentSpecifier [WifiConfiguration=, SSID="Cudy-6C60", BSSID=80:af:ca:b5:6c:60, band=1, mMatchLocalOnlySpecifiers=false]> TransportInfo: <SSID: "Cudy-6C60", BSSID: 80:af:ca:b5:6c:60, MAC: 88:e0:34:b7:61:31, IP: null, Security type: 2, Supplicant state: GROUP_HANDSHAKE, Wi-Fi standard: 4, RSSI: -127, Link speed: -1Mbps, Tx Link speed: -1Mbps, Max Supported Tx Link speed: 72Mbps, Rx Link speed: -1Mbps, Max Supported Rx Link speed: 72Mbps, Frequency: 2412MHz, Net ID: 0, Metered hint: false, score: 0, isUsable: true, CarrierMerged: false, SubscriptionId: -1, IsPrimary: 1, Trusted: true, Restricted: false, Ephemeral: false, OEM paid: false, OEM private: false, OSU AP: false, FQDN: <none>, Provider friendly name: <none>, Requesting package name: <none>"Cudy-6C60"wpa2-pskMLO Information: , Is TID-To-Link negotiation supported by the AP: false, AP MLD Address: <none>, AP MLO Link Id: <none>, AP MLO Affiliated links: <none>> AllowedUids: <{1000}> OwnerUid: 1000 AdminUids: [1000] SSID: "Cudy-6C60" UnderlyingNetworks: Null]}  factorySerialNumber=4}
03-17 18:52:57.239   903  1251 E WifiStaIfaceAidlImpl: getApfPacketFilterCapabilities failed with service-specific exception: android.os.ServiceSpecificException: unknown (code 9)
03-17 18:52:57.240   903  1260 D ConnectivityService: [108 WIFI] EVENT_NETWORK_INFO_CHANGED, going from CONNECTING to CONNECTING
01-01 08:01:52.387   593   593 E [binder][0x6a08b84][10:52:57.237227] qcn7605: [593:E:HDD] __wlan_hdd_cfg80211_apf_offload: APF is not supported or disabled through INI
03-17 18:52:57.240   582   593 E WifiHAL : wifi_get_link_stats: requestResponse Error:-3
03-17 18:52:57.240   903  1251 E WifiStaIfaceAidlImpl: getLinkLayerStats failed with service-specific exception: android.os.ServiceSpecificException:  (code 4)
03-17 18:52:57.241   903  1260 D ConnectivityService: NetworkAgent registered
03-17 18:52:57.242   903  1251 D WifiScoreCard: Changing state to COMPLETED SSID: "Cudy-6C60", BSSID: 80:af:ca:b5:6c:60, MAC: 88:e0:34:b7:61:31, IP: null, Security type: 2, Supplicant state: GROUP_HANDSHAKE, Wi-Fi standard: 4, RSSI: -127, Link speed: -1Mbps, Tx Link speed: -1Mbps, Max Supported Tx Link speed: 72Mbps, Rx Link speed: -1Mbps, Max Supported Rx Link speed: 72Mbps, Frequency: 2412MHz, Net ID: 0, Metered hint: false, score: 0, isUsable: true, CarrierMerged: false, SubscriptionId: -1, IsPrimary: 1, Trusted: true, Restricted: false, Ephemeral: false, OEM paid: false, OEM private: false, OSU AP: false, FQDN: <none>, Provider friendly name: <none>, Requesting package name: <none>"Cudy-6C60"wpa2-pskMLO Information: , Is TID-To-Link negotiation supported by the AP: false, AP MLD Address: <none>, AP MLO Link Id: <none>, AP MLO Affiliated links: <none>
03-17 18:52:57.242  1513  9150 D NetworkMonitor/108/null: checkAndRenewResourceConfig: update captive portal https urls to [https://www.google.com/generate_204]
03-17 18:52:57.242  1513  9150 D NetworkMonitor/108/null: checkAndRenewResourceConfig: update captive portal http urls to [http://connectivitycheck.gstatic.com/generate_204]
03-17 18:52:57.243  1513  9150 D NetworkMonitor/108/null: checkAndRenewResourceConfig: update captive portal fallback urls to[http://www.google.cn/generate_204]
03-17 18:52:57.243  1513  9150 D NetworkMonitor: Starting on network 108 with capport HTTPS URL [https://www.google.com/generate_204] and HTTP URL [http://connectivitycheck.gstatic.com/generate_204]
03-17 18:52:57.243   903  1251 D WifiClientModeImpl[72500:wlan0]: reported txKbps 72000 rxKbps 72000
03-17 18:52:57.243   903  1251 I WifiClientModeImpl[72500:wlan0]: Update current security type to 2
03-17 18:52:57.243   903  1251 D WifiScoreCard: ifaceName=wlan0,wifiInfo=SSID: "Cudy-6C60", BSSID: 80:af:ca:b5:6c:60, MAC: 88:e0:34:b7:61:31, IP: null, Security type: 2, Supplicant state: COMPLETED, Wi-Fi standard: 4, RSSI: -127, Link speed: -1Mbps, Tx Link speed: -1Mbps, Max Supported Tx Link speed: 72Mbps, Rx Link speed: -1Mbps, Max Supported Rx Link speed: 72Mbps, Frequency: 2412MHz, Net ID: 0, Metered hint: false, score: 0, isUsable: true, CarrierMerged: false, SubscriptionId: -1, IsPrimary: 1, Trusted: true, Restricted: false, Ephemeral: false, OEM paid: false, OEM private: false, OSU AP: false, FQDN: <none>, Provider friendly name: <none>, Requesting package name: <none>"Cudy-6C60"wpa2-pskMLO Information: , Is TID-To-Link negotiation supported by the AP: false, AP MLD Address: <none>, AP MLO Link Id: <none>, AP MLO Affiliated links: <none>
03-17 18:52:57.243   903  1251 D WifiClientModeImpl[72500:wlan0]: ConnectingOrConnectedState: Supplicant State change  ssid: "Cudy-6C60" bssid: 80:af:ca:b5:6c:60 nid: 0 frequencyMhz: 2412 state: COMPLETED
03-17 18:52:57.244   582  3616 E WifiHAL : Invalid data received from driver
03-17 18:52:57.244   582  3616 E WifiHAL : Invalid data received from driver
03-17 18:52:57.244   582  3616 E WifiHAL : Invalid data received from driver
03-17 18:52:57.244   582  3616 E WifiHAL : Invalid data received from driver
03-17 18:52:57.244   582  3616 E WifiHAL : Invalid data received from driver
03-17 18:52:57.244   582  3616 E WifiHAL : Invalid data received from driver
03-17 18:52:57.244   582  3616 E WifiHAL : Invalid data received from driver
03-17 18:52:57.245   903  1251 D WifiClientModeImpl[72500:wlan0]:  ClientModeImpl$ConnectingOrConnectedState screen=on 0 0 ssid: "Cudy-6C60" bssid: 80:af:ca:b5:6c:60 nid: 0 frequencyMhz: 2412 state: COMPLETED
03-17 18:52:57.245   903  1251 D SupplicantStateTracker[wlan0]: HandshakeState{ when=-33ms what=147462 obj= ssid: "Cudy-6C60" bssid: 80:af:ca:b5:6c:60 nid: 0 frequencyMhz: 2412 state: COMPLETED target=com.android.wifi.x.com.android.internal.util.StateMachine$SmHandler }
03-17 18:52:57.245   903  1251 D SupplicantStateTracker[wlan0]: DefaultState{ when=-33ms what=147462 obj= ssid: "Cudy-6C60" bssid: 80:af:ca:b5:6c:60 nid: 0 frequencyMhz: 2412 state: COMPLETED target=com.android.wifi.x.com.android.internal.util.StateMachine$SmHandler }
03-17 18:52:57.246   903  1251 D SupplicantStateTracker: Queuing broadcast=SUPPLICANT_STATE_CHANGED_ACTION state=COMPLETED failedAuth=false reasonCode=0
03-17 18:52:57.246   903  1251 D SupplicantStateTracker: Sending broadcast=SUPPLICANT_STATE_CHANGED_ACTION state=COMPLETED failedAuth=false reasonCode=0
03-17 18:52:57.247   903  1251 D SupplicantStateTracker[wlan0]: Supplicant state: COMPLETED
03-17 18:52:57.247   903  1251 D SupplicantStateTracker[wlan0]: CompletedState
03-17 18:52:57.247  8377  8377 I CnsCarApp-WlanFragment: onReceive: wifi state: COMPLETED
03-17 18:52:57.248   582  3616 E WifiHAL : Invalid data received from driver
03-17 18:52:57.248   582   593 E WifiHAL : wifi_get_link_stats: requestResponse Error:-3
03-17 18:52:57.248   903  1251 E WifiStaIfaceAidlImpl: getLinkLayerStats failed with service-specific exception: android.os.ServiceSpecificException:  (code 4)
03-17 18:52:57.251   582  3616 E WifiHAL : Invalid data received from driver
03-17 18:52:57.251   582  3616 E WifiHAL : Invalid data received from driver
03-17 18:52:57.251   582  3616 E WifiHAL : Invalid data received from driver
03-17 18:52:57.251   582  3616 E WifiHAL : Invalid data received from driver
03-17 18:52:57.252   582  3616 E WifiHAL : Invalid data received from driver
03-17 18:52:57.252   903  1251 D WifiClientModeImpl[72500:wlan0]: updateLinkLayerStatsRssiSpeedFrequencyCapabilities rssi=-31 TxLinkspeed=6 freq=2412 RxLinkSpeed=6
03-17 18:52:57.253   903  1251 D WifiDataStall: tx tput in kbps: -1
03-17 18:52:57.253   903  1251 D WifiDataStall: rx tput in kbps: -1
03-17 18:52:57.254   903  1251 D WifiThroughputPredictor:  utilization (BssLoad) -1 utilization (LLStats) 80 isBluetoothConnected: false final utilization: 80
03-17 18:52:57.254   903  1251 D WifiThroughputPredictor:  airTime20: 175 airTime: 175
03-17 18:52:57.254   903  1251 D WifiThroughputPredictor:  BW: 0 RSSI: -31 Nss: 1 Mode: 4 symDur: 3600 snrDb 49 bitPerTone: 5000 rate: 72 throughput: 49
03-17 18:52:57.254   903  1251 D WifiThroughputPredictor:  utilization (BssLoad) -1 utilization (LLStats) 80 isBluetoothConnected: false final utilization: 80
03-17 18:52:57.254   903  1251 D WifiThroughputPredictor:  airTime20: 175 airTime: 175
03-17 18:52:57.254   903  1251 D WifiThroughputPredictor:  BW: 0 RSSI: -31 Nss: 1 Mode: 4 symDur: 3600 snrDb 49 bitPerTone: 5000 rate: 72 throughput: 49
03-17 18:52:57.254   903  1251 D WifiScoreReport: report new wifi score 60
03-17 18:52:57.255   903  1251 D WifiScoreCard: BSSID update FIRST_POLL_AFTER_CONNECTION ID: 779452451 SSID: "Cudy-6C60", BSSID: 80:af:ca:b5:6c:60, MAC: 88:e0:34:b7:61:31, IP: null, Security type: 2, Supplicant state: COMPLETED, Wi-Fi standard: 4, RSSI: -31, Link speed: 6Mbps, Tx Link speed: 6Mbps, Max Supported Tx Link speed: 72Mbps, Rx Link speed: 6Mbps, Max Supported Rx Link speed: 72Mbps, Frequency: 2412MHz, Net ID: 0, Metered hint: false, score: 60, isUsable: true, CarrierMerged: false, SubscriptionId: -1, IsPrimary: 1, Trusted: true, Restricted: false, Ephemeral: false, OEM paid: false, OEM private: false, OSU AP: false, FQDN: <none>, Provider friendly name: <none>, Requesting package name: <none>"Cudy-6C60"wpa2-pskMLO Information: , Is TID-To-Link negotiation supported by the AP: false, AP MLD Address: <none>, AP MLO Link Id: <none>, AP MLO Affiliated links: <none>
03-17 18:52:57.255   903  1251 D WifiScoreCard: BSSID update SIGNAL_POLL ID: 779452451 SSID: "Cudy-6C60", BSSID: 80:af:ca:b5:6c:60, MAC: 88:e0:34:b7:61:31, IP: null, Security type: 2, Supplicant state: COMPLETED, Wi-Fi standard: 4, RSSI: -31, Link speed: 6Mbps, Tx Link speed: 6Mbps, Max Supported Tx Link speed: 72Mbps, Rx Link speed: 6Mbps, Max Supported Rx Link speed: 72Mbps, Frequency: 2412MHz, Net ID: 0, Metered hint: false, score: 60, isUsable: true, CarrierMerged: false, SubscriptionId: -1, IsPrimary: 1, Trusted: true, Restricted: false, Ephemeral: false, OEM paid: false, OEM private: false, OSU AP: false, FQDN: <none>, Provider friendly name: <none>, Requesting package name: <none>"Cudy-6C60"wpa2-pskMLO Information: , Is TID-To-Link negotiation supported by the AP: false, AP MLD Address: <none>, AP MLO Link Id: <none>, AP MLO Affiliated links: <none>
03-17 18:52:57.255   903  1251 D WifiScoreCard: txRate: 0 txSpeed: 6
03-17 18:52:57.255   903  1251 D WifiScoreCard: network update SIGNAL_POLL "Cudy-6C60" ID: 746988820 RSSI -31 txSpeed -1
03-17 18:52:57.255   903  1251 D WifiClientModeImpl[72500:wlan0]:  ClientModeImpl$L2ConnectedState screen=on 3 0 "Cudy-6C60" 80:af:ca:b5:6c:60 rssi=-31 f=2412 sc=60 link=6 tx=0.0, 0.0, 0.0 rx=0.0 bcn=0 [on:0 tx:0 rx:0 period:2513] from screen [on:0 period:285536492] score=60
03-17 18:52:57.256   903  1251 D SoftApManager[wlan1]: Ignore wifi connected in single AP state
03-17 18:52:57.256   903  1260 D ConnectivityService: updateNetworkScore for [108 WIFI] to Score(Policies : 4)
03-17 18:52:57.256   903  1251 D WifiNative: interfaceLinkStateChanged: ifaceName=wlan0, mInterfaceId = 0, mIfaceMgr={0=Iface:{Name=wlan1,Id=0,Type=AP}, 1=Iface:{Name=wlan0,Id=1,Type=STA_CONNECTIVITY}}
03-17 18:52:57.256   903  1260 I ConnectivityService: Update score for net 108 : +TRANSPORT_PRIMARY
03-17 18:52:57.256   903  1251 D WifiNative: interfaceLinkStateChanged: ifaceName=wlan0, mInterfaceId = 1, mIfaceMgr={0=Iface:{Name=wlan1,Id=0,Type=AP}, 1=Iface:{Name=wlan0,Id=1,Type=STA_CONNECTIVITY}}
03-17 18:52:57.256   903  1260 I ConnectivityService: notDefaultVlan=vlan_08
03-17 18:52:57.256   903  1260 D ConnectivityService: vlan_07 and vlan_09 not add bestNetwork
03-17 18:52:57.256   903  1260 I ConnectivityService: notDefaultVlan=vlan_15
03-17 18:52:57.257   903  1260 D ConnectivityService: vlan_07 and vlan_09 not add bestNetwork
03-17 18:52:57.257   903  1260 I ConnectivityService: notDefaultVlan=vlan_01
03-17 18:52:57.257   903  1260 D ConnectivityService: vlan_07 and vlan_09 not add bestNetwork
03-17 18:52:57.257   580  3946 I netd    : interfaceGetCfg(wlan0) -> {InterfaceConfigurationParcel{ifName: wlan0, hwAddr: 88:e0:34:b7:61:31, ipv4Addr: 0.0.0.0, prefixLength: 0, flags: [up, broadcast, running, multicast]}} <0.24ms>
03-17 18:52:57.257   903  1260 I ConnectivityService: notDefaultVlan=vlan_16
03-17 18:52:57.257   580   630 I netd    : setProcSysNet(6, 1, wlan0, accept_ra, 2) <0.15ms>
03-17 18:52:57.257   903  1260 D ConnectivityService: vlan_07 and vlan_09 not add bestNetwork
03-17 18:52:57.257   580   630 I netd    : interfaceSetIPv6PrivacyExtensions(wlan0, true) <0.08ms>
03-17 18:52:57.257   580   630 I netd    : setIPv6AddrGenMode(wlan0, 2) <0.08ms>
03-17 18:52:57.257   903  1251 D WifiVendorHal: configureNeighborDiscoveryOffload enabled=true
03-17 18:52:57.258   903  1260 I biao    : nai=NetworkAgentInfo{network{108}  handle{467262165005}  ni{WIFI CONNECTING extra: } created=2026-03-17T10:52:57.229Z Score(Policies : TRANSPORT_PRIMARY&IS_UNMETERED&EVER_USER_SELECTED ; KeepConnected : 0)  explicitlySelected  lp{{InterfaceName: wlan0 LinkAddresses: [ ] DnsAddresses: [ ] Domains: null MTU: 0 Routes: [ ]}}  nc{[ Transports: WIFI Capabilities: NOT_METERED&INTERNET&NOT_RESTRICTED&TRUSTED&NOT_VPN&NOT_ROAMING&FOREGROUND&NOT_CONGESTED&NOT_SUSPENDED&NOT_VCN_MANAGED LinkUpBandwidth>=72000Kbps LinkDnBandwidth>=72000Kbps Specifier: <WifiNetworkAgentSpecifier [WifiConfiguration=, SSID="Cudy-6C60", BSSID=80:af:ca:b5:6c:60, band=1, mMatchLocalOnlySpecifiers=false]> TransportInfo: <SSID: "Cudy-6C60", BSSID: 80:af:ca:b5:6c:60, MAC: 88:e0:34:b7:61:31, IP: null, Security type: 2, Supplicant state: GROUP_HANDSHAKE, Wi-Fi standard: 4, RSSI: -127, Link speed: -1Mbps, Tx Link speed: -1Mbps, Max Supported Tx Link speed: 72Mbps, Rx Link speed: -1Mbps, Max Supported Rx Link speed: 72Mbps, Frequency: 2412MHz, Net ID: 0, Metered hint: false, score: 0, isUsable: true, CarrierMerged: false, SubscriptionId: -1, IsPrimary: 1, Trusted: true, Restricted: false, Ephemeral: false, OEM paid: false, OEM private: false, OSU AP: false, FQDN: <none>, Provider friendly name: <none>, Requesting package name: <none>"Cudy-6C60"wpa2-pskMLO Information: , Is TID-To-Link negotiation supported by the AP: false, AP MLD Address: <none>, AP MLO Link Id: <none>, AP MLO Affiliated links: <none>> OwnerUid: 1000 AdminUids: [1000] SSID: "Cudy-6C60" UnderlyingNetworks: Null]}  factorySerialNumber=4}
03-17 18:52:57.258   903  1260 I ConnectivityService: notDefaultVlan=vlan_00
03-17 18:52:57.258   582  3616 E WifiHAL : Invalid data received from driver
03-17 18:52:57.258   903  1260 D ConnectivityService: vlan_07 and vlan_09 not add bestNetwork
03-17 18:52:57.258   582  3616 E WifiHAL : Invalid data received from driver
03-17 18:52:57.258   582  3616 E WifiHAL : Invalid data received from driver
03-17 18:52:57.258   582  3616 E WifiHAL : Invalid data received from driver
03-17 18:52:57.258   580   630 I netd    : interfaceSetEnableIPv6(wlan0, true) <0.75ms>
03-17 18:52:57.259   582  3616 E WifiHAL : Invalid data received from driver
03-17 18:52:57.259   582  3616 E WifiHAL : Invalid data received from driver
03-17 18:52:57.259   582  3616 E WifiHAL : Invalid data received from driver
03-17 18:52:57.259   582  3616 E WifiHAL : Invalid data received from driver
03-17 18:52:57.260   582  3616 E WifiHAL : Invalid data received from driver
03-17 18:52:57.260   582  3616 E WifiHAL : Invalid data received from driver
03-17 18:52:57.260   903  1251 D WifiClientModeImpl[72500:wlan0]:  ClientModeImpl$ConnectableState screen=on 1 0
03-17 18:52:57.260   580   630 I netd    : setProcSysNet(4, 2, wlan0, retrans_time_ms, 750) <0.22ms>
03-17 18:52:57.260   903  1260 I biao    : nai=NetworkAgentInfo{network{103}  handle{445787328525}  ni{Ethernet CONNECTED extra: 36:7c:7c:00:00:03} created=2026-03-14T03:33:05.216Z Score(Policies : EVER_EVALUATED ; KeepConnected : 0)  created 18046  lp{{InterfaceName: vlan_07 LinkAddresses: [ fe80::9ee2:2291:ebd7:2b68/64,192.168.7.3/24 ] DnsAddresses: [ /114.114.114.114,/8.8.8.8 ] Domains: null MTU: 0 TcpBufferSizes: 524288,1048576,3145728,524288,1048576,2097152 Routes: [ fe80::/64 -> :: vlan_07 mtu 0,192.168.7.0/24 -> 0.0.0.0 vlan_07 mtu 0,0.0.0.0/0 -> 192.168.7.4 vlan_07 mtu 0 ]}}  nc{[ Transports: ETHERNET Capabilities: INTERNET&NOT_RESTRICTED&TRUSTED&NOT_VPN&NOT_ROAMING&FOREGROUND&NOT_CONGESTED&NOT_SUSPENDED&NOT_VCN_MANAGED LinkUpBandwidth>=100000Kbps LinkDnBandwidth>=100000Kbps Specifier: <EthernetNetworkSpecifier (vlan_07)> UnderlyingNetworks: Null]}  factorySerialNumber=1}
03-17 18:52:57.261  2238  2238 D wpa_supplicant: wpa_driver_nl80211_driver_cmd RXFILTER-STOP len = 0, 4096
03-17 18:52:57.261   580   630 I netd    : setProcSysNet(4, 2, wlan0, ucast_solicit, 5) <0.17ms>
03-17 18:52:57.261   903  1260 D NetworkRanker: mightBeat: isEth && mCoExist return true
03-17 18:52:57.261   582  3616 E WifiHAL : Invalid data received from driver
03-17 18:52:57.261   903  1260 D NetworkRanker: mightBeat: isEth && mCoExist return true
03-17 18:52:57.261   903  1260 D NetworkRanker: mightBeat: isEth && mCoExist return true
03-17 18:52:57.261   903  1260 D NetworkRanker: mightBeat: isEth && mCoExist return true
03-17 18:52:57.261   903  1260 D NetworkRanker: mightBeat: isEth && mCoExist return true
03-17 18:52:57.261  8377  8543 D WifiTracker: ------ Dumping AccessPoints that were not seen on this scan ------
03-17 18:52:57.261  2238  2238 D wpa_supplicant: wpa_driver_nl80211_driver_cmd RXFILTER-REMOVE 2 len = 0, 4096
03-17 18:52:57.261  8377  8543 D WifiTracker: ---- Done dumping AccessPoints that were not seen on this scan ----
03-17 18:52:57.261  2238  2238 D wpa_supplicant: wpa_driver_nl80211_driver_cmd RXFILTER-START len = 0, 4096
03-17 18:52:57.261   580   630 I netd    : setProcSysNet(4, 2, wlan0, mcast_resolicit, 3) <0.12ms>
03-17 18:52:57.261   903  1251 D WifiClientModeImpl[72500:wlan0]:  ClientModeImpl$ConnectableState screen=on enabled=true
03-17 18:52:57.262  8377  8377 I WifiTracker: Invoking onAccessPointsChanged callback
03-17 18:52:57.262   903  1260 D NetworkRanker: mightBeat: isEth && mCoExist return true
03-17 18:52:57.262   903  1260 D NetworkRanker: mightBeat: isEth && mCoExist return true
03-17 18:52:57.262   903  1260 D NetworkRanker: mightBeat: isEth && mCoExist return true
03-17 18:52:57.262   903  1260 D NetworkRanker: mightBeat: isEth && mCoExist return true
03-17 18:52:57.262   903  1260 D NetworkRanker: mightBeat: isEth && mCoExist return true
03-17 18:52:57.262   580   630 I netd    : setProcSysNet(6, 2, wlan0, retrans_time_ms, 750) <0.13ms>
03-17 18:52:57.262   580   630 I netd    : setProcSysNet(6, 2, wlan0, ucast_solicit, 5) <0.08ms>
03-17 18:52:57.263   580   630 I netd    : setProcSysNet(6, 2, wlan0, mcast_resolicit, 3) <0.07ms>
03-17 18:52:57.263   903  1833 I WifiService: getScanResults uid=1000
03-17 18:52:57.263   580   630 I netd    : setProcSysNet(4, 2, wlan0, retrans_time_ms, 750) <0.07ms>
03-17 18:52:57.263   903  1754 I WifiService: getWifiEnabledState uid=1000 state=3
03-17 18:52:57.263   580   630 I netd    : setProcSysNet(4, 2, wlan0, ucast_solicit, 10) <0.06ms>
03-17 18:52:57.263  8377  8491 I CarWifiManager: AccessPoint Cudy-6C60, isReachable: true
03-17 18:52:57.264  8377  8491 I CarWifiManager: AccessPoint Cudy-6C60-5G, isReachable: true
03-17 18:52:57.264  8377  8491 I CarWifiManager: AccessPoint ChinaNet-D9B9E4-5G, isReachable: true
03-17 18:52:57.264  8377  8491 I CarWifiManager: AccessPoint DEEPAL, isReachable: true
03-17 18:52:57.264  8377  8491 I CarWifiManager: AccessPoint HONOR 100, isReachable: true
03-17 18:52:57.264  8377  8491 I CarWifiManager: AccessPoint TP-LINK_CAR, isReachable: true
03-17 18:52:57.264  8377  8491 I CarWifiManager: AccessPoint AndroidAP_4071, isReachable: true
03-17 18:52:57.264  8377  8491 I CarWifiManager: AccessPoint AndroidAP_5418, isReachable: true
03-17 18:52:57.264  8377  8491 I CarWifiManager: AccessPoint AndroidAP_6881, isReachable: true
03-17 18:52:57.264  8377  8491 I CarWifiManager: AccessPoint AndroidAP_7437, isReachable: true
03-17 18:52:57.264  8377  8491 I CarWifiManager: AccessPoint AndroidAuto_5G, isReachable: true
03-17 18:52:57.264  8377  8491 I CarWifiManager: AccessPoint TP-LINK_45A7, isReachable: true
03-17 18:52:57.264  8377  8491 I CarWifiManager: AccessPoint TP-LINK_APP, isReachable: true
03-17 18:52:57.264  8377  8491 I CarWifiManager: AccessPoint TP-LINK_DE9B, isReachable: true
03-17 18:52:57.264  8377  8491 I CarWifiManager: AccessPoint Adayo-CW, isReachable: true
03-17 18:52:57.264  8377  8491 I CarWifiManager: AccessPoint ADAYOGE FangKe, isReachable: true
03-17 18:52:57.264   580   630 I netd    : setProcSysNet(6, 2, wlan0, retrans_time_ms, 750) <0.10ms>
03-17 18:52:57.264  8377  8491 I CarWifiManager: AccessPoint ADAYOGE WiFi, isReachable: true
03-17 18:52:57.264  8377  8491 I CarWifiManager: AccessPoint AKALMING, isReachable: true
03-17 18:52:57.264  8377  8491 I CarWifiManager: AccessPoint AndroidAP_3590, isReachable: true
03-17 18:52:57.264  8377  8491 I CarWifiManager: AccessPoint AndroidAP_5614, isReachable: true
03-17 18:52:57.264  8377  8491 I CarWifiManager: AccessPoint FL-5G-1497, isReachable: true
03-17 18:52:57.264  8377  8491 I CarWifiManager: AccessPoint FX_2415, isReachable: true
03-17 18:52:57.264  8377  8491 I CarWifiManager: AccessPoint FX_8833, isReachable: true
03-17 18:52:57.264  8377  8491 I CarWifiManager: AccessPoint iPhone 13 Pro, isReachable: true
03-17 18:52:57.264  8377  8491 I CarWifiManager: AccessPoint JETTA WLAN 001, isReachable: true
03-17 18:52:57.264  8377  8491 I CarWifiManager: AccessPoint ProductPro, isReachable: true
03-17 18:52:57.264  8377  8491 I CarWifiManager: AccessPoint TP-LINK_3AFA, isReachable: true
03-17 18:52:57.264  8377  8491 I CarWifiManager: AccessPoint TP-LINK_E6B8, isReachable: true
03-17 18:52:57.264   580   630 I netd    : setProcSysNet(6, 2, wlan0, ucast_solicit, 10) <0.08ms>
03-17 18:52:57.264  8377  8491 I CarWifiManager: AccessPoint Xiaomi 14, isReachable: true
03-17 18:52:57.264  8377  8491 I CarWifiManager: AccessPoint ZTE_3DA119, isReachable: true
03-17 18:52:57.264  8377  8491 I CarWifiManager: AccessPoint ABCDEFG, isReachable: true
03-17 18:52:57.264  8377  8491 I CarWifiManager: AccessPoint ADAYOGE-HK, isReachable: true
03-17 18:52:57.264  8377  8491 I CarWifiManager: AccessPoint AndroidAP_2884, isReachable: true
03-17 18:52:57.264  8377  8491 I CarWifiManager: AccessPoint DIRECT-ea84-1590, isReachable: true
03-17 18:52:57.264  8377  8491 I CarWifiManager: AccessPoint HUAWEI_B316_9AF2_5G, isReachable: true
03-17 18:52:57.264  8377  8491 I CarWifiManager: AccessPoint nidewifi-5G, isReachable: true
03-17 18:52:57.264  8377  8491 I CarWifiManager: AccessPoint Tony’s 20phone, isReachable: true
03-17 18:52:57.264  8377  8491 I CarWifiManager: AccessPoint TP_KK, isReachable: true
03-17 18:52:57.264  8377  8491 W SettingsLib.AccessPoint: NetworkInfo is null, cannot return detailed state
03-17 18:52:57.264  8377  8491 I AccessPoint: AccessPoint: Cudy-6C60, detailed state: null, isReachable: true
03-17 18:52:57.264  8377  8491 W SettingsLib.AccessPoint: NetworkInfo is null, cannot return detailed state
03-17 18:52:57.264  8377  8491 W SettingsLib.AccessPoint: NetworkInfo is null, cannot return detailed state
03-17 18:52:57.264  8377  8491 I AccessPoint: AccessPoint: Cudy-6C60-5G, detailed state: null, isReachable: true
03-17 18:52:57.264  8377  8491 W SettingsLib.AccessPoint: NetworkInfo is null, cannot return detailed state
03-17 18:52:57.264  8377  8491 W SettingsLib.AccessPoint: NetworkInfo is null, cannot return detailed state
03-17 18:52:57.264  8377  8491 I AccessPoint: AccessPoint: ChinaNet-D9B9E4-5G, detailed state: null, isReachable: true
03-17 18:52:57.264  8377  8491 W SettingsLib.AccessPoint: NetworkInfo is null, cannot return detailed state
03-17 18:52:57.264  8377  8491 W SettingsLib.AccessPoint: NetworkInfo is null, cannot return detailed state
03-17 18:52:57.264  8377  8491 I AccessPoint: AccessPoint: DEEPAL, detailed state: null, isReachable: true
03-17 18:52:57.264  8377  8491 W SettingsLib.AccessPoint: NetworkInfo is null, cannot return detailed state
03-17 18:52:57.264  8377  8491 W SettingsLib.AccessPoint: NetworkInfo is null, cannot return detailed state
03-17 18:52:57.264  8377  8491 I AccessPoint: AccessPoint: HONOR 100, detailed state: null, isReachable: true
03-17 18:52:57.264  8377  8491 W SettingsLib.AccessPoint: NetworkInfo is null, cannot return detailed state
03-17 18:52:57.265  8377  8491 W SettingsLib.AccessPoint: NetworkInfo is null, cannot return detailed state
03-17 18:52:57.265  8377  8491 I AccessPoint: AccessPoint: TP-LINK_CAR, detailed state: null, isReachable: true
03-17 18:52:57.265  8377  8491 W SettingsLib.AccessPoint: NetworkInfo is null, cannot return detailed state
03-17 18:52:57.265  8377  8491 W SettingsLib.AccessPoint: NetworkInfo is null, cannot return detailed state
03-17 18:52:57.265  8377  8491 I AccessPoint: AccessPoint: AndroidAP_4071, detailed state: null, isReachable: true
03-17 18:52:57.265  8377  8491 W SettingsLib.AccessPoint: NetworkInfo is null, cannot return detailed state
03-17 18:52:57.265  8377  8491 W SettingsLib.AccessPoint: NetworkInfo is null, cannot return detailed state
03-17 18:52:57.265  8377  8491 I AccessPoint: AccessPoint: AndroidAP_5418, detailed state: null, isReachable: true
03-17 18:52:57.265  8377  8491 W SettingsLib.AccessPoint: NetworkInfo is null, cannot return detailed state
03-17 18:52:57.265  8377  8491 W SettingsLib.AccessPoint: NetworkInfo is null, cannot return detailed state
03-17 18:52:57.265   903  1260 D ConnectivityService: Rematched networks [computed 4ms] [applied 1ms] [issued 3]
03-17 18:52:57.265  8377  8491 I AccessPoint: AccessPoint: AndroidAP_6881, detailed state: null, isReachable: true
03-17 18:52:57.265  8377  8491 W SettingsLib.AccessPoint: NetworkInfo is null, cannot return detailed state
03-17 18:52:57.265   903  1260 D ConnectivityService: NetworkReassignment : no changes
03-17 18:52:57.265  8377  8491 W SettingsLib.AccessPoint: NetworkInfo is null, cannot return detailed state
03-17 18:52:57.265  8377  8491 I AccessPoint: AccessPoint: AndroidAP_7437, detailed state: null, isReachable: true
03-17 18:52:57.265  8377  8491 W SettingsLib.AccessPoint: NetworkInfo is null, cannot return detailed state
03-17 18:52:57.265  8377  8491 W SettingsLib.AccessPoint: NetworkInfo is null, cannot return detailed state
03-17 18:52:57.265  8377  8491 I AccessPoint: AccessPoint: AndroidAuto_5G, detailed state: null, isReachable: true
