03-17 18:52:57.090  2238  2238 D wpa_supplicant: Added supported operating classes IE - hexdump(len=18): 3b 10 51 51 53 54 73 74 75 76 77 78 7c 7d 7e 7f 80 82
03-17 18:52:57.090  2238  2238 D wpa_supplicant: Not configuring frame filtering - BSS 00:00:00:00:00:00 is not a Hotspot 2.0 network
03-17 18:52:57.090  2238  2238 I wpa_supplicant: wlan0: Trying to associate with SSID 'Cudy-6C60'
03-17 18:52:57.090  2238  2238 D wpa_supplicant: wlan0: Cancelling scan request
03-17 18:52:57.090  2238  2238 D wpa_supplicant: wlan0: State: DISCONNECTED -> ASSOCIATING
03-17 18:52:57.090  2238  2238 D wpa_supplicant: nl80211: Set wlan0 operstate 0->0 (DORMANT)
03-17 18:52:57.090  2238  2238 D wpa_supplicant: netlink: Operstate: ifindex=26 linkmode=-1 (no change), operstate=5 (IF_OPER_DORMANT)
03-17 18:52:57.090  2238  2238 D wpa_supplicant: Notifying state change event to aidl control: 5
03-17 18:52:57.090  2238  2238 I wpa_supplicant: assoc key_mgmt 0x2 network key_mgmt 0x142
03-17 18:52:57.090  2238  2238 D wpa_supplicant: wlan0: Determining shared radio frequencies (max len 2)
03-17 18:52:57.090  2238  2238 D wpa_supplicant: wlan0: Shared frequencies (len=0): completed iteration
03-17 18:52:57.090  2238  2238 D wpa_supplicant: P2P: Add operating class 81
03-17 18:52:57.090  2238  2238 D wpa_supplicant: P2P: Channels - hexdump(len=13): 01 02 03 04 05 06 07 08 09 0a 0b 0c 0d
03-17 18:52:57.090  2238  2238 D wpa_supplicant: P2P: Add operating class 115 (client only)
03-17 18:52:57.090  2238  2238 D wpa_supplicant: P2P: Channels (client only) - hexdump(len=4): 24 28 2c 30
03-17 18:52:57.090  2238  2238 D wpa_supplicant: P2P: Add operating class 116 (client only)
03-17 18:52:57.090  2238  2238 D wpa_supplicant: P2P: Channels (client only) - hexdump(len=2): 24 2c
03-17 18:52:57.090  2238  2238 D wpa_supplicant: P2P: Add operating class 117 (client only)
03-17 18:52:57.090  2238  2238 D wpa_supplicant: P2P: Channels (client only) - hexdump(len=2): 28 30
03-17 18:52:57.090  2238  2238 D wpa_supplicant: P2P: Add operating class 124
03-17 18:52:57.090  2238  2238 D wpa_supplicant: P2P: Channels - hexdump(len=4): 95 99 9d a1
03-17 18:52:57.090  2238  2238 D wpa_supplicant: P2P: Add operating class 125
03-17 18:52:57.090  2238  2238 D wpa_supplicant: P2P: Channels - hexdump(len=5): 95 99 9d a1 a5
03-17 18:52:57.090  2238  2238 D wpa_supplicant: P2P: Add operating class 126
03-17 18:52:57.091  2238  2238 D wpa_supplicant: P2P: Channels - hexdump(len=2): 95 9d
03-17 18:52:57.091  2238  2238 D wpa_supplicant: P2P: Add operating class 127
03-17 18:52:57.091  2238  2238 D wpa_supplicant: P2P: Channels - hexdump(len=2): 99 a1
03-17 18:52:57.091  2238  2238 D wpa_supplicant: P2P: Add operating class 128 (client only)
03-17 18:52:57.091  2238  2238 D wpa_supplicant: P2P: Add operating class 128
03-17 18:52:57.091  2238  2238 D wpa_supplicant: P2P: Channels - hexdump(len=4): 95 99 9d a1
03-17 18:52:57.091  2238  2238 D wpa_supplicant: P2P: Channels (client only) - hexdump(len=4): 24 28 2c 30
03-17 18:52:57.091  2238  2238 D wpa_supplicant: P2P: Add operating class 130 (client only)
03-17 18:52:57.091  2238  2238 D wpa_supplicant: P2P: Add operating class 130
03-17 18:52:57.091  2238  2238 D wpa_supplicant: P2P: Channels - hexdump(len=5): 95 99 9d a1 a5
03-17 18:52:57.091  2238  2238 D wpa_supplicant: P2P: Channels (client only) - hexdump(len=8): 24 28 2c 30 34 38 3c 40
03-17 18:52:57.091   903  1251 D WifiClientModeImpl[72500:wlan0]:  ClientModeImpl$ConnectableState screen=on 0 1000 targetConfigKey="Cudy-6C60"WPA_PSK BSSID=null targetBssid=any roam=false
03-17 18:52:57.091  2238  2238 D wpa_supplicant: P2P: Update channel list
03-17 18:52:57.091  2238  2238 D wpa_supplicant: P2P: channels: 81:1,2,3,4,5,6,7,8,9,10,11,12,13 124:149,153,157,161 125:149,153,157,161,165 126:149,157 127:153,161 128:149,153,157,161 130:149,153,157,161,165
03-17 18:52:57.091  2238  2238 D wpa_supplicant: P2P: cli_channels: 115:36,40,44,48 116:36,44 117:40,48 128:36,40,44,48 130:36,40,44,48,52,56,60,64
03-17 18:52:57.091  2238  2238 D wpa_supplicant: nl80211: Set mode ifindex 26 iftype 2 (STATION)
03-17 18:52:57.091   903  1180 D SupplicantStaIfaceHalAidlImpl: ISupplicantStaIfaceCallback.onStateChanged: newState=ASSOCIATING, bssid=80:af:ca:b5:6c:60, ssid="Cudy-6C60", filsHlpSent=false, supplicantKeyMgmtMask=0x00000000, frameworkKeyMgmtMask=null, frequencyMhz=0 received
03-17 18:52:57.091  2238  2238 D wpa_supplicant: nl80211: Unsubscribe mgmt frames handle 0x3c887b1d86c8eb09 (mode change)
03-17 18:52:57.091  2238  2238 D wpa_supplicant: nl80211: Subscribe to mgmt frames with non-AP handle 0xb400f3950e406380
03-17 18:52:57.091  2238  2238 D wpa_supplicant: nl80211: Register frame type=0xb0 (WLAN_FC_STYPE_AUTH) nl_handle=0xb400f3950e406380 match=0300 multicast=0
03-17 18:52:57.091  2238  2238 D wpa_supplicant: nl80211: Register frame type=0xd0 (WLAN_FC_STYPE_ACTION) nl_handle=0xb400f3950e406380 match=0104 multicast=0
03-17 18:52:57.091  2238  2238 D wpa_supplicant: nl80211: Register frame type=0xd0 (WLAN_FC_STYPE_ACTION) nl_handle=0xb400f3950e406380 match=040a multicast=0
03-17 18:52:57.091  2238  2238 D wpa_supplicant: nl80211: Register frame type=0xd0 (WLAN_FC_STYPE_ACTION) nl_handle=0xb400f3950e406380 match=040b multicast=0
03-17 18:52:57.091  2238  2238 D wpa_supplicant: nl80211: Register frame type=0xd0 (WLAN_FC_STYPE_ACTION) nl_handle=0xb400f3950e406380 match=040c multicast=0
03-17 18:52:57.091  2238  2238 D wpa_supplicant: nl80211: Register frame type=0xd0 (WLAN_FC_STYPE_ACTION) nl_handle=0xb400f3950e406380 match=040d multicast=0
03-17 18:52:57.091   582  3616 E WifiHAL : Invalid data received from driver
03-17 18:52:57.091  2238  2238 D wpa_supplicant: nl80211: Register frame type=0xd0 (WLAN_FC_STYPE_ACTION) nl_handle=0xb400f3950e406380 match=090a multicast=0
03-17 18:52:57.092  2238  2238 D wpa_supplicant: nl80211: Register frame type=0xd0 (WLAN_FC_STYPE_ACTION) nl_handle=0xb400f3950e406380 match=090b multicast=0
03-17 18:52:57.092   903  1251 D WifiCountryCode: evaluateAllCmmStateAndApplyIfAllReady: {ConcreteClientModeManager{id=72402 iface=wlan0 role=ROLE_CLIENT_PRIMARY}=false, SoftApManager{id=29645 iface=wlan1 role=ROLE_SOFTAP_TETHERED}=true}
03-17 18:52:57.092  2238  2238 D wpa_supplicant: nl80211: Register frame type=0xd0 (WLAN_FC_STYPE_ACTION) nl_handle=0xb400f3950e406380 match=090c multicast=0
03-17 18:52:57.092  2238  2238 D wpa_supplicant: nl80211: Register frame type=0xd0 (WLAN_FC_STYPE_ACTION) nl_handle=0xb400f3950e406380 match=090d multicast=0
03-17 18:52:57.092   903  1251 D WifiClientModeImpl[72500:wlan0]: Start Connecting Watchdog 3
03-17 18:52:57.092  2238  2238 D wpa_supplicant: nl80211: Register frame type=0xd0 (WLAN_FC_STYPE_ACTION) nl_handle=0xb400f3950e406380 match=0409506f9a09 multicast=0
03-17 18:52:57.092  2238  2238 D wpa_supplicant: nl80211: Register frame type=0xd0 (WLAN_FC_STYPE_ACTION) nl_handle=0xb400f3950e406380 match=7f506f9a09 multicast=0
03-17 18:52:57.092  2238  2238 D wpa_supplicant: nl80211: Register frame type=0xd0 (WLAN_FC_STYPE_ACTION) nl_handle=0xb400f3950e406380 match=0409506f9a1a multicast=0
03-17 18:52:57.092  2238  2238 D wpa_supplicant: nl80211: Register frame type=0xd0 (WLAN_FC_STYPE_ACTION) nl_handle=0xb400f3950e406380 match=0801 multicast=0
03-17 18:52:57.092  2238  2238 D wpa_supplicant: nl80211: Register frame type=0xd0 (WLAN_FC_STYPE_ACTION) nl_handle=0xb400f3950e406380 match=040e multicast=0
03-17 18:52:57.092  2238  2238 D wpa_supplicant: nl80211: Register frame type=0xd0 (WLAN_FC_STYPE_ACTION) nl_handle=0xb400f3950e406380 match=06 multicast=0
03-17 18:52:57.092  2238  2238 D wpa_supplicant: nl80211: Register frame type=0xd0 (WLAN_FC_STYPE_ACTION) nl_handle=0xb400f3950e406380 match=0a07 multicast=0
03-17 18:52:57.092  2238  2238 D wpa_supplicant: nl80211: Register frame type=0xd0 (WLAN_FC_STYPE_ACTION) nl_handle=0xb400f3950e406380 match=0a11 multicast=0
03-17 18:52:57.092  2238  2238 D wpa_supplicant: nl80211: Register frame type=0xd0 (WLAN_FC_STYPE_ACTION) nl_handle=0xb400f3950e406380 match=0a0b multicast=0
03-17 18:52:57.092   582  3616 E WifiHAL : Invalid data received from driver
03-17 18:52:57.092  2238  2238 D wpa_supplicant: nl80211: Register frame type=0xd0 (WLAN_FC_STYPE_ACTION) nl_handle=0xb400f3950e406380 match=0a1a multicast=0
03-17 18:52:57.092  2238  2238 D wpa_supplicant: nl80211: Register frame type=0xd0 (WLAN_FC_STYPE_ACTION) nl_handle=0xb400f3950e406380 match=1101 multicast=0
03-17 18:52:57.092  2238  2238 D wpa_supplicant: nl80211: Register frame type=0xd0 (WLAN_FC_STYPE_ACTION) nl_handle=0xb400f3950e406380 match=1102 multicast=0
03-17 18:52:57.092  2238  2238 D wpa_supplicant: nl80211: Register frame type=0xd0 (WLAN_FC_STYPE_ACTION) nl_handle=0xb400f3950e406380 match=0505 multicast=0
03-17 18:52:57.092  2238  2238 D wpa_supplicant: nl80211: Register frame type=0xd0 (WLAN_FC_STYPE_ACTION) nl_handle=0xb400f3950e406380 match=0500 multicast=0
03-17 18:52:57.092  2238  2238 D wpa_supplicant: nl80211: Register frame type=0xd0 (WLAN_FC_STYPE_ACTION) nl_handle=0xb400f3950e406380 match=1301 multicast=0
03-17 18:52:57.093  2238  2238 D wpa_supplicant: nl80211: Register frame type=0xd0 (WLAN_FC_STYPE_ACTION) nl_handle=0xb400f3950e406380 match=1305 multicast=0
03-17 18:52:57.093  2238  2238 D wpa_supplicant: nl80211: Register frame type=0xd0 (WLAN_FC_STYPE_ACTION) nl_handle=0xb400f3950e406380 match=7e506f9a1a multicast=0
03-17 18:52:57.093  2238  2238 D wpa_supplicant: nl80211: Key management set PSK
03-17 18:52:57.093  2238  2238 D wpa_supplicant: nl80211: Connect (ifindex=26)
03-17 18:52:57.093  2238  2238 D wpa_supplicant:   * bssid_hint=80:af:ca:b5:6c:60
03-17 18:52:57.093  2238  2238 D wpa_supplicant:   * freq_hint=2412
03-17 18:52:57.093  2238  2238 D wpa_supplicant:   * SSID=Cudy-6C60
03-17 18:52:57.093  2238  2238 D wpa_supplicant:   * IEs - hexdump(len=53): 30 14 01 00 00 0f ac 04 01 00 00 0f ac 04 01 00 00 0f ac 02 8c 00 7f 0b 00 00 0a 02 00 40 40 00 ...
03-17 18:52:57.093  2238  2238 D wpa_supplicant:   * WPA Versions 0x2
03-17 18:52:57.093  2238  2238 D wpa_supplicant:   * pairwise=0xfac04
03-17 18:52:57.093  2238  2238 D wpa_supplicant:   * group=0xfac04
03-17 18:52:57.093  2238  2238 D wpa_supplicant:   * akm[0]=0xfac02
03-17 18:52:57.093  2238  2238 D wpa_supplicant:   * akm[1]=0xfac06
03-17 18:52:57.093  2238  2238 D wpa_supplicant:   * Auth Type 0
03-17 18:52:57.093   582  3616 E WifiHAL : Invalid data received from driver
03-17 18:52:57.093   582  3616 E WifiHAL : Invalid data received from driver
03-17 18:52:57.093   582  3616 E WifiHAL : Invalid data received from driver
03-17 18:52:57.093   903  1251 D WifiClientModeImpl[72500:wlan0]: sendNetworkChangeBroadcast oldState=DISCONNECTED newState=CONNECTING hidden=false
03-17 18:52:57.094   903  1251 D WifiClientModeImpl[72500:wlan0]: Queueing broadcast=NETWORK_STATE_CHANGED_ACTION networkAgentState=CONNECTING
03-17 18:52:57.094   582  3616 E WifiHAL : Invalid data received from driver
03-17 18:52:57.094   903  1251 I WifiActiveModeWarden: Sending onWifiNetworkStateChanged cmmRole=1 state=3
03-17 18:52:57.094   582  3616 E WifiHAL : Invalid data received from driver
03-17 18:52:57.094   903  1251 D WifiClientModeImpl: Sending broadcast=NETWORK_STATE_CHANGED_ACTION networkAgentState=CONNECTING
03-17 18:52:57.094   582  3616 E WifiHAL : Invalid data received from driver
03-17 18:52:57.094   903  1251 W ContextImpl: Calling a method in the system process without a qualified user: android.app.ContextImpl.sendStickyBroadcast:1626 com.android.server.wifi.ClientModeImpl.sendNetworkChangeBroadcast:3008 com.android.server.wifi.ClientModeImpl.lambda$sendNetworkChangeBroadcastWithCurrentState$14:2985 com.android.server.wifi.ClientModeImpl.$r8$lambda$q-j88Pjw4gROgoJFr8wBlBVbuJI:0 com.android.server.wifi.ClientModeImpl$$ExternalSyntheticLambda4.send:0 
03-17 18:52:57.095  2238  2238 D wpa_supplicant: nl80211: Connect request send successfully
03-17 18:52:57.096   903  1251 D WifiScoreCard: Changing state to ASSOCIATING SSID: <unknown ssid>, BSSID: <none>, MAC: 88:e0:34:b7:61:31, IP: null, Security type: -1, Supplicant state: DISCONNECTED, Wi-Fi standard: 4, RSSI: -127, Link speed: -1Mbps, Tx Link speed: -1Mbps, Max Supported Tx Link speed: -1Mbps, Rx Link speed: -1Mbps, Max Supported Rx Link speed: -1Mbps, Frequency: -1MHz, Net ID: -1, Metered hint: false, score: 0, isUsable: true, CarrierMerged: false, SubscriptionId: -1, IsPrimary: 0, Trusted: false, Restricted: false, Ephemeral: false, OEM paid: false, OEM private: false, OSU AP: false, FQDN: <none>, Provider friendly name: <none>, Requesting package name: <none><none>MLO Information: , Is TID-To-Link negotiation supported by the AP: false, AP MLD Address: <none>, AP MLO Link Id: <none>, AP MLO Affiliated links: <none>
03-17 18:52:57.096  2238  2238 D wpa_supplicant: wlan0: Setting authentication timeout: 10 sec 0 usec
03-17 18:52:57.096  2238  2238 D wpa_supplicant: EAPOL: External notification - EAP success=0
03-17 18:52:57.096  2238  2238 D wpa_supplicant: EAPOL: External notification - EAP fail=0
03-17 18:52:57.096  2238  2238 D wpa_supplicant: EAPOL: External notification - portControl=Auto
03-17 18:52:57.097   903  1251 I WifiClientModeImpl[72500:wlan0]: Update current security type to 2
03-17 18:52:57.097   903  1251 D WifiScoreCard: ifaceName=wlan0,wifiInfo=SSID: "Cudy-6C60", BSSID: 80:af:ca:b5:6c:60, MAC: 88:e0:34:b7:61:31, IP: null, Security type: 2, Supplicant state: ASSOCIATING, Wi-Fi standard: 4, RSSI: -127, Link speed: -1Mbps, Tx Link speed: -1Mbps, Max Supported Tx Link speed: -1Mbps, Rx Link speed: -1Mbps, Max Supported Rx Link speed: -1Mbps, Frequency: 2412MHz, Net ID: 0, Metered hint: false, score: 0, isUsable: true, CarrierMerged: false, SubscriptionId: -1, IsPrimary: 1, Trusted: true, Restricted: false, Ephemeral: false, OEM paid: false, OEM private: false, OSU AP: false, FQDN: <none>, Provider friendly name: <none>, Requesting package name: <none><none>MLO Information: , Is TID-To-Link negotiation supported by the AP: false, AP MLD Address: <none>, AP MLO Link Id: <none>, AP MLO Affiliated links: <none>
03-17 18:52:57.097   582  3616 E WifiHAL : Invalid data received from driver
03-17 18:52:57.097   582  3616 E WifiHAL : Invalid data received from driver
03-17 18:52:57.097   582  3616 E WifiHAL : Invalid data received from driver
03-17 18:52:57.097   582  3616 E WifiHAL : Invalid data received from driver
03-17 18:52:57.097   582  3616 E WifiHAL : Invalid data received from driver
03-17 18:52:57.097  4321  4321 D nearby  : P2pChannelSM:onReceive: android.net.wifi.STATE_CHANGE
03-17 18:52:57.098   903  1251 D WifiClientModeImpl[72500:wlan0]: ConnectingOrConnectedState: Supplicant State change  ssid: "Cudy-6C60" bssid: 80:af:ca:b5:6c:60 nid: 0 frequencyMhz: 0 state: ASSOCIATING
03-17 18:52:57.099   903  1251 D WifiClientModeImpl[72500:wlan0]:  ClientModeImpl$ConnectingOrConnectedState screen=on 0 0 ssid: "Cudy-6C60" bssid: 80:af:ca:b5:6c:60 nid: 0 frequencyMhz: 0 state: ASSOCIATING
03-17 18:52:57.099   903  1251 D SupplicantStateTracker[wlan0]: DefaultState{ when=-9ms what=147462 obj= ssid: "Cudy-6C60" bssid: 80:af:ca:b5:6c:60 nid: 0 frequencyMhz: 0 state: ASSOCIATING target=com.android.wifi.x.com.android.internal.util.StateMachine$SmHandler }
03-17 18:52:57.100   903  1251 D SupplicantStateTracker: Queuing broadcast=SUPPLICANT_STATE_CHANGED_ACTION state=ASSOCIATING failedAuth=false reasonCode=0
03-17 18:52:57.100   903  1251 D SupplicantStateTracker: Sending broadcast=SUPPLICANT_STATE_CHANGED_ACTION state=ASSOCIATING failedAuth=false reasonCode=0
03-17 18:52:57.100  8377  8377 I CnsCarApp-WlanFragment: onReceive: wifi NetworkInfo state: CONNECTING
03-17 18:52:57.100  8377  8377 I CnsCarApp-WlanFragment: networkInfo detailed state: CONNECTING
03-17 18:52:57.100  8377  8377 I CnsCarApp-WlanFragment: NetwrorkInfo: Connecting
03-17 18:52:57.100  1763  1763 D BroadcastRefreshStrategy: action = android.net.wifi.STATE_CHANGE
03-17 18:52:57.101   903  1251 D SupplicantStateTracker[wlan0]: Supplicant state: ASSOCIATING
03-17 18:52:57.102   903  1251 D SupplicantStateTracker[wlan0]: HandshakeState
03-17 18:52:57.102  8377  8377 I CnsCarApp-WlanFragment: onReceive: wifi state: ASSOCIATING
03-17 18:52:57.102   903  8999 D AudioTrack: stop(39): prior state:STATE_ACTIVE
03-17 18:52:57.107   582  3616 E WifiHAL : Invalid data received from driver
01-01 08:01:52.255   709   709 E [schedu][0x69e880e][10:52:57.105269] qcn7605: [709:E:CMN_MLME] target_if_vdev_mgr_stop_response_handler: PSOC_0 VDEV_1: VDE MGR RSP Timer stop failed
03-17 18:52:57.112  2383  2600 D AdayoDoipServer294_Doip: [ne_doip_event_loop_dispatch][line:141] : count = 0
03-17 18:52:57.118   903  1754 I WifiService: getMatchingPasspointConfigurations uid=1000
03-17 18:52:57.120   903  1754 I WifiService: getMatchingOsuProviders uid=1000
03-17 18:52:57.121   903  1754 I WifiService: getMatchingPasspointConfigsForOsuProviders uid=1000
03-17 18:52:57.124  6654  6700 D TimerTriggerManager: init instance...
03-17 18:52:57.124  6654  6700 D TimerTriggerManager: Timer thread'TimerTriggerManager' is destroyed: false
03-17 18:52:57.124  6654  6700 D TimerTriggerManager: Timer 'onIndcnVehSpdChanged' is running: true
03-17 18:52:57.124  6654  6700 D TimerTriggerManager: Sending reset signal to timer 'onIndcnVehSpdChanged'
03-17 18:52:57.125  6654  6700 D TimerTriggerManager: Reset signal sent to timer 'onIndcnVehSpdChanged'
03-17 18:52:57.125  6654  6707 D TimerTriggerController: Reset method called for timer: onIndcnVehSpdChanged
03-17 18:52:57.125  6654  6707 D TimerTriggerController: Calling onTimerReset for timer: onIndcnVehSpdChanged
03-17 18:52:57.125  6654  6707 D TimerTriggerManager: Timer reset: onIndcnVehSpdChanged
03-17 18:52:57.125  6654  6707 I TimerTriggerController: Timer [onIndcnVehSpdChanged] reset, remaining: 1000ms, reset count: 630
03-17 18:52:57.126  6654  6700 D TimerTriggerManager: init instance...
03-17 18:52:57.126  6654  6700 D TimerTriggerManager: Timer thread'TimerTriggerManager' is destroyed: false
03-17 18:52:57.126  6654  6700 D TimerTriggerManager: Timer 'onMntnWarnReqChanged' is running: true
03-17 18:52:57.126  6654  6700 D TimerTriggerManager: Sending reset signal to timer 'onMntnWarnReqChanged'
03-17 18:52:57.126  6654  6700 D TimerTriggerManager: Reset signal sent to timer 'onMntnWarnReqChanged'
03-17 18:52:57.127  6654  6707 D TimerTriggerController: Reset method called for timer: onMntnWarnReqChanged
03-17 18:52:57.127  6654  6707 D TimerTriggerController: Calling onTimerReset for timer: onMntnWarnReqChanged
03-17 18:52:57.127  6654  6707 D TimerTriggerManager: Timer reset: onMntnWarnReqChanged
03-17 18:52:57.127  6654  6707 I TimerTriggerController: Timer [onMntnWarnReqChanged] reset, remaining: 5000ms, reset count: 315
03-17 18:52:57.139   642   685 I mcuc    : sd Uart data : 6AA6020425000292023F
03-17 18:52:57.144   642   685 I mcuc    : rev uart=1123,len=21, data : 6AA6810425000D92020008000000000000000001AC
03-17 18:52:57.145   400   892 D adayocomadapter-ParseProtocolFunc: printRaWMsg Name[MCUToUPstream recv] len[13] data[92020008000000000000000001]
03-17 18:52:57.145   400   892 D adayocomadapter-CommunicationManager: onUpstreamback   member[0] dataLength[10] timePoint[111092]
03-17 18:52:57.145   400   892 D adayocomadapter-ParseProtocolFunc: printRaWMsg Name[onUpstreamback] len[10] data[08000000000000000001]
03-17 18:52:57.145   400   452 D adayocomadapter-UpstreamHandler: processBeforePacket upSreamtProcessTimePoint[111092] 
03-17 18:52:57.145   400   452 D adayocomadapter-UpstreamHandler: processPacket UPSTREAM_QUEUE_DATA_TIMEOUT
03-17 18:52:57.145   400   452 D adayocomadapter-ParseProtocolFunc: parseCommonIPCLBytes Processing tableNumber[8]
03-17 18:52:57.145   400   452 D adayocomadapter-ParseProtocolFunc: parseCommonIPCLBytes Processing tablename[Table-8] tableSize[10]
03-17 18:52:57.145   400   452 D adayocomadapter-ParseProtocolFunc: printRaWMsg Name[byteStream recv] len[10] data[08000000000000000001]
03-17 18:52:57.145   400   452 D adayocomadapter-ParseProtocolFunc: printRaWMsg Name[IPCLtoVHAL] len[8] data[2141208F01010000]
03-17 18:52:57.145   400   452 D adayocomadapter-ParseProtocolFunc: printRaWMsg Name[IPCLtoVHAL] len[8] data[2141209001010000]
03-17 18:52:57.145   400   452 D adayocomadapter-ParseProtocolFunc: printRaWMsg Name[IPCLtoVHAL] len[8] data[2141209101010000]
03-17 18:52:57.145   400   452 D adayocomadapter-ParseProtocolFunc: printRaWMsg Name[IPCLtoVHAL] len[8] data[2141209201010000]
03-17 18:52:57.145   400   452 D adayocomadapter-CommunicationManager: onUpstreamReceive isLoss 1 mPropertyId 0x2141208f
03-17 18:52:57.145   400   452 D vw-vhal : notifyVehicleProperty, propId = 0x2141208f, data = {status: 3, int32Values: [0, 0]}
03-17 18:52:57.145   400   452 I DefaultVehicleHal_v2_0: DefaultVehicleHal::onPropertyValue, value:{.timestamp = 111093053011, .areaId = 0, .prop = 557916303, .status = UNAVAILABLE, .value = {.int32Values = [2]{0, 0}, .floatValues = [0]{}, .int64Values = [0]{}, .bytes = [0]{}, .stringValue = ""}}
03-17 18:52:57.145   400   452 D adayocomadapter-CommunicationManager: onUpstreamReceive mPropertyId 0x2141208f
03-17 18:52:57.145   400   452 D adayocomadapter-CommunicationManager: onUpstreamReceive isLoss 1 mPropertyId 0x21412090
03-17 18:52:57.145   400   452 D vw-vhal : notifyVehicleProperty, propId = 0x21412090, data = {status: 3, int32Values: [0, 0]}
03-17 18:52:57.145   400   452 I DefaultVehicleHal_v2_0: DefaultVehicleHal::onPropertyValue, value:{.timestamp = 111093190345, .areaId = 0, .prop = 557916304, .status = UNAVAILABLE, .value = {.int32Values = [2]{0, 0}, .floatValues = [0]{}, .int64Values = [0]{}, .bytes = [0]{}, .stringValue = ""}}
03-17 18:52:57.145   400   452 D adayocomadapter-CommunicationManager: onUpstreamReceive mPropertyId 0x21412090
03-17 18:52:57.145   400   452 D adayocomadapter-CommunicationManager: onUpstreamReceive isLoss 1 mPropertyId 0x21412091
03-17 18:52:57.145   400   452 D vw-vhal : notifyVehicleProperty, propId = 0x21412091, data = {status: 3, int32Values: [0, 0]}
03-17 18:52:57.145   400   452 I DefaultVehicleHal_v2_0: DefaultVehicleHal::onPropertyValue, value:{.timestamp = 111093303678, .areaId = 0, .prop = 557916305, .status = UNAVAILABLE, .value = {.int32Values = [2]{0, 0}, .floatValues = [0]{}, .int64Values = [0]{}, .bytes = [0]{}, .stringValue = ""}}
03-17 18:52:57.145   400   452 D adayocomadapter-CommunicationManager: onUpstreamReceive mPropertyId 0x21412091
03-17 18:52:57.145   400   452 D adayocomadapter-CommunicationManager: onUpstreamReceive isLoss 1 mPropertyId 0x21412092
03-17 18:52:57.145   400   452 D vw-vhal : notifyVehicleProperty, propId = 0x21412092, data = {status: 3, int32Values: [0, 0]}
03-17 18:52:57.145   400   452 I DefaultVehicleHal_v2_0: DefaultVehicleHal::onPropertyValue, value:{.timestamp = 111093398345, .areaId = 0, .prop = 557916306, .status = UNAVAILABLE, .value = {.int32Values = [2]{0, 0}, .floatValues = [0]{}, .int64Values = [0]{}, .bytes = [0]{}, .stringValue = ""}}
03-17 18:52:57.145   400   452 D adayocomadapter-CommunicationManager: onUpstreamReceive mPropertyId 0x21412092
03-17 18:52:57.153  8377  8543 D WifiTracker: ------ Dumping AccessPoints that were not seen on this scan ------
03-17 18:52:57.153  8377  8543 D WifiTracker: ---- Done dumping AccessPoints that were not seen on this scan ----
03-17 18:52:57.153  8377  8377 I WifiTracker: Invoking onAccessPointsChanged callback
03-17 18:52:57.154   903  1754 I WifiService: getScanResults uid=1000
03-17 18:52:57.154   903  1180 I WifiService: getWifiEnabledState uid=1000 state=3
03-17 18:52:57.155  8377  8491 I CarWifiManager: AccessPoint Cudy-6C60, isReachable: true
03-17 18:52:57.155  8377  8491 I CarWifiManager: AccessPoint Cudy-6C60-5G, isReachable: true
03-17 18:52:57.155  8377  8491 I CarWifiManager: AccessPoint ChinaNet-D9B9E4-5G, isReachable: true
03-17 18:52:57.155  8377  8491 I CarWifiManager: AccessPoint DEEPAL, isReachable: true
03-17 18:52:57.155  8377  8491 I CarWifiManager: AccessPoint HONOR 100, isReachable: true
03-17 18:52:57.155  8377  8491 I CarWifiManager: AccessPoint TP-LINK_CAR, isReachable: true
03-17 18:52:57.155  8377  8491 I CarWifiManager: AccessPoint AndroidAP_4071, isReachable: true
03-17 18:52:57.155  8377  8491 I CarWifiManager: AccessPoint AndroidAP_5418, isReachable: true
03-17 18:52:57.155  8377  8491 I CarWifiManager: AccessPoint AndroidAP_6881, isReachable: true
03-17 18:52:57.155  8377  8491 I CarWifiManager: AccessPoint AndroidAP_7437, isReachable: true
03-17 18:52:57.155  8377  8491 I CarWifiManager: AccessPoint AndroidAuto_5G, isReachable: true
03-17 18:52:57.155  8377  8491 I CarWifiManager: AccessPoint TP-LINK_45A7, isReachable: true
03-17 18:52:57.155  8377  8491 I CarWifiManager: AccessPoint TP-LINK_APP, isReachable: true
03-17 18:52:57.155  8377  8491 I CarWifiManager: AccessPoint TP-LINK_DE9B, isReachable: true
03-17 18:52:57.155  8377  8491 I CarWifiManager: AccessPoint Adayo-CW, isReachable: true
03-17 18:52:57.155  8377  8491 I CarWifiManager: AccessPoint ADAYOGE FangKe, isReachable: true
03-17 18:52:57.155  8377  8491 I CarWifiManager: AccessPoint ADAYOGE WiFi, isReachable: true
03-17 18:52:57.155  8377  8491 I CarWifiManager: AccessPoint AKALMING, isReachable: true
03-17 18:52:57.155  8377  8491 I CarWifiManager: AccessPoint AndroidAP_3590, isReachable: true
03-17 18:52:57.155  8377  8491 I CarWifiManager: AccessPoint AndroidAP_5614, isReachable: true
03-17 18:52:57.155  8377  8491 I CarWifiManager: AccessPoint FL-5G-1497, isReachable: true
03-17 18:52:57.155  8377  8491 I CarWifiManager: AccessPoint FX_2415, isReachable: true
03-17 18:52:57.155  8377  8491 I CarWifiManager: AccessPoint FX_8833, isReachable: true
03-17 18:52:57.155  8377  8491 I CarWifiManager: AccessPoint iPhone 13 Pro, isReachable: true
03-17 18:52:57.155  8377  8491 I CarWifiManager: AccessPoint JETTA WLAN 001, isReachable: true
03-17 18:52:57.155  8377  8491 I CarWifiManager: AccessPoint ProductPro, isReachable: true
03-17 18:52:57.155  8377  8491 I CarWifiManager: AccessPoint TP-LINK_3AFA, isReachable: true
03-17 18:52:57.155  8377  8491 I CarWifiManager: AccessPoint TP-LINK_E6B8, isReachable: true
03-17 18:52:57.155  8377  8491 I CarWifiManager: AccessPoint Xiaomi 14, isReachable: true
03-17 18:52:57.155  8377  8491 I CarWifiManager: AccessPoint ZTE_3DA119, isReachable: true
03-17 18:52:57.155  8377  8491 I CarWifiManager: AccessPoint ABCDEFG, isReachable: true
03-17 18:52:57.155  8377  8491 I CarWifiManager: AccessPoint ADAYOGE-HK, isReachable: true
03-17 18:52:57.155  8377  8491 I CarWifiManager: AccessPoint AndroidAP_2884, isReachable: true
03-17 18:52:57.155  8377  8491 I CarWifiManager: AccessPoint DIRECT-ea84-1590, isReachable: true
03-17 18:52:57.155  8377  8491 I CarWifiManager: AccessPoint HUAWEI_B316_9AF2_5G, isReachable: true
03-17 18:52:57.155  8377  8491 I CarWifiManager: AccessPoint nidewifi-5G, isReachable: true
03-17 18:52:57.155  8377  8491 I CarWifiManager: AccessPoint Tony’s 20phone, isReachable: true
03-17 18:52:57.155  8377  8491 I CarWifiManager: AccessPoint TP_KK, isReachable: true
03-17 18:52:57.155  8377  8491 W SettingsLib.AccessPoint: NetworkInfo is null, cannot return detailed state
03-17 18:52:57.155  8377  8491 I AccessPoint: AccessPoint: Cudy-6C60, detailed state: null, isReachable: true
03-17 18:52:57.155  8377  8491 W SettingsLib.AccessPoint: NetworkInfo is null, cannot return detailed state
03-17 18:52:57.155  8377  8491 W SettingsLib.AccessPoint: NetworkInfo is null, cannot return detailed state
03-17 18:52:57.155  8377  8491 I AccessPoint: AccessPoint: Cudy-6C60-5G, detailed state: null, isReachable: true
03-17 18:52:57.155  8377  8491 W SettingsLib.AccessPoint: NetworkInfo is null, cannot return detailed state
03-17 18:52:57.155  8377  8491 W SettingsLib.AccessPoint: NetworkInfo is null, cannot return detailed state
03-17 18:52:57.155  8377  8491 I AccessPoint: AccessPoint: ChinaNet-D9B9E4-5G, detailed state: null, isReachable: true
03-17 18:52:57.155  8377  8491 W SettingsLib.AccessPoint: NetworkInfo is null, cannot return detailed state
03-17 18:52:57.155  8377  8491 W SettingsLib.AccessPoint: NetworkInfo is null, cannot return detailed state
03-17 18:52:57.156  8377  8491 I AccessPoint: AccessPoint: DEEPAL, detailed state: null, isReachable: true
03-17 18:52:57.156  8377  8491 W SettingsLib.AccessPoint: NetworkInfo is null, cannot return detailed state
03-17 18:52:57.156  8377  8491 W SettingsLib.AccessPoint: NetworkInfo is null, cannot return detailed state
03-17 18:52:57.156  8377  8491 I AccessPoint: AccessPoint: HONOR 100, detailed state: null, isReachable: true
03-17 18:52:57.156  8377  8491 W SettingsLib.AccessPoint: NetworkInfo is null, cannot return detailed state
03-17 18:52:57.156  8377  8491 W SettingsLib.AccessPoint: NetworkInfo is null, cannot return detailed state
03-17 18:52:57.156  8377  8491 I AccessPoint: AccessPoint: TP-LINK_CAR, detailed state: null, isReachable: true
03-17 18:52:57.156  8377  8491 W SettingsLib.AccessPoint: NetworkInfo is null, cannot return detailed state
03-17 18:52:57.156  8377  8491 W SettingsLib.AccessPoint: NetworkInfo is null, cannot return detailed state
03-17 18:52:57.156  8377  8491 I AccessPoint: AccessPoint: AndroidAP_4071, detailed state: null, isReachable: true
03-17 18:52:57.156  8377  8491 W SettingsLib.AccessPoint: NetworkInfo is null, cannot return detailed state
03-17 18:52:57.156  8377  8491 W SettingsLib.AccessPoint: NetworkInfo is null, cannot return detailed state
03-17 18:52:57.156  8377  8491 I AccessPoint: AccessPoint: AndroidAP_5418, detailed state: null, isReachable: true
03-17 18:52:57.156  8377  8491 W SettingsLib.AccessPoint: NetworkInfo is null, cannot return detailed state
03-17 18:52:57.156  8377  8491 W SettingsLib.AccessPoint: NetworkInfo is null, cannot return detailed state
03-17 18:52:57.156  8377  8491 I AccessPoint: AccessPoint: AndroidAP_6881, detailed state: null, isReachable: true
03-17 18:52:57.156  8377  8491 W SettingsLib.AccessPoint: NetworkInfo is null, cannot return detailed state
03-17 18:52:57.156  8377  8491 W SettingsLib.AccessPoint: NetworkInfo is null, cannot return detailed state
03-17 18:52:57.156  8377  8491 I AccessPoint: AccessPoint: AndroidAP_7437, detailed state: null, isReachable: true
03-17 18:52:57.156  8377  8491 W SettingsLib.AccessPoint: NetworkInfo is null, cannot return detailed state
03-17 18:52:57.156  8377  8491 W SettingsLib.AccessPoint: NetworkInfo is null, cannot return detailed state
03-17 18:52:57.156  8377  8491 I AccessPoint: AccessPoint: AndroidAuto_5G, detailed state: null, isReachable: true
03-17 18:52:57.156  8377  8491 W SettingsLib.AccessPoint: NetworkInfo is null, cannot return detailed state
03-17 18:52:57.156  8377  8491 W SettingsLib.AccessPoint: NetworkInfo is null, cannot return detailed state
03-17 18:52:57.156  8377  8491 I AccessPoint: AccessPoint: TP-LINK_45A7, detailed state: null, isReachable: true
03-17 18:52:57.156  8377  8491 W SettingsLib.AccessPoint: NetworkInfo is null, cannot return detailed state
03-17 18:52:57.156  8377  8491 W SettingsLib.AccessPoint: NetworkInfo is null, cannot return detailed state
03-17 18:52:57.156  8377  8491 I AccessPoint: AccessPoint: TP-LINK_APP, detailed state: null, isReachable: true
03-17 18:52:57.156  8377  8491 W SettingsLib.AccessPoint: NetworkInfo is null, cannot return detailed state
03-17 18:52:57.156  8377  8491 W SettingsLib.AccessPoint: NetworkInfo is null, cannot return detailed state
03-17 18:52:57.156  8377  8491 I AccessPoint: AccessPoint: TP-LINK_DE9B, detailed state: null, isReachable: true
03-17 18:52:57.156  8377  8491 W SettingsLib.AccessPoint: NetworkInfo is null, cannot return detailed state
03-17 18:52:57.156  8377  8491 W SettingsLib.AccessPoint: NetworkInfo is null, cannot return detailed state
03-17 18:52:57.156  8377  8491 I AccessPoint: AccessPoint: Adayo-CW, detailed state: null, isReachable: true
03-17 18:52:57.156  8377  8491 W SettingsLib.AccessPoint: NetworkInfo is null, cannot return detailed state
03-17 18:52:57.156  8377  8491 W SettingsLib.AccessPoint: NetworkInfo is null, cannot return detailed state
03-17 18:52:57.156  8377  8491 I AccessPoint: AccessPoint: ADAYOGE FangKe, detailed state: null, isReachable: true
03-17 18:52:57.156  8377  8491 W SettingsLib.AccessPoint: NetworkInfo is null, cannot return detailed state
03-17 18:52:57.156  8377  8491 W SettingsLib.AccessPoint: NetworkInfo is null, cannot return detailed state
03-17 18:52:57.156  8377  8491 I AccessPoint: AccessPoint: ADAYOGE WiFi, detailed state: null, isReachable: true
03-17 18:52:57.156  8377  8491 W SettingsLib.AccessPoint: NetworkInfo is null, cannot return detailed state
03-17 18:52:57.156  8377  8491 W SettingsLib.AccessPoint: NetworkInfo is null, cannot return detailed state
03-17 18:52:57.156  8377  8491 I AccessPoint: AccessPoint: AKALMING, detailed state: null, isReachable: true
03-17 18:52:57.156  8377  8491 W SettingsLib.AccessPoint: NetworkInfo is null, cannot return detailed state
03-17 18:52:57.156  8377  8491 W SettingsLib.AccessPoint: NetworkInfo is null, cannot return detailed state
03-17 18:52:57.156  8377  8491 I AccessPoint: AccessPoint: AndroidAP_3590, detailed state: null, isReachable: true
03-17 18:52:57.156  8377  8491 W SettingsLib.AccessPoint: NetworkInfo is null, cannot return detailed state
03-17 18:52:57.156  8377  8491 W SettingsLib.AccessPoint: NetworkInfo is null, cannot return detailed state
03-17 18:52:57.156  8377  8491 I AccessPoint: AccessPoint: AndroidAP_5614, detailed state: null, isReachable: true
03-17 18:52:57.156  8377  8491 W SettingsLib.AccessPoint: NetworkInfo is null, cannot return detailed state
03-17 18:52:57.156  8377  8491 W SettingsLib.AccessPoint: NetworkInfo is null, cannot return detailed state
03-17 18:52:57.156  8377  8491 I AccessPoint: AccessPoint: FL-5G-1497, detailed state: null, isReachable: true
03-17 18:52:57.156  8377  8491 W SettingsLib.AccessPoint: NetworkInfo is null, cannot return detailed state
03-17 18:52:57.156  8377  8491 W SettingsLib.AccessPoint: NetworkInfo is null, cannot return detailed state
03-17 18:52:57.156  8377  8491 I AccessPoint: AccessPoint: FX_2415, detailed state: null, isReachable: true
03-17 18:52:57.157  8377  8491 W SettingsLib.AccessPoint: NetworkInfo is null, cannot return detailed state
03-17 18:52:57.157  8377  8491 W SettingsLib.AccessPoint: NetworkInfo is null, cannot return detailed state
03-17 18:52:57.157  8377  8491 I AccessPoint: AccessPoint: FX_8833, detailed state: null, isReachable: true
03-17 18:52:57.157  8377  8491 W SettingsLib.AccessPoint: NetworkInfo is null, cannot return detailed state
03-17 18:52:57.157  8377  8491 W SettingsLib.AccessPoint: NetworkInfo is null, cannot return detailed state
03-17 18:52:57.157  8377  8491 I AccessPoint: AccessPoint: iPhone 13 Pro, detailed state: null, isReachable: true
03-17 18:52:57.157  8377  8491 W SettingsLib.AccessPoint: NetworkInfo is null, cannot return detailed state
03-17 18:52:57.157  8377  8491 W SettingsLib.AccessPoint: NetworkInfo is null, cannot return detailed state
03-17 18:52:57.157  8377  8491 I AccessPoint: AccessPoint: JETTA WLAN 001, detailed state: null, isReachable: true
03-17 18:52:57.157  8377  8491 W SettingsLib.AccessPoint: NetworkInfo is null, cannot return detailed state
03-17 18:52:57.157  8377  8491 W SettingsLib.AccessPoint: NetworkInfo is null, cannot return detailed state
03-17 18:52:57.157  8377  8491 I AccessPoint: AccessPoint: ProductPro, detailed state: null, isReachable: true
03-17 18:52:57.157  8377  8491 W SettingsLib.AccessPoint: NetworkInfo is null, cannot return detailed state
03-17 18:52:57.157  8377  8491 W SettingsLib.AccessPoint: NetworkInfo is null, cannot return detailed state
03-17 18:52:57.157  8377  8491 I AccessPoint: AccessPoint: TP-LINK_3AFA, detailed state: null, isReachable: true
03-17 18:52:57.157  8377  8491 W SettingsLib.AccessPoint: NetworkInfo is null, cannot return detailed state
03-17 18:52:57.157  8377  8491 W SettingsLib.AccessPoint: NetworkInfo is null, cannot return detailed state
03-17 18:52:57.157  8377  8491 I AccessPoint: AccessPoint: TP-LINK_E6B8, detailed state: null, isReachable: true
03-17 18:52:57.157  8377  8491 W SettingsLib.AccessPoint: NetworkInfo is null, cannot return detailed state
03-17 18:52:57.157  8377  8491 W SettingsLib.AccessPoint: NetworkInfo is null, cannot return detailed state
03-17 18:52:57.157  8377  8491 I AccessPoint: AccessPoint: Xiaomi 14, detailed state: null, isReachable: true
03-17 18:52:57.157  8377  8491 W SettingsLib.AccessPoint: NetworkInfo is null, cannot return detailed state
03-17 18:52:57.157  8377  8491 W SettingsLib.AccessPoint: NetworkInfo is null, cannot return detailed state
03-17 18:52:57.157  8377  8491 I AccessPoint: AccessPoint: ZTE_3DA119, detailed state: null, isReachable: true
03-17 18:52:57.157  8377  8491 W SettingsLib.AccessPoint: NetworkInfo is null, cannot return detailed state
03-17 18:52:57.157  8377  8491 W SettingsLib.AccessPoint: NetworkInfo is null, cannot return detailed state
03-17 18:52:57.157  8377  8491 I AccessPoint: AccessPoint: ABCDEFG, detailed state: null, isReachable: true
03-17 18:52:57.157  8377  8491 W SettingsLib.AccessPoint: NetworkInfo is null, cannot return detailed state
03-17 18:52:57.157  8377  8491 W SettingsLib.AccessPoint: NetworkInfo is null, cannot return detailed state
03-17 18:52:57.157  8377  8491 I AccessPoint: AccessPoint: ADAYOGE-HK, detailed state: null, isReachable: true
03-17 18:52:57.157  8377  8491 W SettingsLib.AccessPoint: NetworkInfo is null, cannot return detailed state
03-17 18:52:57.157  8377  8491 W SettingsLib.AccessPoint: NetworkInfo is null, cannot return detailed state
03-17 18:52:57.157  8377  8491 I AccessPoint: AccessPoint: AndroidAP_2884, detailed state: null, isReachable: true
03-17 18:52:57.157  8377  8491 W SettingsLib.AccessPoint: NetworkInfo is null, cannot return detailed state
03-17 18:52:57.157  8377  8491 W SettingsLib.AccessPoint: NetworkInfo is null, cannot return detailed state
03-17 18:52:57.157  8377  8491 I AccessPoint: AccessPoint: DIRECT-ea84-1590, detailed state: null, isReachable: true
03-17 18:52:57.157  8377  8491 W SettingsLib.AccessPoint: NetworkInfo is null, cannot return detailed state
03-17 18:52:57.157  8377  8491 W SettingsLib.AccessPoint: NetworkInfo is null, cannot return detailed state
03-17 18:52:57.157  8377  8491 I AccessPoint: AccessPoint: HUAWEI_B316_9AF2_5G, detailed state: null, isReachable: true
03-17 18:52:57.157  8377  8491 W SettingsLib.AccessPoint: NetworkInfo is null, cannot return detailed state
03-17 18:52:57.157  8377  8491 W SettingsLib.AccessPoint: NetworkInfo is null, cannot return detailed state
03-17 18:52:57.157  8377  8491 I AccessPoint: AccessPoint: nidewifi-5G, detailed state: null, isReachable: true
03-17 18:52:57.157  8377  8491 W SettingsLib.AccessPoint: NetworkInfo is null, cannot return detailed state
03-17 18:52:57.157  8377  8491 W SettingsLib.AccessPoint: NetworkInfo is null, cannot return detailed state
03-17 18:52:57.157  8377  8491 I AccessPoint: AccessPoint: Tony’s 20phone, detailed state: null, isReachable: true
03-17 18:52:57.157  8377  8491 W SettingsLib.AccessPoint: NetworkInfo is null, cannot return detailed state
03-17 18:52:57.157  8377  8491 W SettingsLib.AccessPoint: NetworkInfo is null, cannot return detailed state
03-17 18:52:57.157  8377  8491 I AccessPoint: AccessPoint: TP_KK, detailed state: null, isReachable: true
03-17 18:52:57.157  8377  8491 W SettingsLib.AccessPoint: NetworkInfo is null, cannot return detailed state
03-17 18:52:57.157  8377  8491 I CnsCarApp-WlanRepositoryImpl: No connected access point!!
03-17 18:52:57.157  8377  8491 I CnsCarApp-WlanViewModel: onAccessPointsChanged, connected WIFI: null
03-17 18:52:57.158   903  1754 I WifiService: getWifiEnabledState uid=1000 state=3
03-17 18:52:57.158  8377  8491 I CarWifiManager: AccessPoint Cudy-6C60, isReachable: true
03-17 18:52:57.158  8377  8491 I CarWifiManager: AccessPoint Cudy-6C60-5G, isReachable: true
03-17 18:52:57.158  8377  8491 I CarWifiManager: AccessPoint ChinaNet-D9B9E4-5G, isReachable: true
03-17 18:52:57.158  8377  8491 I CarWifiManager: AccessPoint DEEPAL, isReachable: true
03-17 18:52:57.158  8377  8491 I CarWifiManager: AccessPoint HONOR 100, isReachable: true
03-17 18:52:57.158  8377  8491 I CarWifiManager: AccessPoint TP-LINK_CAR, isReachable: true
03-17 18:52:57.158  8377  8491 I CarWifiManager: AccessPoint AndroidAP_4071, isReachable: true
03-17 18:52:57.158  8377  8491 I CarWifiManager: AccessPoint AndroidAP_5418, isReachable: true
03-17 18:52:57.158  8377  8491 I CarWifiManager: AccessPoint AndroidAP_6881, isReachable: true
03-17 18:52:57.158  8377  8491 I CarWifiManager: AccessPoint AndroidAP_7437, isReachable: true
03-17 18:52:57.158  8377  8491 I CarWifiManager: AccessPoint AndroidAuto_5G, isReachable: true
03-17 18:52:57.158  8377  8491 I CarWifiManager: AccessPoint TP-LINK_45A7, isReachable: true
03-17 18:52:57.158  8377  8491 I CarWifiManager: AccessPoint TP-LINK_APP, isReachable: true
03-17 18:52:57.158  8377  8491 I CarWifiManager: AccessPoint TP-LINK_DE9B, isReachable: true
03-17 18:52:57.158  8377  8491 I CarWifiManager: AccessPoint Adayo-CW, isReachable: true
03-17 18:52:57.158  8377  8491 I CarWifiManager: AccessPoint ADAYOGE FangKe, isReachable: true
03-17 18:52:57.158  8377  8491 I CarWifiManager: AccessPoint ADAYOGE WiFi, isReachable: true
03-17 18:52:57.158  8377  8491 I CarWifiManager: AccessPoint AKALMING, isReachable: true
03-17 18:52:57.158  8377  8491 I CarWifiManager: AccessPoint AndroidAP_3590, isReachable: true
03-17 18:52:57.158  8377  8491 I CarWifiManager: AccessPoint AndroidAP_5614, isReachable: true
03-17 18:52:57.158  8377  8491 I CarWifiManager: AccessPoint FL-5G-1497, isReachable: true
03-17 18:52:57.158  8377  8491 I CarWifiManager: AccessPoint FX_2415, isReachable: true
03-17 18:52:57.158  8377  8491 I CarWifiManager: AccessPoint FX_8833, isReachable: true
03-17 18:52:57.158  8377  8491 I CarWifiManager: AccessPoint iPhone 13 Pro, isReachable: true
03-17 18:52:57.158  8377  8491 I CarWifiManager: AccessPoint JETTA WLAN 001, isReachable: true
03-17 18:52:57.158  8377  8491 I CarWifiManager: AccessPoint ProductPro, isReachable: true
03-17 18:52:57.158  8377  8491 I CarWifiManager: AccessPoint TP-LINK_3AFA, isReachable: true
03-17 18:52:57.158  8377  8491 I CarWifiManager: AccessPoint TP-LINK_E6B8, isReachable: true
03-17 18:52:57.158  8377  8491 I CarWifiManager: AccessPoint Xiaomi 14, isReachable: true
03-17 18:52:57.158  8377  8491 I CarWifiManager: AccessPoint ZTE_3DA119, isReachable: true
03-17 18:52:57.158  8377  8491 I CarWifiManager: AccessPoint ABCDEFG, isReachable: true
03-17 18:52:57.158  8377  8491 I CarWifiManager: AccessPoint ADAYOGE-HK, isReachable: true
03-17 18:52:57.158  8377  8491 I CarWifiManager: AccessPoint AndroidAP_2884, isReachable: true
03-17 18:52:57.158  8377  8491 I CarWifiManager: AccessPoint DIRECT-ea84-1590, isReachable: true
03-17 18:52:57.158  8377  8491 I CarWifiManager: AccessPoint HUAWEI_B316_9AF2_5G, isReachable: true
03-17 18:52:57.158  8377  8491 I CarWifiManager: AccessPoint nidewifi-5G, isReachable: true
03-17 18:52:57.158  8377  8491 I CarWifiManager: AccessPoint Tony’s 20phone, isReachable: true
03-17 18:52:57.158  8377  8491 I CarWifiManager: AccessPoint TP_KK, isReachable: true
03-17 18:52:57.159  8377  8491 W SettingsLib.AccessPoint: NetworkInfo is null, cannot return detailed state
03-17 18:52:57.159  8377  8491 W SettingsLib.AccessPoint: NetworkInfo is null, cannot return detailed state
03-17 18:52:57.159  8377  8543 I WifiTracker: Fetched scan results: [SSID: "Xiaomi 14", BSSID: 56:7e:4b:55:b8:0a, capabilities: [WPA2-PSK-CCMP][RSN-PSK-CCMP][ESS], level: -78, frequency: 5765, timestamp: 103289333, distance: ?(cm), distanceSd: ?(cm), passpoint: no, ChannelBandwidth: 2, centerFreq0: 5775, centerFreq1: 0, standard: 11ac, 80211mcResponder: is not supported, Radio Chain Infos: [RadioChainInfo: id=0, level=-79, RadioChainInfo: id=1, level=-86], interface name: wlan0, SSID: "Adayo-CW", BSSID: 80:ae:54:0e:1b:c3, capabilities: [WPA2-PSK-CCMP][RSN-PSK-CCMP][WPA-PSK-CCMP][ESS], level: -87, frequency: 5240, timestamp: 104182390, distance: ?(cm), distanceSd: ?(cm), passpoint: no, ChannelBandwidth: 3, centerFreq0: 5210, centerFreq1: 5250, standard: 11ax, 80211mcResponder: is not supported, Radio Chain Infos: [RadioChainInfo: id=0, level=-89, RadioChainInfo: id=1, level=-92], interface name: wlan0, SSID: , BSSID: aa:02:db:f9:b9:e5, capabilities: [WPA-PSK-CCMP][WPA2-PSK-CCMP][RSN-PSK-CCMP][ESS], level: -58, frequency: 5260, timestamp: 104446769, distance: ?(cm), distanceSd: ?(cm), passpoint: no, ChannelBandwidth: 2, centerFreq0: 5290, centerFreq1: 0, standard: 11ax, 80211mcResponder: is not supported, Radio Chain Infos: [RadioChainInfo: id=0, level=-59, RadioChainInfo: id=1, level=-66], interface name: wlan0, SSID: "nidewifi-5G", BSSID: 18:47:4d:b4:cd:8f, capabilities: [WPA2-PSK-CCMP][RSN-PSK-CCMP][ESS], level: -91, frequency: 5805, timestamp: 103485484, distance: ?(cm), distanceSd: ?(cm), passpoint: no, ChannelBandwidth: 2, centerFreq0: 5775, centerFreq1: 0, standard: 11ac, 80211mcResponder: is not supported, Radio Chain Infos: [RadioChainInfo: id=0, level=-92, RadioChainInfo: id=1, level=-98], interface name: wlan0, SSID: "Tony’s 20phone", BSSID: fe:95:22:c2:25:70, capabilities: [WPA2-PSK-CCMP][RSN-PSK+SAE-CCMP][ESS][MFPC], level: -93, frequency: 5745, timestamp: 104652566, distance: ?(cm), distanceSd: ?(cm), passpoint: no, ChannelBandwidth: 2, centerFreq0: 5775, centerFreq1: 0, standard: 11ax, 80211mcResponder: is not supported, Radio Chain Infos: [RadioChainInfo: id=0, level=-94, RadioChainInfo: id=1, level=-98], interface name: wlan0, SSID: "TP_KK", BSSID: 94:d9:b3:f9:32:b9, capabilities: [WPA-PSK-CCMP][WPA2-PSK-CCMP][RSN-PSK-CCMP][ESS], level: -90, frequency: 5745, timestamp: 104841662, distance: ?(cm), distanceSd: ?(cm), passpoint: no, ChannelBandwidth: 2, centerFreq0: 5775, centerFreq1: 0, standard: 11ac, 80211mcResponder: is not supported, Radio Chain Infos: [RadioChainInfo: id=0, level=-91, RadioChainInfo: id=1, level=-98], interface name: wlan0, SSID: "TP-LINK_E6B8", BSSID: 74:05:a5:c3:e6:ba, capabilities: [WPA-PSK-CCMP][WPA2-PSK-CCMP][RSN-PSK-CCMP][ESS], level: -86, frequency: 5745, timestamp: 103249304, distance: ?(cm), distanceSd: ?(cm), passpoint: no, ChannelBandwidth: 2, centerFreq0: 5775, centerFreq1: 0, standard: 11ac, 80211mcResponder: is not supported, Radio Chain Infos: [RadioChainInfo: id=0, level=-87, RadioChainInfo: id=1, level=-91], interface name: wlan0, SSID: "AndroidAuto_5G", BSSID: b0:6e:bf:3c:71:dc, capabilities: [WPA2-PSK-CCMP][RSN-PSK-CCMP][ESS], level: -75, frequency: 5745, timestamp: 104826727, distance: ?(cm), distanceSd: ?(cm), passpoint: no, ChannelBandwidth: 2, centerFreq0: 5775, centerFreq1: 0, standard: 11ac, 80211mcResponder: is not supported, Radio Chain Infos: [RadioChainInfo: id=0, level=-78, RadioChainInfo: id=1, level=-77], interface name: wlan0, SSID: "AndroidAP_6881", BSSID: a2:99:17:1e:f6:2d, capabilities: [WPA2-PSK-CCMP][RSN-PSK+SAE-CCMP][ESS][MFPC], level: -76, frequency: 5745, timestamp: 104494571, distance: ?(cm), distanceSd: ?(cm), passpoint: no, ChannelBandwidth: 2, centerFreq0: 5775, centerFreq1: 0, standard: 11ac, 80211mcResponder: is not supported, Radio Chain Infos: [RadioChainInfo: id=0, level=-77, RadioChainInfo: id=1, level=-84], interface name: wlan0, SSID: "Cudy-6C60-5G", BSSID: 82:af:ca:b5:6c:61, capabilities: [WPA2-PSK-CCMP][RSN-PSK-CCMP][ESS], level: -24, frequency: 5180, timestamp: 103747471, distance: ?(cm), distanceSd: ?(cm), passpoint: no, ChannelBand
03-17 18:52:57.160  8377  8491 W SettingsLib.AccessPoint: NetworkInfo is null, cannot return detailed state
03-17 18:52:57.160  8377  8491 W SettingsLib.AccessPoint: NetworkInfo is null, cannot return detailed state
03-17 18:52:57.160  8377  8491 W SettingsLib.AccessPoint: NetworkInfo is null, cannot return detailed state
03-17 18:52:57.160  8377  8491 W SettingsLib.AccessPoint: NetworkInfo is null, cannot return detailed state
03-17 18:52:57.161  8377  8491 W SettingsLib.AccessPoint: NetworkInfo is null, cannot return detailed state
03-17 18:52:57.161   903  1754 I WifiService: getConfiguredNetworks uid=1000
03-17 18:52:57.161  8377  8491 W SettingsLib.AccessPoint: NetworkInfo is null, cannot return detailed state
03-17 18:52:57.161  8377  8491 W SettingsLib.AccessPoint: NetworkInfo is null, cannot return detailed state
03-17 18:52:57.161  8377  8491 W SettingsLib.AccessPoint: NetworkInfo is null, cannot return detailed state
03-17 18:52:57.162  8377  8491 W SettingsLib.AccessPoint: NetworkInfo is null, cannot return detailed state
03-17 18:52:57.162  8377  8491 W SettingsLib.AccessPoint: NetworkInfo is null, cannot return detailed state
03-17 18:52:57.162  8377  8491 W SettingsLib.AccessPoint: NetworkInfo is null, cannot return detailed state
03-17 18:52:57.162  8377  8491 W SettingsLib.AccessPoint: NetworkInfo is null, cannot return detailed state
03-17 18:52:57.163  8377  8491 W SettingsLib.AccessPoint: NetworkInfo is null, cannot return detailed state
03-17 18:52:57.163  8377  8491 W SettingsLib.AccessPoint: NetworkInfo is null, cannot return detailed state
03-17 18:52:57.163  8377  8491 W SettingsLib.AccessPoint: NetworkInfo is null, cannot return detailed state
03-17 18:52:57.163  8377  8491 W SettingsLib.AccessPoint: NetworkInfo is null, cannot return detailed state
03-17 18:52:57.164  8377  8491 W SettingsLib.AccessPoint: NetworkInfo is null, cannot return detailed state
03-17 18:52:57.164  8377  8491 W SettingsLib.AccessPoint: NetworkInfo is null, cannot return detailed state
03-17 18:52:57.164  8377  8491 W SettingsLib.AccessPoint: NetworkInfo is null, cannot return detailed state
03-17 18:52:57.164  8377  8491 W SettingsLib.AccessPoint: NetworkInfo is null, cannot return detailed state
