03-17 18:52:57.318   580   630 I netd    : networkCreate(NativeNetworkConfig{netId: 108, networkType: PHYSICAL, permission: 0, secure: false, vpnType: -1, excludeLocalRoutes: false}) <0.07ms>
03-17 18:52:57.318   580   630 I netd    : createNetworkCache(108) <0.12ms>
03-17 18:52:57.318   903  1806 I WifiService: getConnectionInfo uid=1000
03-17 18:52:57.318   903  1260 D DnsManager: sendDnsConfigurationForNetwork(108, [192.168.10.1], [lan], 1800, 25, 8, 64, 0, 0, , [])
03-17 18:52:57.319   580   630 D resolv  : PrivateDnsConfiguration::set(108, 0xf006c, 0, )
03-17 18:52:57.319   580   630 D resolv  : PrivateDnsConfiguration::clearDoh (108)
03-17 18:52:57.319   580   630 D resolv  : resolv_set_nameservers: netId = 108, numservers = 1
03-17 18:52:57.319   580   630 D resolv  : android_getaddrinfofornetcontext: explore_numeric: ai_family=10 ai_socktype=2 ai_protocol=17
03-17 18:52:57.319   580   630 D resolv  : explore_numeric_scope
03-17 18:52:57.319   580   630 D resolv  : android_getaddrinfofornetcontext: explore_numeric: ai_family=2 ai_socktype=2 ai_protocol=17
03-17 18:52:57.319   580   630 D resolv  : explore_numeric_scope
03-17 18:52:57.319   580   630 I resolv  : resolv_set_nameservers: netid = 108, addr = 192.168.10.1
03-17 18:52:57.319   580   630 I netd    : DnsResolverService::setResolverConfiguration(108, [192.168.10.1], [lan], 1800, 25, 8, 64, 0, 0, "", []) -> (0) (0.4ms)
03-17 18:52:57.319   580   630 I netd    : setResolverConfiguration(ResolverParamsParcel{netId: 108, sampleValiditySeconds: 1800, successThreshold: 25, minSamples: 8, maxSamples: 64, baseTimeoutMsec: 0, retryCount: 0, servers: [192.168.10.1], domains: [lan], tlsName: , tlsServers: [], tlsFingerprints: [], caCertificate: , tlsConnectTimeoutMs: 0, resolverOptions: (null), transportTypes: [1]}) <0.49ms>
03-17 18:52:57.320   903  1260 D ConnectivityService: createNativeNetwork nai = NetworkAgentInfo{network{108}  handle{467262165005}  ni{WIFI CONNECTED extra: } created=2026-03-17T10:52:57.229Z Score(Policies : TRANSPORT_PRIMARY&IS_UNMETERED&EVER_USER_SELECTED ; KeepConnected : 0)  explicitlySelected  lp{{InterfaceName: wlan0 LinkAddresses: [ 192.168.10.241/24 ] DnsAddresses: [ /192.168.10.1 ] Domains: lan MTU: 0 ServerAddress: /192.168.10.1 TcpBufferSizes: 524288,1048576,2097152,262144,524288,1048576 Routes: [ fe80::/64 -> :: wlan0 mtu 0,192.168.10.0/24 -> 0.0.0.0 wlan0 mtu 0,0.0.0.0/0 -> 192.168.10.1 wlan0 mtu 0 ]}}  nc{[ Transports: WIFI Capabilities: NOT_METERED&INTERNET&NOT_RESTRICTED&TRUSTED&NOT_VPN&NOT_ROAMING&FOREGROUND&NOT_CONGESTED&NOT_SUSPENDED&NOT_VCN_MANAGED LinkUpBandwidth>=12000Kbps LinkDnBandwidth>=30000Kbps Specifier: <WifiNetworkAgentSpecifier [WifiConfiguration=, SSID="Cudy-6C60", BSSID=80:af:ca:b5:6c:60, band=1, mMatchLocalOnlySpecifiers=false]> TransportInfo: <SSID: "Cudy-6C60", BSSID: 80:af:ca:b5:6c:60, MAC: 88:e0:34:b7:61:31, IP: /192.168.10.241, Security type: 2, Supplicant state: COMPLETED, Wi-Fi standard: 4, RSSI: -31, Link speed: 6Mbps, Tx Link speed: 6Mbps, Max Supported Tx Link speed: 72Mbps, Rx Link speed: 6Mbps, Max Supported Rx Link speed: 72Mbps, Frequency: 2412MHz, Net ID: 0, Metered hint: false, score: 60, isUsable: true, CarrierMerged: false, SubscriptionId: -1, IsPrimary: 1, Trusted: true, Restricted: false, Ephemeral: false, OEM paid: false, OEM private: false, OSU AP: false, FQDN: <none>, Provider friendly name: <none>, Requesting package name: <none>"Cudy-6C60"wpa2-pskMLO Information: , Is TID-To-Link negotiation supported by the AP: false, AP MLD Address: <none>, AP MLO Link Id: <none>, AP MLO Affiliated links: <none>> SignalStrength: -31 OwnerUid: 1000 AdminUids: [1000] SSID: "Cudy-6C60" UnderlyingNetworks: Null]}  factorySerialNumber=4}
03-17 18:52:57.320   903  1260 D ConnectivityService: createNativeNetwork sdrv.unilink.ethName = eth0
03-17 18:52:57.321   580   630 I netd    : setNetworkAllowlist([NativeUidRangeConfig{netId: 102, uidRanges: [UidRangeParcel{start: 0, stop: 99999}], subPriority: 0}, NativeUidRangeConfig{netId: 104, uidRanges: [UidRangeParcel{start: 0, stop: 99999}], subPriority: 0}, NativeUidRangeConfig{netId: 101, uidRanges: [UidRangeParcel{start: 0, stop: 99999}], subPriority: 0}, NativeUidRangeConfig{netId: 105, uidRanges: [UidRangeParcel{start: 0, stop: 99999}], subPriority: 0}, NativeUidRangeConfig{netId: 108, uidRanges: [UidRangeParcel{start: 0, stop: 99999}], subPriority: 0}, NativeUidRangeConfig{netId: 100, uidRanges: [UidRangeParcel{start: 0, stop: 99999}], subPriority: 0}, NativeUidRangeConfig{netId: 103, uidRanges: [UidRangeParcel{start: 0, stop: 99999}], subPriority: 0}]) <0.02ms>
03-17 18:52:57.322   903  1260 W DnsManager: updatePrivateDns(108, PrivateDnsConfig{true:/[]})
03-17 18:52:57.322   903  1833 I WifiService: getMatchingPasspointConfigurations uid=1000
03-17 18:52:57.322   903  1260 D ConnectivityService: Setting DNS servers for network 108 to [/192.168.10.1]
03-17 18:52:57.323   903  1260 D DnsManager: sendDnsConfigurationForNetwork(108, [192.168.10.1], [lan], 1800, 25, 8, 64, 0, 0, , [192.168.10.1])
03-17 18:52:57.323   580   630 D resolv  : PrivateDnsConfiguration::set(108, 0xf006c, 1, )
03-17 18:52:57.324   580   630 D resolv  : PrivateDnsConfiguration::setDoh(108, 0xf006c, 1, )
03-17 18:52:57.324   580   630 I resolv  : setDoh: No suitable DoH server found
03-17 18:52:57.324   580   630 D resolv  : PrivateDnsConfiguration::clearDoh (108)
03-17 18:52:57.324   580   630 D resolv  : resolv_set_nameservers: netId = 108, numservers = 1
03-17 18:52:57.324   580   630 D resolv  : android_getaddrinfofornetcontext: explore_numeric: ai_family=10 ai_socktype=2 ai_protocol=17
03-17 18:52:57.324   580   630 D resolv  : explore_numeric_scope
03-17 18:52:57.324   580   630 D resolv  : android_getaddrinfofornetcontext: explore_numeric: ai_family=2 ai_socktype=2 ai_protocol=17
03-17 18:52:57.324   580   630 D resolv  : explore_numeric_scope
03-17 18:52:57.324   580   630 I netd    : DnsResolverService::setResolverConfiguration(108, [192.168.10.1], [lan], 1800, 25, 8, 64, 0, 0, "", [192.168.10.1]) -> (0) (0.8ms)
03-17 18:52:57.324   580   630 I netd    : setResolverConfiguration(ResolverParamsParcel{netId: 108, sampleValiditySeconds: 1800, successThreshold: 25, minSamples: 8, maxSamples: 64, baseTimeoutMsec: 0, retryCount: 0, servers: [192.168.10.1], domains: [lan], tlsName: , tlsServers: [192.168.10.1], tlsFingerprints: [], caCertificate: , tlsConnectTimeoutMs: 0, resolverOptions: (null), transportTypes: [1]}) <0.90ms>
03-17 18:52:57.324   580  9151 W resolv  : Validating DnsTlsServer 192.168.10.1 with mark 0xf006c
03-17 18:52:57.324   580  9151 D resolv  : Beginning validation with mark f006c
03-17 18:52:57.324   580  9151 D resolv  : No socket for query.  Opening socket and sending.
03-17 18:52:57.324   580  9151 D resolv  : Constructing new socket
03-17 18:52:57.324   580  9151 D resolv  : DnsTlsSocket is initialized with { mConnectTimeoutMs: 127000, mAsyncHandshake: 0 }
03-17 18:52:57.325   580  9151 D resolv  : 983148 connecting TCP socket
03-17 18:52:57.326  6654  6700 D TimerTriggerManager: init instance...
03-17 18:52:57.326  6654  6700 D TimerTriggerManager: Timer thread'TimerTriggerManager' is destroyed: false
03-17 18:52:57.326  6654  6700 D TimerTriggerManager: Timer 'onIndcnVehSpdChanged' is running: true
03-17 18:52:57.326  6654  6700 D TimerTriggerManager: Sending reset signal to timer 'onIndcnVehSpdChanged'
03-17 18:52:57.326  6654  6700 D TimerTriggerManager: Reset signal sent to timer 'onIndcnVehSpdChanged'
03-17 18:52:57.326  8377  8377 I CnsCarApp-WlanFragment: onReceive: wifi NetworkInfo state: CONNECTED
03-17 18:52:57.326  8377  8377 I CnsCarApp-WlanFragment: networkInfo detailed state: CONNECTED
03-17 18:52:57.326  8377  8377 I CnsCarApp-WlanFragment: WIFI connected
03-17 18:52:57.327  6654  6707 D TimerTriggerController: Reset method called for timer: onIndcnVehSpdChanged
03-17 18:52:57.327  6654  6707 D TimerTriggerController: Calling onTimerReset for timer: onIndcnVehSpdChanged
03-17 18:52:57.328   580  9151 D resolv  : No known sessions
03-17 18:52:57.328   580  9151 D resolv  : No session available
03-17 18:52:57.328   580  9151 D resolv  :  Calling SSL_connect with mark 0xf006c
03-17 18:52:57.328  1763  1763 D BroadcastRefreshStrategy: action = android.net.wifi.STATE_CHANGE
03-17 18:52:57.327  6654  6707 D TimerTriggerManager: Timer reset: onIndcnVehSpdChanged
03-17 18:52:57.328  6654  6707 I TimerTriggerController: Timer [onIndcnVehSpdChanged] reset, remaining: 999ms, reset count: 632
03-17 18:52:57.328   580  9151 D resolv  :  SSL_connect returned -1 with mark 0xf006c
03-17 18:52:57.330  6654  6700 D TimerTriggerManager: init instance...
03-17 18:52:57.330  6654  6700 D TimerTriggerManager: Timer thread'TimerTriggerManager' is destroyed: false
03-17 18:52:57.330   903  1260 D ConnectivityService: Adding iface wlan0 to network 108
03-17 18:52:57.330  6654  6700 D TimerTriggerManager: Timer 'onMntnWarnReqChanged' is running: true
03-17 18:52:57.330  6654  6700 D TimerTriggerManager: Sending reset signal to timer 'onMntnWarnReqChanged'
03-17 18:52:57.330  6654  6700 D TimerTriggerManager: Reset signal sent to timer 'onMntnWarnReqChanged'
03-17 18:52:57.330  6654  6707 D TimerTriggerController: Reset method called for timer: onMntnWarnReqChanged
03-17 18:52:57.333   903  2917 I WifiService: getWifiEnabledState uid=1000 state=3
03-17 18:52:57.333  1513  8570 D IpReachabilityMonitor: neighbour IPv4(v6): /192.168.10.1 neighbour state: NUD_REACHABLE
03-17 18:52:57.333  8377  8377 I CnsCarApp-WlanRepositoryImpl: WIFI enabled: true
03-17 18:52:57.333  8377  8377 I CnsCarApp-WlanViewModel: doOnConnectedWifiChanged, hasConnectedWifi: true
03-17 18:52:57.333   580  3946 I netd    : setProcSysNet(4, 2, wlan0, retrans_time_ms, 750) <0.10ms>
03-17 18:52:57.334   580   630 I netd    : networkAddInterface(108, wlan0) <3.66ms>
03-17 18:52:57.334   580  3946 I netd    : setProcSysNet(4, 2, wlan0, ucast_solicit, 10) <0.08ms>
03-17 18:52:57.334  6654  6707 D TimerTriggerController: Calling onTimerReset for timer: onMntnWarnReqChanged
03-17 18:52:57.334  6654  6707 D TimerTriggerManager: Timer reset: onMntnWarnReqChanged
03-17 18:52:57.334   580  3946 I netd    : setProcSysNet(6, 2, wlan0, retrans_time_ms, 750) <0.11ms>
03-17 18:52:57.334  6654  6707 I TimerTriggerController: Timer [onMntnWarnReqChanged] reset, remaining: 4996ms, reset count: 316
03-17 18:52:57.334   580  3946 I netd    : setProcSysNet(6, 2, wlan0, ucast_solicit, 10) <0.06ms>
03-17 18:52:57.337   580  3946 I netd    : wakeupAddInterface(wlan0, 467262165005:wlan0, -2147483648, -2147483648) <1.76ms>
03-17 18:52:57.337  8377  8432 I SettingsDataCollect: upload, eventId = wlanConnect, mapStr: {"errorCode":"","source":"手动打开连接","responseTime":630,"status":"success"}
03-17 18:52:57.337  8377  8491 I SettingsDataCollect: upload, eventId = wlanConnect, mapStr: {"errorCode":"","source":"手动打开连接","responseTime":285521691,"status":"success"}
03-17 18:52:57.337  8377  8432 E DataCollectManager: eventId = wlanConnect, data = {"errorCode":"","source":"手动打开连接","responseTime":630,"status":"success"}
03-17 18:52:57.337  8377  8491 E DataCollectManager: eventId = wlanConnect, data = {"errorCode":"","source":"手动打开连接","responseTime":285521691,"status":"success"}
03-17 18:52:57.337  1646  3766 D CarPropertyManager: setProperty, propertyId: 0x2141400f, areaId: 0x0, class: class [Ljava.lang.Integer;, val: [Ljava.lang.Integer;@621cebb
03-17 18:52:57.338   903  1260 D ConnectivityService: Adding Route [fe80::/64 -> :: wlan0 mtu 0] to network 108
03-17 18:52:57.338   903  1251 D WifiConfigStore: Writing to stores completed in 17 ms.
03-17 18:52:57.339   580  3946 I netd    : networkAddRouteParcel(108, RouteInfoParcel{destination: fe80::/64, ifName: wlan0, nextHop: , mtu: 0}) <0.58ms>
03-17 18:52:57.339   903  1260 D ConnectivityService: Adding Route [192.168.10.0/24 -> 0.0.0.0 wlan0 mtu 0] to network 108
03-17 18:52:57.339  2106  2753 D CarPropertyService: mSyncGetSetPropertyOpCount: 1
03-17 18:52:57.340   400   892 I DefaultVehicleHal_v2_0: DefaultVehicleHal::set, current value:{.timestamp = 0, .areaId = 0, .prop = 557924367, .status = AVAILABLE, .value = {.int32Values = [1]{0}, .floatValues = [0]{}, .int64Values = [0]{}, .bytes = [0]{}, .stringValue = ""}}
03-17 18:52:57.340   400   892 I DefaultVehicleHalServer: onSetProperty(0x2141400f)
03-17 18:52:57.340   400   892 D vw-vhal : CanSignalsAdapter::setVehicleProperty: propValue = {.timestamp = 0, .areaId = 0, .prop = 557924367, .status = AVAILABLE, .value = {.int32Values = [4]{0, 32, 32, 32}, .floatValues = [0]{}, .int64Values = [0]{}, .bytes = [0]{}, .stringValue = ""}}
03-17 18:52:57.340   400   892 D vw-vhal : CanSignalsAdapter::setVehicleProperty: propId = 0x2141400f, data = {status: 0, int32Values: [0, 32, 32, 32]}
03-17 18:52:57.340   400   892 D adayocomadapter-CommunicationManager: setProperty id=[557924367]
03-17 18:52:57.340   400   892 D adayocomadapter-CommunicationManager: writeValue id=[557924367]
03-17 18:52:57.340   400   892 D adayocomadapter-VehiclePropertyStore: writeValue id=[557924367]
03-17 18:52:57.340   400   892 D adayocomadapter-CommunicationManager: sendToDownstream mPropertyId 0x2141400f
03-17 18:52:57.340   400   892 D adayocomadapter-ParseProtocolFunc: printRaWMsg Name[sendToDownstream] len[4] data[00000000]
03-17 18:52:57.340   400   892 D adayocomadapter-ParseProtocolFunc: printRaWMsg Name[sendToDownstream] len[4] data[2141400F]
03-17 18:52:57.340   400   892 D adayocomadapter-ParseProtocolFunc: printRaWMsg Name[sendToDownstream] len[8] data[2141400F00202020]
03-17 18:52:57.340   400   892 D adayocomadapter-CommunicationManager: sendToDownstream ret[0]   member[130] dataLength[4] timePoint[111288] 
03-17 18:52:57.340   400   892 D adayocomadapter-ParseProtocolFunc: printRaWMsg Name[sendToDownstream] len[8] data[2141400F00202020]
03-17 18:52:57.340   400   892 D adayocomadapter-CommunicationManager: sendToDownstream  000 mPropertyId[0x557924367]  
03-17 18:52:57.340   400   675 D adayocomadapter-DownstreamHandler: processBeforePacket downSreamtProcessTimePoint[111288] 
03-17 18:52:57.340   580  3946 I netd    : networkAddRouteParcel(108, RouteInfoParcel{destination: 192.168.10.0/24, ifName: wlan0, nextHop: , mtu: 0}) <0.49ms>
03-17 18:52:57.340   400   675 D adayocomadapter-DownstreamHandler: DownstreamHandler processPacket 
03-17 18:52:57.341   400   675 D adayocomadapter-DownstreamHandler: DownstreamHandler processPacket valueIndex 0x2141400f
03-17 18:52:57.341   400   675 D adayocomadapter-DownstreamHandler: DownstreamHandler processPacket 0003
03-17 18:52:57.341   400   675 D adayocomadapter-DownstreamHandler: DownstreamHandler processPacket sendMCUData2 
03-17 18:52:57.341   400   675 D adayocomadapter-CommunicationManager: sendMCUData 
03-17 18:52:57.341   400   675 D adayocomadapter-MCUInterfaceHandler: sendToMCU start
03-17 18:52:57.341   903  1260 D ConnectivityService: Adding Route [0.0.0.0/0 -> 192.168.10.1 wlan0 mtu 0] to network 108
03-17 18:52:57.341   642   800 I mcuc    : sd Uart data : 6AA6010073000B1202022141400F002020205A
03-17 18:52:57.341   400   675 D adayocomadapter-ParseProtocolFunc: printRaWMsg Name[sendToMCU] len[11] data[1202022141400F00202020]
03-17 18:52:57.341  2106  2753 D CarPropertyService: mSyncGetSetPropertyOpCount: 0
03-17 18:52:57.341   580  3946 I netd    : networkAddRouteParcel(108, RouteInfoParcel{destination: 0.0.0.0/0, ifName: wlan0, nextHop: 192.168.10.1, mtu: 0}) <0.25ms>
03-17 18:52:57.341   903  1260 D ConnectivityService: Setting DNS servers for network 108 to [/192.168.10.1]
03-17 18:52:57.342   903  1260 D DnsManager: sendDnsConfigurationForNetwork(108, [192.168.10.1], [lan], 1800, 25, 8, 64, 0, 0, , [192.168.10.1])
03-17 18:52:57.342  1646  3766 I CCarServiceManager: CarServiceManager->lambda$submitCameraInfo$0$com-adayo-aaop_deviceservice-manager-CarServiceManager()154:link:0     ---50:pool-4-thread-3
03-17 18:52:57.342   580  3946 D resolv  : PrivateDnsConfiguration::set(108, 0xf006c, 1, )
03-17 18:52:57.342   580  3946 D resolv  : PrivateDnsConfiguration::setDoh(108, 0xf006c, 1, )
03-17 18:52:57.342   580  3946 I resolv  : setDoh: No suitable DoH server found
03-17 18:52:57.342   580  3946 D resolv  : PrivateDnsConfiguration::clearDoh (108)
03-17 18:52:57.342   580  3946 D resolv  : resolv_set_nameservers: netId = 108, numservers = 1
03-17 18:52:57.342   580  3946 D resolv  : android_getaddrinfofornetcontext: explore_numeric: ai_family=10 ai_socktype=2 ai_protocol=17
03-17 18:52:57.342   580  3946 D resolv  : explore_numeric_scope
03-17 18:52:57.342   580  3946 D resolv  : android_getaddrinfofornetcontext: explore_numeric: ai_family=2 ai_socktype=2 ai_protocol=17
03-17 18:52:57.343   580  3946 D resolv  : explore_numeric_scope
03-17 18:52:57.343   580  3946 I netd    : DnsResolverService::setResolverConfiguration(108, [192.168.10.1], [lan], 1800, 25, 8, 64, 0, 0, "", [192.168.10.1]) -> (0) (0.4ms)
03-17 18:52:57.343   580  3946 I netd    : setResolverConfiguration(ResolverParamsParcel{netId: 108, sampleValiditySeconds: 1800, successThreshold: 25, minSamples: 8, maxSamples: 64, baseTimeoutMsec: 0, retryCount: 0, servers: [192.168.10.1], domains: [lan], tlsName: , tlsServers: [192.168.10.1], tlsFingerprints: [], caCertificate: , tlsConnectTimeoutMs: 0, resolverOptions: (null), transportTypes: [1]}) <0.51ms>
03-17 18:52:57.345   582  3616 E WifiHAL : Invalid data received from driver
03-17 18:52:57.348   903  1251 D WifiConfigStore: Writing to stores completed in 6 ms.
03-17 18:52:57.350  1627  1643 D CollectDataDataFiller: ===
03-17 18:52:57.350  1627  1643 D CollectDataDataFiller: Fill [AppId = CarApp] [EventId = wlanConnect] with
03-17 18:52:57.350  1627  1643 D CollectDataDataFiller: [MsgId = 7e159834-83d2-4766-a086-4f3058ea74a1]
03-17 18:52:57.350  1627  1643 D CollectDataDataFiller: ===
03-17 18:52:57.351   642   800 I mcuc    : file = hardware/interfaces/fgemcucomm/1.0/default/mcucomm/src/mcuCommFunctionTimer.cpp, function = startTimer  start timer OK = 115 
03-17 18:52:57.353   903  1251 D WifiScoreReport: reset
03-17 18:52:57.354   903  1251 D WifiLockManager: updateWifiClientConnected hasAtLeastOneConnection=true
03-17 18:52:57.354   903  1251 W WifiScoreReport: Cannot start external scoring netId=108 currentNetId=108 currentNetCapabilities=[ Transports: WIFI Capabilities: NOT_METERED&INTERNET&NOT_RESTRICTED&TRUSTED&NOT_VPN&NOT_ROAMING&NOT_CONGESTED&NOT_SUSPENDED&NOT_VCN_MANAGED LinkUpBandwidth>=12000Kbps LinkDnBandwidth>=30000Kbps Specifier: <WifiNetworkAgentSpecifier [WifiConfiguration=, SSID="Cudy-6C60", BSSID=80:af:ca:b5:6c:60, band=1, mMatchLocalOnlySpecifiers=false]> TransportInfo: <SSID: "Cudy-6C60", BSSID: 80:af:ca:b5:6c:60, MAC: 88:e0:34:b7:61:31, IP: /192.168.10.241, Security type: 2, Supplicant state: COMPLETED, Wi-Fi standard: 4, RSSI: -31, Link speed: 6Mbps, Tx Link speed: 6Mbps, Max Supported Tx Link speed: 72Mbps, Rx Link speed: 6Mbps, Max Supported Rx Link speed: 72Mbps, Frequency: 2412MHz, Net ID: 0, Metered hint: false, score: 60, isUsable: true, CarrierMerged: false, SubscriptionId: -1, IsPrimary: 1, Trusted: true, Restricted: false, Ephemeral: false, OEM paid: false, OEM private: false, OSU AP: false, FQDN: <none>, Provider friendly name: <none>, Requesting package name: <none>"Cudy-6C60"wpa2-pskMLO Information: , Is TID-To-Link negotiation supported by the AP: false, AP MLD Address: <none>, AP MLO Link Id: <none>, AP MLO Affiliated links: <none>> SignalStrength: -31 AllowedUids: <{1000}> OwnerUid: 1000 AdminUids: [1000] SSID: "Cudy-6C60" UnderlyingNetworks: Null] sessionId=1089
03-17 18:52:57.355   903  1251 D WifiScoreCard: BSSID update IP_CONFIGURATION_SUCCESS ID: 779452451 SSID: "Cudy-6C60", BSSID: 80:af:ca:b5:6c:60, MAC: 88:e0:34:b7:61:31, IP: /192.168.10.241, Security type: 2, Supplicant state: COMPLETED, Wi-Fi standard: 4, RSSI: -31, Link speed: 6Mbps, Tx Link speed: 6Mbps, Max Supported Tx Link speed: 72Mbps, Rx Link speed: 6Mbps, Max Supported Rx Link speed: 72Mbps, Frequency: 2412MHz, Net ID: 0, Metered hint: false, score: 60, isUsable: true, CarrierMerged: false, SubscriptionId: -1, IsPrimary: 1, Trusted: true, Restricted: false, Ephemeral: false, OEM paid: false, OEM private: false, OSU AP: false, FQDN: <none>, Provider friendly name: <none>, Requesting package name: <none>"Cudy-6C60"wpa2-pskMLO Information: , Is TID-To-Link negotiation supported by the AP: false, AP MLD Address: <none>, AP MLO Link Id: <none>, AP MLO Affiliated links: <none>
03-17 18:52:57.355   903  1251 D WifiScoreCard: network update IP_CONFIGURATION_SUCCESS "Cudy-6C60" ID: 746988820 RSSI -31 txSpeed 6
03-17 18:52:57.355   903  1251 D WifiScoreCard: SSID: "Cudy-6C60"
03-17 18:52:57.355   903  1251 D WifiScoreCard:  LastRssiPollTime: 111203 LastRssiPoll: -31 LastTxSpeedPoll: -1
03-17 18:52:57.355   903  1251 D WifiScoreCard:  StatsRecent:  ConnectAttempt: 2 ConnectFailure: 0 ConnectDurSec: 18 AssocRej: 0 AssocTimeout: 0 AuthFailure: 0 ShortDiscNonlocal: 0 DisconnectNonlocal: 0 Disconnect: 1 ConsecutiveConnectFailure: 0 ConnectFailureDiscon: 0 ConsecutiveWrongPassword: 0
03-17 18:52:57.355   903  1251 D WifiScoreCard:  StatsCurr:  ConnectAttempt: 0 ConnectFailure: 0 ConnectDurSec: 0 AssocRej: 0 AssocTimeout: 0 AuthFailure: 0 ShortDiscNonlocal: 0 DisconnectNonlocal: 0 Disconnect: 0 ConsecutiveConnectFailure: 0 ConnectFailureDiscon: 0 ConsecutiveWrongPassword: 0
03-17 18:52:57.355   903  1251 D WifiScoreCard:  StatsPrev:  ConnectAttempt: 0 ConnectFailure: 0 ConnectDurSec: 0 AssocRej: 0 AssocTimeout: 0 AuthFailure: 0 ShortDiscNonlocal: 0 DisconnectNonlocal: 0 Disconnect: 0 ConsecutiveConnectFailure: 0 ConnectFailureDiscon: 0 ConsecutiveWrongPassword: 0 BandwidthStats:
03-17 18:52:57.355   903  1251 D WifiScoreCard:  avgKbps:  0 0 0 0 0
03-17 18:52:57.355   903  1251 D WifiScoreCard:  count:  0 0 0 0 0
03-17 18:52:57.355   903  1251 D WifiScoreCard:  avgKbps:  0 0 0 0 0
03-17 18:52:57.355   903  1251 D WifiScoreCard:  count:  0 0 0 0 0
03-17 18:52:57.355   903  1251 D WifiScoreCard: 
03-17 18:52:57.355   903  1251 D WifiScoreCard:  avgKbps:  0 0 0 0 0
03-17 18:52:57.355   903  1251 D WifiScoreCard:  count:  0 0 0 0 0
03-17 18:52:57.355   903  1251 D WifiScoreCard:  avgKbps:  0 0 0 0 0
03-17 18:52:57.355   903  1251 D WifiScoreCard:  count:  0 0 0 0 0
03-17 18:52:57.355   903  1251 D WifiScoreCard: 
03-17 18:52:57.356   903  1251 D WifiScoreCard: Histogram IP_CONFIGURATION_SUCCESS RSSI{[-32,-31)=1, [-31,-30)=2}
03-17 18:52:57.356  1603  1603 I ADAYO_LOG_: handleMessage(UsbFunc.java:3)copyQnx = 0
03-17 18:52:57.356  1603  1603 I ADAYO_LOG_: handleMessage(UsbFunc.java:69)copyState = 2
03-17 18:52:57.356   903  1251 D WifiScoreCard: Histogram SIGNAL_POLL RSSI{[-32,-31)=3, [-31,-30)=4, [-30,-29)=1}
03-17 18:52:57.362   903  1180 D WifiMemoryStoreImpl: Set cluster G14151cc22c862514 for W51a07fbaae758023: SUCCESS
03-17 18:52:57.363   903  1251 D WifiClientModeImpl[72500:wlan0]:  ClientModeImpl$L2ConnectedState screen=on 0 0 "Cudy-6C60" 80:af:ca:b5:6c:60 rssi=-31 f=2412 sc=60 link=6 tx=0.3, 0.0, 0.0 rx=0.0 bcn=0 [on:0 tx:0 rx:0 period:107] from screen [on:0 period:285536600] score=60
03-17 18:52:57.364  4321  4321 D nearby  : WifiSpeedCoexistence:wifi station active
03-17 18:52:57.366   903  1806 I WifiService: getMatchingOsuProviders uid=1000
03-17 18:52:57.366   642   685 I mcuc    : file = hardware/interfaces/fgemcucomm/1.0/default/mcucomm/src/mcuCommFunctionTimer.cpp, func = stopTimer  stop timer = 115 
03-17 18:52:57.366   642   685 I mcuc    : rev uart=1124,len=10, data : 6AA682007300021202F5
03-17 18:52:57.367   903  1806 D WifiMemoryStoreImpl: Set cluster G14151cc22c862514 for W14151cc22c862514: SUCCESS
03-17 18:52:57.367   903  1833 I WifiService: getMatchingPasspointConfigsForOsuProviders uid=1000
03-17 18:52:57.376  1627  1883 D CollectDataDataFiller: ===
03-17 18:52:57.376  1627  1883 D CollectDataDataFiller: Fill [AppId = CarApp] [EventId = wlanConnect] with
03-17 18:52:57.376  1627  1883 D CollectDataDataFiller: [MsgId = 8c9ce312-c9c2-4d33-85d3-8c793cd8b0e4]
03-17 18:52:57.376  1627  1883 D CollectDataDataFiller: ===
03-17 18:52:57.383   580  9151 D resolv  :  Calling SSL_connect with mark 0xf006c
03-17 18:52:57.383   580  9151 D resolv  :  SSL_connect returned -1 with mark 0xf006c
03-17 18:52:57.383   580  9151 W resolv  : SSL_connect ssl error =5, mark 0xf006c: Connection refused
03-17 18:52:57.383   580  9151 W resolv  : TLS Handshake failed
03-17 18:52:57.383   580  9151 D resolv  : Initialization failed.
03-17 18:52:57.383   580  9151 D resolv  : Destructor
03-17 18:52:57.383   580  9151 D resolv  : Destructor completed
03-17 18:52:57.383   580  9151 D resolv  : Failing all pending queries.
03-17 18:52:57.383   580  9151 W resolv  : query failed
03-17 18:52:57.383   580  9151 D resolv  : Destructor
03-17 18:52:57.383   580  9151 D resolv  : Locked destruction procedure
03-17 18:52:57.383   580  9151 D resolv  : Destructor completed
03-17 18:52:57.383   580  9151 W resolv  : validateDnsTlsServer returned 0 for 192.168.10.1
03-17 18:52:57.383   580  9151 D resolv  : Sending validation failure event on netId 108 for 192.168.10.1:853 with hostname {}
03-17 18:52:57.384   580  9151 W resolv  : Validation failed
03-17 18:52:57.386   580  3946 I netd    : tetherGetStats() -> {[TetherStatsParcel{iface: vlan_07, rxBytes: 88, rxPackets: 2, txBytes: 180, txPackets: 4, ifIndex: 0}, TetherStatsParcel{iface: wlan0, rxBytes: 0, rxPackets: 0, txBytes: 0, txPackets: 0, ifIndex: 0}]} <3.05ms>
03-17 18:52:57.389   903  1260 I netstats_mobile_sample: [0,0,0,0,0,0,0,0,1773744777396]
03-17 18:52:57.390   903  1260 I netstats_wifi_sample: [472426,115627,931,1113,545701,103613,1297,1074,1773744777396]
03-17 18:52:57.391   903  1260 D ConnectivityService: notifyType CALLBACK_IP_CHANGED for [108 WIFI]
03-17 18:52:57.392   903  1260 D ConnectivityService: updateSignalStrengthThresholds: CONNECT, sending [] to [108 WIFI]
03-17 18:52:57.393   903  1260 I ConnectivityService: notDefaultVlan=vlan_08
03-17 18:52:57.393   903  1251 D RssiMonitor[wlan0]: Received app signal strength thresholds: []
03-17 18:52:57.393   903  1260 D ConnectivityService: vlan_07 and vlan_09 not add bestNetwork
03-17 18:52:57.393   903  1260 I ConnectivityService: notDefaultVlan=vlan_15
03-17 18:52:57.393   903  1260 D ConnectivityService: vlan_07 and vlan_09 not add bestNetwork
03-17 18:52:57.393   903  1260 I ConnectivityService: notDefaultVlan=vlan_01
03-17 18:52:57.393   903  1260 D ConnectivityService: vlan_07 and vlan_09 not add bestNetwork
03-17 18:52:57.394   903  1260 I ConnectivityService: notDefaultVlan=vlan_16
03-17 18:52:57.394   903  1260 D ConnectivityService: vlan_07 and vlan_09 not add bestNetwork
03-17 18:52:57.394   903  1251 E WifiStaIfaceAidlImpl: stopRssiMonitoring failed with service-specific exception: android.os.ServiceSpecificException:  (code 5)
03-17 18:52:57.394   903  1260 I biao    : nai=NetworkAgentInfo{network{108}  handle{467262165005}  ni{WIFI CONNECTED extra: } created=2026-03-17T10:52:57.229Z Score(Policies : TRANSPORT_PRIMARY&IS_UNMETERED&EVER_USER_SELECTED ; KeepConnected : 0)  created 111268 nascent explicitlySelected  lp{{InterfaceName: wlan0 LinkAddresses: [ 192.168.10.241/24 ] DnsAddresses: [ /192.168.10.1 ] Domains: lan MTU: 0 ServerAddress: /192.168.10.1 TcpBufferSizes: 524288,1048576,2097152,262144,524288,1048576 Routes: [ fe80::/64 -> :: wlan0 mtu 0,192.168.10.0/24 -> 0.0.0.0 wlan0 mtu 0,0.0.0.0/0 -> 192.168.10.1 wlan0 mtu 0 ]}}  nc{[ Transports: WIFI Capabilities: NOT_METERED&INTERNET&NOT_RESTRICTED&TRUSTED&NOT_VPN&NOT_ROAMING&FOREGROUND&NOT_CONGESTED&NOT_SUSPENDED&NOT_VCN_MANAGED LinkUpBandwidth>=12000Kbps LinkDnBandwidth>=30000Kbps Specifier: <WifiNetworkAgentSpecifier [WifiConfiguration=, SSID="Cudy-6C60", BSSID=80:af:ca:b5:6c:60, band=1, mMatchLocalOnlySpecifiers=false]> TransportInfo: <SSID: "Cudy-6C60", BSSID: 80:af:ca:b5:6c:60, MAC: 88:e0:34:b7:61:31, IP: /192.168.10.241, Security type: 2, Supplicant state: COMPLETED, Wi-Fi standard: 4, RSSI: -31, Link speed: 6Mbps, Tx Link speed: 6Mbps, Max Supported Tx Link speed: 72Mbps, Rx Link speed: 6Mbps, Max Supported Rx Link speed: 72Mbps, Frequency: 2412MHz, Net ID: 0, Metered hint: false, score: 60, isUsable: true, CarrierMerged: false, SubscriptionId: -1, IsPrimary: 1, Trusted: true, Restricted: false, Ephemeral: false, OEM paid: false, OEM private: false, OSU AP: false, FQDN: <none>, Provider friendly name: <none>, Requesting package name: <none>"Cudy-6C60"wpa2-pskMLO Information: , Is TID-To-Link negotiation supported by the AP: false, AP MLD Address: <none>, AP MLO Link Id: <none>, AP MLO Affiliated links: <none>> SignalStrength: -31 OwnerUid: 1000 AdminUids: [1000] SSID: "Cudy-6C60" UnderlyingNetworks: Null]}  factorySerialNumber=4}
03-17 18:52:57.394   903  1260 I ConnectivityService: notDefaultVlan=vlan_00
03-17 18:52:57.394   903  1260 D ConnectivityService: vlan_07 and vlan_09 not add bestNetwork
03-17 18:52:57.395   903  1260 I biao    : nai=NetworkAgentInfo{network{103}  handle{445787328525}  ni{Ethernet CONNECTED extra: 36:7c:7c:00:00:03} created=2026-03-14T03:33:05.216Z Score(Policies : EVER_EVALUATED ; KeepConnected : 0)  created 18046  lp{{InterfaceName: vlan_07 LinkAddresses: [ fe80::9ee2:2291:ebd7:2b68/64,192.168.7.3/24 ] DnsAddresses: [ /114.114.114.114,/8.8.8.8 ] Domains: null MTU: 0 TcpBufferSizes: 524288,1048576,3145728,524288,1048576,2097152 Routes: [ fe80::/64 -> :: vlan_07 mtu 0,192.168.7.0/24 -> 0.0.0.0 vlan_07 mtu 0,0.0.0.0/0 -> 192.168.7.4 vlan_07 mtu 0 ]}}  nc{[ Transports: ETHERNET Capabilities: INTERNET&NOT_RESTRICTED&TRUSTED&NOT_VPN&NOT_ROAMING&FOREGROUND&NOT_CONGESTED&NOT_SUSPENDED&NOT_VCN_MANAGED LinkUpBandwidth>=100000Kbps LinkDnBandwidth>=100000Kbps Specifier: <EthernetNetworkSpecifier (vlan_07)> UnderlyingNetworks: Null]}  factorySerialNumber=1}
03-17 18:52:57.396   903  1260 D ConnectivityService: rematch for [108 WIFI]
03-17 18:52:57.396   903  1260 D ConnectivityService:    accepting network in place of [103 ETHERNET]
03-17 18:52:57.396  1513  9153 D TrafficStats: tagSocket(152) with statsTag=0xffffff81, statsUid=-1
03-17 18:52:57.396   903  1260 D ConnectivityService: rematch for [108 WIFI]
03-17 18:52:57.396   903  1260 D ConnectivityService:    accepting network in place of [103 ETHERNET]
03-17 18:52:57.396   903  1260 D ConnectivityService: rematch for [108 WIFI]
03-17 18:52:57.396   903  1260 D ConnectivityService:    accepting network in place of [103 ETHERNET]
03-17 18:52:57.396   903  1260 D ConnectivityService: rematch for [108 WIFI]
03-17 18:52:57.396   903  1260 D ConnectivityService:    accepting network in place of [103 ETHERNET]
03-17 18:52:57.396   903  1260 D ConnectivityService: rematch for [108 WIFI]
03-17 18:52:57.396   903  1260 D ConnectivityService:    accepting network in place of [103 ETHERNET]
03-17 18:52:57.396   903  1260 D ConnectivityService: rematch for [108 WIFI]
03-17 18:52:57.396   903  1260 D ConnectivityService:    accepting network in place of null
03-17 18:52:57.396   903  1260 D ConnectivityService: rematch for [108 WIFI]
03-17 18:52:57.397   582  3616 E WifiHAL : Invalid data received from driver
03-17 18:52:57.397   903  1260 D ConnectivityService:    accepting network in place of [103 ETHERNET]
03-17 18:52:57.397   903  1260 D ConnectivityService: rematch for [108 WIFI]
03-17 18:52:57.397   903  1260 D ConnectivityService:    accepting network in place of [103 ETHERNET]
03-17 18:52:57.397   903  1260 D ConnectivityService: rematch for [108 WIFI]
03-17 18:52:57.397   903  1260 D ConnectivityService:    accepting network in place of [103 ETHERNET]
03-17 18:52:57.397   903  1260 D ConnectivityService: rematch for [108 WIFI]
03-17 18:52:57.397   903  1260 D ConnectivityService:    accepting network in place of [103 ETHERNET]
03-17 18:52:57.397   903  1260 D ConnectivityService: rematch for [108 WIFI]
03-17 18:52:57.397   903  1260 D ConnectivityService:    accepting network in place of [103 ETHERNET]
03-17 18:52:57.397   903  1260 D ConnectivityService: rematch for [108 WIFI]
03-17 18:52:57.397   903  1260 D ConnectivityService:    accepting network in place of [103 ETHERNET]
03-17 18:52:57.397   903  1260 D ConnectivityService: rematch for [108 WIFI]
03-17 18:52:57.397   903  1260 D ConnectivityService:    accepting network in place of [103 ETHERNET]
03-17 18:52:57.397   903  1260 D ConnectivityService: rematch for [108 WIFI]
03-17 18:52:57.397   903  1260 D ConnectivityService:    accepting network in place of [103 ETHERNET]
03-17 18:52:57.397   903  1260 D ConnectivityService: rematch for [108 WIFI]
03-17 18:52:57.397   903  1260 D ConnectivityService:    accepting network in place of [103 ETHERNET]
03-17 18:52:57.397   903  1260 D ConnectivityService: rematch for [108 WIFI]
03-17 18:52:57.397   903  1260 D ConnectivityService:    accepting network in place of [103 ETHERNET]
03-17 18:52:57.397   903  1260 D ConnectivityService: rematch for [108 WIFI]
03-17 18:52:57.397   903  1260 D ConnectivityService:    accepting network in place of [103 ETHERNET]
03-17 18:52:57.398   903  1260 D ConnectivityService: Switching to new default network for: uid/pid:1000/903 activeRequest: 1 callbackRequest: 1 [NetworkRequest [ REQUEST id=1, [ Capabilities: INTERNET&NOT_RESTRICTED&TRUSTED&NOT_VPN&NOT_VCN_MANAGED RequestorUid: 1000 RequestorPkg: android UnderlyingNetworks: Null] ]] callback flags: 1 order: 2147483647 using NetworkAgentInfo{network{108}  handle{467262165005}  ni{WIFI CONNECTED extra: } created=2026-03-17T10:52:57.229Z Score(Policies : TRANSPORT_PRIMARY&IS_UNMETERED&EVER_USER_SELECTED ; KeepConnected : 0)  created 111268 explicitlySelected  lp{{InterfaceName: wlan0 LinkAddresses: [ 192.168.10.241/24 ] DnsAddresses: [ /192.168.10.1 ] Domains: lan MTU: 0 ServerAddress: /192.168.10.1 TcpBufferSizes: 524288,1048576,2097152,262144,524288,1048576 Routes: [ fe80::/64 -> :: wlan0 mtu 0,192.168.10.0/24 -> 0.0.0.0 wlan0 mtu 0,0.0.0.0/0 -> 192.168.10.1 wlan0 mtu 0 ]}}  nc{[ Transports: WIFI Capabilities: NOT_METERED&INTERNET&NOT_RESTRICTED&TRUSTED&NOT_VPN&NOT_ROAMING&FOREGROUND&NOT_CONGESTED&NOT_SUSPENDED&NOT_VCN_MANAGED LinkUpBandwidth>=12000Kbps LinkDnBandwidth>=30000Kbps Specifier: <WifiNetworkAgentSpecifier [WifiConfiguration=, SSID="Cudy-6C60", BSSID=80:af:ca:b5:6c:60, band=1, mMatchLocalOnlySpecifiers=false]> TransportInfo: <SSID: "Cudy-6C60", BSSID: 80:af:ca:b5:6c:60, MAC: 88:e0:34:b7:61:31, IP: /192.168.10.241, Security type: 2, Supplicant state: COMPLETED, Wi-Fi standard: 4, RSSI: -31, Link speed: 6Mbps, Tx Link speed: 6Mbps, Max Supported Tx Link speed: 72Mbps, Rx Link speed: 6Mbps, Max Supported Rx Link speed: 72Mbps, Frequency: 2412MHz, Net ID: 0, Metered hint: false, score: 60, isUsable: true, CarrierMerged: false, SubscriptionId: -1, IsPrimary: 1, Trusted: true, Restricted: false, Ephemeral: false, OEM paid: false, OEM private: false, OSU AP: false, FQDN: <none>, Provider friendly name: <none>, Requesting package name: <none>"Cudy-6C60"wpa2-pskMLO Information: , Is TID-To-Link negotiation supported by the AP: false, AP MLD Address: <none>, AP MLO Link Id: <none>, AP MLO Affiliated links: <none>> SignalStrength: -31 OwnerUid: 1000 AdminUids: [1000] SSID: "Cudy-6C60" UnderlyingNetworks: Null]}  factorySerialNumber=4}
03-17 18:52:57.399   580  3946 I netd    : networkSetDefault(108) <0.34ms>
03-17 18:52:57.399  1513  9153 D TrafficStats: tagSocket(152) with statsTag=0xffffff81, statsUid=-1
03-17 18:52:57.400   580   618 E NetlinkEvent: NetlinkEvent::FindParam(): Parameter 'INTERFACE' not found
03-17 18:52:57.400   580   618 E NetlinkEvent: NetlinkEvent::FindParam(): Parameter 'STATE' not found
03-17 18:52:57.400   580   618 E NetlinkEvent: NetlinkEvent::FindParam(): Parameter 'TIME_NS' not found
03-17 18:52:57.400   580   618 E NetlinkEvent: NetlinkEvent::FindParam(): Parameter 'UID' not found
03-17 18:52:57.402   580  3946 I netd    : idletimerAddInterface(wlan0, 15, 1) <2.72ms>
03-17 18:52:57.403   903  1260 D ConnectivityService: reportNetworkActive, notify 0 listeners
03-17 18:52:57.403   903  1260 D ConnectivityService: Setting tx/rx TCP buffers to 524288,1048576,2097152,262144,524288,1048576
03-17 18:52:57.403   580  3946 I netd    : setTcpRWmemorySize(524288 1048576 2097152, 262144 524288 1048576) <0.13ms>
03-17 18:52:57.403   580  9154 I resolv  : ResNSendHandler::run: 0 / {108 983148 108 983148 1073 1}
03-17 18:52:57.403   580  9154 D resolv  : resolv_populate_res_for_net: netid=108
03-17 18:52:57.403   580  9154 D resolv  : res_nsend
03-17 18:52:57.404   580  9154 D resolv  : resolv_cache_lookup: lookup
03-17 18:52:57.404   580  9154 D resolv  : resolv_cache_lookup: NOT IN CACHE
03-17 18:52:57.404   580  9154 D resolv  : resolv_populate_res_for_net: netid=108
03-17 18:52:57.404   580  9154 D resolv  : res_stats_usable_server: NS stats: S 0 + E 0 + T 0 + I 0 = 0, rtt = -1, min_samples = 8
03-17 18:52:57.404   580  9154 D resolv  : res_nsend: Querying server (# 1) address = 192.168.10.1:53
03-17 18:52:57.404   580  9154 D resolv  : send_dg: new DG socket
03-17 18:52:57.405   580  9154 D resolv  : get_timeout: using timeout of 5000 msec
03-17 18:52:57.405   580  9154 D resolv  : retrying_poll: 48 retrying_poll
03-17 18:52:57.408  8377  8543 D WifiTracker: ------ Dumping AccessPoints that were not seen on this scan ------
03-17 18:52:57.409  8377  8543 D WifiTracker: ---- Done dumping AccessPoints that were not seen on this scan ----
03-17 18:52:57.409  8377  8377 I WifiTracker: Invoking onAccessPointsChanged callback
03-17 18:52:57.409   903  1833 I WifiService: getScanResults uid=1000
03-17 18:52:57.410   903  1180 I WifiService: getWifiEnabledState uid=1000 state=3
03-17 18:52:57.410  8377  8491 I CarWifiManager: AccessPoint Cudy-6C60, isReachable: true
03-17 18:52:57.410  8377  8491 I CarWifiManager: AccessPoint Cudy-6C60-5G, isReachable: true
03-17 18:52:57.410  8377  8491 I CarWifiManager: AccessPoint ChinaNet-D9B9E4-5G, isReachable: true
03-17 18:52:57.410  8377  8491 I CarWifiManager: AccessPoint DEEPAL, isReachable: true
03-17 18:52:57.410  8377  8491 I CarWifiManager: AccessPoint HONOR 100, isReachable: true
03-17 18:52:57.410  8377  8491 I CarWifiManager: AccessPoint TP-LINK_CAR, isReachable: true
03-17 18:52:57.410  8377  8491 I CarWifiManager: AccessPoint AndroidAP_4071, isReachable: true
03-17 18:52:57.410  8377  8491 I CarWifiManager: AccessPoint AndroidAP_5418, isReachable: true
03-17 18:52:57.410  8377  8491 I CarWifiManager: AccessPoint AndroidAP_6881, isReachable: true
03-17 18:52:57.410  8377  8491 I CarWifiManager: AccessPoint AndroidAP_7437, isReachable: true
03-17 18:52:57.410  8377  8491 I CarWifiManager: AccessPoint AndroidAuto_5G, isReachable: true
03-17 18:52:57.410  8377  8491 I CarWifiManager: AccessPoint TP-LINK_45A7, isReachable: true
03-17 18:52:57.410  8377  8491 I CarWifiManager: AccessPoint TP-LINK_APP, isReachable: true
03-17 18:52:57.410  8377  8491 I CarWifiManager: AccessPoint TP-LINK_DE9B, isReachable: true
03-17 18:52:57.410  8377  8491 I CarWifiManager: AccessPoint Adayo-CW, isReachable: true
03-17 18:52:57.410  8377  8491 I CarWifiManager: AccessPoint ADAYOGE FangKe, isReachable: true
03-17 18:52:57.410  8377  8491 I CarWifiManager: AccessPoint ADAYOGE WiFi, isReachable: true
03-17 18:52:57.410  8377  8491 I CarWifiManager: AccessPoint AKALMING, isReachable: true
03-17 18:52:57.410  8377  8491 I CarWifiManager: AccessPoint AndroidAP_3590, isReachable: true
03-17 18:52:57.410  8377  8491 I CarWifiManager: AccessPoint AndroidAP_5614, isReachable: true
03-17 18:52:57.410  8377  8491 I CarWifiManager: AccessPoint FL-5G-1497, isReachable: true
03-17 18:52:57.410  8377  8491 I CarWifiManager: AccessPoint FX_2415, isReachable: true
03-17 18:52:57.410  8377  8491 I CarWifiManager: AccessPoint FX_8833, isReachable: true
03-17 18:52:57.410  8377  8491 I CarWifiManager: AccessPoint iPhone 13 Pro, isReachable: true
03-17 18:52:57.410  8377  8491 I CarWifiManager: AccessPoint JETTA WLAN 001, isReachable: true
03-17 18:52:57.410  8377  8491 I CarWifiManager: AccessPoint ProductPro, isReachable: true
03-17 18:52:57.410  8377  8491 I CarWifiManager: AccessPoint TP-LINK_3AFA, isReachable: true
03-17 18:52:57.410  8377  8491 I CarWifiManager: AccessPoint TP-LINK_E6B8, isReachable: true
03-17 18:52:57.410  8377  8491 I CarWifiManager: AccessPoint Xiaomi 14, isReachable: true
03-17 18:52:57.410  8377  8491 I CarWifiManager: AccessPoint ZTE_3DA119, isReachable: true
03-17 18:52:57.410  8377  8491 I CarWifiManager: AccessPoint ABCDEFG, isReachable: true
03-17 18:52:57.410  8377  8491 I CarWifiManager: AccessPoint ADAYOGE-HK, isReachable: true
03-17 18:52:57.410  8377  8491 I CarWifiManager: AccessPoint AndroidAP_2884, isReachable: true
03-17 18:52:57.410  8377  8491 I CarWifiManager: AccessPoint DIRECT-ea84-1590, isReachable: true
03-17 18:52:57.410  8377  8491 I CarWifiManager: AccessPoint HUAWEI_B316_9AF2_5G, isReachable: true
03-17 18:52:57.410  8377  8491 I CarWifiManager: AccessPoint nidewifi-5G, isReachable: true
03-17 18:52:57.410  8377  8491 I CarWifiManager: AccessPoint Tony’s 20phone, isReachable: true
03-17 18:52:57.410  8377  8491 I CarWifiManager: AccessPoint TP_KK, isReachable: true
03-17 18:52:57.411  8377  8491 W SettingsLib.AccessPoint: NetworkInfo is null, cannot return detailed state
03-17 18:52:57.411  8377  8491 I AccessPoint: AccessPoint: Cudy-6C60, detailed state: null, isReachable: true
03-17 18:52:57.411  8377  8491 W SettingsLib.AccessPoint: NetworkInfo is null, cannot return detailed state
03-17 18:52:57.411  8377  8491 W SettingsLib.AccessPoint: NetworkInfo is null, cannot return detailed state
03-17 18:52:57.411  8377  8491 I AccessPoint: AccessPoint: Cudy-6C60-5G, detailed state: null, isReachable: true
03-17 18:52:57.411  8377  8491 W SettingsLib.AccessPoint: NetworkInfo is null, cannot return detailed state
03-17 18:52:57.411  8377  8491 W SettingsLib.AccessPoint: NetworkInfo is null, cannot return detailed state
03-17 18:52:57.411  8377  8491 I AccessPoint: AccessPoint: ChinaNet-D9B9E4-5G, detailed state: null, isReachable: true
03-17 18:52:57.411  8377  8491 W SettingsLib.AccessPoint: NetworkInfo is null, cannot return detailed state
03-17 18:52:57.411  8377  8491 W SettingsLib.AccessPoint: NetworkInfo is null, cannot return detailed state
03-17 18:52:57.411  8377  8491 I AccessPoint: AccessPoint: DEEPAL, detailed state: null, isReachable: true
03-17 18:52:57.411  8377  8491 W SettingsLib.AccessPoint: NetworkInfo is null, cannot return detailed state
03-17 18:52:57.411  8377  8491 W SettingsLib.AccessPoint: NetworkInfo is null, cannot return detailed state
03-17 18:52:57.411  8377  8491 I AccessPoint: AccessPoint: HONOR 100, detailed state: null, isReachable: true
03-17 18:52:57.411  8377  8491 W SettingsLib.AccessPoint: NetworkInfo is null, cannot return detailed state
03-17 18:52:57.411  8377  8491 W SettingsLib.AccessPoint: NetworkInfo is null, cannot return detailed state
03-17 18:52:57.411  8377  8491 I AccessPoint: AccessPoint: TP-LINK_CAR, detailed state: null, isReachable: true
03-17 18:52:57.411  8377  8491 W SettingsLib.AccessPoint: NetworkInfo is null, cannot return detailed state
03-17 18:52:57.411  8377  8491 W SettingsLib.AccessPoint: NetworkInfo is null, cannot return detailed state
03-17 18:52:57.411  8377  8491 I AccessPoint: AccessPoint: AndroidAP_4071, detailed state: null, isReachable: true
03-17 18:52:57.411  8377  8491 W SettingsLib.AccessPoint: NetworkInfo is null, cannot return detailed state
03-17 18:52:57.411  8377  8491 W SettingsLib.AccessPoint: NetworkInfo is null, cannot return detailed state
03-17 18:52:57.411  8377  8491 I AccessPoint: AccessPoint: AndroidAP_5418, detailed state: null, isReachable: true
03-17 18:52:57.411  8377  8491 W SettingsLib.AccessPoint: NetworkInfo is null, cannot return detailed state
03-17 18:52:57.411  8377  8491 W SettingsLib.AccessPoint: NetworkInfo is null, cannot return detailed state
03-17 18:52:57.411  8377  8491 I AccessPoint: AccessPoint: AndroidAP_6881, detailed state: null, isReachable: true
03-17 18:52:57.411  8377  8491 W SettingsLib.AccessPoint: NetworkInfo is null, cannot return detailed state
03-17 18:52:57.411  8377  8491 W SettingsLib.AccessPoint: NetworkInfo is null, cannot return detailed state
03-17 18:52:57.411  8377  8491 I AccessPoint: AccessPoint: AndroidAP_7437, detailed state: null, isReachable: true
03-17 18:52:57.411  8377  8491 W SettingsLib.AccessPoint: NetworkInfo is null, cannot return detailed state
03-17 18:52:57.411  8377  8491 W SettingsLib.AccessPoint: NetworkInfo is null, cannot return detailed state
03-17 18:52:57.411  8377  8491 I AccessPoint: AccessPoint: AndroidAuto_5G, detailed state: null, isReachable: true
03-17 18:52:57.411  8377  8491 W SettingsLib.AccessPoint: NetworkInfo is null, cannot return detailed state
03-17 18:52:57.411  8377  8491 W SettingsLib.AccessPoint: NetworkInfo is null, cannot return detailed state
03-17 18:52:57.411  8377  8491 I AccessPoint: AccessPoint: TP-LINK_45A7, detailed state: null, isReachable: true
03-17 18:52:57.411  8377  8491 W SettingsLib.AccessPoint: NetworkInfo is null, cannot return detailed state
03-17 18:52:57.411  8377  8491 W SettingsLib.AccessPoint: NetworkInfo is null, cannot return detailed state
03-17 18:52:57.411  8377  8491 I AccessPoint: AccessPoint: TP-LINK_APP, detailed state: null, isReachable: true
03-17 18:52:57.411  8377  8491 W SettingsLib.AccessPoint: NetworkInfo is null, cannot return detailed state
03-17 18:52:57.411  8377  8491 W SettingsLib.AccessPoint: NetworkInfo is null, cannot return detailed state
03-17 18:52:57.411  8377  8491 I AccessPoint: AccessPoint: TP-LINK_DE9B, detailed state: null, isReachable: true
03-17 18:52:57.411  8377  8491 W SettingsLib.AccessPoint: NetworkInfo is null, cannot return detailed state
03-17 18:52:57.411  8377  8491 W SettingsLib.AccessPoint: NetworkInfo is null, cannot return detailed state
03-17 18:52:57.411  8377  8491 I AccessPoint: AccessPoint: Adayo-CW, detailed state: null, isReachable: true
03-17 18:52:57.411  8377  8491 W SettingsLib.AccessPoint: NetworkInfo is null, cannot return detailed state
03-17 18:52:57.411  8377  8491 W SettingsLib.AccessPoint: NetworkInfo is null, cannot return detailed state
03-17 18:52:57.411  8377  8491 I AccessPoint: AccessPoint: ADAYOGE FangKe, detailed state: null, isReachable: true
03-17 18:52:57.411   580  9154 D resolv  : retrying_poll: 48 retrying_poll returning 1
03-17 18:52:57.411  8377  8491 W SettingsLib.AccessPoint: NetworkInfo is null, cannot return detailed state
03-17 18:52:57.411  8377  8491 W SettingsLib.AccessPoint: NetworkInfo is null, cannot return detailed state
03-17 18:52:57.412  8377  8491 I AccessPoint: AccessPoint: ADAYOGE WiFi, detailed state: null, isReachable: true
03-17 18:52:57.412   580  9154 I resolv  : res_nsend: used send_dg 63 terrno: 0
03-17 18:52:57.412  8377  8491 W SettingsLib.AccessPoint: NetworkInfo is null, cannot return detailed state
03-17 18:52:57.412  8377  8491 W SettingsLib.AccessPoint: NetworkInfo is null, cannot return detailed state
03-17 18:52:57.412   580  9154 D resolv  : res_stats_set_sample: rcode = 0, sec = 8
03-17 18:52:57.412  8377  8491 I AccessPoint: AccessPoint: AKALMING, detailed state: null, isReachable: true
03-17 18:52:57.412   580  9154 D resolv  : res_cache_add_stats_sample_locked: adding sample to stats, next = 0, count = 0
03-17 18:52:57.412  8377  8491 W SettingsLib.AccessPoint: NetworkInfo is null, cannot return detailed state
03-17 18:52:57.412  8377  8491 W SettingsLib.AccessPoint: NetworkInfo is null, cannot return detailed state
03-17 18:52:57.412   580  9154 D resolv  : res_nsend: got answer:
03-17 18:52:57.412  8377  8491 I AccessPoint: AccessPoint: AndroidAP_3590, detailed state: null, isReachable: true
03-17 18:52:57.412  8377  8491 W SettingsLib.AccessPoint: NetworkInfo is null, cannot return detailed state
03-17 18:52:57.412  8377  8491 W SettingsLib.AccessPoint: NetworkInfo is null, cannot return detailed state
03-17 18:52:57.412  8377  8491 I AccessPoint: AccessPoint: AndroidAP_5614, detailed state: null, isReachable: true
03-17 18:52:57.412   580  9154 D resolv  : answer_getTTL: TTL = 119
03-17 18:52:57.412  8377  8491 W SettingsLib.AccessPoint: NetworkInfo is null, cannot return detailed state
03-17 18:52:57.412   580  9154 D resolv  : _cache_add_p: entry 1 added (count=1)
03-17 18:52:57.412  8377  8491 W SettingsLib.AccessPoint: NetworkInfo is null, cannot return detailed state
03-17 18:52:57.412  8377  8491 I AccessPoint: AccessPoint: FL-5G-1497, detailed state: null, isReachable: true
03-17 18:52:57.412   580  9154 D resolv  : cache_dump_mru_locked: MRU LIST ( 1):  1
03-17 18:52:57.412  8377  8491 W SettingsLib.AccessPoint: NetworkInfo is null, cannot return detailed state
03-17 18:52:57.412  8377  8491 W SettingsLib.AccessPoint: NetworkInfo is null, cannot return detailed state
03-17 18:52:57.412  8377  8491 I AccessPoint: AccessPoint: FX_2415, detailed state: null, isReachable: true
03-17 18:52:57.412  8377  8491 W SettingsLib.AccessPoint: NetworkInfo is null, cannot return detailed state
03-17 18:52:57.412  8377  8491 W SettingsLib.AccessPoint: NetworkInfo is null, cannot return detailed state
03-17 18:52:57.412  8377  8491 I AccessPoint: AccessPoint: FX_8833, detailed state: null, isReachable: true
03-17 18:52:57.412  8377  8491 W SettingsLib.AccessPoint: NetworkInfo is null, cannot return detailed state
03-17 18:52:57.412  8377  8491 W SettingsLib.AccessPoint: NetworkInfo is null, cannot return detailed state
03-17 18:52:57.412  8377  8491 I AccessPoint: AccessPoint: iPhone 13 Pro, detailed state: null, isReachable: true
03-17 18:52:57.412  8377  8491 W SettingsLib.AccessPoint: NetworkInfo is null, cannot return detailed state
03-17 18:52:57.412  8377  8491 W SettingsLib.AccessPoint: NetworkInfo is null, cannot return detailed state
03-17 18:52:57.412  8377  8491 I AccessPoint: AccessPoint: JETTA WLAN 001, detailed state: null, isReachable: true
