03-17 18:52:57.542   903  1260 D ConnectivityService:  sending notification for NetworkRequest [ LISTEN id=24, [ Transports: WIFI Capabilities: NOT_RESTRICTED&TRUSTED&NOT_VPN&NOT_VCN_MANAGED Uid: 1000 RequestorUid: 1000 RequestorPkg: com.fawvw.hmi.j01.ota UnderlyingNetworks: Null] ]
03-17 18:52:57.542   903  1260 D ConnectivityService: sending notification CALLBACK_PRECHECK for NetworkRequest [ LISTEN id=24, [ Transports: WIFI Capabilities: NOT_RESTRICTED&TRUSTED&NOT_VPN&NOT_VCN_MANAGED Uid: 1000 RequestorUid: 1000 RequestorPkg: com.fawvw.hmi.j01.ota UnderlyingNetworks: Null] ]
03-17 18:52:57.543   903  1260 D ConnectivityService:  sending notification for NetworkRequest [ LISTEN id=25, [ Transports: WIFI Capabilities: INTERNET&TRUSTED&NOT_VPN&NOT_VCN_MANAGED Uid: 1001 RequestorUid: 1001 RequestorPkg: com.android.phone UnderlyingNetworks: Null] ]
03-17 18:52:57.543   903  1260 D ConnectivityService: sending notification CALLBACK_PRECHECK for NetworkRequest [ LISTEN id=25, [ Transports: WIFI Capabilities: INTERNET&TRUSTED&NOT_VPN&NOT_VCN_MANAGED Uid: 1001 RequestorUid: 1001 RequestorPkg: com.android.phone UnderlyingNetworks: Null] ]
03-17 18:52:57.543   903  1260 D ConnectivityService:  sending notification for NetworkRequest [ REQUEST id=27, [ Capabilities: INTERNET&NOT_RESTRICTED&TRUSTED&NOT_VCN_MANAGED Uid: 1001 RequestorUid: 1001 RequestorPkg: com.android.phone UnderlyingNetworks: Null] ]
03-17 18:52:57.543   903  1260 D ConnectivityService: sending notification CALLBACK_PRECHECK for NetworkRequest [ TRACK_DEFAULT id=26, [ Capabilities: INTERNET&NOT_RESTRICTED&TRUSTED&NOT_VCN_MANAGED Uid: 1001 RequestorUid: 1001 RequestorPkg: com.android.phone UnderlyingNetworks: Null] ]
03-17 18:52:57.544   327   327 E CompositionEngine: [StageCoordinatorSplitDivider#160] Invalid device requested composition type change: Client (1) --> Client (1)
03-17 18:52:57.544   327   327 E CompositionEngine: [#82] Invalid device requested composition type change: Client (1) --> Client (1)
03-17 18:52:57.544   903  1260 D ConnectivityService:  sending notification for NetworkRequest [ REQUEST id=29, [ Capabilities: INTERNET&NOT_RESTRICTED&TRUSTED&NOT_VCN_MANAGED Uid: 1001 RequestorUid: 1001 RequestorPkg: com.android.phone UnderlyingNetworks: Null] ]
03-17 18:52:57.544   327   327 E CompositionEngine: [MosiCarTopSystemBar#66] Invalid device requested composition type change: Client (1) --> Client (1)
03-17 18:52:57.544   903  1260 D ConnectivityService: sending notification CALLBACK_PRECHECK for NetworkRequest [ TRACK_DEFAULT id=28, [ Capabilities: INTERNET&NOT_RESTRICTED&TRUSTED&NOT_VCN_MANAGED Uid: 1001 RequestorUid: 1001 RequestorPkg: com.android.phone UnderlyingNetworks: Null] ]
03-17 18:52:57.545   903  1260 D ConnectivityService:  sending notification for NetworkRequest [ REQUEST id=31, [ Capabilities: INTERNET&NOT_RESTRICTED&TRUSTED&NOT_VCN_MANAGED Uid: 10053 RequestorUid: 10053 RequestorPkg: com.mosi.mosc.aicenter UnderlyingNetworks: Null] ]
03-17 18:52:57.545   903  1260 D ConnectivityService: sending notification CALLBACK_PRECHECK for NetworkRequest [ TRACK_DEFAULT id=30, [ Capabilities: INTERNET&NOT_RESTRICTED&TRUSTED&NOT_VCN_MANAGED Uid: 10053 RequestorUid: 10053 RequestorPkg: com.mosi.mosc.aicenter UnderlyingNetworks: Null] ]
03-17 18:52:57.545   903  1260 D ConnectivityService:  sending notification for NetworkRequest [ REQUEST id=33, [ Capabilities: INTERNET&NOT_RESTRICTED&TRUSTED&NOT_VCN_MANAGED Uid: 10064 RequestorUid: 10064 RequestorPkg: com.fawvw.vehicle.navi.j01app UnderlyingNetworks: Null] ]
03-17 18:52:57.545   903  1260 D ConnectivityService: sending notification CALLBACK_PRECHECK for NetworkRequest [ TRACK_DEFAULT id=32, [ Capabilities: INTERNET&NOT_RESTRICTED&TRUSTED&NOT_VCN_MANAGED Uid: 10064 RequestorUid: 10064 RequestorPkg: com.fawvw.vehicle.navi.j01app UnderlyingNetworks: Null] ]
03-17 18:52:57.546   903  1260 D ConnectivityService:  sending notification for NetworkRequest [ REQUEST id=35, [ Capabilities: INTERNET&NOT_RESTRICTED&TRUSTED&NOT_VCN_MANAGED Uid: 10064 RequestorUid: 10064 RequestorPkg: com.fawvw.vehicle.navi.j01app UnderlyingNetworks: Null] ]
03-17 18:52:57.546   903  1260 D ConnectivityService: sending notification CALLBACK_PRECHECK for NetworkRequest [ TRACK_DEFAULT id=34, [ Capabilities: INTERNET&NOT_RESTRICTED&TRUSTED&NOT_VCN_MANAGED Uid: 10064 RequestorUid: 10064 RequestorPkg: com.fawvw.vehicle.navi.j01app UnderlyingNetworks: Null] ]
03-17 18:52:57.546   903  1260 D ConnectivityService:  sending notification for NetworkRequest [ REQUEST id=37, [ Capabilities: INTERNET&NOT_RESTRICTED&TRUSTED&NOT_VCN_MANAGED Uid: 10075 RequestorUid: 1000 RequestorPkg: android UnderlyingNetworks: Null] ]
03-17 18:52:57.546   903  1260 D ConnectivityService: sending notification CALLBACK_PRECHECK for NetworkRequest [ TRACK_DEFAULT id=36, [ Capabilities: INTERNET&NOT_RESTRICTED&TRUSTED&NOT_VCN_MANAGED Uid: 10075 RequestorUid: 1000 RequestorPkg: android UnderlyingNetworks: Null] ]
03-17 18:52:57.546   903  1260 D ConnectivityService:  sending notification for NetworkRequest [ LISTEN id=40, [ RequestorUid: 1073 RequestorPkg: com.android.networkstack.tethering UnderlyingNetworks: Null] ]
03-17 18:52:57.546   903  1260 D ConnectivityService: sending notification CALLBACK_PRECHECK for NetworkRequest [ LISTEN id=40, [ RequestorUid: 1073 RequestorPkg: com.android.networkstack.tethering UnderlyingNetworks: Null] ]
03-17 18:52:57.547   903  1260 D ConnectivityService:  sending notification for NetworkRequest [ REQUEST id=42, [ Capabilities: INTERNET&NOT_RESTRICTED&TRUSTED&NOT_VCN_MANAGED Uid: 10064 RequestorUid: 10064 RequestorPkg: com.fawvw.vehicle.navi.j01app UnderlyingNetworks: Null] ]
03-17 18:52:57.547   903  1260 D ConnectivityService: sending notification CALLBACK_PRECHECK for NetworkRequest [ TRACK_DEFAULT id=41, [ Capabilities: INTERNET&NOT_RESTRICTED&TRUSTED&NOT_VCN_MANAGED Uid: 10064 RequestorUid: 10064 RequestorPkg: com.fawvw.vehicle.navi.j01app UnderlyingNetworks: Null] ]
03-17 18:52:57.547   903  1260 D ConnectivityService:  sending notification for NetworkRequest [ LISTEN id=43, [ Capabilities: NOT_METERED&INTERNET&NOT_RESTRICTED&TRUSTED&NOT_VPN&NOT_VCN_MANAGED Uid: 10064 RequestorUid: 10064 RequestorPkg: com.fawvw.vehicle.navi.j01app UnderlyingNetworks: Null] ]
03-17 18:52:57.547   903  1260 D ConnectivityService: sending notification CALLBACK_PRECHECK for NetworkRequest [ LISTEN id=43, [ Capabilities: NOT_METERED&INTERNET&NOT_RESTRICTED&TRUSTED&NOT_VPN&NOT_VCN_MANAGED Uid: 10064 RequestorUid: 10064 RequestorPkg: com.fawvw.vehicle.navi.j01app UnderlyingNetworks: Null] ]
03-17 18:52:57.547   903  1260 D ConnectivityService:  sending notification for NetworkRequest [ REQUEST id=45, [ Capabilities: INTERNET&NOT_RESTRICTED&TRUSTED&NOT_VCN_MANAGED Uid: 10064 RequestorUid: 10064 RequestorPkg: com.fawvw.vehicle.navi.j01app UnderlyingNetworks: Null] ]
03-17 18:52:57.547   903  1260 D ConnectivityService: sending notification CALLBACK_PRECHECK for NetworkRequest [ TRACK_DEFAULT id=44, [ Capabilities: INTERNET&NOT_RESTRICTED&TRUSTED&NOT_VCN_MANAGED Uid: 10064 RequestorUid: 10064 RequestorPkg: com.fawvw.vehicle.navi.j01app UnderlyingNetworks: Null] ]
03-17 18:52:57.548   903  1260 D ConnectivityService:  sending notification for NetworkRequest [ REQUEST id=48, [ Capabilities: INTERNET&NOT_RESTRICTED&TRUSTED&NOT_VCN_MANAGED Uid: 10076 RequestorUid: 1000 RequestorPkg: android UnderlyingNetworks: Null] ]
03-17 18:52:57.548   903  1260 D ConnectivityService: sending notification CALLBACK_PRECHECK for NetworkRequest [ TRACK_DEFAULT id=47, [ Capabilities: INTERNET&NOT_RESTRICTED&TRUSTED&NOT_VCN_MANAGED Uid: 10076 RequestorUid: 1000 RequestorPkg: android UnderlyingNetworks: Null] ]
03-17 18:52:57.548   903  1260 D ConnectivityService:  sending notification for NetworkRequest [ REQUEST id=52, [ Capabilities: INTERNET&NOT_RESTRICTED&TRUSTED&NOT_VCN_MANAGED Uid: 10017 RequestorUid: 1000 RequestorPkg: android UnderlyingNetworks: Null] ]
03-17 18:52:57.548   903  1260 D ConnectivityService: sending notification CALLBACK_PRECHECK for NetworkRequest [ TRACK_DEFAULT id=51, [ Capabilities: INTERNET&NOT_RESTRICTED&TRUSTED&NOT_VCN_MANAGED Uid: 10017 RequestorUid: 1000 RequestorPkg: android UnderlyingNetworks: Null] ]
03-17 18:52:57.548   903  1260 D ConnectivityService:  sending notification for NetworkRequest [ REQUEST id=55, [ Transports: CELLULAR|WIFI Capabilities: NOT_RESTRICTED&TRUSTED&NOT_VPN&NOT_VCN_MANAGED Uid: 1000 RequestorUid: 1000 RequestorPkg: com.fawvw.mw.pkiagent UnderlyingNetworks: Null] ]
03-17 18:52:57.548   903  1260 D ConnectivityService: sending notification CALLBACK_PRECHECK for NetworkRequest [ REQUEST id=55, [ Transports: CELLULAR|WIFI Capabilities: NOT_RESTRICTED&TRUSTED&NOT_VPN&NOT_VCN_MANAGED Uid: 1000 RequestorUid: 1000 RequestorPkg: com.fawvw.mw.pkiagent UnderlyingNetworks: Null] ]
03-17 18:52:57.548   903  1260 D ConnectivityService:  sending notification for NetworkRequest [ LISTEN id=56, [ Transports: WIFI Capabilities: NOT_VPN RequestorUid: 1000 RequestorPkg: com.fawvw.hmi.bev.carapp UnderlyingNetworks: Null] ]
03-17 18:52:57.548   903  1260 D ConnectivityService: sending notification CALLBACK_PRECHECK for NetworkRequest [ LISTEN id=56, [ Transports: WIFI Capabilities: NOT_VPN RequestorUid: 1000 RequestorPkg: com.fawvw.hmi.bev.carapp UnderlyingNetworks: Null] ]
03-17 18:52:57.550   903  1260 D ConnectivityService:  sending notification for NetworkRequest [ LISTEN id=57, [ Transports: WIFI Capabilities: INTERNET&NOT_RESTRICTED&TRUSTED&NOT_VPN&NOT_VCN_MANAGED Uid: 1000 RequestorUid: 1000 RequestorPkg: android UnderlyingNetworks: Null] ]
03-17 18:52:57.551   903  1260 D ConnectivityService: sending notification CALLBACK_PRECHECK for NetworkRequest [ LISTEN id=57, [ Transports: WIFI Capabilities: INTERNET&NOT_RESTRICTED&TRUSTED&NOT_VPN&NOT_VCN_MANAGED Uid: 1000 RequestorUid: 1000 RequestorPkg: android UnderlyingNetworks: Null] ]
03-17 18:52:57.553   903  1260 D ConnectivityService: Update of LinkProperties for [108 WIFI]; created=111268; firstConnected=111269
03-17 18:52:57.555  8377  8543 D WifiTracker: ------ Dumping AccessPoints that were not seen on this scan ------
03-17 18:52:57.556  8377  8543 D WifiTracker: ---- Done dumping AccessPoints that were not seen on this scan ----
03-17 18:52:57.556  8377  8377 I WifiTracker: Invoking onAccessPointsChanged callback
03-17 18:52:57.557   903  1833 I WifiService: getWifiEnabledState uid=1000 state=3
03-17 18:52:57.557  8377  8491 I CarWifiManager: AccessPoint Cudy-6C60, isReachable: true
03-17 18:52:57.557  8377  8491 I CarWifiManager: AccessPoint Cudy-6C60-5G, isReachable: true
03-17 18:52:57.557  8377  8491 I CarWifiManager: AccessPoint ChinaNet-D9B9E4-5G, isReachable: true
03-17 18:52:57.557  8377  8491 I CarWifiManager: AccessPoint DEEPAL, isReachable: true
03-17 18:52:57.557  8377  8491 I CarWifiManager: AccessPoint HONOR 100, isReachable: true
03-17 18:52:57.557  8377  8491 I CarWifiManager: AccessPoint TP-LINK_CAR, isReachable: true
03-17 18:52:57.557  8377  8491 I CarWifiManager: AccessPoint AndroidAP_4071, isReachable: true
03-17 18:52:57.557  8377  8491 I CarWifiManager: AccessPoint AndroidAP_5418, isReachable: true
03-17 18:52:57.557  8377  8491 I CarWifiManager: AccessPoint AndroidAP_6881, isReachable: true
03-17 18:52:57.557  8377  8491 I CarWifiManager: AccessPoint AndroidAP_7437, isReachable: true
03-17 18:52:57.557  8377  8491 I CarWifiManager: AccessPoint AndroidAuto_5G, isReachable: true
03-17 18:52:57.557  8377  8491 I CarWifiManager: AccessPoint TP-LINK_45A7, isReachable: true
03-17 18:52:57.557  8377  8491 I CarWifiManager: AccessPoint TP-LINK_APP, isReachable: true
03-17 18:52:57.557  8377  8491 I CarWifiManager: AccessPoint TP-LINK_DE9B, isReachable: true
03-17 18:52:57.557  8377  8491 I CarWifiManager: AccessPoint Adayo-CW, isReachable: true
03-17 18:52:57.558  8377  8491 I CarWifiManager: AccessPoint ADAYOGE FangKe, isReachable: true
03-17 18:52:57.558  8377  8491 I CarWifiManager: AccessPoint ADAYOGE WiFi, isReachable: true
03-17 18:52:57.558  8377  8491 I CarWifiManager: AccessPoint AKALMING, isReachable: true
03-17 18:52:57.558  8377  8491 I CarWifiManager: AccessPoint AndroidAP_3590, isReachable: true
03-17 18:52:57.558  8377  8491 I CarWifiManager: AccessPoint AndroidAP_5614, isReachable: true
03-17 18:52:57.558  8377  8491 I CarWifiManager: AccessPoint FL-5G-1497, isReachable: true
03-17 18:52:57.558  8377  8491 I CarWifiManager: AccessPoint FX_2415, isReachable: true
03-17 18:52:57.558  8377  8491 I CarWifiManager: AccessPoint FX_8833, isReachable: true
03-17 18:52:57.558  8377  8491 I CarWifiManager: AccessPoint iPhone 13 Pro, isReachable: true
03-17 18:52:57.558  8377  8491 I CarWifiManager: AccessPoint JETTA WLAN 001, isReachable: true
03-17 18:52:57.558  8377  8491 I CarWifiManager: AccessPoint ProductPro, isReachable: true
03-17 18:52:57.558  8377  8491 I CarWifiManager: AccessPoint TP-LINK_3AFA, isReachable: true
03-17 18:52:57.558  8377  8491 I CarWifiManager: AccessPoint TP-LINK_E6B8, isReachable: true
03-17 18:52:57.558  8377  8491 I CarWifiManager: AccessPoint Xiaomi 14, isReachable: true
03-17 18:52:57.558  8377  8491 I CarWifiManager: AccessPoint ZTE_3DA119, isReachable: true
03-17 18:52:57.558  8377  8491 I CarWifiManager: AccessPoint ABCDEFG, isReachable: true
03-17 18:52:57.558  8377  8491 I CarWifiManager: AccessPoint ADAYOGE-HK, isReachable: true
03-17 18:52:57.558  8377  8491 I CarWifiManager: AccessPoint AndroidAP_2884, isReachable: true
03-17 18:52:57.558  8377  8491 I CarWifiManager: AccessPoint DIRECT-ea84-1590, isReachable: true
03-17 18:52:57.558  8377  8491 I CarWifiManager: AccessPoint HUAWEI_B316_9AF2_5G, isReachable: true
03-17 18:52:57.558  8377  8491 I CarWifiManager: AccessPoint nidewifi-5G, isReachable: true
03-17 18:52:57.558  8377  8491 I CarWifiManager: AccessPoint Tony’s 20phone, isReachable: true
03-17 18:52:57.558  8377  8491 I CarWifiManager: AccessPoint TP_KK, isReachable: true
03-17 18:52:57.558  8377  8491 W SettingsLib.AccessPoint: NetworkInfo is null, cannot return detailed state
03-17 18:52:57.558  8377  8491 I AccessPoint: AccessPoint: Cudy-6C60, detailed state: null, isReachable: true
03-17 18:52:57.558  8377  8491 W SettingsLib.AccessPoint: NetworkInfo is null, cannot return detailed state
03-17 18:52:57.558  8377  8491 W SettingsLib.AccessPoint: NetworkInfo is null, cannot return detailed state
03-17 18:52:57.558  8377  8491 I AccessPoint: AccessPoint: Cudy-6C60-5G, detailed state: null, isReachable: true
03-17 18:52:57.558  8377  8491 W SettingsLib.AccessPoint: NetworkInfo is null, cannot return detailed state
03-17 18:52:57.558  8377  8491 W SettingsLib.AccessPoint: NetworkInfo is null, cannot return detailed state
03-17 18:52:57.558  8377  8491 I AccessPoint: AccessPoint: ChinaNet-D9B9E4-5G, detailed state: null, isReachable: true
03-17 18:52:57.558  8377  8491 W SettingsLib.AccessPoint: NetworkInfo is null, cannot return detailed state
03-17 18:52:57.558  8377  8491 W SettingsLib.AccessPoint: NetworkInfo is null, cannot return detailed state
03-17 18:52:57.558  8377  8491 I AccessPoint: AccessPoint: DEEPAL, detailed state: null, isReachable: true
03-17 18:52:57.558  8377  8491 W SettingsLib.AccessPoint: NetworkInfo is null, cannot return detailed state
03-17 18:52:57.558  8377  8491 W SettingsLib.AccessPoint: NetworkInfo is null, cannot return detailed state
03-17 18:52:57.558  8377  8491 I AccessPoint: AccessPoint: HONOR 100, detailed state: null, isReachable: true
03-17 18:52:57.558  8377  8491 W SettingsLib.AccessPoint: NetworkInfo is null, cannot return detailed state
03-17 18:52:57.558  8377  8491 W SettingsLib.AccessPoint: NetworkInfo is null, cannot return detailed state
03-17 18:52:57.558  8377  8491 I AccessPoint: AccessPoint: TP-LINK_CAR, detailed state: null, isReachable: true
03-17 18:52:57.558  8377  8491 W SettingsLib.AccessPoint: NetworkInfo is null, cannot return detailed state
03-17 18:52:57.558  8377  8491 W SettingsLib.AccessPoint: NetworkInfo is null, cannot return detailed state
03-17 18:52:57.558  8377  8491 I AccessPoint: AccessPoint: AndroidAP_4071, detailed state: null, isReachable: true
03-17 18:52:57.558  8377  8491 W SettingsLib.AccessPoint: NetworkInfo is null, cannot return detailed state
03-17 18:52:57.558  8377  8491 W SettingsLib.AccessPoint: NetworkInfo is null, cannot return detailed state
03-17 18:52:57.558  8377  8491 I AccessPoint: AccessPoint: AndroidAP_5418, detailed state: null, isReachable: true
03-17 18:52:57.559  8377  8491 W SettingsLib.AccessPoint: NetworkInfo is null, cannot return detailed state
03-17 18:52:57.559  8377  8491 W SettingsLib.AccessPoint: NetworkInfo is null, cannot return detailed state
03-17 18:52:57.559  8377  8491 I AccessPoint: AccessPoint: AndroidAP_6881, detailed state: null, isReachable: true
03-17 18:52:57.559  8377  8491 W SettingsLib.AccessPoint: NetworkInfo is null, cannot return detailed state
03-17 18:52:57.559  8377  8491 W SettingsLib.AccessPoint: NetworkInfo is null, cannot return detailed state
03-17 18:52:57.559  8377  8491 I AccessPoint: AccessPoint: AndroidAP_7437, detailed state: null, isReachable: true
03-17 18:52:57.559  8377  8491 W SettingsLib.AccessPoint: NetworkInfo is null, cannot return detailed state
03-17 18:52:57.559  8377  8491 W SettingsLib.AccessPoint: NetworkInfo is null, cannot return detailed state
03-17 18:52:57.559  8377  8491 I AccessPoint: AccessPoint: AndroidAuto_5G, detailed state: null, isReachable: true
03-17 18:52:57.559  8377  8491 W SettingsLib.AccessPoint: NetworkInfo is null, cannot return detailed state
03-17 18:52:57.559  8377  8491 W SettingsLib.AccessPoint: NetworkInfo is null, cannot return detailed state
03-17 18:52:57.559  8377  8491 I AccessPoint: AccessPoint: TP-LINK_45A7, detailed state: null, isReachable: true
03-17 18:52:57.559  8377  8491 W SettingsLib.AccessPoint: NetworkInfo is null, cannot return detailed state
03-17 18:52:57.559  8377  8491 W SettingsLib.AccessPoint: NetworkInfo is null, cannot return detailed state
03-17 18:52:57.559  8377  8491 I AccessPoint: AccessPoint: TP-LINK_APP, detailed state: null, isReachable: true
03-17 18:52:57.559  8377  8491 W SettingsLib.AccessPoint: NetworkInfo is null, cannot return detailed state
03-17 18:52:57.559  8377  8491 W SettingsLib.AccessPoint: NetworkInfo is null, cannot return detailed state
03-17 18:52:57.559  8377  8491 I AccessPoint: AccessPoint: TP-LINK_DE9B, detailed state: null, isReachable: true
03-17 18:52:57.559  8377  8491 W SettingsLib.AccessPoint: NetworkInfo is null, cannot return detailed state
03-17 18:52:57.559  8377  8491 W SettingsLib.AccessPoint: NetworkInfo is null, cannot return detailed state
03-17 18:52:57.559  8377  8491 I AccessPoint: AccessPoint: Adayo-CW, detailed state: null, isReachable: true
03-17 18:52:57.559  8377  8491 W SettingsLib.AccessPoint: NetworkInfo is null, cannot return detailed state
03-17 18:52:57.559  8377  8491 W SettingsLib.AccessPoint: NetworkInfo is null, cannot return detailed state
03-17 18:52:57.559  8377  8491 I AccessPoint: AccessPoint: ADAYOGE FangKe, detailed state: null, isReachable: true
03-17 18:52:57.559  8377  8491 W SettingsLib.AccessPoint: NetworkInfo is null, cannot return detailed state
03-17 18:52:57.559  8377  8491 W SettingsLib.AccessPoint: NetworkInfo is null, cannot return detailed state
03-17 18:52:57.559  8377  8491 I AccessPoint: AccessPoint: ADAYOGE WiFi, detailed state: null, isReachable: true
03-17 18:52:57.559  8377  8491 W SettingsLib.AccessPoint: NetworkInfo is null, cannot return detailed state
03-17 18:52:57.559  8377  8491 W SettingsLib.AccessPoint: NetworkInfo is null, cannot return detailed state
03-17 18:52:57.559  8377  8491 I AccessPoint: AccessPoint: AKALMING, detailed state: null, isReachable: true
03-17 18:52:57.559  8377  8491 W SettingsLib.AccessPoint: NetworkInfo is null, cannot return detailed state
03-17 18:52:57.559  8377  8491 W SettingsLib.AccessPoint: NetworkInfo is null, cannot return detailed state
03-17 18:52:57.559  8377  8491 I AccessPoint: AccessPoint: AndroidAP_3590, detailed state: null, isReachable: true
03-17 18:52:57.559  8377  8491 W SettingsLib.AccessPoint: NetworkInfo is null, cannot return detailed state
03-17 18:52:57.559  8377  8491 W SettingsLib.AccessPoint: NetworkInfo is null, cannot return detailed state
03-17 18:52:57.559  8377  8491 I AccessPoint: AccessPoint: AndroidAP_5614, detailed state: null, isReachable: true
03-17 18:52:57.559  8377  8491 W SettingsLib.AccessPoint: NetworkInfo is null, cannot return detailed state
03-17 18:52:57.559  8377  8491 W SettingsLib.AccessPoint: NetworkInfo is null, cannot return detailed state
03-17 18:52:57.559  8377  8491 I AccessPoint: AccessPoint: FL-5G-1497, detailed state: null, isReachable: true
03-17 18:52:57.559  8377  8491 W SettingsLib.AccessPoint: NetworkInfo is null, cannot return detailed state
03-17 18:52:57.559  8377  8491 W SettingsLib.AccessPoint: NetworkInfo is null, cannot return detailed state
03-17 18:52:57.559  8377  8491 I AccessPoint: AccessPoint: FX_2415, detailed state: null, isReachable: true
03-17 18:52:57.559  8377  8491 W SettingsLib.AccessPoint: NetworkInfo is null, cannot return detailed state
03-17 18:52:57.559  8377  8491 W SettingsLib.AccessPoint: NetworkInfo is null, cannot return detailed state
03-17 18:52:57.559  8377  8491 I AccessPoint: AccessPoint: FX_8833, detailed state: null, isReachable: true
03-17 18:52:57.559  8377  8491 W SettingsLib.AccessPoint: NetworkInfo is null, cannot return detailed state
03-17 18:52:57.559  8377  8491 W SettingsLib.AccessPoint: NetworkInfo is null, cannot return detailed state
03-17 18:52:57.559  8377  8491 I AccessPoint: AccessPoint: iPhone 13 Pro, detailed state: null, isReachable: true
03-17 18:52:57.559  8377  8491 W SettingsLib.AccessPoint: NetworkInfo is null, cannot return detailed state
03-17 18:52:57.559  8377  8491 W SettingsLib.AccessPoint: NetworkInfo is null, cannot return detailed state
03-17 18:52:57.559  8377  8491 I AccessPoint: AccessPoint: JETTA WLAN 001, detailed state: null, isReachable: true
03-17 18:52:57.559  8377  8491 W SettingsLib.AccessPoint: NetworkInfo is null, cannot return detailed state
03-17 18:52:57.559  8377  8491 W SettingsLib.AccessPoint: NetworkInfo is null, cannot return detailed state
03-17 18:52:57.559  8377  8491 I AccessPoint: AccessPoint: ProductPro, detailed state: null, isReachable: true
03-17 18:52:57.559  8377  8491 W SettingsLib.AccessPoint: NetworkInfo is null, cannot return detailed state
03-17 18:52:57.560  8377  8491 W SettingsLib.AccessPoint: NetworkInfo is null, cannot return detailed state
03-17 18:52:57.560  8377  8491 I AccessPoint: AccessPoint: TP-LINK_3AFA, detailed state: null, isReachable: true
03-17 18:52:57.560  8377  8491 W SettingsLib.AccessPoint: NetworkInfo is null, cannot return detailed state
03-17 18:52:57.560  8377  8491 W SettingsLib.AccessPoint: NetworkInfo is null, cannot return detailed state
03-17 18:52:57.560  8377  8491 I AccessPoint: AccessPoint: TP-LINK_E6B8, detailed state: null, isReachable: true
03-17 18:52:57.560  8377  8491 W SettingsLib.AccessPoint: NetworkInfo is null, cannot return detailed state
03-17 18:52:57.560  8377  8491 W SettingsLib.AccessPoint: NetworkInfo is null, cannot return detailed state
03-17 18:52:57.560  8377  8491 I AccessPoint: AccessPoint: Xiaomi 14, detailed state: null, isReachable: true
03-17 18:52:57.560  8377  8491 W SettingsLib.AccessPoint: NetworkInfo is null, cannot return detailed state
03-17 18:52:57.560  8377  8491 W SettingsLib.AccessPoint: NetworkInfo is null, cannot return detailed state
03-17 18:52:57.560  8377  8491 I AccessPoint: AccessPoint: ZTE_3DA119, detailed state: null, isReachable: true
03-17 18:52:57.560  8377  8491 W SettingsLib.AccessPoint: NetworkInfo is null, cannot return detailed state
03-17 18:52:57.560  8377  8491 W SettingsLib.AccessPoint: NetworkInfo is null, cannot return detailed state
03-17 18:52:57.560  8377  8491 I AccessPoint: AccessPoint: ABCDEFG, detailed state: null, isReachable: true
03-17 18:52:57.560  8377  8491 W SettingsLib.AccessPoint: NetworkInfo is null, cannot return detailed state
03-17 18:52:57.560  8377  8491 W SettingsLib.AccessPoint: NetworkInfo is null, cannot return detailed state
03-17 18:52:57.560  8377  8491 I AccessPoint: AccessPoint: ADAYOGE-HK, detailed state: null, isReachable: true
03-17 18:52:57.560  8377  8491 W SettingsLib.AccessPoint: NetworkInfo is null, cannot return detailed state
03-17 18:52:57.560  8377  8491 W SettingsLib.AccessPoint: NetworkInfo is null, cannot return detailed state
03-17 18:52:57.560  8377  8491 I AccessPoint: AccessPoint: AndroidAP_2884, detailed state: null, isReachable: true
03-17 18:52:57.560  8377  8491 W SettingsLib.AccessPoint: NetworkInfo is null, cannot return detailed state
03-17 18:52:57.560  8377  8491 W SettingsLib.AccessPoint: NetworkInfo is null, cannot return detailed state
03-17 18:52:57.561  8377  8491 I AccessPoint: AccessPoint: DIRECT-ea84-1590, detailed state: null, isReachable: true
03-17 18:52:57.561  8377  8491 W SettingsLib.AccessPoint: NetworkInfo is null, cannot return detailed state
03-17 18:52:57.561  8377  8491 W SettingsLib.AccessPoint: NetworkInfo is null, cannot return detailed state
03-17 18:52:57.561  8377  8491 I AccessPoint: AccessPoint: HUAWEI_B316_9AF2_5G, detailed state: null, isReachable: true
03-17 18:52:57.561  8377  8491 W SettingsLib.AccessPoint: NetworkInfo is null, cannot return detailed state
03-17 18:52:57.561  8377  8491 W SettingsLib.AccessPoint: NetworkInfo is null, cannot return detailed state
03-17 18:52:57.561  8377  8491 I AccessPoint: AccessPoint: nidewifi-5G, detailed state: null, isReachable: true
03-17 18:52:57.561  8377  8491 W SettingsLib.AccessPoint: NetworkInfo is null, cannot return detailed state
03-17 18:52:57.561  8377  8491 W SettingsLib.AccessPoint: NetworkInfo is null, cannot return detailed state
03-17 18:52:57.561  8377  8491 I AccessPoint: AccessPoint: Tony’s 20phone, detailed state: null, isReachable: true
03-17 18:52:57.561  8377  8491 W SettingsLib.AccessPoint: NetworkInfo is null, cannot return detailed state
03-17 18:52:57.561  8377  8491 W SettingsLib.AccessPoint: NetworkInfo is null, cannot return detailed state
03-17 18:52:57.561  8377  8491 I AccessPoint: AccessPoint: TP_KK, detailed state: null, isReachable: true
03-17 18:52:57.561  8377  8491 W SettingsLib.AccessPoint: NetworkInfo is null, cannot return detailed state
03-17 18:52:57.561  8377  8491 I CnsCarApp-WlanRepositoryImpl: No connected access point!!
03-17 18:52:57.561  8377  8491 I CnsCarApp-WlanViewModel: onAccessPointsChanged, connected WIFI: null
03-17 18:52:57.561   903  1806 I WifiService: getWifiEnabledState uid=1000 state=3
03-17 18:52:57.562  8377  8543 D WifiTracker: mLastNetworkInfo set: [type: WIFI[], state: CONNECTING/CONNECTING, reason: (unspecified), extra: (none), failover: false, available: false, roaming: false]
03-17 18:52:57.562   903  2917 I WifiService: getWifiEnabledState uid=1000 state=3
03-17 18:52:57.562  8377  8491 I CarWifiManager: AccessPoint Cudy-6C60, isReachable: true
03-17 18:52:57.562  8377  8491 I CarWifiManager: AccessPoint Cudy-6C60-5G, isReachable: true
03-17 18:52:57.562  8377  8491 I CarWifiManager: AccessPoint ChinaNet-D9B9E4-5G, isReachable: true
03-17 18:52:57.562  8377  8491 I CarWifiManager: AccessPoint DEEPAL, isReachable: true
03-17 18:52:57.562  8377  8491 I CarWifiManager: AccessPoint HONOR 100, isReachable: true
03-17 18:52:57.562  8377  8491 I CarWifiManager: AccessPoint TP-LINK_CAR, isReachable: true
03-17 18:52:57.562  8377  8491 I CarWifiManager: AccessPoint AndroidAP_4071, isReachable: true
03-17 18:52:57.562  8377  8491 I CarWifiManager: AccessPoint AndroidAP_5418, isReachable: true
03-17 18:52:57.562  8377  8491 I CarWifiManager: AccessPoint AndroidAP_6881, isReachable: true
03-17 18:52:57.562  8377  8491 I CarWifiManager: AccessPoint AndroidAP_7437, isReachable: true
03-17 18:52:57.562  8377  8491 I CarWifiManager: AccessPoint AndroidAuto_5G, isReachable: true
03-17 18:52:57.562  8377  8491 I CarWifiManager: AccessPoint TP-LINK_45A7, isReachable: true
03-17 18:52:57.562  8377  8491 I CarWifiManager: AccessPoint TP-LINK_APP, isReachable: true
03-17 18:52:57.562  8377  8491 I CarWifiManager: AccessPoint TP-LINK_DE9B, isReachable: true
03-17 18:52:57.562  8377  8491 I CarWifiManager: AccessPoint Adayo-CW, isReachable: true
03-17 18:52:57.562  8377  8491 I CarWifiManager: AccessPoint ADAYOGE FangKe, isReachable: true
03-17 18:52:57.562  8377  8491 I CarWifiManager: AccessPoint ADAYOGE WiFi, isReachable: true
03-17 18:52:57.562  8377  8491 I CarWifiManager: AccessPoint AKALMING, isReachable: true
03-17 18:52:57.562  8377  8491 I CarWifiManager: AccessPoint AndroidAP_3590, isReachable: true
03-17 18:52:57.562  8377  8491 I CarWifiManager: AccessPoint AndroidAP_5614, isReachable: true
03-17 18:52:57.562  8377  8491 I CarWifiManager: AccessPoint FL-5G-1497, isReachable: true
03-17 18:52:57.562  8377  8491 I CarWifiManager: AccessPoint FX_2415, isReachable: true
03-17 18:52:57.563  8377  8491 I CarWifiManager: AccessPoint FX_8833, isReachable: true
03-17 18:52:57.563  8377  8491 I CarWifiManager: AccessPoint iPhone 13 Pro, isReachable: true
03-17 18:52:57.563  8377  8491 I CarWifiManager: AccessPoint JETTA WLAN 001, isReachable: true
03-17 18:52:57.563  8377  8491 I CarWifiManager: AccessPoint ProductPro, isReachable: true
03-17 18:52:57.563  8377  8491 I CarWifiManager: AccessPoint TP-LINK_3AFA, isReachable: true
03-17 18:52:57.563  8377  8491 I CarWifiManager: AccessPoint TP-LINK_E6B8, isReachable: true
03-17 18:52:57.563  8377  8491 I CarWifiManager: AccessPoint Xiaomi 14, isReachable: true
03-17 18:52:57.563  8377  8491 I CarWifiManager: AccessPoint ZTE_3DA119, isReachable: true
03-17 18:52:57.563  8377  8491 I CarWifiManager: AccessPoint ABCDEFG, isReachable: true
03-17 18:52:57.563  8377  8491 I CarWifiManager: AccessPoint ADAYOGE-HK, isReachable: true
03-17 18:52:57.563  8377  8491 I CarWifiManager: AccessPoint AndroidAP_2884, isReachable: true
03-17 18:52:57.563  8377  8491 I CarWifiManager: AccessPoint DIRECT-ea84-1590, isReachable: true
03-17 18:52:57.563  8377  8491 I CarWifiManager: AccessPoint HUAWEI_B316_9AF2_5G, isReachable: true
03-17 18:52:57.563  8377  8491 I CarWifiManager: AccessPoint nidewifi-5G, isReachable: true
03-17 18:52:57.563  8377  8491 I CarWifiManager: AccessPoint Tony’s 20phone, isReachable: true
03-17 18:52:57.563  8377  8491 I CarWifiManager: AccessPoint TP_KK, isReachable: true
03-17 18:52:57.563   903  1806 I WifiService: getConnectionInfo uid=1000
03-17 18:52:57.564  8377  8543 D WifiTracker: mLastInfo set as: SSID: "Cudy-6C60", BSSID: 80:af:ca:b5:6c:60, MAC: 88:e0:34:b7:61:31, IP: /192.168.10.241, Security type: 2, Supplicant state: COMPLETED, Wi-Fi standard: 4, RSSI: -31, Link speed: 6Mbps, Tx Link speed: 6Mbps, Max Supported Tx Link speed: 72Mbps, Rx Link speed: 6Mbps, Max Supported Rx Link speed: 72Mbps, Frequency: 2412MHz, Net ID: 0, Metered hint: false, score: 60, isUsable: true, CarrierMerged: false, SubscriptionId: -1, IsPrimary: 1, Trusted: true, Restricted: false, Ephemeral: false, OEM paid: false, OEM private: false, OSU AP: false, FQDN: <none>, Provider friendly name: <none>, Requesting package name: <none>"Cudy-6C60"wpa2-pskMLO Information: , Is TID-To-Link negotiation supported by the AP: false, AP MLD Address: <none>, AP MLO Link Id: <none>, AP MLO Affiliated links: <none>
03-17 18:52:57.565  8377  8491 W SettingsLib.AccessPoint: NetworkInfo is null, cannot return detailed state
03-17 18:52:57.565  8377  8491 W SettingsLib.AccessPoint: NetworkInfo is null, cannot return detailed state
03-17 18:52:57.566  8377  8491 W SettingsLib.AccessPoint: NetworkInfo is null, cannot return detailed state
03-17 18:52:57.566  8377  8491 W SettingsLib.AccessPoint: NetworkInfo is null, cannot return detailed state
03-17 18:52:57.566   903  1806 I WifiService: getConfiguredNetworks uid=1000
03-17 18:52:57.566  8377  8491 W SettingsLib.AccessPoint: NetworkInfo is null, cannot return detailed state
03-17 18:52:57.568  8377  8491 W SettingsLib.AccessPoint: NetworkInfo is null, cannot return detailed state
03-17 18:52:57.569  8377  8491 W SettingsLib.AccessPoint: NetworkInfo is null, cannot return detailed state
03-17 18:52:57.570  8377  8491 W SettingsLib.AccessPoint: NetworkInfo is null, cannot return detailed state
03-17 18:52:57.570  8377  8491 W SettingsLib.AccessPoint: NetworkInfo is null, cannot return detailed state
03-17 18:52:57.570  8377  8491 W SettingsLib.AccessPoint: NetworkInfo is null, cannot return detailed state
03-17 18:52:57.571  8377  8491 W SettingsLib.AccessPoint: NetworkInfo is null, cannot return detailed state
03-17 18:52:57.571  8377  8491 W SettingsLib.AccessPoint: NetworkInfo is null, cannot return detailed state
03-17 18:52:57.572  8377  8491 W SettingsLib.AccessPoint: NetworkInfo is null, cannot return detailed state
03-17 18:52:57.573  8377  8491 W SettingsLib.AccessPoint: NetworkInfo is null, cannot return detailed state
03-17 18:52:57.573  8377  8491 W SettingsLib.AccessPoint: NetworkInfo is null, cannot return detailed state
03-17 18:52:57.574  8377  8491 W SettingsLib.AccessPoint: NetworkInfo is null, cannot return detailed state
03-17 18:52:57.574  8377  8491 W SettingsLib.AccessPoint: NetworkInfo is null, cannot return detailed state
03-17 18:52:57.574  8377  8491 W SettingsLib.AccessPoint: NetworkInfo is null, cannot return detailed state
03-17 18:52:57.575  8377  8491 W SettingsLib.AccessPoint: NetworkInfo is null, cannot return detailed state
03-17 18:52:57.575   582  3616 E WifiHAL : Invalid data received from driver
03-17 18:52:57.575  8377  8491 W SettingsLib.AccessPoint: NetworkInfo is null, cannot return detailed state
03-17 18:52:57.575  8377  8491 W SettingsLib.AccessPoint: NetworkInfo is null, cannot return detailed state
03-17 18:52:57.578  8377  8491 W SettingsLib.AccessPoint: NetworkInfo is null, cannot return detailed state
03-17 18:52:57.578  8377  8491 W SettingsLib.AccessPoint: NetworkInfo is null, cannot return detailed state
03-17 18:52:57.578  8377  8491 W SettingsLib.AccessPoint: NetworkInfo is null, cannot return detailed state
03-17 18:52:57.580  8377  8491 W SettingsLib.AccessPoint: NetworkInfo is null, cannot return detailed state
03-17 18:52:57.581  8377  8491 W SettingsLib.AccessPoint: NetworkInfo is null, cannot return detailed state
03-17 18:52:57.581  8377  8491 W SettingsLib.AccessPoint: NetworkInfo is null, cannot return detailed state
03-17 18:52:57.582  8377  8491 W SettingsLib.AccessPoint: NetworkInfo is null, cannot return detailed state
03-17 18:52:57.582  8377  8491 W SettingsLib.AccessPoint: NetworkInfo is null, cannot return detailed state
03-17 18:52:57.583  8377  8491 W SettingsLib.AccessPoint: NetworkInfo is null, cannot return detailed state
03-17 18:52:57.583  8377  8491 W SettingsLib.AccessPoint: NetworkInfo is null, cannot return detailed state
03-17 18:52:57.583  8377  8491 W SettingsLib.AccessPoint: NetworkInfo is null, cannot return detailed state
03-17 18:52:57.584  8377  8491 W SettingsLib.AccessPoint: NetworkInfo is null, cannot return detailed state
03-17 18:52:57.585  8377  8491 W SettingsLib.AccessPoint: NetworkInfo is null, cannot return detailed state
03-17 18:52:57.586  8377  8491 W SettingsLib.AccessPoint: NetworkInfo is null, cannot return detailed state
03-17 18:52:57.587  8377  8491 W SettingsLib.AccessPoint: NetworkInfo is null, cannot return detailed state
03-17 18:52:57.587  8377  8491 W SettingsLib.AccessPoint: NetworkInfo is null, cannot return detailed state
03-17 18:52:57.588  8377  8491 W SettingsLib.AccessPoint: NetworkInfo is null, cannot return detailed state
03-17 18:52:57.589  8377  8491 I CnsCarApp-WlanRepositoryImpl: Available WIFI: { 
03-17 18:52:57.589  8377  8491 I CnsCarApp-WlanRepositoryImpl:   AccessPoint(Cudy-6C60:80:af:ca:b5:6c:60,saved,connectable,WPA2,level=4,metered=false,rssi=-30,scan cache size=1), AccessPoint(Cudy-6C60-5G:82:af:ca:b5:6c:61,connectable,WPA2,level=4,metered=false,rssi=-24,scan cache size=1), AccessPoint(ChinaNet-D9B9E4-5G:a8:02:db:d9:b9:e5,connectable,WPA_WPA2,level=3,metered=false,rssi=-57,scan cache size=1), AccessPoint(DEEPAL:50:c3:a2:c6:f2:d5,connectable,SAE,level=3,metered=false,rssi=-59,scan cache size=2), AccessPoint(HONOR 100:ee:72:e6:40:b9:a8,connectable,WPA2,level=3,metered=false,rssi=-64,scan cache size=1), AccessPoint(TP-LINK_CAR:80:ea:07:6b:3c:77,connectable,WPA_WPA2,level=3,metered=false,rssi=-65,scan cache size=1), AccessPoint(AndroidAP_4071:f2:6b:52:a1:d8:b1,connectable,SAE,level=2,metered=false,rssi=-77,scan cache size=1), AccessPoint(AndroidAP_5418:06:d3:f7:40:6e:ee,connectable,SAE,level=2,metered=false,rssi=-71,scan cache size=1), AccessPoint(AndroidAP_6881:a2:99:17:1e:f6:2d,connectable,SAE,level=2,metered=false,rssi=-76,scan cache size=1), AccessPoint(AndroidAP_7437:16:1a:5e:b6:ab:a3,connectable,SAE,level=2,metered=false,rssi=-68,scan cache size=1), AccessPoint(AndroidAuto_5G:b0:6e:bf:3c:71:dc,connectable,WPA2,level=2,metered=false,rssi=-74,scan cache size=1), AccessPoint(TP-LINK_45A7:74:39:89:18:45:a9,connectable,WPA_WPA2,level=2,metered=false,rssi=-76,scan cache size=1), AccessPoint(TP-LINK_APP:80:ea:07:6b:3c:79,connectable,WPA_WPA2,level=2,metered=false,rssi=-72,scan cache size=1), AccessPoint(TP-LINK_DE9B:68:dd:b7:a1:de:9d,connectable,WPA_WPA2,level=2,metered=false,rssi=-76,scan cache size=1), AccessPoint(Adayo-CW:80:ae:54:0e:1b:c3,connectable,WPA_WPA2,level=1,metered=false,rssi=-87,scan cache size=1), AccessPoint(ADAYOGE FangKe:74:ea:cb:f6:5b:02,connectable,WPA2,level=1,metered=false,rssi=-81,scan cache size=1), AccessPoint(ADAYOGE WiFi:74:ea:cb:f6:5b:03,connectable,WPA2,level=1,metered=false,rssi=-81,scan cache size=1), AccessPoint(AKALMING:d2:57:7e:eb:f7:2b,connectable,WPA2,level=1,metered=false,rssi=-85,scan cache size=1), AccessPoint(AndroidAP_3590:0a:56:a0:18:6b:32,connectable,SAE,level=1,metered=false,rssi=-86,scan cache size=1), AccessPoint(AndroidAP_5614:2e:df:e8:50:8f:cc,connectable,SAE,level=1,metered=false,rssi=-81,scan cache size=1), AccessPoint(FL-5G-1497:3c:67:c1:00:c9:53,connectable,WPA2,level=1,metered=false,rssi=-80,scan cache size=1), AccessPoint(FX_2415:a4:04:50:87:38:75,connectable,WPA2,level=1,metered=false,rssi=-82,scan cache size=1), AccessPoint(FX_8833:a4:04:50:7c:02:bf,connectable,WPA2,level=1,metered=false,rssi=-82,scan cache size=1), AccessPoint(iPhone 13 Pro:12:3b:11:e8:d7:9e,connectable,SAE,level=1,metered=false,rssi=-82,scan cache size=1), AccessPoint(JETTA WLAN 001:3a:3d:c3:49:dd:1b,connectable,SAE,level=1,metered=false,rssi=-80,scan cache size=3), AccessPoint(ProductPro:28:d1:27:8a:09:a3,connectable,WPA_WPA2,level=1,metered=false,rssi=-83,scan cache size=1), AccessPoint(TP-LINK_3AFA:04:f9:f8:37:3a:fc,connectable,WPA_WPA2,level=1,metered=false,rssi=-86,scan cache size=1), AccessPoint(TP-LINK_E6B8:74:05:a5:c3:e6:ba,connectable,WPA_WPA2,level=1,metered=false,rssi=-85,scan cache size=1), AccessPoint(Xiaomi 14:56:7e:4b:55:b8:0a,connectable,WPA2,level=1,metered=false,rssi=-78,scan cache size=1), AccessPoint(ZTE_3DA119:5c:7d:ae:3d:a1:19,connectable,WPA2,level=1,metered=false,rssi=-79,scan cache size=1), AccessPoint(ABCDEFG:10:3c:59:c2:fc:5c,connectable,WPA2,level=0,metered=false,rssi=-89,scan cache size=1), AccessPoint(ADAYOGE-HK:30:fc:68:dd:04:f9,connectable,WPA_WPA2,level=0,metered=false,rssi=-92,scan cache size=1), AccessPoint(AndroidAP_2884:a4:04:50:d0:4d:5d,connectable,SAE,level=0,metered=false,rssi=-90,scan cache size=1), AccessPoint(DIRECT-ea84-1590:c2:de:ee:46:c1:f4,connectable,WPA2,level=0,metered=false,rssi=-90,scan cache size=1), AccessPoint(HUAWEI_B316_9AF2_5G:34:7e:00:c6:9a:f7,connectable,WPA2,level=0,metered=false,rssi=-89,scan cache size=1), AccessPoint(nidewifi-5G:18:47:4d:b4:cd:8f,connectable,WPA2,level=0,metered=false,rssi=-90,sc
03-17 18:52:57.589  8377  8491 I CnsCarApp-WlanRepositoryImpl: }
03-17 18:52:57.589  8377  8491 I CnsCarApp-AccessPoint_SECURITY: Security: 2
03-17 18:52:57.589  8377  8491 I CnsCarApp-AccessPoint_SECURITY: Security: 2
03-17 18:52:57.589  8377  8491 I CnsCarApp-AccessPoint_SECURITY: Security: 2
03-17 18:52:57.589  8377  8491 I CnsCarApp-AccessPoint_SECURITY: Security: 5
03-17 18:52:57.589  8377  8491 I CnsCarApp-AccessPoint_SECURITY: Security: 2
03-17 18:52:57.589  8377  8491 I CnsCarApp-AccessPoint_SECURITY: Security: 2
03-17 18:52:57.589  8377  8491 I CnsCarApp-AccessPoint_SECURITY: Security: 5
03-17 18:52:57.589  8377  8491 I CnsCarApp-AccessPoint_SECURITY: Security: 5
03-17 18:52:57.589  8377  8491 I CnsCarApp-AccessPoint_SECURITY: Security: 5
03-17 18:52:57.589  8377  8491 I CnsCarApp-AccessPoint_SECURITY: Security: 5
03-17 18:52:57.589  8377  8491 I CnsCarApp-AccessPoint_SECURITY: Security: 2
03-17 18:52:57.589  8377  8491 I CnsCarApp-AccessPoint_SECURITY: Security: 2
03-17 18:52:57.589  8377  8491 I CnsCarApp-AccessPoint_SECURITY: Security: 2
03-17 18:52:57.589  8377  8491 I CnsCarApp-AccessPoint_SECURITY: Security: 2
03-17 18:52:57.589  8377  8491 I CnsCarApp-AccessPoint_SECURITY: Security: 2
03-17 18:52:57.589  8377  8491 I CnsCarApp-AccessPoint_SECURITY: Security: 2
03-17 18:52:57.590  8377  8491 I CnsCarApp-AccessPoint_SECURITY: Security: 2
03-17 18:52:57.590  8377  8491 I CnsCarApp-AccessPoint_SECURITY: Security: 2
03-17 18:52:57.590  8377  8491 I CnsCarApp-AccessPoint_SECURITY: Security: 5
03-17 18:52:57.590  8377  8491 I CnsCarApp-AccessPoint_SECURITY: Security: 5
03-17 18:52:57.590  8377  8491 I CnsCarApp-AccessPoint_SECURITY: Security: 2
03-17 18:52:57.590  8377  8491 I CnsCarApp-AccessPoint_SECURITY: Security: 2
03-17 18:52:57.590  8377  8491 I CnsCarApp-AccessPoint_SECURITY: Security: 2
03-17 18:52:57.590  8377  8491 I CnsCarApp-AccessPoint_SECURITY: Security: 5
03-17 18:52:57.590  8377  8491 I CnsCarApp-AccessPoint_SECURITY: Security: 5
03-17 18:52:57.590  8377  8491 I CnsCarApp-AccessPoint_SECURITY: Security: 2
03-17 18:52:57.590  8377  8491 I CnsCarApp-AccessPoint_SECURITY: Security: 2
03-17 18:52:57.590  8377  8491 I CnsCarApp-AccessPoint_SECURITY: Security: 2
03-17 18:52:57.590  8377  8491 I CnsCarApp-AccessPoint_SECURITY: Security: 2
03-17 18:52:57.590  8377  8491 I CnsCarApp-AccessPoint_SECURITY: Security: 2
03-17 18:52:57.590  8377  8491 I CnsCarApp-AccessPoint_SECURITY: Security: 2
03-17 18:52:57.590  8377  8491 I CnsCarApp-AccessPoint_SECURITY: Security: 2
03-17 18:52:57.590  8377  8491 I CnsCarApp-AccessPoint_SECURITY: Security: 5
03-17 18:52:57.590  8377  8491 I CnsCarApp-AccessPoint_SECURITY: Security: 2
03-17 18:52:57.590  8377  8491 I CnsCarApp-AccessPoint_SECURITY: Security: 2
03-17 18:52:57.590  8377  8491 I CnsCarApp-AccessPoint_SECURITY: Security: 2
03-17 18:52:57.590  8377  8491 I CnsCarApp-AccessPoint_SECURITY: Security: 5
03-17 18:52:57.590  8377  8491 I CnsCarApp-AccessPoint_SECURITY: Security: 2
03-17 18:52:57.592  1566  1566 I AccessibilityCache: onAccessibilityEvent(EventType: TYPE_VIEW_CLICKED; EventTime: 110937; PackageName: com.fawvw.hmi.bev.carapp; MovementGranularity: 0; Action: 0; ContentChangeTypes: []; WindowChangeTypes: [] [ ClassName: android.view.ViewGroup; Text: [Cudy-6C60, 已保存, 忽略]; ContentDescription: null; ItemCount: -1; CurrentItemIndex: -1; Enabled: true; Password: false; Checked: false; FullScreen: false; Scrollable: false; ImportantForAccessibility: true; AccessibilityDataSensitive: false; BeforeText: null; FromIndex: -1; ToIndex: -1; ScrollX: 0; ScrollY: 0; MaxScrollX: 0; MaxScrollY: 0; ScrollDeltaX: -1; ScrollDeltaY: -1; AddedCount: -1; RemovedCount: -1; ParcelableData: null; DisplayId: 0 ]
03-17 18:52:57.592  1566  1566 I AccessibilityCache: ; SourceWindowId: 0xe; SourceNodeId: 0xffffffff00000359; SourceDisplayId: 0)
03-17 18:52:57.592  1566  1566 I AccessibilityCache: Removing cached node.
03-17 18:52:57.603   580   630 I netd    : ipfwdRemoveInterfaceForward(wlan1, vlan_07) <0.27ms>
03-17 18:52:57.606   903  1806 I WifiService: getScanResults uid=1000
03-17 18:52:57.607  8377  8377 I WifiTracker: Invoking onAccessPointsChanged callback
03-17 18:52:57.608   580   630 I netd    : tetherRemoveForward(wlan1, vlan_07) <4.39ms>
03-17 18:52:57.608   903  1833 I WifiService: getWifiEnabledState uid=1000 state=3
03-17 18:52:57.609  8377  8491 I CarWifiManager: AccessPoint Cudy-6C60, isReachable: true
03-17 18:52:57.609  8377  8491 I CarWifiManager: AccessPoint Cudy-6C60-5G, isReachable: true
03-17 18:52:57.609  8377  8491 I CarWifiManager: AccessPoint ChinaNet-D9B9E4-5G, isReachable: true
03-17 18:52:57.609  8377  8491 I CarWifiManager: AccessPoint DEEPAL, isReachable: true
03-17 18:52:57.609  8377  8491 I CarWifiManager: AccessPoint HONOR 100, isReachable: true
03-17 18:52:57.609  8377  8491 I CarWifiManager: AccessPoint TP-LINK_CAR, isReachable: true
03-17 18:52:57.609  8377  8491 I CarWifiManager: AccessPoint AndroidAP_4071, isReachable: true
03-17 18:52:57.609  8377  8491 I CarWifiManager: AccessPoint AndroidAP_5418, isReachable: true
03-17 18:52:57.609  8377  8491 I CarWifiManager: AccessPoint AndroidAP_6881, isReachable: true
03-17 18:52:57.609  8377  8491 I CarWifiManager: AccessPoint AndroidAP_7437, isReachable: true
03-17 18:52:57.609  8377  8491 I CarWifiManager: AccessPoint AndroidAuto_5G, isReachable: true
03-17 18:52:57.609  8377  8491 I CarWifiManager: AccessPoint TP-LINK_45A7, isReachable: true
03-17 18:52:57.609  8377  8491 I CarWifiManager: AccessPoint TP-LINK_APP, isReachable: true
03-17 18:52:57.609  8377  8491 I CarWifiManager: AccessPoint TP-LINK_DE9B, isReachable: true
03-17 18:52:57.609  8377  8491 I CarWifiManager: AccessPoint Adayo-CW, isReachable: true
03-17 18:52:57.609  8377  8491 I CarWifiManager: AccessPoint ADAYOGE FangKe, isReachable: true
03-17 18:52:57.609  8377  8491 I CarWifiManager: AccessPoint ADAYOGE WiFi, isReachable: true
03-17 18:52:57.609  8377  8491 I CarWifiManager: AccessPoint AKALMING, isReachable: true
03-17 18:52:57.609  8377  8491 I CarWifiManager: AccessPoint AndroidAP_3590, isReachable: true
03-17 18:52:57.609  8377  8491 I CarWifiManager: AccessPoint AndroidAP_5614, isReachable: true
03-17 18:52:57.609  8377  8491 I CarWifiManager: AccessPoint FL-5G-1497, isReachable: true
03-17 18:52:57.609  8377  8491 I CarWifiManager: AccessPoint FX_2415, isReachable: true
03-17 18:52:57.609  8377  8491 I CarWifiManager: AccessPoint FX_8833, isReachable: true
03-17 18:52:57.609  8377  8491 I CarWifiManager: AccessPoint iPhone 13 Pro, isReachable: true
03-17 18:52:57.609  8377  8491 I CarWifiManager: AccessPoint JETTA WLAN 001, isReachable: true
03-17 18:52:57.609  8377  8491 I CarWifiManager: AccessPoint ProductPro, isReachable: true
03-17 18:52:57.610  8377  8491 I CarWifiManager: AccessPoint TP-LINK_3AFA, isReachable: true
03-17 18:52:57.610  8377  8491 I CarWifiManager: AccessPoint TP-LINK_E6B8, isReachable: true
03-17 18:52:57.610  8377  8491 I CarWifiManager: AccessPoint Xiaomi 14, isReachable: true
03-17 18:52:57.610  8377  8491 I CarWifiManager: AccessPoint ZTE_3DA119, isReachable: true
03-17 18:52:57.610  8377  8491 I CarWifiManager: AccessPoint ABCDEFG, isReachable: true
03-17 18:52:57.610  8377  8491 I CarWifiManager: AccessPoint ADAYOGE-HK, isReachable: true
03-17 18:52:57.610  8377  8491 I CarWifiManager: AccessPoint AndroidAP_2884, isReachable: true
03-17 18:52:57.610  8377  8491 I CarWifiManager: AccessPoint DIRECT-ea84-1590, isReachable: true
03-17 18:52:57.610  8377  8491 I CarWifiManager: AccessPoint HUAWEI_B316_9AF2_5G, isReachable: true
03-17 18:52:57.610  8377  8491 I CarWifiManager: AccessPoint nidewifi-5G, isReachable: true
03-17 18:52:57.610  8377  8491 I CarWifiManager: AccessPoint Tony’s 20phone, isReachable: true
03-17 18:52:57.610  8377  8491 I CarWifiManager: AccessPoint TP_KK, isReachable: true
03-17 18:52:57.610  8377  8491 I AccessPoint: AccessPoint: Cudy-6C60, detailed state: CONNECTING, isReachable: true
03-17 18:52:57.610  8377  8491 W SettingsLib.AccessPoint: NetworkInfo is null, cannot return detailed state
03-17 18:52:57.610  8377  8491 I AccessPoint: AccessPoint: Cudy-6C60-5G, detailed state: null, isReachable: true
03-17 18:52:57.610  8377  8491 W SettingsLib.AccessPoint: NetworkInfo is null, cannot return detailed state
03-17 18:52:57.610  8377  8491 W SettingsLib.AccessPoint: NetworkInfo is null, cannot return detailed state
03-17 18:52:57.610  8377  8491 I AccessPoint: AccessPoint: ChinaNet-D9B9E4-5G, detailed state: null, isReachable: true
03-17 18:52:57.610  8377  8491 W SettingsLib.AccessPoint: NetworkInfo is null, cannot return detailed state
03-17 18:52:57.610  8377  8491 W SettingsLib.AccessPoint: NetworkInfo is null, cannot return detailed state
03-17 18:52:57.610  8377  8491 I AccessPoint: AccessPoint: DEEPAL, detailed state: null, isReachable: true
03-17 18:52:57.610  8377  8491 W SettingsLib.AccessPoint: NetworkInfo is null, cannot return detailed state
03-17 18:52:57.610  8377  8491 W SettingsLib.AccessPoint: NetworkInfo is null, cannot return detailed state
03-17 18:52:57.610  8377  8491 I AccessPoint: AccessPoint: HONOR 100, detailed state: null, isReachable: true
03-17 18:52:57.610  8377  8491 W SettingsLib.AccessPoint: NetworkInfo is null, cannot return detailed state
03-17 18:52:57.610  8377  8491 W SettingsLib.AccessPoint: NetworkInfo is null, cannot return detailed state
03-17 18:52:57.610  8377  8491 I AccessPoint: AccessPoint: TP-LINK_CAR, detailed state: null, isReachable: true
03-17 18:52:57.610  8377  8491 W SettingsLib.AccessPoint: NetworkInfo is null, cannot return detailed state
03-17 18:52:57.610  8377  8491 W SettingsLib.AccessPoint: NetworkInfo is null, cannot return detailed state
03-17 18:52:57.610  8377  8491 I AccessPoint: AccessPoint: AndroidAP_4071, detailed state: null, isReachable: true
03-17 18:52:57.610  8377  8491 W SettingsLib.AccessPoint: NetworkInfo is null, cannot return detailed state
03-17 18:52:57.610  8377  8491 W SettingsLib.AccessPoint: NetworkInfo is null, cannot return detailed state
