03-17 18:52:55.214   903  1251 D WakeupController: mLastDisconnectInfo set to ScanResultMatchInfo: SSID: "Cudy-6C60", from scan result: false, SecurityParams List:Security Parameters:
03-17 18:52:55.214   903  1251 D WakeupController:  Type: 2
03-17 18:52:55.214   903  1251 D WakeupController:  Enabled: true
03-17 18:52:55.214   903  1251 D WakeupController:  KeyMgmt: WPA_PSK
03-17 18:52:55.214   903  1251 D WakeupController:  Protocols: WPA RSN
03-17 18:52:55.214   903  1251 D WakeupController:  AuthAlgorithms:
03-17 18:52:55.214   903  1251 D WakeupController:  PairwiseCiphers: TKIP CCMP
03-17 18:52:55.214   903  1251 D WakeupController:  GroupCiphers: WEP40 WEP104 TKIP CCMP
03-17 18:52:55.214   903  1251 D WakeupController:  GroupMgmtCiphers:
03-17 18:52:55.214   903  1251 D WakeupController:  SuiteBCiphers:
03-17 18:52:55.214   903  1251 D WakeupController:  RequirePmf: false
03-17 18:52:55.214   903  1251 D WakeupController:  IsAddedByAutoUpgrade: false
03-17 18:52:55.214   903  1251 D WakeupController:  IsSaeH2eOnlyMode: false
03-17 18:52:55.214   903  1251 D WakeupController:  IsSaePkOnlyMode: false
03-17 18:52:55.214   903  1251 D WakeupController: Security Parameters:
03-17 18:52:55.214   903  1251 D WakeupController:  Type: 4
03-17 18:52:55.214   903  1251 D WakeupController:  Enabled: true
03-17 18:52:55.214   903  1251 D WakeupController:  KeyMgmt: SAE
03-17 18:52:55.214   903  1251 D WakeupController:  Protocols: RSN
03-17 18:52:55.214   903  1251 D WakeupController:  AuthAlgorithms:
03-17 18:52:55.214   903  1251 D WakeupController:  PairwiseCiphers: CCMP GCMP_256 GCMP_128
03-17 18:52:55.214   903  1251 D WakeupController:  GroupCiphers: CCMP GCMP_256 GCMP_128
03-17 18:52:55.214   903  1251 D WakeupController:  GroupMgmtCiphers:
03-17 18:52:55.214   903  1251 D WakeupController:  SuiteBCiphers:
03-17 18:52:55.214   903  1251 D WakeupController:  RequirePmf: true
03-17 18:52:55.214   903  1251 D WakeupController:  IsAddedByAutoUpgrade: true
03-17 18:52:55.214   903  1251 D WakeupController:  IsSaeH2eOnlyMode: false
03-17 18:52:55.214   903  1251 D WakeupController:  IsSaePkOnlyMode: false
03-17 18:52:55.214   903  1251 E WifiStaIfaceAidlImpl: stopRssiMonitoring failed with service-specific exception: android.os.ServiceSpecificException:  (code 5)
03-17 18:52:55.215   903  1251 D WifiClientModeImpl[72500:wlan0]: setSuspendOptimizationsNative: 1 true -want true stack:setSuspendOptimizationsNative - handlePostDhcpSetup - stopDhcpSetup - handleNetworkDisconnect
03-17 18:52:55.215   903  1251 D WifiClientModeImpl[72500:wlan0]: Request to set power save for: wlan0 to: true requested by: 1, mPowerSaveDisableRequests = 0
03-17 18:52:55.215   903  1251 D WifiClientModeImpl[72500:wlan0]: Setting power save to: true, mPowerSaveDisableRequests = 0
03-17 18:52:55.215  2238  2238 D wpa_supplicant: nl80211: set_p2p_powersave (legacy_ps=1 opp_ps=-1 ctwindow=-1)
03-17 18:52:55.216   903  1256 D WifiP2pService: P2pDisabledState cmd = BLOCK_DISCOVERY { when=0 what=143375 target=com.android.wifi.x.com.android.internal.util.StateMachine$SmHandler }
03-17 18:52:55.216   903  1256 D WifiP2pService: DefaultState cmd = BLOCK_DISCOVERY { when=0 what=143375 target=com.android.wifi.x.com.android.internal.util.StateMachine$SmHandler }
03-17 18:52:55.216  2238  2238 D wpa_supplicant: wpa_driver_nl80211_driver_cmd BTCOEXMODE 2 len = 0, 4096
03-17 18:52:55.216   903  1251 D WifiScoreReport: reset
03-17 18:52:55.217  1513  8570 D IpReachabilityMonitor: clear: iface{wlan0/26/88:e0:34:b7:61:31/1500}, ntable=[ ]
03-17 18:52:55.217   903  1251 D WifiClientModeImpl[72500:wlan0]: sendNetworkChangeBroadcast oldState=CONNECTED newState=DISCONNECTED hidden=false
03-17 18:52:55.218   903  1251 D WifiClientModeImpl[72500:wlan0]: Queueing broadcast=NETWORK_STATE_CHANGED_ACTION networkAgentState=DISCONNECTED
03-17 18:52:55.218   903  1251 I WifiActiveModeWarden: Sending onWifiNetworkStateChanged cmmRole=1 state=7
03-17 18:52:55.218   903  1251 D WifiClientModeImpl: Sending broadcast=NETWORK_STATE_CHANGED_ACTION networkAgentState=DISCONNECTED
03-17 18:52:55.218   903  1251 W ContextImpl: Calling a method in the system process without a qualified user: android.app.ContextImpl.sendStickyBroadcast:1626 com.android.server.wifi.ClientModeImpl.sendNetworkChangeBroadcast:3008 com.android.server.wifi.ClientModeImpl.lambda$sendNetworkChangeBroadcastWithCurrentState$14:2985 com.android.server.wifi.ClientModeImpl.$r8$lambda$q-j88Pjw4gROgoJFr8wBlBVbuJI:0 com.android.server.wifi.ClientModeImpl$$ExternalSyntheticLambda4.send:0 
03-17 18:52:55.219  6654  6700 D TimerTriggerManager: init instance...
03-17 18:52:55.220  6654  6700 D TimerTriggerManager: Timer thread'TimerTriggerManager' is destroyed: false
03-17 18:52:55.220  6654  6700 D TimerTriggerManager: Timer 'onIndcnVehSpdChanged' is running: true
03-17 18:52:55.220   903  1260 D ConnectivityService: [107 WIFI] EVENT_NETWORK_INFO_CHANGED, going from CONNECTED to DISCONNECTED
03-17 18:52:55.220   903  1260 D ConnectivityService: [107 WIFI] disconnected, was satisfying 33
03-17 18:52:55.220  6654  6700 D TimerTriggerManager: Sending reset signal to timer 'onIndcnVehSpdChanged'
03-17 18:52:55.220  6654  6700 D TimerTriggerManager: Reset signal sent to timer 'onIndcnVehSpdChanged'
03-17 18:52:55.220  6654  6707 D TimerTriggerController: Reset method called for timer: onIndcnVehSpdChanged
03-17 18:52:55.220  6654  6707 D TimerTriggerController: Calling onTimerReset for timer: onIndcnVehSpdChanged
03-17 18:52:55.221  4321  4321 D nearby  : P2pChannelSM:onReceive: android.net.wifi.STATE_CHANGE
03-17 18:52:55.221  6654  6707 D TimerTriggerManager: Timer reset: onIndcnVehSpdChanged
03-17 18:52:55.221  6654  6707 I TimerTriggerController: Timer [onIndcnVehSpdChanged] reset, remaining: 999ms, reset count: 611
03-17 18:52:55.223  8377  8377 I CnsCarApp-WlanFragment: onReceive: wifi NetworkInfo state: DISCONNECTED
03-17 18:52:55.223  8377  8377 I CnsCarApp-WlanFragment: networkInfo detailed state: DISCONNECTED
03-17 18:52:55.223  8377  8377 I CnsCarApp-WlanFragment: WIFI disconnected
03-17 18:52:55.224   903  3543 I WifiService: getWifiEnabledState uid=1000 state=3
03-17 18:52:55.224  8377  8377 I CnsCarApp-WlanRepositoryImpl: WIFI enabled: true
03-17 18:52:55.224  8377  8377 I CnsCarApp-WlanViewModel: doOnConnectedWifiChanged, hasConnectedWifi: false
03-17 18:52:55.224  8377  8377 I CnsCarApp-WlanRepositoryImpl: resume scan
03-17 18:52:55.224  1763  1763 D BroadcastRefreshStrategy: action = android.net.wifi.STATE_CHANGE
03-17 18:52:55.224  4321  4321 D nearby  : WifiSpeedCoexistence:wifi station inactive
03-17 18:52:55.225  4321  4321 D nearby  : WifiSpeedCoexistence:clearStatus
03-17 18:52:55.232   582  3616 E WifiHAL : Invalid data received from driver
03-17 18:52:55.232   582  3616 E WifiHAL : Invalid data received from driver
03-17 18:52:55.232   582  3616 E WifiHAL : Invalid data received from driver
03-17 18:52:55.232   582  3616 E WifiHAL : Invalid data received from driver
03-17 18:52:55.232   582  3616 E WifiHAL : Invalid data received from driver
03-17 18:52:55.232   582  3616 E WifiHAL : Invalid data received from driver
03-17 18:52:55.232   582  3616 E WifiHAL : Invalid data received from driver
03-17 18:52:55.233   903  1251 D WifiScoreCard: network update DISCONNECTION "Cudy-6C60" ID: 746988820 RSSI -127 txSpeed -1
03-17 18:52:55.233   903  1251 D WifiClientModeImpl[72500:wlan0]:  ClientModeImpl$L3ConnectedState screen=on  ssid: "Cudy-6C60" bssid: 80:af:ca:b5:6c:60 reasonCode: 3 locallyGenerated: true
03-17 18:52:55.234   903  1251 D WifiClientModeImpl[72500:wlan0]: ClientModeImpl: Leaving Connected state
03-17 18:52:55.235   903  1251 D WifiLockManager: updateWifiClientConnected hasAtLeastOneConnection=false
03-17 18:52:55.235   903  1251 D WifiCountryCode: evaluateAllCmmStateAndApplyIfAllReady: {ConcreteClientModeManager{id=72402 iface=wlan0 role=ROLE_CLIENT_PRIMARY}=true, SoftApManager{id=29645 iface=wlan1 role=ROLE_SOFTAP_TETHERED}=true}
03-17 18:52:55.236   903  1251 D WifiCountryCode: Reading country code from telephony
03-17 18:52:55.236   903  1251 D WifiCountryCode: Set telephony country code to: 
03-17 18:52:55.237   903  1251 D WifiCountryCode: updateCountryCode to CN
03-17 18:52:55.237   903  1251 D WifiCountryCode: setCountryCodeNative: CN, isClientModeOnly: true mDriverCountryCode: CN
03-17 18:52:55.237  2238  2238 D wpa_supplicant: wpa_driver_nl80211_driver_cmd COUNTRY CN len = 0, 4096
03-17 18:52:55.237  2238  2238 D wpa_supplicant: wlan0: Event CHANNEL_LIST_CHANGED (27) received
03-17 18:52:55.237  2238  2238 I wpa_supplicant: wlan0: CTRL-EVENT-REGDOM-CHANGE init=USER type=COUNTRY alpha2=CN
03-17 18:52:55.237  2238  2238 D wpa_supplicant: wlan0: Updating hw mode
03-17 18:52:55.238  2238  2238 D wpa_supplicant: nl80211: Regulatory information - country=CN
03-17 18:52:55.238  2238  2238 D wpa_supplicant: nl80211: 2402-2482 @ 40 MHz 20 mBm
03-17 18:52:55.238  2238  2238 D wpa_supplicant: nl80211: 5170-5250 @ 80 MHz 23 mBm (no outdoor)
03-17 18:52:55.238  2238  2238 D wpa_supplicant: nl80211: 5250-5330 @ 80 MHz 23 mBm (no outdoor) (DFS)
03-17 18:52:55.238  2238  2238 D wpa_supplicant: nl80211: 5735-5835 @ 80 MHz 33 mBm
03-17 18:52:55.238  2238  2238 D wpa_supplicant: nl80211: Added 802.11b mode based on 802.11g information
03-17 18:52:55.238  2238  2238 D wpa_supplicant: nl80211: Mode IEEE 802.11g: 2412 2417 2422 2427 2432 2437 2442 2447 2452 2457 2462 2467 2472 2484[DISABLED]
03-17 18:52:55.238  2238  2238 D wpa_supplicant: nl80211: Mode IEEE 802.11a: 5180[NO_IR] 5200[NO_IR] 5220[NO_IR] 5240[NO_IR] 5260[NO_IR][RADAR] 5280[NO_IR][RADAR] 5300[NO_IR][RADAR] 5320[NO_IR][RADAR] 5500[DISABLED] 5520[DISABLED] 5540[DISABLED] 5560[DISABLED] 5580[DISABLED] 5600[DISABLED] 5620[DISABLED] 5640[DISABLED] 5660[DISABLED] 5680[DISABLED] 5700[DISABLED] 5720[DISABLED] 5745 5765 5785 5805 5825 5845[DISABLED] 5865[DISABLED] 5885[DISABLED]
03-17 18:52:55.238  2238  2238 D wpa_supplicant: nl80211: Mode IEEE 802.11b: 2412 2417 2422 2427 2432 2437 2442 2447 2452 2457 2462 2467 2472 2484[DISABLED]
03-17 18:52:55.238  2238  2238 D wpa_supplicant: p2p0: Updating hw mode
03-17 18:52:55.238  2238  2238 D wpa_supplicant: nl80211: Regulatory information - country=CN
03-17 18:52:55.238  2238  2238 D wpa_supplicant: nl80211: 2402-2482 @ 40 MHz 20 mBm
03-17 18:52:55.238  2238  2238 D wpa_supplicant: nl80211: 5170-5250 @ 80 MHz 23 mBm (no outdoor)
03-17 18:52:55.238  2238  2238 D wpa_supplicant: nl80211: 5250-5330 @ 80 MHz 23 mBm (no outdoor) (DFS)
03-17 18:52:55.238  2238  2238 D wpa_supplicant: nl80211: 5735-5835 @ 80 MHz 33 mBm
03-17 18:52:55.238  2238  2238 D wpa_supplicant: nl80211: Added 802.11b mode based on 802.11g information
03-17 18:52:55.239  2238  2238 D wpa_supplicant: nl80211: Mode IEEE 802.11g: 2412 2417 2422 2427 2432 2437 2442 2447 2452 2457 2462 2467 2472 2484[DISABLED]
03-17 18:52:55.239  2238  2238 D wpa_supplicant: nl80211: Mode IEEE 802.11a: 5180[NO_IR] 5200[NO_IR] 5220[NO_IR] 5240[NO_IR] 5260[NO_IR][RADAR] 5280[NO_IR][RADAR] 5300[NO_IR][RADAR] 5320[NO_IR][RADAR] 5500[DISABLED] 5520[DISABLED] 5540[DISABLED] 5560[DISABLED] 5580[DISABLED] 5600[DISABLED] 5620[DISABLED] 5640[DISABLED] 5660[DISABLED] 5680[DISABLED] 5700[DISABLED] 5720[DISABLED] 5745 5765 5785 5805 5825 5845[DISABLED] 5865[DISABLED] 5885[DISABLED]
03-17 18:52:55.239  2238  2238 D wpa_supplicant: nl80211: Mode IEEE 802.11b: 2412 2417 2422 2427 2432 2437 2442 2447 2452 2457 2462 2467 2472 2484[DISABLED]
03-17 18:52:55.239  2238  2238 D wpa_supplicant: wlan0: Determining shared radio frequencies (max len 2)
03-17 18:52:55.239  2238  2238 D wpa_supplicant: wlan0: Shared frequencies (len=0): completed iteration
03-17 18:52:55.239  2238  2238 D wpa_supplicant: P2P: Add operating class 81
03-17 18:52:55.239  2238  2238 D wpa_supplicant: P2P: Channels - hexdump(len=13): 01 02 03 04 05 06 07 08 09 0a 0b 0c 0d
03-17 18:52:55.239  2238  2238 D wpa_supplicant: P2P: Add operating class 115 (client only)
03-17 18:52:55.239  2238  2238 D wpa_supplicant: P2P: Channels (client only) - hexdump(len=4): 24 28 2c 30
03-17 18:52:55.239  2238  2238 D wpa_supplicant: P2P: Add operating class 116 (client only)
03-17 18:52:55.239  2238  2238 D wpa_supplicant: P2P: Channels (client only) - hexdump(len=2): 24 2c
03-17 18:52:55.239  2238  2238 D wpa_supplicant: P2P: Add operating class 117 (client only)
03-17 18:52:55.239  2238  2238 D wpa_supplicant: P2P: Channels (client only) - hexdump(len=2): 28 30
03-17 18:52:55.239  2238  2238 D wpa_supplicant: P2P: Add operating class 124
03-17 18:52:55.239  2238  2238 D wpa_supplicant: P2P: Channels - hexdump(len=4): 95 99 9d a1
03-17 18:52:55.239  2238  2238 D wpa_supplicant: P2P: Add operating class 125
03-17 18:52:55.239  2238  2238 D wpa_supplicant: P2P: Channels - hexdump(len=5): 95 99 9d a1 a5
03-17 18:52:55.239  2238  2238 D wpa_supplicant: P2P: Add operating class 126
03-17 18:52:55.239  2238  2238 D wpa_supplicant: P2P: Channels - hexdump(len=2): 95 9d
03-17 18:52:55.239  2238  2238 D wpa_supplicant: P2P: Add operating class 127
03-17 18:52:55.239  2238  2238 D wpa_supplicant: P2P: Channels - hexdump(len=2): 99 a1
03-17 18:52:55.239  2238  2238 D wpa_supplicant: P2P: Add operating class 128 (client only)
03-17 18:52:55.239  2238  2238 D wpa_supplicant: P2P: Add operating class 128
03-17 18:52:55.239  2238  2238 D wpa_supplicant: P2P: Channels - hexdump(len=4): 95 99 9d a1
03-17 18:52:55.239  2238  2238 D wpa_supplicant: P2P: Channels (client only) - hexdump(len=4): 24 28 2c 30
03-17 18:52:55.239  2238  2238 D wpa_supplicant: P2P: Add operating class 130 (client only)
03-17 18:52:55.239  2238  2238 D wpa_supplicant: P2P: Add operating class 130
03-17 18:52:55.239  2238  2238 D wpa_supplicant: P2P: Channels - hexdump(len=5): 95 99 9d a1 a5
03-17 18:52:55.239  2238  2238 D wpa_supplicant: P2P: Channels (client only) - hexdump(len=8): 24 28 2c 30 34 38 3c 40
03-17 18:52:55.239  2238  2238 D wpa_supplicant: P2P: Update channel list
03-17 18:52:55.239  2238  2238 D wpa_supplicant: P2P: channels: 81:1,2,3,4,5,6,7,8,9,10,11,12,13 124:149,153,157,161 125:149,153,157,161,165 126:149,157 127:153,161 128:149,153,157,161 130:149,153,157,161,165
03-17 18:52:55.239  2238  2238 D wpa_supplicant: P2P: cli_channels: 115:36,40,44,48 116:36,44 117:40,48 128:36,40,44,48 130:36,40,44,48,52,56,60,64
03-17 18:52:55.239   903  1251 D WifiNative: onSetCountryCodeSucceeded: CN
03-17 18:52:55.239   903  1251 I WifiCountryCode: Receive onSetCountryCodeSucceeded CN
03-17 18:52:55.240   885   885 I wificond: Receive notifyCountryCodeChanged
03-17 18:52:55.240   885   885 I wificond: UpdateBandInfo
03-17 18:52:55.241   903  1251 I WifiNl80211Manager: Receive country code change to CN
03-17 18:52:55.241   885   885 D wificond: UpdateBandWiphyIndexMap for wiphy_index 0
03-17 18:52:55.241   903  1251 I WifiScanningService: enable scan: package android tid 1251 enable true
03-17 18:52:55.241   903  1251 D WifiScanRequestProxy: Sending scan available broadcast: true
03-17 18:52:55.242   903  1269 I WifiScanningService: Received a request to enable scanning, UID = 1000
03-17 18:52:55.242   903  1269 I WifiScanningService: scanner impls already exists
03-17 18:52:55.242   903  1269 E WifiScanningService: wifi driver loaded received while already loaded
03-17 18:52:55.242   903  1251 I WifiScanRequestProxy: Scanning is enabled
03-17 18:52:55.242   903  1251 I WifiScanRequestProxy: Scanning for hidden networks is enabled
03-17 18:52:55.243   885   885 I wificond: 2.4Ghz frequencies: 2412 2417 2422 2427 2432 2437 2442 2447 2452 2457 2462 2467 2472
03-17 18:52:55.243   885   885 I wificond: 5Ghz non-DFS frequencies: 5745 5765 5785 5805 5825
03-17 18:52:55.243   885   885 I wificond: 5Ghz DFS frequencies: 5180 5200 5220 5240 5260 5280 5300 5320
03-17 18:52:55.243   885   885 I wificond: 6Ghz frequencies:
03-17 18:52:55.243   885   885 I wificond: 60Ghz frequencies:
03-17 18:52:55.243   903  1251 D WifiScoreCard: ifaceName=wlan0,wifiInfo=SSID: <unknown ssid>, BSSID: <none>, MAC: 88:e0:34:b7:61:31, IP: null, Security type: -1, Supplicant state: DISCONNECTED, Wi-Fi standard: 4, RSSI: -127, Link speed: -1Mbps, Tx Link speed: -1Mbps, Max Supported Tx Link speed: -1Mbps, Rx Link speed: -1Mbps, Max Supported Rx Link speed: -1Mbps, Frequency: -1MHz, Net ID: -1, Metered hint: false, score: 0, isUsable: true, CarrierMerged: false, SubscriptionId: -1, IsPrimary: 0, Trusted: false, Restricted: false, Ephemeral: false, OEM paid: false, OEM private: false, OSU AP: false, FQDN: <none>, Provider friendly name: <none>, Requesting package name: <none><none>MLO Information: , Is TID-To-Link negotiation supported by the AP: false, AP MLD Address: <none>, AP MLO Link Id: <none>, AP MLO Affiliated links: <none>
03-17 18:52:55.243   903  1251 I WifiClientModeImpl[72500:wlan0]: disconnectedstate enter
03-17 18:52:55.244   903  1251 D WifiClientModeImpl[72500:wlan0]:  Enter DisconnectedState screenOn=true
03-17 18:52:55.245   903  1251 E WifiScoringParams: Invalid frequency(-1), using 5G as default rssi array
03-17 18:52:55.245   903  1269 I WifiScanningService: Registering listener= com.android.server.wifi.scanner.WifiScannerInternal$ScanListener@ced08c4 uid=1000 packageName=null workSource=WorkSource{1000}
03-17 18:52:55.246   903  1269 I WifiScanningService: start scan: ClientInfo[uid=1000, package=null, com.android.server.wifi.scanner.WifiScannerInternal$ScanListener@ced08c4] package null
03-17 18:52:55.246   903  1251 D WifiClientModeImpl[72500:wlan0]: unregister PseudonymUpdatingListener
03-17 18:52:55.246   903  1269 I WifiScanningService: addSingleScanRequest: ClientInfo[uid=1000, package=null, com.android.server.wifi.scanner.WifiScannerInternal$ScanListener@ced08c4],WorkSource{1010}, ScanSettings {  type:HIGH ACCURACY band:24Ghz & 5Ghz (DFS incl) & 6Ghz ignoreLocationSettings:false period:0 reportEvents:3 numBssidsPerScan:0 maxScansToCache:0 rnrSetting:1 6GhzPscOnlyEnabled:true channels:[  ]  } 
03-17 18:52:55.246   903  1269 D WifiScanningService: replySucceeded onSuccess
03-17 18:52:55.247   903  1251 D WifiClientModeImpl[72500:wlan0]:  ClientModeImpl$ConnectableState screen=on 0 0 ssid: "Cudy-6C60" bssid: 00:00:00:00:00:00 nid: 0 frequencyMhz: 0 state: DISCONNECTED
03-17 18:52:55.248   903  1251 D SupplicantStateTracker[wlan0]: CompletedState{ when=-97ms what=147462 obj= ssid: "Cudy-6C60" bssid: 00:00:00:00:00:00 nid: 0 frequencyMhz: 0 state: DISCONNECTED target=com.android.wifi.x.com.android.internal.util.StateMachine$SmHandler }
03-17 18:52:55.248   903  1251 D SupplicantStateTracker: Queuing broadcast=SUPPLICANT_STATE_CHANGED_ACTION state=DISCONNECTED failedAuth=false reasonCode=0
03-17 18:52:55.248   903  1251 D SupplicantStateTracker: Sending broadcast=SUPPLICANT_STATE_CHANGED_ACTION state=DISCONNECTED failedAuth=false reasonCode=0
03-17 18:52:55.250   903  1251 D SupplicantStateTracker[wlan0]: Supplicant state: DISCONNECTED
03-17 18:52:55.250   903  1251 D SupplicantStateTracker[wlan0]: DisconnectedState
03-17 18:52:55.250   582  3616 E WifiHAL : Invalid data received from driver
03-17 18:52:55.250   903  1251 E WifiClientModeImpl[72500:wlan0]: Error! unhandled message{ when=-83ms what=131145 arg1=2 target=com.android.wifi.x.com.android.internal.util.StateMachine$SmHandler }
03-17 18:52:55.251   903  1251 D WifiClientModeImpl[72500:wlan0]:  ClientModeImpl$ConnectableState screen=on 2 0
03-17 18:52:55.251  8377  8377 I CnsCarApp-WlanFragment: onReceive: wifi state: DISCONNECTED
03-17 18:52:55.251  8377  8377 I CnsCarApp-WlanFragment: onReceive: WifiError:reason: -1
03-17 18:52:55.251  8377  8377 I CnsCarApp-WlanFragment: Wifi error: -1
03-17 18:52:55.252   903  1251 D WifiNative: interfaceLinkStateChanged: ifaceName=wlan0, mInterfaceId = 0, mIfaceMgr={0=Iface:{Name=wlan1,Id=0,Type=AP}, 1=Iface:{Name=wlan0,Id=1,Type=STA_CONNECTIVITY}}
03-17 18:52:55.252   903  1251 D WifiNative: interfaceLinkStateChanged: ifaceName=wlan0, mInterfaceId = 1, mIfaceMgr={0=Iface:{Name=wlan1,Id=0,Type=AP}, 1=Iface:{Name=wlan0,Id=1,Type=STA_CONNECTIVITY}}
03-17 18:52:55.253  8377  8432 I SettingsDataCollect: upload, eventId = wlanConnect, mapStr: {"errorCode":"-1","source":"手动打开连接","responseTime":285519609,"status":"fail"}
03-17 18:52:55.253  8377  8491 I SettingsDataCollect: upload, eventId = wlanConnect, mapStr: {"errorCode":"-1","source":"手动打开连接","responseTime":190,"status":"fail"}
03-17 18:52:55.253  8377  8491 E DataCollectManager: eventId = wlanConnect, data = {"errorCode":"-1","source":"手动打开连接","responseTime":190,"status":"fail"}
03-17 18:52:55.253  8377  8432 E DataCollectManager: eventId = wlanConnect, data = {"errorCode":"-1","source":"手动打开连接","responseTime":285519609,"status":"fail"}
03-17 18:52:55.253   580  3946 I netd    : interfaceGetCfg(wlan0) -> {InterfaceConfigurationParcel{ifName: wlan0, hwAddr: 88:e0:34:b7:61:31, ipv4Addr: 192.168.10.241, prefixLength: 24, flags: [up, broadcast, multicast]}} <0.30ms>
03-17 18:52:55.254   903  1269 D InstantWifi: Drop, size: 1
03-17 18:52:55.254   903  1251 D WifiNetworkAgent: NetworkAgent: NetworkAgent channel lost
03-17 18:52:55.254   885   885 D wificond: Triggering scan with scan_flag=1032
03-17 18:52:55.254   903  1251 I WifiService: Receive onDriverCountryCodeChanged to CN, update available channel list
03-17 18:52:55.255   582  3616 E WifiHAL : Invalid data received from driver
03-17 18:52:55.255  3517  3517 D hostapd : nl80211: Ignored event 33 (NL80211_CMD_TRIGGER_SCAN) for foreign interface (ifindex 26 wdev 0x0)
03-17 18:52:55.255  2238  2238 D wpa_supplicant: nl80211: Drv Event 33 (NL80211_CMD_TRIGGER_SCAN) received for wlan0
03-17 18:52:55.255  2238  2238 D wpa_supplicant: wlan0: nl80211: Scan trigger
03-17 18:52:55.255  2238  2238 D wpa_supplicant: wlan0: Event SCAN_STARTED (47) received
03-17 18:52:55.255  2238  2238 D wpa_supplicant: wlan0: External program started a scan
03-17 18:52:55.256  1566  1566 I AccessibilityCache: onAccessibilityEvent(EventType: TYPE_WINDOW_CONTENT_CHANGED; EventTime: 108603; PackageName: com.fawvw.hmi.bev.carapp; MovementGranularity: 0; Action: 0; ContentChangeTypes: [CONTENT_CHANGE_TYPE_SUBTREE]; WindowChangeTypes: [] [ ClassName: androidx.recyclerview.widget.RecyclerView; Text: []; ContentDescription: null; ItemCount: 76; CurrentItemIndex: -1; Enabled: true; Password: false; Checked: false; FullScreen: false; Scrollable: true; ImportantForAccessibility: true; AccessibilityDataSensitive: false; BeforeText: null; FromIndex: 0; ToIndex: 5; ScrollX: 0; ScrollY: 0; MaxScrollX: 0; MaxScrollY: 0; ScrollDeltaX: -1; ScrollDeltaY: -1; AddedCount: -1; RemovedCount: -1; ParcelableData: null; DisplayId: 0 ]
03-17 18:52:55.256  1566  1566 I AccessibilityCache: ; SourceWindowId: 0xe; SourceNodeId: 0xffffffff0000034e; SourceDisplayId: 0)
03-17 18:52:55.256  1566  1566 I AccessibilityCache: Clearing cached subtree.
03-17 18:52:55.256  1566  1566 I AccessibilityCache: clear()
03-17 18:52:55.256  1566  1566 I AccessibilityCache: clearWindowCacheLocked
03-17 18:52:55.256  1566  1566 I AccessibilityCache: clearNodesForWindowLocked(17)
03-17 18:52:55.256  1566  1566 I AccessibilityCache: clearNodesForWindowLocked(14)
03-17 18:52:55.256  1566  1566 I AccessibilityCache: clearNodesForWindowLocked(1)
03-17 18:52:55.256  1566  1566 I AccessibilityCache: clearNodesForWindowLocked(0)
03-17 18:52:55.256   582   593 E WifiHAL : wifi_get_usable_channels: Error -1 waiting for response.
01-01 08:01:50.405   316   316 I servicemanager: Found android.hardware.wifi.IWifi/default in device VINTF manifest.
03-17 18:52:55.256  1566  1566 D AccessibilityServices: type = 2048  pkg = com.fawvw.hmi.bev.carapp
03-17 18:52:55.257   903  1251 E WifiChipAidlImpl: getUsableChannels failed with service-specific exception: android.os.ServiceSpecificException: unknown (code 9)
03-17 18:52:55.258   903  1251 D ApConfigUtil: Filtered channel list for band 2Ghz : 1,2,3,4,5,6,7,8,9,10,11
03-17 18:52:55.260   582   593 E WifiHAL : wifi_get_usable_channels: Error -1 waiting for response.
03-17 18:52:55.260   903  1251 E WifiChipAidlImpl: getUsableChannels failed with service-specific exception: android.os.ServiceSpecificException: unknown (code 9)
03-17 18:52:55.262   903  1251 E ApConfigUtil: Malformed channel value detected: java.lang.NumberFormatException: For input string: ""
03-17 18:52:55.263   582   593 E WifiHAL : wifi_get_usable_channels: Error -1 waiting for response.
03-17 18:52:55.263   903  1251 E WifiChipAidlImpl: getUsableChannels failed with service-specific exception: android.os.ServiceSpecificException: unknown (code 9)
01-01 08:01:50.413   316   316 I servicemanager: Found android.hardware.wifi.IWifi/default in device VINTF manifest.
03-17 18:52:55.265   903  1251 D ApConfigUtil: Filtered channel list for band 2Ghz : 1,2,3,4,5,6,7,8,9,10,11
03-17 18:52:55.266  1513  8570 D DhcpClient: doQuit
03-17 18:52:55.266   582   593 E WifiHAL : wifi_get_usable_channels: Error -1 waiting for response.
03-17 18:52:55.267   903  1251 E WifiChipAidlImpl: getUsableChannels failed with service-specific exception: android.os.ServiceSpecificException: unknown (code 9)
01-01 08:01:50.416   316   316 I servicemanager: Found android.hardware.wifi.IWifi/default in device VINTF manifest.
03-17 18:52:55.268   903  1251 E ApConfigUtil: Malformed channel value detected: java.lang.NumberFormatException: For input string: ""
03-17 18:52:55.271   582   593 E WifiHAL : wifi_get_usable_channels: Error -1 waiting for response.
03-17 18:52:55.271   903  1251 E WifiChipAidlImpl: getUsableChannels failed with service-specific exception: android.os.ServiceSpecificException: unknown (code 9)
03-17 18:52:55.271   582  3616 E WifiHAL : Invalid data received from driver
03-17 18:52:55.271   642   685 I mcuc    : sd Uart data : 6AA60204120002920252
01-01 08:01:50.420   316   316 I servicemanager: Found android.hardware.wifi.IWifi/default in device VINTF manifest.
01-01 08:01:50.421   709   709 I [schedu][0x68289f3][10:52:55.270746] qcn7605: [709:I:OSIF] scan start scan id 40966
03-17 18:52:55.273   903  1251 D ApConfigUtil: Filtered channel list for band 2Ghz : 2412,2417,2422,2427,2432,2437,2442,2447,2452,2457,2462
03-17 18:52:55.275   582   593 E WifiHAL : wifi_get_usable_channels: Error -1 waiting for response.
03-17 18:52:55.276   903  1251 E WifiChipAidlImpl: getUsableChannels failed with service-specific exception: android.os.ServiceSpecificException: unknown (code 9)
03-17 18:52:55.277   642   685 I mcuc    : rev uart=1104,len=69, data : 6AA6810412003D920200170000000000000000000000000000000000001FFF00001FFF1FFF1FFF003FFFFF0001FFFF3FFF3FFF3FFF01FF01FF01FF01FF01FF000001010110
03-17 18:52:55.277   400   892 D adayocomadapter-ParseProtocolFunc: printRaWMsg Name[MCUToUPstream recv] len[61] data[920200170000000000000000000000000000000000001FFF00001FFF1FFF1FFF003FFFFF0001FFFF3FFF3FFF3FFF01FF01FF01FF01FF01FF0000010101]
03-17 18:52:55.277   400   892 D adayocomadapter-CommunicationManager: onUpstreamback   member[0] dataLength[58] timePoint[109225]
03-17 18:52:55.277   400   892 D adayocomadapter-ParseProtocolFunc: printRaWMsg Name[onUpstreamback] len[58] data[170000000000000000000000000000000000001FFF00001FFF1FFF1FFF003FFFFF0001FFFF3FFF3FFF3FFF01FF01FF01FF01FF01FF0000010101]
03-17 18:52:55.277   400   452 D adayocomadapter-UpstreamHandler: processBeforePacket upSreamtProcessTimePoint[109225] 
03-17 18:52:55.278   400   452 D adayocomadapter-UpstreamHandler: processPacket UPSTREAM_QUEUE_DATA_TIMEOUT
03-17 18:52:55.278   400   452 D adayocomadapter-ParseProtocolFunc: parseCommonIPCLBytes Processing tableNumber[23]
03-17 18:52:55.278   400   452 D adayocomadapter-ParseProtocolFunc: parseCommonIPCLBytes Processing tablename[Table-23] tableSize[59]
03-17 18:52:55.278   400   452 D adayocomadapter-ParseProtocolFunc: parseCommonIPCLBytes Error: table.tSize unMatched byteStream.size[58]
03-17 18:52:55.278   903  1251 E ApConfigUtil: Malformed channel value detected: java.lang.NumberFormatException: For input string: ""
03-17 18:52:55.278   580  3946 I netd    : tetherGetStats() -> {[TetherStatsParcel{iface: vlan_07, rxBytes: 88, rxPackets: 2, txBytes: 180, txPackets: 4, ifIndex: 0}, TetherStatsParcel{iface: wlan0, rxBytes: 0, rxPackets: 0, txBytes: 0, txPackets: 0, ifIndex: 0}]} <3.86ms>
03-17 18:52:55.279   582   593 E WifiHAL : wifi_get_usable_channels: Error -1 waiting for response.
03-17 18:52:55.279   903  1251 E WifiChipAidlImpl: getUsableChannels failed with service-specific exception: android.os.ServiceSpecificException: unknown (code 9)
03-17 18:52:55.280   903  1251 E ApConfigUtil: Malformed channel value detected: java.lang.NumberFormatException: For input string: ""
01-01 08:01:50.429   316   316 I servicemanager: Found android.hardware.wifi.IWifi/default in device VINTF manifest.
03-17 18:52:55.281   582   593 E WifiHAL : wifi_get_usable_channels: Error -1 waiting for response.
03-17 18:52:55.282   903  1251 E WifiChipAidlImpl: getUsableChannels failed with service-specific exception: android.os.ServiceSpecificException: unknown (code 9)
03-17 18:52:55.284   903  1251 E ApConfigUtil: Malformed channel value detected: java.lang.NumberFormatException: For input string: ""
03-17 18:52:55.285   582  3616 E WifiHAL : Invalid data received from driver
03-17 18:52:55.289  1627  1883 D CollectDataDataFiller: ===
03-17 18:52:55.289  1627  1883 D CollectDataDataFiller: Fill [AppId = CarApp] [EventId = wlanConnect] with
03-17 18:52:55.289  1627  1883 D CollectDataDataFiller: [MsgId = b29512d1-b552-4a16-b813-58bc3a024036]
03-17 18:52:55.289  1627  1883 D CollectDataDataFiller: ===
03-17 18:52:55.294   903  1251 D WifiConfigStore: Writing to stores completed in 6 ms.
03-17 18:52:55.296  1513  8570 D DhcpClient: DhcpBoundState -31CMD_STOP_DHCP 0 0 null
03-17 18:52:55.297   903  1260 I netstats_mobile_sample: [0,0,0,0,0,0,0,0,1773744775303]
03-17 18:52:55.297   580  3946 I netd    : bandwidthRemoveInterfaceQuota(vlan_00) <4.79ms>
03-17 18:52:55.298   582  3616 E WifiHAL : Invalid data received from driver
03-17 18:52:55.301   903  1260 I netstats_wifi_sample: [472336,115037,930,1108,544711,103153,1286,1071,1773744775303]
03-17 18:52:55.302   580  3946 I netd    : bandwidthSetInterfaceQuota(vlan_00, 9223372036854775807) <4.20ms>
03-17 18:52:55.305   903  1251 D WifiConfigStore: Writing to stores completed in 5 ms.
03-17 18:52:55.306   582   593 D WifiHAL : wifi_set_dtim_config: multiplier:0
03-17 18:52:55.307  2383  2600 D AdayoDoipServer294_Doip: [ne_doip_event_loop_dispatch][line:141] : count = 0
03-17 18:52:55.307   580  3946 I netd    : bandwidthRemoveInterfaceQuota(vlan_01) <4.67ms>
03-17 18:52:55.307   903  1260 D ConnectivityService: notifyType CALLBACK_LOST for [107 WIFI]
03-17 18:52:55.308   903  1260 D ConnectivityService:  sending notification for NetworkRequest [ REQUEST id=1, [ Capabilities: INTERNET&NOT_RESTRICTED&TRUSTED&NOT_VPN&NOT_VCN_MANAGED RequestorUid: 1000 RequestorPkg: android UnderlyingNetworks: Null] ]
03-17 18:52:55.308   903  1260 D ConnectivityService:  sending notification for NetworkRequest [ LISTEN id=5, [ Capabilities: FOREGROUND RequestorUid: 1000 RequestorPkg: android UnderlyingNetworks: Null] ]
03-17 18:52:55.308   903  1260 D ConnectivityService: sending notification CALLBACK_LOST for NetworkRequest [ LISTEN id=5, [ Capabilities: FOREGROUND RequestorUid: 1000 RequestorPkg: android UnderlyingNetworks: Null] ]
01-01 08:01:50.456   593   593 E [binder][0x683156f][10:52:55.306453] qcn7605: [593:E:HDD] hdd_config_power: power attr and opm attr is null
03-17 18:52:55.308   903  1251 D WifiClientModeImpl: Set maximum DTIM Multiplier to 0 SUCCESS
03-17 18:52:55.308   903  1251 D WifiClientModeImpl[72500:wlan0]:  ClientModeImpl$ConnectableState screen=on maximum multiplier=0
03-17 18:52:55.308   582  3616 E WifiHAL : Invalid data received from driver
03-17 18:52:55.309   903  1289 D JobScheduler.Connectivity: Using BG bypass for 10029
03-17 18:52:55.309   903  1289 I JobScheduler.Connectivity: Connectivity CHANGED for JobStatus{4993a63 #u0a29/100 com.huawei.hiviewlite/.UploadJobService u=0 s=10029 TIME=-15s905ms:-15s905ms NET PERSISTED READY}: usable=false satisfied=false
03-17 18:52:55.309   903  1289 D JobScheduler.Connectivity: Using BG bypass for 10017
03-17 18:52:55.309   903  1289 I JobScheduler.Connectivity: Connectivity CHANGED for JobStatus{cf5941c #u0a17/0 com.android.statementservice/androidx.work.impl.background.systemjob.SystemJobService u=0 s=10017 TIME=-56s690ms:none NET IDLE satisfied:0x8b400000 unsatisfied:0x10000004}: usable=false satisfied=false
03-17 18:52:55.309   903  1190 D JobScheduler: MSG_CHECK_CHANGED_JOB_LIST
03-17 18:52:55.310   903  1190 D JobScheduler: Check changed jobs...
03-17 18:52:55.310   903  1190 I JobScheduler.Connectivity: evaluateStateLocked finds job JobStatus{cf5941c #u0a17/0 com.android.statementservice/androidx.work.impl.background.systemjob.SystemJobService u=0 s=10017 TIME=-56s691ms:none NET IDLE satisfied:0x8b400000 unsatisfied:0x10000004} would not be ready.
03-17 18:52:55.310   903  1190 D JobScheduler: maybeQueueReadyJobsForExecutionLocked: Running jobs.
03-17 18:52:55.310   903  1190 D JobScheduler: pending queue: 0 jobs.
03-17 18:52:55.310   903  1190 D JobScheduler.Concurrency: Pending queue: 
03-17 18:52:55.312   580  3946 I netd    : bandwidthSetInterfaceQuota(vlan_01, 9223372036854775807) <4.28ms>
03-17 18:52:55.312   903  1260 D ConnectivityService:  sending notification for NetworkRequest [ REQUEST id=7, [ Capabilities: INTERNET&NOT_RESTRICTED&TRUSTED&NOT_VCN_MANAGED Uid: 1000 RequestorUid: 1000 RequestorPkg: android UnderlyingNetworks: Null] ]
03-17 18:52:55.312  1627  1643 D CollectDataDataFiller: ===
03-17 18:52:55.312  1627  1643 D CollectDataDataFiller: Fill [AppId = CarApp] [EventId = wlanConnect] with
03-17 18:52:55.312  1627  1643 D CollectDataDataFiller: [MsgId = a9a9998a-c107-47a1-bfb3-68e00da037b5]
03-17 18:52:55.312  1627  1643 D CollectDataDataFiller: ===
03-17 18:52:55.312   903  1260 D ConnectivityService: sending notification CALLBACK_LOST for NetworkRequest [ TRACK_DEFAULT id=6, [ Capabilities: INTERNET&NOT_RESTRICTED&TRUSTED&NOT_VCN_MANAGED Uid: 1000 RequestorUid: 1000 RequestorPkg: android UnderlyingNetworks: Null] ]
03-17 18:52:55.313   903  1260 D ConnectivityService:  sending notification for NetworkRequest [ LISTEN id=8, [ Capabilities: FOREGROUND RequestorUid: 1000 RequestorPkg: android UnderlyingNetworks: Null] ]
03-17 18:52:55.313   903  1260 D ConnectivityService: sending notification CALLBACK_LOST for NetworkRequest [ LISTEN id=8, [ Capabilities: FOREGROUND RequestorUid: 1000 RequestorPkg: android UnderlyingNetworks: Null] ]
03-17 18:52:55.313   903  1260 D ConnectivityService:  sending notification for NetworkRequest [ LISTEN id=9, [ Capabilities: NOT_RESTRICTED&TRUSTED&NOT_VPN&FOREGROUND&NOT_VCN_MANAGED Uid: 1000 RequestorUid: 1000 RequestorPkg: android UnderlyingNetworks: Null] ]
03-17 18:52:55.313   903  1260 D ConnectivityService: sending notification CALLBACK_LOST for NetworkRequest [ LISTEN id=9, [ Capabilities: NOT_RESTRICTED&TRUSTED&NOT_VPN&FOREGROUND&NOT_VCN_MANAGED Uid: 1000 RequestorUid: 1000 RequestorPkg: android UnderlyingNetworks: Null] ]
03-17 18:52:55.313   582  3616 E WifiHAL : Invalid data received from driver
03-17 18:52:55.313   903  1260 D ConnectivityService:  sending notification for NetworkRequest [ LISTEN id=10, [ RequestorUid: 1000 RequestorPkg: android UnderlyingNetworks: Null] ]
03-17 18:52:55.314   903  1260 D ConnectivityService: sending notification CALLBACK_LOST for NetworkRequest [ LISTEN id=10, [ RequestorUid: 1000 RequestorPkg: android UnderlyingNetworks: Null] ]
03-17 18:52:55.314   903  1260 D ConnectivityService:  sending notification for NetworkRequest [ LISTEN id=11, [ Capabilities: NOT_RESTRICTED&TRUSTED&NOT_VPN&NOT_VCN_MANAGED Uid: 1000 RequestorUid: 1000 RequestorPkg: android UnderlyingNetworks: Null] ]
03-17 18:52:55.314   903  1260 D ConnectivityService: sending notification CALLBACK_LOST for NetworkRequest [ LISTEN id=11, [ Capabilities: NOT_RESTRICTED&TRUSTED&NOT_VPN&NOT_VCN_MANAGED Uid: 1000 RequestorUid: 1000 RequestorPkg: android UnderlyingNetworks: Null] ]
03-17 18:52:55.314   903  1260 D ConnectivityService:  sending notification for NetworkRequest [ REQUEST id=14, [ Capabilities: INTERNET&NOT_RESTRICTED&TRUSTED&NOT_VCN_MANAGED Uid: 10029 RequestorUid: 1000 RequestorPkg: android UnderlyingNetworks: Null] ]
03-17 18:52:55.314   903  1260 D ConnectivityService: sending notification CALLBACK_LOST for NetworkRequest [ TRACK_DEFAULT id=13, [ Capabilities: INTERNET&NOT_RESTRICTED&TRUSTED&NOT_VCN_MANAGED Uid: 10029 RequestorUid: 1000 RequestorPkg: android UnderlyingNetworks: Null] ]
03-17 18:52:55.314   903  1260 D ConnectivityService:  sending notification for NetworkRequest [ REQUEST id=16, [ Capabilities: INTERNET&NOT_RESTRICTED&TRUSTED&NOT_VCN_MANAGED Uid: 1000 RequestorUid: 1000 RequestorPkg: android UnderlyingNetworks: Null] ]
03-17 18:52:55.315   903  1260 D ConnectivityService: sending notification CALLBACK_LOST for NetworkRequest [ TRACK_DEFAULT id=15, [ Capabilities: INTERNET&NOT_RESTRICTED&TRUSTED&NOT_VCN_MANAGED Uid: 1000 RequestorUid: 1000 RequestorPkg: android UnderlyingNetworks: Null] ]
03-17 18:52:55.315   903  1260 D ConnectivityService:  sending notification for NetworkRequest [ REQUEST id=18, [ Capabilities: INTERNET&NOT_RESTRICTED&TRUSTED&NOT_VCN_MANAGED Uid: 1073 RequestorUid: 1073 RequestorPkg: com.android.networkstack UnderlyingNetworks: Null] ]
03-17 18:52:55.315   903  1260 D ConnectivityService: sending notification CALLBACK_LOST for NetworkRequest [ TRACK_DEFAULT id=17, [ Capabilities: INTERNET&NOT_RESTRICTED&TRUSTED&NOT_VCN_MANAGED Uid: 1073 RequestorUid: 1073 RequestorPkg: com.android.networkstack UnderlyingNetworks: Null] ]
03-17 18:52:55.315   903  1260 D ConnectivityService:  sending notification for NetworkRequest [ LISTEN id=19, [ Transports: WIFI Capabilities: NOT_RESTRICTED&TRUSTED&NOT_VPN&NOT_VCN_MANAGED Uid: 1073 RequestorUid: 1073 RequestorPkg: com.android.networkstack UnderlyingNetworks: Null] ]
03-17 18:52:55.315   903  1260 D ConnectivityService: sending notification CALLBACK_LOST for NetworkRequest [ LISTEN id=19, [ Transports: WIFI Capabilities: NOT_RESTRICTED&TRUSTED&NOT_VPN&NOT_VCN_MANAGED Uid: 1073 RequestorUid: 1073 RequestorPkg: com.android.networkstack UnderlyingNetworks: Null] ]
03-17 18:52:55.315   903  1260 D ConnectivityService:  sending notification for NetworkRequest [ TRACK_SYSTEM_DEFAULT id=20, [ Capabilities: INTERNET&NOT_RESTRICTED&TRUSTED&NOT_VPN&NOT_VCN_MANAGED RequestorUid: 1073 RequestorPkg: com.android.networkstack.tethering UnderlyingNetworks: Null] ]
03-17 18:52:55.316   903  1260 D ConnectivityService: sending notification CALLBACK_LOST for NetworkRequest [ TRACK_SYSTEM_DEFAULT id=20, [ Capabilities: INTERNET&NOT_RESTRICTED&TRUSTED&NOT_VPN&NOT_VCN_MANAGED RequestorUid: 1073 RequestorPkg: com.android.networkstack.tethering UnderlyingNetworks: Null] ]
03-17 18:52:55.316   903  1260 D ConnectivityService:  sending notification for NetworkRequest [ LISTEN id=21, [ Transports: WIFI Capabilities: NOT_RESTRICTED&TRUSTED&NOT_VPN&NOT_VCN_MANAGED Uid: 1000 RequestorUid: 1000 RequestorPkg: com.vendor.fawvw.fawsystemserver UnderlyingNetworks: Null] ]
03-17 18:52:55.316   903  1260 D ConnectivityService: sending notification CALLBACK_LOST for NetworkRequest [ LISTEN id=21, [ Transports: WIFI Capabilities: NOT_RESTRICTED&TRUSTED&NOT_VPN&NOT_VCN_MANAGED Uid: 1000 RequestorUid: 1000 RequestorPkg: com.vendor.fawvw.fawsystemserver UnderlyingNetworks: Null] ]
03-17 18:52:55.318   580  3946 I netd    : bandwidthRemoveInterfaceQuota(vlan_08) <5.10ms>
03-17 18:52:55.318  1430  1784 I FawConnectService: onLost
03-17 18:52:55.318  1430  1784 W libc    : Unable to set property "faw.ota.network.status" to "unknown": connection failed; errno=13 (Permission denied)
03-17 18:52:55.318  1513  1563 D UpstreamNetworkMonitor: Lost default Internet network: 107
03-17 18:52:55.319  1430  1784 E SystemProp: Failed to set property: faw.ota.network.status
03-17 18:52:55.319  1430  1784 E SystemProp: java.lang.RuntimeException: failed to set system property (check logcat for reason)
03-17 18:52:55.319  1430  1784 E SystemProp: 	at android.os.SystemProperties.native_set(Native Method)
03-17 18:52:55.319  1430  1784 E SystemProp: 	at android.os.SystemProperties.set(SystemProperties.java:235)
03-17 18:52:55.319  1430  1784 E SystemProp: 	at com.vendor.fawvw.fawsystemserver.FawConnectService.updateProperty(FawConnectService.java:154)
03-17 18:52:55.319  1430  1784 E SystemProp: 	at com.vendor.fawvw.fawsystemserver.FawConnectService$1.onLost(FawConnectService.java:74)
03-17 18:52:55.319  1430  1784 E SystemProp: 	at android.net.ConnectivityManager$CallbackHandler.handleMessage(ConnectivityManager.java:4271)
03-17 18:52:55.319  1430  1784 E SystemProp: 	at android.os.Handler.dispatchMessage(Handler.java:106)
03-17 18:52:55.319  1430  1784 E SystemProp: 	at android.os.Looper.loopOnce(Looper.java:205)
03-17 18:52:55.319  1430  1784 E SystemProp: 	at android.os.Looper.loop(Looper.java:294)
03-17 18:52:55.319  1430  1784 E SystemProp: 	at android.os.HandlerThread.run(HandlerThread.java:67)
03-17 18:52:55.319   903  1260 D ConnectivityService:  sending notification for NetworkRequest [ LISTEN id=22, [ Capabilities: INTERNET&NOT_RESTRICTED&TRUSTED&VALIDATED&NOT_VCN_MANAGED Uid: 1000 RequestorUid: 1000 RequestorPkg: android UnderlyingNetworks: Null] ]
03-17 18:52:55.319   903   903 I notification_cancel: [1073,1513,com.android.networkstack,1,462967197709,-1,0,33856,8,NULL]
03-17 18:52:55.319   903  1260 D ConnectivityService: sending notification CALLBACK_LOST for NetworkRequest [ LISTEN id=22, [ Capabilities: INTERNET&NOT_RESTRICTED&TRUSTED&VALIDATED&NOT_VCN_MANAGED Uid: 1000 RequestorUid: 1000 RequestorPkg: android UnderlyingNetworks: Null] ]
03-17 18:52:55.319   903  1070 I GnssNetworkConnectivityHandler: Network connection lost. Available networks count: 4
03-17 18:52:55.320   903  1070 I GnssNetworkConnectivityHandler: updateNetworkState, state=CLOSED, connected=false, network=107, capabilities=[ Transports: WIFI Capabilities: NOT_METERED&INTERNET&NOT_RESTRICTED&TRUSTED&NOT_VPN&VALIDATED&NOT_ROAMING&FOREGROUND&NOT_CONGESTED&NOT_SUSPENDED&NOT_VCN_MANAGED LinkUpBandwidth>=12000Kbps LinkDnBandwidth>=30000Kbps TransportInfo: <SSID: <unknown ssid>, BSSID: 02:00:00:00:00:00, MAC: 02:00:00:00:00:00, IP: /192.168.10.241, Security type: 2, Supplicant state: COMPLETED, Wi-Fi standard: 4, RSSI: -32, Link speed: 6Mbps, Tx Link speed: 6Mbps, Max Supported Tx Link speed: 72Mbps, Rx Link speed: 6Mbps, Max Supported Rx Link speed: 72Mbps, Frequency: 2412MHz, Net ID: -1, Metered hint: false, score: 60, isUsable: true, CarrierMerged: false, SubscriptionId: -1, IsPrimary: 1, Trusted: true, Restricted: false, Ephemeral: false, OEM paid: false, OEM private: false, OSU AP: false, FQDN: <none>, Provider friendly name: <none>, Requesting package name: <none><none>MLO Information: , Is TID-To-Link negotiation supported by the AP: false, AP MLD Address: <none>, AP MLO Link Id: <none>, AP MLO Affiliated links: <none>> SignalStrength: -32 AdminUids: [1000] SSID: "Cudy-6C60" UnderlyingNetworks: Null], availableNetworkCount: 4
03-17 18:52:55.320   679   679 D AGnssRil: updateNetworkState_2_0 networkAttributes: {.networkHandle = 462967197709, .isConnected = 0, .capabilities = NOT_METERED | NOT_ROAMING (0x3), .apn = ""}
03-17 18:52:55.320   903  1260 D ConnectivityService:  sending notification for NetworkRequest [ LISTEN id=23, [ Transports: WIFI Capabilities: NOT_RESTRICTED&TRUSTED&NOT_VPN&NOT_VCN_MANAGED Uid: 10035 RequestorUid: 10035 RequestorPkg: com.android.systemui UnderlyingNetworks: Null] ]
03-17 18:52:55.321   903  1260 D ConnectivityService: sending notification CALLBACK_LOST for NetworkRequest [ LISTEN id=23, [ Transports: WIFI Capabilities: NOT_RESTRICTED&TRUSTED&NOT_VPN&NOT_VCN_MANAGED Uid: 10035 RequestorUid: 10035 RequestorPkg: com.android.systemui UnderlyingNetworks: Null] ]
03-17 18:52:55.321   903  1260 D ConnectivityService:  sending notification for NetworkRequest [ LISTEN id=24, [ Transports: WIFI Capabilities: NOT_RESTRICTED&TRUSTED&NOT_VPN&NOT_VCN_MANAGED Uid: 1000 RequestorUid: 1000 RequestorPkg: com.fawvw.hmi.j01.ota UnderlyingNetworks: Null] ]
03-17 18:52:55.321   903  1260 D ConnectivityService: sending notification CALLBACK_LOST for NetworkRequest [ LISTEN id=24, [ Transports: WIFI Capabilities: NOT_RESTRICTED&TRUSTED&NOT_VPN&NOT_VCN_MANAGED Uid: 1000 RequestorUid: 1000 RequestorPkg: com.fawvw.hmi.j01.ota UnderlyingNetworks: Null] ]
03-17 18:52:55.321   903  1260 D ConnectivityService:  sending notification for NetworkRequest [ LISTEN id=25, [ Transports: WIFI Capabilities: INTERNET&TRUSTED&NOT_VPN&NOT_VCN_MANAGED Uid: 1001 RequestorUid: 1001 RequestorPkg: com.android.phone UnderlyingNetworks: Null] ]
03-17 18:52:55.321   903  1260 D ConnectivityService: sending notification CALLBACK_LOST for NetworkRequest [ LISTEN id=25, [ Transports: WIFI Capabilities: INTERNET&TRUSTED&NOT_VPN&NOT_VCN_MANAGED Uid: 1001 RequestorUid: 1001 RequestorPkg: com.android.phone UnderlyingNetworks: Null] ]
03-17 18:52:55.321   903  1260 D ConnectivityService:  sending notification for NetworkRequest [ REQUEST id=27, [ Capabilities: INTERNET&NOT_RESTRICTED&TRUSTED&NOT_VCN_MANAGED Uid: 1001 RequestorUid: 1001 RequestorPkg: com.android.phone UnderlyingNetworks: Null] ]
03-17 18:52:55.322   903  1260 D ConnectivityService: sending notification CALLBACK_LOST for NetworkRequest [ TRACK_DEFAULT id=26, [ Capabilities: INTERNET&NOT_RESTRICTED&TRUSTED&NOT_VCN_MANAGED Uid: 1001 RequestorUid: 1001 RequestorPkg: com.android.phone UnderlyingNetworks: Null] ]
03-17 18:52:55.322  1702  2031 D WifiController:  
03-17 18:52:55.322  1702  2031 D WifiController: ┌────────────────────────────────────────────────────────────────────────────────────────────────────────────────
03-17 18:52:55.322  1702  2031 D WifiController: │ ConnectivityThread, com.android.systemui.connect.WifiController.setConnected(WifiController.kt:56)
03-17 18:52:55.322  1702  2031 D WifiController: ├┄┄┄┄┄┄┄┄┄┄┄┄┄┄┄┄┄┄┄┄┄┄┄┄┄┄┄┄┄┄┄┄┄┄┄┄┄┄┄┄┄┄┄┄┄┄┄┄┄┄┄┄┄┄┄┄┄┄┄┄┄┄┄┄┄┄┄┄┄┄┄┄┄┄┄┄┄┄┄┄┄┄┄┄┄┄┄┄┄┄┄┄┄┄┄┄┄┄┄┄┄┄┄┄┄┄┄┄┄┄┄┄
03-17 18:52:55.322  1702  2031 D WifiController: │ false
03-17 18:52:55.322  1702  2031 D WifiController: └────────────────────────────────────────────────────────────────────────────────────────────────────────────────
03-17 18:52:55.322   903  1260 D ConnectivityService:  sending notification for NetworkRequest [ REQUEST id=29, [ Capabilities: INTERNET&NOT_RESTRICTED&TRUSTED&NOT_VCN_MANAGED Uid: 1001 RequestorUid: 1001 RequestorPkg: com.android.phone UnderlyingNetworks: Null] ]
03-17 18:52:55.322   903  1260 D ConnectivityService: sending notification CALLBACK_LOST for NetworkRequest [ TRACK_DEFAULT id=28, [ Capabilities: INTERNET&NOT_RESTRICTED&TRUSTED&NOT_VCN_MANAGED Uid: 1001 RequestorUid: 1001 RequestorPkg: com.android.phone UnderlyingNetworks: Null] ]
03-17 18:52:55.322   903  1260 D ConnectivityService:  sending notification for NetworkRequest [ REQUEST id=31, [ Capabilities: INTERNET&NOT_RESTRICTED&TRUSTED&NOT_VCN_MANAGED Uid: 10053 RequestorUid: 10053 RequestorPkg: com.mosi.mosc.aicenter UnderlyingNetworks: Null] ]
03-17 18:52:55.322   903  1260 D ConnectivityService: sending notification CALLBACK_LOST for NetworkRequest [ TRACK_DEFAULT id=30, [ Capabilities: INTERNET&NOT_RESTRICTED&TRUSTED&NOT_VCN_MANAGED Uid: 10053 RequestorUid: 10053 RequestorPkg: com.mosi.mosc.aicenter UnderlyingNetworks: Null] ]
03-17 18:52:55.322  1702  2031 D WifiController:  
03-17 18:52:55.322  1702  2031 D WifiController: ┌────────────────────────────────────────────────────────────────────────────────────────────────────────────────
03-17 18:52:55.322  1702  2031 D WifiController: │ ConnectivityThread, com.android.systemui.connect.WifiController.setAvailable(WifiController.kt:67)
03-17 18:52:55.322  1702  2031 D WifiController: ├┄┄┄┄┄┄┄┄┄┄┄┄┄┄┄┄┄┄┄┄┄┄┄┄┄┄┄┄┄┄┄┄┄┄┄┄┄┄┄┄┄┄┄┄┄┄┄┄┄┄┄┄┄┄┄┄┄┄┄┄┄┄┄┄┄┄┄┄┄┄┄┄┄┄┄┄┄┄┄┄┄┄┄┄┄┄┄┄┄┄┄┄┄┄┄┄┄┄┄┄┄┄┄┄┄┄┄┄┄┄┄┄
03-17 18:52:55.322  1702  2031 D WifiController: │ false
03-17 18:52:55.322  1702  2031 D WifiController: └────────────────────────────────────────────────────────────────────────────────────────────────────────────────
--------- beginning of radio
03-17 18:52:55.322  1694  1694 D ADSC    : default network is lost, try to find another active sub to switch to
03-17 18:52:55.323  3059  3221 I NetworkManager: onLost
03-17 18:52:55.323  3059  3221 I AvatarManager: onNetworkChange isNetworkConnect:false
03-17 18:52:55.323  3059  3221 I DownloadManager: pauseAllTask
03-17 18:52:55.323  3059  3221 I VoiceManager: onNetworkChange isNetworkConnect:false
03-17 18:52:55.323   903  1260 D ConnectivityService:  sending notification for NetworkRequest [ REQUEST id=33, [ Capabilities: INTERNET&NOT_RESTRICTED&TRUSTED&NOT_VCN_MANAGED Uid: 10064 RequestorUid: 10064 RequestorPkg: com.fawvw.vehicle.navi.j01app UnderlyingNetworks: Null] ]
03-17 18:52:55.323   903  1260 D ConnectivityService: sending notification CALLBACK_LOST for NetworkRequest [ TRACK_DEFAULT id=32, [ Capabilities: INTERNET&NOT_RESTRICTED&TRUSTED&NOT_VCN_MANAGED Uid: 10064 RequestorUid: 10064 RequestorPkg: com.fawvw.vehicle.navi.j01app UnderlyingNetworks: Null] ]
03-17 18:52:55.324   903  1260 D ConnectivityService:  sending notification for NetworkRequest [ REQUEST id=35, [ Capabilities: INTERNET&NOT_RESTRICTED&TRUSTED&NOT_VCN_MANAGED Uid: 10064 RequestorUid: 10064 RequestorPkg: com.fawvw.vehicle.navi.j01app UnderlyingNetworks: Null] ]
03-17 18:52:55.324   903  1260 D ConnectivityService: sending notification CALLBACK_LOST for NetworkRequest [ TRACK_DEFAULT id=34, [ Capabilities: INTERNET&NOT_RESTRICTED&TRUSTED&NOT_VCN_MANAGED Uid: 10064 RequestorUid: 10064 RequestorPkg: com.fawvw.vehicle.navi.j01app UnderlyingNetworks: Null] ]
