05-22 07:16:23.530  1026  1026 D MyAppLog: [2026-05-22 07:16:23.528 D tboxap SendMsgBufEvent:298] [System] [SendMsgBufEvent] send message(msg:0x003d, size:4)
05-22 07:16:23.530  1026  1026 D MyAppLog: [2026-05-22 07:16:23.529 D tboxap SysMainEventHandler:1090] [System] [SysMainEventHandler] recv message(msg:0x003d, size:4)
05-22 07:16:23.530  1026  1026 W MyAppLog: [2026-05-22 07:16:23.529 W tboxap tsp_ExternalEvent:80] [Tsp] [tsp_ExternalEvent] recv ExternalEvent = 61, size:4
05-22 07:16:23.530  1026  1026 D MyAppLog: [2026-05-22 07:16:23.529 D tboxap tsp_EventSend:261] [Tsp] [tsp_EventSend] Tx msg Creat :283 , size:4 (adr :b6020370)!!
05-22 07:16:23.530  1026  1026 D MyAppLog: [2026-05-22 07:16:23.529 D tboxap tsp_EventSend:265] [Tsp] [tsp_EventSend] TX tspCmdMsg.MsgSize:4
05-22 07:16:23.531  1026  1026 I MyAppLog: [2026-05-22 07:16:23.529 I tboxap tsp_EventSend:270] [Tsp] [tsp_EventSend] TX tspCmdMsg.MsgID:011b size:4
05-22 07:16:23.531  1026  1026 D MyAppLog: [2026-05-22 07:16:23.529 D tboxap tsp_EventQueueWrite:115] [Tsp] [tsp_EventQueueWrite] sizeof(16) pTmp:8601d840  
05-22 07:16:23.531  1026  1026 D MyAppLog: [2026-05-22 07:16:23.529 D tboxap tsp_EventProceHandel:305] [Tsp] [tsp_EventProceHandel] rx msg :011b , size:4!!
05-22 07:16:23.531  1026  1026 D MyAppLog: [2026-05-22 07:16:23.529 D tboxap tsp_EventProceHandel:309] [Tsp] [tsp_EventProceHandel] RX stMessage.MsgSize:4
05-22 07:16:23.531  1026  1026 D MyAppLog: [2026-05-22 07:16:23.529 D tboxap tsp_EventToCmd:108] [Tsp] [tsp_EventToCmd] event:0x011b -> cmd:4009 size:4
05-22 07:16:23.531  1026  1026 W MyAppLog: [2026-05-22 07:16:23.529 W tboxap tsp_PackTrigAlarm_Yadi:438] [Tsp] [tsp_PackTrigAlarm_Yadi] trig alarm parsed msgId:0x0200 alarmType:0x12 battAlarm:0x34
05-22 07:16:23.531  1026  1026 I MyAppLog: [2026-05-22 07:16:23.529 I tboxap tsp_TrigAlarmPacket_Yadi:1059] [Tsp] [TrigAlarm rawData]: :02 00 12 34
05-22 07:16:23.531  1026  1026 I MyAppLog: [2026-05-22 07:16:23.529 I tboxap tsp_TrigAlarmPacket_Yadi:1075] [Tsp] [TrigAlarm addCrc]: :02 00 12 34 DA 00 00 00 00 00 00 00 00 00 FF 01
05-22 07:16:23.532  1026  1026 I MyAppLog: [2026-05-22 07:16:23.529 I tboxap tsp_TrigAlarmPacket_Yadi:1084] [Tsp] [TrigAlarm doneAes]: :66 30 8E 45 01 36 1B B4 9F 78 15 05 8D CE 15 F9
05-22 07:16:23.532   486   581 I mcuc    : start timer OK = 1851 
05-22 07:16:23.532  1026  1026 I MyAppLog: [2026-05-22 07:16:23.529 I tboxap tsp_pack_frame_Yadi:1240] [Tsp] Login data pack and encrypt completed ! BodySize = 16! 
05-22 07:16:23.532  1026  1026 I MyAppLog: [2026-05-22 07:16:23.529 I tboxap tsp_pack_frame_Yadi:1353] [Tsp] [DataMsgLen]: :00 04
05-22 06:34:57.269     0     0 W         : c6 [    C6] Irq_monitor:Irq                                           IPI[1]occur        8309 times interval 1020 ms
05-22 06:34:57.270   573   573 D spi_rst_gpio_get_output: GPIO 145 value: 1
05-22 06:34:57.270   573   573 D spidev_ioctl: gpio status=1)
05-22 06:34:57.276   573   573 D spi_rst_gpio_get_output: GPIO 145 value: 1
05-22 06:34:57.276   573   573 D spidev_ioctl: gpio status=1)
05-22 07:16:23.532  1026  1026 I MyAppLog: [2026-05-22 07:16:23.529 I tboxap tsp_pack_frame_Yadi:1380] [Tsp] [FrameData]: :AA FF 00 2E 08 61 48 40 40 12 48 14 1A 05 16 07 10 17 10 01 28 03 01 01 00 04 66 30 8E 45 01 36 1B B4 9F 78 15 05 8D CE 15 F9 0A 24 0D 0A
05-22 07:16:23.532  1026  1026 I MyAppLog: [2026-05-22 07:16:23.529 I tboxap tsp_PackTrigAlarm_Yadi:442] [Tsp] TrigAlarmFrame init complet, frame size:46!!!
05-22 07:16:23.532  1026  1026 E MyAppLog: [2026-05-22 07:16:23.529 E tboxap tsp_FifoWrite:319] [Tsp] tsp_FifoWrite FIFO is full when to be written!
05-22 07:16:23.532  1026  1026 D MyAppLog: [2026-05-22 07:16:23.529 D tboxap tsp_EventProceHandel:316] [Tsp] [tsp_EventProceHandel] stMessage.pMsgBuf free ok adr(b6020370)!!
05-22 07:16:23.532   573   573 I SpiService: fgesysctrl_getGPIO_status success val=1
05-22 07:16:23.538   573   573 I SpiService: fgesysctrl_getGPIO_status success val=1
05-22 07:16:23.539   565   599 I Sensors : 230 AccelSensor: x:-0.109800,y:0.013420,z:-10.134541
05-22 07:16:23.540  1026  1026 D MyAppLog: [2026-05-22 07:16:23.539 D tboxap tsp_EventQueueRead:150] [Tsp] [tsp_EventQueueRead] read:6, write:6  Num:0!!
05-22 07:16:23.540   964  1804 D [OMXB]  : usingANWBuffer: handle:0xebd40c70, format:1, w:1920, h:1080
05-22 07:16:23.541  2981  3177 I SentryImuMcuAngleSender: 179.92413rollDeg
05-22 07:16:23.541  2981  3177 I SentryImuMcuAngleSender: 1,0,0
05-22 06:34:57.281   573   573 D spi_rst_gpio_get_output: GPIO 145 value: 1
05-22 06:34:57.281   573   573 D spidev_ioctl: gpio status=1)
05-22 07:16:23.543   824   824 D SurfaceFlinger: unisoc-graphics, commit has frameMissed:2, vysncId:343021
05-22 07:16:23.544   573   573 I SpiService: fgesysctrl_getGPIO_status success val=1
05-22 06:34:57.287   573   573 D spi_rst_gpio_get_output: GPIO 145 value: 1
05-22 06:34:57.287   573   573 D spidev_ioctl: gpio status=1)
05-22 07:16:23.548   276   300 I rvcservice: t.code = 0, t.value = 19520
05-22 07:16:23.549   573   573 I SpiService: fgesysctrl_getGPIO_status success val=0
05-22 07:16:23.549   486   579 I mcuc    : send SPI:6AA6020D19000289004D6AA601073B00F809015B040109A001000000000000000000000000000000000000000000000000000000000000000000000000000000000000000000000000000000000000000000000000000000000000000000000000000000000000000000000000000000000000000000000000000000000000000000000000000000000000000000000000000000000000000000000000000000000000000000000000000000000000000000000000000000000000000000000000000000000000000000000000000000000000000000000000000000000000000000000000000000000000000000000000000000000000000000000000000000000000000000000000B1
05-22 06:34:57.292   573   573 D spi_rst_gpio_get_output: GPIO 145 value: 0
05-22 06:34:57.293   573   573 D spidev_ioctl: gpio status=0)
05-22 07:16:23.554   291  1491 D EvsDriver: forwardFrame
05-22 07:16:23.555   291  1491 D EvsDriver: Delivered 0xb400007b2f47ca30 as id 0
05-22 07:16:23.555  1137  1150 D evsmanagerd: /dev/video4 forwarded the buffer #0 to 0xb4000071fa019690 from 0xb4000071fa01b7d0
05-22 07:16:23.557   291  1135 D EvsDriver: doneWithFrame
05-22 07:16:23.557   544   544 D commservice260303: msg.id = 1028,0
05-22 07:16:23.557   544   544 D commservice260303: i = 170, msgid = 8A000404
05-22 07:16:23.558   544   544 D commservice260303: msgid = -1979710460,did=138
05-22 07:16:23.558   544   544 D commservice260303: CommProtocolLibCmdBaseI2C::dataproc {"command":{"id":"imu_status","sub":""},"content":{"TimeStamp":1779405383557,"FrameCounter":15785,"GD_X":-0.009314822033047676,"GD_Y":0.007482858840376139,"GD_Z":0.018554743379354477,"AD_X":-0.004770427942276001,"AD_Y":-5.359947681427002E-4,"AD_Z":-0.3284597396850586,"TempDsp":0,"Status":0,"CalibState":1,"SigAmpInvalid":0}},-1979710460
05-22 07:16:23.558   544   544 D commservice260303: send2Cluster len:325, 7B22636F6D6D616E64223A7B226964223A22696D755F737461747573222C22737562223A22227D2C22636F6E74656E74223A7B2254696D655374616D70223A313737393430353338333535372C224672616D65436F756E746572223A31353738352C2247445F58223A2D302E3030393331343832323033333034373637362C2247445F59223A302E3030373438323835383834303337363133392C2247445F5A223A302E3031383535343734333337393335343437372C2241445F58223A2D302E3030343737303432373934323237363030312C2241445F59223A2D352E333539393437363831343237303032452D342C2241445F5A223A2D302E333238343539373339363835303538362C2254656D70447370223A302C22537461747573223A302C2243616C69625374617465223A312C22536967416D70496E76616C6964223A307D7D, 138 
05-22 07:16:23.558   544   544 D commservice260303: Push Message into SendPool fn=-79822848
05-22 07:16:23.558   544   544 D commservice260303: ComProtocolLibSend2Cluster::send2ClusterRaw fn=-79822848 , len=341
05-22 07:16:23.558   544   544 D commservice260303: sendCmdToPort :341!!!
05-22 07:16:23.558   544   544 D commservice260303: send Cmd To Port ++++5AA501518A0100003EFB6A0F92477B22636F6D6D616E64223A7B226964223A22696D755F737461747573222C22737562223A22227D2C22636F6E74656E74223A7B2254696D655374616D70223A313737393430353338333535372C224672616D65436F756E746572223A31353738352C2247445F58223A2D302E3030393331343832323033333034373637362C2247445F59223A302E3030373438323835383834303337363133392C2247445F5A223A302E3031383535343734333337393335343437372C2241445F58223A2D302E3030343737303432373934323237363030312C2241445F59223A2D352E333539393437363831343237303032452D342C2241445F5A223A2D302E333238343539373339363835303538362C2254656D70447370223A302C22537461747573223A302C2243616C69625374617465223A312C22536967416D70496E76616C6964223A307D7DB5A0
05-22 07:16:23.558   544   544 D commservice260303: bufferevent_write retrun value = 0
05-22 07:16:23.558   544   567 D commservice260303: client datas send succeed,send finish
05-22 07:16:23.558  2981  3178 D Sentinelmode_1.2.5.13_alpha: <SentryImuClusterFgeSender>imu_status sent to Linux, frame=15785, tsNs=668521, tsMs=1779405383557, intervalMs=39, ad=(-0.004770428,-5.3599477E-4,-0.32845974), gd=(-0.009314822,0.007482859,0.018554743)
05-22 07:16:23.560   824   824 D SurfaceFlinger: unisoc-graphics, commit has frameMissed:2, vysncId:343029
05-22 07:16:23.562  2981  3177 I SentryImuMcuAngleSender: 179.92757rollDeg
05-22 07:16:23.563  2981  3177 I SentryImuMcuAngleSender: 1,0,0
05-22 07:16:23.563   573   573 I SpiService: fgesysctrl_getGPIO_status success val=1
05-22 06:34:57.307   573   573 D spi_rst_gpio_get_output: GPIO 145 value: 1
05-22 06:34:57.307   573   573 D spidev_ioctl: gpio status=1)
05-22 07:16:23.569   573   573 I SpiService: fgesysctrl_getGPIO_status success val=1
05-22 06:34:57.312   573   573 D spi_rst_gpio_get_output: GPIO 145 value: 1
05-22 06:34:57.312   573   573 D spidev_ioctl: gpio status=1)
05-22 07:16:23.574   573   573 I SpiService: fgesysctrl_getGPIO_status success val=1
05-22 07:16:23.575   565   599 I Sensors : 230 GyroSensor: x:-0.009162,y:0.007635,z:0.017791
05-22 06:34:57.318   573   573 D spi_rst_gpio_get_output: GPIO 145 value: 1
05-22 06:34:57.318   573   573 D spidev_ioctl: gpio status=1)
05-22 07:16:23.580   573   573 I SpiService: fgesysctrl_getGPIO_status success val=1
05-22 07:16:23.582   291  1491 D EvsDriver: forwardFrame
05-22 06:34:57.323   573   573 D spi_rst_gpio_get_output: GPIO 145 value: 1
05-22 06:34:57.323   573   573 D spidev_ioctl: gpio status=1)
05-22 07:16:23.582   291  1491 D EvsDriver: Delivered 0xb400007b2f47ca30 as id 0
05-22 07:16:23.583  1137  1150 D evsmanagerd: /dev/video4 forwarded the buffer #0 to 0xb4000071fa019690 from 0xb4000071fa01b7d0
05-22 07:16:23.584  2981  3177 I SentryImuMcuAngleSender: 179.92065rollDeg
05-22 07:16:23.584  2981  3177 I SentryImuMcuAngleSender: 1,0,0
05-22 07:16:23.585   291  1135 D EvsDriver: doneWithFrame
05-22 06:34:57.329   573   573 D spi_rst_gpio_get_output: GPIO 145 value: 1
05-22 06:34:57.329   573   573 D spidev_ioctl: gpio status=1)
05-22 07:16:23.585   573   573 I SpiService: fgesysctrl_getGPIO_status success val=1
05-22 07:16:23.591   573   573 I SpiService: fgesysctrl_getGPIO_status success val=0
05-22 07:16:23.596  1026  1026 D MyAppLog: [2026-05-22 07:16:23.595 D tboxap gpsMcuDataAnalyze:471] [Gps] [gpsMcuDataAnalyze]:$GNRMC,231623.000,V,,,,,,,210526,120.0,E,N,V*44
05-22 07:16:23.596  1026  1026 D MyAppLog: 
05-22 07:16:23.596  1026  1026 D MyAppLog: [2026-05-22 07:16:23.595 D tboxap gpsMcuDataAnalyze:556] [Gps] stGps.stat:0, latitude:0 , longtitude:0,sped:0,direction:0
05-22 06:34:57.334   573   573 D spi_rst_gpio_get_output: GPIO 145 value: 0
05-22 06:34:57.334   573   573 D spidev_ioctl: gpio status=0)
05-22 07:16:23.597   544   544 D commservice260303: msg.id = 1028,0
05-22 07:16:23.597   544   544 D commservice260303: i = 170, msgid = 8A000404
05-22 07:16:23.597   544   544 D commservice260303: msgid = -1979710460,did=138
05-22 07:16:23.597   544   544 D commservice260303: CommProtocolLibCmdBaseI2C::dataproc {"command":{"id":"imu_status","sub":""},"content":{"TimeStamp":1779405383597,"FrameCounter":15786,"GD_X":-0.008704167790710926,"GD_Y":0.0073299347423017025,"GD_Z":0.017715223133563995,"AD_X":-0.0023301169276237488,"AD_Y":0.003733718767762184,"AD_Z":-0.3235807418823242,"TempDsp":0,"Status":0,"CalibState":1,"SigAmpInvalid":0}},-1979710460
05-22 07:16:23.597   544   544 D commservice260303: send2Cluster len:326, 7B22636F6D6D616E64223A7B226964223A22696D755F737461747573222C22737562223A22227D2C22636F6E74656E74223A7B2254696D655374616D70223A313737393430353338333539372C224672616D65436F756E746572223A31353738362C2247445F58223A2D302E3030383730343136373739303731303932362C2247445F59223A302E303037333239393334373432333031373032352C2247445F5A223A302E3031373731353232333133333536333939352C2241445F58223A2D302E303032333330313136393237363233373438382C2241445F59223A302E3030333733333731383736373736323138342C2241445F5A223A2D302E333233353830373431383832333234322C2254656D70447370223A302C22537461747573223A302C2243616C69625374617465223A312C22536967416D70496E76616C6964223A307D7D, 138 
05-22 07:16:23.598   544   544 D commservice260303: Push Message into SendPool fn=-63045632
05-22 07:16:23.598   544   544 D commservice260303: ComProtocolLibSend2Cluster::send2ClusterRaw fn=-63045632 , len=342
05-22 07:16:23.598   544   544 D commservice260303: sendCmdToPort :342!!!
05-22 07:16:23.598   544   544 D commservice260303: send Cmd To Port ++++5AA501528A0100003EFC6A0F92477B22636F6D6D616E64223A7B226964223A22696D755F737461747573222C22737562223A22227D2C22636F6E74656E74223A7B2254696D655374616D70223A313737393430353338333539372C224672616D65436F756E746572223A31353738362C2247445F58223A2D302E3030383730343136373739303731303932362C2247445F59223A302E303037333239393334373432333031373032352C2247445F5A223A302E3031373731353232333133333536333939352C2241445F58223A2D302E303032333330313136393237363233373438382C2241445F59223A302E3030333733333731383736373736323138342C2241445F5A223A2D302E333233353830373431383832333234322C2254656D70447370223A302C22537461747573223A302C2243616C69625374617465223A312C22536967416D70496E76616C6964223A307D7D5A17
05-22 07:16:23.598   544   544 D commservice260303: bufferevent_write retrun value = 0
05-22 07:16:23.598   544   567 D commservice260303: client datas send succeed,send finish
05-22 07:16:23.598  2981  3178 D Sentinelmode_1.2.5.13_alpha: <SentryImuClusterFgeSender>imu_status sent to Linux, frame=15786, tsNs=668575, tsMs=1779405383597, intervalMs=40, ad=(-0.002330117,0.0037337188,-0.32358074), gd=(-0.008704168,0.0073299347,0.017715223)
05-22 07:16:23.604   486   580 I mcuc    : rev,n=1,6AA682073B0002090130
05-22 07:16:23.605  2981  3177 I SentryImuMcuAngleSender: 179.89995rollDeg
05-22 07:16:23.605  2981  3177 I SentryImuMcuAngleSender: 1,0,0
05-22 07:16:23.606   573   573 I SpiService: fgesysctrl_getGPIO_status success val=1
05-22 06:34:57.349   573   573 D spi_rst_gpio_get_output: GPIO 145 value: 1
05-22 06:34:57.349   573   573 D spidev_ioctl: gpio status=1)
05-22 07:16:23.610   824   824 D SurfaceFlinger: unisoc-graphics, commit has frameMissed:2, vysncId:343039
05-22 07:16:23.611   573   573 I SpiService: fgesysctrl_getGPIO_status success val=1
05-22 06:34:57.354   573   573 D spi_rst_gpio_get_output: GPIO 145 value: 1
05-22 06:34:57.354   573   573 D spidev_ioctl: gpio status=1)
05-22 07:16:23.616   291  1491 D EvsDriver: forwardFrame
05-22 07:16:23.616   573   573 I SpiService: fgesysctrl_getGPIO_status success val=1
05-22 06:34:57.360   573   573 D spi_rst_gpio_get_output: GPIO 145 value: 1
05-22 06:34:57.360   573   573 D spidev_ioctl: gpio status=1)
05-22 07:16:23.618   291  1491 D EvsDriver: Delivered 0xb400007b2f47ca30 as id 0
05-22 07:16:23.618  1137  1150 D evsmanagerd: /dev/video4 forwarded the buffer #0 to 0xb4000071fa019690 from 0xb4000071fa01b7d0
05-22 07:16:23.618   291  1135 D EvsDriver: doneWithFrame
05-22 07:16:23.622   573   573 I SpiService: fgesysctrl_getGPIO_status success val=1
05-22 06:34:57.366   573   573 D spi_rst_gpio_get_output: GPIO 145 value: 1
05-22 06:34:57.366   573   573 D spidev_ioctl: gpio status=1)
05-22 07:16:23.626  2981  3177 I SentryImuMcuAngleSender: 179.9034rollDeg
05-22 07:16:23.626  2981  3177 I SentryImuMcuAngleSender: 1,0,0
05-22 07:16:23.628   573   573 I SpiService: fgesysctrl_getGPIO_status success val=0
05-22 07:16:23.629   824   824 D SurfaceFlinger: unisoc-graphics, commit has frameMissed:2, vysncId:343047
05-22 06:34:57.371   573   573 D spi_rst_gpio_get_output: GPIO 145 value: 0
05-22 06:34:57.371   573   573 D spidev_ioctl: gpio status=0)
05-22 07:16:23.634   964  1804 D [OMXB]  : usingANWBuffer: handle:0xebd44c60, format:1, w:1920, h:1080
05-22 07:16:23.638   544   544 D commservice260303: msg.id = 1028,0
05-22 07:16:23.638   544   544 D commservice260303: i = 170, msgid = 8A000404
05-22 07:16:23.638   544   544 D commservice260303: msgid = -1979710460,did=138
05-22 07:16:23.638   544   544 D commservice260303: CommProtocolLibCmdBaseI2C::dataproc {"command":{"id":"imu_status","sub":""},"content":{"TimeStamp":1779405383637,"FrameCounter":15787,"GD_X":-0.008245917037129402,"GD_Y":0.007558800280094147,"GD_Z":0.017715223133563995,"AD_X":-0.0023315250873565674,"AD_Y":0.001290581189095974,"AD_Z":-0.3235807418823242,"TempDsp":0,"Status":0,"CalibState":1,"SigAmpInvalid":0}},-1979710460
05-22 07:16:23.638   544   544 D commservice260303: send2Cluster len:325, 7B22636F6D6D616E64223A7B226964223A22696D755F737461747573222C22737562223A22227D2C22636F6E74656E74223A7B2254696D655374616D70223A313737393430353338333633372C224672616D65436F756E746572223A31353738372C2247445F58223A2D302E3030383234353931373033373132393430322C2247445F59223A302E3030373535383830303238303039343134372C2247445F5A223A302E3031373731353232333133333536333939352C2241445F58223A2D302E303032333331353235303837333536353637342C2241445F59223A302E3030313239303538313138393039353937342C2241445F5A223A2D302E333233353830373431383832333234322C2254656D70447370223A302C22537461747573223A302C2243616C69625374617465223A312C22536967416D70496E76616C6964223A307D7D, 138 
05-22 07:16:23.638   544   544 D commservice260303: Push Message into SendPool fn=-46268416
05-22 07:16:23.638   544   544 D commservice260303: ComProtocolLibSend2Cluster::send2ClusterRaw fn=-46268416 , len=341
05-22 07:16:23.638   544   544 D commservice260303: sendCmdToPort :341!!!
05-22 07:16:23.638   544   544 D commservice260303: send Cmd To Port ++++5AA501518A0100003EFD6A0F92477B22636F6D6D616E64223A7B226964223A22696D755F737461747573222C22737562223A22227D2C22636F6E74656E74223A7B2254696D655374616D70223A313737393430353338333633372C224672616D65436F756E746572223A31353738372C2247445F58223A2D302E3030383234353931373033373132393430322C2247445F59223A302E3030373535383830303238303039343134372C2247445F5A223A302E3031373731353232333133333536333939352C2241445F58223A2D302E303032333331353235303837333536353637342C2241445F59223A302E3030313239303538313138393039353937342C2241445F5A223A2D302E333233353830373431383832333234322C2254656D70447370223A302C22537461747573223A302C2243616C69625374617465223A312C22536967416D70496E76616C6964223A307D7DAFD5
05-22 07:16:23.638   544   544 D commservice260303: bufferevent_write retrun value = 0
05-22 07:16:23.638   544   567 D commservice260303: client datas send succeed,send finish
05-22 07:16:23.638  2981  3178 D Sentinelmode_1.2.5.13_alpha: <SentryImuClusterFgeSender>imu_status sent to Linux, frame=15787, tsNs=668611, tsMs=1779405383637, intervalMs=40, ad=(-0.002331525,0.0012905812,-0.32358074), gd=(-0.008245917,0.0075588003,0.017715223)
05-22 07:16:23.642   573   573 I SpiService: fgesysctrl_getGPIO_status success val=1
05-22 06:34:57.385   573   573 D spi_rst_gpio_get_output: GPIO 145 value: 1
05-22 06:34:57.385   573   573 D spidev_ioctl: gpio status=1)
05-22 07:16:23.646   824   824 D SurfaceFlinger: unisoc-graphics, commit has frameMissed:2, vysncId:343048
05-22 07:16:23.647  2981  3177 I SentryImuMcuAngleSender: 179.91374rollDeg
05-22 07:16:23.647  2981  3177 I SentryImuMcuAngleSender: 1,0,0
05-22 07:16:23.647   573   573 I SpiService: fgesysctrl_getGPIO_status success val=1
05-22 07:16:23.648   276   300 I rvcservice: t.code = 3, t.value = 0
05-22 06:34:57.390   573   573 D spi_rst_gpio_get_output: GPIO 145 value: 1
05-22 06:34:57.390   573   573 D spidev_ioctl: gpio status=1)
05-22 07:16:23.652   291  1491 D EvsDriver: forwardFrame
05-22 07:16:23.653   573   573 I SpiService: fgesysctrl_getGPIO_status success val=1
05-22 07:16:23.653   291  1491 D EvsDriver: Delivered 0xb400007b2f47ca30 as id 0
05-22 06:34:57.396   573   573 D spi_rst_gpio_get_output: GPIO 145 value: 1
05-22 06:34:57.396   573   573 D spidev_ioctl: gpio status=1)
05-22 07:16:23.654  1137  1150 D evsmanagerd: /dev/video4 forwarded the buffer #0 to 0xb4000071fa019690 from 0xb4000071fa01b7d0
05-22 07:16:23.656   291  1135 D EvsDriver: doneWithFrame
05-22 07:16:23.658   573   573 I SpiService: fgesysctrl_getGPIO_status success val=1
05-22 06:34:57.401   573   573 D spi_rst_gpio_get_output: GPIO 145 value: 1
05-22 06:34:57.401   573   573 D spidev_ioctl: gpio status=1)
05-22 07:16:23.664   573   573 I SpiService: fgesysctrl_getGPIO_status success val=1
05-22 07:16:23.665   558  1606 I gps_hdbd: nmea_cs <0> != calc_cs <d3>, return -1
05-22 06:34:57.407   573   573 D spi_rst_gpio_get_output: GPIO 145 value: 1
05-22 06:34:57.407   573   573 D spidev_ioctl: gpio status=1)
05-22 07:16:23.667  2981  3177 I SentryImuMcuAngleSender: 179.92758rollDeg
05-22 07:16:23.667  2981  3177 I SentryImuMcuAngleSender: 1,0,0
05-22 07:16:23.669   573   573 I SpiService: fgesysctrl_getGPIO_status success val=1
05-22 06:34:57.412   573   573 D spi_rst_gpio_get_output: GPIO 145 value: 1
05-22 06:34:57.412   573   573 D spidev_ioctl: gpio status=1)
05-22 07:16:23.674   573   573 I SpiService: fgesysctrl_getGPIO_status success val=0
05-22 07:16:23.678   544   544 D commservice260303: msg.id = 1028,0
05-22 07:16:23.678   544   544 D commservice260303: i = 170, msgid = 8A000404
05-22 06:34:57.418   573   573 D spi_rst_gpio_get_output: GPIO 145 value: 0
05-22 07:16:23.678   544   544 D commservice260303: msgid = -1979710460,did=138
05-22 06:34:57.418   573   573 D spidev_ioctl: gpio status=0)
05-22 07:16:23.678   544   544 D commservice260303: CommProtocolLibCmdBaseI2C::dataproc {"command":{"id":"imu_status","sub":""},"content":{"TimeStamp":1779405383677,"FrameCounter":15788,"GD_X":-0.009544207714498043,"GD_Y":0.0072539933025836945,"GD_Z":0.016798200085759163,"AD_X":-0.0029424503445625305,"AD_Y":-0.001148352399468422,"AD_Z":-0.327239990234375,"TempDsp":0,"Status":0,"CalibState":1,"SigAmpInvalid":0}},-1979710460
05-22 07:16:23.678   544   544 D commservice260303: send2Cluster len:326, 7B22636F6D6D616E64223A7B226964223A22696D755F737461747573222C22737562223A22227D2C22636F6E74656E74223A7B2254696D655374616D70223A313737393430353338333637372C224672616D65436F756E746572223A31353738382C2247445F58223A2D302E3030393534343230373731343439383034332C2247445F59223A302E303037323533393933333032353833363934352C2247445F5A223A302E3031363739383230303038353735393136332C2241445F58223A2D302E303032393432343530333434353632353330352C2241445F59223A2D302E3030313134383335323339393436383432322C2241445F5A223A2D302E3332373233393939303233343337352C2254656D70447370223A302C22537461747573223A302C2243616C69625374617465223A312C22536967416D70496E76616C6964223A307D7D, 138 
05-22 07:16:23.678   544   544 D commservice260303: Push Message into SendPool fn=-29491200
05-22 07:16:23.678   544   544 D commservice260303: ComProtocolLibSend2Cluster::send2ClusterRaw fn=-29491200 , len=342
05-22 07:16:23.678   544   544 D commservice260303: sendCmdToPort :342!!!
05-22 07:16:23.678   544   544 D commservice260303: send Cmd To Port ++++5AA501528A0100003EFE6A0F92477B22636F6D6D616E64223A7B226964223A22696D755F737461747573222C22737562223A22227D2C22636F6E74656E74223A7B2254696D655374616D70223A313737393430353338333637372C224672616D65436F756E746572223A31353738382C2247445F58223A2D302E3030393534343230373731343439383034332C2247445F59223A302E303037323533393933333032353833363934352C2247445F5A223A302E3031363739383230303038353735393136332C2241445F58223A2D302E303032393432343530333434353632353330352C2241445F59223A2D302E3030313134383335323339393436383432322C2241445F5A223A2D302E3332373233393939303233343337352C2254656D70447370223A302C22537461747573223A302C2243616C69625374617465223A312C22536967416D70496E76616C6964223A307D7D7BAE
05-22 07:16:23.678   544   544 D commservice260303: bufferevent_write retrun value = 0
05-22 07:16:23.678   544   567 D commservice260303: client datas send succeed,send finish
05-22 07:16:23.678  2981  3178 D Sentinelmode_1.2.5.13_alpha: <SentryImuClusterFgeSender>imu_status sent to Linux, frame=15788, tsNs=668647, tsMs=1779405383677, intervalMs=40, ad=(-0.0029424503,-0.0011483524,-0.32724), gd=(-0.009544208,0.0072539933,0.0167982)
05-22 07:16:23.684   291  1491 D EvsDriver: forwardFrame
05-22 07:16:23.685   291  1491 D EvsDriver: Delivered 0xb400007b2f47ca30 as id 0
05-22 07:16:23.686  1137  1150 D evsmanagerd: /dev/video4 forwarded the buffer #0 to 0xb4000071fa019690 from 0xb4000071fa01b7d0
05-22 07:16:23.688   291  1135 D EvsDriver: doneWithFrame
05-22 07:16:23.689   573   573 I SpiService: fgesysctrl_getGPIO_status success val=1
05-22 07:16:23.689  2981  3177 I SentryImuMcuAngleSender: 179.93791rollDeg
05-22 07:16:23.689  2981  3177 I SentryImuMcuAngleSender: 1,0,0
05-22 06:34:57.432   573   573 D spi_rst_gpio_get_output: GPIO 145 value: 1
05-22 06:34:57.432   573   573 D spidev_ioctl: gpio status=1)
05-22 07:16:23.691  1026  1026 D MyAppLog: [2026-05-22 07:16:23.691 D tboxap tsp_WorkMachineProc:1086] [Tsp] [tsp_WorkMachineProc]TSP_WORK_LOGIN NOW !!!!
05-22 07:16:23.694   964  1804 D [OMXB]  : usingANWBuffer: handle:0xebd42950, format:1, w:1920, h:1080
05-22 07:16:23.694   573   573 I SpiService: fgesysctrl_getGPIO_status success val=1
05-22 06:34:57.438   573   573 D spi_rst_gpio_get_output: GPIO 145 value: 1
05-22 06:34:57.438   573   573 D spidev_ioctl: gpio status=1)
05-22 07:16:23.700   573   573 I SpiService: fgesysctrl_getGPIO_status success val=1
05-22 06:34:57.443   573   573 D spi_rst_gpio_get_output: GPIO 145 value: 1
05-22 06:34:57.443   573   573 D spidev_ioctl: gpio status=1)
05-22 07:16:23.705   573   573 I SpiService: fgesysctrl_getGPIO_status success val=1
05-22 06:34:57.448   573   573 D spi_rst_gpio_get_output: GPIO 145 value: 1
05-22 06:34:57.448   573   573 D spidev_ioctl: gpio status=1)
05-22 07:16:23.709  2981  3177 I SentryImuMcuAngleSender: 179.931rollDeg
05-22 07:16:23.709  2981  3177 I SentryImuMcuAngleSender: 1,0,0
05-22 07:16:23.711   573   573 I SpiService: fgesysctrl_getGPIO_status success val=0
05-22 06:34:57.455   573   573 D spi_rst_gpio_get_output: GPIO 145 value: 0
05-22 06:34:57.455   573   573 D spidev_ioctl: gpio status=0)
05-22 07:16:23.717  1517  1517 E sysUI_NavBarFragment: [main] - SysUIConfig.icCarServiceConnected：false
05-22 07:16:23.719   544   544 D commservice260303: msg.id = 1028,0
05-22 07:16:23.720   544  3080 D commservice260303: send heart beat package to Cluster
05-22 07:16:23.719   544   544 D commservice260303: i = 170, msgid = 8A000404
05-22 07:16:23.720   291  1491 D EvsDriver: forwardFrame
05-22 07:16:23.720   544  3080 D commservice260303: send2Cluster len:40, 7B22636F6D6D616E64223A7B226964223A22686561727462656174222C22737562223A22227D7D0A, 129 
05-22 07:16:23.720   544   544 D commservice260303: msgid = -1979710460,did=138
05-22 07:16:23.720   544  3080 D commservice260303: Push Message into SendPool fn=-12713984
05-22 07:16:23.720   544   544 D commservice260303: CommProtocolLibCmdBaseI2C::dataproc {"command":{"id":"imu_status","sub":""},"content":{"TimeStamp":1779405383718,"FrameCounter":15789,"GD_X":-0.009161898866295815,"GD_Y":0.0085517643019557,"GD_Z":0.017485838383436203,"AD_X":-0.00111466646194458,"AD_Y":-0.0017539197579026222,"AD_Z":-0.3235807418823242,"TempDsp":0,"Status":0,"CalibState":1,"SigAmpInvalid":0}},-1979710460
05-22 07:16:23.720   544  3080 D commservice260303: ComProtocolLibSend2Cluster::send2ClusterRaw fn=-12713984 , len=56
05-22 07:16:23.720   544  3080 D commservice260303: sendCmdToPort :56!!!
05-22 07:16:23.720   544   544 D commservice260303: send2Cluster len:323, 7B22636F6D6D616E64223A7B226964223A22696D755F737461747573222C22737562223A22227D2C22636F6E74656E74223A7B2254696D655374616D70223A313737393430353338333731382C224672616D65436F756E746572223A31353738392C2247445F58223A2D302E3030393136313839383836363239353831352C2247445F59223A302E303038353531373634333031393535372C2247445F5A223A302E3031373438353833383338333433363230332C2241445F58223A2D302E30303131313436363634363139343435382C2241445F59223A2D302E303031373533393139373537393032363232322C2241445F5A223A2D302E333233353830373431383832333234322C2254656D70447370223A302C22537461747573223A302C2243616C69625374617465223A312C22536967416D70496E76616C6964223A307D7D, 138 
05-22 07:16:23.720   544   544 D commservice260303: Push Message into SendPool fn=4128768
05-22 07:16:23.720   544  3080 D commservice260303: send Cmd To Port ++++5AA50034810100003EFF6A0F92477B22636F6D6D616E64223A7B226964223A22686561727462656174222C22737562223A22227D7D0AAA52
05-22 07:16:23.720   544   544 D commservice260303: ComProtocolLibSend2Cluster::send2ClusterRaw fn=4128768 , len=339
05-22 07:16:23.720   544   544 D commservice260303: sendCmdToPort :339!!!
05-22 07:16:23.720   544   544 D commservice260303: send Cmd To Port ++++5AA5014F8A0100003F006A0F92477B22636F6D6D616E64223A7B226964223A22696D755F737461747573222C22737562223A22227D2C22636F6E74656E74223A7B2254696D655374616D70223A313737393430353338333731382C224672616D65436F756E746572223A31353738392C2247445F58223A2D302E3030393136313839383836363239353831352C2247445F59223A302E303038353531373634333031393535372C2247445F5A223A302E3031373438353833383338333433363230332C2241445F58223A2D302E30303131313436363634363139343435382C2241445F59223A2D302E303031373533393139373537393032363232322C2241445F5A223A2D302E333233353830373431383832333234322C2254656D70447370223A302C22537461747573223A302C2243616C69625374617465223A312C22536967416D70496E76616C6964223A307D7D2315
05-22 07:16:23.720   544  3080 D commservice260303: bufferevent_write retrun value = 0
05-22 07:16:23.721   544   544 D commservice260303: bufferevent_write retrun value = 0
05-22 07:16:23.721   544   567 D commservice260303: client datas send succeed,send finish
05-22 07:16:23.721  2981  3178 D Sentinelmode_1.2.5.13_alpha: <SentryImuClusterFgeSender>imu_status sent to Linux, frame=15789, tsNs=668683, tsMs=1779405383718, intervalMs=43, ad=(-0.0011146665,-0.0017539198,-0.32358074), gd=(-0.009161899,0.008551764,0.017485838)
05-22 07:16:23.722   291  1491 D EvsDriver: Delivered 0xb400007b2f47ca30 as id 0
05-22 07:16:23.722  1137  1150 D evsmanagerd: /dev/video4 forwarded the buffer #0 to 0xb4000071fa019690 from 0xb4000071fa01b7d0
05-22 07:16:23.722   291  1135 D EvsDriver: doneWithFrame
05-22 07:16:23.724   544   567 D commservice260303: recv len:91, 5AA500570100000003D96A0F92477B22636F6D6D616E64223A7B226964223A22686561727462656174222C22737562223A22227D2C22726573706F6E65223A7B22636F6465223A302C226D657373616765223A226F6B227D7D324E from server
05-22 07:16:23.724   544  3079 D commservice260303: mcuDataAnalyzeHandle templen:91,len:91,pos:0, 5AA500570100000003D96A0F92477B22636F6D6D616E64223A7B226964223A22686561727462656174222C22737562223A22227D2C22726573706F6E65223A7B22636F6465223A302C226D657373616765223A226F6B227D7D324E 
05-22 07:16:23.724   544  3079 I commservice260303: checksumCal = 12878
05-22 07:16:23.724   544  3079 D commservice260303: Protocol_C2I_Commservice::dataproc {"command":{"id":"heartbeat","sub":""},"respone":{"code":0,"message":"ok"}},1
05-22 07:16:23.724   544  3079 D commservice260303: Protocol_C2I_Commservice::dataproc Receive a heartbeat command from Cluster, setTcpHeartbeat = EID_UID_HEARTBEAT
05-22 07:16:23.727 11323 11374 D ANWAPI  : (11323|0xD12C8CB0)[BTAPI] BT Addres is NULL , checking which array is connected
05-22 07:16:23.727 11323 11374 D ANWAPI  : 
05-22 07:16:23.727 11323 11374 D ANWAPI  : (11323|0xD12C8CB0)[BTAPI] SPPMIN(0)SPPMAX(0)
05-22 07:16:23.727 11323 11374 D ANWAPI  : 
05-22 07:16:23.727 11323 11374 D ANWAPI  : (11323|0xD12C8CB0)[BTAPI] In Three Step Get Device ID(0)
05-22 07:16:23.727 11323 11374 D ANWAPI  : 
05-22 07:16:23.727 11323 11374 D ANWAPI  : (11323|0xD12C8CB0)[BTAPI] AVRCP_Connected ID(0), state(4)
05-22 07:16:23.727 11323 11374 D ANWAPI  : 
05-22 07:16:23.727 11323 11374 D ANWAPI  : (11323|0xD12C8CB0)[BTAPI] in Get_ID3, Get Device ID(0)
05-22 07:16:23.727 11323 11374 D ANWAPI  : 
05-22 07:16:23.727 11323 11374 D ANWAPI  : (11323|0xD12C8CB0)[BTAPI] AVRCP_Auto_Get_ID3
05-22 07:16:23.727 11323 11374 D ANWAPI  : 
05-22 07:16:23.727 11323 11374 D ANWAPI  : (11323|0xD12C8CB0)[BTAPI] SDK >>>>AnWBT_AVRCP_GetSongDetail
05-22 07:16:23.727 11323 11374 D ANWAPI  : (11323|0xD12C8CB0)[BTAPI] SDK <<<<AnWBT_AVRCP_GetSongDetail 0
05-22 07:16:23.727   573   573 I SpiService: fgesysctrl_getGPIO_status success val=1
05-22 07:16:23.727 11323 11374 D ANWAPI  : (11323|0xD12C8CB0)[BTAPI] >>>>_anwbt_AVRCP_GetSongDetail
05-22 07:16:23.727 11323 11374 D ANWAPI  : (11323|0xD12C8CB0)[BTAPI] btsdk_avrcp_GetElementAttributes
05-22 07:16:23.727 11323 11374 D ANW_AVRCP: (11323|0xD12C8CB0)[AVRCP] API AVRCP_GetElementAttributes attMask=0x0
05-22 07:16:23.727 11323 11374 D ANWStack: [    668709][ANWBT] <<Avctp_Send_Message 0/1:
05-22 07:16:23.727 11323 11374 D ANWStack: 
05-22 07:16:23.727 11323 11374 D ANWStack: [    668709][ANWBT] L2CAP: L2_RetrieveHandle called, cid=0x82
05-22 07:16:23.727 11323 11374 D ANWStack: 
05-22 07:16:23.727 11323 11374 D ANWAPI  : (11323|0xD12C8CB0)[BTAPI] ===BTAPI_MallocIdxMsg 1029 980
05-22 07:16:23.727 11323 11374 D ANWAPI  : (11323|0xD12C8CB0)[BTAPI] <<<<_anwbt_AVRCP_GetSongDetail 0
05-22 07:16:23.729   824   824 D SurfaceFlinger: unisoc-graphics, commit has frameMissed:2, vysncId:343066
05-22 06:34:57.470   573   573 D spi_rst_gpio_get_output: GPIO 145 value: 1
05-22 06:34:57.470   573   573 D spidev_ioctl: gpio status=1)
05-22 07:16:23.731  2981  3177 I SentryImuMcuAngleSender: 179.93098rollDeg
05-22 07:16:23.731  2981  3177 I SentryImuMcuAngleSender: 1,0,0
05-22 07:16:23.732   573   573 I SpiService: fgesysctrl_getGPIO_status success val=1
05-22 06:34:57.476   573   573 D spi_rst_gpio_get_output: GPIO 145 value: 1
05-22 06:34:57.476   573   573 D spidev_ioctl: gpio status=1)
05-22 07:16:23.737   565   565 I Sensors : 230 AccelSensor: x:-0.109800,y:0.009760,z:-10.129050
05-22 07:16:23.738   964  1804 D [OMXB]  : usingANWBuffer: handle:0xebd428a0, format:1, w:1920, h:1080
05-22 07:16:23.738   573   573 I SpiService: fgesysctrl_getGPIO_status success val=1
05-22 06:34:57.481   573   573 D spi_rst_gpio_get_output: GPIO 145 value: 1
05-22 06:34:57.481   573   573 D spidev_ioctl: gpio status=1)
05-22 07:16:23.744   573   573 I SpiService: fgesysctrl_getGPIO_status success val=1
05-22 06:34:57.487   573   573 D spi_rst_gpio_get_output: GPIO 145 value: 1
05-22 06:34:57.487   573   573 D spidev_ioctl: gpio status=1)
05-22 07:16:23.746   291  1491 D EvsDriver: forwardFrame
05-22 07:16:23.746   824   824 D SurfaceFlinger: unisoc-graphics, commit has frameMissed:2, vysncId:343074
05-22 07:16:23.747   291  1491 D EvsDriver: Delivered 0xb400007b2f47ca30 as id 0
05-22 07:16:23.747  1137  1150 D evsmanagerd: /dev/video4 forwarded the buffer #0 to 0xb4000071fa019690 from 0xb4000071fa01b7d0
05-22 07:16:23.748   276   300 I rvcservice: t.code = 7, t.value = 668593
05-22 06:34:57.493   573   573 D spi_rst_gpio_get_output: GPIO 145 value: 0
05-22 06:34:57.493   573   573 D spidev_ioctl: gpio status=0)
05-22 07:16:23.749 11323 11374 D ANWAPI  : (11323|0xD12C8CB0)[BTAPI] AnwhciEventCallback 19 1
05-22 07:16:23.749   573   573 I SpiService: fgesysctrl_getGPIO_status success val=0
05-22 07:16:23.750   291  1135 D EvsDriver: doneWithFrame
05-22 07:16:23.753  2981  3177 I SentryImuMcuAngleSender: 179.9448rollDeg
05-22 07:16:23.754  2981  3177 I SentryImuMcuAngleSender: 1,0,0
05-22 07:16:23.759   544   544 D commservice260303: msg.id = 1028,0
05-22 07:16:23.759   544   544 D commservice260303: i = 170, msgid = 8A000404
05-22 07:16:23.759   544   544 D commservice260303: msgid = -1979710460,did=138
05-22 07:16:23.759   544   544 D commservice260303: CommProtocolLibCmdBaseI2C::dataproc {"command":{"id":"imu_status","sub":""},"content":{"TimeStamp":1779405383758,"FrameCounter":15790,"GD_X":-0.008781149983406067,"GD_Y":0.007405876647680998,"GD_Z":0.01756177842617035,"AD_X":-0.003553912043571472,"AD_Y":-0.004186561331152916,"AD_Z":-0.3254117965698242,"TempDsp":0,"Status":0,"CalibState":1,"SigAmpInvalid":0}},-1979710460
05-22 07:16:23.759   544   544 D commservice260303: send2Cluster len:324, 7B22636F6D6D616E64223A7B226964223A22696D755F737461747573222C22737562223A22227D2C22636F6E74656E74223A7B2254696D655374616D70223A313737393430353338333735382C224672616D65436F756E746572223A31353739302C2247445F58223A2D302E3030383738313134393938333430363036372C2247445F59223A302E3030373430353837363634373638303939382C2247445F5A223A302E30313735363137373834323631373033352C2241445F58223A2D302E3030333535333931323034333537313437322C2241445F59223A2D302E3030343138363536313333313135323931362C2241445F5A223A2D302E333235343131373936353639383234322C2254656D70447370223A302C22537461747573223A302C2243616C69625374617465223A312C22536967416D70496E76616C6964223A307D7D, 138 
05-22 07:16:23.759   544   544 D commservice260303: Push Message into SendPool fn=20905984
05-22 07:16:23.759   544   544 D commservice260303: ComProtocolLibSend2Cluster::send2ClusterRaw fn=20905984 , len=340
05-22 07:16:23.759   544   544 D commservice260303: sendCmdToPort :340!!!
05-22 07:16:23.759   544   544 D commservice260303: send Cmd To Port ++++5AA501508A0100003F016A0F92477B22636F6D6D616E64223A7B226964223A22696D755F737461747573222C22737562223A22227D2C22636F6E74656E74223A7B2254696D655374616D70223A313737393430353338333735382C224672616D65436F756E746572223A31353739302C2247445F58223A2D302E3030383738313134393938333430363036372C2247445F59223A302E3030373430353837363634373638303939382C2247445F5A223A302E30313735363137373834323631373033352C2241445F58223A2D302E3030333535333931323034333537313437322C2241445F59223A2D302E3030343138363536313333313135323931362C2241445F5A223A2D302E333235343131373936353639383234322C2254656D70447370223A302C22537461747573223A302C2243616C69625374617465223A312C22536967416D70496E76616C6964223A307D7DD291
05-22 07:16:23.759   544   544 D commservice260303: bufferevent_write retrun value = 0
05-22 07:16:23.759   544   567 D commservice260303: client datas send succeed,send finish
05-22 07:16:23.759  2981  3178 D Sentinelmode_1.2.5.13_alpha: <SentryImuClusterFgeSender>imu_status sent to Linux, frame=15790, tsNs=668737, tsMs=1779405383758, intervalMs=38, ad=(-0.003553912,-0.0041865613,-0.3254118), gd=(-0.00878115,0.0074058766,0.017561778)
05-22 07:16:23.762   824   824 D SurfaceFlinger: unisoc-graphics, commit has frameMissed:2, vysncId:343075
05-22 07:16:23.764   573   573 I SpiService: fgesysctrl_getGPIO_status success val=1
05-22 06:34:57.507   573   573 D spi_rst_gpio_get_output: GPIO 145 value: 1
05-22 06:34:57.507   573   573 D spidev_ioctl: gpio status=1)
05-22 07:16:23.770   573   573 I SpiService: fgesysctrl_getGPIO_status success val=1
05-22 07:16:23.773   565   565 I Sensors : 230 GyroSensor: x:-0.009315,y:0.008093,z:0.017944
05-22 06:34:57.513   573   573 D spi_rst_gpio_get_output: GPIO 145 value: 1
05-22 06:34:57.513   573   573 D spidev_ioctl: gpio status=1)
05-22 07:16:23.774  2981  3177 I SentryImuMcuAngleSender: 179.93446rollDeg
05-22 07:16:23.774  2981  3177 I SentryImuMcuAngleSender: 1,0,0
05-22 07:16:23.774  1658  1658 D AIN-NaviLocationPresenter: ACC is OFF, skip upload location
05-22 07:16:23.775   573   573 I SpiService: fgesysctrl_getGPIO_status success val=1
05-22 07:16:23.777  3735  3735 D NSLogUtils_MainActivity: progress->55066
05-22 06:34:57.518   573   573 D spi_rst_gpio_get_output: GPIO 145 value: 1
05-22 06:34:57.518   573   573 D spidev_ioctl: gpio status=1)
05-22 07:16:23.781   573   573 I SpiService: fgesysctrl_getGPIO_status success val=1
05-22 06:34:57.524   573   573 D spi_rst_gpio_get_output: GPIO 145 value: 1
05-22 06:34:57.524   573   573 D spidev_ioctl: gpio status=1)
05-22 07:16:23.784   291  1491 D EvsDriver: forwardFrame
05-22 07:16:23.786   291  1491 D EvsDriver: Delivered 0xb400007b2f47ca30 as id 0
05-22 07:16:23.787   573   573 I SpiService: fgesysctrl_getGPIO_status success val=1
05-22 07:16:23.787  1137  1150 D evsmanagerd: /dev/video4 forwarded the buffer #0 to 0xb4000071fa019690 from 0xb4000071fa01b7d0
05-22 06:34:57.530   573   573 D spi_rst_gpio_get_output: GPIO 145 value: 1
05-22 06:34:57.530   573   573 D spidev_ioctl: gpio status=1)
05-22 07:16:23.790   291  1135 D EvsDriver: doneWithFrame
05-22 07:16:23.793   573   573 I SpiService: fgesysctrl_getGPIO_status success val=0
05-22 06:34:57.536   573   573 D spi_rst_gpio_get_output: GPIO 145 value: 0
05-22 06:34:57.536   573   573 D spidev_ioctl: gpio status=0)
05-22 07:16:23.796  2981  3177 I SentryImuMcuAngleSender: 179.9172rollDeg
05-22 07:16:23.796  2981  3177 I SentryImuMcuAngleSender: 1,0,0
05-22 07:16:23.800   544   544 D commservice260303: msg.id = 1028,0
05-22 07:16:23.800   544   544 D commservice260303: i = 170, msgid = 8A000404
05-22 07:16:23.800   544   544 D commservice260303: msgid = -1979710460,did=138
05-22 07:16:23.800   544   544 D commservice260303: CommProtocolLibCmdBaseI2C::dataproc {"command":{"id":"imu_status","sub":""},"content":{"TimeStamp":1779405383799,"FrameCounter":15791,"GD_X":-0.00985005497932434,"GD_Y":0.00794111005961895,"GD_Z":0.017867106944322586,"AD_X":-0.0035545900464057922,"AD_Y":6.934581324458122E-4,"AD_Z":-0.3247995376586914,"TempDsp":0,"Status":0,"CalibState":1,"SigAmpInvalid":0}},-1979710460
05-22 07:16:23.800   544   544 D commservice260303: send2Cluster len:323, 7B22636F6D6D616E64223A7B226964223A22696D755F737461747573222C22737562223A22227D2C22636F6E74656E74223A7B2254696D655374616D70223A313737393430353338333739392C224672616D65436F756E746572223A31353739312C2247445F58223A2D302E30303938353030353439373933323433342C2247445F59223A302E30303739343131313030353936313839352C2247445F5A223A302E3031373836373130363934343332323538362C2241445F58223A2D302E303033353534353930303436343035373932322C2241445F59223A362E393334353831333234343538313232452D342C2241445F5A223A2D302E333234373939353337363538363931342C2254656D70447370223A302C22537461747573223A302C2243616C69625374617465223A312C22536967416D70496E76616C6964223A307D7D, 138 
05-22 07:16:23.800   544   544 D commservice260303: Push Message into SendPool fn=37683200
05-22 07:16:23.800   544   544 D commservice260303: ComProtocolLibSend2Cluster::send2ClusterRaw fn=37683200 , len=339
05-22 07:16:23.801   544   544 D commservice260303: sendCmdToPort :339!!!
05-22 07:16:23.801   544   544 D commservice260303: send Cmd To Port ++++5AA5014F8A0100003F026A0F92477B22636F6D6D616E64223A7B226964223A22696D755F737461747573222C22737562223A22227D2C22636F6E74656E74223A7B2254696D655374616D70223A313737393430353338333739392C224672616D65436F756E746572223A31353739312C2247445F58223A2D302E30303938353030353439373933323433342C2247445F59223A302E30303739343131313030353936313839352C2247445F5A223A302E3031373836373130363934343332323538362C2241445F58223A2D302E303033353534353930303436343035373932322C2241445F59223A362E393334353831333234343538313232452D342C2241445F5A223A2D302E333234373939353337363538363931342C2254656D70447370223A302C22537461747573223A302C2243616C69625374617465223A312C22536967416D70496E76616C6964223A307D7D8BDC
05-22 07:16:23.801   544   544 D commservice260303: bufferevent_write retrun value = 0
05-22 07:16:23.802   544   567 D commservice260303: client datas send succeed,send finish
05-22 07:16:23.802  2981  3178 D Sentinelmode_1.2.5.13_alpha: <SentryImuClusterFgeSender>imu_status sent to Linux, frame=15791, tsNs=668774, tsMs=1779405383799, intervalMs=43, ad=(-0.00355459,6.9345813E-4,-0.32479954), gd=(-0.009850055,0.00794111,0.017867107)
05-22 07:16:23.807   573   573 I SpiService: fgesysctrl_getGPIO_status success val=1
05-22 06:34:57.551   573   573 D spi_rst_gpio_get_output: GPIO 145 value: 1
05-22 06:34:57.551   573   573 D spidev_ioctl: gpio status=1)
05-22 07:16:23.812   964  1804 D [OMXB]  : usingANWBuffer: handle:0xebd446e0, format:1, w:1920, h:1080
05-22 07:16:23.812   573   573 I SpiService: fgesysctrl_getGPIO_status success val=1
05-22 06:34:57.556   573   573 D spi_rst_gpio_get_output: GPIO 145 value: 1
05-22 06:34:57.556   573   573 D spidev_ioctl: gpio status=1)
05-22 07:16:23.817  2981  3177 I SentryImuMcuAngleSender: 179.90338rollDeg
05-22 07:16:23.817  2981  3177 I SentryImuMcuAngleSender: 1,0,0
05-22 07:16:23.818   573   573 I SpiService: fgesysctrl_getGPIO_status success val=1
05-22 07:16:23.821   291  1491 D EvsDriver: forwardFrame
05-22 06:34:57.561   573   573 D spi_rst_gpio_get_output: GPIO 145 value: 1
05-22 06:34:57.561   573   573 D spidev_ioctl: gpio status=1)
05-22 07:16:23.822   291  1491 D EvsDriver: Delivered 0xb400007b2f47ca30 as id 0
05-22 07:16:23.822  1137  1150 D evsmanagerd: /dev/video4 forwarded the buffer #0 to 0xb4000071fa019690 from 0xb4000071fa01b7d0
05-22 07:16:23.823   291  1135 D EvsDriver: doneWithFrame
05-22 07:16:23.824   573   573 I SpiService: fgesysctrl_getGPIO_status success val=1
05-22 06:34:57.567   573   573 D spi_rst_gpio_get_output: GPIO 145 value: 1
05-22 06:34:57.567   573   573 D spidev_ioctl: gpio status=1)
05-22 07:16:23.827 11323 11374 D ANW_AVRCP: (11323|0xD12C8CB0)[AVRCP] API getPlayStatusTimerHandler
05-22 07:16:23.827 11323 11374 D ANW_AVRCP: (11323|0xD12C8CB0)[AVRCP] API AVRCP_GetPlayStatus
05-22 07:16:23.827 11323 11374 D ANWStack: [    668809][ANWBT] <<Avctp_Send_Message 0/1:
05-22 07:16:23.827 11323 11374 D ANWStack: 
05-22 07:16:23.827 11323 11374 D ANWStack: [    668809][ANWBT] L2CAP: L2_RetrieveHandle called, cid=0x82
05-22 07:16:23.827 11323 11374 D ANWStack: 
05-22 07:16:23.829   573   573 I SpiService: fgesysctrl_getGPIO_status success val=1
05-22 06:34:57.572   573   573 D spi_rst_gpio_get_output: GPIO 145 value: 1
05-22 06:34:57.573   573   573 D spidev_ioctl: gpio status=1)
05-22 07:16:23.835   573   573 I SpiService: fgesysctrl_getGPIO_status success val=0
05-22 06:34:57.578   573   573 D spi_rst_gpio_get_output: GPIO 145 value: 0
05-22 06:34:57.578   573   573 D spidev_ioctl: gpio status=0)
05-22 07:16:23.838  2981  3177 I SentryImuMcuAngleSender: 179.91031rollDeg
05-22 07:16:23.838  2981  3177 I SentryImuMcuAngleSender: 1,0,0
05-22 07:16:23.839 11323 11374 D ANWAPI  : (11323|0xD12C8CB0)[BTAPI] AnwhciEventCallback 19 1
05-22 07:16:23.840   544   544 D commservice260303: msg.id = 1028,0
05-22 07:16:23.840   544   544 D commservice260303: i = 170, msgid = 8A000404
05-22 07:16:23.840   544   544 D commservice260303: msgid = -1979710460,did=138
05-22 07:16:23.840   544   544 D commservice260303: CommProtocolLibCmdBaseI2C::dataproc {"command":{"id":"imu_status","sub":""},"content":{"TimeStamp":1779405383839,"FrameCounter":15792,"GD_X":-0.009010015055537224,"GD_Y":0.007405876647680998,"GD_Z":0.01779116503894329,"AD_X":-0.0029457807540893555,"AD_Y":0.0019113728776574135,"AD_Z":-0.3247995376586914,"TempDsp":0,"Status":0,"CalibState":1,"SigAmpInvalid":0}},-1979710460
05-22 07:16:23.840   544   544 D commservice260303: send2Cluster len:325, 7B22636F6D6D616E64223A7B226964223A22696D755F737461747573222C22737562223A22227D2C22636F6E74656E74223A7B2254696D655374616D70223A313737393430353338333833392C224672616D65436F756E746572223A31353739322C2247445F58223A2D302E3030393031303031353035353533373232342C2247445F59223A302E3030373430353837363634373638303939382C2247445F5A223A302E30313737393131363530333839343332392C2241445F58223A2D302E303032393435373830373534303839333535352C2241445F59223A302E303031393131333732383737363537343133352C2241445F5A223A2D302E333234373939353337363538363931342C2254656D70447370223A302C22537461747573223A302C2243616C69625374617465223A312C22536967416D70496E76616C6964223A307D7D, 138 
05-22 07:16:23.840   544   544 D commservice260303: Push Message into SendPool fn=54460416
05-22 07:16:23.840   544   544 D commservice260303: ComProtocolLibSend2Cluster::send2ClusterRaw fn=54460416 , len=341
05-22 07:16:23.840   544   544 D commservice260303: sendCmdToPort :341!!!
05-22 07:16:23.840   544   544 D commservice260303: send Cmd To Port ++++5AA501518A0100003F036A0F92477B22636F6D6D616E64223A7B226964223A22696D755F737461747573222C22737562223A22227D2C22636F6E74656E74223A7B2254696D655374616D70223A313737393430353338333833392C224672616D65436F756E746572223A31353739322C2247445F58223A2D302E3030393031303031353035353533373232342C2247445F59223A302E3030373430353837363634373638303939382C2247445F5A223A302E30313737393131363530333839343332392C2241445F58223A2D302E303032393435373830373534303839333535352C2241445F59223A302E303031393131333732383737363537343133352C2241445F5A223A2D302E333234373939353337363538363931342C2254656D70447370223A302C22537461747573223A302C2243616C69625374617465223A312C22536967416D70496E76616C6964223A307D7D30DC
05-22 07:16:23.840   544   544 D commservice260303: bufferevent_write retrun value = 0
05-22 07:16:23.840   544   567 D commservice260303: client datas send succeed,send finish
05-22 07:16:23.840  2981  3178 D Sentinelmode_1.2.5.13_alpha: <SentryImuClusterFgeSender>imu_status sent to Linux, frame=15792, tsNs=668808, tsMs=1779405383839, intervalMs=38, ad=(-0.0029457808,0.0019113729,-0.32479954), gd=(-0.009010015,0.0074058766,0.017791165)
05-22 07:16:23.846 11323 11374 D ANWStack: [    668828][ANWBT] >>Avctp_L2cap_Data_Ind_Cb
05-22 07:16:23.846 11323 11374 D ANWStack: 
05-22 07:16:23.846 11323 11374 D ANWStack: [    668828][ANWBT] AVCTP Message Length = 147
05-22 07:16:23.846 11323 11374 D ANWStack: [    668828][ANWBT] Receive AVCTP_SINGLE_PACKET
05-22 07:16:23.846 11323 11374 D ANW_AVRCP: (11323|0xD12C8CB0)[AVRCP] [**AVRCP**] 0x02 0x110e
05-22 07:16:23.846 11323 11374 D ANW_AVRCP: (11323|0xD12C8CB0)[AVRCP] opcode match 0x0
05-22 07:16:23.846 11323 11374 D ANW_AVRCP: 
05-22 07:16:23.846 11323 11374 D ANW_AVRCP: (11323|0xD12C8CB0)[AVRCP] subopcode match 0x20, update ctype 0x1->0xc
