05-22 07:16:17.533  2981  3177 I SentryImuMcuAngleSender: 179.9241rollDeg
05-22 07:16:17.534  2981  3177 I SentryImuMcuAngleSender: 1,0,0
05-22 07:16:17.535   573   573 I SpiService: fgesysctrl_getGPIO_status success val=1
05-22 07:16:17.541   573   573 I SpiService: fgesysctrl_getGPIO_status success val=1
05-22 07:16:17.541  3940  4012 D CheckUpgradeSession: start checkUpgrade count = 2
05-22 06:34:51.284   573   573 D spi_rst_gpio_get_output: GPIO 145 value: 1
05-22 06:34:51.284   573   573 D spidev_ioctl: gpio status=1)
05-22 07:16:17.543   824   824 D SurfaceFlinger: unisoc-graphics, commit has frameMissed:2, vysncId:340674
05-22 07:16:17.543   947 13312 D resolv  : GetAddrInfoHandler::run: {0 262144 0 983040 10081 0}
05-22 07:16:17.543   947 13312 D resolv  : resolv_getaddrinfo: explore_fqdn(): ai_family=0 ai_socktype=1 ai_protocol=6
05-22 07:16:17.544  3940 13310 I MMKV    : <MMKV_IO.cpp:318::checkLoadData> [mmkv_taa_dns_host_cache] oldSeq 1332, newSeq 1333
05-22 07:16:17.544  3940 13310 I MMKV    : <MMKV.cpp:308::clearMemoryCache> clearMemoryCache [mmkv_taa_dns_host_cache]
05-22 07:16:17.544  3940 13310 I MMKV    : <MemoryFile.cpp:104::close> closing fd[0x65], /data/user/0/com.tencent.wecarnavi/files/mmkv/mmkv_taa_dns_host_cache
05-22 07:16:17.544  3940 13310 I MMKV    : <MMKV_IO.cpp:214::loadMetaInfoAndCheck> meta file [mmkv_taa_dns_host_cache] has flag [0]
05-22 07:16:17.544  3940 13310 I MMKV    : <MemoryFile.cpp:98::open> open fd[0x65], /data/user/0/com.tencent.wecarnavi/files/mmkv/mmkv_taa_dns_host_cache
05-22 07:16:17.544  3940 13310 I MMKV    : <MemoryFile.cpp:203::mmap> mmap to address [0x7b19a41000], oldPtr [0x0], [/data/user/0/com.tencent.wecarnavi/files/mmkv/mmkv_taa_dns_host_cache]
05-22 07:16:17.544  3940 13310 I MMKV    : <MMKV_IO.cpp:84::loadFromFile> loading [mmkv_taa_dns_host_cache] with 1372 actual size, file size 4096, InterProcess 1, meta info version:4
05-22 07:16:17.544  3940 13310 I MMKV    : <MMKV_IO.cpp:89::loadFromFile> loading [mmkv_taa_dns_host_cache] with crc 454402480 sequence 1333 version 4
05-22 07:16:17.544  3940 13310 I MMKV    : <MMKV_IO.cpp:133::loadFromFile> loaded [mmkv_taa_dns_host_cache] with 1 key-values
05-22 07:16:17.545   947 13313 D resolv  : GetAddrInfoHandler::run: {0 262144 0 983040 10081 0}
05-22 07:16:17.545   947 13313 D resolv  : resolv_getaddrinfo: explore_fqdn(): ai_family=0 ai_socktype=1 ai_protocol=6
05-22 07:16:17.547   573   573 I SpiService: fgesysctrl_getGPIO_status success val=1
05-22 07:16:17.543 13307 13307 I auditd  : type=1400 audit(0.0:4140): avc: denied { getattr } for comm="chown" path="/mnt/log_data/AndroidLog/logcat/logcat_2026_05_22_07_12_15_772.txt" dev="vda93" ino=65542 scontext=u:r:toolbox:s0 tcontext=u:object_r:log_data_file:s0 tclass=file permissive=1
05-22 07:16:17.549  3940 13314 E CheckUpgradeSession: onCheckFlavorConfigUpgradeError = Unable to resolve host "gw.tai.qq.com": No address associated with hostname
05-22 07:16:17.549  3940 13315 E CheckUpgradeSession: onCheckChannelConfigUpgradeError = Unable to resolve host "gw.tai.qq.com": No address associated with hostname
05-22 06:34:51.290   573   573 D spi_rst_gpio_get_output: GPIO 145 value: 1
05-22 06:34:51.290   573   573 D spidev_ioctl: gpio status=1)
05-22 07:16:17.543 13307 13307 I chown   : type=1400 audit(0.0:4140): avc: denied { getattr } for path="/mnt/log_data/AndroidLog/logcat/logcat_2026_05_22_07_12_15_772.txt" dev="vda93" ino=65542 scontext=u:r:toolbox:s0 tcontext=u:object_r:log_data_file:s0 tclass=file permissive=1
05-22 07:16:17.543 13307 13307 I auditd  : type=1400 audit(0.0:4141): avc: denied { setattr } for comm="chown" name="logcat_2026_05_22_07_12_15_772.txt" dev="vda93" ino=65542 scontext=u:r:toolbox:s0 tcontext=u:object_r:log_data_file:s0 tclass=file permissive=1
05-22 07:16:17.543 13307 13307 I chown   : type=1400 audit(0.0:4141): avc: denied { setattr } for name="logcat_2026_05_22_07_12_15_772.txt" dev="vda93" ino=65542 scontext=u:r:toolbox:s0 tcontext=u:object_r:log_data_file:s0 tclass=file permissive=1
05-22 06:34:51.296   573   573 D spi_rst_gpio_get_output: GPIO 145 value: 0
05-22 06:34:51.296   573   573 D spidev_ioctl: gpio status=0)
05-22 07:16:17.550   291  1491 D EvsDriver: forwardFrame
05-22 07:16:17.550   544   544 D commservice260303: msg.id = 1028,0
05-22 07:16:17.550   544   544 D commservice260303: i = 170, msgid = 8A000404
05-22 07:16:17.550   544   544 D commservice260303: msgid = -1979710460,did=138
05-22 07:16:17.550   544   544 D commservice260303: CommProtocolLibCmdBaseI2C::dataproc {"command":{"id":"imu_status","sub":""},"content":{"TimeStamp":1779405377549,"FrameCounter":15637,"GD_X":-0.009161898866295815,"GD_Y":0.007024087477475405,"GD_Z":0.017944088205695152,"AD_X":-9.739100933074951E-4,"AD_Y":9.131040424108505E-4,"AD_Z":-0.3254117965698242,"TempDsp":0,"Status":0,"CalibState":1,"SigAmpInvalid":0}},-1979710460
05-22 07:16:17.551   544   544 D commservice260303: send2Cluster len:324, 7B22636F6D6D616E64223A7B226964223A22696D755F737461747573222C22737562223A22227D2C22636F6E74656E74223A7B2254696D655374616D70223A313737393430353337373534392C224672616D65436F756E746572223A31353633372C2247445F58223A2D302E3030393136313839383836363239353831352C2247445F59223A302E3030373032343038373437373437353430352C2247445F5A223A302E3031373934343038383230353639353135322C2241445F58223A2D392E373339313030393333303734393531452D342C2241445F59223A392E313331303430343234313038353035452D342C2241445F5A223A2D302E333235343131373936353639383234322C2254656D70447370223A302C22537461747573223A302C2243616C69625374617465223A312C22536967416D70496E76616C6964223A307D7D, 138 
05-22 07:16:17.551   291  1491 D EvsDriver: Delivered 0xb400007b2f47ca30 as id 0
05-22 07:16:17.551   544   544 D commservice260303: Push Message into SendPool fn=1681784832
05-22 07:16:17.551  1137  1150 D evsmanagerd: /dev/video4 forwarded the buffer #0 to 0xb4000071fa019690 from 0xb4000071fa01b7d0
05-22 07:16:17.551   544   544 D commservice260303: ComProtocolLibSend2Cluster::send2ClusterRaw fn=1681784832 , len=340
05-22 07:16:17.551   544   544 D commservice260303: sendCmdToPort :340!!!
05-22 07:16:17.551   544   544 D commservice260303: send Cmd To Port ++++5AA501508A0100003E646A0F92417B22636F6D6D616E64223A7B226964223A22696D755F737461747573222C22737562223A22227D2C22636F6E74656E74223A7B2254696D655374616D70223A313737393430353337373534392C224672616D65436F756E746572223A31353633372C2247445F58223A2D302E3030393136313839383836363239353831352C2247445F59223A302E3030373032343038373437373437353430352C2247445F5A223A302E3031373934343038383230353639353135322C2241445F58223A2D392E373339313030393333303734393531452D342C2241445F59223A392E313331303430343234313038353035452D342C2241445F5A223A2D302E333235343131373936353639383234322C2254656D70447370223A302C22537461747573223A302C2243616C69625374617465223A312C22536967416D70496E76616C6964223A307D7DCAA5
05-22 07:16:17.551   544   544 D commservice260303: bufferevent_write retrun value = 0
05-22 07:16:17.551   544   567 D commservice260303: client datas send succeed,send finish
05-22 07:16:17.552   573   573 I SpiService: fgesysctrl_getGPIO_status success val=0
05-22 07:16:17.553  1026  1026 D MyAppLog: [2026-05-22 07:16:17.552 D tboxap gpsMcuDataAnalyze:471] [Gps] [gpsMcuDataAnalyze]:$GNRMC,231617.000,V,,,,,,,210526,120.0,E,N,V*43
05-22 07:16:17.553  1026  1026 D MyAppLog: 
05-22 07:16:17.553  1026  1026 D MyAppLog: [2026-05-22 07:16:17.552 D tboxap gpsMcuDataAnalyze:556] [Gps] stGps.stat:0, latitude:0 , longtitude:0,sped:0,direction:0
05-22 07:16:17.553  3940 13317 E CheckUpgradeSession: onCheckFlavorResUpgradeError = Unable to resolve host "gw.tai.qq.com": No address associated with hostname
05-22 07:16:17.555   291  1135 D EvsDriver: doneWithFrame
05-22 07:16:17.556  2981  3178 D Sentinelmode_1.2.5.13_alpha: <SentryImuClusterFgeSender>imu_status sent to Linux, frame=15637, tsNs=662529, tsMs=1779405377549, intervalMs=43, ad=(-9.739101E-4,9.1310404E-4,-0.3254118), gd=(-0.009161899,0.0070240875,0.017944088)
05-22 07:16:17.560   824   824 D SurfaceFlinger: unisoc-graphics, commit has frameMissed:2, vysncId:340689
05-22 07:16:17.562  2981  3177 I SentryImuMcuAngleSender: 179.91722rollDeg
05-22 07:16:17.562  2981  3177 I SentryImuMcuAngleSender: 1,0,0
05-22 07:16:17.567   573   573 I SpiService: fgesysctrl_getGPIO_status success val=1
05-22 07:16:17.569   486   580 I mcuc    : rev,n=1,6AA6810CFB000A8900C50104093012345646
05-22 07:16:17.569  1091  1116 I tboxmids_ap: [2026-05-22 07:16:17.569] [MCU RX] src=MCU dst=ZMQ len=10 type=BINARY data=00 08 C5 01 04 09 30 12 34 56 
05-22 07:16:17.569   344   361 D automotive.vehicle@2.0-adayo-datacomm-mcu: MCUDatacomm sendMessageFromVehicle prop: 0x89, areaId: 0x0, status: 0xc5, timestamp: 0x1
05-22 07:16:17.569   344   361 D automotive.vehicle@2.0-adayo-datacomm-mcu: MCUDatacomm 1sendMessageFromVehicle ---> type = 12 
05-22 07:16:17.573   573   573 I SpiService: fgesysctrl_getGPIO_status success val=1
05-22 07:16:17.574  3940 13319 E CheckUpgradeSession: onCheckFlavorResUpgradeError = Unable to resolve host "gw.tai.qq.com": No address associated with hostname
05-22 07:16:17.574  3940 13319 D CloudResManager: onUpgradeComplete success = false count = 3 mCloudResUpgradeListener = null
05-22 07:16:17.574  1026  1026 I MyAppLog: [2026-05-22 07:16:17.574 I tboxap mcuCommTboxmidsRecvCb:96] [Mcu] [mcuCommTboxmidsRecvCb] recv from tboxmids, size:10
05-22 07:16:17.575  1026  1026 I MyAppLog: [2026-05-22 07:16:17.574 I tboxap mcuCommTboxmidsRecvCb:97] [Mcu] [tboxmids -> tboxap]: :00 08 C5 01 04 09 30 12 34 56
05-22 07:16:17.575  1026  1026 W MyAppLog: [2026-05-22 07:16:17.574 W tboxap mcuYadiFrameParse:831] [Mcu] [mcuYadiFrameParse] cmd:0930(MCU_REMOTE_CTRL_RSP_IND) payload too short:5 < 8
05-22 07:16:17.575  1026  1026 W MyAppLog: [2026-05-22 07:16:17.574 W tboxap mcuPtlParseData:961] [Mcu] [mcuPtlParseData] invalid yadi frame, len:10
05-22 06:34:51.311   573   573 D spi_rst_gpio_get_output: GPIO 145 value: 1
05-22 06:34:51.311   573   573 D spidev_ioctl: gpio status=1)
05-22 06:34:51.317   573   573 D spi_rst_gpio_get_output: GPIO 145 value: 1
05-22 06:34:51.317   573   573 D spidev_ioctl: gpio status=1)
05-22 07:16:17.576   824   824 D SurfaceFlinger: unisoc-graphics, commit has frameMissed:2, vysncId:340690
05-22 07:16:17.579   573   573 I SpiService: fgesysctrl_getGPIO_status success val=1
05-22 06:34:51.322   573   573 D spi_rst_gpio_get_output: GPIO 145 value: 1
05-22 06:34:51.322   573   573 D spidev_ioctl: gpio status=1)
05-22 07:16:17.584   573   573 I SpiService: fgesysctrl_getGPIO_status success val=1
05-22 06:34:51.328   573   573 D spi_rst_gpio_get_output: GPIO 145 value: 1
05-22 06:34:51.328   573   573 D spidev_ioctl: gpio status=1)
05-22 07:16:17.586   291  1491 D EvsDriver: forwardFrame
05-22 07:16:17.588  1137  1150 D evsmanagerd: /dev/video4 forwarded the buffer #0 to 0xb4000071fa019690 from 0xb4000071fa01b7d0
05-22 07:16:17.588   291  1491 D EvsDriver: Delivered 0xb400007b2f47ca30 as id 0
05-22 07:16:17.590  2981  3177 I SentryImuMcuAngleSender: 179.9172rollDeg
05-22 07:16:17.590  2981  3177 I SentryImuMcuAngleSender: 1,0,0
05-22 07:16:17.590   573   573 I SpiService: fgesysctrl_getGPIO_status success val=1
05-22 07:16:17.590   291  1135 D EvsDriver: doneWithFrame
05-22 07:16:17.591   544   544 D commservice260303: msg.id = 1028,0
05-22 07:16:17.591   544   544 D commservice260303: i = 170, msgid = 8A000404
05-22 07:16:17.591   544   544 D commservice260303: msgid = -1979710460,did=138
05-22 07:16:17.591   544   544 D commservice260303: CommProtocolLibCmdBaseI2C::dataproc {"command":{"id":"imu_status","sub":""},"content":{"TimeStamp":1779405377590,"FrameCounter":15638,"GD_X":-0.00985005497932434,"GD_Y":0.007101069670170546,"GD_Z":0.017332913354039192,"AD_X":-9.762793779373169E-4,"AD_Y":0.0021322593092918396,"AD_Z":-0.3260211944580078,"TempDsp":0,"Status":0,"CalibState":1,"SigAmpInvalid":0}},-1979710460
05-22 07:16:17.591   544   544 D commservice260303: send2Cluster len:324, 7B22636F6D6D616E64223A7B226964223A22696D755F737461747573222C22737562223A22227D2C22636F6E74656E74223A7B2254696D655374616D70223A313737393430353337373539302C224672616D65436F756E746572223A31353633382C2247445F58223A2D302E30303938353030353439373933323433342C2247445F59223A302E3030373130313036393637303137303534362C2247445F5A223A302E3031373333323931333335343033393139322C2241445F58223A2D392E373632373933373739333733313639452D342C2241445F59223A302E303032313332323539333039323931383339362C2241445F5A223A2D302E333236303231313934343538303037382C2254656D70447370223A302C22537461747573223A302C2243616C69625374617465223A312C22536967416D70496E76616C6964223A307D7D, 138 
05-22 07:16:17.591   544   544 D commservice260303: Push Message into SendPool fn=1698562048
05-22 07:16:17.591   544   544 D commservice260303: ComProtocolLibSend2Cluster::send2ClusterRaw fn=1698562048 , len=340
05-22 07:16:17.591   544   544 D commservice260303: sendCmdToPort :340!!!
05-22 07:16:17.591   544   544 D commservice260303: send Cmd To Port ++++5AA501508A0100003E656A0F92417B22636F6D6D616E64223A7B226964223A22696D755F737461747573222C22737562223A22227D2C22636F6E74656E74223A7B2254696D655374616D70223A313737393430353337373539302C224672616D65436F756E746572223A31353633382C2247445F58223A2D302E30303938353030353439373933323433342C2247445F59223A302E3030373130313036393637303137303534362C2247445F5A223A302E3031373333323931333335343033393139322C2241445F58223A2D392E373632373933373739333733313639452D342C2241445F59223A302E303032313332323539333039323931383339362C2241445F5A223A2D302E333236303231313934343538303037382C2254656D70447370223A302C22537461747573223A302C2243616C69625374617465223A312C22536967416D70496E76616C6964223A307D7DFB4E
05-22 07:16:17.591   544   544 D commservice260303: bufferevent_write retrun value = 0
05-22 07:16:17.591   544   567 D commservice260303: client datas send succeed,send finish
05-22 07:16:17.592  2981  3178 D Sentinelmode_1.2.5.13_alpha: <SentryImuClusterFgeSender>imu_status sent to Linux, frame=15638, tsNs=662564, tsMs=1779405377590, intervalMs=36, ad=(-9.762794E-4,0.0021322593,-0.3260212), gd=(-0.009850055,0.0071010697,0.017332913)
05-22 06:34:51.333   573   573 D spi_rst_gpio_get_output: GPIO 145 value: 1
05-22 06:34:51.333   573   573 D spidev_ioctl: gpio status=1)
05-22 07:16:17.596   573   573 I SpiService: fgesysctrl_getGPIO_status success val=0
05-22 07:16:17.596   486   579 I mcuc    : send SPI:6AA6020CFB000289006C
05-22 06:34:51.339   573   573 D spi_rst_gpio_get_output: GPIO 145 value: 0
05-22 06:34:51.339   573   573 D spidev_ioctl: gpio status=0)
05-22 07:16:17.611  2981  3177 I SentryImuMcuAngleSender: 179.88963rollDeg
05-22 07:16:17.611  2981  3177 I SentryImuMcuAngleSender: 1,0,0
05-22 07:16:17.612   573   573 I SpiService: fgesysctrl_getGPIO_status success val=1
05-22 06:34:51.355   573   573 D spi_rst_gpio_get_output: GPIO 145 value: 1
05-22 06:34:51.355   573   573 D spidev_ioctl: gpio status=1)
05-22 07:16:17.614   291  1491 D EvsDriver: forwardFrame
05-22 07:16:17.617   291  1491 D EvsDriver: Delivered 0xb400007b2f47ca30 as id 0
05-22 07:16:17.618   573   573 I SpiService: fgesysctrl_getGPIO_status success val=1
05-22 07:16:17.618  1137  1150 D evsmanagerd: /dev/video4 forwarded the buffer #0 to 0xb4000071fa019690 from 0xb4000071fa01b7d0
05-22 07:16:17.619   565   565 I Sensors : 230 AccelSensor: x:-0.108580,y:0.017080,z:-10.134541
05-22 07:16:17.619   291  1135 D EvsDriver: doneWithFrame
05-22 06:34:51.361   573   573 D spi_rst_gpio_get_output: GPIO 145 value: 1
05-22 06:34:51.361   573   573 D spidev_ioctl: gpio status=1)
05-22 07:16:17.621   964  1804 D [OMXB]  : usingANWBuffer: handle:0xebd41980, format:1, w:1920, h:1080
05-22 07:16:17.624   573   573 I SpiService: fgesysctrl_getGPIO_status success val=1
05-22 06:34:51.367   573   573 D spi_rst_gpio_get_output: GPIO 145 value: 1
05-22 06:34:51.367   573   573 D spidev_ioctl: gpio status=1)
05-22 07:16:17.629   276   300 I rvcservice: t.code = 0, t.value = 0
05-22 07:16:17.630   573   573 I SpiService: fgesysctrl_getGPIO_status success val=1
05-22 07:16:17.631   544   544 D commservice260303: msg.id = 1028,0
05-22 07:16:17.631   544   544 D commservice260303: i = 170, msgid = 8A000404
05-22 07:16:17.631   544   544 D commservice260303: msgid = -1979710460,did=138
05-22 07:16:17.631   544   544 D commservice260303: CommProtocolLibCmdBaseI2C::dataproc {"command":{"id":"imu_status","sub":""},"content":{"TimeStamp":1779405377630,"FrameCounter":15639,"GD_X":-0.00985005497932434,"GD_Y":0.00671876035630703,"GD_Z":0.01756177842617035,"AD_X":-0.0034165754914283752,"AD_Y":0.0033476557582616806,"AD_Z":-0.3284597396850586,"TempDsp":0,"Status":0,"CalibState":1,"SigAmpInvalid":0}},-1979710460
05-22 07:16:17.631   544   544 D commservice260303: send2Cluster len:323, 7B22636F6D6D616E64223A7B226964223A22696D755F737461747573222C22737562223A22227D2C22636F6E74656E74223A7B2254696D655374616D70223A313737393430353337373633302C224672616D65436F756E746572223A31353633392C2247445F58223A2D302E30303938353030353439373933323433342C2247445F59223A302E30303637313837363033353633303730332C2247445F5A223A302E30313735363137373834323631373033352C2241445F58223A2D302E303033343136353735343931343238333735322C2241445F59223A302E303033333437363535373538323631363830362C2241445F5A223A2D302E333238343539373339363835303538362C2254656D70447370223A302C22537461747573223A302C2243616C69625374617465223A312C22536967416D70496E76616C6964223A307D7D, 138 
05-22 07:16:17.631   544   544 D commservice260303: Push Message into SendPool fn=1715339264
05-22 07:16:17.631   544   544 D commservice260303: ComProtocolLibSend2Cluster::send2ClusterRaw fn=1715339264 , len=339
05-22 07:16:17.631   544   544 D commservice260303: sendCmdToPort :339!!!
05-22 07:16:17.631   544   544 D commservice260303: send Cmd To Port ++++5AA5014F8A0100003E666A0F92417B22636F6D6D616E64223A7B226964223A22696D755F737461747573222C22737562223A22227D2C22636F6E74656E74223A7B2254696D655374616D70223A313737393430353337373633302C224672616D65436F756E746572223A31353633392C2247445F58223A2D302E30303938353030353439373933323433342C2247445F59223A302E30303637313837363033353633303730332C2247445F5A223A302E30313735363137373834323631373033352C2241445F58223A2D302E303033343136353735343931343238333735322C2241445F59223A302E303033333437363535373538323631363830362C2241445F5A223A2D302E333238343539373339363835303538362C2254656D70447370223A302C22537461747573223A302C2243616C69625374617465223A312C22536967416D70496E76616C6964223A307D7DBD3D
05-22 07:16:17.631   544   544 D commservice260303: bufferevent_write retrun value = 0
05-22 07:16:17.632   544   567 D commservice260303: client datas send succeed,send finish
05-22 07:16:17.632  2981  3177 I SentryImuMcuAngleSender: 179.90344rollDeg
05-22 07:16:17.632  2981  3177 I SentryImuMcuAngleSender: 1,0,0
05-22 07:16:17.633  2981  3178 D Sentinelmode_1.2.5.13_alpha: <SentryImuClusterFgeSender>imu_status sent to Linux, frame=15639, tsNs=662600, tsMs=1779405377630, intervalMs=40, ad=(-0.0034165755,0.0033476558,-0.32845974), gd=(-0.009850055,0.0067187604,0.017561778)
05-22 06:34:51.373   573   573 D spi_rst_gpio_get_output: GPIO 145 value: 1
05-22 06:34:51.373   573   573 D spidev_ioctl: gpio status=1)
05-22 07:16:17.635   573   573 I SpiService: fgesysctrl_getGPIO_status success val=0
05-22 06:34:51.379   573   573 D spi_rst_gpio_get_output: GPIO 145 value: 0
05-22 06:34:51.379   573   573 D spidev_ioctl: gpio status=0)
05-22 07:16:17.635 13323 13323 I auditd  : type=1400 audit(0.0:4142): avc: denied { write } for comm="touch" name="kernel_2026_05_22_07_12_15_772.txt" dev="vda93" ino=65543 scontext=u:r:toolbox:s0 tcontext=u:object_r:log_data_file:s0 tclass=file permissive=1
05-22 07:16:17.635 13323 13323 I touch   : type=1400 audit(0.0:4142): avc: denied { write } for name="kernel_2026_05_22_07_12_15_772.txt" dev="vda93" ino=65543 scontext=u:r:toolbox:s0 tcontext=u:object_r:log_data_file:s0 tclass=file permissive=1
05-22 07:16:17.650   291  1491 D EvsDriver: forwardFrame
05-22 07:16:17.651   573   573 I SpiService: fgesysctrl_getGPIO_status success val=1
05-22 07:16:17.652   291  1491 D EvsDriver: Delivered 0xb400007b2f47ca30 as id 0
05-22 07:16:17.652  1137  1150 D evsmanagerd: /dev/video4 forwarded the buffer #0 to 0xb4000071fa019690 from 0xb4000071fa01b7d0
05-22 07:16:17.653  2981  3177 I SentryImuMcuAngleSender: 179.92412rollDeg
05-22 07:16:17.653  2981  3177 I SentryImuMcuAngleSender: 1,0,0
05-22 06:34:51.394   573   573 D spi_rst_gpio_get_output: GPIO 145 value: 1
05-22 06:34:51.394   573   573 D spidev_ioctl: gpio status=1)
05-22 07:16:17.654   565   599 I Sensors : 230 GyroSensor: x:-0.009621,y:0.008552,z:0.017791
05-22 07:16:17.654   291  1135 D EvsDriver: doneWithFrame
05-22 07:16:17.656   573   573 I SpiService: fgesysctrl_getGPIO_status success val=1
05-22 06:34:51.400   573   573 D spi_rst_gpio_get_output: GPIO 145 value: 1
05-22 06:34:51.400   573   573 D spidev_ioctl: gpio status=1)
05-22 07:16:17.658  1026  1026 D MyAppLog: [2026-05-22 07:16:17.658 D tboxap tsp_WorkMachineProc:1086] [Tsp] [tsp_WorkMachineProc]TSP_WORK_LOGIN NOW !!!!
05-22 07:16:17.662   573   573 I SpiService: fgesysctrl_getGPIO_status success val=1
05-22 06:34:51.406   573   573 D spi_rst_gpio_get_output: GPIO 145 value: 1
05-22 06:34:51.406   573   573 D spidev_ioctl: gpio status=1)
05-22 07:16:17.668   573   573 I SpiService: fgesysctrl_getGPIO_status success val=1
05-22 07:16:17.670   544   544 D commservice260303: msg.id = 1028,0
05-22 07:16:17.671   544   544 D commservice260303: i = 170, msgid = 8A000404
05-22 07:16:17.671   544   544 D commservice260303: msgid = -1979710460,did=138
05-22 07:16:17.671   544   544 D commservice260303: CommProtocolLibCmdBaseI2C::dataproc {"command":{"id":"imu_status","sub":""},"content":{"TimeStamp":1779405377670,"FrameCounter":15640,"GD_X":-0.009621189907193184,"GD_Y":0.0085517643019557,"GD_Z":0.01779116503894329,"AD_X":-0.005854614078998566,"AD_Y":9.068883955478668E-4,"AD_Z":-0.3260211944580078,"TempDsp":0,"Status":0,"CalibState":1,"SigAmpInvalid":0}},-1979710460
05-22 06:34:51.412   573   573 D spi_rst_gpio_get_output: GPIO 145 value: 1
05-22 06:34:51.412   573   573 D spidev_ioctl: gpio status=1)
05-22 07:16:17.671   544   544 D commservice260303: send2Cluster len:321, 7B22636F6D6D616E64223A7B226964223A22696D755F737461747573222C22737562223A22227D2C22636F6E74656E74223A7B2254696D655374616D70223A313737393430353337373637302C224672616D65436F756E746572223A31353634302C2247445F58223A2D302E3030393632313138393930373139333138342C2247445F59223A302E303038353531373634333031393535372C2247445F5A223A302E30313737393131363530333839343332392C2241445F58223A2D302E3030353835343631343037383939383536362C2241445F59223A392E303638383833393535343738363638452D342C2241445F5A223A2D302E333236303231313934343538303037382C2254656D70447370223A302C22537461747573223A302C2243616C69625374617465223A312C22536967416D70496E76616C6964223A307D7D, 138 
05-22 07:16:17.671   544   544 D commservice260303: Push Message into SendPool fn=1732116480
05-22 07:16:17.671   544   544 D commservice260303: ComProtocolLibSend2Cluster::send2ClusterRaw fn=1732116480 , len=337
05-22 07:16:17.671   544   544 D commservice260303: sendCmdToPort :337!!!
05-22 07:16:17.671   544   544 D commservice260303: send Cmd To Port ++++5AA5014D8A0100003E676A0F92417B22636F6D6D616E64223A7B226964223A22696D755F737461747573222C22737562223A22227D2C22636F6E74656E74223A7B2254696D655374616D70223A313737393430353337373637302C224672616D65436F756E746572223A31353634302C2247445F58223A2D302E3030393632313138393930373139333138342C2247445F59223A302E303038353531373634333031393535372C2247445F5A223A302E30313737393131363530333839343332392C2241445F58223A2D302E3030353835343631343037383939383536362C2241445F59223A392E303638383833393535343738363638452D342C2241445F5A223A2D302E333236303231313934343538303037382C2254656D70447370223A302C22537461747573223A302C2243616C69625374617465223A312C22536967416D70496E76616C6964223A307D7D51FD
05-22 07:16:17.671   544   544 D commservice260303: bufferevent_write retrun value = 0
05-22 07:16:17.671   544   567 D commservice260303: client datas send succeed,send finish
05-22 07:16:17.671  2981  3178 D Sentinelmode_1.2.5.13_alpha: <SentryImuClusterFgeSender>imu_status sent to Linux, frame=15640, tsNs=662636, tsMs=1779405377670, intervalMs=39, ad=(-0.005854614,9.068884E-4,-0.3260212), gd=(-0.00962119,0.008551764,0.017791165)
05-22 07:16:17.673  2981  3177 I SentryImuMcuAngleSender: 179.91722rollDeg
05-22 07:16:17.673  2981  3177 I SentryImuMcuAngleSender: 1,0,0
05-22 07:16:17.674   573   573 I SpiService: fgesysctrl_getGPIO_status success val=0
05-22 06:34:51.418   573   573 D spi_rst_gpio_get_output: GPIO 145 value: 0
05-22 06:34:51.418   573   573 D spidev_ioctl: gpio status=0)
05-22 07:16:17.688   291  1491 D EvsDriver: forwardFrame
05-22 07:16:17.689   573   573 I SpiService: fgesysctrl_getGPIO_status success val=1
05-22 06:34:51.432   573   573 D spi_rst_gpio_get_output: GPIO 145 value: 1
05-22 06:34:51.432   573   573 D spidev_ioctl: gpio status=1)
05-22 07:16:17.690   291  1491 D EvsDriver: Delivered 0xb400007b2f47ca30 as id 0
05-22 07:16:17.690  1137  1150 D evsmanagerd: /dev/video4 forwarded the buffer #0 to 0xb4000071fa019690 from 0xb4000071fa01b7d0
05-22 07:16:17.693   291  1135 D EvsDriver: doneWithFrame
05-22 07:16:17.693  2981  3177 I SentryImuMcuAngleSender: 179.90344rollDeg
05-22 07:16:17.693  2981  3177 I SentryImuMcuAngleSender: 1,0,0
05-22 07:16:17.694   964  1804 D [OMXB]  : usingANWBuffer: handle:0xebd42f80, format:1, w:1920, h:1080
05-22 07:16:17.694   573   573 I SpiService: fgesysctrl_getGPIO_status success val=1
05-22 06:34:51.438   573   573 D spi_rst_gpio_get_output: GPIO 145 value: 1
05-22 06:34:51.438   573   573 D spidev_ioctl: gpio status=1)
05-22 07:16:17.700   573   573 I SpiService: fgesysctrl_getGPIO_status success val=1
05-22 06:34:51.443   573   573 D spi_rst_gpio_get_output: GPIO 145 value: 1
05-22 06:34:51.443   573   573 D spidev_ioctl: gpio status=1)
05-22 07:16:17.705   573   573 I SpiService: fgesysctrl_getGPIO_status success val=1
05-22 07:16:17.708  1517  1517 E sysUI_NavBarFragment: [main] - SysUIConfig.icCarServiceConnected：false
05-22 07:16:17.711   573   573 I SpiService: fgesysctrl_getGPIO_status success val=1
05-22 06:34:51.449   573   573 D spi_rst_gpio_get_output: GPIO 145 value: 1
05-22 06:34:51.449   573   573 D spidev_ioctl: gpio status=1)
05-22 06:34:51.455   573   573 D spi_rst_gpio_get_output: GPIO 145 value: 1
05-22 06:34:51.455   573   573 D spidev_ioctl: gpio status=1)
05-22 07:16:17.713  2981  3177 I SentryImuMcuAngleSender: 179.90689rollDeg
05-22 07:16:17.713  2981  3177 I SentryImuMcuAngleSender: 1,0,0
05-22 07:16:17.716   544   544 D commservice260303: msg.id = 1028,0
05-22 07:16:17.716   544   544 D commservice260303: i = 170, msgid = 8A000404
05-22 07:16:17.716   544   544 D commservice260303: msgid = -1979710460,did=138
05-22 07:16:17.716   544   544 D commservice260303: CommProtocolLibCmdBaseI2C::dataproc {"command":{"id":"imu_status","sub":""},"content":{"TimeStamp":1779405377711,"FrameCounter":15641,"GD_X":-0.009391804225742817,"GD_Y":0.007788185961544514,"GD_Z":0.017408855259418488,"AD_X":-0.002194836735725403,"AD_Y":0.003343525342643261,"AD_Z":-0.3284597396850586,"TempDsp":0,"Status":0,"CalibState":1,"SigAmpInvalid":0}},-1979710460
05-22 07:16:17.716   544   544 D commservice260303: send2Cluster len:324, 7B22636F6D6D616E64223A7B226964223A22696D755F737461747573222C22737562223A22227D2C22636F6E74656E74223A7B2254696D655374616D70223A313737393430353337373731312C224672616D65436F756E746572223A31353634312C2247445F58223A2D302E3030393339313830343232353734323831372C2247445F59223A302E3030373738383138353936313534343531342C2247445F5A223A302E3031373430383835353235393431383438382C2241445F58223A2D302E3030323139343833363733353732353430332C2241445F59223A302E3030333334333532353334323634333236312C2241445F5A223A2D302E333238343539373339363835303538362C2254656D70447370223A302C22537461747573223A302C2243616C69625374617465223A312C22536967416D70496E76616C6964223A307D7D, 138 
05-22 07:16:17.716   544   544 D commservice260303: Push Message into SendPool fn=1748893696
05-22 07:16:17.716   544   544 D commservice260303: ComProtocolLibSend2Cluster::send2ClusterRaw fn=1748893696 , len=340
05-22 07:16:17.716   544   544 D commservice260303: sendCmdToPort :340!!!
05-22 07:16:17.716   544   544 D commservice260303: send Cmd To Port ++++5AA501508A0100003E686A0F92417B22636F6D6D616E64223A7B226964223A22696D755F737461747573222C22737562223A22227D2C22636F6E74656E74223A7B2254696D655374616D70223A313737393430353337373731312C224672616D65436F756E746572223A31353634312C2247445F58223A2D302E3030393339313830343232353734323831372C2247445F59223A302E3030373738383138353936313534343531342C2247445F5A223A302E3031373430383835353235393431383438382C2241445F58223A2D302E3030323139343833363733353732353430332C2241445F59223A302E3030333334333532353334323634333236312C2241445F5A223A2D302E333238343539373339363835303538362C2254656D70447370223A302C22537461747573223A302C2243616C69625374617465223A312C22536967416D70496E76616C6964223A307D7D7C64
05-22 07:16:17.717   544   544 D commservice260303: bufferevent_write retrun value = 0
05-22 07:16:17.717   544   567 D commservice260303: client datas send succeed,send finish
05-22 07:16:17.717  2981  3178 D Sentinelmode_1.2.5.13_alpha: <SentryImuClusterFgeSender>imu_status sent to Linux, frame=15641, tsNs=662674, tsMs=1779405377711, intervalMs=46, ad=(-0.0021948367,0.0033435253,-0.32845974), gd=(-0.009391804,0.007788186,0.017408855)
05-22 07:16:17.717   573   573 I SpiService: fgesysctrl_getGPIO_status success val=0
05-22 06:34:51.461   573   573 D spi_rst_gpio_get_output: GPIO 145 value: 0
05-22 06:34:51.461   573   573 D spidev_ioctl: gpio status=0)
05-22 07:16:17.719   544  3080 D commservice260303: send heart beat package to Cluster
05-22 07:16:17.719   544  3080 D commservice260303: send2Cluster len:40, 7B22636F6D6D616E64223A7B226964223A22686561727462656174222C22737562223A22227D7D0A, 129 
05-22 07:16:17.719   544  3080 D commservice260303: Push Message into SendPool fn=1765670912
05-22 07:16:17.719   544  3080 D commservice260303: ComProtocolLibSend2Cluster::send2ClusterRaw fn=1765670912 , len=56
05-22 07:16:17.719   544  3080 D commservice260303: sendCmdToPort :56!!!
05-22 07:16:17.719   544  3080 D commservice260303: send Cmd To Port ++++5AA50034810100003E696A0F92417B22636F6D6D616E64223A7B226964223A22686561727462656174222C22737562223A22227D7D0A9F08
05-22 07:16:17.720   544  3080 D commservice260303: bufferevent_write retrun value = 0
05-22 07:16:17.720   544   567 D commservice260303: client datas send succeed,send finish
05-22 07:16:17.730   276   300 I rvcservice: t.code = 3, t.value = 0
05-22 07:16:17.730   544   567 D commservice260303: recv len:91, 5AA500570100000003D16A0F92417B22636F6D6D616E64223A7B226964223A22686561727462656174222C22737562223A22227D2C22726573706F6E65223A7B22636F6465223A302C226D657373616765223A226F6B227D7D8CFE from server
05-22 07:16:17.730   544  3079 D commservice260303: mcuDataAnalyzeHandle templen:91,len:91,pos:0, 5AA500570100000003D16A0F92417B22636F6D6D616E64223A7B226964223A22686561727462656174222C22737562223A22227D2C22726573706F6E65223A7B22636F6465223A302C226D657373616765223A226F6B227D7D8CFE 
05-22 07:16:17.730   544  3079 I commservice260303: checksumCal = 36094
05-22 07:16:17.730   544  3079 D commservice260303: Protocol_C2I_Commservice::dataproc {"command":{"id":"heartbeat","sub":""},"respone":{"code":0,"message":"ok"}},1
05-22 07:16:17.730   544  3079 D commservice260303: Protocol_C2I_Commservice::dataproc Receive a heartbeat command from Cluster, setTcpHeartbeat = EID_UID_HEARTBEAT
05-22 07:16:17.732   573   573 I SpiService: fgesysctrl_getGPIO_status success val=1
05-22 07:16:17.733   291  1491 D EvsDriver: forwardFrame
05-22 06:34:51.475   573   573 D spi_rst_gpio_get_output: GPIO 145 value: 1
05-22 06:34:51.475   573   573 D spidev_ioctl: gpio status=1)
05-22 07:16:17.734  2981  3177 I SentryImuMcuAngleSender: 179.90341rollDeg
05-22 07:16:17.734  2981  3177 I SentryImuMcuAngleSender: 1,0,0
05-22 07:16:17.736   291  1491 D EvsDriver: Delivered 0xb400007b2f47ca30 as id 0
05-22 07:16:17.737  1137  1150 D evsmanagerd: /dev/video4 forwarded the buffer #0 to 0xb4000071fa019690 from 0xb4000071fa01b7d0
05-22 07:16:17.737   573   573 I SpiService: fgesysctrl_getGPIO_status success val=1
05-22 07:16:17.738   291  1135 D EvsDriver: doneWithFrame
05-22 06:34:51.481   573   573 D spi_rst_gpio_get_output: GPIO 145 value: 1
05-22 06:34:51.481   573   573 D spidev_ioctl: gpio status=1)
05-22 07:16:17.743   573   573 I SpiService: fgesysctrl_getGPIO_status success val=1
05-22 07:16:17.744   964  1804 D [OMXB]  : usingANWBuffer: handle:0xebd42950, format:1, w:1920, h:1080
05-22 06:34:51.486   573   573 D spi_rst_gpio_get_output: GPIO 145 value: 1
05-22 06:34:51.486   573   573 D spidev_ioctl: gpio status=1)
05-22 07:16:17.749   573   573 I SpiService: fgesysctrl_getGPIO_status success val=1
05-22 06:34:51.492   573   573 D spi_rst_gpio_get_output: GPIO 145 value: 1
05-22 06:34:51.492   573   573 D spidev_ioctl: gpio status=1)
05-22 07:16:17.752   544   544 D commservice260303: msg.id = 1028,0
05-22 07:16:17.752   544   544 D commservice260303: i = 170, msgid = 8A000404
05-22 07:16:17.752   544   544 D commservice260303: msgid = -1979710460,did=138
05-22 07:16:17.752   544   544 D commservice260303: CommProtocolLibCmdBaseI2C::dataproc {"command":{"id":"imu_status","sub":""},"content":{"TimeStamp":1779405377751,"FrameCounter":15642,"GD_X":-0.008398840203881264,"GD_Y":0.007405876647680998,"GD_Z":0.017485838383436203,"AD_X":-9.790435433387756E-4,"AD_Y":0.0039484016597270966,"AD_Z":-0.3247995376586914,"TempDsp":0,"Status":0,"CalibState":1,"SigAmpInvalid":0}},-1979710460
05-22 07:16:17.752   544   544 D commservice260303: send2Cluster len:325, 7B22636F6D6D616E64223A7B226964223A22696D755F737461747573222C22737562223A22227D2C22636F6E74656E74223A7B2254696D655374616D70223A313737393430353337373735312C224672616D65436F756E746572223A31353634322C2247445F58223A2D302E3030383339383834303230333838313236342C2247445F59223A302E3030373430353837363634373638303939382C2247445F5A223A302E3031373438353833383338333433363230332C2241445F58223A2D392E373930343335343333333837373536452D342C2241445F59223A302E303033393438343031363539373237303936362C2241445F5A223A2D302E333234373939353337363538363931342C2254656D70447370223A302C22537461747573223A302C2243616C69625374617465223A312C22536967416D70496E76616C6964223A307D7D, 138 
05-22 07:16:17.752   544   544 D commservice260303: Push Message into SendPool fn=1782448128
05-22 07:16:17.752   544   544 D commservice260303: ComProtocolLibSend2Cluster::send2ClusterRaw fn=1782448128 , len=341
05-22 07:16:17.752   544   544 D commservice260303: sendCmdToPort :341!!!
05-22 07:16:17.753   544   544 D commservice260303: send Cmd To Port ++++5AA501518A0100003E6A6A0F92417B22636F6D6D616E64223A7B226964223A22696D755F737461747573222C22737562223A22227D2C22636F6E74656E74223A7B2254696D655374616D70223A313737393430353337373735312C224672616D65436F756E746572223A31353634322C2247445F58223A2D302E3030383339383834303230333838313236342C2247445F59223A302E3030373430353837363634373638303939382C2247445F5A223A302E3031373438353833383338333433363230332C2241445F58223A2D392E373930343335343333333837373536452D342C2241445F59223A302E303033393438343031363539373237303936362C2241445F5A223A2D302E333234373939353337363538363931342C2254656D70447370223A302C22537461747573223A302C2243616C69625374617465223A312C22536967416D70496E76616C6964223A307D7D9F48
05-22 07:16:17.753   544   544 D commservice260303: bufferevent_write retrun value = 0
05-22 07:16:17.753   544   567 D commservice260303: client datas send succeed,send finish
05-22 07:16:17.753  2981  3178 D Sentinelmode_1.2.5.13_alpha: <SentryImuClusterFgeSender>imu_status sent to Linux, frame=15642, tsNs=662726, tsMs=1779405377751, intervalMs=36, ad=(-9.790435E-4,0.0039484017,-0.32479954), gd=(-0.00839884,0.0074058766,0.017485838)
05-22 07:16:17.754  2981  3177 I SentryImuMcuAngleSender: 179.89995rollDeg
05-22 07:16:17.754  2981  3177 I SentryImuMcuAngleSender: 1,0,0
05-22 07:16:17.754   573   573 I SpiService: fgesysctrl_getGPIO_status success val=0
05-22 07:16:17.755   291  1491 D EvsDriver: forwardFrame
05-22 07:16:17.757  1091  1133 D tboxmids_ap: Frame Size: 12
05-22 07:16:17.757  1091  1133 D tboxmids_ap: Hex Data:
05-22 07:16:17.757  1091  1133 D tboxmids_ap: 09 
05-22 07:16:17.757  1091  1133 D tboxmids_ap: 01 
05-22 07:16:17.757  1091  1133 D tboxmids_ap: 00 
05-22 07:16:17.757  1091  1133 D tboxmids_ap: 08 
05-22 07:16:17.757  1091  1133 D tboxmids_ap: 53 
05-22 07:16:17.757  1091  1133 D tboxmids_ap: 04 
05-22 07:16:17.757  1091  1133 D tboxmids_ap: 01 
05-22 07:16:17.757  1091  1133 D tboxmids_ap: 09 
05-22 07:16:17.757  1091  1133 D tboxmids_ap: 81 
05-22 07:16:17.757  1091  1133 D tboxmids_ap: 02 
05-22 07:16:17.757  1091  1133 D tboxmids_ap: 01 
05-22 07:16:17.757  1091  1133 D tboxmids_ap: 01 
05-22 07:16:17.757  1091  1133 D tboxmids_ap: 
05-22 07:16:17.757  1091  1133 D tboxmids_ap: Hex Data end 
05-22 06:34:51.498   573   573 D spi_rst_gpio_get_output: GPIO 145 value: 0
05-22 06:34:51.498   573   573 D spidev_ioctl: gpio status=0)
05-22 07:16:17.758  1137  1150 D evsmanagerd: /dev/video4 forwarded the buffer #0 to 0xb4000071fa019690 from 0xb4000071fa01b7d0
05-22 07:16:17.758   291  1491 D EvsDriver: Delivered 0xb400007b2f47ca30 as id 0
05-22 07:16:17.760   486   581 I mcuc    : start timer OK = 1834 
05-22 07:16:17.760   291  1135 D EvsDriver: doneWithFrame
05-22 07:16:17.765  1026  1026 I MyAppLog: [2026-05-22 07:16:17.756 I tboxap mcuSendYadiTransfer:195] [Mcu] [mcuYadiSend]: :00 08 53 04 01 09 81 02 01 01
05-22 07:16:17.769   573   573 I SpiService: fgesysctrl_getGPIO_status success val=1
05-22 06:34:51.512   573   573 D spi_rst_gpio_get_output: GPIO 145 value: 1
05-22 06:34:51.512   573   573 D spidev_ioctl: gpio status=1)
05-22 07:16:17.770  1658  1658 D AIN-NaviLocationPresenter: ACC is OFF, skip upload location
05-22 07:16:17.774   573   573 I SpiService: fgesysctrl_getGPIO_status success val=1
05-22 07:16:17.774  2981  3177 I SentryImuMcuAngleSender: 179.90338rollDeg
05-22 07:16:17.774  2981  3177 I SentryImuMcuAngleSender: 1,0,0
05-22 06:34:51.517   573   573 D spi_rst_gpio_get_output: GPIO 145 value: 1
05-22 06:34:51.517   573   573 D spidev_ioctl: gpio status=1)
05-22 07:16:17.780   573   573 I SpiService: fgesysctrl_getGPIO_status success val=1
05-22 06:34:51.523   573   573 D spi_rst_gpio_get_output: GPIO 145 value: 1
05-22 06:34:51.523   573   573 D spidev_ioctl: gpio status=1)
05-22 07:16:17.782   291  1491 D EvsDriver: forwardFrame
05-22 07:16:17.784   291  1491 D EvsDriver: Delivered 0xb400007b2f47ca30 as id 0
05-22 07:16:17.784  1137  1150 D evsmanagerd: /dev/video4 forwarded the buffer #0 to 0xb4000071fa019690 from 0xb4000071fa01b7d0
05-22 07:16:17.786   573   573 I SpiService: fgesysctrl_getGPIO_status success val=1
05-22 07:16:17.786   291  1135 D EvsDriver: doneWithFrame
05-22 06:34:51.529   573   573 D spi_rst_gpio_get_output: GPIO 145 value: 1
05-22 06:34:51.529   573   573 D spidev_ioctl: gpio status=1)
05-22 07:16:17.791   573   573 I SpiService: fgesysctrl_getGPIO_status success val=1
05-22 07:16:17.792   544   544 D commservice260303: msg.id = 1028,0
05-22 07:16:17.787 13329 13329 I auditd  : type=1400 audit(0.0:4143): avc: denied { append } for comm="cat" path="/mnt/log_data/AndroidLog/kernel/kernel_2026_05_22_07_12_15_772.txt" dev="vda93" ino=65543 scontext=u:r:toolbox:s0 tcontext=u:object_r:log_data_file:s0 tclass=file permissive=1
05-22 07:16:17.792   544   544 D commservice260303: i = 170, msgid = 8A000404
05-22 07:16:17.792   544   544 D commservice260303: msgid = -1979710460,did=138
05-22 07:16:17.792   544   544 D commservice260303: CommProtocolLibCmdBaseI2C::dataproc {"command":{"id":"imu_status","sub":""},"content":{"TimeStamp":1779405377792,"FrameCounter":15643,"GD_X":-0.009621189907193184,"GD_Y":0.008092992939054966,"GD_Z":0.017867106944322586,"AD_X":-0.0022011026740074158,"AD_Y":0.0021148445084691048,"AD_Z":-0.3241920471191406,"TempDsp":0,"Status":0,"CalibState":1,"SigAmpInvalid":0}},-1979710460
05-22 07:16:17.792   544   544 D commservice260303: send2Cluster len:326, 7B22636F6D6D616E64223A7B226964223A22696D755F737461747573222C22737562223A22227D2C22636F6E74656E74223A7B2254696D655374616D70223A313737393430353337373739322C224672616D65436F756E746572223A31353634332C2247445F58223A2D302E3030393632313138393930373139333138342C2247445F59223A302E3030383039323939323933393035343936362C2247445F5A223A302E3031373836373130363934343332323538362C2241445F58223A2D302E303032323031313032363734303037343135382C2241445F59223A302E303032313134383434353038343639313034382C2241445F5A223A2D302E333234313932303437313139313430362C2254656D70447370223A302C22537461747573223A302C2243616C69625374617465223A312C22536967416D70496E76616C6964223A307D7D, 138 
05-22 07:16:17.792   544   544 D commservice260303: Push Message into SendPool fn=1799225344
05-22 07:16:17.792   544   544 D commservice260303: ComProtocolLibSend2Cluster::send2ClusterRaw fn=1799225344 , len=342
05-22 07:16:17.792   544   544 D commservice260303: sendCmdToPort :342!!!
05-22 07:16:17.793   544   544 D commservice260303: send Cmd To Port ++++5AA501528A0100003E6B6A0F92417B22636F6D6D616E64223A7B226964223A22696D755F737461747573222C22737562223A22227D2C22636F6E74656E74223A7B2254696D655374616D70223A313737393430353337373739322C224672616D65436F756E746572223A31353634332C2247445F58223A2D302E3030393632313138393930373139333138342C2247445F59223A302E3030383039323939323933393035343936362C2247445F5A223A302E3031373836373130363934343332323538362C2241445F58223A2D302E303032323031313032363734303037343135382C2241445F59223A302E303032313134383434353038343639313034382C2241445F5A223A2D302E333234313932303437313139313430362C2254656D70447370223A302C22537461747573223A302C2243616C69625374617465223A312C22536967416D70496E76616C6964223A307D7D9CEC
05-22 07:16:17.793   544   544 D commservice260303: bufferevent_write retrun value = 0
05-22 07:16:17.793   544   567 D commservice260303: client datas send succeed,send finish
05-22 07:16:17.787 13329 13329 I cat     : type=1400 audit(0.0:4143): avc: denied { append } for path="/mnt/log_data/AndroidLog/kernel/kernel_2026_05_22_07_12_15_772.txt" dev="vda93" ino=65543 scontext=u:r:toolbox:s0 tcontext=u:object_r:log_data_file:s0 tclass=file permissive=1
05-22 06:34:51.535   573   573 D spi_rst_gpio_get_output: GPIO 145 value: 1
05-22 06:34:51.535   573   573 D spidev_ioctl: gpio status=1)
05-22 07:16:17.795  2981  3177 I SentryImuMcuAngleSender: 1,0,0
05-22 07:16:17.797   573   573 I SpiService: fgesysctrl_getGPIO_status success val=0
05-22 06:34:51.540   573   573 D spi_rst_gpio_get_output: GPIO 145 value: 0
05-22 06:34:51.540   573   573 D spidev_ioctl: gpio status=0)
05-22 07:16:17.797   486   579 I mcuc    : send SPI:6AA601072A00F80901530401098102010100000000000000000000000000000000000000000000000000000000000000000000000000000000000000000000000000000000000000000000000000000000000000000000000000000000000000000000000000000000000000000000000000000000000000000000000000000000000000000000000000000000000000000000000000000000000000000000000000000000000000000000000000000000000000000000000000000000000000000000000000000000000000000000000000000000000000000000000000000000000000000000000000000000000000000000000000000000000000000000E6
05-22 07:16:17.799 13329 13329 I auditd  : type=1400 audit(0.0:4144): avc: denied { read } for comm="cat" name="kmsg" dev="proc" ino=4026532264 scontext=u:r:toolbox:s0 tcontext=u:object_r:proc_kmsg:s0 tclass=file permissive=1
05-22 07:16:17.799 13329 13329 I cat     : type=1400 audit(0.0:4144): avc: denied { read } for name="kmsg" dev="proc" ino=4026532264 scontext=u:r:toolbox:s0 tcontext=u:object_r:proc_kmsg:s0 tclass=file permissive=1
05-22 07:16:17.812 11323 11374 D ANW_AVRCP: (11323|0xD12C8CB0)[AVRCP] API getPlayStatusTimerHandler
05-22 07:16:17.812 11323 11374 D ANW_AVRCP: (11323|0xD12C8CB0)[AVRCP] API AVRCP_GetPlayStatus
05-22 07:16:17.812 11323 11374 D ANWStack: [    662794][ANWBT] <<Avctp_Send_Message 0/1:
05-22 07:16:17.812 11323 11374 D ANWStack: 
05-22 07:16:17.812 11323 11374 D ANWStack: [    662794][ANWBT] L2CAP: L2_RetrieveHandle called, cid=0x82
05-22 07:16:17.812 11323 11374 D ANWStack: 
05-22 07:16:17.814   573   573 I SpiService: fgesysctrl_getGPIO_status success val=1
05-22 07:16:17.815  2981  3177 I SentryImuMcuAngleSender: 179.8965rollDeg
05-22 07:16:17.816  2981  3177 I SentryImuMcuAngleSender: 1,0,0
05-22 07:16:17.816   565   565 I Sensors : 230 AccelSensor: x:-0.107360,y:0.020130,z:-10.130272
05-22 07:16:17.820   573   573 I SpiService: fgesysctrl_getGPIO_status success val=1
05-22 07:16:17.820  2981  2981 I Sentinelmode_1.2.5.13_alpha: <SentinelCarServiceManager>sensorType:291504647
05-22 07:16:17.825   573   573 I SpiService: fgesysctrl_getGPIO_status success val=1
05-22 07:16:17.830   276   300 I rvcservice: t.code = 4, t.value = 0
05-22 07:16:17.831   291  1491 D EvsDriver: forwardFrame
05-22 07:16:17.831   573   573 I SpiService: fgesysctrl_getGPIO_status success val=1
05-22 07:16:17.834   544   544 D commservice260303: msg.id = 1028,1
05-22 07:16:17.834   544   544 D commservice260303: i = 170, msgid = 8A000404
05-22 07:16:17.834   544   544 D commservice260303: msgid = -1979710460,did=138
05-22 07:16:17.834   544   544 D commservice260303: CommProtocolLibCmdBaseI2C::dataproc {"command":{"id":"imu_status","sub":""},"content":{"TimeStamp":1779405377833,"FrameCounter":15644,"GD_X":-0.007788185961544514,"GD_Y":0.007177011109888554,"GD_Z":0.01779116503894329,"AD_X":-0.0022026970982551575,"AD_Y":0.00637913029640913,"AD_Z":-0.3241920471191406,"TempDsp":0,"Status":0,"CalibState":1,"SigAmpInvalid":0}},-1979710460
05-22 07:16:17.834   291  1491 D EvsDriver: Delivered 0xb400007b2f47ca30 as id 0
05-22 07:16:17.835   544   544 D commservice260303: send2Cluster len:323, 7B22636F6D6D616E64223A7B226964223A22696D755F737461747573222C22737562223A22227D2C22636F6E74656E74223A7B2254696D655374616D70223A313737393430353337373833332C224672616D65436F756E746572223A31353634342C2247445F58223A2D302E3030373738383138353936313534343531342C2247445F59223A302E3030373137373031313130393838383535342C2247445F5A223A302E30313737393131363530333839343332392C2241445F58223A2D302E303032323032363937303938323535313537352C2241445F59223A302E30303633373931333032393634303931332C2241445F5A223A2D302E333234313932303437313139313430362C2254656D70447370223A302C22537461747573223A302C2243616C69625374617465223A312C22536967416D70496E76616C6964223A307D7D, 138 
05-22 07:16:17.835   544   544 D commservice260303: Push Message into SendPool fn=1816002560
05-22 07:16:17.835  1137  1150 D evsmanagerd: /dev/video4 forwarded the buffer #0 to 0xb4000071fa019690 from 0xb4000071fa01b7d0
05-22 07:16:17.835   544   544 D commservice260303: ComProtocolLibSend2Cluster::send2ClusterRaw fn=1816002560 , len=339
05-22 07:16:17.835   544   544 D commservice260303: sendCmdToPort :339!!!
05-22 07:16:17.835   544   544 D commservice260303: send Cmd To Port ++++5AA5014F8A0100003E6C6A0F92417B22636F6D6D616E64223A7B226964223A22696D755F737461747573222C22737562223A22227D2C22636F6E74656E74223A7B2254696D655374616D70223A313737393430353337373833332C224672616D65436F756E746572223A31353634342C2247445F58223A2D302E3030373738383138353936313534343531342C2247445F59223A302E3030373137373031313130393838383535342C2247445F5A223A302E30313737393131363530333839343332392C2241445F58223A2D302E303032323032363937303938323535313537352C2241445F59223A302E30303633373931333032393634303931332C2241445F5A223A2D302E333234313932303437313139313430362C2254656D70447370223A302C22537461747573223A302C2243616C69625374617465223A312C22536967416D70496E76616C6964223A307D7D5182
05-22 07:16:17.835   544   544 D commservice260303: bufferevent_write retrun value = 0
05-22 07:16:17.835   544   567 D commservice260303: client datas send succeed,send finish
05-22 07:16:17.835   291  1135 D EvsDriver: doneWithFrame
05-22 07:16:17.836  2981  3178 D Sentinelmode_1.2.5.13_alpha: <SentryImuClusterFgeSender>imu_status sent to Linux, frame=15644, tsNs=662798, tsMs=1779405377833, intervalMs=42, ad=(-0.002202697,0.0063791303,-0.32419205), gd=(-0.007788186,0.007177011,0.017791165)
05-22 07:16:17.836  2981  3177 I SentryImuMcuAngleSender: 179.8965rollDeg
05-22 07:16:17.836  2981  3177 I SentryImuMcuAngleSender: 1,0,0
05-22 07:16:17.837   573   573 I SpiService: fgesysctrl_getGPIO_status success val=0
05-22 07:16:17.847   291  1491 D EvsDriver: forwardFrame
05-22 07:16:17.848   486   580 I mcuc    : rev,n=1,6AA682072A0002090141
05-22 07:16:17.849   291  1491 D EvsDriver: Delivered 0xb400007b2f47ca30 as id 0
05-22 07:16:17.849  1137  1150 D evsmanagerd: /dev/video4 forwarded the buffer #0 to 0xb4000071fa019690 from 0xb4000071fa01b7d0
05-22 07:16:17.851   573   573 I SpiService: fgesysctrl_getGPIO_status success val=1
05-22 07:16:17.852   565   565 I Sensors : 230 GyroSensor: x:-0.009315,y:0.007406,z:0.018096
05-22 07:16:17.853   291  1135 D EvsDriver: doneWithFrame
05-22 07:16:17.854   964  1804 D [OMXB]  : usingANWBuffer: handle:0xebd42690, format:1, w:1920, h:1080
05-22 07:16:17.856  2981  3177 I SentryImuMcuAngleSender: 179.91031rollDeg
05-22 07:16:17.856  2981  3177 I SentryImuMcuAngleSender: 1,0,0
05-22 07:16:17.857   573   573 I SpiService: fgesysctrl_getGPIO_status success val=1
05-22 07:16:17.860  1026  1026 D MyAppLog: [2026-05-22 07:16:17.859 D tboxap tsp_WorkMachineProc:1086] [Tsp] [tsp_WorkMachineProc]TSP_WORK_LOGIN NOW !!!!
05-22 07:16:17.862   573   573 I SpiService: fgesysctrl_getGPIO_status success val=1
05-22 07:16:17.863 11323 11374 D ANWAPI  : (11323|0xD12C8CB0)[BTAPI] AnwhciEventCallback 19 1
05-22 07:16:17.867   573   573 I SpiService: fgesysctrl_getGPIO_status success val=1
05-22 07:16:17.872  3735  3735 D NSLogUtils_MainActivity: progress->49165
05-22 07:16:17.873   573   573 I SpiService: fgesysctrl_getGPIO_status success val=1
05-22 07:16:17.874   544   544 D commservice260303: msg.id = 1028,0
