05-22 07:16:21.812   737   737 D Telecom : Logging: END_SESSION (dur: 0 ms): TSI.gDDP@CNE
05-22 07:16:21.812   737   737 D NotificationService: 0|com.neusoft.btmusic|8001|null|1000: updating permissions
05-22 07:16:21.812  1517  1517 D NavBarFragment: onShow: AlertEntry:StatusBarNotification(pkg=com.neusoft.btmusic user=UserHandle{0} id=8001 tag=null key=0|com.neusoft.btmusic|8001|null|1000: Notification(channel=media_playback_channel shortcut=null contentView=null vibrate=null sound=null defaults=0x0 flags=0x6a color=0x00000000 category=transport groupKey=silent actions=3 vis=PUBLIC))
05-22 07:16:21.812   737   737 D NotificationService: 0|com.neusoft.btmusic|8001|null|1000: updating permissions
05-22 07:16:21.812   737   737 D NotificationService: 0|com.neusoft.btmusic|8001|null|1000: updating permissions
05-22 07:16:21.812  1517  1517 D NavBarFragment: bindMediaActions: action[0] title=Previous, intent=PendingIntent{8815: android.os.BinderProxy@beb4470}
05-22 07:16:21.812   737   737 D NotificationService: 0|com.neusoft.btmusic|8001|null|1000: updating permissions
05-22 07:16:21.812  1517  1517 D NavBarFragment: bindMediaActions: action[1] title=Pause, intent=PendingIntent{eee872a: android.os.BinderProxy@b332c26}
05-22 07:16:21.812  1517  1517 D NavBarFragment: bindMediaActions: action[2] title=Next, intent=PendingIntent{d3a891b: android.os.BinderProxy@d0c76b3}
05-22 07:16:21.812   737   737 D NotificationService: 0|com.neusoft.btmusic|8001|null|1000: updating permissions
05-22 07:16:21.812  1517  1517 D NavBarFragment: bindMediaActions: previous=0, playPause=1, next=2, key=0|com.neusoft.btmusic|8001|null|1000
05-22 07:16:21.812   737   737 D NotificationService: 0|com.neusoft.btmusic|8001|null|1000: updating permissions
05-22 07:16:21.812  1812  1812 I ExtAssistant: POSTED 0|com.neusoft.btmusic|8001|null|1000
05-22 07:16:21.812  1517  1517 D NavBarFragment: updateMediaInfo: title=狂沙漫卷 无畏无惧 历经磨铁血丹心, text=凌绝顶-梓渝, pkg=com.neusoft.btmusic
05-22 07:16:21.813   544   544 D commservice260303: msg.id = 1028,0
05-22 07:16:21.814   544   544 D commservice260303: i = 170, msgid = 8A000404
05-22 07:16:21.815   544   544 D commservice260303: msgid = -1979710460,did=138
05-22 07:16:21.815   544   544 D commservice260303: CommProtocolLibCmdBaseI2C::dataproc {"command":{"id":"imu_status","sub":""},"content":{"TimeStamp":1779405381813,"FrameCounter":15742,"GD_X":-0.009391804225742817,"GD_Y":0.007558800280094147,"GD_Z":0.017867106944322586,"AD_X":-0.003512747585773468,"AD_Y":0.0013407012447714806,"AD_Z":-0.3260211944580078,"TempDsp":0,"Status":0,"CalibState":1,"SigAmpInvalid":0}},-1979710460
05-22 07:16:21.815  1812  1812 I ExtAssistant: POSTED 0|com.neusoft.btmusic|8001|null|1000
05-22 07:16:21.815   544   544 D commservice260303: send2Cluster len:325, 7B22636F6D6D616E64223A7B226964223A22696D755F737461747573222C22737562223A22227D2C22636F6E74656E74223A7B2254696D655374616D70223A313737393430353338313831332C224672616D65436F756E746572223A31353734322C2247445F58223A2D302E3030393339313830343232353734323831372C2247445F59223A302E3030373535383830303238303039343134372C2247445F5A223A302E3031373836373130363934343332323538362C2241445F58223A2D302E3030333531323734373538353737333436382C2241445F59223A302E303031333430373031323434373731343830362C2241445F5A223A2D302E333236303231313934343538303037382C2254656D70447370223A302C22537461747573223A302C2243616C69625374617465223A312C22536967416D70496E76616C6964223A307D7D, 138 
05-22 07:16:21.815   544   544 D commservice260303: Push Message into SendPool fn=-801243136
05-22 07:16:21.816   544   544 D commservice260303: ComProtocolLibSend2Cluster::send2ClusterRaw fn=-801243136 , len=341
05-22 07:16:21.816   544   544 D commservice260303: sendCmdToPort :341!!!
05-22 07:16:21.816   544   544 D commservice260303: send Cmd To Port ++++5AA501518A0100003ED06A0F92457B22636F6D6D616E64223A7B226964223A22696D755F737461747573222C22737562223A22227D2C22636F6E74656E74223A7B2254696D655374616D70223A313737393430353338313831332C224672616D65436F756E746572223A31353734322C2247445F58223A2D302E3030393339313830343232353734323831372C2247445F59223A302E3030373535383830303238303039343134372C2247445F5A223A302E3031373836373130363934343332323538362C2241445F58223A2D302E3030333531323734373538353737333436382C2241445F59223A302E303031333430373031323434373731343830362C2241445F5A223A2D302E333236303231313934343538303037382C2254656D70447370223A302C22537461747573223A302C2243616C69625374617465223A312C22536967416D70496E76616C6964223A307D7D3E8E
05-22 07:16:21.816   544   544 D commservice260303: bufferevent_write retrun value = 0
05-22 07:16:21.816  1517  1517 D CarNotificationListener: onNotificationPosted: StatusBarNotification(pkg=com.neusoft.btmusic user=UserHandle{0} id=8001 tag=null key=0|com.neusoft.btmusic|8001|null|1000: Notification(channel=media_playback_channel shortcut=null contentView=null vibrate=null sound=null defaults=0x0 flags=0x6a color=0x00000000 category=transport groupKey=silent actions=3 vis=PUBLIC))
05-22 07:16:21.816  1517  1517 D CarNotificationListener: Is incoming notification a group summary?: false
05-22 07:16:21.816   544   567 D commservice260303: client datas send succeed,send finish
05-22 07:16:21.816  2981  3177 I SentryImuMcuAngleSender: 179.91377rollDeg
05-22 07:16:21.816  2981  3177 I SentryImuMcuAngleSender: 1,0,0
05-22 07:16:21.816  1517  1517 D NavBarFragment: onShow: AlertEntry:StatusBarNotification(pkg=com.neusoft.btmusic user=UserHandle{0} id=8001 tag=null key=0|com.neusoft.btmusic|8001|null|1000: Notification(channel=media_playback_channel shortcut=null contentView=null vibrate=null sound=null defaults=0x0 flags=0x6a color=0x00000000 category=transport groupKey=silent actions=3 vis=PUBLIC))
05-22 07:16:21.816  2981  3178 D Sentinelmode_1.2.5.13_alpha: <SentryImuClusterFgeSender>imu_status sent to Linux, frame=15742, tsNs=666781, tsMs=1779405381813, intervalMs=43, ad=(-0.0035127476,0.0013407012,-0.3260212), gd=(-0.009391804,0.0075588003,0.017867107)
05-22 07:16:21.817  1517  1517 D NavBarFragment: bindMediaActions: action[0] title=Previous, intent=PendingIntent{d94cab8: android.os.BinderProxy@beb4470}
05-22 07:16:21.817  1517  1517 D NavBarFragment: bindMediaActions: action[1] title=Pause, intent=PendingIntent{6e9091: android.os.BinderProxy@b332c26}
05-22 07:16:21.817  1517  1517 D NavBarFragment: bindMediaActions: action[2] title=Next, intent=PendingIntent{45ebf6: android.os.BinderProxy@d0c76b3}
05-22 07:16:21.817  1517  1517 D NavBarFragment: bindMediaActions: previous=0, playPause=1, next=2, key=0|com.neusoft.btmusic|8001|null|1000
05-22 07:16:21.817  1517  1517 D NavBarFragment: updateMediaInfo: title=狂沙漫卷 无畏无惧 历经磨铁血丹心, text=凌绝顶-梓渝, pkg=com.neusoft.btmusic
05-22 07:16:21.817   573   573 I SpiService: fgesysctrl_getGPIO_status success val=1
05-22 06:34:55.560   573   573 D spi_rst_gpio_get_output: GPIO 145 value: 1
05-22 06:34:55.561   573   573 D spidev_ioctl: gpio status=1)
05-22 07:16:21.818   737  1616 D PowerController.AppState: - updateNotification() E -
05-22 07:16:21.820   291  1491 D EvsDriver: forwardFrame
05-22 07:16:21.821   291  1491 D EvsDriver: Delivered 0xb400007b2f47ca30 as id 0
05-22 07:16:21.821  1137  1150 D evsmanagerd: /dev/video4 forwarded the buffer #0 to 0xb4000071fa019690 from 0xb4000071fa01b7d0
05-22 07:16:21.821 11323 11374 D ANWAPI  : (11323|0xD12C8CB0)[BTAPI] BT Addres is NULL , checking which array is connected
05-22 07:16:21.821 11323 11374 D ANWAPI  : 
05-22 07:16:21.821 11323 11374 D ANWAPI  : (11323|0xD12C8CB0)[BTAPI] SPPMIN(0)SPPMAX(0)
05-22 07:16:21.821 11323 11374 D ANWAPI  : 
05-22 07:16:21.821 11323 11374 D ANWAPI  : (11323|0xD12C8CB0)[BTAPI] In Three Step Get Device ID(0)
05-22 07:16:21.821 11323 11374 D ANWAPI  : 
05-22 07:16:21.821 11323 11374 D ANWAPI  : (11323|0xD12C8CB0)[BTAPI] AVRCP_Connected ID(0), state(4)
05-22 07:16:21.821 11323 11374 D ANWAPI  : 
05-22 07:16:21.821 11323 11374 D ANWAPI  : (11323|0xD12C8CB0)[BTAPI] in Get_ID3, Get Device ID(0)
05-22 07:16:21.821 11323 11374 D ANWAPI  : 
05-22 07:16:21.821 11323 11374 D ANWAPI  : (11323|0xD12C8CB0)[BTAPI] AVRCP_Auto_Get_ID3
05-22 07:16:21.821 11323 11374 D ANWAPI  : 
05-22 07:16:21.821 11323 11374 D ANWAPI  : (11323|0xD12C8CB0)[BTAPI] SDK >>>>AnWBT_AVRCP_GetSongDetail
05-22 07:16:21.821 11323 11374 D ANWAPI  : (11323|0xD12C8CB0)[BTAPI] SDK <<<<AnWBT_AVRCP_GetSongDetail 0
05-22 07:16:21.821 11323 11374 D ANWAPI  : (11323|0xD12C8CB0)[BTAPI] >>>>_anwbt_AVRCP_GetSongDetail
05-22 07:16:21.821 11323 11374 D ANWAPI  : (11323|0xD12C8CB0)[BTAPI] btsdk_avrcp_GetElementAttributes
05-22 07:16:21.822 11323 11374 D ANW_AVRCP: (11323|0xD12C8CB0)[AVRCP] API AVRCP_GetElementAttributes attMask=0x0
05-22 07:16:21.822 11323 11374 D ANWStack: [    666804][ANWBT] <<Avctp_Send_Message 0/1:
05-22 07:16:21.822 11323 11374 D ANWStack: 
05-22 07:16:21.822 11323 11374 D ANWStack: [    666804][ANWBT] L2CAP: L2_RetrieveHandle called, cid=0x82
05-22 07:16:21.822 11323 11374 D ANWStack: 
05-22 07:16:21.822 11323 11374 D ANWAPI  : (11323|0xD12C8CB0)[BTAPI] ===BTAPI_MallocIdxMsg 1029 980
05-22 07:16:21.822 11323 11374 D ANWAPI  : (11323|0xD12C8CB0)[BTAPI] <<<<_anwbt_AVRCP_GetSongDetail 0
05-22 07:16:21.822   291  1135 D EvsDriver: doneWithFrame
05-22 07:16:21.824   573   573 I SpiService: fgesysctrl_getGPIO_status success val=1
05-22 06:34:55.567   573   573 D spi_rst_gpio_get_output: GPIO 145 value: 1
05-22 06:34:55.567   573   573 D spidev_ioctl: gpio status=1)
05-22 07:16:21.829   573   573 I SpiService: fgesysctrl_getGPIO_status success val=1
05-22 06:34:55.573   573   573 D spi_rst_gpio_get_output: GPIO 145 value: 1
05-22 06:34:55.573   573   573 D spidev_ioctl: gpio status=1)
05-22 07:16:21.835   573   573 I SpiService: fgesysctrl_getGPIO_status success val=0
05-22 07:16:21.835   486   579 I mcuc    : send SPI:6AA6020D0D0002890059
05-22 07:16:21.836  2981  3177 I SentryImuMcuAngleSender: 179.9241rollDeg
05-22 07:16:21.836  2981  3177 I SentryImuMcuAngleSender: 1,0,0
05-22 06:34:55.579   573   573 D spi_rst_gpio_get_output: GPIO 145 value: 0
05-22 06:34:55.579   573   573 D spidev_ioctl: gpio status=0)
05-22 07:16:21.845   276   300 I rvcservice: t.code = 1, t.value = -107970
05-22 07:16:21.847   486   580 I mcuc    : rev,n=1,6AA6810D0E001489005C060003080101010101010101010103FF014D
05-22 07:16:21.847   344   361 D automotive.vehicle@2.0-adayo-datacomm-mcu: MCUDatacomm sendMessageFromVehicle prop: 0x89, areaId: 0x0, status: 0x5c, timestamp: 0x6
05-22 07:16:21.847   344   361 D automotive.vehicle@2.0-adayo-datacomm-mcu: MCUDatacomm 1sendMessageFromVehicle ---> type = 3 
05-22 07:16:21.847   344   361 D automotive.vehicle@2.0-adayo-func-bcm: sendMessageFromVehicle sendMessageFromVehicle
05-22 07:16:21.847   344   511 D automotive.vehicle@2.0-adayo-func-bcm: jjfan1 ______procotolSize :13
05-22 07:16:21.847   344   511 D automotive.vehicle@2.0-adayo-func-bcm: BCMFunc sendMessageFromVehicle_l dataType: 12,mByte=7,propid=0x21400056
05-22 07:16:21.847   344   511 D automotive.vehicle@2.0-adayo-func-bcm: BCMFunc sendMessageFromVehicle_l msgBuff[7]=0x1,start:0,len:8,temp:8,
05-22 07:16:21.847   344   511 D automotive.vehicle@2.0-adayo-func-bcm: BCMFunc sendMessageFromVehicle_l prop: 0x21400056 ,areaId: 0x0  SPLITE_BIT_DATA_INTEGER : 1
05-22 07:16:21.847   344   511 D automotive.vehicle@2.0-adayo-func-bcm: BCMFunc sendMessageFromVehicle_l id:557842518, area:0 not report! 
05-22 07:16:21.847   344   511 D automotive.vehicle@2.0-adayo-func-bcm: BCMFunc sendMessageFromVehicle_l dataType: 12,mByte=8,propid=0x21400057
05-22 07:16:21.847   344   511 D automotive.vehicle@2.0-adayo-func-bcm: BCMFunc sendMessageFromVehicle_l msgBuff[8]=0x1,start:0,len:8,temp:8,
05-22 07:16:21.847   344   511 D automotive.vehicle@2.0-adayo-func-bcm: BCMFunc sendMessageFromVehicle_l prop: 0x21400057 ,areaId: 0x0  SPLITE_BIT_DATA_INTEGER : 1
05-22 07:16:21.847   344   511 D automotive.vehicle@2.0-adayo-func-bcm: BCMFunc sendMessageFromVehicle_l id:557842519, area:0 not report! 
05-22 07:16:21.847   344   511 D automotive.vehicle@2.0-adayo-func-bcm: BCMFunc sendMessageFromVehicle_l dataType: 12,mByte=9,propid=0x21400058
05-22 07:16:21.847   344   511 D automotive.vehicle@2.0-adayo-func-bcm: BCMFunc sendMessageFromVehicle_l msgBuff[9]=0x1,start:0,len:8,temp:8,
05-22 07:16:21.847   344   511 D automotive.vehicle@2.0-adayo-func-bcm: BCMFunc sendMessageFromVehicle_l prop: 0x21400058 ,areaId: 0x0  SPLITE_BIT_DATA_INTEGER : 1
05-22 07:16:21.847   344   511 D automotive.vehicle@2.0-adayo-func-bcm: BCMFunc sendMessageFromVehicle_l id:557842520, area:0 not report! 
05-22 07:16:21.847   344   511 D automotive.vehicle@2.0-adayo-func-bcm: BCMFunc sendMessageFromVehicle_l dataType: 12,mByte=10,propid=0x21400059
05-22 07:16:21.847   344   511 D automotive.vehicle@2.0-adayo-func-bcm: BCMFunc sendMessageFromVehicle_l msgBuff[10]=0x1,start:0,len:8,temp:8,
05-22 07:16:21.848   344   511 D automotive.vehicle@2.0-adayo-func-bcm: BCMFunc sendMessageFromVehicle_l prop: 0x21400059 ,areaId: 0x0  SPLITE_BIT_DATA_INTEGER : 1
05-22 07:16:21.848   344   511 D automotive.vehicle@2.0-adayo-func-bcm: BCMFunc sendMessageFromVehicle_l id:557842521, area:0 not report! 
05-22 07:16:21.848   344   511 D automotive.vehicle@2.0-adayo-func-bcm: BCMFunc sendMessageFromVehicle_l dataType: 12,mByte=11,propid=0x2140005a
05-22 07:16:21.848   344   511 D automotive.vehicle@2.0-adayo-func-bcm: BCMFunc sendMessageFromVehicle_l msgBuff[11]=0x1,start:0,len:8,temp:8,
05-22 07:16:21.848   344   511 D automotive.vehicle@2.0-adayo-func-bcm: BCMFunc sendMessageFromVehicle_l prop: 0x2140005a ,areaId: 0x0  SPLITE_BIT_DATA_INTEGER : 1
05-22 07:16:21.848   344   511 D automotive.vehicle@2.0-adayo-func-bcm: BCMFunc sendMessageFromVehicle_l id:557842522, area:0 not report! 
05-22 07:16:21.848   344   511 D automotive.vehicle@2.0-adayo-func-bcm: BCMFunc sendMessageFromVehicle_l dataType: 12,mByte=12,propid=0x2140005b
05-22 07:16:21.848   344   511 D automotive.vehicle@2.0-adayo-func-bcm: BCMFunc sendMessageFromVehicle_l msgBuff[12]=0x1,start:0,len:8,temp:8,
05-22 07:16:21.848   344   511 D automotive.vehicle@2.0-adayo-func-bcm: BCMFunc sendMessageFromVehicle_l prop: 0x2140005b ,areaId: 0x0  SPLITE_BIT_DATA_INTEGER : 1
05-22 07:16:21.848   344   511 D automotive.vehicle@2.0-adayo-func-bcm: BCMFunc sendMessageFromVehicle_l id:557842523, area:0 not report! 
05-22 07:16:21.848   344   511 D automotive.vehicle@2.0-adayo-func-bcm: BCMFunc sendMessageFromVehicle_l dataType: 12,mByte=13,propid=0x2140005c
05-22 07:16:21.848   344   511 D automotive.vehicle@2.0-adayo-func-bcm: BCMFunc sendMessageFromVehicle_l msgBuff[13]=0x1,start:0,len:8,temp:8,
05-22 07:16:21.848   344   511 D automotive.vehicle@2.0-adayo-func-bcm: BCMFunc sendMessageFromVehicle_l prop: 0x2140005c ,areaId: 0x0  SPLITE_BIT_DATA_INTEGER : 1
05-22 07:16:21.848   344   511 D automotive.vehicle@2.0-adayo-func-bcm: BCMFunc sendMessageFromVehicle_l id:557842524, area:0 not report! 
05-22 07:16:21.848   344   511 D automotive.vehicle@2.0-adayo-func-bcm: BCMFunc sendMessageFromVehicle_l dataType: 12,mByte=14,propid=0x2140005d
05-22 07:16:21.848   344   511 D automotive.vehicle@2.0-adayo-func-bcm: BCMFunc sendMessageFromVehicle_l msgBuff[14]=0x1,start:0,len:8,temp:8,
05-22 07:16:21.848   344   511 D automotive.vehicle@2.0-adayo-func-bcm: BCMFunc sendMessageFromVehicle_l prop: 0x2140005d ,areaId: 0x0  SPLITE_BIT_DATA_INTEGER : 1
05-22 07:16:21.848   344   511 D automotive.vehicle@2.0-adayo-func-bcm: BCMFunc sendMessageFromVehicle_l id:557842525, area:0 not report! 
05-22 07:16:21.848   344   511 D automotive.vehicle@2.0-adayo-func-bcm: BCMFunc sendMessageFromVehicle_l dataType: 12,mByte=15,propid=0x2140005e
05-22 07:16:21.848   344   511 D automotive.vehicle@2.0-adayo-func-bcm: BCMFunc sendMessageFromVehicle_l msgBuff[15]=0x1,start:0,len:8,temp:8,
05-22 07:16:21.848   344   511 D automotive.vehicle@2.0-adayo-func-bcm: BCMFunc sendMessageFromVehicle_l prop: 0x2140005e ,areaId: 0x0  SPLITE_BIT_DATA_INTEGER : 1
05-22 07:16:21.848   344   511 D automotive.vehicle@2.0-adayo-func-bcm: BCMFunc sendMessageFromVehicle_l id:557842526, area:0 not report! 
05-22 07:16:21.848   344   511 D automotive.vehicle@2.0-adayo-func-bcm: BCMFunc sendMessageFromVehicle_l dataType: 12,mByte=16,propid=0x2140005f
05-22 07:16:21.848   344   511 D automotive.vehicle@2.0-adayo-func-bcm: BCMFunc sendMessageFromVehicle_l msgBuff[16]=0x1,start:0,len:8,temp:8,
05-22 07:16:21.848   344   511 D automotive.vehicle@2.0-adayo-func-bcm: BCMFunc sendMessageFromVehicle_l prop: 0x2140005f ,areaId: 0x0  SPLITE_BIT_DATA_INTEGER : 1
05-22 07:16:21.848   344   511 D automotive.vehicle@2.0-adayo-func-bcm: BCMFunc sendMessageFromVehicle_l id:557842527, area:0 not report! 
05-22 07:16:21.848   344   511 D automotive.vehicle@2.0-adayo-func-bcm: BCMFunc sendMessageFromVehicle_l dataType: 12,mByte=17,propid=0x21400060
05-22 07:16:21.848   344   511 D automotive.vehicle@2.0-adayo-func-bcm: BCMFunc sendMessageFromVehicle_l msgBuff[17]=0x3,start:0,len:8,temp:8,
05-22 07:16:21.848   344   511 D automotive.vehicle@2.0-adayo-func-bcm: BCMFunc sendMessageFromVehicle_l prop: 0x21400060 ,areaId: 0x0  SPLITE_BIT_DATA_INTEGER : 3
05-22 07:16:21.848   344   511 D automotive.vehicle@2.0-adayo-func-bcm: BCMFunc sendMessageFromVehicle_l id:557842528, area:0 not report! 
05-22 07:16:21.848   344   511 D automotive.vehicle@2.0-adayo-func-bcm: BCMFunc sendMessageFromVehicle_l dataType: 12,mByte=18,propid=0x21400061
05-22 07:16:21.848   344   511 D automotive.vehicle@2.0-adayo-func-bcm: BCMFunc sendMessageFromVehicle_l msgBuff[18]=0xff,start:0,len:8,temp:8,
05-22 07:16:21.848   344   511 D automotive.vehicle@2.0-adayo-func-bcm: BCMFunc sendMessageFromVehicle_l prop: 0x21400061 ,areaId: 0x0  SPLITE_BIT_DATA_INTEGER : 255
05-22 07:16:21.848   344   511 D automotive.vehicle@2.0-adayo-func-bcm: BCMFunc sendMessageFromVehicle_l id:557842529, area:0 not report! 
05-22 07:16:21.848   344   511 D automotive.vehicle@2.0-adayo-func-bcm: BCMFunc sendMessageFromVehicle_l dataType: 12,mByte=19,propid=0x2140010a
05-22 07:16:21.848   344   511 D automotive.vehicle@2.0-adayo-func-bcm: BCMFunc sendMessageFromVehicle_l msgBuff[19]=0x1,start:0,len:8,temp:8,
05-22 07:16:21.848   344   511 D automotive.vehicle@2.0-adayo-func-bcm: BCMFunc sendMessageFromVehicle_l prop: 0x2140010a ,areaId: 0x0  SPLITE_BIT_DATA_INTEGER : 1
05-22 07:16:21.848   344   511 D automotive.vehicle@2.0-adayo-func-bcm: BCMFunc sendMessageFromVehicle_l id:557842698, area:0 not report! 
05-22 07:16:21.849   964  1804 D [OMXB]  : usingANWBuffer: handle:0xebd40f30, format:1, w:1920, h:1080
05-22 07:16:21.850   573   573 I SpiService: fgesysctrl_getGPIO_status success val=1
05-22 06:34:55.593   573   573 D spi_rst_gpio_get_output: GPIO 145 value: 1
05-22 06:34:55.593   573   573 D spidev_ioctl: gpio status=1)
05-22 07:16:21.854   544   544 D commservice260303: msg.id = 1028,0
05-22 07:16:21.854   544   544 D commservice260303: i = 170, msgid = 8A000404
05-22 07:16:21.854   544   544 D commservice260303: msgid = -1979710460,did=138
05-22 07:16:21.854   544   544 D commservice260303: CommProtocolLibCmdBaseI2C::dataproc {"command":{"id":"imu_status","sub":""},"content":{"TimeStamp":1779405381853,"FrameCounter":15743,"GD_X":-0.009391804225742817,"GD_Y":0.007405876647680998,"GD_Z":0.017255932092666626,"AD_X":-0.0029040277004241943,"AD_Y":-4.884302616119385E-4,"AD_Z":-0.3247995376586914,"TempDsp":0,"Status":0,"CalibState":1,"SigAmpInvalid":0}},-1979710460
05-22 07:16:21.854   544   544 D commservice260303: send2Cluster len:326, 7B22636F6D6D616E64223A7B226964223A22696D755F737461747573222C22737562223A22227D2C22636F6E74656E74223A7B2254696D655374616D70223A313737393430353338313835332C224672616D65436F756E746572223A31353734332C2247445F58223A2D302E3030393339313830343232353734323831372C2247445F59223A302E3030373430353837363634373638303939382C2247445F5A223A302E3031373235353933323039323636363632362C2241445F58223A2D302E303032393034303237373030343234313934332C2241445F59223A2D342E383834333032363136313139333835452D342C2241445F5A223A2D302E333234373939353337363538363931342C2254656D70447370223A302C22537461747573223A302C2243616C69625374617465223A312C22536967416D70496E76616C6964223A307D7D, 138 
05-22 07:16:21.854   544   544 D commservice260303: Push Message into SendPool fn=-784465920
05-22 07:16:21.854   544   544 D commservice260303: ComProtocolLibSend2Cluster::send2ClusterRaw fn=-784465920 , len=342
05-22 07:16:21.854   544   544 D commservice260303: sendCmdToPort :342!!!
05-22 07:16:21.854   544   544 D commservice260303: send Cmd To Port ++++5AA501528A0100003ED16A0F92457B22636F6D6D616E64223A7B226964223A22696D755F737461747573222C22737562223A22227D2C22636F6E74656E74223A7B2254696D655374616D70223A313737393430353338313835332C224672616D65436F756E746572223A31353734332C2247445F58223A2D302E3030393339313830343232353734323831372C2247445F59223A302E3030373430353837363634373638303939382C2247445F5A223A302E3031373235353933323039323636363632362C2241445F58223A2D302E303032393034303237373030343234313934332C2241445F59223A2D342E383834333032363136313139333835452D342C2241445F5A223A2D302E333234373939353337363538363931342C2254656D70447370223A302C22537461747573223A302C2243616C69625374617465223A312C22536967416D70496E76616C6964223A307D7D0366
05-22 07:16:21.854   544   544 D commservice260303: bufferevent_write retrun value = 0
05-22 07:16:21.854   544   567 D commservice260303: client datas send succeed,send finish
05-22 07:16:21.854  2981  3178 D Sentinelmode_1.2.5.13_alpha: <SentryImuClusterFgeSender>imu_status sent to Linux, frame=15743, tsNs=666817, tsMs=1779405381853, intervalMs=38, ad=(-0.0029040277,-4.8843026E-4,-0.32479954), gd=(-0.009391804,0.0074058766,0.017255932)
05-22 07:16:21.855   573   573 I SpiService: fgesysctrl_getGPIO_status success val=1
05-22 07:16:21.856  2981  3177 I SentryImuMcuAngleSender: 179.93102rollDeg
05-22 07:16:21.856  2981  3177 I SentryImuMcuAngleSender: 1,0,0
05-22 06:34:55.599   573   573 D spi_rst_gpio_get_output: GPIO 145 value: 1
05-22 06:34:55.599   573   573 D spidev_ioctl: gpio status=1)
05-22 07:16:21.860   291  1491 D EvsDriver: forwardFrame
05-22 07:16:21.861   573   573 I SpiService: fgesysctrl_getGPIO_status success val=1
05-22 07:16:21.861   291  1491 D EvsDriver: Delivered 0xb400007b2f47ca30 as id 0
05-22 07:16:21.861  1137  1150 D evsmanagerd: /dev/video4 forwarded the buffer #0 to 0xb4000071fa019690 from 0xb4000071fa01b7d0
05-22 06:34:55.604   573   573 D spi_rst_gpio_get_output: GPIO 145 value: 1
05-22 06:34:55.604   573   573 D spidev_ioctl: gpio status=1)
05-22 07:16:21.864   291  1135 D EvsDriver: doneWithFrame
05-22 07:16:21.866   573   573 I SpiService: fgesysctrl_getGPIO_status success val=1
05-22 06:34:55.610   573   573 D spi_rst_gpio_get_output: GPIO 145 value: 1
05-22 06:34:55.610   573   573 D spidev_ioctl: gpio status=1)
05-22 07:16:21.872   573   573 I SpiService: fgesysctrl_getGPIO_status success val=1
05-22 06:34:55.615   573   573 D spi_rst_gpio_get_output: GPIO 145 value: 1
05-22 06:34:55.615   573   573 D spidev_ioctl: gpio status=1)
05-22 07:16:21.877  2981  3177 I SentryImuMcuAngleSender: 179.93102rollDeg
05-22 07:16:21.877  2981  3177 I SentryImuMcuAngleSender: 1,0,0
05-22 07:16:21.877 11323 11374 D ANWAPI  : (11323|0xD12C8CB0)[BTAPI] AnwhciEventCallback 19 1
05-22 07:16:21.877   573   573 I SpiService: fgesysctrl_getGPIO_status success val=0
05-22 07:16:21.877   486   579 I mcuc    : send SPI:6AA6020D0E0002890058
05-22 06:34:55.621   573   573 D spi_rst_gpio_get_output: GPIO 145 value: 0
05-22 06:34:55.621   573   573 D spidev_ioctl: gpio status=0)
05-22 07:16:21.879   291  1491 D EvsDriver: forwardFrame
05-22 07:16:21.881  1026  1026 D MyAppLog: [2026-05-22 07:16:21.881 D tboxap tsp_WorkMachineProc:1086] [Tsp] [tsp_WorkMachineProc]TSP_WORK_LOGIN NOW !!!!
05-22 07:16:21.881   291  1491 D EvsDriver: Delivered 0xb400007b2f47ca30 as id 0
05-22 07:16:21.882  1137  1150 D evsmanagerd: /dev/video4 forwarded the buffer #0 to 0xb4000071fa019690 from 0xb4000071fa01b7d0
05-22 07:16:21.885   291  1135 D EvsDriver: doneWithFrame
05-22 07:16:21.889   486   580 I mcuc    : rev,n=1,6AA6810D0F000A8900D00104090012345656
05-22 07:16:21.890  1091  1116 I tboxmids_ap: [2026-05-22 07:16:21.890] [MCU RX] src=MCU dst=ZMQ len=10 type=BINARY data=00 08 D0 01 04 09 00 12 34 56 
05-22 07:16:21.890   344   361 D automotive.vehicle@2.0-adayo-datacomm-mcu: MCUDatacomm sendMessageFromVehicle prop: 0x89, areaId: 0x0, status: 0xd0, timestamp: 0x1
05-22 07:16:21.890   344   361 D automotive.vehicle@2.0-adayo-datacomm-mcu: MCUDatacomm 1sendMessageFromVehicle ---> type = 12 
05-22 07:16:21.890   477  1279 I dvr_service_: Camera 0: Buffer reuse stats - Total: 12300, Reused: 5932, New: 6368, Rate: 48.2%
05-22 07:16:21.891  1026  1026 I MyAppLog: [2026-05-22 07:16:21.890 I tboxap mcuCommTboxmidsRecvCb:96] [Mcu] [mcuCommTboxmidsRecvCb] recv from tboxmids, size:10
05-22 07:16:21.891  1026  1026 I MyAppLog: [2026-05-22 07:16:21.890 I tboxap mcuCommTboxmidsRecvCb:97] [Mcu] [tboxmids -> tboxap]: :00 08 D0 01 04 09 00 12 34 56
05-22 07:16:21.891  1026  1026 I MyAppLog: [2026-05-22 07:16:21.890 I tboxap mcuPtlParseData:969] [Mcu] [Mcu  Parse]: (cmd):0900 (param):0900123456
05-22 07:16:21.891   573   573 I SpiService: fgesysctrl_getGPIO_status success val=1
05-22 07:16:21.891  1026  1026 D MyAppLog: [2026-05-22 07:16:21.890 D tboxap mcuCommCbHandel:1009] [Mcu] [Mcu  Rev]: (cmd):0900 (param value):123456
05-22 07:16:21.891  1026  1026 W MyAppLog: [2026-05-22 07:16:21.890 W tboxap mcuParamDataRevPack:897] [Mcu] mcuParamDataRevPack start pack data!!!
05-22 07:16:21.891  1026  1026 I MyAppLog: [2026-05-22 07:16:21.891 I tboxap MCU_HANDSHAKE_IND_McuInd:296] [Mcu] [MCU_HANDSHAKE_IND_McuInd] wakeReason:0x12 -> loginReason:0x08
05-22 07:16:21.891  1026  1026 W MyAppLog: [2026-05-22 07:16:21.891 W tboxap mcuHandleHandshakeInd:991] [Mcu] [mcuHandleHandshakeInd] recv 0x0900 handshake response wakeReason:0x12 protoVer:0x34
05-22 06:34:55.635   573   573 D spi_rst_gpio_get_output: GPIO 145 value: 1
05-22 06:34:55.635   573   573 D spidev_ioctl: gpio status=1)
05-22 06:34:55.640   573   573 D spi_rst_gpio_get_output: GPIO 145 value: 1
05-22 06:34:55.640   573   573 D spidev_ioctl: gpio status=1)
05-22 07:16:21.897 11323 11374 D ANWStack: [    666879][ANWBT] >>Avctp_L2cap_Data_Ind_Cb
05-22 07:16:21.897 11323 11374 D ANWStack: 
05-22 07:16:21.897 11323 11374 D ANWStack: [    666879][ANWBT] AVCTP Message Length = 166
05-22 07:16:21.897 11323 11374 D ANWStack: [    666879][ANWBT] Receive AVCTP_SINGLE_PACKET
05-22 07:16:21.897   573   573 I SpiService: fgesysctrl_getGPIO_status success val=1
05-22 07:16:21.897 11323 11374 D ANW_AVRCP: (11323|0xD12C8CB0)[AVRCP] [**AVRCP**] 0xc2 0x110e
05-22 07:16:21.897 11323 11374 D ANW_AVRCP: (11323|0xD12C8CB0)[AVRCP] opcode match 0x0
05-22 07:16:21.897 11323 11374 D ANW_AVRCP: 
05-22 07:16:21.897 11323 11374 D ANW_AVRCP: (11323|0xD12C8CB0)[AVRCP] subopcode match 0x20, update ctype 0x1->0xc
05-22 07:16:21.897 11323 11374 D ANW_AVRCP: 
05-22 07:16:21.897 11323 11374 D ANW_AVRCP: (11323|0xD12C8CB0)[AVRCP] AVRCP_Packet_Parser Response
05-22 07:16:21.897 11323 11374 D ANW_AVRCP: 
05-22 07:16:21.897 11323 11374 D ANW_AVRCP: (11323|0xD12C8CB0)[AVRCP] AVRCP_Get_Element_Attributes_RSP_Handler
05-22 07:16:21.897 11323 11374 D ANW_AVRCP: (11323|0xD12C8CB0)[AVRCP] num of attributes: 8
05-22 07:16:21.897 11323 11374 D ANW_AVRCP: 
05-22 07:16:21.897 11323 11374 D ANWAPI  : (11323|0xD12C8CB0)[BTAPI] connmgr_find_by_handle pData = 0xb4000078d2e60eb0,7
05-22 07:16:21.897   544   544 D commservice260303: msg.id = 1028,0
05-22 07:16:21.898   544   544 D commservice260303: i = 170, msgid = 8A000404
05-22 07:16:21.898   544   544 D commservice260303: msgid = -1979710460,did=138
05-22 07:16:21.898   544   544 D commservice260303: CommProtocolLibCmdBaseI2C::dataproc {"command":{"id":"imu_status","sub":""},"content":{"TimeStamp":1779405381895,"FrameCounter":15744,"GD_X":-0.00985005497932434,"GD_Y":0.008092992939054966,"GD_Z":0.01756177842617035,"AD_X":-0.0010766610503196716,"AD_Y":7.333951070904732E-4,"AD_Z":-0.3260211944580078,"TempDsp":0,"Status":0,"CalibState":1,"SigAmpInvalid":0}},-1979710460
05-22 07:16:21.898 11323 11374 D ANWAPI  : (11323|0xD12C8CB0)[BTAPI] AVRCP_GET_ELEMENT_ATTRIBUTES
05-22 07:16:21.898 11323 11374 D ANWAPI  : (11323|0xD12C8CB0)[BTAPI] connmgr_find_by_handle pData = 0xb4000078d2e60eb0,7
05-22 07:16:21.898   544   544 D commservice260303: send2Cluster len:323, 7B22636F6D6D616E64223A7B226964223A22696D755F737461747573222C22737562223A22227D2C22636F6E74656E74223A7B2254696D655374616D70223A313737393430353338313839352C224672616D65436F756E746572223A31353734342C2247445F58223A2D302E30303938353030353439373933323433342C2247445F59223A302E3030383039323939323933393035343936362C2247445F5A223A302E30313735363137373834323631373033352C2241445F58223A2D302E303031303736363631303530333139363731362C2241445F59223A372E333333393531303730393034373332452D342C2241445F5A223A2D302E333236303231313934343538303037382C2254656D70447370223A302C22537461747573223A302C2243616C69625374617465223A312C22536967416D70496E76616C6964223A307D7D, 138 
05-22 07:16:21.898   544   544 D commservice260303: Push Message into SendPool fn=-767688704
05-22 07:16:21.898 11323 11374 D ANWAPI  : (11323|0xD12C8CB0)[BTAPI] media attrib id(1)
05-22 07:16:21.898   544   544 D commservice260303: ComProtocolLibSend2Cluster::send2ClusterRaw fn=-767688704 , len=339
05-22 07:16:21.898 11323 11374 D ANWAPI  : (11323|0xD12C8CB0)[BTAPI] MediaAttr_MediaTitle 47 106
05-22 07:16:21.898   544   544 D commservice260303: sendCmdToPort :339!!!
05-22 07:16:21.898 11323 11374 D ANWAPI  : (11323|0xD12C8CB0)[BTAPI] connmgr_find_by_handle pData = 0xb4000078d2e60eb0,7
05-22 07:16:21.898   544   544 D commservice260303: send Cmd To Port ++++5AA5014F8A0100003ED26A0F92457B22636F6D6D616E64223A7B226964223A22696D755F737461747573222C22737562223A22227D2C22636F6E74656E74223A7B2254696D655374616D70223A313737393430353338313839352C224672616D65436F756E746572223A31353734342C2247445F58223A2D302E30303938353030353439373933323433342C2247445F59223A302E3030383039323939323933393035343936362C2247445F5A223A302E30313735363137373834323631373033352C2241445F58223A2D302E303031303736363631303530333139363731362C2241445F59223A372E333333393531303730393034373332452D342C2241445F5A223A2D302E333236303231313934343538303037382C2254656D70447370223A302C22537461747573223A302C2243616C69625374617465223A312C22536967416D70496E76616C6964223A307D7D7EBF
05-22 07:16:21.898 11323 11374 D ANWAPI  : (11323|0xD12C8CB0)[BTAPI] media attrib id(2)
05-22 07:16:21.898 11323 11374 D ANWAPI  : (11323|0xD12C8CB0)[BTAPI] MediaAttr_ArtistName 16 106
05-22 07:16:21.898   544   544 D commservice260303: bufferevent_write retrun value = 0
05-22 07:16:21.898 11323 11374 D ANWAPI  : (11323|0xD12C8CB0)[BTAPI] connmgr_find_by_handle pData = 0xb4000078d2e60eb0,7
05-22 07:16:21.898 11323 11374 D ANWAPI  : (11323|0xD12C8CB0)[BTAPI] media attrib id(3)
05-22 07:16:21.898 11323 11374 D ANWAPI  : (11323|0xD12C8CB0)[BTAPI] MediaAttr_AlbumName 9 106
05-22 07:16:21.898   544   567 D commservice260303: client datas send succeed,send finish
05-22 07:16:21.898 11323 11374 D ANWAPI  : (11323|0xD12C8CB0)[BTAPI] connmgr_find_by_handle pData = 0xb4000078d2e60eb0,7
05-22 07:16:21.898 11323 11374 D ANWAPI  : (11323|0xD12C8CB0)[BTAPI] media attrib id(4)
05-22 07:16:21.898 11323 11374 D ANWAPI  : (11323|0xD12C8CB0)[BTAPI] MediaAttr_MediaNum 1 106
05-22 07:16:21.898 11323 11374 D ANWAPI  : (11323|0xD12C8CB0)[BTAPI] connmgr_find_by_handle pData = 0xb4000078d2e60eb0,7
05-22 07:16:21.898 11323 11374 D ANWAPI  : (11323|0xD12C8CB0)[BTAPI] media attrib id(5)
05-22 07:16:21.898 11323 11374 D ANWAPI  : (11323|0xD12C8CB0)[BTAPI] MediaAttr_TotalMediaNum 2 106
05-22 07:16:21.898 11323 11374 D ANWAPI  : (11323|0xD12C8CB0)[BTAPI] connmgr_find_by_handle pData = 0xb4000078d2e60eb0,7
05-22 07:16:21.898 11323 11374 D ANWAPI  : (11323|0xD12C8CB0)[BTAPI] media attrib id(6)
05-22 07:16:21.898  2981  3177 I SentryImuMcuAngleSender: 179.91722rollDeg
05-22 07:16:21.899 11323 11374 D ANWAPI  : (11323|0xD12C8CB0)[BTAPI] MediaAttr_Genre 0 106
05-22 07:16:21.899  2981  3177 I SentryImuMcuAngleSender: 1,0,0
05-22 07:16:21.899 11323 11374 D ANWAPI  : (11323|0xD12C8CB0)[BTAPI] connmgr_find_by_handle pData = 0xb4000078d2e60eb0,7
05-22 07:16:21.899 11323 11374 D ANWAPI  : (11323|0xD12C8CB0)[BTAPI] media attrib id(7)
05-22 07:16:21.899 11323 11374 D ANWAPI  : (11323|0xD12C8CB0)[BTAPI] MediaAttr_PlayingTimeMs 6 106
05-22 07:16:21.899 11323 11374 D ANWAPI  : (11323|0xD12C8CB0)[BTAPI] connmgr_find_by_handle pData = 0xb4000078d2e60eb0,7
05-22 07:16:21.899 11323 11374 D ANWAPI  : (11323|0xD12C8CB0)[BTAPI] media attrib id(8)
05-22 07:16:21.899 11323 11374 D ANWAPI  : (11323|0xD12C8CB0)[BTAPI] MediaAttr_CoverArt 7 106 0
05-22 07:16:21.899  2981  3178 D Sentinelmode_1.2.5.13_alpha: <SentryImuClusterFgeSender>imu_status sent to Linux, frame=15744, tsNs=666871, tsMs=1779405381895, intervalMs=45, ad=(-0.001076661,7.333951E-4,-0.3260212), gd=(-0.009850055,0.008092993,0.017561778)
05-22 07:16:21.899 11323 11374 D ANWAPI  : (11323|0xD12C8CB0)[BTAPI] connmgr_find_by_handle pData = 0xb4000078d2e60eb0,7
05-22 07:16:21.899 11323 11374 D ANWAPI  : (11323|0xD12C8CB0)[BTAPI] AVRCP_GET_ELEMENT_ATTRIBUTES_FINISH
05-22 07:16:21.899 11323 11374 D ANWAPI  : (11323|0xD12C8CB0)[BTAPI] btsdk_avrcp_post_songdetails
05-22 07:16:21.900 11323 11374 D ANWAPI  : (11323|0xD12C8CB0)[BTAPI] *BT_CB_Dispatch
05-22 07:16:21.900 11323 11374 D ANWAPI  : (11323|0xD12C8CB0)[BTAPI] *****SDK callback(0x405)
05-22 07:16:21.900 11323 11374 D ANWAPI  : (11323|0xD12C8CB0)[BTAPI] SDK***** [1c:11:2f:7c:1d:68]
05-22 07:16:21.900 11323 11374 D ANWAPI  : (11323|0xD12C8CB0)[BTAPI] btsdk_exec_apicb start
05-22 07:16:21.900 11323 11374 D ANWAPI  : (11323|0xD12C8CB0)[BTAPI] Up: AvrcpMsgHandler receive[1C:11:2F:7C:1D:68], Get Device ID(0)
05-22 07:16:21.900 11323 11374 D ANWAPI  : 
05-22 07:16:21.900 11323 11374 D ANWAPI  : (11323|0xD12C8CB0)[BTAPI] Up: AnWBT_AVRCP_CURRENT_SONG_DETAIL_IND(6)
05-22 07:16:21.900 11323 11374 D ANWAPI  : 
05-22 07:16:21.900 11323 11374 D ANWAPI  : (11323|0xD12C8CB0)[BTAPI] MediaTitle   : 狂沙漫卷 无畏无惧 历经磨铁血丹心
05-22 07:16:21.900 11323 11374 D ANWAPI  : 
05-22 07:16:21.900 11323 11374 D ANWAPI  : (11323|0xD12C8CB0)[BTAPI] PlayingTimeMs: 210966
05-22 07:16:21.900 11323 11374 D ANWAPI  : 
05-22 07:16:21.900 11323 11374 D ANWAPI  : (11323|0xD12C8CB0)[BTAPI] AlbumName    : 凌绝顶
05-22 07:16:21.900 11323 11374 D ANWAPI  : 
05-22 07:16:21.900 11323 11374 D ANWAPI  : (11323|0xD12C8CB0)[BTAPI] ArtistName   : 凌绝顶-梓渝
05-22 07:16:21.900 11323 11374 D ANWAPI  : 
05-22 07:16:21.900 11323 11374 D ANWAPI  : (11323|0xD12C8CB0)[BTAPI] MediaNum     : 7
05-22 07:16:21.900 11323 11374 D ANWAPI  : 
05-22 07:16:21.900 11323 11374 D ANWAPI  : (11323|0xD12C8CB0)[BTAPI] TotalMediaNum: 16
05-22 07:16:21.900 11323 11374 D ANWAPI  : 
05-22 07:16:21.900 11323 11374 D ANWAPI  : (11323|0xD12C8CB0)[BTAPI] BipHandle: 0000000)
05-22 07:16:21.900 11323 11374 D ANWAPI  : 
05-22 07:16:21.900 11323 11374 D ANWAPI  : (11323|0xD12C8CB0)[BTAPI] inform track changed cb, num_attr:7
05-22 07:16:21.900 11323 11374 D ANWAPI  : 
05-22 07:16:21.900 11323 11374 I ANW bt_btif: inform_track_changed_cb: HAL bt_rc_ctrl_callbacks->track_changed_cb
05-22 07:16:21.900 11323 11374 I BluetoothAvrcpControllerJni: btavrcp_track_changed_callback
05-22 07:16:21.901 11323 11374 D AvrcpControllerService: onTrackChanged
05-22 07:16:21.902   573   573 I SpiService: fgesysctrl_getGPIO_status success val=1
05-22 06:34:55.646   573   573 D spi_rst_gpio_get_output: GPIO 145 value: 1
05-22 06:34:55.646   573   573 D spidev_ioctl: gpio status=1)
05-22 07:16:21.903 11323 11374 D AvrcpItem.Builder: 3 = 凌绝顶
05-22 07:16:21.905 11323 11374 D AvrcpItem.Builder: 2 = 凌绝顶-梓渝
05-22 07:16:21.905 11323 11374 D AvrcpItem.Builder: 1 = 狂沙漫卷 无畏无惧 历经磨铁血丹心
05-22 07:16:21.905 11323 11374 D AvrcpItem.Builder: 4 = 7
05-22 07:16:21.905 11323 11374 D AvrcpItem.Builder: 5 = 16
05-22 07:16:21.905 11323 11374 D AvrcpItem.Builder: 7 = 210966
05-22 07:16:21.905 11323 11374 D AvrcpItem.Builder: 8 = 0000000
05-22 07:16:21.906 11323 11374 D ANWAPI  : (11323|0xD12C8CB0)[BTAPI] Up: per 1.5S get ID3 information
05-22 07:16:21.906 11323 11374 D ANWAPI  : 
05-22 07:16:21.906 11323 13102 D AvrcpControllerStateMachine: Avrcp.GetFolderList processMessage 205
05-22 07:16:21.906 11323 11374 D ANWAPI  : (11323|0xD12C8CB0)[BTAPI] AVRCP_Cancel_Auto_Get_ID3(0)
05-22 07:16:21.906 11323 11374 D ANWAPI  : 
05-22 07:16:21.906 11323 13102 D AvrcpControllerStateMachine: Avrcp.ConnectedAvrcpController processMessage 205
05-22 07:16:21.906 11323 11374 D ANWAPI  : (11323|0xD12C8CB0)[BTAPI] btsdk_exec_apicb end
05-22 07:16:21.906 11323 13102 D AvrcpCoverArtManager: Download Image - device: 1C:11:2F:7C:1D:68, Handle: e1e5c158-c6d5-4aaa-b97d-e27b45a64ce4
05-22 07:16:21.906 11323 13102 D avrcpcontroller.BipRequest: GetImageProperties - handle: 0000000
05-22 07:16:21.906 11323 13102 D AvrcpCoverArtProvider: getImageUri -> content://com.android.bluetooth.avrcpcontroller.AvrcpCoverArtProvider?device=1C%3A11%3A2F%3A7C%3A1D%3A68&uuid=e1e5c158-c6d5-4aaa-b97d-e27b45a64ce4
05-22 07:16:21.907 11323 13102 D BluetoothMediaBrowserService: trackChanged setMetadata=AvrcpItem{mUuid=ca6de96d-404e-4238-bd6c-f2c32536b8f4, mUid=0, mItemType=3, mType=0, mDisplayableName=null, mTitle=狂沙漫卷 无畏无惧 历经磨铁血丹心 mPlayingTime=210966 mTrack=7/16, mPlayable=false, mBrowsable=false, mCoverArtHandle=0000000, mImageUuid=e1e5c158-c6d5-4aaa-b97d-e27b45a64ce4, mImageUrinull}
05-22 06:34:55.651   573   573 D spi_rst_gpio_get_output: GPIO 145 value: 1
05-22 07:16:21.908 11323 13102 D AvrcpControllerStateMachine: removeUnusedArtwork(e1e5c158-c6d5-4aaa-b97d-e27b45a64ce4)
05-22 06:34:55.651   573   573 D spidev_ioctl: gpio status=1)
05-22 07:16:21.908 11323 13102 D AvrcpControllerStateMachine: removeUnusedArtworkFromBrowseTree()
05-22 07:16:21.908   573   573 I SpiService: fgesysctrl_getGPIO_status success val=1
05-22 07:16:21.914   573   573 I SpiService: fgesysctrl_getGPIO_status success val=1
05-22 06:34:55.657   573   573 D spi_rst_gpio_get_output: GPIO 145 value: 1
05-22 06:34:55.657   573   573 D spidev_ioctl: gpio status=1)
05-22 07:16:21.918  2981  3177 I SentryImuMcuAngleSender: [4, 18, 1, 0, 0],5
05-22 07:16:21.918  2981  3177 I McuCommManager: mcuCommSendcmd [4, 18, 1, 0, 0]
05-22 07:16:21.919  2981  3177 I SentryImuMcuAngleSender: true
05-22 07:16:21.919  2981  3177 W Sentinelmode_1.2.5.13_alpha: <SentryImuMcuAngleSender>MCU IMU send interval abnormal: 1001ms
05-22 07:16:21.919   573   573 I SpiService: fgesysctrl_getGPIO_status success val=0
05-22 07:16:21.919   486   579 I mcuc    : send SPI:6AA6020D0F00028900576AA600073600050412010000A7
05-22 07:16:21.919  2981  3177 I SentryImuMcuAngleSender: 179.91032rollDeg
05-22 07:16:21.920  2981  3177 I SentryImuMcuAngleSender: 1,0,0
05-22 06:34:55.663   573   573 D spi_rst_gpio_get_output: GPIO 145 value: 0
05-22 06:34:55.663   573   573 D spidev_ioctl: gpio status=0)
05-22 07:16:21.924   964  1804 D [OMXB]  : usingANWBuffer: handle:0xebd43c90, format:1, w:1920, h:1080
05-22 07:16:21.926   291  1491 D EvsDriver: forwardFrame
05-22 07:16:21.926 11323 11374 D ANWStack: [    666908][ANWBT] >>Avctp_L2cap_Data_Ind_Cb
05-22 07:16:21.926 11323 11374 D ANWStack: 
05-22 07:16:21.926 11323 11374 D ANWStack: [    666908][ANWBT] AVCTP Message Length = 14
05-22 07:16:21.926 11323 11374 D ANWStack: [    666908][ANWBT] Receive AVCTP_SINGLE_PACKET
05-22 07:16:21.926 11323 11374 D ANW_AVRCP: (11323|0xD12C8CB0)[AVRCP] [**AVRCP**] 0xb2 0x110e
05-22 07:16:21.926 11323 11374 D ANW_AVRCP: (11323|0xD12C8CB0)[AVRCP] opcode match 0x0
05-22 07:16:21.926 11323 11374 D ANW_AVRCP: 
05-22 07:16:21.926 11323 11374 D ANW_AVRCP: (11323|0xD12C8CB0)[AVRCP] subopcode match 0x31, update ctype 0xf->0xd
05-22 07:16:21.926 11323 11374 D ANW_AVRCP: 
05-22 07:16:21.926 11323 11374 D ANW_AVRCP: (11323|0xD12C8CB0)[AVRCP] AVRCP_Packet_Parser Response
05-22 07:16:21.926 11323 11374 D ANW_AVRCP: 
05-22 07:16:21.926 11323 11374 D ANW_AVRCP: (11323|0xD12C8CB0)[AVRCP] AVRCP_VENDOR_DEPENDENT_Changed_RSP_Handler PDU_ID=0x31
05-22 07:16:21.926 11323 11374 D ANW_AVRCP: (11323|0xD12C8CB0)[AVRCP] EVENT_NOW_PLAYING_CONTENT_CHANGED
05-22 07:16:21.926 11323 11374 D ANWAPI  : (11323|0xD12C8CB0)[BTAPI] connmgr_find_by_handle pData = 0xb4000078d2e60eb0,7
05-22 07:16:21.926 11323 11374 D ANWAPI  : (11323|0xD12C8CB0)[BTAPI] AVRCP_VENDOR_DEPENDENT_CHANGED_RSP id=9
05-22 07:16:21.926 11323 11374 D ANWAPI  : (11323|0xD12C8CB0)[BTAPI] EVENT_NOW_PLAYING_CONTENT_CHANGED
05-22 07:16:21.926 11323 11374 D ANWAPI  : (11323|0xD12C8CB0)[BTAPI] AVRCP_RegisterNotification event_id=9
05-22 07:16:21.926 11323 11374 D ANW_AVRCP: (11323|0xD12C8CB0)[AVRCP] API AVRCP_RegisterNotification
05-22 07:16:21.927 11323 11374 D ANWStack: [    666909][ANWBT] <<Avctp_Send_Message 0/1:
05-22 07:16:21.927 11323 11374 D ANWStack: 
05-22 07:16:21.927 11323 11374 D ANWStack: [    666909][ANWBT] L2CAP: L2_RetrieveHandle called, cid=0x82
05-22 07:16:21.927 11323 11374 D ANWStack: 
05-22 07:16:21.927 11323 11374 D ANWAPI  : (11323|0xD12C8CB0)[BTAPI] ===BTAPI_MallocIdxMsg 1038 1
05-22 07:16:21.927 11323 11374 D ANWAPI  : (11323|0xD12C8CB0)[BTAPI] *BT_CB_Dispatch
05-22 07:16:21.927 11323 11374 D ANWAPI  : (11323|0xD12C8CB0)[BTAPI] *****SDK callback(0x40e)
05-22 07:16:21.927 11323 11374 D ANWAPI  : (11323|0xD12C8CB0)[BTAPI] SDK***** [1c:11:2f:7c:1d:68]
05-22 07:16:21.927 11323 11374 D ANWAPI  : (11323|0xD12C8CB0)[BTAPI] btsdk_exec_apicb start
05-22 07:16:21.927 11323 11374 D ANWAPI  : (11323|0xD12C8CB0)[BTAPI] Up: AvrcpMsgHandler receive[1C:11:2F:7C:1D:68], Get Device ID(0)
05-22 07:16:21.927 11323 11374 D ANWAPI  : 
05-22 07:16:21.927 11323 11374 D ANWAPI  : (11323|0xD12C8CB0)[BTAPI] Up: AnWBT_AVRCP_EVENT_NOW_PLAYING_CONTENT_CHANGED_IND
05-22 07:16:21.927 11323 11374 D ANWAPI  : 
05-22 07:16:21.927   291  1491 D EvsDriver: Delivered 0xb400007b2f47ca30 as id 0
05-22 07:16:21.927  1137  1150 D evsmanagerd: /dev/video4 forwarded the buffer #0 to 0xb4000071fa019690 from 0xb4000071fa01b7d0
05-22 07:16:21.927 11323 11374 I ANW bt_btif: AvrcpMsgHandler: HAL bt_rc_ctrl_callbacks->now_playing_contents_changed_cb
05-22 07:16:21.927 11323 11374 I BluetoothAvrcpControllerJni: btavrcp_now_playing_content_changed_callback
05-22 07:16:21.927 11323 11374 D AvrcpControllerService: handleNowPlayingContentChanged
05-22 07:16:21.927   291  1135 D EvsDriver: doneWithFrame
05-22 07:16:21.928 11323 11374 D BrowseTree: Set CachefalseNodeID: NOW_PLAYING
05-22 07:16:21.928 11323 11374 D AvrcpControllerStateMachine: removeUnusedArtworkFromBrowseTree()
05-22 07:16:21.928 11323 11374 D ANWAPI  : (11323|0xD12C8CB0)[BTAPI] btsdk_exec_apicb end
05-22 07:16:21.928 11323 13102 D AvrcpControllerStateMachine: Avrcp.GetFolderList processMessage 300
05-22 07:16:21.929 11323 13102 D AvrcpControllerStateMachine: GetFolderItems: Get The Same Directory, ignore
05-22 07:16:21.933   573   573 I SpiService: fgesysctrl_getGPIO_status success val=1
05-22 06:34:55.677   573   573 D spi_rst_gpio_get_output: GPIO 145 value: 1
05-22 06:34:55.677   573   573 D spidev_ioctl: gpio status=1)
05-22 07:16:21.935   544   544 D commservice260303: msg.id = 1028,0
05-22 07:16:21.935   544   544 D commservice260303: i = 170, msgid = 8A000404
05-22 07:16:21.935   544   544 D commservice260303: msgid = -1979710460,did=138
05-22 07:16:21.935   544   544 D commservice260303: CommProtocolLibCmdBaseI2C::dataproc {"command":{"id":"imu_status","sub":""},"content":{"TimeStamp":1779405381934,"FrameCounter":15745,"GD_X":-0.008857090957462788,"GD_Y":0.007788185961544514,"GD_Z":0.01779116503894329,"AD_X":-0.004736907780170441,"AD_Y":0.001952027902007103,"AD_Z":-0.3260211944580078,"TempDsp":0,"Status":0,"CalibState":1,"SigAmpInvalid":0}},-1979710460
05-22 07:16:21.935   544   544 D commservice260303: send2Cluster len:323, 7B22636F6D6D616E64223A7B226964223A22696D755F737461747573222C22737562223A22227D2C22636F6E74656E74223A7B2254696D655374616D70223A313737393430353338313933342C224672616D65436F756E746572223A31353734352C2247445F58223A2D302E3030383835373039303935373436323738382C2247445F59223A302E3030373738383138353936313534343531342C2247445F5A223A302E30313737393131363530333839343332392C2241445F58223A2D302E3030343733363930373738303137303434312C2241445F59223A302E3030313935323032373930323030373130332C2241445F5A223A2D302E333236303231313934343538303037382C2254656D70447370223A302C22537461747573223A302C2243616C69625374617465223A312C22536967416D70496E76616C6964223A307D7D, 138 
05-22 07:16:21.935   544   544 D commservice260303: Push Message into SendPool fn=-750911488
05-22 07:16:21.935   544   544 D commservice260303: ComProtocolLibSend2Cluster::send2ClusterRaw fn=-750911488 , len=339
05-22 07:16:21.935   544   544 D commservice260303: sendCmdToPort :339!!!
05-22 07:16:21.935   544   544 D commservice260303: send Cmd To Port ++++5AA5014F8A0100003ED36A0F92457B22636F6D6D616E64223A7B226964223A22696D755F737461747573222C22737562223A22227D2C22636F6E74656E74223A7B2254696D655374616D70223A313737393430353338313933342C224672616D65436F756E746572223A31353734352C2247445F58223A2D302E3030383835373039303935373436323738382C2247445F59223A302E3030373738383138353936313534343531342C2247445F5A223A302E30313737393131363530333839343332392C2241445F58223A2D302E3030343733363930373738303137303434312C2241445F59223A302E3030313935323032373930323030373130332C2241445F5A223A2D302E333236303231313934343538303037382C2254656D70447370223A302C22537461747573223A302C2243616C69625374617465223A312C22536967416D70496E76616C6964223A307D7DB4B2
05-22 07:16:21.936   544   544 D commservice260303: bufferevent_write retrun value = 0
05-22 07:16:21.936   544   567 D commservice260303: client datas send succeed,send finish
05-22 07:16:21.936  2981  3178 D Sentinelmode_1.2.5.13_alpha: <SentryImuClusterFgeSender>imu_status sent to Linux, frame=15745, tsNs=666906, tsMs=1779405381934, intervalMs=37, ad=(-0.004736908,0.0019520279,-0.3260212), gd=(-0.008857091,0.007788186,0.017791165)
05-22 07:16:21.939   573   573 I SpiService: fgesysctrl_getGPIO_status success val=1
05-22 07:16:21.940  2981  3177 I SentryImuMcuAngleSender: 179.91032rollDeg
05-22 07:16:21.940  2981  3177 I SentryImuMcuAngleSender: 1,0,0
05-22 06:34:55.682   573   573 D spi_rst_gpio_get_output: GPIO 145 value: 1
05-22 06:34:55.682   573   573 D spidev_ioctl: gpio status=1)
05-22 07:16:21.944   573   573 I SpiService: fgesysctrl_getGPIO_status success val=1
05-22 07:16:21.945   276   300 I rvcservice: t.code = 3, t.value = 0
05-22 06:34:55.688   573   573 D spi_rst_gpio_get_output: GPIO 145 value: 1
05-22 06:34:55.688   573   573 D spidev_ioctl: gpio status=1)
05-22 07:16:21.946 11323 11374 D ANWAPI  : (11323|0xD12C8CB0)[BTAPI] AnwhciEventCallback 19 1
05-22 07:16:21.946 11323 11374 D ANWStack: [    666928][ANWBT] >>Avctp_L2cap_Data_Ind_Cb
05-22 07:16:21.946 11323 11374 D ANWStack: 
05-22 07:16:21.946 11323 11374 D ANWStack: [    666928][ANWBT] AVCTP Message Length = 22
05-22 07:16:21.946 11323 11374 D ANWStack: [    666928][ANWBT] Receive AVCTP_SINGLE_PACKET
05-22 07:16:21.946 11323 11374 D ANW_AVRCP: (11323|0xD12C8CB0)[AVRCP] [**AVRCP**] 0xc2 0x110e
05-22 07:16:21.946 11323 11374 D ANW_AVRCP: (11323|0xD12C8CB0)[AVRCP] opcode match 0x0
05-22 07:16:21.946 11323 11374 D ANW_AVRCP: 
05-22 07:16:21.946 11323 11374 D ANW_AVRCP: (11323|0xD12C8CB0)[AVRCP] subopcode match 0x31, update ctype 0xf->0xd
05-22 07:16:21.946 11323 11374 D ANW_AVRCP: 
05-22 07:16:21.946 11323 11374 D ANW_AVRCP: (11323|0xD12C8CB0)[AVRCP] AVRCP_Packet_Parser Response
05-22 07:16:21.946 11323 11374 D ANW_AVRCP: 
05-22 07:16:21.946 11323 11374 D ANW_AVRCP: (11323|0xD12C8CB0)[AVRCP] AVRCP_VENDOR_DEPENDENT_Changed_RSP_Handler PDU_ID=0x31
05-22 07:16:21.946 11323 11374 D ANW_AVRCP: (11323|0xD12C8CB0)[AVRCP] EVENT_TRACK_CHANGED
05-22 07:16:21.946 11323 11374 D ANWAPI  : (11323|0xD12C8CB0)[BTAPI] connmgr_find_by_handle pData = 0xb4000078d2e60eb0,7
05-22 07:16:21.946 11323 11374 D ANWAPI  : (11323|0xD12C8CB0)[BTAPI] AVRCP_VENDOR_DEPENDENT_CHANGED_RSP id=2
05-22 07:16:21.946 11323 11374 D ANWAPI  : (11323|0xD12C8CB0)[BTAPI] EVENT_TRACK_CHANGED
05-22 07:16:21.946 11323 11374 D ANWAPI  : (11323|0xD12C8CB0)[BTAPI] AVRCP_RegisterNotification event_id=2
05-22 07:16:21.946 11323 11374 D ANW_AVRCP: (11323|0xD12C8CB0)[AVRCP] API AVRCP_RegisterNotification
05-22 07:16:21.946 11323 11374 D ANWStack: [    666928][ANWBT] <<Avctp_Send_Message 0/1:
05-22 07:16:21.946 11323 11374 D ANWStack: 
05-22 07:16:21.946 11323 11374 D ANWStack: [    666928][ANWBT] L2CAP: L2_RetrieveHandle called, cid=0x82
05-22 07:16:21.946 11323 11374 D ANWStack: 
05-22 07:16:21.946 11323 11374 D ANWAPI  : (11323|0xD12C8CB0)[BTAPI] AVRCP_EVENT_TRACK_CHANGED
05-22 07:16:21.947 11323 11374 D ANWAPI  : (11323|0xD12C8CB0)[BTAPI] ===BTAPI_MallocIdxMsg 1035 9
05-22 07:16:21.947 11323 11374 D ANWAPI  : (11323|0xD12C8CB0)[BTAPI] *BT_CB_Dispatch
05-22 07:16:21.947 11323 11374 D ANWAPI  : (11323|0xD12C8CB0)[BTAPI] *****SDK callback(0x40b)
05-22 07:16:21.947 11323 11374 D ANWAPI  : (11323|0xD12C8CB0)[BTAPI] SDK***** [1c:11:2f:7c:1d:68]
05-22 07:16:21.947 11323 11374 D ANWAPI  : (11323|0xD12C8CB0)[BTAPI] btsdk_exec_apicb start
05-22 07:16:21.947 11323 11374 D ANWAPI  : (11323|0xD12C8CB0)[BTAPI] Up: AvrcpMsgHandler receive[1C:11:2F:7C:1D:68], Get Device ID(0)
05-22 07:16:21.947 11323 11374 D ANWAPI  : 
05-22 07:16:21.947 11323 11374 D ANWAPI  : (11323|0xD12C8CB0)[BTAPI] Up: AnWBT_AVRCP_TRACK_CHANGED_IND
05-22 07:16:21.947 11323 11374 D ANWAPI  : 
05-22 07:16:21.947 11323 11374 D ANWAPI  : (11323|0xD12C8CB0)[BTAPI] ntfType    =0x1
05-22 07:16:21.947 11323 11374 D ANWAPI  : 
05-22 07:16:21.947 11323 11374 D ANWAPI  : (11323|0xD12C8CB0)[BTAPI] AVRCP_Cancel_Auto_Get_ID3(82)
05-22 07:16:21.947 11323 11374 D ANWAPI  : 
05-22 07:16:21.947 11323 11374 D ANWAPI  : (11323|0xD12C8CB0)[BTAPI] AVRCP_Cancel_Auto_Get_ID3
05-22 07:16:21.947 11323 11374 D ANWAPI  : 
05-22 07:16:21.947 11323 11374 D ANWAPI  : (11323|0xD12C8CB0)[BTAPI] SDK >>>>AnWBT_AVRCP_GetPlayStatusEx
