05-22 07:16:19.100   544   544 D commservice260303: msg.id = 1028,1
05-22 07:16:19.100   544   544 D commservice260303: i = 170, msgid = 8A000404
05-22 07:16:19.100   544   544 D commservice260303: msgid = -1979710460,did=138
05-22 07:16:19.100   544   544 D commservice260303: CommProtocolLibCmdBaseI2C::dataproc {"command":{"id":"imu_status","sub":""},"content":{"TimeStamp":1779405379099,"FrameCounter":15675,"GD_X":-0.00908595696091652,"GD_Y":0.007788185961544514,"GD_Z":0.01763824187219143,"AD_X":-0.002824060618877411,"AD_Y":0.0020771613344550133,"AD_Z":-0.3260211944580078,"TempDsp":0,"Status":0,"CalibState":1,"SigAmpInvalid":0}},-1979710460
05-22 07:16:19.100   544   544 D commservice260303: send2Cluster len:323, 7B22636F6D6D616E64223A7B226964223A22696D755F737461747573222C22737562223A22227D2C22636F6E74656E74223A7B2254696D655374616D70223A313737393430353337393039392C224672616D65436F756E746572223A31353637352C2247445F58223A2D302E30303930383539353639363039313635322C2247445F59223A302E3030373738383138353936313534343531342C2247445F5A223A302E30313736333832343138373231393134332C2241445F58223A2D302E3030323832343036303631383837373431312C2241445F59223A302E303032303737313631333334343535303133332C2241445F5A223A2D302E333236303231313934343538303037382C2254656D70447370223A302C22537461747573223A302C2243616C69625374617465223A312C22536967416D70496E76616C6964223A307D7D, 138 
05-22 07:16:19.100   544   544 D commservice260303: Push Message into SendPool fn=-1958871040
05-22 07:16:19.100   544   544 D commservice260303: ComProtocolLibSend2Cluster::send2ClusterRaw fn=-1958871040 , len=339
05-22 07:16:19.100   544   544 D commservice260303: sendCmdToPort :339!!!
05-22 07:16:19.100   544   544 D commservice260303: send Cmd To Port ++++5AA5014F8A0100003E8B6A0F92437B22636F6D6D616E64223A7B226964223A22696D755F737461747573222C22737562223A22227D2C22636F6E74656E74223A7B2254696D655374616D70223A313737393430353337393039392C224672616D65436F756E746572223A31353637352C2247445F58223A2D302E30303930383539353639363039313635322C2247445F59223A302E3030373738383138353936313534343531342C2247445F5A223A302E30313736333832343138373231393134332C2241445F58223A2D302E3030323832343036303631383837373431312C2241445F59223A302E303032303737313631333334343535303133332C2241445F5A223A2D302E333236303231313934343538303037382C2254656D70447370223A302C22537461747573223A302C2243616C69625374617465223A312C22536967416D70496E76616C6964223A307D7DF5B9
05-22 07:16:19.100   544   544 D commservice260303: bufferevent_write retrun value = 0
05-22 07:16:19.100   544   567 D commservice260303: client datas send succeed,send finish
05-22 07:16:19.100  2981  3178 D Sentinelmode_1.2.5.13_alpha: <SentryImuClusterFgeSender>imu_status sent to Linux, frame=15675, tsNs=664074, tsMs=1779405379099, intervalMs=37, ad=(-0.0028240606,0.0020771613,-0.3260212), gd=(-0.009085957,0.007788186,0.017638242)
05-22 07:16:19.101   824   824 D SurfaceFlinger: unisoc-graphics, commit has frameMissed:2, vysncId:341290
05-22 07:16:19.101   573   573 I SpiService: fgesysctrl_getGPIO_status success val=1
05-22 06:34:52.845   573   573 D spi_rst_gpio_get_output: GPIO 145 value: 1
05-22 06:34:52.845   573   573 D spidev_ioctl: gpio status=1)
05-22 07:16:19.107   573   573 I SpiService: fgesysctrl_getGPIO_status success val=1
05-22 06:34:52.850   573   573 D spi_rst_gpio_get_output: GPIO 145 value: 1
05-22 06:34:52.850   573   573 D spidev_ioctl: gpio status=1)
05-22 07:16:19.110  2981  3177 I SentryImuMcuAngleSender: 179.90688rollDeg
05-22 07:16:19.111  2981  3177 I SentryImuMcuAngleSender: 1,0,0
05-22 07:16:19.112   573   573 I SpiService: fgesysctrl_getGPIO_status success val=1
05-22 06:34:52.855   573   573 D spi_rst_gpio_get_output: GPIO 145 value: 1
05-22 06:34:52.855   573   573 D spidev_ioctl: gpio status=1)
05-22 07:16:19.116   291  1491 D EvsDriver: forwardFrame
05-22 06:34:52.861   573   573 D spi_rst_gpio_get_output: GPIO 145 value: 0
05-22 06:34:52.861   573   573 D spidev_ioctl: gpio status=0)
05-22 07:16:19.117   573   573 I SpiService: fgesysctrl_getGPIO_status success val=0
05-22 07:16:19.121  1137  1150 D evsmanagerd: /dev/video4 forwarded the buffer #0 to 0xb4000071fa019690 from 0xb4000071fa01b7d0
05-22 07:16:19.121   291  1491 D EvsDriver: Delivered 0xb400007b2f47ca30 as id 0
05-22 07:16:19.122   291  1135 D EvsDriver: doneWithFrame
05-22 07:16:19.131   573   573 I SpiService: fgesysctrl_getGPIO_status success val=1
05-22 07:16:19.132  2981  3177 I SentryImuMcuAngleSender: 179.91032rollDeg
05-22 07:16:19.132  2981  3177 I SentryImuMcuAngleSender: 1,0,0
05-22 06:34:52.874     1     1 I init    : starting service 'trace_resource'...
05-22 06:34:52.875   573   573 D spi_rst_gpio_get_output: GPIO 145 value: 1
05-22 06:34:52.875   573   573 D spidev_ioctl: gpio status=1)
05-22 07:16:19.137   573   573 I SpiService: fgesysctrl_getGPIO_status success val=1
05-22 06:34:52.881   573   573 D spi_rst_gpio_get_output: GPIO 145 value: 1
05-22 06:34:52.881   573   573 D spidev_ioctl: gpio status=1)
05-22 07:16:19.140   544   544 D commservice260303: msg.id = 1028,0
05-22 07:16:19.140   544   544 D commservice260303: i = 170, msgid = 8A000404
05-22 07:16:19.140   544   544 D commservice260303: msgid = -1979710460,did=138
05-22 07:16:19.140   544   544 D commservice260303: CommProtocolLibCmdBaseI2C::dataproc {"command":{"id":"imu_status","sub":""},"content":{"TimeStamp":1779405379140,"FrameCounter":15676,"GD_X":-0.009467746131122112,"GD_Y":0.006565836723893881,"GD_Z":0.01817295327782631,"AD_X":-3.861933946609497E-4,"AD_Y":0.0020747818052768707,"AD_Z":-0.326629638671875,"TempDsp":0,"Status":0,"CalibState":1,"SigAmpInvalid":0}},-1979710460
05-22 07:16:19.140   276   300 I rvcservice: t.code = 0, t.value = 13420
05-22 07:16:19.140   544   544 D commservice260303: send2Cluster len:323, 7B22636F6D6D616E64223A7B226964223A22696D755F737461747573222C22737562223A22227D2C22636F6E74656E74223A7B2254696D655374616D70223A313737393430353337393134302C224672616D65436F756E746572223A31353637362C2247445F58223A2D302E3030393436373734363133313132323131322C2247445F59223A302E3030363536353833363732333839333838312C2247445F5A223A302E30313831373239353332373738323633312C2241445F58223A2D332E383631393333393436363039343937452D342C2241445F59223A302E303032303734373831383035323736383730372C2241445F5A223A2D302E3332363632393633383637313837352C2254656D70447370223A302C22537461747573223A302C2243616C69625374617465223A312C22536967416D70496E76616C6964223A307D7D, 138 
05-22 07:16:19.141   544   544 D commservice260303: Push Message into SendPool fn=-1942093824
05-22 07:16:19.141   544   544 D commservice260303: ComProtocolLibSend2Cluster::send2ClusterRaw fn=-1942093824 , len=339
05-22 07:16:19.141   544   544 D commservice260303: sendCmdToPort :339!!!
05-22 07:16:19.141   544   544 D commservice260303: send Cmd To Port ++++5AA5014F8A0100003E8C6A0F92437B22636F6D6D616E64223A7B226964223A22696D755F737461747573222C22737562223A22227D2C22636F6E74656E74223A7B2254696D655374616D70223A313737393430353337393134302C224672616D65436F756E746572223A31353637362C2247445F58223A2D302E3030393436373734363133313132323131322C2247445F59223A302E3030363536353833363732333839333838312C2247445F5A223A302E30313831373239353332373738323633312C2241445F58223A2D332E383631393333393436363039343937452D342C2241445F59223A302E303032303734373831383035323736383730372C2241445F5A223A2D302E3332363632393633383637313837352C2254656D70447370223A302C22537461747573223A302C2243616C69625374617465223A312C22536967416D70496E76616C6964223A307D7D1E7C
05-22 07:16:19.141   544   544 D commservice260303: bufferevent_write retrun value = 0
05-22 07:16:19.141   544   567 D commservice260303: client datas send succeed,send finish
05-22 07:16:19.141  2981  3178 D Sentinelmode_1.2.5.13_alpha: <SentryImuClusterFgeSender>imu_status sent to Linux, frame=15676, tsNs=664107, tsMs=1779405379140, intervalMs=41, ad=(-3.861934E-4,0.0020747818,-0.32662964), gd=(-0.009467746,0.0065658367,0.018172953)
05-22 07:16:19.143   573   573 I SpiService: fgesysctrl_getGPIO_status success val=1
05-22 06:34:52.887   573   573 D spi_rst_gpio_get_output: GPIO 145 value: 1
05-22 06:34:52.887   573   573 D spidev_ioctl: gpio status=1)
05-22 07:16:19.148   344  1855 D DefaultVehicleHal: setProperty setValues start
05-22 07:16:19.148   344  1855 D 2026-5-19:FakeVehicleHardware: setProperty FakeVehicleHardware  ID: 0x11500f31
05-22 07:16:19.148   344  1855 D 2026-5-19:FakeVehicleHardware: setProperty id:0x11500f31,value:664130
05-22 07:16:19.148   344  1855 D DefaultVehicleHal: setProperty setValues end
05-22 07:16:19.148   344   356 D 2026-5-19:FakeVehicleHardware: setProperty FakeVehicleHardware  setValue START
05-22 07:16:19.148   344   356 D 2026-5-19:FakeVehicleHardware: setProperty FakeVehicleHardware  setValue end
05-22 07:16:19.149   573   573 I SpiService: fgesysctrl_getGPIO_status success val=1
05-22 06:34:52.890     1     1 I init    : Service 'trace_resource' (pid 13344) exited with status 127
05-22 06:34:52.890     1     1 I init    : Sending signal 9 to service 'trace_resource' (pid 13344) process group...
05-22 06:34:52.890     1     1 I libprocessgroup: Successfully killed process cgroup uid 0 pid 13344 in 0ms
05-22 06:34:52.892   573   573 D spi_rst_gpio_get_output: GPIO 145 value: 1
05-22 06:34:52.892   573   573 D spidev_ioctl: gpio status=1)
05-22 07:16:19.152  2981  3177 I SentryImuMcuAngleSender: 179.91722rollDeg
05-22 07:16:19.152  2981  3177 I SentryImuMcuAngleSender: 1,0,0
05-22 07:16:19.154   573   573 I SpiService: fgesysctrl_getGPIO_status success val=0
05-22 07:16:19.155 11323 11374 D ANWStack: [    664137][ANWBT] >>Avctp_L2cap_Data_Ind_Cb
05-22 07:16:19.155 11323 11374 D ANWStack: 
05-22 07:16:19.155 11323 11374 D ANWStack: [    664137][ANWBT] AVCTP Message Length = 22
05-22 07:16:19.155 11323 11374 D ANWStack: [    664137][ANWBT] Receive AVCTP_SINGLE_PACKET
05-22 07:16:19.155 11323 11374 D ANW_AVRCP: (11323|0xD12C8CB0)[AVRCP] [**AVRCP**] 0x82 0x110e
05-22 07:16:19.155 11323 11374 D ANW_AVRCP: (11323|0xD12C8CB0)[AVRCP] opcode match 0x0
05-22 07:16:19.155 11323 11374 D ANW_AVRCP: 
05-22 07:16:19.155 11323 11374 D ANW_AVRCP: (11323|0xD12C8CB0)[AVRCP] subopcode match 0x30, update ctype 0x1->0xc
05-22 07:16:19.155 11323 11374 D ANW_AVRCP: 
05-22 07:16:19.155 11323 11374 D ANW_AVRCP: (11323|0xD12C8CB0)[AVRCP] AVRCP_Packet_Parser Response
05-22 07:16:19.155 11323 11374 D ANW_AVRCP: 
05-22 07:16:19.155 11323 11374 D ANW_AVRCP: (11323|0xD12C8CB0)[AVRCP] AVRCP_Get_Play_Status_RSP_Handler 50464/210966 1
05-22 07:16:19.155 11323 11374 D ANWAPI  : (11323|0xD12C8CB0)[BTAPI] connmgr_find_by_handle pData = 0xb4000078d2e60eb0,7
05-22 07:16:19.155 11323 11374 D ANWAPI  : (11323|0xD12C8CB0)[BTAPI] ===BTAPI_MallocIdxMsg 1030 16
05-22 07:16:19.156 11323 11374 D ANWAPI  : (11323|0xD12C8CB0)[BTAPI] *BT_CB_Dispatch
05-22 07:16:19.156 11323 11374 D ANWAPI  : (11323|0xD12C8CB0)[BTAPI] *****SDK callback(0x406)
05-22 07:16:19.156 11323 11374 D ANWAPI  : (11323|0xD12C8CB0)[BTAPI] SDK***** [1c:11:2f:7c:1d:68]
05-22 07:16:19.156 11323 11374 D ANWAPI  : (11323|0xD12C8CB0)[BTAPI] btsdk_exec_apicb start
05-22 07:16:19.156 11323 11374 D ANWAPI  : (11323|0xD12C8CB0)[BTAPI] Up: AvrcpMsgHandler receive[1C:11:2F:7C:1D:68], Get Device ID(0)
05-22 07:16:19.156 11323 11374 D ANWAPI  : 
05-22 07:16:19.156 11323 11374 D ANWAPI  : (11323|0xD12C8CB0)[BTAPI] Up: AnWBT_AVRCP_CURRENT_PLAY_STATUS_IND
05-22 07:16:19.156 11323 11374 D ANWAPI  : 
05-22 07:16:19.156 11323 11374 D ANWAPI  : (11323|0xD12C8CB0)[BTAPI] songLengthMs     =210966
05-22 07:16:19.156 11323 11374 D ANWAPI  : 
05-22 07:16:19.156 11323 11374 D ANWAPI  : (11323|0xD12C8CB0)[BTAPI] songPositionMs   =50464
05-22 07:16:19.156 11323 11374 D ANWAPI  : 
05-22 07:16:19.156 11323 11374 I ANW bt_btif: AvrcpMsgHandler: HAL bt_rc_ctrl_callbacks->play_position_changed_cb
05-22 07:16:19.156 11323 11374 I BluetoothAvrcpControllerJni: btavrcp_play_position_changed_callback
05-22 07:16:19.156 11323 11374 D AvrcpControllerService: onPlayPositionChanged pos 50464
05-22 07:16:19.156 11323 11374 D ANWAPI  : (11323|0xD12C8CB0)[BTAPI] currentPlayStatus=1
05-22 07:16:19.156 11323 11374 D ANWAPI  : 
05-22 07:16:19.156 11323 11374 I ANW bt_btif: AvrcpMsgHandler: HAL bt_rc_ctrl_callbacks->play_status_changed_cb
05-22 07:16:19.156 11323 11374 I BluetoothAvrcpControllerJni: btavrcp_play_status_changed_callback
05-22 07:16:19.156 11323 11374 D AvrcpControllerService: onPlayStatusChanged 1
05-22 07:16:19.156 11323 11374 D ANWAPI  : (11323|0xD12C8CB0)[BTAPI] btsdk_exec_apicb end
05-22 07:16:19.156 11323 13102 D AvrcpControllerStateMachine: Avrcp.GetFolderList processMessage 206
05-22 07:16:19.156 11323 13102 D AvrcpControllerStateMachine: Avrcp.ConnectedAvrcpController processMessage 206
05-22 07:16:19.156 11323 13102 D AvrcpPlayer: getPlayBackState state 3 time 50464
05-22 07:16:19.156 11323 13102 D BluetoothMediaBrowserService: notifyChanged PlaybackStatePlaybackState {state=3, position=50464, buffered position=0, speed=1.0, updated=664138, actions=2375735, error code=0, error message=null, custom actions=[], active item id=6}
05-22 07:16:19.157   964  1804 D [OMXB]  : usingANWBuffer: handle:0xebd44c60, format:1, w:1920, h:1080
05-22 07:16:19.157 11323 13102 D AvrcpControllerStateMachine: Avrcp.GetFolderList processMessage 207
05-22 07:16:19.157 11323 13102 D AvrcpControllerStateMachine: Avrcp.ConnectedAvrcpController processMessage 207
05-22 07:16:19.157 11323 13102 D AvrcpPlayer: getPlayBackState state 3 time 50465
05-22 07:16:19.157 11323 13102 D BluetoothMediaBrowserService: notifyChanged PlaybackStatePlaybackState {state=3, position=50465, buffered position=0, speed=1.0, updated=664139, actions=2375735, error code=0, error message=null, custom actions=[], active item id=6}
05-22 07:16:19.158 11323 13102 D AvrcpControllerStateMachine: Avrcp.ConnectedAvrcpController shouldRequestFocus() true
05-22 07:16:19.158   291  1491 D EvsDriver: forwardFrame
05-22 07:16:19.159   260   260 D libvintf: HalManifest::getHidlTransport(framework): Cannot find android.hardware.usb@1.0::IUsb/default
05-22 07:16:19.159   291  1491 D EvsDriver: Delivered 0xb400007b2f47ca30 as id 0
05-22 07:16:19.159   260   260 D libvintf: HalManifest::getHidlTransport(device): Cannot find android.hardware.usb@1.0::IUsb/default
05-22 07:16:19.159   260   260 I hwservicemanager: getTransport: Cannot find entry android.hardware.usb@1.0::IUsb/default in either framework or device VINTF manifest.
05-22 07:16:19.159  1137  1150 D evsmanagerd: /dev/video4 forwarded the buffer #0 to 0xb4000071fa019690 from 0xb4000071fa01b7d0
05-22 07:16:19.160  2626  2832 E ExtUsbManager: UsbHalController: android.hardware.usb.V1_0.IUsb getService failed!
05-22 07:16:19.160  2626  2832 E ExtUsbManager: java.util.NoSuchElementException
05-22 07:16:19.160  2626  2832 E ExtUsbManager: 	at android.os.HwBinder.getService(Native Method)
05-22 07:16:19.160  2626  2832 E ExtUsbManager: 	at android.os.HwBinder.getService(HwBinder.java:81)
05-22 07:16:19.160  2626  2832 E ExtUsbManager: 	at android.hardware.usb.V1_0.IUsb.getService(IUsb.java:74)
05-22 07:16:19.160  2626  2832 E ExtUsbManager: 	at android.hardware.usb.V1_0.IUsb.getService(IUsb.java:84)
05-22 07:16:19.160  2626  2832 E ExtUsbManager: 	at ts.car.usb.UsbHalController.createService(UsbHalController.java:37)
05-22 07:16:19.160  2626  2832 E ExtUsbManager: 	at ts.car.usb.UsbHalController.createService(UsbHalController.java:18)
05-22 07:16:19.160  2626  2832 E ExtUsbManager: 	at ts.car.usb.utils.AutoServiceConnector4Hidl.autoConnect(AutoServiceConnector4Hidl.java:47)
05-22 07:16:19.160  2626  2832 E ExtUsbManager: 	at ts.car.usb.utils.AutoServiceConnector4Hidl$$ExternalSyntheticLambda0.run(Unknown Source:2)
05-22 07:16:19.160  2626  2832 E ExtUsbManager: 	at android.os.Handler.handleCallback(Handler.java:942)
05-22 07:16:19.160  2626  2832 E ExtUsbManager: 	at android.os.Handler.dispatchMessage(Handler.java:99)
05-22 07:16:19.160  2626  2832 E ExtUsbManager: 	at android.os.Looper.loopOnce(Looper.java:201)
05-22 07:16:19.160  2626  2832 E ExtUsbManager: 	at android.os.Looper.loop(Looper.java:288)
05-22 07:16:19.160  2626  2832 E ExtUsbManager: 	at android.os.HandlerThread.run(HandlerThread.java:67)
05-22 07:16:19.160   260   260 D libvintf: HalManifest::getHidlTransport(framework): Cannot find vendor.ts.usbext@1.0::IUsbext/default
05-22 07:16:19.160   260   260 D libvintf: HalManifest::getHidlTransport(device): Cannot find vendor.ts.usbext@1.0::IUsbext/default
05-22 07:16:19.160   260   260 I hwservicemanager: getTransport: Cannot find entry vendor.ts.usbext@1.0::IUsbext/default in either framework or device VINTF manifest.
05-22 06:34:52.898   573   573 D spi_rst_gpio_get_output: GPIO 145 value: 0
05-22 06:34:52.898   573   573 D spidev_ioctl: gpio status=0)
05-22 07:16:19.161  2626  2832 E ExtUsbManager: UsbHalExtController: vendor.ts.usbext.V1_0.IUsbext getService failed!
05-22 07:16:19.161  2626  2832 E ExtUsbManager: java.util.NoSuchElementException
05-22 07:16:19.161  2626  2832 E ExtUsbManager: 	at android.os.HwBinder.getService(Native Method)
05-22 07:16:19.161  2626  2832 E ExtUsbManager: 	at android.os.HwBinder.getService(HwBinder.java:81)
05-22 07:16:19.161  2626  2832 E ExtUsbManager: 	at vendor.ts.usbext.V1_0.IUsbext.getService(IUsbext.java:74)
05-22 07:16:19.161  2626  2832 E ExtUsbManager: 	at vendor.ts.usbext.V1_0.IUsbext.getService(IUsbext.java:84)
05-22 07:16:19.161  2626  2832 E ExtUsbManager: 	at ts.car.usb.UsbHalExtController.createService(UsbHalExtController.java:37)
05-22 07:16:19.161  2626  2832 E ExtUsbManager: 	at ts.car.usb.UsbHalExtController.createService(UsbHalExtController.java:18)
05-22 07:16:19.161  2626  2832 E ExtUsbManager: 	at ts.car.usb.utils.AutoServiceConnector4Hidl.autoConnect(AutoServiceConnector4Hidl.java:47)
05-22 07:16:19.161  2626  2832 E ExtUsbManager: 	at ts.car.usb.utils.AutoServiceConnector4Hidl$$ExternalSyntheticLambda0.run(Unknown Source:2)
05-22 07:16:19.161  2626  2832 E ExtUsbManager: 	at android.os.Handler.handleCallback(Handler.java:942)
05-22 07:16:19.161  2626  2832 E ExtUsbManager: 	at android.os.Handler.dispatchMessage(Handler.java:99)
05-22 07:16:19.161  2626  2832 E ExtUsbManager: 	at android.os.Looper.loopOnce(Looper.java:201)
05-22 07:16:19.161  2626  2832 E ExtUsbManager: 	at android.os.Looper.loop(Looper.java:288)
05-22 07:16:19.161  2626  2832 E ExtUsbManager: 	at android.os.HandlerThread.run(HandlerThread.java:67)
05-22 07:16:19.161   291  1135 D EvsDriver: doneWithFrame
05-22 07:16:19.161   260   260 D libvintf: HalManifest::getHidlTransport(framework): Cannot find android.hardware.usb.gadget@1.0::IUsbGadget/default
05-22 07:16:19.162   260   260 D libvintf: HalManifest::getHidlTransport(device): Cannot find android.hardware.usb.gadget@1.0::IUsbGadget/default
05-22 07:16:19.162   260   260 I hwservicemanager: getTransport: Cannot find entry android.hardware.usb.gadget@1.0::IUsbGadget/default in either framework or device VINTF manifest.
05-22 07:16:19.163  2626  2832 E ExtUsbManager: UsbGadgetController: android.hardware.usb.gadget.V1_0.IUsbGadget getService failed!
05-22 07:16:19.163  2626  2832 E ExtUsbManager: java.util.NoSuchElementException
05-22 07:16:19.163  2626  2832 E ExtUsbManager: 	at android.os.HwBinder.getService(Native Method)
05-22 07:16:19.163  2626  2832 E ExtUsbManager: 	at android.os.HwBinder.getService(HwBinder.java:81)
05-22 07:16:19.163  2626  2832 E ExtUsbManager: 	at android.hardware.usb.gadget.V1_0.IUsbGadget.getService(IUsbGadget.java:74)
05-22 07:16:19.163  2626  2832 E ExtUsbManager: 	at android.hardware.usb.gadget.V1_0.IUsbGadget.getService(IUsbGadget.java:84)
05-22 07:16:19.163  2626  2832 E ExtUsbManager: 	at ts.car.usb.UsbGadgetController.createService(UsbGadgetController.java:36)
05-22 07:16:19.163  2626  2832 E ExtUsbManager: 	at ts.car.usb.UsbGadgetController.createService(UsbGadgetController.java:17)
05-22 07:16:19.163  2626  2832 E ExtUsbManager: 	at ts.car.usb.utils.AutoServiceConnector4Hidl.autoConnect(AutoServiceConnector4Hidl.java:47)
05-22 07:16:19.163  2626  2832 E ExtUsbManager: 	at ts.car.usb.utils.AutoServiceConnector4Hidl$$ExternalSyntheticLambda0.run(Unknown Source:2)
05-22 07:16:19.163  2626  2832 E ExtUsbManager: 	at android.os.Handler.handleCallback(Handler.java:942)
05-22 07:16:19.163  2626  2832 E ExtUsbManager: 	at android.os.Handler.dispatchMessage(Handler.java:99)
05-22 07:16:19.163  2626  2832 E ExtUsbManager: 	at android.os.Looper.loopOnce(Looper.java:201)
05-22 07:16:19.163  2626  2832 E ExtUsbManager: 	at android.os.Looper.loop(Looper.java:288)
05-22 07:16:19.163  2626  2832 E ExtUsbManager: 	at android.os.HandlerThread.run(HandlerThread.java:67)
05-22 07:16:19.170   573   573 I SpiService: fgesysctrl_getGPIO_status success val=1
05-22 07:16:19.170  3735  3735 D NSLogUtils_MainActivity: progress->50441
05-22 07:16:19.173  2981  3177 I SentryImuMcuAngleSender: 179.91032rollDeg
05-22 07:16:19.173  2981  3177 I SentryImuMcuAngleSender: 1,0,0
05-22 06:34:52.913   573   573 D spi_rst_gpio_get_output: GPIO 145 value: 1
05-22 06:34:52.913   573   573 D spidev_ioctl: gpio status=1)
05-22 07:16:19.175   573   573 I SpiService: fgesysctrl_getGPIO_status success val=1
05-22 06:34:52.919   573   573 D spi_rst_gpio_get_output: GPIO 145 value: 1
05-22 06:34:52.919   573   573 D spidev_ioctl: gpio status=1)
05-22 07:16:19.181   573   573 I SpiService: fgesysctrl_getGPIO_status success val=1
05-22 06:34:52.924   573   573 D spi_rst_gpio_get_output: GPIO 145 value: 1
05-22 06:34:52.924   573   573 D spidev_ioctl: gpio status=1)
05-22 07:16:19.182   544   544 D commservice260303: msg.id = 1028,0
05-22 07:16:19.182   544   544 D commservice260303: i = 170, msgid = 8A000404
05-22 07:16:19.182   544   544 D commservice260303: msgid = -1979710460,did=138
05-22 07:16:19.182   544   544 D commservice260303: CommProtocolLibCmdBaseI2C::dataproc {"command":{"id":"imu_status","sub":""},"content":{"TimeStamp":1779405379181,"FrameCounter":15677,"GD_X":-0.008704167790710926,"GD_Y":0.007712244056165218,"GD_Z":0.017944088205695152,"AD_X":-0.0034386366605758667,"AD_Y":0.0032922709360718727,"AD_Z":-0.3290700912475586,"TempDsp":0,"Status":0,"CalibState":1,"SigAmpInvalid":0}},-1979710460
05-22 07:16:19.182   544   544 D commservice260303: send2Cluster len:326, 7B22636F6D6D616E64223A7B226964223A22696D755F737461747573222C22737562223A22227D2C22636F6E74656E74223A7B2254696D655374616D70223A313737393430353337393138312C224672616D65436F756E746572223A31353637372C2247445F58223A2D302E3030383730343136373739303731303932362C2247445F59223A302E3030373731323234343035363136353231382C2247445F5A223A302E3031373934343038383230353639353135322C2241445F58223A2D302E303033343338363336363630353735383636372C2241445F59223A302E303033323932323730393336303731383732372C2241445F5A223A2D302E333239303730303931323437353538362C2254656D70447370223A302C22537461747573223A302C2243616C69625374617465223A312C22536967416D70496E76616C6964223A307D7D, 138 
05-22 07:16:19.182  3735  3735 I NSLogUtils_BtMusicModel: onPlaybackStateChanged state: PlaybackState {state=3, position=50464, buffered position=0, speed=1.0, updated=664138, actions=2375735, custom actions=[], active item id=6, error=null} mIsBCallInCall=false
05-22 07:16:19.182   544   544 D commservice260303: Push Message into SendPool fn=-1925316608
05-22 07:16:19.182   544   544 D commservice260303: ComProtocolLibSend2Cluster::send2ClusterRaw fn=-1925316608 , len=342
05-22 07:16:19.182   544   544 D commservice260303: sendCmdToPort :342!!!
05-22 07:16:19.182   544   544 D commservice260303: send Cmd To Port ++++5AA501528A0100003E8D6A0F92437B22636F6D6D616E64223A7B226964223A22696D755F737461747573222C22737562223A22227D2C22636F6E74656E74223A7B2254696D655374616D70223A313737393430353337393138312C224672616D65436F756E746572223A31353637372C2247445F58223A2D302E3030383730343136373739303731303932362C2247445F59223A302E3030373731323234343035363136353231382C2247445F5A223A302E3031373934343038383230353639353135322C2241445F58223A2D302E303033343338363336363630353735383636372C2241445F59223A302E303033323932323730393336303731383732372C2241445F5A223A2D302E333239303730303931323437353538362C2254656D70447370223A302C22537461747573223A302C2243616C69625374617465223A312C22536967416D70496E76616C6964223A307D7D27F2
05-22 07:16:19.183   544   544 D commservice260303: bufferevent_write retrun value = 0
05-22 07:16:19.183   544   567 D commservice260303: client datas send succeed,send finish
05-22 07:16:19.183  2981  3178 D Sentinelmode_1.2.5.13_alpha: <SentryImuClusterFgeSender>imu_status sent to Linux, frame=15677, tsNs=664162, tsMs=1779405379181, intervalMs=42, ad=(-0.0034386367,0.003292271,-0.3290701), gd=(-0.008704168,0.007712244,0.017944088)
05-22 07:16:19.183  3735  3735 I NSLogUtils_BtMusicModel: musicChange metaData: android.media.MediaMetadata@f6e58f8f
05-22 07:16:19.183  3735  3735 I NSLogUtils_BtMusicModel: musicChange title: 狂沙漫卷 无畏无惧 历经磨铁血丹心,artist: 凌绝顶-梓渝,duration: 210966,album: 凌绝顶,albumArtUri: null
05-22 07:16:19.183  3735  3735 D NSLogUtils_MediaForegroundService: updateNotification isPlaying=true title=狂沙漫卷 无畏无惧 历经磨铁血丹心 text=凌绝顶-梓渝
05-22 07:16:19.186   737   737 D NotificationService: EnqueueNotificationRunnable.run for: 0|com.neusoft.btmusic|8001|null|1000
05-22 07:16:19.186  3735  3735 D NSLogUtils_BluetoothPlayerService: mPlaybackStateObserver isConnected: true
05-22 07:16:19.186  3735  3735 D NSLogUtils_BluetoothPlayerService: played trigger application focus
05-22 07:16:19.186   737   737 I notification_enqueue: [1000,3735,com.neusoft.btmusic,8001,NULL,0,Notification(channel=media_playback_channel shortcut=null contentView=null vibrate=null sound=null defaults=0x0 flags=0x4a color=0x00000000 category=transport groupKey=silent actions=3 vis=PUBLIC),1]
05-22 07:16:19.186  3735  3735 D NSLogUtils_SourceChangeManager: getCurrentSourceWithoutDefaultValue source: MUSIC_SOURCE_BT
05-22 07:16:19.186  3735  3735 D NSLogUtils_SourceChangeManager: setCurrentSource new source: MUSIC_SOURCE_BT ,currentSource: MUSIC_SOURCE_BT
05-22 07:16:19.186   573   573 I SpiService: fgesysctrl_getGPIO_status success val=1
05-22 07:16:19.186  3735  3735 E NSLogUtils_SourceChangeManager: setCurrentSource error, because currentSource is the same as source
05-22 07:16:19.186  3735  3735 D NSLogUtils_MainActivity: progress->50494
05-22 07:16:19.187  3735  3735 I NSLogUtils_BtMusicModel: onPlaybackStateChanged state: PlaybackState {state=3, position=50465, buffered position=0, speed=1.0, updated=664139, actions=2375735, custom actions=[], active item id=6, error=null} mIsBCallInCall=false
05-22 07:16:19.187  3735  3735 I NSLogUtils_BtMusicModel: musicChange metaData: android.media.MediaMetadata@f6e58f8f
05-22 07:16:19.187  3735  3735 I NSLogUtils_BtMusicModel: musicChange title: 狂沙漫卷 无畏无惧 历经磨铁血丹心,artist: 凌绝顶-梓渝,duration: 210966,album: 凌绝顶,albumArtUri: null
05-22 07:16:19.187  1812  1812 I ExtAssistant: ENQUEUED 0|com.neusoft.btmusic|8001|null|1000 on media_playback_channel
05-22 07:16:19.188  3735  3735 D NSLogUtils_MediaForegroundService: updateNotification isPlaying=true title=狂沙漫卷 无畏无惧 历经磨铁血丹心 text=凌绝顶-梓渝
05-22 07:16:19.188  1812  2664 D ExtAssistant: Creating Adjustment for 0|com.neusoft.btmusic|8001|null|1000, with 0 actions, and 0 replies.
05-22 06:34:52.930   573   573 D spi_rst_gpio_get_output: GPIO 145 value: 1
05-22 06:34:52.930   573   573 D spidev_ioctl: gpio status=1)
05-22 07:16:19.190 11323 11323 D MediaPlayerList: sendMediaUpdate
05-22 07:16:19.190 11323 11323 I MediaPlayerList: sendMediaUpdate: Creating a one item queue for a player with no queue
05-22 07:16:19.191 11323 11323 D MediaPlayerList: sendMediaUpdate state=PlaybackState {state=3, position=50468, buffered position=0, speed=1.0, updated=664172, actions=566, custom actions=[], active item id=-1, error=null}
05-22 07:16:19.191 11323 11323 D AvrcpTargetService: onMediaUpdated: track_changed=false state=true queue=false
05-22 07:16:19.191 11323 11323 D AvrcpNativeInterface: sendMediaUpdate: metadata=false playStatus=true queue=false
05-22 07:16:19.191 11323 11323 D AvrcpTargetJni: sendMediaUpdateNative
05-22 07:16:19.191 11323 11323 I droid.bluetooth: run avrcp SendMediaUpdate, AnW
05-22 07:16:19.192 11323 11323 D ANWAPI  : (11323|0x2B6584F8)[BTAPI] Handle_Hal_Callback, callback_type(9)
05-22 07:16:19.192   737   737 D NotificationService: EnqueueNotificationRunnable.run for: 0|com.neusoft.btmusic|8001|null|1000
05-22 07:16:19.192  3735  3735 D NSLogUtils_BluetoothPlayerService: mPlaybackStateObserver isConnected: true
05-22 07:16:19.192  3735  3735 D NSLogUtils_BluetoothPlayerService: played trigger application focus
05-22 07:16:19.192   737   737 I notification_enqueue: [1000,3735,com.neusoft.btmusic,8001,NULL,0,Notification(channel=media_playback_channel shortcut=null contentView=null vibrate=null sound=null defaults=0x0 flags=0x4a color=0x00000000 category=transport groupKey=silent actions=3 vis=PUBLIC),1]
05-22 07:16:19.192  3735  3735 D NSLogUtils_SourceChangeManager: getCurrentSourceWithoutDefaultValue source: MUSIC_SOURCE_BT
05-22 07:16:19.192  3735  3735 D NSLogUtils_SourceChangeManager: setCurrentSource new source: MUSIC_SOURCE_BT ,currentSource: MUSIC_SOURCE_BT
05-22 07:16:19.192  3735  3735 E NSLogUtils_SourceChangeManager: setCurrentSource error, because currentSource is the same as source
05-22 07:16:19.192   573   573 I SpiService: fgesysctrl_getGPIO_status success val=1
05-22 07:16:19.192  3735  3735 D NSLogUtils_MainActivity: progress->50500
05-22 07:16:19.193  2981  3177 I SentryImuMcuAngleSender: 179.90344rollDeg
05-22 07:16:19.193  2981  3177 I SentryImuMcuAngleSender: 1,0,0
05-22 07:16:19.193 11323 11374 I droid.bluetooth: run doGetPlaystatus, AnW
05-22 07:16:19.193 11323 11374 D AvrcpTargetJni: getCurrentPlayStatus
05-22 06:34:52.935   573   573 D spi_rst_gpio_get_output: GPIO 145 value: 1
05-22 06:34:52.935   573   573 D spidev_ioctl: gpio status=1)
05-22 07:16:19.194 11323 11374 D AvrcpNativeInterface: getPlayStatus
05-22 07:16:19.195   291  1491 D EvsDriver: forwardFrame
05-22 07:16:19.198   291  1491 D EvsDriver: Delivered 0xb400007b2f47ca30 as id 0
05-22 07:16:19.198 11323 11374 D ANWAPI  : (11323|0xD12C8CB0)[BTAPI] BT Addres is NULL , checking which array is connected
05-22 07:16:19.198 11323 11374 D ANWAPI  : 
05-22 07:16:19.198 11323 11374 D ANWAPI  : (11323|0xD12C8CB0)[BTAPI] SPPMIN(0)SPPMAX(0)
05-22 07:16:19.198 11323 11374 D ANWAPI  : 
05-22 07:16:19.198  1137  1150 D evsmanagerd: /dev/video4 forwarded the buffer #0 to 0xb4000071fa019690 from 0xb4000071fa01b7d0
05-22 07:16:19.198 11323 11374 D ANWAPI  : (11323|0xD12C8CB0)[BTAPI] In Three Step Get Device ID(0)
05-22 07:16:19.198 11323 11374 D ANWAPI  : 
05-22 07:16:19.198   565   565 I Sensors : 230 AccelSensor: x:-0.108580,y:0.015249,z:-10.133930
05-22 07:16:19.198   573   573 I SpiService: fgesysctrl_getGPIO_status success val=0
05-22 07:16:19.199 11323 11323 W AudioMediaPlayerWrapper: onPlaybackStateChanged(): com.neusoft.btmusic tried to update with no new data
05-22 07:16:19.199   344   510 W automotive.vehicle@2.0-adayo-func-bcm: BCMFunc sendMessageFromClient_l sendMessage prop: 0x11500f31 not in table
05-22 07:16:19.199 11323 11374 D ANWAPI  : (11323|0xD12C8CB0)[BTAPI] run Get_ID_By_AVRCPTarget_SpecialState(4)
05-22 07:16:19.199 11323 11374 D ANWAPI  : 
05-22 07:16:19.199  1812  1812 I ExtAssistant: ENQUEUED 0|com.neusoft.btmusic|8001|null|1000 on media_playback_channel
05-22 07:16:19.201  1812  2664 D ExtAssistant: Creating Adjustment for 0|com.neusoft.btmusic|8001|null|1000, with 0 actions, and 0 replies.
05-22 06:34:52.942   573   573 D spi_rst_gpio_get_output: GPIO 145 value: 0
05-22 06:34:52.942   573   573 D spidev_ioctl: gpio status=0)
05-22 07:16:19.204   291  1135 D EvsDriver: doneWithFrame
05-22 07:16:19.205   558  1606 I gps_hdbd: Received: '$GNGGA,231619.000,,,,,0,00,,,M,,M,,*68
'
05-22 07:16:19.211  1026  1026 D MyAppLog: [2026-05-22 07:16:19.210 D tboxap gspDataAnalyze:346] [Gps] rev gps data:$GNGGA,231619.000,,,,,0,00,,,M,,M,,*68
05-22 07:16:19.211   558  1606 I gps_hdbd: Received: '$GNGSA,A,1,,,,,,,,,,,,,,,,1*1D
'
05-22 07:16:19.211  1026  1026 D MyAppLog: [2026-05-22 07:16:19.210 D tboxap gpsCommTboxmidsRecvCb:66] [Gps] [gpsCommTboxmidsRecvCb] gps nmea updated:$GNGGA,231619.000,,,,,0,00,,,M,,M,,*68
05-22 07:16:19.211  1026  1026 D MyAppLog: 
05-22 07:16:19.212   558  1606 I gps_hdbd: Received: '$GNGSA,A,1,,,,,,,,,,,,,,,,3*1F
'
05-22 07:16:19.212  1026  1026 D MyAppLog: [2026-05-22 07:16:19.212 D tboxap gspDataAnalyze:346] [Gps] rev gps data:$GNGSA,A,1,,,,,,,,,,,,,,,,1*1D
05-22 07:16:19.213  1026  1026 D MyAppLog: [2026-05-22 07:16:19.212 D tboxap gpsCommTboxmidsRecvCb:66] [Gps] [gpsCommTboxmidsRecvCb] gps nmea updated:$GNGSA,A,1,,,,,,,,,,,,,,,,1*1D
05-22 07:16:19.213  1026  1026 D MyAppLog: 
05-22 07:16:19.213  1026  1026 D MyAppLog: [2026-05-22 07:16:19.212 D tboxap gspDataAnalyze:346] [Gps] rev gps data:$GNGSA,A,1,,,,,,,,,,,,,,,,3*1F
05-22 07:16:19.213  1026  1026 D MyAppLog: [2026-05-22 07:16:19.212 D tboxap gpsCommTboxmidsRecvCb:66] [Gps] [gpsCommTboxmidsRecvCb] gps nmea updated:$GNGSA,A,1,,,,,,,,,,,,,,,,3*1F
05-22 07:16:19.213  1026  1026 D MyAppLog: 
05-22 07:16:19.214  2981  3177 I SentryImuMcuAngleSender: 179.91379rollDeg
05-22 07:16:19.214  2981  3177 I SentryImuMcuAngleSender: 1,0,0
05-22 07:16:19.214   964  1804 D [OMXB]  : usingANWBuffer: handle:0xebd41980, format:1, w:1920, h:1080
05-22 07:16:19.216   558  1606 I gps_hdbd: Received: '$GNGSA,A,1,,,,,,,,,,,,,,,,4*18
'
05-22 07:16:19.216   573   573 I SpiService: fgesysctrl_getGPIO_status success val=1
05-22 07:16:19.216   558  1606 I gps_hdbd: Received: '$BDGSV,1,1,00,1*75
'
05-22 07:16:19.217   486   580 I mcuc    : rev,n=1,6AA6810D03000A8900CA0104090112345667
05-22 07:16:19.217  1026  1026 D MyAppLog: [2026-05-22 07:16:19.216 D tboxap gspDataAnalyze:346] [Gps] rev gps data:$GNGSA,A,1,,,,,,,,,,,,,,,,4*18
05-22 07:16:19.217   344   361 D automotive.vehicle@2.0-adayo-datacomm-mcu: MCUDatacomm sendMessageFromVehicle prop: 0x89, areaId: 0x0, status: 0xca, timestamp: 0x1
05-22 07:16:19.217   344   361 D automotive.vehicle@2.0-adayo-datacomm-mcu: MCUDatacomm 1sendMessageFromVehicle ---> type = 12 
05-22 06:34:52.960   573   573 D spi_rst_gpio_get_output: GPIO 145 value: 1
05-22 06:34:52.960   573   573 D spidev_ioctl: gpio status=1)
05-22 07:16:19.218   291  1491 D EvsDriver: forwardFrame
05-22 07:16:19.218  1091  1116 I tboxmids_ap: [2026-05-22 07:16:19.218] [MCU RX] src=MCU dst=ZMQ len=10 type=BINARY data=00 08 CA 01 04 09 01 12 34 56 
05-22 07:16:19.218  1026  1026 D MyAppLog: [2026-05-22 07:16:19.216 D tboxap gpsCommTboxmidsRecvCb:66] [Gps] [gpsCommTboxmidsRecvCb] gps nmea updated:$GNGSA,A,1,,,,,,,,,,,,,,,,4*18
05-22 07:16:19.218  1026  1026 D MyAppLog: 
05-22 07:16:19.218  1026  1026 D MyAppLog: [2026-05-22 07:16:19.217 D tboxap gspDataAnalyze:346] [Gps] rev gps data:$BDGSV,1,1,00,1*75
05-22 07:16:19.218  1026  1026 D MyAppLog: [2026-05-22 07:16:19.217 D tboxap gpsCommTboxmidsRecvCb:66] [Gps] [gpsCommTboxmidsRecvCb] gps nmea updated:$BDGSV,1,1,00,1*75
05-22 07:16:19.218  1026  1026 D MyAppLog: 
05-22 07:16:19.219   291  1491 D EvsDriver: Delivered 0xb400007b2f47ca30 as id 0
05-22 07:16:19.219  1137  1150 D evsmanagerd: /dev/video4 forwarded the buffer #0 to 0xb4000071fa019690 from 0xb4000071fa01b7d0
05-22 07:16:19.220  1026  1026 I MyAppLog: [2026-05-22 07:16:19.219 I tboxap mcuCommTboxmidsRecvCb:96] [Mcu] [mcuCommTboxmidsRecvCb] recv from tboxmids, size:10
05-22 07:16:19.220  1026  1026 I MyAppLog: [2026-05-22 07:16:19.219 I tboxap mcuCommTboxmidsRecvCb:97] [Mcu] [tboxmids -> tboxap]: :00 08 CA 01 04 09 01 12 34 56
05-22 07:16:19.220  1026  1026 I MyAppLog: [2026-05-22 07:16:19.219 I tboxap mcuPtlParseData:969] [Mcu] [Mcu  Parse]: (cmd):0901 (param):0901123456
05-22 07:16:19.220  1026  1026 D MyAppLog: [2026-05-22 07:16:19.219 D tboxap mcuCommCbHandel:1009] [Mcu] [Mcu  Rev]: (cmd):0901 (param value):123456
05-22 07:16:19.220  1026  1026 W MyAppLog: [2026-05-22 07:16:19.219 W tboxap mcuParamDataRevPack:897] [Mcu] mcuParamDataRevPack start pack data!!!
05-22 07:16:19.220   291  1135 D EvsDriver: doneWithFrame
05-22 07:16:19.220  1026  1026 W MyAppLog: [2026-05-22 07:16:19.219 W tboxap mcuSaveQueryData:204] [Mcu] [mcuSaveQueryData] unknown query item:0x56
05-22 07:16:19.220  1026  1026 W MyAppLog: [2026-05-22 07:16:19.219 W tboxap mcuHandleQueryInd:1037] [Mcu] [mcuHandleQueryInd] unknown query item:0x56
05-22 07:16:19.221  1026  1026 W MyAppLog: [2026-05-22 07:16:19.219 W tboxap mcuHandleQueryInd:1037] [Mcu] [mcuHandleQueryInd] unknown query item:0x56
05-22 07:16:19.221  1026  1026 W MyAppLog: [2026-05-22 07:16:19.219 W tboxap mcuHandleQueryInd:1037] [Mcu] [mcuHandleQueryInd] unknown query item:0x56
05-22 07:16:19.221  1026  1026 W MyAppLog: [2026-05-22 07:16:19.219 W tboxap mcuHandleQueryInd:1037] [Mcu] [mcuHandleQueryInd] unknown query item:0x56
05-22 07:16:19.221  1026  1026 W MyAppLog: [2026-05-22 07:16:19.219 W tboxap mcuHandleQueryInd:1037] [Mcu] [mcuHandleQueryInd] unknown query item:0x56
05-22 07:16:19.221  1026  1026 W MyAppLog: [2026-05-22 07:16:19.219 W tboxap mcuHandleQueryInd:1037] [Mcu] [mcuHandleQueryInd] unknown query item:0x56
05-22 07:16:19.221  1026  1026 W MyAppLog: [2026-05-22 07:16:19.219 W tboxap mcuHandleQueryInd:1037] [Mcu] [mcuHandleQueryInd] unknown query item:0x56
05-22 07:16:19.221  1026  1026 W MyAppLog: [2026-05-22 07:16:19.219 W tboxap mcuHandleQueryInd:1037] [Mcu] [mcuHandleQueryInd] unknown query item:0x56
05-22 07:16:19.221  1026  1026 W MyAppLog: [2026-05-22 07:16:19.219 W tboxap mcuHandleQueryInd:1037] [Mcu] [mcuHandleQueryInd] unknown query item:0x56
05-22 07:16:19.221   544   544 D commservice260303: msg.id = 1028,0
05-22 07:16:19.221  1026  1026 W MyAppLog: [2026-05-22 07:16:19.219 W tboxap mcuHandleQueryInd:1037] [Mcu] [mcuHandleQueryInd] unknown query item:0x56
05-22 07:16:19.222   544   544 D commservice260303: i = 170, msgid = 8A000404
05-22 07:16:19.222   544   544 D commservice260303: msgid = -1979710460,did=138
05-22 07:16:19.222   558  1606 I gps_hdbd: Received: '$GPGSV,1,1,01,199,42,165,,1*60
'
05-22 07:16:19.222  1026  1026 W MyAppLog: [2026-05-22 07:16:19.219 W tboxap mcuHandleQueryInd:1037] [Mcu] [mcuHandleQueryInd] unknown query item:0x56
05-22 07:16:19.222   573   573 I SpiService: fgesysctrl_getGPIO_status success val=1
05-22 07:16:19.222   544   544 D commservice260303: CommProtocolLibCmdBaseI2C::dataproc {"command":{"id":"imu_status","sub":""},"content":{"TimeStamp":1779405379221,"FrameCounter":15678,"GD_X":-0.009544207714498043,"GD_Y":0.008092992939054966,"GD_Z":0.018095972016453743,"AD_X":-0.001610293984413147,"AD_Y":-3.681126981973648E-4,"AD_Z":-0.3260211944580078,"TempDsp":0,"Status":0,"CalibState":1,"SigAmpInvalid":0}},-1979710460
05-22 07:16:19.222  1026  1026 W MyAppLog: [2026-05-22 07:16:19.219 W tboxap mcuHandleQueryInd:1037] [Mcu] [mcuHandleQueryInd] unknown query item:0x56
05-22 07:16:19.222   544   544 D commservice260303: send2Cluster len:325, 7B22636F6D6D616E64223A7B226964223A22696D755F737461747573222C22737562223A22227D2C22636F6E74656E74223A7B2254696D655374616D70223A313737393430353337393232312C224672616D65436F756E746572223A31353637382C2247445F58223A2D302E3030393534343230373731343439383034332C2247445F59223A302E3030383039323939323933393035343936362C2247445F5A223A302E3031383039353937323031363435333734332C2241445F58223A2D302E3030313631303239333938343431333134372C2241445F59223A2D332E363831313236393831393733363438452D342C2241445F5A223A2D302E333236303231313934343538303037382C2254656D70447370223A302C22537461747573223A302C2243616C69625374617465223A312C22536967416D70496E76616C6964223A307D7D, 138 
05-22 07:16:19.222   544   544 D commservice260303: Push Message into SendPool fn=-1908539392
05-22 07:16:19.222  1026  1026 W MyAppLog: [2026-05-22 07:16:19.219 W tboxap mcuHandleQueryInd:1037] [Mcu] [mcuHandleQueryInd] unknown query item:0x56
05-22 07:16:19.222   544   544 D commservice260303: ComProtocolLibSend2Cluster::send2ClusterRaw fn=-1908539392 , len=341
05-22 07:16:19.223   544   544 D commservice260303: sendCmdToPort :341!!!
05-22 07:16:19.223  1026  1026 W MyAppLog: [2026-05-22 07:16:19.219 W tboxap mcuHandleQueryInd:1037] [Mcu] [mcuHandleQueryInd] unknown query item:0x56
05-22 07:16:19.223   544   544 D commservice260303: send Cmd To Port ++++5AA501518A0100003E8E6A0F92437B22636F6D6D616E64223A7B226964223A22696D755F737461747573222C22737562223A22227D2C22636F6E74656E74223A7B2254696D655374616D70223A313737393430353337393232312C224672616D65436F756E746572223A31353637382C2247445F58223A2D302E3030393534343230373731343439383034332C2247445F59223A302E3030383039323939323933393035343936362C2247445F5A223A302E3031383039353937323031363435333734332C2241445F58223A2D302E3030313631303239333938343431333134372C2241445F59223A2D332E363831313236393831393733363438452D342C2241445F5A223A2D302E333236303231313934343538303037382C2254656D70447370223A302C22537461747573223A302C2243616C69625374617465223A312C22536967416D70496E76616C6964223A307D7D2B17
05-22 07:16:19.223  1026  1026 W MyAppLog: [2026-05-22 07:16:19.219 W tboxap mcuHandleQueryInd:1037] [Mcu] [mcuHandleQueryInd] unknown query item:0x56
05-22 07:16:19.223   544   544 D commservice260303: bufferevent_write retrun value = 0
05-22 07:16:19.223   544   567 D commservice260303: client datas send succeed,send finish
05-22 07:16:19.223  1026  1026 W MyAppLog: [2026-05-22 07:16:19.219 W tboxap mcuHandleQueryInd:1037] [Mcu] [mcuHandleQueryInd] unknown query item:0x56
05-22 07:16:19.223  1026  1026 W MyAppLog: [2026-05-22 07:16:19.219 W tboxap mcuHandleQueryInd:1037] [Mcu] [mcuHandleQueryInd] unknown query item:0x56
05-22 07:16:19.224  1026  1026 W MyAppLog: [2026-05-22 07:16:19.219 W tboxap mcuHandleQueryInd:1037] [Mcu] [mcuHandleQueryInd] unknown query item:0x56
05-22 07:16:19.224  1026  1026 W MyAppLog: [2026-05-22 07:16:19.219 W tboxap mcuHandleQueryInd:1037] [Mcu] [mcuHandleQueryInd] unknown query item:0x56
05-22 07:16:19.224  1026  1026 W MyAppLog: [2026-05-22 07:16:19.219 W tboxap mcuHandleQueryInd:1037] [Mcu] [mcuHandleQueryInd] unknown query item:0x56
05-22 07:16:19.224  1026  1026 W MyAppLog: [2026-05-22 07:16:19.219 W tboxap mcuHandleQueryInd:1037] [Mcu] [mcuHandleQueryInd] unknown query item:0x56
05-22 07:16:19.224  1026  1026 W MyAppLog: [2026-05-22 07:16:19.219 W tboxap mcuHandleQueryInd:1037] [Mcu] [mcuHandleQueryInd] unknown query item:0x56
05-22 07:16:19.224  1026  1026 W MyAppLog: [2026-05-22 07:16:19.219 W tboxap mcuHandleQueryInd:1037] [Mcu] [mcuHandleQueryInd] unknown query item:0x56
05-22 07:16:19.224  1026  1026 W MyAppLog: [2026-05-22 07:16:19.219 W tboxap mcuHandleQueryInd:1037] [Mcu] [mcuHandleQueryInd] unknown query item:0x56
05-22 07:16:19.224  2981  3178 D Sentinelmode_1.2.5.13_alpha: <SentryImuClusterFgeSender>imu_status sent to Linux, frame=15678, tsNs=664199, tsMs=1779405379221, intervalMs=41, ad=(-0.001610294,-3.681127E-4,-0.3260212), gd=(-0.009544208,0.008092993,0.018095972)
05-22 07:16:19.224  1026  1026 W MyAppLog: [2026-05-22 07:16:19.219 W tboxap mcuHandleQueryInd:1037] [Mcu] [mcuHandleQueryInd] unknown query item:0x56
05-22 07:16:19.225  1026  1026 W MyAppLog: [2026-05-22 07:16:19.219 W tboxap mcuHandleQueryInd:1037] [Mcu] [mcuHandleQueryInd] unknown query item:0x56
05-22 07:16:19.225  1026  1026 W MyAppLog: [2026-05-22 07:16:19.219 W tboxap mcuHandleQueryInd:1037] [Mcu] [mcuHandleQueryInd] unknown query item:0x56
05-22 07:16:19.225  1026  1026 W MyAppLog: [2026-05-22 07:16:19.219 W tboxap mcuHandleQueryInd:1037] [Mcu] [mcuHandleQueryInd] unknown query item:0x56
05-22 07:16:19.225  1026  1026 W MyAppLog: [2026-05-22 07:16:19.219 W tboxap mcuHandleQueryInd:1037] [Mcu] [mcuHandleQueryInd] unknown query item:0x56
05-22 07:16:19.225  1026  1026 W MyAppLog: [2026-05-22 07:16:19.219 W tboxap mcuHandleQueryInd:1037] [Mcu] [mcuHandleQueryInd] unknown query item:0x56
05-22 07:16:19.225  1026  1026 W MyAppLog: [2026-05-22 07:16:19.219 W tboxap mcuHandleQueryInd:1037] [Mcu] [mcuHandleQueryInd] unknown query item:0x56
05-22 07:16:19.225  1026  1026 W MyAppLog: [2026-05-22 07:16:19.219 W tboxap mcuHandleQueryInd:1037] [Mcu] [mcuHandleQueryInd] unknown query item:0x56
05-22 07:16:19.225  1026  1026 W MyAppLog: [2026-05-22 07:16:19.219 W tboxap mcuHandleQueryInd:1037] [Mcu] [mcuHandleQueryInd] unknown query item:0x56
05-22 07:16:19.225  1026  1026 W MyAppLog: [2026-05-22 07:16:19.219 W tboxap mcuHandleQueryInd:1037] [Mcu] [mcuHandleQueryInd] unknown query item:0x56
05-22 07:16:19.226  1026  1026 W MyAppLog: [2026-05-22 07:16:19.219 W tboxap mcuHandleQueryInd:1037] [Mcu] [mcuHandleQueryInd] unknown query item:0x56
05-22 07:16:19.226  1026  1026 W MyAppLog: [2026-05-22 07:16:19.219 W tboxap mcuHandleQueryInd:1037] [Mcu] [mcuHandleQueryInd] unknown query item:0x56
05-22 07:16:19.226  1026  1026 W MyAppLog: [2026-05-22 07:16:19.219 W tboxap mcuHandleQueryInd:1037] [Mcu] [mcuHandleQueryInd] unknown query item:0x56
05-22 07:16:19.226  1026  1026 W MyAppLog: [2026-05-22 07:16:19.219 W tboxap mcuHandleQueryInd:1037] [Mcu] [mcuHandleQueryInd] unknown query item:0x56
05-22 07:16:19.226  1026  1026 W MyAppLog: [2026-05-22 07:16:19.219 W tboxap mcuHandleQueryInd:1037] [Mcu] [mcuHandleQueryInd] unknown query item:0x56
05-22 07:16:19.226  1026  1026 W MyAppLog: [2026-05-22 07:16:19.219 W tboxap mcuHandleQueryInd:1037] [Mcu] [mcuHandleQueryInd] unknown query item:0x56
05-22 07:16:19.226  1026  1026 W MyAppLog: [2026-05-22 07:16:19.219 W tboxap mcuHandleQueryInd:1037] [Mcu] [mcuHandleQueryInd] unknown query item:0x56
05-22 07:16:19.226  1026  1026 W MyAppLog: [2026-05-22 07:16:19.219 W tboxap mcuHandleQueryInd:1037] [Mcu] [mcuHandleQueryInd] unknown query item:0x56
05-22 07:16:19.227  1026  1026 W MyAppLog: [2026-05-22 07:16:19.219 W tboxap mcuHandleQueryInd:1037] [Mcu] [mcuHandleQueryInd] unknown query item:0x56
05-22 07:16:19.227  1026  1026 W MyAppLog: [2026-05-22 07:16:19.219 W tboxap mcuHandleQueryInd:1037] [Mcu] [mcuHandleQueryInd] unknown query item:0x56
05-22 07:16:19.227  1026  1026 W MyAppLog: [2026-05-22 07:16:19.219 W tboxap mcuHandleQueryInd:1037] [Mcu] [mcuHandleQueryInd] unknown query item:0x56
05-22 07:16:19.227  1026  1026 W MyAppLog: [2026-05-22 07:16:19.219 W tboxap mcuHandleQueryInd:1037] [Mcu] [mcuHandleQueryInd] unknown query item:0x56
05-22 07:16:19.227  1026  1026 W MyAppLog: [2026-05-22 07:16:19.219 W tboxap mcuHandleQueryInd:1037] [Mcu] [mcuHandleQueryInd] unknown query item:0x56
05-22 06:34:52.965   573   573 D spi_rst_gpio_get_output: GPIO 145 value: 1
05-22 07:16:19.227  1026  1026 W MyAppLog: [2026-05-22 07:16:19.219 W tboxap mcuHandleQueryInd:1037] [Mcu] [mcuHandleQueryInd] unknown query item:0x56
05-22 06:34:52.965   573   573 D spidev_ioctl: gpio status=1)
05-22 06:34:52.971   573   573 D spi_rst_gpio_get_output: GPIO 145 value: 1
05-22 06:34:52.971   573   573 D spidev_ioctl: gpio status=1)
05-22 07:16:19.227  1026  1026 W MyAppLog: [2026-05-22 07:16:19.219 W tboxap mcuHandleQueryInd:1037] [Mcu] [mcuHandleQueryInd] unknown query item:0x56
05-22 07:16:19.227  1026  1026 W MyAppLog: [2026-05-22 07:16:19.219 W tboxap mcuHandleQueryInd:1037] [Mcu] [mcuHandleQueryInd] unknown query item:0x56
05-22 07:16:19.228  1026  1026 W MyAppLog: [2026-05-22 07:16:19.219 W tboxap mcuHandleQueryInd:1037] [Mcu] [mcuHandleQueryInd] unknown query item:0x56
05-22 07:16:19.228   573   573 I SpiService: fgesysctrl_getGPIO_status success val=1
05-22 07:16:19.228  1026  1026 W MyAppLog: [2026-05-22 07:16:19.219 W tboxap mcuHandleQueryInd:1037] [Mcu] [mcuHandleQueryInd] unknown query item:0x56
05-22 07:16:19.228  1026  1026 D MyAppLog: [2026-05-22 07:16:19.223 D tboxap gspDataAnalyze:346] [Gps] rev gps data:$GPGSV,1,1,01,199,42,165,,1*60
05-22 07:16:19.228  1026  1026 D MyAppLog: [2026-05-22 07:16:19.223 D tboxap gpsCommTboxmidsRecvCb:66] [Gps] [gpsCommTboxmidsRecvCb] gps nmea updated:$GPGSV,1,1,01,199,42,165,,1*60
05-22 07:16:19.228  1026  1026 D MyAppLog: 
05-22 07:16:19.224   558  1606 I gps_hdbd: Received: '$GAGSV,1,1,00,7*73
'
05-22 07:16:19.230   558  1606 I gps_hdbd: Received: '$GNRMC,231619.000,V,,,,,,,210526,120.0,E,N,V*4D
'
05-22 07:16:19.230  1026  1026 D MyAppLog: [2026-05-22 07:16:19.230 D tboxap gspDataAnalyze:346] [Gps] rev gps data:$GAGSV,1,1,00,7*73
05-22 07:16:19.230   558  1606 I gps_hdbd: RMC : CALL gnss_sv_status_cb, view_in_sat <1>
05-22 07:16:19.230   558  1606 I gps_hdbd: [reportSvStatus]--->PLATFORM_BSP::Enter
05-22 07:16:19.230  1026  1026 D MyAppLog: [2026-05-22 07:16:19.230 D tboxap gpsCommTboxmidsRecvCb:66] [Gps] [gpsCommTboxmidsRecvCb] gps nmea updated:$GAGSV,1,1,00,7*73
05-22 07:16:19.230  1026  1026 D MyAppLog: 
05-22 07:16:19.231   558  1606 I gps_hdbd: hy abnormal deal:hy_cnr30_satellite_cnt=0
05-22 07:16:19.231   558  1606 D gps_hdbd: hy abnormal deal:hy_fixStatus_fail_count=0
05-22 07:16:19.231  1026  1026 D MyAppLog: [2026-05-22 07:16:19.230 D tboxap gspDataAnalyze:346] [Gps] rev gps data:$GNRMC,231619.000,V,,,,,,,210526,120.0,E,N,V*4D
05-22 07:16:19.231  1026  1026 D MyAppLog: [2026-05-22 07:16:19.231 D tboxap Real_GPS_Command_Process:293] [Gps] GPS_INFOR_IF_COMPLETED 0f
05-22 07:16:19.231  1026  1026 D MyAppLog: [2026-05-22 07:16:19.231 D tboxap gpsCommDataCb:143] [Gps] [gpsCommDataCb] datacb
05-22 07:16:19.231  1026  1026 W MyAppLog: [2026-05-22 07:16:19.231 W tboxap gpsSyncGpsInfoToDm:263] [Gps] [gpsSyncGpsInfoToDm] fix=0 mode=49 alt=0.00 sat=0 hdop=0.00 pdop=0.00 vdop=0.00
05-22 07:16:19.231  1026  1026 D MyAppLog: [2026-05-22 07:16:19.231 D tboxap gpsIpcInfoCallBack:161] [Gps] [gpsIpcInfoCallBack] gpsIpcInfoCallBack in
05-22 07:16:19.231  1026  1026 D MyAppLog: [2026-05-22 07:16:19.231 D tboxap gpsIpcInfoCallBack:168] [Gps] [gpsIpcInfoCallBack] gps ipc init gpsIpcInfoCallBack = 0x64d0daa0fc
05-22 07:16:19.232  1026  1026 D MyAppLog: [2026-05-22 07:16:19.231 D tboxap gpsIpcInfoCallBack:176] [Gps] [gpsIpcInfoCallBack] gpsIpcInfoCallBack 44 out
05-22 07:16:19.232  1026  1026 D MyAppLog: [2026-05-22 07:16:19.231 D tboxap gpsCommTboxmidsRecvCb:66] [Gps] [gpsCommTboxmidsRecvCb] gps nmea updated:$GNRMC,231619.000,V,,,,,,,210526,120.0,E,N,V*4D
