05-22 07:16:16.408   544   544 D commservice260303: CommProtocolLibCmdBaseI2C::dataproc {"command":{"id":"imu_status","sub":""},"content":{"TimeStamp":1779405376404,"FrameCounter":15609,"GD_X":-0.00969713181257248,"GD_Y":0.0073299347423017025,"GD_Z":0.017867106944322586,"AD_X":-0.004590019583702087,"AD_Y":-2.3000501096248627E-4,"AD_Z":-0.3247995376586914,"TempDsp":0,"Status":0,"CalibState":1,"SigAmpInvalid":0}},-1979710460
05-22 07:16:16.408   544   544 D commservice260303: send2Cluster len:326, 7B22636F6D6D616E64223A7B226964223A22696D755F737461747573222C22737562223A22227D2C22636F6E74656E74223A7B2254696D655374616D70223A313737393430353337363430342C224672616D65436F756E746572223A31353630392C2247445F58223A2D302E30303936393731333138313235373234382C2247445F59223A302E303037333239393334373432333031373032352C2247445F5A223A302E3031373836373130363934343332323538362C2241445F58223A2D302E3030343539303031393538333730323038372C2241445F59223A2D322E33303030353031303936323438363237452D342C2241445F5A223A2D302E333234373939353337363538363931342C2254656D70447370223A302C22537461747573223A302C2243616C69625374617465223A312C22536967416D70496E76616C6964223A307D7D, 138 
05-22 07:16:16.408   544   544 D commservice260303: Push Message into SendPool fn=1212022784
05-22 07:16:16.408 11323 11374 D ANWStack: [    661390][ANWBT] >>Avctp_L2cap_Data_Ind_Cb
05-22 07:16:16.408 11323 11374 D ANWStack: 
05-22 07:16:16.408   544   544 D commservice260303: ComProtocolLibSend2Cluster::send2ClusterRaw fn=1212022784 , len=342
05-22 07:16:16.408 11323 11374 D ANWStack: [    661390][ANWBT] AVCTP Message Length = 14
05-22 07:16:16.408   544   544 D commservice260303: sendCmdToPort :342!!!
05-22 07:16:16.408 11323 11374 D ANWStack: [    661390][ANWBT] Receive AVCTP_SINGLE_PACKET
05-22 07:16:16.408 11323 11374 D ANW_AVRCP: (11323|0xD12C8CB0)[AVRCP] [**AVRCP**] 0x92 0x110e
05-22 07:16:16.408 11323 11374 D ANW_AVRCP: (11323|0xD12C8CB0)[AVRCP] opcode match 0x0
05-22 07:16:16.408 11323 11374 D ANW_AVRCP: 
05-22 07:16:16.408 11323 11374 D ANW_AVRCP: (11323|0xD12C8CB0)[AVRCP] subopcode match 0x31, update ctype 0xf->0xd
05-22 07:16:16.408 11323 11374 D ANW_AVRCP: 
05-22 07:16:16.408 11323 11374 D ANW_AVRCP: (11323|0xD12C8CB0)[AVRCP] AVRCP_Packet_Parser Response
05-22 07:16:16.408 11323 11374 D ANW_AVRCP: 
05-22 07:16:16.408   544   544 D commservice260303: send Cmd To Port ++++5AA501528A0100003E486A0F92407B22636F6D6D616E64223A7B226964223A22696D755F737461747573222C22737562223A22227D2C22636F6E74656E74223A7B2254696D655374616D70223A313737393430353337363430342C224672616D65436F756E746572223A31353630392C2247445F58223A2D302E30303936393731333138313235373234382C2247445F59223A302E303037333239393334373432333031373032352C2247445F5A223A302E3031373836373130363934343332323538362C2241445F58223A2D302E3030343539303031393538333730323038372C2241445F59223A2D322E33303030353031303936323438363237452D342C2241445F5A223A2D302E333234373939353337363538363931342C2254656D70447370223A302C22537461747573223A302C2243616C69625374617465223A312C22536967416D70496E76616C6964223A307D7D84CE
05-22 07:16:16.408 11323 11374 D ANW_AVRCP: (11323|0xD12C8CB0)[AVRCP] AVRCP_VENDOR_DEPENDENT_Changed_RSP_Handler PDU_ID=0x31
05-22 07:16:16.408 11323 11374 D ANW_AVRCP: (11323|0xD12C8CB0)[AVRCP] EVENT_NOW_PLAYING_CONTENT_CHANGED
05-22 07:16:16.408 11323 11374 D ANWAPI  : (11323|0xD12C8CB0)[BTAPI] connmgr_find_by_handle pData = 0xb4000078d2e60eb0,7
05-22 07:16:16.408 11323 11374 D ANWAPI  : (11323|0xD12C8CB0)[BTAPI] AVRCP_VENDOR_DEPENDENT_CHANGED_RSP id=9
05-22 07:16:16.408   544   544 D commservice260303: bufferevent_write retrun value = 0
05-22 07:16:16.408 11323 11374 D ANWAPI  : (11323|0xD12C8CB0)[BTAPI] EVENT_NOW_PLAYING_CONTENT_CHANGED
05-22 07:16:16.408   544   567 D commservice260303: client datas send succeed,send finish
05-22 07:16:16.408 11323 11374 D ANWAPI  : (11323|0xD12C8CB0)[BTAPI] AVRCP_RegisterNotification event_id=9
05-22 07:16:16.409 11323 11374 D ANW_AVRCP: (11323|0xD12C8CB0)[AVRCP] API AVRCP_RegisterNotification
05-22 07:16:16.409 11323 11374 D ANWStack: [    661391][ANWBT] <<Avctp_Send_Message 0/1:
05-22 07:16:16.409 11323 11374 D ANWStack: 
05-22 07:16:16.409 11323 11374 D ANWStack: [    661391][ANWBT] L2CAP: L2_RetrieveHandle called, cid=0x82
05-22 07:16:16.409 11323 11374 D ANWStack: 
05-22 07:16:16.409 11323 11374 D ANWAPI  : (11323|0xD12C8CB0)[BTAPI] ===BTAPI_MallocIdxMsg 1038 1
05-22 07:16:16.409 11323 11374 D ANWAPI  : (11323|0xD12C8CB0)[BTAPI] *BT_CB_Dispatch
05-22 07:16:16.409 11323 11374 D ANWAPI  : (11323|0xD12C8CB0)[BTAPI] *****SDK callback(0x40e)
05-22 07:16:16.409 11323 11374 D ANWAPI  : (11323|0xD12C8CB0)[BTAPI] SDK***** [1c:11:2f:7c:1d:68]
05-22 07:16:16.409 11323 11374 D ANWAPI  : (11323|0xD12C8CB0)[BTAPI] btsdk_exec_apicb start
05-22 07:16:16.409 11323 11374 D ANWAPI  : (11323|0xD12C8CB0)[BTAPI] Up: AvrcpMsgHandler receive[1C:11:2F:7C:1D:68], Get Device ID(0)
05-22 07:16:16.409 11323 11374 D ANWAPI  : 
05-22 07:16:16.409 11323 11374 D ANWAPI  : (11323|0xD12C8CB0)[BTAPI] Up: AnWBT_AVRCP_EVENT_NOW_PLAYING_CONTENT_CHANGED_IND
05-22 07:16:16.409 11323 11374 D ANWAPI  : 
05-22 07:16:16.409 11323 11374 I ANW bt_btif: AvrcpMsgHandler: HAL bt_rc_ctrl_callbacks->now_playing_contents_changed_cb
05-22 07:16:16.409 11323 11374 I BluetoothAvrcpControllerJni: btavrcp_now_playing_content_changed_callback
05-22 07:16:16.409  2981  3178 D Sentinelmode_1.2.5.13_alpha: <SentryImuClusterFgeSender>imu_status sent to Linux, frame=15609, tsNs=661380, tsMs=1779405376404, intervalMs=44, ad=(-0.0045900196,-2.3000501E-4,-0.32479954), gd=(-0.009697132,0.0073299347,0.017867107)
05-22 07:16:16.409 11323 11374 D AvrcpControllerService: handleNowPlayingContentChanged
05-22 07:16:16.409 11323 11374 D BrowseTree: Set CachefalseNodeID: NOW_PLAYING
05-22 07:16:16.409 11323 11374 D AvrcpControllerStateMachine: removeUnusedArtworkFromBrowseTree()
05-22 07:16:16.410 11323 11374 D ANWAPI  : (11323|0xD12C8CB0)[BTAPI] btsdk_exec_apicb end
05-22 07:16:16.410 11323 13102 D AvrcpControllerStateMachine: Avrcp.GetFolderList processMessage 300
05-22 07:16:16.410 11323 13102 D AvrcpControllerStateMachine: GetFolderItems: Get The Same Directory, ignore
05-22 07:16:16.410   947 13260 D resolv  : GetAddrInfoHandler::run: {0 786432 0 983040 1000 0}
05-22 07:16:16.410   947 13260 D resolv  : resolv_getaddrinfo: explore_fqdn(): ai_family=0 ai_socktype=1 ai_protocol=6
05-22 07:16:16.410   573   573 I SpiService: fgesysctrl_getGPIO_status success val=0
05-22 07:16:16.411  1658  2866 W AIN-HttpHealthPolicy: call() called error, host=www.huaweicloud.com, err_msg=Unable to resolve host "www.huaweicloud.com": No address associated with hostname
05-22 07:16:16.411  1658  2865 D AIN-PingWorker: updateHost: result=true,host=www.huaweicloud.com,delay=-1
05-22 07:16:16.411  1658  2865 D AIN-NetCheckerOutputer: onWeak
05-22 07:16:16.411  1658  2865 D AIN-ServiceHub: getService with: name = service_tracker
05-22 06:34:50.154   573   573 D spi_rst_gpio_get_output: GPIO 145 value: 0
05-22 06:34:50.154   573   573 D spidev_ioctl: gpio status=0)
05-22 07:16:16.419   291  1491 D EvsDriver: forwardFrame
05-22 07:16:16.421   276   300 I rvcservice: t.code = 3, t.value = 0
05-22 07:16:16.422   291  1491 D EvsDriver: Delivered 0xb400007b2f47ca30 as id 0
05-22 07:16:16.422  1137  1150 D evsmanagerd: /dev/video4 forwarded the buffer #0 to 0xb4000071fa019690 from 0xb4000071fa01b7d0
05-22 07:16:16.423   291  1135 D EvsDriver: doneWithFrame
05-22 07:16:16.425 11323 11374 D ANWStack: [    661407][ANWBT] >>Avctp_L2cap_Data_Ind_Cb
05-22 07:16:16.425 11323 11374 D ANWStack: 
05-22 07:16:16.425 11323 11374 D ANWStack: [    661407][ANWBT] AVCTP Message Length = 22
05-22 07:16:16.425 11323 11374 D ANWStack: [    661407][ANWBT] Receive AVCTP_SINGLE_PACKET
05-22 07:16:16.425 11323 11374 D ANW_AVRCP: (11323|0xD12C8CB0)[AVRCP] [**AVRCP**] 0xa2 0x110e
05-22 07:16:16.425 11323 11374 D ANW_AVRCP: (11323|0xD12C8CB0)[AVRCP] opcode match 0x0
05-22 07:16:16.425 11323 11374 D ANW_AVRCP: 
05-22 07:16:16.425 11323 11374 D ANW_AVRCP: (11323|0xD12C8CB0)[AVRCP] subopcode match 0x31, update ctype 0xf->0xd
05-22 07:16:16.425 11323 11374 D ANW_AVRCP: 
05-22 07:16:16.425   573   573 I SpiService: fgesysctrl_getGPIO_status success val=1
05-22 07:16:16.425 11323 11374 D ANW_AVRCP: (11323|0xD12C8CB0)[AVRCP] AVRCP_Packet_Parser Response
05-22 07:16:16.425 11323 11374 D ANW_AVRCP: 
05-22 07:16:16.425 11323 11374 D ANW_AVRCP: (11323|0xD12C8CB0)[AVRCP] AVRCP_VENDOR_DEPENDENT_Changed_RSP_Handler PDU_ID=0x31
05-22 07:16:16.425 11323 11374 D ANW_AVRCP: (11323|0xD12C8CB0)[AVRCP] EVENT_TRACK_CHANGED
05-22 07:16:16.425  2981  3177 I SentryImuMcuAngleSender: 179.931rollDeg
05-22 07:16:16.425 11323 11374 D ANWAPI  : (11323|0xD12C8CB0)[BTAPI] connmgr_find_by_handle pData = 0xb4000078d2e60eb0,7
05-22 07:16:16.425 11323 11374 D ANWAPI  : (11323|0xD12C8CB0)[BTAPI] AVRCP_VENDOR_DEPENDENT_CHANGED_RSP id=2
05-22 07:16:16.425  2981  3177 I SentryImuMcuAngleSender: 1,0,0
05-22 06:34:50.168   573   573 D spi_rst_gpio_get_output: GPIO 145 value: 1
05-22 06:34:50.168   573   573 D spidev_ioctl: gpio status=1)
05-22 07:16:16.425 11323 11374 D ANWAPI  : (11323|0xD12C8CB0)[BTAPI] EVENT_TRACK_CHANGED
05-22 07:16:16.425 11323 11374 D ANWAPI  : (11323|0xD12C8CB0)[BTAPI] AVRCP_RegisterNotification event_id=2
05-22 07:16:16.425 11323 11374 D ANW_AVRCP: (11323|0xD12C8CB0)[AVRCP] API AVRCP_RegisterNotification
05-22 07:16:16.425 11323 11374 D ANWStack: [    661407][ANWBT] <<Avctp_Send_Message 0/1:
05-22 07:16:16.425 11323 11374 D ANWStack: 
05-22 07:16:16.425 11323 11374 D ANWStack: [    661407][ANWBT] L2CAP: L2_RetrieveHandle called, cid=0x82
05-22 07:16:16.425 11323 11374 D ANWStack: 
05-22 07:16:16.426 11323 11374 D ANWAPI  : (11323|0xD12C8CB0)[BTAPI] AVRCP_EVENT_TRACK_CHANGED
05-22 07:16:16.426 11323 11374 D ANWAPI  : (11323|0xD12C8CB0)[BTAPI] ===BTAPI_MallocIdxMsg 1035 9
05-22 07:16:16.426 11323 11374 D ANWAPI  : (11323|0xD12C8CB0)[BTAPI] AnwhciEventCallback 19 1
05-22 07:16:16.426 11323 11374 D ANWAPI  : (11323|0xD12C8CB0)[BTAPI] *BT_CB_Dispatch
05-22 07:16:16.426 11323 11374 D ANWAPI  : (11323|0xD12C8CB0)[BTAPI] *****SDK callback(0x40b)
05-22 07:16:16.426 11323 11374 D ANWAPI  : (11323|0xD12C8CB0)[BTAPI] SDK***** [1c:11:2f:7c:1d:68]
05-22 07:16:16.426 11323 11374 D ANWAPI  : (11323|0xD12C8CB0)[BTAPI] btsdk_exec_apicb start
05-22 07:16:16.426 11323 11374 D ANWAPI  : (11323|0xD12C8CB0)[BTAPI] Up: AvrcpMsgHandler receive[1C:11:2F:7C:1D:68], Get Device ID(0)
05-22 07:16:16.426 11323 11374 D ANWAPI  : 
05-22 07:16:16.426 11323 11374 D ANWAPI  : (11323|0xD12C8CB0)[BTAPI] Up: AnWBT_AVRCP_TRACK_CHANGED_IND
05-22 07:16:16.426 11323 11374 D ANWAPI  : 
05-22 07:16:16.426 11323 11374 D ANWAPI  : (11323|0xD12C8CB0)[BTAPI] ntfType    =0x1
05-22 07:16:16.426 11323 11374 D ANWAPI  : 
05-22 07:16:16.426 13261 13261 I ADAYO_LOG_TRACE_LOGCAT: executing
05-22 07:16:16.426 11323 11374 D ANWAPI  : (11323|0xD12C8CB0)[BTAPI] AVRCP_Cancel_Auto_Get_ID3(51)
05-22 07:16:16.426 11323 11374 D ANWAPI  : 
05-22 07:16:16.426 11323 11374 D ANWAPI  : (11323|0xD12C8CB0)[BTAPI] AVRCP_Cancel_Auto_Get_ID3
05-22 07:16:16.426 11323 11374 D ANWAPI  : 
05-22 07:16:16.426 11323 11374 D ANWAPI  : (11323|0xD12C8CB0)[BTAPI] SDK >>>>AnWBT_AVRCP_GetPlayStatusEx
05-22 07:16:16.426 11323 11374 D ANWAPI  : (11323|0xD12C8CB0)[BTAPI] SDK <<<<AnWBT_AVRCP_GetPlayStatusEx 0
05-22 07:16:16.427 11323 11374 D ANWAPI  : (11323|0xD12C8CB0)[BTAPI] btsdk_exec_apicb end
05-22 07:16:16.427   544   567 D commservice260303: recv len:75, 5AA500470600000003CF6A0F92407B22636F6D6D616E64223A7B226964223A226473695F6C7578222C22737562223A22227D2C22636F6E74656E74223A7B2276616C7565223A307D7D3259 from server
05-22 07:16:16.427 11323 11374 D ANWAPI  : (11323|0xD12C8CB0)[BTAPI] >>>>_anwbt_AVRCP_GetPlayStatusEx
05-22 07:16:16.427 11323 11374 D ANW_AVRCP: (11323|0xD12C8CB0)[AVRCP] API AVRCP_GetPlayStatusEx
05-22 07:16:16.427 11323 11374 D ANW_AVRCP: (11323|0xD12C8CB0)[AVRCP] API AVRCP_GetPlayStatus
05-22 07:16:16.427 11323 11374 D ANWStack: [    661409][ANWBT] <<Avctp_Send_Message 0/1:
05-22 07:16:16.427 11323 11374 D ANWStack: 
05-22 07:16:16.427   544  3079 D commservice260303: mcuDataAnalyzeHandle templen:75,len:75,pos:0, 5AA500470600000003CF6A0F92407B22636F6D6D616E64223A7B226964223A226473695F6C7578222C22737562223A22227D2C22636F6E74656E74223A7B2276616C7565223A307D7D3259 
05-22 07:16:16.427 11323 11374 D ANWStack: [    661409][ANWBT] L2CAP: L2_RetrieveHandle called, cid=0x82
05-22 07:16:16.427 11323 11374 D ANWStack: 
05-22 07:16:16.427   544  3079 I commservice260303: checksumCal = 12889
05-22 07:16:16.427 11323 11374 D ANWAPI  : (11323|0xD12C8CB0)[BTAPI] <<<<_anwbt_AVRCP_GetPlayStatusEx 0
05-22 07:16:16.427   544  3079 D commservice260303: CommProtocolLibCmdBaseC2I::dataproc {"command":{"id":"dsi_lux","sub":""},"content":{"value":0}},6
05-22 07:16:16.427   544  3079 D commservice260303: mcuCommMessageManager::notifyMsgToClient hwbinder OK
05-22 07:16:16.427   544  3079 D commservice260303: mcuCommMessageManager::notifyMsgToClient hwbinder OK
05-22 07:16:16.427   544  3079 D commservice260303: McuProtocolLibSend2Service::send2Service ret=1
05-22 07:16:16.427  2109  2467 D ivicomm_CommManager: fgeComServiceCallback: {"command":{"id":"dsi_lux","sub":""},"content":{"value":0}}
05-22 07:16:16.428  2109  2467 D ivicomm_CallbackManager: registerCallback DSI_LUX: {"value":0} mCommStateCallbackMap size:5
05-22 07:16:16.431   573   573 I SpiService: fgesysctrl_getGPIO_status success val=1
05-22 06:34:50.175   573   573 D spi_rst_gpio_get_output: GPIO 145 value: 1
05-22 06:34:50.175   573   573 D spidev_ioctl: gpio status=1)
05-22 07:16:16.434  1774  2680 D NSLogUtils_VehicleService: L2A comm state: id=dsi_lux, value=0
05-22 07:16:16.434   565   599 I Sensors : 230 AccelSensor: x:-0.108580,y:0.013420,z:-10.132101
05-22 07:16:16.437   573   573 I SpiService: fgesysctrl_getGPIO_status success val=1
05-22 07:16:16.438  1517  2855 D sysUI_SystemSettingsControllerService: [binder:1517_4] - onCommState: commandID = dsi_lux; value = 0
05-22 07:16:16.439 11323 11374 D ANWAPI  : (11323|0xD12C8CB0)[BTAPI] AnwhciEventCallback 19 1
05-22 07:16:16.440   964  1804 D [OMXB]  : usingANWBuffer: handle:0xebd427f0, format:1, w:1920, h:1080
05-22 07:16:16.440   824   824 D SurfaceFlinger: unisoc-graphics, commit has frameMissed:2, vysncId:340227
05-22 06:34:50.180   573   573 D spi_rst_gpio_get_output: GPIO 145 value: 1
05-22 06:34:50.180   573   573 D spidev_ioctl: gpio status=1)
05-22 07:16:16.442  1026  1026 D MyAppLog: [2026-05-22 07:16:16.442 D tboxap tsp_WorkMachineProc:1086] [Tsp] [tsp_WorkMachineProc]TSP_WORK_LOGIN NOW !!!!
05-22 07:16:16.443   573   573 I SpiService: fgesysctrl_getGPIO_status success val=1
05-22 07:16:16.445   544   544 D commservice260303: msg.id = 1028,1
05-22 07:16:16.445  2981  3177 I SentryImuMcuAngleSender: 179.92412rollDeg
05-22 06:34:50.186   573   573 D spi_rst_gpio_get_output: GPIO 145 value: 1
05-22 06:34:50.186   573   573 D spidev_ioctl: gpio status=1)
05-22 07:16:16.445   544   544 D commservice260303: i = 170, msgid = 8A000404
05-22 07:16:16.445  2981  3177 I SentryImuMcuAngleSender: 1,0,0
05-22 07:16:16.445   544   544 D commservice260303: msgid = -1979710460,did=138
05-22 07:16:16.445   544   544 D commservice260303: CommProtocolLibCmdBaseI2C::dataproc {"command":{"id":"imu_status","sub":""},"content":{"TimeStamp":1779405376444,"FrameCounter":15610,"GD_X":-0.008322898298501968,"GD_Y":0.006565836723893881,"GD_Z":0.017715223133563995,"AD_X":-0.0033689364790916443,"AD_Y":-2.2840499877929688E-4,"AD_Z":-0.3260211944580078,"TempDsp":0,"Status":0,"CalibState":1,"SigAmpInvalid":0}},-1979710460
05-22 07:16:16.446   544   544 D commservice260303: send2Cluster len:327, 7B22636F6D6D616E64223A7B226964223A22696D755F737461747573222C22737562223A22227D2C22636F6E74656E74223A7B2254696D655374616D70223A313737393430353337363434342C224672616D65436F756E746572223A31353631302C2247445F58223A2D302E3030383332323839383239383530313936382C2247445F59223A302E3030363536353833363732333839333838312C2247445F5A223A302E3031373731353232333133333536333939352C2241445F58223A2D302E303033333638393336343739303931363434332C2241445F59223A2D322E32383430343939383737393239363838452D342C2241445F5A223A2D302E333236303231313934343538303037382C2254656D70447370223A302C22537461747573223A302C2243616C69625374617465223A312C22536967416D70496E76616C6964223A307D7D, 138 
05-22 07:16:16.446   544   544 D commservice260303: Push Message into SendPool fn=1228800000
05-22 07:16:16.446   544   544 D commservice260303: ComProtocolLibSend2Cluster::send2ClusterRaw fn=1228800000 , len=343
05-22 07:16:16.446   544   544 D commservice260303: sendCmdToPort :343!!!
05-22 07:16:16.446   544   544 D commservice260303: send Cmd To Port ++++5AA501538A0100003E496A0F92407B22636F6D6D616E64223A7B226964223A22696D755F737461747573222C22737562223A22227D2C22636F6E74656E74223A7B2254696D655374616D70223A313737393430353337363434342C224672616D65436F756E746572223A31353631302C2247445F58223A2D302E3030383332323839383239383530313936382C2247445F59223A302E3030363536353833363732333839333838312C2247445F5A223A302E3031373731353232333133333536333939352C2241445F58223A2D302E303033333638393336343739303931363434332C2241445F59223A2D322E32383430343939383737393239363838452D342C2241445F5A223A2D302E333236303231313934343538303037382C2254656D70447370223A302C22537461747573223A302C2243616C69625374617465223A312C22536967416D70496E76616C6964223A307D7DD116
05-22 07:16:16.446   544   544 D commservice260303: bufferevent_write retrun value = 0
05-22 07:16:16.446   544   567 D commservice260303: client datas send succeed,send finish
05-22 07:16:16.446  2981  3178 D Sentinelmode_1.2.5.13_alpha: <SentryImuClusterFgeSender>imu_status sent to Linux, frame=15610, tsNs=661416, tsMs=1779405376444, intervalMs=37, ad=(-0.0033689365,-2.28405E-4,-0.3260212), gd=(-0.008322898,0.0065658367,0.017715223)
05-22 07:16:16.448   573   573 I SpiService: fgesysctrl_getGPIO_status success val=0
05-22 06:34:50.191   573   573 D spi_rst_gpio_get_output: GPIO 145 value: 0
05-22 06:34:50.191   573   573 D spidev_ioctl: gpio status=0)
05-22 07:16:16.455   291  1491 D EvsDriver: forwardFrame
05-22 07:16:16.457  1137  1150 D evsmanagerd: /dev/video4 forwarded the buffer #0 to 0xb4000071fa019690 from 0xb4000071fa01b7d0
05-22 07:16:16.457   291  1491 D EvsDriver: Delivered 0xb400007b2f47ca30 as id 0
05-22 07:16:16.457 13263 13263 I ADAYO_LOG_TRACE_LOGCAT: collect_dest_path:/mnt/log_data/AndroidLog/logcat
05-22 07:16:16.459   486   580 I mcuc    : rev,n=1,6AA6810CF5000A8900C3010409021234567C
05-22 07:16:16.459  1091  1116 I tboxmids_ap: [2026-05-22 07:16:16.459] [MCU RX] src=MCU dst=ZMQ len=10 type=BINARY data=00 08 C3 01 04 09 02 12 34 56 
05-22 06:34:50.205   573   573 D spi_rst_gpio_get_output: GPIO 145 value: 1
05-22 06:34:50.205   573   573 D spidev_ioctl: gpio status=1)
05-22 07:16:16.459   344   361 D automotive.vehicle@2.0-adayo-datacomm-mcu: MCUDatacomm sendMessageFromVehicle prop: 0x89, areaId: 0x0, status: 0xc3, timestamp: 0x1
05-22 07:16:16.459   344   361 D automotive.vehicle@2.0-adayo-datacomm-mcu: MCUDatacomm 1sendMessageFromVehicle ---> type = 12 
05-22 07:16:16.460   824   824 D SurfaceFlinger: unisoc-graphics, commit has frameMissed:2, vysncId:340235
05-22 07:16:16.460  2981  3170 D SVR_MNG_SvrMngProxy: getServer: mSvrManger is null
05-22 07:16:16.460  2981  3170 D SVR_MNG_SvrMngProxy: getNewStub: 
05-22 07:16:16.460  2981  3170 D SVR_MNG_SvrMngProxy: getNewStub: getSvrManagerService start
05-22 07:16:16.460   291  1135 D EvsDriver: doneWithFrame
05-22 07:16:16.461  1026  1026 I MyAppLog: [2026-05-22 07:16:16.460 I tboxap mcuCommTboxmidsRecvCb:96] [Mcu] [mcuCommTboxmidsRecvCb] recv from tboxmids, size:10
05-22 07:16:16.461  1026  1026 I MyAppLog: [2026-05-22 07:16:16.460 I tboxap mcuCommTboxmidsRecvCb:97] [Mcu] [tboxmids -> tboxap]: :00 08 C3 01 04 09 02 12 34 56
05-22 07:16:16.462  1026  1026 I MyAppLog: [2026-05-22 07:16:16.460 I tboxap mcuPtlParseData:969] [Mcu] [Mcu  Parse]: (cmd):0902 (param):0902123456
05-22 07:16:16.462  1026  1026 D MyAppLog: [2026-05-22 07:16:16.460 D tboxap mcuCommCbHandel:1009] [Mcu] [Mcu  Rev]: (cmd):0902 (param value):123456
05-22 07:16:16.462  1026  1026 W MyAppLog: [2026-05-22 07:16:16.460 W tboxap mcuParamDataRevPack:897] [Mcu] mcuParamDataRevPack start pack data!!!
05-22 07:16:16.462  1026  1026 W MyAppLog: [2026-05-22 07:16:16.460 W tboxap mcuHandlePowerReqInd:1075] [Mcu] [mcuHandlePowerReqInd] recv 0x0902 power req type:0x12
05-22 07:16:16.462   573   573 I SpiService: fgesysctrl_getGPIO_status success val=1
05-22 07:16:16.462  2981  3170 D SVR_MNG_SvrMngProxy: getNewStub: getSvrManagerService end
05-22 07:16:16.462  2981  3170 D SVR_MNG_SvrMngProxy: getServer: svrMngService doesn't start
05-22 07:16:16.465  2981  3177 I SentryImuMcuAngleSender: 179.91724rollDeg
05-22 07:16:16.465  2981  3177 I SentryImuMcuAngleSender: 1,0,0
05-22 07:16:16.467   573   573 I SpiService: fgesysctrl_getGPIO_status success val=1
05-22 06:34:50.211   573   573 D spi_rst_gpio_get_output: GPIO 145 value: 1
05-22 06:34:50.211   573   573 D spidev_ioctl: gpio status=1)
05-22 07:16:16.470   565   565 I Sensors : 230 GyroSensor: x:-0.009315,y:0.008017,z:0.017409
05-22 07:16:16.473   573   573 I SpiService: fgesysctrl_getGPIO_status success val=1
--------- beginning of events
05-22 07:16:16.467 13264 13264 I auditd  : type=1400 audit(0.0:4111): avc: denied { search } for comm="mkdir" name="/" dev="vda93" ino=2 scontext=u:r:toolbox:s0 tcontext=u:object_r:log_data_file:s0 tclass=dir permissive=1
05-22 07:16:16.467 13264 13264 I mkdir   : type=1400 audit(0.0:4111): avc: denied { search } for name="/" dev="vda93" ino=2 scontext=u:r:toolbox:s0 tcontext=u:object_r:log_data_file:s0 tclass=dir permissive=1
05-22 06:34:50.216   573   573 D spi_rst_gpio_get_output: GPIO 145 value: 1
05-22 06:34:50.216   573   573 D spidev_ioctl: gpio status=1)
05-22 07:16:16.467 13264 13264 I auditd  : type=1400 audit(0.0:4112): avc: denied { getattr } for comm="mkdir" path="/mnt/log_data/AndroidLog/logcat" dev="vda93" ino=65538 scontext=u:r:toolbox:s0 tcontext=u:object_r:log_data_file:s0 tclass=dir permissive=1
05-22 07:16:16.467 13264 13264 I mkdir   : type=1400 audit(0.0:4112): avc: denied { getattr } for path="/mnt/log_data/AndroidLog/logcat" dev="vda93" ino=65538 scontext=u:r:toolbox:s0 tcontext=u:object_r:log_data_file:s0 tclass=dir permissive=1
05-22 07:16:16.478   573   573 I SpiService: fgesysctrl_getGPIO_status success val=1
05-22 06:34:50.222   573   573 D spi_rst_gpio_get_output: GPIO 145 value: 1
05-22 06:34:50.222   573   573 D spidev_ioctl: gpio status=1)
05-22 07:16:16.483   291  1491 D EvsDriver: forwardFrame
05-22 07:16:16.484   573   573 I SpiService: fgesysctrl_getGPIO_status success val=1
05-22 07:16:16.485   291  1491 D EvsDriver: Delivered 0xb400007b2f47ca30 as id 0
05-22 07:16:16.485  1137  1150 D evsmanagerd: /dev/video4 forwarded the buffer #0 to 0xb4000071fa019690 from 0xb4000071fa01b7d0
05-22 06:34:50.227   573   573 D spi_rst_gpio_get_output: GPIO 145 value: 1
05-22 06:34:50.227   573   573 D spidev_ioctl: gpio status=1)
05-22 06:34:50.233   573   573 D spi_rst_gpio_get_output: GPIO 145 value: 0
05-22 06:34:50.233   573   573 D spidev_ioctl: gpio status=0)
05-22 07:16:16.486   544   544 D commservice260303: msg.id = 1028,1
05-22 07:16:16.487   544   544 D commservice260303: i = 170, msgid = 8A000404
05-22 07:16:16.487   544   544 D commservice260303: msgid = -1979710460,did=138
05-22 07:16:16.487   544   544 D commservice260303: CommProtocolLibCmdBaseI2C::dataproc {"command":{"id":"imu_status","sub":""},"content":{"TimeStamp":1779405376485,"FrameCounter":15611,"GD_X":-0.009314822033047676,"GD_Y":0.00801705103367567,"GD_Z":0.017408855259418488,"AD_X":-0.0045888423919677734,"AD_Y":0.0034296968951821327,"AD_Z":-0.327239990234375,"TempDsp":0,"Status":0,"CalibState":1,"SigAmpInvalid":0}},-1979710460
05-22 07:16:16.489   291  1135 D EvsDriver: doneWithFrame
05-22 07:16:16.490   573   573 I SpiService: fgesysctrl_getGPIO_status success val=0
05-22 07:16:16.490   486   579 I mcuc    : send SPI:6AA6020CF50002890072
05-22 07:16:16.490   544   544 D commservice260303: send2Cluster len:324, 7B22636F6D6D616E64223A7B226964223A22696D755F737461747573222C22737562223A22227D2C22636F6E74656E74223A7B2254696D655374616D70223A313737393430353337363438352C224672616D65436F756E746572223A31353631312C2247445F58223A2D302E3030393331343832323033333034373637362C2247445F59223A302E30303830313730353130333336373536372C2247445F5A223A302E3031373430383835353235393431383438382C2241445F58223A2D302E303034353838383432333931393637373733342C2241445F59223A302E303033343239363936383935313832313332372C2241445F5A223A2D302E3332373233393939303233343337352C2254656D70447370223A302C22537461747573223A302C2243616C69625374617465223A312C22536967416D70496E76616C6964223A307D7D, 138 
05-22 07:16:16.490   544   544 D commservice260303: Push Message into SendPool fn=1245577216
05-22 07:16:16.490   544   544 D commservice260303: ComProtocolLibSend2Cluster::send2ClusterRaw fn=1245577216 , len=340
05-22 07:16:16.483 13265 13265 I auditd  : type=1400 audit(0.0:4113): avc: denied { setattr } for comm="chmod" name="logcat" dev="vda93" ino=65538 scontext=u:r:toolbox:s0 tcontext=u:object_r:log_data_file:s0 tclass=dir permissive=1
05-22 07:16:16.483 13265 13265 I chmod   : type=1400 audit(0.0:4113): avc: denied { setattr } for name="logcat" dev="vda93" ino=65538 scontext=u:r:toolbox:s0 tcontext=u:object_r:log_data_file:s0 tclass=dir permissive=1
05-22 07:16:16.491   544   544 D commservice260303: send Cmd To Port ++++5AA501508A0100003E4A6A0F92407B22636F6D6D616E64223A7B226964223A22696D755F737461747573222C22737562223A22227D2C22636F6E74656E74223A7B2254696D655374616D70223A313737393430353337363438352C224672616D65436F756E746572223A31353631312C2247445F58223A2D302E3030393331343832323033333034373637362C2247445F59223A302E30303830313730353130333336373536372C2247445F5A223A302E3031373430383835353235393431383438382C2241445F58223A2D302E303034353838383432333931393637373733342C2241445F59223A302E303033343239363936383935313832313332372C2241445F5A223A2D302E3332373233393939303233343337352C2254656D70447370223A302C22537461747573223A302C2243616C69625374617465223A312C22536967416D70496E76616C6964223A307D7D3AAC
05-22 07:16:16.483 13265 13265 I auditd  : type=1400 audit(0.0:4114): avc: denied { fsetid } for comm="chmod" capability=4 scontext=u:r:toolbox:s0 tcontext=u:r:toolbox:s0 tclass=capability permissive=1
05-22 07:16:16.491   544   544 D commservice260303: bufferevent_write retrun value = 0
05-22 07:16:16.483 13265 13265 I chmod   : type=1400 audit(0.0:4114): avc: denied { fsetid } for capability=4 scontext=u:r:toolbox:s0 tcontext=u:r:toolbox:s0 tclass=capability permissive=1
05-22 07:16:16.483 13265 13265 I auditd  : type=1400 audit(0.0:4115): avc: denied { read } for comm="chmod" name="logcat" dev="vda93" ino=65538 scontext=u:r:toolbox:s0 tcontext=u:object_r:log_data_file:s0 tclass=dir permissive=1
05-22 07:16:16.483 13265 13265 I chmod   : type=1400 audit(0.0:4115): avc: denied { read } for name="logcat" dev="vda93" ino=65538 scontext=u:r:toolbox:s0 tcontext=u:object_r:log_data_file:s0 tclass=dir permissive=1
05-22 07:16:16.491  2981  3177 I SentryImuMcuAngleSender: 1,0,0
05-22 07:16:16.494  2981  3178 D Sentinelmode_1.2.5.13_alpha: <SentryImuClusterFgeSender>imu_status sent to Linux, frame=15611, tsNs=661452, tsMs=1779405376485, intervalMs=46, ad=(-0.0045888424,0.003429697,-0.32724), gd=(-0.009314822,0.008017051,0.017408855)
05-22 07:16:16.495   544   567 D commservice260303: client datas send succeed,send finish
05-22 07:16:16.500 11323 11374 D ANWStack: [    661482][ANWBT] >>Avctp_L2cap_Data_Ind_Cb
05-22 07:16:16.500 11323 11374 D ANWStack: 
05-22 07:16:16.500 11323 11374 D ANWStack: [    661482][ANWBT] AVCTP Message Length = 14
05-22 07:16:16.500 11323 11374 D ANWStack: [    661483][ANWBT] Receive AVCTP_SINGLE_PACKET
05-22 07:16:16.501 11323 11374 D ANW_AVRCP: (11323|0xD12C8CB0)[AVRCP] [**AVRCP**] 0xb2 0x110e
05-22 07:16:16.501 11323 11374 D ANW_AVRCP: (11323|0xD12C8CB0)[AVRCP] opcode match 0x0
05-22 07:16:16.501 11323 11374 D ANW_AVRCP: 
05-22 07:16:16.501 11323 11374 D ANW_AVRCP: (11323|0xD12C8CB0)[AVRCP] subopcode match 0x31, update ctype 0x3->0xf
05-22 07:16:16.501 11323 11374 D ANW_AVRCP: 
05-22 07:16:16.501 11323 11374 D ANW_AVRCP: (11323|0xD12C8CB0)[AVRCP] AVRCP_Packet_Parser Response
05-22 07:16:16.501 11323 11374 D ANW_AVRCP: 
05-22 07:16:16.502 11323 11374 D ANW_AVRCP: (11323|0xD12C8CB0)[AVRCP] AVRCP_VENDOR_DEPENDENT_Interim_RSP_Handler PDU_ID=0x31
05-22 07:16:16.502 11323 11374 D ANW_AVRCP: (11323|0xD12C8CB0)[AVRCP] EVENT_NOW_PLAYING_CONTENT_CHANGED
05-22 07:16:16.502 11323 11374 D ANWAPI  : (11323|0xD12C8CB0)[BTAPI] connmgr_find_by_handle pData = 0xb4000078d2e60eb0,7
05-22 07:16:16.502 11323 11374 D ANWAPI  : (11323|0xD12C8CB0)[BTAPI] AVRCP_VENDOR_DEPENDENT_INTERIM_RSP rsp->ptr[0]=9,rsp->ptr[1]=0
05-22 07:16:16.502 11323 11374 D ANWAPI  : (11323|0xD12C8CB0)[BTAPI] ===BTAPI_MallocIdxMsg 1038 1
05-22 07:16:16.502 11323 11374 D ANWAPI  : (11323|0xD12C8CB0)[BTAPI] *BT_CB_Dispatch
05-22 07:16:16.502 11323 11374 D ANWAPI  : (11323|0xD12C8CB0)[BTAPI] *****SDK callback(0x40e)
05-22 07:16:16.502 11323 11374 D ANWAPI  : (11323|0xD12C8CB0)[BTAPI] SDK***** [1c:11:2f:7c:1d:68]
05-22 07:16:16.502 11323 11374 D ANWAPI  : (11323|0xD12C8CB0)[BTAPI] btsdk_exec_apicb start
05-22 07:16:16.502 11323 11374 D ANWAPI  : (11323|0xD12C8CB0)[BTAPI] Up: AvrcpMsgHandler receive[1C:11:2F:7C:1D:68], Get Device ID(0)
05-22 07:16:16.502 11323 11374 D ANWAPI  : 
05-22 07:16:16.502 11323 11374 D ANWAPI  : (11323|0xD12C8CB0)[BTAPI] Up: AnWBT_AVRCP_EVENT_NOW_PLAYING_CONTENT_CHANGED_IND
05-22 07:16:16.502 11323 11374 D ANWAPI  : 
05-22 07:16:16.503 11323 11374 I ANW bt_btif: AvrcpMsgHandler: HAL bt_rc_ctrl_callbacks->now_playing_contents_changed_cb
05-22 07:16:16.503 11323 11374 I BluetoothAvrcpControllerJni: btavrcp_now_playing_content_changed_callback
05-22 07:16:16.504 11323 11374 D AvrcpControllerService: handleNowPlayingContentChanged
05-22 07:16:16.504   573   573 I SpiService: fgesysctrl_getGPIO_status success val=1
05-22 07:16:16.504 11323 11374 D BrowseTree: Set CachefalseNodeID: NOW_PLAYING
05-22 07:16:16.504 11323 11374 D AvrcpControllerStateMachine: removeUnusedArtworkFromBrowseTree()
05-22 07:16:16.504 11323 11374 D ANWAPI  : (11323|0xD12C8CB0)[BTAPI] btsdk_exec_apicb end
05-22 07:16:16.504 11323 13102 D AvrcpControllerStateMachine: Avrcp.GetFolderList processMessage 300
05-22 07:16:16.504 11323 13102 D AvrcpControllerStateMachine: GetFolderItems: Get The Same Directory, ignore
05-22 06:34:50.248   573   573 D spi_rst_gpio_get_output: GPIO 145 value: 1
05-22 06:34:50.248   573   573 D spidev_ioctl: gpio status=1)
05-22 07:16:16.510   573   573 I SpiService: fgesysctrl_getGPIO_status success val=1
05-22 07:16:16.513  2981  3177 I SentryImuMcuAngleSender: 179.9034rollDeg
05-22 07:16:16.513  2981  3177 I SentryImuMcuAngleSender: 1,0,0
05-22 07:16:16.513 13267 13267 I ADAYO_LOG_TRACE_LOGCAT: file_path:/mnt/log_data/AndroidLog/logcat/logcat_2026_05_22_07_16_15_808-1.txt
05-22 06:34:50.253   573   573 D spi_rst_gpio_get_output: GPIO 145 value: 1
05-22 06:34:50.253   573   573 D spidev_ioctl: gpio status=1)
05-22 07:16:16.516   573   573 I SpiService: fgesysctrl_getGPIO_status success val=1
05-22 06:34:50.259   573   573 D spi_rst_gpio_get_output: GPIO 145 value: 1
05-22 06:34:50.259   573   573 D spidev_ioctl: gpio status=1)
05-22 07:16:16.521   276   300 I rvcservice: t.code = 0, t.value = 15859
05-22 07:16:16.522   573   573 I SpiService: fgesysctrl_getGPIO_status success val=1
05-22 07:16:16.523   291  1491 D EvsDriver: forwardFrame
05-22 06:34:50.265   573   573 D spi_rst_gpio_get_output: GPIO 145 value: 1
05-22 06:34:50.265   573   573 D spidev_ioctl: gpio status=1)
05-22 07:16:16.526   824   824 D SurfaceFlinger: unisoc-graphics, commit has frameMissed:2, vysncId:340245
05-22 07:16:16.528   573   573 I SpiService: fgesysctrl_getGPIO_status success val=1
05-22 07:16:16.529   291  1491 D EvsDriver: Delivered 0xb400007b2f47ca30 as id 0
05-22 07:16:16.529   964  1804 D [OMXB]  : usingANWBuffer: handle:0xebd446e0, format:1, w:1920, h:1080
05-22 06:34:50.271   573   573 D spi_rst_gpio_get_output: GPIO 145 value: 1
05-22 06:34:50.271   573   573 D spidev_ioctl: gpio status=1)
05-22 07:16:16.530  1137  1150 D evsmanagerd: /dev/video4 forwarded the buffer #0 to 0xb4000071fa019690 from 0xb4000071fa01b7d0
05-22 07:16:16.531   291  1135 D EvsDriver: doneWithFrame
05-22 07:16:16.531   544   544 D commservice260303: msg.id = 1028,1
05-22 07:16:16.531   544   544 D commservice260303: i = 170, msgid = 8A000404
05-22 07:16:16.531   544   544 D commservice260303: msgid = -1979710460,did=138
05-22 07:16:16.531   544   544 D commservice260303: CommProtocolLibCmdBaseI2C::dataproc {"command":{"id":"imu_status","sub":""},"content":{"TimeStamp":1779405376530,"FrameCounter":15612,"GD_X":-0.008245917037129402,"GD_Y":0.006872204132378101,"GD_Z":0.01756177842617035,"AD_X":-0.005806811153888702,"AD_Y":0.0034256214275956154,"AD_Z":-0.3241920471191406,"TempDsp":0,"Status":0,"CalibState":1,"SigAmpInvalid":0}},-1979710460
05-22 07:16:16.532   544   544 D commservice260303: send2Cluster len:324, 7B22636F6D6D616E64223A7B226964223A22696D755F737461747573222C22737562223A22227D2C22636F6E74656E74223A7B2254696D655374616D70223A313737393430353337363533302C224672616D65436F756E746572223A31353631322C2247445F58223A2D302E3030383234353931373033373132393430322C2247445F59223A302E3030363837323230343133323337383130312C2247445F5A223A302E30313735363137373834323631373033352C2241445F58223A2D302E3030353830363831313135333838383730322C2241445F59223A302E303033343235363231343237353935363135342C2241445F5A223A2D302E333234313932303437313139313430362C2254656D70447370223A302C22537461747573223A302C2243616C69625374617465223A312C22536967416D70496E76616C6964223A307D7D, 138 
05-22 07:16:16.532   544   544 D commservice260303: Push Message into SendPool fn=1262354432
05-22 07:16:16.532   544   544 D commservice260303: ComProtocolLibSend2Cluster::send2ClusterRaw fn=1262354432 , len=340
05-22 07:16:16.532   544   544 D commservice260303: sendCmdToPort :340!!!
05-22 07:16:16.532   544   544 D commservice260303: send Cmd To Port ++++5AA501508A0100003E4B6A0F92407B22636F6D6D616E64223A7B226964223A22696D755F737461747573222C22737562223A22227D2C22636F6E74656E74223A7B2254696D655374616D70223A313737393430353337363533302C224672616D65436F756E746572223A31353631322C2247445F58223A2D302E3030383234353931373033373132393430322C2247445F59223A302E3030363837323230343133323337383130312C2247445F5A223A302E30313735363137373834323631373033352C2241445F58223A2D302E3030353830363831313135333838383730322C2241445F59223A302E303033343235363231343237353935363135342C2241445F5A223A2D302E333234313932303437313139313430362C2254656D70447370223A302C22537461747573223A302C2243616C69625374617465223A312C22536967416D70496E76616C6964223A307D7DB2E5
05-22 07:16:16.532   544   544 D commservice260303: bufferevent_write retrun value = 0
05-22 07:16:16.532   544   567 D commservice260303: client datas send succeed,send finish
05-22 06:34:50.277   573   573 D spi_rst_gpio_get_output: GPIO 145 value: 0
05-22 06:34:50.277   573   573 D spidev_ioctl: gpio status=0)
05-22 07:16:16.533  2981  3178 D Sentinelmode_1.2.5.13_alpha: <SentryImuClusterFgeSender>imu_status sent to Linux, frame=15612, tsNs=661488, tsMs=1779405376530, intervalMs=40, ad=(-0.005806811,0.0034256214,-0.32419205), gd=(-0.008245917,0.006872204,0.017561778)
05-22 07:16:16.534   573   573 I SpiService: fgesysctrl_getGPIO_status success val=0
05-22 07:16:16.538  2981  3177 I SentryImuMcuAngleSender: 179.91031rollDeg
05-22 07:16:16.538  2981  3177 I SentryImuMcuAngleSender: 1,0,0
05-22 07:16:16.543   824   824 D SurfaceFlinger: unisoc-graphics, commit has frameMissed:2, vysncId:340253
05-22 07:16:16.547 11323 11374 D ANWStack: [    661529][ANWBT] >>Avctp_L2cap_Data_Ind_Cb
05-22 07:16:16.547 11323 11374 D ANWStack: 
05-22 07:16:16.547 11323 11374 D ANWStack: [    661529][ANWBT] AVCTP Message Length = 22
05-22 07:16:16.547 11323 11374 D ANWStack: [    661529][ANWBT] Receive AVCTP_SINGLE_PACKET
05-22 07:16:16.547 11323 11374 D ANW_AVRCP: (11323|0xD12C8CB0)[AVRCP] [**AVRCP**] 0xc2 0x110e
05-22 07:16:16.547 11323 11374 D ANW_AVRCP: (11323|0xD12C8CB0)[AVRCP] opcode match 0x0
05-22 07:16:16.547 11323 11374 D ANW_AVRCP: 
05-22 07:16:16.547 11323 11374 D ANW_AVRCP: (11323|0xD12C8CB0)[AVRCP] subopcode match 0x31, update ctype 0x3->0xf
05-22 07:16:16.547 11323 11374 D ANW_AVRCP: 
05-22 07:16:16.547 11323 11374 D ANW_AVRCP: (11323|0xD12C8CB0)[AVRCP] AVRCP_Packet_Parser Response
05-22 07:16:16.547 11323 11374 D ANW_AVRCP: 
05-22 07:16:16.547 11323 11374 D ANW_AVRCP: (11323|0xD12C8CB0)[AVRCP] AVRCP_VENDOR_DEPENDENT_Interim_RSP_Handler PDU_ID=0x31
05-22 07:16:16.547 11323 11374 D ANW_AVRCP: (11323|0xD12C8CB0)[AVRCP] EVENT_TRACK_CHANGED
05-22 07:16:16.547 11323 11374 D ANWAPI  : (11323|0xD12C8CB0)[BTAPI] connmgr_find_by_handle pData = 0xb4000078d2e60eb0,7
05-22 07:16:16.547 11323 11374 D ANWAPI  : (11323|0xD12C8CB0)[BTAPI] AVRCP_VENDOR_DEPENDENT_INTERIM_RSP rsp->ptr[0]=2,rsp->ptr[1]=0
05-22 07:16:16.547 11323 11374 D ANWAPI  : (11323|0xD12C8CB0)[BTAPI] AVRCP_EVENT_TRACK_CHANGED
05-22 07:16:16.547 11323 11374 D ANWAPI  : (11323|0xD12C8CB0)[BTAPI] ===BTAPI_MallocIdxMsg 1035 9
05-22 07:16:16.547 11323 11374 D ANWAPI  : (11323|0xD12C8CB0)[BTAPI] *BT_CB_Dispatch
05-22 07:16:16.547 11323 11374 D ANWAPI  : (11323|0xD12C8CB0)[BTAPI] *****SDK callback(0x40b)
05-22 07:16:16.547 11323 11374 D ANWAPI  : (11323|0xD12C8CB0)[BTAPI] SDK***** [1c:11:2f:7c:1d:68]
05-22 07:16:16.547 11323 11374 D ANWAPI  : (11323|0xD12C8CB0)[BTAPI] btsdk_exec_apicb start
05-22 07:16:16.547 11323 11374 D ANWAPI  : (11323|0xD12C8CB0)[BTAPI] Up: AvrcpMsgHandler receive[1C:11:2F:7C:1D:68], Get Device ID(0)
05-22 07:16:16.547 11323 11374 D ANWAPI  : 
05-22 07:16:16.547 11323 11374 D ANWAPI  : (11323|0xD12C8CB0)[BTAPI] Up: AnWBT_AVRCP_TRACK_CHANGED_IND
05-22 07:16:16.547 11323 11374 D ANWAPI  : 
05-22 07:16:16.547 11323 11374 D ANWAPI  : (11323|0xD12C8CB0)[BTAPI] ntfType    =0x0
05-22 07:16:16.547 11323 11374 D ANWAPI  : 
05-22 07:16:16.547 11323 11374 D ANWAPI  : (11323|0xD12C8CB0)[BTAPI] AVRCP_Cancel_Auto_Get_ID3(53)
05-22 07:16:16.547 11323 11374 D ANWAPI  : 
05-22 07:16:16.547 11323 11374 D ANWAPI  : (11323|0xD12C8CB0)[BTAPI] AVRCP_Cancel_Auto_Get_ID3
05-22 07:16:16.547 11323 11374 D ANWAPI  : 
05-22 07:16:16.547 11323 11374 D ANWAPI  : (11323|0xD12C8CB0)[BTAPI] btsdk_exec_apicb end
05-22 07:16:16.548   573   573 I SpiService: fgesysctrl_getGPIO_status success val=1
05-22 06:34:50.292   573   573 D spi_rst_gpio_get_output: GPIO 145 value: 1
05-22 06:34:50.292   573   573 D spidev_ioctl: gpio status=1)
05-22 07:16:16.551  3735  3735 D NSLogUtils_MainActivity: progress->47704
05-22 07:16:16.551   291  1491 D EvsDriver: forwardFrame
05-22 07:16:16.553  1137  1150 D evsmanagerd: /dev/video4 forwarded the buffer #0 to 0xb4000071fa019690 from 0xb4000071fa01b7d0
05-22 07:16:16.553   291  1491 D EvsDriver: Delivered 0xb400007b2f47ca30 as id 0
05-22 07:16:16.554   573   573 I SpiService: fgesysctrl_getGPIO_status success val=1
05-22 07:16:16.556   291  1135 D EvsDriver: doneWithFrame
05-22 07:16:16.556 13272 13272 I ADAYO_LOG_TRACE_LOGCAT: folder_size:
05-22 06:34:50.297   573   573 D spi_rst_gpio_get_output: GPIO 145 value: 1
05-22 06:34:50.297   573   573 D spidev_ioctl: gpio status=1)
05-22 07:16:16.559  2981  3177 I SentryImuMcuAngleSender: 179.91031rollDeg
05-22 07:16:16.559  2981  3177 I SentryImuMcuAngleSender: 1,0,0
05-22 06:34:50.304   573   573 D spi_rst_gpio_get_output: GPIO 145 value: 1
05-22 06:34:50.304   573   573 D spidev_ioctl: gpio status=1)
05-22 07:16:16.560   824   824 D SurfaceFlinger: unisoc-graphics, commit has frameMissed:2, vysncId:340254
05-22 07:16:16.561   573   573 I SpiService: fgesysctrl_getGPIO_status success val=1
05-22 07:16:16.567   573   573 I SpiService: fgesysctrl_getGPIO_status success val=1
05-22 07:16:16.570   544   544 D commservice260303: msg.id = 1028,0
05-22 07:16:16.570   544   544 D commservice260303: i = 170, msgid = 8A000404
05-22 07:16:16.570   544   544 D commservice260303: msgid = -1979710460,did=138
05-22 06:34:50.310   573   573 D spi_rst_gpio_get_output: GPIO 145 value: 1
05-22 06:34:50.310   573   573 D spidev_ioctl: gpio status=1)
05-22 07:16:16.570   544   544 D commservice260303: CommProtocolLibCmdBaseI2C::dataproc {"command":{"id":"imu_status","sub":""},"content":{"TimeStamp":1779405376569,"FrameCounter":15613,"GD_X":-0.008933032862842083,"GD_Y":0.007864127866923809,"GD_Z":0.01817295327782631,"AD_X":-9.289383888244629E-4,"AD_Y":-2.3640599101781845E-4,"AD_Z":-0.327239990234375,"TempDsp":0,"Status":0,"CalibState":1,"SigAmpInvalid":0}},-1979710460
05-22 07:16:16.570   544   544 D commservice260303: send2Cluster len:324, 7B22636F6D6D616E64223A7B226964223A22696D755F737461747573222C22737562223A22227D2C22636F6E74656E74223A7B2254696D655374616D70223A313737393430353337363536392C224672616D65436F756E746572223A31353631332C2247445F58223A2D302E3030383933333033323836323834323038332C2247445F59223A302E3030373836343132373836363932333830392C2247445F5A223A302E30313831373239353332373738323633312C2241445F58223A2D392E323839333833383838323434363239452D342C2241445F59223A2D322E33363430353939313031373831383435452D342C2241445F5A223A2D302E3332373233393939303233343337352C2254656D70447370223A302C22537461747573223A302C2243616C69625374617465223A312C22536967416D70496E76616C6964223A307D7D, 138 
05-22 07:16:16.570   544   544 D commservice260303: Push Message into SendPool fn=1279131648
05-22 07:16:16.570   544   544 D commservice260303: ComProtocolLibSend2Cluster::send2ClusterRaw fn=1279131648 , len=340
05-22 07:16:16.570   544   544 D commservice260303: sendCmdToPort :340!!!
05-22 07:16:16.570   544   544 D commservice260303: send Cmd To Port ++++5AA501508A0100003E4C6A0F92407B22636F6D6D616E64223A7B226964223A22696D755F737461747573222C22737562223A22227D2C22636F6E74656E74223A7B2254696D655374616D70223A313737393430353337363536392C224672616D65436F756E746572223A31353631332C2247445F58223A2D302E3030383933333033323836323834323038332C2247445F59223A302E3030373836343132373836363932333830392C2247445F5A223A302E30313831373239353332373738323633312C2241445F58223A2D392E323839333833383838323434363239452D342C2241445F59223A2D322E33363430353939313031373831383435452D342C2241445F5A223A2D302E3332373233393939303233343337352C2254656D70447370223A302C22537461747573223A302C2243616C69625374617465223A312C22536967416D70496E76616C6964223A307D7DBCFD
05-22 07:16:16.570   544   544 D commservice260303: bufferevent_write retrun value = 0
05-22 07:16:16.570   544   567 D commservice260303: client datas send succeed,send finish
05-22 07:16:16.571  2981  3178 D Sentinelmode_1.2.5.13_alpha: <SentryImuClusterFgeSender>imu_status sent to Linux, frame=15613, tsNs=661542, tsMs=1779405376569, intervalMs=39, ad=(-9.289384E-4,-2.3640599E-4,-0.32724), gd=(-0.008933033,0.007864128,0.018172953)
05-22 07:16:16.572   573   573 I SpiService: fgesysctrl_getGPIO_status success val=0
05-22 06:34:50.316   573   573 D spi_rst_gpio_get_output: GPIO 145 value: 0
05-22 06:34:50.316   573   573 D spidev_ioctl: gpio status=0)
05-22 07:16:16.574 11323 11374 D ANWStack: [    661556][ANWBT] >>Avctp_L2cap_Data_Ind_Cb
05-22 07:16:16.574 11323 11374 D ANWStack: 
05-22 07:16:16.574 11323 11374 D ANWStack: [    661556][ANWBT] AVCTP Message Length = 22
05-22 07:16:16.574 11323 11374 D ANWStack: [    661556][ANWBT] Receive AVCTP_SINGLE_PACKET
05-22 07:16:16.574 11323 11374 D ANW_AVRCP: (11323|0xD12C8CB0)[AVRCP] [**AVRCP**] 0x32 0x110e
05-22 07:16:16.574 11323 11374 D ANW_AVRCP: (11323|0xD12C8CB0)[AVRCP] opcode match 0x0
05-22 07:16:16.574 11323 11374 D ANW_AVRCP: 
05-22 07:16:16.574 11323 11374 D ANW_AVRCP: (11323|0xD12C8CB0)[AVRCP] subopcode match 0x30, update ctype 0x1->0xc
05-22 07:16:16.574 11323 11374 D ANW_AVRCP: 
05-22 07:16:16.574 11323 11374 D ANW_AVRCP: (11323|0xD12C8CB0)[AVRCP] AVRCP_Packet_Parser Response
05-22 07:16:16.574 11323 11374 D ANW_AVRCP: 
05-22 07:16:16.574 11323 11374 D ANW_AVRCP: (11323|0xD12C8CB0)[AVRCP] AVRCP_Get_Play_Status_RSP_Handler 47848/210966 1
05-22 07:16:16.575 11323 11374 D ANWAPI  : (11323|0xD12C8CB0)[BTAPI] connmgr_find_by_handle pData = 0xb4000078d2e60eb0,7
05-22 07:16:16.575 11323 11374 D ANWAPI  : (11323|0xD12C8CB0)[BTAPI] ===BTAPI_MallocIdxMsg 1030 16
05-22 07:16:16.575 11323 11374 D ANWAPI  : (11323|0xD12C8CB0)[BTAPI] *BT_CB_Dispatch
05-22 07:16:16.575 11323 11374 D ANWAPI  : (11323|0xD12C8CB0)[BTAPI] *****SDK callback(0x406)
05-22 07:16:16.575 11323 11374 D ANWAPI  : (11323|0xD12C8CB0)[BTAPI] SDK***** [1c:11:2f:7c:1d:68]
05-22 07:16:16.575 11323 11374 D ANWAPI  : (11323|0xD12C8CB0)[BTAPI] btsdk_exec_apicb start
05-22 07:16:16.575 11323 11374 D ANWAPI  : (11323|0xD12C8CB0)[BTAPI] Up: AvrcpMsgHandler receive[1C:11:2F:7C:1D:68], Get Device ID(0)
05-22 07:16:16.575 11323 11374 D ANWAPI  : 
05-22 07:16:16.575 11323 11374 D ANWAPI  : (11323|0xD12C8CB0)[BTAPI] Up: AnWBT_AVRCP_CURRENT_PLAY_STATUS_IND
05-22 07:16:16.575 11323 11374 D ANWAPI  : 
05-22 07:16:16.575 11323 11374 D ANWAPI  : (11323|0xD12C8CB0)[BTAPI] songLengthMs     =210966
05-22 07:16:16.575 11323 11374 D ANWAPI  : 
05-22 07:16:16.575 11323 11374 D ANWAPI  : (11323|0xD12C8CB0)[BTAPI] songPositionMs   =47848
05-22 07:16:16.575 11323 11374 D ANWAPI  : 
05-22 07:16:16.575 11323 11374 I ANW bt_btif: AvrcpMsgHandler: HAL bt_rc_ctrl_callbacks->play_position_changed_cb
05-22 07:16:16.575 11323 11374 I BluetoothAvrcpControllerJni: btavrcp_play_position_changed_callback
05-22 07:16:16.575 11323 11374 D AvrcpControllerService: onPlayPositionChanged pos 47848
05-22 07:16:16.575 11323 11374 D ANWAPI  : (11323|0xD12C8CB0)[BTAPI] currentPlayStatus=1
05-22 07:16:16.575 11323 11374 D ANWAPI  : 
05-22 07:16:16.575 11323 11374 I ANW bt_btif: AvrcpMsgHandler: HAL bt_rc_ctrl_callbacks->play_status_changed_cb
05-22 07:16:16.575 11323 11374 I BluetoothAvrcpControllerJni: btavrcp_play_status_changed_callback
05-22 07:16:16.575 11323 13102 D AvrcpControllerStateMachine: Avrcp.GetFolderList processMessage 206
05-22 07:16:16.575 11323 11374 D AvrcpControllerService: onPlayStatusChanged 1
05-22 07:16:16.575 11323 13102 D AvrcpControllerStateMachine: Avrcp.ConnectedAvrcpController processMessage 206
05-22 07:16:16.575 11323 11374 D ANWAPI  : (11323|0xD12C8CB0)[BTAPI] btsdk_exec_apicb end
05-22 07:16:16.575 11323 13102 D AvrcpPlayer: getPlayBackState state 3 time 47848
05-22 07:16:16.575 11323 13102 D BluetoothMediaBrowserService: notifyChanged PlaybackStatePlaybackState {state=3, position=47848, buffered position=0, speed=1.0, updated=661557, actions=2375735, error code=0, error message=null, custom actions=[], active item id=6}
05-22 07:16:16.576 11323 13102 D AvrcpControllerStateMachine: Avrcp.GetFolderList processMessage 207
05-22 07:16:16.576 11323 13102 D AvrcpControllerStateMachine: Avrcp.ConnectedAvrcpController processMessage 207
05-22 07:16:16.576 11323 13102 D AvrcpPlayer: getPlayBackState state 3 time 47849
05-22 07:16:16.576 11323 13102 D BluetoothMediaBrowserService: notifyChanged PlaybackStatePlaybackState {state=3, position=47849, buffered position=0, speed=1.0, updated=661558, actions=2375735, error code=0, error message=null, custom actions=[], active item id=6}
05-22 07:16:16.576 11323 13102 D AvrcpControllerStateMachine: Avrcp.ConnectedAvrcpController shouldRequestFocus() true
05-22 07:16:16.577  3735  3735 I NSLogUtils_BtMusicModel: onPlaybackStateChanged state: PlaybackState {state=3, position=47848, buffered position=0, speed=1.0, updated=661557, actions=2375735, custom actions=[], active item id=6, error=null} mIsBCallInCall=false
05-22 07:16:16.578  3735  3735 I NSLogUtils_BtMusicModel: musicChange metaData: android.media.MediaMetadata@5553bd65
05-22 07:16:16.578  3735  3735 I NSLogUtils_BtMusicModel: musicChange title: 凌绝顶,artist: 梓渝,duration: 210966,album: 凌绝顶,albumArtUri: null
05-22 07:16:16.578   544   544 W commservice260303: [FgeComService::getAQConnectStatus:378]
05-22 07:16:16.578   544   544 W commservice260303: [mcuCommFunctionTcp::getAQConnectStatus:406] 1
05-22 07:16:16.578   544   544 W commservice260303: [FgeComService::getAQConnectStatus:380] status:1
05-22 07:16:16.578  3735  3735 D NSLogUtils_MediaForegroundService: updateNotification isPlaying=true title=凌绝顶 text=梓渝
05-22 07:16:16.579  2109  2109 E ivicomm_CommManager: getA2lConnectStatus aqConnectStatus:1
05-22 07:16:16.579  2109  2109 D ivicomm_ConnectStateManager: notifyState newState=1curState=1
05-22 07:16:16.581  3735  3735 D NSLogUtils_BluetoothPlayerService: mPlaybackStateObserver isConnected: true
05-22 07:16:16.581  3735  3735 D NSLogUtils_BluetoothPlayerService: played trigger application focus
05-22 07:16:16.582  3735  3735 D NSLogUtils_SourceChangeManager: getCurrentSourceWithoutDefaultValue source: MUSIC_SOURCE_BT
05-22 07:16:16.582  3735  3735 D NSLogUtils_SourceChangeManager: setCurrentSource new source: MUSIC_SOURCE_BT ,currentSource: MUSIC_SOURCE_BT
05-22 07:16:16.582  3735  3735 E NSLogUtils_SourceChangeManager: setCurrentSource error, because currentSource is the same as source
05-22 07:16:16.582  3735  3735 D NSLogUtils_MainActivity: progress->47855
05-22 07:16:16.582  2981  3177 I SentryImuMcuAngleSender: 179.92412rollDeg
05-22 07:16:16.582  2981  3177 I SentryImuMcuAngleSender: 1,0,0
05-22 07:16:16.582  3735  3735 I NSLogUtils_BtMusicModel: onPlaybackStateChanged state: PlaybackState {state=3, position=47849, buffered position=0, speed=1.0, updated=661558, actions=2375735, custom actions=[], active item id=6, error=null} mIsBCallInCall=false
05-22 07:16:16.583   737   737 D NotificationService: EnqueueNotificationRunnable.run for: 0|com.neusoft.btmusic|8001|null|1000
