05-22 07:16:19.232  1026  1026 D MyAppLog: 
05-22 07:16:19.232  1026  1026 D MyAppLog: [2026-05-22 07:16:19.231 D tboxap GpsIpcInfoHandler:133] [Gps] [GpsIpcInfoHandler]  time 
05-22 07:16:19.233   573   573 I SpiService: fgesysctrl_getGPIO_status success val=1
05-22 06:34:52.977   573   573 D spi_rst_gpio_get_output: GPIO 145 value: 1
05-22 06:34:52.977   573   573 D spidev_ioctl: gpio status=1)
05-22 07:16:19.233   558  1606 I gps_hdbd: Received: '$GNZDA,231619.000,21,05,2026,00,00*46
'
05-22 07:16:19.234  2981  3177 I SentryImuMcuAngleSender: 179.92412rollDeg
05-22 07:16:19.234  2981  3177 I SentryImuMcuAngleSender: 1,0,0
05-22 07:16:19.234   558  1606 I gps_hdbd: Received: '$GNGST,231619.000,,,,,,,*59
'
05-22 07:16:19.234  1026  1026 D MyAppLog: [2026-05-22 07:16:19.234 D tboxap gspDataAnalyze:346] [Gps] rev gps data:$GNZDA,231619.000,21,05,2026,00,00*46
05-22 07:16:19.235  1026  1026 D MyAppLog: [2026-05-22 07:16:19.234 D tboxap gpsCommTboxmidsRecvCb:66] [Gps] [gpsCommTboxmidsRecvCb] gps nmea updated:$GNZDA,231619.000,21,05,2026,00,00*46
05-22 07:16:19.235  1026  1026 D MyAppLog: 
05-22 07:16:19.239   565   565 I Sensors : 230 GyroSensor: x:-0.009010,y:0.008246,z:0.017638
05-22 07:16:19.239   573   573 I SpiService: fgesysctrl_getGPIO_status success val=0
05-22 07:16:19.239   486   579 I mcuc    : send SPI:6AA6020D030002890063
05-22 07:16:19.241   276   300 I rvcservice: t.code = 3, t.value = 0
05-22 06:34:52.982   573   573 D spi_rst_gpio_get_output: GPIO 145 value: 0
05-22 06:34:52.982   573   573 D spidev_ioctl: gpio status=0)
05-22 06:34:52.997   573   573 D spi_rst_gpio_get_output: GPIO 145 value: 1
05-22 06:34:52.997   573   573 D spidev_ioctl: gpio status=1)
05-22 07:16:19.254   573   573 I SpiService: fgesysctrl_getGPIO_status success val=1
05-22 07:16:19.254  2981  3177 I SentryImuMcuAngleSender: 179.92412rollDeg
05-22 07:16:19.254  2981  3177 I SentryImuMcuAngleSender: 1,0,0
05-22 07:16:19.256   558  1606 I gps_hdbd: Received: '$GNINS,1,1,TYPE,I,V,231619.000,647200,FUS,-11,0,0,0,MOT,V,1,PATT,0.00,0.00,0.00,VEL,0.000,0.000,0.000,POS,39.9999846247,115.9999771395,108.489,IIA,1,0.00,0.00,0.00,BGA,0.44,-0.52,-1.01,0.000,0.000,0.000,IGA,0,0,-1,0,-1,99,VG,16c2ff1*1F
'
05-22 07:16:19.259   573   573 I SpiService: fgesysctrl_getGPIO_status success val=1
05-22 07:16:19.260   291  1491 D EvsDriver: forwardFrame
05-22 07:16:19.261   291  1491 D EvsDriver: Delivered 0xb400007b2f47ca30 as id 0
05-22 07:16:19.261  1137  1150 D evsmanagerd: /dev/video4 forwarded the buffer #0 to 0xb4000071fa019690 from 0xb4000071fa01b7d0
05-22 07:16:19.264   544   544 D commservice260303: msg.id = 1028,0
05-22 07:16:19.264   544   544 D commservice260303: i = 170, msgid = 8A000404
05-22 07:16:19.264   544   544 D commservice260303: msgid = -1979710460,did=138
05-22 07:16:19.264   544   544 D commservice260303: CommProtocolLibCmdBaseI2C::dataproc {"command":{"id":"imu_status","sub":""},"content":{"TimeStamp":1779405379263,"FrameCounter":15679,"GD_X":-0.009010015055537224,"GD_Y":0.008245917037129402,"GD_Z":0.01763824187219143,"AD_X":-0.001001596450805664,"AD_Y":-3.6760326474905014E-4,"AD_Z":-0.3260211944580078,"TempDsp":0,"Status":0,"CalibState":1,"SigAmpInvalid":0}},-1979710460
05-22 07:16:19.264   544   544 D commservice260303: send2Cluster len:325, 7B22636F6D6D616E64223A7B226964223A22696D755F737461747573222C22737562223A22227D2C22636F6E74656E74223A7B2254696D655374616D70223A313737393430353337393236332C224672616D65436F756E746572223A31353637392C2247445F58223A2D302E3030393031303031353035353533373232342C2247445F59223A302E3030383234353931373033373132393430322C2247445F5A223A302E30313736333832343138373231393134332C2241445F58223A2D302E3030313030313539363435303830353636342C2241445F59223A2D332E36373630333236343734393035303134452D342C2241445F5A223A2D302E333236303231313934343538303037382C2254656D70447370223A302C22537461747573223A302C2243616C69625374617465223A312C22536967416D70496E76616C6964223A307D7D, 138 
05-22 07:16:19.264   544   544 D commservice260303: Push Message into SendPool fn=-1891762176
05-22 07:16:19.264   544   544 D commservice260303: ComProtocolLibSend2Cluster::send2ClusterRaw fn=-1891762176 , len=341
05-22 07:16:19.264   544   544 D commservice260303: sendCmdToPort :341!!!
05-22 07:16:19.265   544   544 D commservice260303: send Cmd To Port ++++5AA501518A0100003E8F6A0F92437B22636F6D6D616E64223A7B226964223A22696D755F737461747573222C22737562223A22227D2C22636F6E74656E74223A7B2254696D655374616D70223A313737393430353337393236332C224672616D65436F756E746572223A31353637392C2247445F58223A2D302E3030393031303031353035353533373232342C2247445F59223A302E3030383234353931373033373132393430322C2247445F5A223A302E30313736333832343138373231393134332C2241445F58223A2D302E3030313030313539363435303830353636342C2241445F59223A2D332E36373630333236343734393035303134452D342C2241445F5A223A2D302E333236303231313934343538303037382C2254656D70447370223A302C22537461747573223A302C2243616C69625374617465223A312C22536967416D70496E76616C6964223A307D7D55AB
05-22 07:16:19.265   544   544 D commservice260303: bufferevent_write retrun value = 0
05-22 07:16:19.265   573   573 I SpiService: fgesysctrl_getGPIO_status success val=1
05-22 07:16:19.265  2981  3178 D Sentinelmode_1.2.5.13_alpha: <SentryImuClusterFgeSender>imu_status sent to Linux, frame=15679, tsNs=664221, tsMs=1779405379263, intervalMs=41, ad=(-0.0010015965,-3.6760326E-4,-0.3260212), gd=(-0.009010015,0.008245917,0.017638242)
05-22 07:16:19.265   544   567 D commservice260303: client datas send succeed,send finish
05-22 06:34:53.003   573   573 D spi_rst_gpio_get_output: GPIO 145 value: 1
05-22 06:34:53.003   573   573 D spidev_ioctl: gpio status=1)
05-22 06:34:53.009   573   573 D spi_rst_gpio_get_output: GPIO 145 value: 1
05-22 06:34:53.009   573   573 D spidev_ioctl: gpio status=1)
05-22 07:16:19.266   291  1135 D EvsDriver: doneWithFrame
05-22 07:16:19.268   558  1606 I gps_hdbd: Received: '$GNINS,CARSPEED,ADR_STATUS,0,Pulse_count,0,1,0,0,647200,6472,0.000,0.000,0.000*06
'
05-22 07:16:19.269  1026  1026 D MyAppLog: [2026-05-22 07:16:19.268 D tboxap tsp_WorkMachineProc:1086] [Tsp] [tsp_WorkMachineProc]TSP_WORK_LOGIN NOW !!!!
05-22 07:16:19.271   573   573 I SpiService: fgesysctrl_getGPIO_status success val=1
05-22 07:16:19.272   824   824 D SurfaceFlinger: unisoc-graphics, commit has frameMissed:2, vysncId:341353
05-22 07:16:19.273   558  1606 I gps_hdbd: Received: '$GNTXT,04,01,04,INS,V,1,,,,FLG,1,000000,1,0,1,0,0,Con,0*71
'
05-22 07:16:19.274   558  1606 I gps_hdbd: Received: '$GNTXT,INSTALL,0.00,0.00,0.00,0.00,0.00,0.00,0*20
'
05-22 06:34:53.014   573   573 D spi_rst_gpio_get_output: GPIO 145 value: 1
05-22 06:34:53.014   573   573 D spidev_ioctl: gpio status=1)
05-22 07:16:19.274  2981  3177 I SentryImuMcuAngleSender: 179.92412rollDeg
05-22 07:16:19.275  2981  3177 I SentryImuMcuAngleSender: 1,0,0
05-22 07:16:19.276   573   573 I SpiService: fgesysctrl_getGPIO_status success val=1
05-22 06:34:53.020   573   573 D spi_rst_gpio_get_output: GPIO 145 value: 1
05-22 06:34:53.020   573   573 D spidev_ioctl: gpio status=1)
05-22 07:16:19.282   573   573 I SpiService: fgesysctrl_getGPIO_status success val=0
05-22 06:34:53.025   573   573 D spi_rst_gpio_get_output: GPIO 145 value: 0
05-22 06:34:53.025   573   573 D spidev_ioctl: gpio status=0)
05-22 07:16:19.288   291  1491 D EvsDriver: forwardFrame
05-22 07:16:19.290   824   824 D SurfaceFlinger: unisoc-graphics, commit has frameMissed:2, vysncId:341368
05-22 07:16:19.290   291  1491 D EvsDriver: Delivered 0xb400007b2f47ca30 as id 0
05-22 07:16:19.290  1137  1150 D evsmanagerd: /dev/video4 forwarded the buffer #0 to 0xb4000071fa019690 from 0xb4000071fa01b7d0
05-22 07:16:19.294   291  1135 D EvsDriver: doneWithFrame
05-22 07:16:19.295  2981  3177 I SentryImuMcuAngleSender: 179.92755rollDeg
05-22 07:16:19.295  2981  3177 I SentryImuMcuAngleSender: 1,0,0
05-22 07:16:19.297   573   573 I SpiService: fgesysctrl_getGPIO_status success val=1
05-22 06:34:53.040   573   573 D spi_rst_gpio_get_output: GPIO 145 value: 1
05-22 06:34:53.040   573   573 D spidev_ioctl: gpio status=1)
05-22 07:16:19.302   573   573 I SpiService: fgesysctrl_getGPIO_status success val=1
05-22 07:16:19.304   964  1804 D [OMXB]  : usingANWBuffer: handle:0xebd42f80, format:1, w:1920, h:1080
05-22 06:34:53.046   573   573 D spi_rst_gpio_get_output: GPIO 145 value: 1
05-22 06:34:53.046   573   573 D spidev_ioctl: gpio status=1)
05-22 07:16:19.306   544   544 D commservice260303: i = 170, msgid = 8A000404
05-22 07:16:19.306   544   544 D commservice260303: msgid = -1979710460,did=138
05-22 07:16:19.306   544   544 D commservice260303: CommProtocolLibCmdBaseI2C::dataproc {"command":{"id":"imu_status","sub":""},"content":{"TimeStamp":1779405379305,"FrameCounter":15680,"GD_X":-0.009010015055537224,"GD_Y":0.007788185961544514,"GD_Z":0.01779116503894329,"AD_X":-0.002833135426044464,"AD_Y":-9.772023186087608E-4,"AD_Z":-0.3247995376586914,"TempDsp":0,"Status":0,"CalibState":1,"SigAmpInvalid":0}},-1979710460
05-22 07:16:19.306   824   824 D SurfaceFlinger: unisoc-graphics, commit has frameMissed:2, vysncId:341376
05-22 07:16:19.306   544   544 D commservice260303: send2Cluster len:324, 7B22636F6D6D616E64223A7B226964223A22696D755F737461747573222C22737562223A22227D2C22636F6E74656E74223A7B2254696D655374616D70223A313737393430353337393330352C224672616D65436F756E746572223A31353638302C2247445F58223A2D302E3030393031303031353035353533373232342C2247445F59223A302E3030373738383138353936313534343531342C2247445F5A223A302E30313737393131363530333839343332392C2241445F58223A2D302E3030323833333133353432363034343436342C2241445F59223A2D392E373732303233313836303837363038452D342C2241445F5A223A2D302E333234373939353337363538363931342C2254656D70447370223A302C22537461747573223A302C2243616C69625374617465223A312C22536967416D70496E76616C6964223A307D7D, 138 
05-22 07:16:19.306   544   544 D commservice260303: Push Message into SendPool fn=-1874984960
05-22 07:16:19.306   544   544 D commservice260303: ComProtocolLibSend2Cluster::send2ClusterRaw fn=-1874984960 , len=340
05-22 07:16:19.306   544   544 D commservice260303: sendCmdToPort :340!!!
05-22 07:16:19.306   544   544 D commservice260303: send Cmd To Port ++++5AA501508A0100003E906A0F92437B22636F6D6D616E64223A7B226964223A22696D755F737461747573222C22737562223A22227D2C22636F6E74656E74223A7B2254696D655374616D70223A313737393430353337393330352C224672616D65436F756E746572223A31353638302C2247445F58223A2D302E3030393031303031353035353533373232342C2247445F59223A302E3030373738383138353936313534343531342C2247445F5A223A302E30313737393131363530333839343332392C2241445F58223A2D302E3030323833333133353432363034343436342C2241445F59223A2D392E373732303233313836303837363038452D342C2241445F5A223A2D302E333234373939353337363538363931342C2254656D70447370223A302C22537461747573223A302C2243616C69625374617465223A312C22536967416D70496E76616C6964223A307D7D17F6
05-22 07:16:19.306   544   544 D commservice260303: bufferevent_write retrun value = 0
05-22 07:16:19.306   544   567 D commservice260303: client datas send succeed,send finish
05-22 07:16:19.306  2981  3178 D Sentinelmode_1.2.5.13_alpha: <SentryImuClusterFgeSender>imu_status sent to Linux, frame=15680, tsNs=664269, tsMs=1779405379305, intervalMs=41, ad=(-0.0028331354,-9.772023E-4,-0.32479954), gd=(-0.009010015,0.007788186,0.017791165)
05-22 07:16:19.308   573   573 I SpiService: fgesysctrl_getGPIO_status success val=1
05-22 06:34:53.051   573   573 D spi_rst_gpio_get_output: GPIO 145 value: 1
05-22 06:34:53.051   573   573 D spidev_ioctl: gpio status=1)
05-22 07:16:19.313   573   573 I SpiService: fgesysctrl_getGPIO_status success val=1
05-22 06:34:53.056   573   573 D spi_rst_gpio_get_output: GPIO 145 value: 1
05-22 06:34:53.056   573   573 D spidev_ioctl: gpio status=1)
05-22 07:16:19.315  2981  3177 I SentryImuMcuAngleSender: 179.9241rollDeg
05-22 07:16:19.316  2981  3177 I SentryImuMcuAngleSender: 1,0,0
05-22 07:16:19.318   573   573 I SpiService: fgesysctrl_getGPIO_status success val=1
05-22 07:16:19.320   291  1491 D EvsDriver: forwardFrame
05-22 07:16:19.321   291  1491 D EvsDriver: Delivered 0xb400007b2f47ca30 as id 0
05-22 07:16:19.321  1137  1150 D evsmanagerd: /dev/video4 forwarded the buffer #0 to 0xb4000071fa019690 from 0xb4000071fa01b7d0
05-22 07:16:19.321   477  1243 I dvr_service_: [myNum:0][onFrameReceived] Received Surface:1 0
05-22 07:16:19.321   291  1135 D EvsDriver: doneWithFrame
05-22 06:34:53.062   573   573 D spi_rst_gpio_get_output: GPIO 145 value: 1
05-22 06:34:53.062   573   573 D spidev_ioctl: gpio status=1)
05-22 07:16:19.324   573   573 I SpiService: fgesysctrl_getGPIO_status success val=0
05-22 06:34:53.067   573   573 D spi_rst_gpio_get_output: GPIO 145 value: 0
05-22 06:34:53.067   573   573 D spidev_ioctl: gpio status=0)
05-22 07:16:19.328   942  3237 D BufferPoolAccessor2.0: bufferpool2 0xb40000712c7147b8 : 5(327680 size) total buffers - 4(262144 size) used buffers - 0/5 (recycle/alloc) - 0/0 (fetch/transfer)
05-22 07:16:19.328   942  3237 D BufferPoolAccessor2.0: evictor expired: 1, evicted: 1
05-22 07:16:19.329   980  1328 D BufferPoolAccessor2.0: bufferpool2 0xb400006ebed92c28 : 0(0 size) total buffers - 0(0 size) used buffers - 0/0 (recycle/alloc) - 0/0 (fetch/transfer)
05-22 07:16:19.329   980  1328 D BufferPoolAccessor2.0: evictor expired: 1, evicted: 1
05-22 07:16:19.331   477  1275 I dvr_service_: [EncoderHandler::runMediaThread] runMediaThread started:1,state:0, cam2:started:1,state:0, lastSwitch:1, mIsMuxerStart:0,format:0,is_str_ing:0
05-22 07:16:19.336  3271  3271 D CD.AsyncEntityLoader: cancelLoadInBackground
05-22 07:16:19.337  2981  3177 I SentryImuMcuAngleSender: 179.92065rollDeg
05-22 07:16:19.337  2981  3177 I SentryImuMcuAngleSender: 1,0,0
05-22 07:16:19.338   573   573 I SpiService: fgesysctrl_getGPIO_status success val=1
05-22 07:16:19.341   276   300 I rvcservice: t.code = 7, t.value = 664199
05-22 06:34:53.081   573   573 D spi_rst_gpio_get_output: GPIO 145 value: 1
05-22 06:34:53.081   573   573 D spidev_ioctl: gpio status=1)
05-22 07:16:19.343   573   573 I SpiService: fgesysctrl_getGPIO_status success val=1
05-22 07:16:19.345   544   544 D commservice260303: msg.id = 1028,0
05-22 07:16:19.345   544   544 D commservice260303: i = 170, msgid = 8A000404
05-22 07:16:19.345   544   544 D commservice260303: msgid = -1979710460,did=138
05-22 07:16:19.345   544   544 D commservice260303: CommProtocolLibCmdBaseI2C::dataproc {"command":{"id":"imu_status","sub":""},"content":{"TimeStamp":1779405379345,"FrameCounter":15681,"GD_X":-0.00985005497932434,"GD_Y":0.007558800280094147,"GD_Z":0.018020030111074448,"AD_X":-0.001002490520477295,"AD_Y":-3.658123314380646E-4,"AD_Z":-0.327239990234375,"TempDsp":0,"Status":0,"CalibState":1,"SigAmpInvalid":0}},-1979710460
05-22 07:16:19.346   544   544 D commservice260303: send2Cluster len:323, 7B22636F6D6D616E64223A7B226964223A22696D755F737461747573222C22737562223A22227D2C22636F6E74656E74223A7B2254696D655374616D70223A313737393430353337393334352C224672616D65436F756E746572223A31353638312C2247445F58223A2D302E30303938353030353439373933323433342C2247445F59223A302E3030373535383830303238303039343134372C2247445F5A223A302E3031383032303033303131313037343434382C2241445F58223A2D302E3030313030323439303532303437373239352C2241445F59223A2D332E363538313233333134333830363436452D342C2241445F5A223A2D302E3332373233393939303233343337352C2254656D70447370223A302C22537461747573223A302C2243616C69625374617465223A312C22536967416D70496E76616C6964223A307D7D, 138 
05-22 07:16:19.346   544   544 D commservice260303: Push Message into SendPool fn=-1858207744
05-22 07:16:19.346   544   544 D commservice260303: ComProtocolLibSend2Cluster::send2ClusterRaw fn=-1858207744 , len=339
05-22 07:16:19.346   544   544 D commservice260303: sendCmdToPort :339!!!
05-22 07:16:19.346   544   544 D commservice260303: send Cmd To Port ++++5AA5014F8A0100003E916A0F92437B22636F6D6D616E64223A7B226964223A22696D755F737461747573222C22737562223A22227D2C22636F6E74656E74223A7B2254696D655374616D70223A313737393430353337393334352C224672616D65436F756E746572223A31353638312C2247445F58223A2D302E30303938353030353439373933323433342C2247445F59223A302E3030373535383830303238303039343134372C2247445F5A223A302E3031383032303033303131313037343434382C2241445F58223A2D302E3030313030323439303532303437373239352C2241445F59223A2D332E363538313233333134333830363436452D342C2241445F5A223A2D302E3332373233393939303233343337352C2254656D70447370223A302C22537461747573223A302C2243616C69625374617465223A312C22536967416D70496E76616C6964223A307D7D6AF3
05-22 07:16:19.346  2609  2647 D SQLiteQueryBuilder: SELECT phonetic_name, status_updates.status_res_package AS status_res_package, custom_ringtone, contacts_status_updates.status_ts AS contact_status_ts, account_type, data_version, photo_file_id, contacts_status_updates.status_res_package AS contact_status_res_package, group_sourceid, display_name_alt, sort_key_alt, presence.mode AS mode, 0 AS last_time_used, starred, contacts_status_updates.status_label AS contact_status_label, has_phone_number, is_read_only, presence.chat_capability AS chat_capability, raw_contact_id, carrier_presence, contact_last_updated_timestamp, res_package, photo_uri, data_sync4, phonebook_bucket, 0 AS times_used, display_name, sort_key, data_sync1, version, data_sync2, data_sync3, photo_thumb_uri, status_updates.status_label AS status_label, agg_presence.mode AS contact_presence, in_default_directory, 0 AS times_contacted, _id, account_type_and_data_set, name_raw_contact_id, status_updates.status AS status, phonebook_bucket_alt, 0 AS last_time_contacted, pinned, is_primary, photo_id, contact_id, agg_presence.chat_capability AS contact_chat_capability, contacts_status_updates.status_icon AS contact_status_icon, in_visible_group, phonebook_label, account_name, display_name_source, data9, dirty, sourceid, phonetic_name_style, send_to_voicemail, data8, lookup, data7, data6, phonebook_label_alt, data5, is_super_primary, data4, data3, data2, data1, data_set, contacts_status_updates.status AS contact_status, backup_id, preferred_phone_account_component_name, raw_contact_is_user_profile, status_updates.status_ts AS status_ts, data10, preferred_phone_account_id, data12, mimetype, status_updates.status_icon AS status_icon, sync2, data11, sync1, data14, data13, hash_id, data15 FROM view_data data LEFT OUTER JOIN agg_presence ON (contact_id = agg_presence.presence_contact_id) LEFT OUTER JOIN status_updates contacts_status_updates ON (status_update_id=contacts_status_updates.status_update_data_id) LEFT OUTER JOIN presence ON (presence_data_id=data._id) LEFT OUTER JOIN status_updates ON (status_updates.status_update_data_id=data._id) LEFT OUTER JOIN (SELECT 0 as STAT_DATA_ID,0 as x_times_used, 0 as x_last_time_used,0 as times_used, 0 as last_time_used where 0) as data_usage_stat ON (STAT_DATA_ID=data._id) WHERE (1) AND ((mimetype = ? OR mimetype = ? OR mimetype = ?)) ORDER BY display_name ASC with args [vnd.android.cursor.item/phone_v2, vnd.android.cursor.item/name, vnd.android.cursor.item/postal-address_v2]
05-22 06:34:53.087   573   573 D spi_rst_gpio_get_output: GPIO 145 value: 1
05-22 06:34:53.087   573   573 D spidev_ioctl: gpio status=1)
05-22 07:16:19.346   544   544 D commservice260303: bufferevent_write retrun value = 0
05-22 07:16:19.346   544   567 D commservice260303: client datas send succeed,send finish
05-22 07:16:19.346  2981  3178 D Sentinelmode_1.2.5.13_alpha: <SentryImuClusterFgeSender>imu_status sent to Linux, frame=15681, tsNs=664323, tsMs=1779405379345, intervalMs=40, ad=(-0.0010024905,-3.6581233E-4,-0.32724), gd=(-0.009850055,0.0075588003,0.01802003)
05-22 07:16:19.349   573   573 I SpiService: fgesysctrl_getGPIO_status success val=1
05-22 06:34:53.092   573   573 D spi_rst_gpio_get_output: GPIO 145 value: 1
05-22 06:34:53.092   573   573 D spidev_ioctl: gpio status=1)
05-22 07:16:19.354   573   573 I SpiService: fgesysctrl_getGPIO_status success val=1
05-22 07:16:19.356   964  1804 D [OMXB]  : usingANWBuffer: handle:0xebd42950, format:1, w:1920, h:1080
05-22 07:16:19.357   291  1491 D EvsDriver: forwardFrame
05-22 07:16:19.357  2981  3177 I SentryImuMcuAngleSender: 179.92412rollDeg
05-22 07:16:19.357  2981  3177 I SentryImuMcuAngleSender: 1,0,0
05-22 06:34:53.098   573   573 D spi_rst_gpio_get_output: GPIO 145 value: 1
05-22 06:34:53.098   573   573 D spidev_ioctl: gpio status=1)
05-22 07:16:19.358   291  1491 D EvsDriver: Delivered 0xb400007b2f47ca30 as id 0
05-22 07:16:19.358  1137  1150 D evsmanagerd: /dev/video4 forwarded the buffer #0 to 0xb4000071fa019690 from 0xb4000071fa01b7d0
05-22 07:16:19.360   573   573 I SpiService: fgesysctrl_getGPIO_status success val=1
05-22 07:16:19.361   291  1135 D EvsDriver: doneWithFrame
05-22 06:34:53.103   573   573 D spi_rst_gpio_get_output: GPIO 145 value: 1
05-22 06:34:53.103   573   573 D spidev_ioctl: gpio status=1)
05-22 06:34:53.109   573   573 D spi_rst_gpio_get_output: GPIO 145 value: 0
05-22 06:34:53.109   573   573 D spidev_ioctl: gpio status=0)
05-22 07:16:19.367  2609  2647 D CursorWindow: Writing to parcel: CursorWindow{name=/data/user/0/com.android.providers.contacts/databases/contacts2.db, fd=-1, size=16384, inflatedSize=2097152, allocOffset=808, slotsOffset=10816, numRows=4, numColumns=87}
05-22 07:16:19.367  1026  1026 D MyAppLog: [2026-05-22 07:16:19.366 D tboxap gpsMcuDataAnalyze:556] [Gps] stGps.stat:0, latitude:0 , longtitude:0,sped:0,direction:0
05-22 07:16:19.368  3271 13118 D CursorWindow: Created from parcel: CursorWindow{name=/data/user/0/com.android.providers.contacts/databases/contacts2.db, fd=-1, size=6376, inflatedSize=6376, allocOffset=0, slotsOffset=0, numRows=4, numColumns=87}
05-22 07:16:19.370  3271  3271 D CD.AsyncEntityLoader: deliverResult
05-22 07:16:19.370  3271  3271 D CD.InMemoryPhoneBook: Contacts loaded: 4
05-22 07:16:19.371  3271  3271 D CD.FavRepository: 0 favorite contacts loaded.
05-22 07:16:19.377  2981  3177 I SentryImuMcuAngleSender: 179.92412rollDeg
05-22 07:16:19.378  2981  3177 I SentryImuMcuAngleSender: 1,0,0
05-22 06:34:53.123   573   573 D spi_rst_gpio_get_output: GPIO 145 value: 1
05-22 06:34:53.123   573   573 D spidev_ioctl: gpio status=1)
05-22 07:16:19.378   544   567 D commservice260303: recv len:87, 5AA500530600000003D26A0F92437B22636F6D6D616E64223A7B226964223A2268656172745F42656174222C22737562223A22227D2C22636F6E74656E74223A7B2274797065223A322C2276616C7565223A307D7DCF43 from server
05-22 07:16:19.378   544  3079 D commservice260303: mcuDataAnalyzeHandle templen:87,len:87,pos:0, 5AA500530600000003D26A0F92437B22636F6D6D616E64223A7B226964223A2268656172745F42656174222C22737562223A22227D2C22636F6E74656E74223A7B2274797065223A322C2276616C7565223A307D7DCF43 
05-22 07:16:19.378   544  3079 I commservice260303: checksumCal = 53059
05-22 07:16:19.378   544  3079 D commservice260303: CommProtocolLibCmdBaseC2I::dataproc {"command":{"id":"heart_Beat","sub":""},"content":{"type":2,"value":0}},6
05-22 07:16:19.379   544  3079 D commservice260303: mcuCommMessageManager::notifyMsgToClient hwbinder OK
05-22 07:16:19.379   544  3079 D commservice260303: mcuCommMessageManager::notifyMsgToClient hwbinder OK
05-22 07:16:19.379   544  3079 D commservice260303: McuProtocolLibSend2Service::send2Service ret=1
05-22 07:16:19.379  2109  2467 D ivicomm_CommManager: fgeComServiceCallback: {"command":{"id":"heart_Beat","sub":""},"content":{"type":2,"value":0}}
05-22 07:16:19.379   573   573 I SpiService: fgesysctrl_getGPIO_status success val=1
05-22 07:16:19.380  2109  2467 D ivicomm_ConnectStateManager: registerCallback Opt_Result: {"type":2,"value":0}
05-22 07:16:19.380  2109  2467 D ivicomm_ConnectStateManager: notifyState newState=0curState=0
05-22 07:16:19.382   291  1491 D EvsDriver: forwardFrame
05-22 07:16:19.383   291  1491 D EvsDriver: Delivered 0xb400007b2f47ca30 as id 0
05-22 07:16:19.383  1137  1150 D evsmanagerd: /dev/video4 forwarded the buffer #0 to 0xb4000071fa019690 from 0xb4000071fa01b7d0
05-22 07:16:19.385   573   573 I SpiService: fgesysctrl_getGPIO_status success val=1
05-22 06:34:53.128   573   573 D spi_rst_gpio_get_output: GPIO 145 value: 1
05-22 06:34:53.128   573   573 D spidev_ioctl: gpio status=1)
05-22 07:16:19.386   291  1135 D EvsDriver: doneWithFrame
05-22 07:16:19.387   737   737 D Telecom : Logging: START_SESSION
05-22 07:16:19.387   737   737 D Telecom : Logging: END_SESSION (dur: 0 ms): TSI.iIMC@CK4
05-22 07:16:19.387   737   737 D Telecom : Logging: START_SESSION
05-22 07:16:19.387   544   544 D commservice260303: msg.id = 1028,0
05-22 07:16:19.387   544   544 D commservice260303: i = 170, msgid = 8A000404
05-22 07:16:19.387   544   544 D commservice260303: msgid = -1979710460,did=138
05-22 07:16:19.387   544   544 D commservice260303: CommProtocolLibCmdBaseI2C::dataproc {"command":{"id":"imu_status","sub":""},"content":{"TimeStamp":1779405379386,"FrameCounter":15682,"GD_X":-0.00923888012766838,"GD_Y":0.007482858840376139,"GD_Z":0.018095972016453743,"AD_X":-0.0022253096103668213,"AD_Y":0.0020734919235110283,"AD_Z":-0.327239990234375,"TempDsp":0,"Status":0,"CalibState":1,"SigAmpInvalid":0}},-1979710460
05-22 07:16:19.387   737   737 D Telecom : Logging: END_SESSION (dur: 0 ms): TSI.iISMC(a)@CK8
05-22 07:16:19.387   544   544 D commservice260303: send2Cluster len:324, 7B22636F6D6D616E64223A7B226964223A22696D755F737461747573222C22737562223A22227D2C22636F6E74656E74223A7B2254696D655374616D70223A313737393430353337393338362C224672616D65436F756E746572223A31353638322C2247445F58223A2D302E30303932333838383031323736363833382C2247445F59223A302E3030373438323835383834303337363133392C2247445F5A223A302E3031383039353937323031363435333734332C2241445F58223A2D302E303032323235333039363130333636383231332C2241445F59223A302E303032303733343931393233353131303238332C2241445F5A223A2D302E3332373233393939303233343337352C2254656D70447370223A302C22537461747573223A302C2243616C69625374617465223A312C22536967416D70496E76616C6964223A307D7D, 138 
05-22 07:16:19.387   544   544 D commservice260303: Push Message into SendPool fn=-1841430528
05-22 07:16:19.387   544   544 D commservice260303: ComProtocolLibSend2Cluster::send2ClusterRaw fn=-1841430528 , len=340
05-22 07:16:19.387   544   544 D commservice260303: sendCmdToPort :340!!!
05-22 07:16:19.387   737   737 D ResponseStatsTracker: notification:+11m4s168ms; event=<updated>, pkg=com.neusoft.btmusic, usr=0
05-22 07:16:19.387   544   544 D commservice260303: send Cmd To Port ++++5AA501508A0100003E926A0F92437B22636F6D6D616E64223A7B226964223A22696D755F737461747573222C22737562223A22227D2C22636F6E74656E74223A7B2254696D655374616D70223A313737393430353337393338362C224672616D65436F756E746572223A31353638322C2247445F58223A2D302E30303932333838383031323736363833382C2247445F59223A302E3030373438323835383834303337363133392C2247445F5A223A302E3031383039353937323031363435333734332C2241445F58223A2D302E303032323235333039363130333636383231332C2241445F59223A302E303032303733343931393233353131303238332C2241445F5A223A2D302E3332373233393939303233343337352C2254656D70447370223A302C22537461747573223A302C2243616C69625374617465223A312C22536967416D70496E76616C6964223A307D7D0719
05-22 07:16:19.388   544   544 D commservice260303: bufferevent_write retrun value = 0
05-22 07:16:19.388   544   567 D commservice260303: client datas send succeed,send finish
05-22 07:16:19.388   737   737 D Telecom : Logging: START_SESSION
05-22 07:16:19.389  2981  3178 D Sentinelmode_1.2.5.13_alpha: <SentryImuClusterFgeSender>imu_status sent to Linux, frame=15682, tsNs=664359, tsMs=1779405379386, intervalMs=42, ad=(-0.0022253096,0.002073492,-0.32724), gd=(-0.00923888,0.007482859,0.018095972)
05-22 07:16:19.389   737   737 D Telecom : Logging: END_SESSION (dur: 0 ms): TSI.gDDP@CLA
05-22 07:16:19.389   737   737 D Telecom : Logging: START_SESSION
05-22 07:16:19.389   737   737 D Telecom : Logging: END_SESSION (dur: 0 ms): TSI.gDDP@CLE
05-22 07:16:19.389   737   737 D Telecom : Logging: START_SESSION
05-22 07:16:19.389   737   737 D Telecom : Logging: END_SESSION (dur: 0 ms): TSI.gDDP@CLI
05-22 07:16:19.389   737   737 D Telecom : Logging: START_SESSION
05-22 07:16:19.389   737   737 D Telecom : Logging: END_SESSION (dur: 0 ms): TSI.gDDP@CLM
05-22 07:16:19.390   737   737 D NotificationService: 0|com.neusoft.btmusic|8001|null|1000: updating permissions
05-22 07:16:19.390   737   737 D NotificationService: 0|com.neusoft.btmusic|8001|null|1000: updating permissions
05-22 07:16:19.390   737   737 D NotificationService: 0|com.neusoft.btmusic|8001|null|1000: updating permissions
05-22 07:16:19.390   737   737 D NotificationService: 0|com.neusoft.btmusic|8001|null|1000: updating permissions
05-22 07:16:19.390   737   737 D NotificationService: 0|com.neusoft.btmusic|8001|null|1000: updating permissions
05-22 07:16:19.390   737   737 D NotificationService: 0|com.neusoft.btmusic|8001|null|1000: updating permissions
05-22 07:16:19.391   573   573 I SpiService: fgesysctrl_getGPIO_status success val=1
05-22 07:16:19.391   737  1616 D PowerController.AppState: - updateNotification() E -
05-22 07:16:19.392  1517  1517 D CarNotificationListener: onNotificationPosted: StatusBarNotification(pkg=com.neusoft.btmusic user=UserHandle{0} id=8001 tag=null key=0|com.neusoft.btmusic|8001|null|1000: Notification(channel=media_playback_channel shortcut=null contentView=null vibrate=null sound=null defaults=0x0 flags=0x6a color=0x00000000 category=transport groupKey=silent actions=3 vis=PUBLIC))
05-22 07:16:19.392  1517  1517 D CarNotificationListener: Is incoming notification a group summary?: false
05-22 07:16:19.392  1812  1812 I ExtAssistant: POSTED 0|com.neusoft.btmusic|8001|null|1000
05-22 07:16:19.392  1517  1517 D NavBarFragment: onShow: AlertEntry:StatusBarNotification(pkg=com.neusoft.btmusic user=UserHandle{0} id=8001 tag=null key=0|com.neusoft.btmusic|8001|null|1000: Notification(channel=media_playback_channel shortcut=null contentView=null vibrate=null sound=null defaults=0x0 flags=0x6a color=0x00000000 category=transport groupKey=silent actions=3 vis=PUBLIC))
05-22 07:16:19.393  1517  1517 D NavBarFragment: bindMediaActions: action[0] title=Previous, intent=PendingIntent{b551d21: android.os.BinderProxy@beb4470}
05-22 07:16:19.393  1517  1517 D NavBarFragment: bindMediaActions: action[1] title=Pause, intent=PendingIntent{aa3a546: android.os.BinderProxy@b332c26}
05-22 07:16:19.393  1517  1517 D NavBarFragment: bindMediaActions: action[2] title=Next, intent=PendingIntent{e2ce307: android.os.BinderProxy@d0c76b3}
05-22 07:16:19.393  1517  1517 D NavBarFragment: bindMediaActions: previous=0, playPause=1, next=2, key=0|com.neusoft.btmusic|8001|null|1000
05-22 07:16:19.393  1517  1517 D NavBarFragment: updateMediaInfo: title=狂沙漫卷 无畏无惧 历经磨铁血丹心, text=凌绝顶-梓渝, pkg=com.neusoft.btmusic
05-22 06:34:53.134   573   573 D spi_rst_gpio_get_output: GPIO 145 value: 1
05-22 06:34:53.134   573   573 D spidev_ioctl: gpio status=1)
05-22 07:16:19.394   737   737 D Telecom : Logging: START_SESSION
05-22 07:16:19.394   737   737 D Telecom : Logging: END_SESSION (dur: 0 ms): TSI.iIMC@CLQ
05-22 07:16:19.394   737   737 D Telecom : Logging: START_SESSION
05-22 07:16:19.394   737   737 D Telecom : Logging: END_SESSION (dur: 0 ms): TSI.iISMC(a)@CLU
05-22 07:16:19.394   737   737 D ResponseStatsTracker: notification:+11m4s173ms; event=<updated>, pkg=com.neusoft.btmusic, usr=0
05-22 07:16:19.395   737   737 D Telecom : Logging: START_SESSION
05-22 07:16:19.395   737   737 D Telecom : Logging: END_SESSION (dur: 0 ms): TSI.gDDP@CLY
05-22 07:16:19.395   737   737 D Telecom : Logging: START_SESSION
05-22 07:16:19.395   737   737 D Telecom : Logging: END_SESSION (dur: 0 ms): TSI.gDDP@CLc
05-22 07:16:19.395   737   737 D Telecom : Logging: START_SESSION
05-22 07:16:19.395   737   737 D Telecom : Logging: END_SESSION (dur: 0 ms): TSI.gDDP@CLg
05-22 07:16:19.395   737   737 D Telecom : Logging: START_SESSION
05-22 07:16:19.395   737   737 D Telecom : Logging: END_SESSION (dur: 0 ms): TSI.gDDP@CLk
05-22 07:16:19.395   737   737 D NotificationService: 0|com.neusoft.btmusic|8001|null|1000: updating permissions
05-22 07:16:19.396   565   599 I Sensors : 230 AccelSensor: x:-0.109190,y:0.018300,z:-10.134541
05-22 07:16:19.396   737   737 D NotificationService: 0|com.neusoft.btmusic|8001|null|1000: updating permissions
05-22 07:16:19.396   737   737 D NotificationService: 0|com.neusoft.btmusic|8001|null|1000: updating permissions
05-22 07:16:19.396   737   737 D NotificationService: 0|com.neusoft.btmusic|8001|null|1000: updating permissions
05-22 07:16:19.396   737   737 D NotificationService: 0|com.neusoft.btmusic|8001|null|1000: updating permissions
05-22 07:16:19.396   573   573 I SpiService: fgesysctrl_getGPIO_status success val=1
05-22 07:16:19.396   737   737 D NotificationService: 0|com.neusoft.btmusic|8001|null|1000: updating permissions
05-22 07:16:19.397   737  1616 D PowerController.AppState: - updateNotification() E -
05-22 06:34:53.139   573   573 D spi_rst_gpio_get_output: GPIO 145 value: 1
05-22 06:34:53.139   573   573 D spidev_ioctl: gpio status=1)
05-22 07:16:19.398  2981  3177 I SentryImuMcuAngleSender: 179.89655rollDeg
05-22 07:16:19.398  1812  1812 I ExtAssistant: POSTED 0|com.neusoft.btmusic|8001|null|1000
05-22 07:16:19.398  2981  3177 I SentryImuMcuAngleSender: 1,0,0
05-22 07:16:19.401   573   573 I SpiService: fgesysctrl_getGPIO_status success val=0
05-22 06:34:53.145   573   573 D spi_rst_gpio_get_output: GPIO 145 value: 0
05-22 06:34:53.145   573   573 D spidev_ioctl: gpio status=0)
05-22 07:16:19.407  1517  1517 D CarNotificationListener: onNotificationPosted: StatusBarNotification(pkg=com.neusoft.btmusic user=UserHandle{0} id=8001 tag=null key=0|com.neusoft.btmusic|8001|null|1000: Notification(channel=media_playback_channel shortcut=null contentView=null vibrate=null sound=null defaults=0x0 flags=0x6a color=0x00000000 category=transport groupKey=silent actions=3 vis=PUBLIC))
05-22 07:16:19.407  1517  1517 D CarNotificationListener: Is incoming notification a group summary?: false
05-22 07:16:19.408  1517  1517 D NavBarFragment: onShow: AlertEntry:StatusBarNotification(pkg=com.neusoft.btmusic user=UserHandle{0} id=8001 tag=null key=0|com.neusoft.btmusic|8001|null|1000: Notification(channel=media_playback_channel shortcut=null contentView=null vibrate=null sound=null defaults=0x0 flags=0x6a color=0x00000000 category=transport groupKey=silent actions=3 vis=PUBLIC))
05-22 07:16:19.408  1517  1517 D NavBarFragment: bindMediaActions: action[0] title=Previous, intent=PendingIntent{4b2fc34: android.os.BinderProxy@beb4470}
05-22 07:16:19.408  1517  1517 D NavBarFragment: bindMediaActions: action[1] title=Pause, intent=PendingIntent{d456a5d: android.os.BinderProxy@b332c26}
05-22 07:16:19.408  1517  1517 D NavBarFragment: bindMediaActions: action[2] title=Next, intent=PendingIntent{de4cfd2: android.os.BinderProxy@d0c76b3}
05-22 07:16:19.408  1517  1517 D NavBarFragment: bindMediaActions: previous=0, playPause=1, next=2, key=0|com.neusoft.btmusic|8001|null|1000
05-22 07:16:19.408  1517  1517 D NavBarFragment: updateMediaInfo: title=狂沙漫卷 无畏无惧 历经磨铁血丹心, text=凌绝顶-梓渝, pkg=com.neusoft.btmusic
05-22 07:16:19.413   486   580 I mcuc    : rev,n=1,6AA6810D04002489005B06000307010101010101010101010101010101010101010101010101010101010139
05-22 07:16:19.414   344   361 D automotive.vehicle@2.0-adayo-datacomm-mcu: MCUDatacomm sendMessageFromVehicle prop: 0x89, areaId: 0x0, status: 0x5b, timestamp: 0x6
05-22 07:16:19.414   344   361 D automotive.vehicle@2.0-adayo-datacomm-mcu: MCUDatacomm 1sendMessageFromVehicle ---> type = 3 
05-22 07:16:19.414   344   361 D automotive.vehicle@2.0-adayo-func-bcm: sendMessageFromVehicle sendMessageFromVehicle
05-22 07:16:19.414   344   511 D automotive.vehicle@2.0-adayo-func-bcm: jjfan1 ______procotolSize :29
05-22 07:16:19.414   344   511 D automotive.vehicle@2.0-adayo-func-bcm: BCMFunc sendMessageFromVehicle_l dataType: 12,mByte=7,propid=0x21400084
05-22 07:16:19.414   344   511 D automotive.vehicle@2.0-adayo-func-bcm: BCMFunc sendMessageFromVehicle_l msgBuff[7]=0x1,start:0,len:8,temp:8,
05-22 07:16:19.414   344   511 D automotive.vehicle@2.0-adayo-func-bcm: BCMFunc sendMessageFromVehicle_l prop: 0x21400084 ,areaId: 0x0  SPLITE_BIT_DATA_INTEGER : 1
05-22 07:16:19.414   344   511 D automotive.vehicle@2.0-adayo-func-bcm: BCMFunc sendMessageFromVehicle_l id:557842564, area:0 not report! 
05-22 07:16:19.414   344   511 D automotive.vehicle@2.0-adayo-func-bcm: BCMFunc sendMessageFromVehicle_l dataType: 12,mByte=8,propid=0x21400085
05-22 07:16:19.414   344   511 D automotive.vehicle@2.0-adayo-func-bcm: BCMFunc sendMessageFromVehicle_l msgBuff[8]=0x1,start:0,len:8,temp:8,
05-22 07:16:19.414   344   511 D automotive.vehicle@2.0-adayo-func-bcm: BCMFunc sendMessageFromVehicle_l prop: 0x21400085 ,areaId: 0x0  SPLITE_BIT_DATA_INTEGER : 1
05-22 07:16:19.414   344   511 D automotive.vehicle@2.0-adayo-func-bcm: BCMFunc sendMessageFromVehicle_l id:557842565, area:0 not report! 
05-22 07:16:19.414   344   511 D automotive.vehicle@2.0-adayo-func-bcm: BCMFunc sendMessageFromVehicle_l dataType: 12,mByte=9,propid=0x214000a1
05-22 07:16:19.414   344   511 D automotive.vehicle@2.0-adayo-func-bcm: BCMFunc sendMessageFromVehicle_l msgBuff[9]=0x1,start:0,len:8,temp:8,
05-22 07:16:19.414   344   511 D automotive.vehicle@2.0-adayo-func-bcm: BCMFunc sendMessageFromVehicle_l prop: 0x214000a1 ,areaId: 0x0  SPLITE_BIT_DATA_INTEGER : 1
05-22 07:16:19.414   344   511 D automotive.vehicle@2.0-adayo-func-bcm: BCMFunc sendMessageFromVehicle_l id:557842593, area:0 not report! 
05-22 07:16:19.414   344   511 D automotive.vehicle@2.0-adayo-func-bcm: BCMFunc sendMessageFromVehicle_l dataType: 12,mByte=10,propid=0x214000a2
05-22 07:16:19.414   344   511 D automotive.vehicle@2.0-adayo-func-bcm: BCMFunc sendMessageFromVehicle_l msgBuff[10]=0x1,start:0,len:8,temp:8,
05-22 07:16:19.414   344   511 D automotive.vehicle@2.0-adayo-func-bcm: BCMFunc sendMessageFromVehicle_l prop: 0x214000a2 ,areaId: 0x0  SPLITE_BIT_DATA_INTEGER : 1
05-22 07:16:19.414   344   511 D automotive.vehicle@2.0-adayo-func-bcm: BCMFunc sendMessageFromVehicle_l id:557842594, area:0 not report! 
05-22 07:16:19.414   344   511 D automotive.vehicle@2.0-adayo-func-bcm: BCMFunc sendMessageFromVehicle_l dataType: 12,mByte=11,propid=0x21400080
05-22 07:16:19.414   344   511 D automotive.vehicle@2.0-adayo-func-bcm: BCMFunc sendMessageFromVehicle_l msgBuff[11]=0x1,start:0,len:8,temp:8,
05-22 07:16:19.414   344   511 D automotive.vehicle@2.0-adayo-func-bcm: BCMFunc sendMessageFromVehicle_l prop: 0x21400080 ,areaId: 0x0  SPLITE_BIT_DATA_INTEGER : 1
05-22 07:16:19.414   344   511 D automotive.vehicle@2.0-adayo-func-bcm: BCMFunc sendMessageFromVehicle_l id:557842560, area:0 not report! 
05-22 07:16:19.414   344   511 D automotive.vehicle@2.0-adayo-func-bcm: BCMFunc sendMessageFromVehicle_l dataType: 12,mByte=12,propid=0x214000b0
05-22 07:16:19.414   344   511 D automotive.vehicle@2.0-adayo-func-bcm: BCMFunc sendMessageFromVehicle_l msgBuff[12]=0x1,start:0,len:8,temp:8,
05-22 07:16:19.414   344   511 D automotive.vehicle@2.0-adayo-func-bcm: BCMFunc sendMessageFromVehicle_l prop: 0x214000b0 ,areaId: 0x0  SPLITE_BIT_DATA_INTEGER : 1
05-22 07:16:19.414   344   511 D automotive.vehicle@2.0-adayo-func-bcm: BCMFunc sendMessageFromVehicle_l id:557842608, area:0 not report! 
05-22 07:16:19.414   344   511 D automotive.vehicle@2.0-adayo-func-bcm: BCMFunc sendMessageFromVehicle_l dataType: 12,mByte=13,propid=0x2140007b
05-22 07:16:19.414   344   511 D automotive.vehicle@2.0-adayo-func-bcm: BCMFunc sendMessageFromVehicle_l msgBuff[13]=0x1,start:0,len:8,temp:8,
05-22 07:16:19.414   344   511 D automotive.vehicle@2.0-adayo-func-bcm: BCMFunc sendMessageFromVehicle_l prop: 0x2140007b ,areaId: 0x0  SPLITE_BIT_DATA_INTEGER : 1
05-22 07:16:19.414   344   511 D automotive.vehicle@2.0-adayo-func-bcm: BCMFunc sendMessageFromVehicle_l id:557842555, area:0 not report! 
05-22 07:16:19.414   344   511 D automotive.vehicle@2.0-adayo-func-bcm: BCMFunc sendMessageFromVehicle_l dataType: 12,mByte=14,propid=0x2140007c
05-22 07:16:19.414   344   511 D automotive.vehicle@2.0-adayo-func-bcm: BCMFunc sendMessageFromVehicle_l msgBuff[14]=0x1,start:0,len:8,temp:8,
05-22 07:16:19.414   344   511 D automotive.vehicle@2.0-adayo-func-bcm: BCMFunc sendMessageFromVehicle_l prop: 0x2140007c ,areaId: 0x0  SPLITE_BIT_DATA_INTEGER : 1
05-22 07:16:19.414   344   511 D automotive.vehicle@2.0-adayo-func-bcm: BCMFunc sendMessageFromVehicle_l id:557842556, area:0 not report! 
05-22 07:16:19.414   344   511 D automotive.vehicle@2.0-adayo-func-bcm: BCMFunc sendMessageFromVehicle_l dataType: 12,mByte=15,propid=0x21400081
05-22 07:16:19.414   344   511 D automotive.vehicle@2.0-adayo-func-bcm: BCMFunc sendMessageFromVehicle_l msgBuff[15]=0x1,start:0,len:8,temp:8,
05-22 07:16:19.414   344   511 D automotive.vehicle@2.0-adayo-func-bcm: BCMFunc sendMessageFromVehicle_l prop: 0x21400081 ,areaId: 0x0  SPLITE_BIT_DATA_INTEGER : 1
05-22 07:16:19.414   344   511 D automotive.vehicle@2.0-adayo-func-bcm: BCMFunc sendMessageFromVehicle_l id:557842561, area:0 not report! 
05-22 07:16:19.414   344   511 D automotive.vehicle@2.0-adayo-func-bcm: BCMFunc sendMessageFromVehicle_l dataType: 12,mByte=16,propid=0x214000a3
05-22 07:16:19.415   344   511 D automotive.vehicle@2.0-adayo-func-bcm: BCMFunc sendMessageFromVehicle_l msgBuff[16]=0x1,start:0,len:8,temp:8,
05-22 07:16:19.415   344   511 D automotive.vehicle@2.0-adayo-func-bcm: BCMFunc sendMessageFromVehicle_l prop: 0x214000a3 ,areaId: 0x0  SPLITE_BIT_DATA_INTEGER : 1
05-22 07:16:19.415   344   511 D automotive.vehicle@2.0-adayo-func-bcm: BCMFunc sendMessageFromVehicle_l id:557842595, area:0 not report! 
05-22 07:16:19.415   344   511 D automotive.vehicle@2.0-adayo-func-bcm: BCMFunc sendMessageFromVehicle_l dataType: 12,mByte=17,propid=0x2140007d
05-22 07:16:19.415   344   511 D automotive.vehicle@2.0-adayo-func-bcm: BCMFunc sendMessageFromVehicle_l msgBuff[17]=0x1,start:0,len:8,temp:8,
05-22 07:16:19.415   344   511 D automotive.vehicle@2.0-adayo-func-bcm: BCMFunc sendMessageFromVehicle_l prop: 0x2140007d ,areaId: 0x0  SPLITE_BIT_DATA_INTEGER : 1
05-22 07:16:19.415   344   511 D automotive.vehicle@2.0-adayo-func-bcm: BCMFunc sendMessageFromVehicle_l id:557842557, area:0 not report! 
05-22 07:16:19.415   344   511 D automotive.vehicle@2.0-adayo-func-bcm: BCMFunc sendMessageFromVehicle_l dataType: 12,mByte=18,propid=0x21400082
05-22 07:16:19.415   344   511 D automotive.vehicle@2.0-adayo-func-bcm: BCMFunc sendMessageFromVehicle_l msgBuff[18]=0x1,start:0,len:8,temp:8,
05-22 07:16:19.415   344   511 D automotive.vehicle@2.0-adayo-func-bcm: BCMFunc sendMessageFromVehicle_l prop: 0x21400082 ,areaId: 0x0  SPLITE_BIT_DATA_INTEGER : 1
05-22 07:16:19.415   344   511 D automotive.vehicle@2.0-adayo-func-bcm: BCMFunc sendMessageFromVehicle_l id:557842562, area:0 not report! 
05-22 07:16:19.415   344   511 D automotive.vehicle@2.0-adayo-func-bcm: BCMFunc sendMessageFromVehicle_l dataType: 12,mByte=19,propid=0x214000a4
05-22 07:16:19.415   344   511 D automotive.vehicle@2.0-adayo-func-bcm: BCMFunc sendMessageFromVehicle_l msgBuff[19]=0x1,start:0,len:8,temp:8,
05-22 07:16:19.415   344   511 D automotive.vehicle@2.0-adayo-func-bcm: BCMFunc sendMessageFromVehicle_l prop: 0x214000a4 ,areaId: 0x0  SPLITE_BIT_DATA_INTEGER : 1
05-22 07:16:19.415   344   511 D automotive.vehicle@2.0-adayo-func-bcm: BCMFunc sendMessageFromVehicle_l id:557842596, area:0 not report! 
05-22 07:16:19.415   344   511 D automotive.vehicle@2.0-adayo-func-bcm: BCMFunc sendMessageFromVehicle_l dataType: 12,mByte=20,propid=0x214000a5
05-22 07:16:19.415   344   511 D automotive.vehicle@2.0-adayo-func-bcm: BCMFunc sendMessageFromVehicle_l msgBuff[20]=0x1,start:0,len:8,temp:8,
05-22 07:16:19.415   344   511 D automotive.vehicle@2.0-adayo-func-bcm: BCMFunc sendMessageFromVehicle_l prop: 0x214000a5 ,areaId: 0x0  SPLITE_BIT_DATA_INTEGER : 1
05-22 07:16:19.415   344   511 D automotive.vehicle@2.0-adayo-func-bcm: BCMFunc sendMessageFromVehicle_l id:557842597, area:0 not report! 
05-22 07:16:19.415   344   511 D automotive.vehicle@2.0-adayo-func-bcm: BCMFunc sendMessageFromVehicle_l dataType: 12,mByte=21,propid=0x21400083
05-22 07:16:19.415   344   511 D automotive.vehicle@2.0-adayo-func-bcm: BCMFunc sendMessageFromVehicle_l msgBuff[21]=0x1,start:0,len:8,temp:8,
05-22 07:16:19.415   344   511 D automotive.vehicle@2.0-adayo-func-bcm: BCMFunc sendMessageFromVehicle_l prop: 0x21400083 ,areaId: 0x0  SPLITE_BIT_DATA_INTEGER : 1
05-22 07:16:19.415   344   511 D automotive.vehicle@2.0-adayo-func-bcm: BCMFunc sendMessageFromVehicle_l id:557842563, area:0 not report! 
05-22 07:16:19.415   344   511 D automotive.vehicle@2.0-adayo-func-bcm: BCMFunc sendMessageFromVehicle_l dataType: 12,mByte=22,propid=0x214000a6
05-22 07:16:19.415   344   511 D automotive.vehicle@2.0-adayo-func-bcm: BCMFunc sendMessageFromVehicle_l msgBuff[22]=0x1,start:0,len:8,temp:8,
05-22 07:16:19.415   344   511 D automotive.vehicle@2.0-adayo-func-bcm: BCMFunc sendMessageFromVehicle_l prop: 0x214000a6 ,areaId: 0x0  SPLITE_BIT_DATA_INTEGER : 1
05-22 07:16:19.415   344   511 D automotive.vehicle@2.0-adayo-func-bcm: BCMFunc sendMessageFromVehicle_l id:557842598, area:0 not report! 
05-22 07:16:19.415   344   511 D automotive.vehicle@2.0-adayo-func-bcm: BCMFunc sendMessageFromVehicle_l dataType: 12,mByte=23,propid=0x2140007e
05-22 07:16:19.415   344   511 D automotive.vehicle@2.0-adayo-func-bcm: BCMFunc sendMessageFromVehicle_l msgBuff[23]=0x1,start:0,len:8,temp:8,
05-22 07:16:19.415   344   511 D automotive.vehicle@2.0-adayo-func-bcm: BCMFunc sendMessageFromVehicle_l prop: 0x2140007e ,areaId: 0x0  SPLITE_BIT_DATA_INTEGER : 1
05-22 07:16:19.415   344   511 D automotive.vehicle@2.0-adayo-func-bcm: BCMFunc sendMessageFromVehicle_l id:557842558, area:0 not report! 
05-22 07:16:19.415   344   511 D automotive.vehicle@2.0-adayo-func-bcm: BCMFunc sendMessageFromVehicle_l dataType: 12,mByte=24,propid=0x214000a7
05-22 07:16:19.415   344   511 D automotive.vehicle@2.0-adayo-func-bcm: BCMFunc sendMessageFromVehicle_l msgBuff[24]=0x1,start:0,len:8,temp:8,
05-22 07:16:19.415   344   511 D automotive.vehicle@2.0-adayo-func-bcm: BCMFunc sendMessageFromVehicle_l prop: 0x214000a7 ,areaId: 0x0  SPLITE_BIT_DATA_INTEGER : 1
05-22 07:16:19.415   344   511 D automotive.vehicle@2.0-adayo-func-bcm: BCMFunc sendMessageFromVehicle_l id:557842599, area:0 not report! 
05-22 07:16:19.415   344   511 D automotive.vehicle@2.0-adayo-func-bcm: BCMFunc sendMessageFromVehicle_l dataType: 12,mByte=25,propid=0x2140007f
05-22 07:16:19.415   344   511 D automotive.vehicle@2.0-adayo-func-bcm: BCMFunc sendMessageFromVehicle_l msgBuff[25]=0x1,start:0,len:8,temp:8,
05-22 07:16:19.415   344   511 D automotive.vehicle@2.0-adayo-func-bcm: BCMFunc sendMessageFromVehicle_l prop: 0x2140007f ,areaId: 0x0  SPLITE_BIT_DATA_INTEGER : 1
05-22 07:16:19.415   344   511 D automotive.vehicle@2.0-adayo-func-bcm: BCMFunc sendMessageFromVehicle_l id:557842559, area:0 not report! 
05-22 07:16:19.415   344   511 D automotive.vehicle@2.0-adayo-func-bcm: BCMFunc sendMessageFromVehicle_l dataType: 12,mByte=26,propid=0x214000a8
05-22 07:16:19.415   344   511 D automotive.vehicle@2.0-adayo-func-bcm: BCMFunc sendMessageFromVehicle_l msgBuff[26]=0x1,start:0,len:8,temp:8,
05-22 07:16:19.415   344   511 D automotive.vehicle@2.0-adayo-func-bcm: BCMFunc sendMessageFromVehicle_l prop: 0x214000a8 ,areaId: 0x0  SPLITE_BIT_DATA_INTEGER : 1
05-22 07:16:19.415   344   511 D automotive.vehicle@2.0-adayo-func-bcm: BCMFunc sendMessageFromVehicle_l id:557842600, area:0 not report! 
05-22 07:16:19.415   344   511 D automotive.vehicle@2.0-adayo-func-bcm: BCMFunc sendMessageFromVehicle_l dataType: 12,mByte=27,propid=0x214000a9
05-22 07:16:19.415   344   511 D automotive.vehicle@2.0-adayo-func-bcm: BCMFunc sendMessageFromVehicle_l msgBuff[27]=0x1,start:0,len:8,temp:8,
05-22 07:16:19.415   344   511 D automotive.vehicle@2.0-adayo-func-bcm: BCMFunc sendMessageFromVehicle_l prop: 0x214000a9 ,areaId: 0x0  SPLITE_BIT_DATA_INTEGER : 1
05-22 07:16:19.415   344   511 D automotive.vehicle@2.0-adayo-func-bcm: BCMFunc sendMessageFromVehicle_l id:557842601, area:0 not report! 
05-22 07:16:19.415   573   573 I SpiService: fgesysctrl_getGPIO_status success val=1
05-22 07:16:19.416   344   511 D automotive.vehicle@2.0-adayo-func-bcm: BCMFunc sendMessageFromVehicle_l dataType: 12,mByte=28,propid=0x214000aa
05-22 07:16:19.416   344   511 D automotive.vehicle@2.0-adayo-func-bcm: BCMFunc sendMessageFromVehicle_l msgBuff[28]=0x1,start:0,len:8,temp:8,
05-22 07:16:19.416   344   511 D automotive.vehicle@2.0-adayo-func-bcm: BCMFunc sendMessageFromVehicle_l prop: 0x214000aa ,areaId: 0x0  SPLITE_BIT_DATA_INTEGER : 1
05-22 07:16:19.416   344   511 D automotive.vehicle@2.0-adayo-func-bcm: BCMFunc sendMessageFromVehicle_l id:557842602, area:0 not report! 
05-22 07:16:19.416   344   511 D automotive.vehicle@2.0-adayo-func-bcm: BCMFunc sendMessageFromVehicle_l dataType: 12,mByte=29,propid=0x214000ab
05-22 07:16:19.416   344   511 D automotive.vehicle@2.0-adayo-func-bcm: BCMFunc sendMessageFromVehicle_l msgBuff[29]=0x1,start:0,len:8,temp:8,
05-22 07:16:19.416   344   511 D automotive.vehicle@2.0-adayo-func-bcm: BCMFunc sendMessageFromVehicle_l prop: 0x214000ab ,areaId: 0x0  SPLITE_BIT_DATA_INTEGER : 1
05-22 07:16:19.416   344   511 D automotive.vehicle@2.0-adayo-func-bcm: BCMFunc sendMessageFromVehicle_l id:557842603, area:0 not report! 
05-22 07:16:19.416   344   511 D automotive.vehicle@2.0-adayo-func-bcm: BCMFunc sendMessageFromVehicle_l dataType: 12,mByte=30,propid=0x214000ac
05-22 07:16:19.416   344   511 D automotive.vehicle@2.0-adayo-func-bcm: BCMFunc sendMessageFromVehicle_l msgBuff[30]=0x1,start:0,len:8,temp:8,
05-22 07:16:19.416   344   511 D automotive.vehicle@2.0-adayo-func-bcm: BCMFunc sendMessageFromVehicle_l prop: 0x214000ac ,areaId: 0x0  SPLITE_BIT_DATA_INTEGER : 1
05-22 07:16:19.416   344   511 D automotive.vehicle@2.0-adayo-func-bcm: BCMFunc sendMessageFromVehicle_l id:557842604, area:0 not report! 
