05-22 07:16:16.772   544   544 D commservice260303: msgid = -1979710460,did=138
05-22 07:16:16.772   544   544 D commservice260303: CommProtocolLibCmdBaseI2C::dataproc {"command":{"id":"imu_status","sub":""},"content":{"TimeStamp":1779405376772,"FrameCounter":15618,"GD_X":-0.009467746131122112,"GD_Y":0.007405876647680998,"GD_Z":0.018020030111074448,"AD_X":-0.002163432538509369,"AD_Y":0.0021993471309542656,"AD_Z":-0.3235807418823242,"TempDsp":0,"Status":0,"CalibState":1,"SigAmpInvalid":0}},-1979710460
05-22 07:16:16.772   544   544 D commservice260303: send2Cluster len:325, 7B22636F6D6D616E64223A7B226964223A22696D755F737461747573222C22737562223A22227D2C22636F6E74656E74223A7B2254696D655374616D70223A313737393430353337363737322C224672616D65436F756E746572223A31353631382C2247445F58223A2D302E3030393436373734363133313132323131322C2247445F59223A302E3030373430353837363634373638303939382C2247445F5A223A302E3031383032303033303131313037343434382C2241445F58223A2D302E3030323136333433323533383530393336392C2241445F59223A302E303032313939333437313330393534323635362C2241445F5A223A2D302E333233353830373431383832333234322C2254656D70447370223A302C22537461747573223A302C2243616C69625374617465223A312C22536967416D70496E76616C6964223A307D7D, 138 
05-22 07:16:16.773   544   544 D commservice260303: Push Message into SendPool fn=1363017728
05-22 07:16:16.773   544   544 D commservice260303: ComProtocolLibSend2Cluster::send2ClusterRaw fn=1363017728 , len=341
05-22 07:16:16.773   544   544 D commservice260303: sendCmdToPort :341!!!
05-22 07:16:16.773   544   544 D commservice260303: send Cmd To Port ++++5AA501518A0100003E516A0F92407B22636F6D6D616E64223A7B226964223A22696D755F737461747573222C22737562223A22227D2C22636F6E74656E74223A7B2254696D655374616D70223A313737393430353337363737322C224672616D65436F756E746572223A31353631382C2247445F58223A2D302E3030393436373734363133313132323131322C2247445F59223A302E3030373430353837363634373638303939382C2247445F5A223A302E3031383032303033303131313037343434382C2241445F58223A2D302E3030323136333433323533383530393336392C2241445F59223A302E303032313939333437313330393534323635362C2241445F5A223A2D302E333233353830373431383832333234322C2254656D70447370223A302C22537461747573223A302C2243616C69625374617465223A312C22536967416D70496E76616C6964223A307D7DC69B
05-22 07:16:16.773   544   544 D commservice260303: bufferevent_write retrun value = 0
05-22 07:16:16.773   573   573 I SpiService: fgesysctrl_getGPIO_status success val=1
05-22 07:16:16.773   544   567 D commservice260303: client datas send succeed,send finish
05-22 07:16:16.773  2981  3178 D Sentinelmode_1.2.5.13_alpha: <SentryImuClusterFgeSender>imu_status sent to Linux, frame=15618, tsNs=661739, tsMs=1779405376772, intervalMs=40, ad=(-0.0021634325,0.0021993471,-0.32358074), gd=(-0.009467746,0.0074058766,0.01802003)
05-22 06:34:50.516   573   573 D spi_rst_gpio_get_output: GPIO 145 value: 1
05-22 06:34:50.516   573   573 D spidev_ioctl: gpio status=1)
05-22 07:16:16.778   573   573 I SpiService: fgesysctrl_getGPIO_status success val=0
05-22 06:34:50.522   573   573 D spi_rst_gpio_get_output: GPIO 145 value: 0
05-22 06:34:50.522   573   573 D spidev_ioctl: gpio status=0)
05-22 07:16:16.785   737   737 D Telecom : Logging: START_SESSION
05-22 07:16:16.786   291  1491 D EvsDriver: forwardFrame
05-22 07:16:16.786   737   737 D Telecom : Logging: END_SESSION (dur: 0 ms): TSI.iIMC@CIQ
05-22 07:16:16.786   737   737 D Telecom : Logging: START_SESSION
05-22 07:16:16.786   737   737 D Telecom : Logging: END_SESSION (dur: 0 ms): TSI.iISMC(a)@CIU
05-22 07:16:16.787   737   737 D ResponseStatsTracker: notification:+11m1s563ms; event=<updated>, pkg=com.neusoft.btmusic, usr=0
05-22 07:16:16.787   291  1491 D EvsDriver: Delivered 0xb400007b2f47ca30 as id 0
05-22 07:16:16.787   737   737 D Telecom : Logging: START_SESSION
05-22 07:16:16.787  1137  1150 D evsmanagerd: /dev/video4 forwarded the buffer #0 to 0xb4000071fa019690 from 0xb4000071fa01b7d0
05-22 07:16:16.787   737   737 D Telecom : Logging: END_SESSION (dur: 0 ms): TSI.gDDP@CIY
05-22 07:16:16.787   737   737 D Telecom : Logging: START_SESSION
05-22 07:16:16.788   737   737 D Telecom : Logging: END_SESSION (dur: 0 ms): TSI.gDDP@CIc
05-22 07:16:16.788   737   737 D Telecom : Logging: START_SESSION
05-22 07:16:16.788   737   737 D Telecom : Logging: END_SESSION (dur: 0 ms): TSI.gDDP@CIg
05-22 07:16:16.788   737   737 D Telecom : Logging: START_SESSION
05-22 07:16:16.788   737   737 D Telecom : Logging: END_SESSION (dur: 0 ms): TSI.gDDP@CIk
05-22 07:16:16.788   737   737 D NotificationService: 0|com.neusoft.btmusic|8001|null|1000: updating permissions
05-22 07:16:16.788   737   737 D NotificationService: 0|com.neusoft.btmusic|8001|null|1000: updating permissions
05-22 07:16:16.788   737   737 D NotificationService: 0|com.neusoft.btmusic|8001|null|1000: updating permissions
05-22 07:16:16.788   737   737 D NotificationService: 0|com.neusoft.btmusic|8001|null|1000: updating permissions
05-22 07:16:16.788   737   737 D NotificationService: 0|com.neusoft.btmusic|8001|null|1000: updating permissions
05-22 07:16:16.788   737   737 D NotificationService: 0|com.neusoft.btmusic|8001|null|1000: updating permissions
05-22 07:16:16.789   737   737 D Telecom : Logging: START_SESSION
05-22 07:16:16.789   737   737 D Telecom : Logging: END_SESSION (dur: 0 ms): TSI.iIMC@CIo
05-22 07:16:16.789   737   737 D Telecom : Logging: START_SESSION
05-22 07:16:16.789   737   737 D Telecom : Logging: END_SESSION (dur: 0 ms): TSI.iISMC(a)@CIs
05-22 07:16:16.790   737   737 D ResponseStatsTracker: notification:+11m1s569ms; event=<updated>, pkg=com.neusoft.btmusic, usr=0
05-22 07:16:16.790   737   737 D Telecom : Logging: START_SESSION
05-22 07:16:16.790   737   737 D Telecom : Logging: END_SESSION (dur: 0 ms): TSI.gDDP@CIw
05-22 07:16:16.791   737   737 D Telecom : Logging: START_SESSION
05-22 07:16:16.791   737   737 D Telecom : Logging: END_SESSION (dur: 0 ms): TSI.gDDP@CI0
05-22 07:16:16.791   737   737 D Telecom : Logging: START_SESSION
05-22 07:16:16.791   737   737 D Telecom : Logging: END_SESSION (dur: 0 ms): TSI.gDDP@CI4
05-22 07:16:16.791   737   737 D Telecom : Logging: START_SESSION
05-22 07:16:16.791   737   737 D Telecom : Logging: END_SESSION (dur: 0 ms): TSI.gDDP@CI8
05-22 07:16:16.791   737   737 D NotificationService: 0|com.neusoft.btmusic|8001|null|1000: updating permissions
05-22 07:16:16.791   737   737 D NotificationService: 0|com.neusoft.btmusic|8001|null|1000: updating permissions
05-22 07:16:16.791   737   737 D NotificationService: 0|com.neusoft.btmusic|8001|null|1000: updating permissions
05-22 07:16:16.792   737   737 D NotificationService: 0|com.neusoft.btmusic|8001|null|1000: updating permissions
05-22 07:16:16.792   737   737 D NotificationService: 0|com.neusoft.btmusic|8001|null|1000: updating permissions
05-22 07:16:16.792   737   737 D NotificationService: 0|com.neusoft.btmusic|8001|null|1000: updating permissions
05-22 07:16:16.792   291  1135 D EvsDriver: doneWithFrame
05-22 07:16:16.794   573   573 I SpiService: fgesysctrl_getGPIO_status success val=1
05-22 06:34:50.537   573   573 D spi_rst_gpio_get_output: GPIO 145 value: 1
05-22 06:34:50.537   573   573 D spidev_ioctl: gpio status=1)
05-22 07:16:16.796  1517  1517 D CarNotificationListener: onNotificationPosted: StatusBarNotification(pkg=com.neusoft.btmusic user=UserHandle{0} id=8001 tag=null key=0|com.neusoft.btmusic|8001|null|1000: Notification(channel=media_playback_channel shortcut=null contentView=null vibrate=null sound=null defaults=0x0 flags=0x6a color=0x00000000 category=transport groupKey=silent actions=3 vis=PUBLIC))
05-22 07:16:16.796  1517  1517 D CarNotificationListener: Is incoming notification a group summary?: false
05-22 07:16:16.797  1517  1517 D NavBarFragment: onShow: AlertEntry:StatusBarNotification(pkg=com.neusoft.btmusic user=UserHandle{0} id=8001 tag=null key=0|com.neusoft.btmusic|8001|null|1000: Notification(channel=media_playback_channel shortcut=null contentView=null vibrate=null sound=null defaults=0x0 flags=0x6a color=0x00000000 category=transport groupKey=silent actions=3 vis=PUBLIC))
05-22 07:16:16.797  2981  3177 I SentryImuMcuAngleSender: 179.90341rollDeg
05-22 07:16:16.797  1517  1517 D NavBarFragment: bindMediaActions: action[0] title=Previous, intent=PendingIntent{d38f96c: android.os.BinderProxy@beb4470}
05-22 07:16:16.797  2981  3177 I SentryImuMcuAngleSender: 1,0,0
05-22 07:16:16.797  1812  1812 I ExtAssistant: POSTED 0|com.neusoft.btmusic|8001|null|1000
05-22 07:16:16.798   558  1141 I gps_hdbd: [gps_upgrade_thread 3506]Enter
05-22 07:16:16.798   737  1616 D PowerController.AppState: - updateNotification() E -
05-22 07:16:16.798   558  1141 I gps_hdbd: [gps_upgrade_thread 3535] sys.gps.update:0 ,file:not ,upgrate_ing:0
05-22 07:16:16.800   737  1616 D PowerController.AppState: - updateNotification() E -
05-22 07:16:16.801   573   573 I SpiService: fgesysctrl_getGPIO_status success val=1
05-22 07:16:16.801  1812  1812 I ExtAssistant: POSTED 0|com.neusoft.btmusic|8001|null|1000
05-22 07:16:16.801 11323 11374 D ANWStack: [    661783][ANWBT] >>Avctp_L2cap_Data_Ind_Cb
05-22 07:16:16.801 11323 11374 D ANWStack: 
05-22 07:16:16.801 11323 11374 D ANWStack: [    661783][ANWBT] AVCTP Message Length = 166
05-22 07:16:16.801 11323 11374 D ANWStack: [    661783][ANWBT] Receive AVCTP_SINGLE_PACKET
05-22 07:16:16.802 11323 11374 D ANW_AVRCP: (11323|0xD12C8CB0)[AVRCP] [**AVRCP**] 0x52 0x110e
05-22 07:16:16.802 11323 11374 D ANW_AVRCP: (11323|0xD12C8CB0)[AVRCP] opcode match 0x0
05-22 07:16:16.802 11323 11374 D ANW_AVRCP: 
05-22 07:16:16.802 11323 11374 D ANW_AVRCP: (11323|0xD12C8CB0)[AVRCP] subopcode match 0x20, update ctype 0x1->0xc
05-22 07:16:16.802 11323 11374 D ANW_AVRCP: 
05-22 07:16:16.802 11323 11374 D ANW_AVRCP: (11323|0xD12C8CB0)[AVRCP] AVRCP_Packet_Parser Response
05-22 07:16:16.802 11323 11374 D ANW_AVRCP: 
05-22 07:16:16.802  1517  1517 D NavBarFragment: bindMediaActions: action[1] title=Pause, intent=PendingIntent{2c94b35: android.os.BinderProxy@b332c26}
05-22 07:16:16.802 11323 11374 D ANW_AVRCP: (11323|0xD12C8CB0)[AVRCP] AVRCP_Get_Element_Attributes_RSP_Handler
05-22 07:16:16.802  1517  1517 D NavBarFragment: bindMediaActions: action[2] title=Next, intent=PendingIntent{49d5bca: android.os.BinderProxy@d0c76b3}
05-22 07:16:16.802 11323 11374 D ANW_AVRCP: (11323|0xD12C8CB0)[AVRCP] num of attributes: 8
05-22 07:16:16.802 11323 11374 D ANW_AVRCP: 
05-22 07:16:16.802  1517  1517 D NavBarFragment: bindMediaActions: previous=0, playPause=1, next=2, key=0|com.neusoft.btmusic|8001|null|1000
05-22 07:16:16.802 11323 11374 D ANWAPI  : (11323|0xD12C8CB0)[BTAPI] connmgr_find_by_handle pData = 0xb4000078d2e60eb0,7
05-22 07:16:16.802 11323 11374 D ANWAPI  : (11323|0xD12C8CB0)[BTAPI] AVRCP_GET_ELEMENT_ATTRIBUTES
05-22 07:16:16.802  1517  1517 D NavBarFragment: updateMediaInfo: title=凌绝顶, text=梓渝, pkg=com.neusoft.btmusic
05-22 06:34:50.544   573   573 D spi_rst_gpio_get_output: GPIO 145 value: 1
05-22 06:34:50.544   573   573 D spidev_ioctl: gpio status=1)
05-22 07:16:16.804   964  1804 D [OMXB]  : usingANWBuffer: handle:0xebd40590, format:1, w:1920, h:1080
05-22 07:16:16.805 11323 11374 D ANWAPI  : (11323|0xD12C8CB0)[BTAPI] connmgr_find_by_handle pData = 0xb4000078d2e60eb0,7
05-22 07:16:16.805 11323 11374 D ANWAPI  : (11323|0xD12C8CB0)[BTAPI] media attrib id(1)
05-22 07:16:16.805 11323 11374 D ANWAPI  : (11323|0xD12C8CB0)[BTAPI] MediaAttr_MediaTitle 47 106
05-22 07:16:16.805 11323 11374 D ANWAPI  : (11323|0xD12C8CB0)[BTAPI] connmgr_find_by_handle pData = 0xb4000078d2e60eb0,7
05-22 07:16:16.806 11323 11374 D ANWAPI  : (11323|0xD12C8CB0)[BTAPI] media attrib id(2)
05-22 07:16:16.806 11323 11374 D ANWAPI  : (11323|0xD12C8CB0)[BTAPI] MediaAttr_ArtistName 16 106
05-22 07:16:16.806 11323 11374 D ANWAPI  : (11323|0xD12C8CB0)[BTAPI] connmgr_find_by_handle pData = 0xb4000078d2e60eb0,7
05-22 07:16:16.806 11323 11374 D ANWAPI  : (11323|0xD12C8CB0)[BTAPI] media attrib id(3)
05-22 07:16:16.806 11323 11374 D ANWAPI  : (11323|0xD12C8CB0)[BTAPI] MediaAttr_AlbumName 9 106
05-22 07:16:16.806 11323 11374 D ANWAPI  : (11323|0xD12C8CB0)[BTAPI] connmgr_find_by_handle pData = 0xb4000078d2e60eb0,7
05-22 07:16:16.806 11323 11374 D ANWAPI  : (11323|0xD12C8CB0)[BTAPI] media attrib id(4)
05-22 07:16:16.806 11323 11374 D ANWAPI  : (11323|0xD12C8CB0)[BTAPI] MediaAttr_MediaNum 1 106
05-22 07:16:16.806 11323 11374 D ANWAPI  : (11323|0xD12C8CB0)[BTAPI] connmgr_find_by_handle pData = 0xb4000078d2e60eb0,7
05-22 07:16:16.806 11323 11374 D ANWAPI  : (11323|0xD12C8CB0)[BTAPI] media attrib id(5)
05-22 07:16:16.806 11323 11374 D ANWAPI  : (11323|0xD12C8CB0)[BTAPI] MediaAttr_TotalMediaNum 2 106
05-22 07:16:16.806 11323 11374 D ANWAPI  : (11323|0xD12C8CB0)[BTAPI] connmgr_find_by_handle pData = 0xb4000078d2e60eb0,7
05-22 07:16:16.806 11323 11374 D ANWAPI  : (11323|0xD12C8CB0)[BTAPI] media attrib id(6)
05-22 07:16:16.806 11323 11374 D ANWAPI  : (11323|0xD12C8CB0)[BTAPI] MediaAttr_Genre 0 106
05-22 07:16:16.806 11323 11374 D ANWAPI  : (11323|0xD12C8CB0)[BTAPI] connmgr_find_by_handle pData = 0xb4000078d2e60eb0,7
05-22 07:16:16.806 11323 11374 D ANWAPI  : (11323|0xD12C8CB0)[BTAPI] media attrib id(7)
05-22 07:16:16.806 11323 11374 D ANWAPI  : (11323|0xD12C8CB0)[BTAPI] MediaAttr_PlayingTimeMs 6 106
05-22 07:16:16.806 11323 11374 D ANWAPI  : (11323|0xD12C8CB0)[BTAPI] connmgr_find_by_handle pData = 0xb4000078d2e60eb0,7
05-22 07:16:16.806   573   573 I SpiService: fgesysctrl_getGPIO_status success val=1
05-22 07:16:16.806 11323 11374 D ANWAPI  : (11323|0xD12C8CB0)[BTAPI] media attrib id(8)
05-22 07:16:16.807 11323 11374 D ANWAPI  : (11323|0xD12C8CB0)[BTAPI] MediaAttr_CoverArt 7 106 0
05-22 07:16:16.807 11323 11374 D ANWAPI  : (11323|0xD12C8CB0)[BTAPI] connmgr_find_by_handle pData = 0xb4000078d2e60eb0,7
05-22 07:16:16.807 11323 11374 D ANWAPI  : (11323|0xD12C8CB0)[BTAPI] AVRCP_GET_ELEMENT_ATTRIBUTES_FINISH
05-22 07:16:16.807 11323 11374 D ANWAPI  : (11323|0xD12C8CB0)[BTAPI] btsdk_avrcp_post_songdetails
05-22 07:16:16.808 11323 11374 D ANWAPI  : (11323|0xD12C8CB0)[BTAPI] *BT_CB_Dispatch
05-22 07:16:16.808 11323 11374 D ANWAPI  : (11323|0xD12C8CB0)[BTAPI] *****SDK callback(0x405)
05-22 07:16:16.808 11323 11374 D ANWAPI  : (11323|0xD12C8CB0)[BTAPI] SDK***** [1c:11:2f:7c:1d:68]
05-22 07:16:16.808 11323 11374 D ANWAPI  : (11323|0xD12C8CB0)[BTAPI] btsdk_exec_apicb start
05-22 07:16:16.808 11323 11374 D ANWAPI  : (11323|0xD12C8CB0)[BTAPI] Up: AvrcpMsgHandler receive[1C:11:2F:7C:1D:68], Get Device ID(0)
05-22 07:16:16.808 11323 11374 D ANWAPI  : 
05-22 07:16:16.808 11323 11374 D ANWAPI  : (11323|0xD12C8CB0)[BTAPI] Up: AnWBT_AVRCP_CURRENT_SONG_DETAIL_IND(6)
05-22 07:16:16.808 11323 11374 D ANWAPI  : 
05-22 07:16:16.808 11323 11374 D ANWAPI  : (11323|0xD12C8CB0)[BTAPI] MediaTitle   : 狂沙漫卷 无畏无惧 历经磨铁血丹心
05-22 07:16:16.808 11323 11374 D ANWAPI  : 
05-22 07:16:16.808 11323 11374 D ANWAPI  : (11323|0xD12C8CB0)[BTAPI] PlayingTimeMs: 210966
05-22 07:16:16.808 11323 11374 D ANWAPI  : 
05-22 07:16:16.808 11323 11374 D ANWAPI  : (11323|0xD12C8CB0)[BTAPI] AlbumName    : 凌绝顶
05-22 07:16:16.808 11323 11374 D ANWAPI  : 
05-22 07:16:16.808 11323 11374 D ANWAPI  : (11323|0xD12C8CB0)[BTAPI] ArtistName   : 凌绝顶-梓渝
05-22 07:16:16.808 11323 11374 D ANWAPI  : 
05-22 07:16:16.808 11323 11374 D ANWAPI  : (11323|0xD12C8CB0)[BTAPI] MediaNum     : 7
05-22 07:16:16.808 11323 11374 D ANWAPI  : 
05-22 07:16:16.808 11323 11374 D ANWAPI  : (11323|0xD12C8CB0)[BTAPI] TotalMediaNum: 16
05-22 07:16:16.808 11323 11374 D ANWAPI  : 
05-22 07:16:16.808 11323 11374 D ANWAPI  : (11323|0xD12C8CB0)[BTAPI] BipHandle: 0000000)
05-22 07:16:16.808 11323 11374 D ANWAPI  : 
05-22 07:16:16.808 11323 11374 D ANWAPI  : (11323|0xD12C8CB0)[BTAPI] inform track changed cb, num_attr:7
05-22 07:16:16.808 11323 11374 D ANWAPI  : 
05-22 07:16:16.808 11323 11374 I ANW bt_btif: inform_track_changed_cb: HAL bt_rc_ctrl_callbacks->track_changed_cb
05-22 07:16:16.808 11323 11374 I BluetoothAvrcpControllerJni: btavrcp_track_changed_callback
05-22 07:16:16.808 11323 11374 D AvrcpControllerService: onTrackChanged
05-22 07:16:16.809 11323 11374 D AvrcpItem.Builder: 3 = 凌绝顶
05-22 07:16:16.809 11323 11374 D AvrcpItem.Builder: 2 = 凌绝顶-梓渝
05-22 07:16:16.809 11323 11374 D AvrcpItem.Builder: 1 = 狂沙漫卷 无畏无惧 历经磨铁血丹心
05-22 07:16:16.809 11323 11374 D AvrcpItem.Builder: 4 = 7
05-22 07:16:16.809 11323 11374 D AvrcpItem.Builder: 5 = 16
05-22 07:16:16.809 11323 11374 D AvrcpItem.Builder: 7 = 210966
05-22 07:16:16.809 11323 11374 D AvrcpItem.Builder: 8 = 0000000
05-22 06:34:50.550   573   573 D spi_rst_gpio_get_output: GPIO 145 value: 1
05-22 06:34:50.550   573   573 D spidev_ioctl: gpio status=1)
05-22 07:16:16.809 11323 11374 D ANWAPI  : (11323|0xD12C8CB0)[BTAPI] Up: per 1.5S get ID3 information
05-22 07:16:16.809 11323 11374 D ANWAPI  : 
05-22 07:16:16.809 11323 11374 D ANWAPI  : (11323|0xD12C8CB0)[BTAPI] AVRCP_Cancel_Auto_Get_ID3(0)
05-22 07:16:16.809 11323 11374 D ANWAPI  : 
05-22 07:16:16.810 11323 11374 D ANWAPI  : (11323|0xD12C8CB0)[BTAPI] btsdk_exec_apicb end
05-22 07:16:16.810 11323 13102 D AvrcpControllerStateMachine: Avrcp.GetFolderList processMessage 205
05-22 07:16:16.810 11323 13102 D AvrcpControllerStateMachine: Avrcp.ConnectedAvrcpController processMessage 205
05-22 07:16:16.810 11323 13102 D AvrcpCoverArtManager: Download Image - device: 1C:11:2F:7C:1D:68, Handle: e1e5c158-c6d5-4aaa-b97d-e27b45a64ce4
05-22 07:16:16.810 11323 13102 D avrcpcontroller.BipRequest: GetImageProperties - handle: 0000000
05-22 07:16:16.810 11323 13102 D AvrcpCoverArtProvider: getImageUri -> content://com.android.bluetooth.avrcpcontroller.AvrcpCoverArtProvider?device=1C%3A11%3A2F%3A7C%3A1D%3A68&uuid=e1e5c158-c6d5-4aaa-b97d-e27b45a64ce4
05-22 07:16:16.810 11323 13102 D BluetoothMediaBrowserService: trackChanged setMetadata=AvrcpItem{mUuid=415a2ec1-1b29-4194-836b-07fea00dba36, mUid=0, mItemType=3, mType=0, mDisplayableName=null, mTitle=狂沙漫卷 无畏无惧 历经磨铁血丹心 mPlayingTime=210966 mTrack=7/16, mPlayable=false, mBrowsable=false, mCoverArtHandle=0000000, mImageUuid=e1e5c158-c6d5-4aaa-b97d-e27b45a64ce4, mImageUrinull}
05-22 07:16:16.811 11323 13102 D AvrcpControllerStateMachine: removeUnusedArtwork(e1e5c158-c6d5-4aaa-b97d-e27b45a64ce4)
05-22 07:16:16.812 11323 13102 D AvrcpControllerStateMachine: removeUnusedArtworkFromBrowseTree()
05-22 07:16:16.812   573   573 I SpiService: fgesysctrl_getGPIO_status success val=1
05-22 07:16:16.813  3735  3735 I NSLogUtils_BtMusicModel: onMetadataChanged metadata: android.media.MediaMetadata@2ab97ae2
05-22 07:16:16.813  3735  3735 D NSLogUtils_BtMusicModel: onMetadataChanged ====> musicTitle：狂沙漫卷 无畏无惧 历经磨铁血丹心 ,singerText：210966 ,duration：210966 ,albumArtUri：null
05-22 07:16:16.814  3735  3735 D NSLogUtils_BluetoothPlayerService: MediaMetadata ->android.media.MediaMetadata@d7f0da1a
05-22 06:34:50.555   573   573 D spi_rst_gpio_get_output: GPIO 145 value: 1
05-22 06:34:50.555   573   573 D spidev_ioctl: gpio status=1)
05-22 07:16:16.816  1517  1517 D CarNotificationListener: onNotificationPosted: StatusBarNotification(pkg=com.neusoft.btmusic user=UserHandle{0} id=8001 tag=null key=0|com.neusoft.btmusic|8001|null|1000: Notification(channel=media_playback_channel shortcut=null contentView=null vibrate=null sound=null defaults=0x0 flags=0x6a color=0x00000000 category=transport groupKey=silent actions=3 vis=PUBLIC))
05-22 07:16:16.816  1517  1517 D CarNotificationListener: Is incoming notification a group summary?: false
05-22 07:16:16.816   544   544 D commservice260303: msg.id = 1028,1
05-22 07:16:16.816   544   544 D commservice260303: i = 170, msgid = 8A000404
05-22 07:16:16.816   544   544 D commservice260303: msgid = -1979710460,did=138
05-22 07:16:16.816   544   544 D commservice260303: CommProtocolLibCmdBaseI2C::dataproc {"command":{"id":"imu_status","sub":""},"content":{"TimeStamp":1779405376815,"FrameCounter":15619,"GD_X":-0.008398840203881264,"GD_Y":0.007712244056165218,"GD_Z":0.017715223133563995,"AD_X":-0.00460457056760788,"AD_Y":0.0034139398485422134,"AD_Z":-0.3260211944580078,"TempDsp":0,"Status":0,"CalibState":1,"SigAmpInvalid":0}},-1979710460
05-22 07:16:16.816   544   544 D commservice260303: send2Cluster len:324, 7B22636F6D6D616E64223A7B226964223A22696D755F737461747573222C22737562223A22227D2C22636F6E74656E74223A7B2254696D655374616D70223A313737393430353337363831352C224672616D65436F756E746572223A31353631392C2247445F58223A2D302E3030383339383834303230333838313236342C2247445F59223A302E3030373731323234343035363136353231382C2247445F5A223A302E3031373731353232333133333536333939352C2241445F58223A2D302E30303436303435373035363736303738382C2241445F59223A302E303033343133393339383438353432323133342C2241445F5A223A2D302E333236303231313934343538303037382C2254656D70447370223A302C22537461747573223A302C2243616C69625374617465223A312C22536967416D70496E76616C6964223A307D7D, 138 
05-22 07:16:16.816   544   544 D commservice260303: Push Message into SendPool fn=1379794944
05-22 07:16:16.816   544   544 D commservice260303: ComProtocolLibSend2Cluster::send2ClusterRaw fn=1379794944 , len=340
05-22 07:16:16.816   544   544 D commservice260303: sendCmdToPort :340!!!
05-22 07:16:16.816   544   544 D commservice260303: send Cmd To Port ++++5AA501508A0100003E526A0F92407B22636F6D6D616E64223A7B226964223A22696D755F737461747573222C22737562223A22227D2C22636F6E74656E74223A7B2254696D655374616D70223A313737393430353337363831352C224672616D65436F756E746572223A31353631392C2247445F58223A2D302E3030383339383834303230333838313236342C2247445F59223A302E3030373731323234343035363136353231382C2247445F5A223A302E3031373731353232333133333536333939352C2241445F58223A2D302E30303436303435373035363736303738382C2241445F59223A302E303033343133393339383438353432323133342C2241445F5A223A2D302E333236303231313934343538303037382C2254656D70447370223A302C22537461747573223A302C2243616C69625374617465223A312C22536967416D70496E76616C6964223A307D7D437B
05-22 07:16:16.817  1517  1517 D NavBarFragment: onShow: AlertEntry:StatusBarNotification(pkg=com.neusoft.btmusic user=UserHandle{0} id=8001 tag=null key=0|com.neusoft.btmusic|8001|null|1000: Notification(channel=media_playback_channel shortcut=null contentView=null vibrate=null sound=null defaults=0x0 flags=0x6a color=0x00000000 category=transport groupKey=silent actions=3 vis=PUBLIC))
05-22 07:16:16.817   544   544 D commservice260303: bufferevent_write retrun value = 0
05-22 07:16:16.817  1517  1517 D NavBarFragment: bindMediaActions: action[0] title=Previous, intent=PendingIntent{133d13b: android.os.BinderProxy@beb4470}
05-22 07:16:16.817  1517  1517 D NavBarFragment: bindMediaActions: action[1] title=Pause, intent=PendingIntent{b724058: android.os.BinderProxy@b332c26}
05-22 07:16:16.817  1517  1517 D NavBarFragment: bindMediaActions: action[2] title=Next, intent=PendingIntent{b5065b1: android.os.BinderProxy@d0c76b3}
05-22 07:16:16.817  1517  1517 D NavBarFragment: bindMediaActions: previous=0, playPause=1, next=2, key=0|com.neusoft.btmusic|8001|null|1000
05-22 07:16:16.817  1517  1517 D NavBarFragment: updateMediaInfo: title=凌绝顶, text=梓渝, pkg=com.neusoft.btmusic
05-22 07:16:16.817   544   567 D commservice260303: client datas send succeed,send finish
05-22 07:16:16.817  2981  3177 I SentryImuMcuAngleSender: 179.90341rollDeg
05-22 07:16:16.817  2981  3177 I SentryImuMcuAngleSender: 1,0,0
05-22 07:16:16.817   573   573 I SpiService: fgesysctrl_getGPIO_status success val=0
05-22 07:16:16.818  3735  3735 D NSLogUtils_MediaForegroundService: metadata changed title=狂沙漫卷 无畏无惧 历经磨铁血丹心 artist=凌绝顶-梓渝
05-22 07:16:16.818  3735  3735 D NSLogUtils_MediaForegroundService: startPlayback title=狂沙漫卷 无畏无惧 历经磨铁血丹心 isPlaying=true
05-22 07:16:16.818  2981  3178 D Sentinelmode_1.2.5.13_alpha: <SentryImuClusterFgeSender>imu_status sent to Linux, frame=15619, tsNs=661793, tsMs=1779405376815, intervalMs=44, ad=(-0.0046045706,0.0034139398,-0.3260212), gd=(-0.00839884,0.007712244,0.017715223)
05-22 06:34:50.561   573   573 D spi_rst_gpio_get_output: GPIO 145 value: 0
05-22 06:34:50.561   573   573 D spidev_ioctl: gpio status=0)
05-22 07:16:16.821  3735  3735 D NSLogUtils_MediaForegroundService: updateNotification isPlaying=true title=狂沙漫卷 无畏无惧 历经磨铁血丹心 text=凌绝顶-梓渝
05-22 07:16:16.822   291  1491 D EvsDriver: forwardFrame
05-22 07:16:16.823   291  1491 D EvsDriver: Delivered 0xb400007b2f47ca30 as id 0
05-22 07:16:16.824  1137  1150 D evsmanagerd: /dev/video4 forwarded the buffer #0 to 0xb4000071fa019690 from 0xb4000071fa01b7d0
05-22 07:16:16.824   291  1135 D EvsDriver: doneWithFrame
05-22 07:16:16.825 11323 11323 D MediaPlayerList: sendMediaUpdate
05-22 07:16:16.825 11323 11323 I MediaPlayerList: sendMediaUpdate: Creating a one item queue for a player with no queue
05-22 07:16:16.825   737   737 D NotificationService: EnqueueNotificationRunnable.run for: 0|com.neusoft.btmusic|8001|null|1000
05-22 07:16:16.825   737   737 I notification_enqueue: [1000,3735,com.neusoft.btmusic,8001,NULL,0,Notification(channel=media_playback_channel shortcut=null contentView=null vibrate=null sound=null defaults=0x0 flags=0x4a color=0x00000000 category=transport groupKey=silent actions=3 vis=PUBLIC),1]
05-22 07:16:16.827   276   300 I rvcservice: t.code = 3, t.value = 0
05-22 07:16:16.827  1812  1812 I ExtAssistant: ENQUEUED 0|com.neusoft.btmusic|8001|null|1000 on media_playback_channel
05-22 07:16:16.828 11323 11323 D MediaPlayerList: sendMediaUpdate state=PlaybackState {state=3, position=48084, buffered position=0, speed=1.0, updated=661806, actions=566, custom actions=[], active item id=-1, error=null}
05-22 07:16:16.828  1812  2664 D ExtAssistant: Creating Adjustment for 0|com.neusoft.btmusic|8001|null|1000, with 0 actions, and 0 replies.
05-22 07:16:16.828 11323 11323 D AvrcpTargetService: onMediaUpdated: track_changed=true state=false queue=true
05-22 07:16:16.828  3735  3735 D NSLogUtils_BluetoothPlayerService: MediaForegroundService is running: true
05-22 07:16:16.828 11323 11323 D AvrcpNativeInterface: sendMediaUpdate: metadata=true playStatus=false queue=true
05-22 07:16:16.828  3735  3735 I NSLogUtils_BtMusicModel: onMetadataChanged =====> title: 狂沙漫卷 无畏无惧 历经磨铁血丹心,descriptionChar: MUSIC_SOURCE_BT,iconBitmap: null,iconUri: null,mediaId: null,subtitle: 凌绝顶-梓渝
05-22 07:16:16.828 11323 11323 D AvrcpTargetJni: sendMediaUpdateNative
05-22 07:16:16.829   565   565 I Sensors : 230 AccelSensor: x:-0.109800,y:0.017080,z:-10.130880
05-22 07:16:16.829 11323 11323 I droid.bluetooth: run avrcp SendMediaUpdate, AnW
05-22 07:16:16.829 11323 11323 D ANWAPI  : (11323|0x2B6584F8)[BTAPI] Handle_Hal_Callback, callback_type(8)
05-22 07:16:16.829  3735  3735 I NSLogUtils_BtMusicModel: musicChange metaData: android.media.MediaMetadata@2ab97ae2
05-22 07:16:16.829  3735  3735 I NSLogUtils_BtMusicModel: musicChange title: 狂沙漫卷 无畏无惧 历经磨铁血丹心,artist: 凌绝顶-梓渝,duration: 210966,album: 凌绝顶,albumArtUri: null
05-22 07:16:16.830  3735  3735 D NSLogUtils_MainActivity: mMusicTitle->狂沙漫卷 无畏无惧 历经磨铁血丹心
05-22 07:16:16.830  3735  3735 D NSLogUtils_MainActivity: mMusicArtist->凌绝顶-梓渝
05-22 07:16:16.831 11323 11374 D ANWAPI  : (11323|0xD12C8CB0)[BTAPI] BT Addres is NULL , checking which array is connected
05-22 07:16:16.831 11323 11374 D ANWAPI  : 
05-22 07:16:16.831 11323 11374 D ANWAPI  : (11323|0xD12C8CB0)[BTAPI] SPPMIN(0)SPPMAX(0)
05-22 07:16:16.831 11323 11374 D ANWAPI  : 
05-22 07:16:16.831 11323 11374 D ANWAPI  : (11323|0xD12C8CB0)[BTAPI] In Three Step Get Device ID(0)
05-22 07:16:16.831 11323 11374 D ANWAPI  : 
05-22 07:16:16.831 11323 11374 D ANWAPI  : (11323|0xD12C8CB0)[BTAPI] run Get_ID_By_AVRCPTarget_SpecialState(4)
05-22 07:16:16.831 11323 11374 D ANWAPI  : 
05-22 07:16:16.832   573   573 I SpiService: fgesysctrl_getGPIO_status success val=1
05-22 06:34:50.575   573   573 D spi_rst_gpio_get_output: GPIO 145 value: 1
05-22 06:34:50.575   573   573 D spidev_ioctl: gpio status=1)
05-22 07:16:16.837  2981  3177 I SentryImuMcuAngleSender: 179.90341rollDeg
05-22 07:16:16.837  2981  3177 I SentryImuMcuAngleSender: 1,0,0
05-22 07:16:16.837   573   573 I SpiService: fgesysctrl_getGPIO_status success val=1
05-22 06:34:50.580   270   270 I logd    : logdr: UID=0 GID=0 PID=13283 b tail=0 logMask=bf pid=0 start=0ns deadline=0ns
05-22 06:34:50.581   573   573 D spi_rst_gpio_get_output: GPIO 145 value: 1
05-22 06:34:50.581   573   573 D spidev_ioctl: gpio status=1)
05-22 07:16:16.843   573   573 I SpiService: fgesysctrl_getGPIO_status success val=1
05-22 07:16:16.845  1026  1026 D MyAppLog: [2026-05-22 07:16:16.845 D tboxap tsp_WorkMachineProc:1086] [Tsp] [tsp_WorkMachineProc]TSP_WORK_LOGIN NOW !!!!
05-22 06:34:50.586   573   573 D spi_rst_gpio_get_output: GPIO 145 value: 1
05-22 06:34:50.586   573   573 D spidev_ioctl: gpio status=1)
05-22 07:16:16.848   573   573 I SpiService: fgesysctrl_getGPIO_status success val=1
05-22 07:16:16.854   573   573 I SpiService: fgesysctrl_getGPIO_status success val=1
05-22 07:16:16.854   291  1491 D EvsDriver: forwardFrame
05-22 06:34:50.592   573   573 D spi_rst_gpio_get_output: GPIO 145 value: 1
05-22 06:34:50.592   573   573 D spidev_ioctl: gpio status=1)
05-22 06:34:50.597   573   573 D spi_rst_gpio_get_output: GPIO 145 value: 1
05-22 06:34:50.597   573   573 D spidev_ioctl: gpio status=1)
05-22 07:16:16.856  1137  1150 D evsmanagerd: /dev/video4 forwarded the buffer #0 to 0xb4000071fa019690 from 0xb4000071fa01b7d0
05-22 07:16:16.856   291  1491 D EvsDriver: Delivered 0xb400007b2f47ca30 as id 0
05-22 07:16:16.860   573   573 I SpiService: fgesysctrl_getGPIO_status success val=0
05-22 07:16:16.861   544   544 D commservice260303: msg.id = 1028,1
05-22 07:16:16.861   544   544 D commservice260303: i = 170, msgid = 8A000404
05-22 07:16:16.861   544   544 D commservice260303: msgid = -1979710460,did=138
05-22 07:16:16.862   544   544 D commservice260303: CommProtocolLibCmdBaseI2C::dataproc {"command":{"id":"imu_status","sub":""},"content":{"TimeStamp":1779405376861,"FrameCounter":15620,"GD_X":-0.008781149983406067,"GD_Y":0.008704167790710926,"GD_Z":0.01756177842617035,"AD_X":-0.002774767577648163,"AD_Y":0.002190536819398403,"AD_Z":-0.3247995376586914,"TempDsp":0,"Status":0,"CalibState":1,"SigAmpInvalid":0}},-1979710460
05-22 07:16:16.862   544   544 D commservice260303: send2Cluster len:323, 7B22636F6D6D616E64223A7B226964223A22696D755F737461747573222C22737562223A22227D2C22636F6E74656E74223A7B2254696D655374616D70223A313737393430353337363836312C224672616D65436F756E746572223A31353632302C2247445F58223A2D302E3030383738313134393938333430363036372C2247445F59223A302E3030383730343136373739303731303932362C2247445F5A223A302E30313735363137373834323631373033352C2241445F58223A2D302E3030323737343736373537373634383136332C2241445F59223A302E3030323139303533363831393339383430332C2241445F5A223A2D302E333234373939353337363538363931342C2254656D70447370223A302C22537461747573223A302C2243616C69625374617465223A312C22536967416D70496E76616C6964223A307D7D, 138 
05-22 07:16:16.862   544   544 D commservice260303: Push Message into SendPool fn=1396572160
05-22 07:16:16.862   544   544 D commservice260303: ComProtocolLibSend2Cluster::send2ClusterRaw fn=1396572160 , len=339
05-22 07:16:16.862   544   544 D commservice260303: sendCmdToPort :339!!!
05-22 07:16:16.862   544   544 D commservice260303: send Cmd To Port ++++5AA5014F8A0100003E536A0F92407B22636F6D6D616E64223A7B226964223A22696D755F737461747573222C22737562223A22227D2C22636F6E74656E74223A7B2254696D655374616D70223A313737393430353337363836312C224672616D65436F756E746572223A31353632302C2247445F58223A2D302E3030383738313134393938333430363036372C2247445F59223A302E3030383730343136373739303731303932362C2247445F5A223A302E30313735363137373834323631373033352C2241445F58223A2D302E3030323737343736373537373634383136332C2241445F59223A302E3030323139303533363831393339383430332C2241445F5A223A2D302E333234373939353337363538363931342C2254656D70447370223A302C22537461747573223A302C2243616C69625374617465223A312C22536967416D70496E76616C6964223A307D7D2964
05-22 07:16:16.862   544   544 D commservice260303: bufferevent_write retrun value = 0
05-22 07:16:16.862   544   567 D commservice260303: client datas send succeed,send finish
05-22 07:16:16.863   291  1135 D EvsDriver: doneWithFrame
05-22 07:16:16.863  2981  3177 I SentryImuMcuAngleSender: 179.91031rollDeg
05-22 07:16:16.863  2981  3177 I SentryImuMcuAngleSender: 1,0,0
05-22 07:16:16.863  2981  3178 D Sentinelmode_1.2.5.13_alpha: <SentryImuClusterFgeSender>imu_status sent to Linux, frame=15620, tsNs=661829, tsMs=1779405376861, intervalMs=46, ad=(-0.0027747676,0.0021905368,-0.32479954), gd=(-0.00878115,0.008704168,0.017561778)
05-22 07:16:16.865   565   565 I Sensors : 230 GyroSensor: x:-0.008399,y:0.007864,z:0.017562
05-22 06:34:50.603   573   573 D spi_rst_gpio_get_output: GPIO 145 value: 0
05-22 06:34:50.603   573   573 D spidev_ioctl: gpio status=0)
05-22 07:16:16.876   573   573 I SpiService: fgesysctrl_getGPIO_status success val=1
05-22 06:34:50.620   573   573 D spi_rst_gpio_get_output: GPIO 145 value: 1
05-22 06:34:50.620   573   573 D spidev_ioctl: gpio status=1)
05-22 07:16:16.881   291  1491 D EvsDriver: forwardFrame
05-22 07:16:16.882   573   573 I SpiService: fgesysctrl_getGPIO_status success val=1
05-22 07:16:16.882   291  1491 D EvsDriver: Delivered 0xb400007b2f47ca30 as id 0
05-22 07:16:16.883  1137  1150 D evsmanagerd: /dev/video4 forwarded the buffer #0 to 0xb4000071fa019690 from 0xb4000071fa01b7d0
05-22 07:16:16.884  2981  3177 I SentryImuMcuAngleSender: 179.91031rollDeg
05-22 07:16:16.884  2981  3177 I SentryImuMcuAngleSender: 1,0,0
05-22 06:34:50.625   573   573 D spi_rst_gpio_get_output: GPIO 145 value: 1
05-22 06:34:50.626   573   573 D spidev_ioctl: gpio status=1)
05-22 07:16:16.886   291  1135 D EvsDriver: doneWithFrame
05-22 07:16:16.888   573   573 I SpiService: fgesysctrl_getGPIO_status success val=1
05-22 07:16:16.889   558  1606 I gps_hdbd: nmea_cs <0> != calc_cs <f9>, return -1
05-22 06:34:50.631   573   573 D spi_rst_gpio_get_output: GPIO 145 value: 1
05-22 06:34:50.631   573   573 D spidev_ioctl: gpio status=1)
05-22 07:16:16.893   964  1804 D [OMXB]  : usingANWBuffer: handle:0xebd43c90, format:1, w:1920, h:1080
05-22 07:16:16.894   573   573 I SpiService: fgesysctrl_getGPIO_status success val=1
05-22 06:34:50.637   573   573 D spi_rst_gpio_get_output: GPIO 145 value: 1
05-22 06:34:50.637   573   573 D spidev_ioctl: gpio status=1)
05-22 07:16:16.899   573   573 I SpiService: fgesysctrl_getGPIO_status success val=0
05-22 07:16:16.899   544   544 D commservice260303: msg.id = 1028,1
05-22 06:34:50.643   573   573 D spi_rst_gpio_get_output: GPIO 145 value: 0
05-22 06:34:50.643   573   573 D spidev_ioctl: gpio status=0)
05-22 07:16:16.900   544   544 D commservice260303: i = 170, msgid = 8A000404
05-22 07:16:16.900   544   544 D commservice260303: msgid = -1979710460,did=138
05-22 07:16:16.900   544   544 D commservice260303: CommProtocolLibCmdBaseI2C::dataproc {"command":{"id":"imu_status","sub":""},"content":{"TimeStamp":1779405376898,"FrameCounter":15621,"GD_X":-0.00801705103367567,"GD_Y":0.007558800280094147,"GD_Z":0.018095972016453743,"AD_X":-9.46439802646637E-4,"AD_Y":0.002188381738960743,"AD_Z":-0.3260211944580078,"TempDsp":0,"Status":0,"CalibState":1,"SigAmpInvalid":0}},-1979710460
05-22 07:16:16.900   544   544 D commservice260303: send2Cluster len:322, 7B22636F6D6D616E64223A7B226964223A22696D755F737461747573222C22737562223A22227D2C22636F6E74656E74223A7B2254696D655374616D70223A313737393430353337363839382C224672616D65436F756E746572223A31353632312C2247445F58223A2D302E30303830313730353130333336373536372C2247445F59223A302E3030373535383830303238303039343134372C2247445F5A223A302E3031383039353937323031363435333734332C2241445F58223A2D392E3436343339383032363436363337452D342C2241445F59223A302E3030323138383338313733383936303734332C2241445F5A223A2D302E333236303231313934343538303037382C2254656D70447370223A302C22537461747573223A302C2243616C69625374617465223A312C22536967416D70496E76616C6964223A307D7D, 138 
05-22 07:16:16.900   544   544 D commservice260303: Push Message into SendPool fn=1413349376
05-22 07:16:16.900   544   544 D commservice260303: ComProtocolLibSend2Cluster::send2ClusterRaw fn=1413349376 , len=338
05-22 07:16:16.900   544   544 D commservice260303: sendCmdToPort :338!!!
05-22 07:16:16.900   544   544 D commservice260303: send Cmd To Port ++++5AA5014E8A0100003E546A0F92407B22636F6D6D616E64223A7B226964223A22696D755F737461747573222C22737562223A22227D2C22636F6E74656E74223A7B2254696D655374616D70223A313737393430353337363839382C224672616D65436F756E746572223A31353632312C2247445F58223A2D302E30303830313730353130333336373536372C2247445F59223A302E3030373535383830303238303039343134372C2247445F5A223A302E3031383039353937323031363435333734332C2241445F58223A2D392E3436343339383032363436363337452D342C2241445F59223A302E3030323138383338313733383936303734332C2241445F5A223A2D302E333236303231313934343538303037382C2254656D70447370223A302C22537461747573223A302C2243616C69625374617465223A312C22536967416D70496E76616C6964223A307D7D1A57
05-22 07:16:16.901   544   544 D commservice260303: bufferevent_write retrun value = 0
05-22 07:16:16.901   544   567 D commservice260303: client datas send succeed,send finish
05-22 07:16:16.901  2981  3178 D Sentinelmode_1.2.5.13_alpha: <SentryImuClusterFgeSender>imu_status sent to Linux, frame=15621, tsNs=661865, tsMs=1779405376898, intervalMs=38, ad=(-9.464398E-4,0.0021883817,-0.3260212), gd=(-0.008017051,0.0075588003,0.018095972)
05-22 07:16:16.904  2981  3177 I SentryImuMcuAngleSender: 179.91724rollDeg
05-22 07:16:16.904  2981  3177 I SentryImuMcuAngleSender: 1,0,0
05-22 07:16:16.911  2981  3177 I SentryImuMcuAngleSender: [4, 18, 1, 0, 0],5
05-22 07:16:16.911  2981  3177 I McuCommManager: mcuCommSendcmd [4, 18, 1, 0, 0]
05-22 07:16:16.912  2981  3177 I SentryImuMcuAngleSender: true
05-22 07:16:16.912  2981  3177 W Sentinelmode_1.2.5.13_alpha: <SentryImuMcuAngleSender>MCU IMU send interval abnormal: 1002ms
05-22 07:16:16.913   573   573 I SpiService: fgesysctrl_getGPIO_status success val=1
05-22 06:34:50.657   573   573 D spi_rst_gpio_get_output: GPIO 145 value: 1
05-22 06:34:50.657   573   573 D spidev_ioctl: gpio status=1)
05-22 07:16:16.919   573   573 I SpiService: fgesysctrl_getGPIO_status success val=1
05-22 06:34:50.662   573   573 D spi_rst_gpio_get_output: GPIO 145 value: 1
05-22 06:34:50.662   573   573 D spidev_ioctl: gpio status=1)
05-22 07:16:16.924  2981  3177 I SentryImuMcuAngleSender: 179.91724rollDeg
05-22 07:16:16.924  2981  3177 I SentryImuMcuAngleSender: 1,0,0
05-22 07:16:16.925   573   573 I SpiService: fgesysctrl_getGPIO_status success val=1
05-22 06:34:50.668   573   573 D spi_rst_gpio_get_output: GPIO 145 value: 1
05-22 06:34:50.668   573   573 D spidev_ioctl: gpio status=1)
05-22 07:16:16.927   276   300 I rvcservice: t.code = 3, t.value = 0
05-22 07:16:16.930   291  1491 D EvsDriver: forwardFrame
05-22 07:16:16.930   737   737 D Telecom : Logging: START_SESSION
05-22 07:16:16.931   573   573 I SpiService: fgesysctrl_getGPIO_status success val=1
05-22 07:16:16.931  1137  1150 D evsmanagerd: /dev/video4 forwarded the buffer #0 to 0xb4000071fa019690 from 0xb4000071fa01b7d0
05-22 07:16:16.931   737   737 D Telecom : Logging: END_SESSION (dur: 0 ms): TSI.iIMC@CJA
05-22 07:16:16.931   291  1491 D EvsDriver: Delivered 0xb400007b2f47ca30 as id 0
05-22 07:16:16.931   737   737 D Telecom : Logging: START_SESSION
05-22 07:16:16.931   291  1135 D EvsDriver: doneWithFrame
05-22 07:16:16.931   737   737 D Telecom : Logging: END_SESSION (dur: 0 ms): TSI.iISMC(a)@CJE
05-22 07:16:16.932   737   737 D ResponseStatsTracker: notification:+11m1s711ms; event=<updated>, pkg=com.neusoft.btmusic, usr=0
05-22 07:16:16.932   737   737 D Telecom : Logging: START_SESSION
05-22 07:16:16.932   737   737 D Telecom : Logging: END_SESSION (dur: 0 ms): TSI.gDDP@CJI
05-22 07:16:16.932   737   737 D Telecom : Logging: START_SESSION
05-22 07:16:16.932   737   737 D Telecom : Logging: END_SESSION (dur: 0 ms): TSI.gDDP@CJM
05-22 07:16:16.932   737   737 D Telecom : Logging: START_SESSION
05-22 07:16:16.933   737   737 D Telecom : Logging: END_SESSION (dur: 0 ms): TSI.gDDP@CJQ
05-22 07:16:16.933   737   737 D Telecom : Logging: START_SESSION
05-22 07:16:16.933   737   737 D Telecom : Logging: END_SESSION (dur: 0 ms): TSI.gDDP@CJU
05-22 07:16:16.933   737   737 D NotificationService: 0|com.neusoft.btmusic|8001|null|1000: updating permissions
05-22 07:16:16.933   737   737 D NotificationService: 0|com.neusoft.btmusic|8001|null|1000: updating permissions
05-22 07:16:16.933   737   737 D NotificationService: 0|com.neusoft.btmusic|8001|null|1000: updating permissions
05-22 07:16:16.933   737   737 D NotificationService: 0|com.neusoft.btmusic|8001|null|1000: updating permissions
05-22 07:16:16.933   737   737 D NotificationService: 0|com.neusoft.btmusic|8001|null|1000: updating permissions
05-22 07:16:16.933   737   737 D NotificationService: 0|com.neusoft.btmusic|8001|null|1000: updating permissions
05-22 06:34:50.674   573   573 D spi_rst_gpio_get_output: GPIO 145 value: 1
05-22 06:34:50.674   573   573 D spidev_ioctl: gpio status=1)
05-22 07:16:16.934   964  1804 D [OMXB]  : usingANWBuffer: handle:0xebd42ed0, format:1, w:1920, h:1080
05-22 07:16:16.935   737  1616 D PowerController.AppState: - updateNotification() E -
05-22 07:16:16.936  1812  1812 I ExtAssistant: POSTED 0|com.neusoft.btmusic|8001|null|1000
05-22 07:16:16.936   573   573 I SpiService: fgesysctrl_getGPIO_status success val=1
05-22 07:16:16.937  1517  1517 D CarNotificationListener: onNotificationPosted: StatusBarNotification(pkg=com.neusoft.btmusic user=UserHandle{0} id=8001 tag=null key=0|com.neusoft.btmusic|8001|null|1000: Notification(channel=media_playback_channel shortcut=null contentView=null vibrate=null sound=null defaults=0x0 flags=0x6a color=0x00000000 category=transport groupKey=silent actions=3 vis=PUBLIC))
05-22 06:34:50.680   573   573 D spi_rst_gpio_get_output: GPIO 145 value: 1
05-22 06:34:50.680   573   573 D spidev_ioctl: gpio status=1)
05-22 07:16:16.937  1517  1517 D CarNotificationListener: Is incoming notification a group summary?: false
05-22 07:16:16.938  1517  1517 D NavBarFragment: onShow: AlertEntry:StatusBarNotification(pkg=com.neusoft.btmusic user=UserHandle{0} id=8001 tag=null key=0|com.neusoft.btmusic|8001|null|1000: Notification(channel=media_playback_channel shortcut=null contentView=null vibrate=null sound=null defaults=0x0 flags=0x6a color=0x00000000 category=transport groupKey=silent actions=3 vis=PUBLIC))
05-22 07:16:16.938  1517  1517 D NavBarFragment: bindMediaActions: action[0] title=Previous, intent=PendingIntent{81d6a96: android.os.BinderProxy@beb4470}
05-22 07:16:16.938  1517  1517 D NavBarFragment: bindMediaActions: action[1] title=Pause, intent=PendingIntent{1044617: android.os.BinderProxy@b332c26}
05-22 07:16:16.938  1517  1517 D NavBarFragment: bindMediaActions: action[2] title=Next, intent=PendingIntent{8f70a04: android.os.BinderProxy@d0c76b3}
05-22 07:16:16.938  1517  1517 D NavBarFragment: bindMediaActions: previous=0, playPause=1, next=2, key=0|com.neusoft.btmusic|8001|null|1000
05-22 07:16:16.939  1517  1517 D NavBarFragment: updateMediaInfo: title=凌绝顶, text=梓渝, pkg=com.neusoft.btmusic
05-22 07:16:16.939   544   544 D commservice260303: msg.id = 1028,0
05-22 07:16:16.939   544   544 D commservice260303: i = 170, msgid = 8A000404
05-22 07:16:16.939   544   544 D commservice260303: msgid = -1979710460,did=138
05-22 07:16:16.939   544   544 D commservice260303: CommProtocolLibCmdBaseI2C::dataproc {"command":{"id":"imu_status","sub":""},"content":{"TimeStamp":1779405376938,"FrameCounter":15622,"GD_X":-0.009314822033047676,"GD_Y":0.0073299347423017025,"GD_Z":0.018248895183205605,"AD_X":-9.527057409286499E-4,"AD_Y":0.0015768148005008698,"AD_Z":-0.327239990234375,"TempDsp":0,"Status":0,"CalibState":1,"SigAmpInvalid":0}},-1979710460
05-22 07:16:16.939   544   544 D commservice260303: send2Cluster len:325, 7B22636F6D6D616E64223A7B226964223A22696D755F737461747573222C22737562223A22227D2C22636F6E74656E74223A7B2254696D655374616D70223A313737393430353337363933382C224672616D65436F756E746572223A31353632322C2247445F58223A2D302E3030393331343832323033333034373637362C2247445F59223A302E303037333239393334373432333031373032352C2247445F5A223A302E3031383234383839353138333230353630352C2241445F58223A2D392E353237303537343039323836343939452D342C2241445F59223A302E303031353736383134383030353030383639382C2241445F5A223A2D302E3332373233393939303233343337352C2254656D70447370223A302C22537461747573223A302C2243616C69625374617465223A312C22536967416D70496E76616C6964223A307D7D, 138 
05-22 07:16:16.940   544   544 D commservice260303: Push Message into SendPool fn=1430126592
05-22 07:16:16.940   544   544 D commservice260303: ComProtocolLibSend2Cluster::send2ClusterRaw fn=1430126592 , len=341
05-22 07:16:16.940   544   544 D commservice260303: sendCmdToPort :341!!!
05-22 07:16:16.940   544   544 D commservice260303: send Cmd To Port ++++5AA501518A0100003E556A0F92407B22636F6D6D616E64223A7B226964223A22696D755F737461747573222C22737562223A22227D2C22636F6E74656E74223A7B2254696D655374616D70223A313737393430353337363933382C224672616D65436F756E746572223A31353632322C2247445F58223A2D302E3030393331343832323033333034373637362C2247445F59223A302E303037333239393334373432333031373032352C2247445F5A223A302E3031383234383839353138333230353630352C2241445F58223A2D392E353237303537343039323836343939452D342C2241445F59223A302E303031353736383134383030353030383639382C2241445F5A223A2D302E3332373233393939303233343337352C2254656D70447370223A302C22537461747573223A302C2243616C69625374617465223A312C22536967416D70496E76616C6964223A307D7D865C
05-22 07:16:16.940   544   544 D commservice260303: bufferevent_write retrun value = 0
05-22 07:16:16.940   544   567 D commservice260303: client datas send succeed,send finish
05-22 07:16:16.940  2981  3178 D Sentinelmode_1.2.5.13_alpha: <SentryImuClusterFgeSender>imu_status sent to Linux, frame=15622, tsNs=661918, tsMs=1779405376938, intervalMs=39, ad=(-9.5270574E-4,0.0015768148,-0.32724), gd=(-0.009314822,0.0073299347,0.018248895)
05-22 07:16:16.942  2401  2415 E nwydata : nwy_get_modem_alive:in
--------- beginning of radio
05-22 07:16:16.942  2401  2415 D lib_tbox: calling Uid is 0
05-22 07:16:16.942  2401  2415 D lib_tbox: tboxService has already been creaded
05-22 07:16:16.942  2401  2415 D lib_tbox: sim[0] request Queue is ready
05-22 07:16:16.942  2401  2415 D lib_tbox: getModemState start. serial:1544617505
05-22 07:16:16.942  2401  2415 D lib_tbox: waitForResponse serial:1544617505 phoneId:0 mCount:0
05-22 07:16:16.942   573   573 I SpiService: fgesysctrl_getGPIO_status success val=0
05-22 07:16:16.942   643   643 D RILC_TBOX: getModemState: serial 1544617505
05-22 07:16:16.942   486   579 I mcuc    : send SPI:6AA600072900050412010000B4
05-22 07:16:16.942   643   688 D RIL_REQ_THDS: dequeue msg
05-22 07:16:16.942   643   688 D RIL_REQ_THDS: handleMessage 10005
05-22 07:16:16.942   643   688 D RIL     : onRequest: TBOX_REQUEST_GET_MODEM_STATE radioState = RADIO_ON
05-22 07:16:16.943   643   688 D RILC    : RequestComplete, RIL_SOCKET_1
05-22 07:16:16.943   643   688 D RILC    : Calling responseFunction() for token 1544617505
05-22 07:16:16.943   643   688 D RILC_TBOX: getModemStateResponse: serial 1544617505
05-22 07:16:16.943   643   688 D RIL_REQ_THDS: pool2Thread[0] process one message done
05-22 07:16:16.943  2401  2422 D lib_tbox: notifyRequest serial:1544617505 receivedSerial:1544617505 phoneId:0 mCount:0
05-22 07:16:16.943  2401  2415 D lib_tbox: getModemState done. state:0
05-22 07:16:16.943  2401  2415 D lib_tbox: retStatus: aidl response 0, return 0
05-22 07:16:16.943  2401  2415 E nwydata : nwy_get_modem_alive:state=0
05-22 07:16:16.943  2401  2415 D lib_tbox: calling Uid is 0
05-22 07:16:16.943  2401  2415 D lib_tbox: tboxService has already been creaded
05-22 07:16:16.943  2401  2415 D lib_tbox: sim[0] request Queue is ready
05-22 07:16:16.943  2401  2415 D lib_tbox: sim[0] getSimState start. serial:243268139
05-22 07:16:16.943  2401  2415 D lib_tbox: waitForResponse serial:243268139 phoneId:0 mCount:0
05-22 07:16:16.943   643   643 D RILC_TBOX: getSimState: serial 243268139
05-22 07:16:16.943   643   687 D RIL_REQ_THDS: dequeue msg
05-22 07:16:16.943   643   687 D RIL_REQ_THDS: handleMessage 10001
05-22 07:16:16.943   643   687 D RIL     : onRequest: TBOX_REQUEST_GET_SIM_STATE radioState = RADIO_ON
05-22 07:16:16.943   643   687 D RIL_REQ_THDS: get Channel1
05-22 07:16:16.943   643   687 D RIL-AT  : Channel1: AT> AT+CPIN?
05-22 07:16:16.944   643   809 D RIL-AT  : Channel1: AT< +CME ERROR: 10
05-22 07:16:16.944   643   687 D RIL_REQ_THDS: put Channel1
05-22 07:16:16.945   643   687 D RIL_STK_CONTEXT: socket_id: 0, s_setupMenuNeedUnsol : 0, s_setupMenuResponse is : (null)
05-22 07:16:16.945   643   687 D RIL     : setSimPresent[0] hasSim = 0
05-22 07:16:16.945   643   687 D RILC    : RequestComplete, RIL_SOCKET_1
05-22 07:16:16.945   643   687 D RILC    : Calling responseFunction() for token 243268139
05-22 07:16:16.945   643   687 D RILC_TBOX: getSimStateResponse: serial:243268139, slotId:0
05-22 07:16:16.945   643   687 D RIL_REQ_THDS: pool1Thread[0] process one message done
05-22 07:16:16.945  2401  2422 D lib_tbox: sim0 getSimStateResponse: 0
05-22 07:16:16.945  2401  2422 D lib_tbox: notifyRequest serial:243268139 receivedSerial:243268139 phoneId:0 mCount:0
05-22 07:16:16.945  2401  2415 D lib_tbox: sim[0] getSimState done. state:0
05-22 07:16:16.945  2401  2415 D lib_tbox: retStatus: aidl response 0, return 0
05-22 07:16:16.945  2401  2415 E nwydata : nwy_get_sim_status sim state:0
05-22 07:16:16.945  2401  2415 E nwydata : nwy_threadForData nwy_get_sim_status NOT ready!
05-22 07:16:16.945  2981  3177 I SentryImuMcuAngleSender: 179.91377rollDeg
05-22 07:16:16.945  2981  3177 I SentryImuMcuAngleSender: 1,0,0
05-22 06:34:50.685   573   573 D spi_rst_gpio_get_output: GPIO 145 value: 0
05-22 06:34:50.685   573   573 D spidev_ioctl: gpio status=0)
