05-22 07:16:18.816  2981  3178 D Sentinelmode_1.2.5.13_alpha: <SentryImuClusterFgeSender>imu_status sent to Linux, frame=15668, tsNs=663785, tsMs=1779405378814, intervalMs=45, ad=(-0.0034204125,8.4894616E-4,-0.3260212), gd=(-0.009467746,0.008092993,0.017867107)
05-22 07:16:18.816   964  1804 D [OMXB]  : usingANWBuffer: handle:0xebd41f00, format:1, w:1920, h:1080
05-22 06:34:52.559   573   573 D spi_rst_gpio_get_output: GPIO 145 value: 1
05-22 06:34:52.559   573   573 D spidev_ioctl: gpio status=1)
05-22 07:16:18.819  2981  3177 I SentryImuMcuAngleSender: 179.91722rollDeg
05-22 07:16:18.819  2981  3177 I SentryImuMcuAngleSender: 1,0,0
05-22 07:16:18.821   573   573 I SpiService: fgesysctrl_getGPIO_status success val=1
05-22 06:34:52.564   573   573 D spi_rst_gpio_get_output: GPIO 145 value: 1
05-22 06:34:52.564   573   573 D spidev_ioctl: gpio status=1)
05-22 07:16:18.825   291  1491 D EvsDriver: forwardFrame
05-22 07:16:18.827   573   573 I SpiService: fgesysctrl_getGPIO_status success val=0
05-22 06:34:52.570   573   573 D spi_rst_gpio_get_output: GPIO 145 value: 0
05-22 06:34:52.570   573   573 D spidev_ioctl: gpio status=0)
05-22 07:16:18.827   291  1491 D EvsDriver: Delivered 0xb400007b2f47ca30 as id 0
05-22 07:16:18.827   486   579 I mcuc    : send SPI:6AA6020D000002890066
05-22 07:16:18.827  1137  1150 D evsmanagerd: /dev/video4 forwarded the buffer #0 to 0xb4000071fa019690 from 0xb4000071fa01b7d0
05-22 07:16:18.828   291  1135 D EvsDriver: doneWithFrame
05-22 07:16:18.839   565   565 I Sensors : 230 GyroSensor: x:-0.008933,y:0.008017,z:0.017562
05-22 07:16:18.839   276   300 I rvcservice: t.code = 3, t.value = 0
05-22 07:16:18.840  2981  3177 I SentryImuMcuAngleSender: 179.93446rollDeg
05-22 07:16:18.840  2981  3177 I SentryImuMcuAngleSender: 1,0,0
05-22 07:16:18.841   573   573 I SpiService: fgesysctrl_getGPIO_status success val=1
05-22 06:34:52.584   573   573 D spi_rst_gpio_get_output: GPIO 145 value: 1
05-22 06:34:52.584   573   573 D spidev_ioctl: gpio status=1)
05-22 07:16:18.844   824   882 W TransactionTracing: Could not find layer id -1
05-22 07:16:18.846   573   573 I SpiService: fgesysctrl_getGPIO_status success val=1
05-22 07:16:18.849   291  1491 D EvsDriver: forwardFrame
05-22 07:16:18.843  2203  2203 I auditd  : type=1400 audit(0.0:4154): avc: denied { getattr } for comm="CACHEABLE" path="/mnt/log_data/AndroidLog/logcat/logcat_2026_05_22_07_12_15_772.txt" dev="vda93" ino=65542 scontext=u:r:system_app:s0 tcontext=u:object_r:log_data_file:s0 tclass=file permissive=1
05-22 07:16:18.843  2203  2203 I CACHEABLE: type=1400 audit(0.0:4154): avc: denied { getattr } for path="/mnt/log_data/AndroidLog/logcat/logcat_2026_05_22_07_12_15_772.txt" dev="vda93" ino=65542 scontext=u:r:system_app:s0 tcontext=u:object_r:log_data_file:s0 tclass=file permissive=1
05-22 07:16:18.851   291  1491 D EvsDriver: Delivered 0xb400007b2f47ca30 as id 0
05-22 07:16:18.851  1137  1150 D evsmanagerd: /dev/video4 forwarded the buffer #0 to 0xb4000071fa019690 from 0xb4000071fa01b7d0
05-22 06:34:52.590   573   573 D spi_rst_gpio_get_output: GPIO 145 value: 1
05-22 06:34:52.590   573   573 D spidev_ioctl: gpio status=1)
05-22 07:16:18.852   573   573 I SpiService: fgesysctrl_getGPIO_status success val=1
05-22 07:16:18.853   291  1135 D EvsDriver: doneWithFrame
05-22 07:16:18.853  2203  9727 I ADAYO_LOG_: addEncryptorBean(EncryptorModel.java:28)key:logcat_2026_05_22_07_16_15_807-0.zip
05-22 07:16:18.853  2203  9727 I ADAYO_LOG_: writeEncryptorFile(EncryptorModel.java:48)mHashMapList:1
05-22 06:34:52.595   573   573 D spi_rst_gpio_get_output: GPIO 145 value: 1
05-22 06:34:52.595   573   573 D spidev_ioctl: gpio status=1)
05-22 07:16:18.855  2203  9727 W System.err: java.io.IOException: No such file or directory
05-22 07:16:18.856  2203  9727 W System.err: 	at java.io.UnixFileSystem.createFileExclusively0(Native Method)
05-22 07:16:18.856  2203  9727 W System.err: 	at java.io.UnixFileSystem.createFileExclusively(UnixFileSystem.java:317)
05-22 07:16:18.856  2203  9727 W System.err: 	at java.io.File.createNewFile(File.java:1006)
05-22 07:16:18.856  2203  9727 W System.err: 	at com.adayo.log.utils.FileUtil.writeStringToFile(FileUtil.java:253)
05-22 07:16:18.856  2203  9727 W System.err: 	at com.adayo.log.model.EncryptorModel.writeEncryptorFile(EncryptorModel.java:53)
05-22 07:16:18.856  2203  9727 W System.err: 	at com.adayo.log.model.EncryptorModel.addEncryptorBean(EncryptorModel.java:31)
05-22 07:16:18.856  2203  9727 W System.err: 	at com.adayo.log.function.collect.LogcatFunc.startZip(LogcatFunc.java:404)
05-22 07:16:18.856  2203  9727 W System.err: 	at com.adayo.log.function.collect.LogcatFunc.startSeparationAndZip(LogcatFunc.java:293)
05-22 07:16:18.856  2203  9727 W System.err: 	at com.adayo.log.function.collect.LogcatFunc.access$000(LogcatFunc.java:56)
05-22 07:16:18.856  2203  9727 W System.err: 	at com.adayo.log.function.collect.LogcatFunc$WatchCallable.call(LogcatFunc.java:505)
05-22 07:16:18.856  2203  9727 W System.err: 	at com.adayo.log.function.collect.LogcatFunc$WatchCallable.call(LogcatFunc.java:431)
05-22 07:16:18.856  2203  9727 W System.err: 	at com.adayo.log.utils.easythread.RunnableWrapper.run(RunnableWrapper.java:37)
05-22 07:16:18.856   544   544 D commservice260303: msg.id = 1028,0
05-22 07:16:18.856  2203  9727 W System.err: 	at java.util.concurrent.ThreadPoolExecutor.runWorker(ThreadPoolExecutor.java:1137)
05-22 07:16:18.856   544   544 D commservice260303: i = 170, msgid = 8A000404
05-22 07:16:18.856   544   544 D commservice260303: msgid = -1979710460,did=138
05-22 07:16:18.856   544   544 D commservice260303: CommProtocolLibCmdBaseI2C::dataproc {"command":{"id":"imu_status","sub":""},"content":{"TimeStamp":1779405378856,"FrameCounter":15669,"GD_X":-0.008933032862842083,"GD_Y":0.00801705103367567,"GD_Z":0.01756177842617035,"AD_X":-9.829849004745483E-4,"AD_Y":-0.0028064921498298645,"AD_Z":-0.3260211944580078,"TempDsp":0,"Status":0,"CalibState":1,"SigAmpInvalid":0}},-1979710460
05-22 07:16:18.856  2203  9727 W System.err: 	at java.util.concurrent.ThreadPoolExecutor$Worker.run(ThreadPoolExecutor.java:637)
05-22 07:16:18.856  2203  9727 W System.err: 	at java.lang.Thread.run(Thread.java:1023)
05-22 07:16:18.856   544   544 D commservice260303: send2Cluster len:324, 7B22636F6D6D616E64223A7B226964223A22696D755F737461747573222C22737562223A22227D2C22636F6E74656E74223A7B2254696D655374616D70223A313737393430353337383835362C224672616D65436F756E746572223A31353636392C2247445F58223A2D302E3030383933333033323836323834323038332C2247445F59223A302E30303830313730353130333336373536372C2247445F5A223A302E30313735363137373834323631373033352C2241445F58223A2D392E383239383439303034373435343833452D342C2241445F59223A2D302E303032383036343932313439383239383634352C2241445F5A223A2D302E333236303231313934343538303037382C2254656D70447370223A302C22537461747573223A302C2243616C69625374617465223A312C22536967416D70496E76616C6964223A307D7D, 138 
05-22 07:16:18.856   544   544 D commservice260303: Push Message into SendPool fn=-2059534336
05-22 07:16:18.856   544   544 D commservice260303: ComProtocolLibSend2Cluster::send2ClusterRaw fn=-2059534336 , len=340
05-22 07:16:18.856   544   544 D commservice260303: sendCmdToPort :340!!!
05-22 07:16:18.857   544   544 D commservice260303: send Cmd To Port ++++5AA501508A0100003E856A0F92427B22636F6D6D616E64223A7B226964223A22696D755F737461747573222C22737562223A22227D2C22636F6E74656E74223A7B2254696D655374616D70223A313737393430353337383835362C224672616D65436F756E746572223A31353636392C2247445F58223A2D302E3030383933333033323836323834323038332C2247445F59223A302E30303830313730353130333336373536372C2247445F5A223A302E30313735363137373834323631373033352C2241445F58223A2D392E383239383439303034373435343833452D342C2241445F59223A2D302E303032383036343932313439383239383634352C2241445F5A223A2D302E333236303231313934343538303037382C2254656D70447370223A302C22537461747573223A302C2243616C69625374617465223A312C22536967416D70496E76616C6964223A307D7D3AFD
05-22 06:34:52.601   573   573 D spi_rst_gpio_get_output: GPIO 145 value: 1
05-22 06:34:52.601   573   573 D spidev_ioctl: gpio status=1)
05-22 07:16:18.857   544   544 D commservice260303: bufferevent_write retrun value = 0
05-22 07:16:18.857  2203  9727 W System.err: java.io.FileNotFoundException: /log/offlinelogs/AndroidLog/logKey.txt: open failed: ENOENT (No such file or directory)
05-22 07:16:18.857   544   567 D commservice260303: client datas send succeed,send finish
05-22 07:16:18.857  2203  9727 W System.err: 	at libcore.io.IoBridge.open(IoBridge.java:574)
05-22 07:16:18.857  2203  9727 W System.err: 	at java.io.FileOutputStream.<init>(FileOutputStream.java:236)
05-22 07:16:18.857  2203  9727 W System.err: 	at java.io.FileOutputStream.<init>(FileOutputStream.java:186)
05-22 07:16:18.857  2203  9727 W System.err: 	at com.adayo.log.utils.FileUtil.writeStringToFile(FileUtil.java:258)
05-22 07:16:18.857  2981  3178 D Sentinelmode_1.2.5.13_alpha: <SentryImuClusterFgeSender>imu_status sent to Linux, frame=15669, tsNs=663821, tsMs=1779405378856, intervalMs=41, ad=(-9.829849E-4,-0.0028064921,-0.3260212), gd=(-0.008933033,0.008017051,0.017561778)
05-22 07:16:18.857  2203  9727 W System.err: 	at com.adayo.log.model.EncryptorModel.writeEncryptorFile(EncryptorModel.java:53)
05-22 07:16:18.858   573   573 I SpiService: fgesysctrl_getGPIO_status success val=1
05-22 07:16:18.858  2203  9727 W System.err: 	at com.adayo.log.model.EncryptorModel.addEncryptorBean(EncryptorModel.java:31)
05-22 07:16:18.858  2203  9727 W System.err: 	at com.adayo.log.function.collect.LogcatFunc.startZip(LogcatFunc.java:404)
05-22 07:16:18.858  2203  9727 W System.err: 	at com.adayo.log.function.collect.LogcatFunc.startSeparationAndZip(LogcatFunc.java:293)
05-22 07:16:18.858  2203  9727 W System.err: 	at com.adayo.log.function.collect.LogcatFunc.access$000(LogcatFunc.java:56)
05-22 07:16:18.858  2203  9727 W System.err: 	at com.adayo.log.function.collect.LogcatFunc$WatchCallable.call(LogcatFunc.java:505)
05-22 07:16:18.858  2203  9727 W System.err: 	at com.adayo.log.function.collect.LogcatFunc$WatchCallable.call(LogcatFunc.java:431)
05-22 07:16:18.858  2203  9727 W System.err: 	at com.adayo.log.utils.easythread.RunnableWrapper.run(RunnableWrapper.java:37)
05-22 07:16:18.858  2203  9727 W System.err: 	at java.util.concurrent.ThreadPoolExecutor.runWorker(ThreadPoolExecutor.java:1137)
05-22 07:16:18.858  2203  9727 W System.err: 	at java.util.concurrent.ThreadPoolExecutor$Worker.run(ThreadPoolExecutor.java:637)
05-22 07:16:18.858  2203  9727 W System.err: 	at java.lang.Thread.run(Thread.java:1023)
05-22 07:16:18.858  2203  9727 W System.err: Caused by: android.system.ErrnoException: open failed: ENOENT (No such file or directory)
05-22 07:16:18.858  2203  9727 W System.err: 	at libcore.io.Linux.open(Native Method)
05-22 07:16:18.858  2203  9727 W System.err: 	at libcore.io.ForwardingOs.open(ForwardingOs.java:563)
05-22 07:16:18.858  2203  9727 W System.err: 	at libcore.io.BlockGuardOs.open(BlockGuardOs.java:274)
05-22 07:16:18.858  2203  9727 W System.err: 	at libcore.io.ForwardingOs.open(ForwardingOs.java:563)
05-22 07:16:18.858  2203  9727 W System.err: 	at android.app.ActivityThread$AndroidOs.open(ActivityThread.java:7919)
05-22 07:16:18.859  2203  9727 W System.err: 	at libcore.io.IoBridge.open(IoBridge.java:560)
05-22 07:16:18.859  2203  9727 W System.err: 	... 14 more
05-22 07:16:18.861  2981  3177 I SentryImuMcuAngleSender: 179.93791rollDeg
05-22 07:16:18.861  2981  3177 I SentryImuMcuAngleSender: 1,0,0
05-22 07:16:18.863   573   573 I SpiService: fgesysctrl_getGPIO_status success val=1
05-22 07:16:18.864  1091  1133 D tboxmids_ap: Frame Size: 12
05-22 07:16:18.864  1091  1133 D tboxmids_ap: Hex Data:
05-22 07:16:18.864  1091  1133 D tboxmids_ap: 09 
05-22 07:16:18.864  1091  1133 D tboxmids_ap: 01 
05-22 07:16:18.864  1091  1133 D tboxmids_ap: 00 
05-22 07:16:18.864  1091  1133 D tboxmids_ap: 08 
05-22 07:16:18.864  1091  1133 D tboxmids_ap: 55 
05-22 07:16:18.864  1091  1133 D tboxmids_ap: 04 
05-22 07:16:18.864  1091  1133 D tboxmids_ap: 01 
05-22 07:16:18.864  1026  1026 I MyAppLog: [2026-05-22 07:16:18.863 I tboxap mcuSendYadiTransfer:195] [Mcu] [mcuYadiSend]: :00 08 55 04 01 09 81 02 01 01
05-22 07:16:18.864  1091  1133 D tboxmids_ap: 09 
05-22 07:16:18.864  1091  1133 D tboxmids_ap: 81 
05-22 07:16:18.864  1091  1133 D tboxmids_ap: 02 
05-22 07:16:18.864  1091  1133 D tboxmids_ap: 01 
05-22 07:16:18.864  1091  1133 D tboxmids_ap: 01 
05-22 07:16:18.864  1091  1133 D tboxmids_ap: 
05-22 07:16:18.864  1091  1133 D tboxmids_ap: Hex Data end 
05-22 06:34:52.606   573   573 D spi_rst_gpio_get_output: GPIO 145 value: 1
05-22 06:34:52.606   573   573 D spidev_ioctl: gpio status=1)
05-22 07:16:18.866   486   581 I mcuc    : start timer OK = 1838 
05-22 07:16:18.867  1026  1026 D MyAppLog: [2026-05-22 07:16:18.866 D tboxap tsp_WorkMachineProc:1086] [Tsp] [tsp_WorkMachineProc]TSP_WORK_LOGIN NOW !!!!
05-22 07:16:18.868   573   573 I SpiService: fgesysctrl_getGPIO_status success val=1
05-22 06:34:52.612   573   573 D spi_rst_gpio_get_output: GPIO 145 value: 1
05-22 06:34:52.612   573   573 D spidev_ioctl: gpio status=1)
05-22 07:16:18.870   947 13340 D resolv  : GetAddrInfoHandler::run: {0 262144 0 983040 10081 0}
05-22 07:16:18.870   947 13340 D resolv  : resolv_getaddrinfo: explore_fqdn(): ai_family=0 ai_socktype=1 ai_protocol=6
05-22 07:16:18.870   947 13341 D resolv  : GetAddrInfoHandler::run: {0 262144 0 983040 10081 0}
05-22 07:16:18.870   947 13341 D resolv  : resolv_getaddrinfo: explore_fqdn(): ai_family=0 ai_socktype=1 ai_protocol=6
05-22 06:34:52.617   573   573 D spi_rst_gpio_get_output: GPIO 145 value: 0
05-22 06:34:52.617   573   573 D spidev_ioctl: gpio status=0)
05-22 07:16:18.874   573   573 I SpiService: fgesysctrl_getGPIO_status success val=0
05-22 07:16:18.874   486   579 I mcuc    : send SPI:6AA601072E00F80901550401098102010100000000000000000000000000000000000000000000000000000000000000000000000000000000000000000000000000000000000000000000000000000000000000000000000000000000000000000000000000000000000000000000000000000000000000000000000000000000000000000000000000000000000000000000000000000000000000000000000000000000000000000000000000000000000000000000000000000000000000000000000000000000000000000000000000000000000000000000000000000000000000000000000000000000000000000000000000000000000000000000E0
05-22 07:16:18.878  2203  9727 I ADAYO_LOG_: startZip(LogcatFunc.java:409)zipFile:true,txtFilePath: /mnt/log_data/AndroidLog/logcat/logcat_2026_05_22_07_12_15_772.txt
05-22 07:16:18.875  2203  2203 I auditd  : type=1400 audit(0.0:4155): avc: denied { remove_name } for comm="CACHEABLE" name="logcat_2026_05_22_07_12_15_772.txt" dev="vda93" ino=65542 scontext=u:r:system_app:s0 tcontext=u:object_r:log_data_file:s0 tclass=dir permissive=1
05-22 07:16:18.875  2203  2203 I CACHEABLE: type=1400 audit(0.0:4155): avc: denied { remove_name } for name="logcat_2026_05_22_07_12_15_772.txt" dev="vda93" ino=65542 scontext=u:r:system_app:s0 tcontext=u:object_r:log_data_file:s0 tclass=dir permissive=1
05-22 07:16:18.875  2203  2203 I auditd  : type=1400 audit(0.0:4156): avc: denied { unlink } for comm="CACHEABLE" name="logcat_2026_05_22_07_12_15_772.txt" dev="vda93" ino=65542 scontext=u:r:system_app:s0 tcontext=u:object_r:log_data_file:s0 tclass=file permissive=1
05-22 07:16:18.875  2203  2203 I CACHEABLE: type=1400 audit(0.0:4156): avc: denied { unlink } for name="logcat_2026_05_22_07_12_15_772.txt" dev="vda93" ino=65542 scontext=u:r:system_app:s0 tcontext=u:object_r:log_data_file:s0 tclass=file permissive=1
05-22 07:16:18.881  2981  3177 I SentryImuMcuAngleSender: 179.93793rollDeg
05-22 07:16:18.882  2981  3177 I SentryImuMcuAngleSender: 1,0,0
05-22 07:16:18.883   291  1491 D EvsDriver: forwardFrame
05-22 07:16:18.886  1137  1137 D evsmanagerd: /dev/video4 forwarded the buffer #0 to 0xb4000071fa019690 from 0xb4000071fa01b7d0
05-22 07:16:18.886   291  1491 D EvsDriver: Delivered 0xb400007b2f47ca30 as id 0
05-22 07:16:18.888   573   573 I SpiService: fgesysctrl_getGPIO_status success val=1
05-22 07:16:18.891   291  1135 D EvsDriver: doneWithFrame
05-22 07:16:18.894   573   573 I SpiService: fgesysctrl_getGPIO_status success val=1
05-22 07:16:18.898   544   544 D commservice260303: msg.id = 1028,0
05-22 07:16:18.898   544   544 D commservice260303: i = 170, msgid = 8A000404
05-22 06:34:52.632   573   573 D spi_rst_gpio_get_output: GPIO 145 value: 1
05-22 06:34:52.632   573   573 D spidev_ioctl: gpio status=1)
05-22 06:34:52.638   573   573 D spi_rst_gpio_get_output: GPIO 145 value: 1
05-22 06:34:52.638   573   573 D spidev_ioctl: gpio status=1)
05-22 06:34:52.643   573   573 D spi_rst_gpio_get_output: GPIO 145 value: 1
05-22 06:34:52.643   573   573 D spidev_ioctl: gpio status=1)
05-22 07:16:18.898   544   544 D commservice260303: msgid = -1979710460,did=138
05-22 07:16:18.898   544   544 D commservice260303: CommProtocolLibCmdBaseI2C::dataproc {"command":{"id":"imu_status","sub":""},"content":{"TimeStamp":1779405378897,"FrameCounter":15670,"GD_X":-0.008704167790710926,"GD_Y":0.0073299347423017025,"GD_Z":0.01756177842617035,"AD_X":-9.872838854789734E-4,"AD_Y":-0.0015807133167982101,"AD_Z":-0.3260211944580078,"TempDsp":0,"Status":0,"CalibState":1,"SigAmpInvalid":0}},-1979710460
05-22 07:16:18.898   544   544 D commservice260303: send2Cluster len:326, 7B22636F6D6D616E64223A7B226964223A22696D755F737461747573222C22737562223A22227D2C22636F6E74656E74223A7B2254696D655374616D70223A313737393430353337383839372C224672616D65436F756E746572223A31353637302C2247445F58223A2D302E3030383730343136373739303731303932362C2247445F59223A302E303037333239393334373432333031373032352C2247445F5A223A302E30313735363137373834323631373033352C2241445F58223A2D392E383732383338383534373839373334452D342C2241445F59223A2D302E303031353830373133333136373938323130312C2241445F5A223A2D302E333236303231313934343538303037382C2254656D70447370223A302C22537461747573223A302C2243616C69625374617465223A312C22536967416D70496E76616C6964223A307D7D, 138 
05-22 07:16:18.898   544   544 D commservice260303: Push Message into SendPool fn=-2042757120
05-22 07:16:18.898   544   544 D commservice260303: ComProtocolLibSend2Cluster::send2ClusterRaw fn=-2042757120 , len=342
05-22 07:16:18.898   544   544 D commservice260303: sendCmdToPort :342!!!
05-22 07:16:18.898   544   544 D commservice260303: send Cmd To Port ++++5AA501528A0100003E866A0F92427B22636F6D6D616E64223A7B226964223A22696D755F737461747573222C22737562223A22227D2C22636F6E74656E74223A7B2254696D655374616D70223A313737393430353337383839372C224672616D65436F756E746572223A31353637302C2247445F58223A2D302E3030383730343136373739303731303932362C2247445F59223A302E303037333239393334373432333031373032352C2247445F5A223A302E30313735363137373834323631373033352C2241445F58223A2D392E383732383338383534373839373334452D342C2241445F59223A2D302E303031353830373133333136373938323130312C2241445F5A223A2D302E333236303231313934343538303037382C2254656D70447370223A302C22537461747573223A302C2243616C69625374617465223A312C22536967416D70496E76616C6964223A307D7D2CB8
05-22 07:16:18.898   544   544 D commservice260303: bufferevent_write retrun value = 0
05-22 07:16:18.898   544   567 D commservice260303: client datas send succeed,send finish
05-22 07:16:18.899  2981  3178 D Sentinelmode_1.2.5.13_alpha: <SentryImuClusterFgeSender>imu_status sent to Linux, frame=15670, tsNs=663875, tsMs=1779405378897, intervalMs=41, ad=(-9.872839E-4,-0.0015807133,-0.3260212), gd=(-0.008704168,0.0073299347,0.017561778)
05-22 07:16:18.900   573   573 I SpiService: fgesysctrl_getGPIO_status success val=1
05-22 07:16:18.902  2981  3177 I SentryImuMcuAngleSender: 179.93102rollDeg
05-22 07:16:18.902  2981  3177 I SentryImuMcuAngleSender: 1,0,0
05-22 07:16:18.905   573   573 I SpiService: fgesysctrl_getGPIO_status success val=1
05-22 06:34:52.649   573   573 D spi_rst_gpio_get_output: GPIO 145 value: 1
05-22 06:34:52.649   573   573 D spidev_ioctl: gpio status=1)
05-22 07:16:18.907  2203  9727 I ADAYO_LOG_: startZip(LogcatFunc.java:412)deleteFile:logcat_2026_05_22_07_12_15_772.txt,delete:true
05-22 07:16:18.907  2203  9727 I ADAYO_LOG_: startSeparationAndZip(LogcatFunc.java:294)startZip over
05-22 07:16:18.911   573   573 I SpiService: fgesysctrl_getGPIO_status success val=1
05-22 07:16:18.913   964  1804 D [OMXB]  : usingANWBuffer: handle:0xebd40f30, format:1, w:1920, h:1080
05-22 07:16:18.914  2981  3177 I SentryImuMcuAngleSender: [4, 18, 1, 0, 0],5
05-22 07:16:18.914  2981  3177 I McuCommManager: mcuCommSendcmd [4, 18, 1, 0, 0]
05-22 07:16:18.914  2981  3177 I SentryImuMcuAngleSender: true
05-22 07:16:18.914  2981  3177 W Sentinelmode_1.2.5.13_alpha: <SentryImuMcuAngleSender>MCU IMU send interval abnormal: 1002ms
05-22 06:34:52.654   573   573 D spi_rst_gpio_get_output: GPIO 145 value: 1
05-22 06:34:52.654   573   573 D spidev_ioctl: gpio status=1)
05-22 07:16:18.916   573   573 I SpiService: fgesysctrl_getGPIO_status success val=0
05-22 07:16:18.916   486   579 I mcuc    : send SPI:6AA600072F00050412010000AE
05-22 06:34:52.660   573   573 D spi_rst_gpio_get_output: GPIO 145 value: 0
05-22 06:34:52.660   573   573 D spidev_ioctl: gpio status=0)
05-22 07:16:18.920   291  1491 D EvsDriver: forwardFrame
05-22 07:16:18.921   291  1491 D EvsDriver: Delivered 0xb400007b2f47ca30 as id 0
05-22 07:16:18.921  1137  1137 D evsmanagerd: /dev/video4 forwarded the buffer #0 to 0xb4000071fa019690 from 0xb4000071fa01b7d0
05-22 07:16:18.922  2981  3177 I SentryImuMcuAngleSender: 179.92409rollDeg
05-22 07:16:18.922  2981  3177 I SentryImuMcuAngleSender: 1,0,0
05-22 07:16:18.922   291  1135 D EvsDriver: doneWithFrame
05-22 07:16:18.929   486   580 I mcuc    : rev,n=1,6AA6810D01001B89005A0600030E3031323334353637383941424344454647009431AE
05-22 07:16:18.929   486   580 I mcuc    : rev,n=2,6AA682072E000209013D
05-22 06:34:52.674   573   573 D spi_rst_gpio_get_output: GPIO 145 value: 1
05-22 06:34:52.674   573   573 D spidev_ioctl: gpio status=1)
05-22 07:16:18.929   344   361 D automotive.vehicle@2.0-adayo-datacomm-mcu: MCUDatacomm sendMessageFromVehicle prop: 0x89, areaId: 0x0, status: 0x5a, timestamp: 0x6
05-22 07:16:18.929   344   361 D automotive.vehicle@2.0-adayo-datacomm-mcu: MCUDatacomm 1sendMessageFromVehicle ---> type = 3 
05-22 07:16:18.930   573   573 I SpiService: fgesysctrl_getGPIO_status success val=1
05-22 07:16:18.931   344   361 D automotive.vehicle@2.0-adayo-func-bcm: sendMessageFromVehicle sendMessageFromVehicle
05-22 07:16:18.931   344   511 D automotive.vehicle@2.0-adayo-func-bcm: jjfan1 ______procotolSize :1
05-22 07:16:18.931   344   511 D automotive.vehicle@2.0-adayo-func-bcm: BCMFunc sendMessageFromVehicle_l dataType: 13,mByte=7,propid=0x2110001a
05-22 07:16:18.931   344   511 D automotive.vehicle@2.0-adayo-func-bcm: BCMFunc VEHICLE_VIN_CODE111 0x2110001a 
05-22 07:16:18.931   344   511 E automotive.vehicle@2.0-adayo-func-bcm: byteArrayToASCIIString, index 7 hex: 30, ascii: 0
05-22 07:16:18.931   344   511 E automotive.vehicle@2.0-adayo-func-bcm: byteArrayToASCIIString, index 8 hex: 31, ascii: 01
05-22 07:16:18.931   344   511 E automotive.vehicle@2.0-adayo-func-bcm: byteArrayToASCIIString, index 9 hex: 32, ascii: 012
05-22 07:16:18.931   344   511 E automotive.vehicle@2.0-adayo-func-bcm: byteArrayToASCIIString, index 10 hex: 33, ascii: 0123
05-22 07:16:18.931   344   511 E automotive.vehicle@2.0-adayo-func-bcm: byteArrayToASCIIString, index 11 hex: 34, ascii: 01234
05-22 07:16:18.931   344   511 E automotive.vehicle@2.0-adayo-func-bcm: byteArrayToASCIIString, index 12 hex: 35, ascii: 012345
05-22 07:16:18.931   344   511 E automotive.vehicle@2.0-adayo-func-bcm: byteArrayToASCIIString, index 13 hex: 36, ascii: 0123456
05-22 07:16:18.931   344   511 E automotive.vehicle@2.0-adayo-func-bcm: byteArrayToASCIIString, index 14 hex: 37, ascii: 01234567
05-22 07:16:18.931   344   511 E automotive.vehicle@2.0-adayo-func-bcm: byteArrayToASCIIString, index 15 hex: 38, ascii: 012345678
05-22 07:16:18.931   344   511 E automotive.vehicle@2.0-adayo-func-bcm: byteArrayToASCIIString, index 16 hex: 39, ascii: 0123456789
05-22 07:16:18.931   344   511 E automotive.vehicle@2.0-adayo-func-bcm: byteArrayToASCIIString, index 17 hex: 41, ascii: 0123456789A
05-22 07:16:18.931   344   511 E automotive.vehicle@2.0-adayo-func-bcm: byteArrayToASCIIString, index 18 hex: 42, ascii: 0123456789AB
05-22 07:16:18.931   344   511 E automotive.vehicle@2.0-adayo-func-bcm: byteArrayToASCIIString, index 19 hex: 43, ascii: 0123456789ABC
05-22 07:16:18.931   344   511 E automotive.vehicle@2.0-adayo-func-bcm: byteArrayToASCIIString, index 20 hex: 44, ascii: 0123456789ABCD
05-22 07:16:18.931   344   511 E automotive.vehicle@2.0-adayo-func-bcm: byteArrayToASCIIString, index 21 hex: 45, ascii: 0123456789ABCDE
05-22 07:16:18.931   344   511 E automotive.vehicle@2.0-adayo-func-bcm: byteArrayToASCIIString, index 22 hex: 46, ascii: 0123456789ABCDEF
05-22 07:16:18.931   344   511 E automotive.vehicle@2.0-adayo-func-bcm: byteArrayToASCIIString, index 23 hex: 47, ascii: 0123456789ABCDEFG
05-22 07:16:18.931   344   511 D automotive.vehicle@2.0-adayo-func-bcm: BCMFunc VEHICLE_VIN_CODE222 0x2110001a ,value:0123456789ABCDEFG
05-22 07:16:18.931   344   511 D automotive.vehicle@2.0-adayo-func-bcm: BCMFunc sendMessageFromVehicle_l id:554696730, area:0 not report! 
05-22 07:16:18.936   573   573 I SpiService: fgesysctrl_getGPIO_status success val=1
05-22 07:16:18.937   544   544 D commservice260303: msg.id = 1028,0
05-22 07:16:18.937   544   544 D commservice260303: i = 170, msgid = 8A000404
05-22 07:16:18.937   544   544 D commservice260303: msgid = -1979710460,did=138
05-22 06:34:52.679   573   573 D spi_rst_gpio_get_output: GPIO 145 value: 1
05-22 07:16:18.937   544   544 D commservice260303: CommProtocolLibCmdBaseI2C::dataproc {"command":{"id":"imu_status","sub":""},"content":{"TimeStamp":1779405378937,"FrameCounter":15671,"GD_X":-0.009467746131122112,"GD_Y":0.006872204132378101,"GD_Z":0.01817295327782631,"AD_X":-0.002210073173046112,"AD_Y":-3.6038830876350403E-4,"AD_Z":-0.32114124298095703,"TempDsp":0,"Status":0,"CalibState":1,"SigAmpInvalid":0}},-1979710460
05-22 06:34:52.679   573   573 D spidev_ioctl: gpio status=1)
05-22 07:16:18.938   544   544 D commservice260303: send2Cluster len:326, 7B22636F6D6D616E64223A7B226964223A22696D755F737461747573222C22737562223A22227D2C22636F6E74656E74223A7B2254696D655374616D70223A313737393430353337383933372C224672616D65436F756E746572223A31353637312C2247445F58223A2D302E3030393436373734363133313132323131322C2247445F59223A302E3030363837323230343133323337383130312C2247445F5A223A302E30313831373239353332373738323633312C2241445F58223A2D302E3030323231303037333137333034363131322C2241445F59223A2D332E36303338383330383736333530343033452D342C2241445F5A223A2D302E33323131343132343239383039353730332C2254656D70447370223A302C22537461747573223A302C2243616C69625374617465223A312C22536967416D70496E76616C6964223A307D7D, 138 
05-22 07:16:18.938   544   544 D commservice260303: Push Message into SendPool fn=-2025979904
05-22 07:16:18.938   544   544 D commservice260303: ComProtocolLibSend2Cluster::send2ClusterRaw fn=-2025979904 , len=342
05-22 07:16:18.938   544   544 D commservice260303: sendCmdToPort :342!!!
05-22 07:16:18.938   544   544 D commservice260303: send Cmd To Port ++++5AA501528A0100003E876A0F92427B22636F6D6D616E64223A7B226964223A22696D755F737461747573222C22737562223A22227D2C22636F6E74656E74223A7B2254696D655374616D70223A313737393430353337383933372C224672616D65436F756E746572223A31353637312C2247445F58223A2D302E3030393436373734363133313132323131322C2247445F59223A302E3030363837323230343133323337383130312C2247445F5A223A302E30313831373239353332373738323633312C2241445F58223A2D302E3030323231303037333137333034363131322C2241445F59223A2D332E36303338383330383736333530343033452D342C2241445F5A223A2D302E33323131343132343239383039353730332C2254656D70447370223A302C22537461747573223A302C2243616C69625374617465223A312C22536967416D70496E76616C6964223A307D7D12C7
05-22 07:16:18.938   544   544 D commservice260303: bufferevent_write retrun value = 0
05-22 07:16:18.938   544   567 D commservice260303: client datas send succeed,send finish
05-22 07:16:18.938  2981  3178 D Sentinelmode_1.2.5.13_alpha: <SentryImuClusterFgeSender>imu_status sent to Linux, frame=15671, tsNs=663910, tsMs=1779405378937, intervalMs=40, ad=(-0.0022100732,-3.603883E-4,-0.32114124), gd=(-0.009467746,0.006872204,0.018172953)
05-22 07:16:18.939   276   300 I rvcservice: t.code = 2, t.value = 10132101
05-22 07:16:18.941   573   573 I SpiService: fgesysctrl_getGPIO_status success val=1
05-22 06:34:52.685   573   573 D spi_rst_gpio_get_output: GPIO 145 value: 1
05-22 06:34:52.685   573   573 D spidev_ioctl: gpio status=1)
05-22 07:16:18.942  2981  3177 I SentryImuMcuAngleSender: 179.92407rollDeg
05-22 07:16:18.942  2981  3177 I SentryImuMcuAngleSender: 1,0,0
05-22 07:16:18.947   573   573 I SpiService: fgesysctrl_getGPIO_status success val=1
05-22 06:34:52.690   573   573 D spi_rst_gpio_get_output: GPIO 145 value: 1
05-22 06:34:52.690   573   573 D spidev_ioctl: gpio status=1)
05-22 07:16:18.952   573   573 I SpiService: fgesysctrl_getGPIO_status success val=0
05-22 07:16:18.952   486   579 I mcuc    : send SPI:6AA6020D010002890065
05-22 06:34:52.695   573   573 D spi_rst_gpio_get_output: GPIO 145 value: 0
05-22 07:16:18.954   291  1491 D EvsDriver: forwardFrame
05-22 07:16:18.956  1137  1150 D evsmanagerd: /dev/video4 forwarded the buffer #0 to 0xb4000071fa019690 from 0xb4000071fa01b7d0
05-22 07:16:18.956   291  1491 D EvsDriver: Delivered 0xb400007b2f47ca30 as id 0
05-22 07:16:18.959   291  1135 D EvsDriver: doneWithFrame
05-22 07:16:18.964  2981  3177 I SentryImuMcuAngleSender: 179.91719rollDeg
05-22 07:16:18.964  2981  3177 I SentryImuMcuAngleSender: 1,0,0
05-22 07:16:18.966   573   573 I SpiService: fgesysctrl_getGPIO_status success val=1
05-22 07:16:18.971   573   573 I SpiService: fgesysctrl_getGPIO_status success val=1
05-22 06:34:52.709   573   573 D spi_rst_gpio_get_output: GPIO 145 value: 1
05-22 06:34:52.709   573   573 D spidev_ioctl: gpio status=1)
05-22 06:34:52.715   573   573 D spi_rst_gpio_get_output: GPIO 145 value: 1
05-22 06:34:52.715   573   573 D spidev_ioctl: gpio status=1)
05-22 07:16:18.977   573   573 I SpiService: fgesysctrl_getGPIO_status success val=1
05-22 06:34:52.720   573   573 D spi_rst_gpio_get_output: GPIO 145 value: 1
05-22 06:34:52.720   573   573 D spidev_ioctl: gpio status=1)
05-22 07:16:18.978   544   544 D commservice260303: msg.id = 1028,0
05-22 07:16:18.978   544   544 D commservice260303: i = 170, msgid = 8A000404
05-22 07:16:18.978   544   544 D commservice260303: msgid = -1979710460,did=138
05-22 07:16:18.978   544   544 D commservice260303: CommProtocolLibCmdBaseI2C::dataproc {"command":{"id":"imu_status","sub":""},"content":{"TimeStamp":1779405378977,"FrameCounter":15672,"GD_X":-0.009621189907193184,"GD_Y":0.007405876647680998,"GD_Z":0.017485838383436203,"AD_X":-9.9191814661026E-4,"AD_Y":8.584186434745789E-4,"AD_Z":-0.3247995376586914,"TempDsp":0,"Status":0,"CalibState":1,"SigAmpInvalid":0}},-1979710460
05-22 07:16:18.978   544   544 D commservice260303: send2Cluster len:322, 7B22636F6D6D616E64223A7B226964223A22696D755F737461747573222C22737562223A22227D2C22636F6E74656E74223A7B2254696D655374616D70223A313737393430353337383937372C224672616D65436F756E746572223A31353637322C2247445F58223A2D302E3030393632313138393930373139333138342C2247445F59223A302E3030373430353837363634373638303939382C2247445F5A223A302E3031373438353833383338333433363230332C2241445F58223A2D392E39313931383134363631303236452D342C2241445F59223A382E353834313836343334373435373839452D342C2241445F5A223A2D302E333234373939353337363538363931342C2254656D70447370223A302C22537461747573223A302C2243616C69625374617465223A312C22536967416D70496E76616C6964223A307D7D, 138 
05-22 07:16:18.978   544   544 D commservice260303: Push Message into SendPool fn=-2009202688
05-22 07:16:18.979   544   544 D commservice260303: ComProtocolLibSend2Cluster::send2ClusterRaw fn=-2009202688 , len=338
05-22 07:16:18.979   544   544 D commservice260303: sendCmdToPort :338!!!
05-22 07:16:18.979   544   544 D commservice260303: send Cmd To Port ++++5AA5014E8A0100003E886A0F92427B22636F6D6D616E64223A7B226964223A22696D755F737461747573222C22737562223A22227D2C22636F6E74656E74223A7B2254696D655374616D70223A313737393430353337383937372C224672616D65436F756E746572223A31353637322C2247445F58223A2D302E3030393632313138393930373139333138342C2247445F59223A302E3030373430353837363634373638303939382C2247445F5A223A302E3031373438353833383338333433363230332C2241445F58223A2D392E39313931383134363631303236452D342C2241445F59223A382E353834313836343334373435373839452D342C2241445F5A223A2D302E333234373939353337363538363931342C2254656D70447370223A302C22537461747573223A302C2243616C69625374617465223A312C22536967416D70496E76616C6964223A307D7D47CC
05-22 07:16:18.979   544   544 D commservice260303: bufferevent_write retrun value = 0
05-22 07:16:18.979   544   567 D commservice260303: client datas send succeed,send finish
05-22 07:16:18.979  2981  3178 D Sentinelmode_1.2.5.13_alpha: <SentryImuClusterFgeSender>imu_status sent to Linux, frame=15672, tsNs=663946, tsMs=1779405378977, intervalMs=41, ad=(-9.919181E-4,8.5841864E-4,-0.32479954), gd=(-0.00962119,0.0074058766,0.017485838)
05-22 07:16:18.980   737  1303 D AlarmManager: waitForAlarm result:4currentTime=1779405378980, elapsedRealtime=663962
05-22 07:16:18.980   737   760 I GnssLocationProvider: startNavigating
05-22 07:16:18.980   737   760 D GnssLocationProvider: setting position_mode to standalone
05-22 07:16:18.980   558   558 I gps_hdbd: [setPositionMode_1_1]--->PLATFORM_BSP::Enter
05-22 07:16:18.980   558   558 I gps_hdbd: [start]--->PLATFORM_BSP::Enter
05-22 07:16:18.980   558   558 I gps_hdbd: [gps_state_start 1489]--gps_state_start-!
05-22 07:16:18.980   558   558 I gps_hdbd: [gps_state_start]--->PLATFORM_BSP::Enter
05-22 07:16:18.980   558   558 I gps_hdbd: [gps_state_start 1503]--SEND CMD_START!
05-22 07:16:18.980   558   558 I gps_hdbd: [gps_state_start 1511]Send HD8040 wakeup cmd
05-22 07:16:18.980   558   558 I gps_hdbd: [chip_to_wakeup]--->PLATFORM_BSP::Enter
05-22 07:16:18.981   558  1606 I gps_hdbd: [gps_state_thread 3401]CMD_START : gps thread starting
05-22 07:16:18.981   558   558 I gps_hdbd: [chip_to_wakeup]Exit--->
05-22 07:16:18.981   558   558 I gps_hdbd: [gps_state_start]Exit--->
05-22 07:16:18.981   737  1303 D AlarmManager: sending alarm.type = 2, action = null, alarm = Alarm{4bb01d5 type 2 origWhen 663962 whenElapsed 663962 android}, cn = null, operation = null, listener=android.app.AlarmManager$ListenerWrapper@171e1ba, listenerTag=GnssLocationProvider, workSource=null
05-22 07:16:18.981   737  1303 D AlarmManagerService: set alarm to kernel: 6317.409000000, type=2 
05-22 07:16:18.981   737  1303 D AlarmManagerService: set alarm to kernel: 704.982000000, type=3 
05-22 06:34:52.724   558   558 W audit   : audit_lost=2247 audit_rate_limit=5 audit_backlog_limit=64
05-22 06:34:52.724   558   558 E audit   : rate limit exceeded
05-22 06:34:52.726   573   573 D spi_rst_gpio_get_output: GPIO 145 value: 1
05-22 06:34:52.726   573   573 D spidev_ioctl: gpio status=1)
05-22 07:16:18.981   291  1491 D EvsDriver: forwardFrame
05-22 07:16:18.981   737   760 D AlarmManagerService: set alarm to kernel: 723.963000000, type=2 
05-22 07:16:18.982   737   760 D AlarmManagerService: set alarm to kernel: 704.982000000, type=3 
05-22 07:16:18.982   573   573 I SpiService: fgesysctrl_getGPIO_status success val=1
05-22 07:16:18.983   291  1491 D EvsDriver: Delivered 0xb400007b2f47ca30 as id 0
05-22 07:16:18.983  1137  1150 D evsmanagerd: /dev/video4 forwarded the buffer #0 to 0xb4000071fa019690 from 0xb4000071fa01b7d0
05-22 07:16:18.985  2981  3177 I SentryImuMcuAngleSender: 179.91032rollDeg
05-22 07:16:18.985  2981  3177 I SentryImuMcuAngleSender: 1,0,0
05-22 07:16:18.987   291  1135 D EvsDriver: doneWithFrame
05-22 07:16:18.988   573   573 I SpiService: fgesysctrl_getGPIO_status success val=1
05-22 06:34:52.731   573   573 D spi_rst_gpio_get_output: GPIO 145 value: 1
05-22 06:34:52.731   573   573 D spidev_ioctl: gpio status=1)
05-22 07:16:18.993   573   573 I SpiService: fgesysctrl_getGPIO_status success val=0
05-22 06:34:52.737   573   573 D spi_rst_gpio_get_output: GPIO 145 value: 0
05-22 06:34:52.737   573   573 D spidev_ioctl: gpio status=0)
05-22 07:16:19.000   565   565 I Sensors : 230 AccelSensor: x:-0.108580,y:0.014639,z:-10.133320
05-22 07:16:19.006  2981  3177 I SentryImuMcuAngleSender: 179.91724rollDeg
05-22 07:16:19.006  2981  3177 I SentryImuMcuAngleSender: 1,0,0
05-22 07:16:19.008   573   573 I SpiService: fgesysctrl_getGPIO_status success val=1
05-22 06:34:52.751   573   573 D spi_rst_gpio_get_output: GPIO 145 value: 1
05-22 06:34:52.751   573   573 D spidev_ioctl: gpio status=1)
05-22 07:16:19.013   573   573 I SpiService: fgesysctrl_getGPIO_status success val=1
05-22 06:34:52.756   573   573 D spi_rst_gpio_get_output: GPIO 145 value: 1
05-22 06:34:52.756   573   573 D spidev_ioctl: gpio status=1)
05-22 07:16:19.015 11323 11374 D ANW_AVRCP: (11323|0xD12C8CB0)[AVRCP] API getPlayStatusTimerHandler
05-22 07:16:19.015 11323 11374 D ANW_AVRCP: (11323|0xD12C8CB0)[AVRCP] API AVRCP_GetPlayStatus
05-22 07:16:19.015 11323 11374 D ANWStack: [    663997][ANWBT] <<Avctp_Send_Message 0/1:
05-22 07:16:19.015 11323 11374 D ANWStack: 
05-22 07:16:19.015 11323 11374 D ANWStack: [    663997][ANWBT] L2CAP: L2_RetrieveHandle called, cid=0x82
05-22 07:16:19.015 11323 11374 D ANWStack: 
05-22 07:16:19.015   964  1804 D [OMXB]  : usingANWBuffer: handle:0xebd42060, format:1, w:1920, h:1080
05-22 07:16:19.016   291  1491 D EvsDriver: forwardFrame
05-22 07:16:19.017   291  1491 D EvsDriver: Delivered 0xb400007b2f47ca30 as id 0
05-22 07:16:19.017  1137  1150 D evsmanagerd: /dev/video4 forwarded the buffer #0 to 0xb4000071fa019690 from 0xb4000071fa01b7d0
05-22 07:16:19.017   291  1135 D EvsDriver: doneWithFrame
05-22 07:16:19.018   573   573 I SpiService: fgesysctrl_getGPIO_status success val=1
05-22 07:16:19.019   544   544 D commservice260303: msg.id = 1028,0
05-22 07:16:19.019   544   544 D commservice260303: i = 170, msgid = 8A000404
05-22 07:16:19.019   544   544 D commservice260303: msgid = -1979710460,did=138
05-22 07:16:19.019  2981  2981 I Sentinelmode_1.2.5.13_alpha: <SentinelCarServiceManager>sensorType:291504647
05-22 07:16:19.019   544   544 D commservice260303: CommProtocolLibCmdBaseI2C::dataproc {"command":{"id":"imu_status","sub":""},"content":{"TimeStamp":1779405379019,"FrameCounter":15673,"GD_X":-0.009010015055537224,"GD_Y":0.0072539933025836945,"GD_Z":0.01763824187219143,"AD_X":-0.0034325644373893738,"AD_Y":8.571697399020195E-4,"AD_Z":-0.327239990234375,"TempDsp":0,"Status":0,"CalibState":1,"SigAmpInvalid":0}},-1979710460
05-22 07:16:19.019   544   544 D commservice260303: send2Cluster len:324, 7B22636F6D6D616E64223A7B226964223A22696D755F737461747573222C22737562223A22227D2C22636F6E74656E74223A7B2254696D655374616D70223A313737393430353337393031392C224672616D65436F756E746572223A31353637332C2247445F58223A2D302E3030393031303031353035353533373232342C2247445F59223A302E303037323533393933333032353833363934352C2247445F5A223A302E30313736333832343138373231393134332C2241445F58223A2D302E303033343332353634343337333839333733382C2241445F59223A382E353731363937333939303230313935452D342C2241445F5A223A2D302E3332373233393939303233343337352C2254656D70447370223A302C22537461747573223A302C2243616C69625374617465223A312C22536967416D70496E76616C6964223A307D7D, 138 
05-22 07:16:19.019   544   544 D commservice260303: Push Message into SendPool fn=-1992425472
05-22 07:16:19.019   544   544 D commservice260303: ComProtocolLibSend2Cluster::send2ClusterRaw fn=-1992425472 , len=340
05-22 07:16:19.019   544   544 D commservice260303: sendCmdToPort :340!!!
05-22 07:16:19.019   544   544 D commservice260303: send Cmd To Port ++++5AA501508A0100003E896A0F92437B22636F6D6D616E64223A7B226964223A22696D755F737461747573222C22737562223A22227D2C22636F6E74656E74223A7B2254696D655374616D70223A313737393430353337393031392C224672616D65436F756E746572223A31353637332C2247445F58223A2D302E3030393031303031353035353533373232342C2247445F59223A302E303037323533393933333032353833363934352C2247445F5A223A302E30313736333832343138373231393134332C2241445F58223A2D302E303033343332353634343337333839333733382C2241445F59223A382E353731363937333939303230313935452D342C2241445F5A223A2D302E3332373233393939303233343337352C2254656D70447370223A302C22537461747573223A302C2243616C69625374617465223A312C22536967416D70496E76616C6964223A307D7D05D3
05-22 07:16:19.019   544   544 D commservice260303: bufferevent_write retrun value = 0
05-22 07:16:19.019   544   567 D commservice260303: client datas send succeed,send finish
05-22 07:16:19.020  2981  3178 D Sentinelmode_1.2.5.13_alpha: <SentryImuClusterFgeSender>imu_status sent to Linux, frame=15673, tsNs=663982, tsMs=1779405379019, intervalMs=40, ad=(-0.0034325644,8.5716974E-4,-0.32724), gd=(-0.009010015,0.0072539933,0.017638242)
05-22 06:34:52.762   573   573 D spi_rst_gpio_get_output: GPIO 145 value: 1
05-22 06:34:52.762   573   573 D spidev_ioctl: gpio status=1)
05-22 07:16:19.024   573   573 I SpiService: fgesysctrl_getGPIO_status success val=1
05-22 06:34:52.767   573   573 D spi_rst_gpio_get_output: GPIO 145 value: 1
05-22 06:34:52.767   573   573 D spidev_ioctl: gpio status=1)
05-22 07:16:19.027  2981  3177 I SentryImuMcuAngleSender: 179.92065rollDeg
05-22 07:16:19.027  2981  3177 I SentryImuMcuAngleSender: 1,0,0
05-22 07:16:19.029   573   573 I SpiService: fgesysctrl_getGPIO_status success val=1
05-22 06:34:52.773   573   573 D spi_rst_gpio_get_output: GPIO 145 value: 1
05-22 06:34:52.773   573   573 D spidev_ioctl: gpio status=1)
05-22 07:16:19.034   573   573 I SpiService: fgesysctrl_getGPIO_status success val=0
05-22 07:16:19.036   565   599 I Sensors : 230 GyroSensor: x:-0.009239,y:0.007101,z:0.017486
05-22 06:34:52.778   573   573 D spi_rst_gpio_get_output: GPIO 145 value: 0
05-22 06:34:52.778   573   573 D spidev_ioctl: gpio status=0)
05-22 07:16:19.040   276   300 I rvcservice: t.code = 3, t.value = 0
05-22 07:16:19.047  2981  3177 I SentryImuMcuAngleSender: 179.9241rollDeg
05-22 07:16:19.047  2981  3177 I SentryImuMcuAngleSender: 1,0,0
05-22 07:16:19.047   486   580 I mcuc    : rev,n=1,6AA6810D02000A8900C90104090312345667
05-22 07:16:19.048   344   361 D automotive.vehicle@2.0-adayo-datacomm-mcu: MCUDatacomm sendMessageFromVehicle prop: 0x89, areaId: 0x0, status: 0xc9, timestamp: 0x1
05-22 07:16:19.048   344   361 D automotive.vehicle@2.0-adayo-datacomm-mcu: MCUDatacomm 1sendMessageFromVehicle ---> type = 12 
05-22 07:16:19.048  1091  1116 I tboxmids_ap: [2026-05-22 07:16:19.048] [MCU RX] src=MCU dst=ZMQ len=10 type=BINARY data=00 08 C9 01 04 09 03 12 34 56 
05-22 07:16:19.048   573   573 I SpiService: fgesysctrl_getGPIO_status success val=1
05-22 07:16:19.049  1026  1026 I MyAppLog: [2026-05-22 07:16:19.049 I tboxap mcuCommTboxmidsRecvCb:96] [Mcu] [mcuCommTboxmidsRecvCb] recv from tboxmids, size:10
05-22 07:16:19.049  1026  1026 I MyAppLog: [2026-05-22 07:16:19.049 I tboxap mcuCommTboxmidsRecvCb:97] [Mcu] [tboxmids -> tboxap]: :00 08 C9 01 04 09 03 12 34 56
05-22 07:16:19.049  1026  1026 I MyAppLog: [2026-05-22 07:16:19.049 I tboxap mcuPtlParseData:969] [Mcu] [Mcu  Parse]: (cmd):0903 (param):0903123456
05-22 07:16:19.049  1026  1026 D MyAppLog: [2026-05-22 07:16:19.049 D tboxap mcuCommCbHandel:1009] [Mcu] [Mcu  Rev]: (cmd):0903 (param value):123456
05-22 07:16:19.050  1026  1026 W MyAppLog: [2026-05-22 07:16:19.049 W tboxap mcuParamDataRevPack:897] [Mcu] mcuParamDataRevPack start pack data!!!
05-22 07:16:19.050  1026  1026 W MyAppLog: [2026-05-22 07:16:19.049 W tboxap mcuHandlePowerResultInd:1102] [Mcu] [mcuHandlePowerResultInd] recv 0x0903 power result type:0x12 result:0x34
05-22 06:34:52.792   573   573 D spi_rst_gpio_get_output: GPIO 145 value: 1
05-22 06:34:52.792   573   573 D spidev_ioctl: gpio status=1)
05-22 07:16:19.054   291  1491 D EvsDriver: forwardFrame
05-22 07:16:19.054   573   573 I SpiService: fgesysctrl_getGPIO_status success val=1
05-22 07:16:19.056   291  1491 D EvsDriver: Delivered 0xb400007b2f47ca30 as id 0
05-22 07:16:19.056  1137  1150 D evsmanagerd: /dev/video4 forwarded the buffer #0 to 0xb4000071fa019690 from 0xb4000071fa01b7d0
05-22 06:34:52.798   573   573 D spi_rst_gpio_get_output: GPIO 145 value: 1
05-22 06:34:52.798   573   573 D spidev_ioctl: gpio status=1)
05-22 07:16:19.059   291  1135 D EvsDriver: doneWithFrame
05-22 07:16:19.060   573   573 I SpiService: fgesysctrl_getGPIO_status success val=1
05-22 06:34:52.803   573   573 D spi_rst_gpio_get_output: GPIO 145 value: 1
05-22 06:34:52.803   573   573 D spidev_ioctl: gpio status=1)
05-22 07:16:19.062   544   544 D commservice260303: msg.id = 1028,0
05-22 07:16:19.062   544   544 D commservice260303: i = 170, msgid = 8A000404
05-22 07:16:19.062   544   544 D commservice260303: msgid = -1979710460,did=138
05-22 07:16:19.062   544   544 D commservice260303: CommProtocolLibCmdBaseI2C::dataproc {"command":{"id":"imu_status","sub":""},"content":{"TimeStamp":1779405379061,"FrameCounter":15674,"GD_X":-0.009314822033047676,"GD_Y":0.007101069670170546,"GD_Z":0.01756177842617035,"AD_X":-0.003432661294937134,"AD_Y":2.4886149913072586E-4,"AD_Z":-0.326629638671875,"TempDsp":0,"Status":0,"CalibState":1,"SigAmpInvalid":0}},-1979710460
05-22 07:16:19.062   544   544 D commservice260303: send2Cluster len:323, 7B22636F6D6D616E64223A7B226964223A22696D755F737461747573222C22737562223A22227D2C22636F6E74656E74223A7B2254696D655374616D70223A313737393430353337393036312C224672616D65436F756E746572223A31353637342C2247445F58223A2D302E3030393331343832323033333034373637362C2247445F59223A302E3030373130313036393637303137303534362C2247445F5A223A302E30313735363137373834323631373033352C2241445F58223A2D302E3030333433323636313239343933373133342C2241445F59223A322E34383836313439393133303732353836452D342C2241445F5A223A2D302E3332363632393633383637313837352C2254656D70447370223A302C22537461747573223A302C2243616C69625374617465223A312C22536967416D70496E76616C6964223A307D7D, 138 
05-22 07:16:19.062   544   544 D commservice260303: Push Message into SendPool fn=-1975648256
05-22 07:16:19.062   544   544 D commservice260303: ComProtocolLibSend2Cluster::send2ClusterRaw fn=-1975648256 , len=339
05-22 07:16:19.062   544   544 D commservice260303: sendCmdToPort :339!!!
05-22 07:16:19.062   544   544 D commservice260303: send Cmd To Port ++++5AA5014F8A0100003E8A6A0F92437B22636F6D6D616E64223A7B226964223A22696D755F737461747573222C22737562223A22227D2C22636F6E74656E74223A7B2254696D655374616D70223A313737393430353337393036312C224672616D65436F756E746572223A31353637342C2247445F58223A2D302E3030393331343832323033333034373637362C2247445F59223A302E3030373130313036393637303137303534362C2247445F5A223A302E30313735363137373834323631373033352C2241445F58223A2D302E3030333433323636313239343933373133342C2241445F59223A322E34383836313439393133303732353836452D342C2241445F5A223A2D302E3332363632393633383637313837352C2254656D70447370223A302C22537461747573223A302C2243616C69625374617465223A312C22536967416D70496E76616C6964223A307D7DD0ED
05-22 07:16:19.062   544   544 D commservice260303: bufferevent_write retrun value = 0
05-22 07:16:19.062   544   567 D commservice260303: client datas send succeed,send finish
05-22 07:16:19.063  2981  3178 D Sentinelmode_1.2.5.13_alpha: <SentryImuClusterFgeSender>imu_status sent to Linux, frame=15674, tsNs=664036, tsMs=1779405379061, intervalMs=44, ad=(-0.0034326613,2.488615E-4,-0.32662964), gd=(-0.009314822,0.0071010697,0.017561778)
05-22 07:16:19.064   964  1804 D [OMXB]  : usingANWBuffer: handle:0xebd41400, format:1, w:1920, h:1080
05-22 07:16:19.066   573   573 I SpiService: fgesysctrl_getGPIO_status success val=1
05-22 07:16:19.068   824   824 D SurfaceFlinger: unisoc-graphics, commit has frameMissed:2, vysncId:341274
05-22 07:16:19.068  1026  1026 D MyAppLog: [2026-05-22 07:16:19.067 D tboxap tsp_WorkMachineProc:1086] [Tsp] [tsp_WorkMachineProc]TSP_WORK_LOGIN NOW !!!!
05-22 07:16:19.068  2981  3177 I SentryImuMcuAngleSender: 179.92067rollDeg
05-22 07:16:19.068  2981  3177 I SentryImuMcuAngleSender: 1,0,0
05-22 06:34:52.809   573   573 D spi_rst_gpio_get_output: GPIO 145 value: 1
05-22 06:34:52.809   573   573 D spidev_ioctl: gpio status=1)
05-22 07:16:19.071   573   573 I SpiService: fgesysctrl_getGPIO_status success val=1
05-22 06:34:52.814   573   573 D spi_rst_gpio_get_output: GPIO 145 value: 1
05-22 06:34:52.814   573   573 D spidev_ioctl: gpio status=1)
05-22 07:16:19.076   573   573 I SpiService: fgesysctrl_getGPIO_status success val=0
05-22 07:16:19.076   486   579 I mcuc    : send SPI:6AA6020D020002890064
05-22 06:34:52.820   573   573 D spi_rst_gpio_get_output: GPIO 145 value: 0
05-22 06:34:52.820   573   573 D spidev_ioctl: gpio status=0)
05-22 07:16:19.081   291  1491 D EvsDriver: forwardFrame
05-22 07:16:19.082   291  1491 D EvsDriver: Delivered 0xb400007b2f47ca30 as id 0
05-22 07:16:19.082  1137  1150 D evsmanagerd: /dev/video4 forwarded the buffer #0 to 0xb4000071fa019690 from 0xb4000071fa01b7d0
05-22 07:16:19.084   824   824 D SurfaceFlinger: unisoc-graphics, commit has frameMissed:2, vysncId:341289
05-22 07:16:19.086   291  1135 D EvsDriver: doneWithFrame
05-22 07:16:19.087 11323 11374 D ANWAPI  : (11323|0xD12C8CB0)[BTAPI] AnwhciEventCallback 19 1
05-22 07:16:19.089  2981  3177 I SentryImuMcuAngleSender: 179.91724rollDeg
05-22 07:16:19.090  2981  3177 I SentryImuMcuAngleSender: 1,0,0
05-22 07:16:19.090   573   573 I SpiService: fgesysctrl_getGPIO_status success val=1
05-22 06:34:52.834   573   573 D spi_rst_gpio_get_output: GPIO 145 value: 1
05-22 06:34:52.834   573   573 D spidev_ioctl: gpio status=1)
05-22 07:16:19.096   573   573 I SpiService: fgesysctrl_getGPIO_status success val=1
05-22 06:34:52.839   573   573 D spi_rst_gpio_get_output: GPIO 145 value: 1
05-22 06:34:52.839   573   573 D spidev_ioctl: gpio status=1)
