05-22 07:16:16.948  1026  1026 D MyAppLog: [2026-05-22 07:16:16.948 D tboxap gpsMcuDataAnalyze:471] [Gps] [gpsMcuDataAnalyze]:$GNRMC,231616.000,V,,,,,,,210526,120.0,E,N,V*42
05-22 07:16:16.948  1026  1026 D MyAppLog: 
05-22 07:16:16.948  1026  1026 D MyAppLog: [2026-05-22 07:16:16.948 D tboxap gpsMcuDataAnalyze:556] [Gps] stGps.stat:0, latitude:0 , longtitude:0,sped:0,direction:0
05-22 07:16:16.953   291  1491 D EvsDriver: forwardFrame
05-22 07:16:16.955   291  1491 D EvsDriver: Delivered 0xb400007b2f47ca30 as id 0
05-22 07:16:16.955  1137  1150 D evsmanagerd: /dev/video4 forwarded the buffer #0 to 0xb4000071fa019690 from 0xb4000071fa01b7d0
05-22 07:16:16.956   573   573 I SpiService: fgesysctrl_getGPIO_status success val=1
05-22 06:34:50.700   573   573 D spi_rst_gpio_get_output: GPIO 145 value: 1
05-22 06:34:50.700   573   573 D spidev_ioctl: gpio status=1)
05-22 07:16:16.961   291  1135 D EvsDriver: doneWithFrame
05-22 07:16:16.962   573   573 I SpiService: fgesysctrl_getGPIO_status success val=1
05-22 07:16:16.965   737   737 D Telecom : Logging: START_SESSION
05-22 06:34:50.705   573   573 D spi_rst_gpio_get_output: GPIO 145 value: 1
05-22 06:34:50.705   573   573 D spidev_ioctl: gpio status=1)
05-22 07:16:16.965   737   737 D Telecom : Logging: END_SESSION (dur: 0 ms): TSI.iIMC@CJY
05-22 07:16:16.965  2981  3177 I SentryImuMcuAngleSender: 179.89998rollDeg
05-22 07:16:16.965  2981  3177 I SentryImuMcuAngleSender: 1,0,0
05-22 07:16:16.966   737   737 D Telecom : Logging: START_SESSION
05-22 07:16:16.966   737   737 D Telecom : Logging: END_SESSION (dur: 0 ms): TSI.iISMC(a)@CJc
05-22 07:16:16.966   737   737 D ResponseStatsTracker: notification:+11m1s746ms; event=<updated>, pkg=com.neusoft.btmusic, usr=0
05-22 07:16:16.966   737   737 D Telecom : Logging: START_SESSION
05-22 07:16:16.966   737   737 D Telecom : Logging: END_SESSION (dur: 0 ms): TSI.gDDP@CJg
05-22 07:16:16.966   737   737 D Telecom : Logging: START_SESSION
05-22 07:16:16.967   737   737 D Telecom : Logging: END_SESSION (dur: 0 ms): TSI.gDDP@CJk
05-22 07:16:16.967   737   737 D Telecom : Logging: START_SESSION
05-22 07:16:16.967   737   737 D Telecom : Logging: END_SESSION (dur: 0 ms): TSI.gDDP@CJo
05-22 07:16:16.967   737   737 D Telecom : Logging: START_SESSION
05-22 07:16:16.967   737   737 D Telecom : Logging: END_SESSION (dur: 0 ms): TSI.gDDP@CJs
05-22 07:16:16.967   737   737 D NotificationService: 0|com.neusoft.btmusic|8001|null|1000: updating permissions
05-22 07:16:16.967   737   737 D NotificationService: 0|com.neusoft.btmusic|8001|null|1000: updating permissions
05-22 07:16:16.967   573   573 I SpiService: fgesysctrl_getGPIO_status success val=1
05-22 07:16:16.967   737   737 D NotificationService: 0|com.neusoft.btmusic|8001|null|1000: updating permissions
05-22 07:16:16.967   737   737 D NotificationService: 0|com.neusoft.btmusic|8001|null|1000: updating permissions
05-22 07:16:16.967   737   737 D NotificationService: 0|com.neusoft.btmusic|8001|null|1000: updating permissions
05-22 07:16:16.967   737   737 D NotificationService: 0|com.neusoft.btmusic|8001|null|1000: updating permissions
05-22 06:34:50.711   573   573 D spi_rst_gpio_get_output: GPIO 145 value: 1
05-22 06:34:50.711   573   573 D spidev_ioctl: gpio status=1)
05-22 07:16:16.969   737  1616 D PowerController.AppState: - updateNotification() E -
05-22 07:16:16.969  1812  1812 I ExtAssistant: POSTED 0|com.neusoft.btmusic|8001|null|1000
05-22 07:16:16.970  1517  1517 D CarNotificationListener: onNotificationPosted: StatusBarNotification(pkg=com.neusoft.btmusic user=UserHandle{0} id=8001 tag=null key=0|com.neusoft.btmusic|8001|null|1000: Notification(channel=media_playback_channel shortcut=null contentView=null vibrate=null sound=null defaults=0x0 flags=0x6a color=0x00000000 category=transport groupKey=silent actions=3 vis=PUBLIC))
05-22 07:16:16.970  1517  1517 D CarNotificationListener: Is incoming notification a group summary?: false
05-22 07:16:16.970  1517  1517 D NavBarFragment: onShow: AlertEntry:StatusBarNotification(pkg=com.neusoft.btmusic user=UserHandle{0} id=8001 tag=null key=0|com.neusoft.btmusic|8001|null|1000: Notification(channel=media_playback_channel shortcut=null contentView=null vibrate=null sound=null defaults=0x0 flags=0x6a color=0x00000000 category=transport groupKey=silent actions=3 vis=PUBLIC))
05-22 07:16:16.971  1517  1517 D NavBarFragment: bindMediaActions: action[0] title=Previous, intent=PendingIntent{954abed: android.os.BinderProxy@beb4470}
05-22 07:16:16.971  1517  1517 D NavBarFragment: bindMediaActions: action[1] title=Pause, intent=PendingIntent{bbd9a22: android.os.BinderProxy@b332c26}
05-22 07:16:16.971  1517  1517 D NavBarFragment: bindMediaActions: action[2] title=Next, intent=PendingIntent{cfd2cb3: android.os.BinderProxy@d0c76b3}
05-22 07:16:16.971  1517  1517 D NavBarFragment: bindMediaActions: previous=0, playPause=1, next=2, key=0|com.neusoft.btmusic|8001|null|1000
05-22 07:16:16.971  1517  1517 D NavBarFragment: updateMediaInfo: title=凌绝顶, text=梓渝, pkg=com.neusoft.btmusic
05-22 07:16:16.973   573   573 I SpiService: fgesysctrl_getGPIO_status success val=1
05-22 06:34:50.716   573   573 D spi_rst_gpio_get_output: GPIO 145 value: 1
05-22 06:34:50.716   573   573 D spidev_ioctl: gpio status=1)
05-22 07:16:16.978   573   573 I SpiService: fgesysctrl_getGPIO_status success val=1
05-22 07:16:16.979   544   544 D commservice260303: msg.id = 1028,0
05-22 07:16:16.979   544   544 D commservice260303: i = 170, msgid = 8A000404
05-22 07:16:16.979   544   544 D commservice260303: msgid = -1979710460,did=138
05-22 07:16:16.979   544   544 D commservice260303: CommProtocolLibCmdBaseI2C::dataproc {"command":{"id":"imu_status","sub":""},"content":{"TimeStamp":1779405376978,"FrameCounter":15623,"GD_X":-0.008781149983406067,"GD_Y":0.007405876647680998,"GD_Z":0.018020030111074448,"AD_X":-0.003393396735191345,"AD_Y":0.005233100615441799,"AD_Z":-0.327239990234375,"TempDsp":0,"Status":0,"CalibState":1,"SigAmpInvalid":0}},-1979710460
05-22 07:16:16.979   544   544 D commservice260303: send2Cluster len:323, 7B22636F6D6D616E64223A7B226964223A22696D755F737461747573222C22737562223A22227D2C22636F6E74656E74223A7B2254696D655374616D70223A313737393430353337363937382C224672616D65436F756E746572223A31353632332C2247445F58223A2D302E3030383738313134393938333430363036372C2247445F59223A302E3030373430353837363634373638303939382C2247445F5A223A302E3031383032303033303131313037343434382C2241445F58223A2D302E3030333339333339363733353139313334352C2241445F59223A302E3030353233333130303631353434313739392C2241445F5A223A2D302E3332373233393939303233343337352C2254656D70447370223A302C22537461747573223A302C2243616C69625374617465223A312C22536967416D70496E76616C6964223A307D7D, 138 
05-22 07:16:16.979   544   544 D commservice260303: Push Message into SendPool fn=1446903808
05-22 07:16:16.979   544   544 D commservice260303: ComProtocolLibSend2Cluster::send2ClusterRaw fn=1446903808 , len=339
05-22 07:16:16.979   544   544 D commservice260303: sendCmdToPort :339!!!
05-22 07:16:16.979   544   544 D commservice260303: send Cmd To Port ++++5AA5014F8A0100003E566A0F92407B22636F6D6D616E64223A7B226964223A22696D755F737461747573222C22737562223A22227D2C22636F6E74656E74223A7B2254696D655374616D70223A313737393430353337363937382C224672616D65436F756E746572223A31353632332C2247445F58223A2D302E3030383738313134393938333430363036372C2247445F59223A302E3030373430353837363634373638303939382C2247445F5A223A302E3031383032303033303131313037343434382C2241445F58223A2D302E3030333339333339363733353139313334352C2241445F59223A302E3030353233333130303631353434313739392C2241445F5A223A2D302E3332373233393939303233343337352C2254656D70447370223A302C22537461747573223A302C2243616C69625374617465223A312C22536967416D70496E76616C6964223A307D7D2ACA
05-22 07:16:16.979   544   544 D commservice260303: bufferevent_write retrun value = 0
05-22 07:16:16.979   544   567 D commservice260303: client datas send succeed,send finish
05-22 07:16:16.979  2981  3178 D Sentinelmode_1.2.5.13_alpha: <SentryImuClusterFgeSender>imu_status sent to Linux, frame=15623, tsNs=661954, tsMs=1779405376978, intervalMs=39, ad=(-0.0033933967,0.0052331006,-0.32724), gd=(-0.00878115,0.0074058766,0.01802003)
05-22 06:34:50.722   573   573 D spi_rst_gpio_get_output: GPIO 145 value: 1
05-22 06:34:50.722   573   573 D spidev_ioctl: gpio status=1)
05-22 06:34:50.727   573   573 D spi_rst_gpio_get_output: GPIO 145 value: 0
05-22 06:34:50.727   573   573 D spidev_ioctl: gpio status=0)
05-22 07:16:16.984   573   573 I SpiService: fgesysctrl_getGPIO_status success val=0
05-22 07:16:16.990  2981  3177 I SentryImuMcuAngleSender: 179.89308rollDeg
05-22 07:16:16.990  2981  3177 I SentryImuMcuAngleSender: 1,0,0
05-22 07:16:16.991   291  1491 D EvsDriver: forwardFrame
05-22 07:16:16.995  1137  1150 D evsmanagerd: /dev/video4 forwarded the buffer #0 to 0xb4000071fa019690 from 0xb4000071fa01b7d0
05-22 07:16:16.995   291  1491 D EvsDriver: Delivered 0xb400007b2f47ca30 as id 0
05-22 07:16:16.997   291  1135 D EvsDriver: doneWithFrame
05-22 07:16:16.998   573   573 I SpiService: fgesysctrl_getGPIO_status success val=1
05-22 07:16:17.002   477  1277 I dvr_service_: [runShortMediaThread:297] cameraId:0 medias:300,audios:0,stateAudio:0,mShortState:0,warnEvent:0,state:0
05-22 07:16:17.003   477  1278 I dvr_service_: [runShortMediaThread:297] cameraId:1 medias:0,audios:0,stateAudio:0,mShortState:0,warnEvent:0,state:0
05-22 06:34:50.741   573   573 D spi_rst_gpio_get_output: GPIO 145 value: 1
05-22 07:16:17.003   573   573 I SpiService: fgesysctrl_getGPIO_status success val=1
05-22 06:34:50.741   573   573 D spidev_ioctl: gpio status=1)
05-22 06:34:50.747   573   573 D spi_rst_gpio_get_output: GPIO 145 value: 1
05-22 06:34:50.747   573   573 D spidev_ioctl: gpio status=1)
05-22 07:16:17.009   573   573 I SpiService: fgesysctrl_getGPIO_status success val=1
05-22 06:34:50.752   573   573 D spi_rst_gpio_get_output: GPIO 145 value: 1
05-22 06:34:50.752   573   573 D spidev_ioctl: gpio status=1)
05-22 07:16:17.010 11323 11374 D ANWStack: [    661992][ANWBT] anw_mgr_le_DiscoveryTimerCallBack
05-22 07:16:17.010 11323 11374 D ANWStack: 
05-22 07:16:17.010 11323 11374 D ANWStack: [    661993][ANWBT] HCI: Sending HCI_LESetScanEnable command, enable 0x0, duplicate 0x1
05-22 07:16:17.011 11323 11374 D ANWAPI  : (11323|0xD12C8CB0)[BTAPI] btsdk_le_DiscoveryCallback eventtype[0]
05-22 07:16:17.011 11323 11374 D ANWAPI  : (11323|0xD12C8CB0)[BTAPI] anwbt_ble_le_discoveryHandler
05-22 07:16:17.011 11323 11374 D ANWAPI  : 
05-22 07:16:17.011  2981  3177 I SentryImuMcuAngleSender: 179.91031rollDeg
05-22 07:16:17.011  2981  3177 I SentryImuMcuAngleSender: 1,0,0
05-22 07:16:17.012 11323 11374 D ANWStack: [    661994][ANWBT] HCI Rx: CommandComplete event for LESetScanEnable, numCommandPackets=0x1, status=0x00 (Success)
05-22 07:16:17.012 11323 11374 D ANWStack: 
05-22 07:16:17.012 11323 11374 D ANWStack: [    661994][ANWBT] HCI Rx:     CommandComplete Parameters: status 0x0
05-22 07:16:17.012 11323 11374 D ANWStack: 
05-22 07:16:17.012 11323 11374 D ANWAPI  : (11323|0xD12C8CB0)[BTAPI] AnwhciEventCallback 14 1
05-22 07:16:17.014   573   573 I SpiService: fgesysctrl_getGPIO_status success val=1
05-22 06:34:50.758   573   573 D spi_rst_gpio_get_output: GPIO 145 value: 1
05-22 06:34:50.758   573   573 D spidev_ioctl: gpio status=1)
05-22 07:16:17.019   544   544 D commservice260303: msg.id = 1028,0
05-22 07:16:17.019   544   544 D commservice260303: i = 170, msgid = 8A000404
05-22 07:16:17.019   544   544 D commservice260303: msgid = -1979710460,did=138
05-22 07:16:17.019   544   544 D commservice260303: CommProtocolLibCmdBaseI2C::dataproc {"command":{"id":"imu_status","sub":""},"content":{"TimeStamp":1779405377018,"FrameCounter":15624,"GD_X":-0.008857090957462788,"GD_Y":0.006872204132378101,"GD_Z":0.01763824187219143,"AD_X":-0.002174951136112213,"AD_Y":0.002178989350795746,"AD_Z":-0.3247995376586914,"TempDsp":0,"Status":0,"CalibState":1,"SigAmpInvalid":0}},-1979710460
05-22 07:16:17.019   544   544 D commservice260303: send2Cluster len:323, 7B22636F6D6D616E64223A7B226964223A22696D755F737461747573222C22737562223A22227D2C22636F6E74656E74223A7B2254696D655374616D70223A313737393430353337373031382C224672616D65436F756E746572223A31353632342C2247445F58223A2D302E3030383835373039303935373436323738382C2247445F59223A302E3030363837323230343133323337383130312C2247445F5A223A302E30313736333832343138373231393134332C2241445F58223A2D302E3030323137343935313133363131323231332C2241445F59223A302E3030323137383938393335303739353734362C2241445F5A223A2D302E333234373939353337363538363931342C2254656D70447370223A302C22537461747573223A302C2243616C69625374617465223A312C22536967416D70496E76616C6964223A307D7D, 138 
05-22 07:16:17.019   544   544 D commservice260303: Push Message into SendPool fn=1463681024
05-22 07:16:17.020   544   544 D commservice260303: ComProtocolLibSend2Cluster::send2ClusterRaw fn=1463681024 , len=339
05-22 07:16:17.020   544   544 D commservice260303: sendCmdToPort :339!!!
05-22 07:16:17.020   544   544 D commservice260303: send Cmd To Port ++++5AA5014F8A0100003E576A0F92417B22636F6D6D616E64223A7B226964223A22696D755F737461747573222C22737562223A22227D2C22636F6E74656E74223A7B2254696D655374616D70223A313737393430353337373031382C224672616D65436F756E746572223A31353632342C2247445F58223A2D302E3030383835373039303935373436323738382C2247445F59223A302E3030363837323230343133323337383130312C2247445F5A223A302E30313736333832343138373231393134332C2241445F58223A2D302E3030323137343935313133363131323231332C2241445F59223A302E3030323137383938393335303739353734362C2241445F5A223A2D302E333234373939353337363538363931342C2254656D70447370223A302C22537461747573223A302C2243616C69625374617465223A312C22536967416D70496E76616C6964223A307D7DB32F
05-22 07:16:17.020   291  1491 D EvsDriver: forwardFrame
05-22 07:16:17.020   544   544 D commservice260303: bufferevent_write retrun value = 0
05-22 07:16:17.020   544   567 D commservice260303: client datas send succeed,send finish
05-22 07:16:17.020   573   573 I SpiService: fgesysctrl_getGPIO_status success val=0
05-22 06:34:50.764   573   573 D spi_rst_gpio_get_output: GPIO 145 value: 0
05-22 06:34:50.764   573   573 D spidev_ioctl: gpio status=0)
05-22 07:16:17.022  2981  3178 D Sentinelmode_1.2.5.13_alpha: <SentryImuClusterFgeSender>imu_status sent to Linux, frame=15624, tsNs=661990, tsMs=1779405377018, intervalMs=43, ad=(-0.0021749511,0.0021789894,-0.32479954), gd=(-0.008857091,0.006872204,0.017638242)
05-22 07:16:17.023   291  1491 D EvsDriver: Delivered 0xb400007b2f47ca30 as id 0
05-22 07:16:17.023  1137  1150 D evsmanagerd: /dev/video4 forwarded the buffer #0 to 0xb4000071fa019690 from 0xb4000071fa01b7d0
05-22 07:16:17.024   291  1135 D EvsDriver: doneWithFrame
05-22 07:16:17.026   565   565 I Sensors : 230 AccelSensor: x:-0.108580,y:0.017080,z:-10.133930
05-22 07:16:17.027   737   737 D Telecom : Logging: START_SESSION
05-22 07:16:17.027   276   300 I rvcservice: t.code = 0, t.value = 0
05-22 07:16:17.027   737   737 D Telecom : Logging: END_SESSION (dur: 0 ms): TSI.iIMC@CJw
05-22 07:16:17.027   737   737 D Telecom : Logging: START_SESSION
05-22 07:16:17.027   737   737 D Telecom : Logging: END_SESSION (dur: 0 ms): TSI.iISMC(a)@CJ0
05-22 07:16:17.028   737   737 D ResponseStatsTracker: notification:+11m1s807ms; event=<updated>, pkg=com.neusoft.btmusic, usr=0
05-22 07:16:17.028   737   737 D Telecom : Logging: START_SESSION
05-22 07:16:17.029   737   737 D Telecom : Logging: END_SESSION (dur: 0 ms): TSI.gDDP@CJ4
05-22 07:16:17.029   737   737 D Telecom : Logging: START_SESSION
05-22 07:16:17.029   737   737 D Telecom : Logging: END_SESSION (dur: 0 ms): TSI.gDDP@CJ8
05-22 07:16:17.029   737   737 D Telecom : Logging: START_SESSION
05-22 07:16:17.029   737   737 D Telecom : Logging: END_SESSION (dur: 0 ms): TSI.gDDP@CKA
05-22 07:16:17.029   737   737 D Telecom : Logging: START_SESSION
05-22 07:16:17.030   737   737 D Telecom : Logging: END_SESSION (dur: 0 ms): TSI.gDDP@CKE
05-22 07:16:17.030   737   737 D NotificationService: 0|com.neusoft.btmusic|8001|null|1000: updating permissions
05-22 07:16:17.031   737   737 D NotificationService: 0|com.neusoft.btmusic|8001|null|1000: updating permissions
05-22 07:16:17.031   737   737 D NotificationService: 0|com.neusoft.btmusic|8001|null|1000: updating permissions
05-22 07:16:17.031  2981  3177 I SentryImuMcuAngleSender: 179.90343rollDeg
05-22 07:16:17.031  2981  3177 I SentryImuMcuAngleSender: 1,0,0
05-22 07:16:17.031   737   737 D NotificationService: 0|com.neusoft.btmusic|8001|null|1000: updating permissions
05-22 07:16:17.031   737   737 D NotificationService: 0|com.neusoft.btmusic|8001|null|1000: updating permissions
05-22 07:16:17.031   737   737 D NotificationService: 0|com.neusoft.btmusic|8001|null|1000: updating permissions
05-22 07:16:17.034  1517  1517 D CarNotificationListener: onNotificationPosted: StatusBarNotification(pkg=com.neusoft.btmusic user=UserHandle{0} id=8001 tag=null key=0|com.neusoft.btmusic|8001|null|1000: Notification(channel=media_playback_channel shortcut=null contentView=null vibrate=null sound=null defaults=0x0 flags=0x6a color=0x00000000 category=transport groupKey=silent actions=3 vis=PUBLIC))
05-22 07:16:17.034   737  1616 D PowerController.AppState: - updateNotification() E -
05-22 07:16:17.034   486   580 I mcuc    : rev,n=1,6AA6810CF8000B8300E000000000000000000D
05-22 07:16:17.034  1517  1517 D CarNotificationListener: Is incoming notification a group summary?: false
05-22 07:16:17.035   344   361 D automotive.vehicle@2.0-adayo-datacomm-mcu: MCUDatacomm sendMessageFromVehicle prop: 0x83, areaId: 0x0, status: 0x0, timestamp: 0x0
05-22 07:16:17.035   344   361 D automotive.vehicle@2.0-adayo-datacomm-mcu: MCUDatacomm 1sendMessageFromVehicle ---> type = 7 
05-22 07:16:17.035   344   361 I automotive.vehicle@2.0-adayo-func-mcu: MCUFunc :sendMessageFromVehicle  msgBuff[0] = 131 
05-22 07:16:17.035  1517  1517 D NavBarFragment: onShow: AlertEntry:StatusBarNotification(pkg=com.neusoft.btmusic user=UserHandle{0} id=8001 tag=null key=0|com.neusoft.btmusic|8001|null|1000: Notification(channel=media_playback_channel shortcut=null contentView=null vibrate=null sound=null defaults=0x0 flags=0x6a color=0x00000000 category=transport groupKey=silent actions=3 vis=PUBLIC))
05-22 07:16:17.035   344   361 I automotive.vehicle@2.0-adayo-func-mcu: MCUFunc :sendMessageFromVehicle  msgBuff[1] = 0 
05-22 07:16:17.035   344   361 I automotive.vehicle@2.0-adayo-func-mcu: MCUFunc :sendMessageFromVehicle  msgBuff[2] = 0 
05-22 07:16:17.035  1517  1517 D NavBarFragment: bindMediaActions: action[0] title=Previous, intent=PendingIntent{dcc270: android.os.BinderProxy@beb4470}
05-22 07:16:17.035   344   361 I automotive.vehicle@2.0-adayo-func-mcu: MCUFunc :sendMessageFromVehicle  msgBuff[3] = 0 
05-22 07:16:17.035  1517  1517 D NavBarFragment: bindMediaActions: action[1] title=Pause, intent=PendingIntent{3dd19e9: android.os.BinderProxy@b332c26}
05-22 07:16:17.035   344   361 I automotive.vehicle@2.0-adayo-func-mcu: MCUFunc :sendMessageFromVehicle  msgBuff[4] = 3 
05-22 07:16:17.035  1517  1517 D NavBarFragment: bindMediaActions: action[2] title=Next, intent=PendingIntent{63f366e: android.os.BinderProxy@d0c76b3}
05-22 07:16:17.035   344   361 I automotive.vehicle@2.0-adayo-func-mcu: MCUFunc :sendMessageFromVehicle  msgBuff[5] = 1 
05-22 07:16:17.035  1517  1517 D NavBarFragment: bindMediaActions: previous=0, playPause=1, next=2, key=0|com.neusoft.btmusic|8001|null|1000
05-22 07:16:17.035   344   361 I automotive.vehicle@2.0-adayo-func-mcu: MCUFunc :sendMessageFromVehicle  msgBuff[6] = 0 
05-22 07:16:17.035   344   361 I automotive.vehicle@2.0-adayo-func-mcu: MCUFunc :sendMessageFromVehicle  msgBuff[7] = 0 
05-22 07:16:17.035   344   361 I automotive.vehicle@2.0-adayo-func-mcu: MCUFunc :sendMessageFromVehicle  msgBuff[8] = 0 
05-22 07:16:17.035   344   361 I automotive.vehicle@2.0-adayo-func-mcu: MCUFunc :sendMessageFromVehicle  msgBuff[9] = 0 
05-22 07:16:17.035   344   361 I automotive.vehicle@2.0-adayo-func-mcu: MCUFunc :sendMessageFromVehicle  msgBuff[10] = 0 
05-22 07:16:17.035   573   573 I SpiService: fgesysctrl_getGPIO_status success val=1
05-22 07:16:17.035  1517  1517 D NavBarFragment: updateMediaInfo: title=狂沙漫卷 无畏无惧 历经磨铁血丹心, text=凌绝顶-梓渝, pkg=com.neusoft.btmusic
05-22 07:16:17.036   486   580 I mcuc    : rev,n=2,6AA6810CF90003841500DE
05-22 07:16:17.035   344   361 I automotive.vehicle@2.0-adayo-func-mcu: MCUFunc :sendMessageFromVehicle  msgBuff[11] = 0 
05-22 07:16:17.036   344   361 I automotive.vehicle@2.0-adayo-func-mcu: MCUFunc :sendMessageFromVehicle  msgBuff[12] = 0 
05-22 07:16:17.036   344   361 I automotive.vehicle@2.0-adayo-func-mcu: MCUFunc :sendMessageFromVehicle  msgBuff[13] = 0 
05-22 07:16:17.037   344   361 I automotive.vehicle@2.0-adayo-func-mcu: MCUFunc :sendMessageFromVehicle  msgBuff[14] = 0 
05-22 07:16:17.037   344   361 I automotive.vehicle@2.0-adayo-func-mcu: MCUFunc :sendMessageFromVehicle  msgBuff[15] = 0 
05-22 07:16:17.037   344   361 I automotive.vehicle@2.0-adayo-func-mcu: MCUFunc :sendMessageFromVehicle  msgBuff[16] = 0 
05-22 06:34:50.779   573   573 D spi_rst_gpio_get_output: GPIO 145 value: 1
05-22 06:34:50.779   573   573 D spidev_ioctl: gpio status=1)
05-22 07:16:17.038  1812  1812 I ExtAssistant: POSTED 0|com.neusoft.btmusic|8001|null|1000
05-22 07:16:17.038   486   580 I mcuc    : rev,n=3,6AA6810CFA00918305000055000000B0000000000000000100010000297E01B120311C0121012045BC012002410121B205A92F630B5700000000040000B3000000000000000000000000000000B44500000000000300000000000000AA000000E40701010000000000000000BB07052307EA0516000008009F022F01CC000000000000000000000000000000B50000000000000000000000DB
05-22 07:16:17.038   344   361 D automotive.vehicle@2.0-adayo-datacomm-mcu: MCUDatacomm sendMessageFromVehicle prop: 0x83, areaId: 0x5, status: 0x0, timestamp: 0x0
05-22 07:16:17.039   344   361 D automotive.vehicle@2.0-adayo-datacomm-mcu: MCUDatacomm 1sendMessageFromVehicle ---> type = 7 
05-22 07:16:17.039   344   361 I automotive.vehicle@2.0-adayo-func-mcu: MCUFunc :sendMessageFromVehicle  msgBuff[0] = 131 
05-22 07:16:17.039   344   361 I automotive.vehicle@2.0-adayo-func-mcu: MCUFunc :sendMessageFromVehicle  msgBuff[1] = 5 
05-22 07:16:17.039   344   361 I automotive.vehicle@2.0-adayo-func-mcu: MCUFunc :sendMessageFromVehicle  msgBuff[2] = 0 
05-22 07:16:17.039   344   361 I automotive.vehicle@2.0-adayo-func-mcu: MCUFunc :sendMessageFromVehicle  msgBuff[3] = 0 
05-22 07:16:17.039   344   361 I automotive.vehicle@2.0-adayo-func-mcu: MCUFunc :sendMessageFromVehicle  msgBuff[4] = 85 
05-22 07:16:17.039   344   361 I automotive.vehicle@2.0-adayo-func-mcu: MCUFunc :sendMessageFromVehicle  msgBuff[5] = 0 
05-22 07:16:17.039   964  1804 D [OMXB]  : usingANWBuffer: handle:0xebd42ab0, format:1, w:1920, h:1080
05-22 07:16:17.041   573   573 I SpiService: fgesysctrl_getGPIO_status success val=1
05-22 06:34:50.784   573   573 D spi_rst_gpio_get_output: GPIO 145 value: 1
05-22 06:34:50.784   573   573 D spidev_ioctl: gpio status=1)
05-22 07:16:17.042  3901  4099 D ConfigManager: configFile not found, configFileName = account_config.json key = openForceCheck
05-22 07:16:17.042  3901  4099 D ConfigManager: configFile not found, configFileName = account_config.json key = showForceCheckFailToast
05-22 07:16:17.043  3901  4099 D ConfigManager: configFile not found, configFileName = account_config.json key = accountUrlWitheList
05-22 07:16:17.046   573   573 I SpiService: fgesysctrl_getGPIO_status success val=1
05-22 07:16:17.048  1026  1026 D MyAppLog: [2026-05-22 07:16:17.048 D tboxap tsp_WorkMachineProc:1086] [Tsp] [tsp_WorkMachineProc]TSP_WORK_LOGIN NOW !!!!
05-22 07:16:17.050   291  1491 D EvsDriver: forwardFrame
05-22 06:34:50.790   573   573 D spi_rst_gpio_get_output: GPIO 145 value: 1
05-22 06:34:50.790   573   573 D spidev_ioctl: gpio status=1)
05-22 06:34:50.795   573   573 D spi_rst_gpio_get_output: GPIO 145 value: 1
05-22 06:34:50.795   573   573 D spidev_ioctl: gpio status=1)
05-22 06:34:50.801   573   573 D spi_rst_gpio_get_output: GPIO 145 value: 1
05-22 06:34:50.801   573   573 D spidev_ioctl: gpio status=1)
05-22 07:16:17.052   573   573 I SpiService: fgesysctrl_getGPIO_status success val=1
05-22 07:16:17.052  2981  3177 I SentryImuMcuAngleSender: 179.89655rollDeg
05-22 07:16:17.052  2981  3177 I SentryImuMcuAngleSender: 1,0,0
05-22 07:16:17.053   291  1491 D EvsDriver: Delivered 0xb400007b2f47ca30 as id 0
05-22 07:16:17.053  1137  1150 D evsmanagerd: /dev/video4 forwarded the buffer #0 to 0xb4000071fa019690 from 0xb4000071fa01b7d0
05-22 07:16:17.057   573   573 I SpiService: fgesysctrl_getGPIO_status success val=1
05-22 07:16:17.058   291  1135 D EvsDriver: doneWithFrame
05-22 07:16:17.059   544   544 D commservice260303: msg.id = 1028,0
05-22 07:16:17.059   544   544 D commservice260303: i = 170, msgid = 8A000404
05-22 07:16:17.059   544   544 D commservice260303: msgid = -1979710460,did=138
05-22 07:16:17.059   544   544 D commservice260303: CommProtocolLibCmdBaseI2C::dataproc {"command":{"id":"imu_status","sub":""},"content":{"TimeStamp":1779405377059,"FrameCounter":15625,"GD_X":-0.008704167790710926,"GD_Y":0.007634742185473442,"GD_Z":0.017332913354039192,"AD_X":-0.002175860106945038,"AD_Y":0.004615571349859238,"AD_Z":-0.3296804428100586,"TempDsp":0,"Status":0,"CalibState":1,"SigAmpInvalid":0}},-1979710460
05-22 07:16:17.060   544   544 D commservice260303: send2Cluster len:324, 7B22636F6D6D616E64223A7B226964223A22696D755F737461747573222C22737562223A22227D2C22636F6E74656E74223A7B2254696D655374616D70223A313737393430353337373035392C224672616D65436F756E746572223A31353632352C2247445F58223A2D302E3030383730343136373739303731303932362C2247445F59223A302E3030373633343734323138353437333434322C2247445F5A223A302E3031373333323931333335343033393139322C2241445F58223A2D302E3030323137353836303130363934353033382C2241445F59223A302E3030343631353537313334393835393233382C2241445F5A223A2D302E333239363830343432383130303538362C2254656D70447370223A302C22537461747573223A302C2243616C69625374617465223A312C22536967416D70496E76616C6964223A307D7D, 138 
05-22 07:16:17.060   544   544 D commservice260303: Push Message into SendPool fn=1480458240
05-22 07:16:17.060   544   544 D commservice260303: ComProtocolLibSend2Cluster::send2ClusterRaw fn=1480458240 , len=340
05-22 07:16:17.060   544   544 D commservice260303: sendCmdToPort :340!!!
05-22 07:16:17.060   544   544 D commservice260303: send Cmd To Port ++++5AA501508A0100003E586A0F92417B22636F6D6D616E64223A7B226964223A22696D755F737461747573222C22737562223A22227D2C22636F6E74656E74223A7B2254696D655374616D70223A313737393430353337373035392C224672616D65436F756E746572223A31353632352C2247445F58223A2D302E3030383730343136373739303731303932362C2247445F59223A302E3030373633343734323138353437333434322C2247445F5A223A302E3031373333323931333335343033393139322C2241445F58223A2D302E3030323137353836303130363934353033382C2241445F59223A302E3030343631353537313334393835393233382C2241445F5A223A2D302E333239363830343432383130303538362C2254656D70447370223A302C22537461747573223A302C2243616C69625374617465223A312C22536967416D70496E76616C6964223A307D7DD94F
05-22 07:16:17.060   544   544 D commservice260303: bufferevent_write retrun value = 0
05-22 07:16:17.060   544   567 D commservice260303: client datas send succeed,send finish
05-22 07:16:17.060  2981  3178 D Sentinelmode_1.2.5.13_alpha: <SentryImuClusterFgeSender>imu_status sent to Linux, frame=15625, tsNs=662027, tsMs=1779405377059, intervalMs=38, ad=(-0.00217586,0.0046155713,-0.32968044), gd=(-0.008704168,0.007634742,0.017332913)
05-22 07:16:17.062   565   565 I Sensors : 230 GyroSensor: x:-0.008704,y:0.007864,z:0.017486
05-22 07:16:17.063   573   573 I SpiService: fgesysctrl_getGPIO_status success val=0
05-22 07:16:17.063   486   579 I mcuc    : send SPI:6AA6020CF800028300756AA6020CF9000284155E6AA6020CFA000283056E
05-22 06:34:50.806   573   573 D spi_rst_gpio_get_output: GPIO 145 value: 0
05-22 06:34:50.806   573   573 D spidev_ioctl: gpio status=0)
05-22 07:16:17.073  2981  3177 I SentryImuMcuAngleSender: 179.90344rollDeg
05-22 07:16:17.073  2981  3177 I SentryImuMcuAngleSender: 1,0,0
05-22 07:16:17.077   573   573 I SpiService: fgesysctrl_getGPIO_status success val=1
05-22 06:34:50.820   573   573 D spi_rst_gpio_get_output: GPIO 145 value: 1
05-22 06:34:50.820   573   573 D spidev_ioctl: gpio status=1)
05-22 07:16:17.082   573   573 I SpiService: fgesysctrl_getGPIO_status success val=1
05-22 06:34:50.826   573   573 D spi_rst_gpio_get_output: GPIO 145 value: 1
05-22 06:34:50.826   573   573 D spidev_ioctl: gpio status=1)
05-22 07:16:17.088   573   573 I SpiService: fgesysctrl_getGPIO_status success val=1
05-22 07:16:17.088   291  1491 D EvsDriver: forwardFrame
05-22 06:34:50.831   573   573 D spi_rst_gpio_get_output: GPIO 145 value: 1
05-22 06:34:50.831   573   573 D spidev_ioctl: gpio status=1)
05-22 07:16:17.090   291  1491 D EvsDriver: Delivered 0xb400007b2f47ca30 as id 0
05-22 07:16:17.091  1137  1150 D evsmanagerd: /dev/video4 forwarded the buffer #0 to 0xb4000071fa019690 from 0xb4000071fa01b7d0
05-22 06:34:50.837   573   573 D spi_rst_gpio_get_output: GPIO 145 value: 1
05-22 07:16:17.093  2981  3177 I SentryImuMcuAngleSender: 179.91032rollDeg
05-22 06:34:50.837   573   573 D spidev_ioctl: gpio status=1)
05-22 07:16:17.093  2981  3177 I SentryImuMcuAngleSender: 1,0,0
05-22 07:16:17.093   573   573 I SpiService: fgesysctrl_getGPIO_status success val=1
05-22 07:16:17.095   291  1135 D EvsDriver: doneWithFrame
05-22 07:16:17.099   573   573 I SpiService: fgesysctrl_getGPIO_status success val=1
05-22 07:16:17.099   544   544 D commservice260303: msg.id = 1028,0
05-22 07:16:17.099   544   544 D commservice260303: i = 170, msgid = 8A000404
05-22 07:16:17.099   544   544 D commservice260303: msgid = -1979710460,did=138
05-22 07:16:17.099   544   544 D commservice260303: CommProtocolLibCmdBaseI2C::dataproc {"command":{"id":"imu_status","sub":""},"content":{"TimeStamp":1779405377099,"FrameCounter":15626,"GD_X":-0.009010015055537224,"GD_Y":0.008704167790710926,"GD_Z":0.01763824187219143,"AD_X":-0.004005610942840576,"AD_Y":0.004000249318778515,"AD_Z":-0.3247995376586914,"TempDsp":0,"Status":0,"CalibState":1,"SigAmpInvalid":0}},-1979710460
05-22 07:16:17.099   544   544 D commservice260303: send2Cluster len:323, 7B22636F6D6D616E64223A7B226964223A22696D755F737461747573222C22737562223A22227D2C22636F6E74656E74223A7B2254696D655374616D70223A313737393430353337373039392C224672616D65436F756E746572223A31353632362C2247445F58223A2D302E3030393031303031353035353533373232342C2247445F59223A302E3030383730343136373739303731303932362C2247445F5A223A302E30313736333832343138373231393134332C2241445F58223A2D302E3030343030353631303934323834303537362C2241445F59223A302E3030343030303234393331383737383531352C2241445F5A223A2D302E333234373939353337363538363931342C2254656D70447370223A302C22537461747573223A302C2243616C69625374617465223A312C22536967416D70496E76616C6964223A307D7D, 138 
05-22 07:16:17.099   544   544 D commservice260303: Push Message into SendPool fn=1497235456
05-22 07:16:17.099   544   544 D commservice260303: ComProtocolLibSend2Cluster::send2ClusterRaw fn=1497235456 , len=339
05-22 07:16:17.099   544   544 D commservice260303: sendCmdToPort :339!!!
05-22 07:16:17.099   544   544 D commservice260303: send Cmd To Port ++++5AA5014F8A0100003E596A0F92417B22636F6D6D616E64223A7B226964223A22696D755F737461747573222C22737562223A22227D2C22636F6E74656E74223A7B2254696D655374616D70223A313737393430353337373039392C224672616D65436F756E746572223A31353632362C2247445F58223A2D302E3030393031303031353035353533373232342C2247445F59223A302E3030383730343136373739303731303932362C2247445F5A223A302E30313736333832343138373231393134332C2241445F58223A2D302E3030343030353631303934323834303537362C2241445F59223A302E3030343030303234393331383737383531352C2241445F5A223A2D302E333234373939353337363538363931342C2254656D70447370223A302C22537461747573223A302C2243616C69625374617465223A312C22536967416D70496E76616C6964223A307D7DCA3C
05-22 07:16:17.100   544   544 D commservice260303: bufferevent_write retrun value = 0
05-22 07:16:17.100   544   567 D commservice260303: client datas send succeed,send finish
05-22 07:16:17.100  2981  3178 D Sentinelmode_1.2.5.13_alpha: <SentryImuClusterFgeSender>imu_status sent to Linux, frame=15626, tsNs=662080, tsMs=1779405377099, intervalMs=40, ad=(-0.004005611,0.0040002493,-0.32479954), gd=(-0.009010015,0.008704168,0.017638242)
05-22 06:34:50.842   573   573 D spi_rst_gpio_get_output: GPIO 145 value: 1
05-22 06:34:50.842   573   573 D spidev_ioctl: gpio status=1)
05-22 07:16:17.105   573   573 I SpiService: fgesysctrl_getGPIO_status success val=0
05-22 06:34:50.848   573   573 D spi_rst_gpio_get_output: GPIO 145 value: 0
05-22 06:34:50.848   573   573 D spidev_ioctl: gpio status=0)
05-22 07:16:17.114  2981  3177 I SentryImuMcuAngleSender: 179.89995rollDeg
05-22 07:16:17.114  2981  3177 I SentryImuMcuAngleSender: 1,0,0
05-22 07:16:17.119   573   573 I SpiService: fgesysctrl_getGPIO_status success val=1
05-22 06:34:50.862   573   573 D spi_rst_gpio_get_output: GPIO 145 value: 1
05-22 06:34:50.862   573   573 D spidev_ioctl: gpio status=1)
05-22 07:16:17.123   291  1491 D EvsDriver: forwardFrame
05-22 07:16:17.125   573   573 I SpiService: fgesysctrl_getGPIO_status success val=1
05-22 07:16:17.125   291  1491 D EvsDriver: Delivered 0xb400007b2f47ca30 as id 0
05-22 07:16:17.125  1137  1150 D evsmanagerd: /dev/video4 forwarded the buffer #0 to 0xb4000071fa019690 from 0xb4000071fa01b7d0
05-22 07:16:17.125   291  1135 D EvsDriver: doneWithFrame
05-22 06:34:50.868   573   573 D spi_rst_gpio_get_output: GPIO 145 value: 1
05-22 06:34:50.868   573   573 D spidev_ioctl: gpio status=1)
05-22 07:16:17.127   276   300 I rvcservice: t.code = 3, t.value = 0
05-22 07:16:17.130   573   573 I SpiService: fgesysctrl_getGPIO_status success val=1
05-22 06:34:50.874   573   573 D spi_rst_gpio_get_output: GPIO 145 value: 1
05-22 06:34:50.874   573   573 D spidev_ioctl: gpio status=1)
05-22 07:16:17.134  2981  3177 I SentryImuMcuAngleSender: 179.91032rollDeg
05-22 07:16:17.134  2981  3177 I SentryImuMcuAngleSender: 1,0,0
05-22 07:16:17.135   573   573 I SpiService: fgesysctrl_getGPIO_status success val=1
05-22 06:34:50.879   573   573 D spi_rst_gpio_get_output: GPIO 145 value: 1
05-22 06:34:50.879   573   573 D spidev_ioctl: gpio status=1)
05-22 07:16:17.137   964  1804 D [OMXB]  : usingANWBuffer: handle:0xebd41ae0, format:1, w:1920, h:1080
05-22 07:16:17.140   544   544 D commservice260303: msg.id = 1028,0
05-22 07:16:17.140   544   544 D commservice260303: i = 170, msgid = 8A000404
05-22 07:16:17.140   544   544 D commservice260303: msgid = -1979710460,did=138
05-22 07:16:17.140   544   544 D commservice260303: CommProtocolLibCmdBaseI2C::dataproc {"command":{"id":"imu_status","sub":""},"content":{"TimeStamp":1779405377139,"FrameCounter":15627,"GD_X":-0.009010015055537224,"GD_Y":0.007177011109888554,"GD_Z":0.017715223133563995,"AD_X":-0.002176940441131592,"AD_Y":0.0021658921614289284,"AD_Z":-0.327239990234375,"TempDsp":0,"Status":0,"CalibState":1,"SigAmpInvalid":0}},-1979710460
05-22 07:16:17.141   544   544 D commservice260303: send2Cluster len:324, 7B22636F6D6D616E64223A7B226964223A22696D755F737461747573222C22737562223A22227D2C22636F6E74656E74223A7B2254696D655374616D70223A313737393430353337373133392C224672616D65436F756E746572223A31353632372C2247445F58223A2D302E3030393031303031353035353533373232342C2247445F59223A302E3030373137373031313130393838383535342C2247445F5A223A302E3031373731353232333133333536333939352C2241445F58223A2D302E3030323137363934303434313133313539322C2241445F59223A302E303032313635383932313631343238393238342C2241445F5A223A2D302E3332373233393939303233343337352C2254656D70447370223A302C22537461747573223A302C2243616C69625374617465223A312C22536967416D70496E76616C6964223A307D7D, 138 
05-22 07:16:17.141   544   544 D commservice260303: Push Message into SendPool fn=1514012672
05-22 06:34:50.884   573   573 D spi_rst_gpio_get_output: GPIO 145 value: 1
05-22 07:16:17.141   544   544 D commservice260303: ComProtocolLibSend2Cluster::send2ClusterRaw fn=1514012672 , len=340
05-22 07:16:17.141   544   544 D commservice260303: sendCmdToPort :340!!!
05-22 07:16:17.141   544   544 D commservice260303: send Cmd To Port ++++5AA501508A0100003E5A6A0F92417B22636F6D6D616E64223A7B226964223A22696D755F737461747573222C22737562223A22227D2C22636F6E74656E74223A7B2254696D655374616D70223A313737393430353337373133392C224672616D65436F756E746572223A31353632372C2247445F58223A2D302E3030393031303031353035353533373232342C2247445F59223A302E3030373137373031313130393838383535342C2247445F5A223A302E3031373731353232333133333536333939352C2241445F58223A2D302E3030323137363934303434313133313539322C2241445F59223A302E303032313635383932313631343238393238342C2241445F5A223A2D302E3332373233393939303233343337352C2254656D70447370223A302C22537461747573223A302C2243616C69625374617465223A312C22536967416D70496E76616C6964223A307D7DCAF3
05-22 07:16:17.141   544   544 D commservice260303: bufferevent_write retrun value = 0
05-22 07:16:17.141   573   573 I SpiService: fgesysctrl_getGPIO_status success val=1
05-22 07:16:17.141   544   567 D commservice260303: client datas send succeed,send finish
05-22 07:16:17.141  2981  3178 D Sentinelmode_1.2.5.13_alpha: <SentryImuClusterFgeSender>imu_status sent to Linux, frame=15627, tsNs=662116, tsMs=1779405377139, intervalMs=41, ad=(-0.0021769404,0.0021658922,-0.32724), gd=(-0.009010015,0.007177011,0.017715223)
05-22 07:16:17.146   573   573 I SpiService: fgesysctrl_getGPIO_status success val=0
05-22 06:34:50.890   573   573 D spi_rst_gpio_get_output: GPIO 145 value: 0
05-22 06:34:50.890   573   573 D spidev_ioctl: gpio status=0)
05-22 07:16:17.150   291  1491 D EvsDriver: forwardFrame
05-22 07:16:17.151  1137  1150 D evsmanagerd: /dev/video4 forwarded the buffer #0 to 0xb4000071fa019690 from 0xb4000071fa01b7d0
05-22 07:16:17.151   291  1491 D EvsDriver: Delivered 0xb400007b2f47ca30 as id 0
05-22 07:16:17.154   260   260 D libvintf: HalManifest::getHidlTransport(framework): Cannot find android.hardware.usb@1.0::IUsb/default
05-22 07:16:17.154   291  1135 D EvsDriver: doneWithFrame
05-22 07:16:17.155   260   260 D libvintf: HalManifest::getHidlTransport(device): Cannot find android.hardware.usb@1.0::IUsb/default
05-22 07:16:17.155   260   260 I hwservicemanager: getTransport: Cannot find entry android.hardware.usb@1.0::IUsb/default in either framework or device VINTF manifest.
05-22 07:16:17.155  2626  2832 E ExtUsbManager: UsbHalController: android.hardware.usb.V1_0.IUsb getService failed!
05-22 07:16:17.155  2626  2832 E ExtUsbManager: java.util.NoSuchElementException
05-22 07:16:17.155  2626  2832 E ExtUsbManager: 	at android.os.HwBinder.getService(Native Method)
05-22 07:16:17.155  2626  2832 E ExtUsbManager: 	at android.os.HwBinder.getService(HwBinder.java:81)
05-22 07:16:17.155  2626  2832 E ExtUsbManager: 	at android.hardware.usb.V1_0.IUsb.getService(IUsb.java:74)
05-22 07:16:17.155  2626  2832 E ExtUsbManager: 	at android.hardware.usb.V1_0.IUsb.getService(IUsb.java:84)
05-22 07:16:17.155  2626  2832 E ExtUsbManager: 	at ts.car.usb.UsbHalController.createService(UsbHalController.java:37)
05-22 07:16:17.155  2626  2832 E ExtUsbManager: 	at ts.car.usb.UsbHalController.createService(UsbHalController.java:18)
05-22 07:16:17.155  2626  2832 E ExtUsbManager: 	at ts.car.usb.utils.AutoServiceConnector4Hidl.autoConnect(AutoServiceConnector4Hidl.java:47)
05-22 07:16:17.155  2626  2832 E ExtUsbManager: 	at ts.car.usb.utils.AutoServiceConnector4Hidl$$ExternalSyntheticLambda0.run(Unknown Source:2)
05-22 07:16:17.155  2626  2832 E ExtUsbManager: 	at android.os.Handler.handleCallback(Handler.java:942)
05-22 07:16:17.155  2626  2832 E ExtUsbManager: 	at android.os.Handler.dispatchMessage(Handler.java:99)
05-22 07:16:17.155  2626  2832 E ExtUsbManager: 	at android.os.Looper.loopOnce(Looper.java:201)
05-22 07:16:17.155  2626  2832 E ExtUsbManager: 	at android.os.Looper.loop(Looper.java:288)
05-22 07:16:17.155  2626  2832 E ExtUsbManager: 	at android.os.HandlerThread.run(HandlerThread.java:67)
05-22 07:16:17.156   260   260 D libvintf: HalManifest::getHidlTransport(framework): Cannot find vendor.ts.usbext@1.0::IUsbext/default
05-22 07:16:17.156   260   260 D libvintf: HalManifest::getHidlTransport(device): Cannot find vendor.ts.usbext@1.0::IUsbext/default
05-22 07:16:17.157   260   260 I hwservicemanager: getTransport: Cannot find entry vendor.ts.usbext@1.0::IUsbext/default in either framework or device VINTF manifest.
05-22 07:16:17.157  2626  2832 E ExtUsbManager: UsbHalExtController: vendor.ts.usbext.V1_0.IUsbext getService failed!
05-22 07:16:17.157  2626  2832 E ExtUsbManager: java.util.NoSuchElementException
05-22 07:16:17.157  2626  2832 E ExtUsbManager: 	at android.os.HwBinder.getService(Native Method)
05-22 07:16:17.157  2626  2832 E ExtUsbManager: 	at android.os.HwBinder.getService(HwBinder.java:81)
05-22 07:16:17.157  2626  2832 E ExtUsbManager: 	at vendor.ts.usbext.V1_0.IUsbext.getService(IUsbext.java:74)
05-22 07:16:17.157  2626  2832 E ExtUsbManager: 	at vendor.ts.usbext.V1_0.IUsbext.getService(IUsbext.java:84)
05-22 07:16:17.157  2626  2832 E ExtUsbManager: 	at ts.car.usb.UsbHalExtController.createService(UsbHalExtController.java:37)
05-22 07:16:17.157  2626  2832 E ExtUsbManager: 	at ts.car.usb.UsbHalExtController.createService(UsbHalExtController.java:18)
05-22 07:16:17.157  2626  2832 E ExtUsbManager: 	at ts.car.usb.utils.AutoServiceConnector4Hidl.autoConnect(AutoServiceConnector4Hidl.java:47)
05-22 07:16:17.157  2626  2832 E ExtUsbManager: 	at ts.car.usb.utils.AutoServiceConnector4Hidl$$ExternalSyntheticLambda0.run(Unknown Source:2)
05-22 07:16:17.157  2626  2832 E ExtUsbManager: 	at android.os.Handler.handleCallback(Handler.java:942)
05-22 07:16:17.157  2626  2832 E ExtUsbManager: 	at android.os.Handler.dispatchMessage(Handler.java:99)
05-22 07:16:17.157  2626  2832 E ExtUsbManager: 	at android.os.Looper.loopOnce(Looper.java:201)
05-22 07:16:17.157  2626  2832 E ExtUsbManager: 	at android.os.Looper.loop(Looper.java:288)
05-22 07:16:17.157  2626  2832 E ExtUsbManager: 	at android.os.HandlerThread.run(HandlerThread.java:67)
05-22 07:16:17.157  2981  3177 I SentryImuMcuAngleSender: 179.9241rollDeg
05-22 07:16:17.157  2981  3177 I SentryImuMcuAngleSender: 1,0,0
05-22 07:16:17.159   260   260 D libvintf: HalManifest::getHidlTransport(framework): Cannot find android.hardware.usb.gadget@1.0::IUsbGadget/default
05-22 07:16:17.159   260   260 D libvintf: HalManifest::getHidlTransport(device): Cannot find android.hardware.usb.gadget@1.0::IUsbGadget/default
05-22 07:16:17.160   260   260 I hwservicemanager: getTransport: Cannot find entry android.hardware.usb.gadget@1.0::IUsbGadget/default in either framework or device VINTF manifest.
05-22 07:16:17.160  2626  2832 E ExtUsbManager: UsbGadgetController: android.hardware.usb.gadget.V1_0.IUsbGadget getService failed!
05-22 07:16:17.160  2626  2832 E ExtUsbManager: java.util.NoSuchElementException
05-22 07:16:17.160  2626  2832 E ExtUsbManager: 	at android.os.HwBinder.getService(Native Method)
05-22 07:16:17.160  2626  2832 E ExtUsbManager: 	at android.os.HwBinder.getService(HwBinder.java:81)
05-22 07:16:17.160  2626  2832 E ExtUsbManager: 	at android.hardware.usb.gadget.V1_0.IUsbGadget.getService(IUsbGadget.java:74)
05-22 07:16:17.160  2626  2832 E ExtUsbManager: 	at android.hardware.usb.gadget.V1_0.IUsbGadget.getService(IUsbGadget.java:84)
05-22 07:16:17.160  2626  2832 E ExtUsbManager: 	at ts.car.usb.UsbGadgetController.createService(UsbGadgetController.java:36)
05-22 07:16:17.160  2626  2832 E ExtUsbManager: 	at ts.car.usb.UsbGadgetController.createService(UsbGadgetController.java:17)
05-22 07:16:17.160  2626  2832 E ExtUsbManager: 	at ts.car.usb.utils.AutoServiceConnector4Hidl.autoConnect(AutoServiceConnector4Hidl.java:47)
05-22 07:16:17.160  2626  2832 E ExtUsbManager: 	at ts.car.usb.utils.AutoServiceConnector4Hidl$$ExternalSyntheticLambda0.run(Unknown Source:2)
05-22 07:16:17.160  2626  2832 E ExtUsbManager: 	at android.os.Handler.handleCallback(Handler.java:942)
05-22 07:16:17.160  2626  2832 E ExtUsbManager: 	at android.os.Handler.dispatchMessage(Handler.java:99)
05-22 07:16:17.160  2626  2832 E ExtUsbManager: 	at android.os.Looper.loopOnce(Looper.java:201)
05-22 07:16:17.160  2626  2832 E ExtUsbManager: 	at android.os.Looper.loop(Looper.java:288)
05-22 07:16:17.160  2626  2832 E ExtUsbManager: 	at android.os.HandlerThread.run(HandlerThread.java:67)
05-22 07:16:17.161   573   573 I SpiService: fgesysctrl_getGPIO_status success val=1
05-22 06:34:50.904   573   573 D spi_rst_gpio_get_output: GPIO 145 value: 1
05-22 06:34:50.904   573   573 D spidev_ioctl: gpio status=1)
05-22 07:16:17.166   573   573 I SpiService: fgesysctrl_getGPIO_status success val=1
05-22 07:16:17.172   573   573 I SpiService: fgesysctrl_getGPIO_status success val=1
05-22 06:34:50.910   573   573 D spi_rst_gpio_get_output: GPIO 145 value: 1
05-22 06:34:50.910   573   573 D spidev_ioctl: gpio status=1)
05-22 06:34:50.915   573   573 D spi_rst_gpio_get_output: GPIO 145 value: 1
05-22 06:34:50.915   573   573 D spidev_ioctl: gpio status=1)
05-22 07:16:17.177   573   573 I SpiService: fgesysctrl_getGPIO_status success val=1
05-22 07:16:17.177  2981  3177 I SentryImuMcuAngleSender: 179.9241rollDeg
05-22 07:16:17.177  2981  3177 I SentryImuMcuAngleSender: 1,0,0
05-22 06:34:50.920   573   573 D spi_rst_gpio_get_output: GPIO 145 value: 1
05-22 06:34:50.920   573   573 D spidev_ioctl: gpio status=1)
05-22 07:16:17.180   544   544 D commservice260303: msg.id = 1028,1
05-22 07:16:17.180   544   544 D commservice260303: i = 170, msgid = 8A000404
05-22 07:16:17.180   544   544 D commservice260303: msgid = -1979710460,did=138
05-22 07:16:17.180   544   544 D commservice260303: CommProtocolLibCmdBaseI2C::dataproc {"command":{"id":"imu_status","sub":""},"content":{"TimeStamp":1779405377179,"FrameCounter":15628,"GD_X":-0.00985005497932434,"GD_Y":0.0073299347423017025,"GD_Z":0.017408855259418488,"AD_X":-9.592175483703613E-4,"AD_Y":-2.730032429099083E-4,"AD_Z":-0.3241920471191406,"TempDsp":0,"Status":0,"CalibState":1,"SigAmpInvalid":0}},-1979710460
05-22 07:16:17.180   544   544 D commservice260303: send2Cluster len:325, 7B22636F6D6D616E64223A7B226964223A22696D755F737461747573222C22737562223A22227D2C22636F6E74656E74223A7B2254696D655374616D70223A313737393430353337373137392C224672616D65436F756E746572223A31353632382C2247445F58223A2D302E30303938353030353439373933323433342C2247445F59223A302E303037333239393334373432333031373032352C2247445F5A223A302E3031373430383835353235393431383438382C2241445F58223A2D392E353932313735343833373033363133452D342C2241445F59223A2D322E373330303332343239303939303833452D342C2241445F5A223A2D302E333234313932303437313139313430362C2254656D70447370223A302C22537461747573223A302C2243616C69625374617465223A312C22536967416D70496E76616C6964223A307D7D, 138 
05-22 07:16:17.180   544   544 D commservice260303: Push Message into SendPool fn=1530789888
05-22 07:16:17.180   544   544 D commservice260303: ComProtocolLibSend2Cluster::send2ClusterRaw fn=1530789888 , len=341
05-22 07:16:17.180   544   544 D commservice260303: sendCmdToPort :341!!!
05-22 07:16:17.180   544   544 D commservice260303: send Cmd To Port ++++5AA501518A0100003E5B6A0F92417B22636F6D6D616E64223A7B226964223A22696D755F737461747573222C22737562223A22227D2C22636F6E74656E74223A7B2254696D655374616D70223A313737393430353337373137392C224672616D65436F756E746572223A31353632382C2247445F58223A2D302E30303938353030353439373933323433342C2247445F59223A302E303037333239393334373432333031373032352C2247445F5A223A302E3031373430383835353235393431383438382C2241445F58223A2D392E353932313735343833373033363133452D342C2241445F59223A2D322E373330303332343239303939303833452D342C2241445F5A223A2D302E333234313932303437313139313430362C2254656D70447370223A302C22537461747573223A302C2243616C69625374617465223A312C22536967416D70496E76616C6964223A307D7DD6A8
05-22 07:16:17.181   544   544 D commservice260303: bufferevent_write retrun value = 0
05-22 07:16:17.181   544   567 D commservice260303: client datas send succeed,send finish
05-22 07:16:17.181  2981  3178 D Sentinelmode_1.2.5.13_alpha: <SentryImuClusterFgeSender>imu_status sent to Linux, frame=15628, tsNs=662152, tsMs=1779405377179, intervalMs=40, ad=(-9.5921755E-4,-2.7300324E-4,-0.32419205), gd=(-0.009850055,0.0073299347,0.017408855)
05-22 07:16:17.183   573   573 I SpiService: fgesysctrl_getGPIO_status success val=1
05-22 06:34:50.926   573   573 D spi_rst_gpio_get_output: GPIO 145 value: 1
05-22 06:34:50.926   573   573 D spidev_ioctl: gpio status=1)
05-22 07:16:17.186   291  1491 D EvsDriver: forwardFrame
05-22 07:16:17.188   573   573 I SpiService: fgesysctrl_getGPIO_status success val=0
05-22 07:16:17.189  1137  1150 D evsmanagerd: /dev/video4 forwarded the buffer #0 to 0xb4000071fa019690 from 0xb4000071fa01b7d0
05-22 07:16:17.189   291  1491 D EvsDriver: Delivered 0xb400007b2f47ca30 as id 0
05-22 07:16:17.194   291  1135 D EvsDriver: doneWithFrame
05-22 07:16:17.199  2981  3177 I SentryImuMcuAngleSender: 1,0,0
05-22 07:16:17.203   558  1606 I gps_hdbd: Received: '$GNGGA,231617.000,,,,,0,00,,,M,,M,,*66
'
05-22 07:16:17.204   573   573 I SpiService: fgesysctrl_getGPIO_status success val=1
05-22 07:16:17.204  1026  1026 D MyAppLog: [2026-05-22 07:16:17.204 D tboxap gspDataAnalyze:346] [Gps] rev gps data:$GNGGA,231617.000,,,,,0,00,,,M,,M,,*66
05-22 07:16:17.204  1026  1026 D MyAppLog: [2026-05-22 07:16:17.204 D tboxap gpsCommTboxmidsRecvCb:66] [Gps] [gpsCommTboxmidsRecvCb] gps nmea updated:$GNGGA,231617.000,,,,,0,00,,,M,,M,,*66
05-22 07:16:17.204  1026  1026 D MyAppLog: 
05-22 06:34:50.947   573   573 D spi_rst_gpio_get_output: GPIO 145 value: 1
05-22 06:34:50.947   573   573 D spidev_ioctl: gpio status=1)
05-22 07:16:17.208   964  1804 D [OMXB]  : usingANWBuffer: handle:0xebd42d70, format:1, w:1920, h:1080
