05-22 07:16:16.583   737   737 I notification_enqueue: [1000,3735,com.neusoft.btmusic,8001,NULL,0,Notification(channel=media_playback_channel shortcut=null contentView=null vibrate=null sound=null defaults=0x0 flags=0x4a color=0x00000000 category=transport groupKey=silent actions=3 vis=PUBLIC),1]
05-22 07:16:16.583  3735  3735 I NSLogUtils_BtMusicModel: musicChange metaData: android.media.MediaMetadata@5553bd65
05-22 07:16:16.583  3735  3735 I NSLogUtils_BtMusicModel: musicChange title: 凌绝顶,artist: 梓渝,duration: 210966,album: 凌绝顶,albumArtUri: null
05-22 07:16:16.583  3735  3735 D NSLogUtils_MediaForegroundService: updateNotification isPlaying=true title=凌绝顶 text=梓渝
05-22 07:16:16.583 11323 11323 D MediaPlayerList: sendMediaUpdate
05-22 07:16:16.584 11323 11374 D ANW_AVRCP: (11323|0xD12C8CB0)[AVRCP] API getPlayStatusTimerHandler
05-22 07:16:16.585 11323 11323 I MediaPlayerList: sendMediaUpdate: Creating a one item queue for a player with no queue
05-22 07:16:16.585  1812  1812 I ExtAssistant: ENQUEUED 0|com.neusoft.btmusic|8001|null|1000 on media_playback_channel
05-22 07:16:16.586 11323 11323 D MediaPlayerList: sendMediaUpdate state=PlaybackState {state=3, position=47851, buffered position=0, speed=1.0, updated=661563, actions=566, custom actions=[], active item id=-1, error=null}
05-22 06:34:50.331   573   573 D spi_rst_gpio_get_output: GPIO 145 value: 1
05-22 06:34:50.331   573   573 D spidev_ioctl: gpio status=1)
05-22 06:34:50.337   573   573 D spi_rst_gpio_get_output: GPIO 145 value: 1
05-22 06:34:50.337   573   573 D spidev_ioctl: gpio status=1)
05-22 07:16:16.586 11323 11323 D AvrcpTargetService: onMediaUpdated: track_changed=false state=true queue=false
05-22 07:16:16.586 11323 11323 D AvrcpNativeInterface: sendMediaUpdate: metadata=false playStatus=true queue=false
05-22 07:16:16.586 11323 11323 D AvrcpTargetJni: sendMediaUpdateNative
05-22 07:16:16.586  1812  2664 D ExtAssistant: Creating Adjustment for 0|com.neusoft.btmusic|8001|null|1000, with 0 actions, and 0 replies.
05-22 07:16:16.586 11323 11323 I droid.bluetooth: run avrcp SendMediaUpdate, AnW
05-22 07:16:16.587 11323 11323 D ANWAPI  : (11323|0x2B6584F8)[BTAPI] Handle_Hal_Callback, callback_type(9)
05-22 07:16:16.587 11323 11323 W AudioMediaPlayerWrapper: onPlaybackStateChanged(): com.neusoft.btmusic tried to update with no new data
05-22 07:16:16.587   737   737 D NotificationService: EnqueueNotificationRunnable.run for: 0|com.neusoft.btmusic|8001|null|1000
05-22 07:16:16.587  3735  3735 D NSLogUtils_BluetoothPlayerService: mPlaybackStateObserver isConnected: true
05-22 07:16:16.587  3735  3735 D NSLogUtils_BluetoothPlayerService: played trigger application focus
05-22 07:16:16.587   737   737 I notification_enqueue: [1000,3735,com.neusoft.btmusic,8001,NULL,0,Notification(channel=media_playback_channel shortcut=null contentView=null vibrate=null sound=null defaults=0x0 flags=0x4a color=0x00000000 category=transport groupKey=silent actions=3 vis=PUBLIC),1]
05-22 07:16:16.588  3735  3735 D NSLogUtils_SourceChangeManager: getCurrentSourceWithoutDefaultValue source: MUSIC_SOURCE_BT
05-22 07:16:16.588  3735  3735 D NSLogUtils_SourceChangeManager: setCurrentSource new source: MUSIC_SOURCE_BT ,currentSource: MUSIC_SOURCE_BT
05-22 07:16:16.588  3735  3735 E NSLogUtils_SourceChangeManager: setCurrentSource error, because currentSource is the same as source
05-22 07:16:16.588  3735  3735 D NSLogUtils_MainActivity: progress->47861
05-22 07:16:16.588   573   573 I SpiService: fgesysctrl_getGPIO_status success val=1
05-22 07:16:16.589  1812  1812 I ExtAssistant: ENQUEUED 0|com.neusoft.btmusic|8001|null|1000 on media_playback_channel
05-22 07:16:16.589  1812  2664 D ExtAssistant: Creating Adjustment for 0|com.neusoft.btmusic|8001|null|1000, with 0 actions, and 0 replies.
05-22 07:16:16.590   291  1491 D EvsDriver: forwardFrame
05-22 07:16:16.591   291  1491 D EvsDriver: Delivered 0xb400007b2f47ca30 as id 0
05-22 07:16:16.591  1137  1150 D evsmanagerd: /dev/video4 forwarded the buffer #0 to 0xb4000071fa019690 from 0xb4000071fa01b7d0
05-22 06:34:50.343   573   573 D spi_rst_gpio_get_output: GPIO 145 value: 1
05-22 06:34:50.343   573   573 D spidev_ioctl: gpio status=1)
05-22 07:16:16.594   573   573 I SpiService: fgesysctrl_getGPIO_status success val=1
05-22 07:16:16.595   291  1135 D EvsDriver: doneWithFrame
05-22 07:16:16.601   573   573 I SpiService: fgesysctrl_getGPIO_status success val=1
05-22 07:16:16.603  2981  3177 I SentryImuMcuAngleSender: 179.92413rollDeg
05-22 07:16:16.604  2981  3177 I SentryImuMcuAngleSender: 1,0,0
05-22 07:16:16.607   573   573 I SpiService: fgesysctrl_getGPIO_status success val=1
05-22 06:34:50.350   573   573 D spi_rst_gpio_get_output: GPIO 145 value: 1
05-22 06:34:50.350   573   573 D spidev_ioctl: gpio status=1)
05-22 07:16:16.610   544   544 D commservice260303: msg.id = 1028,0
05-22 07:16:16.610   544   544 D commservice260303: i = 170, msgid = 8A000404
05-22 07:16:16.610   544   544 D commservice260303: msgid = -1979710460,did=138
05-22 07:16:16.610   544   544 D commservice260303: CommProtocolLibCmdBaseI2C::dataproc {"command":{"id":"imu_status","sub":""},"content":{"TimeStamp":1779405376609,"FrameCounter":15614,"GD_X":-0.009161898866295815,"GD_Y":0.007712244056165218,"GD_Z":0.017485838383436203,"AD_X":-0.002151496708393097,"AD_Y":-2.3480039089918137E-4,"AD_Z":-0.3284597396850586,"TempDsp":0,"Status":0,"CalibState":1,"SigAmpInvalid":0}},-1979710460
05-22 07:16:16.610 11323 11374 D ANW_AVRCP: (11323|0xD12C8CB0)[AVRCP] API AVRCP_GetPlayStatus
05-22 07:16:16.610   544   544 D commservice260303: send2Cluster len:326, 7B22636F6D6D616E64223A7B226964223A22696D755F737461747573222C22737562223A22227D2C22636F6E74656E74223A7B2254696D655374616D70223A313737393430353337363630392C224672616D65436F756E746572223A31353631342C2247445F58223A2D302E3030393136313839383836363239353831352C2247445F59223A302E3030373731323234343035363136353231382C2247445F5A223A302E3031373438353833383338333433363230332C2241445F58223A2D302E3030323135313439363730383339333039372C2241445F59223A2D322E33343830303339303839393138313337452D342C2241445F5A223A2D302E333238343539373339363835303538362C2254656D70447370223A302C22537461747573223A302C2243616C69625374617465223A312C22536967416D70496E76616C6964223A307D7D, 138 
05-22 07:16:16.610   544   544 D commservice260303: Push Message into SendPool fn=1295908864
05-22 07:16:16.610   544   544 D commservice260303: ComProtocolLibSend2Cluster::send2ClusterRaw fn=1295908864 , len=342
05-22 07:16:16.610   544   544 D commservice260303: sendCmdToPort :342!!!
05-22 07:16:16.610 11323 11374 D ANWStack: [    661592][ANWBT] <<Avctp_Send_Message 0/1:
05-22 07:16:16.610 11323 11374 D ANWStack: 
05-22 07:16:16.610 11323 11374 D ANWStack: [    661592][ANWBT] L2CAP: L2_RetrieveHandle called, cid=0x82
05-22 07:16:16.610 11323 11374 D ANWStack: 
05-22 07:16:16.610   544   544 D commservice260303: send Cmd To Port ++++5AA501528A0100003E4D6A0F92407B22636F6D6D616E64223A7B226964223A22696D755F737461747573222C22737562223A22227D2C22636F6E74656E74223A7B2254696D655374616D70223A313737393430353337363630392C224672616D65436F756E746572223A31353631342C2247445F58223A2D302E3030393136313839383836363239353831352C2247445F59223A302E3030373731323234343035363136353231382C2247445F5A223A302E3031373438353833383338333433363230332C2241445F58223A2D302E3030323135313439363730383339333039372C2241445F59223A2D322E33343830303339303839393138313337452D342C2241445F5A223A2D302E333238343539373339363835303538362C2254656D70447370223A302C22537461747573223A302C2243616C69625374617465223A312C22536967416D70496E76616C6964223A307D7D4B06
05-22 07:16:16.610 11323 11374 I droid.bluetooth: run doGetPlaystatus, AnW
05-22 07:16:16.610   544   544 D commservice260303: bufferevent_write retrun value = 0
05-22 07:16:16.610 11323 11374 D AvrcpTargetJni: getCurrentPlayStatus
05-22 07:16:16.610   544   567 D commservice260303: client datas send succeed,send finish
05-22 07:16:16.610 11323 11374 D AvrcpNativeInterface: getPlayStatus
05-22 07:16:16.611  2981  3178 D Sentinelmode_1.2.5.13_alpha: <SentryImuClusterFgeSender>imu_status sent to Linux, frame=15614, tsNs=661578, tsMs=1779405376609, intervalMs=40, ad=(-0.0021514967,-2.3480039E-4,-0.32845974), gd=(-0.009161899,0.007712244,0.017485838)
05-22 07:16:16.611 11323 11374 D ANWAPI  : (11323|0xD12C8CB0)[BTAPI] BT Addres is NULL , checking which array is connected
05-22 07:16:16.611 11323 11374 D ANWAPI  : 
05-22 07:16:16.611 11323 11374 D ANWAPI  : (11323|0xD12C8CB0)[BTAPI] SPPMIN(0)SPPMAX(0)
05-22 07:16:16.611 11323 11374 D ANWAPI  : 
05-22 07:16:16.611 11323 11374 D ANWAPI  : (11323|0xD12C8CB0)[BTAPI] In Three Step Get Device ID(0)
05-22 07:16:16.611 11323 11374 D ANWAPI  : 
05-22 07:16:16.611 11323 11374 D ANWAPI  : (11323|0xD12C8CB0)[BTAPI] run Get_ID_By_AVRCPTarget_SpecialState(4)
05-22 07:16:16.611 11323 11374 D ANWAPI  : 
05-22 07:16:16.613   573   573 I SpiService: fgesysctrl_getGPIO_status success val=0
05-22 07:16:16.614   291  1491 D EvsDriver: forwardFrame
05-22 06:34:50.356   573   573 D spi_rst_gpio_get_output: GPIO 145 value: 0
05-22 06:34:50.356   573   573 D spidev_ioctl: gpio status=0)
05-22 07:16:16.615   291  1491 D EvsDriver: Delivered 0xb400007b2f47ca30 as id 0
05-22 07:16:16.616  1137  1150 D evsmanagerd: /dev/video4 forwarded the buffer #0 to 0xb4000071fa019690 from 0xb4000071fa01b7d0
05-22 07:16:16.617   291  1135 D EvsDriver: doneWithFrame
05-22 07:16:16.618   477  1275 I dvr_service_: [EncoderHandler::runMediaThread] runMediaThread started:1,state:0, cam2:started:1,state:0, lastSwitch:1, mIsMuxerStart:0,format:0,is_str_ing:0
05-22 07:16:16.621   276   300 I rvcservice: t.code = 3, t.value = 0
05-22 07:16:16.622  2981  2981 I Sentinelmode_1.2.5.13_alpha: <SentinelCarServiceManager>sensorType:291504647
05-22 07:16:16.622   978  1040 I ThermalCvtGovernor: soc(default) curTemp: 91830 tripTemp: 95000 setPollingDelay: 2000
05-22 07:16:16.624   486   580 I mcuc    : rev,n=1,6AA6810CF6000A8900C4010409001234567C
05-22 07:16:16.624  1091  1116 I tboxmids_ap: [2026-05-22 07:16:16.624] [MCU RX] src=MCU dst=ZMQ len=10 type=BINARY data=00 08 C4 01 04 09 00 12 34 56 
05-22 07:16:16.624   344   361 D automotive.vehicle@2.0-adayo-datacomm-mcu: MCUDatacomm sendMessageFromVehicle prop: 0x89, areaId: 0x0, status: 0xc4, timestamp: 0x1
05-22 07:16:16.624   344   361 D automotive.vehicle@2.0-adayo-datacomm-mcu: MCUDatacomm 1sendMessageFromVehicle ---> type = 12 
05-22 07:16:16.625  1026  1026 I MyAppLog: [2026-05-22 07:16:16.624 I tboxap mcuCommTboxmidsRecvCb:96] [Mcu] [mcuCommTboxmidsRecvCb] recv from tboxmids, size:10
05-22 07:16:16.625  1026  1026 I MyAppLog: [2026-05-22 07:16:16.624 I tboxap mcuCommTboxmidsRecvCb:97] [Mcu] [tboxmids -> tboxap]: :00 08 C4 01 04 09 00 12 34 56
05-22 07:16:16.625  1026  1026 I MyAppLog: [2026-05-22 07:16:16.624 I tboxap mcuPtlParseData:969] [Mcu] [Mcu  Parse]: (cmd):0900 (param):0900123456
05-22 07:16:16.625  1026  1026 D MyAppLog: [2026-05-22 07:16:16.624 D tboxap mcuCommCbHandel:1009] [Mcu] [Mcu  Rev]: (cmd):0900 (param value):123456
05-22 07:16:16.625  1026  1026 W MyAppLog: [2026-05-22 07:16:16.624 W tboxap mcuParamDataRevPack:897] [Mcu] mcuParamDataRevPack start pack data!!!
05-22 07:16:16.625  1026  1026 I MyAppLog: [2026-05-22 07:16:16.624 I tboxap MCU_HANDSHAKE_IND_McuInd:296] [Mcu] [MCU_HANDSHAKE_IND_McuInd] wakeReason:0x12 -> loginReason:0x08
05-22 07:16:16.625  1026  1026 W MyAppLog: [2026-05-22 07:16:16.624 W tboxap mcuHandleHandshakeInd:991] [Mcu] [mcuHandleHandshakeInd] recv 0x0900 handshake response wakeReason:0x12 protoVer:0x34
05-22 07:16:16.625  2981  3177 I SentryImuMcuAngleSender: 179.91724rollDeg
05-22 07:16:16.625  2981  3177 I SentryImuMcuAngleSender: 1,0,0
05-22 07:16:16.627   573   573 I SpiService: fgesysctrl_getGPIO_status success val=1
05-22 06:34:50.370   573   573 D spi_rst_gpio_get_output: GPIO 145 value: 1
05-22 06:34:50.370   573   573 D spidev_ioctl: gpio status=1)
05-22 07:16:16.632   565   565 I Sensors : 230 AccelSensor: x:-0.107360,y:0.015859,z:-10.132101
05-22 07:16:16.632 11323 11374 D ANWAPI  : (11323|0xD12C8CB0)[BTAPI] AnwhciEventCallback 19 1
05-22 07:16:16.632   573   573 I SpiService: fgesysctrl_getGPIO_status success val=1
05-22 06:34:50.376   573   573 D spi_rst_gpio_get_output: GPIO 145 value: 1
05-22 06:34:50.376   573   573 D spidev_ioctl: gpio status=1)
05-22 07:16:16.638   573   573 I SpiService: fgesysctrl_getGPIO_status success val=1
05-22 06:34:50.382   573   573 D spi_rst_gpio_get_output: GPIO 145 value: 1
05-22 06:34:50.382   573   573 D spidev_ioctl: gpio status=1)
05-22 07:16:16.643  1091  1133 D tboxmids_ap: Frame Size: 12
05-22 07:16:16.643  1026  1026 I MyAppLog: [2026-05-22 07:16:16.642 I tboxap mcuMainPeriodic100msTask:572] [Mcu] [mcuMainPeriodic100msTask] MCU version not ready, send 0x0981 item 0x01 retry:1
05-22 07:16:16.643  1091  1133 D tboxmids_ap: Hex Data:
05-22 07:16:16.643  1091  1133 D tboxmids_ap: 09 
05-22 07:16:16.643  1091  1133 D tboxmids_ap: 01 
05-22 07:16:16.643  1091  1133 D tboxmids_ap: 00 
05-22 07:16:16.643  1026  1026 I MyAppLog: [2026-05-22 07:16:16.643 I tboxap mcuSendYadiTransfer:195] [Mcu] [mcuYadiSend]: :00 08 52 04 01 09 81 02 01 01
05-22 07:16:16.643  1091  1133 D tboxmids_ap: 08 
05-22 07:16:16.643  1091  1133 D tboxmids_ap: 52 
05-22 07:16:16.643  1091  1133 D tboxmids_ap: 04 
05-22 07:16:16.643  1091  1133 D tboxmids_ap: 01 
05-22 07:16:16.643  1091  1133 D tboxmids_ap: 09 
05-22 07:16:16.643  1091  1133 D tboxmids_ap: 81 
05-22 07:16:16.643  1091  1133 D tboxmids_ap: 02 
05-22 07:16:16.643  1091  1133 D tboxmids_ap: 01 
05-22 07:16:16.643  1091  1133 D tboxmids_ap: 01 
05-22 07:16:16.643  1091  1133 D tboxmids_ap: 
05-22 07:16:16.643  1091  1133 D tboxmids_ap: Hex Data end 
05-22 07:16:16.644   573   573 I SpiService: fgesysctrl_getGPIO_status success val=1
05-22 07:16:16.644  1026  1026 D MyAppLog: [2026-05-22 07:16:16.644 D tboxap tsp_WorkMachineProc:1086] [Tsp] [tsp_WorkMachineProc]TSP_WORK_LOGIN NOW !!!!
05-22 06:34:50.387   573   573 D spi_rst_gpio_get_output: GPIO 145 value: 1
05-22 06:34:50.387   573   573 D spidev_ioctl: gpio status=1)
05-22 07:16:16.646  2981  3177 I SentryImuMcuAngleSender: 179.91032rollDeg
05-22 07:16:16.646  2981  3177 I SentryImuMcuAngleSender: 1,0,0
05-22 07:16:16.646   486   581 I mcuc    : start timer OK = 1832 
05-22 06:34:50.393   573   573 D spi_rst_gpio_get_output: GPIO 145 value: 1
05-22 06:34:50.393   573   573 D spidev_ioctl: gpio status=1)
05-22 07:16:16.649   573   573 I SpiService: fgesysctrl_getGPIO_status success val=1
05-22 07:16:16.651   544   544 D commservice260303: msg.id = 1028,0
05-22 07:16:16.651   544   544 D commservice260303: i = 170, msgid = 8A000404
05-22 07:16:16.651   544   544 D commservice260303: msgid = -1979710460,did=138
05-22 07:16:16.651   544   544 D commservice260303: CommProtocolLibCmdBaseI2C::dataproc {"command":{"id":"imu_status","sub":""},"content":{"TimeStamp":1779405376650,"FrameCounter":15615,"GD_X":-0.009161898866295815,"GD_Y":0.00794111005961895,"GD_Z":0.017408855259418488,"AD_X":-0.0021528005599975586,"AD_Y":0.0022035809233784676,"AD_Z":-0.3260211944580078,"TempDsp":0,"Status":0,"CalibState":1,"SigAmpInvalid":0}},-1979710460
05-22 07:16:16.651   544   544 D commservice260303: send2Cluster len:325, 7B22636F6D6D616E64223A7B226964223A22696D755F737461747573222C22737562223A22227D2C22636F6E74656E74223A7B2254696D655374616D70223A313737393430353337363635302C224672616D65436F756E746572223A31353631352C2247445F58223A2D302E3030393136313839383836363239353831352C2247445F59223A302E30303739343131313030353936313839352C2247445F5A223A302E3031373430383835353235393431383438382C2241445F58223A2D302E303032313532383030353539393937353538362C2241445F59223A302E303032323033353830393233333738343637362C2241445F5A223A2D302E333236303231313934343538303037382C2254656D70447370223A302C22537461747573223A302C2243616C69625374617465223A312C22536967416D70496E76616C6964223A307D7D, 138 
05-22 07:16:16.651   544   544 D commservice260303: Push Message into SendPool fn=1312686080
05-22 07:16:16.651   544   544 D commservice260303: ComProtocolLibSend2Cluster::send2ClusterRaw fn=1312686080 , len=341
05-22 07:16:16.651   544   544 D commservice260303: sendCmdToPort :341!!!
05-22 07:16:16.651   544   544 D commservice260303: send Cmd To Port ++++5AA501518A0100003E4E6A0F92407B22636F6D6D616E64223A7B226964223A22696D755F737461747573222C22737562223A22227D2C22636F6E74656E74223A7B2254696D655374616D70223A313737393430353337363635302C224672616D65436F756E746572223A31353631352C2247445F58223A2D302E3030393136313839383836363239353831352C2247445F59223A302E30303739343131313030353936313839352C2247445F5A223A302E3031373430383835353235393431383438382C2241445F58223A2D302E303032313532383030353539393937353538362C2241445F59223A302E303032323033353830393233333738343637362C2241445F5A223A2D302E333236303231313934343538303037382C2254656D70447370223A302C22537461747573223A302C2243616C69625374617465223A312C22536967416D70496E76616C6964223A307D7D9569
05-22 07:16:16.651   544   544 D commservice260303: bufferevent_write retrun value = 0
05-22 07:16:16.651   544   567 D commservice260303: client datas send succeed,send finish
05-22 07:16:16.651  2981  3178 D Sentinelmode_1.2.5.13_alpha: <SentryImuClusterFgeSender>imu_status sent to Linux, frame=15615, tsNs=661613, tsMs=1779405376650, intervalMs=40, ad=(-0.0021528006,0.002203581,-0.3260212), gd=(-0.009161899,0.00794111,0.017408855)
05-22 07:16:16.653   291  1491 D EvsDriver: forwardFrame
05-22 07:16:16.655   573   573 I SpiService: fgesysctrl_getGPIO_status success val=0
05-22 07:16:16.656   486   579 I mcuc    : send SPI:6AA6020CF600028900716AA601072800F80901520401098102010100000000000000000000000000000000000000000000000000000000000000000000000000000000000000000000000000000000000000000000000000000000000000000000000000000000000000000000000000000000000000000000000000000000000000000000000000000000000000000000000000000000000000000000000000000000000000000000000000000000000000000000000000000000000000000000000000000000000000000000000000000000000000000000000000000000000000000000000000000000000000000000000000000000000000000000000000000000000000000000E9
05-22 07:16:16.657  1137  1150 D evsmanagerd: /dev/video4 forwarded the buffer #0 to 0xb4000071fa019690 from 0xb4000071fa01b7d0
05-22 07:16:16.658   964  1804 D [OMXB]  : usingANWBuffer: handle:0xebd43660, format:1, w:1920, h:1080
05-22 07:16:16.660   291  1491 D EvsDriver: Delivered 0xb400007b2f47ca30 as id 0
05-22 07:16:16.662   291  1135 D EvsDriver: doneWithFrame
05-22 06:34:50.399   573   573 D spi_rst_gpio_get_output: GPIO 145 value: 0
05-22 06:34:50.399   573   573 D spidev_ioctl: gpio status=0)
05-22 06:34:50.403 13279 13279 W audit   : audit_lost=2223 audit_rate_limit=5 audit_backlog_limit=64
05-22 06:34:50.403 13279 13279 E audit   : rate limit exceeded
05-22 07:16:16.666  2981  3177 I SentryImuMcuAngleSender: 179.9103rollDeg
05-22 07:16:16.666  2981  3177 I SentryImuMcuAngleSender: 1,0,0
05-22 07:16:16.667   565   565 I Sensors : 230 GyroSensor: x:-0.009392,y:0.007254,z:0.018020
05-22 07:16:16.670   573   573 I SpiService: fgesysctrl_getGPIO_status success val=1
05-22 07:16:16.671   486   580 I mcuc    : rev,n=1,6AA6810CF70014890058060003080101010101010101010103FF0169
05-22 07:16:16.672   344   361 D automotive.vehicle@2.0-adayo-datacomm-mcu: MCUDatacomm sendMessageFromVehicle prop: 0x89, areaId: 0x0, status: 0x58, timestamp: 0x6
05-22 07:16:16.672   344   361 D automotive.vehicle@2.0-adayo-datacomm-mcu: MCUDatacomm 1sendMessageFromVehicle ---> type = 3 
05-22 07:16:16.672   344   361 D automotive.vehicle@2.0-adayo-func-bcm: sendMessageFromVehicle sendMessageFromVehicle
05-22 07:16:16.672   344   511 D automotive.vehicle@2.0-adayo-func-bcm: jjfan1 ______procotolSize :13
05-22 07:16:16.672   344   511 D automotive.vehicle@2.0-adayo-func-bcm: BCMFunc sendMessageFromVehicle_l dataType: 12,mByte=7,propid=0x21400056
05-22 07:16:16.672   344   511 D automotive.vehicle@2.0-adayo-func-bcm: BCMFunc sendMessageFromVehicle_l msgBuff[7]=0x1,start:0,len:8,temp:8,
05-22 07:16:16.672   344   511 D automotive.vehicle@2.0-adayo-func-bcm: BCMFunc sendMessageFromVehicle_l prop: 0x21400056 ,areaId: 0x0  SPLITE_BIT_DATA_INTEGER : 1
05-22 07:16:16.672   344   511 D automotive.vehicle@2.0-adayo-func-bcm: BCMFunc sendMessageFromVehicle_l id:557842518, area:0 not report! 
05-22 07:16:16.672   344   511 D automotive.vehicle@2.0-adayo-func-bcm: BCMFunc sendMessageFromVehicle_l dataType: 12,mByte=8,propid=0x21400057
05-22 07:16:16.672   344   511 D automotive.vehicle@2.0-adayo-func-bcm: BCMFunc sendMessageFromVehicle_l msgBuff[8]=0x1,start:0,len:8,temp:8,
05-22 07:16:16.672   344   511 D automotive.vehicle@2.0-adayo-func-bcm: BCMFunc sendMessageFromVehicle_l prop: 0x21400057 ,areaId: 0x0  SPLITE_BIT_DATA_INTEGER : 1
05-22 07:16:16.672   344   511 D automotive.vehicle@2.0-adayo-func-bcm: BCMFunc sendMessageFromVehicle_l id:557842519, area:0 not report! 
05-22 07:16:16.672   344   511 D automotive.vehicle@2.0-adayo-func-bcm: BCMFunc sendMessageFromVehicle_l dataType: 12,mByte=9,propid=0x21400058
05-22 07:16:16.672   344   511 D automotive.vehicle@2.0-adayo-func-bcm: BCMFunc sendMessageFromVehicle_l msgBuff[9]=0x1,start:0,len:8,temp:8,
05-22 07:16:16.672   344   511 D automotive.vehicle@2.0-adayo-func-bcm: BCMFunc sendMessageFromVehicle_l prop: 0x21400058 ,areaId: 0x0  SPLITE_BIT_DATA_INTEGER : 1
05-22 07:16:16.672   344   511 D automotive.vehicle@2.0-adayo-func-bcm: BCMFunc sendMessageFromVehicle_l id:557842520, area:0 not report! 
05-22 07:16:16.672   344   511 D automotive.vehicle@2.0-adayo-func-bcm: BCMFunc sendMessageFromVehicle_l dataType: 12,mByte=10,propid=0x21400059
05-22 07:16:16.672   344   511 D automotive.vehicle@2.0-adayo-func-bcm: BCMFunc sendMessageFromVehicle_l msgBuff[10]=0x1,start:0,len:8,temp:8,
05-22 07:16:16.672   344   511 D automotive.vehicle@2.0-adayo-func-bcm: BCMFunc sendMessageFromVehicle_l prop: 0x21400059 ,areaId: 0x0  SPLITE_BIT_DATA_INTEGER : 1
05-22 07:16:16.672   344   511 D automotive.vehicle@2.0-adayo-func-bcm: BCMFunc sendMessageFromVehicle_l id:557842521, area:0 not report! 
05-22 07:16:16.672   344   511 D automotive.vehicle@2.0-adayo-func-bcm: BCMFunc sendMessageFromVehicle_l dataType: 12,mByte=11,propid=0x2140005a
05-22 07:16:16.672   344   511 D automotive.vehicle@2.0-adayo-func-bcm: BCMFunc sendMessageFromVehicle_l msgBuff[11]=0x1,start:0,len:8,temp:8,
05-22 07:16:16.672   344   511 D automotive.vehicle@2.0-adayo-func-bcm: BCMFunc sendMessageFromVehicle_l prop: 0x2140005a ,areaId: 0x0  SPLITE_BIT_DATA_INTEGER : 1
05-22 07:16:16.672   344   511 D automotive.vehicle@2.0-adayo-func-bcm: BCMFunc sendMessageFromVehicle_l id:557842522, area:0 not report! 
05-22 07:16:16.672   344   511 D automotive.vehicle@2.0-adayo-func-bcm: BCMFunc sendMessageFromVehicle_l dataType: 12,mByte=12,propid=0x2140005b
05-22 07:16:16.672   344   511 D automotive.vehicle@2.0-adayo-func-bcm: BCMFunc sendMessageFromVehicle_l msgBuff[12]=0x1,start:0,len:8,temp:8,
05-22 07:16:16.673   344   511 D automotive.vehicle@2.0-adayo-func-bcm: BCMFunc sendMessageFromVehicle_l prop: 0x2140005b ,areaId: 0x0  SPLITE_BIT_DATA_INTEGER : 1
05-22 07:16:16.673   344   511 D automotive.vehicle@2.0-adayo-func-bcm: BCMFunc sendMessageFromVehicle_l id:557842523, area:0 not report! 
05-22 07:16:16.673   344   511 D automotive.vehicle@2.0-adayo-func-bcm: BCMFunc sendMessageFromVehicle_l dataType: 12,mByte=13,propid=0x2140005c
05-22 07:16:16.673   344   511 D automotive.vehicle@2.0-adayo-func-bcm: BCMFunc sendMessageFromVehicle_l msgBuff[13]=0x1,start:0,len:8,temp:8,
05-22 07:16:16.673   344   511 D automotive.vehicle@2.0-adayo-func-bcm: BCMFunc sendMessageFromVehicle_l prop: 0x2140005c ,areaId: 0x0  SPLITE_BIT_DATA_INTEGER : 1
05-22 07:16:16.673   344   511 D automotive.vehicle@2.0-adayo-func-bcm: BCMFunc sendMessageFromVehicle_l id:557842524, area:0 not report! 
05-22 07:16:16.673   344   511 D automotive.vehicle@2.0-adayo-func-bcm: BCMFunc sendMessageFromVehicle_l dataType: 12,mByte=14,propid=0x2140005d
05-22 07:16:16.673   344   511 D automotive.vehicle@2.0-adayo-func-bcm: BCMFunc sendMessageFromVehicle_l msgBuff[14]=0x1,start:0,len:8,temp:8,
05-22 07:16:16.673   344   511 D automotive.vehicle@2.0-adayo-func-bcm: BCMFunc sendMessageFromVehicle_l prop: 0x2140005d ,areaId: 0x0  SPLITE_BIT_DATA_INTEGER : 1
05-22 07:16:16.673   344   511 D automotive.vehicle@2.0-adayo-func-bcm: BCMFunc sendMessageFromVehicle_l id:557842525, area:0 not report! 
05-22 07:16:16.673   344   511 D automotive.vehicle@2.0-adayo-func-bcm: BCMFunc sendMessageFromVehicle_l dataType: 12,mByte=15,propid=0x2140005e
05-22 07:16:16.673   344   511 D automotive.vehicle@2.0-adayo-func-bcm: BCMFunc sendMessageFromVehicle_l msgBuff[15]=0x1,start:0,len:8,temp:8,
05-22 07:16:16.673   344   511 D automotive.vehicle@2.0-adayo-func-bcm: BCMFunc sendMessageFromVehicle_l prop: 0x2140005e ,areaId: 0x0  SPLITE_BIT_DATA_INTEGER : 1
05-22 07:16:16.673   344   511 D automotive.vehicle@2.0-adayo-func-bcm: BCMFunc sendMessageFromVehicle_l id:557842526, area:0 not report! 
05-22 07:16:16.673   344   511 D automotive.vehicle@2.0-adayo-func-bcm: BCMFunc sendMessageFromVehicle_l dataType: 12,mByte=16,propid=0x2140005f
05-22 07:16:16.673   344   511 D automotive.vehicle@2.0-adayo-func-bcm: BCMFunc sendMessageFromVehicle_l msgBuff[16]=0x1,start:0,len:8,temp:8,
05-22 07:16:16.673   344   511 D automotive.vehicle@2.0-adayo-func-bcm: BCMFunc sendMessageFromVehicle_l prop: 0x2140005f ,areaId: 0x0  SPLITE_BIT_DATA_INTEGER : 1
05-22 07:16:16.673   344   511 D automotive.vehicle@2.0-adayo-func-bcm: BCMFunc sendMessageFromVehicle_l id:557842527, area:0 not report! 
05-22 07:16:16.673   344   511 D automotive.vehicle@2.0-adayo-func-bcm: BCMFunc sendMessageFromVehicle_l dataType: 12,mByte=17,propid=0x21400060
05-22 07:16:16.673   344   511 D automotive.vehicle@2.0-adayo-func-bcm: BCMFunc sendMessageFromVehicle_l msgBuff[17]=0x3,start:0,len:8,temp:8,
05-22 07:16:16.673   344   511 D automotive.vehicle@2.0-adayo-func-bcm: BCMFunc sendMessageFromVehicle_l prop: 0x21400060 ,areaId: 0x0  SPLITE_BIT_DATA_INTEGER : 3
05-22 07:16:16.673   344   511 D automotive.vehicle@2.0-adayo-func-bcm: BCMFunc sendMessageFromVehicle_l id:557842528, area:0 not report! 
05-22 07:16:16.673   344   511 D automotive.vehicle@2.0-adayo-func-bcm: BCMFunc sendMessageFromVehicle_l dataType: 12,mByte=18,propid=0x21400061
05-22 06:34:50.413   573   573 D spi_rst_gpio_get_output: GPIO 145 value: 1
05-22 06:34:50.413   573   573 D spidev_ioctl: gpio status=1)
05-22 07:16:16.673   344   511 D automotive.vehicle@2.0-adayo-func-bcm: BCMFunc sendMessageFromVehicle_l msgBuff[18]=0xff,start:0,len:8,temp:8,
05-22 07:16:16.673   344   511 D automotive.vehicle@2.0-adayo-func-bcm: BCMFunc sendMessageFromVehicle_l prop: 0x21400061 ,areaId: 0x0  SPLITE_BIT_DATA_INTEGER : 255
05-22 07:16:16.673   344   511 D automotive.vehicle@2.0-adayo-func-bcm: BCMFunc sendMessageFromVehicle_l id:557842529, area:0 not report! 
05-22 07:16:16.673   344   511 D automotive.vehicle@2.0-adayo-func-bcm: BCMFunc sendMessageFromVehicle_l dataType: 12,mByte=19,propid=0x2140010a
05-22 07:16:16.673   344   511 D automotive.vehicle@2.0-adayo-func-bcm: BCMFunc sendMessageFromVehicle_l msgBuff[19]=0x1,start:0,len:8,temp:8,
05-22 07:16:16.673   344   511 D automotive.vehicle@2.0-adayo-func-bcm: BCMFunc sendMessageFromVehicle_l prop: 0x2140010a ,areaId: 0x0  SPLITE_BIT_DATA_INTEGER : 1
05-22 07:16:16.673   344   511 D automotive.vehicle@2.0-adayo-func-bcm: BCMFunc sendMessageFromVehicle_l id:557842698, area:0 not report! 
05-22 07:16:16.675   573   573 I SpiService: fgesysctrl_getGPIO_status success val=1
05-22 06:34:50.419   573   573 D spi_rst_gpio_get_output: GPIO 145 value: 1
05-22 06:34:50.419   573   573 D spidev_ioctl: gpio status=1)
05-22 07:16:16.681   573   573 I SpiService: fgesysctrl_getGPIO_status success val=1
05-22 06:34:50.424   573   573 D spi_rst_gpio_get_output: GPIO 145 value: 1
05-22 06:34:50.424   573   573 D spidev_ioctl: gpio status=1)
05-22 07:16:16.684 11323 11374 D ANWAPI  : (11323|0xD12C8CB0)[BTAPI] BT Addres is NULL , checking which array is connected
05-22 07:16:16.684 11323 11374 D ANWAPI  : 
05-22 07:16:16.684 11323 11374 D ANWAPI  : (11323|0xD12C8CB0)[BTAPI] SPPMIN(0)SPPMAX(0)
05-22 07:16:16.684 11323 11374 D ANWAPI  : 
05-22 07:16:16.684 11323 11374 D ANWAPI  : (11323|0xD12C8CB0)[BTAPI] In Three Step Get Device ID(0)
05-22 07:16:16.684 11323 11374 D ANWAPI  : 
05-22 07:16:16.684 11323 11374 D ANWAPI  : (11323|0xD12C8CB0)[BTAPI] AVRCP_Connected ID(0), state(4)
05-22 07:16:16.684 11323 11374 D ANWAPI  : 
05-22 07:16:16.684 11323 11374 D ANWAPI  : (11323|0xD12C8CB0)[BTAPI] in Get_ID3, Get Device ID(0)
05-22 07:16:16.684 11323 11374 D ANWAPI  : 
05-22 07:16:16.684 11323 11374 D ANWAPI  : (11323|0xD12C8CB0)[BTAPI] AVRCP_Auto_Get_ID3
05-22 07:16:16.684 11323 11374 D ANWAPI  : 
05-22 07:16:16.684 11323 11374 D ANWAPI  : (11323|0xD12C8CB0)[BTAPI] SDK >>>>AnWBT_AVRCP_GetSongDetail
05-22 07:16:16.684 11323 11374 D ANWAPI  : (11323|0xD12C8CB0)[BTAPI] SDK <<<<AnWBT_AVRCP_GetSongDetail 0
05-22 07:16:16.684 11323 11374 D ANWAPI  : (11323|0xD12C8CB0)[BTAPI] >>>>_anwbt_AVRCP_GetSongDetail
05-22 07:16:16.684 11323 11374 D ANWAPI  : (11323|0xD12C8CB0)[BTAPI] btsdk_avrcp_GetElementAttributes
05-22 07:16:16.684 11323 11374 D ANW_AVRCP: (11323|0xD12C8CB0)[AVRCP] API AVRCP_GetElementAttributes attMask=0x0
05-22 07:16:16.684 11323 11374 D ANWStack: [    661667][ANWBT] <<Avctp_Send_Message 0/1:
05-22 07:16:16.684 11323 11374 D ANWStack: 
05-22 07:16:16.685 11323 11374 D ANWStack: [    661667][ANWBT] L2CAP: L2_RetrieveHandle called, cid=0x82
05-22 07:16:16.685 11323 11374 D ANWStack: 
05-22 07:16:16.685 11323 11374 D ANWAPI  : (11323|0xD12C8CB0)[BTAPI] ===BTAPI_MallocIdxMsg 1029 980
05-22 07:16:16.685 11323 11374 D ANWAPI  : (11323|0xD12C8CB0)[BTAPI] <<<<_anwbt_AVRCP_GetSongDetail 0
05-22 07:16:16.686   573   573 I SpiService: fgesysctrl_getGPIO_status success val=1
05-22 07:16:16.687  2981  3177 I SentryImuMcuAngleSender: 179.92064rollDeg
05-22 07:16:16.687  2981  3177 I SentryImuMcuAngleSender: 1,0,0
05-22 07:16:16.688   291  1491 D EvsDriver: forwardFrame
05-22 06:34:50.429   573   573 D spi_rst_gpio_get_output: GPIO 145 value: 1
05-22 06:34:50.429   573   573 D spidev_ioctl: gpio status=1)
05-22 07:16:16.691   573   573 I SpiService: fgesysctrl_getGPIO_status success val=1
05-22 07:16:16.692   544   544 D commservice260303: msg.id = 1028,0
05-22 07:16:16.692   544   544 D commservice260303: i = 170, msgid = 8A000404
05-22 07:16:16.692   544   544 D commservice260303: msgid = -1979710460,did=138
05-22 07:16:16.692   544   544 D commservice260303: CommProtocolLibCmdBaseI2C::dataproc {"command":{"id":"imu_status","sub":""},"content":{"TimeStamp":1779405376691,"FrameCounter":15616,"GD_X":-0.009621189907193184,"GD_Y":0.007558800280094147,"GD_Z":0.017867106944322586,"AD_X":8.928850293159485E-4,"AD_Y":-2.3683253675699234E-4,"AD_Z":-0.3223600387573242,"TempDsp":0,"Status":0,"CalibState":1,"SigAmpInvalid":0}},-1979710460
05-22 07:16:16.692   291  1491 D EvsDriver: Delivered 0xb400007b2f47ca30 as id 0
05-22 07:16:16.692   544   544 D commservice260303: send2Cluster len:325, 7B22636F6D6D616E64223A7B226964223A22696D755F737461747573222C22737562223A22227D2C22636F6E74656E74223A7B2254696D655374616D70223A313737393430353337363639312C224672616D65436F756E746572223A31353631362C2247445F58223A2D302E3030393632313138393930373139333138342C2247445F59223A302E3030373535383830303238303039343134372C2247445F5A223A302E3031373836373130363934343332323538362C2241445F58223A382E393238383530323933313539343835452D342C2241445F59223A2D322E33363833323533363735363939323334452D342C2241445F5A223A2D302E333232333630303338373537333234322C2254656D70447370223A302C22537461747573223A302C2243616C69625374617465223A312C22536967416D70496E76616C6964223A307D7D, 138 
05-22 07:16:16.692   544   544 D commservice260303: Push Message into SendPool fn=1329463296
05-22 07:16:16.692  1137  1150 D evsmanagerd: /dev/video4 forwarded the buffer #0 to 0xb4000071fa019690 from 0xb4000071fa01b7d0
05-22 06:34:50.435   573   573 D spi_rst_gpio_get_output: GPIO 145 value: 1
05-22 07:16:16.692   544   544 D commservice260303: ComProtocolLibSend2Cluster::send2ClusterRaw fn=1329463296 , len=341
05-22 07:16:16.692   544   544 D commservice260303: sendCmdToPort :341!!!
05-22 07:16:16.693   544   544 D commservice260303: send Cmd To Port ++++5AA501518A0100003E4F6A0F92407B22636F6D6D616E64223A7B226964223A22696D755F737461747573222C22737562223A22227D2C22636F6E74656E74223A7B2254696D655374616D70223A313737393430353337363639312C224672616D65436F756E746572223A31353631362C2247445F58223A2D302E3030393632313138393930373139333138342C2247445F59223A302E3030373535383830303238303039343134372C2247445F5A223A302E3031373836373130363934343332323538362C2241445F58223A382E393238383530323933313539343835452D342C2241445F59223A2D322E33363833323533363735363939323334452D342C2241445F5A223A2D302E333232333630303338373537333234322C2254656D70447370223A302C22537461747573223A302C2243616C69625374617465223A312C22536967416D70496E76616C6964223A307D7D7692
05-22 07:16:16.693   544   544 D commservice260303: bufferevent_write retrun value = 0
05-22 07:16:16.693   544   567 D commservice260303: client datas send succeed,send finish
05-22 06:34:50.435   573   573 D spidev_ioctl: gpio status=1)
05-22 07:16:16.696   291  1135 D EvsDriver: doneWithFrame
05-22 07:16:16.696 11323 11374 D ANWAPI  : (11323|0xD12C8CB0)[BTAPI] AnwhciEventCallback 19 1
05-22 07:16:16.697  2981  3178 D Sentinelmode_1.2.5.13_alpha: <SentryImuClusterFgeSender>imu_status sent to Linux, frame=15616, tsNs=661670, tsMs=1779405376691, intervalMs=46, ad=(8.9288503E-4,-2.3683254E-4,-0.32236004), gd=(-0.00962119,0.0075588003,0.017867107)
05-22 06:34:50.440   573   573 D spi_rst_gpio_get_output: GPIO 145 value: 0
05-22 06:34:50.440   573   573 D spidev_ioctl: gpio status=0)
05-22 07:16:16.697   573   573 I SpiService: fgesysctrl_getGPIO_status success val=0
05-22 07:16:16.697   486   579 I mcuc    : send SPI:6AA6020CF70002890070
05-22 07:16:16.704   544   722 I commservice260303: [mcuCommFunctionTcp::ProtocolCheckConnectTimeOutProc:613] keyID:256,tcpEvent:5,tcpcount:0,heartbeat:1,noHeartBeatNumber:0,endispatch:0,strState:0
05-22 07:16:16.704   544   722 D commservice260303: ProtocolCheckConnectTimeOutProc,629,clear heartbeat
05-22 07:16:16.707  1517  1517 E sysUI_NavBarFragment: [main] - SysUIConfig.icCarServiceConnected：false
05-22 07:16:16.707   486   580 I mcuc    : rev,n=1,6AA68207280002090143
05-22 07:16:16.707  2981  3177 I SentryImuMcuAngleSender: 179.91028rollDeg
05-22 07:16:16.707  2981  3177 I SentryImuMcuAngleSender: 1,0,0
05-22 07:16:16.712   573   573 I SpiService: fgesysctrl_getGPIO_status success val=1
05-22 07:16:16.712   824   824 D SurfaceFlinger: unisoc-graphics, commit has frameMissed:2, vysncId:340310
05-22 06:34:50.455   573   573 D spi_rst_gpio_get_output: GPIO 145 value: 1
05-22 06:34:50.455   573   573 D spidev_ioctl: gpio status=1)
05-22 07:16:16.717   573   573 I SpiService: fgesysctrl_getGPIO_status success val=1
05-22 07:16:16.717   291  1491 D EvsDriver: forwardFrame
05-22 07:16:16.719   291  1491 D EvsDriver: Delivered 0xb400007b2f47ca30 as id 0
05-22 07:16:16.719  2203  2203 I ADAYO_LOG_: handleMessage(UsbFunc.java:352)copyQnx = 2
05-22 07:16:16.719  1137  1150 D evsmanagerd: /dev/video4 forwarded the buffer #0 to 0xb4000071fa019690 from 0xb4000071fa01b7d0
05-22 07:16:16.720  2203  2203 I ADAYO_LOG_: handleMessage(UsbFunc.java:404)copyState = 2
05-22 07:16:16.720   291  1135 D EvsDriver: doneWithFrame
05-22 06:34:50.460   573   573 D spi_rst_gpio_get_output: GPIO 145 value: 1
05-22 06:34:50.460   573   573 D spidev_ioctl: gpio status=1)
05-22 07:16:16.721   276   300 I rvcservice: t.code = 7, t.value = 661524
05-22 07:16:16.723 11323 11374 D ANWStack: [    661705][ANWBT] >>Avctp_L2cap_Data_Ind_Cb
05-22 07:16:16.723 11323 11374 D ANWStack: 
05-22 07:16:16.723 11323 11374 D ANWStack: [    661705][ANWBT] AVCTP Message Length = 22
05-22 07:16:16.723 11323 11374 D ANWStack: [    661705][ANWBT] Receive AVCTP_SINGLE_PACKET
05-22 07:16:16.723 11323 11374 D ANW_AVRCP: (11323|0xD12C8CB0)[AVRCP] [**AVRCP**] 0x42 0x110e
05-22 07:16:16.723   573   573 I SpiService: fgesysctrl_getGPIO_status success val=1
05-22 07:16:16.723 11323 11374 D ANW_AVRCP: (11323|0xD12C8CB0)[AVRCP] opcode match 0x0
05-22 07:16:16.723 11323 11374 D ANW_AVRCP: 
05-22 07:16:16.723 11323 11374 D ANW_AVRCP: (11323|0xD12C8CB0)[AVRCP] subopcode match 0x30, update ctype 0x1->0xc
05-22 07:16:16.723 11323 11374 D ANW_AVRCP: 
05-22 07:16:16.723 11323 11374 D ANW_AVRCP: (11323|0xD12C8CB0)[AVRCP] AVRCP_Packet_Parser Response
05-22 07:16:16.723 11323 11374 D ANW_AVRCP: 
05-22 07:16:16.723 11323 11374 D ANW_AVRCP: (11323|0xD12C8CB0)[AVRCP] AVRCP_Get_Play_Status_RSP_Handler 48017/210966 1
05-22 07:16:16.723 11323 11374 D ANWAPI  : (11323|0xD12C8CB0)[BTAPI] connmgr_find_by_handle pData = 0xb4000078d2e60eb0,7
05-22 07:16:16.723 11323 11374 D ANWAPI  : (11323|0xD12C8CB0)[BTAPI] ===BTAPI_MallocIdxMsg 1030 16
05-22 07:16:16.723 11323 11374 D ANWAPI  : (11323|0xD12C8CB0)[BTAPI] *BT_CB_Dispatch
05-22 07:16:16.723 11323 11374 D ANWAPI  : (11323|0xD12C8CB0)[BTAPI] *****SDK callback(0x406)
05-22 07:16:16.723 11323 11374 D ANWAPI  : (11323|0xD12C8CB0)[BTAPI] SDK***** [1c:11:2f:7c:1d:68]
05-22 07:16:16.723 11323 11374 D ANWAPI  : (11323|0xD12C8CB0)[BTAPI] btsdk_exec_apicb start
05-22 07:16:16.723 11323 11374 D ANWAPI  : (11323|0xD12C8CB0)[BTAPI] Up: AvrcpMsgHandler receive[1C:11:2F:7C:1D:68], Get Device ID(0)
05-22 07:16:16.723 11323 11374 D ANWAPI  : 
05-22 07:16:16.723 11323 11374 D ANWAPI  : (11323|0xD12C8CB0)[BTAPI] Up: AnWBT_AVRCP_CURRENT_PLAY_STATUS_IND
05-22 07:16:16.723 11323 11374 D ANWAPI  : 
05-22 07:16:16.723 11323 11374 D ANWAPI  : (11323|0xD12C8CB0)[BTAPI] songLengthMs     =210966
05-22 07:16:16.723 11323 11374 D ANWAPI  : 
05-22 07:16:16.723 11323 11374 D ANWAPI  : (11323|0xD12C8CB0)[BTAPI] songPositionMs   =48017
05-22 07:16:16.723 11323 11374 D ANWAPI  : 
05-22 07:16:16.723 11323 11374 I ANW bt_btif: AvrcpMsgHandler: HAL bt_rc_ctrl_callbacks->play_position_changed_cb
05-22 07:16:16.723 11323 11374 I BluetoothAvrcpControllerJni: btavrcp_play_position_changed_callback
05-22 07:16:16.723 11323 11374 D AvrcpControllerService: onPlayPositionChanged pos 48017
05-22 07:16:16.724 11323 11374 D ANWAPI  : (11323|0xD12C8CB0)[BTAPI] currentPlayStatus=1
05-22 07:16:16.724 11323 11374 D ANWAPI  : 
05-22 07:16:16.724 11323 11374 I ANW bt_btif: AvrcpMsgHandler: HAL bt_rc_ctrl_callbacks->play_status_changed_cb
05-22 07:16:16.724 11323 11374 I BluetoothAvrcpControllerJni: btavrcp_play_status_changed_callback
05-22 07:16:16.724 11323 13102 D AvrcpControllerStateMachine: Avrcp.GetFolderList processMessage 206
05-22 07:16:16.724 11323 11374 D AvrcpControllerService: onPlayStatusChanged 1
05-22 07:16:16.724 11323 13102 D AvrcpControllerStateMachine: Avrcp.ConnectedAvrcpController processMessage 206
05-22 06:34:50.466   573   573 D spi_rst_gpio_get_output: GPIO 145 value: 1
05-22 06:34:50.466   573   573 D spidev_ioctl: gpio status=1)
05-22 07:16:16.724 11323 13102 D AvrcpPlayer: getPlayBackState state 3 time 48017
05-22 07:16:16.724 11323 11374 D ANWAPI  : (11323|0xD12C8CB0)[BTAPI] btsdk_exec_apicb end
05-22 07:16:16.724 11323 13102 D BluetoothMediaBrowserService: notifyChanged PlaybackStatePlaybackState {state=3, position=48017, buffered position=0, speed=1.0, updated=661706, actions=2375735, error code=0, error message=null, custom actions=[], active item id=6}
05-22 07:16:16.725 11323 13102 D AvrcpControllerStateMachine: Avrcp.GetFolderList processMessage 207
05-22 07:16:16.725 11323 13102 D AvrcpControllerStateMachine: Avrcp.ConnectedAvrcpController processMessage 207
05-22 07:16:16.725 11323 13102 D AvrcpPlayer: getPlayBackState state 3 time 48018
05-22 07:16:16.725 11323 13102 D BluetoothMediaBrowserService: notifyChanged PlaybackStatePlaybackState {state=3, position=48018, buffered position=0, speed=1.0, updated=661707, actions=2375735, error code=0, error message=null, custom actions=[], active item id=6}
05-22 07:16:16.725  3735  3735 I NSLogUtils_BtMusicModel: onPlaybackStateChanged state: PlaybackState {state=3, position=48017, buffered position=0, speed=1.0, updated=661706, actions=2375735, custom actions=[], active item id=6, error=null} mIsBCallInCall=false
05-22 06:34:50.473   573   573 D spi_rst_gpio_get_output: GPIO 145 value: 1
05-22 06:34:50.473   573   573 D spidev_ioctl: gpio status=1)
05-22 07:16:16.726 11323 13102 D AvrcpControllerStateMachine: Avrcp.ConnectedAvrcpController shouldRequestFocus() true
05-22 07:16:16.726  3735  3735 I NSLogUtils_BtMusicModel: musicChange metaData: android.media.MediaMetadata@5553bd65
05-22 07:16:16.726  3735  3735 I NSLogUtils_BtMusicModel: musicChange title: 凌绝顶,artist: 梓渝,duration: 210966,album: 凌绝顶,albumArtUri: null
05-22 07:16:16.726  3735  3735 D NSLogUtils_MediaForegroundService: updateNotification isPlaying=true title=凌绝顶 text=梓渝
05-22 07:16:16.727  2981  3177 I SentryImuMcuAngleSender: 179.91028rollDeg
05-22 07:16:16.727  2981  3177 I SentryImuMcuAngleSender: 1,0,0
05-22 07:16:16.727 11323 11323 W AudioMediaPlayerWrapper: onPlaybackStateChanged(): com.neusoft.btmusic tried to update with no new data
05-22 07:16:16.728   824   824 D SurfaceFlinger: unisoc-graphics, commit has frameMissed:2, vysncId:340318
05-22 07:16:16.729   573   573 I SpiService: fgesysctrl_getGPIO_status success val=1
05-22 07:16:16.729   737   737 D NotificationService: EnqueueNotificationRunnable.run for: 0|com.neusoft.btmusic|8001|null|1000
05-22 07:16:16.729  3735  3735 D NSLogUtils_BluetoothPlayerService: mPlaybackStateObserver isConnected: true
05-22 07:16:16.730   737   737 I notification_enqueue: [1000,3735,com.neusoft.btmusic,8001,NULL,0,Notification(channel=media_playback_channel shortcut=null contentView=null vibrate=null sound=null defaults=0x0 flags=0x4a color=0x00000000 category=transport groupKey=silent actions=3 vis=PUBLIC),1]
05-22 07:16:16.730  3735  3735 D NSLogUtils_BluetoothPlayerService: played trigger application focus
05-22 07:16:16.730  3735  3735 D NSLogUtils_SourceChangeManager: getCurrentSourceWithoutDefaultValue source: MUSIC_SOURCE_BT
05-22 07:16:16.730  3735  3735 D NSLogUtils_SourceChangeManager: setCurrentSource new source: MUSIC_SOURCE_BT ,currentSource: MUSIC_SOURCE_BT
05-22 07:16:16.730  3735  3735 E NSLogUtils_SourceChangeManager: setCurrentSource error, because currentSource is the same as source
05-22 07:16:16.730  3735  3735 D NSLogUtils_MainActivity: progress->48023
05-22 07:16:16.730   824   824 D SurfaceFlinger: unisoc-graphics, commit has frameMissed:2, vysncId:340319
05-22 07:16:16.731  1812  1812 I ExtAssistant: ENQUEUED 0|com.neusoft.btmusic|8001|null|1000 on media_playback_channel
05-22 07:16:16.732   964  1804 D [OMXB]  : usingANWBuffer: handle:0xebd428a0, format:1, w:1920, h:1080
05-22 07:16:16.732  1812  2664 D ExtAssistant: Creating Adjustment for 0|com.neusoft.btmusic|8001|null|1000, with 0 actions, and 0 replies.
05-22 07:16:16.732   544   544 D commservice260303: msg.id = 1028,1
05-22 07:16:16.732   544   544 D commservice260303: i = 170, msgid = 8A000404
05-22 07:16:16.732   544   544 D commservice260303: msgid = -1979710460,did=138
05-22 07:16:16.732   544   544 D commservice260303: CommProtocolLibCmdBaseI2C::dataproc {"command":{"id":"imu_status","sub":""},"content":{"TimeStamp":1779405376731,"FrameCounter":15617,"GD_X":-0.010001938790082932,"GD_Y":0.007405876647680998,"GD_Z":0.017332913354039192,"AD_X":-9.40568745136261E-4,"AD_Y":0.002200770191848278,"AD_Z":-0.3217506408691406,"TempDsp":0,"Status":0,"CalibState":1,"SigAmpInvalid":0}},-1979710460
05-22 07:16:16.732   544   544 D commservice260303: send2Cluster len:323, 7B22636F6D6D616E64223A7B226964223A22696D755F737461747573222C22737562223A22227D2C22636F6E74656E74223A7B2254696D655374616D70223A313737393430353337363733312C224672616D65436F756E746572223A31353631372C2247445F58223A2D302E3031303030313933383739303038323933322C2247445F59223A302E3030373430353837363634373638303939382C2247445F5A223A302E3031373333323931333335343033393139322C2241445F58223A2D392E3430353638373435313336323631452D342C2241445F59223A302E3030323230303737303139313834383237382C2241445F5A223A2D302E333231373530363430383639313430362C2254656D70447370223A302C22537461747573223A302C2243616C69625374617465223A312C22536967416D70496E76616C6964223A307D7D, 138 
05-22 07:16:16.733   544   544 D commservice260303: Push Message into SendPool fn=1346240512
05-22 07:16:16.733   544   544 D commservice260303: ComProtocolLibSend2Cluster::send2ClusterRaw fn=1346240512 , len=339
05-22 07:16:16.733   544   544 D commservice260303: sendCmdToPort :339!!!
05-22 07:16:16.733   544   544 D commservice260303: send Cmd To Port ++++5AA5014F8A0100003E506A0F92407B22636F6D6D616E64223A7B226964223A22696D755F737461747573222C22737562223A22227D2C22636F6E74656E74223A7B2254696D655374616D70223A313737393430353337363733312C224672616D65436F756E746572223A31353631372C2247445F58223A2D302E3031303030313933383739303038323933322C2247445F59223A302E3030373430353837363634373638303939382C2247445F5A223A302E3031373333323931333335343033393139322C2241445F58223A2D392E3430353638373435313336323631452D342C2241445F59223A302E3030323230303737303139313834383237382C2241445F5A223A2D302E333231373530363430383639313430362C2254656D70447370223A302C22537461747573223A302C2243616C69625374617465223A312C22536967416D70496E76616C6964223A307D7D2297
05-22 07:16:16.733   544   544 D commservice260303: bufferevent_write retrun value = 0
05-22 07:16:16.733   544   567 D commservice260303: client datas send succeed,send finish
05-22 07:16:16.733  2981  3178 D Sentinelmode_1.2.5.13_alpha: <SentryImuClusterFgeSender>imu_status sent to Linux, frame=15617, tsNs=661703, tsMs=1779405376731, intervalMs=36, ad=(-9.4056875E-4,0.0022007702,-0.32175064), gd=(-0.010001939,0.0074058766,0.017332913)
05-22 07:16:16.735   573   573 I SpiService: fgesysctrl_getGPIO_status success val=0
05-22 06:34:50.478   573   573 D spi_rst_gpio_get_output: GPIO 145 value: 0
05-22 06:34:50.478   573   573 D spidev_ioctl: gpio status=0)
05-22 07:16:16.747   824   824 D SurfaceFlinger: unisoc-graphics, commit has frameMissed:2, vysncId:340320
05-22 07:16:16.749  2981  3177 I SentryImuMcuAngleSender: 179.91719rollDeg
05-22 07:16:16.749  2981  3177 I SentryImuMcuAngleSender: 1,0,0
05-22 07:16:16.750   573   573 I SpiService: fgesysctrl_getGPIO_status success val=1
05-22 07:16:16.752   291  1491 D EvsDriver: forwardFrame
05-22 06:34:50.493   573   573 D spi_rst_gpio_get_output: GPIO 145 value: 1
05-22 06:34:50.493   573   573 D spidev_ioctl: gpio status=1)
05-22 07:16:16.754   291  1491 D EvsDriver: Delivered 0xb400007b2f47ca30 as id 0
05-22 07:16:16.754  1137  1150 D evsmanagerd: /dev/video4 forwarded the buffer #0 to 0xb4000071fa019690 from 0xb4000071fa01b7d0
05-22 07:16:16.756   573   573 I SpiService: fgesysctrl_getGPIO_status success val=1
05-22 07:16:16.756  3735  3735 I NSLogUtils_BtMusicModel: onPlaybackStateChanged state: PlaybackState {state=3, position=48018, buffered position=0, speed=1.0, updated=661707, actions=2375735, custom actions=[], active item id=6, error=null} mIsBCallInCall=false
05-22 07:16:16.757  3735  3735 I NSLogUtils_BtMusicModel: musicChange metaData: android.media.MediaMetadata@5553bd65
05-22 07:16:16.757   291  1135 D EvsDriver: doneWithFrame
05-22 07:16:16.758  3735  3735 I NSLogUtils_BtMusicModel: musicChange title: 凌绝顶,artist: 梓渝,duration: 210966,album: 凌绝顶,albumArtUri: null
05-22 06:34:50.499   573   573 D spi_rst_gpio_get_output: GPIO 145 value: 1
05-22 06:34:50.499   573   573 D spidev_ioctl: gpio status=1)
05-22 07:16:16.758  3735  3735 D NSLogUtils_MediaForegroundService: updateNotification isPlaying=true title=凌绝顶 text=梓渝
05-22 07:16:16.762   573   573 I SpiService: fgesysctrl_getGPIO_status success val=1
05-22 07:16:16.763 11323 11323 W AudioMediaPlayerWrapper: onPlaybackStateChanged(): com.neusoft.btmusic tried to update with no new data
05-22 07:16:16.764   737   737 D NotificationService: EnqueueNotificationRunnable.run for: 0|com.neusoft.btmusic|8001|null|1000
05-22 07:16:16.764   737   737 I notification_enqueue: [1000,3735,com.neusoft.btmusic,8001,NULL,0,Notification(channel=media_playback_channel shortcut=null contentView=null vibrate=null sound=null defaults=0x0 flags=0x4a color=0x00000000 category=transport groupKey=silent actions=3 vis=PUBLIC),1]
05-22 07:16:16.764  3735  3735 D NSLogUtils_BluetoothPlayerService: mPlaybackStateObserver isConnected: true
05-22 07:16:16.764  3735  3735 D NSLogUtils_BluetoothPlayerService: played trigger application focus
05-22 07:16:16.765  3735  3735 D NSLogUtils_SourceChangeManager: getCurrentSourceWithoutDefaultValue source: MUSIC_SOURCE_BT
05-22 07:16:16.765  3735  3735 D NSLogUtils_SourceChangeManager: setCurrentSource new source: MUSIC_SOURCE_BT ,currentSource: MUSIC_SOURCE_BT
05-22 07:16:16.765  3735  3735 E NSLogUtils_SourceChangeManager: setCurrentSource error, because currentSource is the same as source
05-22 07:16:16.765  3735  3735 D NSLogUtils_MainActivity: progress->48058
05-22 07:16:16.765  1812  1812 I ExtAssistant: ENQUEUED 0|com.neusoft.btmusic|8001|null|1000 on media_playback_channel
05-22 06:34:50.505   573   573 D spi_rst_gpio_get_output: GPIO 145 value: 1
05-22 06:34:50.505   573   573 D spidev_ioctl: gpio status=1)
05-22 07:16:16.766  1812  2664 D ExtAssistant: Creating Adjustment for 0|com.neusoft.btmusic|8001|null|1000, with 0 actions, and 0 replies.
05-22 07:16:16.767   573   573 I SpiService: fgesysctrl_getGPIO_status success val=1
05-22 07:16:16.769  2981  3177 I SentryImuMcuAngleSender: 179.9103rollDeg
05-22 07:16:16.769  2981  3177 I SentryImuMcuAngleSender: 1,0,0
05-22 06:34:50.511   573   573 D spi_rst_gpio_get_output: GPIO 145 value: 1
05-22 06:34:50.511   573   573 D spidev_ioctl: gpio status=1)
05-22 07:16:16.772   544   544 D commservice260303: msg.id = 1028,0
05-22 07:16:16.772   544   544 D commservice260303: i = 170, msgid = 8A000404
