05-22 07:16:18.143   344   511 D automotive.vehicle@2.0-adayo-func-bcm: BCMFunc sendMessageFromVehicle_l msgBuff[9]=0x0,start:0,len:16,temp:8,
05-22 07:16:18.143   344   511 D automotive.vehicle@2.0-adayo-func-bcm: BCMFunc sendMessageFromVehicle_l msgBuff[8]=0x0,start:0,len:8,temp:8,
05-22 07:16:18.143   344   511 D automotive.vehicle@2.0-adayo-func-bcm: BCMFunc sendMessageFromVehicle_l prop: 0x2140004a ,areaId: 0x0  SPLITE_BIT_DATA_INTEGER : 0
05-22 07:16:18.143   344   511 D automotive.vehicle@2.0-adayo-func-bcm: BCMFunc sendMessageFromVehicle_l id:557842506, area:0 not report! 
05-22 07:16:18.143   344   511 D automotive.vehicle@2.0-adayo-func-bcm: BCMFunc sendMessageFromVehicle_l dataType: 12,mByte=12,propid=0x2140006d
05-22 07:16:18.143   344   511 D automotive.vehicle@2.0-adayo-func-bcm: BCMFunc sendMessageFromVehicle_l msgBuff[12]=0x40,start:0,len:6,temp:6,
05-22 07:16:18.143   344   511 D automotive.vehicle@2.0-adayo-func-bcm: BCMFunc sendMessageFromVehicle_l prop: 0x2140006d ,areaId: 0x0  SPLITE_BIT_DATA_INTEGER : 0
05-22 07:16:18.143   344   511 D automotive.vehicle@2.0-adayo-func-bcm: BCMFunc sendMessageFromVehicle_l id:557842541, area:0 not report! 
05-22 07:16:18.143   344   511 D automotive.vehicle@2.0-adayo-func-bcm: BCMFunc sendMessageFromVehicle_l dataType: 12,mByte=12,propid=0x2140006e
05-22 07:16:18.143   344   511 D automotive.vehicle@2.0-adayo-func-bcm: BCMFunc sendMessageFromVehicle_l msgBuff[12]=0x40,start:6,len:2,temp:2,
05-22 07:16:18.143   344   511 D automotive.vehicle@2.0-adayo-func-bcm: BCMFunc sendMessageFromVehicle_l prop: 0x2140006e ,areaId: 0x0  SPLITE_BIT_DATA_INTEGER : 1
05-22 07:16:18.143   344   511 D automotive.vehicle@2.0-adayo-func-bcm: BCMFunc sendMessageFromVehicle_l id:557842542, area:0 not report! 
05-22 07:16:18.143   344   511 D automotive.vehicle@2.0-adayo-func-bcm: BCMFunc sendMessageFromVehicle_l dataType: 12,mByte=16,propid=0x21600040
05-22 07:16:18.143   344   511 D automotive.vehicle@2.0-adayo-func-bcm: BCMFunc sendMessageFromVehicle_l msgBuff[16]=0x0,start:0,len:32,temp:8,
05-22 07:16:18.143   344   511 D automotive.vehicle@2.0-adayo-func-bcm: BCMFunc sendMessageFromVehicle_l msgBuff[15]=0x0,start:0,len:24,temp:8,
05-22 07:16:18.143   344   511 D automotive.vehicle@2.0-adayo-func-bcm: BCMFunc sendMessageFromVehicle_l msgBuff[14]=0x0,start:0,len:16,temp:8,
05-22 07:16:18.143   344   511 D automotive.vehicle@2.0-adayo-func-bcm: BCMFunc sendMessageFromVehicle_l msgBuff[13]=0x0,start:0,len:8,temp:8,
05-22 07:16:18.143   344   511 D automotive.vehicle@2.0-adayo-func-bcm: BCMFunc sendMessageFromVehicle_l prop: 0x21600040 , SPLITE_BIT_DATA_INTEGER1 data:0
05-22 07:16:18.143   344   511 D automotive.vehicle@2.0-adayo-func-bcm: BCMFunc sendMessageFromVehicle_l prop: 0x21600040 , SPLITE_BIT_DATA_INTEGER4 procotol.calc[0]:0.100000,procotol.calc[1]:0.000000
05-22 07:16:18.143   344   511 D automotive.vehicle@2.0-adayo-func-bcm: BCMFunc sendMessageFromVehicle_l prop: 0x21600040 ,areaId: 0x0  SPLITE_BIT_DATA_INTEGER : 0.000000,calc[0]:0.100000,calc[1]:0.000000
05-22 07:16:18.143   344   511 D automotive.vehicle@2.0-adayo-func-bcm: BCMFunc sendMessageFromVehicle_l id:559939648, area:0 not report! 
05-22 07:16:18.143   344   511 D automotive.vehicle@2.0-adayo-func-bcm: BCMFunc sendMessageFromVehicle_l dataType: 12,mByte=17,propid=0x2140006f
05-22 07:16:18.143   344   511 D automotive.vehicle@2.0-adayo-func-bcm: BCMFunc sendMessageFromVehicle_l msgBuff[17]=0x40,start:0,len:6,temp:6,
05-22 07:16:18.143   344   511 D automotive.vehicle@2.0-adayo-func-bcm: BCMFunc sendMessageFromVehicle_l prop: 0x2140006f ,areaId: 0x0  SPLITE_BIT_DATA_INTEGER : 0
05-22 07:16:18.144   344   511 D automotive.vehicle@2.0-adayo-func-bcm: BCMFunc sendMessageFromVehicle_l id:557842543, area:0 not report! 
05-22 07:16:18.144   344   511 D automotive.vehicle@2.0-adayo-func-bcm: BCMFunc sendMessageFromVehicle_l dataType: 12,mByte=17,propid=0x21400070
05-22 07:16:18.144   344   511 D automotive.vehicle@2.0-adayo-func-bcm: BCMFunc sendMessageFromVehicle_l msgBuff[17]=0x40,start:6,len:2,temp:2,
05-22 07:16:18.144   344   511 D automotive.vehicle@2.0-adayo-func-bcm: BCMFunc sendMessageFromVehicle_l prop: 0x21400070 ,areaId: 0x0  SPLITE_BIT_DATA_INTEGER : 1
05-22 07:16:18.144   344   511 D automotive.vehicle@2.0-adayo-func-bcm: BCMFunc sendMessageFromVehicle_l id:557842544, area:0 not report! 
05-22 07:16:18.144   344   511 D automotive.vehicle@2.0-adayo-func-bcm: BCMFunc sendMessageFromVehicle_l dataType: 12,mByte=21,propid=0x2160004c
05-22 07:16:18.144   344   511 D automotive.vehicle@2.0-adayo-func-bcm: BCMFunc sendMessageFromVehicle_l msgBuff[21]=0x0,start:0,len:32,temp:8,
05-22 07:16:18.144   344   511 D automotive.vehicle@2.0-adayo-func-bcm: BCMFunc sendMessageFromVehicle_l msgBuff[20]=0x0,start:0,len:24,temp:8,
05-22 07:16:18.144   344   511 D automotive.vehicle@2.0-adayo-func-bcm: BCMFunc sendMessageFromVehicle_l msgBuff[19]=0x0,start:0,len:16,temp:8,
05-22 07:16:18.144   344   511 D automotive.vehicle@2.0-adayo-func-bcm: BCMFunc sendMessageFromVehicle_l msgBuff[18]=0x0,start:0,len:8,temp:8,
05-22 07:16:18.144   344   511 D automotive.vehicle@2.0-adayo-func-bcm: BCMFunc sendMessageFromVehicle_l prop: 0x2160004c , SPLITE_BIT_DATA_INTEGER1 data:0
05-22 07:16:18.144   344   511 D automotive.vehicle@2.0-adayo-func-bcm: BCMFunc sendMessageFromVehicle_l prop: 0x2160004c , SPLITE_BIT_DATA_INTEGER4 procotol.calc[0]:0.100000,procotol.calc[1]:0.000000
05-22 07:16:18.144   344   511 D automotive.vehicle@2.0-adayo-func-bcm: BCMFunc sendMessageFromVehicle_l prop: 0x2160004c ,areaId: 0x0  SPLITE_BIT_DATA_INTEGER : 0.000000,calc[0]:0.100000,calc[1]:0.000000
05-22 07:16:18.144   344   511 D automotive.vehicle@2.0-adayo-func-bcm: BCMFunc sendMessageFromVehicle_l id:559939660, area:0 not report! 
05-22 07:16:18.144   344   511 D automotive.vehicle@2.0-adayo-func-bcm: BCMFunc sendMessageFromVehicle_l dataType: 12,mByte=22,propid=0x21400071
05-22 07:16:18.144   344   511 D automotive.vehicle@2.0-adayo-func-bcm: BCMFunc sendMessageFromVehicle_l msgBuff[22]=0x40,start:0,len:6,temp:6,
05-22 07:16:18.144   344   511 D automotive.vehicle@2.0-adayo-func-bcm: BCMFunc sendMessageFromVehicle_l prop: 0x21400071 ,areaId: 0x0  SPLITE_BIT_DATA_INTEGER : 0
05-22 07:16:18.144   344   511 D automotive.vehicle@2.0-adayo-func-bcm: BCMFunc sendMessageFromVehicle_l id:557842545, area:0 not report! 
05-22 07:16:18.144   344   511 D automotive.vehicle@2.0-adayo-func-bcm: BCMFunc sendMessageFromVehicle_l dataType: 12,mByte=22,propid=0x21400072
05-22 07:16:18.144   344   511 D automotive.vehicle@2.0-adayo-func-bcm: BCMFunc sendMessageFromVehicle_l msgBuff[22]=0x40,start:6,len:2,temp:2,
05-22 07:16:18.144   344   511 D automotive.vehicle@2.0-adayo-func-bcm: BCMFunc sendMessageFromVehicle_l prop: 0x21400072 ,areaId: 0x0  SPLITE_BIT_DATA_INTEGER : 1
05-22 07:16:18.144   344   511 D automotive.vehicle@2.0-adayo-func-bcm: BCMFunc sendMessageFromVehicle_l id:557842546, area:0 not report! 
05-22 07:16:18.144   344   511 D automotive.vehicle@2.0-adayo-func-bcm: BCMFunc sendMessageFromVehicle_l dataType: 12,mByte=24,propid=0x21400050
05-22 07:16:18.144   344   511 D automotive.vehicle@2.0-adayo-func-bcm: BCMFunc sendMessageFromVehicle_l msgBuff[24]=0x0,start:0,len:16,temp:8,
05-22 07:16:18.144   344   511 D automotive.vehicle@2.0-adayo-func-bcm: BCMFunc sendMessageFromVehicle_l msgBuff[23]=0x0,start:0,len:8,temp:8,
05-22 07:16:18.144   344   511 D automotive.vehicle@2.0-adayo-func-bcm: BCMFunc sendMessageFromVehicle_l prop: 0x21400050 ,areaId: 0x0  SPLITE_BIT_DATA_INTEGER : 0
05-22 07:16:18.144   344   511 D automotive.vehicle@2.0-adayo-func-bcm: BCMFunc sendMessageFromVehicle_l id:557842512, area:0 not report! 
05-22 07:16:18.144   344   511 D automotive.vehicle@2.0-adayo-func-bcm: BCMFunc sendMessageFromVehicle_l dataType: 12,mByte=25,propid=0x21400051
05-22 07:16:18.144   344   511 D automotive.vehicle@2.0-adayo-func-bcm: BCMFunc sendMessageFromVehicle_l msgBuff[25]=0x0,start:0,len:8,temp:8,
05-22 07:16:18.144   344   511 D automotive.vehicle@2.0-adayo-func-bcm: BCMFunc sendMessageFromVehicle_l prop: 0x21400051 ,areaId: 0x0  SPLITE_BIT_DATA_INTEGER : 0
05-22 07:16:18.144   344   511 D automotive.vehicle@2.0-adayo-func-bcm: BCMFunc sendMessageFromVehicle_l id:557842513, area:0 not report! 
05-22 07:16:18.144   344   511 D automotive.vehicle@2.0-adayo-func-bcm: BCMFunc sendMessageFromVehicle_l dataType: 12,mByte=26,propid=0x21400052
05-22 07:16:18.144   344   511 D automotive.vehicle@2.0-adayo-func-bcm: BCMFunc sendMessageFromVehicle_l msgBuff[26]=0x0,start:0,len:8,temp:8,
05-22 07:16:18.144   344   511 D automotive.vehicle@2.0-adayo-func-bcm: BCMFunc sendMessageFromVehicle_l prop: 0x21400052 ,areaId: 0x0  SPLITE_BIT_DATA_INTEGER : 0
05-22 07:16:18.144   344   511 D automotive.vehicle@2.0-adayo-func-bcm: BCMFunc sendMessageFromVehicle_l id:557842514, area:0 not report! 
05-22 07:16:18.144   344   511 D automotive.vehicle@2.0-adayo-func-bcm: BCMFunc sendMessageFromVehicle_l dataType: 12,mByte=27,propid=0x21400073
05-22 07:16:18.144   344   511 D automotive.vehicle@2.0-adayo-func-bcm: BCMFunc sendMessageFromVehicle_l msgBuff[27]=0x40,start:0,len:6,temp:6,
05-22 07:16:18.144   344   511 D automotive.vehicle@2.0-adayo-func-bcm: BCMFunc sendMessageFromVehicle_l prop: 0x21400073 ,areaId: 0x0  SPLITE_BIT_DATA_INTEGER : 0
05-22 07:16:18.144   344   511 D automotive.vehicle@2.0-adayo-func-bcm: BCMFunc sendMessageFromVehicle_l id:557842547, area:0 not report! 
05-22 07:16:18.144   344   511 D automotive.vehicle@2.0-adayo-func-bcm: BCMFunc sendMessageFromVehicle_l dataType: 12,mByte=27,propid=0x21400074
05-22 07:16:18.144   344   511 D automotive.vehicle@2.0-adayo-func-bcm: BCMFunc sendMessageFromVehicle_l msgBuff[27]=0x40,start:6,len:2,temp:2,
05-22 07:16:18.144   344   511 D automotive.vehicle@2.0-adayo-func-bcm: BCMFunc sendMessageFromVehicle_l prop: 0x21400074 ,areaId: 0x0  SPLITE_BIT_DATA_INTEGER : 1
05-22 07:16:18.144   344   511 D automotive.vehicle@2.0-adayo-func-bcm: BCMFunc sendMessageFromVehicle_l id:557842548, area:0 not report! 
05-22 07:16:18.144   344   511 D automotive.vehicle@2.0-adayo-func-bcm: BCMFunc sendMessageFromVehicle_l dataType: 12,mByte=29,propid=0x21400053
05-22 07:16:18.144   344   511 D automotive.vehicle@2.0-adayo-func-bcm: BCMFunc sendMessageFromVehicle_l msgBuff[29]=0x0,start:0,len:16,temp:8,
05-22 07:16:18.144   344   511 D automotive.vehicle@2.0-adayo-func-bcm: BCMFunc sendMessageFromVehicle_l msgBuff[28]=0x0,start:0,len:8,temp:8,
05-22 07:16:18.145   344   511 D automotive.vehicle@2.0-adayo-func-bcm: BCMFunc sendMessageFromVehicle_l prop: 0x21400053 ,areaId: 0x0  SPLITE_BIT_DATA_INTEGER : 0
05-22 07:16:18.145   344   511 D automotive.vehicle@2.0-adayo-func-bcm: BCMFunc sendMessageFromVehicle_l id:557842515, area:0 not report! 
05-22 07:16:18.145   344   511 D automotive.vehicle@2.0-adayo-func-bcm: BCMFunc sendMessageFromVehicle_l dataType: 12,mByte=30,propid=0x21400054
05-22 07:16:18.145   344   511 D automotive.vehicle@2.0-adayo-func-bcm: BCMFunc sendMessageFromVehicle_l msgBuff[30]=0x0,start:0,len:8,temp:8,
05-22 07:16:18.145   344   511 D automotive.vehicle@2.0-adayo-func-bcm: BCMFunc sendMessageFromVehicle_l prop: 0x21400054 ,areaId: 0x0  SPLITE_BIT_DATA_INTEGER : 0
05-22 07:16:18.145   344   511 D automotive.vehicle@2.0-adayo-func-bcm: BCMFunc sendMessageFromVehicle_l id:557842516, area:0 not report! 
05-22 07:16:18.145   344   511 D automotive.vehicle@2.0-adayo-func-bcm: BCMFunc sendMessageFromVehicle_l dataType: 12,mByte=31,propid=0x21400055
05-22 07:16:18.145   344   511 D automotive.vehicle@2.0-adayo-func-bcm: BCMFunc sendMessageFromVehicle_l msgBuff[31]=0x0,start:0,len:8,temp:8,
05-22 07:16:18.145   344   511 D automotive.vehicle@2.0-adayo-func-bcm: BCMFunc sendMessageFromVehicle_l prop: 0x21400055 ,areaId: 0x0  SPLITE_BIT_DATA_INTEGER : 0
05-22 07:16:18.145   344   511 D automotive.vehicle@2.0-adayo-func-bcm: BCMFunc sendMessageFromVehicle_l id:557842517, area:0 not report! 
05-22 07:16:18.145   344   511 D automotive.vehicle@2.0-adayo-func-bcm: BCMFunc sendMessageFromVehicle_l dataType: 12,mByte=32,propid=0x21400075
05-22 07:16:18.145   344   511 D automotive.vehicle@2.0-adayo-func-bcm: BCMFunc sendMessageFromVehicle_l msgBuff[32]=0x40,start:0,len:6,temp:6,
05-22 07:16:18.145   344   511 D automotive.vehicle@2.0-adayo-func-bcm: BCMFunc sendMessageFromVehicle_l prop: 0x21400075 ,areaId: 0x0  SPLITE_BIT_DATA_INTEGER : 0
05-22 07:16:18.145   344   511 D automotive.vehicle@2.0-adayo-func-bcm: BCMFunc sendMessageFromVehicle_l id:557842549, area:0 not report! 
05-22 07:16:18.145   344   511 D automotive.vehicle@2.0-adayo-func-bcm: BCMFunc sendMessageFromVehicle_l dataType: 12,mByte=32,propid=0x21400076
05-22 07:16:18.145   344   511 D automotive.vehicle@2.0-adayo-func-bcm: BCMFunc sendMessageFromVehicle_l msgBuff[32]=0x40,start:6,len:2,temp:2,
05-22 07:16:18.145   344   511 D automotive.vehicle@2.0-adayo-func-bcm: BCMFunc sendMessageFromVehicle_l prop: 0x21400076 ,areaId: 0x0  SPLITE_BIT_DATA_INTEGER : 1
05-22 07:16:18.145   344   511 D automotive.vehicle@2.0-adayo-func-bcm: BCMFunc sendMessageFromVehicle_l id:557842550, area:0 not report! 
05-22 07:16:18.145   344   511 D automotive.vehicle@2.0-adayo-func-bcm: BCMFunc sendMessageFromVehicle_l dataType: 12,mByte=34,propid=0x2140004b
05-22 07:16:18.145   344   511 D automotive.vehicle@2.0-adayo-func-bcm: BCMFunc sendMessageFromVehicle_l msgBuff[34]=0x0,start:0,len:16,temp:8,
05-22 07:16:18.145   344   511 D automotive.vehicle@2.0-adayo-func-bcm: BCMFunc sendMessageFromVehicle_l msgBuff[33]=0x0,start:0,len:8,temp:8,
05-22 07:16:18.145   344   511 D automotive.vehicle@2.0-adayo-func-bcm: BCMFunc sendMessageFromVehicle_l prop: 0x2140004b ,areaId: 0x0  SPLITE_BIT_DATA_INTEGER : 0
05-22 07:16:18.145   344   511 D automotive.vehicle@2.0-adayo-func-bcm: BCMFunc sendMessageFromVehicle_l id:557842507, area:0 not report! 
05-22 07:16:18.145   344   511 D automotive.vehicle@2.0-adayo-func-bcm: BCMFunc sendMessageFromVehicle_l dataType: 12,mByte=35,propid=0x21400077
05-22 07:16:18.145   344   511 D automotive.vehicle@2.0-adayo-func-bcm: BCMFunc sendMessageFromVehicle_l msgBuff[35]=0x40,start:0,len:6,temp:6,
05-22 07:16:18.145   344   511 D automotive.vehicle@2.0-adayo-func-bcm: BCMFunc sendMessageFromVehicle_l prop: 0x21400077 ,areaId: 0x0  SPLITE_BIT_DATA_INTEGER : 0
05-22 07:16:18.145   344   511 D automotive.vehicle@2.0-adayo-func-bcm: BCMFunc sendMessageFromVehicle_l id:557842551, area:0 not report! 
05-22 07:16:18.145   344   511 D automotive.vehicle@2.0-adayo-func-bcm: BCMFunc sendMessageFromVehicle_l dataType: 12,mByte=35,propid=0x21400078
05-22 07:16:18.145   344   511 D automotive.vehicle@2.0-adayo-func-bcm: BCMFunc sendMessageFromVehicle_l msgBuff[35]=0x40,start:6,len:2,temp:2,
05-22 07:16:18.145   344   511 D automotive.vehicle@2.0-adayo-func-bcm: BCMFunc sendMessageFromVehicle_l prop: 0x21400078 ,areaId: 0x0  SPLITE_BIT_DATA_INTEGER : 1
05-22 07:16:18.145   344   511 D automotive.vehicle@2.0-adayo-func-bcm: BCMFunc sendMessageFromVehicle_l id:557842552, area:0 not report! 
05-22 07:16:18.145   344   511 D automotive.vehicle@2.0-adayo-func-bcm: BCMFunc sendMessageFromVehicle_l dataType: 12,mByte=37,propid=0x2140004c
05-22 07:16:18.145   344   511 D automotive.vehicle@2.0-adayo-func-bcm: BCMFunc sendMessageFromVehicle_l msgBuff[37]=0x0,start:0,len:16,temp:8,
05-22 07:16:18.145   344   511 D automotive.vehicle@2.0-adayo-func-bcm: BCMFunc sendMessageFromVehicle_l msgBuff[36]=0x0,start:0,len:8,temp:8,
05-22 07:16:18.145   344   511 D automotive.vehicle@2.0-adayo-func-bcm: BCMFunc sendMessageFromVehicle_l prop: 0x2140004c ,areaId: 0x0  SPLITE_BIT_DATA_INTEGER : 0
05-22 07:16:18.145   344   511 D automotive.vehicle@2.0-adayo-func-bcm: BCMFunc sendMessageFromVehicle_l id:557842508, area:0 not report! 
05-22 07:16:18.145   344   511 D automotive.vehicle@2.0-adayo-func-bcm: BCMFunc sendMessageFromVehicle_l dataType: 12,mByte=38,propid=0x2140009b
05-22 07:16:18.145   344   511 D automotive.vehicle@2.0-adayo-func-bcm: BCMFunc sendMessageFromVehicle_l msgBuff[38]=0x0,start:0,len:8,temp:8,
05-22 07:16:18.145   344   511 D automotive.vehicle@2.0-adayo-func-bcm: BCMFunc sendMessageFromVehicle_l prop: 0x2140009b ,areaId: 0x0  SPLITE_BIT_DATA_INTEGER : 0
05-22 07:16:18.145   344   511 D automotive.vehicle@2.0-adayo-func-bcm: BCMFunc sendMessageFromVehicle_l id:557842587, area:0 not report! 
05-22 07:16:18.146   344   511 D automotive.vehicle@2.0-adayo-func-bcm: BCMFunc sendMessageFromVehicle_l dataType: 12,mByte=39,propid=0x2140009c
05-22 07:16:18.146   344   511 D automotive.vehicle@2.0-adayo-func-bcm: BCMFunc sendMessageFromVehicle_l msgBuff[39]=0x0,start:0,len:8,temp:8,
05-22 07:16:18.146   344   511 D automotive.vehicle@2.0-adayo-func-bcm: BCMFunc sendMessageFromVehicle_l prop: 0x2140009c ,areaId: 0x0  SPLITE_BIT_DATA_INTEGER : 0
05-22 07:16:18.146   344   511 D automotive.vehicle@2.0-adayo-func-bcm: BCMFunc sendMessageFromVehicle_l id:557842588, area:0 not report! 
05-22 07:16:18.146   344   511 D automotive.vehicle@2.0-adayo-func-bcm: BCMFunc sendMessageFromVehicle_l dataType: 12,mByte=40,propid=0x2140009d
05-22 07:16:18.146   344   511 D automotive.vehicle@2.0-adayo-func-bcm: BCMFunc sendMessageFromVehicle_l msgBuff[40]=0x0,start:0,len:8,temp:8,
05-22 07:16:18.146   344   511 D automotive.vehicle@2.0-adayo-func-bcm: BCMFunc sendMessageFromVehicle_l prop: 0x2140009d ,areaId: 0x0  SPLITE_BIT_DATA_INTEGER : 0
05-22 07:16:18.146   344   511 D automotive.vehicle@2.0-adayo-func-bcm: BCMFunc sendMessageFromVehicle_l id:557842589, area:0 not report! 
05-22 07:16:18.146   344   511 D automotive.vehicle@2.0-adayo-func-bcm: BCMFunc sendMessageFromVehicle_l dataType: 12,mByte=41,propid=0x2140009e
05-22 07:16:18.146   344   511 D automotive.vehicle@2.0-adayo-func-bcm: BCMFunc sendMessageFromVehicle_l msgBuff[41]=0x0,start:0,len:8,temp:8,
05-22 07:16:18.146   344   511 D automotive.vehicle@2.0-adayo-func-bcm: BCMFunc sendMessageFromVehicle_l prop: 0x2140009e ,areaId: 0x0  SPLITE_BIT_DATA_INTEGER : 0
05-22 07:16:18.146   344   511 D automotive.vehicle@2.0-adayo-func-bcm: BCMFunc sendMessageFromVehicle_l id:557842590, area:0 not report! 
05-22 07:16:18.146   344   511 D automotive.vehicle@2.0-adayo-func-bcm: BCMFunc sendMessageFromVehicle_l dataType: 12,mByte=43,propid=0x2160009f
05-22 07:16:18.146   344   511 D automotive.vehicle@2.0-adayo-func-bcm: BCMFunc sendMessageFromVehicle_l msgBuff[43]=0x0,start:0,len:16,temp:8,
05-22 07:16:18.146   344   511 D automotive.vehicle@2.0-adayo-func-bcm: BCMFunc sendMessageFromVehicle_l msgBuff[42]=0x0,start:0,len:8,temp:8,
05-22 07:16:18.146   344   511 D automotive.vehicle@2.0-adayo-func-bcm: BCMFunc sendMessageFromVehicle_l prop: 0x2160009f , SPLITE_BIT_DATA_INTEGER1 data:0
05-22 07:16:18.146   573   573 I SpiService: fgesysctrl_getGPIO_status success val=1
05-22 07:16:18.146   344   511 D automotive.vehicle@2.0-adayo-func-bcm: BCMFunc sendMessageFromVehicle_l prop: 0x2160009f , SPLITE_BIT_DATA_INTEGER4 procotol.calc[0]:0.100000,procotol.calc[1]:0.000000
05-22 07:16:18.146   344   511 D automotive.vehicle@2.0-adayo-func-bcm: BCMFunc sendMessageFromVehicle_l prop: 0x2160009f ,areaId: 0x0  SPLITE_BIT_DATA_INTEGER : 0.000000,calc[0]:0.100000,calc[1]:0.000000
05-22 07:16:18.146   344   511 D automotive.vehicle@2.0-adayo-func-bcm: BCMFunc sendMessageFromVehicle_l id:559939743, area:0 not report! 
05-22 07:16:18.146   344   511 D automotive.vehicle@2.0-adayo-func-bcm: BCMFunc sendMessageFromVehicle_l dataType: 12,mByte=45,propid=0x216000f3
05-22 07:16:18.146   344   511 D automotive.vehicle@2.0-adayo-func-bcm: BCMFunc sendMessageFromVehicle_l msgBuff[45]=0x0,start:0,len:16,temp:8,
05-22 07:16:18.146   344   511 D automotive.vehicle@2.0-adayo-func-bcm: BCMFunc sendMessageFromVehicle_l msgBuff[44]=0x0,start:0,len:8,temp:8,
05-22 07:16:18.146   344   511 D automotive.vehicle@2.0-adayo-func-bcm: BCMFunc sendMessageFromVehicle_l prop: 0x216000f3 , SPLITE_BIT_DATA_INTEGER1 data:0
05-22 07:16:18.146   344   511 D automotive.vehicle@2.0-adayo-func-bcm: BCMFunc sendMessageFromVehicle_l prop: 0x216000f3 , SPLITE_BIT_DATA_INTEGER4 procotol.calc[0]:0.100000,procotol.calc[1]:0.000000
05-22 07:16:18.146   344   511 D automotive.vehicle@2.0-adayo-func-bcm: BCMFunc sendMessageFromVehicle_l prop: 0x216000f3 ,areaId: 0x0  SPLITE_BIT_DATA_INTEGER : 0.000000,calc[0]:0.100000,calc[1]:0.000000
05-22 07:16:18.146   344   511 D automotive.vehicle@2.0-adayo-func-bcm: BCMFunc sendMessageFromVehicle_l id:559939827, area:0 not report! 
05-22 07:16:18.146   344   511 D automotive.vehicle@2.0-adayo-func-bcm: BCMFunc sendMessageFromVehicle_l dataType: 12,mByte=47,propid=0x214000f4
05-22 07:16:18.146   344   511 D automotive.vehicle@2.0-adayo-func-bcm: BCMFunc sendMessageFromVehicle_l msgBuff[47]=0x0,start:0,len:16,temp:8,
05-22 07:16:18.146   344   511 D automotive.vehicle@2.0-adayo-func-bcm: BCMFunc sendMessageFromVehicle_l msgBuff[46]=0x0,start:0,len:8,temp:8,
05-22 07:16:18.146   344   511 D automotive.vehicle@2.0-adayo-func-bcm: BCMFunc sendMessageFromVehicle_l prop: 0x214000f4 ,areaId: 0x0  SPLITE_BIT_DATA_INTEGER : 0
05-22 07:16:18.146   344   511 D automotive.vehicle@2.0-adayo-func-bcm: BCMFunc sendMessageFromVehicle_l id:557842676, area:0 not report! 
05-22 07:16:18.146   344   511 D automotive.vehicle@2.0-adayo-func-bcm: BCMFunc sendMessageFromVehicle_l dataType: 12,mByte=48,propid=0x214000fe
05-22 07:16:18.146   344   511 D automotive.vehicle@2.0-adayo-func-bcm: BCMFunc sendMessageFromVehicle_l msgBuff[48]=0x0,start:0,len:8,temp:8,
05-22 07:16:18.146   344   511 D automotive.vehicle@2.0-adayo-func-bcm: BCMFunc sendMessageFromVehicle_l prop: 0x214000fe ,areaId: 0x0  SPLITE_BIT_DATA_INTEGER : 0
05-22 07:16:18.146   344   511 D automotive.vehicle@2.0-adayo-func-bcm: BCMFunc sendMessageFromVehicle_l id:557842686, area:0 not report! 
05-22 07:16:18.146   344   511 D automotive.vehicle@2.0-adayo-func-bcm: BCMFunc sendMessageFromVehicle_l dataType: 12,mByte=49,propid=0x21400100
05-22 07:16:18.146   344   511 D automotive.vehicle@2.0-adayo-func-bcm: BCMFunc sendMessageFromVehicle_l msgBuff[49]=0x0,start:0,len:8,temp:8,
05-22 07:16:18.146   344   511 D automotive.vehicle@2.0-adayo-func-bcm: BCMFunc sendMessageFromVehicle_l prop: 0x21400100 ,areaId: 0x0  SPLITE_BIT_DATA_INTEGER : 0
05-22 07:16:18.146   344   511 D automotive.vehicle@2.0-adayo-func-bcm: BCMFunc sendMessageFromVehicle_l id:557842688, area:0 not report! 
05-22 07:16:18.146   344   511 D automotive.vehicle@2.0-adayo-func-bcm: BCMFunc sendMessageFromVehicle_l dataType: 12,mByte=50,propid=0x214000fa
05-22 07:16:18.146   344   511 D automotive.vehicle@2.0-adayo-func-bcm: BCMFunc sendMessageFromVehicle_l msgBuff[50]=0x0,start:0,len:8,temp:8,
05-22 07:16:18.146   344   511 D automotive.vehicle@2.0-adayo-func-bcm: BCMFunc sendMessageFromVehicle_l prop: 0x214000fa ,areaId: 0x0  SPLITE_BIT_DATA_INTEGER : 0
05-22 07:16:18.146   344   511 D automotive.vehicle@2.0-adayo-func-bcm: BCMFunc sendMessageFromVehicle_l id:557842682, area:0 not report! 
05-22 07:16:18.146   344   511 D automotive.vehicle@2.0-adayo-func-bcm: BCMFunc sendMessageFromVehicle_l dataType: 12,mByte=51,propid=0x214000fb
05-22 07:16:18.146   344   511 D automotive.vehicle@2.0-adayo-func-bcm: BCMFunc sendMessageFromVehicle_l msgBuff[51]=0x0,start:0,len:8,temp:8,
05-22 07:16:18.146   344   511 D automotive.vehicle@2.0-adayo-func-bcm: BCMFunc sendMessageFromVehicle_l prop: 0x214000fb ,areaId: 0x0  SPLITE_BIT_DATA_INTEGER : 0
05-22 07:16:18.146   344   511 D automotive.vehicle@2.0-adayo-func-bcm: BCMFunc sendMessageFromVehicle_l id:557842683, area:0 not report! 
05-22 07:16:18.147   344   511 D automotive.vehicle@2.0-adayo-func-bcm: BCMFunc sendMessageFromVehicle_l dataType: 12,mByte=52,propid=0x214000fc
05-22 07:16:18.147   344   511 D automotive.vehicle@2.0-adayo-func-bcm: BCMFunc sendMessageFromVehicle_l msgBuff[52]=0x0,start:0,len:8,temp:8,
05-22 07:16:18.147   344   511 D automotive.vehicle@2.0-adayo-func-bcm: BCMFunc sendMessageFromVehicle_l prop: 0x214000fc ,areaId: 0x0  SPLITE_BIT_DATA_INTEGER : 0
05-22 07:16:18.147   344   511 D automotive.vehicle@2.0-adayo-func-bcm: BCMFunc sendMessageFromVehicle_l id:557842684, area:0 not report! 
05-22 07:16:18.147   344   511 D automotive.vehicle@2.0-adayo-func-bcm: BCMFunc sendMessageFromVehicle_l dataType: 12,mByte=53,propid=0x21400106
05-22 07:16:18.147   344   511 D automotive.vehicle@2.0-adayo-func-bcm: BCMFunc sendMessageFromVehicle_l msgBuff[53]=0x1,start:0,len:8,temp:8,
05-22 07:16:18.147   344   511 D automotive.vehicle@2.0-adayo-func-bcm: BCMFunc sendMessageFromVehicle_l prop: 0x21400106 ,areaId: 0x0  SPLITE_BIT_DATA_INTEGER : 1
05-22 07:16:18.147   344   511 D automotive.vehicle@2.0-adayo-func-bcm: BCMFunc sendMessageFromVehicle_l id:557842694, area:0 not report! 
05-22 07:16:18.148   291  1491 D EvsDriver: forwardFrame
05-22 07:16:18.149   291  1491 D EvsDriver: Delivered 0xb400007b2f47ca30 as id 0
05-22 07:16:18.149  1137  1150 D evsmanagerd: /dev/video4 forwarded the buffer #0 to 0xb4000071fa019690 from 0xb4000071fa01b7d0
05-22 07:16:18.151  2981  3177 I SentryImuMcuAngleSender: 179.92412rollDeg
05-22 07:16:18.151  2981  3177 I SentryImuMcuAngleSender: 1,0,0
05-22 07:16:18.151   573   573 I SpiService: fgesysctrl_getGPIO_status success val=1
05-22 07:16:18.153   291  1135 D EvsDriver: doneWithFrame
05-22 07:16:18.156  1026  1026 D MyAppLog: [2026-05-22 07:16:18.155 D tboxap gpsMcuDataAnalyze:471] [Gps] [gpsMcuDataAnalyze]:$GNRMC,231617.000,V,,,,,,,210526,120.0,E,N,V*43
05-22 07:16:18.156  1026  1026 D MyAppLog: 
05-22 07:16:18.156  1026  1026 D MyAppLog: [2026-05-22 07:16:18.155 D tboxap gpsMcuDataAnalyze:556] [Gps] stGps.stat:0, latitude:0 , longtitude:0,sped:0,direction:0
05-22 07:16:18.157   573   573 I SpiService: fgesysctrl_getGPIO_status success val=1
05-22 06:34:51.900   573   573 D spi_rst_gpio_get_output: GPIO 145 value: 1
05-22 06:34:51.900   573   573 D spidev_ioctl: gpio status=1)
05-22 07:16:18.163   573   573 I SpiService: fgesysctrl_getGPIO_status success val=1
05-22 07:16:18.163   544   544 D commservice260303: msg.id = 1028,0
05-22 07:16:18.163   544   544 D commservice260303: i = 170, msgid = 8A000404
05-22 07:16:18.163   544   544 D commservice260303: msgid = -1979710460,did=138
05-22 07:16:18.163   544   544 D commservice260303: CommProtocolLibCmdBaseI2C::dataproc {"command":{"id":"imu_status","sub":""},"content":{"TimeStamp":1779405378163,"FrameCounter":15652,"GD_X":-0.009314822033047676,"GD_Y":0.007712244056165218,"GD_Z":0.01756177842617035,"AD_X":-0.003420114517211914,"AD_Y":0.0021009547635912895,"AD_Z":-0.327239990234375,"TempDsp":0,"Status":0,"CalibState":1,"SigAmpInvalid":0}},-1979710460
05-22 07:16:18.164   544   544 D commservice260303: send2Cluster len:323, 7B22636F6D6D616E64223A7B226964223A22696D755F737461747573222C22737562223A22227D2C22636F6E74656E74223A7B2254696D655374616D70223A313737393430353337383136332C224672616D65436F756E746572223A31353635322C2247445F58223A2D302E3030393331343832323033333034373637362C2247445F59223A302E3030373731323234343035363136353231382C2247445F5A223A302E30313735363137373834323631373033352C2241445F58223A2D302E3030333432303131343531373231313931342C2241445F59223A302E303032313030393534373633353931323839352C2241445F5A223A2D302E3332373233393939303233343337352C2254656D70447370223A302C22537461747573223A302C2243616C69625374617465223A312C22536967416D70496E76616C6964223A307D7D, 138 
05-22 07:16:18.164   544   544 D commservice260303: Push Message into SendPool fn=1950220288
05-22 07:16:18.164   544   544 D commservice260303: ComProtocolLibSend2Cluster::send2ClusterRaw fn=1950220288 , len=339
05-22 07:16:18.164   544   544 D commservice260303: sendCmdToPort :339!!!
05-22 07:16:18.164   544   544 D commservice260303: send Cmd To Port ++++5AA5014F8A0100003E746A0F92427B22636F6D6D616E64223A7B226964223A22696D755F737461747573222C22737562223A22227D2C22636F6E74656E74223A7B2254696D655374616D70223A313737393430353337383136332C224672616D65436F756E746572223A31353635322C2247445F58223A2D302E3030393331343832323033333034373637362C2247445F59223A302E3030373731323234343035363136353231382C2247445F5A223A302E30313735363137373834323631373033352C2241445F58223A2D302E3030333432303131343531373231313931342C2241445F59223A302E303032313030393534373633353931323839352C2241445F5A223A2D302E3332373233393939303233343337352C2254656D70447370223A302C22537461747573223A302C2243616C69625374617465223A312C22536967416D70496E76616C6964223A307D7D9C32
05-22 07:16:18.164   544   544 D commservice260303: bufferevent_write retrun value = 0
05-22 07:16:18.164   544   567 D commservice260303: client datas send succeed,send finish
05-22 07:16:18.165  2981  3178 D Sentinelmode_1.2.5.13_alpha: <SentryImuClusterFgeSender>imu_status sent to Linux, frame=15652, tsNs=663138, tsMs=1779405378163, intervalMs=40, ad=(-0.0034201145,0.0021009548,-0.32724), gd=(-0.009314822,0.007712244,0.017561778)
05-22 06:34:51.906   573   573 D spi_rst_gpio_get_output: GPIO 145 value: 1
05-22 06:34:51.906   573   573 D spidev_ioctl: gpio status=1)
05-22 07:16:18.168   573   573 I SpiService: fgesysctrl_getGPIO_status success val=0
05-22 07:16:18.168   486   579 I mcuc    : send SPI:6AA6020CFD000289006A
05-22 07:16:18.172  2981  3177 I SentryImuMcuAngleSender: 179.91032rollDeg
05-22 07:16:18.172  2981  3177 I SentryImuMcuAngleSender: 1,0,0
05-22 07:16:18.185   573   573 I SpiService: fgesysctrl_getGPIO_status success val=1
05-22 06:34:51.928   573   573 D spidev_ioctl: gpio status=1)
05-22 07:16:18.190   573   573 I SpiService: fgesysctrl_getGPIO_status success val=1
05-22 07:16:18.191   291  1491 D EvsDriver: forwardFrame
05-22 07:16:18.192  2981  3177 I SentryImuMcuAngleSender: 179.90341rollDeg
05-22 07:16:18.193  2981  3177 I SentryImuMcuAngleSender: 1,0,0
05-22 07:16:18.193   291  1491 D EvsDriver: Delivered 0xb400007b2f47ca30 as id 0
05-22 07:16:18.193  1137  1150 D evsmanagerd: /dev/video4 forwarded the buffer #0 to 0xb4000071fa019690 from 0xb4000071fa01b7d0
05-22 07:16:18.197   573   573 I SpiService: fgesysctrl_getGPIO_status success val=1
05-22 07:16:18.199   291  1135 D EvsDriver: doneWithFrame
05-22 07:16:18.203   573   573 I SpiService: fgesysctrl_getGPIO_status success val=1
05-22 07:16:18.206   544   544 D commservice260303: msg.id = 1028,1
05-22 07:16:18.206   544   544 D commservice260303: i = 170, msgid = 8A000404
05-22 07:16:18.206   544   544 D commservice260303: msgid = -1979710460,did=138
05-22 07:16:18.206   544   544 D commservice260303: CommProtocolLibCmdBaseI2C::dataproc {"command":{"id":"imu_status","sub":""},"content":{"TimeStamp":1779405378204,"FrameCounter":15653,"GD_X":-0.008245917037129402,"GD_Y":0.007788185961544514,"GD_Z":0.01756177842617035,"AD_X":-0.004639916121959686,"AD_Y":0.003317880444228649,"AD_Z":-0.3247995376586914,"TempDsp":0,"Status":0,"CalibState":1,"SigAmpInvalid":0}},-1979710460
05-22 07:16:18.207   544   544 D commservice260303: send2Cluster len:323, 7B22636F6D6D616E64223A7B226964223A22696D755F737461747573222C22737562223A22227D2C22636F6E74656E74223A7B2254696D655374616D70223A313737393430353337383230342C224672616D65436F756E746572223A31353635332C2247445F58223A2D302E3030383234353931373033373132393430322C2247445F59223A302E3030373738383138353936313534343531342C2247445F5A223A302E30313735363137373834323631373033352C2241445F58223A2D302E3030343633393931363132313935393638362C2241445F59223A302E3030333331373838303434343232383634392C2241445F5A223A2D302E333234373939353337363538363931342C2254656D70447370223A302C22537461747573223A302C2243616C69625374617465223A312C22536967416D70496E76616C6964223A307D7D, 138 
05-22 07:16:18.207   544   544 D commservice260303: Push Message into SendPool fn=1966997504
05-22 07:16:18.207   544   544 D commservice260303: ComProtocolLibSend2Cluster::send2ClusterRaw fn=1966997504 , len=339
05-22 07:16:18.207   544   544 D commservice260303: sendCmdToPort :339!!!
05-22 07:16:18.207   544   544 D commservice260303: send Cmd To Port ++++5AA5014F8A0100003E756A0F92427B22636F6D6D616E64223A7B226964223A22696D755F737461747573222C22737562223A22227D2C22636F6E74656E74223A7B2254696D655374616D70223A313737393430353337383230342C224672616D65436F756E746572223A31353635332C2247445F58223A2D302E3030383234353931373033373132393430322C2247445F59223A302E3030373738383138353936313534343531342C2247445F5A223A302E30313735363137373834323631373033352C2241445F58223A2D302E3030343633393931363132313935393638362C2241445F59223A302E3030333331373838303434343232383634392C2241445F5A223A2D302E333234373939353337363538363931342C2254656D70447370223A302C22537461747573223A302C2243616C69625374617465223A312C22536967416D70496E76616C6964223A307D7DECFF
05-22 07:16:18.207   544   544 D commservice260303: bufferevent_write retrun value = 0
05-22 07:16:18.207   544   567 D commservice260303: client datas send succeed,send finish
05-22 07:16:18.208  2981  3178 D Sentinelmode_1.2.5.13_alpha: <SentryImuClusterFgeSender>imu_status sent to Linux, frame=15653, tsNs=663180, tsMs=1779405378204, intervalMs=43, ad=(-0.004639916,0.0033178804,-0.32479954), gd=(-0.008245917,0.007788186,0.017561778)
05-22 07:16:18.208   558  1606 I gps_hdbd: Received: '$GNGGA,231618.000,,,,,0,00,,,M,,M,,*69
'
05-22 07:16:18.209   573   573 I SpiService: fgesysctrl_getGPIO_status success val=0
05-22 06:34:51.952   573   573 D spi_rst_gpio_get_output: GPIO 145 value: 0
05-22 06:34:51.952   573   573 D spidev_ioctl: gpio status=0)
05-22 07:16:18.210   737  1618 E SSense.fps: We could not find the file :/sys/class/display/dispc0/frame_count
05-22 07:16:18.210  1026  1026 D MyAppLog: [2026-05-22 07:16:18.209 D tboxap gspDataAnalyze:346] [Gps] rev gps data:$GNGGA,231618.000,,,,,0,00,,,M,,M,,*69
05-22 07:16:18.210  1026  1026 D MyAppLog: [2026-05-22 07:16:18.210 D tboxap gpsCommTboxmidsRecvCb:66] [Gps] [gpsCommTboxmidsRecvCb] gps nmea updated:$GNGGA,231618.000,,,,,0,00,,,M,,M,,*69
05-22 07:16:18.210  1026  1026 D MyAppLog: 
05-22 07:16:18.212   558  1606 I gps_hdbd: Received: '$GNGSA,A,1,,,,,,,,,,,,,,,,1*1D
'
05-22 07:16:18.213   558  1606 I gps_hdbd: Received: '$GNGSA,A,1,,,,,,,,,,,,,,,,3*1F
'
05-22 07:16:18.213  2981  3177 I SentryImuMcuAngleSender: 179.90341rollDeg
05-22 07:16:18.214  1026  1026 D MyAppLog: [2026-05-22 07:16:18.213 D tboxap gspDataAnalyze:346] [Gps] rev gps data:$GNGSA,A,1,,,,,,,,,,,,,,,,1*1D
05-22 07:16:18.215   964  1804 D [OMXB]  : usingANWBuffer: handle:0xebd43660, format:1, w:1920, h:1080
05-22 07:16:18.216  2981  3177 I SentryImuMcuAngleSender: 1,0,0
05-22 07:16:18.217  1026  1026 D MyAppLog: [2026-05-22 07:16:18.213 D tboxap gpsCommTboxmidsRecvCb:66] [Gps] [gpsCommTboxmidsRecvCb] gps nmea updated:$GNGSA,A,1,,,,,,,,,,,,,,,,1*1D
05-22 07:16:18.217  1026  1026 D MyAppLog: 
05-22 07:16:18.217  1026  1026 D MyAppLog: [2026-05-22 07:16:18.214 D tboxap gspDataAnalyze:346] [Gps] rev gps data:$GNGSA,A,1,,,,,,,,,,,,,,,,3*1F
05-22 07:16:18.217  1026  1026 D MyAppLog: [2026-05-22 07:16:18.214 D tboxap gpsCommTboxmidsRecvCb:66] [Gps] [gpsCommTboxmidsRecvCb] gps nmea updated:$GNGSA,A,1,,,,,,,,,,,,,,,,3*1F
05-22 07:16:18.217  1026  1026 D MyAppLog: 
05-22 07:16:18.218   558  1606 I gps_hdbd: Received: '$GNGSA,A,1,,,,,,,,,,,,,,,,4*18
'
05-22 07:16:18.219   291  1491 D EvsDriver: forwardFrame
05-22 07:16:18.220   558  1606 I gps_hdbd: Received: '$BDGSV,1,1,00,1*75
'
05-22 07:16:18.221  1026  1026 D MyAppLog: [2026-05-22 07:16:18.219 D tboxap gspDataAnalyze:346] [Gps] rev gps data:$GNGSA,A,1,,,,,,,,,,,,,,,,4*18
05-22 07:16:18.221  1026  1026 D MyAppLog: [2026-05-22 07:16:18.219 D tboxap gpsCommTboxmidsRecvCb:66] [Gps] [gpsCommTboxmidsRecvCb] gps nmea updated:$GNGSA,A,1,,,,,,,,,,,,,,,,4*18
05-22 07:16:18.221  1026  1026 D MyAppLog: 
05-22 07:16:18.221   291  1491 D EvsDriver: Delivered 0xb400007b2f47ca30 as id 0
05-22 07:16:18.221  1137  1150 D evsmanagerd: /dev/video4 forwarded the buffer #0 to 0xb4000071fa019690 from 0xb4000071fa01b7d0
05-22 07:16:18.221   565   565 I Sensors : 230 AccelSensor: x:-0.109800,y:0.016470,z:-10.130880
05-22 07:16:18.221  1026  1026 D MyAppLog: [2026-05-22 07:16:18.221 D tboxap gspDataAnalyze:346] [Gps] rev gps data:$BDGSV,1,1,00,1*75
05-22 07:16:18.222   291  1135 D EvsDriver: doneWithFrame
05-22 07:16:18.223  1026  1026 D MyAppLog: [2026-05-22 07:16:18.221 D tboxap gpsCommTboxmidsRecvCb:66] [Gps] [gpsCommTboxmidsRecvCb] gps nmea updated:$BDGSV,1,1,00,1*75
05-22 07:16:18.223  1026  1026 D MyAppLog: 
05-22 07:16:18.223   737   737 D Telecom : Logging: START_SESSION
05-22 07:16:18.224   558  1606 I gps_hdbd: Received: '$GPGSV,1,1,01,199,42,165,,1*60
'
05-22 07:16:18.224   737   737 D Telecom : Logging: END_SESSION (dur: 0 ms): TSI.iIMC@CKI
05-22 07:16:18.224   737   737 D Telecom : Logging: START_SESSION
05-22 07:16:18.224   737   737 D Telecom : Logging: END_SESSION (dur: 0 ms): TSI.iISMC(a)@CKM
05-22 07:16:18.224   558  1606 I gps_hdbd: Received: '$GAGSV,1,1,00,7*73
'
05-22 07:16:18.225   737   737 D ResponseStatsTracker: notification:+11m3s3ms; event=<updated>, pkg=com.neusoft.btmusic, usr=0
05-22 07:16:18.225   737   737 D Telecom : Logging: START_SESSION
05-22 07:16:18.225   737   737 D Telecom : Logging: END_SESSION (dur: 0 ms): TSI.gDDP@CKQ
05-22 07:16:18.226   573   573 I SpiService: fgesysctrl_getGPIO_status success val=1
05-22 07:16:18.226  1026  1026 D MyAppLog: [2026-05-22 07:16:18.225 D tboxap gspDataAnalyze:346] [Gps] rev gps data:$GPGSV,1,1,01,199,42,165,,1*60
05-22 07:16:18.226  1026  1026 D MyAppLog: [2026-05-22 07:16:18.225 D tboxap gpsCommTboxmidsRecvCb:66] [Gps] [gpsCommTboxmidsRecvCb] gps nmea updated:$GPGSV,1,1,01,199,42,165,,1*60
05-22 07:16:18.226  1026  1026 D MyAppLog: 
05-22 07:16:18.226   737   737 D Telecom : Logging: START_SESSION
05-22 07:16:18.226   737   737 D Telecom : Logging: END_SESSION (dur: 0 ms): TSI.gDDP@CKU
05-22 07:16:18.227   737   737 D Telecom : Logging: START_SESSION
05-22 07:16:18.227   737   737 D Telecom : Logging: END_SESSION (dur: 0 ms): TSI.gDDP@CKY
05-22 07:16:18.227   737   737 D Telecom : Logging: START_SESSION
05-22 07:16:18.227  1026  1026 D MyAppLog: [2026-05-22 07:16:18.226 D tboxap gspDataAnalyze:346] [Gps] rev gps data:$GAGSV,1,1,00,7*73
05-22 07:16:18.227   737   737 D Telecom : Logging: END_SESSION (dur: 0 ms): TSI.gDDP@CKc
05-22 07:16:18.227  1026  1026 D MyAppLog: [2026-05-22 07:16:18.226 D tboxap gpsCommTboxmidsRecvCb:66] [Gps] [gpsCommTboxmidsRecvCb] gps nmea updated:$GAGSV,1,1,00,7*73
05-22 07:16:18.227  1026  1026 D MyAppLog: 
05-22 07:16:18.227   737   737 D NotificationService: 0|com.neusoft.btmusic|8001|null|1000: updating permissions
05-22 07:16:18.228   737   737 D NotificationService: 0|com.neusoft.btmusic|8001|null|1000: updating permissions
05-22 07:16:18.228   737   737 D NotificationService: 0|com.neusoft.btmusic|8001|null|1000: updating permissions
05-22 07:16:18.228   737   737 D NotificationService: 0|com.neusoft.btmusic|8001|null|1000: updating permissions
05-22 07:16:18.228   737   737 D NotificationService: 0|com.neusoft.btmusic|8001|null|1000: updating permissions
05-22 07:16:18.228   737   737 D NotificationService: 0|com.neusoft.btmusic|8001|null|1000: updating permissions
05-22 07:16:18.229   558  1606 I gps_hdbd: Received: '$GNRMC,231618.000,V,,,,,,,210526,120.0,E,N,V*4C
'
05-22 07:16:18.230   558  1606 I gps_hdbd: RMC : CALL gnss_sv_status_cb, view_in_sat <1>
05-22 07:16:18.230   558  1606 I gps_hdbd: [reportSvStatus]--->PLATFORM_BSP::Enter
05-22 07:16:18.230   558  1606 I gps_hdbd: hy abnormal deal:hy_cnr30_satellite_cnt=0
05-22 07:16:18.230   276   300 I rvcservice: t.code = 0, t.value = 0
05-22 07:16:18.230   558  1606 D gps_hdbd: hy abnormal deal:hy_fixStatus_fail_count=0
05-22 07:16:18.231  1026  1026 D MyAppLog: [2026-05-22 07:16:18.230 D tboxap gspDataAnalyze:346] [Gps] rev gps data:$GNRMC,231618.000,V,,,,,,,210526,120.0,E,N,V*4C
05-22 07:16:18.231   573   573 I SpiService: fgesysctrl_getGPIO_status success val=1
05-22 07:16:18.231   737  1616 D PowerController.AppState: - updateNotification() E -
05-22 07:16:18.231  1026  1026 D MyAppLog: [2026-05-22 07:16:18.230 D tboxap Real_GPS_Command_Process:293] [Gps] GPS_INFOR_IF_COMPLETED 0f
05-22 07:16:18.232  1026  1026 D MyAppLog: [2026-05-22 07:16:18.230 D tboxap gpsCommDataCb:143] [Gps] [gpsCommDataCb] datacb
05-22 07:16:18.232  1026  1026 W MyAppLog: [2026-05-22 07:16:18.230 W tboxap gpsSyncGpsInfoToDm:263] [Gps] [gpsSyncGpsInfoToDm] fix=0 mode=49 alt=0.00 sat=0 hdop=0.00 pdop=0.00 vdop=0.00
05-22 07:16:18.232  1026  1026 D MyAppLog: [2026-05-22 07:16:18.230 D tboxap gpsIpcInfoCallBack:161] [Gps] [gpsIpcInfoCallBack] gpsIpcInfoCallBack in
05-22 07:16:18.232  1026  1026 D MyAppLog: [2026-05-22 07:16:18.230 D tboxap gpsIpcInfoCallBack:168] [Gps] [gpsIpcInfoCallBack] gps ipc init gpsIpcInfoCallBack = 0x64d0daa0fc
05-22 07:16:18.232  1026  1026 D MyAppLog: [2026-05-22 07:16:18.231 D tboxap gpsIpcInfoCallBack:176] [Gps] [gpsIpcInfoCallBack] gpsIpcInfoCallBack 44 out
05-22 07:16:18.232  1026  1026 D MyAppLog: [2026-05-22 07:16:18.231 D tboxap gpsCommTboxmidsRecvCb:66] [Gps] [gpsCommTboxmidsRecvCb] gps nmea updated:$GNRMC,231618.000,V,,,,,,,210526,120.0,E,N,V*4C
05-22 07:16:18.232  1026  1026 D MyAppLog: 
05-22 07:16:18.232  1517  1517 D CarNotificationListener: onNotificationPosted: StatusBarNotification(pkg=com.neusoft.btmusic user=UserHandle{0} id=8001 tag=null key=0|com.neusoft.btmusic|8001|null|1000: Notification(channel=media_playback_channel shortcut=null contentView=null vibrate=null sound=null defaults=0x0 flags=0x6a color=0x00000000 category=transport groupKey=silent actions=3 vis=PUBLIC))
05-22 07:16:18.233  1026  1026 D MyAppLog: [2026-05-22 07:16:18.231 D tboxap GpsIpcInfoHandler:133] [Gps] [GpsIpcInfoHandler]  time 
05-22 07:16:18.234  1812  1812 I ExtAssistant: POSTED 0|com.neusoft.btmusic|8001|null|1000
05-22 07:16:18.234   737   737 D Telecom : Logging: START_SESSION
05-22 07:16:18.235   737   737 D Telecom : Logging: END_SESSION (dur: 0 ms): TSI.iIMC@CKg
05-22 07:16:18.235   737   737 D Telecom : Logging: START_SESSION
05-22 07:16:18.235   737   737 D Telecom : Logging: END_SESSION (dur: 0 ms): TSI.iISMC(a)@CKk
05-22 07:16:18.235   737   737 D ResponseStatsTracker: notification:+11m3s13ms; event=<updated>, pkg=com.neusoft.btmusic, usr=0
05-22 07:16:18.235   558  1606 I gps_hdbd: Received: '$GNZDA,231618.000,21,05,2026,00,00*47
'
05-22 07:16:18.236   737   737 D Telecom : Logging: START_SESSION
05-22 07:16:18.236   737   737 D Telecom : Logging: END_SESSION (dur: 0 ms): TSI.gDDP@CKo
05-22 07:16:18.236   737   737 D Telecom : Logging: START_SESSION
05-22 07:16:18.237   737   737 D Telecom : Logging: END_SESSION (dur: 1 ms): TSI.gDDP@CKs
05-22 07:16:18.237   737   737 D Telecom : Logging: START_SESSION
05-22 07:16:18.237   573   573 I SpiService: fgesysctrl_getGPIO_status success val=1
05-22 07:16:18.237   737   737 D Telecom : Logging: END_SESSION (dur: 0 ms): TSI.gDDP@CKw
05-22 07:16:18.237   737   737 D Telecom : Logging: START_SESSION
05-22 07:16:18.238   737   737 D Telecom : Logging: END_SESSION (dur: 0 ms): TSI.gDDP@CK0
05-22 07:16:18.237  2981  3177 I SentryImuMcuAngleSender: 179.90686rollDeg
05-22 07:16:18.239  2981  3177 I SentryImuMcuAngleSender: 1,0,0
05-22 07:16:18.239   737   737 D NotificationService: 0|com.neusoft.btmusic|8001|null|1000: updating permissions
05-22 07:16:18.239   737   737 D NotificationService: 0|com.neusoft.btmusic|8001|null|1000: updating permissions
05-22 07:16:18.239   737   737 D NotificationService: 0|com.neusoft.btmusic|8001|null|1000: updating permissions
05-22 07:16:18.239   737   737 D NotificationService: 0|com.neusoft.btmusic|8001|null|1000: updating permissions
05-22 07:16:18.239   737   737 D NotificationService: 0|com.neusoft.btmusic|8001|null|1000: updating permissions
05-22 07:16:18.240   737   737 D NotificationService: 0|com.neusoft.btmusic|8001|null|1000: updating permissions
05-22 07:16:18.240  1517  1517 D CarNotificationListener: Is incoming notification a group summary?: false
05-22 07:16:18.241  1026  1026 D MyAppLog: [2026-05-22 07:16:18.240 D tboxap gspDataAnalyze:346] [Gps] rev gps data:$GNZDA,231618.000,21,05,2026,00,00*47
05-22 07:16:18.241   558  1606 I gps_hdbd: Received: '$GNGST,231618.000,,,,,,,*58
'
05-22 07:16:18.241  1026  1026 D MyAppLog: [2026-05-22 07:16:18.240 D tboxap gpsCommTboxmidsRecvCb:66] [Gps] [gpsCommTboxmidsRecvCb] gps nmea updated:$GNZDA,231618.000,21,05,2026,00,00*47
05-22 07:16:18.241  1026  1026 D MyAppLog: 
05-22 07:16:18.241  1517  1517 D NavBarFragment: onShow: AlertEntry:StatusBarNotification(pkg=com.neusoft.btmusic user=UserHandle{0} id=8001 tag=null key=0|com.neusoft.btmusic|8001|null|1000: Notification(channel=media_playback_channel shortcut=null contentView=null vibrate=null sound=null defaults=0x0 flags=0x6a color=0x00000000 category=transport groupKey=silent actions=3 vis=PUBLIC))
05-22 07:16:18.241  1517  1517 D NavBarFragment: bindMediaActions: action[0] title=Previous, intent=PendingIntent{293e10f: android.os.BinderProxy@beb4470}
05-22 07:16:18.242  1517  1517 D NavBarFragment: bindMediaActions: action[1] title=Pause, intent=PendingIntent{823959c: android.os.BinderProxy@b332c26}
05-22 07:16:18.242  1517  1517 D NavBarFragment: bindMediaActions: action[2] title=Next, intent=PendingIntent{1646ba5: android.os.BinderProxy@d0c76b3}
05-22 07:16:18.242  1517  1517 D NavBarFragment: bindMediaActions: previous=0, playPause=1, next=2, key=0|com.neusoft.btmusic|8001|null|1000
05-22 07:16:18.242  1517  1517 D NavBarFragment: updateMediaInfo: title=狂沙漫卷 无畏无惧 历经磨铁血丹心, text=凌绝顶-梓渝, pkg=com.neusoft.btmusic
05-22 07:16:18.242   573   573 I SpiService: fgesysctrl_getGPIO_status success val=1
05-22 07:16:18.244  1812  1812 I ExtAssistant: POSTED 0|com.neusoft.btmusic|8001|null|1000
05-22 07:16:18.245   544   544 D commservice260303: msg.id = 1028,0
05-22 07:16:18.245   544   544 D commservice260303: i = 170, msgid = 8A000404
05-22 07:16:18.246   544   544 D commservice260303: msgid = -1979710460,did=138
05-22 07:16:18.246   544   544 D commservice260303: CommProtocolLibCmdBaseI2C::dataproc {"command":{"id":"imu_status","sub":""},"content":{"TimeStamp":1779405378245,"FrameCounter":15654,"GD_X":-0.008933032862842083,"GD_Y":0.00794111005961895,"GD_Z":0.01779116503894329,"AD_X":-9.80474054813385E-4,"AD_Y":2.6656221598386765E-4,"AD_Z":-0.3247995376586914,"TempDsp":0,"Status":0,"CalibState":1,"SigAmpInvalid":0}},-1979710460
05-22 06:34:51.986   573   573 D spi_rst_gpio_get_output: GPIO 145 value: 1
05-22 06:34:51.986   573   573 D spidev_ioctl: gpio status=1)
05-22 07:16:18.246   544   544 D commservice260303: send2Cluster len:322, 7B22636F6D6D616E64223A7B226964223A22696D755F737461747573222C22737562223A22227D2C22636F6E74656E74223A7B2254696D655374616D70223A313737393430353337383234352C224672616D65436F756E746572223A31353635342C2247445F58223A2D302E3030383933333033323836323834323038332C2247445F59223A302E30303739343131313030353936313839352C2247445F5A223A302E30313737393131363530333839343332392C2241445F58223A2D392E3830343734303534383133333835452D342C2241445F59223A322E36363536323231353938333836373635452D342C2241445F5A223A2D302E333234373939353337363538363931342C2254656D70447370223A302C22537461747573223A302C2243616C69625374617465223A312C22536967416D70496E76616C6964223A307D7D, 138 
05-22 07:16:18.246   544   544 D commservice260303: Push Message into SendPool fn=1983774720
05-22 07:16:18.246   544   544 D commservice260303: ComProtocolLibSend2Cluster::send2ClusterRaw fn=1983774720 , len=338
05-22 07:16:18.246   544   544 D commservice260303: sendCmdToPort :338!!!
05-22 07:16:18.246   544   544 D commservice260303: send Cmd To Port ++++5AA5014E8A0100003E766A0F92427B22636F6D6D616E64223A7B226964223A22696D755F737461747573222C22737562223A22227D2C22636F6E74656E74223A7B2254696D655374616D70223A313737393430353337383234352C224672616D65436F756E746572223A31353635342C2247445F58223A2D302E3030383933333033323836323834323038332C2247445F59223A302E30303739343131313030353936313839352C2247445F5A223A302E30313737393131363530333839343332392C2241445F58223A2D392E3830343734303534383133333835452D342C2241445F59223A322E36363536323231353938333836373635452D342C2241445F5A223A2D302E333234373939353337363538363931342C2254656D70447370223A302C22537461747573223A302C2243616C69625374617465223A312C22536967416D70496E76616C6964223A307D7D958B
05-22 07:16:18.246   544   544 D commservice260303: bufferevent_write retrun value = 0
05-22 07:16:18.247   544   567 D commservice260303: client datas send succeed,send finish
05-22 07:16:18.247  2981  3178 D Sentinelmode_1.2.5.13_alpha: <SentryImuClusterFgeSender>imu_status sent to Linux, frame=15654, tsNs=663221, tsMs=1779405378245, intervalMs=39, ad=(-9.80474E-4,2.6656222E-4,-0.32479954), gd=(-0.008933033,0.00794111,0.017791165)
05-22 07:16:18.247   737  1616 D PowerController.AppState: - updateNotification() E -
05-22 07:16:18.248   573   573 I SpiService: fgesysctrl_getGPIO_status success val=0
05-22 07:16:18.254   291  1491 D EvsDriver: forwardFrame
05-22 07:16:18.256   291  1491 D EvsDriver: Delivered 0xb400007b2f47ca30 as id 0
05-22 07:16:18.256  1137  1150 D evsmanagerd: /dev/video4 forwarded the buffer #0 to 0xb4000071fa019690 from 0xb4000071fa01b7d0
05-22 07:16:18.258   558  1606 I gps_hdbd: Received: '$GNINS,1,1,TYPE,I,V,231618.000,646200,FUS,-15,0,0,0,MOT,V,1,PATT,0.00,0.00,0.00,VEL,0.000,0.000,0.000,POS,39.9999846247,115.9999771395,108.489,IIA,1,0.00,0.00,0.00,BGA,0.44,-0.52,-1.01,0.000,0.000,0.000,IGA,0,-1,-1,0,-1,99,VG,16c2ff1*37
'
05-22 07:16:18.259   291  1135 D EvsDriver: doneWithFrame
05-22 07:16:18.259  2981  3177 I SentryImuMcuAngleSender: 179.92065rollDeg
05-22 07:16:18.260  2981  3177 I SentryImuMcuAngleSender: 1,0,0
05-22 07:16:18.261  1517  1517 D CarNotificationListener: onNotificationPosted: StatusBarNotification(pkg=com.neusoft.btmusic user=UserHandle{0} id=8001 tag=null key=0|com.neusoft.btmusic|8001|null|1000: Notification(channel=media_playback_channel shortcut=null contentView=null vibrate=null sound=null defaults=0x0 flags=0x6a color=0x00000000 category=transport groupKey=silent actions=3 vis=PUBLIC))
