05-22 07:16:24.584   291  1491 D EvsDriver: Delivered 0xb400007b2f47ca30 as id 0
05-22 07:16:24.584  1137  1137 D evsmanagerd: /dev/video4 forwarded the buffer #0 to 0xb4000071fa019690 from 0xb4000071fa01b7d0
05-22 07:16:24.584  2981  3177 I SentryImuMcuAngleSender: 179.93103rollDeg
05-22 07:16:24.585  2981  3177 I SentryImuMcuAngleSender: 1,0,0
05-22 06:34:58.327   573   573 D spi_rst_gpio_get_output: GPIO 145 value: 0
05-22 06:34:58.327   573   573 D spidev_ioctl: gpio status=0)
05-22 07:16:24.587   291  1135 D EvsDriver: doneWithFrame
05-22 07:16:24.592   544   544 W commservice260303: [FgeComService::getAQConnectStatus:378]
05-22 07:16:24.593   544   544 W commservice260303: [mcuCommFunctionTcp::getAQConnectStatus:406] 1
05-22 07:16:24.593   544   544 W commservice260303: [FgeComService::getAQConnectStatus:380] status:1
05-22 07:16:24.593  2109  2109 E ivicomm_CommManager: getA2lConnectStatus aqConnectStatus:1
05-22 07:16:24.593  2109  2109 D ivicomm_ConnectStateManager: notifyState newState=1curState=1
05-22 07:16:24.594   824   824 D SurfaceFlinger: unisoc-graphics, commit has frameMissed:2, vysncId:343311
05-22 07:16:24.594   486   580 I mcuc    : rev,n=1,6AA6810D21002489005F06000307010101010101010101010101010101010101010101010101010101010118
05-22 07:16:24.595   344   361 D automotive.vehicle@2.0-adayo-datacomm-mcu: MCUDatacomm sendMessageFromVehicle prop: 0x89, areaId: 0x0, status: 0x5f, timestamp: 0x6
05-22 07:16:24.595   344   361 D automotive.vehicle@2.0-adayo-datacomm-mcu: MCUDatacomm 1sendMessageFromVehicle ---> type = 3 
05-22 07:16:24.595   344   361 D automotive.vehicle@2.0-adayo-func-bcm: sendMessageFromVehicle sendMessageFromVehicle
05-22 07:16:24.595   344   511 D automotive.vehicle@2.0-adayo-func-bcm: jjfan1 ______procotolSize :29
05-22 07:16:24.595   344   511 D automotive.vehicle@2.0-adayo-func-bcm: BCMFunc sendMessageFromVehicle_l dataType: 12,mByte=7,propid=0x21400084
05-22 07:16:24.595   344   511 D automotive.vehicle@2.0-adayo-func-bcm: BCMFunc sendMessageFromVehicle_l msgBuff[7]=0x1,start:0,len:8,temp:8,
05-22 07:16:24.595   344   511 D automotive.vehicle@2.0-adayo-func-bcm: BCMFunc sendMessageFromVehicle_l prop: 0x21400084 ,areaId: 0x0  SPLITE_BIT_DATA_INTEGER : 1
05-22 07:16:24.595   344   511 D automotive.vehicle@2.0-adayo-func-bcm: BCMFunc sendMessageFromVehicle_l id:557842564, area:0 not report! 
05-22 07:16:24.595   344   511 D automotive.vehicle@2.0-adayo-func-bcm: BCMFunc sendMessageFromVehicle_l dataType: 12,mByte=8,propid=0x21400085
05-22 07:16:24.595   344   511 D automotive.vehicle@2.0-adayo-func-bcm: BCMFunc sendMessageFromVehicle_l msgBuff[8]=0x1,start:0,len:8,temp:8,
05-22 07:16:24.595   344   511 D automotive.vehicle@2.0-adayo-func-bcm: BCMFunc sendMessageFromVehicle_l prop: 0x21400085 ,areaId: 0x0  SPLITE_BIT_DATA_INTEGER : 1
05-22 07:16:24.595   344   511 D automotive.vehicle@2.0-adayo-func-bcm: BCMFunc sendMessageFromVehicle_l id:557842565, area:0 not report! 
05-22 07:16:24.595   344   511 D automotive.vehicle@2.0-adayo-func-bcm: BCMFunc sendMessageFromVehicle_l dataType: 12,mByte=9,propid=0x214000a1
05-22 07:16:24.595   344   511 D automotive.vehicle@2.0-adayo-func-bcm: BCMFunc sendMessageFromVehicle_l msgBuff[9]=0x1,start:0,len:8,temp:8,
05-22 07:16:24.595   344   511 D automotive.vehicle@2.0-adayo-func-bcm: BCMFunc sendMessageFromVehicle_l prop: 0x214000a1 ,areaId: 0x0  SPLITE_BIT_DATA_INTEGER : 1
05-22 07:16:24.595   344   511 D automotive.vehicle@2.0-adayo-func-bcm: BCMFunc sendMessageFromVehicle_l id:557842593, area:0 not report! 
05-22 07:16:24.596   344   511 D automotive.vehicle@2.0-adayo-func-bcm: BCMFunc sendMessageFromVehicle_l dataType: 12,mByte=10,propid=0x214000a2
05-22 07:16:24.596   344   511 D automotive.vehicle@2.0-adayo-func-bcm: BCMFunc sendMessageFromVehicle_l msgBuff[10]=0x1,start:0,len:8,temp:8,
05-22 07:16:24.596   344   511 D automotive.vehicle@2.0-adayo-func-bcm: BCMFunc sendMessageFromVehicle_l prop: 0x214000a2 ,areaId: 0x0  SPLITE_BIT_DATA_INTEGER : 1
05-22 07:16:24.596   344   511 D automotive.vehicle@2.0-adayo-func-bcm: BCMFunc sendMessageFromVehicle_l id:557842594, area:0 not report! 
05-22 07:16:24.596   344   511 D automotive.vehicle@2.0-adayo-func-bcm: BCMFunc sendMessageFromVehicle_l dataType: 12,mByte=11,propid=0x21400080
05-22 07:16:24.596   344   511 D automotive.vehicle@2.0-adayo-func-bcm: BCMFunc sendMessageFromVehicle_l msgBuff[11]=0x1,start:0,len:8,temp:8,
05-22 07:16:24.596   344   511 D automotive.vehicle@2.0-adayo-func-bcm: BCMFunc sendMessageFromVehicle_l prop: 0x21400080 ,areaId: 0x0  SPLITE_BIT_DATA_INTEGER : 1
05-22 07:16:24.596   344   511 D automotive.vehicle@2.0-adayo-func-bcm: BCMFunc sendMessageFromVehicle_l id:557842560, area:0 not report! 
05-22 07:16:24.596   344   511 D automotive.vehicle@2.0-adayo-func-bcm: BCMFunc sendMessageFromVehicle_l dataType: 12,mByte=12,propid=0x214000b0
05-22 07:16:24.596   344   511 D automotive.vehicle@2.0-adayo-func-bcm: BCMFunc sendMessageFromVehicle_l msgBuff[12]=0x1,start:0,len:8,temp:8,
05-22 07:16:24.596   344   511 D automotive.vehicle@2.0-adayo-func-bcm: BCMFunc sendMessageFromVehicle_l prop: 0x214000b0 ,areaId: 0x0  SPLITE_BIT_DATA_INTEGER : 1
05-22 07:16:24.596   344   511 D automotive.vehicle@2.0-adayo-func-bcm: BCMFunc sendMessageFromVehicle_l id:557842608, area:0 not report! 
05-22 07:16:24.596   344   511 D automotive.vehicle@2.0-adayo-func-bcm: BCMFunc sendMessageFromVehicle_l dataType: 12,mByte=13,propid=0x2140007b
05-22 07:16:24.596   344   511 D automotive.vehicle@2.0-adayo-func-bcm: BCMFunc sendMessageFromVehicle_l msgBuff[13]=0x1,start:0,len:8,temp:8,
05-22 07:16:24.596   344   511 D automotive.vehicle@2.0-adayo-func-bcm: BCMFunc sendMessageFromVehicle_l prop: 0x2140007b ,areaId: 0x0  SPLITE_BIT_DATA_INTEGER : 1
05-22 07:16:24.596   344   511 D automotive.vehicle@2.0-adayo-func-bcm: BCMFunc sendMessageFromVehicle_l id:557842555, area:0 not report! 
05-22 07:16:24.596   344   511 D automotive.vehicle@2.0-adayo-func-bcm: BCMFunc sendMessageFromVehicle_l dataType: 12,mByte=14,propid=0x2140007c
05-22 07:16:24.596   344   511 D automotive.vehicle@2.0-adayo-func-bcm: BCMFunc sendMessageFromVehicle_l msgBuff[14]=0x1,start:0,len:8,temp:8,
05-22 07:16:24.597   344   511 D automotive.vehicle@2.0-adayo-func-bcm: BCMFunc sendMessageFromVehicle_l prop: 0x2140007c ,areaId: 0x0  SPLITE_BIT_DATA_INTEGER : 1
05-22 07:16:24.597   344   511 D automotive.vehicle@2.0-adayo-func-bcm: BCMFunc sendMessageFromVehicle_l id:557842556, area:0 not report! 
05-22 07:16:24.597   344   511 D automotive.vehicle@2.0-adayo-func-bcm: BCMFunc sendMessageFromVehicle_l dataType: 12,mByte=15,propid=0x21400081
05-22 07:16:24.597   344   511 D automotive.vehicle@2.0-adayo-func-bcm: BCMFunc sendMessageFromVehicle_l msgBuff[15]=0x1,start:0,len:8,temp:8,
05-22 07:16:24.597   344   511 D automotive.vehicle@2.0-adayo-func-bcm: BCMFunc sendMessageFromVehicle_l prop: 0x21400081 ,areaId: 0x0  SPLITE_BIT_DATA_INTEGER : 1
05-22 07:16:24.597   344   511 D automotive.vehicle@2.0-adayo-func-bcm: BCMFunc sendMessageFromVehicle_l id:557842561, area:0 not report! 
05-22 07:16:24.597   344   511 D automotive.vehicle@2.0-adayo-func-bcm: BCMFunc sendMessageFromVehicle_l dataType: 12,mByte=16,propid=0x214000a3
05-22 07:16:24.597   344   511 D automotive.vehicle@2.0-adayo-func-bcm: BCMFunc sendMessageFromVehicle_l msgBuff[16]=0x1,start:0,len:8,temp:8,
05-22 07:16:24.597   344   511 D automotive.vehicle@2.0-adayo-func-bcm: BCMFunc sendMessageFromVehicle_l prop: 0x214000a3 ,areaId: 0x0  SPLITE_BIT_DATA_INTEGER : 1
05-22 07:16:24.597   344   511 D automotive.vehicle@2.0-adayo-func-bcm: BCMFunc sendMessageFromVehicle_l id:557842595, area:0 not report! 
05-22 07:16:24.597   344   511 D automotive.vehicle@2.0-adayo-func-bcm: BCMFunc sendMessageFromVehicle_l dataType: 12,mByte=17,propid=0x2140007d
05-22 07:16:24.597   344   511 D automotive.vehicle@2.0-adayo-func-bcm: BCMFunc sendMessageFromVehicle_l msgBuff[17]=0x1,start:0,len:8,temp:8,
05-22 07:16:24.597   344   511 D automotive.vehicle@2.0-adayo-func-bcm: BCMFunc sendMessageFromVehicle_l prop: 0x2140007d ,areaId: 0x0  SPLITE_BIT_DATA_INTEGER : 1
05-22 07:16:24.597   344   511 D automotive.vehicle@2.0-adayo-func-bcm: BCMFunc sendMessageFromVehicle_l id:557842557, area:0 not report! 
05-22 07:16:24.597   344   511 D automotive.vehicle@2.0-adayo-func-bcm: BCMFunc sendMessageFromVehicle_l dataType: 12,mByte=18,propid=0x21400082
05-22 07:16:24.597   344   511 D automotive.vehicle@2.0-adayo-func-bcm: BCMFunc sendMessageFromVehicle_l msgBuff[18]=0x1,start:0,len:8,temp:8,
05-22 07:16:24.598   573   573 I SpiService: fgesysctrl_getGPIO_status success val=1
05-22 07:16:24.598   344   511 D automotive.vehicle@2.0-adayo-func-bcm: BCMFunc sendMessageFromVehicle_l prop: 0x21400082 ,areaId: 0x0  SPLITE_BIT_DATA_INTEGER : 1
05-22 07:16:24.598   344   511 D automotive.vehicle@2.0-adayo-func-bcm: BCMFunc sendMessageFromVehicle_l id:557842562, area:0 not report! 
05-22 07:16:24.598   344   511 D automotive.vehicle@2.0-adayo-func-bcm: BCMFunc sendMessageFromVehicle_l dataType: 12,mByte=19,propid=0x214000a4
05-22 07:16:24.598   344   511 D automotive.vehicle@2.0-adayo-func-bcm: BCMFunc sendMessageFromVehicle_l msgBuff[19]=0x1,start:0,len:8,temp:8,
05-22 07:16:24.598   344   511 D automotive.vehicle@2.0-adayo-func-bcm: BCMFunc sendMessageFromVehicle_l prop: 0x214000a4 ,areaId: 0x0  SPLITE_BIT_DATA_INTEGER : 1
05-22 07:16:24.598   344   511 D automotive.vehicle@2.0-adayo-func-bcm: BCMFunc sendMessageFromVehicle_l id:557842596, area:0 not report! 
05-22 07:16:24.598   344   511 D automotive.vehicle@2.0-adayo-func-bcm: BCMFunc sendMessageFromVehicle_l dataType: 12,mByte=20,propid=0x214000a5
05-22 07:16:24.598   344   511 D automotive.vehicle@2.0-adayo-func-bcm: BCMFunc sendMessageFromVehicle_l msgBuff[20]=0x1,start:0,len:8,temp:8,
05-22 07:16:24.598   344   511 D automotive.vehicle@2.0-adayo-func-bcm: BCMFunc sendMessageFromVehicle_l prop: 0x214000a5 ,areaId: 0x0  SPLITE_BIT_DATA_INTEGER : 1
05-22 07:16:24.598   344   511 D automotive.vehicle@2.0-adayo-func-bcm: BCMFunc sendMessageFromVehicle_l id:557842597, area:0 not report! 
05-22 07:16:24.598   344   511 D automotive.vehicle@2.0-adayo-func-bcm: BCMFunc sendMessageFromVehicle_l dataType: 12,mByte=21,propid=0x21400083
05-22 07:16:24.598   344   511 D automotive.vehicle@2.0-adayo-func-bcm: BCMFunc sendMessageFromVehicle_l msgBuff[21]=0x1,start:0,len:8,temp:8,
05-22 07:16:24.598   344   511 D automotive.vehicle@2.0-adayo-func-bcm: BCMFunc sendMessageFromVehicle_l prop: 0x21400083 ,areaId: 0x0  SPLITE_BIT_DATA_INTEGER : 1
05-22 07:16:24.598   344   511 D automotive.vehicle@2.0-adayo-func-bcm: BCMFunc sendMessageFromVehicle_l id:557842563, area:0 not report! 
05-22 07:16:24.598   344   511 D automotive.vehicle@2.0-adayo-func-bcm: BCMFunc sendMessageFromVehicle_l dataType: 12,mByte=22,propid=0x214000a6
05-22 07:16:24.598   344   511 D automotive.vehicle@2.0-adayo-func-bcm: BCMFunc sendMessageFromVehicle_l msgBuff[22]=0x1,start:0,len:8,temp:8,
05-22 07:16:24.598   344   511 D automotive.vehicle@2.0-adayo-func-bcm: BCMFunc sendMessageFromVehicle_l prop: 0x214000a6 ,areaId: 0x0  SPLITE_BIT_DATA_INTEGER : 1
05-22 07:16:24.598   344   511 D automotive.vehicle@2.0-adayo-func-bcm: BCMFunc sendMessageFromVehicle_l id:557842598, area:0 not report! 
05-22 07:16:24.599   344   511 D automotive.vehicle@2.0-adayo-func-bcm: BCMFunc sendMessageFromVehicle_l dataType: 12,mByte=23,propid=0x2140007e
05-22 07:16:24.599   344   511 D automotive.vehicle@2.0-adayo-func-bcm: BCMFunc sendMessageFromVehicle_l msgBuff[23]=0x1,start:0,len:8,temp:8,
05-22 07:16:24.599   344   511 D automotive.vehicle@2.0-adayo-func-bcm: BCMFunc sendMessageFromVehicle_l prop: 0x2140007e ,areaId: 0x0  SPLITE_BIT_DATA_INTEGER : 1
05-22 07:16:24.599   344   511 D automotive.vehicle@2.0-adayo-func-bcm: BCMFunc sendMessageFromVehicle_l id:557842558, area:0 not report! 
05-22 07:16:24.599   344   511 D automotive.vehicle@2.0-adayo-func-bcm: BCMFunc sendMessageFromVehicle_l dataType: 12,mByte=24,propid=0x214000a7
05-22 07:16:24.599   344   511 D automotive.vehicle@2.0-adayo-func-bcm: BCMFunc sendMessageFromVehicle_l msgBuff[24]=0x1,start:0,len:8,temp:8,
05-22 07:16:24.599   344   511 D automotive.vehicle@2.0-adayo-func-bcm: BCMFunc sendMessageFromVehicle_l prop: 0x214000a7 ,areaId: 0x0  SPLITE_BIT_DATA_INTEGER : 1
05-22 07:16:24.599   344   511 D automotive.vehicle@2.0-adayo-func-bcm: BCMFunc sendMessageFromVehicle_l id:557842599, area:0 not report! 
05-22 07:16:24.599   344   511 D automotive.vehicle@2.0-adayo-func-bcm: BCMFunc sendMessageFromVehicle_l dataType: 12,mByte=25,propid=0x2140007f
05-22 07:16:24.599   344   511 D automotive.vehicle@2.0-adayo-func-bcm: BCMFunc sendMessageFromVehicle_l msgBuff[25]=0x1,start:0,len:8,temp:8,
05-22 07:16:24.599   344   511 D automotive.vehicle@2.0-adayo-func-bcm: BCMFunc sendMessageFromVehicle_l prop: 0x2140007f ,areaId: 0x0  SPLITE_BIT_DATA_INTEGER : 1
05-22 07:16:24.599   344   511 D automotive.vehicle@2.0-adayo-func-bcm: BCMFunc sendMessageFromVehicle_l id:557842559, area:0 not report! 
05-22 07:16:24.599   344   511 D automotive.vehicle@2.0-adayo-func-bcm: BCMFunc sendMessageFromVehicle_l dataType: 12,mByte=26,propid=0x214000a8
05-22 07:16:24.599   344   511 D automotive.vehicle@2.0-adayo-func-bcm: BCMFunc sendMessageFromVehicle_l msgBuff[26]=0x1,start:0,len:8,temp:8,
05-22 07:16:24.599   344   511 D automotive.vehicle@2.0-adayo-func-bcm: BCMFunc sendMessageFromVehicle_l prop: 0x214000a8 ,areaId: 0x0  SPLITE_BIT_DATA_INTEGER : 1
05-22 07:16:24.599   344   511 D automotive.vehicle@2.0-adayo-func-bcm: BCMFunc sendMessageFromVehicle_l id:557842600, area:0 not report! 
05-22 07:16:24.599   344   511 D automotive.vehicle@2.0-adayo-func-bcm: BCMFunc sendMessageFromVehicle_l dataType: 12,mByte=27,propid=0x214000a9
05-22 07:16:24.599   344   511 D automotive.vehicle@2.0-adayo-func-bcm: BCMFunc sendMessageFromVehicle_l msgBuff[27]=0x1,start:0,len:8,temp:8,
05-22 07:16:24.599   344   511 D automotive.vehicle@2.0-adayo-func-bcm: BCMFunc sendMessageFromVehicle_l prop: 0x214000a9 ,areaId: 0x0  SPLITE_BIT_DATA_INTEGER : 1
05-22 07:16:24.599   344   511 D automotive.vehicle@2.0-adayo-func-bcm: BCMFunc sendMessageFromVehicle_l id:557842601, area:0 not report! 
05-22 07:16:24.599   344   511 D automotive.vehicle@2.0-adayo-func-bcm: BCMFunc sendMessageFromVehicle_l dataType: 12,mByte=28,propid=0x214000aa
05-22 07:16:24.599   344   511 D automotive.vehicle@2.0-adayo-func-bcm: BCMFunc sendMessageFromVehicle_l msgBuff[28]=0x1,start:0,len:8,temp:8,
05-22 07:16:24.599   344   511 D automotive.vehicle@2.0-adayo-func-bcm: BCMFunc sendMessageFromVehicle_l prop: 0x214000aa ,areaId: 0x0  SPLITE_BIT_DATA_INTEGER : 1
05-22 07:16:24.599   344   511 D automotive.vehicle@2.0-adayo-func-bcm: BCMFunc sendMessageFromVehicle_l id:557842602, area:0 not report! 
05-22 07:16:24.599   344   511 D automotive.vehicle@2.0-adayo-func-bcm: BCMFunc sendMessageFromVehicle_l dataType: 12,mByte=29,propid=0x214000ab
05-22 07:16:24.599   344   511 D automotive.vehicle@2.0-adayo-func-bcm: BCMFunc sendMessageFromVehicle_l msgBuff[29]=0x1,start:0,len:8,temp:8,
05-22 07:16:24.599   344   511 D automotive.vehicle@2.0-adayo-func-bcm: BCMFunc sendMessageFromVehicle_l prop: 0x214000ab ,areaId: 0x0  SPLITE_BIT_DATA_INTEGER : 1
05-22 07:16:24.599   344   511 D automotive.vehicle@2.0-adayo-func-bcm: BCMFunc sendMessageFromVehicle_l id:557842603, area:0 not report! 
05-22 07:16:24.599   344   511 D automotive.vehicle@2.0-adayo-func-bcm: BCMFunc sendMessageFromVehicle_l dataType: 12,mByte=30,propid=0x214000ac
05-22 07:16:24.599   344   511 D automotive.vehicle@2.0-adayo-func-bcm: BCMFunc sendMessageFromVehicle_l msgBuff[30]=0x1,start:0,len:8,temp:8,
05-22 07:16:24.599   344   511 D automotive.vehicle@2.0-adayo-func-bcm: BCMFunc sendMessageFromVehicle_l prop: 0x214000ac ,areaId: 0x0  SPLITE_BIT_DATA_INTEGER : 1
05-22 07:16:24.599   344   511 D automotive.vehicle@2.0-adayo-func-bcm: BCMFunc sendMessageFromVehicle_l id:557842604, area:0 not report! 
05-22 07:16:24.599   344   511 D automotive.vehicle@2.0-adayo-func-bcm: BCMFunc sendMessageFromVehicle_l dataType: 12,mByte=31,propid=0x214000ad
05-22 07:16:24.599   344   511 D automotive.vehicle@2.0-adayo-func-bcm: BCMFunc sendMessageFromVehicle_l msgBuff[31]=0x1,start:0,len:8,temp:8,
05-22 07:16:24.599   344   511 D automotive.vehicle@2.0-adayo-func-bcm: BCMFunc sendMessageFromVehicle_l prop: 0x214000ad ,areaId: 0x0  SPLITE_BIT_DATA_INTEGER : 1
05-22 07:16:24.599   344   511 D automotive.vehicle@2.0-adayo-func-bcm: BCMFunc sendMessageFromVehicle_l id:557842605, area:0 not report! 
05-22 07:16:24.599   344   511 D automotive.vehicle@2.0-adayo-func-bcm: BCMFunc sendMessageFromVehicle_l dataType: 12,mByte=32,propid=0x214000ae
05-22 07:16:24.599   344   511 D automotive.vehicle@2.0-adayo-func-bcm: BCMFunc sendMessageFromVehicle_l msgBuff[32]=0x1,start:0,len:8,temp:8,
05-22 07:16:24.599   344   511 D automotive.vehicle@2.0-adayo-func-bcm: BCMFunc sendMessageFromVehicle_l prop: 0x214000ae ,areaId: 0x0  SPLITE_BIT_DATA_INTEGER : 1
05-22 07:16:24.599   344   511 D automotive.vehicle@2.0-adayo-func-bcm: BCMFunc sendMessageFromVehicle_l id:557842606, area:0 not report! 
05-22 07:16:24.599   344   511 D automotive.vehicle@2.0-adayo-func-bcm: BCMFunc sendMessageFromVehicle_l dataType: 12,mByte=33,propid=0x2140007a
05-22 07:16:24.599   344   511 D automotive.vehicle@2.0-adayo-func-bcm: BCMFunc sendMessageFromVehicle_l msgBuff[33]=0x1,start:0,len:8,temp:8,
05-22 07:16:24.599   344   511 D automotive.vehicle@2.0-adayo-func-bcm: BCMFunc sendMessageFromVehicle_l prop: 0x2140007a ,areaId: 0x0  SPLITE_BIT_DATA_INTEGER : 1
05-22 07:16:24.599   344   511 D automotive.vehicle@2.0-adayo-func-bcm: BCMFunc sendMessageFromVehicle_l id:557842554, area:0 not report! 
05-22 07:16:24.599   344   511 D automotive.vehicle@2.0-adayo-func-bcm: BCMFunc sendMessageFromVehicle_l dataType: 12,mByte=34,propid=0x214000af
05-22 07:16:24.599   344   511 D automotive.vehicle@2.0-adayo-func-bcm: BCMFunc sendMessageFromVehicle_l msgBuff[34]=0x1,start:0,len:8,temp:8,
05-22 07:16:24.599   344   511 D automotive.vehicle@2.0-adayo-func-bcm: BCMFunc sendMessageFromVehicle_l prop: 0x214000af ,areaId: 0x0  SPLITE_BIT_DATA_INTEGER : 1
05-22 07:16:24.600   344   511 D automotive.vehicle@2.0-adayo-func-bcm: BCMFunc sendMessageFromVehicle_l id:557842607, area:0 not report! 
05-22 07:16:24.600   344   511 D automotive.vehicle@2.0-adayo-func-bcm: BCMFunc sendMessageFromVehicle_l dataType: 12,mByte=35,propid=0x21400079
05-22 07:16:24.600   344   511 D automotive.vehicle@2.0-adayo-func-bcm: BCMFunc sendMessageFromVehicle_l msgBuff[35]=0x1,start:0,len:8,temp:8,
05-22 07:16:24.600   344   511 D automotive.vehicle@2.0-adayo-func-bcm: BCMFunc sendMessageFromVehicle_l prop: 0x21400079 ,areaId: 0x0  SPLITE_BIT_DATA_INTEGER : 1
05-22 07:16:24.600   344   511 D automotive.vehicle@2.0-adayo-func-bcm: BCMFunc sendMessageFromVehicle_l id:557842553, area:0 not report! 
05-22 06:34:58.341   573   573 D spi_rst_gpio_get_output: GPIO 145 value: 1
05-22 06:34:58.341   573   573 D spidev_ioctl: gpio status=1)
05-22 07:16:24.604   573   573 I SpiService: fgesysctrl_getGPIO_status success val=1
05-22 06:34:58.347   573   573 D spi_rst_gpio_get_output: GPIO 145 value: 1
05-22 06:34:58.347   573   573 D spidev_ioctl: gpio status=1)
05-22 07:16:24.605  2981  3177 I SentryImuMcuAngleSender: 179.92415rollDeg
05-22 07:16:24.606  2981  3177 I SentryImuMcuAngleSender: 1,0,0
05-22 07:16:24.608   544   544 D commservice260303: msg.id = 1028,0
05-22 07:16:24.608   544   544 D commservice260303: i = 170, msgid = 8A000404
05-22 07:16:24.608   544   544 D commservice260303: msgid = -1979710460,did=138
05-22 07:16:24.608   544   544 D commservice260303: CommProtocolLibCmdBaseI2C::dataproc {"command":{"id":"imu_status","sub":""},"content":{"TimeStamp":1779405384607,"FrameCounter":15811,"GD_X":-0.009314822033047676,"GD_Y":0.006948145572096109,"GD_Z":0.01779116503894329,"AD_X":-0.0029460489749908447,"AD_Y":-5.383333191275597E-4,"AD_Z":-0.3309001922607422,"TempDsp":0,"Status":0,"CalibState":1,"SigAmpInvalid":0}},-1979710460
05-22 07:16:24.608   544   544 D commservice260303: send2Cluster len:325, 7B22636F6D6D616E64223A7B226964223A22696D755F737461747573222C22737562223A22227D2C22636F6E74656E74223A7B2254696D655374616D70223A313737393430353338343630372C224672616D65436F756E746572223A31353831312C2247445F58223A2D302E3030393331343832323033333034373637362C2247445F59223A302E3030363934383134353537323039363130392C2247445F5A223A302E30313737393131363530333839343332392C2241445F58223A2D302E303032393436303438393734393930383434372C2241445F59223A2D352E333833333333313931323735353937452D342C2241445F5A223A2D302E333330393030313932323630373432322C2254656D70447370223A302C22537461747573223A302C2243616C69625374617465223A312C22536967416D70496E76616C6964223A307D7D, 138 
05-22 07:16:24.608   544   544 D commservice260303: Push Message into SendPool fn=373227520
05-22 07:16:24.608   544   544 D commservice260303: ComProtocolLibSend2Cluster::send2ClusterRaw fn=373227520 , len=341
05-22 07:16:24.608   544   544 D commservice260303: sendCmdToPort :341!!!
05-22 07:16:24.608   544   544 D commservice260303: send Cmd To Port ++++5AA501518A0100003F166A0F92487B22636F6D6D616E64223A7B226964223A22696D755F737461747573222C22737562223A22227D2C22636F6E74656E74223A7B2254696D655374616D70223A313737393430353338343630372C224672616D65436F756E746572223A31353831312C2247445F58223A2D302E3030393331343832323033333034373637362C2247445F59223A302E3030363934383134353537323039363130392C2247445F5A223A302E30313737393131363530333839343332392C2241445F58223A2D302E303032393436303438393734393930383434372C2241445F59223A2D352E333833333333313931323735353937452D342C2241445F5A223A2D302E333330393030313932323630373432322C2254656D70447370223A302C22537461747573223A302C2243616C69625374617465223A312C22536967416D70496E76616C6964223A307D7D55E5
05-22 07:16:24.608   544   544 D commservice260303: bufferevent_write retrun value = 0
05-22 07:16:24.608   544   567 D commservice260303: client datas send succeed,send finish
05-22 07:16:24.609  2981  3178 D Sentinelmode_1.2.5.13_alpha: <SentryImuClusterFgeSender>imu_status sent to Linux, frame=15811, tsNs=669580, tsMs=1779405384607, intervalMs=40, ad=(-0.002946049,-5.383333E-4,-0.3309002), gd=(-0.009314822,0.0069481456,0.017791165)
05-22 07:16:24.609   573   573 I SpiService: fgesysctrl_getGPIO_status success val=1
05-22 06:34:58.353   573   573 D spi_rst_gpio_get_output: GPIO 145 value: 1
05-22 06:34:58.353   573   573 D spidev_ioctl: gpio status=1)
05-22 07:16:24.610   824   824 D SurfaceFlinger: unisoc-graphics, commit has frameMissed:2, vysncId:343319
05-22 07:16:24.615   573   573 I SpiService: fgesysctrl_getGPIO_status success val=1
05-22 07:16:24.617   291  1491 D EvsDriver: forwardFrame
05-22 06:34:58.358   573   573 D spi_rst_gpio_get_output: GPIO 145 value: 1
05-22 06:34:58.359   573   573 D spidev_ioctl: gpio status=1)
05-22 07:16:24.620   291  1491 D EvsDriver: Delivered 0xb400007b2f47ca30 as id 0
05-22 07:16:24.620  1137  1137 D evsmanagerd: /dev/video4 forwarded the buffer #0 to 0xb4000071fa019690 from 0xb4000071fa01b7d0
05-22 07:16:24.620   291  1135 D EvsDriver: doneWithFrame
05-22 07:16:24.621   573   573 I SpiService: fgesysctrl_getGPIO_status success val=0
05-22 07:16:24.621   486   579 I mcuc    : send SPI:6AA6020D210002890045
05-22 06:34:58.364   573   573 D spi_rst_gpio_get_output: GPIO 145 value: 0
05-22 06:34:58.364   573   573 D spidev_ioctl: gpio status=0)
05-22 07:16:24.626   978  1040 I ThermalCvtGovernor: soc(default) curTemp: 84570 tripTemp: 95000 setPollingDelay: 6000
05-22 07:16:24.626  2981  3177 I SentryImuMcuAngleSender: 179.92415rollDeg
05-22 07:16:24.627  2981  3177 I SentryImuMcuAngleSender: 1,0,0
05-22 07:16:24.635   573   573 I SpiService: fgesysctrl_getGPIO_status success val=1
05-22 07:16:24.635   964  1804 D [OMXB]  : usingANWBuffer: handle:0xebd440b0, format:1, w:1920, h:1080
05-22 06:34:58.378   573   573 D spi_rst_gpio_get_output: GPIO 145 value: 1
05-22 06:34:58.378   573   573 D spidev_ioctl: gpio status=1)
05-22 07:16:24.640   573   573 I SpiService: fgesysctrl_getGPIO_status success val=1
05-22 06:34:58.384   573   573 D spi_rst_gpio_get_output: GPIO 145 value: 1
05-22 06:34:58.384   573   573 D spidev_ioctl: gpio status=1)
05-22 07:16:24.646   573   573 I SpiService: fgesysctrl_getGPIO_status success val=1
05-22 07:16:24.649  2981  3177 I SentryImuMcuAngleSender: 179.91724rollDeg
05-22 07:16:24.649  2981  3177 I SentryImuMcuAngleSender: 1,0,0
05-22 06:34:58.390   573   573 D spi_rst_gpio_get_output: GPIO 145 value: 1
05-22 06:34:58.390   573   573 D spidev_ioctl: gpio status=1)
05-22 07:16:24.650   544   544 D commservice260303: msg.id = 1028,1
05-22 07:16:24.650   544   544 D commservice260303: i = 170, msgid = 8A000404
05-22 07:16:24.650   544   544 D commservice260303: msgid = -1979710460,did=138
05-22 07:16:24.650   544   544 D commservice260303: CommProtocolLibCmdBaseI2C::dataproc {"command":{"id":"imu_status","sub":""},"content":{"TimeStamp":1779405384649,"FrameCounter":15812,"GD_X":-0.008704167790710926,"GD_Y":0.007024087477475405,"GD_Z":0.017715223133563995,"AD_X":-0.0035550743341445923,"AD_Y":6.814636290073395E-4,"AD_Z":-0.327239990234375,"TempDsp":0,"Status":0,"CalibState":1,"SigAmpInvalid":0}},-1979710460
05-22 07:16:24.650   276   300 I rvcservice: t.code = 3, t.value = 0
05-22 07:16:24.650   544   544 D commservice260303: send2Cluster len:324, 7B22636F6D6D616E64223A7B226964223A22696D755F737461747573222C22737562223A22227D2C22636F6E74656E74223A7B2254696D655374616D70223A313737393430353338343634392C224672616D65436F756E746572223A31353831322C2247445F58223A2D302E3030383730343136373739303731303932362C2247445F59223A302E3030373032343038373437373437353430352C2247445F5A223A302E3031373731353232333133333536333939352C2241445F58223A2D302E303033353535303734333334313434353932332C2241445F59223A362E383134363336323930303733333935452D342C2241445F5A223A2D302E3332373233393939303233343337352C2254656D70447370223A302C22537461747573223A302C2243616C69625374617465223A312C22536967416D70496E76616C6964223A307D7D, 138 
05-22 07:16:24.650   544   544 D commservice260303: Push Message into SendPool fn=390004736
05-22 07:16:24.650   544   544 D commservice260303: ComProtocolLibSend2Cluster::send2ClusterRaw fn=390004736 , len=340
05-22 07:16:24.651   544   544 D commservice260303: sendCmdToPort :340!!!
05-22 07:16:24.651   544   544 D commservice260303: send Cmd To Port ++++5AA501508A0100003F176A0F92487B22636F6D6D616E64223A7B226964223A22696D755F737461747573222C22737562223A22227D2C22636F6E74656E74223A7B2254696D655374616D70223A313737393430353338343634392C224672616D65436F756E746572223A31353831322C2247445F58223A2D302E3030383730343136373739303731303932362C2247445F59223A302E3030373032343038373437373437353430352C2247445F5A223A302E3031373731353232333133333536333939352C2241445F58223A2D302E303033353535303734333334313434353932332C2241445F59223A362E383134363336323930303733333935452D342C2241445F5A223A2D302E3332373233393939303233343337352C2254656D70447370223A302C22537461747573223A302C2243616C69625374617465223A312C22536967416D70496E76616C6964223A307D7D5D3A
05-22 07:16:24.651   544   544 D commservice260303: bufferevent_write retrun value = 0
05-22 07:16:24.651   544   567 D commservice260303: client datas send succeed,send finish
05-22 07:16:24.652   573   573 I SpiService: fgesysctrl_getGPIO_status success val=1
05-22 06:34:58.396   573   573 D spi_rst_gpio_get_output: GPIO 145 value: 1
05-22 06:34:58.396   573   573 D spidev_ioctl: gpio status=1)
05-22 07:16:24.656  2981  3178 D Sentinelmode_1.2.5.13_alpha: <SentryImuClusterFgeSender>imu_status sent to Linux, frame=15812, tsNs=669616, tsMs=1779405384649, intervalMs=47, ad=(-0.0035550743,6.814636E-4,-0.32724), gd=(-0.008704168,0.0070240875,0.017715223)
05-22 07:16:24.658   573   573 I SpiService: fgesysctrl_getGPIO_status success val=1
05-22 07:16:24.659   291  1491 D EvsDriver: forwardFrame
05-22 07:16:24.660   291  1491 D EvsDriver: Delivered 0xb400007b2f47ca30 as id 0
05-22 07:16:24.660  1137  1137 D evsmanagerd: /dev/video4 forwarded the buffer #0 to 0xb4000071fa019690 from 0xb4000071fa01b7d0
05-22 07:16:24.662   824   824 D SurfaceFlinger: unisoc-graphics, commit has frameMissed:2, vysncId:343329
05-22 06:34:58.402   573   573 D spi_rst_gpio_get_output: GPIO 145 value: 1
05-22 06:34:58.402   573   573 D spidev_ioctl: gpio status=1)
05-22 07:16:24.664   573   573 I SpiService: fgesysctrl_getGPIO_status success val=0
05-22 07:16:24.664   964  1804 D [OMXB]  : usingANWBuffer: handle:0xebd42ed0, format:1, w:1920, h:1080
05-22 06:34:58.408   573   573 D spi_rst_gpio_get_output: GPIO 145 value: 0
05-22 06:34:58.408   573   573 D spidev_ioctl: gpio status=0)
05-22 07:16:24.666   291  1135 D EvsDriver: doneWithFrame
05-22 07:16:24.669  2981  3177 I SentryImuMcuAngleSender: 179.91722rollDeg
05-22 07:16:24.669  2981  3177 I SentryImuMcuAngleSender: 1,0,0
05-22 07:16:24.678   573   573 I SpiService: fgesysctrl_getGPIO_status success val=1
05-22 07:16:24.679   824   824 D SurfaceFlinger: unisoc-graphics, commit has frameMissed:2, vysncId:343337
05-22 06:34:58.422   573   573 D spi_rst_gpio_get_output: GPIO 145 value: 1
05-22 06:34:58.422   573   573 D spidev_ioctl: gpio status=1)
05-22 07:16:24.684   573   573 I SpiService: fgesysctrl_getGPIO_status success val=1
05-22 06:34:58.427   573   573 D spi_rst_gpio_get_output: GPIO 145 value: 1
05-22 06:34:58.427   573   573 D spidev_ioctl: gpio status=1)
05-22 07:16:24.688   291  1491 D EvsDriver: forwardFrame
05-22 07:16:24.689  2981  3177 I SentryImuMcuAngleSender: 179.9241rollDeg
05-22 07:16:24.689   291  1491 D EvsDriver: Delivered 0xb400007b2f47ca30 as id 0
05-22 07:16:24.689  2981  3177 I SentryImuMcuAngleSender: 1,0,0
05-22 07:16:24.689   573   573 I SpiService: fgesysctrl_getGPIO_status success val=1
05-22 07:16:24.689  1137  1137 D evsmanagerd: /dev/video4 forwarded the buffer #0 to 0xb4000071fa019690 from 0xb4000071fa01b7d0
05-22 06:34:58.432   573   573 D spi_rst_gpio_get_output: GPIO 145 value: 1
05-22 06:34:58.432   573   573 D spidev_ioctl: gpio status=1)
05-22 07:16:24.690   544   544 D commservice260303: msg.id = 1028,0
05-22 07:16:24.690   544   544 D commservice260303: i = 170, msgid = 8A000404
05-22 07:16:24.690   544   544 D commservice260303: msgid = -1979710460,did=138
05-22 07:16:24.690   544   544 D commservice260303: CommProtocolLibCmdBaseI2C::dataproc {"command":{"id":"imu_status","sub":""},"content":{"TimeStamp":1779405384689,"FrameCounter":15813,"GD_X":-0.009621189907193184,"GD_Y":0.007405876647680998,"GD_Z":0.017715223133563995,"AD_X":-0.003554992377758026,"AD_Y":-5.373647436499596E-4,"AD_Z":-0.3254117965698242,"TempDsp":0,"Status":0,"CalibState":1,"SigAmpInvalid":0}},-1979710460
05-22 07:16:24.691   544   544 D commservice260303: send2Cluster len:325, 7B22636F6D6D616E64223A7B226964223A22696D755F737461747573222C22737562223A22227D2C22636F6E74656E74223A7B2254696D655374616D70223A313737393430353338343638392C224672616D65436F756E746572223A31353831332C2247445F58223A2D302E3030393632313138393930373139333138342C2247445F59223A302E3030373430353837363634373638303939382C2247445F5A223A302E3031373731353232333133333536333939352C2241445F58223A2D302E3030333535343939323337373735383032362C2241445F59223A2D352E333733363437343336343939353936452D342C2241445F5A223A2D302E333235343131373936353639383234322C2254656D70447370223A302C22537461747573223A302C2243616C69625374617465223A312C22536967416D70496E76616C6964223A307D7D, 138 
05-22 07:16:24.691   544   544 D commservice260303: Push Message into SendPool fn=406781952
05-22 07:16:24.691   544   544 D commservice260303: ComProtocolLibSend2Cluster::send2ClusterRaw fn=406781952 , len=341
05-22 07:16:24.691   544   544 D commservice260303: sendCmdToPort :341!!!
05-22 07:16:24.691   544   544 D commservice260303: send Cmd To Port ++++5AA501518A0100003F186A0F92487B22636F6D6D616E64223A7B226964223A22696D755F737461747573222C22737562223A22227D2C22636F6E74656E74223A7B2254696D655374616D70223A313737393430353338343638392C224672616D65436F756E746572223A31353831332C2247445F58223A2D302E3030393632313138393930373139333138342C2247445F59223A302E3030373430353837363634373638303939382C2247445F5A223A302E3031373731353232333133333536333939352C2241445F58223A2D302E3030333535343939323337373735383032362C2241445F59223A2D352E333733363437343336343939353936452D342C2241445F5A223A2D302E333235343131373936353639383234322C2254656D70447370223A302C22537461747573223A302C2243616C69625374617465223A312C22536967416D70496E76616C6964223A307D7D0EA7
05-22 07:16:24.691   544   544 D commservice260303: bufferevent_write retrun value = 0
05-22 07:16:24.691   544   567 D commservice260303: client datas send succeed,send finish
05-22 07:16:24.691  2981  3178 D Sentinelmode_1.2.5.13_alpha: <SentryImuClusterFgeSender>imu_status sent to Linux, frame=15813, tsNs=669670, tsMs=1779405384689, intervalMs=35, ad=(-0.0035549924,-5.3736474E-4,-0.3254118), gd=(-0.00962119,0.0074058766,0.017715223)
05-22 07:16:24.691   291  1135 D EvsDriver: doneWithFrame
05-22 07:16:24.695   573   573 I SpiService: fgesysctrl_getGPIO_status success val=1
05-22 07:16:24.695   824   824 D SurfaceFlinger: unisoc-graphics, commit has frameMissed:2, vysncId:343338
05-22 06:34:58.438   573   573 D spi_rst_gpio_get_output: GPIO 145 value: 1
05-22 06:34:58.438   573   573 D spidev_ioctl: gpio status=1)
05-22 07:16:24.700   573   573 I SpiService: fgesysctrl_getGPIO_status success val=0
05-22 06:34:58.443   573   573 D spi_rst_gpio_get_output: GPIO 145 value: 0
05-22 06:34:58.443   573   573 D spidev_ioctl: gpio status=0)
05-22 07:16:24.703  1026  1026 D MyAppLog: [2026-05-22 07:16:24.702 D tboxap tsp_WorkMachineProc:1086] [Tsp] [tsp_WorkMachineProc]TSP_WORK_LOGIN NOW !!!!
05-22 07:16:24.704   544   722 I commservice260303: [mcuCommFunctionTcp::ProtocolCheckConnectTimeOutProc:613] keyID:256,tcpEvent:5,tcpcount:0,heartbeat:1,noHeartBeatNumber:0,endispatch:0,strState:0
05-22 07:16:24.704   544   722 D commservice260303: ProtocolCheckConnectTimeOutProc,629,clear heartbeat
05-22 07:16:24.709  2981  3177 I SentryImuMcuAngleSender: 179.91032rollDeg
05-22 07:16:24.709  2981  3177 I SentryImuMcuAngleSender: 1,0,0
05-22 07:16:24.714   573   573 I SpiService: fgesysctrl_getGPIO_status success val=1
05-22 07:16:24.716   291  1491 D EvsDriver: forwardFrame
05-22 07:16:24.717   291  1491 D EvsDriver: Delivered 0xb400007b2f47ca30 as id 0
05-22 07:16:24.717  1137  1137 D evsmanagerd: /dev/video4 forwarded the buffer #0 to 0xb4000071fa019690 from 0xb4000071fa01b7d0
05-22 07:16:24.717   291  1135 D EvsDriver: doneWithFrame
05-22 06:34:58.457   573   573 D spi_rst_gpio_get_output: GPIO 145 value: 1
05-22 06:34:58.457   573   573 D spidev_ioctl: gpio status=1)
05-22 07:16:24.718  1517  1517 E sysUI_NavBarFragment: [main] - SysUIConfig.icCarServiceConnected：false
05-22 07:16:24.719   573   573 I SpiService: fgesysctrl_getGPIO_status success val=1
05-22 06:34:58.463   573   573 D spi_rst_gpio_get_output: GPIO 145 value: 1
05-22 06:34:58.463   573   573 D spidev_ioctl: gpio status=1)
05-22 07:16:24.724   565   565 I Sensors : 230 AccelSensor: x:-0.111020,y:0.015859,z:-10.132710
05-22 07:16:24.725   573   573 I SpiService: fgesysctrl_getGPIO_status success val=1
05-22 06:34:58.468   573   573 D spi_rst_gpio_get_output: GPIO 145 value: 1
05-22 06:34:58.468   573   573 D spidev_ioctl: gpio status=1)
05-22 07:16:24.729  2203  2203 I ADAYO_LOG_: handleMessage(UsbFunc.java:352)copyQnx = 2
05-22 07:16:24.729  2203  2203 I ADAYO_LOG_: handleMessage(UsbFunc.java:404)copyState = 2
05-22 07:16:24.730  2981  3177 I SentryImuMcuAngleSender: 179.91032rollDeg
05-22 07:16:24.730  2981  3177 I SentryImuMcuAngleSender: 1,0,0
05-22 07:16:24.730   544   544 D commservice260303: msg.id = 1028,1
05-22 07:16:24.730   544   544 D commservice260303: i = 170, msgid = 8A000404
05-22 07:16:24.730   573   573 I SpiService: fgesysctrl_getGPIO_status success val=1
05-22 07:16:24.730   544   544 D commservice260303: msgid = -1979710460,did=138
05-22 07:16:24.730   544   544 D commservice260303: CommProtocolLibCmdBaseI2C::dataproc {"command":{"id":"imu_status","sub":""},"content":{"TimeStamp":1779405384730,"FrameCounter":15814,"GD_X":-0.009314822033047676,"GD_Y":0.008398840203881264,"GD_Z":0.018020030111074448,"AD_X":-0.005991317331790924,"AD_Y":0.0019005155190825462,"AD_Z":-0.326629638671875,"TempDsp":0,"Status":0,"CalibState":1,"SigAmpInvalid":0}},-1979710460
05-22 07:16:24.731   544   544 D commservice260303: send2Cluster len:324, 7B22636F6D6D616E64223A7B226964223A22696D755F737461747573222C22737562223A22227D2C22636F6E74656E74223A7B2254696D655374616D70223A313737393430353338343733302C224672616D65436F756E746572223A31353831342C2247445F58223A2D302E3030393331343832323033333034373637362C2247445F59223A302E3030383339383834303230333838313236342C2247445F5A223A302E3031383032303033303131313037343434382C2241445F58223A2D302E3030353939313331373333313739303932342C2241445F59223A302E303031393030353135353139303832353436322C2241445F5A223A2D302E3332363632393633383637313837352C2254656D70447370223A302C22537461747573223A302C2243616C69625374617465223A312C22536967416D70496E76616C6964223A307D7D, 138 
05-22 07:16:24.731   544   544 D commservice260303: Push Message into SendPool fn=423559168
05-22 07:16:24.731   544   544 D commservice260303: ComProtocolLibSend2Cluster::send2ClusterRaw fn=423559168 , len=340
05-22 07:16:24.731   544   544 D commservice260303: sendCmdToPort :340!!!
05-22 07:16:24.731   544   544 D commservice260303: send Cmd To Port ++++5AA501508A0100003F196A0F92487B22636F6D6D616E64223A7B226964223A22696D755F737461747573222C22737562223A22227D2C22636F6E74656E74223A7B2254696D655374616D70223A313737393430353338343733302C224672616D65436F756E746572223A31353831342C2247445F58223A2D302E3030393331343832323033333034373637362C2247445F59223A302E3030383339383834303230333838313236342C2247445F5A223A302E3031383032303033303131313037343434382C2241445F58223A2D302E3030353939313331373333313739303932342C2241445F59223A302E303031393030353135353139303832353436322C2241445F5A223A2D302E3332363632393633383637313837352C2254656D70447370223A302C22537461747573223A302C2243616C69625374617465223A312C22536967416D70496E76616C6964223A307D7D8C6C
05-22 07:16:24.731   544   544 D commservice260303: bufferevent_write retrun value = 0
05-22 07:16:24.731   544   567 D commservice260303: client datas send succeed,send finish
05-22 07:16:24.731  2981  3178 D Sentinelmode_1.2.5.13_alpha: <SentryImuClusterFgeSender>imu_status sent to Linux, frame=15814, tsNs=669705, tsMs=1779405384730, intervalMs=40, ad=(-0.0059913173,0.0019005155,-0.32662964), gd=(-0.009314822,0.00839884,0.01802003)
05-22 06:34:58.474   573   573 D spi_rst_gpio_get_output: GPIO 145 value: 1
05-22 06:34:58.474   573   573 D spidev_ioctl: gpio status=1)
05-22 07:16:24.736   573   573 I SpiService: fgesysctrl_getGPIO_status success val=1
05-22 06:34:58.479   573   573 D spi_rst_gpio_get_output: GPIO 145 value: 1
05-22 06:34:58.479   573   573 D spidev_ioctl: gpio status=1)
05-22 07:16:24.741   573   573 I SpiService: fgesysctrl_getGPIO_status success val=0
05-22 06:34:58.485   573   573 D spi_rst_gpio_get_output: GPIO 145 value: 0
05-22 06:34:58.485   573   573 D spidev_ioctl: gpio status=0)
05-22 07:16:24.745   964  1804 D [OMXB]  : usingANWBuffer: handle:0xebd42ab0, format:1, w:1920, h:1080
05-22 07:16:24.749   291  1491 D EvsDriver: forwardFrame
05-22 07:16:24.750  2981  3177 I SentryImuMcuAngleSender: 179.9172rollDeg
05-22 07:16:24.750  2981  3177 I SentryImuMcuAngleSender: 1,0,0
05-22 07:16:24.750   276   300 I rvcservice: t.code = 0, t.value = 12200
05-22 07:16:24.753  1137  1137 D evsmanagerd: /dev/video4 forwarded the buffer #0 to 0xb4000071fa019690 from 0xb4000071fa01b7d0
05-22 07:16:24.753   291  1491 D EvsDriver: Delivered 0xb400007b2f47ca30 as id 0
05-22 07:16:24.755   291  1135 D EvsDriver: doneWithFrame
05-22 07:16:24.755   573   573 I SpiService: fgesysctrl_getGPIO_status success val=1
05-22 06:34:58.499   573   573 D spi_rst_gpio_get_output: GPIO 145 value: 1
05-22 06:34:58.499   573   573 D spidev_ioctl: gpio status=1)
05-22 07:16:24.759   477  1275 I dvr_service_: [EncoderHandler::runMediaThread] runMediaThread started:1,state:0, cam2:started:1,state:0, lastSwitch:1, mIsMuxerStart:0,format:0,is_str_ing:0
05-22 07:16:24.760   565   565 I Sensors : 230 GyroSensor: x:-0.009468,y:0.008093,z:0.017562
05-22 07:16:24.761   573   573 I SpiService: fgesysctrl_getGPIO_status success val=1
05-22 06:34:58.504   573   573 D spi_rst_gpio_get_output: GPIO 145 value: 1
05-22 06:34:58.504   573   573 D spidev_ioctl: gpio status=1)
05-22 07:16:24.767   573   573 I SpiService: fgesysctrl_getGPIO_status success val=1
05-22 06:34:58.510   573   573 D spi_rst_gpio_get_output: GPIO 145 value: 1
05-22 06:34:58.510   573   573 D spidev_ioctl: gpio status=1)
05-22 07:16:24.770  2981  3177 I SentryImuMcuAngleSender: 179.9172rollDeg
05-22 07:16:24.770  2981  3177 I SentryImuMcuAngleSender: 1,0,0
05-22 07:16:24.770   544   544 D commservice260303: msg.id = 1028,0
05-22 07:16:24.771   544   544 D commservice260303: i = 170, msgid = 8A000404
05-22 07:16:24.771   544   544 D commservice260303: msgid = -1979710460,did=138
05-22 07:16:24.771   544   544 D commservice260303: CommProtocolLibCmdBaseI2C::dataproc {"command":{"id":"imu_status","sub":""},"content":{"TimeStamp":1779405384770,"FrameCounter":15815,"GD_X":-0.009467746131122112,"GD_Y":0.008092992939054966,"GD_Z":0.01756177842617035,"AD_X":-0.004158981144428253,"AD_Y":6.797583773732185E-4,"AD_Z":-0.3235807418823242,"TempDsp":0,"Status":0,"CalibState":1,"SigAmpInvalid":0}},-1979710460
05-22 07:16:24.771   544   544 D commservice260303: send2Cluster len:323, 7B22636F6D6D616E64223A7B226964223A22696D755F737461747573222C22737562223A22227D2C22636F6E74656E74223A7B2254696D655374616D70223A313737393430353338343737302C224672616D65436F756E746572223A31353831352C2247445F58223A2D302E3030393436373734363133313132323131322C2247445F59223A302E3030383039323939323933393035343936362C2247445F5A223A302E30313735363137373834323631373033352C2241445F58223A2D302E3030343135383938313134343432383235332C2241445F59223A362E373937353833373733373332313835452D342C2241445F5A223A2D302E333233353830373431383832333234322C2254656D70447370223A302C22537461747573223A302C2243616C69625374617465223A312C22536967416D70496E76616C6964223A307D7D, 138 
05-22 07:16:24.771   544   544 D commservice260303: Push Message into SendPool fn=440336384
05-22 07:16:24.771   544   544 D commservice260303: ComProtocolLibSend2Cluster::send2ClusterRaw fn=440336384 , len=339
05-22 07:16:24.771   544   544 D commservice260303: sendCmdToPort :339!!!
05-22 07:16:24.771   544   544 D commservice260303: send Cmd To Port ++++5AA5014F8A0100003F1A6A0F92487B22636F6D6D616E64223A7B226964223A22696D755F737461747573222C22737562223A22227D2C22636F6E74656E74223A7B2254696D655374616D70223A313737393430353338343737302C224672616D65436F756E746572223A31353831352C2247445F58223A2D302E3030393436373734363133313132323131322C2247445F59223A302E3030383039323939323933393035343936362C2247445F5A223A302E30313735363137373834323631373033352C2241445F58223A2D302E3030343135383938313134343432383235332C2241445F59223A362E373937353833373733373332313835452D342C2241445F5A223A2D302E333233353830373431383832333234322C2254656D70447370223A302C22537461747573223A302C2243616C69625374617465223A312C22536967416D70496E76616C6964223A307D7D05E9
05-22 07:16:24.771   544   544 D commservice260303: bufferevent_write retrun value = 0
05-22 07:16:24.771   544   567 D commservice260303: client datas send succeed,send finish
05-22 07:16:24.772  2981  3178 D Sentinelmode_1.2.5.13_alpha: <SentryImuClusterFgeSender>imu_status sent to Linux, frame=15815, tsNs=669742, tsMs=1779405384770, intervalMs=41, ad=(-0.004158981,6.797584E-4,-0.32358074), gd=(-0.009467746,0.008092993,0.017561778)
05-22 07:16:24.773   573   573 I SpiService: fgesysctrl_getGPIO_status success val=0
05-22 06:34:58.516   573   573 D spi_rst_gpio_get_output: GPIO 145 value: 0
05-22 06:34:58.516   573   573 D spidev_ioctl: gpio status=0)
05-22 07:16:24.780   824   824 D SurfaceFlinger: unisoc-graphics, commit has frameMissed:2, vysncId:343356
05-22 07:16:24.781  1774  1774 W Choreographer: Frame time is 0.074999 ms in the future!  Check that graphics HAL is generating vsync timestamps using the correct timebase.
05-22 07:16:24.787   573   573 I SpiService: fgesysctrl_getGPIO_status success val=1
05-22 07:16:24.789   291  1491 D EvsDriver: forwardFrame
05-22 06:34:58.530   573   573 D spi_rst_gpio_get_output: GPIO 145 value: 1
05-22 06:34:58.530   573   573 D spidev_ioctl: gpio status=1)
05-22 07:16:24.790  2981  3177 I SentryImuMcuAngleSender: 179.9172rollDeg
05-22 07:16:24.791  2981  3177 I SentryImuMcuAngleSender: 1,0,0
05-22 07:16:24.791   291  1491 D EvsDriver: Delivered 0xb400007b2f47ca30 as id 0
05-22 07:16:24.791  1137  1137 D evsmanagerd: /dev/video4 forwarded the buffer #0 to 0xb4000071fa019690 from 0xb4000071fa01b7d0
05-22 07:16:24.792   573   573 I SpiService: fgesysctrl_getGPIO_status success val=1
05-22 06:34:58.536   573   573 D spi_rst_gpio_get_output: GPIO 145 value: 1
05-22 06:34:58.536   573   573 D spidev_ioctl: gpio status=1)
05-22 07:16:24.794   291  1135 D EvsDriver: doneWithFrame
05-22 07:16:24.796   964  1804 D [OMXB]  : usingANWBuffer: handle:0xebd40c70, format:1, w:1920, h:1080
05-22 07:16:24.798   824   824 D SurfaceFlinger: unisoc-graphics, commit has frameMissed:2, vysncId:343364
05-22 07:16:24.798   573   573 I SpiService: fgesysctrl_getGPIO_status success val=1
05-22 06:34:58.541   573   573 D spi_rst_gpio_get_output: GPIO 145 value: 1
05-22 06:34:58.541   573   573 D spidev_ioctl: gpio status=1)
05-22 07:16:24.803  1026  1026 D MyAppLog: [2026-05-22 07:16:24.802 D tboxap gpsMcuDataAnalyze:471] [Gps] [gpsMcuDataAnalyze]:$GNRMC,231624.000,V,,,,,,,210526,120.0,E,N,V*43
05-22 07:16:24.803  1026  1026 D MyAppLog: 
05-22 07:16:24.803  1026  1026 D MyAppLog: [2026-05-22 07:16:24.803 D tboxap gpsMcuDataAnalyze:556] [Gps] stGps.stat:0, latitude:0 , longtitude:0,sped:0,direction:0
05-22 07:16:24.803   573   573 I SpiService: fgesysctrl_getGPIO_status success val=1
05-22 06:34:58.547   573   573 D spi_rst_gpio_get_output: GPIO 145 value: 1
05-22 06:34:58.547   573   573 D spidev_ioctl: gpio status=1)
05-22 07:16:24.809   573   573 I SpiService: fgesysctrl_getGPIO_status success val=1
05-22 06:34:58.552   573   573 D spi_rst_gpio_get_output: GPIO 145 value: 1
05-22 06:34:58.552   573   573 D spidev_ioctl: gpio status=1)
05-22 07:16:24.811   544   544 D commservice260303: msg.id = 1028,0
05-22 07:16:24.811   544   544 D commservice260303: i = 170, msgid = 8A000404
05-22 07:16:24.811   544   544 D commservice260303: msgid = -1979710460,did=138
05-22 07:16:24.811   544   544 D commservice260303: CommProtocolLibCmdBaseI2C::dataproc {"command":{"id":"imu_status","sub":""},"content":{"TimeStamp":1779405384811,"FrameCounter":15816,"GD_X":-0.009621189907193184,"GD_Y":0.007712244056165218,"GD_Z":0.01717999018728733,"AD_X":-0.0047676339745521545,"AD_Y":0.0018992163240909576,"AD_Z":-0.327239990234375,"TempDsp":0,"Status":0,"CalibState":1,"SigAmpInvalid":0}},-1979710460
05-22 07:16:24.811  2981  3177 I SentryImuMcuAngleSender: 179.91032rollDeg
05-22 07:16:24.811   544   544 D commservice260303: send2Cluster len:324, 7B22636F6D6D616E64223A7B226964223A22696D755F737461747573222C22737562223A22227D2C22636F6E74656E74223A7B2254696D655374616D70223A313737393430353338343831312C224672616D65436F756E746572223A31353831362C2247445F58223A2D302E3030393632313138393930373139333138342C2247445F59223A302E3030373731323234343035363136353231382C2247445F5A223A302E30313731373939393031383732383733332C2241445F58223A2D302E303034373637363333393734353532313534352C2241445F59223A302E303031383939323136333234303930393537362C2241445F5A223A2D302E3332373233393939303233343337352C2254656D70447370223A302C22537461747573223A302C2243616C69625374617465223A312C22536967416D70496E76616C6964223A307D7D, 138 
05-22 07:16:24.812   544   544 D commservice260303: Push Message into SendPool fn=457113600
05-22 07:16:24.812  2981  3177 I SentryImuMcuAngleSender: 1,0,0
05-22 07:16:24.812   544   544 D commservice260303: ComProtocolLibSend2Cluster::send2ClusterRaw fn=457113600 , len=340
05-22 07:16:24.812   544   544 D commservice260303: sendCmdToPort :340!!!
05-22 07:16:24.812   544   544 D commservice260303: send Cmd To Port ++++5AA501508A0100003F1B6A0F92487B22636F6D6D616E64223A7B226964223A22696D755F737461747573222C22737562223A22227D2C22636F6E74656E74223A7B2254696D655374616D70223A313737393430353338343831312C224672616D65436F756E746572223A31353831362C2247445F58223A2D302E3030393632313138393930373139333138342C2247445F59223A302E3030373731323234343035363136353231382C2247445F5A223A302E30313731373939393031383732383733332C2241445F58223A2D302E303034373637363333393734353532313534352C2241445F59223A302E303031383939323136333234303930393537362C2241445F5A223A2D302E3332373233393939303233343337352C2254656D70447370223A302C22537461747573223A302C2243616C69625374617465223A312C22536967416D70496E76616C6964223A307D7D6F74
05-22 07:16:24.812   544   544 D commservice260303: bufferevent_write retrun value = 0
05-22 07:16:24.812   544   567 D commservice260303: client datas send succeed,send finish
05-22 07:16:24.812  2981  3178 D Sentinelmode_1.2.5.13_alpha: <SentryImuClusterFgeSender>imu_status sent to Linux, frame=15816, tsNs=669777, tsMs=1779405384811, intervalMs=40, ad=(-0.004767634,0.0018992163,-0.32724), gd=(-0.00962119,0.007712244,0.01717999)
05-22 07:16:24.814   573   573 I SpiService: fgesysctrl_getGPIO_status success val=1
05-22 07:16:24.814   824   824 D SurfaceFlinger: unisoc-graphics, commit has frameMissed:2, vysncId:343365
05-22 06:34:58.557   573   573 D spi_rst_gpio_get_output: GPIO 145 value: 1
05-22 06:34:58.557   573   573 D spidev_ioctl: gpio status=1)
05-22 07:16:24.819   573   573 I SpiService: fgesysctrl_getGPIO_status success val=0
05-22 07:16:24.821   291  1491 D EvsDriver: forwardFrame
