05-22 07:16:22.948  2401  2415 D lib_tbox: waitForResponse serial:2027907669 phoneId:0 mCount:0
05-22 07:16:22.948   544   544 D commservice260303: send Cmd To Port ++++5AA501538A0100003EEC6A0F92467B22636F6D6D616E64223A7B226964223A22696D755F737461747573222C22737562223A22227D2C22636F6E74656E74223A7B2254696D655374616D70223A313737393430353338323934372C224672616D65436F756E746572223A31353737302C2247445F58223A2D302E3030383437343738323130393236303535392C2247445F59223A302E303037333239393334373432333031373032352C2247445F5A223A302E3031373836373130363934343332323538362C2241445F58223A2D302E303031303939333438303638323337333034372C2241445F59223A302E3030333132323434373035383535383436342C2241445F5A223A2D302E33323131343132343239383039353730332C2254656D70447370223A302C22537461747573223A302C2243616C69625374617465223A312C22536967416D70496E76616C6964223A307D7D3623
05-22 07:16:22.948   544   544 D commservice260303: bufferevent_write retrun value = 0
05-22 07:16:22.948   544   567 D commservice260303: client datas send succeed,send finish
05-22 07:16:22.948   643   643 D RILC_TBOX: getModemState: serial 2027907669
05-22 07:16:22.948   643   688 D RIL_REQ_THDS: dequeue msg
05-22 06:34:56.692     1     1 I init    : Service 'trace_kernel' (pid 13365) exited with status 0
05-22 07:16:22.948   643   688 D RIL_REQ_THDS: handleMessage 10005
05-22 07:16:22.948   643   688 D RIL     : onRequest: TBOX_REQUEST_GET_MODEM_STATE radioState = RADIO_ON
05-22 07:16:22.948  2981  3178 D Sentinelmode_1.2.5.13_alpha: <SentryImuClusterFgeSender>imu_status sent to Linux, frame=15770, tsNs=667911, tsMs=1779405382947, intervalMs=40, ad=(-0.0010993481,0.003122447,-0.32114124), gd=(-0.008474782,0.0073299347,0.017867107)
05-22 07:16:22.948   643   688 D RILC    : RequestComplete, RIL_SOCKET_1
05-22 07:16:22.948   643   688 D RILC    : Calling responseFunction() for token 2027907669
05-22 07:16:22.948   643   688 D RILC_TBOX: getModemStateResponse: serial 2027907669
05-22 07:16:22.948   643   688 D RIL_REQ_THDS: pool2Thread[0] process one message done
05-22 07:16:22.948  2401  2422 D lib_tbox: notifyRequest serial:2027907669 receivedSerial:2027907669 phoneId:0 mCount:0
05-22 07:16:22.949  2401  2415 D lib_tbox: getModemState done. state:0
05-22 07:16:22.949  2401  2415 D lib_tbox: retStatus: aidl response 0, return 0
05-22 07:16:22.949  2401  2415 E nwydata : nwy_get_modem_alive:state=0
05-22 07:16:22.949  2401  2415 D lib_tbox: calling Uid is 0
05-22 07:16:22.949  2401  2415 D lib_tbox: tboxService has already been creaded
05-22 07:16:22.949  2401  2415 D lib_tbox: sim[0] request Queue is ready
05-22 07:16:22.949  2401  2415 D lib_tbox: sim[0] getSimState start. serial:968338082
05-22 07:16:22.949  2401  2415 D lib_tbox: waitForResponse serial:968338082 phoneId:0 mCount:0
05-22 07:16:22.949   643   643 D RILC_TBOX: getSimState: serial 968338082
05-22 07:16:22.949   643   687 D RIL_REQ_THDS: dequeue msg
05-22 07:16:22.949   643   687 D RIL_REQ_THDS: handleMessage 10001
05-22 07:16:22.949   643   687 D RIL     : onRequest: TBOX_REQUEST_GET_SIM_STATE radioState = RADIO_ON
05-22 07:16:22.949   643   687 D RIL_REQ_THDS: get Channel1
05-22 07:16:22.949   643   687 D RIL-AT  : Channel1: AT> AT+CPIN?
05-22 07:16:22.950   573   573 I SpiService: fgesysctrl_getGPIO_status success val=1
05-22 07:16:22.950   643   809 D RIL-AT  : Channel1: AT< +CME ERROR: 10
05-22 07:16:22.950   643   687 D RIL_REQ_THDS: put Channel1
05-22 07:16:22.950   643   687 D RIL_STK_CONTEXT: socket_id: 0, s_setupMenuNeedUnsol : 0, s_setupMenuResponse is : (null)
05-22 07:16:22.950   643   687 D RIL     : setSimPresent[0] hasSim = 0
05-22 07:16:22.950   643   687 D RILC    : RequestComplete, RIL_SOCKET_1
05-22 07:16:22.950   643   687 D RILC    : Calling responseFunction() for token 968338082
05-22 07:16:22.950   643   687 D RILC_TBOX: getSimStateResponse: serial:968338082, slotId:0
05-22 07:16:22.950   643   687 D RIL_REQ_THDS: pool1Thread[0] process one message done
05-22 07:16:22.950  2401  2422 D lib_tbox: sim0 getSimStateResponse: 0
05-22 07:16:22.950  2401  2422 D lib_tbox: notifyRequest serial:968338082 receivedSerial:968338082 phoneId:0 mCount:0
05-22 07:16:22.950  2401  2415 D lib_tbox: sim[0] getSimState done. state:0
05-22 06:34:56.692     1     1 I init    : Sending signal 9 to service 'trace_kernel' (pid 13365) process group...
05-22 06:34:56.692     1     1 I libprocessgroup: Successfully killed process cgroup uid 0 pid 13365 in 0ms
05-22 06:34:56.693   573   573 D spi_rst_gpio_get_output: GPIO 145 value: 1
05-22 06:34:56.693   573   573 D spidev_ioctl: gpio status=1)
05-22 06:34:56.699   573   573 D spi_rst_gpio_get_output: GPIO 145 value: 1
05-22 06:34:56.699   573   573 D spidev_ioctl: gpio status=1)
05-22 07:16:22.950  2401  2415 D lib_tbox: retStatus: aidl response 0, return 0
05-22 07:16:22.950  2401  2415 E nwydata : nwy_get_sim_status sim state:0
05-22 07:16:22.950  2401  2415 E nwydata : nwy_threadForData nwy_get_sim_status NOT ready!
05-22 07:16:22.953   577   613 D vendor.sprd.hardware.aprd-service: GPS Get GPSver failed No such file or directory
05-22 07:16:22.953   577   613 D vendor.sprd.hardware.aprd-service: GE xmlDoc is NULL, may not set GPS on.
05-22 07:16:22.954   291  1491 D EvsDriver: forwardFrame
05-22 07:16:22.955   291  1491 D EvsDriver: Delivered 0xb400007b2f47ca30 as id 0
05-22 07:16:22.955  1137  1150 D evsmanagerd: /dev/video4 forwarded the buffer #0 to 0xb4000071fa019690 from 0xb4000071fa01b7d0
05-22 07:16:22.955   573   573 I SpiService: fgesysctrl_getGPIO_status success val=1
05-22 07:16:22.960   291  1135 D EvsDriver: doneWithFrame
05-22 07:16:22.961   573   573 I SpiService: fgesysctrl_getGPIO_status success val=1
05-22 06:34:56.705   573   573 D spi_rst_gpio_get_output: GPIO 145 value: 1
05-22 06:34:56.705   573   573 D spidev_ioctl: gpio status=1)
05-22 07:16:22.962  2981  3177 I SentryImuMcuAngleSender: 179.91031rollDeg
05-22 07:16:22.962  2981  3177 I SentryImuMcuAngleSender: 1,0,0
05-22 07:16:22.963   737   737 D Telecom : Logging: START_SESSION
05-22 07:16:22.964   737   737 D Telecom : Logging: END_SESSION (dur: 1 ms): TSI.iIMC@COQ
05-22 07:16:22.964   737   737 D Telecom : Logging: START_SESSION
05-22 07:16:22.964   737   737 D Telecom : Logging: END_SESSION (dur: 0 ms): TSI.iISMC(a)@COU
05-22 07:16:22.964   737   737 D ResponseStatsTracker: notification:+11m7s743ms; event=<updated>, pkg=com.neusoft.btmusic, usr=0
05-22 07:16:22.965   737   737 D Telecom : Logging: START_SESSION
05-22 07:16:22.965   737   737 D Telecom : Logging: END_SESSION (dur: 0 ms): TSI.gDDP@COY
05-22 07:16:22.965   737   737 D Telecom : Logging: START_SESSION
05-22 07:16:22.965   737   737 D Telecom : Logging: END_SESSION (dur: 0 ms): TSI.gDDP@COc
05-22 07:16:22.965   737   737 D Telecom : Logging: START_SESSION
05-22 07:16:22.965   737   737 D Telecom : Logging: END_SESSION (dur: 0 ms): TSI.gDDP@COg
05-22 07:16:22.966   737   737 D Telecom : Logging: START_SESSION
05-22 07:16:22.966   737   737 D Telecom : Logging: END_SESSION (dur: 0 ms): TSI.gDDP@COk
05-22 07:16:22.966   737   737 D NotificationService: 0|com.neusoft.btmusic|8001|null|1000: updating permissions
05-22 07:16:22.967   737   737 D NotificationService: 0|com.neusoft.btmusic|8001|null|1000: updating permissions
05-22 07:16:22.967   737   737 D NotificationService: 0|com.neusoft.btmusic|8001|null|1000: updating permissions
05-22 07:16:22.967   737   737 D NotificationService: 0|com.neusoft.btmusic|8001|null|1000: updating permissions
05-22 07:16:22.967   737   737 D NotificationService: 0|com.neusoft.btmusic|8001|null|1000: updating permissions
05-22 07:16:22.967   573   573 I SpiService: fgesysctrl_getGPIO_status success val=0
05-22 07:16:22.967   737   737 D NotificationService: 0|com.neusoft.btmusic|8001|null|1000: updating permissions
05-22 07:16:22.968   737  1616 D PowerController.AppState: - updateNotification() E -
05-22 07:16:22.969  1812  1812 I ExtAssistant: POSTED 0|com.neusoft.btmusic|8001|null|1000
05-22 07:16:22.969  1517  1517 D CarNotificationListener: onNotificationPosted: StatusBarNotification(pkg=com.neusoft.btmusic user=UserHandle{0} id=8001 tag=null key=0|com.neusoft.btmusic|8001|null|1000: Notification(channel=media_playback_channel shortcut=null contentView=null vibrate=null sound=null defaults=0x0 flags=0x6a color=0x00000000 category=transport groupKey=silent actions=3 vis=PUBLIC))
05-22 07:16:22.969  1517  1517 D CarNotificationListener: Is incoming notification a group summary?: false
05-22 06:34:56.710   573   573 D spi_rst_gpio_get_output: GPIO 145 value: 0
05-22 06:34:56.710   573   573 D spidev_ioctl: gpio status=0)
05-22 07:16:22.970  1517  1517 D NavBarFragment: onShow: AlertEntry:StatusBarNotification(pkg=com.neusoft.btmusic user=UserHandle{0} id=8001 tag=null key=0|com.neusoft.btmusic|8001|null|1000: Notification(channel=media_playback_channel shortcut=null contentView=null vibrate=null sound=null defaults=0x0 flags=0x6a color=0x00000000 category=transport groupKey=silent actions=3 vis=PUBLIC))
05-22 07:16:22.970  1517  1517 D NavBarFragment: bindMediaActions: action[0] title=Previous, intent=PendingIntent{bd211fc: android.os.BinderProxy@beb4470}
05-22 07:16:22.970  1517  1517 D NavBarFragment: bindMediaActions: action[1] title=Pause, intent=PendingIntent{ed4a085: android.os.BinderProxy@b332c26}
05-22 07:16:22.970  1517  1517 D NavBarFragment: bindMediaActions: action[2] title=Next, intent=PendingIntent{54f0eda: android.os.BinderProxy@d0c76b3}
05-22 07:16:22.970  1517  1517 D NavBarFragment: bindMediaActions: previous=0, playPause=1, next=2, key=0|com.neusoft.btmusic|8001|null|1000
05-22 07:16:22.970  1517  1517 D NavBarFragment: updateMediaInfo: title=山河万里 任我踏歌行, text=凌绝顶-梓渝, pkg=com.neusoft.btmusic
05-22 07:16:22.978   577   612 D vendor.sprd.hardware.aprd-service: WCN Get CP2Ver failed
05-22 07:16:22.978   577   612 D vendor.sprd.hardware.aprd-service: WCNInfoThread::GetVer
05-22 07:16:22.978   737   737 D Telecom : Logging: START_SESSION
05-22 07:16:22.978   577   612 D vendor.sprd.hardware.aprd-service: WCNcmdReqRsp: waiting for server wcnd
05-22 07:16:22.978  2343  2378 D WCND    : wcnd got 12 from accept
05-22 07:16:22.978  2343  2378 D WCND    : Socket client fd = 5, max fd = 12
05-22 07:16:22.978  2343  2378 D WCND    : process_active_socket_client_fd: active client fd is 12
05-22 07:16:22.979  2343  2378 D WCND    : wcnd_runcommand : argv :  at+spatgetcp2info
05-22 07:16:22.979  2343  2378 E wcn_vendor: open(/sys/class/misc/wcn/devices/sw_ver) for read failed: No such file or directory (2)
05-22 07:16:22.979  2343  2378 D WCND    : Reply Socket : FAIL Unknown
05-22 07:16:22.979  2343  2378 D WCND    : Socket client fd = 5, max fd = 12
05-22 07:16:22.979   737   737 D Telecom : Logging: END_SESSION (dur: 0 ms): TSI.iIMC@COo
05-22 07:16:22.979   577   612 D vendor.sprd.hardware.aprd-service: WCNcmdReqRsp: get 13 bytes FAIL Unknown
05-22 07:16:22.979   577   612 D vendor.sprd.hardware.aprd-service: wcn AT+spatgetcp2info, ret=0, rsp:FAIL Unknown
05-22 07:16:22.979  2343  2378 D WCND    : process_active_socket_client_fd: active client fd is 12
05-22 07:16:22.979   737   737 D Telecom : Logging: START_SESSION
05-22 07:16:22.979  2343  2378 D WCND    : Client socket fd : 12 closed
05-22 07:16:22.979  2343  2378 D WCND    : Socket client fd = 5, max fd = 11
05-22 07:16:22.979   737   737 D Telecom : Logging: END_SESSION (dur: 0 ms): TSI.iISMC(a)@COs
05-22 07:16:22.979   737   737 D ResponseStatsTracker: notification:+11m7s757ms; event=<updated>, pkg=com.neusoft.btmusic, usr=0
05-22 07:16:22.980   737   737 D Telecom : Logging: START_SESSION
05-22 07:16:22.980   737   737 D Telecom : Logging: END_SESSION (dur: 0 ms): TSI.gDDP@COw
05-22 07:16:22.980   737   737 D Telecom : Logging: START_SESSION
05-22 07:16:22.980   737   737 D Telecom : Logging: END_SESSION (dur: 0 ms): TSI.gDDP@CO0
05-22 07:16:22.980   737   737 D Telecom : Logging: START_SESSION
05-22 07:16:22.980   737   737 D Telecom : Logging: END_SESSION (dur: 0 ms): TSI.gDDP@CO4
05-22 07:16:22.980   737   737 D Telecom : Logging: START_SESSION
05-22 07:16:22.980   737   737 D Telecom : Logging: END_SESSION (dur: 0 ms): TSI.gDDP@CO8
05-22 07:16:22.980   964  1804 D [OMXB]  : usingANWBuffer: handle:0xebd42f80, format:1, w:1920, h:1080
05-22 07:16:22.981   737   737 D NotificationService: 0|com.neusoft.btmusic|8001|null|1000: updating permissions
05-22 07:16:22.981   573   573 I SpiService: fgesysctrl_getGPIO_status success val=1
05-22 07:16:22.981   737   737 D NotificationService: 0|com.neusoft.btmusic|8001|null|1000: updating permissions
05-22 07:16:22.981   737   737 D NotificationService: 0|com.neusoft.btmusic|8001|null|1000: updating permissions
05-22 07:16:22.981   737   737 D NotificationService: 0|com.neusoft.btmusic|8001|null|1000: updating permissions
05-22 07:16:22.981   737   737 D NotificationService: 0|com.neusoft.btmusic|8001|null|1000: updating permissions
05-22 07:16:22.981   737   737 D NotificationService: 0|com.neusoft.btmusic|8001|null|1000: updating permissions
05-22 06:34:56.724   573   573 D spi_rst_gpio_get_output: GPIO 145 value: 1
05-22 06:34:56.724   573   573 D spidev_ioctl: gpio status=1)
05-22 07:16:22.982   737  1616 D PowerController.AppState: - updateNotification() E -
05-22 07:16:22.982  2981  3177 I SentryImuMcuAngleSender: 179.90341rollDeg
05-22 07:16:22.983  2981  3177 I SentryImuMcuAngleSender: 1,0,0
05-22 07:16:22.983   565   565 I Sensors : 230 GyroSensor: x:-0.009239,y:0.007254,z:0.017715
05-22 07:16:22.983   291  1491 D EvsDriver: forwardFrame
05-22 07:16:22.983  1812  1812 I ExtAssistant: POSTED 0|com.neusoft.btmusic|8001|null|1000
05-22 07:16:22.985  1137  1150 D evsmanagerd: /dev/video4 forwarded the buffer #0 to 0xb4000071fa019690 from 0xb4000071fa01b7d0
05-22 07:16:22.985   291  1491 D EvsDriver: Delivered 0xb400007b2f47ca30 as id 0
05-22 07:16:22.986  1517  1517 D CarNotificationListener: onNotificationPosted: StatusBarNotification(pkg=com.neusoft.btmusic user=UserHandle{0} id=8001 tag=null key=0|com.neusoft.btmusic|8001|null|1000: Notification(channel=media_playback_channel shortcut=null contentView=null vibrate=null sound=null defaults=0x0 flags=0x6a color=0x00000000 category=transport groupKey=silent actions=3 vis=PUBLIC))
05-22 07:16:22.986  1517  1517 D CarNotificationListener: Is incoming notification a group summary?: false
05-22 07:16:22.986   573   573 I SpiService: fgesysctrl_getGPIO_status success val=1
05-22 07:16:22.987  1517  1517 D NavBarFragment: onShow: AlertEntry:StatusBarNotification(pkg=com.neusoft.btmusic user=UserHandle{0} id=8001 tag=null key=0|com.neusoft.btmusic|8001|null|1000: Notification(channel=media_playback_channel shortcut=null contentView=null vibrate=null sound=null defaults=0x0 flags=0x6a color=0x00000000 category=transport groupKey=silent actions=3 vis=PUBLIC))
05-22 07:16:22.987  1517  1517 D NavBarFragment: bindMediaActions: action[0] title=Previous, intent=PendingIntent{fcbef0b: android.os.BinderProxy@beb4470}
05-22 07:16:22.987  1517  1517 D NavBarFragment: bindMediaActions: action[1] title=Pause, intent=PendingIntent{a2c51e8: android.os.BinderProxy@b332c26}
05-22 07:16:22.987  1517  1517 D NavBarFragment: bindMediaActions: action[2] title=Next, intent=PendingIntent{743c001: android.os.BinderProxy@d0c76b3}
05-22 07:16:22.987  1517  1517 D NavBarFragment: bindMediaActions: previous=0, playPause=1, next=2, key=0|com.neusoft.btmusic|8001|null|1000
05-22 07:16:22.987  1517  1517 D NavBarFragment: updateMediaInfo: title=山河万里 任我踏歌行, text=凌绝顶-梓渝, pkg=com.neusoft.btmusic
05-22 07:16:22.989   291  1135 D EvsDriver: doneWithFrame
05-22 06:34:56.730   573   573 D spi_rst_gpio_get_output: GPIO 145 value: 1
05-22 06:34:56.730   573   573 D spidev_ioctl: gpio status=1)
05-22 07:16:22.990   558  1144 D gps_hdbd: [request_agps_thread 979] get sys.gps.agnssd:1
05-22 07:16:22.991   544   544 D commservice260303: msg.id = 1028,0
05-22 07:16:22.991   544   544 D commservice260303: i = 170, msgid = 8A000404
05-22 07:16:22.991   544   544 D commservice260303: msgid = -1979710460,did=138
05-22 07:16:22.991   544   544 D commservice260303: CommProtocolLibCmdBaseI2C::dataproc {"command":{"id":"imu_status","sub":""},"content":{"TimeStamp":1779405382990,"FrameCounter":15771,"GD_X":-0.00923888012766838,"GD_Y":0.0072539933025836945,"GD_Z":0.017715223133563995,"AD_X":-0.0017155259847640991,"AD_Y":0.0018985262140631676,"AD_Z":-0.3247995376586914,"TempDsp":0,"Status":0,"CalibState":1,"SigAmpInvalid":0}},-1979710460
05-22 07:16:22.991   544   544 D commservice260303: send2Cluster len:326, 7B22636F6D6D616E64223A7B226964223A22696D755F737461747573222C22737562223A22227D2C22636F6E74656E74223A7B2254696D655374616D70223A313737393430353338323939302C224672616D65436F756E746572223A31353737312C2247445F58223A2D302E30303932333838383031323736363833382C2247445F59223A302E303037323533393933333032353833363934352C2247445F5A223A302E3031373731353232333133333536333939352C2241445F58223A2D302E303031373135353235393834373634303939312C2241445F59223A302E303031383938353236323134303633313637362C2241445F5A223A2D302E333234373939353337363538363931342C2254656D70447370223A302C22537461747573223A302C2243616C69625374617465223A312C22536967416D70496E76616C6964223A307D7D, 138 
05-22 07:16:22.991   544   544 D commservice260303: Push Message into SendPool fn=-314703872
05-22 07:16:22.991   544   544 D commservice260303: ComProtocolLibSend2Cluster::send2ClusterRaw fn=-314703872 , len=342
05-22 07:16:22.991   544   544 D commservice260303: sendCmdToPort :342!!!
05-22 07:16:22.991   544   544 D commservice260303: send Cmd To Port ++++5AA501528A0100003EED6A0F92467B22636F6D6D616E64223A7B226964223A22696D755F737461747573222C22737562223A22227D2C22636F6E74656E74223A7B2254696D655374616D70223A313737393430353338323939302C224672616D65436F756E746572223A31353737312C2247445F58223A2D302E30303932333838383031323736363833382C2247445F59223A302E303037323533393933333032353833363934352C2247445F5A223A302E3031373731353232333133333536333939352C2241445F58223A2D302E303031373135353235393834373634303939312C2241445F59223A302E303031383938353236323134303633313637362C2241445F5A223A2D302E333234373939353337363538363931342C2254656D70447370223A302C22537461747573223A302C2243616C69625374617465223A312C22536967416D70496E76616C6964223A307D7DB936
05-22 07:16:22.991   544   544 D commservice260303: bufferevent_write retrun value = 0
05-22 07:16:22.991   544   567 D commservice260303: client datas send succeed,send finish
05-22 06:34:56.735   573   573 D spi_rst_gpio_get_output: GPIO 145 value: 1
05-22 06:34:56.735   573   573 D spidev_ioctl: gpio status=1)
05-22 07:16:22.992   573   573 I SpiService: fgesysctrl_getGPIO_status success val=1
05-22 07:16:22.992  2981  3178 D Sentinelmode_1.2.5.13_alpha: <SentryImuClusterFgeSender>imu_status sent to Linux, frame=15771, tsNs=667965, tsMs=1779405382990, intervalMs=44, ad=(-0.001715526,0.0018985262,-0.32479954), gd=(-0.00923888,0.0072539933,0.017715223)
05-22 07:16:22.992  1026  1026 D MyAppLog: [2026-05-22 07:16:22.992 D tboxap gpsMcuDataAnalyze:471] [Gps] [gpsMcuDataAnalyze]:$GNRMC,231622.000,V,,,,,,,210526,120.0,E,N,V*45
05-22 07:16:22.992  1026  1026 D MyAppLog: 
05-22 07:16:22.993  1026  1026 D MyAppLog: [2026-05-22 07:16:22.992 D tboxap gpsMcuDataAnalyze:556] [Gps] stGps.stat:0, latitude:0 , longtitude:0,sped:0,direction:0
05-22 07:16:22.997   573   573 I SpiService: fgesysctrl_getGPIO_status success val=1
05-22 06:34:56.741   573   573 D spi_rst_gpio_get_output: GPIO 145 value: 1
05-22 06:34:56.741   573   573 D spidev_ioctl: gpio status=1)
05-22 07:16:23.003   573   573 I SpiService: fgesysctrl_getGPIO_status success val=1
05-22 07:16:23.004  2981  3177 I SentryImuMcuAngleSender: 179.91724rollDeg
05-22 07:16:23.004  2981  3177 I SentryImuMcuAngleSender: 1,0,0
05-22 06:34:56.746   573   573 D spi_rst_gpio_get_output: GPIO 145 value: 1
05-22 06:34:56.746   573   573 D spidev_ioctl: gpio status=1)
05-22 07:16:23.009   573   573 I SpiService: fgesysctrl_getGPIO_status success val=0
05-22 06:34:56.752   573   573 D spi_rst_gpio_get_output: GPIO 145 value: 0
05-22 06:34:56.752   573   573 D spidev_ioctl: gpio status=0)
05-22 07:16:23.014   291  1491 D EvsDriver: forwardFrame
05-22 07:16:23.014   477  1277 I dvr_service_: [runShortMediaThread:297] cameraId:0 medias:300,audios:0,stateAudio:0,mShortState:0,warnEvent:0,state:0
05-22 07:16:23.016   291  1491 D EvsDriver: Delivered 0xb400007b2f47ca30 as id 0
05-22 07:16:23.016  1137  1150 D evsmanagerd: /dev/video4 forwarded the buffer #0 to 0xb4000071fa019690 from 0xb4000071fa01b7d0
05-22 07:16:23.016   291  1135 D EvsDriver: doneWithFrame
05-22 07:16:23.019   477  1278 I dvr_service_: [runShortMediaThread:297] cameraId:1 medias:0,audios:0,stateAudio:0,mShortState:0,warnEvent:0,state:0
05-22 07:16:23.023   573   573 I SpiService: fgesysctrl_getGPIO_status success val=1
05-22 07:16:23.024   964  1804 D [OMXB]  : usingANWBuffer: handle:0xebd40590, format:1, w:1920, h:1080
05-22 07:16:23.024  2981  3177 I SentryImuMcuAngleSender: 179.91725rollDeg
05-22 07:16:23.024  2981  3177 I SentryImuMcuAngleSender: 1,0,0
05-22 06:34:56.767   573   573 D spi_rst_gpio_get_output: GPIO 145 value: 1
05-22 06:34:56.767   573   573 D spidev_ioctl: gpio status=1)
05-22 07:16:23.029   573   573 I SpiService: fgesysctrl_getGPIO_status success val=1
05-22 06:34:56.772   573   573 D spi_rst_gpio_get_output: GPIO 145 value: 1
05-22 06:34:56.772   573   573 D spidev_ioctl: gpio status=1)
05-22 07:16:23.031   544   544 D commservice260303: msg.id = 1028,0
05-22 07:16:23.031   544   544 D commservice260303: i = 170, msgid = 8A000404
05-22 07:16:23.031   544   544 D commservice260303: msgid = -1979710460,did=138
05-22 07:16:23.031   544   544 D commservice260303: CommProtocolLibCmdBaseI2C::dataproc {"command":{"id":"imu_status","sub":""},"content":{"TimeStamp":1779405383030,"FrameCounter":15772,"GD_X":-0.00923888012766838,"GD_Y":0.00794111005961895,"GD_Z":0.01756177842617035,"AD_X":-0.0023276060819625854,"AD_Y":6.777830421924591E-4,"AD_Z":-0.3296804428100586,"TempDsp":0,"Status":0,"CalibState":1,"SigAmpInvalid":0}},-1979710460
05-22 07:16:23.031   544   544 D commservice260303: send2Cluster len:322, 7B22636F6D6D616E64223A7B226964223A22696D755F737461747573222C22737562223A22227D2C22636F6E74656E74223A7B2254696D655374616D70223A313737393430353338333033302C224672616D65436F756E746572223A31353737322C2247445F58223A2D302E30303932333838383031323736363833382C2247445F59223A302E30303739343131313030353936313839352C2247445F5A223A302E30313735363137373834323631373033352C2241445F58223A2D302E303032333237363036303831393632353835342C2241445F59223A362E373737383330343231393234353931452D342C2241445F5A223A2D302E333239363830343432383130303538362C2254656D70447370223A302C22537461747573223A302C2243616C69625374617465223A312C22536967416D70496E76616C6964223A307D7D, 138 
05-22 07:16:23.031   544   544 D commservice260303: Push Message into SendPool fn=-297926656
05-22 07:16:23.031   544   544 D commservice260303: ComProtocolLibSend2Cluster::send2ClusterRaw fn=-297926656 , len=338
05-22 07:16:23.031   544   544 D commservice260303: sendCmdToPort :338!!!
05-22 07:16:23.032   544   544 D commservice260303: send Cmd To Port ++++5AA5014E8A0100003EEE6A0F92477B22636F6D6D616E64223A7B226964223A22696D755F737461747573222C22737562223A22227D2C22636F6E74656E74223A7B2254696D655374616D70223A313737393430353338333033302C224672616D65436F756E746572223A31353737322C2247445F58223A2D302E30303932333838383031323736363833382C2247445F59223A302E30303739343131313030353936313839352C2247445F5A223A302E30313735363137373834323631373033352C2241445F58223A2D302E303032333237363036303831393632353835342C2241445F59223A362E373737383330343231393234353931452D342C2241445F5A223A2D302E333239363830343432383130303538362C2254656D70447370223A302C22537461747573223A302C2243616C69625374617465223A312C22536967416D70496E76616C6964223A307D7DDD2A
05-22 07:16:23.032   544   544 D commservice260303: bufferevent_write retrun value = 0
05-22 07:16:23.032   544   567 D commservice260303: client datas send succeed,send finish
05-22 07:16:23.032  2981  3178 D Sentinelmode_1.2.5.13_alpha: <SentryImuClusterFgeSender>imu_status sent to Linux, frame=15772, tsNs=668001, tsMs=1779405383030, intervalMs=40, ad=(-0.002327606,6.7778304E-4,-0.32968044), gd=(-0.00923888,0.00794111,0.017561778)
05-22 07:16:23.034   573   573 I SpiService: fgesysctrl_getGPIO_status success val=1
05-22 06:34:56.778   573   573 D spi_rst_gpio_get_output: GPIO 145 value: 1
05-22 06:34:56.778   573   573 D spidev_ioctl: gpio status=1)
05-22 07:16:23.039   573   573 I SpiService: fgesysctrl_getGPIO_status success val=1
05-22 06:34:56.783   573   573 D spi_rst_gpio_get_output: GPIO 145 value: 1
05-22 06:34:56.783   573   573 D spidev_ioctl: gpio status=1)
05-22 07:16:23.044  2981  3177 I SentryImuMcuAngleSender: 179.91034rollDeg
05-22 07:16:23.045  2981  3177 I SentryImuMcuAngleSender: 1,0,0
05-22 07:16:23.045   573   573 I SpiService: fgesysctrl_getGPIO_status success val=1
05-22 06:34:56.788   573   573 D spi_rst_gpio_get_output: GPIO 145 value: 1
05-22 06:34:56.788   573   573 D spidev_ioctl: gpio status=1)
05-22 07:16:23.047   276   300 I rvcservice: t.code = 3, t.value = 0
05-22 07:16:23.048  3901  4099 D ConfigManager: configFile not found, configFileName = account_config.json key = openForceCheck
05-22 07:16:23.048  3901  4099 D ConfigManager: configFile not found, configFileName = account_config.json key = showForceCheckFailToast
05-22 07:16:23.048  3901  4099 D ConfigManager: configFile not found, configFileName = account_config.json key = accountUrlWitheList
05-22 07:16:23.050   573   573 I SpiService: fgesysctrl_getGPIO_status success val=0
05-22 07:16:23.051   291  1491 D EvsDriver: forwardFrame
05-22 07:16:23.052   291  1491 D EvsDriver: Delivered 0xb400007b2f47ca30 as id 0
05-22 07:16:23.052  1137  1150 D evsmanagerd: /dev/video4 forwarded the buffer #0 to 0xb4000071fa019690 from 0xb4000071fa01b7d0
05-22 06:34:56.794   573   573 D spi_rst_gpio_get_output: GPIO 145 value: 0
05-22 06:34:56.794   573   573 D spidev_ioctl: gpio status=0)
05-22 07:16:23.056   291  1135 D EvsDriver: doneWithFrame
05-22 07:16:23.065   573   573 I SpiService: fgesysctrl_getGPIO_status success val=1
05-22 06:34:56.808   573   573 D spi_rst_gpio_get_output: GPIO 145 value: 1
05-22 06:34:56.808   573   573 D spidev_ioctl: gpio status=1)
05-22 07:16:23.066  2981  3177 I SentryImuMcuAngleSender: 179.9172rollDeg
05-22 07:16:23.066  2981  3177 I SentryImuMcuAngleSender: 1,0,0
05-22 07:16:23.070   573   573 I SpiService: fgesysctrl_getGPIO_status success val=1
05-22 07:16:23.071   544   544 D commservice260303: msg.id = 1028,0
05-22 07:16:23.071   544   544 D commservice260303: i = 170, msgid = 8A000404
05-22 07:16:23.071   544   544 D commservice260303: msgid = -1979710460,did=138
05-22 07:16:23.071   544   544 D commservice260303: CommProtocolLibCmdBaseI2C::dataproc {"command":{"id":"imu_status","sub":""},"content":{"TimeStamp":1779405383071,"FrameCounter":15773,"GD_X":-0.008933032862842083,"GD_Y":0.0073299347423017025,"GD_Z":0.018020030111074448,"AD_X":-0.0023286789655685425,"AD_Y":6.767632439732552E-4,"AD_Z":-0.3247995376586914,"TempDsp":0,"Status":0,"CalibState":1,"SigAmpInvalid":0}},-1979710460
05-22 07:16:23.072   544   544 D commservice260303: send2Cluster len:326, 7B22636F6D6D616E64223A7B226964223A22696D755F737461747573222C22737562223A22227D2C22636F6E74656E74223A7B2254696D655374616D70223A313737393430353338333037312C224672616D65436F756E746572223A31353737332C2247445F58223A2D302E3030383933333033323836323834323038332C2247445F59223A302E303037333239393334373432333031373032352C2247445F5A223A302E3031383032303033303131313037343434382C2241445F58223A2D302E303032333238363738393635353638353432352C2241445F59223A362E373637363332343339373332353532452D342C2241445F5A223A2D302E333234373939353337363538363931342C2254656D70447370223A302C22537461747573223A302C2243616C69625374617465223A312C22536967416D70496E76616C6964223A307D7D, 138 
05-22 07:16:23.072   544   544 D commservice260303: Push Message into SendPool fn=-281149440
05-22 07:16:23.072   544   544 D commservice260303: ComProtocolLibSend2Cluster::send2ClusterRaw fn=-281149440 , len=342
05-22 07:16:23.072   544   544 D commservice260303: sendCmdToPort :342!!!
05-22 07:16:23.072   544   544 D commservice260303: send Cmd To Port ++++5AA501528A0100003EEF6A0F92477B22636F6D6D616E64223A7B226964223A22696D755F737461747573222C22737562223A22227D2C22636F6E74656E74223A7B2254696D655374616D70223A313737393430353338333037312C224672616D65436F756E746572223A31353737332C2247445F58223A2D302E3030383933333033323836323834323038332C2247445F59223A302E303037333239393334373432333031373032352C2247445F5A223A302E3031383032303033303131313037343434382C2241445F58223A2D302E303032333238363738393635353638353432352C2241445F59223A362E373637363332343339373332353532452D342C2241445F5A223A2D302E333234373939353337363538363931342C2254656D70447370223A302C22537461747573223A302C2243616C69625374617465223A312C22536967416D70496E76616C6964223A307D7D57AA
05-22 07:16:23.072   544   544 D commservice260303: bufferevent_write retrun value = 0
05-22 07:16:23.072   544   567 D commservice260303: client datas send succeed,send finish
05-22 07:16:23.072  2981  3178 D Sentinelmode_1.2.5.13_alpha: <SentryImuClusterFgeSender>imu_status sent to Linux, frame=15773, tsNs=668037, tsMs=1779405383071, intervalMs=40, ad=(-0.002328679,6.7676324E-4,-0.32479954), gd=(-0.008933033,0.0073299347,0.01802003)
05-22 06:34:56.813   573   573 D spi_rst_gpio_get_output: GPIO 145 value: 1
05-22 06:34:56.813   573   573 D spidev_ioctl: gpio status=1)
05-22 07:16:23.075   573   573 I SpiService: fgesysctrl_getGPIO_status success val=1
05-22 06:34:56.819   573   573 D spi_rst_gpio_get_output: GPIO 145 value: 1
05-22 06:34:56.819   573   573 D spidev_ioctl: gpio status=1)
05-22 07:16:23.081   573   573 I SpiService: fgesysctrl_getGPIO_status success val=1
05-22 06:34:56.824   573   573 D spi_rst_gpio_get_output: GPIO 145 value: 1
05-22 06:34:56.824   573   573 D spidev_ioctl: gpio status=1)
05-22 07:16:23.086  2981  3177 I SentryImuMcuAngleSender: 179.931rollDeg
05-22 07:16:23.086   291  1491 D EvsDriver: forwardFrame
05-22 07:16:23.086  2981  3177 I SentryImuMcuAngleSender: 1,0,0
05-22 07:16:23.086   573   573 I SpiService: fgesysctrl_getGPIO_status success val=0
05-22 07:16:23.088   291  1491 D EvsDriver: Delivered 0xb400007b2f47ca30 as id 0
05-22 07:16:23.088  1137  1150 D evsmanagerd: /dev/video4 forwarded the buffer #0 to 0xb4000071fa019690 from 0xb4000071fa01b7d0
05-22 07:16:23.088  1026  1026 D MyAppLog: [2026-05-22 07:16:23.088 D tboxap tsp_WorkMachineProc:1086] [Tsp] [tsp_WorkMachineProc]TSP_WORK_LOGIN NOW !!!!
05-22 06:34:56.830   573   573 D spi_rst_gpio_get_output: GPIO 145 value: 0
05-22 06:34:56.830   573   573 D spidev_ioctl: gpio status=0)
05-22 07:16:23.092   291  1135 D EvsDriver: doneWithFrame
05-22 07:16:23.093  1026  1026 I MyAppLog: [2026-05-22 07:16:23.092 I tboxap mcuSendYadiTransfer:195] [Mcu] [mcuYadiSend]: :00 08 5A 04 01 09 81 02 01 01
05-22 07:16:23.094  1091  1133 D tboxmids_ap: Frame Size: 12
05-22 07:16:23.095  1091  1133 D tboxmids_ap: Hex Data:
05-22 07:16:23.095  1091  1133 D tboxmids_ap: 09 
05-22 07:16:23.095  1091  1133 D tboxmids_ap: 01 
05-22 07:16:23.095  1091  1133 D tboxmids_ap: 00 
05-22 07:16:23.095  1091  1133 D tboxmids_ap: 08 
05-22 07:16:23.095  1091  1133 D tboxmids_ap: 5A 
05-22 07:16:23.095  1091  1133 D tboxmids_ap: 04 
05-22 07:16:23.095  1091  1133 D tboxmids_ap: 01 
05-22 07:16:23.095  1091  1133 D tboxmids_ap: 09 
05-22 07:16:23.095  1091  1133 D tboxmids_ap: 81 
05-22 07:16:23.095  1091  1133 D tboxmids_ap: 02 
05-22 07:16:23.095  1091  1133 D tboxmids_ap: 01 
05-22 07:16:23.095  1091  1133 D tboxmids_ap: 01 
05-22 07:16:23.095  1091  1133 D tboxmids_ap: 
05-22 07:16:23.095  1091  1133 D tboxmids_ap: Hex Data end 
05-22 07:16:23.098   486   581 I mcuc    : start timer OK = 1850 
05-22 07:16:23.100   486   580 I mcuc    : rev,n=1,6AA6810D16000A8900D1010409301234561E
05-22 07:16:23.101  1091  1116 I tboxmids_ap: [2026-05-22 07:16:23.101] [MCU RX] src=MCU dst=ZMQ len=10 type=BINARY data=00 08 D1 01 04 09 30 12 34 56 
05-22 07:16:23.101   344   361 D automotive.vehicle@2.0-adayo-datacomm-mcu: MCUDatacomm sendMessageFromVehicle prop: 0x89, areaId: 0x0, status: 0xd1, timestamp: 0x1
05-22 07:16:23.101   344   361 D automotive.vehicle@2.0-adayo-datacomm-mcu: MCUDatacomm 1sendMessageFromVehicle ---> type = 12 
05-22 07:16:23.101  1026  1026 I MyAppLog: [2026-05-22 07:16:23.101 I tboxap mcuCommTboxmidsRecvCb:96] [Mcu] [mcuCommTboxmidsRecvCb] recv from tboxmids, size:10
05-22 07:16:23.102  1026  1026 I MyAppLog: [2026-05-22 07:16:23.101 I tboxap mcuCommTboxmidsRecvCb:97] [Mcu] [tboxmids -> tboxap]: :00 08 D1 01 04 09 30 12 34 56
05-22 07:16:23.102  1026  1026 W MyAppLog: [2026-05-22 07:16:23.101 W tboxap mcuYadiFrameParse:831] [Mcu] [mcuYadiFrameParse] cmd:0930(MCU_REMOTE_CTRL_RSP_IND) payload too short:5 < 8
05-22 07:16:23.102  1026  1026 W MyAppLog: [2026-05-22 07:16:23.101 W tboxap mcuPtlParseData:961] [Mcu] [mcuPtlParseData] invalid yadi frame, len:10
05-22 07:16:23.102   824   824 D SurfaceFlinger: unisoc-graphics, commit has frameMissed:2, vysncId:342908
05-22 07:16:23.102   573   573 I SpiService: fgesysctrl_getGPIO_status success val=1
05-22 07:16:23.103   964  1804 D [OMXB]  : usingANWBuffer: handle:0xebd40010, format:1, w:1920, h:1080
05-22 06:34:56.845   573   573 D spi_rst_gpio_get_output: GPIO 145 value: 1
05-22 06:34:56.845   573   573 D spidev_ioctl: gpio status=1)
05-22 07:16:23.106  2981  3177 I SentryImuMcuAngleSender: 179.9241rollDeg
05-22 07:16:23.106  2981  3177 I SentryImuMcuAngleSender: 1,0,0
05-22 07:16:23.107   573   573 I SpiService: fgesysctrl_getGPIO_status success val=1
05-22 06:34:56.851   573   573 D spi_rst_gpio_get_output: GPIO 145 value: 1
05-22 06:34:56.851   573   573 D spidev_ioctl: gpio status=1)
05-22 07:16:23.113   544   544 D commservice260303: msg.id = 1028,0
05-22 07:16:23.113   544   544 D commservice260303: i = 170, msgid = 8A000404
05-22 07:16:23.113   544   544 D commservice260303: msgid = -1979710460,did=138
05-22 07:16:23.113   544   544 D commservice260303: CommProtocolLibCmdBaseI2C::dataproc {"command":{"id":"imu_status","sub":""},"content":{"TimeStamp":1779405383112,"FrameCounter":15774,"GD_X":-0.008398840203881264,"GD_Y":0.007788185961544514,"GD_Z":0.017332913354039192,"AD_X":-0.002331182360649109,"AD_Y":6.786277517676353E-4,"AD_Z":-0.3235807418823242,"TempDsp":0,"Status":0,"CalibState":1,"SigAmpInvalid":0}},-1979710460
05-22 07:16:23.113   544   544 D commservice260303: send2Cluster len:324, 7B22636F6D6D616E64223A7B226964223A22696D755F737461747573222C22737562223A22227D2C22636F6E74656E74223A7B2254696D655374616D70223A313737393430353338333131322C224672616D65436F756E746572223A31353737342C2247445F58223A2D302E3030383339383834303230333838313236342C2247445F59223A302E3030373738383138353936313534343531342C2247445F5A223A302E3031373333323931333335343033393139322C2241445F58223A2D302E3030323333313138323336303634393130392C2241445F59223A362E373836323737353137363736333533452D342C2241445F5A223A2D302E333233353830373431383832333234322C2254656D70447370223A302C22537461747573223A302C2243616C69625374617465223A312C22536967416D70496E76616C6964223A307D7D, 138 
05-22 07:16:23.113   544   544 D commservice260303: Push Message into SendPool fn=-264372224
05-22 07:16:23.113   544   544 D commservice260303: ComProtocolLibSend2Cluster::send2ClusterRaw fn=-264372224 , len=340
05-22 07:16:23.113   544   544 D commservice260303: sendCmdToPort :340!!!
05-22 06:34:56.856   573   573 D spi_rst_gpio_get_output: GPIO 145 value: 1
05-22 07:16:23.113   573   573 I SpiService: fgesysctrl_getGPIO_status success val=1
05-22 06:34:56.856   573   573 D spidev_ioctl: gpio status=1)
05-22 07:16:23.113   544   544 D commservice260303: send Cmd To Port ++++5AA501508A0100003EF06A0F92477B22636F6D6D616E64223A7B226964223A22696D755F737461747573222C22737562223A22227D2C22636F6E74656E74223A7B2254696D655374616D70223A313737393430353338333131322C224672616D65436F756E746572223A31353737342C2247445F58223A2D302E3030383339383834303230333838313236342C2247445F59223A302E3030373738383138353936313534343531342C2247445F5A223A302E3031373333323931333335343033393139322C2241445F58223A2D302E3030323333313138323336303634393130392C2241445F59223A362E373836323737353137363736333533452D342C2241445F5A223A2D302E333233353830373431383832333234322C2254656D70447370223A302C22537461747573223A302C2243616C69625374617465223A312C22536967416D70496E76616C6964223A307D7DCD94
05-22 07:16:23.113   544   544 D commservice260303: bufferevent_write retrun value = 0
05-22 07:16:23.113   544   567 D commservice260303: client datas send succeed,send finish
05-22 07:16:23.113  2981  3178 D Sentinelmode_1.2.5.13_alpha: <SentryImuClusterFgeSender>imu_status sent to Linux, frame=15774, tsNs=668091, tsMs=1779405383112, intervalMs=41, ad=(-0.0023311824,6.7862775E-4,-0.32358074), gd=(-0.00839884,0.007788186,0.017332913)
05-22 07:16:23.118   573   573 I SpiService: fgesysctrl_getGPIO_status success val=1
05-22 07:16:23.118   824   824 D SurfaceFlinger: unisoc-graphics, commit has frameMissed:2, vysncId:342916
05-22 07:16:23.120   291  1491 D EvsDriver: forwardFrame
05-22 07:16:23.121   291  1491 D EvsDriver: Delivered 0xb400007b2f47ca30 as id 0
05-22 07:16:23.121  1137  1150 D evsmanagerd: /dev/video4 forwarded the buffer #0 to 0xb4000071fa019690 from 0xb4000071fa01b7d0
05-22 07:16:23.122   291  1135 D EvsDriver: doneWithFrame
05-22 06:34:56.862   573   573 D spi_rst_gpio_get_output: GPIO 145 value: 1
05-22 06:34:56.862   573   573 D spidev_ioctl: gpio status=1)
05-22 07:16:23.124   573   573 I SpiService: fgesysctrl_getGPIO_status success val=1
05-22 06:34:56.867   573   573 D spi_rst_gpio_get_output: GPIO 145 value: 1
05-22 06:34:56.867   573   573 D spidev_ioctl: gpio status=1)
05-22 07:16:23.127  2981  3177 I SentryImuMcuAngleSender: 179.9172rollDeg
05-22 07:16:23.127  2981  3177 I SentryImuMcuAngleSender: 1,0,0
05-22 07:16:23.129   573   573 I SpiService: fgesysctrl_getGPIO_status success val=0
05-22 07:16:23.129   486   579 I mcuc    : send SPI:6AA601073A00F809015A0401098102010100000000000000000000000000000000000000000000000000000000000000000000000000000000000000000000000000000000000000000000000000000000000000000000000000000000000000000000000000000000000000000000000000000000000000000000000000000000000000000000000000000000000000000000000000000000000000000000000000000000000000000000000000000000000000000000000000000000000000000000000000000000000000000000000000000000000000000000000000000000000000000000000000000000000000000000000000000000000000000000CF6AA6020D160002890050
05-22 06:34:56.872   573   573 D spi_rst_gpio_get_output: GPIO 145 value: 0
05-22 06:34:56.872   573   573 D spidev_ioctl: gpio status=0)
05-22 07:16:23.143   573   573 I SpiService: fgesysctrl_getGPIO_status success val=1
05-22 07:16:23.145   565   565 I Sensors : 230 AccelSensor: x:-0.108580,y:0.010980,z:-10.131491
05-22 06:34:56.886   573   573 D spi_rst_gpio_get_output: GPIO 145 value: 1
05-22 06:34:56.886   573   573 D spidev_ioctl: gpio status=1)
05-22 07:16:23.147  2981  3177 I SentryImuMcuAngleSender: 179.93791rollDeg
05-22 07:16:23.147  2981  3177 I SentryImuMcuAngleSender: 1,0,0
05-22 07:16:23.147   276   300 I rvcservice: t.code = 7, t.value = 668019
05-22 07:16:23.148   573   573 I SpiService: fgesysctrl_getGPIO_status success val=1
05-22 06:34:56.892   573   573 D spi_rst_gpio_get_output: GPIO 145 value: 1
05-22 06:34:56.892   573   573 D spidev_ioctl: gpio status=1)
05-22 07:16:23.153   544   544 D commservice260303: msg.id = 1028,0
05-22 07:16:23.153   544   544 D commservice260303: i = 170, msgid = 8A000404
05-22 07:16:23.153   544   544 D commservice260303: msgid = -1979710460,did=138
05-22 07:16:23.153   544   544 D commservice260303: CommProtocolLibCmdBaseI2C::dataproc {"command":{"id":"imu_status","sub":""},"content":{"TimeStamp":1779405383152,"FrameCounter":15775,"GD_X":-0.0097730727866292,"GD_Y":0.007712244056165218,"GD_Z":0.01779116503894329,"AD_X":-0.003550402820110321,"AD_Y":-0.0029773470014333725,"AD_Z":-0.3254117965698242,"TempDsp":0,"Status":0,"CalibState":1,"SigAmpInvalid":0}},-1979710460
05-22 07:16:23.153   544   544 D commservice260303: send2Cluster len:323, 7B22636F6D6D616E64223A7B226964223A22696D755F737461747573222C22737562223A22227D2C22636F6E74656E74223A7B2254696D655374616D70223A313737393430353338333135322C224672616D65436F756E746572223A31353737352C2247445F58223A2D302E303039373733303732373836363239322C2247445F59223A302E3030373731323234343035363136353231382C2247445F5A223A302E30313737393131363530333839343332392C2241445F58223A2D302E3030333535303430323832303131303332312C2241445F59223A2D302E303032393737333437303031343333333732352C2241445F5A223A2D302E333235343131373936353639383234322C2254656D70447370223A302C22537461747573223A302C2243616C69625374617465223A312C22536967416D70496E76616C6964223A307D7D, 138 
05-22 07:16:23.153   544   544 D commservice260303: Push Message into SendPool fn=-247595008
05-22 07:16:23.153   544   544 D commservice260303: ComProtocolLibSend2Cluster::send2ClusterRaw fn=-247595008 , len=339
05-22 07:16:23.154   573   573 I SpiService: fgesysctrl_getGPIO_status success val=1
05-22 07:16:23.154   544   544 D commservice260303: sendCmdToPort :339!!!
05-22 07:16:23.154   544   544 D commservice260303: send Cmd To Port ++++5AA5014F8A0100003EF16A0F92477B22636F6D6D616E64223A7B226964223A22696D755F737461747573222C22737562223A22227D2C22636F6E74656E74223A7B2254696D655374616D70223A313737393430353338333135322C224672616D65436F756E746572223A31353737352C2247445F58223A2D302E303039373733303732373836363239322C2247445F59223A302E3030373731323234343035363136353231382C2247445F5A223A302E30313737393131363530333839343332392C2241445F58223A2D302E3030333535303430323832303131303332312C2241445F59223A2D302E303032393737333437303031343333333732352C2241445F5A223A2D302E333235343131373936353639383234322C2254656D70447370223A302C22537461747573223A302C2243616C69625374617465223A312C22536967416D70496E76616C6964223A307D7D128B
05-22 07:16:23.154   544   544 D commservice260303: bufferevent_write retrun value = 0
05-22 07:16:23.154   544   567 D commservice260303: client datas send succeed,send finish
05-22 07:16:23.154  2981  3178 D Sentinelmode_1.2.5.13_alpha: <SentryImuClusterFgeSender>imu_status sent to Linux, frame=15775, tsNs=668127, tsMs=1779405383152, intervalMs=41, ad=(-0.0035504028,-0.002977347,-0.3254118), gd=(-0.009773073,0.007712244,0.017791165)
05-22 07:16:23.156   291  1491 D EvsDriver: forwardFrame
05-22 07:16:23.157   291  1491 D EvsDriver: Delivered 0xb400007b2f47ca30 as id 0
05-22 07:16:23.158  1137  1150 D evsmanagerd: /dev/video4 forwarded the buffer #0 to 0xb4000071fa019690 from 0xb4000071fa01b7d0
05-22 06:34:56.897   573   573 D spi_rst_gpio_get_output: GPIO 145 value: 1
05-22 06:34:56.897   573   573 D spidev_ioctl: gpio status=1)
05-22 07:16:23.160   573   573 I SpiService: fgesysctrl_getGPIO_status success val=1
05-22 07:16:23.161   291  1135 D EvsDriver: doneWithFrame
05-22 06:34:56.903   573   573 D spi_rst_gpio_get_output: GPIO 145 value: 1
05-22 06:34:56.903   573   573 D spidev_ioctl: gpio status=1)
05-22 07:16:23.165   260   260 D libvintf: HalManifest::getHidlTransport(framework): Cannot find android.hardware.usb@1.0::IUsb/default
05-22 07:16:23.166   260   260 D libvintf: HalManifest::getHidlTransport(device): Cannot find android.hardware.usb@1.0::IUsb/default
05-22 07:16:23.166   260   260 I hwservicemanager: getTransport: Cannot find entry android.hardware.usb@1.0::IUsb/default in either framework or device VINTF manifest.
05-22 07:16:23.166   573   573 I SpiService: fgesysctrl_getGPIO_status success val=1
05-22 07:16:23.167  2626  2832 E ExtUsbManager: UsbHalController: android.hardware.usb.V1_0.IUsb getService failed!
05-22 07:16:23.167  2626  2832 E ExtUsbManager: java.util.NoSuchElementException
05-22 07:16:23.167  2626  2832 E ExtUsbManager: 	at android.os.HwBinder.getService(Native Method)
05-22 07:16:23.167  2626  2832 E ExtUsbManager: 	at android.os.HwBinder.getService(HwBinder.java:81)
05-22 07:16:23.167  2626  2832 E ExtUsbManager: 	at android.hardware.usb.V1_0.IUsb.getService(IUsb.java:74)
05-22 07:16:23.167  2626  2832 E ExtUsbManager: 	at android.hardware.usb.V1_0.IUsb.getService(IUsb.java:84)
05-22 07:16:23.167  2626  2832 E ExtUsbManager: 	at ts.car.usb.UsbHalController.createService(UsbHalController.java:37)
05-22 07:16:23.167  2626  2832 E ExtUsbManager: 	at ts.car.usb.UsbHalController.createService(UsbHalController.java:18)
05-22 07:16:23.167  2626  2832 E ExtUsbManager: 	at ts.car.usb.utils.AutoServiceConnector4Hidl.autoConnect(AutoServiceConnector4Hidl.java:47)
05-22 07:16:23.167  2626  2832 E ExtUsbManager: 	at ts.car.usb.utils.AutoServiceConnector4Hidl$$ExternalSyntheticLambda0.run(Unknown Source:2)
05-22 07:16:23.167  2626  2832 E ExtUsbManager: 	at android.os.Handler.handleCallback(Handler.java:942)
05-22 07:16:23.167  2626  2832 E ExtUsbManager: 	at android.os.Handler.dispatchMessage(Handler.java:99)
05-22 07:16:23.167  2626  2832 E ExtUsbManager: 	at android.os.Looper.loopOnce(Looper.java:201)
05-22 07:16:23.167  2626  2832 E ExtUsbManager: 	at android.os.Looper.loop(Looper.java:288)
05-22 07:16:23.167  2626  2832 E ExtUsbManager: 	at android.os.HandlerThread.run(HandlerThread.java:67)
05-22 07:16:23.167   260   260 D libvintf: HalManifest::getHidlTransport(framework): Cannot find vendor.ts.usbext@1.0::IUsbext/default
05-22 07:16:23.167   260   260 D libvintf: HalManifest::getHidlTransport(device): Cannot find vendor.ts.usbext@1.0::IUsbext/default
05-22 07:16:23.167  2981  3177 I SentryImuMcuAngleSender: 179.94136rollDeg
05-22 07:16:23.167  2981  3177 I SentryImuMcuAngleSender: 1,0,0
05-22 07:16:23.167   260   260 I hwservicemanager: getTransport: Cannot find entry vendor.ts.usbext@1.0::IUsbext/default in either framework or device VINTF manifest.
05-22 07:16:23.168  2626  2832 E ExtUsbManager: UsbHalExtController: vendor.ts.usbext.V1_0.IUsbext getService failed!
05-22 07:16:23.168  2626  2832 E ExtUsbManager: java.util.NoSuchElementException
05-22 07:16:23.168  2626  2832 E ExtUsbManager: 	at android.os.HwBinder.getService(Native Method)
05-22 07:16:23.168  2626  2832 E ExtUsbManager: 	at android.os.HwBinder.getService(HwBinder.java:81)
05-22 07:16:23.168  2626  2832 E ExtUsbManager: 	at vendor.ts.usbext.V1_0.IUsbext.getService(IUsbext.java:74)
05-22 07:16:23.168  2626  2832 E ExtUsbManager: 	at vendor.ts.usbext.V1_0.IUsbext.getService(IUsbext.java:84)
05-22 07:16:23.168  2626  2832 E ExtUsbManager: 	at ts.car.usb.UsbHalExtController.createService(UsbHalExtController.java:37)
05-22 07:16:23.168  2626  2832 E ExtUsbManager: 	at ts.car.usb.UsbHalExtController.createService(UsbHalExtController.java:18)
05-22 07:16:23.168  2626  2832 E ExtUsbManager: 	at ts.car.usb.utils.AutoServiceConnector4Hidl.autoConnect(AutoServiceConnector4Hidl.java:47)
05-22 07:16:23.168  2626  2832 E ExtUsbManager: 	at ts.car.usb.utils.AutoServiceConnector4Hidl$$ExternalSyntheticLambda0.run(Unknown Source:2)
05-22 07:16:23.168  2626  2832 E ExtUsbManager: 	at android.os.Handler.handleCallback(Handler.java:942)
05-22 07:16:23.168  2626  2832 E ExtUsbManager: 	at android.os.Handler.dispatchMessage(Handler.java:99)
05-22 07:16:23.168  2626  2832 E ExtUsbManager: 	at android.os.Looper.loopOnce(Looper.java:201)
05-22 07:16:23.168  2626  2832 E ExtUsbManager: 	at android.os.Looper.loop(Looper.java:288)
05-22 07:16:23.168  2626  2832 E ExtUsbManager: 	at android.os.HandlerThread.run(HandlerThread.java:67)
05-22 07:16:23.168   260   260 D libvintf: HalManifest::getHidlTransport(framework): Cannot find android.hardware.usb.gadget@1.0::IUsbGadget/default
05-22 07:16:23.168   260   260 D libvintf: HalManifest::getHidlTransport(device): Cannot find android.hardware.usb.gadget@1.0::IUsbGadget/default
05-22 07:16:23.168   260   260 I hwservicemanager: getTransport: Cannot find entry android.hardware.usb.gadget@1.0::IUsbGadget/default in either framework or device VINTF manifest.
05-22 07:16:23.168  2626  2832 E ExtUsbManager: UsbGadgetController: android.hardware.usb.gadget.V1_0.IUsbGadget getService failed!
05-22 07:16:23.168  2626  2832 E ExtUsbManager: java.util.NoSuchElementException
05-22 07:16:23.168  2626  2832 E ExtUsbManager: 	at android.os.HwBinder.getService(Native Method)
05-22 07:16:23.168  2626  2832 E ExtUsbManager: 	at android.os.HwBinder.getService(HwBinder.java:81)
05-22 07:16:23.168  2626  2832 E ExtUsbManager: 	at android.hardware.usb.gadget.V1_0.IUsbGadget.getService(IUsbGadget.java:74)
05-22 07:16:23.168  2626  2832 E ExtUsbManager: 	at android.hardware.usb.gadget.V1_0.IUsbGadget.getService(IUsbGadget.java:84)
05-22 07:16:23.168  2626  2832 E ExtUsbManager: 	at ts.car.usb.UsbGadgetController.createService(UsbGadgetController.java:36)
05-22 07:16:23.168  2626  2832 E ExtUsbManager: 	at ts.car.usb.UsbGadgetController.createService(UsbGadgetController.java:17)
05-22 07:16:23.168  2626  2832 E ExtUsbManager: 	at ts.car.usb.utils.AutoServiceConnector4Hidl.autoConnect(AutoServiceConnector4Hidl.java:47)
05-22 07:16:23.168  2626  2832 E ExtUsbManager: 	at ts.car.usb.utils.AutoServiceConnector4Hidl$$ExternalSyntheticLambda0.run(Unknown Source:2)
05-22 07:16:23.168  2626  2832 E ExtUsbManager: 	at android.os.Handler.handleCallback(Handler.java:942)
05-22 07:16:23.168  2626  2832 E ExtUsbManager: 	at android.os.Handler.dispatchMessage(Handler.java:99)
05-22 07:16:23.168  2626  2832 E ExtUsbManager: 	at android.os.Looper.loopOnce(Looper.java:201)
05-22 07:16:23.168  2626  2832 E ExtUsbManager: 	at android.os.Looper.loop(Looper.java:288)
05-22 07:16:23.168  2626  2832 E ExtUsbManager: 	at android.os.HandlerThread.run(HandlerThread.java:67)
05-22 06:34:56.910   573   573 D spi_rst_gpio_get_output: GPIO 145 value: 1
05-22 06:34:56.910   573   573 D spidev_ioctl: gpio status=1)
05-22 07:16:23.171   824   824 D SurfaceFlinger: unisoc-graphics, commit has frameMissed:2, vysncId:342926
