05-22 06:34:56.397   573   573 D spidev_ioctl: gpio status=1)
05-22 07:16:22.658   291  1135 D EvsDriver: doneWithFrame
05-22 07:16:22.658 11323 11374 D ANWAPI  : (11323|0xD12C8CB0)[BTAPI] AnwhciEventCallback 19 1
05-22 07:16:22.659   573   573 I SpiService: fgesysctrl_getGPIO_status success val=1
05-22 06:34:56.403   573   573 D spi_rst_gpio_get_output: GPIO 145 value: 1
05-22 06:34:56.403   573   573 D spidev_ioctl: gpio status=1)
05-22 07:16:22.664   544   544 D commservice260303: msg.id = 1028,0
05-22 07:16:22.665   544   544 D commservice260303: i = 170, msgid = 8A000404
05-22 07:16:22.665   544   544 D commservice260303: msgid = -1979710460,did=138
05-22 07:16:22.665   544   544 D commservice260303: CommProtocolLibCmdBaseI2C::dataproc {"command":{"id":"imu_status","sub":""},"content":{"TimeStamp":1779405382663,"FrameCounter":15763,"GD_X":-0.008704167790710926,"GD_Y":0.007788185961544514,"GD_Z":0.018020030111074448,"AD_X":-0.002312012016773224,"AD_Y":0.0013143979012966156,"AD_Z":-0.3235807418823242,"TempDsp":0,"Status":0,"CalibState":1,"SigAmpInvalid":0}},-1979710460
05-22 07:16:22.665   544   544 D commservice260303: send2Cluster len:325, 7B22636F6D6D616E64223A7B226964223A22696D755F737461747573222C22737562223A22227D2C22636F6E74656E74223A7B2254696D655374616D70223A313737393430353338323636332C224672616D65436F756E746572223A31353736332C2247445F58223A2D302E3030383730343136373739303731303932362C2247445F59223A302E3030373738383138353936313534343531342C2247445F5A223A302E3031383032303033303131313037343434382C2241445F58223A2D302E3030323331323031323031363737333232342C2241445F59223A302E303031333134333937393031323936363135362C2241445F5A223A2D302E333233353830373431383832333234322C2254656D70447370223A302C22537461747573223A302C2243616C69625374617465223A312C22536967416D70496E76616C6964223A307D7D, 138 
05-22 07:16:22.665   544   544 D commservice260303: Push Message into SendPool fn=-448921600
05-22 07:16:22.665   544   544 D commservice260303: ComProtocolLibSend2Cluster::send2ClusterRaw fn=-448921600 , len=341
05-22 07:16:22.665   544   544 D commservice260303: sendCmdToPort :341!!!
05-22 07:16:22.665   544   544 D commservice260303: send Cmd To Port ++++5AA501518A0100003EE56A0F92467B22636F6D6D616E64223A7B226964223A22696D755F737461747573222C22737562223A22227D2C22636F6E74656E74223A7B2254696D655374616D70223A313737393430353338323636332C224672616D65436F756E746572223A31353736332C2247445F58223A2D302E3030383730343136373739303731303932362C2247445F59223A302E3030373738383138353936313534343531342C2247445F5A223A302E3031383032303033303131313037343434382C2241445F58223A2D302E3030323331323031323031363737333232342C2241445F59223A302E303031333134333937393031323936363135362C2241445F5A223A2D302E333233353830373431383832333234322C2254656D70447370223A302C22537461747573223A302C2243616C69625374617465223A312C22536967416D70496E76616C6964223A307D7DF639
05-22 07:16:22.665   544   544 D commservice260303: bufferevent_write retrun value = 0
05-22 07:16:22.665   573   573 I SpiService: fgesysctrl_getGPIO_status success val=1
05-22 07:16:22.665   544   567 D commservice260303: client datas send succeed,send finish
05-22 07:16:22.665  2981  3178 D Sentinelmode_1.2.5.13_alpha: <SentryImuClusterFgeSender>imu_status sent to Linux, frame=15763, tsNs=667642, tsMs=1779405382663, intervalMs=40, ad=(-0.002312012,0.0013143979,-0.32358074), gd=(-0.008704168,0.007788186,0.01802003)
05-22 06:34:56.408 13283 13283 I iowait  : 133   33    9    0    0    0    0    0    0    0    0    0
05-22 06:34:56.408   573   573 D spi_rst_gpio_get_output: GPIO 145 value: 1
05-22 06:34:56.408   573   573 D spidev_ioctl: gpio status=1)
05-22 07:16:22.670   573   573 I SpiService: fgesysctrl_getGPIO_status success val=1
05-22 07:16:22.671   964  1804 D [OMXB]  : usingANWBuffer: handle:0xebd41980, format:1, w:1920, h:1080
05-22 07:16:22.671  2981  3177 I SentryImuMcuAngleSender: 179.91374rollDeg
05-22 07:16:22.672  2981  3177 I SentryImuMcuAngleSender: 1,0,0
05-22 06:34:56.414   573   573 D spi_rst_gpio_get_output: GPIO 145 value: 1
05-22 06:34:56.414   573   573 D spidev_ioctl: gpio status=1)
05-22 06:34:56.417     0     0 I         : c1 [    C1] io insert-issue:  639    2    1    0    0    0    0    0    0    0    0    0
05-22 06:34:56.417     0     0 I         : c1 [    C1] |_i2i    others[  8- 8192ms]:  639    2    1    0    0    0    0    0    0    0    0    0
05-22 06:34:56.417     0     0 I         : c1 [    C1] io issue-comp:  552   49   34    7    0    0    0    0    0    0    0    0
05-22 06:34:56.417     0     0 I         : c1 [    C1] |_i2c    others[  8- 8192ms]:  552   49   34    7    0    0    0    0    0    0    0    0
05-22 07:16:22.676   573   573 I SpiService: fgesysctrl_getGPIO_status success val=1
05-22 06:34:56.420   573   573 D spi_rst_gpio_get_output: GPIO 145 value: 1
05-22 06:34:56.420   573   573 D spidev_ioctl: gpio status=1)
05-22 07:16:22.680   291  1491 D EvsDriver: forwardFrame
05-22 07:16:22.682   573   573 I SpiService: fgesysctrl_getGPIO_status success val=0
05-22 07:16:22.684  1137  1150 D evsmanagerd: /dev/video4 forwarded the buffer #0 to 0xb4000071fa019690 from 0xb4000071fa01b7d0
05-22 07:16:22.684   291  1491 D EvsDriver: Delivered 0xb400007b2f47ca30 as id 0
05-22 06:34:56.425   573   573 D spi_rst_gpio_get_output: GPIO 145 value: 0
05-22 06:34:56.425   573   573 D spidev_ioctl: gpio status=0)
05-22 07:16:22.686  1026  1026 D MyAppLog: [2026-05-22 07:16:22.686 D tboxap tsp_WorkMachineProc:1086] [Tsp] [tsp_WorkMachineProc]TSP_WORK_LOGIN NOW !!!!
05-22 07:16:22.688   291  1135 D EvsDriver: doneWithFrame
05-22 07:16:22.690  1026  1026 W MyAppLog: [2026-05-22 07:16:22.689 W tboxap mcuGetGpsTimeOutCmd:719] [Mcu] [mcuGetGpsTimeOutCmd] gps no get data ,for clear gps ram data !!!!!
05-22 07:16:22.693  2981  3177 I SentryImuMcuAngleSender: 179.91719rollDeg
05-22 07:16:22.693  2981  3177 I SentryImuMcuAngleSender: 1,0,0
05-22 07:16:22.696   573   573 I SpiService: fgesysctrl_getGPIO_status success val=1
05-22 06:34:56.439   573   573 D spi_rst_gpio_get_output: GPIO 145 value: 1
05-22 06:34:56.439   573   573 D spidev_ioctl: gpio status=1)
05-22 06:34:56.445   573   573 D spi_rst_gpio_get_output: GPIO 145 value: 1
05-22 06:34:56.445   573   573 D spidev_ioctl: gpio status=1)
05-22 07:16:22.701   573   573 I SpiService: fgesysctrl_getGPIO_status success val=1
05-22 07:16:22.704   544   544 D commservice260303: msg.id = 1028,0
05-22 07:16:22.704   544   544 D commservice260303: i = 170, msgid = 8A000404
05-22 07:16:22.704   544   544 D commservice260303: msgid = -1979710460,did=138
05-22 07:16:22.704   544   544 D commservice260303: CommProtocolLibCmdBaseI2C::dataproc {"command":{"id":"imu_status","sub":""},"content":{"TimeStamp":1779405382703,"FrameCounter":15764,"GD_X":-0.008781149983406067,"GD_Y":0.007558800280094147,"GD_Z":0.01763824187219143,"AD_X":-0.003531232476234436,"AD_Y":0.001923571340739727,"AD_Z":-0.3229703903198242,"TempDsp":0,"Status":0,"CalibState":1,"SigAmpInvalid":0}},-1979710460
05-22 07:16:22.704   544   544 D commservice260303: send2Cluster len:323, 7B22636F6D6D616E64223A7B226964223A22696D755F737461747573222C22737562223A22227D2C22636F6E74656E74223A7B2254696D655374616D70223A313737393430353338323730332C224672616D65436F756E746572223A31353736342C2247445F58223A2D302E3030383738313134393938333430363036372C2247445F59223A302E3030373535383830303238303039343134372C2247445F5A223A302E30313736333832343138373231393134332C2241445F58223A2D302E3030333533313233323437363233343433362C2241445F59223A302E3030313932333537313334303733393732372C2241445F5A223A2D302E333232393730333930333139383234322C2254656D70447370223A302C22537461747573223A302C2243616C69625374617465223A312C22536967416D70496E76616C6964223A307D7D, 138 
05-22 07:16:22.704   544   544 D commservice260303: Push Message into SendPool fn=-432144384
05-22 07:16:22.704   544   544 D commservice260303: ComProtocolLibSend2Cluster::send2ClusterRaw fn=-432144384 , len=339
05-22 07:16:22.704   544   544 D commservice260303: sendCmdToPort :339!!!
05-22 07:16:22.704   544   722 I commservice260303: [mcuCommFunctionTcp::ProtocolCheckConnectTimeOutProc:613] keyID:256,tcpEvent:5,tcpcount:0,heartbeat:1,noHeartBeatNumber:0,endispatch:0,strState:0
05-22 07:16:22.704   544   722 D commservice260303: ProtocolCheckConnectTimeOutProc,629,clear heartbeat
05-22 07:16:22.704   544   544 D commservice260303: send Cmd To Port ++++5AA5014F8A0100003EE66A0F92467B22636F6D6D616E64223A7B226964223A22696D755F737461747573222C22737562223A22227D2C22636F6E74656E74223A7B2254696D655374616D70223A313737393430353338323730332C224672616D65436F756E746572223A31353736342C2247445F58223A2D302E3030383738313134393938333430363036372C2247445F59223A302E3030373535383830303238303039343134372C2247445F5A223A302E30313736333832343138373231393134332C2241445F58223A2D302E3030333533313233323437363233343433362C2241445F59223A302E3030313932333537313334303733393732372C2241445F5A223A2D302E333232393730333930333139383234322C2254656D70447370223A302C22537461747573223A302C2243616C69625374617465223A312C22536967416D70496E76616C6964223A307D7D0DDB
05-22 07:16:22.704   544   544 D commservice260303: bufferevent_write retrun value = 0
05-22 07:16:22.704   544   567 D commservice260303: client datas send succeed,send finish
05-22 07:16:22.705  2981  3178 D Sentinelmode_1.2.5.13_alpha: <SentryImuClusterFgeSender>imu_status sent to Linux, frame=15764, tsNs=667678, tsMs=1779405382703, intervalMs=40, ad=(-0.0035312325,0.0019235713,-0.3229704), gd=(-0.00878115,0.0075588003,0.017638242)
05-22 07:16:22.707   573   573 I SpiService: fgesysctrl_getGPIO_status success val=1
05-22 06:34:56.450   573   573 D spi_rst_gpio_get_output: GPIO 145 value: 1
05-22 06:34:56.451   573   573 D spidev_ioctl: gpio status=1)
05-22 07:16:22.713   573   573 I SpiService: fgesysctrl_getGPIO_status success val=1
05-22 07:16:22.713  2981  3177 I SentryImuMcuAngleSender: 179.9103rollDeg
05-22 07:16:22.713  2981  3177 I SentryImuMcuAngleSender: 1,0,0
05-22 06:34:56.456   573   573 D spi_rst_gpio_get_output: GPIO 145 value: 1
05-22 06:34:56.456   573   573 D spidev_ioctl: gpio status=1)
05-22 07:16:22.716  1517  1517 E sysUI_NavBarFragment: [main] - SysUIConfig.icCarServiceConnected：false
05-22 07:16:22.718   573   573 I SpiService: fgesysctrl_getGPIO_status success val=1
05-22 07:16:22.721   291  1491 D EvsDriver: forwardFrame
05-22 06:34:56.462   573   573 D spi_rst_gpio_get_output: GPIO 145 value: 1
05-22 06:34:56.462   573   573 D spidev_ioctl: gpio status=1)
05-22 07:16:22.723   291  1491 D EvsDriver: Delivered 0xb400007b2f47ca30 as id 0
05-22 07:16:22.723  1137  1150 D evsmanagerd: /dev/video4 forwarded the buffer #0 to 0xb4000071fa019690 from 0xb4000071fa01b7d0
05-22 07:16:22.724   573   573 I SpiService: fgesysctrl_getGPIO_status success val=0
05-22 07:16:22.724   291  1135 D EvsDriver: doneWithFrame
05-22 06:34:56.467   573   573 D spi_rst_gpio_get_output: GPIO 145 value: 0
05-22 06:34:56.467   573   573 D spidev_ioctl: gpio status=0)
05-22 07:16:22.726  2203  2203 I ADAYO_LOG_: handleMessage(UsbFunc.java:352)copyQnx = 2
05-22 07:16:22.727  2203  2203 I ADAYO_LOG_: handleMessage(UsbFunc.java:404)copyState = 2
05-22 07:16:22.735  2981  3177 I SentryImuMcuAngleSender: 179.91031rollDeg
05-22 07:16:22.735  2981  3177 I SentryImuMcuAngleSender: 1,0,0
05-22 07:16:22.739   573   573 I SpiService: fgesysctrl_getGPIO_status success val=1
05-22 06:34:56.482   573   573 D spi_rst_gpio_get_output: GPIO 145 value: 1
05-22 06:34:56.482   573   573 D spidev_ioctl: gpio status=1)
05-22 07:16:22.744   544   544 D commservice260303: msg.id = 1028,0
05-22 07:16:22.744   544   544 D commservice260303: i = 170, msgid = 8A000404
05-22 07:16:22.744   544   544 D commservice260303: msgid = -1979710460,did=138
05-22 07:16:22.744   544   544 D commservice260303: CommProtocolLibCmdBaseI2C::dataproc {"command":{"id":"imu_status","sub":""},"content":{"TimeStamp":1779405382743,"FrameCounter":15765,"GD_X":-0.00862822588533163,"GD_Y":0.007101069670170546,"GD_Z":0.018020030111074448,"AD_X":-4.8454105854034424E-4,"AD_Y":0.0019217515364289284,"AD_Z":-0.3247995376586914,"TempDsp":0,"Status":0,"CalibState":1,"SigAmpInvalid":0}},-1979710460
05-22 07:16:22.744   544   544 D commservice260303: send2Cluster len:325, 7B22636F6D6D616E64223A7B226964223A22696D755F737461747573222C22737562223A22227D2C22636F6E74656E74223A7B2254696D655374616D70223A313737393430353338323734332C224672616D65436F756E746572223A31353736352C2247445F58223A2D302E30303836323832323538383533333136332C2247445F59223A302E3030373130313036393637303137303534362C2247445F5A223A302E3031383032303033303131313037343434382C2241445F58223A2D342E38343534313035383534303334343234452D342C2241445F59223A302E303031393231373531353336343238393238342C2241445F5A223A2D302E333234373939353337363538363931342C2254656D70447370223A302C22537461747573223A302C2243616C69625374617465223A312C22536967416D70496E76616C6964223A307D7D, 138 
05-22 07:16:22.744   544   544 D commservice260303: Push Message into SendPool fn=-415367168
05-22 07:16:22.744   544   544 D commservice260303: ComProtocolLibSend2Cluster::send2ClusterRaw fn=-415367168 , len=341
05-22 07:16:22.744   544   544 D commservice260303: sendCmdToPort :341!!!
05-22 07:16:22.744   544   544 D commservice260303: send Cmd To Port ++++5AA501518A0100003EE76A0F92467B22636F6D6D616E64223A7B226964223A22696D755F737461747573222C22737562223A22227D2C22636F6E74656E74223A7B2254696D655374616D70223A313737393430353338323734332C224672616D65436F756E746572223A31353736352C2247445F58223A2D302E30303836323832323538383533333136332C2247445F59223A302E3030373130313036393637303137303534362C2247445F5A223A302E3031383032303033303131313037343434382C2241445F58223A2D342E38343534313035383534303334343234452D342C2241445F59223A302E303031393231373531353336343238393238342C2241445F5A223A2D302E333234373939353337363538363931342C2254656D70447370223A302C22537461747573223A302C2243616C69625374617465223A312C22536967416D70496E76616C6964223A307D7D183C
05-22 07:16:22.744   544   544 D commservice260303: bufferevent_write retrun value = 0
05-22 07:16:22.744   573   573 I SpiService: fgesysctrl_getGPIO_status success val=1
05-22 07:16:22.744   544   567 D commservice260303: client datas send succeed,send finish
05-22 07:16:22.744   964  1804 D [OMXB]  : usingANWBuffer: handle:0xebd42690, format:1, w:1920, h:1080
05-22 07:16:22.744  2981  3178 D Sentinelmode_1.2.5.13_alpha: <SentryImuClusterFgeSender>imu_status sent to Linux, frame=15765, tsNs=667714, tsMs=1779405382743, intervalMs=39, ad=(-4.8454106E-4,0.0019217515,-0.32479954), gd=(-0.008628226,0.0071010697,0.01802003)
05-22 06:34:56.487   573   573 D spi_rst_gpio_get_output: GPIO 145 value: 1
05-22 06:34:56.488   573   573 D spidev_ioctl: gpio status=1)
05-22 07:16:22.746   276   300 I rvcservice: t.code = 3, t.value = 0
05-22 07:16:22.747   824   824 D SurfaceFlinger: unisoc-graphics, commit has frameMissed:2, vysncId:342794
05-22 07:16:22.750   573   573 I SpiService: fgesysctrl_getGPIO_status success val=1
05-22 07:16:22.750   565   565 I Sensors : 230 AccelSensor: x:-0.106140,y:0.015859,z:-10.132101
05-22 06:34:56.493   573   573 D spi_rst_gpio_get_output: GPIO 145 value: 1
05-22 06:34:56.493   573   573 D spidev_ioctl: gpio status=1)
05-22 07:16:22.753 11323 11374 D ANWStack: [    667735][ANWBT] >>Avctp_L2cap_Data_Ind_Cb
05-22 07:16:22.753 11323 11374 D ANWStack: 
05-22 07:16:22.753 11323 11374 D ANWStack: [    667735][ANWBT] AVCTP Message Length = 22
05-22 07:16:22.753 11323 11374 D ANWStack: [    667735][ANWBT] Receive AVCTP_SINGLE_PACKET
05-22 07:16:22.753 11323 11374 D ANW_AVRCP: (11323|0xD12C8CB0)[AVRCP] [**AVRCP**] 0xf2 0x110e
05-22 07:16:22.753 11323 11374 D ANW_AVRCP: (11323|0xD12C8CB0)[AVRCP] opcode match 0x0
05-22 07:16:22.753 11323 11374 D ANW_AVRCP: 
05-22 07:16:22.753 11323 11374 D ANW_AVRCP: (11323|0xD12C8CB0)[AVRCP] subopcode match 0x30, update ctype 0x1->0xc
05-22 07:16:22.753 11323 11374 D ANW_AVRCP: 
05-22 07:16:22.753 11323 11374 D ANW_AVRCP: (11323|0xD12C8CB0)[AVRCP] AVRCP_Packet_Parser Response
05-22 07:16:22.753 11323 11374 D ANW_AVRCP: 
05-22 07:16:22.753 11323 11374 D ANW_AVRCP: (11323|0xD12C8CB0)[AVRCP] AVRCP_Get_Play_Status_RSP_Handler 54043/210966 1
05-22 07:16:22.753 11323 11374 D ANWAPI  : (11323|0xD12C8CB0)[BTAPI] connmgr_find_by_handle pData = 0xb4000078d2e60eb0,7
05-22 07:16:22.753 11323 11374 D ANWAPI  : (11323|0xD12C8CB0)[BTAPI] ===BTAPI_MallocIdxMsg 1030 16
05-22 07:16:22.753 11323 11374 D ANWAPI  : (11323|0xD12C8CB0)[BTAPI] *BT_CB_Dispatch
05-22 07:16:22.753 11323 11374 D ANWAPI  : (11323|0xD12C8CB0)[BTAPI] *****SDK callback(0x406)
05-22 07:16:22.753 11323 11374 D ANWAPI  : (11323|0xD12C8CB0)[BTAPI] SDK***** [1c:11:2f:7c:1d:68]
05-22 07:16:22.753 11323 11374 D ANWAPI  : (11323|0xD12C8CB0)[BTAPI] btsdk_exec_apicb start
05-22 07:16:22.753 11323 11374 D ANWAPI  : (11323|0xD12C8CB0)[BTAPI] Up: AvrcpMsgHandler receive[1C:11:2F:7C:1D:68], Get Device ID(0)
05-22 07:16:22.753 11323 11374 D ANWAPI  : 
05-22 07:16:22.753 11323 11374 D ANWAPI  : (11323|0xD12C8CB0)[BTAPI] Up: AnWBT_AVRCP_CURRENT_PLAY_STATUS_IND
05-22 07:16:22.753 11323 11374 D ANWAPI  : 
05-22 07:16:22.753 11323 11374 D ANWAPI  : (11323|0xD12C8CB0)[BTAPI] songLengthMs     =210966
05-22 07:16:22.753 11323 11374 D ANWAPI  : 
05-22 07:16:22.753 11323 11374 D ANWAPI  : (11323|0xD12C8CB0)[BTAPI] songPositionMs   =54043
05-22 07:16:22.753 11323 11374 D ANWAPI  : 
05-22 07:16:22.753 11323 11374 I ANW bt_btif: AvrcpMsgHandler: HAL bt_rc_ctrl_callbacks->play_position_changed_cb
05-22 07:16:22.753 11323 11374 I BluetoothAvrcpControllerJni: btavrcp_play_position_changed_callback
05-22 07:16:22.753 11323 11374 D AvrcpControllerService: onPlayPositionChanged pos 54043
05-22 07:16:22.754 11323 11374 D ANWAPI  : (11323|0xD12C8CB0)[BTAPI] currentPlayStatus=1
05-22 07:16:22.754 11323 11374 D ANWAPI  : 
05-22 07:16:22.754 11323 11374 I ANW bt_btif: AvrcpMsgHandler: HAL bt_rc_ctrl_callbacks->play_status_changed_cb
05-22 07:16:22.754 11323 11374 I BluetoothAvrcpControllerJni: btavrcp_play_status_changed_callback
05-22 07:16:22.754 11323 11374 D AvrcpControllerService: onPlayStatusChanged 1
05-22 07:16:22.754 11323 13102 D AvrcpControllerStateMachine: Avrcp.GetFolderList processMessage 206
05-22 07:16:22.754 11323 11374 D ANWAPI  : (11323|0xD12C8CB0)[BTAPI] btsdk_exec_apicb end
05-22 07:16:22.754 11323 13102 D AvrcpControllerStateMachine: Avrcp.ConnectedAvrcpController processMessage 206
05-22 07:16:22.754   291  1491 D EvsDriver: forwardFrame
05-22 07:16:22.754 11323 13102 D AvrcpPlayer: getPlayBackState state 3 time 54043
05-22 07:16:22.754 11323 13102 D BluetoothMediaBrowserService: notifyChanged PlaybackStatePlaybackState {state=3, position=54043, buffered position=0, speed=1.0, updated=667736, actions=2375735, error code=0, error message=null, custom actions=[], active item id=6}
05-22 07:16:22.755   573   573 I SpiService: fgesysctrl_getGPIO_status success val=1
05-22 07:16:22.755  3735  3735 I NSLogUtils_BtMusicModel: onPlaybackStateChanged state: PlaybackState {state=3, position=54043, buffered position=0, speed=1.0, updated=667736, actions=2375735, custom actions=[], active item id=6, error=null} mIsBCallInCall=false
05-22 07:16:22.755 11323 13102 D AvrcpControllerStateMachine: Avrcp.GetFolderList processMessage 207
05-22 07:16:22.755 11323 13102 D AvrcpControllerStateMachine: Avrcp.ConnectedAvrcpController processMessage 207
05-22 07:16:22.756 11323 13102 D AvrcpPlayer: getPlayBackState state 3 time 54045
05-22 07:16:22.756 11323 13102 D BluetoothMediaBrowserService: notifyChanged PlaybackStatePlaybackState {state=3, position=54045, buffered position=0, speed=1.0, updated=667738, actions=2375735, error code=0, error message=null, custom actions=[], active item id=6}
05-22 07:16:22.756   291  1491 D EvsDriver: Delivered 0xb400007b2f47ca30 as id 0
05-22 07:16:22.756  1137  1150 D evsmanagerd: /dev/video4 forwarded the buffer #0 to 0xb4000071fa019690 from 0xb4000071fa01b7d0
05-22 07:16:22.756  2981  3177 I SentryImuMcuAngleSender: 179.91032rollDeg
05-22 07:16:22.757  2981  3177 I SentryImuMcuAngleSender: 1,0,0
05-22 07:16:22.758 11323 13102 D AvrcpControllerStateMachine: Avrcp.ConnectedAvrcpController shouldRequestFocus() true
05-22 07:16:22.758  3735  3735 I NSLogUtils_BtMusicModel: musicChange metaData: android.media.MediaMetadata@7cccc0b9
05-22 07:16:22.758  3735  3735 I NSLogUtils_BtMusicModel: musicChange title: 山河万里 任我踏歌行,artist: 凌绝顶-梓渝,duration: 210966,album: 凌绝顶,albumArtUri: null
05-22 07:16:22.758   291  1135 D EvsDriver: doneWithFrame
05-22 07:16:22.758  3735  3735 D NSLogUtils_MediaForegroundService: updateNotification isPlaying=true title=山河万里 任我踏歌行 text=凌绝顶-梓渝
05-22 07:16:22.760 11323 11323 D MediaPlayerList: sendMediaUpdate
05-22 07:16:22.760 11323 11323 I MediaPlayerList: sendMediaUpdate: Creating a one item queue for a player with no queue
05-22 07:16:22.760 11323 11323 D MediaPlayerList: sendMediaUpdate state=PlaybackState {state=3, position=54044, buffered position=0, speed=1.0, updated=667741, actions=566, custom actions=[], active item id=-1, error=null}
05-22 07:16:22.760 11323 11323 D AvrcpTargetService: onMediaUpdated: track_changed=false state=true queue=false
05-22 07:16:22.760 11323 11323 D AvrcpNativeInterface: sendMediaUpdate: metadata=false playStatus=true queue=false
05-22 07:16:22.760 11323 11323 D AvrcpTargetJni: sendMediaUpdateNative
05-22 07:16:22.760 11323 11323 I droid.bluetooth: run avrcp SendMediaUpdate, AnW
05-22 07:16:22.760 11323 11323 D ANWAPI  : (11323|0x2B6584F8)[BTAPI] Handle_Hal_Callback, callback_type(9)
05-22 06:34:56.499   573   573 D spi_rst_gpio_get_output: GPIO 145 value: 1
05-22 06:34:56.499   573   573 D spidev_ioctl: gpio status=1)
05-22 06:34:56.504   573   573 D spi_rst_gpio_get_output: GPIO 145 value: 1
05-22 07:16:22.761   573   573 I SpiService: fgesysctrl_getGPIO_status success val=1
05-22 06:34:56.504   573   573 D spidev_ioctl: gpio status=1)
05-22 07:16:22.761 11323 11374 I droid.bluetooth: run doGetPlaystatus, AnW
05-22 07:16:22.761 11323 11374 D AvrcpTargetJni: getCurrentPlayStatus
05-22 07:16:22.761 11323 11374 D AvrcpNativeInterface: getPlayStatus
05-22 07:16:22.762   737   737 D NotificationService: EnqueueNotificationRunnable.run for: 0|com.neusoft.btmusic|8001|null|1000
05-22 07:16:22.762   737   737 I notification_enqueue: [1000,3735,com.neusoft.btmusic,8001,NULL,0,Notification(channel=media_playback_channel shortcut=null contentView=null vibrate=null sound=null defaults=0x0 flags=0x4a color=0x00000000 category=transport groupKey=silent actions=3 vis=PUBLIC),1]
05-22 07:16:22.762  3735  3735 D NSLogUtils_BluetoothPlayerService: mPlaybackStateObserver isConnected: true
05-22 07:16:22.762  3735  3735 D NSLogUtils_BluetoothPlayerService: played trigger application focus
05-22 07:16:22.762  3735  3735 D NSLogUtils_SourceChangeManager: getCurrentSourceWithoutDefaultValue source: MUSIC_SOURCE_BT
05-22 07:16:22.762  3735  3735 D NSLogUtils_SourceChangeManager: setCurrentSource new source: MUSIC_SOURCE_BT ,currentSource: MUSIC_SOURCE_BT
05-22 07:16:22.762  3735  3735 E NSLogUtils_SourceChangeManager: setCurrentSource error, because currentSource is the same as source
05-22 07:16:22.763  3735  3735 D NSLogUtils_MainActivity: progress->54052
05-22 07:16:22.763  1812  1812 I ExtAssistant: ENQUEUED 0|com.neusoft.btmusic|8001|null|1000 on media_playback_channel
05-22 07:16:22.764   824   824 D SurfaceFlinger: unisoc-graphics, commit has frameMissed:2, vysncId:342802
05-22 07:16:22.764 11323 11374 D ANWAPI  : (11323|0xD12C8CB0)[BTAPI] BT Addres is NULL , checking which array is connected
05-22 07:16:22.764 11323 11374 D ANWAPI  : 
05-22 07:16:22.764 11323 11374 D ANWAPI  : (11323|0xD12C8CB0)[BTAPI] SPPMIN(0)SPPMAX(0)
05-22 07:16:22.764 11323 11374 D ANWAPI  : 
05-22 07:16:22.764 11323 11374 D ANWAPI  : (11323|0xD12C8CB0)[BTAPI] In Three Step Get Device ID(0)
05-22 07:16:22.764 11323 11374 D ANWAPI  : 
05-22 07:16:22.764 11323 11374 D ANWAPI  : (11323|0xD12C8CB0)[BTAPI] run Get_ID_By_AVRCPTarget_SpecialState(4)
05-22 07:16:22.764 11323 11374 D ANWAPI  : 
05-22 07:16:22.766  1812  2664 D ExtAssistant: Creating Adjustment for 0|com.neusoft.btmusic|8001|null|1000, with 0 actions, and 0 replies.
05-22 07:16:22.766   573   573 I SpiService: fgesysctrl_getGPIO_status success val=0
05-22 07:16:22.769  3735  3735 I NSLogUtils_BtMusicModel: onPlaybackStateChanged state: PlaybackState {state=3, position=54045, buffered position=0, speed=1.0, updated=667738, actions=2375735, custom actions=[], active item id=6, error=null} mIsBCallInCall=false
05-22 06:34:56.509   573   573 D spi_rst_gpio_get_output: GPIO 145 value: 0
05-22 06:34:56.509   573   573 D spidev_ioctl: gpio status=0)
05-22 07:16:22.771  3735  3735 I NSLogUtils_BtMusicModel: musicChange metaData: android.media.MediaMetadata@7cccc0b9
05-22 07:16:22.771  3735  3735 I NSLogUtils_BtMusicModel: musicChange title: 山河万里 任我踏歌行,artist: 凌绝顶-梓渝,duration: 210966,album: 凌绝顶,albumArtUri: null
05-22 07:16:22.772  3735  3735 D NSLogUtils_MediaForegroundService: updateNotification isPlaying=true title=山河万里 任我踏歌行 text=凌绝顶-梓渝
05-22 07:16:22.774 11323 11323 W AudioMediaPlayerWrapper: onPlaybackStateChanged(): com.neusoft.btmusic tried to update with no new data
05-22 07:16:22.775  3735  3735 D NSLogUtils_BluetoothPlayerService: mPlaybackStateObserver isConnected: true
05-22 07:16:22.775  3735  3735 D NSLogUtils_BluetoothPlayerService: played trigger application focus
05-22 07:16:22.775  3735  3735 D NSLogUtils_SourceChangeManager: getCurrentSourceWithoutDefaultValue source: MUSIC_SOURCE_BT
05-22 07:16:22.775   737   737 D NotificationService: EnqueueNotificationRunnable.run for: 0|com.neusoft.btmusic|8001|null|1000
05-22 07:16:22.775  3735  3735 D NSLogUtils_SourceChangeManager: setCurrentSource new source: MUSIC_SOURCE_BT ,currentSource: MUSIC_SOURCE_BT
05-22 07:16:22.775  3735  3735 E NSLogUtils_SourceChangeManager: setCurrentSource error, because currentSource is the same as source
05-22 07:16:22.776  3735  3735 D NSLogUtils_MainActivity: progress->54064
05-22 07:16:22.776   737   737 I notification_enqueue: [1000,3735,com.neusoft.btmusic,8001,NULL,0,Notification(channel=media_playback_channel shortcut=null contentView=null vibrate=null sound=null defaults=0x0 flags=0x4a color=0x00000000 category=transport groupKey=silent actions=3 vis=PUBLIC),1]
05-22 07:16:22.771 13389 13389 I auditd  : type=1400 audit(0.0:4162): avc: denied { read } for comm="cat" name="kmsg" dev="proc" ino=4026532264 scontext=u:r:toolbox:s0 tcontext=u:object_r:proc_kmsg:s0 tclass=file permissive=1
05-22 07:16:22.771 13389 13389 I cat     : type=1400 audit(0.0:4162): avc: denied { read } for name="kmsg" dev="proc" ino=4026532264 scontext=u:r:toolbox:s0 tcontext=u:object_r:proc_kmsg:s0 tclass=file permissive=1
05-22 07:16:22.778  2981  3177 I SentryImuMcuAngleSender: 179.91031rollDeg
05-22 07:16:22.771 13389 13389 I auditd  : type=1400 audit(0.0:4163): avc: denied { open } for comm="cat" path="/proc/kmsg" dev="proc" ino=4026532264 scontext=u:r:toolbox:s0 tcontext=u:object_r:proc_kmsg:s0 tclass=file permissive=1
05-22 07:16:22.778  2981  3177 I SentryImuMcuAngleSender: 1,0,0
05-22 07:16:22.771 13389 13389 I cat     : type=1400 audit(0.0:4163): avc: denied { open } for path="/proc/kmsg" dev="proc" ino=4026532264 scontext=u:r:toolbox:s0 tcontext=u:object_r:proc_kmsg:s0 tclass=file permissive=1
05-22 07:16:22.771 13389 13389 I auditd  : type=1400 audit(0.0:4164): avc: denied { syslog_mod } for comm="cat" scontext=u:r:toolbox:s0 tcontext=u:r:kernel:s0 tclass=system permissive=1
05-22 07:16:22.771 13389 13389 I cat     : type=1400 audit(0.0:4164): avc: denied { syslog_mod } for scontext=u:r:toolbox:s0 tcontext=u:r:kernel:s0 tclass=system permissive=1
05-22 07:16:22.778  1812  1812 I ExtAssistant: ENQUEUED 0|com.neusoft.btmusic|8001|null|1000 on media_playback_channel
05-22 07:16:22.779  1812  2664 D ExtAssistant: Creating Adjustment for 0|com.neusoft.btmusic|8001|null|1000, with 0 actions, and 0 replies.
05-22 07:16:22.780   573   573 I SpiService: fgesysctrl_getGPIO_status success val=1
05-22 07:16:22.784   291  1491 D EvsDriver: forwardFrame
05-22 07:16:22.784   544   544 D commservice260303: msg.id = 1028,0
05-22 07:16:22.784   544   544 D commservice260303: i = 170, msgid = 8A000404
05-22 07:16:22.784   544   544 D commservice260303: msgid = -1979710460,did=138
05-22 07:16:22.785   544   544 D commservice260303: CommProtocolLibCmdBaseI2C::dataproc {"command":{"id":"imu_status","sub":""},"content":{"TimeStamp":1779405382784,"FrameCounter":15766,"GD_X":-0.008781149983406067,"GD_Y":0.00641395291313529,"GD_Z":0.017867106944322586,"AD_X":-0.003536038100719452,"AD_Y":0.0019199410453438759,"AD_Z":-0.3254117965698242,"TempDsp":0,"Status":0,"CalibState":1,"SigAmpInvalid":0}},-1979710460
05-22 07:16:22.785   544   544 D commservice260303: send2Cluster len:324, 7B22636F6D6D616E64223A7B226964223A22696D755F737461747573222C22737562223A22227D2C22636F6E74656E74223A7B2254696D655374616D70223A313737393430353338323738342C224672616D65436F756E746572223A31353736362C2247445F58223A2D302E3030383738313134393938333430363036372C2247445F59223A302E30303634313339353239313331333532392C2247445F5A223A302E3031373836373130363934343332323538362C2241445F58223A2D302E3030333533363033383130303731393435322C2241445F59223A302E303031393139393431303435333433383735392C2241445F5A223A2D302E333235343131373936353639383234322C2254656D70447370223A302C22537461747573223A302C2243616C69625374617465223A312C22536967416D70496E76616C6964223A307D7D, 138 
05-22 07:16:22.785   291  1491 D EvsDriver: Delivered 0xb400007b2f47ca30 as id 0
05-22 07:16:22.785   544   544 D commservice260303: Push Message into SendPool fn=-398589952
05-22 07:16:22.785   544   544 D commservice260303: ComProtocolLibSend2Cluster::send2ClusterRaw fn=-398589952 , len=340
05-22 07:16:22.785   544   544 D commservice260303: sendCmdToPort :340!!!
05-22 07:16:22.785  1137  1150 D evsmanagerd: /dev/video4 forwarded the buffer #0 to 0xb4000071fa019690 from 0xb4000071fa01b7d0
05-22 07:16:22.785   544   544 D commservice260303: send Cmd To Port ++++5AA501508A0100003EE86A0F92467B22636F6D6D616E64223A7B226964223A22696D755F737461747573222C22737562223A22227D2C22636F6E74656E74223A7B2254696D655374616D70223A313737393430353338323738342C224672616D65436F756E746572223A31353736362C2247445F58223A2D302E3030383738313134393938333430363036372C2247445F59223A302E30303634313339353239313331333532392C2247445F5A223A302E3031373836373130363934343332323538362C2241445F58223A2D302E3030333533363033383130303731393435322C2241445F59223A302E303031393139393431303435333433383735392C2241445F5A223A2D302E333235343131373936353639383234322C2254656D70447370223A302C22537461747573223A302C2243616C69625374617465223A312C22536967416D70496E76616C6964223A307D7D4F70
05-22 07:16:22.785   544   544 D commservice260303: bufferevent_write retrun value = 0
05-22 07:16:22.785   544   567 D commservice260303: client datas send succeed,send finish
05-22 07:16:22.786  2981  3178 D Sentinelmode_1.2.5.13_alpha: <SentryImuClusterFgeSender>imu_status sent to Linux, frame=15766, tsNs=667750, tsMs=1779405382784, intervalMs=42, ad=(-0.003536038,0.001919941,-0.3254118), gd=(-0.00878115,0.006413953,0.017867107)
05-22 07:16:22.786   565   599 I Sensors : 230 GyroSensor: x:-0.008628,y:0.007330,z:0.017409
05-22 07:16:22.786   573   573 I SpiService: fgesysctrl_getGPIO_status success val=1
05-22 07:16:22.787   291  1135 D EvsDriver: doneWithFrame
05-22 06:34:56.530   573   573 D spidev_ioctl: gpio status=1)
05-22 07:16:22.792   573   573 I SpiService: fgesysctrl_getGPIO_status success val=1
05-22 06:34:56.535   573   573 D spi_rst_gpio_get_output: GPIO 145 value: 1
05-22 07:16:22.798   573   573 I SpiService: fgesysctrl_getGPIO_status success val=1
05-22 07:16:22.798  2981  3177 I SentryImuMcuAngleSender: 179.91031rollDeg
05-22 07:16:22.798  2981  3177 I SentryImuMcuAngleSender: 1,0,0
05-22 07:16:22.799   558  1141 I gps_hdbd: [gps_upgrade_thread 3506]Enter
05-22 07:16:22.799   558  1141 I gps_hdbd: [gps_upgrade_thread 3535] sys.gps.update:0 ,file:not ,upgrate_ing:0
05-22 06:34:56.541   573   573 D spidev_ioctl: gpio status=1)
05-22 07:16:22.803   573   573 I SpiService: fgesysctrl_getGPIO_status success val=0
05-22 07:16:22.817   573   573 I SpiService: fgesysctrl_getGPIO_status success val=1
05-22 06:34:56.561   573   573 D spi_rst_gpio_get_output: GPIO 145 value: 1
05-22 06:34:56.561   573   573 D spidev_ioctl: gpio status=1)
05-22 07:16:22.818  2981  3177 I SentryImuMcuAngleSender: 179.91032rollDeg
05-22 07:16:22.818  2981  3177 I SentryImuMcuAngleSender: 1,0,0
05-22 07:16:22.822   291  1491 D EvsDriver: forwardFrame
05-22 07:16:22.823   291  1491 D EvsDriver: Delivered 0xb400007b2f47ca30 as id 0
05-22 07:16:22.823  1137  1150 D evsmanagerd: /dev/video4 forwarded the buffer #0 to 0xb4000071fa019690 from 0xb4000071fa01b7d0
05-22 07:16:22.823   573   573 I SpiService: fgesysctrl_getGPIO_status success val=1
05-22 07:16:22.823   291  1135 D EvsDriver: doneWithFrame
05-22 07:16:22.825   544   544 D commservice260303: msg.id = 1028,0
05-22 07:16:22.825   544   544 D commservice260303: i = 170, msgid = 8A000404
05-22 07:16:22.825   544   544 D commservice260303: msgid = -1979710460,did=138
05-22 07:16:22.825   544   544 D commservice260303: CommProtocolLibCmdBaseI2C::dataproc {"command":{"id":"imu_status","sub":""},"content":{"TimeStamp":1779405382824,"FrameCounter":15767,"GD_X":-0.008933032862842083,"GD_Y":0.008322898298501968,"GD_Z":0.01763824187219143,"AD_X":-0.004756063222885132,"AD_Y":0.003746827132999897,"AD_Z":-0.327239990234375,"TempDsp":0,"Status":0,"CalibState":1,"SigAmpInvalid":0}},-1979710460
05-22 07:16:22.825   544   544 D commservice260303: send2Cluster len:322, 7B22636F6D6D616E64223A7B226964223A22696D755F737461747573222C22737562223A22227D2C22636F6E74656E74223A7B2254696D655374616D70223A313737393430353338323832342C224672616D65436F756E746572223A31353736372C2247445F58223A2D302E3030383933333033323836323834323038332C2247445F59223A302E3030383332323839383239383530313936382C2247445F5A223A302E30313736333832343138373231393134332C2241445F58223A2D302E3030343735363036333232323838353133322C2241445F59223A302E3030333734363832373133323939393839372C2241445F5A223A2D302E3332373233393939303233343337352C2254656D70447370223A302C22537461747573223A302C2243616C69625374617465223A312C22536967416D70496E76616C6964223A307D7D, 138 
05-22 07:16:22.825   544   544 D commservice260303: Push Message into SendPool fn=-381812736
05-22 07:16:22.825   544   544 D commservice260303: ComProtocolLibSend2Cluster::send2ClusterRaw fn=-381812736 , len=338
05-22 07:16:22.825   544   544 D commservice260303: sendCmdToPort :338!!!
05-22 07:16:22.825   544   544 D commservice260303: send Cmd To Port ++++5AA5014E8A0100003EE96A0F92467B22636F6D6D616E64223A7B226964223A22696D755F737461747573222C22737562223A22227D2C22636F6E74656E74223A7B2254696D655374616D70223A313737393430353338323832342C224672616D65436F756E746572223A31353736372C2247445F58223A2D302E3030383933333033323836323834323038332C2247445F59223A302E3030383332323839383239383530313936382C2247445F5A223A302E30313736333832343138373231393134332C2241445F58223A2D302E3030343735363036333232323838353133322C2241445F59223A302E3030333734363832373133323939393839372C2241445F5A223A2D302E3332373233393939303233343337352C2254656D70447370223A302C22537461747573223A302C2243616C69625374617465223A312C22536967416D70496E76616C6964223A307D7D31AC
05-22 07:16:22.825   544   544 D commservice260303: bufferevent_write retrun value = 0
05-22 07:16:22.825   544   567 D commservice260303: client datas send succeed,send finish
05-22 07:16:22.825  2981  3178 D Sentinelmode_1.2.5.13_alpha: <SentryImuClusterFgeSender>imu_status sent to Linux, frame=15767, tsNs=667804, tsMs=1779405382824, intervalMs=39, ad=(-0.004756063,0.0037468271,-0.32724), gd=(-0.008933033,0.008322898,0.017638242)
05-22 07:16:22.827   964  1804 D [OMXB]  : usingANWBuffer: handle:0xebd43be0, format:1, w:1920, h:1080
05-22 07:16:22.828   573   573 I SpiService: fgesysctrl_getGPIO_status success val=1
05-22 06:34:56.572   573   573 D spidev_ioctl: gpio status=1)
05-22 07:16:22.834   573   573 I SpiService: fgesysctrl_getGPIO_status success val=1
05-22 07:16:22.838  2981  3177 I SentryImuMcuAngleSender: 179.89998rollDeg
05-22 07:16:22.838  2981  3177 I SentryImuMcuAngleSender: 1,0,0
05-22 07:16:22.839   573   573 I SpiService: fgesysctrl_getGPIO_status success val=1
05-22 07:16:22.845   573   573 I SpiService: fgesysctrl_getGPIO_status success val=0
05-22 06:34:56.588   573   573 D spi_rst_gpio_get_output: GPIO 145 value: 0
05-22 07:16:22.847   276   300 I rvcservice: t.code = 4, t.value = 0
05-22 07:16:22.854   291  1491 D EvsDriver: forwardFrame
05-22 07:16:22.856   291  1491 D EvsDriver: Delivered 0xb400007b2f47ca30 as id 0
05-22 07:16:22.856  1137  1150 D evsmanagerd: /dev/video4 forwarded the buffer #0 to 0xb4000071fa019690 from 0xb4000071fa01b7d0
05-22 07:16:22.859  2981  3177 I SentryImuMcuAngleSender: 179.89653rollDeg
05-22 07:16:22.859  2981  3177 I SentryImuMcuAngleSender: 1,0,0
05-22 07:16:22.860   291  1135 D EvsDriver: doneWithFrame
05-22 07:16:22.860   573   573 I SpiService: fgesysctrl_getGPIO_status success val=1
05-22 06:34:56.604   573   573 D spi_rst_gpio_get_output: GPIO 145 value: 1
05-22 06:34:56.604   573   573 D spidev_ioctl: gpio status=1)
05-22 07:16:22.866   573   573 I SpiService: fgesysctrl_getGPIO_status success val=1
05-22 07:16:22.866   544   544 D commservice260303: msg.id = 1028,0
05-22 07:16:22.866   544   544 D commservice260303: i = 170, msgid = 8A000404
05-22 07:16:22.867   544   544 D commservice260303: msgid = -1979710460,did=138
05-22 07:16:22.867   544   544 D commservice260303: CommProtocolLibCmdBaseI2C::dataproc {"command":{"id":"imu_status","sub":""},"content":{"TimeStamp":1779405382865,"FrameCounter":15768,"GD_X":-0.009161898866295815,"GD_Y":0.00794111005961895,"GD_Z":0.017944088205695152,"AD_X":-0.0047537460923194885,"AD_Y":0.0031325211748480797,"AD_Z":-0.3247995376586914,"TempDsp":0,"Status":0,"CalibState":1,"SigAmpInvalid":0}},-1979710460
05-22 07:16:22.867   544   544 D commservice260303: send2Cluster len:325, 7B22636F6D6D616E64223A7B226964223A22696D755F737461747573222C22737562223A22227D2C22636F6E74656E74223A7B2254696D655374616D70223A313737393430353338323836352C224672616D65436F756E746572223A31353736382C2247445F58223A2D302E3030393136313839383836363239353831352C2247445F59223A302E30303739343131313030353936313839352C2247445F5A223A302E3031373934343038383230353639353135322C2241445F58223A2D302E303034373533373436303932333139343838352C2241445F59223A302E303033313332353231313734383438303739372C2241445F5A223A2D302E333234373939353337363538363931342C2254656D70447370223A302C22537461747573223A302C2243616C69625374617465223A312C22536967416D70496E76616C6964223A307D7D, 138 
05-22 07:16:22.867   544   544 D commservice260303: Push Message into SendPool fn=-365035520
05-22 07:16:22.867   544   544 D commservice260303: ComProtocolLibSend2Cluster::send2ClusterRaw fn=-365035520 , len=341
05-22 07:16:22.867   544   544 D commservice260303: sendCmdToPort :341!!!
05-22 07:16:22.867   544   544 D commservice260303: send Cmd To Port ++++5AA501518A0100003EEA6A0F92467B22636F6D6D616E64223A7B226964223A22696D755F737461747573222C22737562223A22227D2C22636F6E74656E74223A7B2254696D655374616D70223A313737393430353338323836352C224672616D65436F756E746572223A31353736382C2247445F58223A2D302E3030393136313839383836363239353831352C2247445F59223A302E30303739343131313030353936313839352C2247445F5A223A302E3031373934343038383230353639353135322C2241445F58223A2D302E303034373533373436303932333139343838352C2241445F59223A302E303033313332353231313734383438303739372C2241445F5A223A2D302E333234373939353337363538363931342C2254656D70447370223A302C22537461747573223A302C2243616C69625374617465223A312C22536967416D70496E76616C6964223A307D7D22B1
05-22 07:16:22.868   544   544 D commservice260303: bufferevent_write retrun value = 0
05-22 07:16:22.868   544   567 D commservice260303: client datas send succeed,send finish
05-22 07:16:22.868  2981  3178 D Sentinelmode_1.2.5.13_alpha: <SentryImuClusterFgeSender>imu_status sent to Linux, frame=15768, tsNs=667839, tsMs=1779405382865, intervalMs=43, ad=(-0.004753746,0.0031325212,-0.32479954), gd=(-0.009161899,0.00794111,0.017944088)
05-22 06:34:56.609   573   573 D spi_rst_gpio_get_output: GPIO 145 value: 1
05-22 06:34:56.610   573   573 D spidev_ioctl: gpio status=1)
05-22 06:34:56.615   573   573 D spi_rst_gpio_get_output: GPIO 145 value: 1
05-22 06:34:56.615   573   573 D spidev_ioctl: gpio status=1)
05-22 07:16:22.872   573   573 I SpiService: fgesysctrl_getGPIO_status success val=1
05-22 07:16:22.878   573   573 I SpiService: fgesysctrl_getGPIO_status success val=1
05-22 07:16:22.879  2981  3177 I SentryImuMcuAngleSender: 179.89648rollDeg
05-22 07:16:22.880  2981  3177 I SentryImuMcuAngleSender: 1,0,0
05-22 06:34:56.621   573   573 D spi_rst_gpio_get_output: GPIO 145 value: 1
05-22 06:34:56.621   573   573 D spidev_ioctl: gpio status=1)
05-22 07:16:22.883   573   573 I SpiService: fgesysctrl_getGPIO_status success val=0
05-22 06:34:56.627   573   573 D spi_rst_gpio_get_output: GPIO 145 value: 0
05-22 06:34:56.627   573   573 D spidev_ioctl: gpio status=0)
05-22 07:16:22.887  1026  1026 D MyAppLog: [2026-05-22 07:16:22.887 D tboxap tsp_WorkMachineProc:1086] [Tsp] [tsp_WorkMachineProc]TSP_WORK_LOGIN NOW !!!!
05-22 07:16:22.888   291  1491 D EvsDriver: forwardFrame
05-22 07:16:22.891  1137  1150 D evsmanagerd: /dev/video4 forwarded the buffer #0 to 0xb4000071fa019690 from 0xb4000071fa01b7d0
05-22 07:16:22.891   291  1491 D EvsDriver: Delivered 0xb400007b2f47ca30 as id 0
05-22 07:16:22.896   291  1135 D EvsDriver: doneWithFrame
05-22 07:16:22.899   824   824 D SurfaceFlinger: unisoc-graphics, commit has frameMissed:2, vysncId:342850
05-22 07:16:22.900   573   573 I SpiService: fgesysctrl_getGPIO_status success val=1
05-22 07:16:22.901  2981  3177 I SentryImuMcuAngleSender: 179.88614rollDeg
05-22 07:16:22.901  2981  3177 I SentryImuMcuAngleSender: 1,0,0
05-22 06:34:56.643   573   573 D spi_rst_gpio_get_output: GPIO 145 value: 1
05-22 06:34:56.644   573   573 D spidev_ioctl: gpio status=1)
05-22 07:16:22.906   573   573 I SpiService: fgesysctrl_getGPIO_status success val=1
05-22 07:16:22.906   544   544 D commservice260303: msg.id = 1028,0
05-22 07:16:22.906   544   544 D commservice260303: i = 170, msgid = 8A000404
05-22 07:16:22.907   544   544 D commservice260303: msgid = -1979710460,did=138
05-22 07:16:22.907   544   544 D commservice260303: CommProtocolLibCmdBaseI2C::dataproc {"command":{"id":"imu_status","sub":""},"content":{"TimeStamp":1779405382906,"FrameCounter":15769,"GD_X":-0.009161898866295815,"GD_Y":0.007482858840376139,"GD_Z":0.017944088205695152,"AD_X":1.221299171447754E-4,"AD_Y":0.00617657694965601,"AD_Z":-0.3235807418823242,"TempDsp":0,"Status":0,"CalibState":1,"SigAmpInvalid":0}},-1979710460
05-22 07:16:22.907   544   544 D commservice260303: send2Cluster len:322, 7B22636F6D6D616E64223A7B226964223A22696D755F737461747573222C22737562223A22227D2C22636F6E74656E74223A7B2254696D655374616D70223A313737393430353338323930362C224672616D65436F756E746572223A31353736392C2247445F58223A2D302E3030393136313839383836363239353831352C2247445F59223A302E3030373438323835383834303337363133392C2247445F5A223A302E3031373934343038383230353639353135322C2241445F58223A312E323231323939313731343437373534452D342C2241445F59223A302E30303631373635373639343936353630312C2241445F5A223A2D302E333233353830373431383832333234322C2254656D70447370223A302C22537461747573223A302C2243616C69625374617465223A312C22536967416D70496E76616C6964223A307D7D, 138 
05-22 07:16:22.907   544   544 D commservice260303: Push Message into SendPool fn=-348258304
05-22 07:16:22.907   544   544 D commservice260303: ComProtocolLibSend2Cluster::send2ClusterRaw fn=-348258304 , len=338
05-22 07:16:22.907   544   544 D commservice260303: sendCmdToPort :338!!!
05-22 07:16:22.907   544   544 D commservice260303: send Cmd To Port ++++5AA5014E8A0100003EEB6A0F92467B22636F6D6D616E64223A7B226964223A22696D755F737461747573222C22737562223A22227D2C22636F6E74656E74223A7B2254696D655374616D70223A313737393430353338323930362C224672616D65436F756E746572223A31353736392C2247445F58223A2D302E3030393136313839383836363239353831352C2247445F59223A302E3030373438323835383834303337363133392C2247445F5A223A302E3031373934343038383230353639353135322C2241445F58223A312E323231323939313731343437373534452D342C2241445F59223A302E30303631373635373639343936353630312C2241445F5A223A2D302E333233353830373431383832333234322C2254656D70447370223A302C22537461747573223A302C2243616C69625374617465223A312C22536967416D70496E76616C6964223A307D7DE2F8
05-22 07:16:22.907   544   544 D commservice260303: bufferevent_write retrun value = 0
05-22 07:16:22.908   544   567 D commservice260303: client datas send succeed,send finish
05-22 07:16:22.908 13390 13390 I ADAYO_LOG_TRACE_KERNEL: execute interrupt
05-22 07:16:22.908  2981  3178 D Sentinelmode_1.2.5.13_alpha: <SentryImuClusterFgeSender>imu_status sent to Linux, frame=15769, tsNs=667876, tsMs=1779405382906, intervalMs=40, ad=(1.2212992E-4,0.006176577,-0.32358074), gd=(-0.009161899,0.007482859,0.017944088)
05-22 06:34:56.649   573   573 D spi_rst_gpio_get_output: GPIO 145 value: 1
05-22 06:34:56.649   573   573 D spidev_ioctl: gpio status=1)
05-22 07:16:22.910   964  1804 D [OMXB]  : usingANWBuffer: handle:0xebd40170, format:1, w:1920, h:1080
05-22 07:16:22.912   573   573 I SpiService: fgesysctrl_getGPIO_status success val=1
05-22 06:34:56.655   573   573 D spi_rst_gpio_get_output: GPIO 145 value: 1
05-22 06:34:56.655   573   573 D spidev_ioctl: gpio status=1)
05-22 07:16:22.916   824   824 D SurfaceFlinger: unisoc-graphics, commit has frameMissed:2, vysncId:342858
05-22 07:16:22.917   573   573 I SpiService: fgesysctrl_getGPIO_status success val=1
05-22 06:34:56.661   573   573 D spi_rst_gpio_get_output: GPIO 145 value: 1
05-22 06:34:56.661   573   573 D spidev_ioctl: gpio status=1)
05-22 07:16:22.918   291  1491 D EvsDriver: forwardFrame
05-22 07:16:22.920  2981  3177 I SentryImuMcuAngleSender: [4, 18, 1, 0, 0],5
05-22 07:16:22.920  2981  3177 I McuCommManager: mcuCommSendcmd [4, 18, 1, 0, 0]
05-22 07:16:22.920   291  1491 D EvsDriver: Delivered 0xb400007b2f47ca30 as id 0
05-22 07:16:22.920  1137  1150 D evsmanagerd: /dev/video4 forwarded the buffer #0 to 0xb4000071fa019690 from 0xb4000071fa01b7d0
05-22 07:16:22.920  2981  3177 I SentryImuMcuAngleSender: true
05-22 07:16:22.920  2981  3177 W Sentinelmode_1.2.5.13_alpha: <SentryImuMcuAngleSender>MCU IMU send interval abnormal: 1002ms
05-22 07:16:22.921   291  1135 D EvsDriver: doneWithFrame
05-22 07:16:22.921  2981  3177 I SentryImuMcuAngleSender: 179.89647rollDeg
05-22 07:16:22.921  2981  3177 I SentryImuMcuAngleSender: 1,0,0
05-22 07:16:22.923   573   573 I SpiService: fgesysctrl_getGPIO_status success val=1
05-22 06:34:56.666   573   573 D spi_rst_gpio_get_output: GPIO 145 value: 1
05-22 06:34:56.666   573   573 D spidev_ioctl: gpio status=1)
05-22 07:16:22.929   573   573 I SpiService: fgesysctrl_getGPIO_status success val=0
05-22 07:16:22.929   486   579 I mcuc    : send SPI:6AA600073900050412010000A4
05-22 06:34:56.672   573   573 D spi_rst_gpio_get_output: GPIO 145 value: 0
05-22 06:34:56.672   573   573 D spidev_ioctl: gpio status=0)
05-22 07:16:22.932   824   824 D SurfaceFlinger: unisoc-graphics, commit has frameMissed:2, vysncId:342859
05-22 07:16:22.942  2981  3177 I SentryImuMcuAngleSender: 179.90337rollDeg
05-22 07:16:22.942  2981  3177 I SentryImuMcuAngleSender: 1,0,0
05-22 07:16:22.944   573   573 I SpiService: fgesysctrl_getGPIO_status success val=1
05-22 07:16:22.944 13391 13391 I ADAYO_LOG_TRACE_KERNEL: execute end
05-22 06:34:56.687   573   573 D spi_rst_gpio_get_output: GPIO 145 value: 1
05-22 06:34:56.687   573   573 D spidev_ioctl: gpio status=1)
05-22 07:16:22.947   565   565 I Sensors : 230 AccelSensor: x:-0.104310,y:0.015859,z:-10.130272
05-22 07:16:22.947   276   300 I rvcservice: t.code = 3, t.value = 0
05-22 07:16:22.948   544   544 D commservice260303: msg.id = 1028,0
05-22 07:16:22.948   544   544 D commservice260303: i = 170, msgid = 8A000404
05-22 07:16:22.948   544   544 D commservice260303: msgid = -1979710460,did=138
05-22 07:16:22.948   544   544 D commservice260303: CommProtocolLibCmdBaseI2C::dataproc {"command":{"id":"imu_status","sub":""},"content":{"TimeStamp":1779405382947,"FrameCounter":15770,"GD_X":-0.008474782109260559,"GD_Y":0.0073299347423017025,"GD_Z":0.017867106944322586,"AD_X":-0.0010993480682373047,"AD_Y":0.003122447058558464,"AD_Z":-0.32114124298095703,"TempDsp":0,"Status":0,"CalibState":1,"SigAmpInvalid":0}},-1979710460
05-22 07:16:22.948  2401  2415 E nwydata : nwy_get_modem_alive:in
05-22 07:16:22.948  2401  2415 D lib_tbox: calling Uid is 0
05-22 07:16:22.948  2401  2415 D lib_tbox: tboxService has already been creaded
05-22 07:16:22.948   544   544 D commservice260303: send2Cluster len:327, 7B22636F6D6D616E64223A7B226964223A22696D755F737461747573222C22737562223A22227D2C22636F6E74656E74223A7B2254696D655374616D70223A313737393430353338323934372C224672616D65436F756E746572223A31353737302C2247445F58223A2D302E3030383437343738323130393236303535392C2247445F59223A302E303037333239393334373432333031373032352C2247445F5A223A302E3031373836373130363934343332323538362C2241445F58223A2D302E303031303939333438303638323337333034372C2241445F59223A302E3030333132323434373035383535383436342C2241445F5A223A2D302E33323131343132343239383039353730332C2254656D70447370223A302C22537461747573223A302C2243616C69625374617465223A312C22536967416D70496E76616C6964223A307D7D, 138 
05-22 07:16:22.948  2401  2415 D lib_tbox: sim[0] request Queue is ready
05-22 07:16:22.948   544   544 D commservice260303: Push Message into SendPool fn=-331481088
05-22 07:16:22.948  2401  2415 D lib_tbox: getModemState start. serial:2027907669
05-22 07:16:22.948   544   544 D commservice260303: ComProtocolLibSend2Cluster::send2ClusterRaw fn=-331481088 , len=343
05-22 07:16:22.948   544   544 D commservice260303: sendCmdToPort :343!!!
