05-22 07:16:17.209   558  1606 I gps_hdbd: Received: '$GNGSA,A,1,,,,,,,,,,,,,,,,1*1D
'
05-22 07:16:17.210   573   573 I SpiService: fgesysctrl_getGPIO_status success val=1
05-22 07:16:17.210  1026  1026 D MyAppLog: [2026-05-22 07:16:17.209 D tboxap gspDataAnalyze:346] [Gps] rev gps data:$GNGSA,A,1,,,,,,,,,,,,,,,,1*1D
05-22 07:16:17.210  1026  1026 D MyAppLog: [2026-05-22 07:16:17.210 D tboxap gpsCommTboxmidsRecvCb:66] [Gps] [gpsCommTboxmidsRecvCb] gps nmea updated:$GNGSA,A,1,,,,,,,,,,,,,,,,1*1D
05-22 07:16:17.210  1026  1026 D MyAppLog: 
05-22 06:34:50.953   573   573 D spi_rst_gpio_get_output: GPIO 145 value: 1
05-22 06:34:50.953   573   573 D spidev_ioctl: gpio status=1)
05-22 07:16:17.214   558  1606 I gps_hdbd: Received: '$GNGSA,A,1,,,,,,,,,,,,,,,,3*1F
'
05-22 07:16:17.215   291  1491 D EvsDriver: forwardFrame
05-22 07:16:17.215   558  1606 I gps_hdbd: Received: '$GNGSA,A,1,,,,,,,,,,,,,,,,4*18
'
05-22 07:16:17.215   573   573 I SpiService: fgesysctrl_getGPIO_status success val=1
05-22 07:16:17.216   558  1606 I gps_hdbd: Received: '$BDGSV,1,1,00,1*75
'
05-22 07:16:17.216  1026  1026 D MyAppLog: [2026-05-22 07:16:17.215 D tboxap gspDataAnalyze:346] [Gps] rev gps data:$GNGSA,A,1,,,,,,,,,,,,,,,,3*1F
05-22 07:16:17.216  1026  1026 D MyAppLog: [2026-05-22 07:16:17.215 D tboxap gpsCommTboxmidsRecvCb:66] [Gps] [gpsCommTboxmidsRecvCb] gps nmea updated:$GNGSA,A,1,,,,,,,,,,,,,,,,3*1F
05-22 07:16:17.216  1026  1026 D MyAppLog: 
05-22 07:16:17.216  1026  1026 D MyAppLog: [2026-05-22 07:16:17.216 D tboxap gspDataAnalyze:346] [Gps] rev gps data:$GNGSA,A,1,,,,,,,,,,,,,,,,4*18
05-22 07:16:17.216   291  1491 D EvsDriver: Delivered 0xb400007b2f47ca30 as id 0
05-22 07:16:17.216  1137  1150 D evsmanagerd: /dev/video4 forwarded the buffer #0 to 0xb4000071fa019690 from 0xb4000071fa01b7d0
05-22 07:16:17.217  1026  1026 D MyAppLog: [2026-05-22 07:16:17.216 D tboxap gpsCommTboxmidsRecvCb:66] [Gps] [gpsCommTboxmidsRecvCb] gps nmea updated:$GNGSA,A,1,,,,,,,,,,,,,,,,4*18
05-22 07:16:17.217  1026  1026 D MyAppLog: 
05-22 07:16:17.217  1026  1026 D MyAppLog: [2026-05-22 07:16:17.216 D tboxap gspDataAnalyze:346] [Gps] rev gps data:$BDGSV,1,1,00,1*75
05-22 07:16:17.217  1026  1026 D MyAppLog: [2026-05-22 07:16:17.216 D tboxap gpsCommTboxmidsRecvCb:66] [Gps] [gpsCommTboxmidsRecvCb] gps nmea updated:$BDGSV,1,1,00,1*75
05-22 07:16:17.217  1026  1026 D MyAppLog: 
05-22 07:16:17.217   291  1135 D EvsDriver: doneWithFrame
05-22 06:34:50.959   573   573 D spi_rst_gpio_get_output: GPIO 145 value: 1
05-22 06:34:50.959   573   573 D spidev_ioctl: gpio status=1)
05-22 06:34:50.964   573   573 D spi_rst_gpio_get_output: GPIO 145 value: 1
05-22 06:34:50.964   573   573 D spidev_ioctl: gpio status=1)
05-22 07:16:17.219  2981  3177 I SentryImuMcuAngleSender: 179.92067rollDeg
05-22 07:16:17.220  2981  3177 I SentryImuMcuAngleSender: 1,0,0
05-22 07:16:17.221   573   573 I SpiService: fgesysctrl_getGPIO_status success val=1
05-22 07:16:17.221   544   544 D commservice260303: msg.id = 1028,0
05-22 07:16:17.221   544   544 D commservice260303: i = 170, msgid = 8A000404
05-22 07:16:17.221   544   544 D commservice260303: msgid = -1979710460,did=138
05-22 07:16:17.221   544   544 D commservice260303: CommProtocolLibCmdBaseI2C::dataproc {"command":{"id":"imu_status","sub":""},"content":{"TimeStamp":1779405377220,"FrameCounter":15629,"GD_X":-0.009391804225742817,"GD_Y":0.006642818450927734,"GD_Z":0.018020030111074448,"AD_X":-0.002181701362133026,"AD_Y":3.3700093626976013E-4,"AD_Z":-0.3260211944580078,"TempDsp":0,"Status":0,"CalibState":1,"SigAmpInvalid":0}},-1979710460
05-22 07:16:17.221   544   544 D commservice260303: send2Cluster len:325, 7B22636F6D6D616E64223A7B226964223A22696D755F737461747573222C22737562223A22227D2C22636F6E74656E74223A7B2254696D655374616D70223A313737393430353337373232302C224672616D65436F756E746572223A31353632392C2247445F58223A2D302E3030393339313830343232353734323831372C2247445F59223A302E3030363634323831383435303932373733342C2247445F5A223A302E3031383032303033303131313037343434382C2241445F58223A2D302E3030323138313730313336323133333032362C2241445F59223A332E33373030303933363236393736303133452D342C2241445F5A223A2D302E333236303231313934343538303037382C2254656D70447370223A302C22537461747573223A302C2243616C69625374617465223A312C22536967416D70496E76616C6964223A307D7D, 138 
05-22 07:16:17.221   544   544 D commservice260303: Push Message into SendPool fn=1547567104
05-22 07:16:17.221   544   544 D commservice260303: ComProtocolLibSend2Cluster::send2ClusterRaw fn=1547567104 , len=341
05-22 07:16:17.221   544   544 D commservice260303: sendCmdToPort :341!!!
05-22 07:16:17.221   558  1606 I gps_hdbd: Received: '$GPGSV,1,1,01,199,42,165,,1*60
'
05-22 07:16:17.222   544   544 D commservice260303: send Cmd To Port ++++5AA501518A0100003E5C6A0F92417B22636F6D6D616E64223A7B226964223A22696D755F737461747573222C22737562223A22227D2C22636F6E74656E74223A7B2254696D655374616D70223A313737393430353337373232302C224672616D65436F756E746572223A31353632392C2247445F58223A2D302E3030393339313830343232353734323831372C2247445F59223A302E3030363634323831383435303932373733342C2247445F5A223A302E3031383032303033303131313037343434382C2241445F58223A2D302E3030323138313730313336323133333032362C2241445F59223A332E33373030303933363236393736303133452D342C2241445F5A223A2D302E333236303231313934343538303037382C2254656D70447370223A302C22537461747573223A302C2243616C69625374617465223A312C22536967416D70496E76616C6964223A307D7DA4D5
05-22 07:16:17.222   544   544 D commservice260303: bufferevent_write retrun value = 0
05-22 07:16:17.222   544   567 D commservice260303: client datas send succeed,send finish
05-22 07:16:17.223   558  1606 I gps_hdbd: Received: '$GAGSV,1,1,00,7*73
'
05-22 07:16:17.223  1026  1026 D MyAppLog: [2026-05-22 07:16:17.223 D tboxap gspDataAnalyze:346] [Gps] rev gps data:$GPGSV,1,1,01,199,42,165,,1*60
05-22 07:16:17.223  1026  1026 D MyAppLog: [2026-05-22 07:16:17.223 D tboxap gpsCommTboxmidsRecvCb:66] [Gps] [gpsCommTboxmidsRecvCb] gps nmea updated:$GPGSV,1,1,01,199,42,165,,1*60
05-22 07:16:17.223  1026  1026 D MyAppLog: 
05-22 07:16:17.224  1026  1026 D MyAppLog: [2026-05-22 07:16:17.224 D tboxap gspDataAnalyze:346] [Gps] rev gps data:$GAGSV,1,1,00,7*73
05-22 07:16:17.224  1026  1026 D MyAppLog: [2026-05-22 07:16:17.224 D tboxap gpsCommTboxmidsRecvCb:66] [Gps] [gpsCommTboxmidsRecvCb] gps nmea updated:$GAGSV,1,1,00,7*73
05-22 07:16:17.224  1026  1026 D MyAppLog: 
05-22 07:16:17.224  2981  3178 D Sentinelmode_1.2.5.13_alpha: <SentryImuClusterFgeSender>imu_status sent to Linux, frame=15629, tsNs=662191, tsMs=1779405377220, intervalMs=43, ad=(-0.0021817014,3.3700094E-4,-0.3260212), gd=(-0.009391804,0.0066428185,0.01802003)
05-22 07:16:17.226   565   565 I Sensors : 230 AccelSensor: x:-0.107970,y:0.012200,z:-10.132101
05-22 07:16:17.226   573   573 I SpiService: fgesysctrl_getGPIO_status success val=0
05-22 07:16:17.227   276   300 I rvcservice: t.code = 4, t.value = 0
05-22 06:34:50.970   573   573 D spi_rst_gpio_get_output: GPIO 145 value: 0
05-22 06:34:50.970   573   573 D spidev_ioctl: gpio status=0)
05-22 07:16:17.232   558  1606 I gps_hdbd: Received: '$GNRMC,231617.000,V,,,,,,,210526,120.0,E,N,V*43
'
05-22 07:16:17.233   558  1606 I gps_hdbd: RMC : CALL gnss_sv_status_cb, view_in_sat <1>
05-22 07:16:17.233   558  1606 I gps_hdbd: [reportSvStatus]--->PLATFORM_BSP::Enter
05-22 07:16:17.233   558  1606 I gps_hdbd: hy abnormal deal:hy_cnr30_satellite_cnt=0
05-22 07:16:17.234  1026  1026 D MyAppLog: [2026-05-22 07:16:17.233 D tboxap gspDataAnalyze:346] [Gps] rev gps data:$GNRMC,231617.000,V,,,,,,,210526,120.0,E,N,V*43
05-22 07:16:17.234   558  1606 D gps_hdbd: hy abnormal deal:hy_fixStatus_fail_count=0
05-22 07:16:17.234  1026  1026 D MyAppLog: [2026-05-22 07:16:17.233 D tboxap Real_GPS_Command_Process:293] [Gps] GPS_INFOR_IF_COMPLETED 0f
05-22 07:16:17.234  1026  1026 D MyAppLog: [2026-05-22 07:16:17.233 D tboxap gpsCommDataCb:143] [Gps] [gpsCommDataCb] datacb
05-22 07:16:17.234  1026  1026 W MyAppLog: [2026-05-22 07:16:17.233 W tboxap gpsSyncGpsInfoToDm:263] [Gps] [gpsSyncGpsInfoToDm] fix=0 mode=49 alt=0.00 sat=0 hdop=0.00 pdop=0.00 vdop=0.00
05-22 07:16:17.234  1026  1026 D MyAppLog: [2026-05-22 07:16:17.233 D tboxap gpsIpcInfoCallBack:161] [Gps] [gpsIpcInfoCallBack] gpsIpcInfoCallBack in
05-22 07:16:17.234  1026  1026 D MyAppLog: [2026-05-22 07:16:17.233 D tboxap gpsIpcInfoCallBack:168] [Gps] [gpsIpcInfoCallBack] gps ipc init gpsIpcInfoCallBack = 0x64d0daa0fc
05-22 07:16:17.234  1026  1026 D MyAppLog: [2026-05-22 07:16:17.233 D tboxap gpsIpcInfoCallBack:176] [Gps] [gpsIpcInfoCallBack] gpsIpcInfoCallBack 44 out
05-22 07:16:17.234   558  1606 I gps_hdbd: Received: '$GNZDA,231617.000,21,05,2026,00,00*48
'
05-22 07:16:17.234  1026  1026 D MyAppLog: [2026-05-22 07:16:17.233 D tboxap gpsCommTboxmidsRecvCb:66] [Gps] [gpsCommTboxmidsRecvCb] gps nmea updated:$GNRMC,231617.000,V,,,,,,,210526,120.0,E,N,V*43
05-22 07:16:17.234  1026  1026 D MyAppLog: 
05-22 07:16:17.235  1026  1026 D MyAppLog: [2026-05-22 07:16:17.233 D tboxap GpsIpcInfoHandler:133] [Gps] [GpsIpcInfoHandler]  time 
05-22 07:16:17.236  1026  1026 D MyAppLog: [2026-05-22 07:16:17.235 D tboxap gspDataAnalyze:346] [Gps] rev gps data:$GNZDA,231617.000,21,05,2026,00,00*48
05-22 07:16:17.236  1026  1026 D MyAppLog: [2026-05-22 07:16:17.235 D tboxap gpsCommTboxmidsRecvCb:66] [Gps] [gpsCommTboxmidsRecvCb] gps nmea updated:$GNZDA,231617.000,21,05,2026,00,00*48
05-22 07:16:17.236  1026  1026 D MyAppLog: 
05-22 07:16:17.238   558  1606 I gps_hdbd: Received: '$GNGST,231617.000,,,,,,,*57
'
05-22 07:16:17.240  2981  3177 I SentryImuMcuAngleSender: 179.93102rollDeg
05-22 07:16:17.240  2981  3177 I SentryImuMcuAngleSender: 1,0,0
05-22 06:34:50.985   573   573 D spi_rst_gpio_get_output: GPIO 145 value: 1
05-22 06:34:50.985   573   573 D spidev_ioctl: gpio status=1)
05-22 07:16:17.241   573   573 I SpiService: fgesysctrl_getGPIO_status success val=1
05-22 07:16:17.244   737  1619 D PowerController.RecogA: handleMessage(MSG_REPORT_EVENT)
05-22 07:16:17.247   573   573 I SpiService: fgesysctrl_getGPIO_status success val=1
05-22 07:16:17.249  1026  1026 D MyAppLog: [2026-05-22 07:16:17.249 D tboxap tsp_WorkMachineProc:1086] [Tsp] [tsp_WorkMachineProc]TSP_WORK_LOGIN NOW !!!!
05-22 06:34:50.990   573   573 D spi_rst_gpio_get_output: GPIO 145 value: 1
05-22 06:34:50.990   573   573 D spidev_ioctl: gpio status=1)
05-22 07:16:17.250   291  1491 D EvsDriver: forwardFrame
05-22 07:16:17.252   964  1804 D [OMXB]  : usingANWBuffer: handle:0xebd40170, format:1, w:1920, h:1080
05-22 07:16:17.252   573   573 I SpiService: fgesysctrl_getGPIO_status success val=1
05-22 07:16:17.252  1137  1150 D evsmanagerd: /dev/video4 forwarded the buffer #0 to 0xb4000071fa019690 from 0xb4000071fa01b7d0
05-22 07:16:17.252   291  1491 D EvsDriver: Delivered 0xb400007b2f47ca30 as id 0
05-22 06:34:50.996   573   573 D spi_rst_gpio_get_output: GPIO 145 value: 1
05-22 06:34:50.996   573   573 D spidev_ioctl: gpio status=1)
05-22 07:16:17.255   291  1135 D EvsDriver: doneWithFrame
05-22 07:16:17.257   558  1606 I gps_hdbd: Received: '$GNINS,1,1,TYPE,I,V,231617.000,645200,FUS,-2,0,0,0,MOT,V,1,PATT,0.00,0.00,0.00,VEL,0.000,0.000,0.000,POS,39.9999846247,115.9999771395,108.489,IIA,1,0.00,0.00,0.00,BGA,0.44,-0.52,-1.01,0.000,0.000,0.000,IGA,0,0,-1,0,-1,99,VG,16c2ff1*21
'
05-22 07:16:17.258   573   573 I SpiService: fgesysctrl_getGPIO_status success val=1
05-22 07:16:17.261   544   544 D commservice260303: msg.id = 1028,0
05-22 07:16:17.261   544   544 D commservice260303: i = 170, msgid = 8A000404
05-22 07:16:17.261   544   544 D commservice260303: msgid = -1979710460,did=138
05-22 07:16:17.261   544   544 D commservice260303: CommProtocolLibCmdBaseI2C::dataproc {"command":{"id":"imu_status","sub":""},"content":{"TimeStamp":1779405377260,"FrameCounter":15630,"GD_X":-0.010537171736359596,"GD_Y":0.0067952219396829605,"GD_Z":0.017332913354039192,"AD_X":-0.0027923807501792908,"AD_Y":-0.001491348259150982,"AD_Z":-0.3260211944580078,"TempDsp":0,"Status":0,"CalibState":1,"SigAmpInvalid":0}},-1979710460
05-22 07:16:17.261  2981  3177 I SentryImuMcuAngleSender: 179.93102rollDeg
05-22 07:16:17.261   544   544 D commservice260303: send2Cluster len:327, 7B22636F6D6D616E64223A7B226964223A22696D755F737461747573222C22737562223A22227D2C22636F6E74656E74223A7B2254696D655374616D70223A313737393430353337373236302C224672616D65436F756E746572223A31353633302C2247445F58223A2D302E3031303533373137313733363335393539362C2247445F59223A302E303036373935323231393339363832393630352C2247445F5A223A302E3031373333323931333335343033393139322C2241445F58223A2D302E303032373932333830373530313739323930382C2241445F59223A2D302E3030313439313334383235393135303938322C2241445F5A223A2D302E333236303231313934343538303037382C2254656D70447370223A302C22537461747573223A302C2243616C69625374617465223A312C22536967416D70496E76616C6964223A307D7D, 138 
05-22 07:16:17.261  2981  3177 I SentryImuMcuAngleSender: 1,0,0
05-22 07:16:17.261   544   544 D commservice260303: Push Message into SendPool fn=1564344320
05-22 07:16:17.261   544   544 D commservice260303: ComProtocolLibSend2Cluster::send2ClusterRaw fn=1564344320 , len=343
05-22 07:16:17.261   544   544 D commservice260303: sendCmdToPort :343!!!
05-22 07:16:17.261   544   544 D commservice260303: send Cmd To Port ++++5AA501538A0100003E5D6A0F92417B22636F6D6D616E64223A7B226964223A22696D755F737461747573222C22737562223A22227D2C22636F6E74656E74223A7B2254696D655374616D70223A313737393430353337373236302C224672616D65436F756E746572223A31353633302C2247445F58223A2D302E3031303533373137313733363335393539362C2247445F59223A302E303036373935323231393339363832393630352C2247445F5A223A302E3031373333323931333335343033393139322C2241445F58223A2D302E303032373932333830373530313739323930382C2241445F59223A2D302E3030313439313334383235393135303938322C2241445F5A223A2D302E333236303231313934343538303037382C2254656D70447370223A302C22537461747573223A302C2243616C69625374617465223A312C22536967416D70496E76616C6964223A307D7D276D
05-22 07:16:17.261   544   544 D commservice260303: bufferevent_write retrun value = 0
05-22 07:16:17.261   544   567 D commservice260303: client datas send succeed,send finish
05-22 07:16:17.261  2981  3178 D Sentinelmode_1.2.5.13_alpha: <SentryImuClusterFgeSender>imu_status sent to Linux, frame=15630, tsNs=662208, tsMs=1779405377260, intervalMs=37, ad=(-0.0027923808,-0.0014913483,-0.3260212), gd=(-0.010537172,0.006795222,0.017332913)
05-22 06:34:51.001   573   573 D spi_rst_gpio_get_output: GPIO 145 value: 1
05-22 06:34:51.001   573   573 D spidev_ioctl: gpio status=1)
05-22 07:16:17.263   573   573 I SpiService: fgesysctrl_getGPIO_status success val=1
05-22 06:34:51.007   573   573 D spi_rst_gpio_get_output: GPIO 145 value: 1
05-22 06:34:51.007   573   573 D spidev_ioctl: gpio status=1)
05-22 07:16:17.267   558  1606 I gps_hdbd: Received: '$GNINS,CARSPEED,ADR_STATUS,0,Pulse_count,0,1,0,0,645200,6452,0.000,0.000,0.000*06
'
05-22 07:16:17.267   558  1606 I gps_hdbd: Received: '$GNTXT,04,01,04,INS,V,1,,,,FLG,1,000000,1,0,1,0,0,Con,0*71
'
05-22 07:16:17.269   573   573 I SpiService: fgesysctrl_getGPIO_status success val=0
05-22 06:34:51.012   573   573 D spi_rst_gpio_get_output: GPIO 145 value: 0
05-22 06:34:51.012   573   573 D spidev_ioctl: gpio status=0)
05-22 07:16:17.273   558  1606 I gps_hdbd: Received: '$GNTXT,INSTALL,0.00,0.00,0.00,0.00,0.00,0.00,0*20
'
05-22 07:16:17.278   565   565 I Sensors : 230 GyroSensor: x:-0.008475,y:0.006948,z:0.017486
05-22 07:16:17.281  2981  3177 I SentryImuMcuAngleSender: 179.91724rollDeg
05-22 07:16:17.281  2981  3177 I SentryImuMcuAngleSender: 1,0,0
05-22 07:16:17.283   573   573 I SpiService: fgesysctrl_getGPIO_status success val=1
05-22 06:34:51.026   573   573 D spi_rst_gpio_get_output: GPIO 145 value: 1
05-22 06:34:51.026   573   573 D spidev_ioctl: gpio status=1)
05-22 07:16:17.288   291  1491 D EvsDriver: forwardFrame
05-22 07:16:17.288   573   573 I SpiService: fgesysctrl_getGPIO_status success val=1
05-22 06:34:51.032   573   573 D spi_rst_gpio_get_output: GPIO 145 value: 1
05-22 06:34:51.032   573   573 D spidev_ioctl: gpio status=1)
05-22 07:16:17.290   291  1491 D EvsDriver: Delivered 0xb400007b2f47ca30 as id 0
05-22 07:16:17.291  1137  1150 D evsmanagerd: /dev/video4 forwarded the buffer #0 to 0xb4000071fa019690 from 0xb4000071fa01b7d0
05-22 07:16:17.293   291  1135 D EvsDriver: doneWithFrame
05-22 07:16:17.294   573   573 I SpiService: fgesysctrl_getGPIO_status success val=1
05-22 06:34:51.037   573   573 D spi_rst_gpio_get_output: GPIO 145 value: 1
05-22 06:34:51.037   573   573 D spidev_ioctl: gpio status=1)
05-22 07:16:17.300   573   573 I SpiService: fgesysctrl_getGPIO_status success val=1
05-22 07:16:17.301   544   544 D commservice260303: msg.id = 1028,0
05-22 07:16:17.301   544   544 D commservice260303: i = 170, msgid = 8A000404
05-22 07:16:17.301   544   544 D commservice260303: msgid = -1979710460,did=138
05-22 07:16:17.301   544   544 D commservice260303: CommProtocolLibCmdBaseI2C::dataproc {"command":{"id":"imu_status","sub":""},"content":{"TimeStamp":1779405377301,"FrameCounter":15631,"GD_X":-0.00794111005961895,"GD_Y":0.007101069670170546,"GD_Z":0.01817295327782631,"AD_X":-0.004010356962680817,"AD_Y":0.003385801799595356,"AD_Z":-0.3260211944580078,"TempDsp":0,"Status":0,"CalibState":1,"SigAmpInvalid":0}},-1979710460
05-22 06:34:51.043   573   573 D spi_rst_gpio_get_output: GPIO 145 value: 1
05-22 06:34:51.043   573   573 D spidev_ioctl: gpio status=1)
05-22 07:16:17.302   544   544 D commservice260303: send2Cluster len:322, 7B22636F6D6D616E64223A7B226964223A22696D755F737461747573222C22737562223A22227D2C22636F6E74656E74223A7B2254696D655374616D70223A313737393430353337373330312C224672616D65436F756E746572223A31353633312C2247445F58223A2D302E30303739343131313030353936313839352C2247445F59223A302E3030373130313036393637303137303534362C2247445F5A223A302E30313831373239353332373738323633312C2241445F58223A2D302E3030343031303335363936323638303831372C2241445F59223A302E3030333338353830313739393539353335362C2241445F5A223A2D302E333236303231313934343538303037382C2254656D70447370223A302C22537461747573223A302C2243616C69625374617465223A312C22536967416D70496E76616C6964223A307D7D, 138 
05-22 07:16:17.302   544   544 D commservice260303: Push Message into SendPool fn=1581121536
05-22 07:16:17.302   544   544 D commservice260303: ComProtocolLibSend2Cluster::send2ClusterRaw fn=1581121536 , len=338
05-22 07:16:17.302   544   544 D commservice260303: sendCmdToPort :338!!!
05-22 07:16:17.302   544   544 D commservice260303: send Cmd To Port ++++5AA5014E8A0100003E5E6A0F92417B22636F6D6D616E64223A7B226964223A22696D755F737461747573222C22737562223A22227D2C22636F6E74656E74223A7B2254696D655374616D70223A313737393430353337373330312C224672616D65436F756E746572223A31353633312C2247445F58223A2D302E30303739343131313030353936313839352C2247445F59223A302E3030373130313036393637303137303534362C2247445F5A223A302E30313831373239353332373738323633312C2241445F58223A2D302E3030343031303335363936323638303831372C2241445F59223A302E3030333338353830313739393539353335362C2241445F5A223A2D302E333236303231313934343538303037382C2254656D70447370223A302C22537461747573223A302C2243616C69625374617465223A312C22536967416D70496E76616C6964223A307D7D2749
05-22 07:16:17.302   544   544 D commservice260303: bufferevent_write retrun value = 0
05-22 07:16:17.302   544   567 D commservice260303: client datas send succeed,send finish
05-22 07:16:17.302  2981  3177 I SentryImuMcuAngleSender: 179.90341rollDeg
05-22 07:16:17.302  2981  3177 I SentryImuMcuAngleSender: 1,0,0
05-22 07:16:17.303  2981  3178 D Sentinelmode_1.2.5.13_alpha: <SentryImuClusterFgeSender>imu_status sent to Linux, frame=15631, tsNs=662277, tsMs=1779405377301, intervalMs=41, ad=(-0.004010357,0.0033858018,-0.3260212), gd=(-0.00794111,0.0071010697,0.018172953)
05-22 07:16:17.305   573   573 I SpiService: fgesysctrl_getGPIO_status success val=1
05-22 06:34:51.049   573   573 D spi_rst_gpio_get_output: GPIO 145 value: 1
05-22 06:34:51.049   573   573 D spidev_ioctl: gpio status=1)
05-22 07:16:17.311   573   573 I SpiService: fgesysctrl_getGPIO_status success val=0
05-22 07:16:17.312   964  1804 D [OMXB]  : usingANWBuffer: handle:0xebd41f00, format:1, w:1920, h:1080
05-22 06:34:51.054   573   573 D spi_rst_gpio_get_output: GPIO 145 value: 0
05-22 06:34:51.054   573   573 D spidev_ioctl: gpio status=0)
05-22 07:16:17.315   291  1491 D EvsDriver: forwardFrame
05-22 07:16:17.317   291  1491 D EvsDriver: Delivered 0xb400007b2f47ca30 as id 0
05-22 07:16:17.317  1137  1150 D evsmanagerd: /dev/video4 forwarded the buffer #0 to 0xb4000071fa019690 from 0xb4000071fa01b7d0
05-22 07:16:17.317   477  1243 I dvr_service_: [myNum:0][onFrameReceived] Received Surface:1 0
05-22 07:16:17.318   291  1135 D EvsDriver: doneWithFrame
05-22 07:16:17.322  2981  3177 I SentryImuMcuAngleSender: 179.9034rollDeg
05-22 07:16:17.323  2981  3177 I SentryImuMcuAngleSender: 1,0,0
05-22 07:16:17.325   573   573 I SpiService: fgesysctrl_getGPIO_status success val=1
05-22 06:34:51.068   573   573 D spi_rst_gpio_get_output: GPIO 145 value: 1
05-22 06:34:51.068   573   573 D spidev_ioctl: gpio status=1)
05-22 07:16:17.327  3735  3735 D NSLogUtils_MainActivity: progress->48620
05-22 07:16:17.328   276   300 I rvcservice: t.code = 3, t.value = 0
05-22 07:16:17.330   573   573 I SpiService: fgesysctrl_getGPIO_status success val=1
05-22 06:34:51.073   573   573 D spi_rst_gpio_get_output: GPIO 145 value: 1
05-22 06:34:51.073   573   573 D spidev_ioctl: gpio status=1)
05-22 07:16:17.335   573   573 I SpiService: fgesysctrl_getGPIO_status success val=1
05-22 06:34:51.079   573   573 D spi_rst_gpio_get_output: GPIO 145 value: 1
05-22 06:34:51.079   573   573 D spidev_ioctl: gpio status=1)
05-22 06:34:51.085   573   573 D spi_rst_gpio_get_output: GPIO 145 value: 1
05-22 06:34:51.085   573   573 D spidev_ioctl: gpio status=1)
05-22 07:16:17.341   573   573 I SpiService: fgesysctrl_getGPIO_status success val=1
05-22 06:34:51.091   573   573 D spi_rst_gpio_get_output: GPIO 145 value: 0
05-22 07:16:17.344  2981  3177 I SentryImuMcuAngleSender: 179.89304rollDeg
05-22 06:34:51.091   573   573 D spidev_ioctl: gpio status=0)
05-22 07:16:17.347   573   573 I SpiService: fgesysctrl_getGPIO_status success val=0
05-22 07:16:17.348   291  1491 D EvsDriver: forwardFrame
05-22 07:16:17.350   291  1491 D EvsDriver: Delivered 0xb400007b2f47ca30 as id 0
05-22 07:16:17.350  1137  1150 D evsmanagerd: /dev/video4 forwarded the buffer #0 to 0xb4000071fa019690 from 0xb4000071fa01b7d0
05-22 07:16:17.355   291  1135 D EvsDriver: doneWithFrame
05-22 07:16:17.344  2981  3177 I SentryImuMcuAngleSender: 1,0,0
05-22 07:16:17.355   544   544 D commservice260303: msg.id = 1028,0
05-22 07:16:17.355   544   544 D commservice260303: i = 170, msgid = 8A000404
05-22 07:16:17.355   544   544 D commservice260303: msgid = -1979710460,did=138
05-22 07:16:17.355   544   544 D commservice260303: CommProtocolLibCmdBaseI2C::dataproc {"command":{"id":"imu_status","sub":""},"content":{"TimeStamp":1779405377347,"FrameCounter":15632,"GD_X":-0.009010015055537224,"GD_Y":0.0072539933025836945,"GD_Z":0.01763824187219143,"AD_X":-0.002182416617870331,"AD_Y":0.005211737006902695,"AD_Z":-0.3235807418823242,"TempDsp":0,"Status":0,"CalibState":1,"SigAmpInvalid":0}},-1979710460
05-22 07:16:17.355   544   544 D commservice260303: send2Cluster len:324, 7B22636F6D6D616E64223A7B226964223A22696D755F737461747573222C22737562223A22227D2C22636F6E74656E74223A7B2254696D655374616D70223A313737393430353337373334372C224672616D65436F756E746572223A31353633322C2247445F58223A2D302E3030393031303031353035353533373232342C2247445F59223A302E303037323533393933333032353833363934352C2247445F5A223A302E30313736333832343138373231393134332C2241445F58223A2D302E3030323138323431363631373837303333312C2241445F59223A302E3030353231313733373030363930323639352C2241445F5A223A2D302E333233353830373431383832333234322C2254656D70447370223A302C22537461747573223A302C2243616C69625374617465223A312C22536967416D70496E76616C6964223A307D7D, 138 
05-22 07:16:17.355   544   544 D commservice260303: Push Message into SendPool fn=1597898752
05-22 07:16:17.355   544   544 D commservice260303: ComProtocolLibSend2Cluster::send2ClusterRaw fn=1597898752 , len=340
05-22 07:16:17.355   544   544 D commservice260303: sendCmdToPort :340!!!
05-22 07:16:17.355   544   544 D commservice260303: send Cmd To Port ++++5AA501508A0100003E5F6A0F92417B22636F6D6D616E64223A7B226964223A22696D755F737461747573222C22737562223A22227D2C22636F6E74656E74223A7B2254696D655374616D70223A313737393430353337373334372C224672616D65436F756E746572223A31353633322C2247445F58223A2D302E3030393031303031353035353533373232342C2247445F59223A302E303037323533393933333032353833363934352C2247445F5A223A302E30313736333832343138373231393134332C2241445F58223A2D302E3030323138323431363631373837303333312C2241445F59223A302E3030353231313733373030363930323639352C2241445F5A223A2D302E333233353830373431383832333234322C2254656D70447370223A302C22537461747573223A302C2243616C69625374617465223A312C22536967416D70496E76616C6964223A307D7D3308
05-22 07:16:17.355   544   544 D commservice260303: bufferevent_write retrun value = 0
05-22 07:16:17.355   544   567 D commservice260303: client datas send succeed,send finish
05-22 07:16:17.356  2981  3178 D Sentinelmode_1.2.5.13_alpha: <SentryImuClusterFgeSender>imu_status sent to Linux, frame=15632, tsNs=662313, tsMs=1779405377347, intervalMs=54, ad=(-0.0021824166,0.005211737,-0.32358074), gd=(-0.009010015,0.0072539933,0.017638242)
05-22 06:34:51.103     1     1 I init    : starting service 'trace_kernel'...
05-22 07:16:17.362   964  1804 D [OMXB]  : usingANWBuffer: handle:0xebd40f30, format:1, w:1920, h:1080
05-22 07:16:17.363   573   573 I SpiService: fgesysctrl_getGPIO_status success val=1
05-22 06:34:51.106   573   573 D spi_rst_gpio_get_output: GPIO 145 value: 1
05-22 06:34:51.106   573   573 D spidev_ioctl: gpio status=1)
05-22 07:16:17.368   573   573 I SpiService: fgesysctrl_getGPIO_status success val=1
05-22 06:34:51.112   573   573 D spi_rst_gpio_get_output: GPIO 145 value: 1
05-22 06:34:51.112   573   573 D spidev_ioctl: gpio status=1)
05-22 07:16:17.374   573   573 I SpiService: fgesysctrl_getGPIO_status success val=1
05-22 07:16:17.375  2981  3177 I SentryImuMcuAngleSender: 179.88963rollDeg
05-22 07:16:17.375  2981  3177 I SentryImuMcuAngleSender: 1,0,0
05-22 06:34:51.117   573   573 D spi_rst_gpio_get_output: GPIO 145 value: 1
05-22 06:34:51.117   573   573 D spidev_ioctl: gpio status=1)
05-22 07:16:17.379   573   573 I SpiService: fgesysctrl_getGPIO_status success val=1
05-22 06:34:51.123   573   573 D spi_rst_gpio_get_output: GPIO 145 value: 1
05-22 06:34:51.123   573   573 D spidev_ioctl: gpio status=1)
05-22 07:16:17.384   544   544 D commservice260303: msg.id = 1028,1
05-22 07:16:17.385   291  1491 D EvsDriver: forwardFrame
05-22 07:16:17.385   544   544 D commservice260303: i = 170, msgid = 8A000404
05-22 07:16:17.385   544   544 D commservice260303: msgid = -1979710460,did=138
05-22 07:16:17.386   544   544 D commservice260303: CommProtocolLibCmdBaseI2C::dataproc {"command":{"id":"imu_status","sub":""},"content":{"TimeStamp":1779405377384,"FrameCounter":15633,"GD_X":-0.00862822588533163,"GD_Y":0.0072539933025836945,"GD_Z":0.01779116503894329,"AD_X":-0.002183683216571808,"AD_Y":0.005814165808260441,"AD_Z":-0.326629638671875,"TempDsp":0,"Status":0,"CalibState":1,"SigAmpInvalid":0}},-1979710460
05-22 07:16:17.386   544   544 D commservice260303: send2Cluster len:322, 7B22636F6D6D616E64223A7B226964223A22696D755F737461747573222C22737562223A22227D2C22636F6E74656E74223A7B2254696D655374616D70223A313737393430353337373338342C224672616D65436F756E746572223A31353633332C2247445F58223A2D302E30303836323832323538383533333136332C2247445F59223A302E303037323533393933333032353833363934352C2247445F5A223A302E30313737393131363530333839343332392C2241445F58223A2D302E3030323138333638333231363537313830382C2241445F59223A302E3030353831343136353830383236303434312C2241445F5A223A2D302E3332363632393633383637313837352C2254656D70447370223A302C22537461747573223A302C2243616C69625374617465223A312C22536967416D70496E76616C6964223A307D7D, 138 
05-22 07:16:17.386   544   544 D commservice260303: Push Message into SendPool fn=1614675968
05-22 07:16:17.386   544   544 D commservice260303: ComProtocolLibSend2Cluster::send2ClusterRaw fn=1614675968 , len=338
05-22 07:16:17.386   544   544 D commservice260303: sendCmdToPort :338!!!
05-22 07:16:17.386   573   573 I SpiService: fgesysctrl_getGPIO_status success val=1
05-22 07:16:17.386   544   544 D commservice260303: send Cmd To Port ++++5AA5014E8A0100003E606A0F92417B22636F6D6D616E64223A7B226964223A22696D755F737461747573222C22737562223A22227D2C22636F6E74656E74223A7B2254696D655374616D70223A313737393430353337373338342C224672616D65436F756E746572223A31353633332C2247445F58223A2D302E30303836323832323538383533333136332C2247445F59223A302E303037323533393933333032353833363934352C2247445F5A223A302E30313737393131363530333839343332392C2241445F58223A2D302E3030323138333638333231363537313830382C2241445F59223A302E3030353831343136353830383236303434312C2241445F5A223A2D302E3332363632393633383637313837352C2254656D70447370223A302C22537461747573223A302C2243616C69625374617465223A312C22536967416D70496E76616C6964223A307D7D00B0
05-22 07:16:17.386  1137  1150 D evsmanagerd: /dev/video4 forwarded the buffer #0 to 0xb4000071fa019690 from 0xb4000071fa01b7d0
05-22 07:16:17.387   544   544 D commservice260303: bufferevent_write retrun value = 0
05-22 07:16:17.387   544   567 D commservice260303: client datas send succeed,send finish
05-22 07:16:17.388  2981  3178 D Sentinelmode_1.2.5.13_alpha: <SentryImuClusterFgeSender>imu_status sent to Linux, frame=15633, tsNs=662349, tsMs=1779405377384, intervalMs=32, ad=(-0.0021836832,0.005814166,-0.32662964), gd=(-0.008628226,0.0072539933,0.017791165)
05-22 07:16:17.389   291  1135 D EvsDriver: doneWithFrame
05-22 07:16:17.390   291  1491 D EvsDriver: Delivered 0xb400007b2f47ca30 as id 0
05-22 07:16:17.392   573   573 I SpiService: fgesysctrl_getGPIO_status success val=0
05-22 06:34:51.129     0     0 W         : c6 [    C6] Irq_monitor:Irq                                           IPI[1]occur        8147 times interval 1028 ms
05-22 06:34:51.130   573   573 D spi_rst_gpio_get_output: GPIO 145 value: 1
05-22 06:34:51.130   573   573 D spidev_ioctl: gpio status=1)
05-22 06:34:51.135   573   573 D spi_rst_gpio_get_output: GPIO 145 value: 0
05-22 06:34:51.135   573   573 D spidev_ioctl: gpio status=0)
05-22 07:16:17.396  2981  3177 I SentryImuMcuAngleSender: 179.88963rollDeg
05-22 07:16:17.396  2981  3177 I SentryImuMcuAngleSender: 1,0,0
05-22 07:16:17.399 13289 13289 I ADAYO_LOG_TRACE_KERNEL: execute start
05-22 07:16:17.406   573   573 I SpiService: fgesysctrl_getGPIO_status success val=1
05-22 06:34:51.149   573   573 D spi_rst_gpio_get_output: GPIO 145 value: 1
05-22 06:34:51.149   573   573 D spidev_ioctl: gpio status=1)
05-22 07:16:17.412   573   573 I SpiService: fgesysctrl_getGPIO_status success val=1
05-22 06:34:51.155   573   573 D spi_rst_gpio_get_output: GPIO 145 value: 1
05-22 06:34:51.155   573   573 D spidev_ioctl: gpio status=1)
05-22 06:34:51.161   573   573 D spi_rst_gpio_get_output: GPIO 145 value: 1
05-22 06:34:51.161   573   573 D spidev_ioctl: gpio status=1)
05-22 06:34:51.166   573   573 D spi_rst_gpio_get_output: GPIO 145 value: 1
05-22 06:34:51.166   573   573 D spidev_ioctl: gpio status=1)
05-22 07:16:17.413  1658  2866 D AIN-HttpHealthPolicy: call() called start, host=v.qq.com
05-22 07:16:17.417   573   573 I SpiService: fgesysctrl_getGPIO_status success val=1
05-22 07:16:17.417  2981  3177 I SentryImuMcuAngleSender: 179.89308rollDeg
05-22 07:16:17.418  2981  3177 I SentryImuMcuAngleSender: 1,0,0
05-22 07:16:17.420   947 13293 D resolv  : GetAddrInfoHandler::run: {0 786432 0 983040 1000 0}
05-22 07:16:17.420   947 13293 D resolv  : resolv_getaddrinfo: explore_fqdn(): ai_family=0 ai_socktype=1 ai_protocol=6
05-22 07:16:17.421   565   599 I Sensors : 230 AccelSensor: x:-0.106140,y:0.017690,z:-10.130880
05-22 07:16:17.423   573   573 I SpiService: fgesysctrl_getGPIO_status success val=1
05-22 07:16:17.424   291  1491 D EvsDriver: forwardFrame
05-22 07:16:17.426   291  1491 D EvsDriver: Delivered 0xb400007b2f47ca30 as id 0
05-22 07:16:17.426  1137  1150 D evsmanagerd: /dev/video4 forwarded the buffer #0 to 0xb4000071fa019690 from 0xb4000071fa01b7d0
05-22 07:16:17.427   291  1135 D EvsDriver: doneWithFrame
05-22 07:16:17.428   276   300 I rvcservice: t.code = 1, t.value = -107360
05-22 07:16:17.429   573   573 I SpiService: fgesysctrl_getGPIO_status success val=0
05-22 07:16:17.429   544   544 D commservice260303: msg.id = 1028,0
05-22 07:16:17.429   544   544 D commservice260303: i = 170, msgid = 8A000404
05-22 07:16:17.429   544   544 D commservice260303: msgid = -1979710460,did=138
05-22 07:16:17.429   544   544 D commservice260303: CommProtocolLibCmdBaseI2C::dataproc {"command":{"id":"imu_status","sub":""},"content":{"TimeStamp":1779405377427,"FrameCounter":15634,"GD_X":-0.00923888012766838,"GD_Y":0.007405876647680998,"GD_Z":0.01779116503894329,"AD_X":-9.663403034210205E-4,"AD_Y":0.005198845639824867,"AD_Z":-0.327239990234375,"TempDsp":0,"Status":0,"CalibState":1,"SigAmpInvalid":0}},-1979710460
05-22 07:16:17.429   544   544 D commservice260303: send2Cluster len:321, 7B22636F6D6D616E64223A7B226964223A22696D755F737461747573222C22737562223A22227D2C22636F6E74656E74223A7B2254696D655374616D70223A313737393430353337373432372C224672616D65436F756E746572223A31353633342C2247445F58223A2D302E30303932333838383031323736363833382C2247445F59223A302E3030373430353837363634373638303939382C2247445F5A223A302E30313737393131363530333839343332392C2241445F58223A2D392E363633343033303334323130323035452D342C2241445F59223A302E3030353139383834353633393832343836372C2241445F5A223A2D302E3332373233393939303233343337352C2254656D70447370223A302C22537461747573223A302C2243616C69625374617465223A312C22536967416D70496E76616C6964223A307D7D, 138 
05-22 07:16:17.430   544   544 D commservice260303: Push Message into SendPool fn=1631453184
05-22 07:16:17.430   544   544 D commservice260303: ComProtocolLibSend2Cluster::send2ClusterRaw fn=1631453184 , len=337
05-22 07:16:17.430   544   544 D commservice260303: sendCmdToPort :337!!!
05-22 07:16:17.430 13291 13291 I ADAYO_LOG_TRACE_KERNEL: executing
05-22 07:16:17.430   544   544 D commservice260303: send Cmd To Port ++++5AA5014D8A0100003E616A0F92417B22636F6D6D616E64223A7B226964223A22696D755F737461747573222C22737562223A22227D2C22636F6E74656E74223A7B2254696D655374616D70223A313737393430353337373432372C224672616D65436F756E746572223A31353633342C2247445F58223A2D302E30303932333838383031323736363833382C2247445F59223A302E3030373430353837363634373638303939382C2247445F5A223A302E30313737393131363530333839343332392C2241445F58223A2D392E363633343033303334323130323035452D342C2241445F59223A302E3030353139383834353633393832343836372C2241445F5A223A2D302E3332373233393939303233343337352C2254656D70447370223A302C22537461747573223A302C2243616C69625374617465223A312C22536967416D70496E76616C6964223A307D7D4F59
05-22 07:16:17.430   544   544 D commservice260303: bufferevent_write retrun value = 0
05-22 07:16:17.430  2981  3178 D Sentinelmode_1.2.5.13_alpha: <SentryImuClusterFgeSender>imu_status sent to Linux, frame=15634, tsNs=662385, tsMs=1779405377427, intervalMs=42, ad=(-9.663403E-4,0.0051988456,-0.32724), gd=(-0.00923888,0.0074058766,0.017791165)
05-22 07:16:17.430  1658  2866 W AIN-HttpHealthPolicy: call() called error, host=v.qq.com, err_msg=Unable to resolve host "v.qq.com": No address associated with hostname
05-22 07:16:17.431  1658  2865 D AIN-PingWorker: updateHost: result=true,host=v.qq.com,delay=-1
05-22 07:16:17.431  1658  2865 D AIN-NetCheckerOutputer: onWeak
05-22 07:16:17.431  1658  2865 D AIN-ServiceHub: getService with: name = service_tracker
05-22 07:16:17.435   544   567 D commservice260303: client datas send succeed,send finish
05-22 06:34:51.172   573   573 D spi_rst_gpio_get_output: GPIO 145 value: 0
05-22 06:34:51.172   573   573 D spidev_ioctl: gpio status=0)
05-22 07:16:17.440   964  1804 D [OMXB]  : usingANWBuffer: handle:0xebd42060, format:1, w:1920, h:1080
05-22 07:16:17.444   573   573 I SpiService: fgesysctrl_getGPIO_status success val=1
05-22 06:34:51.187   573   573 D spi_rst_gpio_get_output: GPIO 145 value: 1
05-22 06:34:51.188   573   573 D spidev_ioctl: gpio status=1)
05-22 07:16:17.447  2981  3177 I SentryImuMcuAngleSender: 179.89305rollDeg
05-22 07:16:17.447  2981  3177 I SentryImuMcuAngleSender: 1,0,0
05-22 07:16:17.450   573   573 I SpiService: fgesysctrl_getGPIO_status success val=1
05-22 07:16:17.452   544   567 D commservice260303: recv len:75, 5AA500470600000003D06A0F92417B22636F6D6D616E64223A7B226964223A226473695F6C7578222C22737562223A22227D2C22636F6E74656E74223A7B2276616C7565223A307D7D1431 from server
05-22 07:16:17.452   544  3079 D commservice260303: mcuDataAnalyzeHandle templen:75,len:75,pos:0, 5AA500470600000003D06A0F92417B22636F6D6D616E64223A7B226964223A226473695F6C7578222C22737562223A22227D2C22636F6E74656E74223A7B2276616C7565223A307D7D1431 
05-22 07:16:17.452   544  3079 I commservice260303: checksumCal = 5169
05-22 07:16:17.452   544  3079 D commservice260303: CommProtocolLibCmdBaseC2I::dataproc {"command":{"id":"dsi_lux","sub":""},"content":{"value":0}},6
05-22 07:16:17.452   544  3079 D commservice260303: mcuCommMessageManager::notifyMsgToClient hwbinder OK
05-22 07:16:17.452   544  3079 D commservice260303: mcuCommMessageManager::notifyMsgToClient hwbinder OK
05-22 07:16:17.452   544  3079 D commservice260303: McuProtocolLibSend2Service::send2Service ret=1
05-22 07:16:17.452  2109  2467 D ivicomm_CommManager: fgeComServiceCallback: {"command":{"id":"dsi_lux","sub":""},"content":{"value":0}}
05-22 07:16:17.453  2109  2467 D ivicomm_CallbackManager: registerCallback DSI_LUX: {"value":0} mCommStateCallbackMap size:5
05-22 06:34:51.193   573   573 D spi_rst_gpio_get_output: GPIO 145 value: 1
05-22 06:34:51.193   573   573 D spidev_ioctl: gpio status=1)
05-22 07:16:17.454  1774  1809 D NSLogUtils_VehicleService: L2A comm state: id=dsi_lux, value=0
05-22 07:16:17.454  1517  1542 D sysUI_SystemSettingsControllerService: [binder:1517_2] - onCommState: commandID = dsi_lux; value = 0
05-22 07:16:17.455   573   573 I SpiService: fgesysctrl_getGPIO_status success val=1
05-22 07:16:17.456  1026  1026 D MyAppLog: [2026-05-22 07:16:17.455 D tboxap tsp_WorkMachineProc:1086] [Tsp] [tsp_WorkMachineProc]TSP_WORK_LOGIN NOW !!!!
05-22 07:16:17.457   565   565 I Sensors : 230 GyroSensor: x:-0.009926,y:0.007712,z:0.017944
05-22 06:34:51.199   573   573 D spi_rst_gpio_get_output: GPIO 145 value: 1
05-22 06:34:51.199   573   573 D spidev_ioctl: gpio status=1)
05-22 07:16:17.458   291  1491 D EvsDriver: forwardFrame
05-22 07:16:17.459   622  1147 D AudioFlinger: mixer(0xb40000796e637980) throttle end: throttle time(9)
05-22 07:16:17.459   291  1491 D EvsDriver: Delivered 0xb400007b2f47ca30 as id 0
05-22 07:16:17.460  1137  1150 D evsmanagerd: /dev/video4 forwarded the buffer #0 to 0xb4000071fa019690 from 0xb4000071fa01b7d0
05-22 07:16:17.461 13295 13295 I ADAYO_LOG_TRACE_KERNEL: collect_root_path:/mnt/log_data
05-22 07:16:17.461   573   573 I SpiService: fgesysctrl_getGPIO_status success val=1
05-22 06:34:51.205   573   573 D spi_rst_gpio_get_output: GPIO 145 value: 1
05-22 06:34:51.205   573   573 D spidev_ioctl: gpio status=1)
05-22 07:16:17.462   291  1135 D EvsDriver: doneWithFrame
05-22 07:16:17.464  2981  3170 D SVR_MNG_SvrMngProxy: getServer: mSvrManger is null
05-22 07:16:17.465  2981  3170 D SVR_MNG_SvrMngProxy: getNewStub: 
05-22 07:16:17.465  2981  3170 D SVR_MNG_SvrMngProxy: getNewStub: getSvrManagerService start
05-22 07:16:17.465  2981  3170 D SVR_MNG_SvrMngProxy: getNewStub: getSvrManagerService end
05-22 07:16:17.465  2981  3170 D SVR_MNG_SvrMngProxy: getServer: svrMngService doesn't start
05-22 07:16:17.467   573   573 I SpiService: fgesysctrl_getGPIO_status success val=1
05-22 07:16:17.468  2981  3177 I SentryImuMcuAngleSender: 179.89651rollDeg
05-22 07:16:17.468  2981  3177 I SentryImuMcuAngleSender: 1,0,0
05-22 07:16:17.468   544   544 D commservice260303: msg.id = 1028,0
05-22 07:16:17.468   544   544 D commservice260303: i = 170, msgid = 8A000404
05-22 07:16:17.469   544   544 D commservice260303: msgid = -1979710460,did=138
05-22 07:16:17.469   544   544 D commservice260303: CommProtocolLibCmdBaseI2C::dataproc {"command":{"id":"imu_status","sub":""},"content":{"TimeStamp":1779405377468,"FrameCounter":15635,"GD_X":-0.009925996884703636,"GD_Y":0.007712244056165218,"GD_Z":0.017944088205695152,"AD_X":-0.0015801340341567993,"AD_Y":0.004580910317599773,"AD_Z":-0.3260211944580078,"TempDsp":0,"Status":0,"CalibState":1,"SigAmpInvalid":0}},-1979710460
05-22 07:16:17.469   544   544 D commservice260303: send2Cluster len:325, 7B22636F6D6D616E64223A7B226964223A22696D755F737461747573222C22737562223A22227D2C22636F6E74656E74223A7B2254696D655374616D70223A313737393430353337373436382C224672616D65436F756E746572223A31353633352C2247445F58223A2D302E3030393932353939363838343730333633362C2247445F59223A302E3030373731323234343035363136353231382C2247445F5A223A302E3031373934343038383230353639353135322C2241445F58223A2D302E303031353830313334303334313536373939332C2241445F59223A302E3030343538303931303331373539393737332C2241445F5A223A2D302E333236303231313934343538303037382C2254656D70447370223A302C22537461747573223A302C2243616C69625374617465223A312C22536967416D70496E76616C6964223A307D7D, 138 
05-22 07:16:17.469   544   544 D commservice260303: Push Message into SendPool fn=1648230400
05-22 07:16:17.469   544   544 D commservice260303: ComProtocolLibSend2Cluster::send2ClusterRaw fn=1648230400 , len=341
05-22 07:16:17.469   544   544 D commservice260303: sendCmdToPort :341!!!
05-22 07:16:17.469   544   544 D commservice260303: send Cmd To Port ++++5AA501518A0100003E626A0F92417B22636F6D6D616E64223A7B226964223A22696D755F737461747573222C22737562223A22227D2C22636F6E74656E74223A7B2254696D655374616D70223A313737393430353337373436382C224672616D65436F756E746572223A31353633352C2247445F58223A2D302E3030393932353939363838343730333633362C2247445F59223A302E3030373731323234343035363136353231382C2247445F5A223A302E3031373934343038383230353639353135322C2241445F58223A2D302E303031353830313334303334313536373939332C2241445F59223A302E3030343538303931303331373539393737332C2241445F5A223A2D302E333236303231313934343538303037382C2254656D70447370223A302C22537461747573223A302C2243616C69625374617465223A312C22536967416D70496E76616C6964223A307D7DF4EC
05-22 07:16:17.469   544   544 D commservice260303: bufferevent_write retrun value = 0
05-22 07:16:17.469   544   567 D commservice260303: client datas send succeed,send finish
05-22 07:16:17.469  2981  3178 D Sentinelmode_1.2.5.13_alpha: <SentryImuClusterFgeSender>imu_status sent to Linux, frame=15635, tsNs=662439, tsMs=1779405377468, intervalMs=39, ad=(-0.001580134,0.0045809103,-0.3260212), gd=(-0.009925997,0.007712244,0.017944088)
05-22 06:34:51.210   573   573 D spi_rst_gpio_get_output: GPIO 145 value: 1
05-22 06:34:51.210   573   573 D spidev_ioctl: gpio status=1)
05-22 07:16:17.473   573   573 I SpiService: fgesysctrl_getGPIO_status success val=0
05-22 06:34:51.216   573   573 D spi_rst_gpio_get_output: GPIO 145 value: 0
05-22 06:34:51.216   573   573 D spidev_ioctl: gpio status=0)
05-22 06:34:51.231   573   573 D spi_rst_gpio_get_output: GPIO 145 value: 1
05-22 06:34:51.231   573   573 D spidev_ioctl: gpio status=1)
05-22 07:16:17.484   291  1491 D EvsDriver: forwardFrame
05-22 07:16:17.485   291  1491 D EvsDriver: Delivered 0xb400007b2f47ca30 as id 0
05-22 07:16:17.485  1137  1150 D evsmanagerd: /dev/video4 forwarded the buffer #0 to 0xb4000071fa019690 from 0xb4000071fa01b7d0
05-22 07:16:17.487   573   573 I SpiService: fgesysctrl_getGPIO_status success val=1
05-22 07:16:17.489  2981  3177 I SentryImuMcuAngleSender: 179.8896rollDeg
05-22 07:16:17.489  2981  3177 I SentryImuMcuAngleSender: 1,0,0
05-22 07:16:17.490   291  1135 D EvsDriver: doneWithFrame
05-22 07:16:17.493   573   573 I SpiService: fgesysctrl_getGPIO_status success val=1
05-22 06:34:51.236   573   573 D spi_rst_gpio_get_output: GPIO 145 value: 1
05-22 06:34:51.236   573   573 D spidev_ioctl: gpio status=1)
05-22 07:16:17.494  3901  4010 D CloudResManager: startSession
05-22 07:16:17.499   573   573 I SpiService: fgesysctrl_getGPIO_status success val=1
05-22 06:34:51.242   573   573 D spi_rst_gpio_get_output: GPIO 145 value: 1
05-22 06:34:51.242   573   573 D spidev_ioctl: gpio status=1)
05-22 07:16:17.504   573   573 I SpiService: fgesysctrl_getGPIO_status success val=1
05-22 07:16:17.504  3901 13301 E CheckUpgradeSession: onCheckChannelConfigUpgradeError = Unable to resolve host "gw.tai.qq.com": No address associated with hostname
05-22 07:16:17.504  3901  4010 D CheckUpgradeSession: start checkUpgrade count = 2
05-22 06:34:51.248   573   573 D spi_rst_gpio_get_output: GPIO 145 value: 1
05-22 06:34:51.248   573   573 D spidev_ioctl: gpio status=1)
05-22 07:16:17.506  3901 13302 E CheckUpgradeSession: onCheckFlavorResUpgradeError = Unable to resolve host "gw.tai.qq.com": No address associated with hostname
05-22 07:16:17.506  3901 13304 E CheckUpgradeSession: onCheckFlavorConfigUpgradeError = Unable to resolve host "gw.tai.qq.com": No address associated with hostname
05-22 07:16:17.506  3901 13306 E CheckUpgradeSession: onCheckFlavorResUpgradeError = Unable to resolve host "gw.tai.qq.com": No address associated with hostname
05-22 07:16:17.507  3901 13306 D CloudResManager: onUpgradeComplete success = false count = 3 mCloudResUpgradeListener = null
05-22 07:16:17.510   573   573 I SpiService: fgesysctrl_getGPIO_status success val=0
05-22 07:16:17.511   544   544 D commservice260303: msg.id = 1028,0
05-22 07:16:17.511   544   544 D commservice260303: i = 170, msgid = 8A000404
05-22 07:16:17.510  2981  3177 I SentryImuMcuAngleSender: 179.89995rollDeg
05-22 07:16:17.511   544   544 D commservice260303: msgid = -1979710460,did=138
05-22 07:16:17.512   544   544 D commservice260303: CommProtocolLibCmdBaseI2C::dataproc {"command":{"id":"imu_status","sub":""},"content":{"TimeStamp":1779405377509,"FrameCounter":15636,"GD_X":-0.009621189907193184,"GD_Y":0.00801705103367567,"GD_Z":0.017408855259418488,"AD_X":-0.004020020365715027,"AD_Y":0.003965167328715324,"AD_Z":-0.3247995376586914,"TempDsp":0,"Status":0,"CalibState":1,"SigAmpInvalid":0}},-1979710460
05-22 07:16:17.513   544   544 D commservice260303: send2Cluster len:323, 7B22636F6D6D616E64223A7B226964223A22696D755F737461747573222C22737562223A22227D2C22636F6E74656E74223A7B2254696D655374616D70223A313737393430353337373530392C224672616D65436F756E746572223A31353633362C2247445F58223A2D302E3030393632313138393930373139333138342C2247445F59223A302E30303830313730353130333336373536372C2247445F5A223A302E3031373430383835353235393431383438382C2241445F58223A2D302E3030343032303032303336353731353032372C2241445F59223A302E3030333936353136373332383731353332342C2241445F5A223A2D302E333234373939353337363538363931342C2254656D70447370223A302C22537461747573223A302C2243616C69625374617465223A312C22536967416D70496E76616C6964223A307D7D, 138 
05-22 07:16:17.513   544   544 D commservice260303: Push Message into SendPool fn=1665007616
05-22 07:16:17.513   544   544 D commservice260303: ComProtocolLibSend2Cluster::send2ClusterRaw fn=1665007616 , len=339
05-22 07:16:17.513   544   544 D commservice260303: sendCmdToPort :339!!!
05-22 06:34:51.253   573   573 D spi_rst_gpio_get_output: GPIO 145 value: 0
05-22 07:16:17.513   544   544 D commservice260303: send Cmd To Port ++++5AA5014F8A0100003E636A0F92417B22636F6D6D616E64223A7B226964223A22696D755F737461747573222C22737562223A22227D2C22636F6E74656E74223A7B2254696D655374616D70223A313737393430353337373530392C224672616D65436F756E746572223A31353633362C2247445F58223A2D302E3030393632313138393930373139333138342C2247445F59223A302E30303830313730353130333336373536372C2247445F5A223A302E3031373430383835353235393431383438382C2241445F58223A2D302E3030343032303032303336353731353032372C2241445F59223A302E3030333936353136373332383731353332342C2241445F5A223A2D302E333234373939353337363538363931342C2254656D70447370223A302C22537461747573223A302C2243616C69625374617465223A312C22536967416D70496E76616C6964223A307D7D7E3F
05-22 07:16:17.513   544   544 D commservice260303: bufferevent_write retrun value = 0
05-22 07:16:17.513   544   567 D commservice260303: client datas send succeed,send finish
05-22 07:16:17.513  2981  3177 I SentryImuMcuAngleSender: 1,0,0
05-22 07:16:17.513  2981  3178 D Sentinelmode_1.2.5.13_alpha: <SentryImuClusterFgeSender>imu_status sent to Linux, frame=15636, tsNs=662475, tsMs=1779405377509, intervalMs=44, ad=(-0.0040200204,0.0039651673,-0.32479954), gd=(-0.00962119,0.008017051,0.017408855)
05-22 06:34:51.253   573   573 D spidev_ioctl: gpio status=0)
05-22 07:16:17.523   291  1491 D EvsDriver: forwardFrame
05-22 07:16:17.523   477  1275 I dvr_service_: [EncoderHandler::runMediaThread] runMediaThread started:1,state:0, cam2:started:1,state:0, lastSwitch:1, mIsMuxerStart:0,format:0,is_str_ing:0
05-22 07:16:17.525   291  1491 D EvsDriver: Delivered 0xb400007b2f47ca30 as id 0
05-22 07:16:17.526  1137  1150 D evsmanagerd: /dev/video4 forwarded the buffer #0 to 0xb4000071fa019690 from 0xb4000071fa01b7d0
05-22 07:16:17.526  3940  4012 D CloudResManager: startSession
05-22 07:16:17.527   291  1135 D EvsDriver: doneWithFrame
05-22 07:16:17.529   573   573 I SpiService: fgesysctrl_getGPIO_status success val=1
05-22 07:16:17.529   276   300 I rvcservice: t.code = 3, t.value = 0
05-22 06:34:51.272   573   573 D spi_rst_gpio_get_output: GPIO 145 value: 1
05-22 06:34:51.272   573   573 D spidev_ioctl: gpio status=1)
05-22 06:34:51.278   573   573 D spi_rst_gpio_get_output: GPIO 145 value: 1
05-22 06:34:51.278   573   573 D spidev_ioctl: gpio status=1)
05-22 07:16:17.533   964  1804 D [OMXB]  : usingANWBuffer: handle:0xebd41400, format:1, w:1920, h:1080
