05-22 07:16:21.530   544   544 D commservice260303: send2Cluster len:323, 7B22636F6D6D616E64223A7B226964223A22696D755F737461747573222C22737562223A22227D2C22636F6E74656E74223A7B2254696D655374616D70223A313737393430353338313532392C224672616D65436F756E746572223A31353733352C2247445F58223A2D302E3030393031303031353035353533373232342C2247445F59223A302E3030373633343734323138353437333434322C2247445F5A223A302E3031373438353833383338333433363230332C2241445F58223A2D302E3030333530363538353935353631393831322C2241445F59223A372E343939303039333730383033383333452D342C2241445F5A223A2D302E3332373835303334313739363837352C2254656D70447370223A302C22537461747573223A302C2243616C69625374617465223A312C22536967416D70496E76616C6964223A307D7D, 138 
05-22 07:16:21.530   544   544 D commservice260303: Push Message into SendPool fn=-935460864
05-22 07:16:21.530 11323 11374 D AvrcpControllerService: onPlayStatusChanged 1
05-22 07:16:21.530   544   544 D commservice260303: ComProtocolLibSend2Cluster::send2ClusterRaw fn=-935460864 , len=339
05-22 07:16:21.530   544   544 D commservice260303: sendCmdToPort :339!!!
05-22 07:16:21.530 11323 13102 D AvrcpControllerStateMachine: Avrcp.ConnectedAvrcpController processMessage 206
05-22 07:16:21.530 11323 13102 D AvrcpPlayer: getPlayBackState state 3 time 52838
05-22 07:16:21.530 11323 11374 D ANWAPI  : (11323|0xD12C8CB0)[BTAPI] btsdk_exec_apicb end
05-22 07:16:21.530 11323 13102 D BluetoothMediaBrowserService: notifyChanged PlaybackStatePlaybackState {state=3, position=52838, buffered position=0, speed=1.0, updated=666512, actions=2375735, error code=0, error message=null, custom actions=[], active item id=6}
05-22 07:16:21.530   573   573 I SpiService: fgesysctrl_getGPIO_status success val=1
05-22 07:16:21.530   544   544 D commservice260303: send Cmd To Port ++++5AA5014F8A0100003EC86A0F92457B22636F6D6D616E64223A7B226964223A22696D755F737461747573222C22737562223A22227D2C22636F6E74656E74223A7B2254696D655374616D70223A313737393430353338313532392C224672616D65436F756E746572223A31353733352C2247445F58223A2D302E3030393031303031353035353533373232342C2247445F59223A302E3030373633343734323138353437333434322C2247445F5A223A302E3031373438353833383338333433363230332C2241445F58223A2D302E3030333530363538353935353631393831322C2241445F59223A372E343939303039333730383033383333452D342C2241445F5A223A2D302E3332373835303334313739363837352C2254656D70447370223A302C22537461747573223A302C2243616C69625374617465223A312C22536967416D70496E76616C6964223A307D7D30FA
05-22 07:16:21.530   544   544 D commservice260303: bufferevent_write retrun value = 0
05-22 07:16:21.531 11323 13102 D AvrcpControllerStateMachine: Avrcp.GetFolderList processMessage 207
05-22 07:16:21.531 11323 13102 D AvrcpControllerStateMachine: Avrcp.ConnectedAvrcpController processMessage 207
05-22 07:16:21.531   544   567 D commservice260303: client datas send succeed,send finish
05-22 07:16:21.531 11323 13102 D AvrcpPlayer: getPlayBackState state 3 time 52839
05-22 07:16:21.531 11323 13102 D BluetoothMediaBrowserService: notifyChanged PlaybackStatePlaybackState {state=3, position=52839, buffered position=0, speed=1.0, updated=666513, actions=2375735, error code=0, error message=null, custom actions=[], active item id=6}
05-22 07:16:21.531  2981  3178 D Sentinelmode_1.2.5.13_alpha: <SentryImuClusterFgeSender>imu_status sent to Linux, frame=15735, tsNs=666494, tsMs=1779405381529, intervalMs=41, ad=(-0.003506586,7.4990094E-4,-0.32785034), gd=(-0.009010015,0.007634742,0.017485838)
05-22 07:16:21.531 11323 13102 D AvrcpControllerStateMachine: Avrcp.ConnectedAvrcpController shouldRequestFocus() true
05-22 06:34:55.274   573   573 D spi_rst_gpio_get_output: GPIO 145 value: 1
05-22 06:34:55.274   573   573 D spidev_ioctl: gpio status=1)
05-22 07:16:21.536   573   573 I SpiService: fgesysctrl_getGPIO_status success val=1
05-22 06:34:55.279   573   573 D spi_rst_gpio_get_output: GPIO 145 value: 1
05-22 06:34:55.279   573   573 D spidev_ioctl: gpio status=1)
05-22 07:16:21.541   573   573 I SpiService: fgesysctrl_getGPIO_status success val=1
05-22 06:34:55.285   573   573 D spi_rst_gpio_get_output: GPIO 145 value: 1
05-22 06:34:55.285   573   573 D spidev_ioctl: gpio status=1)
05-22 07:16:21.544   276   300 I rvcservice: t.code = 3, t.value = 0
05-22 07:16:21.545  2981  3177 I SentryImuMcuAngleSender: 179.91034rollDeg
05-22 07:16:21.545  2981  3177 I SentryImuMcuAngleSender: 1,0,0
05-22 06:34:55.291   573   573 D spi_rst_gpio_get_output: GPIO 145 value: 0
05-22 06:34:55.291   573   573 D spidev_ioctl: gpio status=0)
05-22 07:16:21.548   573   573 I SpiService: fgesysctrl_getGPIO_status success val=0
05-22 07:16:21.552  3735  3735 D NSLogUtils_MainActivity: progress->52818
05-22 07:16:21.554   291  1491 D EvsDriver: forwardFrame
05-22 07:16:21.556   291  1491 D EvsDriver: Delivered 0xb400007b2f47ca30 as id 0
05-22 07:16:21.556  1137  1150 D evsmanagerd: /dev/video4 forwarded the buffer #0 to 0xb4000071fa019690 from 0xb4000071fa01b7d0
05-22 07:16:21.559   291  1135 D EvsDriver: doneWithFrame
05-22 07:16:21.565   573   573 I SpiService: fgesysctrl_getGPIO_status success val=1
05-22 07:16:21.565  2981  3177 I SentryImuMcuAngleSender: 179.90344rollDeg
05-22 07:16:21.565  2981  3177 I SentryImuMcuAngleSender: 1,0,0
05-22 07:16:21.566   565   599 I Sensors : 230 AccelSensor: x:-0.107360,y:0.017080,z:-10.132710
05-22 06:34:55.308   573   573 D spi_rst_gpio_get_output: GPIO 145 value: 1
05-22 06:34:55.308   573   573 D spidev_ioctl: gpio status=1)
05-22 07:16:21.570   573   573 I SpiService: fgesysctrl_getGPIO_status success val=1
05-22 07:16:21.570   544   544 D commservice260303: msg.id = 1028,0
05-22 07:16:21.570   544   544 D commservice260303: i = 170, msgid = 8A000404
05-22 07:16:21.570   544   544 D commservice260303: msgid = -1979710460,did=138
05-22 07:16:21.570   544   544 D commservice260303: CommProtocolLibCmdBaseI2C::dataproc {"command":{"id":"imu_status","sub":""},"content":{"TimeStamp":1779405381570,"FrameCounter":15736,"GD_X":-0.008398840203881264,"GD_Y":0.007712244056165218,"GD_Z":0.017485838383436203,"AD_X":-0.002288036048412323,"AD_Y":0.0031865648925304413,"AD_Z":-0.326629638671875,"TempDsp":0,"Status":0,"CalibState":1,"SigAmpInvalid":0}},-1979710460
05-22 07:16:21.571   544   544 D commservice260303: send2Cluster len:324, 7B22636F6D6D616E64223A7B226964223A22696D755F737461747573222C22737562223A22227D2C22636F6E74656E74223A7B2254696D655374616D70223A313737393430353338313537302C224672616D65436F756E746572223A31353733362C2247445F58223A2D302E3030383339383834303230333838313236342C2247445F59223A302E3030373731323234343035363136353231382C2247445F5A223A302E3031373438353833383338333433363230332C2241445F58223A2D302E3030323238383033363034383431323332332C2241445F59223A302E303033313836353634383932353330343431332C2241445F5A223A2D302E3332363632393633383637313837352C2254656D70447370223A302C22537461747573223A302C2243616C69625374617465223A312C22536967416D70496E76616C6964223A307D7D, 138 
05-22 07:16:21.571   544   544 D commservice260303: Push Message into SendPool fn=-918683648
05-22 07:16:21.571   544   544 D commservice260303: ComProtocolLibSend2Cluster::send2ClusterRaw fn=-918683648 , len=340
05-22 07:16:21.571   544   544 D commservice260303: sendCmdToPort :340!!!
05-22 07:16:21.571   544   544 D commservice260303: send Cmd To Port ++++5AA501508A0100003EC96A0F92457B22636F6D6D616E64223A7B226964223A22696D755F737461747573222C22737562223A22227D2C22636F6E74656E74223A7B2254696D655374616D70223A313737393430353338313537302C224672616D65436F756E746572223A31353733362C2247445F58223A2D302E3030383339383834303230333838313236342C2247445F59223A302E3030373731323234343035363136353231382C2247445F5A223A302E3031373438353833383338333433363230332C2241445F58223A2D302E3030323238383033363034383431323332332C2241445F59223A302E303033313836353634383932353330343431332C2241445F5A223A2D302E3332363632393633383637313837352C2254656D70447370223A302C22537461747573223A302C2243616C69625374617465223A312C22536967416D70496E76616C6964223A307D7DABC3
05-22 07:16:21.571   544   544 D commservice260303: bufferevent_write retrun value = 0
05-22 07:16:21.571   544   567 D commservice260303: client datas send succeed,send finish
05-22 07:16:21.571  2981  3178 D Sentinelmode_1.2.5.13_alpha: <SentryImuClusterFgeSender>imu_status sent to Linux, frame=15736, tsNs=666548, tsMs=1779405381570, intervalMs=40, ad=(-0.002288036,0.003186565,-0.32662964), gd=(-0.00839884,0.007712244,0.017485838)
05-22 06:34:55.314   573   573 D spi_rst_gpio_get_output: GPIO 145 value: 1
05-22 06:34:55.314   573   573 D spidev_ioctl: gpio status=1)
05-22 07:16:21.575   964  1804 D [OMXB]  : usingANWBuffer: handle:0xebd40590, format:1, w:1920, h:1080
05-22 07:16:21.575   573   573 I SpiService: fgesysctrl_getGPIO_status success val=1
05-22 06:34:55.319   573   573 D spi_rst_gpio_get_output: GPIO 145 value: 1
05-22 06:34:55.319   573   573 D spidev_ioctl: gpio status=1)
05-22 07:16:21.581   573   573 I SpiService: fgesysctrl_getGPIO_status success val=1
05-22 07:16:21.581   291  1491 D EvsDriver: forwardFrame
05-22 06:34:55.324   573   573 D spi_rst_gpio_get_output: GPIO 145 value: 1
05-22 06:34:55.324   573   573 D spidev_ioctl: gpio status=1)
05-22 07:16:21.583   291  1491 D EvsDriver: Delivered 0xb400007b2f47ca30 as id 0
05-22 07:16:21.583  1137  1150 D evsmanagerd: /dev/video4 forwarded the buffer #0 to 0xb4000071fa019690 from 0xb4000071fa01b7d0
05-22 07:16:21.585   291  1135 D EvsDriver: doneWithFrame
05-22 07:16:21.586  2981  3177 I SentryImuMcuAngleSender: 179.90343rollDeg
05-22 07:16:21.586  2981  3177 I SentryImuMcuAngleSender: 1,0,0
05-22 07:16:21.587   573   573 I SpiService: fgesysctrl_getGPIO_status success val=0
05-22 06:34:55.330   573   573 D spi_rst_gpio_get_output: GPIO 145 value: 0
05-22 06:34:55.330   573   573 D spidev_ioctl: gpio status=0)
05-22 07:16:21.597  3735  3735 I NSLogUtils_BtMusicModel: onPlaybackStateChanged state: PlaybackState {state=3, position=52838, buffered position=0, speed=1.0, updated=666512, actions=2375735, custom actions=[], active item id=6, error=null} mIsBCallInCall=false
05-22 07:16:21.598  3735  3735 I NSLogUtils_BtMusicModel: musicChange metaData: android.media.MediaMetadata@239bcaf
05-22 07:16:21.598  3735  3735 I NSLogUtils_BtMusicModel: musicChange title: 狂沙漫卷 无畏无惧 历经磨铁血丹心,artist: 凌绝顶-梓渝,duration: 210966,album: 凌绝顶,albumArtUri: null
05-22 07:16:21.599   486   580 I mcuc    : rev,n=1,6AA6810D0C000A8900CE010409101234564B
05-22 07:16:21.599  1091  1116 I tboxmids_ap: [2026-05-22 07:16:21.599] [MCU RX] src=MCU dst=ZMQ len=10 type=BINARY data=00 08 CE 01 04 09 10 12 34 56 
05-22 07:16:21.599   344   361 D automotive.vehicle@2.0-adayo-datacomm-mcu: MCUDatacomm sendMessageFromVehicle prop: 0x89, areaId: 0x0, status: 0xce, timestamp: 0x1
05-22 07:16:21.599   344   361 D automotive.vehicle@2.0-adayo-datacomm-mcu: MCUDatacomm 1sendMessageFromVehicle ---> type = 12 
05-22 07:16:21.600  3735  3735 D NSLogUtils_MediaForegroundService: updateNotification isPlaying=true title=狂沙漫卷 无畏无惧 历经磨铁血丹心 text=凌绝顶-梓渝
05-22 07:16:21.600  1026  1026 I MyAppLog: [2026-05-22 07:16:21.600 I tboxap mcuCommTboxmidsRecvCb:96] [Mcu] [mcuCommTboxmidsRecvCb] recv from tboxmids, size:10
05-22 07:16:21.600  1026  1026 I MyAppLog: [2026-05-22 07:16:21.600 I tboxap mcuCommTboxmidsRecvCb:97] [Mcu] [tboxmids -> tboxap]: :00 08 CE 01 04 09 10 12 34 56
05-22 07:16:21.600  1026  1026 I MyAppLog: [2026-05-22 07:16:21.600 I tboxap mcuPtlParseData:969] [Mcu] [Mcu  Parse]: (cmd):0910 (param):0910123456
05-22 07:16:21.601  1026  1026 D MyAppLog: [2026-05-22 07:16:21.600 D tboxap mcuCommCbHandel:1009] [Mcu] [Mcu  Rev]: (cmd):0910 (param value):123456
05-22 07:16:21.601  1026  1026 W MyAppLog: [2026-05-22 07:16:21.600 W tboxap mcuParamDataRevPack:897] [Mcu] mcuParamDataRevPack start pack data!!!
05-22 07:16:21.601  1026  1026 I MyAppLog: [2026-05-22 07:16:21.600 I tboxap MCU_BATT_STATIC_DATA_IND_McuInd:494] [Mcu] [MCU_BATT_STATIC_DATA_IND_McuInd] staticData type:0x12 len:5
05-22 07:16:21.601  1026  1026 D MyAppLog: [2026-05-22 07:16:21.600 D tboxap mucCommadCbEvent:1271] [Mcu] [mucCommadCbEvent] no business handler for cmd:0910
05-22 07:16:21.601   573   573 I SpiService: fgesysctrl_getGPIO_status success val=1
05-22 07:16:21.602   565   565 I Sensors : 230 GyroSensor: x:-0.008781,y:0.007559,z:0.017944
05-22 07:16:21.602 11323 11323 D MediaPlayerList: sendMediaUpdate
05-22 07:16:21.602 11323 11323 I MediaPlayerList: sendMediaUpdate: Creating a one item queue for a player with no queue
05-22 07:16:21.602 11323 11323 D MediaPlayerList: sendMediaUpdate state=PlaybackState {state=3, position=52841, buffered position=0, speed=1.0, updated=666584, actions=566, custom actions=[], active item id=-1, error=null}
05-22 07:16:21.602 11323 11323 D AvrcpTargetService: onMediaUpdated: track_changed=false state=true queue=false
05-22 07:16:21.602 11323 11323 D AvrcpNativeInterface: sendMediaUpdate: metadata=false playStatus=true queue=false
05-22 07:16:21.602 11323 11323 D AvrcpTargetJni: sendMediaUpdateNative
05-22 07:16:21.602 11323 11323 I droid.bluetooth: run avrcp SendMediaUpdate, AnW
05-22 06:34:55.344   573   573 D spi_rst_gpio_get_output: GPIO 145 value: 1
05-22 07:16:21.602 11323 11323 D ANWAPI  : (11323|0x2B6584F8)[BTAPI] Handle_Hal_Callback, callback_type(9)
05-22 07:16:21.603 11323 11374 I droid.bluetooth: run doGetPlaystatus, AnW
05-22 06:34:55.344   573   573 D spidev_ioctl: gpio status=1)
05-22 07:16:21.603 11323 11374 D AvrcpTargetJni: getCurrentPlayStatus
05-22 07:16:21.603 11323 11374 D AvrcpNativeInterface: getPlayStatus
05-22 07:16:21.603 11323 11374 D ANWAPI  : (11323|0xD12C8CB0)[BTAPI] BT Addres is NULL , checking which array is connected
05-22 07:16:21.603 11323 11374 D ANWAPI  : 
05-22 07:16:21.603 11323 11374 D ANWAPI  : (11323|0xD12C8CB0)[BTAPI] SPPMIN(0)SPPMAX(0)
05-22 07:16:21.603 11323 11374 D ANWAPI  : 
05-22 07:16:21.603 11323 11374 D ANWAPI  : (11323|0xD12C8CB0)[BTAPI] In Three Step Get Device ID(0)
05-22 07:16:21.603 11323 11374 D ANWAPI  : 
05-22 07:16:21.603 11323 11374 D ANWAPI  : (11323|0xD12C8CB0)[BTAPI] run Get_ID_By_AVRCPTarget_SpecialState(4)
05-22 07:16:21.603 11323 11374 D ANWAPI  : 
05-22 07:16:21.604   737   737 D NotificationService: EnqueueNotificationRunnable.run for: 0|com.neusoft.btmusic|8001|null|1000
05-22 07:16:21.604  3735  3735 D NSLogUtils_BluetoothPlayerService: mPlaybackStateObserver isConnected: true
05-22 07:16:21.605  3735  3735 D NSLogUtils_BluetoothPlayerService: played trigger application focus
05-22 07:16:21.605   737   737 I notification_enqueue: [1000,3735,com.neusoft.btmusic,8001,NULL,0,Notification(channel=media_playback_channel shortcut=null contentView=null vibrate=null sound=null defaults=0x0 flags=0x4a color=0x00000000 category=transport groupKey=silent actions=3 vis=PUBLIC),1]
05-22 07:16:21.605  3735  3735 D NSLogUtils_SourceChangeManager: getCurrentSourceWithoutDefaultValue source: MUSIC_SOURCE_BT
05-22 07:16:21.605  3735  3735 D NSLogUtils_SourceChangeManager: setCurrentSource new source: MUSIC_SOURCE_BT ,currentSource: MUSIC_SOURCE_BT
05-22 07:16:21.605  3735  3735 E NSLogUtils_SourceChangeManager: setCurrentSource error, because currentSource is the same as source
05-22 07:16:21.605  3735  3735 D NSLogUtils_MainActivity: progress->52913
05-22 07:16:21.605  3735  3735 I NSLogUtils_BtMusicModel: onPlaybackStateChanged state: PlaybackState {state=3, position=52839, buffered position=0, speed=1.0, updated=666513, actions=2375735, custom actions=[], active item id=6, error=null} mIsBCallInCall=false
05-22 07:16:21.606  3735  3735 I NSLogUtils_BtMusicModel: musicChange metaData: android.media.MediaMetadata@239bcaf
05-22 07:16:21.606  3735  3735 I NSLogUtils_BtMusicModel: musicChange title: 狂沙漫卷 无畏无惧 历经磨铁血丹心,artist: 凌绝顶-梓渝,duration: 210966,album: 凌绝顶,albumArtUri: null
05-22 07:16:21.606  2981  3177 I SentryImuMcuAngleSender: 179.90341rollDeg
05-22 07:16:21.606  2981  3177 I SentryImuMcuAngleSender: 1,0,0
05-22 07:16:21.606  1812  1812 I ExtAssistant: ENQUEUED 0|com.neusoft.btmusic|8001|null|1000 on media_playback_channel
05-22 07:16:21.606  3735  3735 D NSLogUtils_MediaForegroundService: updateNotification isPlaying=true title=狂沙漫卷 无畏无惧 历经磨铁血丹心 text=凌绝顶-梓渝
05-22 07:16:21.606   573   573 I SpiService: fgesysctrl_getGPIO_status success val=1
05-22 07:16:21.607  1812  2664 D ExtAssistant: Creating Adjustment for 0|com.neusoft.btmusic|8001|null|1000, with 0 actions, and 0 replies.
05-22 07:16:21.607 11323 11323 W AudioMediaPlayerWrapper: onPlaybackStateChanged(): com.neusoft.btmusic tried to update with no new data
05-22 07:16:21.609   737   737 D NotificationService: EnqueueNotificationRunnable.run for: 0|com.neusoft.btmusic|8001|null|1000
05-22 07:16:21.609  3735  3735 D NSLogUtils_BluetoothPlayerService: mPlaybackStateObserver isConnected: true
05-22 07:16:21.609  3735  3735 D NSLogUtils_BluetoothPlayerService: played trigger application focus
05-22 07:16:21.609   737   737 I notification_enqueue: [1000,3735,com.neusoft.btmusic,8001,NULL,0,Notification(channel=media_playback_channel shortcut=null contentView=null vibrate=null sound=null defaults=0x0 flags=0x4a color=0x00000000 category=transport groupKey=silent actions=3 vis=PUBLIC),1]
05-22 07:16:21.609  3735  3735 D NSLogUtils_SourceChangeManager: getCurrentSourceWithoutDefaultValue source: MUSIC_SOURCE_BT
05-22 07:16:21.609  3735  3735 D NSLogUtils_SourceChangeManager: setCurrentSource new source: MUSIC_SOURCE_BT ,currentSource: MUSIC_SOURCE_BT
05-22 06:34:55.350   573   573 D spi_rst_gpio_get_output: GPIO 145 value: 1
05-22 07:16:21.609  3735  3735 E NSLogUtils_SourceChangeManager: setCurrentSource error, because currentSource is the same as source
05-22 06:34:55.350   573   573 D spidev_ioctl: gpio status=1)
05-22 07:16:21.609  3735  3735 D NSLogUtils_MainActivity: progress->52917
05-22 07:16:21.611   544   544 D commservice260303: msg.id = 1028,0
05-22 07:16:21.611  1812  1812 I ExtAssistant: ENQUEUED 0|com.neusoft.btmusic|8001|null|1000 on media_playback_channel
05-22 07:16:21.611   544   544 D commservice260303: i = 170, msgid = 8A000404
05-22 07:16:21.611   544   544 D commservice260303: msgid = -1979710460,did=138
05-22 07:16:21.611   544   544 D commservice260303: CommProtocolLibCmdBaseI2C::dataproc {"command":{"id":"imu_status","sub":""},"content":{"TimeStamp":1779405381610,"FrameCounter":15737,"GD_X":-0.008781149983406067,"GD_Y":0.007558800280094147,"GD_Z":0.017944088205695152,"AD_X":-0.0016796514391899109,"AD_Y":0.0031820451840758324,"AD_Z":-0.3247995376586914,"TempDsp":0,"Status":0,"CalibState":1,"SigAmpInvalid":0}},-1979710460
05-22 07:16:21.611   477   552 I dvr_service_: [FileHandler::checkExternalVideoFiles] *******checkExternalVideoDir path:0,str:0
05-22 06:34:55.355   573   573 D spi_rst_gpio_get_output: GPIO 145 value: 1
05-22 06:34:55.355   573   573 D spidev_ioctl: gpio status=1)
05-22 07:16:21.611   544   544 D commservice260303: send2Cluster len:326, 7B22636F6D6D616E64223A7B226964223A22696D755F737461747573222C22737562223A22227D2C22636F6E74656E74223A7B2254696D655374616D70223A313737393430353338313631302C224672616D65436F756E746572223A31353733372C2247445F58223A2D302E3030383738313134393938333430363036372C2247445F59223A302E3030373535383830303238303039343134372C2247445F5A223A302E3031373934343038383230353639353135322C2241445F58223A2D302E303031363739363531343339313839393130392C2241445F59223A302E303033313832303435313834303735383332342C2241445F5A223A2D302E333234373939353337363538363931342C2254656D70447370223A302C22537461747573223A302C2243616C69625374617465223A312C22536967416D70496E76616C6964223A307D7D, 138 
05-22 07:16:21.611   544   544 D commservice260303: Push Message into SendPool fn=-901906432
05-22 07:16:21.611   544   544 D commservice260303: ComProtocolLibSend2Cluster::send2ClusterRaw fn=-901906432 , len=342
05-22 07:16:21.611   544   544 D commservice260303: sendCmdToPort :342!!!
05-22 07:16:21.611   544   544 D commservice260303: send Cmd To Port ++++5AA501528A0100003ECA6A0F92457B22636F6D6D616E64223A7B226964223A22696D755F737461747573222C22737562223A22227D2C22636F6E74656E74223A7B2254696D655374616D70223A313737393430353338313631302C224672616D65436F756E746572223A31353733372C2247445F58223A2D302E3030383738313134393938333430363036372C2247445F59223A302E3030373535383830303238303039343134372C2247445F5A223A302E3031373934343038383230353639353135322C2241445F58223A2D302E303031363739363531343339313839393130392C2241445F59223A302E303033313832303435313834303735383332342C2241445F5A223A2D302E333234373939353337363538363931342C2254656D70447370223A302C22537461747573223A302C2243616C69625374617465223A312C22536967416D70496E76616C6964223A307D7D340A
05-22 07:16:21.611   544   544 D commservice260303: bufferevent_write retrun value = 0
05-22 07:16:21.611   544   567 D commservice260303: client datas send succeed,send finish
05-22 07:16:21.611  2981  3178 D Sentinelmode_1.2.5.13_alpha: <SentryImuClusterFgeSender>imu_status sent to Linux, frame=15737, tsNs=666583, tsMs=1779405381610, intervalMs=40, ad=(-0.0016796514,0.0031820452,-0.32479954), gd=(-0.00878115,0.0075588003,0.017944088)
05-22 07:16:21.612   573   573 I SpiService: fgesysctrl_getGPIO_status success val=1
05-22 07:16:21.612  1812  2664 D ExtAssistant: Creating Adjustment for 0|com.neusoft.btmusic|8001|null|1000, with 0 actions, and 0 replies.
05-22 07:16:21.616   291  1491 D EvsDriver: forwardFrame
05-22 07:16:21.617   291  1491 D EvsDriver: Delivered 0xb400007b2f47ca30 as id 0
05-22 07:16:21.617  1137  1150 D evsmanagerd: /dev/video4 forwarded the buffer #0 to 0xb4000071fa019690 from 0xb4000071fa01b7d0
05-22 07:16:21.617   573   573 I SpiService: fgesysctrl_getGPIO_status success val=1
05-22 07:16:21.617   291  1135 D EvsDriver: doneWithFrame
05-22 06:34:55.361   573   573 D spi_rst_gpio_get_output: GPIO 145 value: 1
05-22 06:34:55.361   573   573 D spidev_ioctl: gpio status=1)
05-22 07:16:21.623   573   573 I SpiService: fgesysctrl_getGPIO_status success val=1
05-22 06:34:55.366   573   573 D spi_rst_gpio_get_output: GPIO 145 value: 1
05-22 06:34:55.366   573   573 D spidev_ioctl: gpio status=1)
05-22 07:16:21.626  2981  3177 I SentryImuMcuAngleSender: 179.9103rollDeg
05-22 07:16:21.626  2981  3177 I SentryImuMcuAngleSender: 1,0,0
05-22 07:16:21.628   573   573 I SpiService: fgesysctrl_getGPIO_status success val=0
05-22 07:16:21.628   486   579 I mcuc    : send SPI:6AA6020D0C000289005A
05-22 06:34:55.371   573   573 D spi_rst_gpio_get_output: GPIO 145 value: 0
05-22 06:34:55.371   573   573 D spidev_ioctl: gpio status=0)
05-22 07:16:21.644   573   573 I SpiService: fgesysctrl_getGPIO_status success val=1
05-22 07:16:21.645   276   300 I rvcservice: t.code = 4, t.value = 0
05-22 07:16:21.644   964  1804 D [OMXB]  : usingANWBuffer: handle:0xebd40010, format:1, w:1920, h:1080
05-22 07:16:21.647  2981  3177 I SentryImuMcuAngleSender: 179.90685rollDeg
05-22 07:16:21.647  2981  3177 I SentryImuMcuAngleSender: 1,0,0
05-22 07:16:21.649   291  1491 D EvsDriver: forwardFrame
05-22 07:16:21.650   573   573 I SpiService: fgesysctrl_getGPIO_status success val=1
05-22 07:16:21.650   291  1491 D EvsDriver: Delivered 0xb400007b2f47ca30 as id 0
05-22 07:16:21.650  1137  1150 D evsmanagerd: /dev/video4 forwarded the buffer #0 to 0xb4000071fa019690 from 0xb4000071fa01b7d0
05-22 06:34:55.388   573   573 D spi_rst_gpio_get_output: GPIO 145 value: 1
05-22 06:34:55.388   573   573 D spidev_ioctl: gpio status=1)
05-22 06:34:55.393   573   573 D spi_rst_gpio_get_output: GPIO 145 value: 1
05-22 06:34:55.393   573   573 D spidev_ioctl: gpio status=1)
05-22 06:34:55.399   573   573 D spi_rst_gpio_get_output: GPIO 145 value: 1
05-22 06:34:55.399   573   573 D spidev_ioctl: gpio status=1)
05-22 07:16:21.653   291  1135 D EvsDriver: doneWithFrame
05-22 07:16:21.655   544   544 D commservice260303: msg.id = 1028,0
05-22 07:16:21.655   544   544 D commservice260303: i = 170, msgid = 8A000404
05-22 07:16:21.655   544   544 D commservice260303: msgid = -1979710460,did=138
05-22 07:16:21.655   544   544 D commservice260303: CommProtocolLibCmdBaseI2C::dataproc {"command":{"id":"imu_status","sub":""},"content":{"TimeStamp":1779405381653,"FrameCounter":15738,"GD_X":-0.008933032862842083,"GD_Y":0.006872204132378101,"GD_Z":0.018020030111074448,"AD_X":-0.00350990891456604,"AD_Y":0.0025695525109767914,"AD_Z":-0.3229703903198242,"TempDsp":0,"Status":0,"CalibState":1,"SigAmpInvalid":0}},-1979710460
05-22 07:16:21.655   544   544 D commservice260303: send2Cluster len:324, 7B22636F6D6D616E64223A7B226964223A22696D755F737461747573222C22737562223A22227D2C22636F6E74656E74223A7B2254696D655374616D70223A313737393430353338313635332C224672616D65436F756E746572223A31353733382C2247445F58223A2D302E3030383933333033323836323834323038332C2247445F59223A302E3030363837323230343133323337383130312C2247445F5A223A302E3031383032303033303131313037343434382C2241445F58223A2D302E30303335303939303839313435363630342C2241445F59223A302E303032353639353532353130393736373931342C2241445F5A223A2D302E333232393730333930333139383234322C2254656D70447370223A302C22537461747573223A302C2243616C69625374617465223A312C22536967416D70496E76616C6964223A307D7D, 138 
05-22 07:16:21.655   544   544 D commservice260303: Push Message into SendPool fn=-885129216
05-22 07:16:21.655   544   544 D commservice260303: ComProtocolLibSend2Cluster::send2ClusterRaw fn=-885129216 , len=340
05-22 07:16:21.655   544   544 D commservice260303: sendCmdToPort :340!!!
05-22 07:16:21.655   544   544 D commservice260303: send Cmd To Port ++++5AA501508A0100003ECB6A0F92457B22636F6D6D616E64223A7B226964223A22696D755F737461747573222C22737562223A22227D2C22636F6E74656E74223A7B2254696D655374616D70223A313737393430353338313635332C224672616D65436F756E746572223A31353733382C2247445F58223A2D302E3030383933333033323836323834323038332C2247445F59223A302E3030363837323230343133323337383130312C2247445F5A223A302E3031383032303033303131313037343434382C2241445F58223A2D302E30303335303939303839313435363630342C2241445F59223A302E303032353639353532353130393736373931342C2241445F5A223A2D302E333232393730333930333139383234322C2254656D70447370223A302C22537461747573223A302C2243616C69625374617465223A312C22536967416D70496E76616C6964223A307D7D34A4
05-22 07:16:21.655   544   544 D commservice260303: bufferevent_write retrun value = 0
05-22 07:16:21.655   573   573 I SpiService: fgesysctrl_getGPIO_status success val=1
05-22 07:16:21.656  2981  3178 D Sentinelmode_1.2.5.13_alpha: <SentryImuClusterFgeSender>imu_status sent to Linux, frame=15738, tsNs=666620, tsMs=1779405381653, intervalMs=44, ad=(-0.003509909,0.0025695525,-0.3229704), gd=(-0.008933033,0.006872204,0.01802003)
05-22 07:16:21.656   544   567 D commservice260303: client datas send succeed,send finish
05-22 07:16:21.661   573   573 I SpiService: fgesysctrl_getGPIO_status success val=1
05-22 06:34:55.405   573   573 D spi_rst_gpio_get_output: GPIO 145 value: 1
05-22 06:34:55.405   573   573 D spidev_ioctl: gpio status=1)
05-22 07:16:21.667   573   573 I SpiService: fgesysctrl_getGPIO_status success val=1
05-22 07:16:21.667  2981  3177 I SentryImuMcuAngleSender: 179.90341rollDeg
05-22 07:16:21.667  2981  3177 I SentryImuMcuAngleSender: 1,0,0
05-22 06:34:55.410   573   573 D spi_rst_gpio_get_output: GPIO 145 value: 1
05-22 06:34:55.410   573   573 D spidev_ioctl: gpio status=1)
05-22 07:16:21.673   573   573 I SpiService: fgesysctrl_getGPIO_status success val=0
05-22 06:34:55.416   573   573 D spi_rst_gpio_get_output: GPIO 145 value: 0
05-22 06:34:55.416   573   573 D spidev_ioctl: gpio status=0)
05-22 07:16:21.680  1026  1026 D MyAppLog: [2026-05-22 07:16:21.680 D tboxap tsp_WorkMachineProc:1086] [Tsp] [tsp_WorkMachineProc]TSP_WORK_LOGIN NOW !!!!
05-22 07:16:21.683   291  1491 D EvsDriver: forwardFrame
05-22 07:16:21.684   291  1491 D EvsDriver: Delivered 0xb400007b2f47ca30 as id 0
05-22 07:16:21.684  1137  1150 D evsmanagerd: /dev/video4 forwarded the buffer #0 to 0xb4000071fa019690 from 0xb4000071fa01b7d0
05-22 07:16:21.687   573   573 I SpiService: fgesysctrl_getGPIO_status success val=1
05-22 07:16:21.687   291  1135 D EvsDriver: doneWithFrame
05-22 07:16:21.688  2981  3177 I SentryImuMcuAngleSender: 179.90341rollDeg
05-22 07:16:21.688  2981  3177 I SentryImuMcuAngleSender: 1,0,0
05-22 06:34:55.430   573   573 D spi_rst_gpio_get_output: GPIO 145 value: 1
05-22 06:34:55.430   573   573 D spidev_ioctl: gpio status=1)
05-22 07:16:21.693   573   573 I SpiService: fgesysctrl_getGPIO_status success val=1
05-22 07:16:21.693   544   544 D commservice260303: msg.id = 1028,0
05-22 07:16:21.693   544   544 D commservice260303: i = 170, msgid = 8A000404
05-22 07:16:21.693   544   544 D commservice260303: msgid = -1979710460,did=138
05-22 07:16:21.693   544   544 D commservice260303: CommProtocolLibCmdBaseI2C::dataproc {"command":{"id":"imu_status","sub":""},"content":{"TimeStamp":1779405381691,"FrameCounter":15739,"GD_X":-0.008933032862842083,"GD_Y":0.007177011109888554,"GD_Z":0.017944088205695152,"AD_X":-0.004118978977203369,"AD_Y":0.0031764162704348564,"AD_Z":-0.3247995376586914,"TempDsp":0,"Status":0,"CalibState":1,"SigAmpInvalid":0}},-1979710460
05-22 06:34:55.436   573   573 D spi_rst_gpio_get_output: GPIO 145 value: 1
05-22 06:34:55.436   573   573 D spidev_ioctl: gpio status=1)
05-22 07:16:21.694   544   544 D commservice260303: send2Cluster len:325, 7B22636F6D6D616E64223A7B226964223A22696D755F737461747573222C22737562223A22227D2C22636F6E74656E74223A7B2254696D655374616D70223A313737393430353338313639312C224672616D65436F756E746572223A31353733392C2247445F58223A2D302E3030383933333033323836323834323038332C2247445F59223A302E3030373137373031313130393838383535342C2247445F5A223A302E3031373934343038383230353639353135322C2241445F58223A2D302E3030343131383937383937373230333336392C2241445F59223A302E303033313736343136323730343334383536342C2241445F5A223A2D302E333234373939353337363538363931342C2254656D70447370223A302C22537461747573223A302C2243616C69625374617465223A312C22536967416D70496E76616C6964223A307D7D, 138 
05-22 07:16:21.694   544   544 D commservice260303: Push Message into SendPool fn=-868352000
05-22 07:16:21.694   544   544 D commservice260303: ComProtocolLibSend2Cluster::send2ClusterRaw fn=-868352000 , len=341
05-22 07:16:21.694   544   544 D commservice260303: sendCmdToPort :341!!!
05-22 07:16:21.694   544   544 D commservice260303: send Cmd To Port ++++5AA501518A0100003ECC6A0F92457B22636F6D6D616E64223A7B226964223A22696D755F737461747573222C22737562223A22227D2C22636F6E74656E74223A7B2254696D655374616D70223A313737393430353338313639312C224672616D65436F756E746572223A31353733392C2247445F58223A2D302E3030383933333033323836323834323038332C2247445F59223A302E3030373137373031313130393838383535342C2247445F5A223A302E3031373934343038383230353639353135322C2241445F58223A2D302E3030343131383937383937373230333336392C2241445F59223A302E303033313736343136323730343334383536342C2241445F5A223A2D302E333234373939353337363538363931342C2254656D70447370223A302C22537461747573223A302C2243616C69625374617465223A312C22536967416D70496E76616C6964223A307D7D01BF
05-22 07:16:21.694   544   544 D commservice260303: bufferevent_write retrun value = 0
05-22 07:16:21.694   544   567 D commservice260303: client datas send succeed,send finish
05-22 07:16:21.694  2981  3178 D Sentinelmode_1.2.5.13_alpha: <SentryImuClusterFgeSender>imu_status sent to Linux, frame=15739, tsNs=666655, tsMs=1779405381691, intervalMs=39, ad=(-0.004118979,0.0031764163,-0.32479954), gd=(-0.008933033,0.007177011,0.017944088)
05-22 07:16:21.698   573   573 I SpiService: fgesysctrl_getGPIO_status success val=1
05-22 06:34:55.442   573   573 D spi_rst_gpio_get_output: GPIO 145 value: 1
05-22 06:34:55.442   573   573 D spidev_ioctl: gpio status=1)
05-22 07:16:21.704   573   573 I SpiService: fgesysctrl_getGPIO_status success val=1
05-22 06:34:55.447   573   573 D spi_rst_gpio_get_output: GPIO 145 value: 1
05-22 06:34:55.447   573   573 D spidev_ioctl: gpio status=1)
05-22 07:16:21.708  2981  3177 I SentryImuMcuAngleSender: 179.90338rollDeg
05-22 07:16:21.709  2981  3177 I SentryImuMcuAngleSender: 1,0,0
05-22 07:16:21.709   573   573 I SpiService: fgesysctrl_getGPIO_status success val=1
05-22 06:34:55.453   573   573 D spi_rst_gpio_get_output: GPIO 145 value: 1
05-22 06:34:55.453   573   573 D spidev_ioctl: gpio status=1)
05-22 07:16:21.715   573   573 I SpiService: fgesysctrl_getGPIO_status success val=0
05-22 07:16:21.716  1517  1517 E sysUI_NavBarFragment: [main] - SysUIConfig.icCarServiceConnected：false
05-22 06:34:55.458   573   573 D spi_rst_gpio_get_output: GPIO 145 value: 0
05-22 06:34:55.458   573   573 D spidev_ioctl: gpio status=0)
05-22 07:16:21.719   291  1491 D EvsDriver: forwardFrame
05-22 07:16:21.719   544  3080 D commservice260303: send heart beat package to Cluster
05-22 07:16:21.720   544  3080 D commservice260303: send2Cluster len:40, 7B22636F6D6D616E64223A7B226964223A22686561727462656174222C22737562223A22227D7D0A, 129 
05-22 07:16:21.720   544  3080 D commservice260303: Push Message into SendPool fn=-851574784
05-22 07:16:21.720   544  3080 D commservice260303: ComProtocolLibSend2Cluster::send2ClusterRaw fn=-851574784 , len=56
05-22 07:16:21.720   544  3080 D commservice260303: sendCmdToPort :56!!!
05-22 07:16:21.720   544  3080 D commservice260303: send Cmd To Port ++++5AA50034810100003ECD6A0F92457B22636F6D6D616E64223A7B226964223A22686561727462656174222C22737562223A22227D7D0AD752
05-22 07:16:21.720   544  3080 D commservice260303: bufferevent_write retrun value = 0
05-22 07:16:21.720   544   567 D commservice260303: client datas send succeed,send finish
05-22 07:16:21.720  1137  1150 D evsmanagerd: /dev/video4 forwarded the buffer #0 to 0xb4000071fa019690 from 0xb4000071fa01b7d0
05-22 07:16:21.721   291  1491 D EvsDriver: Delivered 0xb400007b2f47ca30 as id 0
05-22 07:16:21.721   291  1135 D EvsDriver: doneWithFrame
05-22 07:16:21.722   544   567 D commservice260303: recv len:91, 5AA500570100000003D76A0F92457B22636F6D6D616E64223A7B226964223A22686561727462656174222C22737562223A22227D2C22726573706F6E65223A7B22636F6465223A302C226D657373616765223A226F6B227D7DEBFE from server
05-22 07:16:21.722   544  3079 D commservice260303: mcuDataAnalyzeHandle templen:91,len:91,pos:0, 5AA500570100000003D76A0F92457B22636F6D6D616E64223A7B226964223A22686561727462656174222C22737562223A22227D2C22726573706F6E65223A7B22636F6465223A302C226D657373616765223A226F6B227D7DEBFE 
05-22 07:16:21.722   544  3079 I commservice260303: checksumCal = 60414
05-22 07:16:21.722   544  3079 D commservice260303: Protocol_C2I_Commservice::dataproc {"command":{"id":"heartbeat","sub":""},"respone":{"code":0,"message":"ok"}},1
05-22 07:16:21.722   544  3079 D commservice260303: Protocol_C2I_Commservice::dataproc Receive a heartbeat command from Cluster, setTcpHeartbeat = EID_UID_HEARTBEAT
05-22 07:16:21.727   964  1804 D [OMXB]  : usingANWBuffer: handle:0xebd42ab0, format:1, w:1920, h:1080
05-22 07:16:21.730  2981  3177 I SentryImuMcuAngleSender: 179.9103rollDeg
05-22 07:16:21.730   573   573 I SpiService: fgesysctrl_getGPIO_status success val=1
05-22 07:16:21.730  2981  3177 I SentryImuMcuAngleSender: 1,0,0
05-22 07:16:21.733   544   544 D commservice260303: msg.id = 1028,0
05-22 07:16:21.733   544   544 D commservice260303: i = 170, msgid = 8A000404
05-22 07:16:21.733   544   544 D commservice260303: msgid = -1979710460,did=138
05-22 07:16:21.733   544   544 D commservice260303: CommProtocolLibCmdBaseI2C::dataproc {"command":{"id":"imu_status","sub":""},"content":{"TimeStamp":1779405381732,"FrameCounter":15740,"GD_X":-0.009314822033047676,"GD_Y":0.0072539933025836945,"GD_Z":0.017867106944322586,"AD_X":-0.0010707452893257141,"AD_Y":0.0019519934430718422,"AD_Z":-0.3229703903198242,"TempDsp":0,"Status":0,"CalibState":1,"SigAmpInvalid":0}},-1979710460
05-22 07:16:21.733   544   544 D commservice260303: send2Cluster len:327, 7B22636F6D6D616E64223A7B226964223A22696D755F737461747573222C22737562223A22227D2C22636F6E74656E74223A7B2254696D655374616D70223A313737393430353338313733322C224672616D65436F756E746572223A31353734302C2247445F58223A2D302E3030393331343832323033333034373637362C2247445F59223A302E303037323533393933333032353833363934352C2247445F5A223A302E3031373836373130363934343332323538362C2241445F58223A2D302E303031303730373435323839333235373134312C2241445F59223A302E303031393531393933343433303731383432322C2241445F5A223A2D302E333232393730333930333139383234322C2254656D70447370223A302C22537461747573223A302C2243616C69625374617465223A312C22536967416D70496E76616C6964223A307D7D, 138 
05-22 07:16:21.733   544   544 D commservice260303: Push Message into SendPool fn=-834797568
05-22 07:16:21.733   544   544 D commservice260303: ComProtocolLibSend2Cluster::send2ClusterRaw fn=-834797568 , len=343
05-22 06:34:55.473   573   573 D spi_rst_gpio_get_output: GPIO 145 value: 1
05-22 07:16:21.733   544   544 D commservice260303: sendCmdToPort :343!!!
05-22 06:34:55.473   573   573 D spidev_ioctl: gpio status=1)
05-22 07:16:21.733   544   544 D commservice260303: send Cmd To Port ++++5AA501538A0100003ECE6A0F92457B22636F6D6D616E64223A7B226964223A22696D755F737461747573222C22737562223A22227D2C22636F6E74656E74223A7B2254696D655374616D70223A313737393430353338313733322C224672616D65436F756E746572223A31353734302C2247445F58223A2D302E3030393331343832323033333034373637362C2247445F59223A302E303037323533393933333032353833363934352C2247445F5A223A302E3031373836373130363934343332323538362C2241445F58223A2D302E303031303730373435323839333235373134312C2241445F59223A302E303031393531393933343433303731383432322C2241445F5A223A2D302E333232393730333930333139383234322C2254656D70447370223A302C22537461747573223A302C2243616C69625374617465223A312C22536967416D70496E76616C6964223A307D7DB723
05-22 07:16:21.733   544   544 D commservice260303: bufferevent_write retrun value = 0
05-22 07:16:21.734   544   567 D commservice260303: client datas send succeed,send finish
05-22 07:16:21.734  2981  3178 D Sentinelmode_1.2.5.13_alpha: <SentryImuClusterFgeSender>imu_status sent to Linux, frame=15740, tsNs=666709, tsMs=1779405381732, intervalMs=40, ad=(-0.0010707453,0.0019519934,-0.3229704), gd=(-0.009314822,0.0072539933,0.017867107)
05-22 06:34:55.479   573   573 D spi_rst_gpio_get_output: GPIO 145 value: 1
05-22 06:34:55.479   573   573 D spidev_ioctl: gpio status=1)
05-22 07:16:21.735   573   573 I SpiService: fgesysctrl_getGPIO_status success val=1
05-22 07:16:21.741   573   573 I SpiService: fgesysctrl_getGPIO_status success val=1
05-22 06:34:55.484   573   573 D spi_rst_gpio_get_output: GPIO 145 value: 1
05-22 06:34:55.484   573   573 D spidev_ioctl: gpio status=1)
05-22 07:16:21.745   276   300 I rvcservice: t.code = 3, t.value = 0
05-22 07:16:21.747   573   573 I SpiService: fgesysctrl_getGPIO_status success val=1
05-22 06:34:55.490   573   573 D spi_rst_gpio_get_output: GPIO 145 value: 1
05-22 06:34:55.490   573   573 D spidev_ioctl: gpio status=1)
05-22 07:16:21.750  2981  3177 I SentryImuMcuAngleSender: 179.9172rollDeg
05-22 07:16:21.751  2981  3177 I SentryImuMcuAngleSender: 1,0,0
05-22 07:16:21.752   573   573 I SpiService: fgesysctrl_getGPIO_status success val=0
05-22 06:34:55.496   573   573 D spi_rst_gpio_get_output: GPIO 145 value: 0
05-22 06:34:55.496   573   573 D spidev_ioctl: gpio status=0)
05-22 07:16:21.756   291  1491 D EvsDriver: forwardFrame
05-22 07:16:21.758   291  1491 D EvsDriver: Delivered 0xb400007b2f47ca30 as id 0
05-22 07:16:21.758  1137  1150 D evsmanagerd: /dev/video4 forwarded the buffer #0 to 0xb4000071fa019690 from 0xb4000071fa01b7d0
05-22 07:16:21.761   291  1135 D EvsDriver: doneWithFrame
05-22 07:16:21.762   964  1804 D [OMXB]  : usingANWBuffer: handle:0xebd41400, format:1, w:1920, h:1080
05-22 07:16:21.763   565   565 I Sensors : 230 AccelSensor: x:-0.107970,y:0.014639,z:-10.132101
05-22 07:16:21.767   573   573 I SpiService: fgesysctrl_getGPIO_status success val=1
05-22 06:34:55.510   573   573 D spi_rst_gpio_get_output: GPIO 145 value: 1
05-22 06:34:55.510   573   573 D spidev_ioctl: gpio status=1)
05-22 07:16:21.771  2981  3177 I SentryImuMcuAngleSender: 179.91722rollDeg
05-22 07:16:21.771  2981  3177 I SentryImuMcuAngleSender: 1,0,0
05-22 07:16:21.772   573   573 I SpiService: fgesysctrl_getGPIO_status success val=1
05-22 07:16:21.772   544   544 D commservice260303: msg.id = 1028,0
05-22 07:16:21.773   544   544 D commservice260303: i = 170, msgid = 8A000404
05-22 07:16:21.773   544   544 D commservice260303: msgid = -1979710460,did=138
05-22 07:16:21.773   544   544 D commservice260303: CommProtocolLibCmdBaseI2C::dataproc {"command":{"id":"imu_status","sub":""},"content":{"TimeStamp":1779405381772,"FrameCounter":15741,"GD_X":-0.00862822588533163,"GD_Y":0.007177011109888554,"GD_Z":0.01756177842617035,"AD_X":-0.0029033347964286804,"AD_Y":7.311757653951645E-4,"AD_Z":-0.3260211944580078,"TempDsp":0,"Status":0,"CalibState":1,"SigAmpInvalid":0}},-1979710460
05-22 07:16:21.773   544   544 D commservice260303: send2Cluster len:323, 7B22636F6D6D616E64223A7B226964223A22696D755F737461747573222C22737562223A22227D2C22636F6E74656E74223A7B2254696D655374616D70223A313737393430353338313737322C224672616D65436F756E746572223A31353734312C2247445F58223A2D302E30303836323832323538383533333136332C2247445F59223A302E3030373137373031313130393838383535342C2247445F5A223A302E30313735363137373834323631373033352C2241445F58223A2D302E303032393033333334373936343238363830342C2241445F59223A372E333131373537363533393531363435452D342C2241445F5A223A2D302E333236303231313934343538303037382C2254656D70447370223A302C22537461747573223A302C2243616C69625374617465223A312C22536967416D70496E76616C6964223A307D7D, 138 
05-22 07:16:21.773   544   544 D commservice260303: Push Message into SendPool fn=-818020352
05-22 07:16:21.773   544   544 D commservice260303: ComProtocolLibSend2Cluster::send2ClusterRaw fn=-818020352 , len=339
05-22 07:16:21.773   544   544 D commservice260303: sendCmdToPort :339!!!
05-22 07:16:21.773   544   544 D commservice260303: send Cmd To Port ++++5AA5014F8A0100003ECF6A0F92457B22636F6D6D616E64223A7B226964223A22696D755F737461747573222C22737562223A22227D2C22636F6E74656E74223A7B2254696D655374616D70223A313737393430353338313737322C224672616D65436F756E746572223A31353734312C2247445F58223A2D302E30303836323832323538383533333136332C2247445F59223A302E3030373137373031313130393838383535342C2247445F5A223A302E30313735363137373834323631373033352C2241445F58223A2D302E303032393033333334373936343238363830342C2241445F59223A372E333131373537363533393531363435452D342C2241445F5A223A2D302E333236303231313934343538303037382C2254656D70447370223A302C22537461747573223A302C2243616C69625374617465223A312C22536967416D70496E76616C6964223A307D7D3B4B
05-22 07:16:21.773   544   544 D commservice260303: bufferevent_write retrun value = 0
05-22 07:16:21.773   544   567 D commservice260303: client datas send succeed,send finish
05-22 06:34:55.516   573   573 D spi_rst_gpio_get_output: GPIO 145 value: 1
05-22 06:34:55.516   573   573 D spidev_ioctl: gpio status=1)
05-22 07:16:21.774  2981  3178 D Sentinelmode_1.2.5.13_alpha: <SentryImuClusterFgeSender>imu_status sent to Linux, frame=15741, tsNs=666745, tsMs=1779405381772, intervalMs=39, ad=(-0.0029033348,7.3117577E-4,-0.3260212), gd=(-0.008628226,0.007177011,0.017561778)
05-22 07:16:21.774  1658  1658 D AIN-NaviLocationPresenter: ACC is OFF, skip upload location
05-22 07:16:21.778   573   573 I SpiService: fgesysctrl_getGPIO_status success val=1
05-22 07:16:21.779  1026  1026 D MyAppLog: [2026-05-22 07:16:21.779 D tboxap gpsMcuDataAnalyze:471] [Gps] [gpsMcuDataAnalyze]:$GNRMC,231621.000,V,,,,,,,210526,120.0,E,N,V*46
05-22 07:16:21.779  1026  1026 D MyAppLog: 
05-22 07:16:21.779  1026  1026 D MyAppLog: [2026-05-22 07:16:21.779 D tboxap gpsMcuDataAnalyze:556] [Gps] stGps.stat:0, latitude:0 , longtitude:0,sped:0,direction:0
05-22 06:34:55.521   573   573 D spi_rst_gpio_get_output: GPIO 145 value: 1
05-22 06:34:55.521   573   573 D spidev_ioctl: gpio status=1)
05-22 07:16:21.783   573   573 I SpiService: fgesysctrl_getGPIO_status success val=1
05-22 06:34:55.527   573   573 D spi_rst_gpio_get_output: GPIO 145 value: 1
05-22 06:34:55.527   573   573 D spidev_ioctl: gpio status=1)
05-22 07:16:21.786   291  1491 D EvsDriver: forwardFrame
05-22 07:16:21.786   291  1491 D EvsDriver: Delivered 0xb400007b2f47ca30 as id 0
05-22 07:16:21.787  1137  1150 D evsmanagerd: /dev/video4 forwarded the buffer #0 to 0xb4000071fa019690 from 0xb4000071fa01b7d0
05-22 07:16:21.789   573   573 I SpiService: fgesysctrl_getGPIO_status success val=1
05-22 07:16:21.789   291  1135 D EvsDriver: doneWithFrame
05-22 06:34:55.532   573   573 D spi_rst_gpio_get_output: GPIO 145 value: 1
05-22 06:34:55.532   573   573 D spidev_ioctl: gpio status=1)
05-22 07:16:21.791  2981  3177 I SentryImuMcuAngleSender: 179.9172rollDeg
05-22 07:16:21.791  2981  3177 I SentryImuMcuAngleSender: 1,0,0
05-22 07:16:21.794   573   573 I SpiService: fgesysctrl_getGPIO_status success val=0
05-22 06:34:55.538   573   573 D spi_rst_gpio_get_output: GPIO 145 value: 0
05-22 06:34:55.538   573   573 D spidev_ioctl: gpio status=0)
05-22 07:16:21.799   565   565 I Sensors : 230 GyroSensor: x:-0.009392,y:0.007559,z:0.017867
05-22 07:16:21.806   737   737 D Telecom : Logging: START_SESSION
05-22 07:16:21.806   737   737 D Telecom : Logging: END_SESSION (dur: 0 ms): TSI.iIMC@CMY
05-22 07:16:21.806   737   737 D Telecom : Logging: START_SESSION
05-22 07:16:21.806   737   737 D Telecom : Logging: END_SESSION (dur: 0 ms): TSI.iISMC(a)@CMc
05-22 07:16:21.806   737   737 D ResponseStatsTracker: notification:+11m6s586ms; event=<updated>, pkg=com.neusoft.btmusic, usr=0
05-22 07:16:21.807   737   737 D Telecom : Logging: START_SESSION
05-22 07:16:21.807   737   737 D Telecom : Logging: END_SESSION (dur: 0 ms): TSI.gDDP@CMg
05-22 07:16:21.807   737   737 D Telecom : Logging: START_SESSION
05-22 07:16:21.807   737   737 D Telecom : Logging: END_SESSION (dur: 0 ms): TSI.gDDP@CMk
05-22 07:16:21.807   737   737 D Telecom : Logging: START_SESSION
05-22 07:16:21.807   737   737 D Telecom : Logging: END_SESSION (dur: 0 ms): TSI.gDDP@CMo
05-22 07:16:21.807   737   737 D Telecom : Logging: START_SESSION
05-22 07:16:21.807   737   737 D Telecom : Logging: END_SESSION (dur: 0 ms): TSI.gDDP@CMs
05-22 07:16:21.808   737   737 D NotificationService: 0|com.neusoft.btmusic|8001|null|1000: updating permissions
05-22 07:16:21.808   737   737 D NotificationService: 0|com.neusoft.btmusic|8001|null|1000: updating permissions
05-22 07:16:21.808   737   737 D NotificationService: 0|com.neusoft.btmusic|8001|null|1000: updating permissions
05-22 07:16:21.808   737   737 D NotificationService: 0|com.neusoft.btmusic|8001|null|1000: updating permissions
05-22 07:16:21.808   737   737 D NotificationService: 0|com.neusoft.btmusic|8001|null|1000: updating permissions
05-22 07:16:21.808   737   737 D NotificationService: 0|com.neusoft.btmusic|8001|null|1000: updating permissions
05-22 06:34:55.552   573   573 D spi_rst_gpio_get_output: GPIO 145 value: 1
05-22 06:34:55.552   573   573 D spidev_ioctl: gpio status=1)
05-22 07:16:21.809   573   573 I SpiService: fgesysctrl_getGPIO_status success val=1
05-22 07:16:21.809   486   580 I mcuc    : rev,n=1,6AA6810D0D000A8900CF0104090212345657
05-22 07:16:21.809  1091  1116 I tboxmids_ap: [2026-05-22 07:16:21.809] [MCU RX] src=MCU dst=ZMQ len=10 type=BINARY data=00 08 CF 01 04 09 02 12 34 56 
05-22 07:16:21.809   344   361 D automotive.vehicle@2.0-adayo-datacomm-mcu: MCUDatacomm sendMessageFromVehicle prop: 0x89, areaId: 0x0, status: 0xcf, timestamp: 0x1
05-22 07:16:21.809   344   361 D automotive.vehicle@2.0-adayo-datacomm-mcu: MCUDatacomm 1sendMessageFromVehicle ---> type = 12 
05-22 07:16:21.810   737  1616 D PowerController.AppState: - updateNotification() E -
05-22 07:16:21.810   737   737 D Telecom : Logging: START_SESSION
05-22 07:16:21.811   737   737 D Telecom : Logging: END_SESSION (dur: 0 ms): TSI.iIMC@CMw
05-22 07:16:21.811   737   737 D Telecom : Logging: START_SESSION
05-22 07:16:21.811  1026  1026 I MyAppLog: [2026-05-22 07:16:21.810 I tboxap mcuCommTboxmidsRecvCb:96] [Mcu] [mcuCommTboxmidsRecvCb] recv from tboxmids, size:10
05-22 07:16:21.811   737   737 D Telecom : Logging: END_SESSION (dur: 0 ms): TSI.iISMC(a)@CM0
05-22 07:16:21.811  1026  1026 I MyAppLog: [2026-05-22 07:16:21.810 I tboxap mcuCommTboxmidsRecvCb:97] [Mcu] [tboxmids -> tboxap]: :00 08 CF 01 04 09 02 12 34 56
05-22 07:16:21.811  1026  1026 I MyAppLog: [2026-05-22 07:16:21.810 I tboxap mcuPtlParseData:969] [Mcu] [Mcu  Parse]: (cmd):0902 (param):0902123456
05-22 07:16:21.811   737   737 D ResponseStatsTracker: notification:+11m6s591ms; event=<updated>, pkg=com.neusoft.btmusic, usr=0
05-22 07:16:21.811  1026  1026 D MyAppLog: [2026-05-22 07:16:21.810 D tboxap mcuCommCbHandel:1009] [Mcu] [Mcu  Rev]: (cmd):0902 (param value):123456
05-22 07:16:21.811  1026  1026 W MyAppLog: [2026-05-22 07:16:21.810 W tboxap mcuParamDataRevPack:897] [Mcu] mcuParamDataRevPack start pack data!!!
05-22 07:16:21.811   737   737 D Telecom : Logging: START_SESSION
05-22 07:16:21.811  1026  1026 W MyAppLog: [2026-05-22 07:16:21.810 W tboxap mcuHandlePowerReqInd:1075] [Mcu] [mcuHandlePowerReqInd] recv 0x0902 power req type:0x12
05-22 07:16:21.811   737   737 D Telecom : Logging: END_SESSION (dur: 0 ms): TSI.gDDP@CM4
05-22 07:16:21.811   737   737 D Telecom : Logging: START_SESSION
05-22 07:16:21.811  1517  1517 D CarNotificationListener: onNotificationPosted: StatusBarNotification(pkg=com.neusoft.btmusic user=UserHandle{0} id=8001 tag=null key=0|com.neusoft.btmusic|8001|null|1000: Notification(channel=media_playback_channel shortcut=null contentView=null vibrate=null sound=null defaults=0x0 flags=0x6a color=0x00000000 category=transport groupKey=silent actions=3 vis=PUBLIC))
05-22 07:16:21.811   737   737 D Telecom : Logging: END_SESSION (dur: 0 ms): TSI.gDDP@CM8
05-22 07:16:21.811  1517  1517 D CarNotificationListener: Is incoming notification a group summary?: false
05-22 07:16:21.811   737   737 D Telecom : Logging: START_SESSION
05-22 07:16:21.811   737   737 D Telecom : Logging: END_SESSION (dur: 0 ms): TSI.gDDP@CNA
05-22 07:16:21.812   737   737 D Telecom : Logging: START_SESSION
