05-22 07:16:22.123  1137  1150 D evsmanagerd: /dev/video4 forwarded the buffer #0 to 0xb4000071fa019690 from 0xb4000071fa01b7d0
05-22 07:16:22.123 11323 11374 D ANWAPI  : (11323|0xD12C8CB0)[BTAPI] SDK >>>>AnWBT_AVRCP_GetSongDetail
05-22 07:16:22.123 11323 11374 D ANWAPI  : (11323|0xD12C8CB0)[BTAPI] SDK <<<<AnWBT_AVRCP_GetSongDetail 0
05-22 07:16:22.123 11323 11374 D ANWAPI  : (11323|0xD12C8CB0)[BTAPI] >>>>_anwbt_AVRCP_GetSongDetail
05-22 07:16:22.123 11323 11374 D ANWAPI  : (11323|0xD12C8CB0)[BTAPI] btsdk_avrcp_GetElementAttributes
05-22 07:16:22.123 11323 11374 D ANW_AVRCP: (11323|0xD12C8CB0)[AVRCP] API AVRCP_GetElementAttributes attMask=0x0
05-22 07:16:22.123 11323 11374 D ANWStack: [    667105][ANWBT] <<Avctp_Send_Message 0/1:
05-22 07:16:22.123 11323 11374 D ANWStack: 
05-22 07:16:22.123 11323 11374 D ANWStack: [    667106][ANWBT] L2CAP: L2_RetrieveHandle called, cid=0x82
05-22 07:16:22.123 11323 11374 D ANWStack: 
05-22 07:16:22.124   291  1135 D EvsDriver: doneWithFrame
05-22 07:16:22.124 11323 11374 D ANWAPI  : (11323|0xD12C8CB0)[BTAPI] ===BTAPI_MallocIdxMsg 1029 980
05-22 07:16:22.124 11323 11374 D ANWAPI  : (11323|0xD12C8CB0)[BTAPI] <<<<_anwbt_AVRCP_GetSongDetail 0
05-22 07:16:22.124   573   573 I SpiService: fgesysctrl_getGPIO_status success val=0
05-22 07:16:22.124   486   579 I mcuc    : send SPI:6AA600073800020601B8
05-22 07:16:22.125   964  1804 D [OMXB]  : usingANWBuffer: handle:0xebd44c60, format:1, w:1920, h:1080
05-22 06:34:55.867   573   573 D spi_rst_gpio_get_output: GPIO 145 value: 0
05-22 06:34:55.867   573   573 D spidev_ioctl: gpio status=0)
05-22 07:16:22.128  2981  3177 I SentryImuMcuAngleSender: 179.90683rollDeg
05-22 07:16:22.128  2981  3177 I SentryImuMcuAngleSender: 1,0,0
05-22 07:16:22.136   544   544 D commservice260303: msg.id = 1028,0
05-22 07:16:22.137 11323 11374 D ANWAPI  : (11323|0xD12C8CB0)[BTAPI] AnwhciEventCallback 19 1
05-22 07:16:22.137   544   544 D commservice260303: i = 170, msgid = 8A000404
05-22 07:16:22.137   544   544 D commservice260303: msgid = -1979710460,did=138
05-22 07:16:22.137   544   544 D commservice260303: CommProtocolLibCmdBaseI2C::dataproc {"command":{"id":"imu_status","sub":""},"content":{"TimeStamp":1779405382136,"FrameCounter":15750,"GD_X":-0.008933032862842083,"GD_Y":0.007864127866923809,"GD_Z":0.017485838383436203,"AD_X":-0.002296663820743561,"AD_Y":0.0025558993220329285,"AD_Z":-0.32114124298095703,"TempDsp":0,"Status":0,"CalibState":1,"SigAmpInvalid":0}},-1979710460
05-22 07:16:22.137   544   544 D commservice260303: send2Cluster len:326, 7B22636F6D6D616E64223A7B226964223A22696D755F737461747573222C22737562223A22227D2C22636F6E74656E74223A7B2254696D655374616D70223A313737393430353338323133362C224672616D65436F756E746572223A31353735302C2247445F58223A2D302E3030383933333033323836323834323038332C2247445F59223A302E3030373836343132373836363932333830392C2247445F5A223A302E3031373438353833383338333433363230332C2241445F58223A2D302E3030323239363636333832303734333536312C2241445F59223A302E303032353535383939333232303332393238352C2241445F5A223A2D302E33323131343132343239383039353730332C2254656D70447370223A302C22537461747573223A302C2243616C69625374617465223A312C22536967416D70496E76616C6964223A307D7D, 138 
05-22 07:16:22.137   544   544 D commservice260303: Push Message into SendPool fn=-667025408
05-22 07:16:22.137   544   544 D commservice260303: ComProtocolLibSend2Cluster::send2ClusterRaw fn=-667025408 , len=342
05-22 07:16:22.138   573   573 I SpiService: fgesysctrl_getGPIO_status success val=1
05-22 07:16:22.138   544   544 D commservice260303: sendCmdToPort :342!!!
05-22 07:16:22.138   544   544 D commservice260303: send Cmd To Port ++++5AA501528A0100003ED86A0F92467B22636F6D6D616E64223A7B226964223A22696D755F737461747573222C22737562223A22227D2C22636F6E74656E74223A7B2254696D655374616D70223A313737393430353338323133362C224672616D65436F756E746572223A31353735302C2247445F58223A2D302E3030383933333033323836323834323038332C2247445F59223A302E3030373836343132373836363932333830392C2247445F5A223A302E3031373438353833383338333433363230332C2241445F58223A2D302E3030323239363636333832303734333536312C2241445F59223A302E303032353535383939333232303332393238352C2241445F5A223A2D302E33323131343132343239383039353730332C2254656D70447370223A302C22537461747573223A302C2243616C69625374617465223A312C22536967416D70496E76616C6964223A307D7DBFEA
05-22 07:16:22.138   544   544 D commservice260303: bufferevent_write retrun value = 0
05-22 07:16:22.138   544   567 D commservice260303: client datas send succeed,send finish
05-22 07:16:22.139  2981  3178 D Sentinelmode_1.2.5.13_alpha: <SentryImuClusterFgeSender>imu_status sent to Linux, frame=15750, tsNs=667104, tsMs=1779405382136, intervalMs=40, ad=(-0.0022966638,0.0025558993,-0.32114124), gd=(-0.008933033,0.007864128,0.017485838)
05-22 06:34:55.881   573   573 D spi_rst_gpio_get_output: GPIO 145 value: 1
05-22 06:34:55.881   573   573 D spidev_ioctl: gpio status=1)
05-22 07:16:22.143   573   573 I SpiService: fgesysctrl_getGPIO_status success val=1
05-22 07:16:22.145   276   300 I rvcservice: t.code = 3, t.value = 0
05-22 06:34:55.887   573   573 D spi_rst_gpio_get_output: GPIO 145 value: 1
05-22 06:34:55.887   573   573 D spidev_ioctl: gpio status=1)
05-22 07:16:22.148   291  1491 D EvsDriver: forwardFrame
05-22 06:34:55.893   573   573 D spi_rst_gpio_get_output: GPIO 145 value: 1
05-22 06:34:55.893   573   573 D spidev_ioctl: gpio status=1)
05-22 07:16:22.149   573   573 I SpiService: fgesysctrl_getGPIO_status success val=1
05-22 07:16:22.149  2981  3177 I SentryImuMcuAngleSender: 179.9103rollDeg
05-22 07:16:22.150  2981  3177 I SentryImuMcuAngleSender: 1,0,0
05-22 07:16:22.150   344  1855 D DefaultVehicleHal: setProperty setValues start
05-22 07:16:22.150   344  1855 D 2026-5-19:FakeVehicleHardware: setProperty FakeVehicleHardware  ID: 0x11500f31
05-22 07:16:22.150   344  1855 D 2026-5-19:FakeVehicleHardware: setProperty id:0x11500f31,value:667131
05-22 07:16:22.150   344   356 D 2026-5-19:FakeVehicleHardware: setProperty FakeVehicleHardware  setValue START
05-22 07:16:22.150   344  1855 D DefaultVehicleHal: setProperty setValues end
05-22 07:16:22.150   344   356 D 2026-5-19:FakeVehicleHardware: setProperty FakeVehicleHardware  setValue end
05-22 07:16:22.151   291  1491 D EvsDriver: Delivered 0xb400007b2f47ca30 as id 0
05-22 07:16:22.151  1137  1150 D evsmanagerd: /dev/video4 forwarded the buffer #0 to 0xb4000071fa019690 from 0xb4000071fa01b7d0
05-22 07:16:22.155   573   573 I SpiService: fgesysctrl_getGPIO_status success val=1
05-22 07:16:22.156   291  1135 D EvsDriver: doneWithFrame
05-22 06:34:55.899   573   573 D spi_rst_gpio_get_output: GPIO 145 value: 1
05-22 06:34:55.899   573   573 D spidev_ioctl: gpio status=1)
05-22 06:34:55.904   573   573 D spi_rst_gpio_get_output: GPIO 145 value: 0
05-22 06:34:55.904   573   573 D spidev_ioctl: gpio status=0)
05-22 07:16:22.161   573   573 I SpiService: fgesysctrl_getGPIO_status success val=0
05-22 07:16:22.170  2981  3177 I SentryImuMcuAngleSender: 179.9172rollDeg
05-22 07:16:22.170  2981  3177 I SentryImuMcuAngleSender: 1,0,0
05-22 07:16:22.171   964  1804 D [OMXB]  : usingANWBuffer: handle:0xebd42950, format:1, w:1920, h:1080
05-22 07:16:22.175   573   573 I SpiService: fgesysctrl_getGPIO_status success val=1
05-22 07:16:22.177   544   544 D commservice260303: msg.id = 1028,0
05-22 07:16:22.177   544   544 D commservice260303: i = 170, msgid = 8A000404
05-22 07:16:22.177   544   544 D commservice260303: msgid = -1979710460,did=138
05-22 07:16:22.177   544   544 D commservice260303: CommProtocolLibCmdBaseI2C::dataproc {"command":{"id":"imu_status","sub":""},"content":{"TimeStamp":1779405382176,"FrameCounter":15751,"GD_X":-0.008857090957462788,"GD_Y":0.007101069670170546,"GD_Z":0.018020030111074448,"AD_X":-0.0029102563858032227,"AD_Y":7.239235565066338E-4,"AD_Z":-0.327239990234375,"TempDsp":0,"Status":0,"CalibState":1,"SigAmpInvalid":0}},-1979710460
05-22 07:16:22.177   544   544 D commservice260303: send2Cluster len:324, 7B22636F6D6D616E64223A7B226964223A22696D755F737461747573222C22737562223A22227D2C22636F6E74656E74223A7B2254696D655374616D70223A313737393430353338323137362C224672616D65436F756E746572223A31353735312C2247445F58223A2D302E3030383835373039303935373436323738382C2247445F59223A302E3030373130313036393637303137303534362C2247445F5A223A302E3031383032303033303131313037343434382C2241445F58223A2D302E303032393130323536333835383033323232372C2241445F59223A372E323339323335353635303636333338452D342C2241445F5A223A2D302E3332373233393939303233343337352C2254656D70447370223A302C22537461747573223A302C2243616C69625374617465223A312C22536967416D70496E76616C6964223A307D7D, 138 
05-22 07:16:22.177   544   544 D commservice260303: Push Message into SendPool fn=-650248192
05-22 07:16:22.177   544   544 D commservice260303: ComProtocolLibSend2Cluster::send2ClusterRaw fn=-650248192 , len=340
05-22 07:16:22.177   544   544 D commservice260303: sendCmdToPort :340!!!
05-22 07:16:22.177   544   544 D commservice260303: send Cmd To Port ++++5AA501508A0100003ED96A0F92467B22636F6D6D616E64223A7B226964223A22696D755F737461747573222C22737562223A22227D2C22636F6E74656E74223A7B2254696D655374616D70223A313737393430353338323137362C224672616D65436F756E746572223A31353735312C2247445F58223A2D302E3030383835373039303935373436323738382C2247445F59223A302E3030373130313036393637303137303534362C2247445F5A223A302E3031383032303033303131313037343434382C2241445F58223A2D302E303032393130323536333835383033323232372C2241445F59223A372E323339323335353635303636333338452D342C2241445F5A223A2D302E3332373233393939303233343337352C2254656D70447370223A302C22537461747573223A302C2243616C69625374617465223A312C22536967416D70496E76616C6964223A307D7DCE1B
05-22 07:16:22.177   544   544 D commservice260303: bufferevent_write retrun value = 0
05-22 07:16:22.177   544   567 D commservice260303: client datas send succeed,send finish
05-22 06:34:55.919   573   573 D spi_rst_gpio_get_output: GPIO 145 value: 1
05-22 06:34:55.919   573   573 D spidev_ioctl: gpio status=1)
05-22 07:16:22.177  2981  3178 D Sentinelmode_1.2.5.13_alpha: <SentryImuClusterFgeSender>imu_status sent to Linux, frame=15751, tsNs=667158, tsMs=1779405382176, intervalMs=39, ad=(-0.0029102564,7.2392356E-4,-0.32724), gd=(-0.008857091,0.0071010697,0.01802003)
05-22 07:16:22.181   573   573 I SpiService: fgesysctrl_getGPIO_status success val=1
05-22 06:34:55.924   573   573 D spi_rst_gpio_get_output: GPIO 145 value: 1
05-22 06:34:55.924   573   573 D spidev_ioctl: gpio status=1)
05-22 07:16:22.186   291  1491 D EvsDriver: forwardFrame
05-22 07:16:22.186   573   573 I SpiService: fgesysctrl_getGPIO_status success val=1
05-22 07:16:22.188  1137  1150 D evsmanagerd: /dev/video4 forwarded the buffer #0 to 0xb4000071fa019690 from 0xb4000071fa01b7d0
05-22 07:16:22.188   291  1491 D EvsDriver: Delivered 0xb400007b2f47ca30 as id 0
05-22 06:34:55.929   573   573 D spi_rst_gpio_get_output: GPIO 145 value: 1
05-22 06:34:55.930   573   573 D spidev_ioctl: gpio status=1)
05-22 07:16:22.190   291  1135 D EvsDriver: doneWithFrame
05-22 07:16:22.190  2981  3177 I SentryImuMcuAngleSender: 179.91724rollDeg
05-22 07:16:22.191  2981  3177 I SentryImuMcuAngleSender: 1,0,0
05-22 07:16:22.192   573   573 I SpiService: fgesysctrl_getGPIO_status success val=1
05-22 06:34:55.935   573   573 D spi_rst_gpio_get_output: GPIO 145 value: 1
05-22 06:34:55.935   573   573 D spidev_ioctl: gpio status=1)
05-22 07:16:22.194 11323 11374 D ANWStack: [    667176][ANWBT] >>Avctp_L2cap_Data_Ind_Cb
05-22 07:16:22.194 11323 11374 D ANWStack: 
05-22 07:16:22.194 11323 11374 D ANWStack: [    667176][ANWBT] AVCTP Message Length = 147
05-22 07:16:22.194 11323 11374 D ANWStack: [    667176][ANWBT] Receive AVCTP_SINGLE_PACKET
05-22 07:16:22.194 11323 11374 D ANW_AVRCP: (11323|0xD12C8CB0)[AVRCP] [**AVRCP**] 0xe2 0x110e
05-22 07:16:22.194 11323 11374 D ANW_AVRCP: (11323|0xD12C8CB0)[AVRCP] opcode match 0x0
05-22 07:16:22.194 11323 11374 D ANW_AVRCP: 
05-22 07:16:22.194 11323 11374 D ANW_AVRCP: (11323|0xD12C8CB0)[AVRCP] subopcode match 0x20, update ctype 0x1->0xc
05-22 07:16:22.194 11323 11374 D ANW_AVRCP: 
05-22 07:16:22.194 11323 11374 D ANW_AVRCP: (11323|0xD12C8CB0)[AVRCP] AVRCP_Packet_Parser Response
05-22 07:16:22.194 11323 11374 D ANW_AVRCP: 
05-22 07:16:22.194 11323 11374 D ANW_AVRCP: (11323|0xD12C8CB0)[AVRCP] AVRCP_Get_Element_Attributes_RSP_Handler
05-22 07:16:22.194 11323 11374 D ANW_AVRCP: (11323|0xD12C8CB0)[AVRCP] num of attributes: 8
05-22 07:16:22.194 11323 11374 D ANW_AVRCP: 
05-22 07:16:22.195 11323 11374 D ANWAPI  : (11323|0xD12C8CB0)[BTAPI] connmgr_find_by_handle pData = 0xb4000078d2e60eb0,7
05-22 07:16:22.195 11323 11374 D ANWAPI  : (11323|0xD12C8CB0)[BTAPI] AVRCP_GET_ELEMENT_ATTRIBUTES
05-22 07:16:22.195 11323 11374 D ANWAPI  : (11323|0xD12C8CB0)[BTAPI] connmgr_find_by_handle pData = 0xb4000078d2e60eb0,7
05-22 07:16:22.195 11323 11374 D ANWAPI  : (11323|0xD12C8CB0)[BTAPI] media attrib id(1)
05-22 07:16:22.195 11323 11374 D ANWAPI  : (11323|0xD12C8CB0)[BTAPI] MediaAttr_MediaTitle 28 106
05-22 07:16:22.195 11323 11374 D ANWAPI  : (11323|0xD12C8CB0)[BTAPI] connmgr_find_by_handle pData = 0xb4000078d2e60eb0,7
05-22 07:16:22.195 11323 11374 D ANWAPI  : (11323|0xD12C8CB0)[BTAPI] media attrib id(2)
05-22 07:16:22.195 11323 11374 D ANWAPI  : (11323|0xD12C8CB0)[BTAPI] MediaAttr_ArtistName 16 106
05-22 07:16:22.195 11323 11374 D ANWAPI  : (11323|0xD12C8CB0)[BTAPI] connmgr_find_by_handle pData = 0xb4000078d2e60eb0,7
05-22 07:16:22.195 11323 11374 D ANWAPI  : (11323|0xD12C8CB0)[BTAPI] media attrib id(3)
05-22 07:16:22.195 11323 11374 D ANWAPI  : (11323|0xD12C8CB0)[BTAPI] MediaAttr_AlbumName 9 106
05-22 07:16:22.195 11323 11374 D ANWAPI  : (11323|0xD12C8CB0)[BTAPI] connmgr_find_by_handle pData = 0xb4000078d2e60eb0,7
05-22 07:16:22.195 11323 11374 D ANWAPI  : (11323|0xD12C8CB0)[BTAPI] media attrib id(4)
05-22 07:16:22.195 11323 11374 D ANWAPI  : (11323|0xD12C8CB0)[BTAPI] MediaAttr_MediaNum 1 106
05-22 07:16:22.195 11323 11374 D ANWAPI  : (11323|0xD12C8CB0)[BTAPI] connmgr_find_by_handle pData = 0xb4000078d2e60eb0,7
05-22 07:16:22.195 11323 11374 D ANWAPI  : (11323|0xD12C8CB0)[BTAPI] media attrib id(5)
05-22 07:16:22.196 11323 11374 D ANWAPI  : (11323|0xD12C8CB0)[BTAPI] MediaAttr_TotalMediaNum 2 106
05-22 07:16:22.196 11323 11374 D ANWAPI  : (11323|0xD12C8CB0)[BTAPI] connmgr_find_by_handle pData = 0xb4000078d2e60eb0,7
05-22 07:16:22.196 11323 11374 D ANWAPI  : (11323|0xD12C8CB0)[BTAPI] media attrib id(6)
05-22 07:16:22.196 11323 11374 D ANWAPI  : (11323|0xD12C8CB0)[BTAPI] MediaAttr_Genre 0 106
05-22 07:16:22.196 11323 11374 D ANWAPI  : (11323|0xD12C8CB0)[BTAPI] connmgr_find_by_handle pData = 0xb4000078d2e60eb0,7
05-22 07:16:22.196 11323 11374 D ANWAPI  : (11323|0xD12C8CB0)[BTAPI] media attrib id(7)
05-22 07:16:22.196 11323 11374 D ANWAPI  : (11323|0xD12C8CB0)[BTAPI] MediaAttr_PlayingTimeMs 6 106
05-22 07:16:22.196 11323 11374 D ANWAPI  : (11323|0xD12C8CB0)[BTAPI] connmgr_find_by_handle pData = 0xb4000078d2e60eb0,7
05-22 07:16:22.196 11323 11374 D ANWAPI  : (11323|0xD12C8CB0)[BTAPI] media attrib id(8)
05-22 07:16:22.197 11323 11374 D ANWAPI  : (11323|0xD12C8CB0)[BTAPI] MediaAttr_CoverArt 7 106 0
05-22 07:16:22.197 11323 11374 D ANWAPI  : (11323|0xD12C8CB0)[BTAPI] connmgr_find_by_handle pData = 0xb4000078d2e60eb0,7
05-22 07:16:22.197 11323 11374 D ANWAPI  : (11323|0xD12C8CB0)[BTAPI] AVRCP_GET_ELEMENT_ATTRIBUTES_FINISH
05-22 07:16:22.197   573   573 I SpiService: fgesysctrl_getGPIO_status success val=1
05-22 07:16:22.197   565   565 I Sensors : 230 GyroSensor: x:-0.008857,y:0.006948,z:0.017791
05-22 07:16:22.197 11323 11374 D ANWAPI  : (11323|0xD12C8CB0)[BTAPI] btsdk_avrcp_post_songdetails
05-22 07:16:22.198 11323 11374 D ANWAPI  : (11323|0xD12C8CB0)[BTAPI] *BT_CB_Dispatch
05-22 07:16:22.198 11323 11374 D ANWAPI  : (11323|0xD12C8CB0)[BTAPI] *****SDK callback(0x405)
05-22 07:16:22.198 11323 11374 D ANWAPI  : (11323|0xD12C8CB0)[BTAPI] SDK***** [1c:11:2f:7c:1d:68]
05-22 07:16:22.198 11323 11374 D ANWAPI  : (11323|0xD12C8CB0)[BTAPI] btsdk_exec_apicb start
05-22 07:16:22.199 11323 11374 D ANWAPI  : (11323|0xD12C8CB0)[BTAPI] Up: AvrcpMsgHandler receive[1C:11:2F:7C:1D:68], Get Device ID(0)
05-22 07:16:22.199 11323 11374 D ANWAPI  : 
05-22 07:16:22.199 11323 11374 D ANWAPI  : (11323|0xD12C8CB0)[BTAPI] Up: AnWBT_AVRCP_CURRENT_SONG_DETAIL_IND(6)
05-22 07:16:22.199 11323 11374 D ANWAPI  : 
05-22 07:16:22.199 11323 11374 D ANWAPI  : (11323|0xD12C8CB0)[BTAPI] MediaTitle   : 山河万里 任我踏歌行
05-22 07:16:22.199 11323 11374 D ANWAPI  : 
05-22 07:16:22.199 11323 11374 D ANWAPI  : (11323|0xD12C8CB0)[BTAPI] PlayingTimeMs: 210966
05-22 07:16:22.199 11323 11374 D ANWAPI  : 
05-22 07:16:22.199 11323 11374 D ANWAPI  : (11323|0xD12C8CB0)[BTAPI] AlbumName    : 凌绝顶
05-22 07:16:22.199 11323 11374 D ANWAPI  : 
05-22 07:16:22.199 11323 11374 D ANWAPI  : (11323|0xD12C8CB0)[BTAPI] ArtistName   : 凌绝顶-梓渝
05-22 07:16:22.199 11323 11374 D ANWAPI  : 
05-22 07:16:22.199 11323 11374 D ANWAPI  : (11323|0xD12C8CB0)[BTAPI] MediaNum     : 7
05-22 07:16:22.199 11323 11374 D ANWAPI  : 
05-22 06:34:55.941   573   573 D spi_rst_gpio_get_output: GPIO 145 value: 1
05-22 06:34:55.941   573   573 D spidev_ioctl: gpio status=1)
05-22 07:16:22.199 11323 11374 D ANWAPI  : (11323|0xD12C8CB0)[BTAPI] TotalMediaNum: 16
05-22 07:16:22.199 11323 11374 D ANWAPI  : 
05-22 07:16:22.199 11323 11374 D ANWAPI  : (11323|0xD12C8CB0)[BTAPI] BipHandle: 0000000)
05-22 07:16:22.199 11323 11374 D ANWAPI  : 
05-22 07:16:22.199 11323 11374 D ANWAPI  : (11323|0xD12C8CB0)[BTAPI] inform track changed cb, num_attr:7
05-22 07:16:22.199 11323 11374 D ANWAPI  : 
05-22 07:16:22.199 11323 11374 I ANW bt_btif: inform_track_changed_cb: HAL bt_rc_ctrl_callbacks->track_changed_cb
05-22 07:16:22.199 11323 11374 I BluetoothAvrcpControllerJni: btavrcp_track_changed_callback
05-22 07:16:22.199 11323 11374 D AvrcpControllerService: onTrackChanged
05-22 07:16:22.200 11323 11374 D AvrcpItem.Builder: 3 = 凌绝顶
05-22 07:16:22.200 11323 11374 D AvrcpItem.Builder: 2 = 凌绝顶-梓渝
05-22 07:16:22.200 11323 11374 D AvrcpItem.Builder: 1 = 山河万里 任我踏歌行
05-22 07:16:22.200 11323 11374 D AvrcpItem.Builder: 4 = 7
05-22 07:16:22.200 11323 11374 D AvrcpItem.Builder: 5 = 16
05-22 07:16:22.200 11323 11374 D AvrcpItem.Builder: 7 = 210966
05-22 07:16:22.200 11323 11374 D AvrcpItem.Builder: 8 = 0000000
05-22 07:16:22.200   344   510 W automotive.vehicle@2.0-adayo-func-bcm: BCMFunc sendMessageFromClient_l sendMessage prop: 0x11500f31 not in table
05-22 07:16:22.200 11323 11374 D ANWAPI  : (11323|0xD12C8CB0)[BTAPI] Up: per 1.5S get ID3 information
05-22 07:16:22.200 11323 11374 D ANWAPI  : 
05-22 07:16:22.200 11323 11374 D ANWAPI  : (11323|0xD12C8CB0)[BTAPI] AVRCP_Cancel_Auto_Get_ID3(0)
05-22 07:16:22.200 11323 11374 D ANWAPI  : 
05-22 07:16:22.201 11323 11374 D ANWAPI  : (11323|0xD12C8CB0)[BTAPI] btsdk_exec_apicb end
05-22 07:16:22.201 11323 13102 D AvrcpControllerStateMachine: Avrcp.GetFolderList processMessage 205
05-22 07:16:22.201 11323 13102 D AvrcpControllerStateMachine: Avrcp.ConnectedAvrcpController processMessage 205
05-22 07:16:22.201 11323 13102 D AvrcpCoverArtManager: Download Image - device: 1C:11:2F:7C:1D:68, Handle: e1e5c158-c6d5-4aaa-b97d-e27b45a64ce4
05-22 07:16:22.201 11323 13102 D avrcpcontroller.BipRequest: GetImageProperties - handle: 0000000
05-22 07:16:22.201 11323 13102 D AvrcpCoverArtProvider: getImageUri -> content://com.android.bluetooth.avrcpcontroller.AvrcpCoverArtProvider?device=1C%3A11%3A2F%3A7C%3A1D%3A68&uuid=e1e5c158-c6d5-4aaa-b97d-e27b45a64ce4
05-22 07:16:22.201 11323 13102 D BluetoothMediaBrowserService: trackChanged setMetadata=AvrcpItem{mUuid=5d076458-036c-425f-b764-a598d003f487, mUid=0, mItemType=3, mType=0, mDisplayableName=null, mTitle=山河万里 任我踏歌行 mPlayingTime=210966 mTrack=7/16, mPlayable=false, mBrowsable=false, mCoverArtHandle=0000000, mImageUuid=e1e5c158-c6d5-4aaa-b97d-e27b45a64ce4, mImageUrinull}
05-22 07:16:22.202 11323 13102 D AvrcpControllerStateMachine: removeUnusedArtwork(e1e5c158-c6d5-4aaa-b97d-e27b45a64ce4)
05-22 07:16:22.202 11323 13102 D AvrcpControllerStateMachine: removeUnusedArtworkFromBrowseTree()
05-22 07:16:22.203   573   573 I SpiService: fgesysctrl_getGPIO_status success val=0
05-22 07:16:22.204   558  1606 I gps_hdbd: Received: '$GNGGA,231622.000,,,,,0,00,,,M,,M,,*60
'
05-22 07:16:22.205  1026  1026 D MyAppLog: [2026-05-22 07:16:22.205 D tboxap gspDataAnalyze:346] [Gps] rev gps data:$GNGGA,231622.000,,,,,0,00,,,M,,M,,*60
05-22 07:16:22.206  1026  1026 D MyAppLog: [2026-05-22 07:16:22.205 D tboxap gpsCommTboxmidsRecvCb:66] [Gps] [gpsCommTboxmidsRecvCb] gps nmea updated:$GNGGA,231622.000,,,,,0,00,,,M,,M,,*60
05-22 07:16:22.206  1026  1026 D MyAppLog: 
05-22 06:34:55.946   573   573 D spi_rst_gpio_get_output: GPIO 145 value: 0
05-22 06:34:55.946   573   573 D spidev_ioctl: gpio status=0)
05-22 07:16:22.210   558  1606 I gps_hdbd: Received: '$GNGSA,A,1,,,,,,,,,,,,,,,,1*1D
'
05-22 07:16:22.211   558  1606 I gps_hdbd: Received: '$GNGSA,A,1,,,,,,,,,,,,,,,,3*1F
'
05-22 07:16:22.211  1026  1026 D MyAppLog: [2026-05-22 07:16:22.211 D tboxap gspDataAnalyze:346] [Gps] rev gps data:$GNGSA,A,1,,,,,,,,,,,,,,,,1*1D
05-22 07:16:22.211  2981  3177 I SentryImuMcuAngleSender: 179.91724rollDeg
05-22 07:16:22.211  2981  3177 I SentryImuMcuAngleSender: 1,0,0
05-22 07:16:22.211  1026  1026 D MyAppLog: [2026-05-22 07:16:22.211 D tboxap gpsCommTboxmidsRecvCb:66] [Gps] [gpsCommTboxmidsRecvCb] gps nmea updated:$GNGSA,A,1,,,,,,,,,,,,,,,,1*1D
05-22 07:16:22.211  1026  1026 D MyAppLog: 
05-22 07:16:22.211  1026  1026 D MyAppLog: [2026-05-22 07:16:22.211 D tboxap gspDataAnalyze:346] [Gps] rev gps data:$GNGSA,A,1,,,,,,,,,,,,,,,,3*1F
05-22 07:16:22.211  1026  1026 D MyAppLog: [2026-05-22 07:16:22.211 D tboxap gpsCommTboxmidsRecvCb:66] [Gps] [gpsCommTboxmidsRecvCb] gps nmea updated:$GNGSA,A,1,,,,,,,,,,,,,,,,3*1F
05-22 07:16:22.211  1026  1026 D MyAppLog: 
05-22 07:16:22.216   558  1606 I gps_hdbd: Received: '$GNGSA,A,1,,,,,,,,,,,,,,,,4*18
'
05-22 07:16:22.216   558  1606 I gps_hdbd: Received: '$BDGSV,1,1,00,1*75
'
05-22 07:16:22.217  1026  1026 D MyAppLog: [2026-05-22 07:16:22.216 D tboxap gspDataAnalyze:346] [Gps] rev gps data:$GNGSA,A,1,,,,,,,,,,,,,,,,4*18
05-22 07:16:22.217   573   573 I SpiService: fgesysctrl_getGPIO_status success val=1
05-22 07:16:22.217   544   544 D commservice260303: msg.id = 1028,0
05-22 07:16:22.217  1026  1026 D MyAppLog: [2026-05-22 07:16:22.216 D tboxap gpsCommTboxmidsRecvCb:66] [Gps] [gpsCommTboxmidsRecvCb] gps nmea updated:$GNGSA,A,1,,,,,,,,,,,,,,,,4*18
05-22 07:16:22.217  1026  1026 D MyAppLog: 
05-22 07:16:22.217  1026  1026 D MyAppLog: [2026-05-22 07:16:22.217 D tboxap gspDataAnalyze:346] [Gps] rev gps data:$BDGSV,1,1,00,1*75
05-22 07:16:22.217  1026  1026 D MyAppLog: [2026-05-22 07:16:22.217 D tboxap gpsCommTboxmidsRecvCb:66] [Gps] [gpsCommTboxmidsRecvCb] gps nmea updated:$BDGSV,1,1,00,1*75
05-22 07:16:22.217  1026  1026 D MyAppLog: 
05-22 07:16:22.217   544   544 D commservice260303: i = 170, msgid = 8A000404
05-22 07:16:22.217   544   544 D commservice260303: msgid = -1979710460,did=138
05-22 07:16:22.217   544   544 D commservice260303: CommProtocolLibCmdBaseI2C::dataproc {"command":{"id":"imu_status","sub":""},"content":{"TimeStamp":1779405382216,"FrameCounter":15752,"GD_X":-0.008857090957462788,"GD_Y":0.006948145572096109,"GD_Z":0.01779116503894329,"AD_X":-0.0035193264484405518,"AD_Y":7.237624377012253E-4,"AD_Z":-0.3284597396850586,"TempDsp":0,"Status":0,"CalibState":1,"SigAmpInvalid":0}},-1979710460
05-22 07:16:22.217   544   544 D commservice260303: send2Cluster len:324, 7B22636F6D6D616E64223A7B226964223A22696D755F737461747573222C22737562223A22227D2C22636F6E74656E74223A7B2254696D655374616D70223A313737393430353338323231362C224672616D65436F756E746572223A31353735322C2247445F58223A2D302E3030383835373039303935373436323738382C2247445F59223A302E3030363934383134353537323039363130392C2247445F5A223A302E30313737393131363530333839343332392C2241445F58223A2D302E303033353139333236343438343430353531382C2241445F59223A372E323337363234333737303132323533452D342C2241445F5A223A2D302E333238343539373339363835303538362C2254656D70447370223A302C22537461747573223A302C2243616C69625374617465223A312C22536967416D70496E76616C6964223A307D7D, 138 
05-22 07:16:22.217   544   544 D commservice260303: Push Message into SendPool fn=-633470976
05-22 07:16:22.217   544   544 D commservice260303: ComProtocolLibSend2Cluster::send2ClusterRaw fn=-633470976 , len=340
05-22 07:16:22.217   544   544 D commservice260303: sendCmdToPort :340!!!
05-22 07:16:22.218   544   544 D commservice260303: send Cmd To Port ++++5AA501508A0100003EDA6A0F92467B22636F6D6D616E64223A7B226964223A22696D755F737461747573222C22737562223A22227D2C22636F6E74656E74223A7B2254696D655374616D70223A313737393430353338323231362C224672616D65436F756E746572223A31353735322C2247445F58223A2D302E3030383835373039303935373436323738382C2247445F59223A302E3030363934383134353537323039363130392C2247445F5A223A302E30313737393131363530333839343332392C2241445F58223A2D302E303033353139333236343438343430353531382C2241445F59223A372E323337363234333737303132323533452D342C2241445F5A223A2D302E333238343539373339363835303538362C2254656D70447370223A302C22537461747573223A302C2243616C69625374617465223A312C22536967416D70496E76616C6964223A307D7DEA40
05-22 07:16:22.218   544   544 D commservice260303: bufferevent_write retrun value = 0
05-22 07:16:22.218   544   567 D commservice260303: client datas send succeed,send finish
05-22 06:34:55.960   573   573 D spi_rst_gpio_get_output: GPIO 145 value: 1
05-22 06:34:55.960   573   573 D spidev_ioctl: gpio status=1)
05-22 07:16:22.221  2981  3178 D Sentinelmode_1.2.5.13_alpha: <SentryImuClusterFgeSender>imu_status sent to Linux, frame=15752, tsNs=667179, tsMs=1779405382216, intervalMs=43, ad=(-0.0035193264,7.2376244E-4,-0.32845974), gd=(-0.008857091,0.0069481456,0.017791165)
05-22 07:16:22.222   558  1606 I gps_hdbd: Received: '$GPGSV,1,1,01,199,42,165,,1*60
'
05-22 07:16:22.222   558  1606 I gps_hdbd: Received: '$GAGSV,1,1,00,7*73
'
05-22 07:16:22.222  1026  1026 D MyAppLog: [2026-05-22 07:16:22.222 D tboxap gspDataAnalyze:346] [Gps] rev gps data:$GPGSV,1,1,01,199,42,165,,1*60
05-22 07:16:22.223  1026  1026 D MyAppLog: [2026-05-22 07:16:22.222 D tboxap gpsCommTboxmidsRecvCb:66] [Gps] [gpsCommTboxmidsRecvCb] gps nmea updated:$GPGSV,1,1,01,199,42,165,,1*60
05-22 07:16:22.223  1026  1026 D MyAppLog: 
05-22 07:16:22.223   573   573 I SpiService: fgesysctrl_getGPIO_status success val=1
05-22 07:16:22.223  1026  1026 D MyAppLog: [2026-05-22 07:16:22.223 D tboxap gspDataAnalyze:346] [Gps] rev gps data:$GAGSV,1,1,00,7*73
05-22 07:16:22.223  1026  1026 D MyAppLog: [2026-05-22 07:16:22.223 D tboxap gpsCommTboxmidsRecvCb:66] [Gps] [gpsCommTboxmidsRecvCb] gps nmea updated:$GAGSV,1,1,00,7*73
05-22 07:16:22.223  1026  1026 D MyAppLog: 
05-22 07:16:22.224  3735  3735 I NSLogUtils_BtMusicModel: onMetadataChanged metadata: android.media.MediaMetadata@7cccc0b9
05-22 07:16:22.224  3735  3735 D NSLogUtils_BtMusicModel: onMetadataChanged ====> musicTitle：山河万里 任我踏歌行 ,singerText：210966 ,duration：210966 ,albumArtUri：null
05-22 07:16:22.225  3735  3735 D NSLogUtils_BluetoothPlayerService: MediaMetadata ->android.media.MediaMetadata@8baffd95
05-22 07:16:22.225  3735  3735 D NSLogUtils_MediaForegroundService: metadata changed title=山河万里 任我踏歌行 artist=凌绝顶-梓渝
05-22 06:34:55.966   573   573 D spi_rst_gpio_get_output: GPIO 145 value: 1
05-22 06:34:55.966   573   573 D spidev_ioctl: gpio status=1)
05-22 07:16:22.225  3735  3735 D NSLogUtils_MediaForegroundService: startPlayback title=山河万里 任我踏歌行 isPlaying=true
05-22 07:16:22.227   291  1491 D EvsDriver: forwardFrame
05-22 07:16:22.227 11323 11323 D MediaPlayerList: sendMediaUpdate
05-22 07:16:22.227 11323 11323 I MediaPlayerList: sendMediaUpdate: Creating a one item queue for a player with no queue
05-22 07:16:22.227 11323 11323 D MediaPlayerList: sendMediaUpdate state=PlaybackState {state=3, position=53537, buffered position=0, speed=1.0, updated=667209, actions=566, custom actions=[], active item id=-1, error=null}
05-22 07:16:22.227 11323 11323 D AvrcpTargetService: onMediaUpdated: track_changed=true state=false queue=true
05-22 07:16:22.227 11323 11323 D AvrcpNativeInterface: sendMediaUpdate: metadata=true playStatus=false queue=true
05-22 07:16:22.227 11323 11323 D AvrcpTargetJni: sendMediaUpdateNative
05-22 07:16:22.227 11323 11323 I droid.bluetooth: run avrcp SendMediaUpdate, AnW
05-22 07:16:22.227 11323 11323 D ANWAPI  : (11323|0x2B6584F8)[BTAPI] Handle_Hal_Callback, callback_type(8)
05-22 07:16:22.227   558  1606 I gps_hdbd: Received: '$GNRMC,231622.000,V,,,,,,,210526,120.0,E,N,V*45
'
05-22 07:16:22.227 11323 11374 D ANWAPI  : (11323|0xD12C8CB0)[BTAPI] BT Addres is NULL , checking which array is connected
05-22 07:16:22.227 11323 11374 D ANWAPI  : 
05-22 07:16:22.227 11323 11374 D ANWAPI  : (11323|0xD12C8CB0)[BTAPI] SPPMIN(0)SPPMAX(0)
05-22 07:16:22.227 11323 11374 D ANWAPI  : 
05-22 07:16:22.227 11323 11374 D ANWAPI  : (11323|0xD12C8CB0)[BTAPI] In Three Step Get Device ID(0)
05-22 07:16:22.227 11323 11374 D ANWAPI  : 
05-22 07:16:22.227 11323 11374 D ANWAPI  : (11323|0xD12C8CB0)[BTAPI] run Get_ID_By_AVRCPTarget_SpecialState(4)
05-22 07:16:22.227 11323 11374 D ANWAPI  : 
05-22 07:16:22.228   558  1606 I gps_hdbd: RMC : CALL gnss_sv_status_cb, view_in_sat <1>
05-22 07:16:22.228   558  1606 I gps_hdbd: [reportSvStatus]--->PLATFORM_BSP::Enter
05-22 07:16:22.228   573   573 I SpiService: fgesysctrl_getGPIO_status success val=1
05-22 07:16:22.228   558  1606 I gps_hdbd: hy abnormal deal:hy_cnr30_satellite_cnt=0
05-22 07:16:22.228   558  1606 D gps_hdbd: hy abnormal deal:hy_fixStatus_fail_count=0
05-22 07:16:22.229   291  1491 D EvsDriver: Delivered 0xb400007b2f47ca30 as id 0
05-22 07:16:22.229  1026  1026 D MyAppLog: [2026-05-22 07:16:22.228 D tboxap gspDataAnalyze:346] [Gps] rev gps data:$GNRMC,231622.000,V,,,,,,,210526,120.0,E,N,V*45
05-22 07:16:22.229  1026  1026 D MyAppLog: [2026-05-22 07:16:22.228 D tboxap Real_GPS_Command_Process:293] [Gps] GPS_INFOR_IF_COMPLETED 0f
05-22 07:16:22.229  1137  1150 D evsmanagerd: /dev/video4 forwarded the buffer #0 to 0xb4000071fa019690 from 0xb4000071fa01b7d0
05-22 07:16:22.229  1026  1026 D MyAppLog: [2026-05-22 07:16:22.228 D tboxap gpsCommDataCb:143] [Gps] [gpsCommDataCb] datacb
05-22 07:16:22.229  1026  1026 W MyAppLog: [2026-05-22 07:16:22.228 W tboxap gpsSyncGpsInfoToDm:263] [Gps] [gpsSyncGpsInfoToDm] fix=0 mode=49 alt=0.00 sat=0 hdop=0.00 pdop=0.00 vdop=0.00
05-22 07:16:22.229  1026  1026 D MyAppLog: [2026-05-22 07:16:22.228 D tboxap gpsIpcInfoCallBack:161] [Gps] [gpsIpcInfoCallBack] gpsIpcInfoCallBack in
05-22 07:16:22.229  1026  1026 D MyAppLog: [2026-05-22 07:16:22.228 D tboxap gpsIpcInfoCallBack:168] [Gps] [gpsIpcInfoCallBack] gps ipc init gpsIpcInfoCallBack = 0x64d0daa0fc
05-22 07:16:22.229  1026  1026 D MyAppLog: [2026-05-22 07:16:22.228 D tboxap gpsIpcInfoCallBack:176] [Gps] [gpsIpcInfoCallBack] gpsIpcInfoCallBack 44 out
05-22 07:16:22.229  1026  1026 D MyAppLog: [2026-05-22 07:16:22.228 D tboxap gpsCommTboxmidsRecvCb:66] [Gps] [gpsCommTboxmidsRecvCb] gps nmea updated:$GNRMC,231622.000,V,,,,,,,210526,120.0,E,N,V*45
05-22 07:16:22.229  1026  1026 D MyAppLog: 
05-22 07:16:22.229  1026  1026 D MyAppLog: [2026-05-22 07:16:22.228 D tboxap GpsIpcInfoHandler:133] [Gps] [GpsIpcInfoHandler]  time 
05-22 07:16:22.229  3735  3735 D NSLogUtils_MediaForegroundService: updateNotification isPlaying=true title=山河万里 任我踏歌行 text=凌绝顶-梓渝
05-22 07:16:22.229   291  1135 D EvsDriver: doneWithFrame
05-22 06:34:55.972   573   573 D spi_rst_gpio_get_output: GPIO 145 value: 1
05-22 06:34:55.972   573   573 D spidev_ioctl: gpio status=1)
05-22 07:16:22.231  2981  3177 I SentryImuMcuAngleSender: 179.91725rollDeg
05-22 07:16:22.232  2981  3177 I SentryImuMcuAngleSender: 1,0,0
05-22 07:16:22.233   737   737 D NotificationService: EnqueueNotificationRunnable.run for: 0|com.neusoft.btmusic|8001|null|1000
05-22 07:16:22.234   737   737 I notification_enqueue: [1000,3735,com.neusoft.btmusic,8001,NULL,0,Notification(channel=media_playback_channel shortcut=null contentView=null vibrate=null sound=null defaults=0x0 flags=0x4a color=0x00000000 category=transport groupKey=silent actions=3 vis=PUBLIC),1]
05-22 07:16:22.234   558  1606 I gps_hdbd: Received: '$GNZDA,231622.000,21,05,2026,00,00*4E
'
05-22 07:16:22.234   573   573 I SpiService: fgesysctrl_getGPIO_status success val=1
05-22 07:16:22.235  3735  3735 D NSLogUtils_BluetoothPlayerService: MediaForegroundService is running: true
05-22 07:16:22.235  3735  3735 I NSLogUtils_BtMusicModel: onMetadataChanged =====> title: 山河万里 任我踏歌行,descriptionChar: MUSIC_SOURCE_BT,iconBitmap: null,iconUri: null,mediaId: null,subtitle: 凌绝顶-梓渝
05-22 07:16:22.236  1026  1026 D MyAppLog: [2026-05-22 07:16:22.235 D tboxap gspDataAnalyze:346] [Gps] rev gps data:$GNZDA,231622.000,21,05,2026,00,00*4E
05-22 07:16:22.236  1026  1026 D MyAppLog: [2026-05-22 07:16:22.235 D tboxap gpsCommTboxmidsRecvCb:66] [Gps] [gpsCommTboxmidsRecvCb] gps nmea updated:$GNZDA,231622.000,21,05,2026,00,00*4E
05-22 07:16:22.236  1026  1026 D MyAppLog: 
05-22 07:16:22.237  3735  3735 I NSLogUtils_BtMusicModel: musicChange metaData: android.media.MediaMetadata@7cccc0b9
05-22 07:16:22.237  3735  3735 I NSLogUtils_BtMusicModel: musicChange title: 山河万里 任我踏歌行,artist: 凌绝顶-梓渝,duration: 210966,album: 凌绝顶,albumArtUri: null
05-22 06:34:55.977   573   573 D spi_rst_gpio_get_output: GPIO 145 value: 1
05-22 06:34:55.977   573   573 D spidev_ioctl: gpio status=1)
05-22 07:16:22.237  1812  1812 I ExtAssistant: ENQUEUED 0|com.neusoft.btmusic|8001|null|1000 on media_playback_channel
05-22 07:16:22.239  1812  2664 D ExtAssistant: Creating Adjustment for 0|com.neusoft.btmusic|8001|null|1000, with 0 actions, and 0 replies.
05-22 07:16:22.240   558  1606 I gps_hdbd: Received: '$GNGST,231622.000,,,,,,,*51
'
05-22 07:16:22.240   573   573 I SpiService: fgesysctrl_getGPIO_status success val=1
05-22 07:16:22.240  3735  3735 D NSLogUtils_MainActivity: mMusicTitle->山河万里 任我踏歌行
05-22 07:16:22.245   573   573 I SpiService: fgesysctrl_getGPIO_status success val=0
05-22 07:16:22.245   276   300 I rvcservice: t.code = 4, t.value = 0
05-22 06:34:55.983   573   573 D spi_rst_gpio_get_output: GPIO 145 value: 1
05-22 06:34:55.983   573   573 D spidev_ioctl: gpio status=1)
05-22 06:34:55.989   573   573 D spi_rst_gpio_get_output: GPIO 145 value: 0
05-22 06:34:55.989   573   573 D spidev_ioctl: gpio status=0)
05-22 07:16:22.252   291  1491 D EvsDriver: forwardFrame
05-22 07:16:22.252  2981  3177 I SentryImuMcuAngleSender: 179.91379rollDeg
05-22 07:16:22.252  2981  3177 I SentryImuMcuAngleSender: 1,0,0
05-22 07:16:22.254   964  1804 D [OMXB]  : usingANWBuffer: handle:0xebd428a0, format:1, w:1920, h:1080
05-22 07:16:22.254   291  1491 D EvsDriver: Delivered 0xb400007b2f47ca30 as id 0
05-22 07:16:22.254  1137  1150 D evsmanagerd: /dev/video4 forwarded the buffer #0 to 0xb4000071fa019690 from 0xb4000071fa01b7d0
05-22 07:16:22.256   558  1606 I gps_hdbd: Received: '$GNINS,1,1,TYPE,I,V,231622.000,650200,FUS,-14,0,0,0,MOT,V,1,PATT,0.00,0.00,0.00,VEL,0.000,0.000,0.000,POS,39.9999846247,115.9999771395,108.489,IIA,1,0.00,0.00,0.00,BGA,0.44,-0.52,-1.01,0.000,0.000,0.000,IGA,0,-1,-1,0,-1,99,VG,16c2ff1*38
'
05-22 07:16:22.257   291  1135 D EvsDriver: doneWithFrame
05-22 07:16:22.257   544   544 D commservice260303: msg.id = 1028,1
05-22 07:16:22.257   544   544 D commservice260303: i = 170, msgid = 8A000404
05-22 07:16:22.257   544   544 D commservice260303: msgid = -1979710460,did=138
05-22 07:16:22.257   544   544 D commservice260303: CommProtocolLibCmdBaseI2C::dataproc {"command":{"id":"imu_status","sub":""},"content":{"TimeStamp":1779405382256,"FrameCounter":15753,"GD_X":-0.009161898866295815,"GD_Y":0.007558800280094147,"GD_Z":0.017485838383436203,"AD_X":-0.001691661775112152,"AD_Y":0.0013333074748516083,"AD_Z":-0.3290700912475586,"TempDsp":0,"Status":0,"CalibState":1,"SigAmpInvalid":0}},-1979710460
05-22 07:16:22.257   544   544 D commservice260303: send2Cluster len:325, 7B22636F6D6D616E64223A7B226964223A22696D755F737461747573222C22737562223A22227D2C22636F6E74656E74223A7B2254696D655374616D70223A313737393430353338323235362C224672616D65436F756E746572223A31353735332C2247445F58223A2D302E3030393136313839383836363239353831352C2247445F59223A302E3030373535383830303238303039343134372C2247445F5A223A302E3031373438353833383338333433363230332C2241445F58223A2D302E3030313639313636313737353131323135322C2241445F59223A302E303031333333333037343734383531363038332C2241445F5A223A2D302E333239303730303931323437353538362C2254656D70447370223A302C22537461747573223A302C2243616C69625374617465223A312C22536967416D70496E76616C6964223A307D7D, 138 
05-22 07:16:22.258   544   544 D commservice260303: Push Message into SendPool fn=-616693760
05-22 07:16:22.258   544   544 D commservice260303: ComProtocolLibSend2Cluster::send2ClusterRaw fn=-616693760 , len=341
05-22 07:16:22.258   544   544 D commservice260303: sendCmdToPort :341!!!
05-22 07:16:22.258   544   544 D commservice260303: send Cmd To Port ++++5AA501518A0100003EDB6A0F92467B22636F6D6D616E64223A7B226964223A22696D755F737461747573222C22737562223A22227D2C22636F6E74656E74223A7B2254696D655374616D70223A313737393430353338323235362C224672616D65436F756E746572223A31353735332C2247445F58223A2D302E3030393136313839383836363239353831352C2247445F59223A302E3030373535383830303238303039343134372C2247445F5A223A302E3031373438353833383338333433363230332C2241445F58223A2D302E3030313639313636313737353131323135322C2241445F59223A302E303031333333333037343734383531363038332C2241445F5A223A2D302E333239303730303931323437353538362C2254656D70447370223A302C22537461747573223A302C2243616C69625374617465223A312C22536967416D70496E76616C6964223A307D7D1F99
05-22 07:16:22.258   544   544 D commservice260303: bufferevent_write retrun value = 0
05-22 07:16:22.258   544   567 D commservice260303: client datas send succeed,send finish
05-22 07:16:22.258  2981  3178 D Sentinelmode_1.2.5.13_alpha: <SentryImuClusterFgeSender>imu_status sent to Linux, frame=15753, tsNs=667216, tsMs=1779405382256, intervalMs=38, ad=(-0.0016916618,0.0013333075,-0.3290701), gd=(-0.009161899,0.0075588003,0.017485838)
05-22 07:16:22.260   573   573 I SpiService: fgesysctrl_getGPIO_status success val=1
05-22 06:34:56.003   573   573 D spi_rst_gpio_get_output: GPIO 145 value: 1
05-22 06:34:56.003   573   573 D spidev_ioctl: gpio status=1)
05-22 07:16:22.265   573   573 I SpiService: fgesysctrl_getGPIO_status success val=1
05-22 06:34:56.009   573   573 D spi_rst_gpio_get_output: GPIO 145 value: 1
05-22 06:34:56.009   573   573 D spidev_ioctl: gpio status=1)
05-22 07:16:22.267   558  1606 I gps_hdbd: Received: '$GNINS,CARSPEED,ADR_STATUS,0,Pulse_count,0,1,0,0,650200,6502,0.000,0.000,0.000*06
'
05-22 07:16:22.271   573   573 I SpiService: fgesysctrl_getGPIO_status success val=1
05-22 07:16:22.273  2981  3177 I SentryImuMcuAngleSender: 179.91379rollDeg
05-22 07:16:22.273   737   737 D Telecom : Logging: START_SESSION
05-22 07:16:22.273  2981  3177 I SentryImuMcuAngleSender: 1,0,0
05-22 07:16:22.273   737   737 D Telecom : Logging: END_SESSION (dur: 0 ms): TSI.iIMC@CNI
05-22 07:16:22.273   558  1606 I gps_hdbd: Received: '$GNTXT,04,01,04,INS,V,1,,,,FLG,1,000000,1,0,1,0,0,Con,0*71
'
05-22 07:16:22.273   737   737 D Telecom : Logging: START_SESSION
05-22 06:34:56.014   573   573 D spi_rst_gpio_get_output: GPIO 145 value: 1
05-22 06:34:56.014   573   573 D spidev_ioctl: gpio status=1)
05-22 07:16:22.273   737   737 D Telecom : Logging: END_SESSION (dur: 0 ms): TSI.iISMC(a)@CNM
05-22 07:16:22.273   558  1606 I gps_hdbd: Received: '$GNTXT,INSTALL,0.00,0.00,0.00,0.00,0.00,0.00,0*20
'
05-22 07:16:22.273   737   737 D ResponseStatsTracker: notification:+11m7s54ms; event=<updated>, pkg=com.neusoft.btmusic, usr=0
05-22 07:16:22.274   737   737 D Telecom : Logging: START_SESSION
05-22 07:16:22.274   737   737 D Telecom : Logging: END_SESSION (dur: 0 ms): TSI.gDDP@CNQ
05-22 07:16:22.274   737   737 D Telecom : Logging: START_SESSION
05-22 07:16:22.274   737   737 D Telecom : Logging: END_SESSION (dur: 0 ms): TSI.gDDP@CNU
05-22 07:16:22.274   737   737 D Telecom : Logging: START_SESSION
05-22 07:16:22.274   737   737 D Telecom : Logging: END_SESSION (dur: 0 ms): TSI.gDDP@CNY
05-22 07:16:22.274   737   737 D Telecom : Logging: START_SESSION
05-22 07:16:22.274   737   737 D Telecom : Logging: END_SESSION (dur: 0 ms): TSI.gDDP@CNc
05-22 07:16:22.274   737   737 D NotificationService: 0|com.neusoft.btmusic|8001|null|1000: updating permissions
05-22 07:16:22.274   737   737 D NotificationService: 0|com.neusoft.btmusic|8001|null|1000: updating permissions
05-22 07:16:22.274   737   737 D NotificationService: 0|com.neusoft.btmusic|8001|null|1000: updating permissions
05-22 07:16:22.275   737   737 D NotificationService: 0|com.neusoft.btmusic|8001|null|1000: updating permissions
05-22 07:16:22.275   737   737 D NotificationService: 0|com.neusoft.btmusic|8001|null|1000: updating permissions
05-22 07:16:22.275   737   737 D NotificationService: 0|com.neusoft.btmusic|8001|null|1000: updating permissions
05-22 07:16:22.276   737  1616 D PowerController.AppState: - updateNotification() E -
05-22 07:16:22.276   573   573 I SpiService: fgesysctrl_getGPIO_status success val=1
05-22 07:16:22.276  1517  1517 D CarNotificationListener: onNotificationPosted: StatusBarNotification(pkg=com.neusoft.btmusic user=UserHandle{0} id=8001 tag=null key=0|com.neusoft.btmusic|8001|null|1000: Notification(channel=media_playback_channel shortcut=null contentView=null vibrate=null sound=null defaults=0x0 flags=0x6a color=0x00000000 category=transport groupKey=silent actions=3 vis=PUBLIC))
05-22 07:16:22.277  1517  1517 D CarNotificationListener: Is incoming notification a group summary?: false
05-22 07:16:22.277  1812  1812 I ExtAssistant: POSTED 0|com.neusoft.btmusic|8001|null|1000
05-22 07:16:22.277  1517  1517 D NavBarFragment: onShow: AlertEntry:StatusBarNotification(pkg=com.neusoft.btmusic user=UserHandle{0} id=8001 tag=null key=0|com.neusoft.btmusic|8001|null|1000: Notification(channel=media_playback_channel shortcut=null contentView=null vibrate=null sound=null defaults=0x0 flags=0x6a color=0x00000000 category=transport groupKey=silent actions=3 vis=PUBLIC))
05-22 07:16:22.277  1517  1517 D NavBarFragment: bindMediaActions: action[0] title=Previous, intent=PendingIntent{1ee9bf7: android.os.BinderProxy@beb4470}
05-22 07:16:22.277  1517  1517 D NavBarFragment: bindMediaActions: action[1] title=Pause, intent=PendingIntent{e27da64: android.os.BinderProxy@b332c26}
05-22 07:16:22.277  1517  1517 D NavBarFragment: bindMediaActions: action[2] title=Next, intent=PendingIntent{8daa4cd: android.os.BinderProxy@d0c76b3}
05-22 07:16:22.277  1517  1517 D NavBarFragment: bindMediaActions: previous=0, playPause=1, next=2, key=0|com.neusoft.btmusic|8001|null|1000
05-22 07:16:22.277  1517  1517 D NavBarFragment: updateMediaInfo: title=狂沙漫卷 无畏无惧 历经磨铁血丹心, text=凌绝顶-梓渝, pkg=com.neusoft.btmusic
05-22 06:34:56.019   573   573 D spi_rst_gpio_get_output: GPIO 145 value: 1
05-22 06:34:56.019   573   573 D spidev_ioctl: gpio status=1)
05-22 06:34:56.025   573   573 D spi_rst_gpio_get_output: GPIO 145 value: 1
05-22 06:34:56.025   573   573 D spidev_ioctl: gpio status=1)
05-22 07:16:22.279   558  1606 I gps_hdbd: nmea_cs <0> != calc_cs <fd>, return -1
05-22 07:16:22.279   737   737 D Telecom : Logging: START_SESSION
05-22 07:16:22.280   737   737 D Telecom : Logging: END_SESSION (dur: 1 ms): TSI.iIMC@CNg
05-22 07:16:22.280   737   737 D Telecom : Logging: START_SESSION
05-22 07:16:22.280   737   737 D Telecom : Logging: END_SESSION (dur: 0 ms): TSI.iISMC(a)@CNk
05-22 07:16:22.280   737   737 D ResponseStatsTracker: notification:+11m7s59ms; event=<updated>, pkg=com.neusoft.btmusic, usr=0
05-22 07:16:22.280   291  1491 D EvsDriver: forwardFrame
05-22 07:16:22.280   737   737 D Telecom : Logging: START_SESSION
05-22 07:16:22.281   737   737 D Telecom : Logging: END_SESSION (dur: 0 ms): TSI.gDDP@CNo
05-22 07:16:22.281   737   737 D Telecom : Logging: START_SESSION
05-22 07:16:22.281   737   737 D Telecom : Logging: END_SESSION (dur: 0 ms): TSI.gDDP@CNs
05-22 07:16:22.281   737   737 D Telecom : Logging: START_SESSION
05-22 07:16:22.281   737   737 D Telecom : Logging: END_SESSION (dur: 0 ms): TSI.gDDP@CNw
05-22 07:16:22.281   737   737 D Telecom : Logging: START_SESSION
05-22 07:16:22.281   291  1491 D EvsDriver: Delivered 0xb400007b2f47ca30 as id 0
05-22 07:16:22.281   737   737 D Telecom : Logging: END_SESSION (dur: 0 ms): TSI.gDDP@CN0
05-22 07:16:22.281  1137  1150 D evsmanagerd: /dev/video4 forwarded the buffer #0 to 0xb4000071fa019690 from 0xb4000071fa01b7d0
05-22 07:16:22.281   737   737 D NotificationService: 0|com.neusoft.btmusic|8001|null|1000: updating permissions
05-22 07:16:22.281   737   737 D NotificationService: 0|com.neusoft.btmusic|8001|null|1000: updating permissions
05-22 07:16:22.281   737   737 D NotificationService: 0|com.neusoft.btmusic|8001|null|1000: updating permissions
05-22 07:16:22.281   737   737 D NotificationService: 0|com.neusoft.btmusic|8001|null|1000: updating permissions
05-22 07:16:22.281   573   573 I SpiService: fgesysctrl_getGPIO_status success val=1
05-22 07:16:22.281   737   737 D NotificationService: 0|com.neusoft.btmusic|8001|null|1000: updating permissions
05-22 07:16:22.281   737   737 D NotificationService: 0|com.neusoft.btmusic|8001|null|1000: updating permissions
05-22 07:16:22.284  1026  1026 D MyAppLog: [2026-05-22 07:16:22.283 D tboxap tsp_WorkMachineProc:1086] [Tsp] [tsp_WorkMachineProc]TSP_WORK_LOGIN NOW !!!!
05-22 07:16:22.284   291  1135 D EvsDriver: doneWithFrame
05-22 07:16:22.284   737  1616 D PowerController.AppState: - updateNotification() E -
05-22 07:16:22.285  1812  1812 I ExtAssistant: POSTED 0|com.neusoft.btmusic|8001|null|1000
05-22 07:16:22.287   573   573 I SpiService: fgesysctrl_getGPIO_status success val=0
05-22 07:16:22.289  1517  1517 D CarNotificationListener: onNotificationPosted: StatusBarNotification(pkg=com.neusoft.btmusic user=UserHandle{0} id=8001 tag=null key=0|com.neusoft.btmusic|8001|null|1000: Notification(channel=media_playback_channel shortcut=null contentView=null vibrate=null sound=null defaults=0x0 flags=0x6a color=0x00000000 category=transport groupKey=silent actions=3 vis=PUBLIC))
05-22 06:34:56.030   573   573 D spi_rst_gpio_get_output: GPIO 145 value: 0
05-22 06:34:56.030   573   573 D spidev_ioctl: gpio status=0)
05-22 07:16:22.291  1517  1517 D NavBarFragment: bindMediaActions: action[1] title=Pause, intent=PendingIntent{670093: android.os.BinderProxy@b332c26}
05-22 07:16:22.291  1517  1517 D NavBarFragment: bindMediaActions: action[2] title=Next, intent=PendingIntent{2ba38d0: android.os.BinderProxy@d0c76b3}
05-22 07:16:22.291  1517  1517 D NavBarFragment: bindMediaActions: previous=0, playPause=1, next=2, key=0|com.neusoft.btmusic|8001|null|1000
05-22 07:16:22.291  1517  1517 D NavBarFragment: updateMediaInfo: title=狂沙漫卷 无畏无惧 历经磨铁血丹心, text=凌绝顶-梓渝, pkg=com.neusoft.btmusic
05-22 07:16:22.294  2981  3177 I SentryImuMcuAngleSender: 179.9172rollDeg
05-22 07:16:22.294  2981  3177 I SentryImuMcuAngleSender: 1,0,0
05-22 07:16:22.297   544   544 D commservice260303: msg.id = 1028,1
05-22 07:16:22.297   544   544 D commservice260303: i = 170, msgid = 8A000404
05-22 07:16:22.297   544   544 D commservice260303: msgid = -1979710460,did=138
05-22 07:16:22.297   544   544 D commservice260303: CommProtocolLibCmdBaseI2C::dataproc {"command":{"id":"imu_status","sub":""},"content":{"TimeStamp":1779405382297,"FrameCounter":15754,"GD_X":-0.009314822033047676,"GD_Y":0.008169975131750107,"GD_Z":0.017944088205695152,"AD_X":-0.004131399095058441,"AD_Y":7.221996784210205E-4,"AD_Z":-0.3247995376586914,"TempDsp":0,"Status":0,"CalibState":1,"SigAmpInvalid":0}},-1979710460
05-22 07:16:22.297   544   544 D commservice260303: send2Cluster len:324, 7B22636F6D6D616E64223A7B226964223A22696D755F737461747573222C22737562223A22227D2C22636F6E74656E74223A7B2254696D655374616D70223A313737393430353338323239372C224672616D65436F756E746572223A31353735342C2247445F58223A2D302E3030393331343832323033333034373637362C2247445F59223A302E3030383136393937353133313735303130372C2247445F5A223A302E3031373934343038383230353639353135322C2241445F58223A2D302E3030343133313339393039353035383434312C2241445F59223A372E323231393936373834323130323035452D342C2241445F5A223A2D302E333234373939353337363538363931342C2254656D70447370223A302C22537461747573223A302C2243616C69625374617465223A312C22536967416D70496E76616C6964223A307D7D, 138 
05-22 07:16:22.298   544   544 D commservice260303: Push Message into SendPool fn=-599916544
05-22 07:16:22.298   544   544 D commservice260303: ComProtocolLibSend2Cluster::send2ClusterRaw fn=-599916544 , len=340
05-22 07:16:22.298   544   544 D commservice260303: sendCmdToPort :340!!!
05-22 07:16:22.298   544   544 D commservice260303: send Cmd To Port ++++5AA501508A0100003EDC6A0F92467B22636F6D6D616E64223A7B226964223A22696D755F737461747573222C22737562223A22227D2C22636F6E74656E74223A7B2254696D655374616D70223A313737393430353338323239372C224672616D65436F756E746572223A31353735342C2247445F58223A2D302E3030393331343832323033333034373637362C2247445F59223A302E3030383136393937353133313735303130372C2247445F5A223A302E3031373934343038383230353639353135322C2241445F58223A2D302E3030343133313339393039353035383434312C2241445F59223A372E323231393936373834323130323035452D342C2241445F5A223A2D302E333234373939353337363538363931342C2254656D70447370223A302C22537461747573223A302C2243616C69625374617465223A312C22536967416D70496E76616C6964223A307D7D3243
05-22 07:16:22.298   544   544 D commservice260303: bufferevent_write retrun value = 0
05-22 07:16:22.298   544   567 D commservice260303: client datas send succeed,send finish
05-22 07:16:22.298  2981  3178 D Sentinelmode_1.2.5.13_alpha: <SentryImuClusterFgeSender>imu_status sent to Linux, frame=15754, tsNs=667268, tsMs=1779405382297, intervalMs=40, ad=(-0.004131399,7.221997E-4,-0.32479954), gd=(-0.009314822,0.008169975,0.017944088)
