05-22 07:16:20.926   544   544 D commservice260303: i = 170, msgid = 8A000404
05-22 07:16:20.926   544   544 D commservice260303: msgid = -1979710460,did=138
05-22 07:16:20.926   544   544 D commservice260303: CommProtocolLibCmdBaseI2C::dataproc {"command":{"id":"imu_status","sub":""},"content":{"TimeStamp":1779405380925,"FrameCounter":15720,"GD_X":-0.009161898866295815,"GD_Y":0.007482858840376139,"GD_Z":0.017485838383436203,"AD_X":-0.0034986138343811035,"AD_Y":0.00445281807333231,"AD_Z":-0.3254117965698242,"TempDsp":0,"Status":0,"CalibState":1,"SigAmpInvalid":0}},-1979710460
05-22 07:16:20.926   544   544 D commservice260303: send2Cluster len:324, 7B22636F6D6D616E64223A7B226964223A22696D755F737461747573222C22737562223A22227D2C22636F6E74656E74223A7B2254696D655374616D70223A313737393430353338303932352C224672616D65436F756E746572223A31353732302C2247445F58223A2D302E3030393136313839383836363239353831352C2247445F59223A302E3030373438323835383834303337363133392C2247445F5A223A302E3031373438353833383338333433363230332C2241445F58223A2D302E303033343938363133383334333831313033352C2241445F59223A302E30303434353238313830373333333233312C2241445F5A223A2D302E333235343131373936353639383234322C2254656D70447370223A302C22537461747573223A302C2243616C69625374617465223A312C22536967416D70496E76616C6964223A307D7D, 138 
05-22 07:16:20.926   544   544 D commservice260303: Push Message into SendPool fn=-1187119104
05-22 07:16:20.926   544   544 D commservice260303: ComProtocolLibSend2Cluster::send2ClusterRaw fn=-1187119104 , len=340
05-22 07:16:20.926   544   544 D commservice260303: sendCmdToPort :340!!!
05-22 07:16:20.926   544   544 D commservice260303: send Cmd To Port ++++5AA501508A0100003EB96A0F92447B22636F6D6D616E64223A7B226964223A22696D755F737461747573222C22737562223A22227D2C22636F6E74656E74223A7B2254696D655374616D70223A313737393430353338303932352C224672616D65436F756E746572223A31353732302C2247445F58223A2D302E3030393136313839383836363239353831352C2247445F59223A302E3030373438323835383834303337363133392C2247445F5A223A302E3031373438353833383338333433363230332C2241445F58223A2D302E303033343938363133383334333831313033352C2241445F59223A302E30303434353238313830373333333233312C2241445F5A223A2D302E333235343131373936353639383234322C2254656D70447370223A302C22537461747573223A302C2243616C69625374617465223A312C22536967416D70496E76616C6964223A307D7D230A
05-22 07:16:20.926   544   544 D commservice260303: bufferevent_write retrun value = 0
05-22 07:16:20.926  2981  3178 D Sentinelmode_1.2.5.13_alpha: <SentryImuClusterFgeSender>imu_status sent to Linux, frame=15720, tsNs=665902, tsMs=1779405380925, intervalMs=40, ad=(-0.0034986138,0.004452818,-0.3254118), gd=(-0.009161899,0.007482859,0.017485838)
05-22 07:16:20.926   544   567 D commservice260303: client datas send succeed,send finish
05-22 07:16:20.936   573   573 I SpiService: fgesysctrl_getGPIO_status success val=1
05-22 06:34:54.680   573   573 D spi_rst_gpio_get_output: GPIO 145 value: 1
05-22 06:34:54.680   573   573 D spidev_ioctl: gpio status=1)
05-22 07:16:20.940  2981  3177 I SentryImuMcuAngleSender: 179.90341rollDeg
05-22 07:16:20.940  2981  3177 I SentryImuMcuAngleSender: 1,0,0
05-22 07:16:20.942   573   573 I SpiService: fgesysctrl_getGPIO_status success val=1
05-22 07:16:20.943   276   300 I rvcservice: t.code = 3, t.value = 0
05-22 06:34:54.685   573   573 D spi_rst_gpio_get_output: GPIO 145 value: 1
05-22 06:34:54.685   573   573 D spidev_ioctl: gpio status=1)
05-22 07:16:20.947   573   573 I SpiService: fgesysctrl_getGPIO_status success val=1
05-22 07:16:20.950   291  1491 D EvsDriver: forwardFrame
05-22 07:16:20.951   291  1491 D EvsDriver: Delivered 0xb400007b2f47ca30 as id 0
05-22 07:16:20.951  1137  1150 D evsmanagerd: /dev/video4 forwarded the buffer #0 to 0xb4000071fa019690 from 0xb4000071fa01b7d0
05-22 07:16:20.951   964  1804 D [OMXB]  : usingANWBuffer: handle:0xebd428a0, format:1, w:1920, h:1080
05-22 06:34:54.690   573   573 D spi_rst_gpio_get_output: GPIO 145 value: 1
05-22 06:34:54.690   573   573 D spidev_ioctl: gpio status=1)
05-22 06:34:54.696   573   573 D spi_rst_gpio_get_output: GPIO 145 value: 1
05-22 06:34:54.696   573   573 D spidev_ioctl: gpio status=1)
05-22 07:16:20.953   573   573 I SpiService: fgesysctrl_getGPIO_status success val=1
05-22 07:16:20.953   291  1135 D EvsDriver: doneWithFrame
05-22 07:16:20.958   573   573 I SpiService: fgesysctrl_getGPIO_status success val=1
05-22 07:16:20.961  2981  3177 I SentryImuMcuAngleSender: 179.9241rollDeg
05-22 07:16:20.961  2981  3177 I SentryImuMcuAngleSender: 1,0,0
05-22 06:34:54.702   573   573 D spi_rst_gpio_get_output: GPIO 145 value: 1
05-22 06:34:54.702   573   573 D spidev_ioctl: gpio status=1)
05-22 07:16:20.964   573   573 I SpiService: fgesysctrl_getGPIO_status success val=0
05-22 07:16:20.967   544   544 D commservice260303: msg.id = 1028,0
05-22 06:34:54.707   573   573 D spi_rst_gpio_get_output: GPIO 145 value: 0
05-22 06:34:54.707   573   573 D spidev_ioctl: gpio status=0)
05-22 07:16:20.967   544   544 D commservice260303: i = 170, msgid = 8A000404
05-22 07:16:20.967   544   544 D commservice260303: msgid = -1979710460,did=138
05-22 07:16:20.967   544   544 D commservice260303: CommProtocolLibCmdBaseI2C::dataproc {"command":{"id":"imu_status","sub":""},"content":{"TimeStamp":1779405380966,"FrameCounter":15721,"GD_X":-0.008857090957462788,"GD_Y":0.007788185961544514,"GD_Z":0.01763824187219143,"AD_X":-0.002280034124851227,"AD_Y":-4.2910967022180557E-4,"AD_Z":-0.3247995376586914,"TempDsp":0,"Status":0,"CalibState":1,"SigAmpInvalid":0}},-1979710460
05-22 07:16:20.967   544   544 D commservice260303: send2Cluster len:325, 7B22636F6D6D616E64223A7B226964223A22696D755F737461747573222C22737562223A22227D2C22636F6E74656E74223A7B2254696D655374616D70223A313737393430353338303936362C224672616D65436F756E746572223A31353732312C2247445F58223A2D302E3030383835373039303935373436323738382C2247445F59223A302E3030373738383138353936313534343531342C2247445F5A223A302E30313736333832343138373231393134332C2241445F58223A2D302E3030323238303033343132343835313232372C2241445F59223A2D342E32393130393637303232313830353537452D342C2241445F5A223A2D302E333234373939353337363538363931342C2254656D70447370223A302C22537461747573223A302C2243616C69625374617465223A312C22536967416D70496E76616C6964223A307D7D, 138 
05-22 07:16:20.967   544   544 D commservice260303: Push Message into SendPool fn=-1170341888
05-22 07:16:20.967   544   544 D commservice260303: ComProtocolLibSend2Cluster::send2ClusterRaw fn=-1170341888 , len=341
05-22 07:16:20.967   544   544 D commservice260303: sendCmdToPort :341!!!
05-22 07:16:20.967   544   544 D commservice260303: send Cmd To Port ++++5AA501518A0100003EBA6A0F92447B22636F6D6D616E64223A7B226964223A22696D755F737461747573222C22737562223A22227D2C22636F6E74656E74223A7B2254696D655374616D70223A313737393430353338303936362C224672616D65436F756E746572223A31353732312C2247445F58223A2D302E3030383835373039303935373436323738382C2247445F59223A302E3030373738383138353936313534343531342C2247445F5A223A302E30313736333832343138373231393134332C2241445F58223A2D302E3030323238303033343132343835313232372C2241445F59223A2D342E32393130393637303232313830353537452D342C2241445F5A223A2D302E333234373939353337363538363931342C2254656D70447370223A302C22537461747573223A302C2243616C69625374617465223A312C22536967416D70496E76616C6964223A307D7DC173
05-22 07:16:20.967   544   544 D commservice260303: bufferevent_write retrun value = 0
05-22 07:16:20.968  2981  3178 D Sentinelmode_1.2.5.13_alpha: <SentryImuClusterFgeSender>imu_status sent to Linux, frame=15721, tsNs=665938, tsMs=1779405380966, intervalMs=41, ad=(-0.0022800341,-4.2910967E-4,-0.32479954), gd=(-0.008857091,0.007788186,0.017638242)
05-22 07:16:20.968   544   567 D commservice260303: client datas send succeed,send finish
05-22 07:16:20.974   565   565 I Sensors : 230 AccelSensor: x:-0.106750,y:0.014639,z:-10.130272
05-22 07:16:20.978   573   573 I SpiService: fgesysctrl_getGPIO_status success val=1
05-22 06:34:54.721   573   573 D spi_rst_gpio_get_output: GPIO 145 value: 1
05-22 06:34:54.721   573   573 D spidev_ioctl: gpio status=1)
05-22 07:16:20.982  2981  3177 I SentryImuMcuAngleSender: 179.9172rollDeg
05-22 07:16:20.982  2981  3177 I SentryImuMcuAngleSender: 1,0,0
05-22 07:16:20.983   573   573 I SpiService: fgesysctrl_getGPIO_status success val=1
05-22 07:16:20.984   291  1491 D EvsDriver: forwardFrame
05-22 06:34:54.727   573   573 D spi_rst_gpio_get_output: GPIO 145 value: 1
05-22 06:34:54.727   573   573 D spidev_ioctl: gpio status=1)
05-22 07:16:20.986   291  1491 D EvsDriver: Delivered 0xb400007b2f47ca30 as id 0
05-22 07:16:20.986  1137  1150 D evsmanagerd: /dev/video4 forwarded the buffer #0 to 0xb4000071fa019690 from 0xb4000071fa01b7d0
05-22 07:16:20.988   291  1135 D EvsDriver: doneWithFrame
05-22 07:16:20.989   573   573 I SpiService: fgesysctrl_getGPIO_status success val=1
05-22 06:34:54.732   573   573 D spi_rst_gpio_get_output: GPIO 145 value: 1
05-22 06:34:54.732   573   573 D spidev_ioctl: gpio status=1)
05-22 07:16:20.995   573   573 I SpiService: fgesysctrl_getGPIO_status success val=1
05-22 07:16:20.995   964  1804 D [OMXB]  : usingANWBuffer: handle:0xebd446e0, format:1, w:1920, h:1080
05-22 06:34:54.738   573   573 D spi_rst_gpio_get_output: GPIO 145 value: 1
05-22 06:34:54.738   573   573 D spidev_ioctl: gpio status=1)
05-22 07:16:21.000   573   573 I SpiService: fgesysctrl_getGPIO_status success val=1
05-22 06:34:54.743   573   573 D spi_rst_gpio_get_output: GPIO 145 value: 1
05-22 06:34:54.743   573   573 D spidev_ioctl: gpio status=1)
05-22 07:16:21.002  2981  3177 I SentryImuMcuAngleSender: 179.90685rollDeg
05-22 07:16:21.002  2981  3177 I SentryImuMcuAngleSender: 1,0,0
05-22 07:16:21.005   573   573 I SpiService: fgesysctrl_getGPIO_status success val=0
05-22 06:34:54.749   573   573 D spi_rst_gpio_get_output: GPIO 145 value: 0
05-22 06:34:54.749   573   573 D spidev_ioctl: gpio status=0)
05-22 07:16:21.007   544   544 D commservice260303: msg.id = 1028,0
05-22 07:16:21.007   544   544 D commservice260303: i = 170, msgid = 8A000404
05-22 07:16:21.007   544   544 D commservice260303: msgid = -1979710460,did=138
05-22 07:16:21.007   544   544 D commservice260303: CommProtocolLibCmdBaseI2C::dataproc {"command":{"id":"imu_status","sub":""},"content":{"TimeStamp":1779405381006,"FrameCounter":15722,"GD_X":-0.008781149983406067,"GD_Y":0.007864127866923809,"GD_Z":0.017867106944322586,"AD_X":-0.0028917714953422546,"AD_Y":0.0026193736121058464,"AD_Z":-0.3241920471191406,"TempDsp":0,"Status":0,"CalibState":1,"SigAmpInvalid":0}},-1979710460
05-22 07:16:21.007   544   544 D commservice260303: send2Cluster len:326, 7B22636F6D6D616E64223A7B226964223A22696D755F737461747573222C22737562223A22227D2C22636F6E74656E74223A7B2254696D655374616D70223A313737393430353338313030362C224672616D65436F756E746572223A31353732322C2247445F58223A2D302E3030383738313134393938333430363036372C2247445F59223A302E3030373836343132373836363932333830392C2247445F5A223A302E3031373836373130363934343332323538362C2241445F58223A2D302E303032383931373731343935333432323534362C2241445F59223A302E303032363139333733363132313035383436342C2241445F5A223A2D302E333234313932303437313139313430362C2254656D70447370223A302C22537461747573223A302C2243616C69625374617465223A312C22536967416D70496E76616C6964223A307D7D, 138 
05-22 07:16:21.007   544   544 D commservice260303: Push Message into SendPool fn=-1153564672
05-22 07:16:21.007   544   544 D commservice260303: ComProtocolLibSend2Cluster::send2ClusterRaw fn=-1153564672 , len=342
05-22 07:16:21.007   544   544 D commservice260303: sendCmdToPort :342!!!
05-22 07:16:21.007   544   544 D commservice260303: send Cmd To Port ++++5AA501528A0100003EBB6A0F92457B22636F6D6D616E64223A7B226964223A22696D755F737461747573222C22737562223A22227D2C22636F6E74656E74223A7B2254696D655374616D70223A313737393430353338313030362C224672616D65436F756E746572223A31353732322C2247445F58223A2D302E3030383738313134393938333430363036372C2247445F59223A302E3030373836343132373836363932333830392C2247445F5A223A302E3031373836373130363934343332323538362C2241445F58223A2D302E303032383931373731343935333432323534362C2241445F59223A302E303032363139333733363132313035383436342C2241445F5A223A2D302E333234313932303437313139313430362C2254656D70447370223A302C22537461747573223A302C2243616C69625374617465223A312C22536967416D70496E76616C6964223A307D7D93EF
05-22 07:16:21.007   544   544 D commservice260303: bufferevent_write retrun value = 0
05-22 07:16:21.007   544   567 D commservice260303: client datas send succeed,send finish
05-22 07:16:21.008  2981  3178 D Sentinelmode_1.2.5.13_alpha: <SentryImuClusterFgeSender>imu_status sent to Linux, frame=15722, tsNs=665974, tsMs=1779405381006, intervalMs=40, ad=(-0.0028917715,0.0026193736,-0.32419205), gd=(-0.00878115,0.007864128,0.017867107)
05-22 07:16:21.010   565   565 I Sensors : 230 GyroSensor: x:-0.008628,y:0.007177,z:0.017562
05-22 07:16:21.016   291  1491 D EvsDriver: forwardFrame
05-22 07:16:21.017   291  1491 D EvsDriver: Delivered 0xb400007b2f47ca30 as id 0
05-22 07:16:21.017  1137  1150 D evsmanagerd: /dev/video4 forwarded the buffer #0 to 0xb4000071fa019690 from 0xb4000071fa01b7d0
05-22 07:16:21.017   486   580 I mcuc    : rev,n=1,6AA6810D0A000A8900CC010409141234564B
05-22 07:16:21.017   291  1135 D EvsDriver: doneWithFrame
05-22 07:16:21.017  1091  1116 I tboxmids_ap: [2026-05-22 07:16:21.017] [MCU RX] src=MCU dst=ZMQ len=10 type=BINARY data=00 08 CC 01 04 09 14 12 34 56 
05-22 07:16:21.017   344   361 D automotive.vehicle@2.0-adayo-datacomm-mcu: MCUDatacomm sendMessageFromVehicle prop: 0x89, areaId: 0x0, status: 0xcc, timestamp: 0x1
05-22 07:16:21.018   344   361 D automotive.vehicle@2.0-adayo-datacomm-mcu: MCUDatacomm 1sendMessageFromVehicle ---> type = 12 
05-22 07:16:21.018  1026  1026 I MyAppLog: [2026-05-22 07:16:21.018 I tboxap mcuCommTboxmidsRecvCb:96] [Mcu] [mcuCommTboxmidsRecvCb] recv from tboxmids, size:10
05-22 07:16:21.018  1026  1026 I MyAppLog: [2026-05-22 07:16:21.018 I tboxap mcuCommTboxmidsRecvCb:97] [Mcu] [tboxmids -> tboxap]: :00 08 CC 01 04 09 14 12 34 56
05-22 07:16:21.019  1026  1026 W MyAppLog: [2026-05-22 07:16:21.018 W tboxap mcuYadiFrameParse:831] [Mcu] [mcuYadiFrameParse] cmd:0914(MCU_SEC_BATT2_DYNAMIC_IND) payload too short:5 < 36
05-22 07:16:21.019  1026  1026 W MyAppLog: [2026-05-22 07:16:21.018 W tboxap mcuPtlParseData:961] [Mcu] [mcuPtlParseData] invalid yadi frame, len:10
05-22 07:16:21.019   573   573 I SpiService: fgesysctrl_getGPIO_status success val=1
05-22 06:34:54.763   573   573 D spi_rst_gpio_get_output: GPIO 145 value: 1
05-22 06:34:54.763   573   573 D spidev_ioctl: gpio status=1)
05-22 07:16:21.023  2981  3177 I SentryImuMcuAngleSender: 179.9103rollDeg
05-22 07:16:21.023  2981  3177 I SentryImuMcuAngleSender: 1,0,0
05-22 07:16:21.024   573   573 I SpiService: fgesysctrl_getGPIO_status success val=1
05-22 06:34:54.768   573   573 D spi_rst_gpio_get_output: GPIO 145 value: 1
05-22 06:34:54.768   573   573 D spidev_ioctl: gpio status=1)
05-22 07:16:21.030   573   573 I SpiService: fgesysctrl_getGPIO_status success val=1
05-22 06:34:54.773   573   573 D spi_rst_gpio_get_output: GPIO 145 value: 1
05-22 06:34:54.773   573   573 D spidev_ioctl: gpio status=1)
05-22 07:16:21.035   573   573 I SpiService: fgesysctrl_getGPIO_status success val=1
05-22 07:16:21.038  3735  3735 D NSLogUtils_MainActivity: progress->52304
05-22 06:34:54.779   573   573 D spi_rst_gpio_get_output: GPIO 145 value: 1
05-22 06:34:54.779   573   573 D spidev_ioctl: gpio status=1)
05-22 07:16:21.041   573   573 I SpiService: fgesysctrl_getGPIO_status success val=1
05-22 06:34:54.784   573   573 D spi_rst_gpio_get_output: GPIO 145 value: 1
05-22 06:34:54.784   573   573 D spidev_ioctl: gpio status=1)
05-22 07:16:21.043  2981  3177 I SentryImuMcuAngleSender: 179.91031rollDeg
05-22 07:16:21.043  2981  3177 I SentryImuMcuAngleSender: 1,0,0
05-22 07:16:21.044   276   300 I rvcservice: t.code = 4, t.value = 0
05-22 07:16:21.046   573   573 I SpiService: fgesysctrl_getGPIO_status success val=0
05-22 07:16:21.046   486   579 I mcuc    : send SPI:6AA6020D0A000289005C
05-22 07:16:21.047   544   544 D commservice260303: msg.id = 1028,0
05-22 07:16:21.047   544   544 D commservice260303: i = 170, msgid = 8A000404
05-22 07:16:21.047   544   544 D commservice260303: msgid = -1979710460,did=138
05-22 07:16:21.047   544   544 D commservice260303: CommProtocolLibCmdBaseI2C::dataproc {"command":{"id":"imu_status","sub":""},"content":{"TimeStamp":1779405381047,"FrameCounter":15723,"GD_X":-0.009544207714498043,"GD_Y":0.007024087477475405,"GD_Z":0.01702706702053547,"AD_X":-0.0028928667306900024,"AD_Y":7.865177467465401E-4,"AD_Z":-0.3260211944580078,"TempDsp":0,"Status":0,"CalibState":1,"SigAmpInvalid":0}},-1979710460
05-22 07:16:21.047   544   544 D commservice260303: send2Cluster len:324, 7B22636F6D6D616E64223A7B226964223A22696D755F737461747573222C22737562223A22227D2C22636F6E74656E74223A7B2254696D655374616D70223A313737393430353338313034372C224672616D65436F756E746572223A31353732332C2247445F58223A2D302E3030393534343230373731343439383034332C2247445F59223A302E3030373032343038373437373437353430352C2247445F5A223A302E30313730323730363730323035333534372C2241445F58223A2D302E303032383932383636373330363930303032342C2241445F59223A372E383635313737343637343635343031452D342C2241445F5A223A2D302E333236303231313934343538303037382C2254656D70447370223A302C22537461747573223A302C2243616C69625374617465223A312C22536967416D70496E76616C6964223A307D7D, 138 
05-22 07:16:21.047   544   544 D commservice260303: Push Message into SendPool fn=-1136787456
05-22 07:16:21.047   544   544 D commservice260303: ComProtocolLibSend2Cluster::send2ClusterRaw fn=-1136787456 , len=340
05-22 07:16:21.047   544   544 D commservice260303: sendCmdToPort :340!!!
05-22 07:16:21.047   544   544 D commservice260303: send Cmd To Port ++++5AA501508A0100003EBC6A0F92457B22636F6D6D616E64223A7B226964223A22696D755F737461747573222C22737562223A22227D2C22636F6E74656E74223A7B2254696D655374616D70223A313737393430353338313034372C224672616D65436F756E746572223A31353732332C2247445F58223A2D302E3030393534343230373731343439383034332C2247445F59223A302E3030373032343038373437373437353430352C2247445F5A223A302E30313730323730363730323035333534372C2241445F58223A2D302E303032383932383636373330363930303032342C2241445F59223A372E383635313737343637343635343031452D342C2241445F5A223A2D302E333236303231313934343538303037382C2254656D70447370223A302C22537461747573223A302C2243616C69625374617465223A312C22536967416D70496E76616C6964223A307D7D8F2C
05-22 07:16:21.047   544   544 D commservice260303: bufferevent_write retrun value = 0
05-22 07:16:21.047   544   567 D commservice260303: client datas send succeed,send finish
05-22 07:16:21.048  2981  3178 D Sentinelmode_1.2.5.13_alpha: <SentryImuClusterFgeSender>imu_status sent to Linux, frame=15723, tsNs=666027, tsMs=1779405381047, intervalMs=41, ad=(-0.0028928667,7.8651775E-4,-0.3260212), gd=(-0.009544208,0.0070240875,0.017027067)
05-22 06:34:54.790   573   573 D spi_rst_gpio_get_output: GPIO 145 value: 0
05-22 06:34:54.790   573   573 D spidev_ioctl: gpio status=0)
05-22 07:16:21.052   291  1491 D EvsDriver: forwardFrame
05-22 07:16:21.053   291  1491 D EvsDriver: Delivered 0xb400007b2f47ca30 as id 0
05-22 07:16:21.053  1137  1150 D evsmanagerd: /dev/video4 forwarded the buffer #0 to 0xb4000071fa019690 from 0xb4000071fa01b7d0
05-22 07:16:21.056   291  1135 D EvsDriver: doneWithFrame
05-22 07:16:21.059   964  1804 D [OMXB]  : usingANWBuffer: handle:0xebd43660, format:1, w:1920, h:1080
05-22 07:16:21.062   573   573 I SpiService: fgesysctrl_getGPIO_status success val=1
05-22 07:16:21.063  2981  3177 I SentryImuMcuAngleSender: 179.92412rollDeg
05-22 07:16:21.064  2981  3177 I SentryImuMcuAngleSender: 1,0,0
05-22 06:34:54.806   573   573 D spi_rst_gpio_get_output: GPIO 145 value: 1
05-22 06:34:54.806   573   573 D spidev_ioctl: gpio status=1)
05-22 07:16:21.068   573   573 I SpiService: fgesysctrl_getGPIO_status success val=1
05-22 06:34:54.811   573   573 D spi_rst_gpio_get_output: GPIO 145 value: 1
05-22 06:34:54.811   573   573 D spidev_ioctl: gpio status=1)
05-22 07:16:21.073   573   573 I SpiService: fgesysctrl_getGPIO_status success val=1
05-22 06:34:54.816   573   573 D spi_rst_gpio_get_output: GPIO 145 value: 1
05-22 06:34:54.816   573   573 D spidev_ioctl: gpio status=1)
05-22 07:16:21.076  1091  1133 D tboxmids_ap: Frame Size: 12
05-22 07:16:21.076  1091  1133 D tboxmids_ap: Hex Data:
05-22 07:16:21.076  1091  1133 D tboxmids_ap: 09 
05-22 07:16:21.076  1091  1133 D tboxmids_ap: 01 
05-22 07:16:21.076  1091  1133 D tboxmids_ap: 00 
05-22 07:16:21.077  1091  1133 D tboxmids_ap: 08 
05-22 07:16:21.077  1091  1133 D tboxmids_ap: 58 
05-22 07:16:21.077  1091  1133 D tboxmids_ap: 04 
05-22 07:16:21.077  1091  1133 D tboxmids_ap: 01 
05-22 07:16:21.077  1091  1133 D tboxmids_ap: 09 
05-22 07:16:21.077  1091  1133 D tboxmids_ap: 81 
05-22 07:16:21.077  1091  1133 D tboxmids_ap: 02 
05-22 07:16:21.077  1026  1026 I MyAppLog: [2026-05-22 07:16:21.076 I tboxap mcuSendYadiTransfer:195] [Mcu] [mcuYadiSend]: :00 08 58 04 01 09 81 02 01 01
05-22 07:16:21.077  1091  1133 D tboxmids_ap: 01 
05-22 07:16:21.077  1091  1133 D tboxmids_ap: 01 
05-22 07:16:21.077  1091  1133 D tboxmids_ap: 
05-22 07:16:21.077  1091  1133 D tboxmids_ap: Hex Data end 
05-22 07:16:21.077  1026  1026 D MyAppLog: [2026-05-22 07:16:21.077 D tboxap tsp_WorkMachineProc:1086] [Tsp] [tsp_WorkMachineProc]TSP_WORK_LOGIN NOW !!!!
05-22 07:16:21.078   573   573 I SpiService: fgesysctrl_getGPIO_status success val=1
05-22 07:16:21.079   486   581 I mcuc    : start timer OK = 1845 
05-22 06:34:54.822   573   573 D spi_rst_gpio_get_output: GPIO 145 value: 1
05-22 06:34:54.822   573   573 D spidev_ioctl: gpio status=1)
05-22 07:16:21.084   573   573 I SpiService: fgesysctrl_getGPIO_status success val=1
05-22 07:16:21.084  2981  3177 I SentryImuMcuAngleSender: 179.89996rollDeg
05-22 07:16:21.085  2981  3177 I SentryImuMcuAngleSender: 1,0,0
05-22 06:34:54.827   573   573 D spi_rst_gpio_get_output: GPIO 145 value: 1
05-22 06:34:54.827   573   573 D spidev_ioctl: gpio status=1)
05-22 07:16:21.087   291  1491 D EvsDriver: forwardFrame
05-22 07:16:21.088   291  1491 D EvsDriver: Delivered 0xb400007b2f47ca30 as id 0
05-22 07:16:21.088  1137  1150 D evsmanagerd: /dev/video4 forwarded the buffer #0 to 0xb4000071fa019690 from 0xb4000071fa01b7d0
05-22 07:16:21.088   544   544 D commservice260303: msg.id = 1028,0
05-22 07:16:21.088   544   544 D commservice260303: i = 170, msgid = 8A000404
05-22 07:16:21.088   544   544 D commservice260303: msgid = -1979710460,did=138
05-22 07:16:21.088   544   544 D commservice260303: CommProtocolLibCmdBaseI2C::dataproc {"command":{"id":"imu_status","sub":""},"content":{"TimeStamp":1779405381088,"FrameCounter":15724,"GD_X":-0.008857090957462788,"GD_Y":0.007788185961544514,"GD_Z":0.017867106944322586,"AD_X":-0.0035019144415855408,"AD_Y":0.0038361819460988045,"AD_Z":-0.3260211944580078,"TempDsp":0,"Status":0,"CalibState":1,"SigAmpInvalid":0}},-1979710460
05-22 07:16:21.088   544   544 D commservice260303: send2Cluster len:326, 7B22636F6D6D616E64223A7B226964223A22696D755F737461747573222C22737562223A22227D2C22636F6E74656E74223A7B2254696D655374616D70223A313737393430353338313038382C224672616D65436F756E746572223A31353732342C2247445F58223A2D302E3030383835373039303935373436323738382C2247445F59223A302E3030373738383138353936313534343531342C2247445F5A223A302E3031373836373130363934343332323538362C2241445F58223A2D302E303033353031393134343431353835353430382C2241445F59223A302E303033383336313831393436303938383034352C2241445F5A223A2D302E333236303231313934343538303037382C2254656D70447370223A302C22537461747573223A302C2243616C69625374617465223A312C22536967416D70496E76616C6964223A307D7D, 138 
05-22 07:16:21.088   544   544 D commservice260303: Push Message into SendPool fn=-1120010240
05-22 07:16:21.089   544   544 D commservice260303: ComProtocolLibSend2Cluster::send2ClusterRaw fn=-1120010240 , len=342
05-22 07:16:21.089   544   544 D commservice260303: sendCmdToPort :342!!!
05-22 07:16:21.089   544   544 D commservice260303: send Cmd To Port ++++5AA501528A0100003EBD6A0F92457B22636F6D6D616E64223A7B226964223A22696D755F737461747573222C22737562223A22227D2C22636F6E74656E74223A7B2254696D655374616D70223A313737393430353338313038382C224672616D65436F756E746572223A31353732342C2247445F58223A2D302E3030383835373039303935373436323738382C2247445F59223A302E3030373738383138353936313534343531342C2247445F5A223A302E3031373836373130363934343332323538362C2241445F58223A2D302E303033353031393134343431353835353430382C2241445F59223A302E303033383336313831393436303938383034352C2241445F5A223A2D302E333236303231313934343538303037382C2254656D70447370223A302C22537461747573223A302C2243616C69625374617465223A312C22536967416D70496E76616C6964223A307D7D462B
05-22 07:16:21.089   544   544 D commservice260303: bufferevent_write retrun value = 0
05-22 07:16:21.089   544   567 D commservice260303: client datas send succeed,send finish
05-22 07:16:21.090   573   573 I SpiService: fgesysctrl_getGPIO_status success val=1
05-22 07:16:21.091  2981  3178 D Sentinelmode_1.2.5.13_alpha: <SentryImuClusterFgeSender>imu_status sent to Linux, frame=15724, tsNs=666063, tsMs=1779405381088, intervalMs=42, ad=(-0.0035019144,0.003836182,-0.3260212), gd=(-0.008857091,0.007788186,0.017867107)
05-22 06:34:54.833   573   573 D spi_rst_gpio_get_output: GPIO 145 value: 1
05-22 06:34:54.833   573   573 D spidev_ioctl: gpio status=1)
05-22 07:16:21.093   291  1135 D EvsDriver: doneWithFrame
05-22 07:16:21.096   573   573 I SpiService: fgesysctrl_getGPIO_status success val=0
05-22 07:16:21.096   486   579 I mcuc    : send SPI:6AA601073500F80901580401098102010100000000000000000000000000000000000000000000000000000000000000000000000000000000000000000000000000000000000000000000000000000000000000000000000000000000000000000000000000000000000000000000000000000000000000000000000000000000000000000000000000000000000000000000000000000000000000000000000000000000000000000000000000000000000000000000000000000000000000000000000000000000000000000000000000000000000000000000000000000000000000000000000000000000000000000000000000000000000000000000D6
05-22 06:34:54.839   573   573 D spi_rst_gpio_get_output: GPIO 145 value: 0
05-22 06:34:54.839   573   573 D spidev_ioctl: gpio status=0)
05-22 07:16:21.105  2981  3177 I SentryImuMcuAngleSender: 179.88272rollDeg
05-22 07:16:21.105  2981  3177 I SentryImuMcuAngleSender: 1,0,0
05-22 07:16:21.110   964  1804 D [OMXB]  : usingANWBuffer: handle:0xebd427f0, format:1, w:1920, h:1080
05-22 07:16:21.110   573   573 I SpiService: fgesysctrl_getGPIO_status success val=1
05-22 06:34:54.854   573   573 D spi_rst_gpio_get_output: GPIO 145 value: 1
05-22 06:34:54.854   573   573 D spidev_ioctl: gpio status=1)
05-22 07:16:21.116   573   573 I SpiService: fgesysctrl_getGPIO_status success val=1
05-22 06:34:54.859   573   573 D spi_rst_gpio_get_output: GPIO 145 value: 1
05-22 06:34:54.859   573   573 D spidev_ioctl: gpio status=1)
05-22 07:16:21.121   291  1491 D EvsDriver: forwardFrame
05-22 07:16:21.121   573   573 I SpiService: fgesysctrl_getGPIO_status success val=1
05-22 06:34:54.865   573   573 D spi_rst_gpio_get_output: GPIO 145 value: 1
05-22 06:34:54.865   573   573 D spidev_ioctl: gpio status=1)
05-22 07:16:21.122   291  1491 D EvsDriver: Delivered 0xb400007b2f47ca30 as id 0
05-22 07:16:21.122  1137  1150 D evsmanagerd: /dev/video4 forwarded the buffer #0 to 0xb4000071fa019690 from 0xb4000071fa01b7d0
05-22 07:16:21.123   291  1135 D EvsDriver: doneWithFrame
05-22 07:16:21.125  2981  3177 I SentryImuMcuAngleSender: 179.89651rollDeg
05-22 07:16:21.125  2981  3177 I SentryImuMcuAngleSender: 1,0,0
05-22 07:16:21.127   573   573 I SpiService: fgesysctrl_getGPIO_status success val=1
05-22 07:16:21.128   544   544 D commservice260303: msg.id = 1028,0
05-22 07:16:21.128   544   544 D commservice260303: i = 170, msgid = 8A000404
05-22 07:16:21.128   544   544 D commservice260303: msgid = -1979710460,did=138
05-22 07:16:21.128   544   544 D commservice260303: CommProtocolLibCmdBaseI2C::dataproc {"command":{"id":"imu_status","sub":""},"content":{"TimeStamp":1779405381127,"FrameCounter":15725,"GD_X":-0.008704167790710926,"GD_Y":0.00794111005961895,"GD_Z":0.017944088205695152,"AD_X":-0.0016734898090362549,"AD_Y":0.00443998072296381,"AD_Z":-0.3260211944580078,"TempDsp":0,"Status":0,"CalibState":1,"SigAmpInvalid":0}},-1979710460
05-22 07:16:21.128   544   544 D commservice260303: send2Cluster len:323, 7B22636F6D6D616E64223A7B226964223A22696D755F737461747573222C22737562223A22227D2C22636F6E74656E74223A7B2254696D655374616D70223A313737393430353338313132372C224672616D65436F756E746572223A31353732352C2247445F58223A2D302E3030383730343136373739303731303932362C2247445F59223A302E30303739343131313030353936313839352C2247445F5A223A302E3031373934343038383230353639353135322C2241445F58223A2D302E303031363733343839383039303336323534392C2241445F59223A302E30303434333939383037323239363338312C2241445F5A223A2D302E333236303231313934343538303037382C2254656D70447370223A302C22537461747573223A302C2243616C69625374617465223A312C22536967416D70496E76616C6964223A307D7D, 138 
05-22 07:16:21.128   544   544 D commservice260303: Push Message into SendPool fn=-1103233024
05-22 07:16:21.128   544   544 D commservice260303: ComProtocolLibSend2Cluster::send2ClusterRaw fn=-1103233024 , len=339
05-22 07:16:21.128   544   544 D commservice260303: sendCmdToPort :339!!!
05-22 07:16:21.128   544   544 D commservice260303: send Cmd To Port ++++5AA5014F8A0100003EBE6A0F92457B22636F6D6D616E64223A7B226964223A22696D755F737461747573222C22737562223A22227D2C22636F6E74656E74223A7B2254696D655374616D70223A313737393430353338313132372C224672616D65436F756E746572223A31353732352C2247445F58223A2D302E3030383730343136373739303731303932362C2247445F59223A302E30303739343131313030353936313839352C2247445F5A223A302E3031373934343038383230353639353135322C2241445F58223A2D302E303031363733343839383039303336323534392C2241445F59223A302E30303434333939383037323239363338312C2241445F5A223A2D302E333236303231313934343538303037382C2254656D70447370223A302C22537461747573223A302C2243616C69625374617465223A312C22536967416D70496E76616C6964223A307D7DC522
05-22 07:16:21.128   544   544 D commservice260303: bufferevent_write retrun value = 0
05-22 07:16:21.128   544   567 D commservice260303: client datas send succeed,send finish
05-22 07:16:21.128  2981  3178 D Sentinelmode_1.2.5.13_alpha: <SentryImuClusterFgeSender>imu_status sent to Linux, frame=15725, tsNs=666099, tsMs=1779405381127, intervalMs=38, ad=(-0.0016734898,0.0044399807,-0.3260212), gd=(-0.008704168,0.00794111,0.017944088)
05-22 06:34:54.870   573   573 D spi_rst_gpio_get_output: GPIO 145 value: 1
05-22 06:34:54.870   573   573 D spidev_ioctl: gpio status=1)
05-22 07:16:21.132   573   573 I SpiService: fgesysctrl_getGPIO_status success val=1
05-22 06:34:54.876   573   573 D spi_rst_gpio_get_output: GPIO 145 value: 1
05-22 06:34:54.876   573   573 D spidev_ioctl: gpio status=1)
05-22 07:16:21.138   573   573 I SpiService: fgesysctrl_getGPIO_status success val=0
05-22 07:16:21.140   477  1275 I dvr_service_: [EncoderHandler::runMediaThread] runMediaThread started:1,state:0, cam2:started:1,state:0, lastSwitch:1, mIsMuxerStart:0,format:0,is_str_ing:0
05-22 06:34:54.881   573   573 D spi_rst_gpio_get_output: GPIO 145 value: 0
05-22 06:34:54.881   573   573 D spidev_ioctl: gpio status=0)
05-22 07:16:21.144   276   300 I rvcservice: t.code = 3, t.value = 0
05-22 07:16:21.146  2981  3177 I SentryImuMcuAngleSender: 179.91034rollDeg
05-22 07:16:21.146  2981  3177 I SentryImuMcuAngleSender: 1,0,0
05-22 07:16:21.149   486   580 I mcuc    : rev,n=1,6AA68207350002090136
05-22 07:16:21.152   573   573 I SpiService: fgesysctrl_getGPIO_status success val=1
05-22 06:34:54.895   573   573 D spi_rst_gpio_get_output: GPIO 145 value: 1
05-22 06:34:54.895   573   573 D spidev_ioctl: gpio status=1)
05-22 07:16:21.155   291  1491 D EvsDriver: forwardFrame
05-22 07:16:21.156   291  1491 D EvsDriver: Delivered 0xb400007b2f47ca30 as id 0
05-22 07:16:21.156  1137  1150 D evsmanagerd: /dev/video4 forwarded the buffer #0 to 0xb4000071fa019690 from 0xb4000071fa01b7d0
05-22 07:16:21.158   573   573 I SpiService: fgesysctrl_getGPIO_status success val=1
05-22 07:16:21.159   291  1135 D EvsDriver: doneWithFrame
05-22 06:34:54.901   573   573 D spi_rst_gpio_get_output: GPIO 145 value: 1
05-22 06:34:54.901   573   573 D spidev_ioctl: gpio status=1)
05-22 07:16:21.162   260   260 D libvintf: HalManifest::getHidlTransport(framework): Cannot find android.hardware.usb@1.0::IUsb/default
05-22 07:16:21.162   260   260 D libvintf: HalManifest::getHidlTransport(device): Cannot find android.hardware.usb@1.0::IUsb/default
05-22 07:16:21.162   260   260 I hwservicemanager: getTransport: Cannot find entry android.hardware.usb@1.0::IUsb/default in either framework or device VINTF manifest.
05-22 07:16:21.163  2626  2832 E ExtUsbManager: UsbHalController: android.hardware.usb.V1_0.IUsb getService failed!
05-22 07:16:21.163  2626  2832 E ExtUsbManager: java.util.NoSuchElementException
05-22 07:16:21.163  2626  2832 E ExtUsbManager: 	at android.os.HwBinder.getService(Native Method)
05-22 07:16:21.163  2626  2832 E ExtUsbManager: 	at android.os.HwBinder.getService(HwBinder.java:81)
05-22 07:16:21.163  2626  2832 E ExtUsbManager: 	at android.hardware.usb.V1_0.IUsb.getService(IUsb.java:74)
05-22 07:16:21.163  2626  2832 E ExtUsbManager: 	at android.hardware.usb.V1_0.IUsb.getService(IUsb.java:84)
05-22 07:16:21.163  2626  2832 E ExtUsbManager: 	at ts.car.usb.UsbHalController.createService(UsbHalController.java:37)
05-22 07:16:21.163  2626  2832 E ExtUsbManager: 	at ts.car.usb.UsbHalController.createService(UsbHalController.java:18)
05-22 07:16:21.163  2626  2832 E ExtUsbManager: 	at ts.car.usb.utils.AutoServiceConnector4Hidl.autoConnect(AutoServiceConnector4Hidl.java:47)
05-22 07:16:21.163  2626  2832 E ExtUsbManager: 	at ts.car.usb.utils.AutoServiceConnector4Hidl$$ExternalSyntheticLambda0.run(Unknown Source:2)
05-22 07:16:21.163  2626  2832 E ExtUsbManager: 	at android.os.Handler.handleCallback(Handler.java:942)
05-22 07:16:21.163  2626  2832 E ExtUsbManager: 	at android.os.Handler.dispatchMessage(Handler.java:99)
05-22 07:16:21.163  2626  2832 E ExtUsbManager: 	at android.os.Looper.loopOnce(Looper.java:201)
05-22 07:16:21.163  2626  2832 E ExtUsbManager: 	at android.os.Looper.loop(Looper.java:288)
05-22 07:16:21.163  2626  2832 E ExtUsbManager: 	at android.os.HandlerThread.run(HandlerThread.java:67)
05-22 07:16:21.163   573   573 I SpiService: fgesysctrl_getGPIO_status success val=1
05-22 07:16:21.163   260   260 D libvintf: HalManifest::getHidlTransport(framework): Cannot find vendor.ts.usbext@1.0::IUsbext/default
05-22 07:16:21.164   260   260 D libvintf: HalManifest::getHidlTransport(device): Cannot find vendor.ts.usbext@1.0::IUsbext/default
05-22 07:16:21.164   260   260 I hwservicemanager: getTransport: Cannot find entry vendor.ts.usbext@1.0::IUsbext/default in either framework or device VINTF manifest.
05-22 07:16:21.165  2626  2832 E ExtUsbManager: UsbHalExtController: vendor.ts.usbext.V1_0.IUsbext getService failed!
05-22 07:16:21.165  2626  2832 E ExtUsbManager: java.util.NoSuchElementException
05-22 07:16:21.165  2626  2832 E ExtUsbManager: 	at android.os.HwBinder.getService(Native Method)
05-22 07:16:21.165  2626  2832 E ExtUsbManager: 	at android.os.HwBinder.getService(HwBinder.java:81)
05-22 07:16:21.165  2626  2832 E ExtUsbManager: 	at vendor.ts.usbext.V1_0.IUsbext.getService(IUsbext.java:74)
05-22 07:16:21.165  2626  2832 E ExtUsbManager: 	at vendor.ts.usbext.V1_0.IUsbext.getService(IUsbext.java:84)
05-22 07:16:21.165  2626  2832 E ExtUsbManager: 	at ts.car.usb.UsbHalExtController.createService(UsbHalExtController.java:37)
05-22 07:16:21.165  2626  2832 E ExtUsbManager: 	at ts.car.usb.UsbHalExtController.createService(UsbHalExtController.java:18)
05-22 07:16:21.165  2626  2832 E ExtUsbManager: 	at ts.car.usb.utils.AutoServiceConnector4Hidl.autoConnect(AutoServiceConnector4Hidl.java:47)
05-22 07:16:21.165  2626  2832 E ExtUsbManager: 	at ts.car.usb.utils.AutoServiceConnector4Hidl$$ExternalSyntheticLambda0.run(Unknown Source:2)
05-22 07:16:21.165  2626  2832 E ExtUsbManager: 	at android.os.Handler.handleCallback(Handler.java:942)
05-22 07:16:21.165  2626  2832 E ExtUsbManager: 	at android.os.Handler.dispatchMessage(Handler.java:99)
05-22 07:16:21.165  2626  2832 E ExtUsbManager: 	at android.os.Looper.loopOnce(Looper.java:201)
05-22 07:16:21.165  2626  2832 E ExtUsbManager: 	at android.os.Looper.loop(Looper.java:288)
05-22 07:16:21.165  2626  2832 E ExtUsbManager: 	at android.os.HandlerThread.run(HandlerThread.java:67)
05-22 07:16:21.165   260   260 D libvintf: HalManifest::getHidlTransport(framework): Cannot find android.hardware.usb.gadget@1.0::IUsbGadget/default
05-22 07:16:21.165   260   260 D libvintf: HalManifest::getHidlTransport(device): Cannot find android.hardware.usb.gadget@1.0::IUsbGadget/default
05-22 07:16:21.166   260   260 I hwservicemanager: getTransport: Cannot find entry android.hardware.usb.gadget@1.0::IUsbGadget/default in either framework or device VINTF manifest.
05-22 06:34:54.906   573   573 D spi_rst_gpio_get_output: GPIO 145 value: 1
05-22 06:34:54.907   573   573 D spidev_ioctl: gpio status=1)
05-22 07:16:21.166  2626  2832 E ExtUsbManager: UsbGadgetController: android.hardware.usb.gadget.V1_0.IUsbGadget getService failed!
05-22 07:16:21.166  2626  2832 E ExtUsbManager: java.util.NoSuchElementException
05-22 07:16:21.166  2626  2832 E ExtUsbManager: 	at android.os.HwBinder.getService(Native Method)
05-22 07:16:21.166  2626  2832 E ExtUsbManager: 	at android.os.HwBinder.getService(HwBinder.java:81)
05-22 07:16:21.166  2626  2832 E ExtUsbManager: 	at android.hardware.usb.gadget.V1_0.IUsbGadget.getService(IUsbGadget.java:74)
05-22 07:16:21.166  2626  2832 E ExtUsbManager: 	at android.hardware.usb.gadget.V1_0.IUsbGadget.getService(IUsbGadget.java:84)
05-22 07:16:21.166  2626  2832 E ExtUsbManager: 	at ts.car.usb.UsbGadgetController.createService(UsbGadgetController.java:36)
05-22 07:16:21.166  2626  2832 E ExtUsbManager: 	at ts.car.usb.UsbGadgetController.createService(UsbGadgetController.java:17)
05-22 07:16:21.166  2626  2832 E ExtUsbManager: 	at ts.car.usb.utils.AutoServiceConnector4Hidl.autoConnect(AutoServiceConnector4Hidl.java:47)
05-22 07:16:21.166  2626  2832 E ExtUsbManager: 	at ts.car.usb.utils.AutoServiceConnector4Hidl$$ExternalSyntheticLambda0.run(Unknown Source:2)
05-22 07:16:21.166  2626  2832 E ExtUsbManager: 	at android.os.Handler.handleCallback(Handler.java:942)
05-22 07:16:21.166  2626  2832 E ExtUsbManager: 	at android.os.Handler.dispatchMessage(Handler.java:99)
05-22 07:16:21.166  2626  2832 E ExtUsbManager: 	at android.os.Looper.loopOnce(Looper.java:201)
05-22 07:16:21.166  2626  2832 E ExtUsbManager: 	at android.os.Looper.loop(Looper.java:288)
05-22 07:16:21.166  2626  2832 E ExtUsbManager: 	at android.os.HandlerThread.run(HandlerThread.java:67)
05-22 07:16:21.167  2981  3177 I SentryImuMcuAngleSender: 179.92413rollDeg
05-22 07:16:21.167  2981  3177 I SentryImuMcuAngleSender: 1,0,0
05-22 07:16:21.168   544   544 D commservice260303: msg.id = 1028,1
05-22 07:16:21.168   544   544 D commservice260303: i = 170, msgid = 8A000404
05-22 07:16:21.168   544   544 D commservice260303: msgid = -1979710460,did=138
05-22 07:16:21.168   544   544 D commservice260303: CommProtocolLibCmdBaseI2C::dataproc {"command":{"id":"imu_status","sub":""},"content":{"TimeStamp":1779405381167,"FrameCounter":15726,"GD_X":-0.008857090957462788,"GD_Y":0.008245917037129402,"GD_Z":0.01763824187219143,"AD_X":-0.0035042017698287964,"AD_Y":-4.4116657227277756E-4,"AD_Z":-0.3284597396850586,"TempDsp":0,"Status":0,"CalibState":1,"SigAmpInvalid":0}},-1979710460
05-22 07:16:21.168   544   544 D commservice260303: send2Cluster len:326, 7B22636F6D6D616E64223A7B226964223A22696D755F737461747573222C22737562223A22227D2C22636F6E74656E74223A7B2254696D655374616D70223A313737393430353338313136372C224672616D65436F756E746572223A31353732362C2247445F58223A2D302E3030383835373039303935373436323738382C2247445F59223A302E3030383234353931373033373132393430322C2247445F5A223A302E30313736333832343138373231393134332C2241445F58223A2D302E303033353034323031373639383238373936342C2241445F59223A2D342E34313136363537323237323737373536452D342C2241445F5A223A2D302E333238343539373339363835303538362C2254656D70447370223A302C22537461747573223A302C2243616C69625374617465223A312C22536967416D70496E76616C6964223A307D7D, 138 
05-22 07:16:21.168   544   544 D commservice260303: Push Message into SendPool fn=-1086455808
05-22 07:16:21.168   544   544 D commservice260303: ComProtocolLibSend2Cluster::send2ClusterRaw fn=-1086455808 , len=342
05-22 07:16:21.168   544   544 D commservice260303: sendCmdToPort :342!!!
05-22 07:16:21.168   544   544 D commservice260303: send Cmd To Port ++++5AA501528A0100003EBF6A0F92457B22636F6D6D616E64223A7B226964223A22696D755F737461747573222C22737562223A22227D2C22636F6E74656E74223A7B2254696D655374616D70223A313737393430353338313136372C224672616D65436F756E746572223A31353732362C2247445F58223A2D302E3030383835373039303935373436323738382C2247445F59223A302E3030383234353931373033373132393430322C2247445F5A223A302E30313736333832343138373231393134332C2241445F58223A2D302E303033353034323031373639383238373936342C2241445F59223A2D342E34313136363537323237323737373536452D342C2241445F5A223A2D302E333238343539373339363835303538362C2254656D70447370223A302C22537461747573223A302C2243616C69625374617465223A312C22536967416D70496E76616C6964223A307D7D644D
05-22 07:16:21.168   544   544 D commservice260303: bufferevent_write retrun value = 0
05-22 07:16:21.168   544   567 D commservice260303: client datas send succeed,send finish
05-22 07:16:21.169   573   573 I SpiService: fgesysctrl_getGPIO_status success val=1
05-22 07:16:21.169  2981  3178 D Sentinelmode_1.2.5.13_alpha: <SentryImuClusterFgeSender>imu_status sent to Linux, frame=15726, tsNs=666135, tsMs=1779405381167, intervalMs=41, ad=(-0.0035042018,-4.4116657E-4,-0.32845974), gd=(-0.008857091,0.008245917,0.017638242)
05-22 06:34:54.912   573   573 D spi_rst_gpio_get_output: GPIO 145 value: 1
05-22 06:34:54.912   573   573 D spidev_ioctl: gpio status=1)
05-22 07:16:21.171   565   565 I Sensors : 230 AccelSensor: x:-0.108580,y:0.014030,z:-10.132101
05-22 07:16:21.174   573   573 I SpiService: fgesysctrl_getGPIO_status success val=1
05-22 07:16:21.177  1026  1026 D MyAppLog: [2026-05-22 07:16:21.176 D tboxap gpsMcuDataAnalyze:471] [Gps] [gpsMcuDataAnalyze]:$GNRMC,231620.000,V,,,,,,,210526,120.0,E,N,V*47
05-22 07:16:21.177  1026  1026 D MyAppLog: 
05-22 07:16:21.177  1026  1026 D MyAppLog: [2026-05-22 07:16:21.176 D tboxap gpsMcuDataAnalyze:556] [Gps] stGps.stat:0, latitude:0 , longtitude:0,sped:0,direction:0
05-22 06:34:54.917   573   573 D spi_rst_gpio_get_output: GPIO 145 value: 1
05-22 06:34:54.917   573   573 D spidev_ioctl: gpio status=1)
05-22 07:16:21.179   573   573 I SpiService: fgesysctrl_getGPIO_status success val=0
05-22 07:16:21.181   291  1491 D EvsDriver: forwardFrame
05-22 06:34:54.923   573   573 D spi_rst_gpio_get_output: GPIO 145 value: 0
05-22 06:34:54.923   573   573 D spidev_ioctl: gpio status=0)
05-22 07:16:21.183   291  1491 D EvsDriver: Delivered 0xb400007b2f47ca30 as id 0
05-22 07:16:21.183  1137  1150 D evsmanagerd: /dev/video4 forwarded the buffer #0 to 0xb4000071fa019690 from 0xb4000071fa01b7d0
05-22 07:16:21.186   291  1135 D EvsDriver: doneWithFrame
05-22 07:16:21.187  2981  3177 I SentryImuMcuAngleSender: 179.92067rollDeg
05-22 07:16:21.187  2981  3177 I SentryImuMcuAngleSender: 1,0,0
05-22 07:16:21.191   964  1804 D [OMXB]  : usingANWBuffer: handle:0xebd40c70, format:1, w:1920, h:1080
05-22 07:16:21.194   573   573 I SpiService: fgesysctrl_getGPIO_status success val=1
05-22 06:34:54.938   573   573 D spi_rst_gpio_get_output: GPIO 145 value: 1
05-22 06:34:54.938   573   573 D spidev_ioctl: gpio status=1)
05-22 07:16:21.200   573   573 I SpiService: fgesysctrl_getGPIO_status success val=1
05-22 06:34:54.943   573   573 D spi_rst_gpio_get_output: GPIO 145 value: 1
05-22 06:34:54.943   573   573 D spidev_ioctl: gpio status=1)
05-22 07:16:21.203   558  1606 I gps_hdbd: Received: '$GNGGA,231621.000,,,,,0,00,,,M,,M,,*63
'
05-22 07:16:21.204  1026  1026 D MyAppLog: [2026-05-22 07:16:21.204 D tboxap gspDataAnalyze:346] [Gps] rev gps data:$GNGGA,231621.000,,,,,0,00,,,M,,M,,*63
05-22 07:16:21.204  1026  1026 D MyAppLog: [2026-05-22 07:16:21.204 D tboxap gpsCommTboxmidsRecvCb:66] [Gps] [gpsCommTboxmidsRecvCb] gps nmea updated:$GNGGA,231621.000,,,,,0,00,,,M,,M,,*63
05-22 07:16:21.204  1026  1026 D MyAppLog: 
05-22 07:16:21.205   573   573 I SpiService: fgesysctrl_getGPIO_status success val=1
05-22 06:34:54.948   573   573 D spi_rst_gpio_get_output: GPIO 145 value: 1
05-22 06:34:54.948   573   573 D spidev_ioctl: gpio status=1)
05-22 07:16:21.207  2981  3177 I SentryImuMcuAngleSender: 179.9172rollDeg
05-22 07:16:21.207  2981  3177 I SentryImuMcuAngleSender: 1,0,0
05-22 07:16:21.207   544   544 D commservice260303: msg.id = 1028,0
05-22 07:16:21.207   544   544 D commservice260303: i = 170, msgid = 8A000404
05-22 07:16:21.207   544   544 D commservice260303: msgid = -1979710460,did=138
05-22 07:16:21.207   544   544 D commservice260303: CommProtocolLibCmdBaseI2C::dataproc {"command":{"id":"imu_status","sub":""},"content":{"TimeStamp":1779405381207,"FrameCounter":15727,"GD_X":-0.008704167790710926,"GD_Y":0.00794111005961895,"GD_Z":0.0183248370885849,"AD_X":-0.0028954818844795227,"AD_Y":7.781246677041054E-4,"AD_Z":-0.3235807418823242,"TempDsp":0,"Status":0,"CalibState":1,"SigAmpInvalid":0}},-1979710460
05-22 07:16:21.207   544   544 D commservice260303: send2Cluster len:322, 7B22636F6D6D616E64223A7B226964223A22696D755F737461747573222C22737562223A22227D2C22636F6E74656E74223A7B2254696D655374616D70223A313737393430353338313230372C224672616D65436F756E746572223A31353732372C2247445F58223A2D302E3030383730343136373739303731303932362C2247445F59223A302E30303739343131313030353936313839352C2247445F5A223A302E303138333234383337303838353834392C2241445F58223A2D302E303032383935343831383834343739353232372C2241445F59223A372E373831323436363737303431303534452D342C2241445F5A223A2D302E333233353830373431383832333234322C2254656D70447370223A302C22537461747573223A302C2243616C69625374617465223A312C22536967416D70496E76616C6964223A307D7D, 138 
05-22 07:16:21.208   544   544 D commservice260303: Push Message into SendPool fn=-1069678592
05-22 07:16:21.208   544   544 D commservice260303: ComProtocolLibSend2Cluster::send2ClusterRaw fn=-1069678592 , len=338
05-22 07:16:21.208   544   544 D commservice260303: sendCmdToPort :338!!!
05-22 07:16:21.208   544   544 D commservice260303: send Cmd To Port ++++5AA5014E8A0100003EC06A0F92457B22636F6D6D616E64223A7B226964223A22696D755F737461747573222C22737562223A22227D2C22636F6E74656E74223A7B2254696D655374616D70223A313737393430353338313230372C224672616D65436F756E746572223A31353732372C2247445F58223A2D302E3030383730343136373739303731303932362C2247445F59223A302E30303739343131313030353936313839352C2247445F5A223A302E303138333234383337303838353834392C2241445F58223A2D302E303032383935343831383834343739353232372C2241445F59223A372E373831323436363737303431303534452D342C2241445F5A223A2D302E333233353830373431383832333234322C2254656D70447370223A302C22537461747573223A302C2243616C69625374617465223A312C22536967416D70496E76616C6964223A307D7DEB3A
05-22 07:16:21.208   544   544 D commservice260303: bufferevent_write retrun value = 0
05-22 07:16:21.208   544   567 D commservice260303: client datas send succeed,send finish
05-22 07:16:21.208  2981  3178 D Sentinelmode_1.2.5.13_alpha: <SentryImuClusterFgeSender>imu_status sent to Linux, frame=15727, tsNs=666171, tsMs=1779405381207, intervalMs=39, ad=(-0.002895482,7.7812467E-4,-0.32358074), gd=(-0.008704168,0.00794111,0.018324837)
05-22 07:16:21.210   558  1606 I gps_hdbd: Received: '$GNGSA,A,1,,,,,,,,,,,,,,,,1*1D
'
05-22 07:16:21.210   573   573 I SpiService: fgesysctrl_getGPIO_status success val=1
05-22 07:16:21.211   565   565 I Sensors : 230 GyroSensor: x:-0.009162,y:0.007177,z:0.018555
05-22 07:16:21.211  1026  1026 D MyAppLog: [2026-05-22 07:16:21.211 D tboxap gspDataAnalyze:346] [Gps] rev gps data:$GNGSA,A,1,,,,,,,,,,,,,,,,1*1D
05-22 07:16:21.211  1026  1026 D MyAppLog: [2026-05-22 07:16:21.211 D tboxap gpsCommTboxmidsRecvCb:66] [Gps] [gpsCommTboxmidsRecvCb] gps nmea updated:$GNGSA,A,1,,,,,,,,,,,,,,,,1*1D
05-22 07:16:21.211  1026  1026 D MyAppLog: 
05-22 06:34:54.954   573   573 D spi_rst_gpio_get_output: GPIO 145 value: 1
05-22 06:34:54.954   573   573 D spidev_ioctl: gpio status=1)
05-22 07:16:21.215   558  1606 I gps_hdbd: Received: '$GNGSA,A,1,,,,,,,,,,,,,,,,3*1F
'
05-22 07:16:21.215   558  1606 I gps_hdbd: Received: '$GNGSA,A,1,,,,,,,,,,,,,,,,4*18
'
05-22 07:16:21.216  1026  1026 D MyAppLog: [2026-05-22 07:16:21.215 D tboxap gspDataAnalyze:346] [Gps] rev gps data:$GNGSA,A,1,,,,,,,,,,,,,,,,3*1F
05-22 07:16:21.216  1026  1026 D MyAppLog: [2026-05-22 07:16:21.215 D tboxap gpsCommTboxmidsRecvCb:66] [Gps] [gpsCommTboxmidsRecvCb] gps nmea updated:$GNGSA,A,1,,,,,,,,,,,,,,,,3*1F
05-22 07:16:21.216  1026  1026 D MyAppLog: 
05-22 07:16:21.216   573   573 I SpiService: fgesysctrl_getGPIO_status success val=1
05-22 07:16:21.216  1026  1026 D MyAppLog: [2026-05-22 07:16:21.216 D tboxap gspDataAnalyze:346] [Gps] rev gps data:$GNGSA,A,1,,,,,,,,,,,,,,,,4*18
05-22 07:16:21.216   558  1606 I gps_hdbd: Received: '$BDGSV,1,1,00,1*75
'
05-22 07:16:21.216  1026  1026 D MyAppLog: [2026-05-22 07:16:21.216 D tboxap gpsCommTboxmidsRecvCb:66] [Gps] [gpsCommTboxmidsRecvCb] gps nmea updated:$GNGSA,A,1,,,,,,,,,,,,,,,,4*18
05-22 07:16:21.216  1026  1026 D MyAppLog: 
05-22 07:16:21.216  1026  1026 D MyAppLog: [2026-05-22 07:16:21.216 D tboxap gspDataAnalyze:346] [Gps] rev gps data:$BDGSV,1,1,00,1*75
