05-22 07:16:23.172   573   573 I SpiService: fgesysctrl_getGPIO_status success val=0
05-22 06:34:56.916   573   573 D spi_rst_gpio_get_output: GPIO 145 value: 0
05-22 06:34:56.916   573   573 D spidev_ioctl: gpio status=0)
05-22 07:16:23.174   964  1804 D [OMXB]  : usingANWBuffer: handle:0xebd42ab0, format:1, w:1920, h:1080
05-22 07:16:23.181   565   565 I Sensors : 230 GyroSensor: x:-0.008475,y:0.007177,z:0.017486
05-22 07:16:23.182   486   580 I mcuc    : rev,n=1,6AA682073A0002090131
05-22 07:16:23.182   291  1491 D EvsDriver: forwardFrame
05-22 07:16:23.183   291  1491 D EvsDriver: Delivered 0xb400007b2f47ca30 as id 0
05-22 07:16:23.183  1137  1150 D evsmanagerd: /dev/video4 forwarded the buffer #0 to 0xb4000071fa019690 from 0xb4000071fa01b7d0
05-22 07:16:23.184   486   580 I mcuc    : rev,n=2,6AA6810D1700918305000055000000B000000000000000010001000029E103B17D3191037E037D466C037D06FB037EB211792FD922F700000000040000B3000000000000000000000000000000B44500000000000300000000000000AA000000E40701010000000000000000BB07052307EA0516000008009F022F01CC000000000000000000000000000000B5000000000000000000000092
05-22 07:16:23.184   344   361 D automotive.vehicle@2.0-adayo-datacomm-mcu: MCUDatacomm sendMessageFromVehicle prop: 0x83, areaId: 0x5, status: 0x0, timestamp: 0x0
05-22 07:16:23.184   344   361 D automotive.vehicle@2.0-adayo-datacomm-mcu: MCUDatacomm 1sendMessageFromVehicle ---> type = 7 
05-22 07:16:23.184   344   361 I automotive.vehicle@2.0-adayo-func-mcu: MCUFunc :sendMessageFromVehicle  msgBuff[0] = 131 
05-22 07:16:23.184   344   361 I automotive.vehicle@2.0-adayo-func-mcu: MCUFunc :sendMessageFromVehicle  msgBuff[1] = 5 
05-22 07:16:23.184   344   361 I automotive.vehicle@2.0-adayo-func-mcu: MCUFunc :sendMessageFromVehicle  msgBuff[2] = 0 
05-22 07:16:23.184   344   361 I automotive.vehicle@2.0-adayo-func-mcu: MCUFunc :sendMessageFromVehicle  msgBuff[3] = 0 
05-22 07:16:23.184   344   361 I automotive.vehicle@2.0-adayo-func-mcu: MCUFunc :sendMessageFromVehicle  msgBuff[4] = 85 
05-22 07:16:23.184   344   361 I automotive.vehicle@2.0-adayo-func-mcu: MCUFunc :sendMessageFromVehicle  msgBuff[5] = 0 
05-22 07:16:23.185   291  1135 D EvsDriver: doneWithFrame
05-22 07:16:23.186   573   573 I SpiService: fgesysctrl_getGPIO_status success val=1
05-22 07:16:23.187   824   824 D SurfaceFlinger: unisoc-graphics, commit has frameMissed:2, vysncId:342934
05-22 07:16:23.189  2981  3177 I SentryImuMcuAngleSender: 179.9379rollDeg
05-22 07:16:23.189  2981  3177 I SentryImuMcuAngleSender: 1,0,0
05-22 06:34:56.930   573   573 D spi_rst_gpio_get_output: GPIO 145 value: 1
05-22 06:34:56.930   573   573 D spidev_ioctl: gpio status=1)
05-22 07:16:23.192   573   573 I SpiService: fgesysctrl_getGPIO_status success val=1
05-22 07:16:23.192   544   544 D commservice260303: msg.id = 1028,0
05-22 07:16:23.192   544   544 D commservice260303: i = 170, msgid = 8A000404
05-22 07:16:23.192   544   544 D commservice260303: msgid = -1979710460,did=138
05-22 07:16:23.192   544   544 D commservice260303: CommProtocolLibCmdBaseI2C::dataproc {"command":{"id":"imu_status","sub":""},"content":{"TimeStamp":1779405383192,"FrameCounter":15776,"GD_X":-0.008474782109260559,"GD_Y":0.007177011109888554,"GD_Z":0.017485838383436203,"AD_X":-0.004770033061504364,"AD_Y":-0.0029727043583989143,"AD_Z":-0.3247995376586914,"TempDsp":0,"Status":0,"CalibState":1,"SigAmpInvalid":0}},-1979710460
05-22 07:16:23.192   544   544 D commservice260303: send2Cluster len:326, 7B22636F6D6D616E64223A7B226964223A22696D755F737461747573222C22737562223A22227D2C22636F6E74656E74223A7B2254696D655374616D70223A313737393430353338333139322C224672616D65436F756E746572223A31353737362C2247445F58223A2D302E3030383437343738323130393236303535392C2247445F59223A302E3030373137373031313130393838383535342C2247445F5A223A302E3031373438353833383338333433363230332C2241445F58223A2D302E3030343737303033333036313530343336342C2241445F59223A2D302E303032393732373034333538333938393134332C2241445F5A223A2D302E333234373939353337363538363931342C2254656D70447370223A302C22537461747573223A302C2243616C69625374617465223A312C22536967416D70496E76616C6964223A307D7D, 138 
05-22 07:16:23.192   544   544 D commservice260303: Push Message into SendPool fn=-230817792
05-22 07:16:23.192   544   544 D commservice260303: ComProtocolLibSend2Cluster::send2ClusterRaw fn=-230817792 , len=342
05-22 07:16:23.192   544   544 D commservice260303: sendCmdToPort :342!!!
05-22 07:16:23.193   544   544 D commservice260303: send Cmd To Port ++++5AA501528A0100003EF26A0F92477B22636F6D6D616E64223A7B226964223A22696D755F737461747573222C22737562223A22227D2C22636F6E74656E74223A7B2254696D655374616D70223A313737393430353338333139322C224672616D65436F756E746572223A31353737362C2247445F58223A2D302E3030383437343738323130393236303535392C2247445F59223A302E3030373137373031313130393838383535342C2247445F5A223A302E3031373438353833383338333433363230332C2241445F58223A2D302E3030343737303033333036313530343336342C2241445F59223A2D302E303032393732373034333538333938393134332C2241445F5A223A2D302E333234373939353337363538363931342C2254656D70447370223A302C22537461747573223A302C2243616C69625374617465223A312C22536967416D70496E76616C6964223A307D7D7EF9
05-22 07:16:23.193   544   544 D commservice260303: bufferevent_write retrun value = 0
05-22 07:16:23.193   544   567 D commservice260303: client datas send succeed,send finish
05-22 07:16:23.193  2981  3178 D Sentinelmode_1.2.5.13_alpha: <SentryImuClusterFgeSender>imu_status sent to Linux, frame=15776, tsNs=668163, tsMs=1779405383192, intervalMs=39, ad=(-0.004770033,-0.0029727044,-0.32479954), gd=(-0.008474782,0.007177011,0.017485838)
05-22 06:34:56.935   573   573 D spi_rst_gpio_get_output: GPIO 145 value: 1
05-22 06:34:56.935   573   573 D spidev_ioctl: gpio status=1)
05-22 07:16:23.197   573   573 I SpiService: fgesysctrl_getGPIO_status success val=1
05-22 06:34:56.940   573   573 D spi_rst_gpio_get_output: GPIO 145 value: 1
05-22 06:34:56.940   573   573 D spidev_ioctl: gpio status=1)
05-22 07:16:23.202   573   573 I SpiService: fgesysctrl_getGPIO_status success val=1
05-22 07:16:23.204   824   824 D SurfaceFlinger: unisoc-graphics, commit has frameMissed:2, vysncId:342935
05-22 07:16:23.204   558  1606 I gps_hdbd: Received: '$GNGGA,231623.000,,,,,0,00,,,M,,M,,*61
'
05-22 07:16:23.205  1026  1026 D MyAppLog: [2026-05-22 07:16:23.205 D tboxap gspDataAnalyze:346] [Gps] rev gps data:$GNGGA,231623.000,,,,,0,00,,,M,,M,,*61
05-22 06:34:56.946   573   573 D spi_rst_gpio_get_output: GPIO 145 value: 1
05-22 06:34:56.946   573   573 D spidev_ioctl: gpio status=1)
05-22 07:16:23.205  1026  1026 D MyAppLog: [2026-05-22 07:16:23.205 D tboxap gpsCommTboxmidsRecvCb:66] [Gps] [gpsCommTboxmidsRecvCb] gps nmea updated:$GNGGA,231623.000,,,,,0,00,,,M,,M,,*61
05-22 07:16:23.205  1026  1026 D MyAppLog: 
05-22 07:16:23.208   573   573 I SpiService: fgesysctrl_getGPIO_status success val=1
05-22 07:16:23.210  2981  3177 I SentryImuMcuAngleSender: 179.94136rollDeg
05-22 07:16:23.210  2981  3177 I SentryImuMcuAngleSender: 1,0,0
05-22 07:16:23.210   558  1606 I gps_hdbd: Received: '$GNGSA,A,1,,,,,,,,,,,,,,,,1*1D
'
05-22 07:16:23.210   737  1618 E SSense.fps: We could not find the file :/sys/class/display/dispc0/frame_count
05-22 07:16:23.210   558  1606 I gps_hdbd: Received: '$GNGSA,A,1,,,,,,,,,,,,,,,,3*1F
'
05-22 06:34:56.951   573   573 D spi_rst_gpio_get_output: GPIO 145 value: 1
05-22 06:34:56.951   573   573 D spidev_ioctl: gpio status=1)
05-22 07:16:23.211  1026  1026 D MyAppLog: [2026-05-22 07:16:23.210 D tboxap gspDataAnalyze:346] [Gps] rev gps data:$GNGSA,A,1,,,,,,,,,,,,,,,,1*1D
05-22 07:16:23.211  1026  1026 D MyAppLog: [2026-05-22 07:16:23.210 D tboxap gpsCommTboxmidsRecvCb:66] [Gps] [gpsCommTboxmidsRecvCb] gps nmea updated:$GNGSA,A,1,,,,,,,,,,,,,,,,1*1D
05-22 07:16:23.211  1026  1026 D MyAppLog: 
05-22 07:16:23.211  1026  1026 D MyAppLog: [2026-05-22 07:16:23.211 D tboxap gspDataAnalyze:346] [Gps] rev gps data:$GNGSA,A,1,,,,,,,,,,,,,,,,3*1F
05-22 07:16:23.211  1026  1026 D MyAppLog: [2026-05-22 07:16:23.211 D tboxap gpsCommTboxmidsRecvCb:66] [Gps] [gpsCommTboxmidsRecvCb] gps nmea updated:$GNGSA,A,1,,,,,,,,,,,,,,,,3*1F
05-22 07:16:23.211  1026  1026 D MyAppLog: 
05-22 07:16:23.213   573   573 I SpiService: fgesysctrl_getGPIO_status success val=0
05-22 07:16:23.213   486   579 I mcuc    : send SPI:6AA6020D170002830550
05-22 06:34:56.956   573   573 D spi_rst_gpio_get_output: GPIO 145 value: 0
05-22 06:34:56.956   573   573 D spidev_ioctl: gpio status=0)
05-22 07:16:23.216   558  1606 I gps_hdbd: Received: '$GNGSA,A,1,,,,,,,,,,,,,,,,4*18
'
05-22 07:16:23.216   558  1606 I gps_hdbd: Received: '$BDGSV,1,1,00,1*75
'
05-22 07:16:23.217  1026  1026 D MyAppLog: [2026-05-22 07:16:23.216 D tboxap gspDataAnalyze:346] [Gps] rev gps data:$GNGSA,A,1,,,,,,,,,,,,,,,,4*18
05-22 07:16:23.217  1026  1026 D MyAppLog: [2026-05-22 07:16:23.216 D tboxap gpsCommTboxmidsRecvCb:66] [Gps] [gpsCommTboxmidsRecvCb] gps nmea updated:$GNGSA,A,1,,,,,,,,,,,,,,,,4*18
05-22 07:16:23.217  1026  1026 D MyAppLog: 
05-22 07:16:23.217  1026  1026 D MyAppLog: [2026-05-22 07:16:23.217 D tboxap gspDataAnalyze:346] [Gps] rev gps data:$BDGSV,1,1,00,1*75
05-22 07:16:23.217  1026  1026 D MyAppLog: [2026-05-22 07:16:23.217 D tboxap gpsCommTboxmidsRecvCb:66] [Gps] [gpsCommTboxmidsRecvCb] gps nmea updated:$BDGSV,1,1,00,1*75
05-22 07:16:23.217  1026  1026 D MyAppLog: 
05-22 07:16:23.217   291  1491 D EvsDriver: forwardFrame
05-22 07:16:23.218   291  1491 D EvsDriver: Delivered 0xb400007b2f47ca30 as id 0
05-22 07:16:23.218  1137  1150 D evsmanagerd: /dev/video4 forwarded the buffer #0 to 0xb4000071fa019690 from 0xb4000071fa01b7d0
05-22 07:16:23.219   291  1135 D EvsDriver: doneWithFrame
05-22 07:16:23.222   558  1606 I gps_hdbd: Received: '$GPGSV,1,1,01,199,42,165,,1*60
'
05-22 07:16:23.222   558  1606 I gps_hdbd: Received: '$GAGSV,1,1,00,7*73
'
05-22 07:16:23.223  1026  1026 D MyAppLog: [2026-05-22 07:16:23.222 D tboxap gspDataAnalyze:346] [Gps] rev gps data:$GPGSV,1,1,01,199,42,165,,1*60
05-22 07:16:23.223  1026  1026 D MyAppLog: [2026-05-22 07:16:23.222 D tboxap gpsCommTboxmidsRecvCb:66] [Gps] [gpsCommTboxmidsRecvCb] gps nmea updated:$GPGSV,1,1,01,199,42,165,,1*60
05-22 07:16:23.223  1026  1026 D MyAppLog: 
05-22 07:16:23.223  1026  1026 D MyAppLog: [2026-05-22 07:16:23.222 D tboxap gspDataAnalyze:346] [Gps] rev gps data:$GAGSV,1,1,00,7*73
05-22 07:16:23.223  1026  1026 D MyAppLog: [2026-05-22 07:16:23.223 D tboxap gpsCommTboxmidsRecvCb:66] [Gps] [gpsCommTboxmidsRecvCb] gps nmea updated:$GAGSV,1,1,00,7*73
05-22 07:16:23.223  1026  1026 D MyAppLog: 
05-22 07:16:23.227   573   573 I SpiService: fgesysctrl_getGPIO_status success val=1
05-22 07:16:23.228   558  1606 I gps_hdbd: Received: '$GNRMC,231623.000,V,,,,,,,210526,120.0,E,N,V*44
'
05-22 07:16:23.228   558  1606 I gps_hdbd: RMC : CALL gnss_sv_status_cb, view_in_sat <1>
05-22 07:16:23.228   558  1606 I gps_hdbd: [reportSvStatus]--->PLATFORM_BSP::Enter
05-22 07:16:23.228   558  1606 I gps_hdbd: hy abnormal deal:hy_cnr30_satellite_cnt=0
05-22 07:16:23.228   558  1606 D gps_hdbd: hy abnormal deal:hy_fixStatus_fail_count=0
05-22 07:16:23.228  1026  1026 D MyAppLog: [2026-05-22 07:16:23.228 D tboxap gspDataAnalyze:346] [Gps] rev gps data:$GNRMC,231623.000,V,,,,,,,210526,120.0,E,N,V*44
05-22 07:16:23.228  1026  1026 D MyAppLog: [2026-05-22 07:16:23.228 D tboxap Real_GPS_Command_Process:293] [Gps] GPS_INFOR_IF_COMPLETED 0f
05-22 07:16:23.229  1026  1026 D MyAppLog: [2026-05-22 07:16:23.228 D tboxap gpsCommDataCb:143] [Gps] [gpsCommDataCb] datacb
05-22 07:16:23.229  1026  1026 W MyAppLog: [2026-05-22 07:16:23.228 W tboxap gpsSyncGpsInfoToDm:263] [Gps] [gpsSyncGpsInfoToDm] fix=0 mode=49 alt=0.00 sat=0 hdop=0.00 pdop=0.00 vdop=0.00
05-22 07:16:23.229  1026  1026 D MyAppLog: [2026-05-22 07:16:23.228 D tboxap gpsIpcInfoCallBack:161] [Gps] [gpsIpcInfoCallBack] gpsIpcInfoCallBack in
05-22 07:16:23.229  1026  1026 D MyAppLog: [2026-05-22 07:16:23.228 D tboxap gpsIpcInfoCallBack:168] [Gps] [gpsIpcInfoCallBack] gps ipc init gpsIpcInfoCallBack = 0x64d0daa0fc
05-22 07:16:23.229  1026  1026 D MyAppLog: [2026-05-22 07:16:23.228 D tboxap gpsIpcInfoCallBack:176] [Gps] [gpsIpcInfoCallBack] gpsIpcInfoCallBack 44 out
05-22 06:34:56.970   573   573 D spi_rst_gpio_get_output: GPIO 145 value: 1
05-22 06:34:56.970   573   573 D spidev_ioctl: gpio status=1)
05-22 07:16:23.229  1026  1026 D MyAppLog: [2026-05-22 07:16:23.228 D tboxap gpsCommTboxmidsRecvCb:66] [Gps] [gpsCommTboxmidsRecvCb] gps nmea updated:$GNRMC,231623.000,V,,,,,,,210526,120.0,E,N,V*44
05-22 07:16:23.229  1026  1026 D MyAppLog: 
05-22 07:16:23.229  1026  1026 D MyAppLog: [2026-05-22 07:16:23.228 D tboxap GpsIpcInfoHandler:133] [Gps] [GpsIpcInfoHandler]  time 
05-22 07:16:23.231  2981  3177 I SentryImuMcuAngleSender: 179.93791rollDeg
05-22 07:16:23.231  2981  3177 I SentryImuMcuAngleSender: 1,0,0
05-22 07:16:23.232   573   573 I SpiService: fgesysctrl_getGPIO_status success val=1
05-22 07:16:23.233   544   544 D commservice260303: msg.id = 1028,0
05-22 07:16:23.233   544   544 D commservice260303: i = 170, msgid = 8A000404
05-22 07:16:23.233   544   544 D commservice260303: msgid = -1979710460,did=138
05-22 07:16:23.233   544   544 D commservice260303: CommProtocolLibCmdBaseI2C::dataproc {"command":{"id":"imu_status","sub":""},"content":{"TimeStamp":1779405383233,"FrameCounter":15777,"GD_X":-0.009010015055537224,"GD_Y":0.008398840203881264,"GD_Z":0.0183248370885849,"AD_X":-0.004767708480358124,"AD_Y":-0.0029680784791707993,"AD_Z":-0.327239990234375,"TempDsp":0,"Status":0,"CalibState":1,"SigAmpInvalid":0}},-1979710460
05-22 07:16:23.233   544   544 D commservice260303: send2Cluster len:323, 7B22636F6D6D616E64223A7B226964223A22696D755F737461747573222C22737562223A22227D2C22636F6E74656E74223A7B2254696D655374616D70223A313737393430353338333233332C224672616D65436F756E746572223A31353737372C2247445F58223A2D302E3030393031303031353035353533373232342C2247445F59223A302E3030383339383834303230333838313236342C2247445F5A223A302E303138333234383337303838353834392C2241445F58223A2D302E3030343736373730383438303335383132342C2241445F59223A2D302E303032393638303738343739313730373939332C2241445F5A223A2D302E3332373233393939303233343337352C2254656D70447370223A302C22537461747573223A302C2243616C69625374617465223A312C22536967416D70496E76616C6964223A307D7D, 138 
05-22 07:16:23.233   544   544 D commservice260303: Push Message into SendPool fn=-214040576
05-22 07:16:23.233   544   544 D commservice260303: ComProtocolLibSend2Cluster::send2ClusterRaw fn=-214040576 , len=339
05-22 06:34:56.976   573   573 D spi_rst_gpio_get_output: GPIO 145 value: 1
05-22 06:34:56.976   573   573 D spidev_ioctl: gpio status=1)
05-22 07:16:23.233   544   544 D commservice260303: sendCmdToPort :339!!!
05-22 07:16:23.233   544   544 D commservice260303: send Cmd To Port ++++5AA5014F8A0100003EF36A0F92477B22636F6D6D616E64223A7B226964223A22696D755F737461747573222C22737562223A22227D2C22636F6E74656E74223A7B2254696D655374616D70223A313737393430353338333233332C224672616D65436F756E746572223A31353737372C2247445F58223A2D302E3030393031303031353035353533373232342C2247445F59223A302E3030383339383834303230333838313236342C2247445F5A223A302E303138333234383337303838353834392C2241445F58223A2D302E3030343736373730383438303335383132342C2241445F59223A2D302E303032393638303738343739313730373939332C2241445F5A223A2D302E3332373233393939303233343337352C2254656D70447370223A302C22537461747573223A302C2243616C69625374617465223A312C22536967416D70496E76616C6964223A307D7DF3CF
05-22 07:16:23.233   544   544 D commservice260303: bufferevent_write retrun value = 0
05-22 07:16:23.233   544   567 D commservice260303: client datas send succeed,send finish
05-22 07:16:23.234  2981  3178 D Sentinelmode_1.2.5.13_alpha: <SentryImuClusterFgeSender>imu_status sent to Linux, frame=15777, tsNs=668204, tsMs=1779405383233, intervalMs=40, ad=(-0.0047677085,-0.0029680785,-0.32724), gd=(-0.009010015,0.00839884,0.018324837)
05-22 07:16:23.234   558  1606 I gps_hdbd: Received: '$GNZDA,231623.000,21,05,2026,00,00*4F
'
05-22 07:16:23.234   558  1606 I gps_hdbd: Received: '$GNGST,231623.000,,,,,,,*50
'
05-22 07:16:23.235  1026  1026 D MyAppLog: [2026-05-22 07:16:23.234 D tboxap gspDataAnalyze:346] [Gps] rev gps data:$GNZDA,231623.000,21,05,2026,00,00*4F
05-22 07:16:23.235  1026  1026 D MyAppLog: [2026-05-22 07:16:23.234 D tboxap gpsCommTboxmidsRecvCb:66] [Gps] [gpsCommTboxmidsRecvCb] gps nmea updated:$GNZDA,231623.000,21,05,2026,00,00*4F
05-22 07:16:23.235  1026  1026 D MyAppLog: 
05-22 07:16:23.238   573   573 I SpiService: fgesysctrl_getGPIO_status success val=1
05-22 06:34:56.981   573   573 D spi_rst_gpio_get_output: GPIO 145 value: 1
05-22 06:34:56.981   573   573 D spidev_ioctl: gpio status=1)
05-22 07:16:23.243   573   573 I SpiService: fgesysctrl_getGPIO_status success val=1
05-22 06:34:56.987   573   573 D spi_rst_gpio_get_output: GPIO 145 value: 1
05-22 06:34:56.987   573   573 D spidev_ioctl: gpio status=1)
05-22 07:16:23.247   276   300 I rvcservice: t.code = 3, t.value = 0
05-22 07:16:23.249   573   573 I SpiService: fgesysctrl_getGPIO_status success val=1
05-22 06:34:56.992   573   573 D spi_rst_gpio_get_output: GPIO 145 value: 1
05-22 06:34:56.992   573   573 D spidev_ioctl: gpio status=1)
05-22 07:16:23.250   291  1491 D EvsDriver: forwardFrame
05-22 07:16:23.252   291  1491 D EvsDriver: Delivered 0xb400007b2f47ca30 as id 0
05-22 07:16:23.252  1137  1150 D evsmanagerd: /dev/video4 forwarded the buffer #0 to 0xb4000071fa019690 from 0xb4000071fa01b7d0
05-22 07:16:23.252  2981  3177 I SentryImuMcuAngleSender: 179.9241rollDeg
05-22 07:16:23.252  2981  3177 I SentryImuMcuAngleSender: 1,0,0
05-22 07:16:23.254   824   824 D SurfaceFlinger: unisoc-graphics, commit has frameMissed:2, vysncId:342945
05-22 07:16:23.255   573   573 I SpiService: fgesysctrl_getGPIO_status success val=0
05-22 06:34:56.998   573   573 D spi_rst_gpio_get_output: GPIO 145 value: 0
05-22 06:34:56.999   573   573 D spidev_ioctl: gpio status=0)
05-22 07:16:23.258   291  1135 D EvsDriver: doneWithFrame
05-22 07:16:23.259   558  1606 I gps_hdbd: Received: '$GNINS,1,1,TYPE,I,V,231623.000,651200,FUS,-9,0,0,0,MOT,V,1,PATT,0.00,0.00,0.00,VEL,0.000,0.000,0.000,POS,39.9999846247,115.9999771395,108.489,IIA,1,0.00,0.00,0.00,BGA,0.44,-0.52,-1.01,0.000,0.000,0.000,IGA,0,0,-1,0,-1,99,VG,16c2ff1*28
'
05-22 07:16:23.264   964  1804 D [OMXB]  : usingANWBuffer: handle:0xebd41400, format:1, w:1920, h:1080
05-22 07:16:23.269   558  1606 I gps_hdbd: Received: '$GNINS,CARSPEED,ADR_STATUS,0,Pulse_count,0,1,0,0,651200,6512,0.000,0.000,0.000*06
'
05-22 07:16:23.269   558  1606 I gps_hdbd: Received: '$GNTXT,04,01,04,INS,V,1,,,,FLG,1,000000,1,0,1,0,0,Con,0*71
'
05-22 07:16:23.270   573   573 I SpiService: fgesysctrl_getGPIO_status success val=1
05-22 07:16:23.273  2981  3177 I SentryImuMcuAngleSender: 179.9241rollDeg
05-22 07:16:23.273  2981  3177 I SentryImuMcuAngleSender: 1,0,0
05-22 07:16:23.273   824   824 D SurfaceFlinger: unisoc-graphics, commit has frameMissed:2, vysncId:342953
05-22 06:34:57.013   573   573 D spi_rst_gpio_get_output: GPIO 145 value: 1
05-22 06:34:57.013   573   573 D spidev_ioctl: gpio status=1)
05-22 07:16:23.274   544   544 D commservice260303: msg.id = 1028,0
05-22 07:16:23.274   544   544 D commservice260303: i = 170, msgid = 8A000404
05-22 07:16:23.274   544   544 D commservice260303: msgid = -1979710460,did=138
05-22 07:16:23.274   544   544 D commservice260303: CommProtocolLibCmdBaseI2C::dataproc {"command":{"id":"imu_status","sub":""},"content":{"TimeStamp":1779405383273,"FrameCounter":15778,"GD_X":-0.008704167790710926,"GD_Y":0.007864127866923809,"GD_Z":0.017867106944322586,"AD_X":-0.003547169268131256,"AD_Y":-5.276696756482124E-4,"AD_Z":-0.3235807418823242,"TempDsp":0,"Status":0,"CalibState":1,"SigAmpInvalid":0}},-1979710460
05-22 07:16:23.274   544   544 D commservice260303: send2Cluster len:325, 7B22636F6D6D616E64223A7B226964223A22696D755F737461747573222C22737562223A22227D2C22636F6E74656E74223A7B2254696D655374616D70223A313737393430353338333237332C224672616D65436F756E746572223A31353737382C2247445F58223A2D302E3030383730343136373739303731303932362C2247445F59223A302E3030373836343132373836363932333830392C2247445F5A223A302E3031373836373130363934343332323538362C2241445F58223A2D302E3030333534373136393236383133313235362C2241445F59223A2D352E323736363936373536343832313234452D342C2241445F5A223A2D302E333233353830373431383832333234322C2254656D70447370223A302C22537461747573223A302C2243616C69625374617465223A312C22536967416D70496E76616C6964223A307D7D, 138 
05-22 07:16:23.274   544   544 D commservice260303: Push Message into SendPool fn=-197263360
05-22 07:16:23.274   544   544 D commservice260303: ComProtocolLibSend2Cluster::send2ClusterRaw fn=-197263360 , len=341
05-22 07:16:23.274   544   544 D commservice260303: sendCmdToPort :341!!!
05-22 07:16:23.275   544   544 D commservice260303: send Cmd To Port ++++5AA501518A0100003EF46A0F92477B22636F6D6D616E64223A7B226964223A22696D755F737461747573222C22737562223A22227D2C22636F6E74656E74223A7B2254696D655374616D70223A313737393430353338333237332C224672616D65436F756E746572223A31353737382C2247445F58223A2D302E3030383730343136373739303731303932362C2247445F59223A302E3030373836343132373836363932333830392C2247445F5A223A302E3031373836373130363934343332323538362C2241445F58223A2D302E3030333534373136393236383133313235362C2241445F59223A2D352E323736363936373536343832313234452D342C2241445F5A223A2D302E333233353830373431383832333234322C2254656D70447370223A302C22537461747573223A302C2243616C69625374617465223A312C22536967416D70496E76616C6964223A307D7D1054
05-22 07:16:23.275   544   544 D commservice260303: bufferevent_write retrun value = 0
05-22 07:16:23.275   544   567 D commservice260303: client datas send succeed,send finish
05-22 07:16:23.275  2981  3178 D Sentinelmode_1.2.5.13_alpha: <SentryImuClusterFgeSender>imu_status sent to Linux, frame=15778, tsNs=668221, tsMs=1779405383273, intervalMs=42, ad=(-0.0035471693,-5.276697E-4,-0.32358074), gd=(-0.008704168,0.007864128,0.017867107)
05-22 07:16:23.275   573   573 I SpiService: fgesysctrl_getGPIO_status success val=1
05-22 07:16:23.275   558  1606 I gps_hdbd: Received: '$GNTXT,INSTALL,0.00,0.00,0.00,0.00,0.00,0.00,0*20
'
05-22 07:16:23.277  3735  3735 D NSLogUtils_MainActivity: progress->54566
05-22 06:34:57.019   573   573 D spi_rst_gpio_get_output: GPIO 145 value: 1
05-22 06:34:57.019   573   573 D spidev_ioctl: gpio status=1)
05-22 07:16:23.280   573   573 I SpiService: fgesysctrl_getGPIO_status success val=1
05-22 06:34:57.024   573   573 D spi_rst_gpio_get_output: GPIO 145 value: 1
05-22 06:34:57.024   573   573 D spidev_ioctl: gpio status=1)
05-22 07:16:23.284   291  1491 D EvsDriver: forwardFrame
05-22 07:16:23.285   291  1491 D EvsDriver: Delivered 0xb400007b2f47ca30 as id 0
05-22 07:16:23.285  1137  1150 D evsmanagerd: /dev/video4 forwarded the buffer #0 to 0xb4000071fa019690 from 0xb4000071fa01b7d0
05-22 07:16:23.286   573   573 I SpiService: fgesysctrl_getGPIO_status success val=1
05-22 06:34:57.029   573   573 D spi_rst_gpio_get_output: GPIO 145 value: 1
05-22 06:34:57.029   573   573 D spidev_ioctl: gpio status=1)
05-22 07:16:23.288   291  1135 D EvsDriver: doneWithFrame
05-22 07:16:23.289  1026  1026 I MyAppLog: [2026-05-22 07:16:23.289 I tboxap tsp_EventSend:270] [Tsp] [tsp_EventSend] TX tspCmdMsg.MsgID:0100 size:0
05-22 07:16:23.289  1026  1026 D MyAppLog: [2026-05-22 07:16:23.289 D tboxap tsp_EventQueueWrite:115] [Tsp] [tsp_EventQueueWrite] sizeof(16) pTmp:8601d830  
05-22 07:16:23.289  1026  1026 D MyAppLog: [2026-05-22 07:16:23.289 D tboxap tsp_WorkMachineProc:1086] [Tsp] [tsp_WorkMachineProc]TSP_WORK_LOGIN NOW !!!!
05-22 07:16:23.289  1026  1026 D MyAppLog: [2026-05-22 07:16:23.289 D tboxap tsp_EventProceHandel:305] [Tsp] [tsp_EventProceHandel] rx msg :0100 , size:0!!
05-22 07:16:23.289  1026  1026 D MyAppLog: [2026-05-22 07:16:23.289 D tboxap tsp_EventToCmd:108] [Tsp] [tsp_EventToCmd] event:0x0100 -> cmd:1001 size:0
05-22 07:16:23.289  1026  1026 I MyAppLog: [2026-05-22 07:16:23.289 I tboxap tsp_LoginPacket_Yadi:399] [Tsp] [Login rawData]: :00 01 00 41 86 14 84 04 01 24 81 41 11 11 00 00 00 00 00 00 00 FF
05-22 07:16:23.290  1026  1026 I MyAppLog: [2026-05-22 07:16:23.289 I tboxap tsp_LoginPacket_Yadi:417] [Tsp] [Login addCrc]: :00 01 00 41 86 14 84 04 01 24 81 41 11 11 00 00 00 00 00 00 00 FF DA 00 00 00 00 00 00 00 38 AF
05-22 07:16:23.290  1026  1026 I MyAppLog: [2026-05-22 07:16:23.289 I tboxap tsp_LoginPacket_Yadi:427] [Tsp] [Login doneAes]: :FC F0 8C 8D A5 FD 2A 59 78 ED 98 02 89 66 24 B1 BA F6 09 CE 5E B0 BE B0 FD 94 BE C8 77 69 83 6B
05-22 07:16:23.290  1026  1026 I MyAppLog: [2026-05-22 07:16:23.289 I tboxap tsp_pack_frame_Yadi:1240] [Tsp] Login data pack and encrypt completed ! BodySize = 32! 
05-22 07:16:23.290  1026  1026 I MyAppLog: [2026-05-22 07:16:23.289 I tboxap tsp_pack_frame_Yadi:1353] [Tsp] [DataMsgLen]: :00 16
05-22 07:16:23.290  1026  1026 I MyAppLog: [2026-05-22 07:16:23.289 I tboxap tsp_pack_frame_Yadi:1380] [Tsp] [FrameData]: :AA FF 00 3E 08 61 48 40 40 12 48 14 1A 05 16 07 10 17 10 01 28 03 01 01 00 16 FC F0 8C 8D A5 FD 2A 59 78 ED 98 02 89 66 24 B1 BA F6 09 CE 5E B0 BE B0 FD 94 BE C8 77 69 83 6B 17 12 0D 0A
05-22 07:16:23.290  1026  1026 I MyAppLog: [2026-05-22 07:16:23.289 I tboxap tsp_PackLogIn_Yadi:196] [Tsp] LoginFrame init complet, frame size:62!!!
05-22 07:16:23.290  1026  1026 E MyAppLog: [2026-05-22 07:16:23.289 E tboxap tsp_FifoWrite:319] [Tsp] tsp_FifoWrite FIFO is full when to be written!
05-22 07:16:23.291   558  1606 I gps_hdbd: nmea_cs <0> != calc_cs <c8>, return -1
05-22 07:16:23.291   573   573 I SpiService: fgesysctrl_getGPIO_status success val=1
05-22 07:16:23.293  2981  3177 I SentryImuMcuAngleSender: 179.9172rollDeg
05-22 07:16:23.293  2981  3177 I SentryImuMcuAngleSender: 1,0,0
05-22 06:34:57.035   573   573 D spi_rst_gpio_get_output: GPIO 145 value: 1
05-22 06:34:57.035   573   573 D spidev_ioctl: gpio status=1)
05-22 07:16:23.297   573   573 I SpiService: fgesysctrl_getGPIO_status success val=0
05-22 06:34:57.040   573   573 D spi_rst_gpio_get_output: GPIO 145 value: 0
05-22 07:16:23.299  1026  1026 D MyAppLog: [2026-05-22 07:16:23.299 D tboxap tsp_EventQueueRead:150] [Tsp] [tsp_EventQueueRead] read:5, write:5  Num:0!!
05-22 06:34:57.041   573   573 D spidev_ioctl: gpio status=0)
05-22 07:16:23.306  1658  2861 D DDSService-EngineInit: <<<engineDoAuth>>>
05-22 07:16:23.308  1658  2861 W DL-DDS-USER_I_DDS: doAuth
05-22 07:16:23.309  1658  2861 I DL-DDS-Agent: restartAuth, type:DDS-doAuth
05-22 07:16:23.310  1658  2861 D DDSService-EngineInit: startAuthTimer()
05-22 07:16:23.310  1658 12972 D DL-DDS-AI-auth_AuthNode:  topic =  local_auth.start
05-22 07:16:23.310  1658 12972 D DL-DDS-AI-auth_AuthProxy:  doAuth... 99956946
05-22 07:16:23.310  1658 12972 D DL-DDS-AI-auth_AuthProxyImpl: doAuth()
05-22 07:16:23.311  1658 12972 I DL-AIMagnus:  mContext  com.aispeech.lyra.daemon.DaemonApplication@e5bab1
05-22 07:16:23.311  1658 12972 I DL-AISpeech:  mContext  com.aispeech.lyra.daemon.DaemonApplication@e5bab1
05-22 07:16:23.311  1658 12972 D DL-AIProfile: profile no exist
05-22 07:16:23.311  1658 12972 W DL-AIProfile: profile content is null
05-22 07:16:23.311  1658 12972 I DL-AIMagnus:  mContext  com.aispeech.lyra.daemon.DaemonApplication@e5bab1
05-22 07:16:23.311  1658 12972 I DL-AISpeech:  mContext  com.aispeech.lyra.daemon.DaemonApplication@e5bab1
05-22 07:16:23.311  1658 12972 W DL-DUILiteSDK:  doAuth: b.a.ja.a.a.for@bf0c2e8
05-22 07:16:23.312   573   573 I SpiService: fgesysctrl_getGPIO_status success val=1
05-22 07:16:23.312  1658 12972 D DL-DUILiteSDK:  user set config:  DUILiteConfig{authTimeout=5000, updateTrailProfileToOnlineProfile=true, deviceProfileDirPath='null', cacheUploadMaxNumber=100, threadAffinity=0, uploadAudioLevel=0, uploadAudioPath='null', uploadAudioDelayTime=300000, localSaveAudioPath=null, uploadUrl='https://carbrain.aispeech.com', authServer='https://auth.duiopen.com', intervalTime=100, audioSourceType=0, audioRecorderType=6, maxVolumeMode=false, extraParameter={DEVICE_NAME=88E034BB57F8}, apiKey='867a0e114c7b6131bb4cea0b69f1e117', productId='279634510', productKey='73b8af74ccdfd6be5cb8f41a90bd23cd', productSecret='5674b9d0e7a8e7a8fd2719d65b3d954f', monitorUploadEnable=true, logEnable=false, logFilePath='null', authRetryTimesForNetworkErr=0, callbackInThread=true, echoConfig=null, maxMessageQueueSize=0, useSystemDns=true, buildModel=null, sspeSoName=, magnusRuntimeConfig=null, netConfig=null, authConfig=AuthConfig{authTimeout=5000, authServer='https://auth.dui.ai', deviceProfileDirPath='/data/user_de/0/com.aispeech.lyra.daemon/files/dds', offlineProfileName='null', updateTrailProfileToOnlineProfile=true, customDeviceId='null', licenceId='null', customDeviceName='88E034BB57F8', type=ONLINE, encryptCustomDeviceName=false, privateAuth=false, useCustomAndroidId=false, ignoreLogin=false, loadMacAddress=true, loadAndroidID=true, loadSerial=true, loadApplicationLabel=true, loadApplicationVersion=true, loadBuildDevice=true, loadBuildManufacture=true, loadBuildModel=true, loadBuildSdkInt=true, loadDisplayMatrix=true, loadPackageName=true}, uploadConfig=null, RecorderConfig=null}
05-22 07:16:23.312  1658 12972 D DL-DUILiteSDK: AIEchoConfig is null
05-22 07:16:23.312  1658 12972 I DL-AIMagnus:  mContext  com.aispeech.lyra.daemon.DaemonApplication@e5bab1
05-22 07:16:23.312  1658 12972 I DL-AISpeech:  mContext  com.aispeech.lyra.daemon.DaemonApplication@e5bab1
05-22 07:16:23.312  1658 12972 I DL-AIMagnus:  mContext  com.aispeech.lyra.daemon.DaemonApplication@e5bab1
05-22 07:16:23.312  4053  4136 D MessageCenterService: 服务运行中
05-22 07:16:23.313  1658 12972 D DL-AIProfile: profile no exist
05-22 07:16:23.313  1658 12972 W DL-AIProfile: profile content is null
05-22 07:16:23.313  1658 12972 D DL-AIProfile: profile no exist
05-22 07:16:23.313  1658 12972 W DL-AIProfile: profile content is null
05-22 07:16:23.313  1658 12972 D DL-DUILiteSDK:  SdkVersion: 
05-22 07:16:23.313  1658 12972 D DL-DUILiteSDK:  sdk_version:3.14.4-MagnusCore
05-22 07:16:23.313  1658 12972 D DL-DUILiteSDK: commit:b62948f4
05-22 07:16:23.313  1658 12972 D DL-DUILiteSDK: branchName:origin/magnus-master
05-22 07:16:23.313  1658 12972 D DL-DUILiteSDK: build_date:2026-04-30 10:47:40 
05-22 07:16:23.313  1658 12972 D DL-DUILiteSDK:  CoreVersion:
05-22 07:16:23.313  1658 12972 D DL-DUILiteSDK:   AISpeech DUILite SDK V1.72.1 Release(6a3554e3)
05-22 07:16:23.313  1658 12972 D DL-DUILiteSDK:  TYPE: COMMON.2025.03
05-22 07:16:23.313  1658 12972 D DL-DUILiteSDK:  MODULES: speexenc
05-22 07:16:23.313  1658 12972 D DL-DUILiteSDK:  WTK_CORE_VERSION: v1.1.30
05-22 07:16:23.313  1658 12972 D DL-DUILiteSDK:  ASR_VERSION: v1.3.10
05-22 07:16:23.313  1658 12972 D DL-DUILiteSDK:  VAD_VERSION: v1.3.18
05-22 07:16:23.313  1658 12972 D DL-DUILiteSDK:  ASRPP_VERSION: v1.0.25
05-22 07:16:23.313  1658 12972 D DL-DUILiteSDK:  VPRINT_VERSION: v1.3.32
05-22 07:16:23.313  1658 12972 D DL-DUILiteSDK:  LOCAL_WAKEUP_VERSION: v1.6.40
05-22 07:16:23.313  1658 12972 D DL-DUILiteSDK:  TTS_VERSION: v2.1.65
05-22 07:16:23.313  1658 12972 D DL-DUILiteSDK:  MDS_VERSION: v2.70.0.30
05-22 07:16:23.313  1658 12972 D DL-DUILiteSDK:  SSPE_VERSION: v2.0.0.165
05-22 07:16:23.313  1658 12972 D DL-DUILiteSDK:  DECISION_VERSION: v1.0.0
05-22 07:16:23.313  1658 12972 D DL-DUILiteSDK:  NETWORK_VERSION: v1.0.0
05-22 07:16:23.313  1658 12972 D DL-DUILiteSDK:  SEMANTIC_NAVI_VERSION: v2.1.0
05-22 07:16:23.313  1658 12972 D DL-DUILiteSDK:  SEMANTIC_DUI_VERSION: v2.1.0
05-22 07:16:23.313  1658 12972 D DL-DUILiteSDK:  SEMANTIC_BCD_VERSION: v2.2.0
05-22 07:16:23.313  1658 12972 D DL-DUILiteSDK:  INFO OVER
05-22 07:16:23.313  1658 12972 D DL-DUILiteSDK:  
05-22 07:16:23.313  1658 13077 D DL-TAffinity: checkThreadAffinity
05-22 07:16:23.313  1658 13077 D DL-TAffinity:  SET_THREAD_AFFINITY ret: -1 , engine =  2147483647
05-22 07:16:23.313  1658 13077 D DL-TAffinity:  SET_THREAD_AFFINITY  cpuId =  0 , engine =  2147483647
05-22 07:16:23.313  1658 13077 D DL-DUILiteSDK: do auth 
05-22 07:16:23.313  1658 13077 D DL-AuthUtil:  customDeviceId is  88E034BB57F8
05-22 07:16:23.314  1658 13077 D DL-AuthProxy: new auth type
05-22 07:16:23.314   544   544 D commservice260303: msg.id = 1028,0
05-22 07:16:23.314   544   544 D commservice260303: i = 170, msgid = 8A000404
05-22 07:16:23.314  1658 13077 D DL-AuthProxy:  apiKey is ok locally AIProfile{mConfig=AIAuthConfig{productId='279634510', productKey='73b8af74ccdfd6be5cb8f41a90bd23cd', productSecret='5674b9d0e7a8e7a8fd2719d65b3d954f', apiKey='867a0e114c7b6131bb4cea0b69f1e117', customDeviceId='null', customDeviceName='88E034BB57F8', deviceNameType='null', customSHA256='null', buildModel='null', profilePath='/data/user_de/0/com.aispeech.lyra.daemon/files/dds', offlineProfileName='null', authServer='https://auth.dui.ai', registerPath='/auth/device/register', loginPath='/auth/device/login', verifyPath='/auth/apikey/verify', needReplaceProfile=true, needReplaceProfile=false, authTimeout=5000, deviceInfoMap={sdkVersion=3.14.4-MagnusCore, sdkName=duilite_android}, ignoreLogin=false, licenceId=null, licenceId=null, useCheckProductId=false}, mAuthType=ONLINE, mDeviceName='null', mDeviceSecret='null'}
05-22 07:16:23.314   544   544 D commservice260303: msgid = -1979710460,did=138
05-22 07:16:23.314   544   544 D commservice260303: CommProtocolLibCmdBaseI2C::dataproc {"command":{"id":"imu_status","sub":""},"content":{"TimeStamp":1779405383313,"FrameCounter":15779,"GD_X":-0.008245917037129402,"GD_Y":0.007634742185473442,"GD_Z":0.017485838383436203,"AD_X":-0.0047659799456596375,"AD_Y":6.908262148499489E-4,"AD_Z":-0.3235807418823242,"TempDsp":0,"Status":0,"CalibState":1,"SigAmpInvalid":0}},-1979710460
05-22 07:16:23.314  2981  3177 I SentryImuMcuAngleSender: 179.9172rollDeg
05-22 07:16:23.314   544   544 D commservice260303: send2Cluster len:325, 7B22636F6D6D616E64223A7B226964223A22696D755F737461747573222C22737562223A22227D2C22636F6E74656E74223A7B2254696D655374616D70223A313737393430353338333331332C224672616D65436F756E746572223A31353737392C2247445F58223A2D302E3030383234353931373033373132393430322C2247445F59223A302E3030373633343734323138353437333434322C2247445F5A223A302E3031373438353833383338333433363230332C2241445F58223A2D302E303034373635393739393435363539363337352C2241445F59223A362E393038323632313438343939343839452D342C2241445F5A223A2D302E333233353830373431383832333234322C2254656D70447370223A302C22537461747573223A302C2243616C69625374617465223A312C22536967416D70496E76616C6964223A307D7D, 138 
05-22 07:16:23.314   544   544 D commservice260303: Push Message into SendPool fn=-180486144
05-22 07:16:23.314  2981  3177 I SentryImuMcuAngleSender: 1,0,0
05-22 07:16:23.314   544   544 D commservice260303: ComProtocolLibSend2Cluster::send2ClusterRaw fn=-180486144 , len=341
05-22 07:16:23.315   544   544 D commservice260303: sendCmdToPort :341!!!
05-22 07:16:23.315   544   544 D commservice260303: send Cmd To Port ++++5AA501518A0100003EF56A0F92477B22636F6D6D616E64223A7B226964223A22696D755F737461747573222C22737562223A22227D2C22636F6E74656E74223A7B2254696D655374616D70223A313737393430353338333331332C224672616D65436F756E746572223A31353737392C2247445F58223A2D302E3030383234353931373033373132393430322C2247445F59223A302E3030373633343734323138353437333434322C2247445F5A223A302E3031373438353833383338333433363230332C2241445F58223A2D302E303034373635393739393435363539363337352C2241445F59223A362E393038323632313438343939343839452D342C2241445F5A223A2D302E333233353830373431383832333234322C2254656D70447370223A302C22537461747573223A302C2243616C69625374617465223A312C22536967416D70496E76616C6964223A307D7D9DF6
05-22 07:16:23.315   544   544 D commservice260303: bufferevent_write retrun value = 0
05-22 07:16:23.315  1658 13077 D DL-AIProfile: profile no exist
05-22 07:16:23.315  1658 13077 W DL-AIProfile: profile content is null
05-22 07:16:23.315  1658 13077 I DL-AuthProxy:  handleRetProfileState  state.isValid() false
05-22 07:16:23.315   544   567 D commservice260303: client datas send succeed,send finish
05-22 07:16:23.315  2981  3178 D Sentinelmode_1.2.5.13_alpha: <SentryImuClusterFgeSender>imu_status sent to Linux, frame=15779, tsNs=668288, tsMs=1779405383313, intervalMs=40, ad=(-0.00476598,6.908262E-4,-0.32358074), gd=(-0.008245917,0.007634742,0.017485838)
05-22 07:16:23.315  1658 13077 D DL-AuthProxy:  delete useless profile ret =  true
05-22 07:16:23.315  1658 13077 D DL-AuthProxy: startMaxSpeechTimerTask
05-22 07:16:23.315  1658 13077 D DL-AuthProxy: cancelTimeoutTimerTask
05-22 07:16:23.316  1658 13077 D DL-AuthProxy:  auth-connect-timeout:  5000 ms
05-22 07:16:23.317  1658 13077 D DL-AuthUtil:  appendUrl is  https://auth.dui.ai/auth/apikey/verify?apikey=867a0e114c7b6131bb4cea0b69f1e117&package=com.aispeech.lyra.daemon&signatuerSha256=C8:A2:E9:BC:CF:59:7C:2F:B6:DC:66:BE:E2:93:FC:13:F2:FC:47:EC:77:BC:6B:2B:0D:52:C1:1F:51:19:2A:B8&buildVariant=release
05-22 07:16:23.317  1658 13077 D DL-HttpImpl: GET beforehttps://auth.dui.ai/auth/apikey/verify?apikey=867a0e114c7b6131bb4cea0b69f1e117&package=com.aispeech.lyra.daemon&signatuerSha256=C8:A2:E9:BC:CF:59:7C:2F:B6:DC:66:BE:E2:93:FC:13:F2:FC:47:EC:77:BC:6B:2B:0D:52:C1:1F:51:19:2A:B8&buildVariant=release
05-22 07:16:23.317  1658 13077 W DL-HttpUtil: privateAuthParam: https://auth.dui.ai/auth/apikey/verify?apikey=867a0e114c7b6131bb4cea0b69f1e117&package=com.aispeech.lyra.daemon&signatuerSha256=C8:A2:E9:BC:CF:59:7C:2F:B6:DC:66:BE:E2:93:FC:13:F2:FC:47:EC:77:BC:6B:2B:0D:52:C1:1F:51:19:2A:B8&buildVariant=release, param：null
05-22 07:16:23.317  1658 13077 D DL-HttpImpl: GET endhttps://auth.dui.ai/auth/apikey/verify?apikey=867a0e114c7b6131bb4cea0b69f1e117&package=com.aispeech.lyra.daemon&signatuerSha256=C8:A2:E9:BC:CF:59:7C:2F:B6:DC:66:BE:E2:93:FC:13:F2:FC:47:EC:77:BC:6B:2B:0D:52:C1:1F:51:19:2A:B8&buildVariant=release
05-22 07:16:23.317   573   573 I SpiService: fgesysctrl_getGPIO_status success val=1
05-22 06:34:57.055   573   573 D spi_rst_gpio_get_output: GPIO 145 value: 1
05-22 06:34:57.055   573   573 D spidev_ioctl: gpio status=1)
05-22 06:34:57.061   573   573 D spi_rst_gpio_get_output: GPIO 145 value: 1
05-22 06:34:57.061   573   573 D spidev_ioctl: gpio status=1)
05-22 07:16:23.320   947 13395 D resolv  : GetAddrInfoHandler::run: {0 786432 0 983040 1000 0}
05-22 07:16:23.320   947 13395 D resolv  : resolv_getaddrinfo: explore_fqdn(): ai_family=0 ai_socktype=1 ai_protocol=6
05-22 07:16:23.320   291  1491 D EvsDriver: forwardFrame
05-22 07:16:23.322  1658 13079 D DL-AuthProxy: cancelTimeoutTimerTask
05-22 07:16:23.322  1658 13079 D DL-AuthProxy:  verify onFailure 
05-22 07:16:23.322  1658 13079 D DL-AuthProxy:  getOfflineEngine()  
05-22 07:16:23.322  1658 13079 D DL-AuthProxy:  onFailure:  Unable to resolve host "auth.dui.ai": No address associated with hostname
05-22 07:16:23.322   291  1491 D EvsDriver: Delivered 0xb400007b2f47ca30 as id 0
05-22 07:16:23.322  1658 13079 W DL-DUILiteSDK:  error mListener: b.a.ja.a.a.for@bf0c2e8
05-22 07:16:23.322  1137  1150 D evsmanagerd: /dev/video4 forwarded the buffer #0 to 0xb4000071fa019690 from 0xb4000071fa01b7d0
05-22 07:16:23.322  1658 13079 D DL-AuthUtil:  customDeviceId is  88E034BB57F8
05-22 07:16:23.322   477  1243 I dvr_service_: [myNum:0][onFrameReceived] Received Surface:1 0
05-22 07:16:23.323   291  1135 D EvsDriver: doneWithFrame
05-22 07:16:23.323  1658 13079 E DL-DUILiteSDK:  auth fail， authFailTimes=  0
05-22 07:16:23.323   573   573 I SpiService: fgesysctrl_getGPIO_status success val=1
05-22 07:16:23.323  1658 13079 E DL-DUI-Auth: ==================================================
05-22 07:16:23.323  1658 13079 E DL-DUI-Auth: ====================授权失败=======================
05-22 07:16:23.323  1658 13079 E DL-DUI-Auth: ============apk 版本 -> release
05-22 07:16:23.323  1658 13079 E DL-DUI-Auth: ============apk SHA256-> C8:A2:E9:BC:CF:59:7C:2F:B6:DC:66:BE:E2:93:FC:13:F2:FC:47:EC:77:BC:6B:2B:0D:52:C1:1F:51:19:2A:B8
05-22 07:16:23.323  1658 13079 E DL-DUI-Auth: ============apk packageName -> com.aispeech.lyra.daemon
05-22 07:16:23.323  1658 13079 E DL-DUI-Auth: ============errorId -> 070601
05-22 07:16:23.323  1658 13079 E DL-DUI-Auth: ============errorInfo -> network abnormal, can not connect to auth server
05-22 07:16:23.323  1658 13079 E DL-DUI-Auth: ==================================================
05-22 07:16:23.323  1658 13079 I DL-DDS-AI-auth_AuthProxy:  auth onFailure errCode =  070601 , errorInfo =  network abnormal, can not connect to auth server 99956946
05-22 07:16:23.323  1658 13079 E DL-DDS-AI-auth_AuthProxyImpl: auth error
05-22 06:34:57.066   573   573 D spi_rst_gpio_get_output: GPIO 145 value: 1
05-22 06:34:57.067   573   573 D spidev_ioctl: gpio status=1)
05-22 07:16:23.324  1658 12976 D DL-DDS-Agent: onInnerThreadMessage topic = local_auth.finish
05-22 07:16:23.324  1658 12976 D DL-DDS-Agent: observer.onMessage topic = local_auth.finish
05-22 07:16:23.324  1658 12976 D DL-DDS-DDS:  agent: local_auth.finish ddsInitListener = com.aispeech.speech.EngineAuthInitialize@38591eb ddsAuthListener = com.aispeech.speech.EngineAuthInitialize@38591eb
05-22 07:16:23.325  1658 12976 E DL-DDS-DDS:  checkInitId mInitId 01bb68e96d724805aef131c088bcabc2 initId 01bb68e96d724805aef131c088bcabc2
05-22 07:16:23.325  1658 12976 E DL-DDS-DDS: ==================================================
05-22 07:16:23.325  1658 12976 E DL-DDS-DDS: ====================授权失败=======================
05-22 07:16:23.325  1658 12976 E DL-DDS-DDS: =============apk 版本 -> release
05-22 07:16:23.325  1658 12976 E DL-DDS-DDS: ============apk SHA256-> C8:A2:E9:BC:CF:59:7C:2F:B6:DC:66:BE:E2:93:FC:13:F2:FC:47:EC:77:BC:6B:2B:0D:52:C1:1F:51:19:2A:B8
05-22 07:16:23.325  1658 12976 E DL-DDS-DDS: ============apk packageName -> com.aispeech.lyra.daemon
05-22 07:16:23.325  1658 12976 E DL-DDS-DDS: ============errorId -> 070601
05-22 07:16:23.325  1658 12976 E DL-DDS-DDS: ============errorInfo -> Network abnormal, can not connect to auth server
05-22 07:16:23.325  1658 12976 E DL-DDS-DDS: ==================================================
05-22 07:16:23.325  1658 12976 E DDSService-EngineInit: onAuthFailed: 070601, error:Network abnormal, can not connect to auth server
05-22 07:16:23.325  1658 12976 D DDSService-EngineInit: stopAuthTimer()
05-22 07:16:23.325  1658 12976 W AIN-DuiSpeechHawk: setAuthSucceed with: authSucceed = false
05-22 07:16:23.325  1658 12976 W AIN-DuiSpeechHawk: tryReady: false	false	false
05-22 07:16:23.325  1658 12976 W AIN-DuiSpeechHawk: tryTransformReady: speech not ready, waiting for it
05-22 07:16:23.325  1658 12976 D DDSService: onEngineInitFailed: 070601, error: Network abnormal, can not connect to auth server
05-22 07:16:23.326  1658 12976 W DL-DDS-USER_O_DDS:  ddsAuthListener.onAuthFailed result = 070601
05-22 07:16:23.326  1658  2861 W DDSService: synLogLvlOnAuth openDebug:0
05-22 07:16:23.326  1658 12976 D DL-DDS-AI-CheckCrashUtil: authDDSFailed called
05-22 07:16:23.326  1658  2861 D AIN-DDSService: isQrAuth() is=false
05-22 07:16:23.326  1658 12976 I DL-DDS-AI-CheckCrashUtil:  putCount = 0
05-22 07:16:23.326  1658  2861 D AIN-DDSService: engineInitFailed error: {"errCode":"070601","error":"Network abnormal, can not connect to auth server"}
05-22 07:16:23.326   964  1804 D [OMXB]  : usingANWBuffer: handle:0xebd40f30, format:1, w:1920, h:1080
05-22 07:16:23.326  1658 12976 W DL-DDS-USER_O_DDS:  ddsAuthListener.onAuthFailed result = 070601
05-22 07:16:23.326  1658 12976 D DL-DDS-Agent: observer.onMessage topic = local_auth.finish, end...
05-22 07:16:23.328   573   573 I SpiService: fgesysctrl_getGPIO_status success val=1
05-22 06:34:57.072   573   573 D spi_rst_gpio_get_output: GPIO 145 value: 1
05-22 06:34:57.072   573   573 D spidev_ioctl: gpio status=1)
05-22 07:16:23.330  1658  2861 D AIN-ServiceHub: getService with: name = service_detect_guard
05-22 07:16:23.330  1658  2861 D AIN-DDSService: isQrAuth() is=false
05-22 07:16:23.330  1658  2861 D DDSService: mAuthFailedInfo: 语音授权失败，请检查网络
05-22 07:16:23.330  1658  2861 D AIN-DDSService: isQrAuth() is=false
05-22 07:16:23.330  1658  2861 D AIN-DDSService: engineInitFailed else !!!
05-22 07:16:23.330  1658  2861 E AIN-DDSService: delayRetryAuth delay:5000
05-22 07:16:23.334   573   573 I SpiService: fgesysctrl_getGPIO_status success val=0
05-22 07:16:23.335  2981  3177 I SentryImuMcuAngleSender: 179.931rollDeg
05-22 07:16:23.335  2981  3177 I SentryImuMcuAngleSender: 1,0,0
05-22 06:34:57.077   573   573 D spi_rst_gpio_get_output: GPIO 145 value: 0
05-22 06:34:57.077   573   573 D spidev_ioctl: gpio status=0)
05-22 07:16:23.342   565   565 I Sensors : 230 AccelSensor: x:-0.107360,y:0.013420,z:-10.132710
05-22 07:16:23.347   276   300 I rvcservice: t.code = 2, t.value = 10129660
05-22 07:16:23.348   573   573 I SpiService: fgesysctrl_getGPIO_status success val=1
05-22 07:16:23.348   486   580 I mcuc    : rev,n=1,6AA6810D18006B89005E0600030A4000000000400000000040000000004000000000400000000040000040000000000000000000000000000000000001000000000000000000000000000000000000000000000000000000000000000000000000000000000000000000000000000000000034
05-22 06:34:57.092   573   573 D spi_rst_gpio_get_output: GPIO 145 value: 1
05-22 07:16:23.349   344   361 D automotive.vehicle@2.0-adayo-datacomm-mcu: MCUDatacomm sendMessageFromVehicle prop: 0x89, areaId: 0x0, status: 0x5e, timestamp: 0x6
05-22 07:16:23.349   344   361 D automotive.vehicle@2.0-adayo-datacomm-mcu: MCUDatacomm 1sendMessageFromVehicle ---> type = 3 
05-22 07:16:23.349   344   361 D automotive.vehicle@2.0-adayo-func-bcm: sendMessageFromVehicle sendMessageFromVehicle
05-22 07:16:23.349   344   511 D automotive.vehicle@2.0-adayo-func-bcm: jjfan1 ______procotolSize :38
05-22 07:16:23.349   344   511 D automotive.vehicle@2.0-adayo-func-bcm: BCMFunc sendMessageFromVehicle_l dataType: 12,mByte=7,propid=0x2140006b
05-22 07:16:23.349   344   511 D automotive.vehicle@2.0-adayo-func-bcm: BCMFunc sendMessageFromVehicle_l msgBuff[7]=0x40,start:0,len:6,temp:6,
05-22 06:34:57.092   573   573 D spidev_ioctl: gpio status=1)
05-22 07:16:23.349   344   511 D automotive.vehicle@2.0-adayo-func-bcm: BCMFunc sendMessageFromVehicle_l prop: 0x2140006b ,areaId: 0x0  SPLITE_BIT_DATA_INTEGER : 0
05-22 07:16:23.349   344   511 D automotive.vehicle@2.0-adayo-func-bcm: BCMFunc sendMessageFromVehicle_l id:557842539, area:0 not report! 
05-22 07:16:23.349   344   511 D automotive.vehicle@2.0-adayo-func-bcm: BCMFunc sendMessageFromVehicle_l dataType: 12,mByte=7,propid=0x2140006c
05-22 07:16:23.349   344   511 D automotive.vehicle@2.0-adayo-func-bcm: BCMFunc sendMessageFromVehicle_l msgBuff[7]=0x40,start:6,len:2,temp:2,
05-22 07:16:23.350   344   511 D automotive.vehicle@2.0-adayo-func-bcm: BCMFunc sendMessageFromVehicle_l prop: 0x2140006c ,areaId: 0x0  SPLITE_BIT_DATA_INTEGER : 1
05-22 07:16:23.350   344   511 D automotive.vehicle@2.0-adayo-func-bcm: BCMFunc sendMessageFromVehicle_l id:557842540, area:0 not report! 
05-22 07:16:23.350   344   511 D automotive.vehicle@2.0-adayo-func-bcm: BCMFunc sendMessageFromVehicle_l dataType: 12,mByte=11,propid=0x2140004a
05-22 07:16:23.350   344   511 D automotive.vehicle@2.0-adayo-func-bcm: BCMFunc sendMessageFromVehicle_l msgBuff[11]=0x0,start:0,len:32,temp:8,
05-22 07:16:23.350   344   511 D automotive.vehicle@2.0-adayo-func-bcm: BCMFunc sendMessageFromVehicle_l msgBuff[10]=0x0,start:0,len:24,temp:8,
05-22 07:16:23.350   344   511 D automotive.vehicle@2.0-adayo-func-bcm: BCMFunc sendMessageFromVehicle_l msgBuff[9]=0x0,start:0,len:16,temp:8,
05-22 07:16:23.350   344   511 D automotive.vehicle@2.0-adayo-func-bcm: BCMFunc sendMessageFromVehicle_l msgBuff[8]=0x0,start:0,len:8,temp:8,
05-22 07:16:23.350   344   511 D automotive.vehicle@2.0-adayo-func-bcm: BCMFunc sendMessageFromVehicle_l prop: 0x2140004a ,areaId: 0x0  SPLITE_BIT_DATA_INTEGER : 0
05-22 07:16:23.350   344   511 D automotive.vehicle@2.0-adayo-func-bcm: BCMFunc sendMessageFromVehicle_l id:557842506, area:0 not report! 
05-22 07:16:23.350   344   511 D automotive.vehicle@2.0-adayo-func-bcm: BCMFunc sendMessageFromVehicle_l dataType: 12,mByte=12,propid=0x2140006d
05-22 07:16:23.350   344   511 D automotive.vehicle@2.0-adayo-func-bcm: BCMFunc sendMessageFromVehicle_l msgBuff[12]=0x40,start:0,len:6,temp:6,
05-22 07:16:23.350   344   511 D automotive.vehicle@2.0-adayo-func-bcm: BCMFunc sendMessageFromVehicle_l prop: 0x2140006d ,areaId: 0x0  SPLITE_BIT_DATA_INTEGER : 0
05-22 07:16:23.350   344   511 D automotive.vehicle@2.0-adayo-func-bcm: BCMFunc sendMessageFromVehicle_l id:557842541, area:0 not report! 
05-22 07:16:23.350   344   511 D automotive.vehicle@2.0-adayo-func-bcm: BCMFunc sendMessageFromVehicle_l dataType: 12,mByte=12,propid=0x2140006e
05-22 07:16:23.350   344   511 D automotive.vehicle@2.0-adayo-func-bcm: BCMFunc sendMessageFromVehicle_l msgBuff[12]=0x40,start:6,len:2,temp:2,
05-22 07:16:23.351   344   511 D automotive.vehicle@2.0-adayo-func-bcm: BCMFunc sendMessageFromVehicle_l prop: 0x2140006e ,areaId: 0x0  SPLITE_BIT_DATA_INTEGER : 1
05-22 07:16:23.352   291  1491 D EvsDriver: forwardFrame
05-22 07:16:23.354   573   573 I SpiService: fgesysctrl_getGPIO_status success val=1
05-22 07:16:23.354   344   511 D automotive.vehicle@2.0-adayo-func-bcm: BCMFunc sendMessageFromVehicle_l id:557842542, area:0 not report! 
05-22 07:16:23.354   344   511 D automotive.vehicle@2.0-adayo-func-bcm: BCMFunc sendMessageFromVehicle_l dataType: 12,mByte=16,propid=0x21600040
05-22 07:16:23.354   344   511 D automotive.vehicle@2.0-adayo-func-bcm: BCMFunc sendMessageFromVehicle_l msgBuff[16]=0x0,start:0,len:32,temp:8,
05-22 07:16:23.354   344   511 D automotive.vehicle@2.0-adayo-func-bcm: BCMFunc sendMessageFromVehicle_l msgBuff[15]=0x0,start:0,len:24,temp:8,
05-22 07:16:23.354   344   511 D automotive.vehicle@2.0-adayo-func-bcm: BCMFunc sendMessageFromVehicle_l msgBuff[14]=0x0,start:0,len:16,temp:8,
05-22 07:16:23.354   344   511 D automotive.vehicle@2.0-adayo-func-bcm: BCMFunc sendMessageFromVehicle_l msgBuff[13]=0x0,start:0,len:8,temp:8,
