05-22 06:34:58.563   573   573 D spi_rst_gpio_get_output: GPIO 145 value: 0
05-22 06:34:58.563   573   573 D spidev_ioctl: gpio status=0)
05-22 07:16:24.823  1137  1137 D evsmanagerd: /dev/video4 forwarded the buffer #0 to 0xb4000071fa019690 from 0xb4000071fa01b7d0
05-22 07:16:24.823   291  1491 D EvsDriver: Delivered 0xb400007b2f47ca30 as id 0
05-22 07:16:24.823   291  1135 D EvsDriver: doneWithFrame
05-22 07:16:24.834   573   573 I SpiService: fgesysctrl_getGPIO_status success val=1
05-22 07:16:24.835  2981  3177 I SentryImuMcuAngleSender: 179.90341rollDeg
05-22 07:16:24.835  2981  3177 I SentryImuMcuAngleSender: 1,0,0
05-22 06:34:58.577   573   573 D spi_rst_gpio_get_output: GPIO 145 value: 1
05-22 06:34:58.577   573   573 D spidev_ioctl: gpio status=1)
05-22 07:16:24.839   573   573 I SpiService: fgesysctrl_getGPIO_status success val=1
05-22 06:34:58.583   573   573 D spi_rst_gpio_get_output: GPIO 145 value: 1
05-22 06:34:58.583   573   573 D spidev_ioctl: gpio status=1)
05-22 07:16:24.845   573   573 I SpiService: fgesysctrl_getGPIO_status success val=1
05-22 06:34:58.588   573   573 D spi_rst_gpio_get_output: GPIO 145 value: 1
05-22 06:34:58.588   573   573 D spidev_ioctl: gpio status=1)
05-22 07:16:24.846   291  1491 D EvsDriver: forwardFrame
05-22 07:16:24.848  1137  1137 D evsmanagerd: /dev/video4 forwarded the buffer #0 to 0xb4000071fa019690 from 0xb4000071fa01b7d0
05-22 07:16:24.848   291  1491 D EvsDriver: Delivered 0xb400007b2f47ca30 as id 0
05-22 07:16:24.851   573   573 I SpiService: fgesysctrl_getGPIO_status success val=1
05-22 06:34:58.594   573   573 D spi_rst_gpio_get_output: GPIO 145 value: 1
05-22 06:34:58.594   573   573 D spidev_ioctl: gpio status=1)
05-22 07:16:24.851   276   300 I rvcservice: t.code = 3, t.value = 0
05-22 07:16:24.853   291  1135 D EvsDriver: doneWithFrame
05-22 07:16:24.853   544   544 D commservice260303: msg.id = 1028,0
05-22 07:16:24.853   544   544 D commservice260303: i = 170, msgid = 8A000404
05-22 07:16:24.853   544   544 D commservice260303: msgid = -1979710460,did=138
05-22 07:16:24.853   544   544 D commservice260303: CommProtocolLibCmdBaseI2C::dataproc {"command":{"id":"imu_status","sub":""},"content":{"TimeStamp":1779405384852,"FrameCounter":15817,"GD_X":-0.010078920982778072,"GD_Y":0.0072539933025836945,"GD_Z":0.01756177842617035,"AD_X":-0.0047652870416641235,"AD_Y":0.004334873519837856,"AD_Z":-0.3260211944580078,"TempDsp":0,"Status":0,"CalibState":1,"SigAmpInvalid":0}},-1979710460
05-22 07:16:24.853   544   544 D commservice260303: send2Cluster len:325, 7B22636F6D6D616E64223A7B226964223A22696D755F737461747573222C22737562223A22227D2C22636F6E74656E74223A7B2254696D655374616D70223A313737393430353338343835322C224672616D65436F756E746572223A31353831372C2247445F58223A2D302E3031303037383932303938323737383037322C2247445F59223A302E303037323533393933333032353833363934352C2247445F5A223A302E30313735363137373834323631373033352C2241445F58223A2D302E303034373635323837303431363634313233352C2241445F59223A302E3030343333343837333531393833373835362C2241445F5A223A2D302E333236303231313934343538303037382C2254656D70447370223A302C22537461747573223A302C2243616C69625374617465223A312C22536967416D70496E76616C6964223A307D7D, 138 
05-22 07:16:24.853   544   544 D commservice260303: Push Message into SendPool fn=473890816
05-22 07:16:24.853   544   544 D commservice260303: ComProtocolLibSend2Cluster::send2ClusterRaw fn=473890816 , len=341
05-22 07:16:24.853   544   544 D commservice260303: sendCmdToPort :341!!!
05-22 07:16:24.854   544   544 D commservice260303: send Cmd To Port ++++5AA501518A0100003F1C6A0F92487B22636F6D6D616E64223A7B226964223A22696D755F737461747573222C22737562223A22227D2C22636F6E74656E74223A7B2254696D655374616D70223A313737393430353338343835322C224672616D65436F756E746572223A31353831372C2247445F58223A2D302E3031303037383932303938323737383037322C2247445F59223A302E303037323533393933333032353833363934352C2247445F5A223A302E30313735363137373834323631373033352C2241445F58223A2D302E303034373635323837303431363634313233352C2241445F59223A302E3030343333343837333531393833373835362C2241445F5A223A2D302E333236303231313934343538303037382C2254656D70447370223A302C22537461747573223A302C2243616C69625374617465223A312C22536967416D70496E76616C6964223A307D7DE671
05-22 07:16:24.854   544   544 D commservice260303: bufferevent_write retrun value = 0
05-22 07:16:24.854   544   567 D commservice260303: client datas send succeed,send finish
05-22 07:16:24.855  2981  3178 D Sentinelmode_1.2.5.13_alpha: <SentryImuClusterFgeSender>imu_status sent to Linux, frame=15817, tsNs=669831, tsMs=1779405384852, intervalMs=43, ad=(-0.004765287,0.0043348735,-0.3260212), gd=(-0.010078921,0.0072539933,0.017561778)
05-22 07:16:24.856  2981  3177 I SentryImuMcuAngleSender: 179.89651rollDeg
05-22 07:16:24.857   573   573 I SpiService: fgesysctrl_getGPIO_status success val=0
05-22 07:16:24.857  2981  3177 I SentryImuMcuAngleSender: 1,0,0
05-22 06:34:58.600   573   573 D spi_rst_gpio_get_output: GPIO 145 value: 0
05-22 06:34:58.600   573   573 D spidev_ioctl: gpio status=0)
05-22 07:16:24.863   964  1804 D [OMXB]  : usingANWBuffer: handle:0xebd41400, format:1, w:1920, h:1080
05-22 07:16:24.864   824   824 D SurfaceFlinger: unisoc-graphics, commit has frameMissed:2, vysncId:343375
05-22 07:16:24.870   573   573 I SpiService: fgesysctrl_getGPIO_status success val=1
05-22 06:34:58.614   573   573 D spi_rst_gpio_get_output: GPIO 145 value: 1
05-22 06:34:58.614   573   573 D spidev_ioctl: gpio status=1)
05-22 07:16:24.876   573   573 I SpiService: fgesysctrl_getGPIO_status success val=1
05-22 06:34:58.619   573   573 D spi_rst_gpio_get_output: GPIO 145 value: 1
05-22 06:34:58.619   573   573 D spidev_ioctl: gpio status=1)
05-22 07:16:24.878  2981  3177 I SentryImuMcuAngleSender: 179.90343rollDeg
05-22 07:16:24.878  2981  3177 I SentryImuMcuAngleSender: 1,0,0
05-22 07:16:24.881   573   573 I SpiService: fgesysctrl_getGPIO_status success val=1
05-22 06:34:58.625   573   573 D spi_rst_gpio_get_output: GPIO 145 value: 1
05-22 06:34:58.625   573   573 D spidev_ioctl: gpio status=1)
05-22 07:16:24.882   291  1491 D EvsDriver: forwardFrame
05-22 07:16:24.883   824   824 D SurfaceFlinger: unisoc-graphics, commit has frameMissed:2, vysncId:343383
05-22 07:16:24.884   291  1491 D EvsDriver: Delivered 0xb400007b2f47ca30 as id 0
05-22 07:16:24.884  1137  1137 D evsmanagerd: /dev/video4 forwarded the buffer #0 to 0xb4000071fa019690 from 0xb4000071fa01b7d0
05-22 07:16:24.886   291  1135 D EvsDriver: doneWithFrame
05-22 07:16:24.887   573   573 I SpiService: fgesysctrl_getGPIO_status success val=1
05-22 06:34:58.630   573   573 D spi_rst_gpio_get_output: GPIO 145 value: 1
05-22 06:34:58.630   573   573 D spidev_ioctl: gpio status=1)
05-22 07:16:24.891   544   544 D commservice260303: msg.id = 1028,0
05-22 07:16:24.891   544   544 D commservice260303: i = 170, msgid = 8A000404
05-22 07:16:24.892   544   544 D commservice260303: msgid = -1979710460,did=138
05-22 07:16:24.892   544   544 D commservice260303: CommProtocolLibCmdBaseI2C::dataproc {"command":{"id":"imu_status","sub":""},"content":{"TimeStamp":1779405384891,"FrameCounter":15818,"GD_X":-0.009010015055537224,"GD_Y":0.0073299347423017025,"GD_Z":0.017485838383436203,"AD_X":-0.003545135259628296,"AD_Y":0.0018913904204964638,"AD_Z":-0.3284597396850586,"TempDsp":0,"Status":0,"CalibState":1,"SigAmpInvalid":0}},-1979710460
05-22 07:16:24.892   544   544 D commservice260303: send2Cluster len:326, 7B22636F6D6D616E64223A7B226964223A22696D755F737461747573222C22737562223A22227D2C22636F6E74656E74223A7B2254696D655374616D70223A313737393430353338343839312C224672616D65436F756E746572223A31353831382C2247445F58223A2D302E3030393031303031353035353533373232342C2247445F59223A302E303037333239393334373432333031373032352C2247445F5A223A302E3031373438353833383338333433363230332C2241445F58223A2D302E3030333534353133353235393632383239362C2241445F59223A302E303031383931333930343230343936343633382C2241445F5A223A2D302E333238343539373339363835303538362C2254656D70447370223A302C22537461747573223A302C2243616C69625374617465223A312C22536967416D70496E76616C6964223A307D7D, 138 
05-22 07:16:24.892   544   544 D commservice260303: Push Message into SendPool fn=490668032
05-22 07:16:24.892   544   544 D commservice260303: ComProtocolLibSend2Cluster::send2ClusterRaw fn=490668032 , len=342
05-22 07:16:24.892   544   544 D commservice260303: sendCmdToPort :342!!!
05-22 07:16:24.892   544   544 D commservice260303: send Cmd To Port ++++5AA501528A0100003F1D6A0F92487B22636F6D6D616E64223A7B226964223A22696D755F737461747573222C22737562223A22227D2C22636F6E74656E74223A7B2254696D655374616D70223A313737393430353338343839312C224672616D65436F756E746572223A31353831382C2247445F58223A2D302E3030393031303031353035353533373232342C2247445F59223A302E303037333239393334373432333031373032352C2247445F5A223A302E3031373438353833383338333433363230332C2241445F58223A2D302E3030333534353133353235393632383239362C2241445F59223A302E303031383931333930343230343936343633382C2241445F5A223A2D302E333238343539373339363835303538362C2254656D70447370223A302C22537461747573223A302C2243616C69625374617465223A312C22536967416D70496E76616C6964223A307D7DA2F5
05-22 07:16:24.892   544   544 D commservice260303: bufferevent_write retrun value = 0
05-22 07:16:24.892   544   567 D commservice260303: client datas send succeed,send finish
05-22 07:16:24.893  2981  3178 D Sentinelmode_1.2.5.13_alpha: <SentryImuClusterFgeSender>imu_status sent to Linux, frame=15818, tsNs=669868, tsMs=1779405384891, intervalMs=37, ad=(-0.0035451353,0.0018913904,-0.32845974), gd=(-0.009010015,0.0073299347,0.017485838)
05-22 07:16:24.893   573   573 I SpiService: fgesysctrl_getGPIO_status success val=1
05-22 06:34:58.636   573   573 D spi_rst_gpio_get_output: GPIO 145 value: 1
05-22 06:34:58.636   573   573 D spidev_ioctl: gpio status=1)
05-22 07:16:24.898   573   573 I SpiService: fgesysctrl_getGPIO_status success val=0
05-22 07:16:24.898  2981  3177 I SentryImuMcuAngleSender: 179.91034rollDeg
05-22 07:16:24.898  2981  3177 I SentryImuMcuAngleSender: 1,0,0
05-22 06:34:58.642   573   573 D spi_rst_gpio_get_output: GPIO 145 value: 0
05-22 06:34:58.642   573   573 D spidev_ioctl: gpio status=0)
05-22 07:16:24.904  1026  1026 D MyAppLog: [2026-05-22 07:16:24.903 D tboxap tsp_WorkMachineProc:1086] [Tsp] [tsp_WorkMachineProc]TSP_WORK_LOGIN NOW !!!!
05-22 07:16:24.913   573   573 I SpiService: fgesysctrl_getGPIO_status success val=1
05-22 06:34:58.656   573   573 D spi_rst_gpio_get_output: GPIO 145 value: 1
05-22 06:34:58.656   573   573 D spidev_ioctl: gpio status=1)
05-22 07:16:24.917   291  1491 D EvsDriver: forwardFrame
05-22 07:16:24.919   573   573 I SpiService: fgesysctrl_getGPIO_status success val=1
05-22 07:16:24.919  2981  3177 I SentryImuMcuAngleSender: 179.91724rollDeg
05-22 07:16:24.919   291  1491 D EvsDriver: Delivered 0xb400007b2f47ca30 as id 0
05-22 07:16:24.919  1137  1137 D evsmanagerd: /dev/video4 forwarded the buffer #0 to 0xb4000071fa019690 from 0xb4000071fa01b7d0
05-22 07:16:24.919  2981  3177 I SentryImuMcuAngleSender: 1,0,0
05-22 07:16:24.919   291  1135 D EvsDriver: doneWithFrame
05-22 07:16:24.921   565   565 I Sensors : 230 AccelSensor: x:-0.111020,y:0.014639,z:-10.134541
05-22 06:34:58.662   573   573 D spi_rst_gpio_get_output: GPIO 145 value: 1
05-22 07:16:24.921  2981  3177 I SentryImuMcuAngleSender: [4, 18, 1, 0, 0],5
05-22 06:34:58.662   573   573 D spidev_ioctl: gpio status=1)
05-22 07:16:24.921  2981  3177 I McuCommManager: mcuCommSendcmd [4, 18, 1, 0, 0]
05-22 07:16:24.921  2981  3177 I SentryImuMcuAngleSender: true
05-22 07:16:24.922  2981  3177 W Sentinelmode_1.2.5.13_alpha: <SentryImuMcuAngleSender>MCU IMU send interval abnormal: 1000ms
05-22 07:16:24.924   573   573 I SpiService: fgesysctrl_getGPIO_status success val=1
05-22 06:34:58.667   573   573 D spi_rst_gpio_get_output: GPIO 145 value: 1
05-22 06:34:58.667   573   573 D spidev_ioctl: gpio status=1)
05-22 07:16:24.929   573   573 I SpiService: fgesysctrl_getGPIO_status success val=1
05-22 06:34:58.673   573   573 D spi_rst_gpio_get_output: GPIO 145 value: 1
05-22 06:34:58.673   573   573 D spidev_ioctl: gpio status=1)
05-22 07:16:24.932   544   544 D commservice260303: msg.id = 1028,0
05-22 07:16:24.932   544   544 D commservice260303: i = 170, msgid = 8A000404
05-22 07:16:24.932   544   544 D commservice260303: msgid = -1979710460,did=138
05-22 07:16:24.932   544   544 D commservice260303: CommProtocolLibCmdBaseI2C::dataproc {"command":{"id":"imu_status","sub":""},"content":{"TimeStamp":1779405384931,"FrameCounter":15819,"GD_X":-0.009010015055537224,"GD_Y":0.007558800280094147,"GD_Z":0.017715223133563995,"AD_X":-0.005983427166938782,"AD_Y":6.706556305289268E-4,"AD_Z":-0.3284597396850586,"TempDsp":0,"Status":0,"CalibState":1,"SigAmpInvalid":0}},-1979710460
05-22 07:16:24.933   544   544 D commservice260303: send2Cluster len:324, 7B22636F6D6D616E64223A7B226964223A22696D755F737461747573222C22737562223A22227D2C22636F6E74656E74223A7B2254696D655374616D70223A313737393430353338343933312C224672616D65436F756E746572223A31353831392C2247445F58223A2D302E3030393031303031353035353533373232342C2247445F59223A302E3030373535383830303238303039343134372C2247445F5A223A302E3031373731353232333133333536333939352C2241445F58223A2D302E3030353938333432373136363933383738322C2241445F59223A362E373036353536333035323839323638452D342C2241445F5A223A2D302E333238343539373339363835303538362C2254656D70447370223A302C22537461747573223A302C2243616C69625374617465223A312C22536967416D70496E76616C6964223A307D7D, 138 
05-22 07:16:24.933   544   544 D commservice260303: Push Message into SendPool fn=507445248
05-22 07:16:24.933   544   544 D commservice260303: ComProtocolLibSend2Cluster::send2ClusterRaw fn=507445248 , len=340
05-22 07:16:24.933   544   544 D commservice260303: sendCmdToPort :340!!!
05-22 07:16:24.933   544   544 D commservice260303: send Cmd To Port ++++5AA501508A0100003F1E6A0F92487B22636F6D6D616E64223A7B226964223A22696D755F737461747573222C22737562223A22227D2C22636F6E74656E74223A7B2254696D655374616D70223A313737393430353338343933312C224672616D65436F756E746572223A31353831392C2247445F58223A2D302E3030393031303031353035353533373232342C2247445F59223A302E3030373535383830303238303039343134372C2247445F5A223A302E3031373731353232333133333536333939352C2241445F58223A2D302E3030353938333432373136363933383738322C2241445F59223A362E373036353536333035323839323638452D342C2241445F5A223A2D302E333238343539373339363835303538362C2254656D70447370223A302C22537461747573223A302C2243616C69625374617465223A312C22536967416D70496E76616C6964223A307D7DF817
05-22 07:16:24.933   544   544 D commservice260303: bufferevent_write retrun value = 0
05-22 07:16:24.933   544   567 D commservice260303: client datas send succeed,send finish
05-22 07:16:24.933  2981  3178 D Sentinelmode_1.2.5.13_alpha: <SentryImuClusterFgeSender>imu_status sent to Linux, frame=15819, tsNs=669903, tsMs=1779405384931, intervalMs=41, ad=(-0.005983427,6.7065563E-4,-0.32845974), gd=(-0.009010015,0.0075588003,0.017715223)
05-22 07:16:24.935   573   573 I SpiService: fgesysctrl_getGPIO_status success val=1
05-22 06:34:58.678   573   573 D spi_rst_gpio_get_output: GPIO 145 value: 1
05-22 06:34:58.678   573   573 D spidev_ioctl: gpio status=1)
05-22 07:16:24.939  2981  3177 I SentryImuMcuAngleSender: 179.91724rollDeg
05-22 07:16:24.939  2981  3177 I SentryImuMcuAngleSender: 1,0,0
05-22 07:16:24.940   573   573 I SpiService: fgesysctrl_getGPIO_status success val=0
05-22 07:16:24.940   486   579 I mcuc    : send SPI:6AA600073F000504120100009E
05-22 06:34:58.684   573   573 D spi_rst_gpio_get_output: GPIO 145 value: 0
05-22 06:34:58.684   573   573 D spidev_ioctl: gpio status=0)
05-22 07:16:24.946   964  1804 D [OMXB]  : usingANWBuffer: handle:0xebd41f00, format:1, w:1920, h:1080
05-22 07:16:24.948   291  1491 D EvsDriver: forwardFrame
05-22 07:16:24.951  1137  1137 D evsmanagerd: /dev/video4 forwarded the buffer #0 to 0xb4000071fa019690 from 0xb4000071fa01b7d0
05-22 07:16:24.951   291  1491 D EvsDriver: Delivered 0xb400007b2f47ca30 as id 0
05-22 07:16:24.951   276   300 I rvcservice: t.code = 7, t.value = 669742
05-22 07:16:24.954   291  1135 D EvsDriver: doneWithFrame
05-22 07:16:24.955   573   573 I SpiService: fgesysctrl_getGPIO_status success val=1
05-22 06:34:58.698   573   573 D spi_rst_gpio_get_output: GPIO 145 value: 1
05-22 06:34:58.698   573   573 D spidev_ioctl: gpio status=1)
05-22 07:16:24.957   565   565 I Sensors : 230 GyroSensor: x:-0.008933,y:0.007483,z:0.017562
05-22 07:16:24.960  2981  3177 I SentryImuMcuAngleSender: 179.91724rollDeg
05-22 07:16:24.960  2981  3177 I SentryImuMcuAngleSender: 1,0,0
05-22 07:16:24.960   573   573 I SpiService: fgesysctrl_getGPIO_status success val=1
05-22 06:34:58.704   573   573 D spi_rst_gpio_get_output: GPIO 145 value: 1
05-22 06:34:58.704   573   573 D spidev_ioctl: gpio status=1)
05-22 07:16:24.966   573   573 I SpiService: fgesysctrl_getGPIO_status success val=1
05-22 06:34:58.709   573   573 D spi_rst_gpio_get_output: GPIO 145 value: 1
05-22 06:34:58.709   573   573 D spidev_ioctl: gpio status=1)
05-22 07:16:24.971   573   573 I SpiService: fgesysctrl_getGPIO_status success val=1
05-22 07:16:24.972   544   544 D commservice260303: msg.id = 1028,0
05-22 07:16:24.972   544   544 D commservice260303: i = 170, msgid = 8A000404
05-22 07:16:24.972   544   544 D commservice260303: msgid = -1979710460,did=138
05-22 07:16:24.972   544   544 D commservice260303: CommProtocolLibCmdBaseI2C::dataproc {"command":{"id":"imu_status","sub":""},"content":{"TimeStamp":1779405384971,"FrameCounter":15820,"GD_X":-0.008933032862842083,"GD_Y":0.007482858840376139,"GD_Z":0.01756177842617035,"AD_X":-0.006589069962501526,"AD_Y":6.704013794660568E-4,"AD_Z":-0.326629638671875,"TempDsp":0,"Status":0,"CalibState":1,"SigAmpInvalid":0}},-1979710460
05-22 07:16:24.972   544   544 D commservice260303: send2Cluster len:322, 7B22636F6D6D616E64223A7B226964223A22696D755F737461747573222C22737562223A22227D2C22636F6E74656E74223A7B2254696D655374616D70223A313737393430353338343937312C224672616D65436F756E746572223A31353832302C2247445F58223A2D302E3030383933333033323836323834323038332C2247445F59223A302E3030373438323835383834303337363133392C2247445F5A223A302E30313735363137373834323631373033352C2241445F58223A2D302E3030363538393036393936323530313532362C2241445F59223A362E373034303133373934363630353638452D342C2241445F5A223A2D302E3332363632393633383637313837352C2254656D70447370223A302C22537461747573223A302C2243616C69625374617465223A312C22536967416D70496E76616C6964223A307D7D, 138 
05-22 07:16:24.972   544   544 D commservice260303: Push Message into SendPool fn=524222464
05-22 07:16:24.972   544   544 D commservice260303: ComProtocolLibSend2Cluster::send2ClusterRaw fn=524222464 , len=338
05-22 07:16:24.972   544   544 D commservice260303: sendCmdToPort :338!!!
05-22 07:16:24.972   544   544 D commservice260303: send Cmd To Port ++++5AA5014E8A0100003F1F6A0F92487B22636F6D6D616E64223A7B226964223A22696D755F737461747573222C22737562223A22227D2C22636F6E74656E74223A7B2254696D655374616D70223A313737393430353338343937312C224672616D65436F756E746572223A31353832302C2247445F58223A2D302E3030383933333033323836323834323038332C2247445F59223A302E3030373438323835383834303337363133392C2247445F5A223A302E30313735363137373834323631373033352C2241445F58223A2D302E3030363538393036393936323530313532362C2241445F59223A362E373034303133373934363630353638452D342C2241445F5A223A2D302E3332363632393633383637313837352C2254656D70447370223A302C22537461747573223A302C2243616C69625374617465223A312C22536967416D70496E76616C6964223A307D7D1D4E
05-22 07:16:24.972   544   544 D commservice260303: bufferevent_write retrun value = 0
05-22 07:16:24.973   544   567 D commservice260303: client datas send succeed,send finish
05-22 07:16:24.973  2981  3178 D Sentinelmode_1.2.5.13_alpha: <SentryImuClusterFgeSender>imu_status sent to Linux, frame=15820, tsNs=669939, tsMs=1779405384971, intervalMs=40, ad=(-0.00658907,6.704014E-4,-0.32662964), gd=(-0.008933033,0.007482859,0.017561778)
05-22 06:34:58.715   573   573 D spi_rst_gpio_get_output: GPIO 145 value: 1
05-22 06:34:58.715   573   573 D spidev_ioctl: gpio status=1)
05-22 07:16:24.975  3735  3735 D NSLogUtils_MainActivity: progress->56243
05-22 07:16:24.976   964  1804 D [OMXB]  : usingANWBuffer: handle:0xebd44c60, format:1, w:1920, h:1080
05-22 07:16:24.977   573   573 I SpiService: fgesysctrl_getGPIO_status success val=1
05-22 06:34:58.720   573   573 D spi_rst_gpio_get_output: GPIO 145 value: 1
05-22 06:34:58.720   573   573 D spidev_ioctl: gpio status=1)
05-22 07:16:24.980  2981  3177 I SentryImuMcuAngleSender: 179.91034rollDeg
05-22 07:16:24.981  2981  3177 I SentryImuMcuAngleSender: 1,0,0
05-22 07:16:24.982   573   573 I SpiService: fgesysctrl_getGPIO_status success val=0
05-22 07:16:24.982   824   824 D SurfaceFlinger: unisoc-graphics, commit has frameMissed:2, vysncId:343401
05-22 07:16:24.985   291  1491 D EvsDriver: forwardFrame
05-22 06:34:58.726   573   573 D spi_rst_gpio_get_output: GPIO 145 value: 0
05-22 06:34:58.726   573   573 D spidev_ioctl: gpio status=0)
05-22 07:16:24.987  1137  1137 D evsmanagerd: /dev/video4 forwarded the buffer #0 to 0xb4000071fa019690 from 0xb4000071fa01b7d0
05-22 07:16:24.987   291  1491 D EvsDriver: Delivered 0xb400007b2f47ca30 as id 0
05-22 07:16:24.991   291  1135 D EvsDriver: doneWithFrame
05-22 07:16:24.996   573   573 I SpiService: fgesysctrl_getGPIO_status success val=1
05-22 06:34:58.740   573   573 D spi_rst_gpio_get_output: GPIO 145 value: 1
05-22 06:34:58.740   573   573 D spidev_ioctl: gpio status=1)
05-22 07:16:25.001   824   824 D SurfaceFlinger: unisoc-graphics, commit has frameMissed:2, vysncId:343416
05-22 07:16:25.002   573   573 I SpiService: fgesysctrl_getGPIO_status success val=1
05-22 07:16:25.002  2981  3177 I SentryImuMcuAngleSender: 179.91724rollDeg
05-22 07:16:25.002  2981  3177 I SentryImuMcuAngleSender: 1,0,0
05-22 06:34:58.745   573   573 D spi_rst_gpio_get_output: GPIO 145 value: 1
05-22 06:34:58.745   573   573 D spidev_ioctl: gpio status=1)
05-22 07:16:25.007   573   573 I SpiService: fgesysctrl_getGPIO_status success val=1
05-22 06:34:58.750   573   573 D spi_rst_gpio_get_output: GPIO 145 value: 1
05-22 06:34:58.750   573   573 D spidev_ioctl: gpio status=1)
05-22 07:16:25.012   544   544 D commservice260303: msg.id = 1028,0
05-22 07:16:25.012   544   544 D commservice260303: i = 170, msgid = 8A000404
05-22 07:16:25.012   544   544 D commservice260303: msgid = -1979710460,did=138
05-22 07:16:25.012   544   544 D commservice260303: CommProtocolLibCmdBaseI2C::dataproc {"command":{"id":"imu_status","sub":""},"content":{"TimeStamp":1779405385011,"FrameCounter":15821,"GD_X":-0.0097730727866292,"GD_Y":0.008398840203881264,"GD_Z":0.017867106944322586,"AD_X":-0.005366720259189606,"AD_Y":6.693955510854721E-4,"AD_Z":-0.3284597396850586,"TempDsp":0,"Status":0,"CalibState":1,"SigAmpInvalid":0}},-1979710460
05-22 07:16:25.012   544   544 D commservice260303: send2Cluster len:322, 7B22636F6D6D616E64223A7B226964223A22696D755F737461747573222C22737562223A22227D2C22636F6E74656E74223A7B2254696D655374616D70223A313737393430353338353031312C224672616D65436F756E746572223A31353832312C2247445F58223A2D302E303039373733303732373836363239322C2247445F59223A302E3030383339383834303230333838313236342C2247445F5A223A302E3031373836373130363934343332323538362C2241445F58223A2D302E3030353336363732303235393138393630362C2241445F59223A362E363933393535353130383534373231452D342C2241445F5A223A2D302E333238343539373339363835303538362C2254656D70447370223A302C22537461747573223A302C2243616C69625374617465223A312C22536967416D70496E76616C6964223A307D7D, 138 
05-22 07:16:25.012   544   544 D commservice260303: Push Message into SendPool fn=540999680
05-22 07:16:25.012   544   544 D commservice260303: ComProtocolLibSend2Cluster::send2ClusterRaw fn=540999680 , len=338
05-22 07:16:25.012   544   544 D commservice260303: sendCmdToPort :338!!!
05-22 07:16:25.012   573   573 I SpiService: fgesysctrl_getGPIO_status success val=1
05-22 07:16:25.012   544   544 D commservice260303: send Cmd To Port ++++5AA5014E8A0100003F206A0F92497B22636F6D6D616E64223A7B226964223A22696D755F737461747573222C22737562223A22227D2C22636F6E74656E74223A7B2254696D655374616D70223A313737393430353338353031312C224672616D65436F756E746572223A31353832312C2247445F58223A2D302E303039373733303732373836363239322C2247445F59223A302E3030383339383834303230333838313236342C2247445F5A223A302E3031373836373130363934343332323538362C2241445F58223A2D302E3030353336363732303235393138393630362C2241445F59223A362E363933393535353130383534373231452D342C2241445F5A223A2D302E333238343539373339363835303538362C2254656D70447370223A302C22537461747573223A302C2243616C69625374617465223A312C22536967416D70496E76616C6964223A307D7D675A
05-22 07:16:25.013   544   544 D commservice260303: bufferevent_write retrun value = 0
05-22 07:16:25.013   544   567 D commservice260303: client datas send succeed,send finish
05-22 07:16:25.013   291  1491 D EvsDriver: forwardFrame
05-22 07:16:25.013  2981  3178 D Sentinelmode_1.2.5.13_alpha: <SentryImuClusterFgeSender>imu_status sent to Linux, frame=15821, tsNs=669993, tsMs=1779405385011, intervalMs=40, ad=(-0.0053667203,6.6939555E-4,-0.32845974), gd=(-0.009773073,0.00839884,0.017867107)
05-22 06:34:58.756   573   573 D spi_rst_gpio_get_output: GPIO 145 value: 1
05-22 06:34:58.756   573   573 D spidev_ioctl: gpio status=1)
05-22 07:16:25.015   291  1491 D EvsDriver: Delivered 0xb400007b2f47ca30 as id 0
05-22 07:16:25.015  1137  1137 D evsmanagerd: /dev/video4 forwarded the buffer #0 to 0xb4000071fa019690 from 0xb4000071fa01b7d0
05-22 07:16:25.015   291  1135 D EvsDriver: doneWithFrame
05-22 07:16:25.018   573   573 I SpiService: fgesysctrl_getGPIO_status success val=0
05-22 06:34:58.761   573   573 D spi_rst_gpio_get_output: GPIO 145 value: 0
05-22 06:34:58.761   573   573 D spidev_ioctl: gpio status=0)
05-22 07:16:25.022  2981  3177 I SentryImuMcuAngleSender: 179.93448rollDeg
05-22 07:16:25.022  2981  3177 I SentryImuMcuAngleSender: 1,0,0
05-22 07:16:25.029 11323 11374 D ANW_AVRCP: (11323|0xD12C8CB0)[AVRCP] API getPlayStatusTimerHandler
05-22 07:16:25.029 11323 11374 D ANW_AVRCP: (11323|0xD12C8CB0)[AVRCP] API AVRCP_GetPlayStatus
05-22 07:16:25.031 11323 11374 D ANWStack: [    670013][ANWBT] <<Avctp_Send_Message 0/1:
05-22 07:16:25.031 11323 11374 D ANWStack: 
05-22 07:16:25.031 11323 11374 D ANWStack: [    670013][ANWBT] L2CAP: L2_RetrieveHandle called, cid=0x82
05-22 07:16:25.031 11323 11374 D ANWStack: 
05-22 07:16:25.032   573   573 I SpiService: fgesysctrl_getGPIO_status success val=1
05-22 07:16:25.032   486   580 I mcuc    : rev,n=1,6AA6810D22001B8900600600030E30313233343536373839414243444546470001014A
05-22 07:16:25.033   344   361 D automotive.vehicle@2.0-adayo-datacomm-mcu: MCUDatacomm sendMessageFromVehicle prop: 0x89, areaId: 0x0, status: 0x60, timestamp: 0x6
05-22 06:34:58.776   573   573 D spi_rst_gpio_get_output: GPIO 145 value: 1
05-22 07:16:25.034   344   361 D automotive.vehicle@2.0-adayo-datacomm-mcu: MCUDatacomm 1sendMessageFromVehicle ---> type = 3 
05-22 06:34:58.776   573   573 D spidev_ioctl: gpio status=1)
05-22 07:16:25.034   344   361 D automotive.vehicle@2.0-adayo-func-bcm: sendMessageFromVehicle sendMessageFromVehicle
05-22 07:16:25.034   344   511 D automotive.vehicle@2.0-adayo-func-bcm: jjfan1 ______procotolSize :1
05-22 07:16:25.034   344   511 D automotive.vehicle@2.0-adayo-func-bcm: BCMFunc sendMessageFromVehicle_l dataType: 13,mByte=7,propid=0x2110001a
05-22 07:16:25.034   344   511 D automotive.vehicle@2.0-adayo-func-bcm: BCMFunc VEHICLE_VIN_CODE111 0x2110001a 
05-22 07:16:25.034   344   511 E automotive.vehicle@2.0-adayo-func-bcm: byteArrayToASCIIString, index 7 hex: 30, ascii: 0
05-22 07:16:25.034   344   511 E automotive.vehicle@2.0-adayo-func-bcm: byteArrayToASCIIString, index 8 hex: 31, ascii: 01
05-22 07:16:25.034   344   511 E automotive.vehicle@2.0-adayo-func-bcm: byteArrayToASCIIString, index 9 hex: 32, ascii: 012
05-22 07:16:25.034   344   511 E automotive.vehicle@2.0-adayo-func-bcm: byteArrayToASCIIString, index 10 hex: 33, ascii: 0123
05-22 07:16:25.034   344   511 E automotive.vehicle@2.0-adayo-func-bcm: byteArrayToASCIIString, index 11 hex: 34, ascii: 01234
05-22 07:16:25.034   344   511 E automotive.vehicle@2.0-adayo-func-bcm: byteArrayToASCIIString, index 12 hex: 35, ascii: 012345
05-22 07:16:25.034   344   511 E automotive.vehicle@2.0-adayo-func-bcm: byteArrayToASCIIString, index 13 hex: 36, ascii: 0123456
05-22 07:16:25.034   344   511 E automotive.vehicle@2.0-adayo-func-bcm: byteArrayToASCIIString, index 14 hex: 37, ascii: 01234567
05-22 07:16:25.034   344   511 E automotive.vehicle@2.0-adayo-func-bcm: byteArrayToASCIIString, index 15 hex: 38, ascii: 012345678
05-22 07:16:25.034   344   511 E automotive.vehicle@2.0-adayo-func-bcm: byteArrayToASCIIString, index 16 hex: 39, ascii: 0123456789
05-22 07:16:25.034   344   511 E automotive.vehicle@2.0-adayo-func-bcm: byteArrayToASCIIString, index 17 hex: 41, ascii: 0123456789A
05-22 07:16:25.034   344   511 E automotive.vehicle@2.0-adayo-func-bcm: byteArrayToASCIIString, index 18 hex: 42, ascii: 0123456789AB
05-22 07:16:25.034   344   511 E automotive.vehicle@2.0-adayo-func-bcm: byteArrayToASCIIString, index 19 hex: 43, ascii: 0123456789ABC
05-22 07:16:25.034   344   511 E automotive.vehicle@2.0-adayo-func-bcm: byteArrayToASCIIString, index 20 hex: 44, ascii: 0123456789ABCD
05-22 07:16:25.034   344   511 E automotive.vehicle@2.0-adayo-func-bcm: byteArrayToASCIIString, index 21 hex: 45, ascii: 0123456789ABCDE
05-22 07:16:25.034   344   511 E automotive.vehicle@2.0-adayo-func-bcm: byteArrayToASCIIString, index 22 hex: 46, ascii: 0123456789ABCDEF
05-22 07:16:25.034   344   511 E automotive.vehicle@2.0-adayo-func-bcm: byteArrayToASCIIString, index 23 hex: 47, ascii: 0123456789ABCDEFG
05-22 07:16:25.034   344   511 D automotive.vehicle@2.0-adayo-func-bcm: BCMFunc VEHICLE_VIN_CODE222 0x2110001a ,value:0123456789ABCDEFG
05-22 07:16:25.034   344   511 D automotive.vehicle@2.0-adayo-func-bcm: BCMFunc sendMessageFromVehicle_l id:554696730, area:0 not report! 
05-22 07:16:25.038   573   573 I SpiService: fgesysctrl_getGPIO_status success val=1
05-22 06:34:58.781   573   573 D spi_rst_gpio_get_output: GPIO 145 value: 1
05-22 06:34:58.781   573   573 D spidev_ioctl: gpio status=1)
05-22 07:16:25.043   573   573 I SpiService: fgesysctrl_getGPIO_status success val=1
05-22 07:16:25.044  2981  3177 I SentryImuMcuAngleSender: 179.93448rollDeg
05-22 07:16:25.044  2981  3177 I SentryImuMcuAngleSender: 1,0,0
05-22 06:34:58.787   573   573 D spi_rst_gpio_get_output: GPIO 145 value: 1
05-22 06:34:58.787   573   573 D spidev_ioctl: gpio status=1)
05-22 07:16:25.049   291  1491 D EvsDriver: forwardFrame
05-22 07:16:25.049   573   573 I SpiService: fgesysctrl_getGPIO_status success val=1
05-22 07:16:25.049   964  1804 D [OMXB]  : usingANWBuffer: handle:0xebd43c90, format:1, w:1920, h:1080
05-22 06:34:58.792   573   573 D spi_rst_gpio_get_output: GPIO 145 value: 1
05-22 06:34:58.792   573   573 D spidev_ioctl: gpio status=1)
05-22 07:16:25.052   276   300 I rvcservice: t.code = 3, t.value = 0
05-22 07:16:25.052   291  1491 D EvsDriver: Delivered 0xb400007b2f47ca30 as id 0
05-22 07:16:25.052  1137  1137 D evsmanagerd: /dev/video4 forwarded the buffer #0 to 0xb4000071fa019690 from 0xb4000071fa01b7d0
05-22 07:16:25.052   544   544 D commservice260303: msg.id = 1028,0
05-22 07:16:25.052   544   544 D commservice260303: i = 170, msgid = 8A000404
05-22 07:16:25.052   544   544 D commservice260303: msgid = -1979710460,did=138
05-22 07:16:25.052   544   544 D commservice260303: CommProtocolLibCmdBaseI2C::dataproc {"command":{"id":"imu_status","sub":""},"content":{"TimeStamp":1779405385052,"FrameCounter":15822,"GD_X":-0.0097730727866292,"GD_Y":0.00801705103367567,"GD_Z":0.017867106944322586,"AD_X":-0.0035355836153030396,"AD_Y":-0.0017643459141254425,"AD_Z":-0.327239990234375,"TempDsp":0,"Status":0,"CalibState":1,"SigAmpInvalid":0}},-1979710460
05-22 07:16:25.053   544   544 D commservice260303: send2Cluster len:323, 7B22636F6D6D616E64223A7B226964223A22696D755F737461747573222C22737562223A22227D2C22636F6E74656E74223A7B2254696D655374616D70223A313737393430353338353035322C224672616D65436F756E746572223A31353832322C2247445F58223A2D302E303039373733303732373836363239322C2247445F59223A302E30303830313730353130333336373536372C2247445F5A223A302E3031373836373130363934343332323538362C2241445F58223A2D302E303033353335353833363135333033303339362C2241445F59223A2D302E303031373634333435393134313235343432352C2241445F5A223A2D302E3332373233393939303233343337352C2254656D70447370223A302C22537461747573223A302C2243616C69625374617465223A312C22536967416D70496E76616C6964223A307D7D, 138 
05-22 07:16:25.053   544   544 D commservice260303: Push Message into SendPool fn=557776896
05-22 07:16:25.053   544   544 D commservice260303: ComProtocolLibSend2Cluster::send2ClusterRaw fn=557776896 , len=339
05-22 07:16:25.053   544   544 D commservice260303: sendCmdToPort :339!!!
05-22 07:16:25.053   544   544 D commservice260303: send Cmd To Port ++++5AA5014F8A0100003F216A0F92497B22636F6D6D616E64223A7B226964223A22696D755F737461747573222C22737562223A22227D2C22636F6E74656E74223A7B2254696D655374616D70223A313737393430353338353035322C224672616D65436F756E746572223A31353832322C2247445F58223A2D302E303039373733303732373836363239322C2247445F59223A302E30303830313730353130333336373536372C2247445F5A223A302E3031373836373130363934343332323538362C2241445F58223A2D302E303033353335353833363135333033303339362C2241445F59223A2D302E303031373634333435393134313235343432352C2241445F5A223A2D302E3332373233393939303233343337352C2254656D70447370223A302C22537461747573223A302C2243616C69625374617465223A312C22536967416D70496E76616C6964223A307D7D92F0
05-22 07:16:25.053   544   544 D commservice260303: bufferevent_write retrun value = 0
05-22 07:16:25.053   544   567 D commservice260303: client datas send succeed,send finish
05-22 07:16:25.055   573   573 I SpiService: fgesysctrl_getGPIO_status success val=1
05-22 07:16:25.054  2981  3178 D Sentinelmode_1.2.5.13_alpha: <SentryImuClusterFgeSender>imu_status sent to Linux, frame=15822, tsNs=670028, tsMs=1779405385052, intervalMs=40, ad=(-0.0035355836,-0.0017643459,-0.32724), gd=(-0.009773073,0.008017051,0.017867107)
05-22 07:16:25.056   291  1135 D EvsDriver: doneWithFrame
05-22 07:16:25.058  1658  2553 D AIN-ExternalMapLocation: MSG_LOCATE
05-22 07:16:25.059  1658  2553 D AIN-CustomMapProxy: sendMsgToCustomMap hascallback : false
05-22 07:16:25.059  1658  2553 D AIN-ServiceHub: getService with: name = service_multi_dhu_control
05-22 07:16:25.059  1658  2553 D AIN-NaviThirdPartyAccessor: hasCallback : false
05-22 07:16:25.059  1658  2553 D AIN-NaviThirdPartyAccessor: sendMsgToCustomMap msg : {"needResponse":true,"protocolFrom":"com.aispeech.lyra.daemon","protocolId":14012,"protocolVersion":"v1","requestCode":"15803b28-c223-495c-bbc3-a026cbc24b4d"}
05-22 07:16:25.059  1658  2553 I AIN-CustomMapProxy: requestCurLocation，requestLocationCount=129 callTag=toLocate
05-22 07:16:25.060   573   573 I SpiService: fgesysctrl_getGPIO_status success val=1
05-22 06:34:58.798   573   573 D spi_rst_gpio_get_output: GPIO 145 value: 1
05-22 06:34:58.798   573   573 D spidev_ioctl: gpio status=1)
05-22 06:34:58.803   573   573 D spi_rst_gpio_get_output: GPIO 145 value: 1
05-22 06:34:58.803   573   573 D spidev_ioctl: gpio status=1)
05-22 07:16:25.064  2981  3177 I SentryImuMcuAngleSender: 179.93102rollDeg
05-22 07:16:25.064  2981  3177 I SentryImuMcuAngleSender: 1,0,0
05-22 07:16:25.065   573   573 I SpiService: fgesysctrl_getGPIO_status success val=0
05-22 07:16:25.066   486   579 I mcuc    : send SPI:6AA6020D220002890044
05-22 06:34:58.809   573   573 D spidev_ioctl: gpio status=0)
05-22 07:16:25.079   573   573 I SpiService: fgesysctrl_getGPIO_status success val=1
05-22 06:34:58.823   573   573 D spi_rst_gpio_get_output: GPIO 145 value: 1
05-22 06:34:58.823   573   573 D spidev_ioctl: gpio status=1)
05-22 07:16:25.084  2981  3177 I SentryImuMcuAngleSender: 179.93102rollDeg
05-22 07:16:25.084  2981  3177 I SentryImuMcuAngleSender: 1,0,0
05-22 07:16:25.085   573   573 I SpiService: fgesysctrl_getGPIO_status success val=1
05-22 06:34:58.828   573   573 D spi_rst_gpio_get_output: GPIO 145 value: 1
05-22 06:34:58.828   573   573 D spidev_ioctl: gpio status=1)
05-22 07:16:25.086   291  1491 D EvsDriver: forwardFrame
05-22 07:16:25.087  1137  1137 D evsmanagerd: /dev/video4 forwarded the buffer #0 to 0xb4000071fa019690 from 0xb4000071fa01b7d0
05-22 07:16:25.087   291  1491 D EvsDriver: Delivered 0xb400007b2f47ca30 as id 0
05-22 07:16:25.090   291  1135 D EvsDriver: doneWithFrame
05-22 07:16:25.090   573   573 I SpiService: fgesysctrl_getGPIO_status success val=1
05-22 07:16:25.092   544   544 D commservice260303: msg.id = 1028,0
05-22 07:16:25.092   544   544 D commservice260303: i = 170, msgid = 8A000404
05-22 07:16:25.092   544   544 D commservice260303: msgid = -1979710460,did=138
05-22 07:16:25.092   544   544 D commservice260303: CommProtocolLibCmdBaseI2C::dataproc {"command":{"id":"imu_status","sub":""},"content":{"TimeStamp":1779405385091,"FrameCounter":15823,"GD_X":-0.010154861956834793,"GD_Y":0.007788185961544514,"GD_Z":0.017255932092666626,"AD_X":-0.004754886031150818,"AD_Y":-0.0017619682475924492,"AD_Z":-0.3260211944580078,"TempDsp":0,"Status":0,"CalibState":1,"SigAmpInvalid":0}},-1979710460
05-22 07:16:25.092   544   544 D commservice260303: send2Cluster len:326, 7B22636F6D6D616E64223A7B226964223A22696D755F737461747573222C22737562223A22227D2C22636F6E74656E74223A7B2254696D655374616D70223A313737393430353338353039312C224672616D65436F756E746572223A31353832332C2247445F58223A2D302E3031303135343836313935363833343739332C2247445F59223A302E3030373738383138353936313534343531342C2247445F5A223A302E3031373235353933323039323636363632362C2241445F58223A2D302E3030343735343838363033313135303831382C2241445F59223A2D302E303031373631393638323437353932343439322C2241445F5A223A2D302E333236303231313934343538303037382C2254656D70447370223A302C22537461747573223A302C2243616C69625374617465223A312C22536967416D70496E76616C6964223A307D7D, 138 
05-22 07:16:25.092   544   544 D commservice260303: Push Message into SendPool fn=574554112
05-22 07:16:25.092   544   544 D commservice260303: ComProtocolLibSend2Cluster::send2ClusterRaw fn=574554112 , len=342
05-22 07:16:25.092   544   544 D commservice260303: sendCmdToPort :342!!!
05-22 07:16:25.092   544   544 D commservice260303: send Cmd To Port ++++5AA501528A0100003F226A0F92497B22636F6D6D616E64223A7B226964223A22696D755F737461747573222C22737562223A22227D2C22636F6E74656E74223A7B2254696D655374616D70223A313737393430353338353039312C224672616D65436F756E746572223A31353832332C2247445F58223A2D302E3031303135343836313935363833343739332C2247445F59223A302E3030373738383138353936313534343531342C2247445F5A223A302E3031373235353933323039323636363632362C2241445F58223A2D302E3030343735343838363033313135303831382C2241445F59223A2D302E303031373631393638323437353932343439322C2241445F5A223A2D302E333236303231313934343538303037382C2254656D70447370223A302C22537461747573223A302C2243616C69625374617465223A312C22536967416D70496E76616C6964223A307D7DD741
05-22 07:16:25.092   544   544 D commservice260303: bufferevent_write retrun value = 0
05-22 07:16:25.092   544   567 D commservice260303: client datas send succeed,send finish
05-22 07:16:25.093  2981  3178 D Sentinelmode_1.2.5.13_alpha: <SentryImuClusterFgeSender>imu_status sent to Linux, frame=15823, tsNs=670065, tsMs=1779405385091, intervalMs=39, ad=(-0.004754886,-0.0017619682,-0.3260212), gd=(-0.010154862,0.007788186,0.017255932)
05-22 06:34:58.833   573   573 D spi_rst_gpio_get_output: GPIO 145 value: 1
05-22 06:34:58.833   573   573 D spidev_ioctl: gpio status=1)
05-22 07:16:25.095   573   573 I SpiService: fgesysctrl_getGPIO_status success val=1
05-22 06:34:58.839   573   573 D spi_rst_gpio_get_output: GPIO 145 value: 1
05-22 06:34:58.839   573   573 D spidev_ioctl: gpio status=1)
05-22 07:16:25.101   573   573 I SpiService: fgesysctrl_getGPIO_status success val=0
05-22 07:16:25.105  1026  1026 D MyAppLog: [2026-05-22 07:16:25.104 D tboxap tsp_WorkMachineProc:1086] [Tsp] [tsp_WorkMachineProc]TSP_WORK_LOGIN NOW !!!!
05-22 07:16:25.105  2981  3177 I SentryImuMcuAngleSender: 179.9241rollDeg
05-22 07:16:25.105  2981  3177 I SentryImuMcuAngleSender: 1,0,0
05-22 06:34:58.844   573   573 D spi_rst_gpio_get_output: GPIO 145 value: 0
05-22 06:34:58.844   573   573 D spidev_ioctl: gpio status=0)
05-22 07:16:25.115   573   573 I SpiService: fgesysctrl_getGPIO_status success val=1
05-22 06:34:58.858   573   573 D spi_rst_gpio_get_output: GPIO 145 value: 1
05-22 06:34:58.858   573   573 D spidev_ioctl: gpio status=1)
05-22 07:16:25.118   565   565 I Sensors : 230 AccelSensor: x:-0.107360,y:0.014639,z:-10.133320
05-22 07:16:25.120   573   573 I SpiService: fgesysctrl_getGPIO_status success val=1
05-22 07:16:25.121   291  1491 D EvsDriver: forwardFrame
05-22 06:34:58.864   573   573 D spi_rst_gpio_get_output: GPIO 145 value: 1
05-22 06:34:58.864   573   573 D spidev_ioctl: gpio status=1)
05-22 07:16:25.123   291  1491 D EvsDriver: Delivered 0xb400007b2f47ca30 as id 0
05-22 07:16:25.123  1137  1137 D evsmanagerd: /dev/video4 forwarded the buffer #0 to 0xb4000071fa019690 from 0xb4000071fa01b7d0
05-22 07:16:25.123   291  1135 D EvsDriver: doneWithFrame
05-22 07:16:25.125  2981  3177 I SentryImuMcuAngleSender: 179.91724rollDeg
05-22 07:16:25.125  2981  3177 I SentryImuMcuAngleSender: 1,0,0
05-22 07:16:25.126   573   573 I SpiService: fgesysctrl_getGPIO_status success val=1
05-22 07:16:25.129   964  1804 D [OMXB]  : usingANWBuffer: handle:0xebd42950, format:1, w:1920, h:1080
05-22 06:34:58.869   573   573 D spi_rst_gpio_get_output: GPIO 145 value: 1
05-22 06:34:58.869   573   573 D spidev_ioctl: gpio status=1)
05-22 07:16:25.131   573   573 I SpiService: fgesysctrl_getGPIO_status success val=1
05-22 07:16:25.132   544   544 D commservice260303: msg.id = 1028,0
05-22 07:16:25.132   544   544 D commservice260303: i = 170, msgid = 8A000404
05-22 07:16:25.132   544   544 D commservice260303: msgid = -1979710460,did=138
05-22 07:16:25.132   544   544 D commservice260303: CommProtocolLibCmdBaseI2C::dataproc {"command":{"id":"imu_status","sub":""},"content":{"TimeStamp":1779405385132,"FrameCounter":15824,"GD_X":-0.009467746131122112,"GD_Y":0.007405876647680998,"GD_Z":0.018020030111074448,"AD_X":-0.0023161768913269043,"AD_Y":6.771478801965714E-4,"AD_Z":-0.327239990234375,"TempDsp":0,"Status":0,"CalibState":1,"SigAmpInvalid":0}},-1979710460
05-22 07:16:25.132   544   544 D commservice260303: send2Cluster len:324, 7B22636F6D6D616E64223A7B226964223A22696D755F737461747573222C22737562223A22227D2C22636F6E74656E74223A7B2254696D655374616D70223A313737393430353338353133322C224672616D65436F756E746572223A31353832342C2247445F58223A2D302E3030393436373734363133313132323131322C2247445F59223A302E3030373430353837363634373638303939382C2247445F5A223A302E3031383032303033303131313037343434382C2241445F58223A2D302E303032333136313736383931333236393034332C2241445F59223A362E373731343738383031393635373134452D342C2241445F5A223A2D302E3332373233393939303233343337352C2254656D70447370223A302C22537461747573223A302C2243616C69625374617465223A312C22536967416D70496E76616C6964223A307D7D, 138 
05-22 07:16:25.133   544   544 D commservice260303: Push Message into SendPool fn=591331328
05-22 07:16:25.133   544   544 D commservice260303: ComProtocolLibSend2Cluster::send2ClusterRaw fn=591331328 , len=340
05-22 07:16:25.133   544   544 D commservice260303: sendCmdToPort :340!!!
05-22 07:16:25.133   544   544 D commservice260303: send Cmd To Port ++++5AA501508A0100003F236A0F92497B22636F6D6D616E64223A7B226964223A22696D755F737461747573222C22737562223A22227D2C22636F6E74656E74223A7B2254696D655374616D70223A313737393430353338353133322C224672616D65436F756E746572223A31353832342C2247445F58223A2D302E3030393436373734363133313132323131322C2247445F59223A302E3030373430353837363634373638303939382C2247445F5A223A302E3031383032303033303131313037343434382C2241445F58223A2D302E303032333136313736383931333236393034332C2241445F59223A362E373731343738383031393635373134452D342C2241445F5A223A2D302E3332373233393939303233343337352C2254656D70447370223A302C22537461747573223A302C2243616C69625374617465223A312C22536967416D70496E76616C6964223A307D7DBBEB
05-22 07:16:25.133   544   544 D commservice260303: bufferevent_write retrun value = 0
05-22 07:16:25.133   544   567 D commservice260303: client datas send succeed,send finish
05-22 07:16:25.133  2981  3178 D Sentinelmode_1.2.5.13_alpha: <SentryImuClusterFgeSender>imu_status sent to Linux, frame=15824, tsNs=670100, tsMs=1779405385132, intervalMs=41, ad=(-0.002316177,6.771479E-4,-0.32724), gd=(-0.009467746,0.0074058766,0.01802003)
05-22 06:34:58.875   573   573 D spi_rst_gpio_get_output: GPIO 145 value: 1
05-22 06:34:58.875   573   573 D spidev_ioctl: gpio status=1)
05-22 07:16:25.137   573   573 I SpiService: fgesysctrl_getGPIO_status success val=1
05-22 06:34:58.880   573   573 D spi_rst_gpio_get_output: GPIO 145 value: 1
05-22 06:34:58.880   573   573 D spidev_ioctl: gpio status=1)
05-22 07:16:25.142   573   573 I SpiService: fgesysctrl_getGPIO_status success val=1
05-22 07:16:25.146  2981  3177 I SentryImuMcuAngleSender: 179.91379rollDeg
05-22 06:34:58.885   573   573 D spi_rst_gpio_get_output: GPIO 145 value: 1
05-22 06:34:58.885   573   573 D spidev_ioctl: gpio status=1)
05-22 06:34:58.891   573   573 D spi_rst_gpio_get_output: GPIO 145 value: 0
05-22 06:34:58.891   573   573 D spidev_ioctl: gpio status=0)
05-22 07:16:25.146  2981  3177 I SentryImuMcuAngleSender: 1,0,0
05-22 07:16:25.147   291  1491 D EvsDriver: forwardFrame
05-22 07:16:25.148   573   573 I SpiService: fgesysctrl_getGPIO_status success val=0
05-22 07:16:25.148   291  1491 D EvsDriver: Delivered 0xb400007b2f47ca30 as id 0
05-22 07:16:25.148  1137  1137 D evsmanagerd: /dev/video4 forwarded the buffer #0 to 0xb4000071fa019690 from 0xb4000071fa01b7d0
05-22 07:16:25.151   291  1135 D EvsDriver: doneWithFrame
05-22 07:16:25.151 11323 11374 D ANWAPI  : (11323|0xD12C8CB0)[BTAPI] AnwhciEventCallback 19 1
05-22 07:16:25.152   344  1855 D DefaultVehicleHal: setProperty setValues start
05-22 07:16:25.152   344  1855 D 2026-5-19:FakeVehicleHardware: setProperty FakeVehicleHardware  ID: 0x11500f31
05-22 07:16:25.152   344  1855 D 2026-5-19:FakeVehicleHardware: setProperty id:0x11500f31,value:670133
05-22 07:16:25.152   344  1855 D DefaultVehicleHal: setProperty setValues end
05-22 07:16:25.152   344   356 D 2026-5-19:FakeVehicleHardware: setProperty FakeVehicleHardware  setValue START
05-22 07:16:25.152   276   300 I rvcservice: t.code = 3, t.value = 0
05-22 07:16:25.152   344   356 D 2026-5-19:FakeVehicleHardware: setProperty FakeVehicleHardware  setValue end
05-22 07:16:25.154   565   565 I Sensors : 230 GyroSensor: x:-0.008933,y:0.007330,z:0.017638
05-22 07:16:25.163   573   573 I SpiService: fgesysctrl_getGPIO_status success val=1
05-22 06:34:58.906   573   573 D spi_rst_gpio_get_output: GPIO 145 value: 1
05-22 06:34:58.906   573   573 D spidev_ioctl: gpio status=1)
05-22 07:16:25.166  2981  3177 I SentryImuMcuAngleSender: 179.91725rollDeg
05-22 07:16:25.166  2981  3177 I SentryImuMcuAngleSender: 1,0,0
05-22 07:16:25.168   573   573 I SpiService: fgesysctrl_getGPIO_status success val=1
05-22 06:34:58.912   573   573 D spi_rst_gpio_get_output: GPIO 145 value: 1
05-22 06:34:58.912   573   573 D spidev_ioctl: gpio status=1)
05-22 07:16:25.170   260   260 D libvintf: HalManifest::getHidlTransport(framework): Cannot find android.hardware.usb@1.0::IUsb/default
05-22 07:16:25.170   824   824 D SurfaceFlinger: unisoc-graphics, commit has frameMissed:2, vysncId:343451
05-22 07:16:25.171   260   260 D libvintf: HalManifest::getHidlTransport(device): Cannot find android.hardware.usb@1.0::IUsb/default
05-22 07:16:25.171   260   260 I hwservicemanager: getTransport: Cannot find entry android.hardware.usb@1.0::IUsb/default in either framework or device VINTF manifest.
05-22 07:16:25.171  2626  2832 E ExtUsbManager: UsbHalController: android.hardware.usb.V1_0.IUsb getService failed!
05-22 07:16:25.171  2626  2832 E ExtUsbManager: java.util.NoSuchElementException
05-22 07:16:25.171  2626  2832 E ExtUsbManager: 	at android.os.HwBinder.getService(Native Method)
05-22 07:16:25.171  2626  2832 E ExtUsbManager: 	at android.os.HwBinder.getService(HwBinder.java:81)
05-22 07:16:25.171  2626  2832 E ExtUsbManager: 	at android.hardware.usb.V1_0.IUsb.getService(IUsb.java:74)
05-22 07:16:25.171  2626  2832 E ExtUsbManager: 	at android.hardware.usb.V1_0.IUsb.getService(IUsb.java:84)
05-22 07:16:25.171  2626  2832 E ExtUsbManager: 	at ts.car.usb.UsbHalController.createService(UsbHalController.java:37)
05-22 07:16:25.171  2626  2832 E ExtUsbManager: 	at ts.car.usb.UsbHalController.createService(UsbHalController.java:18)
05-22 07:16:25.171  2626  2832 E ExtUsbManager: 	at ts.car.usb.utils.AutoServiceConnector4Hidl.autoConnect(AutoServiceConnector4Hidl.java:47)
05-22 07:16:25.171  2626  2832 E ExtUsbManager: 	at ts.car.usb.utils.AutoServiceConnector4Hidl$$ExternalSyntheticLambda0.run(Unknown Source:2)
05-22 07:16:25.171  2626  2832 E ExtUsbManager: 	at android.os.Handler.handleCallback(Handler.java:942)
05-22 07:16:25.171  2626  2832 E ExtUsbManager: 	at android.os.Handler.dispatchMessage(Handler.java:99)
05-22 07:16:25.171  2626  2832 E ExtUsbManager: 	at android.os.Looper.loopOnce(Looper.java:201)
05-22 07:16:25.171  2626  2832 E ExtUsbManager: 	at android.os.Looper.loop(Looper.java:288)
05-22 07:16:25.171  2626  2832 E ExtUsbManager: 	at android.os.HandlerThread.run(HandlerThread.java:67)
05-22 07:16:25.172   260   260 D libvintf: HalManifest::getHidlTransport(framework): Cannot find vendor.ts.usbext@1.0::IUsbext/default
05-22 07:16:25.172   260   260 D libvintf: HalManifest::getHidlTransport(device): Cannot find vendor.ts.usbext@1.0::IUsbext/default
