05-22 07:11:41.821   291  1491 D EvsDriver: forwardFrame
05-22 06:30:15.564   573   573 D spi_rst_gpio_get_output: GPIO 145 value: 1
05-22 06:30:15.564   573   573 D spidev_ioctl: gpio status=1)
05-22 07:11:41.822   291  1491 D EvsDriver: Delivered 0xb400007b2f47ca30 as id 0
05-22 07:11:41.823  1137  1137 D evsmanagerd: /dev/video4 forwarded the buffer #0 to 0xb4000071fa019690 from 0xb4000071fa01b7d0
05-22 07:11:41.824   291  1135 D EvsDriver: doneWithFrame
05-22 07:11:41.826   573   573 I SpiService: fgesysctrl_getGPIO_status success val=1
05-22 06:30:15.570   573   573 D spi_rst_gpio_get_output: GPIO 145 value: 1
05-22 06:30:15.570   573   573 D spidev_ioctl: gpio status=1)
05-22 07:11:41.830  1091  1133 D tboxmids_ap: Frame Size: 12
05-22 07:11:41.830  1091  1133 D tboxmids_ap: Hex Data:
05-22 07:11:41.830  1091  1133 D tboxmids_ap: 09 
05-22 07:11:41.830  1026  1026 I MyAppLog: [2026-05-22 07:11:41.830 I tboxap mcuMainPeriodic100msTask:572] [Mcu] [mcuMainPeriodic100msTask] MCU version not ready, send 0x0981 item 0x01 retry:1
05-22 07:11:41.830  1091  1133 D tboxmids_ap: 01 
05-22 07:11:41.830  1091  1133 D tboxmids_ap: 00 
05-22 07:11:41.830  1091  1133 D tboxmids_ap: 08 
05-22 07:11:41.830  1026  1026 I MyAppLog: [2026-05-22 07:11:41.830 I tboxap mcuSendYadiTransfer:195] [Mcu] [mcuYadiSend]: :00 08 EA 04 01 09 81 02 01 01
05-22 07:11:41.830  1091  1133 D tboxmids_ap: EA 
05-22 07:11:41.830  1091  1133 D tboxmids_ap: 04 
05-22 07:11:41.830  1091  1133 D tboxmids_ap: 01 
05-22 07:11:41.830  1091  1133 D tboxmids_ap: 09 
05-22 07:11:41.830  1091  1133 D tboxmids_ap: 81 
05-22 07:11:41.830  1091  1133 D tboxmids_ap: 02 
05-22 07:11:41.831  1091  1133 D tboxmids_ap: 01 
05-22 07:11:41.831  1091  1133 D tboxmids_ap: 01 
05-22 07:11:41.831  1091  1133 D tboxmids_ap: 
05-22 07:11:41.831  1091  1133 D tboxmids_ap: Hex Data end 
05-22 07:11:41.831   573   573 I SpiService: fgesysctrl_getGPIO_status success val=1
05-22 07:11:41.833   486   581 I mcuc    : start timer OK = 1060 
05-22 06:30:15.575   573   573 D spi_rst_gpio_get_output: GPIO 145 value: 1
05-22 07:11:41.836   544   544 D commservice260303: msg.id = 1028,0
05-22 06:30:15.575   573   573 D spidev_ioctl: gpio status=1)
05-22 07:11:41.836   544   544 D commservice260303: i = 170, msgid = 8A000404
05-22 07:11:41.836   544   544 D commservice260303: msgid = -1979710460,did=138
05-22 07:11:41.836   544   544 D commservice260303: CommProtocolLibCmdBaseI2C::dataproc {"command":{"id":"imu_status","sub":""},"content":{"TimeStamp":1779405101833,"FrameCounter":8848,"GD_X":-0.00923888012766838,"GD_Y":0.007634742185473442,"GD_Z":0.017944088205695152,"AD_X":-0.004391096532344818,"AD_Y":0.001562642864882946,"AD_Z":-0.3315248489379883,"TempDsp":0,"Status":0,"CalibState":1,"SigAmpInvalid":0}},-1979710460
05-22 07:11:41.836   544   544 D commservice260303: send2Cluster len:322, 7B22636F6D6D616E64223A7B226964223A22696D755F737461747573222C22737562223A22227D2C22636F6E74656E74223A7B2254696D655374616D70223A313737393430353130313833332C224672616D65436F756E746572223A383834382C2247445F58223A2D302E30303932333838383031323736363833382C2247445F59223A302E3030373633343734323138353437333434322C2247445F5A223A302E3031373934343038383230353639353135322C2241445F58223A2D302E3030343339313039363533323334343831382C2241445F59223A302E3030313536323634323836343838323934362C2241445F5A223A2D302E333331353234383438393337393838332C2254656D70447370223A302C22537461747573223A302C2243616C69625374617465223A312C22536967416D70496E76616C6964223A307D7D, 138 
05-22 07:11:41.836   544   544 D commservice260303: Push Message into SendPool fn=1428357120
05-22 07:11:41.836   544   544 D commservice260303: ComProtocolLibSend2Cluster::send2ClusterRaw fn=1428357120 , len=338
05-22 07:11:41.836   544   544 D commservice260303: sendCmdToPort :338!!!
05-22 07:11:41.836   544   544 D commservice260303: send Cmd To Port ++++5AA5014E8A01000023556A0F912D7B22636F6D6D616E64223A7B226964223A22696D755F737461747573222C22737562223A22227D2C22636F6E74656E74223A7B2254696D655374616D70223A313737393430353130313833332C224672616D65436F756E746572223A383834382C2247445F58223A2D302E30303932333838383031323736363833382C2247445F59223A302E3030373633343734323138353437333434322C2247445F5A223A302E3031373934343038383230353639353135322C2241445F58223A2D302E3030343339313039363533323334343831382C2241445F59223A302E3030313536323634323836343838323934362C2241445F5A223A2D302E333331353234383438393337393838332C2254656D70447370223A302C22537461747573223A302C2243616C69625374617465223A312C22536967416D70496E76616C6964223A307D7DCDE9
05-22 07:11:41.836   544   544 D commservice260303: bufferevent_write retrun value = 0
05-22 07:11:41.836   544   567 D commservice260303: client datas send succeed,send finish
05-22 07:11:41.837  2981  3178 D Sentinelmode_1.2.5.13_alpha: <SentryImuClusterFgeSender>imu_status sent to Linux, frame=8848, tsNs=386805, tsMs=1779405101833, intervalMs=43, ad=(-0.0043910965,0.0015626429,-0.33152485), gd=(-0.00923888,0.007634742,0.017944088)
05-22 07:11:41.837   573   573 I SpiService: fgesysctrl_getGPIO_status success val=1
05-22 06:30:15.580   573   573 D spi_rst_gpio_get_output: GPIO 145 value: 1
05-22 06:30:15.580   573   573 D spidev_ioctl: gpio status=1)
05-22 07:11:41.838  2981  3177 I SentryImuMcuAngleSender: 179.9207rollDeg
05-22 07:11:41.838  2981  3177 I SentryImuMcuAngleSender: 1,0,0
05-22 07:11:41.842   573   573 I SpiService: fgesysctrl_getGPIO_status success val=1
05-22 06:30:15.586   573   573 D spi_rst_gpio_get_output: GPIO 145 value: 1
05-22 06:30:15.586   573   573 D spidev_ioctl: gpio status=1)
05-22 07:11:41.848   573   573 I SpiService: fgesysctrl_getGPIO_status success val=0
05-22 07:11:41.848   486   579 I mcuc    : send SPI:6AA601042400F80901EA040109810201010000000000000000000000000000000000000000000000000000000000000000000000000000000000000000000000000000000000000000000000000000000000000000000000000000000000000000000000000000000000000000000000000000000000000000000000000000000000000000000000000000000000000000000000000000000000000000000000000000000000000000000000000000000000000000000000000000000000000000000000000000000000000000000000000000000000000000000000000000000000000000000000000000000000000000000000000000000000000000000058
05-22 06:30:15.591   573   573 D spi_rst_gpio_get_output: GPIO 145 value: 0
05-22 06:30:15.591   573   573 D spidev_ioctl: gpio status=0)
05-22 07:11:41.855   291  1491 D EvsDriver: forwardFrame
05-22 07:11:41.856   291  1491 D EvsDriver: Delivered 0xb400007b2f47ca30 as id 0
05-22 07:11:41.856  1137  1137 D evsmanagerd: /dev/video4 forwarded the buffer #0 to 0xb4000071fa019690 from 0xb4000071fa01b7d0
05-22 07:11:41.858   291  1135 D EvsDriver: doneWithFrame
05-22 07:11:41.860  2981  3177 I SentryImuMcuAngleSender: 179.93106rollDeg
05-22 07:11:41.860  2981  3177 I SentryImuMcuAngleSender: 1,0,0
05-22 07:11:41.860   964  1804 D [OMXB]  : usingANWBuffer: handle:0xebd41ae0, format:1, w:1920, h:1080
05-22 07:11:41.861   573   573 I SpiService: fgesysctrl_getGPIO_status success val=1
05-22 06:30:15.605   573   573 D spi_rst_gpio_get_output: GPIO 145 value: 1
05-22 06:30:15.605   573   573 D spidev_ioctl: gpio status=1)
05-22 07:11:41.866   960   986 E SLOGCP  : remove: start unlink par_dir=/data/ylog/modem, m_base_name=md_20260522-072357.log, length=16, 22.
05-22 07:11:41.867   573   573 I SpiService: fgesysctrl_getGPIO_status success val=1
05-22 06:30:15.610   573   573 D spi_rst_gpio_get_output: GPIO 145 value: 1
05-22 06:30:15.610   573   573 D spidev_ioctl: gpio status=1)
05-22 07:11:41.869   477  1275 I dvr_service_: [EncoderHandler::runMediaThread] runMediaThread started:1,state:0, cam2:started:1,state:0, lastSwitch:1, mIsMuxerStart:0,format:0,is_str_ing:0
05-22 07:11:41.872   573   573 I SpiService: fgesysctrl_getGPIO_status success val=1
05-22 07:11:41.874   544   544 D commservice260303: msg.id = 1028,0
05-22 07:11:41.874   544   544 D commservice260303: i = 170, msgid = 8A000404
05-22 07:11:41.874   544   544 D commservice260303: msgid = -1979710460,did=138
05-22 06:30:15.615   573   573 D spi_rst_gpio_get_output: GPIO 145 value: 1
05-22 07:11:41.874   544   544 D commservice260303: CommProtocolLibCmdBaseI2C::dataproc {"command":{"id":"imu_status","sub":""},"content":{"TimeStamp":1779405101873,"FrameCounter":8849,"GD_X":-0.009314822033047676,"GD_Y":0.007864127866923809,"GD_Z":0.01817295327782631,"AD_X":-0.007436387240886688,"AD_Y":-0.002095659263432026,"AD_Z":-0.3321352005004883,"TempDsp":0,"Status":0,"CalibState":1,"SigAmpInvalid":0}},-1979710460
05-22 06:30:15.615   573   573 D spidev_ioctl: gpio status=1)
05-22 07:11:41.874   544   544 D commservice260303: send2Cluster len:323, 7B22636F6D6D616E64223A7B226964223A22696D755F737461747573222C22737562223A22227D2C22636F6E74656E74223A7B2254696D655374616D70223A313737393430353130313837332C224672616D65436F756E746572223A383834392C2247445F58223A2D302E3030393331343832323033333034373637362C2247445F59223A302E3030373836343132373836363932333830392C2247445F5A223A302E30313831373239353332373738323633312C2241445F58223A2D302E3030373433363338373234303838363638382C2241445F59223A2D302E3030323039353635393236333433323032362C2241445F5A223A2D302E333332313335323030353030343838332C2254656D70447370223A302C22537461747573223A302C2243616C69625374617465223A312C22536967416D70496E76616C6964223A307D7D, 138 
05-22 07:11:41.874   544   544 D commservice260303: Push Message into SendPool fn=1445134336
05-22 07:11:41.874   544   544 D commservice260303: ComProtocolLibSend2Cluster::send2ClusterRaw fn=1445134336 , len=339
05-22 07:11:41.874   544   544 D commservice260303: sendCmdToPort :339!!!
05-22 07:11:41.874   544   544 D commservice260303: send Cmd To Port ++++5AA5014F8A01000023566A0F912D7B22636F6D6D616E64223A7B226964223A22696D755F737461747573222C22737562223A22227D2C22636F6E74656E74223A7B2254696D655374616D70223A313737393430353130313837332C224672616D65436F756E746572223A383834392C2247445F58223A2D302E3030393331343832323033333034373637362C2247445F59223A302E3030373836343132373836363932333830392C2247445F5A223A302E30313831373239353332373738323633312C2241445F58223A2D302E3030373433363338373234303838363638382C2241445F59223A2D302E3030323039353635393236333433323032362C2241445F5A223A2D302E333332313335323030353030343838332C2254656D70447370223A302C22537461747573223A302C2243616C69625374617465223A312C22536967416D70496E76616C6964223A307D7DFAC6
05-22 07:11:41.874   544   544 D commservice260303: bufferevent_write retrun value = 0
05-22 07:11:41.874   544   567 D commservice260303: client datas send succeed,send finish
05-22 07:11:41.874  2981  3178 D Sentinelmode_1.2.5.13_alpha: <SentryImuClusterFgeSender>imu_status sent to Linux, frame=8849, tsNs=386841, tsMs=1779405101873, intervalMs=37, ad=(-0.0074363872,-0.0020956593,-0.3321352), gd=(-0.009314822,0.007864128,0.018172953)
05-22 07:11:41.877   573   573 I SpiService: fgesysctrl_getGPIO_status success val=1
05-22 06:30:15.621   573   573 D spi_rst_gpio_get_output: GPIO 145 value: 1
05-22 06:30:15.621   573   573 D spidev_ioctl: gpio status=1)
05-22 07:11:41.881  2981  3177 I SentryImuMcuAngleSender: 179.93796rollDeg
05-22 07:11:41.881  2981  3177 I SentryImuMcuAngleSender: 1,0,0
05-22 07:11:41.882   573   573 I SpiService: fgesysctrl_getGPIO_status success val=1
05-22 06:30:15.626   573   573 D spi_rst_gpio_get_output: GPIO 145 value: 1
05-22 06:30:15.626   573   573 D spidev_ioctl: gpio status=1)
05-22 07:11:41.888   960   986 E SLOGCP  : remove: unlink is complete,result is 0
05-22 07:11:41.888   573   573 I SpiService: fgesysctrl_getGPIO_status success val=0
05-22 06:30:15.631   573   573 D spi_rst_gpio_get_output: GPIO 145 value: 0
05-22 06:30:15.631   573   573 D spidev_ioctl: gpio status=0)
05-22 07:11:41.890   291  1491 D EvsDriver: forwardFrame
05-22 07:11:41.891   291  1491 D EvsDriver: Delivered 0xb400007b2f47ca30 as id 0
05-22 07:11:41.891  1137  1137 D evsmanagerd: /dev/video4 forwarded the buffer #0 to 0xb4000071fa019690 from 0xb4000071fa01b7d0
05-22 07:11:41.891  1026  1026 D MyAppLog: [2026-05-22 07:11:41.891 D tboxap tsp_WorkMachineProc:1086] [Tsp] [tsp_WorkMachineProc]TSP_WORK_LOGIN NOW !!!!
05-22 07:11:41.894   565   599 I Sensors : 230 AccelSensor: x:-0.110410,y:0.013420,z:-10.140640
05-22 07:11:41.894   291  1135 D EvsDriver: doneWithFrame
05-22 07:11:41.897   486   580 I mcuc    : rev,n=1,6AA6820424000209014A
05-22 07:11:41.897   276   300 I rvcservice: t.code = 1, t.value = -112240
05-22 07:11:41.898   964  1804 D [OMXB]  : usingANWBuffer: handle:0xebd40d20, format:1, w:1920, h:1080
05-22 07:11:41.901  2981  3177 I SentryImuMcuAngleSender: 179.92418rollDeg
05-22 07:11:41.901  2981  3177 I SentryImuMcuAngleSender: 1,0,0
05-22 07:11:41.902   573   573 I SpiService: fgesysctrl_getGPIO_status success val=1
05-22 06:30:15.645   573   573 D spi_rst_gpio_get_output: GPIO 145 value: 1
05-22 06:30:15.645   573   573 D spidev_ioctl: gpio status=1)
05-22 07:11:41.907   573   573 I SpiService: fgesysctrl_getGPIO_status success val=1
05-22 06:30:15.651   573   573 D spi_rst_gpio_get_output: GPIO 145 value: 1
05-22 06:30:15.651   573   573 D spidev_ioctl: gpio status=1)
05-22 07:11:41.913   573   573 I SpiService: fgesysctrl_getGPIO_status success val=1
05-22 07:11:41.913   544   544 D commservice260303: msg.id = 1028,0
05-22 07:11:41.913   544   544 D commservice260303: i = 170, msgid = 8A000404
05-22 07:11:41.913   544   544 D commservice260303: msgid = -1979710460,did=138
05-22 07:11:41.913   544   544 D commservice260303: CommProtocolLibCmdBaseI2C::dataproc {"command":{"id":"imu_status","sub":""},"content":{"TimeStamp":1779405101913,"FrameCounter":8850,"GD_X":-0.009314822033047676,"GD_Y":0.0073299347423017025,"GD_Z":0.017408855259418488,"AD_X":-0.0019455477595329285,"AD_Y":0.002173463813960552,"AD_Z":-0.33579349517822266,"TempDsp":0,"Status":0,"CalibState":1,"SigAmpInvalid":0}},-1979710460
05-22 07:11:41.913   544   544 D commservice260303: send2Cluster len:326, 7B22636F6D6D616E64223A7B226964223A22696D755F737461747573222C22737562223A22227D2C22636F6E74656E74223A7B2254696D655374616D70223A313737393430353130313931332C224672616D65436F756E746572223A383835302C2247445F58223A2D302E3030393331343832323033333034373637362C2247445F59223A302E303037333239393334373432333031373032352C2247445F5A223A302E3031373430383835353235393431383438382C2241445F58223A2D302E303031393435353437373539353332393238352C2241445F59223A302E3030323137333436333831333936303535322C2241445F5A223A2D302E33333537393334393531373832323236362C2254656D70447370223A302C22537461747573223A302C2243616C69625374617465223A312C22536967416D70496E76616C6964223A307D7D, 138 
05-22 07:11:41.913   544   544 D commservice260303: Push Message into SendPool fn=1461911552
05-22 07:11:41.914   544   544 D commservice260303: ComProtocolLibSend2Cluster::send2ClusterRaw fn=1461911552 , len=342
05-22 07:11:41.914   544   544 D commservice260303: sendCmdToPort :342!!!
05-22 07:11:41.914   544   544 D commservice260303: send Cmd To Port ++++5AA501528A01000023576A0F912D7B22636F6D6D616E64223A7B226964223A22696D755F737461747573222C22737562223A22227D2C22636F6E74656E74223A7B2254696D655374616D70223A313737393430353130313931332C224672616D65436F756E746572223A383835302C2247445F58223A2D302E3030393331343832323033333034373637362C2247445F59223A302E303037333239393334373432333031373032352C2247445F5A223A302E3031373430383835353235393431383438382C2241445F58223A2D302E303031393435353437373539353332393238352C2241445F59223A302E3030323137333436333831333936303535322C2241445F5A223A2D302E33333537393334393531373832323236362C2254656D70447370223A302C22537461747573223A302C2243616C69625374617465223A312C22536967416D70496E76616C6964223A307D7D2349
05-22 07:11:41.914   544   544 D commservice260303: bufferevent_write retrun value = 0
05-22 06:30:15.656   573   573 D spi_rst_gpio_get_output: GPIO 145 value: 1
05-22 06:30:15.656   573   573 D spidev_ioctl: gpio status=1)
05-22 07:11:41.914   544   567 D commservice260303: client datas send succeed,send finish
05-22 07:11:41.914  2981  3178 D Sentinelmode_1.2.5.13_alpha: <SentryImuClusterFgeSender>imu_status sent to Linux, frame=8850, tsNs=386894, tsMs=1779405101913, intervalMs=40, ad=(-0.0019455478,0.0021734638,-0.3357935), gd=(-0.009314822,0.0073299347,0.017408855)
05-22 07:11:41.918   573   573 I SpiService: fgesysctrl_getGPIO_status success val=1
05-22 06:30:15.661   573   573 D spi_rst_gpio_get_output: GPIO 145 value: 1
05-22 06:30:15.661   573   573 D spidev_ioctl: gpio status=1)
05-22 07:11:41.922  2981  3177 I SentryImuMcuAngleSender: 179.9173rollDeg
05-22 07:11:41.922  2981  3177 I SentryImuMcuAngleSender: 1,0,0
05-22 07:11:41.923   573   573 I SpiService: fgesysctrl_getGPIO_status success val=1
05-22 07:11:41.924   291  1491 D EvsDriver: forwardFrame
05-22 07:11:41.925   291  1491 D EvsDriver: Delivered 0xb400007b2f47ca30 as id 0
05-22 07:11:41.925  1137  1137 D evsmanagerd: /dev/video4 forwarded the buffer #0 to 0xb4000071fa019690 from 0xb4000071fa01b7d0
05-22 06:30:15.667   573   573 D spi_rst_gpio_get_output: GPIO 145 value: 1
05-22 06:30:15.667   573   573 D spidev_ioctl: gpio status=1)
05-22 07:11:41.925   291  1135 D EvsDriver: doneWithFrame
05-22 07:11:41.928   573   573 I SpiService: fgesysctrl_getGPIO_status success val=0
05-22 06:30:15.672   573   573 D spi_rst_gpio_get_output: GPIO 145 value: 0
05-22 06:30:15.672   573   573 D spidev_ioctl: gpio status=0)
05-22 07:11:41.930   565   565 I Sensors : 230 GyroSensor: x:-0.009239,y:0.007941,z:0.017486
05-22 07:11:41.934  1026  1026 D MyAppLog: [2026-05-22 07:11:41.933 D tboxap gpsMcuDataAnalyze:471] [Gps] [gpsMcuDataAnalyze]:$GNRMC,231141.000,V,,,,,,,210526,120.0,E,N,V*47
05-22 07:11:41.934  1026  1026 D MyAppLog: 
05-22 07:11:41.934  1026  1026 D MyAppLog: [2026-05-22 07:11:41.933 D tboxap gpsMcuDataAnalyze:556] [Gps] stGps.stat:0, latitude:0 , longtitude:0,sped:0,direction:0
05-22 07:11:41.942   573   573 I SpiService: fgesysctrl_getGPIO_status success val=1
05-22 07:11:41.943  2981  3177 I SentryImuMcuAngleSender: 179.9035rollDeg
05-22 07:11:41.943  2981  3177 I SentryImuMcuAngleSender: 1,0,0
05-22 06:30:15.686   573   573 D spi_rst_gpio_get_output: GPIO 145 value: 1
05-22 06:30:15.686   573   573 D spidev_ioctl: gpio status=1)
05-22 07:11:41.947   573   573 I SpiService: fgesysctrl_getGPIO_status success val=1
05-22 06:30:15.691   573   573 D spi_rst_gpio_get_output: GPIO 145 value: 1
05-22 06:30:15.691   573   573 D spidev_ioctl: gpio status=1)
05-22 07:11:41.953   573   573 I SpiService: fgesysctrl_getGPIO_status success val=1
05-22 06:30:15.696   573   573 D spi_rst_gpio_get_output: GPIO 145 value: 1
05-22 06:30:15.696   573   573 D spidev_ioctl: gpio status=1)
05-22 07:11:41.954   544   544 D commservice260303: msg.id = 1028,0
05-22 07:11:41.955   544   544 D commservice260303: i = 170, msgid = 8A000404
05-22 07:11:41.955   544   544 D commservice260303: msgid = -1979710460,did=138
05-22 07:11:41.955   544   544 D commservice260303: CommProtocolLibCmdBaseI2C::dataproc {"command":{"id":"imu_status","sub":""},"content":{"TimeStamp":1779405101954,"FrameCounter":8851,"GD_X":-0.008933032862842083,"GD_Y":0.007864127866923809,"GD_Z":0.01763824187219143,"AD_X":-0.0056049153208732605,"AD_Y":0.0033895615488290787,"AD_Z":-0.33457469940185547,"TempDsp":0,"Status":0,"CalibState":1,"SigAmpInvalid":0}},-1979710460
05-22 07:11:41.955   544   544 D commservice260303: send2Cluster len:325, 7B22636F6D6D616E64223A7B226964223A22696D755F737461747573222C22737562223A22227D2C22636F6E74656E74223A7B2254696D655374616D70223A313737393430353130313935342C224672616D65436F756E746572223A383835312C2247445F58223A2D302E3030383933333033323836323834323038332C2247445F59223A302E3030373836343132373836363932333830392C2247445F5A223A302E30313736333832343138373231393134332C2241445F58223A2D302E303035363034393135333230383733323630352C2241445F59223A302E303033333839353631353438383239303738372C2241445F5A223A2D302E33333435373436393934303138353534372C2254656D70447370223A302C22537461747573223A302C2243616C69625374617465223A312C22536967416D70496E76616C6964223A307D7D, 138 
05-22 07:11:41.955   544   544 D commservice260303: Push Message into SendPool fn=1478688768
05-22 07:11:41.955   544   544 D commservice260303: ComProtocolLibSend2Cluster::send2ClusterRaw fn=1478688768 , len=341
05-22 07:11:41.955   544   544 D commservice260303: sendCmdToPort :341!!!
05-22 07:11:41.955   544   544 D commservice260303: send Cmd To Port ++++5AA501518A01000023586A0F912D7B22636F6D6D616E64223A7B226964223A22696D755F737461747573222C22737562223A22227D2C22636F6E74656E74223A7B2254696D655374616D70223A313737393430353130313935342C224672616D65436F756E746572223A383835312C2247445F58223A2D302E3030383933333033323836323834323038332C2247445F59223A302E3030373836343132373836363932333830392C2247445F5A223A302E30313736333832343138373231393134332C2241445F58223A2D302E303035363034393135333230383733323630352C2241445F59223A302E303033333839353631353438383239303738372C2241445F5A223A2D302E33333435373436393934303138353534372C2254656D70447370223A302C22537461747573223A302C2243616C69625374617465223A312C22536967416D70496E76616C6964223A307D7DE16D
05-22 07:11:41.955   544   544 D commservice260303: bufferevent_write retrun value = 0
05-22 07:11:41.955   544   567 D commservice260303: client datas send succeed,send finish
05-22 07:11:41.955  2981  3178 D Sentinelmode_1.2.5.13_alpha: <SentryImuClusterFgeSender>imu_status sent to Linux, frame=8851, tsNs=386930, tsMs=1779405101954, intervalMs=41, ad=(-0.0056049153,0.0033895615,-0.3345747), gd=(-0.008933033,0.007864128,0.017638242)
05-22 07:11:41.958   291  1491 D EvsDriver: forwardFrame
05-22 07:11:41.958   573   573 I SpiService: fgesysctrl_getGPIO_status success val=1
05-22 07:11:41.959   291  1491 D EvsDriver: Delivered 0xb400007b2f47ca30 as id 0
05-22 07:11:41.959  1137  1137 D evsmanagerd: /dev/video4 forwarded the buffer #0 to 0xb4000071fa019690 from 0xb4000071fa01b7d0
05-22 07:11:41.961   291  1135 D EvsDriver: doneWithFrame
05-22 06:30:15.701   573   573 D spi_rst_gpio_get_output: GPIO 145 value: 1
05-22 06:30:15.702   573   573 D spidev_ioctl: gpio status=1)
05-22 07:11:41.964   964  1804 D [OMXB]  : usingANWBuffer: handle:0xebd41e50, format:1, w:1920, h:1080
05-22 07:11:41.964  2981  3177 I SentryImuMcuAngleSender: 179.9104rollDeg
05-22 07:11:41.964   573   573 I SpiService: fgesysctrl_getGPIO_status success val=1
05-22 07:11:41.964  2981  3177 I SentryImuMcuAngleSender: 1,0,0
05-22 06:30:15.707   573   573 D spi_rst_gpio_get_output: GPIO 145 value: 1
05-22 06:30:15.707   573   573 D spidev_ioctl: gpio status=1)
05-22 07:11:41.969   573   573 I SpiService: fgesysctrl_getGPIO_status success val=0
05-22 06:30:15.713   573   573 D spi_rst_gpio_get_output: GPIO 145 value: 0
05-22 06:30:15.713   573   573 D spidev_ioctl: gpio status=0)
05-22 07:11:41.985  2981  3177 I SentryImuMcuAngleSender: 179.91383rollDeg
05-22 07:11:41.985  2981  3177 I SentryImuMcuAngleSender: 1,0,0
05-22 07:11:41.985   573   573 I SpiService: fgesysctrl_getGPIO_status success val=1
05-22 06:30:15.728   573   573 D spi_rst_gpio_get_output: GPIO 145 value: 1
05-22 06:30:15.728   573   573 D spidev_ioctl: gpio status=1)
05-22 07:11:41.990   573   573 I SpiService: fgesysctrl_getGPIO_status success val=1
05-22 07:11:41.993   291  1491 D EvsDriver: forwardFrame
05-22 06:30:15.734   573   573 D spi_rst_gpio_get_output: GPIO 145 value: 1
05-22 06:30:15.734   573   573 D spidev_ioctl: gpio status=1)
05-22 07:11:41.994   291  1491 D EvsDriver: Delivered 0xb400007b2f47ca30 as id 0
05-22 07:11:41.994  1137  1137 D evsmanagerd: /dev/video4 forwarded the buffer #0 to 0xb4000071fa019690 from 0xb4000071fa01b7d0
05-22 07:11:41.995   544   544 D commservice260303: msg.id = 1028,0
05-22 07:11:41.995   544   544 D commservice260303: i = 170, msgid = 8A000404
05-22 07:11:41.995   544   544 D commservice260303: msgid = -1979710460,did=138
05-22 07:11:41.995   544   544 D commservice260303: CommProtocolLibCmdBaseI2C::dataproc {"command":{"id":"imu_status","sub":""},"content":{"TimeStamp":1779405101995,"FrameCounter":8852,"GD_X":-0.0085517643019557,"GD_Y":0.008322898298501968,"GD_Z":0.017332913354039192,"AD_X":-0.0031641870737075806,"AD_Y":0.0027764244005084038,"AD_Z":-0.33335399627685547,"TempDsp":0,"Status":0,"CalibState":1,"SigAmpInvalid":0}},-1979710460
05-22 07:11:41.995   544   544 D commservice260303: send2Cluster len:324, 7B22636F6D6D616E64223A7B226964223A22696D755F737461747573222C22737562223A22227D2C22636F6E74656E74223A7B2254696D655374616D70223A313737393430353130313939352C224672616D65436F756E746572223A383835322C2247445F58223A2D302E303038353531373634333031393535372C2247445F59223A302E3030383332323839383239383530313936382C2247445F5A223A302E3031373333323931333335343033393139322C2241445F58223A2D302E303033313634313837303733373037353830362C2241445F59223A302E303032373736343234343030353038343033382C2241445F5A223A2D302E33333333353339393632373638353534372C2254656D70447370223A302C22537461747573223A302C2243616C69625374617465223A312C22536967416D70496E76616C6964223A307D7D, 138 
05-22 07:11:41.995   544   544 D commservice260303: Push Message into SendPool fn=1495465984
05-22 07:11:41.995   544   544 D commservice260303: ComProtocolLibSend2Cluster::send2ClusterRaw fn=1495465984 , len=340
05-22 07:11:41.995   544   544 D commservice260303: sendCmdToPort :340!!!
05-22 07:11:41.996   573   573 I SpiService: fgesysctrl_getGPIO_status success val=1
05-22 07:11:41.996   544   544 D commservice260303: send Cmd To Port ++++5AA501508A01000023596A0F912D7B22636F6D6D616E64223A7B226964223A22696D755F737461747573222C22737562223A22227D2C22636F6E74656E74223A7B2254696D655374616D70223A313737393430353130313939352C224672616D65436F756E746572223A383835322C2247445F58223A2D302E303038353531373634333031393535372C2247445F59223A302E3030383332323839383239383530313936382C2247445F5A223A302E3031373333323931333335343033393139322C2241445F58223A2D302E303033313634313837303733373037353830362C2241445F59223A302E303032373736343234343030353038343033382C2241445F5A223A2D302E33333333353339393632373638353534372C2254656D70447370223A302C22537461747573223A302C2243616C69625374617465223A312C22536967416D70496E76616C6964223A307D7DA866
05-22 07:11:41.996   544   544 D commservice260303: bufferevent_write retrun value = 0
05-22 07:11:41.996   544   567 D commservice260303: client datas send succeed,send finish
05-22 07:11:41.996  2981  3178 D Sentinelmode_1.2.5.13_alpha: <SentryImuClusterFgeSender>imu_status sent to Linux, frame=8852, tsNs=386968, tsMs=1779405101995, intervalMs=41, ad=(-0.003164187,0.0027764244,-0.333354), gd=(-0.008551764,0.008322898,0.017332913)
05-22 07:11:41.997   291  1135 D EvsDriver: doneWithFrame
05-22 06:30:15.739   573   573 D spi_rst_gpio_get_output: GPIO 145 value: 1
05-22 06:30:15.739   573   573 D spidev_ioctl: gpio status=1)
05-22 07:11:41.998   276   300 I rvcservice: t.code = 3, t.value = 0
05-22 07:11:42.000   964  1804 D [OMXB]  : usingANWBuffer: handle:0xebd430e0, format:1, w:1920, h:1080
05-22 07:11:42.001   573   573 I SpiService: fgesysctrl_getGPIO_status success val=1
05-22 06:30:15.744   573   573 D spi_rst_gpio_get_output: GPIO 145 value: 1
05-22 06:30:15.744   573   573 D spidev_ioctl: gpio status=1)
05-22 07:11:42.006  2981  3177 I SentryImuMcuAngleSender: 179.91383rollDeg
05-22 07:11:42.006  2981  3177 I SentryImuMcuAngleSender: 1,0,0
05-22 07:11:42.006   573   573 I SpiService: fgesysctrl_getGPIO_status success val=1
05-22 06:30:15.750   573   573 D spi_rst_gpio_get_output: GPIO 145 value: 1
05-22 06:30:15.750   573   573 D spidev_ioctl: gpio status=1)
05-22 07:11:42.012   573   573 I SpiService: fgesysctrl_getGPIO_status success val=0
05-22 06:30:15.755   573   573 D spi_rst_gpio_get_output: GPIO 145 value: 0
05-22 06:30:15.755   573   573 D spidev_ioctl: gpio status=0)
05-22 07:11:42.017  1658  2866 D AIN-HttpHealthPolicy: call() called start, host=www.163.com
05-22 07:11:42.018   947  9356 D resolv  : GetAddrInfoHandler::run: {0 786432 0 983040 1000 0}
05-22 07:11:42.018   947  9356 D resolv  : resolv_getaddrinfo: explore_fqdn(): ai_family=0 ai_socktype=1 ai_protocol=6
05-22 07:11:42.019  1658  2866 W AIN-HttpHealthPolicy: call() called error, host=www.163.com, err_msg=Unable to resolve host "www.163.com": No address associated with hostname
05-22 07:11:42.019  2981  2981 I Sentinelmode_1.2.5.13_alpha: <SentinelCarServiceManager>sensorType:291504647
05-22 07:11:42.020  1658  2865 D AIN-PingWorker: updateHost: result=true,host=www.163.com,delay=-1
05-22 07:11:42.020  1658  2865 D AIN-NetCheckerOutputer: onWeak
05-22 07:11:42.020  1658  2865 D AIN-AiKeys: setBoolean with: key = net.is.online, value = false, listener = null
05-22 07:11:42.020  1658  2865 D AIN-ServiceHub: getService with: name = service_tracker
05-22 07:11:42.026  2981  3177 I SentryImuMcuAngleSender: 179.92072rollDeg
05-22 07:11:42.027  2981  3177 I SentryImuMcuAngleSender: 1,0,0
05-22 07:11:42.027   573   573 I SpiService: fgesysctrl_getGPIO_status success val=1
05-22 07:11:42.028   291  1491 D EvsDriver: forwardFrame
05-22 07:11:42.029   291  1491 D EvsDriver: Delivered 0xb400007b2f47ca30 as id 0
05-22 07:11:42.030  1137  1137 D evsmanagerd: /dev/video4 forwarded the buffer #0 to 0xb4000071fa019690 from 0xb4000071fa01b7d0
05-22 06:30:15.770   573   573 D spi_rst_gpio_get_output: GPIO 145 value: 1
05-22 06:30:15.770   573   573 D spidev_ioctl: gpio status=1)
05-22 07:11:42.030   291  1135 D EvsDriver: doneWithFrame
05-22 07:11:42.032   573   573 I SpiService: fgesysctrl_getGPIO_status success val=1
05-22 06:30:15.776   573   573 D spi_rst_gpio_get_output: GPIO 145 value: 1
05-22 06:30:15.776   573   573 D spidev_ioctl: gpio status=1)
05-22 07:11:42.035   544   544 D commservice260303: msg.id = 1028,0
05-22 07:11:42.035   544   544 D commservice260303: i = 170, msgid = 8A000404
05-22 07:11:42.035   544   544 D commservice260303: msgid = -1979710460,did=138
05-22 07:11:42.035   544   544 D commservice260303: CommProtocolLibCmdBaseI2C::dataproc {"command":{"id":"imu_status","sub":""},"content":{"TimeStamp":1779405102035,"FrameCounter":8853,"GD_X":-0.008474782109260559,"GD_Y":0.006872204132378101,"GD_Z":0.017408855259418488,"AD_X":-0.003774985671043396,"AD_Y":0.0015545887872576714,"AD_Z":-0.3321352005004883,"TempDsp":0,"Status":0,"CalibState":1,"SigAmpInvalid":0}},-1979710460
05-22 07:11:42.036   544   544 D commservice260303: send2Cluster len:324, 7B22636F6D6D616E64223A7B226964223A22696D755F737461747573222C22737562223A22227D2C22636F6E74656E74223A7B2254696D655374616D70223A313737393430353130323033352C224672616D65436F756E746572223A383835332C2247445F58223A2D302E3030383437343738323130393236303535392C2247445F59223A302E3030363837323230343133323337383130312C2247445F5A223A302E3031373430383835353235393431383438382C2241445F58223A2D302E3030333737343938353637313034333339362C2241445F59223A302E303031353534353838373837323537363731342C2241445F5A223A2D302E333332313335323030353030343838332C2254656D70447370223A302C22537461747573223A302C2243616C69625374617465223A312C22536967416D70496E76616C6964223A307D7D, 138 
05-22 07:11:42.036   544   544 D commservice260303: Push Message into SendPool fn=1512243200
05-22 07:11:42.036   544   544 D commservice260303: ComProtocolLibSend2Cluster::send2ClusterRaw fn=1512243200 , len=340
05-22 07:11:42.036   544   544 D commservice260303: sendCmdToPort :340!!!
05-22 07:11:42.036   544   544 D commservice260303: send Cmd To Port ++++5AA501508A010000235A6A0F912E7B22636F6D6D616E64223A7B226964223A22696D755F737461747573222C22737562223A22227D2C22636F6E74656E74223A7B2254696D655374616D70223A313737393430353130323033352C224672616D65436F756E746572223A383835332C2247445F58223A2D302E3030383437343738323130393236303535392C2247445F59223A302E3030363837323230343133323337383130312C2247445F5A223A302E3031373430383835353235393431383438382C2241445F58223A2D302E3030333737343938353637313034333339362C2241445F59223A302E303031353534353838373837323537363731342C2241445F5A223A2D302E333332313335323030353030343838332C2254656D70447370223A302C22537461747573223A302C2243616C69625374617465223A312C22536967416D70496E76616C6964223A307D7DDABD
05-22 07:11:42.036   544   544 D commservice260303: bufferevent_write retrun value = 0
05-22 07:11:42.036   544   567 D commservice260303: client datas send succeed,send finish
05-22 07:11:42.036  2981  3178 D Sentinelmode_1.2.5.13_alpha: <SentryImuClusterFgeSender>imu_status sent to Linux, frame=8853, tsNs=387004, tsMs=1779405102035, intervalMs=40, ad=(-0.0037749857,0.0015545888,-0.3321352), gd=(-0.008474782,0.006872204,0.017408855)
05-22 07:11:42.037   573   573 I SpiService: fgesysctrl_getGPIO_status success val=1
05-22 06:30:15.781   573   573 D spi_rst_gpio_get_output: GPIO 145 value: 1
05-22 06:30:15.781   573   573 D spidev_ioctl: gpio status=1)
05-22 07:11:42.043   573   573 I SpiService: fgesysctrl_getGPIO_status success val=1
05-22 06:30:15.786   573   573 D spi_rst_gpio_get_output: GPIO 145 value: 1
05-22 06:30:15.786   573   573 D spidev_ioctl: gpio status=1)
05-22 07:11:42.047  2981  3177 I SentryImuMcuAngleSender: 179.92415rollDeg
05-22 07:11:42.048  2981  3177 I SentryImuMcuAngleSender: 1,0,0
05-22 07:11:42.048   573   573 I SpiService: fgesysctrl_getGPIO_status success val=1
05-22 06:30:15.791   573   573 D spi_rst_gpio_get_output: GPIO 145 value: 1
05-22 06:30:15.791   573   573 D spidev_ioctl: gpio status=1)
05-22 07:11:42.051   291  1491 D EvsDriver: forwardFrame
05-22 07:11:42.052   291  1491 D EvsDriver: Delivered 0xb400007b2f47ca30 as id 0
05-22 07:11:42.052  1137  1137 D evsmanagerd: /dev/video4 forwarded the buffer #0 to 0xb4000071fa019690 from 0xb4000071fa01b7d0
05-22 07:11:42.054   573   573 I SpiService: fgesysctrl_getGPIO_status success val=0
05-22 07:11:42.054   291  1135 D EvsDriver: doneWithFrame
05-22 06:30:15.797   164   164 E Time_printk_thread: 2026-05-22 07:11:42
05-22 06:30:15.798   573   573 D spi_rst_gpio_get_output: GPIO 145 value: 0
05-22 06:30:15.798   573   573 D spidev_ioctl: gpio status=0)
05-22 07:11:42.056   964  1804 D [OMXB]  : usingANWBuffer: handle:0xebd43870, format:1, w:1920, h:1080
05-22 07:11:42.068  2981  3177 I SentryImuMcuAngleSender: 179.91725rollDeg
05-22 07:11:42.068  2981  3177 I SentryImuMcuAngleSender: 1,0,0
05-22 07:11:42.070   573   573 I SpiService: fgesysctrl_getGPIO_status success val=1
05-22 06:30:15.813   573   573 D spi_rst_gpio_get_output: GPIO 145 value: 1
05-22 06:30:15.813   573   573 D spidev_ioctl: gpio status=1)
05-22 07:11:42.075   573   573 I SpiService: fgesysctrl_getGPIO_status success val=1
05-22 07:11:42.071  2203  2203 I auditd  : type=1400 audit(0.0:2896): avc: denied { getattr } for comm="CACHEABLE" path="/mnt/log_data/AndroidLog/logcat/logcat_2026_05_22_07_08_07_143-1.txt" dev="vda93" ino=65545 scontext=u:r:system_app:s0 tcontext=u:object_r:log_data_file:s0 tclass=file permissive=1
05-22 07:11:42.075   544   544 D commservice260303: msg.id = 1028,0
05-22 07:11:42.076   544   544 D commservice260303: i = 170, msgid = 8A000404
05-22 07:11:42.076   544   544 D commservice260303: msgid = -1979710460,did=138
05-22 07:11:42.076   544   544 D commservice260303: CommProtocolLibCmdBaseI2C::dataproc {"command":{"id":"imu_status","sub":""},"content":{"TimeStamp":1779405102075,"FrameCounter":8854,"GD_X":-0.00908595696091652,"GD_Y":0.008169975131750107,"GD_Z":0.018020030111074448,"AD_X":-0.003773897886276245,"AD_Y":0.0027710450813174248,"AD_Z":-0.3303050994873047,"TempDsp":0,"Status":0,"CalibState":1,"SigAmpInvalid":0}},-1979710460
05-22 07:11:42.076   544   544 D commservice260303: send2Cluster len:323, 7B22636F6D6D616E64223A7B226964223A22696D755F737461747573222C22737562223A22227D2C22636F6E74656E74223A7B2254696D655374616D70223A313737393430353130323037352C224672616D65436F756E746572223A383835342C2247445F58223A2D302E30303930383539353639363039313635322C2247445F59223A302E3030383136393937353133313735303130372C2247445F5A223A302E3031383032303033303131313037343434382C2241445F58223A2D302E3030333737333839373838363237363234352C2241445F59223A302E303032373731303435303831333137343234382C2241445F5A223A2D302E333330333035303939343837333034372C2254656D70447370223A302C22537461747573223A302C2243616C69625374617465223A312C22536967416D70496E76616C6964223A307D7D, 138 
05-22 07:11:42.076   544   544 D commservice260303: Push Message into SendPool fn=1529020416
05-22 07:11:42.076   544   544 D commservice260303: ComProtocolLibSend2Cluster::send2ClusterRaw fn=1529020416 , len=339
05-22 07:11:42.076   544   544 D commservice260303: sendCmdToPort :339!!!
05-22 07:11:42.076   544   544 D commservice260303: send Cmd To Port ++++5AA5014F8A010000235B6A0F912E7B22636F6D6D616E64223A7B226964223A22696D755F737461747573222C22737562223A22227D2C22636F6E74656E74223A7B2254696D655374616D70223A313737393430353130323037352C224672616D65436F756E746572223A383835342C2247445F58223A2D302E30303930383539353639363039313635322C2247445F59223A302E3030383136393937353133313735303130372C2247445F5A223A302E3031383032303033303131313037343434382C2241445F58223A2D302E3030333737333839373838363237363234352C2241445F59223A302E303032373731303435303831333137343234382C2241445F5A223A2D302E333330333035303939343837333034372C2254656D70447370223A302C22537461747573223A302C2243616C69625374617465223A312C22536967416D70496E76616C6964223A307D7D7A59
05-22 07:11:42.076   544   544 D commservice260303: bufferevent_write retrun value = 0
05-22 07:11:42.076   544   567 D commservice260303: client datas send succeed,send finish
05-22 07:11:42.076  2981  3178 D Sentinelmode_1.2.5.13_alpha: <SentryImuClusterFgeSender>imu_status sent to Linux, frame=8854, tsNs=387056, tsMs=1779405102075, intervalMs=40, ad=(-0.003773898,0.002771045,-0.3303051), gd=(-0.009085957,0.008169975,0.01802003)
05-22 06:30:15.818   573   573 D spi_rst_gpio_get_output: GPIO 145 value: 1
05-22 06:30:15.818   573   573 D spidev_ioctl: gpio status=1)
05-22 07:11:42.079  2203  5179 I ADAYO_LOG_: addEncryptorBean(EncryptorModel.java:28)key:logcat_2026_05_22_07_11_39_536-1.zip
05-22 07:11:42.079  2203  5179 I ADAYO_LOG_: writeEncryptorFile(EncryptorModel.java:48)mHashMapList:2
05-22 07:11:42.081   573   573 I SpiService: fgesysctrl_getGPIO_status success val=1
05-22 06:30:15.824   573   573 D spi_rst_gpio_get_output: GPIO 145 value: 1
05-22 06:30:15.824   573   573 D spidev_ioctl: gpio status=1)
05-22 07:11:42.086   573   573 I SpiService: fgesysctrl_getGPIO_status success val=1
05-22 06:30:15.829   573   573 D spi_rst_gpio_get_output: GPIO 145 value: 1
05-22 06:30:15.829   573   573 D spidev_ioctl: gpio status=1)
05-22 07:11:42.087   291  1491 D EvsDriver: forwardFrame
05-22 07:11:42.087   291  1491 D EvsDriver: Delivered 0xb400007b2f47ca30 as id 0
05-22 07:11:42.088  1137  1137 D evsmanagerd: /dev/video4 forwarded the buffer #0 to 0xb4000071fa019690 from 0xb4000071fa01b7d0
05-22 07:11:42.088  2981  3177 I SentryImuMcuAngleSender: 179.9138rollDeg
05-22 07:11:42.088  2981  3177 I SentryImuMcuAngleSender: 1,0,0
05-22 07:11:42.089   291  1135 D EvsDriver: doneWithFrame
05-22 07:11:42.091   573   573 I SpiService: fgesysctrl_getGPIO_status success val=1
05-22 07:11:42.092   964  1804 D [OMXB]  : usingANWBuffer: handle:0xebd41a30, format:1, w:1920, h:1080
05-22 07:11:42.092  1026  1026 D MyAppLog: [2026-05-22 07:11:42.092 D tboxap tsp_WorkMachineProc:1086] [Tsp] [tsp_WorkMachineProc]TSP_WORK_LOGIN NOW !!!!
05-22 07:11:42.093   565   599 I Sensors : 230 AccelSensor: x:-0.109190,y:0.014639,z:-10.138201
05-22 06:30:15.835   573   573 D spi_rst_gpio_get_output: GPIO 145 value: 1
05-22 06:30:15.835   573   573 D spidev_ioctl: gpio status=1)
05-22 07:11:42.095  2203  5179 W System.err: java.io.IOException: No such file or directory
05-22 07:11:42.095  2203  5179 W System.err: 	at java.io.UnixFileSystem.createFileExclusively0(Native Method)
05-22 07:11:42.096  2203  5179 W System.err: 	at java.io.UnixFileSystem.createFileExclusively(UnixFileSystem.java:317)
05-22 07:11:42.096  2203  5179 W System.err: 	at java.io.File.createNewFile(File.java:1006)
05-22 07:11:42.096  2203  5179 W System.err: 	at com.adayo.log.utils.FileUtil.writeStringToFile(FileUtil.java:253)
05-22 07:11:42.096  2203  5179 W System.err: 	at com.adayo.log.model.EncryptorModel.writeEncryptorFile(EncryptorModel.java:53)
05-22 07:11:42.096  2203  5179 W System.err: 	at com.adayo.log.model.EncryptorModel.addEncryptorBean(EncryptorModel.java:31)
05-22 07:11:42.096  2203  5179 W System.err: 	at com.adayo.log.function.collect.LogcatFunc.startZip(LogcatFunc.java:404)
05-22 07:11:42.096  2203  5179 W System.err: 	at com.adayo.log.function.collect.LogcatFunc.startSeparationAndZip(LogcatFunc.java:293)
05-22 07:11:42.096  2203  5179 W System.err: 	at com.adayo.log.function.collect.LogcatFunc.access$000(LogcatFunc.java:56)
05-22 07:11:42.096  2203  5179 W System.err: 	at com.adayo.log.function.collect.LogcatFunc$WatchCallable.call(LogcatFunc.java:505)
05-22 07:11:42.096  2203  5179 W System.err: 	at com.adayo.log.function.collect.LogcatFunc$WatchCallable.call(LogcatFunc.java:431)
05-22 07:11:42.096  2203  5179 W System.err: 	at com.adayo.log.utils.easythread.RunnableWrapper.run(RunnableWrapper.java:37)
05-22 07:11:42.096  2203  5179 W System.err: 	at java.util.concurrent.ThreadPoolExecutor.runWorker(ThreadPoolExecutor.java:1137)
05-22 07:11:42.096  2203  5179 W System.err: 	at java.util.concurrent.ThreadPoolExecutor$Worker.run(ThreadPoolExecutor.java:637)
05-22 07:11:42.096  2203  5179 W System.err: 	at java.lang.Thread.run(Thread.java:1023)
05-22 07:11:42.096  2203  5179 W System.err: java.io.FileNotFoundException: /log/offlinelogs/AndroidLog/logKey.txt: open failed: ENOENT (No such file or directory)
05-22 07:11:42.097  2203  5179 W System.err: 	at libcore.io.IoBridge.open(IoBridge.java:574)
05-22 07:11:42.097  2203  5179 W System.err: 	at java.io.FileOutputStream.<init>(FileOutputStream.java:236)
05-22 07:11:42.097  2203  5179 W System.err: 	at java.io.FileOutputStream.<init>(FileOutputStream.java:186)
05-22 07:11:42.097  2203  5179 W System.err: 	at com.adayo.log.utils.FileUtil.writeStringToFile(FileUtil.java:258)
05-22 07:11:42.097  2203  5179 W System.err: 	at com.adayo.log.model.EncryptorModel.writeEncryptorFile(EncryptorModel.java:53)
05-22 07:11:42.097   573   573 I SpiService: fgesysctrl_getGPIO_status success val=0
05-22 07:11:42.097  2203  5179 W System.err: 	at com.adayo.log.model.EncryptorModel.addEncryptorBean(EncryptorModel.java:31)
05-22 07:11:42.097  2203  5179 W System.err: 	at com.adayo.log.function.collect.LogcatFunc.startZip(LogcatFunc.java:404)
05-22 07:11:42.097  2203  5179 W System.err: 	at com.adayo.log.function.collect.LogcatFunc.startSeparationAndZip(LogcatFunc.java:293)
05-22 07:11:42.097   486   579 I mcuc    : send SPI:6AA600042500020601CE
05-22 07:11:42.097  2203  5179 W System.err: 	at com.adayo.log.function.collect.LogcatFunc.access$000(LogcatFunc.java:56)
05-22 07:11:42.097  2203  5179 W System.err: 	at com.adayo.log.function.collect.LogcatFunc$WatchCallable.call(LogcatFunc.java:505)
05-22 07:11:42.097  2203  5179 W System.err: 	at com.adayo.log.function.collect.LogcatFunc$WatchCallable.call(LogcatFunc.java:431)
05-22 07:11:42.097  2203  5179 W System.err: 	at com.adayo.log.utils.easythread.RunnableWrapper.run(RunnableWrapper.java:37)
05-22 07:11:42.097  2203  5179 W System.err: 	at java.util.concurrent.ThreadPoolExecutor.runWorker(ThreadPoolExecutor.java:1137)
05-22 07:11:42.097  2203  5179 W System.err: 	at java.util.concurrent.ThreadPoolExecutor$Worker.run(ThreadPoolExecutor.java:637)
05-22 07:11:42.097  2203  5179 W System.err: 	at java.lang.Thread.run(Thread.java:1023)
05-22 07:11:42.098  2203  5179 W System.err: Caused by: android.system.ErrnoException: open failed: ENOENT (No such file or directory)
05-22 07:11:42.098  2203  5179 W System.err: 	at libcore.io.Linux.open(Native Method)
05-22 07:11:42.098  2203  5179 W System.err: 	at libcore.io.ForwardingOs.open(ForwardingOs.java:563)
05-22 07:11:42.098  2203  5179 W System.err: 	at libcore.io.BlockGuardOs.open(BlockGuardOs.java:274)
05-22 07:11:42.098  2203  5179 W System.err: 	at libcore.io.ForwardingOs.open(ForwardingOs.java:563)
05-22 06:30:15.840   573   573 D spi_rst_gpio_get_output: GPIO 145 value: 0
05-22 06:30:15.840   573   573 D spidev_ioctl: gpio status=0)
05-22 07:11:42.098  2203  5179 W System.err: 	at android.app.ActivityThread$AndroidOs.open(ActivityThread.java:7919)
05-22 07:11:42.098  2203  5179 W System.err: 	at libcore.io.IoBridge.open(IoBridge.java:560)
05-22 07:11:42.098  2203  5179 W System.err: 	... 14 more
05-22 07:11:42.099   276   300 I rvcservice: t.code = 0, t.value = 0
05-22 07:11:42.108  2203  5179 I ADAYO_LOG_: startZip(LogcatFunc.java:409)zipFile:true,txtFilePath: /mnt/log_data/AndroidLog/logcat/logcat_2026_05_22_07_08_07_143-1.txt
05-22 07:11:42.103  2203  2203 I auditd  : type=1400 audit(0.0:2897): avc: denied { search } for comm="CACHEABLE" name="/" dev="vda93" ino=2 scontext=u:r:system_app:s0 tcontext=u:object_r:log_data_file:s0 tclass=dir permissive=1
05-22 07:11:42.103  2203  2203 I CACHEABLE: type=1400 audit(0.0:2897): avc: denied { search } for name="/" dev="vda93" ino=2 scontext=u:r:system_app:s0 tcontext=u:object_r:log_data_file:s0 tclass=dir permissive=1
05-22 07:11:42.103  2203  2203 I auditd  : type=1400 audit(0.0:2898): avc: denied { write } for comm="CACHEABLE" name="logcat" dev="vda93" ino=65538 scontext=u:r:system_app:s0 tcontext=u:object_r:log_data_file:s0 tclass=dir permissive=1
05-22 07:11:42.103  2203  2203 I CACHEABLE: type=1400 audit(0.0:2898): avc: denied { write } for name="logcat" dev="vda93" ino=65538 scontext=u:r:system_app:s0 tcontext=u:object_r:log_data_file:s0 tclass=dir permissive=1
05-22 07:11:42.103  2203  2203 I auditd  : type=1400 audit(0.0:2899): avc: denied { remove_name } for comm="CACHEABLE" name="logcat_2026_05_22_07_08_07_143-1.txt" dev="vda93" ino=65545 scontext=u:r:system_app:s0 tcontext=u:object_r:log_data_file:s0 tclass=dir permissive=1
05-22 07:11:42.103  2203  2203 I CACHEABLE: type=1400 audit(0.0:2899): avc: denied { remove_name } for name="logcat_2026_05_22_07_08_07_143-1.txt" dev="vda93" ino=65545 scontext=u:r:system_app:s0 tcontext=u:object_r:log_data_file:s0 tclass=dir permissive=1
05-22 07:11:42.103  2203  2203 I auditd  : type=1400 audit(0.0:2900): avc: denied { unlink } for comm="CACHEABLE" name="logcat_2026_05_22_07_08_07_143-1.txt" dev="vda93" ino=65545 scontext=u:r:system_app:s0 tcontext=u:object_r:log_data_file:s0 tclass=file permissive=1
05-22 07:11:42.103  2203  2203 I CACHEABLE: type=1400 audit(0.0:2900): avc: denied { unlink } for name="logcat_2026_05_22_07_08_07_143-1.txt" dev="vda93" ino=65545 scontext=u:r:system_app:s0 tcontext=u:object_r:log_data_file:s0 tclass=file permissive=1
05-22 07:11:42.109  2981  3177 I SentryImuMcuAngleSender: 179.91727rollDeg
05-22 07:11:42.109  2981  3177 I SentryImuMcuAngleSender: 1,0,0
05-22 07:11:42.111   573   573 I SpiService: fgesysctrl_getGPIO_status success val=1
05-22 07:11:42.112   486   580 I mcuc    : rev,n=1,6AA68107A3000A8900610104093012345607
05-22 07:11:42.112  1091  1116 I tboxmids_ap: [2026-05-22 07:11:42.112] [MCU RX] src=MCU dst=ZMQ len=10 type=BINARY data=00 08 61 01 04 09 30 12 34 56 
05-22 07:11:42.112   344   361 D automotive.vehicle@2.0-adayo-datacomm-mcu: MCUDatacomm sendMessageFromVehicle prop: 0x89, areaId: 0x0, status: 0x61, timestamp: 0x1
05-22 07:11:42.112   344   361 D automotive.vehicle@2.0-adayo-datacomm-mcu: MCUDatacomm 1sendMessageFromVehicle ---> type = 12 
05-22 07:11:42.113  1026  1026 I MyAppLog: [2026-05-22 07:11:42.113 I tboxap mcuCommTboxmidsRecvCb:96] [Mcu] [mcuCommTboxmidsRecvCb] recv from tboxmids, size:10
05-22 07:11:42.114  1026  1026 I MyAppLog: [2026-05-22 07:11:42.113 I tboxap mcuCommTboxmidsRecvCb:97] [Mcu] [tboxmids -> tboxap]: :00 08 61 01 04 09 30 12 34 56
05-22 06:30:15.854   573   573 D spi_rst_gpio_get_output: GPIO 145 value: 1
05-22 06:30:15.854   573   573 D spidev_ioctl: gpio status=1)
05-22 07:11:42.114  1026  1026 W MyAppLog: [2026-05-22 07:11:42.113 W tboxap mcuYadiFrameParse:831] [Mcu] [mcuYadiFrameParse] cmd:0930(MCU_REMOTE_CTRL_RSP_IND) payload too short:5 < 8
05-22 07:11:42.114  1026  1026 W MyAppLog: [2026-05-22 07:11:42.113 W tboxap mcuPtlParseData:961] [Mcu] [mcuPtlParseData] invalid yadi frame, len:10
05-22 07:11:42.116   544   544 D commservice260303: msg.id = 1028,1
05-22 07:11:42.116   573   573 I SpiService: fgesysctrl_getGPIO_status success val=1
05-22 07:11:42.116   544   544 D commservice260303: i = 170, msgid = 8A000404
05-22 07:11:42.116   544   544 D commservice260303: msgid = -1979710460,did=138
05-22 07:11:42.116   544   544 D commservice260303: CommProtocolLibCmdBaseI2C::dataproc {"command":{"id":"imu_status","sub":""},"content":{"TimeStamp":1779405102116,"FrameCounter":8855,"GD_X":-0.008704167790710926,"GD_Y":0.00801705103367567,"GD_Z":0.01763824187219143,"AD_X":-0.0019448623061180115,"AD_Y":-2.784617245197296E-4,"AD_Z":-0.33274364471435547,"TempDsp":0,"Status":0,"CalibState":1,"SigAmpInvalid":0}},-1979710460
05-22 07:11:42.117   544   544 D commservice260303: send2Cluster len:324, 7B22636F6D6D616E64223A7B226964223A22696D755F737461747573222C22737562223A22227D2C22636F6E74656E74223A7B2254696D655374616D70223A313737393430353130323131362C224672616D65436F756E746572223A383835352C2247445F58223A2D302E3030383730343136373739303731303932362C2247445F59223A302E30303830313730353130333336373536372C2247445F5A223A302E30313736333832343138373231393134332C2241445F58223A2D302E303031393434383632333036313138303131352C2241445F59223A2D322E373834363137323435313937323936452D342C2241445F5A223A2D302E33333237343336343437313433353534372C2254656D70447370223A302C22537461747573223A302C2243616C69625374617465223A312C22536967416D70496E76616C6964223A307D7D, 138 
05-22 07:11:42.117   544   544 D commservice260303: Push Message into SendPool fn=1545797632
05-22 07:11:42.117   544   544 D commservice260303: ComProtocolLibSend2Cluster::send2ClusterRaw fn=1545797632 , len=340
05-22 07:11:42.117   544   544 D commservice260303: sendCmdToPort :340!!!
