05-22 07:11:41.289   344   511 D automotive.vehicle@2.0-adayo-func-bcm: BCMFunc sendMessageFromVehicle_l prop: 0x21400070 ,areaId: 0x0  SPLITE_BIT_DATA_INTEGER : 1
05-22 07:11:41.289   344   511 D automotive.vehicle@2.0-adayo-func-bcm: BCMFunc sendMessageFromVehicle_l id:557842544, area:0 not report! 
05-22 07:11:41.289   344   511 D automotive.vehicle@2.0-adayo-func-bcm: BCMFunc sendMessageFromVehicle_l dataType: 12,mByte=21,propid=0x2160004c
05-22 07:11:41.289   344   511 D automotive.vehicle@2.0-adayo-func-bcm: BCMFunc sendMessageFromVehicle_l msgBuff[21]=0x0,start:0,len:32,temp:8,
05-22 07:11:41.289   344   511 D automotive.vehicle@2.0-adayo-func-bcm: BCMFunc sendMessageFromVehicle_l msgBuff[20]=0x0,start:0,len:24,temp:8,
05-22 07:11:41.289   344   511 D automotive.vehicle@2.0-adayo-func-bcm: BCMFunc sendMessageFromVehicle_l msgBuff[19]=0x0,start:0,len:16,temp:8,
05-22 07:11:41.289   344   511 D automotive.vehicle@2.0-adayo-func-bcm: BCMFunc sendMessageFromVehicle_l msgBuff[18]=0x0,start:0,len:8,temp:8,
05-22 07:11:41.289   344   511 D automotive.vehicle@2.0-adayo-func-bcm: BCMFunc sendMessageFromVehicle_l prop: 0x2160004c , SPLITE_BIT_DATA_INTEGER1 data:0
05-22 07:11:41.289   344   511 D automotive.vehicle@2.0-adayo-func-bcm: BCMFunc sendMessageFromVehicle_l prop: 0x2160004c , SPLITE_BIT_DATA_INTEGER4 procotol.calc[0]:0.100000,procotol.calc[1]:0.000000
05-22 07:11:41.289   573   573 I SpiService: fgesysctrl_getGPIO_status success val=1
05-22 07:11:41.289   344   511 D automotive.vehicle@2.0-adayo-func-bcm: BCMFunc sendMessageFromVehicle_l prop: 0x2160004c ,areaId: 0x0  SPLITE_BIT_DATA_INTEGER : 0.000000,calc[0]:0.100000,calc[1]:0.000000
05-22 07:11:41.289   344   511 D automotive.vehicle@2.0-adayo-func-bcm: BCMFunc sendMessageFromVehicle_l id:559939660, area:0 not report! 
05-22 07:11:41.289   344   511 D automotive.vehicle@2.0-adayo-func-bcm: BCMFunc sendMessageFromVehicle_l dataType: 12,mByte=22,propid=0x21400071
05-22 07:11:41.289   344   511 D automotive.vehicle@2.0-adayo-func-bcm: BCMFunc sendMessageFromVehicle_l msgBuff[22]=0x40,start:0,len:6,temp:6,
05-22 07:11:41.289   344   511 D automotive.vehicle@2.0-adayo-func-bcm: BCMFunc sendMessageFromVehicle_l prop: 0x21400071 ,areaId: 0x0  SPLITE_BIT_DATA_INTEGER : 0
05-22 07:11:41.289   344   511 D automotive.vehicle@2.0-adayo-func-bcm: BCMFunc sendMessageFromVehicle_l id:557842545, area:0 not report! 
05-22 07:11:41.289   344   511 D automotive.vehicle@2.0-adayo-func-bcm: BCMFunc sendMessageFromVehicle_l dataType: 12,mByte=22,propid=0x21400072
05-22 07:11:41.289   344   511 D automotive.vehicle@2.0-adayo-func-bcm: BCMFunc sendMessageFromVehicle_l msgBuff[22]=0x40,start:6,len:2,temp:2,
05-22 07:11:41.289   344   511 D automotive.vehicle@2.0-adayo-func-bcm: BCMFunc sendMessageFromVehicle_l prop: 0x21400072 ,areaId: 0x0  SPLITE_BIT_DATA_INTEGER : 1
05-22 07:11:41.289   344   511 D automotive.vehicle@2.0-adayo-func-bcm: BCMFunc sendMessageFromVehicle_l id:557842546, area:0 not report! 
05-22 07:11:41.289   344   511 D automotive.vehicle@2.0-adayo-func-bcm: BCMFunc sendMessageFromVehicle_l dataType: 12,mByte=24,propid=0x21400050
05-22 07:11:41.289   344   511 D automotive.vehicle@2.0-adayo-func-bcm: BCMFunc sendMessageFromVehicle_l msgBuff[24]=0x0,start:0,len:16,temp:8,
05-22 07:11:41.289   344   511 D automotive.vehicle@2.0-adayo-func-bcm: BCMFunc sendMessageFromVehicle_l msgBuff[23]=0x0,start:0,len:8,temp:8,
05-22 07:11:41.289   344   511 D automotive.vehicle@2.0-adayo-func-bcm: BCMFunc sendMessageFromVehicle_l prop: 0x21400050 ,areaId: 0x0  SPLITE_BIT_DATA_INTEGER : 0
05-22 07:11:41.289   344   511 D automotive.vehicle@2.0-adayo-func-bcm: BCMFunc sendMessageFromVehicle_l id:557842512, area:0 not report! 
05-22 07:11:41.289   344   511 D automotive.vehicle@2.0-adayo-func-bcm: BCMFunc sendMessageFromVehicle_l dataType: 12,mByte=25,propid=0x21400051
05-22 07:11:41.289   344   511 D automotive.vehicle@2.0-adayo-func-bcm: BCMFunc sendMessageFromVehicle_l msgBuff[25]=0x0,start:0,len:8,temp:8,
05-22 07:11:41.289   344   511 D automotive.vehicle@2.0-adayo-func-bcm: BCMFunc sendMessageFromVehicle_l prop: 0x21400051 ,areaId: 0x0  SPLITE_BIT_DATA_INTEGER : 0
05-22 07:11:41.289   344   511 D automotive.vehicle@2.0-adayo-func-bcm: BCMFunc sendMessageFromVehicle_l id:557842513, area:0 not report! 
05-22 07:11:41.289   344   511 D automotive.vehicle@2.0-adayo-func-bcm: BCMFunc sendMessageFromVehicle_l dataType: 12,mByte=26,propid=0x21400052
05-22 07:11:41.290   344   511 D automotive.vehicle@2.0-adayo-func-bcm: BCMFunc sendMessageFromVehicle_l msgBuff[26]=0x0,start:0,len:8,temp:8,
05-22 07:11:41.290   344   511 D automotive.vehicle@2.0-adayo-func-bcm: BCMFunc sendMessageFromVehicle_l prop: 0x21400052 ,areaId: 0x0  SPLITE_BIT_DATA_INTEGER : 0
05-22 07:11:41.290   344   511 D automotive.vehicle@2.0-adayo-func-bcm: BCMFunc sendMessageFromVehicle_l id:557842514, area:0 not report! 
05-22 07:11:41.290   344   511 D automotive.vehicle@2.0-adayo-func-bcm: BCMFunc sendMessageFromVehicle_l dataType: 12,mByte=27,propid=0x21400073
05-22 07:11:41.290   344   511 D automotive.vehicle@2.0-adayo-func-bcm: BCMFunc sendMessageFromVehicle_l msgBuff[27]=0x40,start:0,len:6,temp:6,
05-22 07:11:41.290   344   511 D automotive.vehicle@2.0-adayo-func-bcm: BCMFunc sendMessageFromVehicle_l prop: 0x21400073 ,areaId: 0x0  SPLITE_BIT_DATA_INTEGER : 0
05-22 07:11:41.290   344   511 D automotive.vehicle@2.0-adayo-func-bcm: BCMFunc sendMessageFromVehicle_l id:557842547, area:0 not report! 
05-22 07:11:41.290   344   511 D automotive.vehicle@2.0-adayo-func-bcm: BCMFunc sendMessageFromVehicle_l dataType: 12,mByte=27,propid=0x21400074
05-22 07:11:41.290   344   511 D automotive.vehicle@2.0-adayo-func-bcm: BCMFunc sendMessageFromVehicle_l msgBuff[27]=0x40,start:6,len:2,temp:2,
05-22 07:11:41.290   344   511 D automotive.vehicle@2.0-adayo-func-bcm: BCMFunc sendMessageFromVehicle_l prop: 0x21400074 ,areaId: 0x0  SPLITE_BIT_DATA_INTEGER : 1
05-22 07:11:41.290   344   511 D automotive.vehicle@2.0-adayo-func-bcm: BCMFunc sendMessageFromVehicle_l id:557842548, area:0 not report! 
05-22 07:11:41.290   344   511 D automotive.vehicle@2.0-adayo-func-bcm: BCMFunc sendMessageFromVehicle_l dataType: 12,mByte=29,propid=0x21400053
05-22 07:11:41.290   344   511 D automotive.vehicle@2.0-adayo-func-bcm: BCMFunc sendMessageFromVehicle_l msgBuff[29]=0x0,start:0,len:16,temp:8,
05-22 07:11:41.290   344   511 D automotive.vehicle@2.0-adayo-func-bcm: BCMFunc sendMessageFromVehicle_l msgBuff[28]=0x0,start:0,len:8,temp:8,
05-22 07:11:41.290   344   511 D automotive.vehicle@2.0-adayo-func-bcm: BCMFunc sendMessageFromVehicle_l prop: 0x21400053 ,areaId: 0x0  SPLITE_BIT_DATA_INTEGER : 0
05-22 07:11:41.290   344   511 D automotive.vehicle@2.0-adayo-func-bcm: BCMFunc sendMessageFromVehicle_l id:557842515, area:0 not report! 
05-22 07:11:41.290   344   511 D automotive.vehicle@2.0-adayo-func-bcm: BCMFunc sendMessageFromVehicle_l dataType: 12,mByte=30,propid=0x21400054
05-22 07:11:41.290   344   511 D automotive.vehicle@2.0-adayo-func-bcm: BCMFunc sendMessageFromVehicle_l msgBuff[30]=0x0,start:0,len:8,temp:8,
05-22 07:11:41.290   344   511 D automotive.vehicle@2.0-adayo-func-bcm: BCMFunc sendMessageFromVehicle_l prop: 0x21400054 ,areaId: 0x0  SPLITE_BIT_DATA_INTEGER : 0
05-22 07:11:41.290   344   511 D automotive.vehicle@2.0-adayo-func-bcm: BCMFunc sendMessageFromVehicle_l id:557842516, area:0 not report! 
05-22 07:11:41.290   344   511 D automotive.vehicle@2.0-adayo-func-bcm: BCMFunc sendMessageFromVehicle_l dataType: 12,mByte=31,propid=0x21400055
05-22 07:11:41.290   344   511 D automotive.vehicle@2.0-adayo-func-bcm: BCMFunc sendMessageFromVehicle_l msgBuff[31]=0x0,start:0,len:8,temp:8,
05-22 07:11:41.290   344   511 D automotive.vehicle@2.0-adayo-func-bcm: BCMFunc sendMessageFromVehicle_l prop: 0x21400055 ,areaId: 0x0  SPLITE_BIT_DATA_INTEGER : 0
05-22 07:11:41.290   344   511 D automotive.vehicle@2.0-adayo-func-bcm: BCMFunc sendMessageFromVehicle_l id:557842517, area:0 not report! 
05-22 07:11:41.290   344   511 D automotive.vehicle@2.0-adayo-func-bcm: BCMFunc sendMessageFromVehicle_l dataType: 12,mByte=32,propid=0x21400075
05-22 07:11:41.290   344   511 D automotive.vehicle@2.0-adayo-func-bcm: BCMFunc sendMessageFromVehicle_l msgBuff[32]=0x40,start:0,len:6,temp:6,
05-22 07:11:41.290   344   511 D automotive.vehicle@2.0-adayo-func-bcm: BCMFunc sendMessageFromVehicle_l prop: 0x21400075 ,areaId: 0x0  SPLITE_BIT_DATA_INTEGER : 0
05-22 07:11:41.290   344   511 D automotive.vehicle@2.0-adayo-func-bcm: BCMFunc sendMessageFromVehicle_l id:557842549, area:0 not report! 
05-22 07:11:41.290   344   511 D automotive.vehicle@2.0-adayo-func-bcm: BCMFunc sendMessageFromVehicle_l dataType: 12,mByte=32,propid=0x21400076
05-22 07:11:41.290   344   511 D automotive.vehicle@2.0-adayo-func-bcm: BCMFunc sendMessageFromVehicle_l msgBuff[32]=0x40,start:6,len:2,temp:2,
05-22 06:30:15.041   573   573 D spi_rst_gpio_get_output: GPIO 145 value: 1
05-22 06:30:15.041   573   573 D spidev_ioctl: gpio status=1)
05-22 07:11:41.290   344   511 D automotive.vehicle@2.0-adayo-func-bcm: BCMFunc sendMessageFromVehicle_l prop: 0x21400076 ,areaId: 0x0  SPLITE_BIT_DATA_INTEGER : 1
05-22 07:11:41.290   344   511 D automotive.vehicle@2.0-adayo-func-bcm: BCMFunc sendMessageFromVehicle_l id:557842550, area:0 not report! 
05-22 07:11:41.290   344   511 D automotive.vehicle@2.0-adayo-func-bcm: BCMFunc sendMessageFromVehicle_l dataType: 12,mByte=34,propid=0x2140004b
05-22 07:11:41.290   344   511 D automotive.vehicle@2.0-adayo-func-bcm: BCMFunc sendMessageFromVehicle_l msgBuff[34]=0x0,start:0,len:16,temp:8,
05-22 07:11:41.290   344   511 D automotive.vehicle@2.0-adayo-func-bcm: BCMFunc sendMessageFromVehicle_l msgBuff[33]=0x0,start:0,len:8,temp:8,
05-22 07:11:41.290   344   511 D automotive.vehicle@2.0-adayo-func-bcm: BCMFunc sendMessageFromVehicle_l prop: 0x2140004b ,areaId: 0x0  SPLITE_BIT_DATA_INTEGER : 0
05-22 07:11:41.290   344   511 D automotive.vehicle@2.0-adayo-func-bcm: BCMFunc sendMessageFromVehicle_l id:557842507, area:0 not report! 
05-22 07:11:41.290   344   511 D automotive.vehicle@2.0-adayo-func-bcm: BCMFunc sendMessageFromVehicle_l dataType: 12,mByte=35,propid=0x21400077
05-22 07:11:41.290   344   511 D automotive.vehicle@2.0-adayo-func-bcm: BCMFunc sendMessageFromVehicle_l msgBuff[35]=0x40,start:0,len:6,temp:6,
05-22 07:11:41.290   344   511 D automotive.vehicle@2.0-adayo-func-bcm: BCMFunc sendMessageFromVehicle_l prop: 0x21400077 ,areaId: 0x0  SPLITE_BIT_DATA_INTEGER : 0
05-22 07:11:41.290   344   511 D automotive.vehicle@2.0-adayo-func-bcm: BCMFunc sendMessageFromVehicle_l id:557842551, area:0 not report! 
05-22 07:11:41.290   344   511 D automotive.vehicle@2.0-adayo-func-bcm: BCMFunc sendMessageFromVehicle_l dataType: 12,mByte=35,propid=0x21400078
05-22 07:11:41.290   344   511 D automotive.vehicle@2.0-adayo-func-bcm: BCMFunc sendMessageFromVehicle_l msgBuff[35]=0x40,start:6,len:2,temp:2,
05-22 07:11:41.290   344   511 D automotive.vehicle@2.0-adayo-func-bcm: BCMFunc sendMessageFromVehicle_l prop: 0x21400078 ,areaId: 0x0  SPLITE_BIT_DATA_INTEGER : 1
05-22 07:11:41.290   344   511 D automotive.vehicle@2.0-adayo-func-bcm: BCMFunc sendMessageFromVehicle_l id:557842552, area:0 not report! 
05-22 07:11:41.290   344   511 D automotive.vehicle@2.0-adayo-func-bcm: BCMFunc sendMessageFromVehicle_l dataType: 12,mByte=37,propid=0x2140004c
05-22 07:11:41.290   344   511 D automotive.vehicle@2.0-adayo-func-bcm: BCMFunc sendMessageFromVehicle_l msgBuff[37]=0x0,start:0,len:16,temp:8,
05-22 07:11:41.290   344   511 D automotive.vehicle@2.0-adayo-func-bcm: BCMFunc sendMessageFromVehicle_l msgBuff[36]=0x0,start:0,len:8,temp:8,
05-22 07:11:41.290   344   511 D automotive.vehicle@2.0-adayo-func-bcm: BCMFunc sendMessageFromVehicle_l prop: 0x2140004c ,areaId: 0x0  SPLITE_BIT_DATA_INTEGER : 0
05-22 07:11:41.291   344   511 D automotive.vehicle@2.0-adayo-func-bcm: BCMFunc sendMessageFromVehicle_l id:557842508, area:0 not report! 
05-22 07:11:41.291   344   511 D automotive.vehicle@2.0-adayo-func-bcm: BCMFunc sendMessageFromVehicle_l dataType: 12,mByte=38,propid=0x2140009b
05-22 07:11:41.291   344   511 D automotive.vehicle@2.0-adayo-func-bcm: BCMFunc sendMessageFromVehicle_l msgBuff[38]=0x0,start:0,len:8,temp:8,
05-22 07:11:41.291   344   511 D automotive.vehicle@2.0-adayo-func-bcm: BCMFunc sendMessageFromVehicle_l prop: 0x2140009b ,areaId: 0x0  SPLITE_BIT_DATA_INTEGER : 0
05-22 07:11:41.291   344   511 D automotive.vehicle@2.0-adayo-func-bcm: BCMFunc sendMessageFromVehicle_l id:557842587, area:0 not report! 
05-22 07:11:41.291   344   511 D automotive.vehicle@2.0-adayo-func-bcm: BCMFunc sendMessageFromVehicle_l dataType: 12,mByte=39,propid=0x2140009c
05-22 07:11:41.291   344   511 D automotive.vehicle@2.0-adayo-func-bcm: BCMFunc sendMessageFromVehicle_l msgBuff[39]=0x0,start:0,len:8,temp:8,
05-22 07:11:41.291   344   511 D automotive.vehicle@2.0-adayo-func-bcm: BCMFunc sendMessageFromVehicle_l prop: 0x2140009c ,areaId: 0x0  SPLITE_BIT_DATA_INTEGER : 0
05-22 07:11:41.291   344   511 D automotive.vehicle@2.0-adayo-func-bcm: BCMFunc sendMessageFromVehicle_l id:557842588, area:0 not report! 
05-22 07:11:41.291   344   511 D automotive.vehicle@2.0-adayo-func-bcm: BCMFunc sendMessageFromVehicle_l dataType: 12,mByte=40,propid=0x2140009d
05-22 07:11:41.291   344   511 D automotive.vehicle@2.0-adayo-func-bcm: BCMFunc sendMessageFromVehicle_l msgBuff[40]=0x0,start:0,len:8,temp:8,
05-22 07:11:41.291   344   511 D automotive.vehicle@2.0-adayo-func-bcm: BCMFunc sendMessageFromVehicle_l prop: 0x2140009d ,areaId: 0x0  SPLITE_BIT_DATA_INTEGER : 0
05-22 07:11:41.291   344   511 D automotive.vehicle@2.0-adayo-func-bcm: BCMFunc sendMessageFromVehicle_l id:557842589, area:0 not report! 
05-22 07:11:41.291   344   511 D automotive.vehicle@2.0-adayo-func-bcm: BCMFunc sendMessageFromVehicle_l dataType: 12,mByte=41,propid=0x2140009e
05-22 07:11:41.291   344   511 D automotive.vehicle@2.0-adayo-func-bcm: BCMFunc sendMessageFromVehicle_l msgBuff[41]=0x0,start:0,len:8,temp:8,
05-22 07:11:41.291   344   511 D automotive.vehicle@2.0-adayo-func-bcm: BCMFunc sendMessageFromVehicle_l prop: 0x2140009e ,areaId: 0x0  SPLITE_BIT_DATA_INTEGER : 0
05-22 07:11:41.291   344   511 D automotive.vehicle@2.0-adayo-func-bcm: BCMFunc sendMessageFromVehicle_l id:557842590, area:0 not report! 
05-22 07:11:41.291   344   511 D automotive.vehicle@2.0-adayo-func-bcm: BCMFunc sendMessageFromVehicle_l dataType: 12,mByte=43,propid=0x2160009f
05-22 07:11:41.291   344   511 D automotive.vehicle@2.0-adayo-func-bcm: BCMFunc sendMessageFromVehicle_l msgBuff[43]=0x0,start:0,len:16,temp:8,
05-22 07:11:41.291   344   511 D automotive.vehicle@2.0-adayo-func-bcm: BCMFunc sendMessageFromVehicle_l msgBuff[42]=0x0,start:0,len:8,temp:8,
05-22 07:11:41.291   344   511 D automotive.vehicle@2.0-adayo-func-bcm: BCMFunc sendMessageFromVehicle_l prop: 0x2160009f , SPLITE_BIT_DATA_INTEGER1 data:0
05-22 07:11:41.291   344   511 D automotive.vehicle@2.0-adayo-func-bcm: BCMFunc sendMessageFromVehicle_l prop: 0x2160009f , SPLITE_BIT_DATA_INTEGER4 procotol.calc[0]:0.100000,procotol.calc[1]:0.000000
05-22 07:11:41.291   344   511 D automotive.vehicle@2.0-adayo-func-bcm: BCMFunc sendMessageFromVehicle_l prop: 0x2160009f ,areaId: 0x0  SPLITE_BIT_DATA_INTEGER : 0.000000,calc[0]:0.100000,calc[1]:0.000000
05-22 07:11:41.291   344   511 D automotive.vehicle@2.0-adayo-func-bcm: BCMFunc sendMessageFromVehicle_l id:559939743, area:0 not report! 
05-22 07:11:41.291   344   511 D automotive.vehicle@2.0-adayo-func-bcm: BCMFunc sendMessageFromVehicle_l dataType: 12,mByte=45,propid=0x216000f3
05-22 07:11:41.291   344   511 D automotive.vehicle@2.0-adayo-func-bcm: BCMFunc sendMessageFromVehicle_l msgBuff[45]=0x0,start:0,len:16,temp:8,
05-22 07:11:41.291   344   511 D automotive.vehicle@2.0-adayo-func-bcm: BCMFunc sendMessageFromVehicle_l msgBuff[44]=0x0,start:0,len:8,temp:8,
05-22 07:11:41.291   344   511 D automotive.vehicle@2.0-adayo-func-bcm: BCMFunc sendMessageFromVehicle_l prop: 0x216000f3 , SPLITE_BIT_DATA_INTEGER1 data:0
05-22 07:11:41.291   344   511 D automotive.vehicle@2.0-adayo-func-bcm: BCMFunc sendMessageFromVehicle_l prop: 0x216000f3 , SPLITE_BIT_DATA_INTEGER4 procotol.calc[0]:0.100000,procotol.calc[1]:0.000000
05-22 07:11:41.291   344   511 D automotive.vehicle@2.0-adayo-func-bcm: BCMFunc sendMessageFromVehicle_l prop: 0x216000f3 ,areaId: 0x0  SPLITE_BIT_DATA_INTEGER : 0.000000,calc[0]:0.100000,calc[1]:0.000000
05-22 07:11:41.291   344   511 D automotive.vehicle@2.0-adayo-func-bcm: BCMFunc sendMessageFromVehicle_l id:559939827, area:0 not report! 
05-22 07:11:41.291   344   511 D automotive.vehicle@2.0-adayo-func-bcm: BCMFunc sendMessageFromVehicle_l dataType: 12,mByte=47,propid=0x214000f4
05-22 07:11:41.291   344   511 D automotive.vehicle@2.0-adayo-func-bcm: BCMFunc sendMessageFromVehicle_l msgBuff[47]=0x0,start:0,len:16,temp:8,
05-22 07:11:41.291   344   511 D automotive.vehicle@2.0-adayo-func-bcm: BCMFunc sendMessageFromVehicle_l msgBuff[46]=0x0,start:0,len:8,temp:8,
05-22 07:11:41.291   344   511 D automotive.vehicle@2.0-adayo-func-bcm: BCMFunc sendMessageFromVehicle_l prop: 0x214000f4 ,areaId: 0x0  SPLITE_BIT_DATA_INTEGER : 0
05-22 07:11:41.291   344   511 D automotive.vehicle@2.0-adayo-func-bcm: BCMFunc sendMessageFromVehicle_l id:557842676, area:0 not report! 
05-22 07:11:41.291   344   511 D automotive.vehicle@2.0-adayo-func-bcm: BCMFunc sendMessageFromVehicle_l dataType: 12,mByte=48,propid=0x214000fe
05-22 07:11:41.291   344   511 D automotive.vehicle@2.0-adayo-func-bcm: BCMFunc sendMessageFromVehicle_l msgBuff[48]=0x0,start:0,len:8,temp:8,
05-22 07:11:41.291   344   511 D automotive.vehicle@2.0-adayo-func-bcm: BCMFunc sendMessageFromVehicle_l prop: 0x214000fe ,areaId: 0x0  SPLITE_BIT_DATA_INTEGER : 0
05-22 07:11:41.291   344   511 D automotive.vehicle@2.0-adayo-func-bcm: BCMFunc sendMessageFromVehicle_l id:557842686, area:0 not report! 
05-22 07:11:41.291   344   511 D automotive.vehicle@2.0-adayo-func-bcm: BCMFunc sendMessageFromVehicle_l dataType: 12,mByte=49,propid=0x21400100
05-22 07:11:41.291   344   511 D automotive.vehicle@2.0-adayo-func-bcm: BCMFunc sendMessageFromVehicle_l msgBuff[49]=0x0,start:0,len:8,temp:8,
05-22 07:11:41.291   344   511 D automotive.vehicle@2.0-adayo-func-bcm: BCMFunc sendMessageFromVehicle_l prop: 0x21400100 ,areaId: 0x0  SPLITE_BIT_DATA_INTEGER : 0
05-22 07:11:41.291   344   511 D automotive.vehicle@2.0-adayo-func-bcm: BCMFunc sendMessageFromVehicle_l id:557842688, area:0 not report! 
05-22 07:11:41.291   344   511 D automotive.vehicle@2.0-adayo-func-bcm: BCMFunc sendMessageFromVehicle_l dataType: 12,mByte=50,propid=0x214000fa
05-22 07:11:41.291   344   511 D automotive.vehicle@2.0-adayo-func-bcm: BCMFunc sendMessageFromVehicle_l msgBuff[50]=0x0,start:0,len:8,temp:8,
05-22 07:11:41.291   344   511 D automotive.vehicle@2.0-adayo-func-bcm: BCMFunc sendMessageFromVehicle_l prop: 0x214000fa ,areaId: 0x0  SPLITE_BIT_DATA_INTEGER : 0
05-22 07:11:41.291   344   511 D automotive.vehicle@2.0-adayo-func-bcm: BCMFunc sendMessageFromVehicle_l id:557842682, area:0 not report! 
05-22 07:11:41.292   344   511 D automotive.vehicle@2.0-adayo-func-bcm: BCMFunc sendMessageFromVehicle_l dataType: 12,mByte=51,propid=0x214000fb
05-22 07:11:41.292   344   511 D automotive.vehicle@2.0-adayo-func-bcm: BCMFunc sendMessageFromVehicle_l msgBuff[51]=0x0,start:0,len:8,temp:8,
05-22 07:11:41.292   344   511 D automotive.vehicle@2.0-adayo-func-bcm: BCMFunc sendMessageFromVehicle_l prop: 0x214000fb ,areaId: 0x0  SPLITE_BIT_DATA_INTEGER : 0
05-22 07:11:41.292   344   511 D automotive.vehicle@2.0-adayo-func-bcm: BCMFunc sendMessageFromVehicle_l id:557842683, area:0 not report! 
05-22 07:11:41.292   344   511 D automotive.vehicle@2.0-adayo-func-bcm: BCMFunc sendMessageFromVehicle_l dataType: 12,mByte=52,propid=0x214000fc
05-22 07:11:41.292   344   511 D automotive.vehicle@2.0-adayo-func-bcm: BCMFunc sendMessageFromVehicle_l msgBuff[52]=0x0,start:0,len:8,temp:8,
05-22 07:11:41.292   344   511 D automotive.vehicle@2.0-adayo-func-bcm: BCMFunc sendMessageFromVehicle_l prop: 0x214000fc ,areaId: 0x0  SPLITE_BIT_DATA_INTEGER : 0
05-22 07:11:41.292   344   511 D automotive.vehicle@2.0-adayo-func-bcm: BCMFunc sendMessageFromVehicle_l id:557842684, area:0 not report! 
05-22 07:11:41.292   344   511 D automotive.vehicle@2.0-adayo-func-bcm: BCMFunc sendMessageFromVehicle_l dataType: 12,mByte=53,propid=0x21400106
05-22 07:11:41.292   344   511 D automotive.vehicle@2.0-adayo-func-bcm: BCMFunc sendMessageFromVehicle_l msgBuff[53]=0x1,start:0,len:8,temp:8,
05-22 07:11:41.292   344   511 D automotive.vehicle@2.0-adayo-func-bcm: BCMFunc sendMessageFromVehicle_l prop: 0x21400106 ,areaId: 0x0  SPLITE_BIT_DATA_INTEGER : 1
05-22 07:11:41.292   344   511 D automotive.vehicle@2.0-adayo-func-bcm: BCMFunc sendMessageFromVehicle_l id:557842694, area:0 not report! 
05-22 07:11:41.293   291  1491 D EvsDriver: forwardFrame
05-22 07:11:41.294   291  1491 D EvsDriver: Delivered 0xb400007b2f47ca30 as id 0
05-22 07:11:41.294  1137  1137 D evsmanagerd: /dev/video4 forwarded the buffer #0 to 0xb4000071fa019690 from 0xb4000071fa01b7d0
05-22 07:11:41.296   276   300 I rvcservice: t.code = 1, t.value = -112240
05-22 07:11:41.297   573   573 I SpiService: fgesysctrl_getGPIO_status success val=1
05-22 07:11:41.298   291  1135 D EvsDriver: doneWithFrame
05-22 07:11:41.301   964  1804 D [OMXB]  : usingANWBuffer: handle:0xebd43710, format:1, w:1920, h:1080
05-22 07:11:41.302   565   565 I Sensors : 230 AccelSensor: x:-0.108580,y:0.010370,z:-10.136980
05-22 07:11:41.303   573   573 I SpiService: fgesysctrl_getGPIO_status success val=1
05-22 07:11:41.303  2981  3177 I SentryImuMcuAngleSender: 179.94139rollDeg
05-22 07:11:41.303  2981  3177 I SentryImuMcuAngleSender: 1,0,0
05-22 07:11:41.304   544   544 D commservice260303: msg.id = 1028,0
05-22 07:11:41.305   544   544 D commservice260303: i = 170, msgid = 8A000404
05-22 07:11:41.305   544   544 D commservice260303: msgid = -1979710460,did=138
05-22 07:11:41.305   544   544 D commservice260303: CommProtocolLibCmdBaseI2C::dataproc {"command":{"id":"imu_status","sub":""},"content":{"TimeStamp":1779405101304,"FrameCounter":8835,"GD_X":-0.008857090957462788,"GD_Y":0.008398840203881264,"GD_Z":0.01763824187219143,"AD_X":-0.001943439245223999,"AD_Y":-0.0020773354917764664,"AD_Z":-0.3309144973754883,"TempDsp":0,"Status":0,"CalibState":1,"SigAmpInvalid":0}},-1979710460
05-22 07:11:41.305   544   544 D commservice260303: send2Cluster len:324, 7B22636F6D6D616E64223A7B226964223A22696D755F737461747573222C22737562223A22227D2C22636F6E74656E74223A7B2254696D655374616D70223A313737393430353130313330342C224672616D65436F756E746572223A383833352C2247445F58223A2D302E3030383835373039303935373436323738382C2247445F59223A302E3030383339383834303230333838313236342C2247445F5A223A302E30313736333832343138373231393134332C2241445F58223A2D302E3030313934333433393234353232333939392C2241445F59223A2D302E303032303737333335343931373736343636342C2241445F5A223A2D302E333330393134343937333735343838332C2254656D70447370223A302C22537461747573223A302C2243616C69625374617465223A312C22536967416D70496E76616C6964223A307D7D, 138 
05-22 07:11:41.305   544   544 D commservice260303: Push Message into SendPool fn=1193476096
05-22 07:11:41.305   544   544 D commservice260303: ComProtocolLibSend2Cluster::send2ClusterRaw fn=1193476096 , len=340
05-22 07:11:41.305   544   544 D commservice260303: sendCmdToPort :340!!!
05-22 07:11:41.305   544   544 D commservice260303: send Cmd To Port ++++5AA501508A01000023476A0F912D7B22636F6D6D616E64223A7B226964223A22696D755F737461747573222C22737562223A22227D2C22636F6E74656E74223A7B2254696D655374616D70223A313737393430353130313330342C224672616D65436F756E746572223A383833352C2247445F58223A2D302E3030383835373039303935373436323738382C2247445F59223A302E3030383339383834303230333838313236342C2247445F5A223A302E30313736333832343138373231393134332C2241445F58223A2D302E3030313934333433393234353232333939392C2241445F59223A2D302E303032303737333335343931373736343636342C2241445F5A223A2D302E333330393134343937333735343838332C2254656D70447370223A302C22537461747573223A302C2243616C69625374617465223A312C22536967416D70496E76616C6964223A307D7D60C6
05-22 07:11:41.305   544   544 D commservice260303: bufferevent_write retrun value = 0
05-22 07:11:41.305   544   567 D commservice260303: client datas send succeed,send finish
05-22 07:11:41.306  2981  3178 D Sentinelmode_1.2.5.13_alpha: <SentryImuClusterFgeSender>imu_status sent to Linux, frame=8835, tsNs=386284, tsMs=1779405101304, intervalMs=40, ad=(-0.0019434392,-0.0020773355,-0.3309145), gd=(-0.008857091,0.00839884,0.017638242)
05-22 06:30:15.046   573   573 D spi_rst_gpio_get_output: GPIO 145 value: 1
05-22 06:30:15.046   573   573 D spidev_ioctl: gpio status=1)
05-22 06:30:15.051   573   573 D spi_rst_gpio_get_output: GPIO 145 value: 1
05-22 06:30:15.051   573   573 D spidev_ioctl: gpio status=1)
05-22 06:30:15.057   573   573 D spi_rst_gpio_get_output: GPIO 145 value: 0
05-22 06:30:15.057   573   573 D spidev_ioctl: gpio status=0)
05-22 07:11:41.308   573   573 I SpiService: fgesysctrl_getGPIO_status success val=1
05-22 07:11:41.313   573   573 I SpiService: fgesysctrl_getGPIO_status success val=0
05-22 07:11:41.314   486   579 I mcuc    : send SPI:6AA602079F00028900CD
05-22 07:11:41.323  2981  3177 I SentryImuMcuAngleSender: 179.92415rollDeg
05-22 07:11:41.323  2981  3177 I SentryImuMcuAngleSender: 1,0,0
05-22 07:11:41.326   291  1491 D EvsDriver: forwardFrame
05-22 07:11:41.328   291  1491 D EvsDriver: Delivered 0xb400007b2f47ca30 as id 0
05-22 06:30:15.072   573   573 D spi_rst_gpio_get_output: GPIO 145 value: 1
05-22 06:30:15.072   573   573 D spidev_ioctl: gpio status=1)
05-22 07:11:41.328  1137  1137 D evsmanagerd: /dev/video4 forwarded the buffer #0 to 0xb4000071fa019690 from 0xb4000071fa01b7d0
05-22 07:11:41.328   573   573 I SpiService: fgesysctrl_getGPIO_status success val=1
05-22 07:11:41.329   477  1243 I dvr_service_: [myNum:0][onFrameReceived] Received Surface:1 0
05-22 07:11:41.329   291  1135 D EvsDriver: doneWithFrame
05-22 07:11:41.331  1026  1026 D MyAppLog: [2026-05-22 07:11:41.330 D tboxap gpsMcuDataAnalyze:471] [Gps] [gpsMcuDataAnalyze]:$GNRMC,231141.000,V,,,,,,,210526,120.0,E,N,V*47
05-22 07:11:41.331  1026  1026 D MyAppLog: 
05-22 07:11:41.331  1026  1026 D MyAppLog: [2026-05-22 07:11:41.330 D tboxap gpsMcuDataAnalyze:556] [Gps] stGps.stat:0, latitude:0 , longtitude:0,sped:0,direction:0
05-22 07:11:41.334   573   573 I SpiService: fgesysctrl_getGPIO_status success val=1
05-22 06:30:15.077   573   573 D spi_rst_gpio_get_output: GPIO 145 value: 1
05-22 07:11:41.338   565   599 I Sensors : 230 GyroSensor: x:-0.009239,y:0.007635,z:0.017409
05-22 06:30:15.077   573   573 D spidev_ioctl: gpio status=1)
05-22 07:11:41.339   573   573 I SpiService: fgesysctrl_getGPIO_status success val=1
05-22 06:30:15.082   573   573 D spi_rst_gpio_get_output: GPIO 145 value: 1
05-22 06:30:15.082   573   573 D spidev_ioctl: gpio status=1)
05-22 07:11:41.344  2981  3177 I SentryImuMcuAngleSender: 179.91035rollDeg
05-22 07:11:41.344  2981  3177 I SentryImuMcuAngleSender: 1,0,0
05-22 07:11:41.344   573   573 I SpiService: fgesysctrl_getGPIO_status success val=1
05-22 07:11:41.345   544   544 D commservice260303: msg.id = 1028,1
05-22 07:11:41.345   544   544 D commservice260303: i = 170, msgid = 8A000404
05-22 07:11:41.345   544   544 D commservice260303: msgid = -1979710460,did=138
05-22 07:11:41.345   544   544 D commservice260303: CommProtocolLibCmdBaseI2C::dataproc {"command":{"id":"imu_status","sub":""},"content":{"TimeStamp":1779405101344,"FrameCounter":8836,"GD_X":-0.00923888012766838,"GD_Y":0.007634742185473442,"GD_Z":0.017408855259418488,"AD_X":-0.0019454732537269592,"AD_Y":0.003410300239920616,"AD_Z":-0.3296947479248047,"TempDsp":0,"Status":0,"CalibState":1,"SigAmpInvalid":0}},-1979710460
05-22 07:11:41.345   544   544 D commservice260303: send2Cluster len:323, 7B22636F6D6D616E64223A7B226964223A22696D755F737461747573222C22737562223A22227D2C22636F6E74656E74223A7B2254696D655374616D70223A313737393430353130313334342C224672616D65436F756E746572223A383833362C2247445F58223A2D302E30303932333838383031323736363833382C2247445F59223A302E3030373633343734323138353437333434322C2247445F5A223A302E3031373430383835353235393431383438382C2241445F58223A2D302E303031393435343733323533373236393539322C2241445F59223A302E3030333431303330303233393932303631362C2241445F5A223A2D302E333239363934373437393234383034372C2254656D70447370223A302C22537461747573223A302C2243616C69625374617465223A312C22536967416D70496E76616C6964223A307D7D, 138 
05-22 07:11:41.345   544   544 D commservice260303: Push Message into SendPool fn=1210253312
05-22 07:11:41.346   544   544 D commservice260303: ComProtocolLibSend2Cluster::send2ClusterRaw fn=1210253312 , len=339
05-22 07:11:41.346   544   544 D commservice260303: sendCmdToPort :339!!!
05-22 07:11:41.346   544   544 D commservice260303: send Cmd To Port ++++5AA5014F8A01000023486A0F912D7B22636F6D6D616E64223A7B226964223A22696D755F737461747573222C22737562223A22227D2C22636F6E74656E74223A7B2254696D655374616D70223A313737393430353130313334342C224672616D65436F756E746572223A383833362C2247445F58223A2D302E30303932333838383031323736363833382C2247445F59223A302E3030373633343734323138353437333434322C2247445F5A223A302E3031373430383835353235393431383438382C2241445F58223A2D302E303031393435343733323533373236393539322C2241445F59223A302E3030333431303330303233393932303631362C2241445F5A223A2D302E333239363934373437393234383034372C2254656D70447370223A302C22537461747573223A302C2243616C69625374617465223A312C22536967416D70496E76616C6964223A307D7D31D3
05-22 07:11:41.346   544   544 D commservice260303: bufferevent_write retrun value = 0
05-22 07:11:41.346   544   567 D commservice260303: client datas send succeed,send finish
05-22 07:11:41.346  2981  3178 D Sentinelmode_1.2.5.13_alpha: <SentryImuClusterFgeSender>imu_status sent to Linux, frame=8836, tsNs=386320, tsMs=1779405101344, intervalMs=40, ad=(-0.0019454733,0.0034103002,-0.32969475), gd=(-0.00923888,0.007634742,0.017408855)
05-22 06:30:15.088   573   573 D spi_rst_gpio_get_output: GPIO 145 value: 1
05-22 06:30:15.088   573   573 D spidev_ioctl: gpio status=1)
05-22 07:11:41.350   573   573 I SpiService: fgesysctrl_getGPIO_status success val=1
05-22 07:11:41.351   291  1491 D EvsDriver: forwardFrame
05-22 07:11:41.351   291  1491 D EvsDriver: Delivered 0xb400007b2f47ca30 as id 0
05-22 07:11:41.352  1137  1137 D evsmanagerd: /dev/video4 forwarded the buffer #0 to 0xb4000071fa019690 from 0xb4000071fa01b7d0
05-22 06:30:15.093   573   573 D spi_rst_gpio_get_output: GPIO 145 value: 1
05-22 06:30:15.093   573   573 D spidev_ioctl: gpio status=1)
05-22 07:11:41.354   291  1135 D EvsDriver: doneWithFrame
05-22 07:11:41.355   964  1804 D [OMXB]  : usingANWBuffer: handle:0xebd449a0, format:1, w:1920, h:1080
05-22 07:11:41.356   573   573 I SpiService: fgesysctrl_getGPIO_status success val=0
05-22 06:30:15.099   573   573 D spi_rst_gpio_get_output: GPIO 145 value: 0
05-22 06:30:15.099   573   573 D spidev_ioctl: gpio status=0)
05-22 07:11:41.365  2981  3177 I SentryImuMcuAngleSender: 179.91724rollDeg
05-22 07:11:41.365  2981  3177 I SentryImuMcuAngleSender: 1,0,0
05-22 07:11:41.373   573   573 I SpiService: fgesysctrl_getGPIO_status success val=1
05-22 06:30:15.116   573   573 D spi_rst_gpio_get_output: GPIO 145 value: 1
05-22 06:30:15.116   573   573 D spidev_ioctl: gpio status=1)
05-22 07:11:41.378   573   573 I SpiService: fgesysctrl_getGPIO_status success val=1
05-22 06:30:15.122   573   573 D spi_rst_gpio_get_output: GPIO 145 value: 1
05-22 06:30:15.122   573   573 D spidev_ioctl: gpio status=1)
05-22 07:11:41.383   573   573 I SpiService: fgesysctrl_getGPIO_status success val=1
05-22 07:11:41.384   291  1491 D EvsDriver: forwardFrame
05-22 07:11:41.385   291  1491 D EvsDriver: Delivered 0xb400007b2f47ca30 as id 0
05-22 07:11:41.385  1137  1137 D evsmanagerd: /dev/video4 forwarded the buffer #0 to 0xb4000071fa019690 from 0xb4000071fa01b7d0
05-22 07:11:41.385   544   544 D commservice260303: msg.id = 1028,1
05-22 07:11:41.385   544   544 D commservice260303: i = 170, msgid = 8A000404
05-22 07:11:41.385   544   544 D commservice260303: msgid = -1979710460,did=138
05-22 07:11:41.385  2981  3177 I SentryImuMcuAngleSender: 179.93446rollDeg
05-22 07:11:41.385   544   544 D commservice260303: CommProtocolLibCmdBaseI2C::dataproc {"command":{"id":"imu_status","sub":""},"content":{"TimeStamp":1779405101384,"FrameCounter":8837,"GD_X":-0.008781149983406067,"GD_Y":0.007558800280094147,"GD_Z":0.018020030111074448,"AD_X":-7.304325699806213E-4,"AD_Y":-8.593583479523659E-4,"AD_Z":-0.3260354995727539,"TempDsp":0,"Status":0,"CalibState":1,"SigAmpInvalid":0}},-1979710460
05-22 07:11:41.385  2981  3177 I SentryImuMcuAngleSender: 1,0,0
05-22 07:11:41.385   544   544 D commservice260303: send2Cluster len:324, 7B22636F6D6D616E64223A7B226964223A22696D755F737461747573222C22737562223A22227D2C22636F6E74656E74223A7B2254696D655374616D70223A313737393430353130313338342C224672616D65436F756E746572223A383833372C2247445F58223A2D302E3030383738313134393938333430363036372C2247445F59223A302E3030373535383830303238303039343134372C2247445F5A223A302E3031383032303033303131313037343434382C2241445F58223A2D372E333034333235363939383036323133452D342C2241445F59223A2D382E353933353833343739353233363539452D342C2241445F5A223A2D302E333236303335343939353732373533392C2254656D70447370223A302C22537461747573223A302C2243616C69625374617465223A312C22536967416D70496E76616C6964223A307D7D, 138 
05-22 07:11:41.385   544   544 D commservice260303: Push Message into SendPool fn=1227030528
05-22 07:11:41.385   544   544 D commservice260303: ComProtocolLibSend2Cluster::send2ClusterRaw fn=1227030528 , len=340
05-22 07:11:41.385   544   544 D commservice260303: sendCmdToPort :340!!!
05-22 07:11:41.386   544   544 D commservice260303: send Cmd To Port ++++5AA501508A01000023496A0F912D7B22636F6D6D616E64223A7B226964223A22696D755F737461747573222C22737562223A22227D2C22636F6E74656E74223A7B2254696D655374616D70223A313737393430353130313338342C224672616D65436F756E746572223A383833372C2247445F58223A2D302E3030383738313134393938333430363036372C2247445F59223A302E3030373535383830303238303039343134372C2247445F5A223A302E3031383032303033303131313037343434382C2241445F58223A2D372E333034333235363939383036323133452D342C2241445F59223A2D382E353933353833343739353233363539452D342C2241445F5A223A2D302E333236303335343939353732373533392C2254656D70447370223A302C22537461747573223A302C2243616C69625374617465223A312C22536967416D70496E76616C6964223A307D7DEC7B
05-22 07:11:41.386   544   544 D commservice260303: bufferevent_write retrun value = 0
05-22 06:30:15.127   573   573 D spi_rst_gpio_get_output: GPIO 145 value: 1
05-22 06:30:15.127   573   573 D spidev_ioctl: gpio status=1)
05-22 07:11:41.386   544   567 D commservice260303: client datas send succeed,send finish
05-22 07:11:41.387  2981  3178 D Sentinelmode_1.2.5.13_alpha: <SentryImuClusterFgeSender>imu_status sent to Linux, frame=8837, tsNs=386356, tsMs=1779405101384, intervalMs=40, ad=(-7.3043257E-4,-8.5935835E-4,-0.3260355), gd=(-0.00878115,0.0075588003,0.01802003)
05-22 07:11:41.387   291  1135 D EvsDriver: doneWithFrame
05-22 07:11:41.389   573   573 I SpiService: fgesysctrl_getGPIO_status success val=1
05-22 06:30:15.133   573   573 D spi_rst_gpio_get_output: GPIO 145 value: 1
05-22 07:11:41.389   964  1804 D [OMXB]  : usingANWBuffer: handle:0xebd40dd0, format:1, w:1920, h:1080
05-22 06:30:15.133   573   573 D spidev_ioctl: gpio status=1)
05-22 07:11:41.395   573   573 I SpiService: fgesysctrl_getGPIO_status success val=0
05-22 07:11:41.396   276   300 I rvcservice: t.code = 3, t.value = 0
05-22 06:30:15.138   573   573 D spi_rst_gpio_get_output: GPIO 145 value: 0
05-22 06:30:15.138   573   573 D spidev_ioctl: gpio status=0)
05-22 07:11:41.405  2981  3177 I SentryImuMcuAngleSender: 179.93793rollDeg
05-22 07:11:41.405  2981  3177 I SentryImuMcuAngleSender: 1,0,0
05-22 07:11:41.409   573   573 I SpiService: fgesysctrl_getGPIO_status success val=1
05-22 06:30:15.152   573   573 D spi_rst_gpio_get_output: GPIO 145 value: 1
05-22 06:30:15.152   573   573 D spidev_ioctl: gpio status=1)
05-22 07:11:41.414   573   573 I SpiService: fgesysctrl_getGPIO_status success val=1
05-22 06:30:15.158   573   573 D spi_rst_gpio_get_output: GPIO 145 value: 1
05-22 06:30:15.158   573   573 D spidev_ioctl: gpio status=1)
05-22 07:11:41.419   291  1491 D EvsDriver: forwardFrame
05-22 07:11:41.420   573   573 I SpiService: fgesysctrl_getGPIO_status success val=1
05-22 07:11:41.420   291  1491 D EvsDriver: Delivered 0xb400007b2f47ca30 as id 0
05-22 07:11:41.420  1137  1137 D evsmanagerd: /dev/video4 forwarded the buffer #0 to 0xb4000071fa019690 from 0xb4000071fa01b7d0
05-22 07:11:41.421   291  1135 D EvsDriver: doneWithFrame
05-22 06:30:15.163   573   573 D spi_rst_gpio_get_output: GPIO 145 value: 1
05-22 06:30:15.163   573   573 D spidev_ioctl: gpio status=1)
05-22 07:11:41.425  2981  3177 I SentryImuMcuAngleSender: 179.9276rollDeg
05-22 06:30:15.169   573   573 D spi_rst_gpio_get_output: GPIO 145 value: 1
05-22 06:30:15.169   573   573 D spidev_ioctl: gpio status=1)
05-22 07:11:41.425  2981  3177 I SentryImuMcuAngleSender: 1,0,0
05-22 07:11:41.425   573   573 I SpiService: fgesysctrl_getGPIO_status success val=1
05-22 07:11:41.426   544   544 D commservice260303: msg.id = 1028,0
05-22 07:11:41.426   544   544 D commservice260303: i = 170, msgid = 8A000404
05-22 07:11:41.426   544   544 D commservice260303: msgid = -1979710460,did=138
05-22 07:11:41.426   544   544 D commservice260303: CommProtocolLibCmdBaseI2C::dataproc {"command":{"id":"imu_status","sub":""},"content":{"TimeStamp":1779405101425,"FrameCounter":8838,"GD_X":-0.00801705103367567,"GD_Y":0.00801705103367567,"GD_Z":0.01763824187219143,"AD_X":-0.0031707286834716797,"AD_Y":3.611557185649872E-4,"AD_Z":-0.3303050994873047,"TempDsp":0,"Status":0,"CalibState":1,"SigAmpInvalid":0}},-1979710460
05-22 07:11:41.426   544   544 D commservice260303: send2Cluster len:321, 7B22636F6D6D616E64223A7B226964223A22696D755F737461747573222C22737562223A22227D2C22636F6E74656E74223A7B2254696D655374616D70223A313737393430353130313432352C224672616D65436F756E746572223A383833382C2247445F58223A2D302E30303830313730353130333336373536372C2247445F59223A302E30303830313730353130333336373536372C2247445F5A223A302E30313736333832343138373231393134332C2241445F58223A2D302E303033313730373238363833343731363739372C2241445F59223A332E363131353537313835363439383732452D342C2241445F5A223A2D302E333330333035303939343837333034372C2254656D70447370223A302C22537461747573223A302C2243616C69625374617465223A312C22536967416D70496E76616C6964223A307D7D, 138 
05-22 07:11:41.426   544   544 D commservice260303: Push Message into SendPool fn=1243807744
05-22 07:11:41.426   544   544 D commservice260303: ComProtocolLibSend2Cluster::send2ClusterRaw fn=1243807744 , len=337
05-22 07:11:41.426   544   544 D commservice260303: sendCmdToPort :337!!!
05-22 07:11:41.426   544   544 D commservice260303: send Cmd To Port ++++5AA5014D8A010000234A6A0F912D7B22636F6D6D616E64223A7B226964223A22696D755F737461747573222C22737562223A22227D2C22636F6E74656E74223A7B2254696D655374616D70223A313737393430353130313432352C224672616D65436F756E746572223A383833382C2247445F58223A2D302E30303830313730353130333336373536372C2247445F59223A302E30303830313730353130333336373536372C2247445F5A223A302E30313736333832343138373231393134332C2241445F58223A2D302E303033313730373238363833343731363739372C2241445F59223A332E363131353537313835363439383732452D342C2241445F5A223A2D302E333330333035303939343837333034372C2254656D70447370223A302C22537461747573223A302C2243616C69625374617465223A312C22536967416D70496E76616C6964223A307D7D3931
05-22 07:11:41.426   544   544 D commservice260303: bufferevent_write retrun value = 0
05-22 07:11:41.426   544   567 D commservice260303: client datas send succeed,send finish
05-22 07:11:41.426  2981  3178 D Sentinelmode_1.2.5.13_alpha: <SentryImuClusterFgeSender>imu_status sent to Linux, frame=8838, tsNs=386392, tsMs=1779405101425, intervalMs=40, ad=(-0.0031707287,3.6115572E-4,-0.3303051), gd=(-0.008017051,0.008017051,0.017638242)
05-22 07:11:41.431   573   573 I SpiService: fgesysctrl_getGPIO_status success val=1
05-22 06:30:15.174   573   573 D spi_rst_gpio_get_output: GPIO 145 value: 1
05-22 06:30:15.174   573   573 D spidev_ioctl: gpio status=1)
05-22 07:11:41.436   573   573 I SpiService: fgesysctrl_getGPIO_status success val=0
05-22 06:30:15.179   573   573 D spi_rst_gpio_get_output: GPIO 145 value: 0
05-22 06:30:15.179   573   573 D spidev_ioctl: gpio status=0)
05-22 07:11:41.445  2981  3177 I SentryImuMcuAngleSender: 179.91725rollDeg
05-22 07:11:41.446  2981  3177 I SentryImuMcuAngleSender: 1,0,0
05-22 07:11:41.450   573   573 I SpiService: fgesysctrl_getGPIO_status success val=1
05-22 07:11:41.451  1517  1517 E sysUI_NavBarFragment: [main] - SysUIConfig.icCarServiceConnected：false
05-22 07:11:41.453   291  1491 D EvsDriver: forwardFrame
05-22 07:11:41.454   291  1491 D EvsDriver: Delivered 0xb400007b2f47ca30 as id 0
05-22 06:30:15.193   573   573 D spi_rst_gpio_get_output: GPIO 145 value: 1
05-22 07:11:41.454  1137  1137 D evsmanagerd: /dev/video4 forwarded the buffer #0 to 0xb4000071fa019690 from 0xb4000071fa01b7d0
05-22 06:30:15.193   573   573 D spidev_ioctl: gpio status=1)
05-22 07:11:41.455   573   573 I SpiService: fgesysctrl_getGPIO_status success val=1
05-22 07:11:41.456   291  1135 D EvsDriver: doneWithFrame
05-22 07:11:41.458   964  1804 D [OMXB]  : usingANWBuffer: handle:0xebd41980, format:1, w:1920, h:1080
05-22 06:30:15.198   573   573 D spi_rst_gpio_get_output: GPIO 145 value: 1
05-22 06:30:15.198   573   573 D spidev_ioctl: gpio status=1)
05-22 07:11:41.460   573   573 I SpiService: fgesysctrl_getGPIO_status success val=1
05-22 06:30:15.204   573   573 D spi_rst_gpio_get_output: GPIO 145 value: 1
05-22 06:30:15.204   573   573 D spidev_ioctl: gpio status=1)
05-22 07:11:41.465   544   544 D commservice260303: msg.id = 1028,0
05-22 07:11:41.465   544   544 D commservice260303: i = 170, msgid = 8A000404
05-22 07:11:41.465   544   544 D commservice260303: msgid = -1979710460,did=138
05-22 07:11:41.465   544   544 D commservice260303: CommProtocolLibCmdBaseI2C::dataproc {"command":{"id":"imu_status","sub":""},"content":{"TimeStamp":1779405101465,"FrameCounter":8839,"GD_X":-0.009314822033047676,"GD_Y":0.007482858840376139,"GD_Z":0.018020030111074448,"AD_X":-0.0025612562894821167,"AD_Y":9.688651189208031E-4,"AD_Z":-0.3315248489379883,"TempDsp":0,"Status":0,"CalibState":1,"SigAmpInvalid":0}},-1979710460
05-22 07:11:41.465   544   544 D commservice260303: send2Cluster len:324, 7B22636F6D6D616E64223A7B226964223A22696D755F737461747573222C22737562223A22227D2C22636F6E74656E74223A7B2254696D655374616D70223A313737393430353130313436352C224672616D65436F756E746572223A383833392C2247445F58223A2D302E3030393331343832323033333034373637362C2247445F59223A302E3030373438323835383834303337363133392C2247445F5A223A302E3031383032303033303131313037343434382C2241445F58223A2D302E303032353631323536323839343832313136372C2241445F59223A392E363838363531313839323038303331452D342C2241445F5A223A2D302E333331353234383438393337393838332C2254656D70447370223A302C22537461747573223A302C2243616C69625374617465223A312C22536967416D70496E76616C6964223A307D7D, 138 
05-22 07:11:41.465   544   544 D commservice260303: Push Message into SendPool fn=1260584960
05-22 07:11:41.465   544   544 D commservice260303: ComProtocolLibSend2Cluster::send2ClusterRaw fn=1260584960 , len=340
05-22 07:11:41.465   544   544 D commservice260303: sendCmdToPort :340!!!
05-22 07:11:41.466   544   544 D commservice260303: send Cmd To Port ++++5AA501508A010000234B6A0F912D7B22636F6D6D616E64223A7B226964223A22696D755F737461747573222C22737562223A22227D2C22636F6E74656E74223A7B2254696D655374616D70223A313737393430353130313436352C224672616D65436F756E746572223A383833392C2247445F58223A2D302E3030393331343832323033333034373637362C2247445F59223A302E3030373438323835383834303337363133392C2247445F5A223A302E3031383032303033303131313037343434382C2241445F58223A2D302E303032353631323536323839343832313136372C2241445F59223A392E363838363531313839323038303331452D342C2241445F5A223A2D302E333331353234383438393337393838332C2254656D70447370223A302C22537461747573223A302C2243616C69625374617465223A312C22536967416D70496E76616C6964223A307D7D8097
05-22 07:11:41.466   544   544 D commservice260303: bufferevent_write retrun value = 0
05-22 07:11:41.466   544   567 D commservice260303: client datas send succeed,send finish
05-22 07:11:41.466  2981  3177 I SentryImuMcuAngleSender: 179.92415rollDeg
05-22 07:11:41.466  2981  3177 I SentryImuMcuAngleSender: 1,0,0
05-22 07:11:41.466  2981  3178 D Sentinelmode_1.2.5.13_alpha: <SentryImuClusterFgeSender>imu_status sent to Linux, frame=8839, tsNs=386446, tsMs=1779405101465, intervalMs=40, ad=(-0.0025612563,9.688651E-4,-0.33152485), gd=(-0.009314822,0.007482859,0.01802003)
05-22 07:11:41.467   573   573 I SpiService: fgesysctrl_getGPIO_status success val=1
05-22 06:30:15.210   573   573 D spi_rst_gpio_get_output: GPIO 145 value: 1
05-22 06:30:15.210   573   573 D spidev_ioctl: gpio status=1)
05-22 07:11:41.472   573   573 I SpiService: fgesysctrl_getGPIO_status success val=1
05-22 06:30:15.215   573   573 D spi_rst_gpio_get_output: GPIO 145 value: 1
05-22 06:30:15.215   573   573 D spidev_ioctl: gpio status=1)
05-22 06:30:15.221   573   573 D spi_rst_gpio_get_output: GPIO 145 value: 0
05-22 06:30:15.221   573   573 D spidev_ioctl: gpio status=0)
05-22 07:11:41.477   573   573 I SpiService: fgesysctrl_getGPIO_status success val=0
05-22 07:11:41.486  2981  3177 I SentryImuMcuAngleSender: 179.92072rollDeg
05-22 07:11:41.487  2981  3177 I SentryImuMcuAngleSender: 1,0,0
05-22 07:11:41.489  1026  1026 D MyAppLog: [2026-05-22 07:11:41.489 D tboxap tsp_WorkMachineProc:1086] [Tsp] [tsp_WorkMachineProc]TSP_WORK_LOGIN NOW !!!!
05-22 07:11:41.489   291  1491 D EvsDriver: forwardFrame
05-22 07:11:41.490   291  1491 D EvsDriver: Delivered 0xb400007b2f47ca30 as id 0
05-22 07:11:41.490  1137  1137 D evsmanagerd: /dev/video4 forwarded the buffer #0 to 0xb4000071fa019690 from 0xb4000071fa01b7d0
05-22 07:11:41.491   573   573 I SpiService: fgesysctrl_getGPIO_status success val=1
05-22 06:30:15.235   573   573 D spi_rst_gpio_get_output: GPIO 145 value: 1
05-22 06:30:15.235   573   573 D spidev_ioctl: gpio status=1)
05-22 07:11:41.493   291  1135 D EvsDriver: doneWithFrame
05-22 07:11:41.497   276   300 I rvcservice: t.code = 0, t.value = 0
05-22 07:11:41.497   573   573 I SpiService: fgesysctrl_getGPIO_status success val=1
05-22 06:30:15.240   573   573 D spi_rst_gpio_get_output: GPIO 145 value: 1
05-22 06:30:15.240   573   573 D spidev_ioctl: gpio status=1)
05-22 07:11:41.498   964  1804 D [OMXB]  : usingANWBuffer: handle:0xebd41f00, format:1, w:1920, h:1080
05-22 07:11:41.500   565   599 I Sensors : 230 AccelSensor: x:-0.110410,y:0.016470,z:-10.139420
05-22 07:11:41.502   573   573 I SpiService: fgesysctrl_getGPIO_status success val=1
05-22 06:30:15.245   573   573 D spi_rst_gpio_get_output: GPIO 145 value: 1
05-22 06:30:15.245   573   573 D spidev_ioctl: gpio status=1)
05-22 07:11:41.506   544   544 D commservice260303: msg.id = 1028,1
05-22 07:11:41.506   544   544 D commservice260303: i = 170, msgid = 8A000404
05-22 07:11:41.506   544   544 D commservice260303: msgid = -1979710460,did=138
05-22 07:11:41.506   544   544 D commservice260303: CommProtocolLibCmdBaseI2C::dataproc {"command":{"id":"imu_status","sub":""},"content":{"TimeStamp":1779405101505,"FrameCounter":8840,"GD_X":-0.009161898866295815,"GD_Y":0.00794111005961895,"GD_Z":0.018020030111074448,"AD_X":-0.0037826597690582275,"AD_Y":0.004015977494418621,"AD_Z":-0.33335399627685547,"TempDsp":0,"Status":0,"CalibState":1,"SigAmpInvalid":0}},-1979710460
05-22 07:11:41.506   544   544 D commservice260303: send2Cluster len:324, 7B22636F6D6D616E64223A7B226964223A22696D755F737461747573222C22737562223A22227D2C22636F6E74656E74223A7B2254696D655374616D70223A313737393430353130313530352C224672616D65436F756E746572223A383834302C2247445F58223A2D302E3030393136313839383836363239353831352C2247445F59223A302E30303739343131313030353936313839352C2247445F5A223A302E3031383032303033303131313037343434382C2241445F58223A2D302E303033373832363539373639303538323237352C2241445F59223A302E3030343031353937373439343431383632312C2241445F5A223A2D302E33333333353339393632373638353534372C2254656D70447370223A302C22537461747573223A302C2243616C69625374617465223A312C22536967416D70496E76616C6964223A307D7D, 138 
05-22 07:11:41.506   544   544 D commservice260303: Push Message into SendPool fn=1277362176
05-22 07:11:41.506   544   544 D commservice260303: ComProtocolLibSend2Cluster::send2ClusterRaw fn=1277362176 , len=340
05-22 07:11:41.506   544   544 D commservice260303: sendCmdToPort :340!!!
05-22 07:11:41.506   544   544 D commservice260303: send Cmd To Port ++++5AA501508A010000234C6A0F912D7B22636F6D6D616E64223A7B226964223A22696D755F737461747573222C22737562223A22227D2C22636F6E74656E74223A7B2254696D655374616D70223A313737393430353130313530352C224672616D65436F756E746572223A383834302C2247445F58223A2D302E3030393136313839383836363239353831352C2247445F59223A302E30303739343131313030353936313839352C2247445F5A223A302E3031383032303033303131313037343434382C2241445F58223A2D302E303033373832363539373639303538323237352C2241445F59223A302E3030343031353937373439343431383632312C2241445F5A223A2D302E33333333353339393632373638353534372C2254656D70447370223A302C22537461747573223A302C2243616C69625374617465223A312C22536967416D70496E76616C6964223A307D7D587A
05-22 07:11:41.506   544   544 D commservice260303: bufferevent_write retrun value = 0
05-22 07:11:41.506   544   567 D commservice260303: client datas send succeed,send finish
