05-22 06:30:20.601   573   573 D spidev_ioctl: gpio status=1)
05-22 07:11:46.861   544   544 D commservice260303: send2Cluster len:324, 7B22636F6D6D616E64223A7B226964223A22696D755F737461747573222C22737562223A22227D2C22636F6E74656E74223A7B2254696D655374616D70223A313737393430353130363836302C224672616D65436F756E746572223A383937322C2247445F58223A2D302E3030383835373039303935373436323738382C2247445F59223A302E3030373731323234343035363136353231382C2247445F5A223A302E30313735363137373834323631373033352C2241445F58223A2D302E3030343333323834373839333233383036382C2241445F59223A2D322E33303231343535383534313737343735452D342C2241445F5A223A2D302E333330393134343937333735343838332C2254656D70447370223A302C22537461747573223A302C2243616C69625374617465223A312C22536967416D70496E76616C6964223A307D7D, 138 
05-22 07:11:46.861   544   544 D commservice260303: Push Message into SendPool fn=-752680960
05-22 07:11:46.861   544   544 D commservice260303: ComProtocolLibSend2Cluster::send2ClusterRaw fn=-752680960 , len=340
05-22 07:11:46.861   544   544 D commservice260303: sendCmdToPort :340!!!
05-22 07:11:46.861   544   544 D commservice260303: send Cmd To Port ++++5AA501508A01000023D36A0F91327B22636F6D6D616E64223A7B226964223A22696D755F737461747573222C22737562223A22227D2C22636F6E74656E74223A7B2254696D655374616D70223A313737393430353130363836302C224672616D65436F756E746572223A383937322C2247445F58223A2D302E3030383835373039303935373436323738382C2247445F59223A302E3030373731323234343035363136353231382C2247445F5A223A302E30313735363137373834323631373033352C2241445F58223A2D302E3030343333323834373839333233383036382C2241445F59223A2D322E33303231343535383534313737343735452D342C2241445F5A223A2D302E333330393134343937333735343838332C2254656D70447370223A302C22537461747573223A302C2243616C69625374617465223A312C22536967416D70496E76616C6964223A307D7DCCA7
05-22 07:11:46.861   544   544 D commservice260303: bufferevent_write retrun value = 0
05-22 07:11:46.862   544   567 D commservice260303: client datas send succeed,send finish
05-22 07:11:46.862  2981  3178 D Sentinelmode_1.2.5.13_alpha: <SentryImuClusterFgeSender>imu_status sent to Linux, frame=8972, tsNs=391828, tsMs=1779405106860, intervalMs=35, ad=(-0.004332848,-2.3021456E-4,-0.3309145), gd=(-0.008857091,0.007712244,0.017561778)
05-22 07:11:46.863   573   573 I SpiService: fgesysctrl_getGPIO_status success val=0
05-22 06:30:20.606   573   573 D spi_rst_gpio_get_output: GPIO 145 value: 0
05-22 06:30:20.606   573   573 D spidev_ioctl: gpio status=0)
05-22 07:11:46.865   565   599 I Sensors : 230 GyroSensor: x:-0.009697,y:0.007941,z:0.017638
05-22 07:11:46.872  2981  3177 I SentryImuMcuAngleSender: 179.93103rollDeg
05-22 07:11:46.872  2981  3177 I SentryImuMcuAngleSender: 1,0,0
05-22 07:11:46.877   573   573 I SpiService: fgesysctrl_getGPIO_status success val=1
05-22 06:30:20.620   573   573 D spi_rst_gpio_get_output: GPIO 145 value: 1
05-22 06:30:20.620   573   573 D spidev_ioctl: gpio status=1)
05-22 07:11:46.882   573   573 I SpiService: fgesysctrl_getGPIO_status success val=1
05-22 07:11:46.885   964  1804 D [OMXB]  : usingANWBuffer: handle:0xebd41090, format:1, w:1920, h:1080
05-22 06:30:20.626   573   573 D spi_rst_gpio_get_output: GPIO 145 value: 1
05-22 06:30:20.626   573   573 D spidev_ioctl: gpio status=1)
05-22 07:11:46.887   824   824 D SurfaceFlinger: unisoc-graphics, commit has frameMissed:2, vysncId:202588
05-22 07:11:46.888   573   573 I SpiService: fgesysctrl_getGPIO_status success val=1
05-22 07:11:46.889   291  1491 D EvsDriver: forwardFrame
05-22 06:30:20.631   573   573 D spi_rst_gpio_get_output: GPIO 145 value: 1
05-22 06:30:20.631   573   573 D spidev_ioctl: gpio status=1)
05-22 07:11:46.891   291  1491 D EvsDriver: Delivered 0xb400007b2f47ca30 as id 0
05-22 07:11:46.891  1137  1137 D evsmanagerd: /dev/video4 forwarded the buffer #0 to 0xb4000071fa019690 from 0xb4000071fa01b7d0
05-22 07:11:46.892  2981  3177 I SentryImuMcuAngleSender: 179.92413rollDeg
05-22 07:11:46.892  2981  3177 I SentryImuMcuAngleSender: 1,0,0
05-22 07:11:46.893   573   573 I SpiService: fgesysctrl_getGPIO_status success val=1
05-22 07:11:46.893   291  1135 D EvsDriver: doneWithFrame
05-22 06:30:20.637   573   573 D spi_rst_gpio_get_output: GPIO 145 value: 1
05-22 06:30:20.637   573   573 D spidev_ioctl: gpio status=1)
05-22 07:11:46.898   573   573 I SpiService: fgesysctrl_getGPIO_status success val=1
05-22 07:11:46.900   544   544 D commservice260303: msg.id = 1028,0
05-22 07:11:46.900   544   544 D commservice260303: i = 170, msgid = 8A000404
05-22 07:11:46.900   544   544 D commservice260303: msgid = -1979710460,did=138
05-22 07:11:46.900   544   544 D commservice260303: CommProtocolLibCmdBaseI2C::dataproc {"command":{"id":"imu_status","sub":""},"content":{"TimeStamp":1779405106900,"FrameCounter":8973,"GD_X":-0.00923888012766838,"GD_Y":0.0072539933025836945,"GD_Z":0.017715223133563995,"AD_X":-0.0018932223320007324,"AD_Y":9.89140011370182E-4,"AD_Z":-0.3278646469116211,"TempDsp":0,"Status":0,"CalibState":1,"SigAmpInvalid":0}},-1979710460
05-22 07:11:46.901   544   544 D commservice260303: send2Cluster len:323, 7B22636F6D6D616E64223A7B226964223A22696D755F737461747573222C22737562223A22227D2C22636F6E74656E74223A7B2254696D655374616D70223A313737393430353130363930302C224672616D65436F756E746572223A383937332C2247445F58223A2D302E30303932333838383031323736363833382C2247445F59223A302E303037323533393933333032353833363934352C2247445F5A223A302E3031373731353232333133333536333939352C2241445F58223A2D302E303031383933323232333332303030373332342C2241445F59223A392E3839313430303131333730313832452D342C2241445F5A223A2D302E333237383634363436393131363231312C2254656D70447370223A302C22537461747573223A302C2243616C69625374617465223A312C22536967416D70496E76616C6964223A307D7D, 138 
05-22 07:11:46.901   544   544 D commservice260303: Push Message into SendPool fn=-735903744
05-22 07:11:46.901   544   544 D commservice260303: ComProtocolLibSend2Cluster::send2ClusterRaw fn=-735903744 , len=339
05-22 07:11:46.901   544   544 D commservice260303: sendCmdToPort :339!!!
05-22 07:11:46.901   544   544 D commservice260303: send Cmd To Port ++++5AA5014F8A01000023D46A0F91327B22636F6D6D616E64223A7B226964223A22696D755F737461747573222C22737562223A22227D2C22636F6E74656E74223A7B2254696D655374616D70223A313737393430353130363930302C224672616D65436F756E746572223A383937332C2247445F58223A2D302E30303932333838383031323736363833382C2247445F59223A302E303037323533393933333032353833363934352C2247445F5A223A302E3031373731353232333133333536333939352C2241445F58223A2D302E303031383933323232333332303030373332342C2241445F59223A392E3839313430303131333730313832452D342C2241445F5A223A2D302E333237383634363436393131363231312C2254656D70447370223A302C22537461747573223A302C2243616C69625374617465223A312C22536967416D70496E76616C6964223A307D7D5B6A
05-22 07:11:46.901   544   544 D commservice260303: bufferevent_write retrun value = 0
05-22 07:11:46.901   544   567 D commservice260303: client datas send succeed,send finish
05-22 07:11:46.901  2981  3178 D Sentinelmode_1.2.5.13_alpha: <SentryImuClusterFgeSender>imu_status sent to Linux, frame=8973, tsNs=391864, tsMs=1779405106900, intervalMs=40, ad=(-0.0018932223,9.8914E-4,-0.32786465), gd=(-0.00923888,0.0072539933,0.017715223)
05-22 06:30:20.642   573   573 D spi_rst_gpio_get_output: GPIO 145 value: 1
05-22 06:30:20.642   573   573 D spidev_ioctl: gpio status=1)
05-22 07:11:46.904   573   573 I SpiService: fgesysctrl_getGPIO_status success val=0
05-22 07:11:46.904   824   824 D SurfaceFlinger: unisoc-graphics, commit has frameMissed:2, vysncId:202603
05-22 06:30:20.647   573   573 D spi_rst_gpio_get_output: GPIO 145 value: 0
05-22 06:30:20.647   573   573 D spidev_ioctl: gpio status=0)
05-22 07:11:46.909   276   300 I rvcservice: t.code = 3, t.value = 0
05-22 07:11:46.913  2981  3177 I SentryImuMcuAngleSender: 179.91724rollDeg
05-22 07:11:46.913  2981  3177 I SentryImuMcuAngleSender: 1,0,0
05-22 07:11:46.917   573   573 I SpiService: fgesysctrl_getGPIO_status success val=1
05-22 06:30:20.661   573   573 D spi_rst_gpio_get_output: GPIO 145 value: 1
05-22 06:30:20.661   573   573 D spidev_ioctl: gpio status=1)
05-22 07:11:46.920  1026  1026 D MyAppLog: [2026-05-22 07:11:46.920 D tboxap tsp_WorkMachineProc:1086] [Tsp] [tsp_WorkMachineProc]TSP_WORK_LOGIN NOW !!!!
05-22 07:11:46.921   824   824 D SurfaceFlinger: unisoc-graphics, commit has frameMissed:2, vysncId:202611
05-22 07:11:46.923   573   573 I SpiService: fgesysctrl_getGPIO_status success val=1
05-22 07:11:46.924   291  1491 D EvsDriver: forwardFrame
05-22 06:30:20.666   573   573 D spi_rst_gpio_get_output: GPIO 145 value: 1
05-22 06:30:20.666   573   573 D spidev_ioctl: gpio status=1)
05-22 07:11:46.926  1137  1137 D evsmanagerd: /dev/video4 forwarded the buffer #0 to 0xb4000071fa019690 from 0xb4000071fa01b7d0
05-22 07:11:46.926   291  1491 D EvsDriver: Delivered 0xb400007b2f47ca30 as id 0
05-22 07:11:46.926   291  1135 D EvsDriver: doneWithFrame
05-22 07:11:46.928   573   573 I SpiService: fgesysctrl_getGPIO_status success val=1
05-22 06:30:20.671   573   573 D spi_rst_gpio_get_output: GPIO 145 value: 1
05-22 06:30:20.671   573   573 D spidev_ioctl: gpio status=1)
05-22 07:11:46.934  2981  3177 I SentryImuMcuAngleSender: 179.92412rollDeg
05-22 07:11:46.934   573   573 I SpiService: fgesysctrl_getGPIO_status success val=1
05-22 07:11:46.934  2981  3177 I SentryImuMcuAngleSender: 1,0,0
05-22 06:30:20.677   573   573 D spi_rst_gpio_get_output: GPIO 145 value: 1
05-22 06:30:20.677   573   573 D spidev_ioctl: gpio status=1)
05-22 07:11:46.939   573   573 I SpiService: fgesysctrl_getGPIO_status success val=1
05-22 07:11:46.941   544   544 D commservice260303: msg.id = 1028,0
05-22 07:11:46.941   544   544 D commservice260303: i = 170, msgid = 8A000404
05-22 07:11:46.941   544   544 D commservice260303: msgid = -1979710460,did=138
05-22 07:11:46.941   544   544 D commservice260303: CommProtocolLibCmdBaseI2C::dataproc {"command":{"id":"imu_status","sub":""},"content":{"TimeStamp":1779405106941,"FrameCounter":8974,"GD_X":-0.00908595696091652,"GD_Y":0.007482858840376139,"GD_Z":0.017332913354039192,"AD_X":-0.005551673471927643,"AD_Y":3.7744827568531036E-4,"AD_Z":-0.3272542953491211,"TempDsp":0,"Status":0,"CalibState":1,"SigAmpInvalid":0}},-1979710460
05-22 07:11:46.941   544   544 D commservice260303: send2Cluster len:323, 7B22636F6D6D616E64223A7B226964223A22696D755F737461747573222C22737562223A22227D2C22636F6E74656E74223A7B2254696D655374616D70223A313737393430353130363934312C224672616D65436F756E746572223A383937342C2247445F58223A2D302E30303930383539353639363039313635322C2247445F59223A302E3030373438323835383834303337363133392C2247445F5A223A302E3031373333323931333335343033393139322C2241445F58223A2D302E3030353535313637333437313932373634332C2241445F59223A332E37373434383237353638353331303336452D342C2241445F5A223A2D302E333237323534323935333439313231312C2254656D70447370223A302C22537461747573223A302C2243616C69625374617465223A312C22536967416D70496E76616C6964223A307D7D, 138 
05-22 07:11:46.942   544   544 D commservice260303: Push Message into SendPool fn=-719126528
05-22 07:11:46.942   544   544 D commservice260303: ComProtocolLibSend2Cluster::send2ClusterRaw fn=-719126528 , len=339
05-22 07:11:46.942   544   544 D commservice260303: sendCmdToPort :339!!!
05-22 07:11:46.942   544   544 D commservice260303: send Cmd To Port ++++5AA5014F8A01000023D56A0F91327B22636F6D6D616E64223A7B226964223A22696D755F737461747573222C22737562223A22227D2C22636F6E74656E74223A7B2254696D655374616D70223A313737393430353130363934312C224672616D65436F756E746572223A383937342C2247445F58223A2D302E30303930383539353639363039313635322C2247445F59223A302E3030373438323835383834303337363133392C2247445F5A223A302E3031373333323931333335343033393139322C2241445F58223A2D302E3030353535313637333437313932373634332C2241445F59223A332E37373434383237353638353331303336452D342C2241445F5A223A2D302E333237323534323935333439313231312C2254656D70447370223A302C22537461747573223A302C2243616C69625374617465223A312C22536967416D70496E76616C6964223A307D7D8CF6
05-22 07:11:46.942   544   544 D commservice260303: bufferevent_write retrun value = 0
05-22 07:11:46.942   544   567 D commservice260303: client datas send succeed,send finish
05-22 07:11:46.943  2981  3178 D Sentinelmode_1.2.5.13_alpha: <SentryImuClusterFgeSender>imu_status sent to Linux, frame=8974, tsNs=391918, tsMs=1779405106941, intervalMs=42, ad=(-0.0055516735,3.7744828E-4,-0.3272543), gd=(-0.009085957,0.007482859,0.017332913)
05-22 06:30:20.683   573   573 D spi_rst_gpio_get_output: GPIO 145 value: 1
05-22 06:30:20.683   573   573 D spidev_ioctl: gpio status=1)
05-22 07:11:46.945   573   573 I SpiService: fgesysctrl_getGPIO_status success val=1
05-22 06:30:20.688   573   573 D spi_rst_gpio_get_output: GPIO 145 value: 1
05-22 06:30:20.688   573   573 D spidev_ioctl: gpio status=1)
05-22 07:11:46.950   573   573 I SpiService: fgesysctrl_getGPIO_status success val=0
05-22 07:11:46.952   964  1804 D [OMXB]  : usingANWBuffer: handle:0xebd40220, format:1, w:1920, h:1080
05-22 06:30:20.694   573   573 D spi_rst_gpio_get_output: GPIO 145 value: 0
05-22 06:30:20.694   573   573 D spidev_ioctl: gpio status=0)
05-22 07:11:46.954  2981  3177 I SentryImuMcuAngleSender: 179.93448rollDeg
05-22 07:11:46.955  2981  3177 I SentryImuMcuAngleSender: 1,0,0
05-22 07:11:46.958   291  1491 D EvsDriver: forwardFrame
05-22 07:11:46.960  1137  1137 D evsmanagerd: /dev/video4 forwarded the buffer #0 to 0xb4000071fa019690 from 0xb4000071fa01b7d0
05-22 07:11:46.960   291  1491 D EvsDriver: Delivered 0xb400007b2f47ca30 as id 0
05-22 07:11:46.962   291  1135 D EvsDriver: doneWithFrame
05-22 07:11:46.965   573   573 I SpiService: fgesysctrl_getGPIO_status success val=1
05-22 06:30:20.708   573   573 D spi_rst_gpio_get_output: GPIO 145 value: 1
05-22 06:30:20.708   573   573 D spidev_ioctl: gpio status=1)
05-22 07:11:46.971   573   573 I SpiService: fgesysctrl_getGPIO_status success val=1
05-22 06:30:20.714   573   573 D spi_rst_gpio_get_output: GPIO 145 value: 1
05-22 06:30:20.714   573   573 D spidev_ioctl: gpio status=1)
05-22 07:11:46.975  2981  3177 I SentryImuMcuAngleSender: 179.9345rollDeg
05-22 07:11:46.975  2981  3177 I SentryImuMcuAngleSender: 1,0,0
05-22 07:11:46.976   573   573 I SpiService: fgesysctrl_getGPIO_status success val=1
05-22 06:30:20.720   573   573 D spi_rst_gpio_get_output: GPIO 145 value: 1
05-22 06:30:20.720   573   573 D spidev_ioctl: gpio status=1)
05-22 07:11:46.982   544   544 D commservice260303: msg.id = 1028,0
05-22 07:11:46.982   544   544 D commservice260303: i = 170, msgid = 8A000404
05-22 07:11:46.982   544   544 D commservice260303: msgid = -1979710460,did=138
05-22 07:11:46.982   544   544 D commservice260303: CommProtocolLibCmdBaseI2C::dataproc {"command":{"id":"imu_status","sub":""},"content":{"TimeStamp":1779405106981,"FrameCounter":8975,"GD_X":-0.009621189907193184,"GD_Y":0.007864127866923809,"GD_Z":0.01756177842617035,"AD_X":-0.0018927380442619324,"AD_Y":-8.403100073337555E-4,"AD_Z":-0.3309144973754883,"TempDsp":0,"Status":0,"CalibState":1,"SigAmpInvalid":0}},-1979710460
05-22 07:11:46.982   544   544 D commservice260303: send2Cluster len:324, 7B22636F6D6D616E64223A7B226964223A22696D755F737461747573222C22737562223A22227D2C22636F6E74656E74223A7B2254696D655374616D70223A313737393430353130363938312C224672616D65436F756E746572223A383937352C2247445F58223A2D302E3030393632313138393930373139333138342C2247445F59223A302E3030373836343132373836363932333830392C2247445F5A223A302E30313735363137373834323631373033352C2241445F58223A2D302E303031383932373338303434323631393332342C2241445F59223A2D382E343033313030303733333337353535452D342C2241445F5A223A2D302E333330393134343937333735343838332C2254656D70447370223A302C22537461747573223A302C2243616C69625374617465223A312C22536967416D70496E76616C6964223A307D7D, 138 
05-22 07:11:46.982   573   573 I SpiService: fgesysctrl_getGPIO_status success val=1
05-22 07:11:46.982   544   544 D commservice260303: Push Message into SendPool fn=-702349312
05-22 07:11:46.982   544   544 D commservice260303: ComProtocolLibSend2Cluster::send2ClusterRaw fn=-702349312 , len=340
05-22 07:11:46.982   544   544 D commservice260303: sendCmdToPort :340!!!
05-22 07:11:46.982   544   544 D commservice260303: send Cmd To Port ++++5AA501508A01000023D66A0F91327B22636F6D6D616E64223A7B226964223A22696D755F737461747573222C22737562223A22227D2C22636F6E74656E74223A7B2254696D655374616D70223A313737393430353130363938312C224672616D65436F756E746572223A383937352C2247445F58223A2D302E3030393632313138393930373139333138342C2247445F59223A302E3030373836343132373836363932333830392C2247445F5A223A302E30313735363137373834323631373033352C2241445F58223A2D302E303031383932373338303434323631393332342C2241445F59223A2D382E343033313030303733333337353535452D342C2241445F5A223A2D302E333330393134343937333735343838332C2254656D70447370223A302C22537461747573223A302C2243616C69625374617465223A312C22536967416D70496E76616C6964223A307D7D2FBE
05-22 07:11:46.982   544   544 D commservice260303: bufferevent_write retrun value = 0
05-22 07:11:46.982   544   567 D commservice260303: client datas send succeed,send finish
05-22 07:11:46.982  2981  3178 D Sentinelmode_1.2.5.13_alpha: <SentryImuClusterFgeSender>imu_status sent to Linux, frame=8975, tsNs=391954, tsMs=1779405106981, intervalMs=39, ad=(-0.001892738,-8.4031E-4,-0.3309145), gd=(-0.00962119,0.007864128,0.017561778)
05-22 06:30:20.725   573   573 D spi_rst_gpio_get_output: GPIO 145 value: 1
05-22 06:30:20.725   573   573 D spidev_ioctl: gpio status=1)
05-22 07:11:46.987   573   573 I SpiService: fgesysctrl_getGPIO_status success val=0
05-22 06:30:20.731   573   573 D spi_rst_gpio_get_output: GPIO 145 value: 0
05-22 06:30:20.731   573   573 D spidev_ioctl: gpio status=0)
05-22 07:11:46.993   291  1491 D EvsDriver: forwardFrame
05-22 07:11:46.995  1137  1137 D evsmanagerd: /dev/video4 forwarded the buffer #0 to 0xb4000071fa019690 from 0xb4000071fa01b7d0
05-22 07:11:46.995   291  1491 D EvsDriver: Delivered 0xb400007b2f47ca30 as id 0
05-22 07:11:46.995  2981  3177 I SentryImuMcuAngleSender: 179.9345rollDeg
05-22 07:11:46.995  2981  3177 I SentryImuMcuAngleSender: 1,0,0
05-22 07:11:46.998   964  1804 D [OMXB]  : usingANWBuffer: handle:0xebd41da0, format:1, w:1920, h:1080
05-22 07:11:46.999   291  1135 D EvsDriver: doneWithFrame
05-22 07:11:47.003   573   573 I SpiService: fgesysctrl_getGPIO_status success val=1
05-22 06:30:20.746   573   573 D spi_rst_gpio_get_output: GPIO 145 value: 1
05-22 06:30:20.746   573   573 D spidev_ioctl: gpio status=1)
05-22 07:11:47.006   824   824 D SurfaceFlinger: unisoc-graphics, commit has frameMissed:2, vysncId:202664
05-22 07:11:47.008   573   573 I SpiService: fgesysctrl_getGPIO_status success val=1
05-22 07:11:47.009   276   300 I rvcservice: t.code = 7, t.value = 391864
05-22 06:30:20.752   573   573 D spi_rst_gpio_get_output: GPIO 145 value: 1
05-22 06:30:20.752   573   573 D spidev_ioctl: gpio status=1)
05-22 07:11:47.014   573   573 I SpiService: fgesysctrl_getGPIO_status success val=1
05-22 07:11:47.016  2981  3177 I SentryImuMcuAngleSender: 179.94829rollDeg
05-22 07:11:47.016  2981  3177 I SentryImuMcuAngleSender: 1,0,0
05-22 06:30:20.757   573   573 D spi_rst_gpio_get_output: GPIO 145 value: 1
05-22 06:30:20.757   573   573 D spidev_ioctl: gpio status=1)
05-22 07:11:47.019   573   573 I SpiService: fgesysctrl_getGPIO_status success val=1
05-22 07:11:47.020   291  1491 D EvsDriver: forwardFrame
05-22 06:30:20.762   573   573 D spi_rst_gpio_get_output: GPIO 145 value: 1
05-22 06:30:20.762   573   573 D spidev_ioctl: gpio status=1)
05-22 07:11:47.022  1137  1137 D evsmanagerd: /dev/video4 forwarded the buffer #0 to 0xb4000071fa019690 from 0xb4000071fa01b7d0
05-22 07:11:47.022   291  1491 D EvsDriver: Delivered 0xb400007b2f47ca30 as id 0
05-22 07:11:47.022   291  1135 D EvsDriver: doneWithFrame
05-22 07:11:47.022   544   544 D commservice260303: msg.id = 1028,0
05-22 07:11:47.022   544   544 D commservice260303: i = 170, msgid = 8A000404
05-22 07:11:47.022   544   544 D commservice260303: msgid = -1979710460,did=138
05-22 07:11:47.022   544   544 D commservice260303: CommProtocolLibCmdBaseI2C::dataproc {"command":{"id":"imu_status","sub":""},"content":{"TimeStamp":1779405107022,"FrameCounter":8976,"GD_X":-0.00908595696091652,"GD_Y":0.007405876647680998,"GD_Z":0.017867106944322586,"AD_X":-0.005551353096961975,"AD_Y":-0.003277050331234932,"AD_Z":-0.3309144973754883,"TempDsp":0,"Status":0,"CalibState":1,"SigAmpInvalid":0}},-1979710460
05-22 07:11:47.023   544   544 D commservice260303: send2Cluster len:323, 7B22636F6D6D616E64223A7B226964223A22696D755F737461747573222C22737562223A22227D2C22636F6E74656E74223A7B2254696D655374616D70223A313737393430353130373032322C224672616D65436F756E746572223A383937362C2247445F58223A2D302E30303930383539353639363039313635322C2247445F59223A302E3030373430353837363634373638303939382C2247445F5A223A302E3031373836373130363934343332323538362C2241445F58223A2D302E3030353535313335333039363936313937352C2241445F59223A2D302E3030333237373035303333313233343933322C2241445F5A223A2D302E333330393134343937333735343838332C2254656D70447370223A302C22537461747573223A302C2243616C69625374617465223A312C22536967416D70496E76616C6964223A307D7D, 138 
05-22 07:11:47.023   544   544 D commservice260303: Push Message into SendPool fn=-685572096
05-22 07:11:47.023   544   544 D commservice260303: ComProtocolLibSend2Cluster::send2ClusterRaw fn=-685572096 , len=339
05-22 07:11:47.023   544   544 D commservice260303: sendCmdToPort :339!!!
05-22 07:11:47.023   544   544 D commservice260303: send Cmd To Port ++++5AA5014F8A01000023D76A0F91337B22636F6D6D616E64223A7B226964223A22696D755F737461747573222C22737562223A22227D2C22636F6E74656E74223A7B2254696D655374616D70223A313737393430353130373032322C224672616D65436F756E746572223A383937362C2247445F58223A2D302E30303930383539353639363039313635322C2247445F59223A302E3030373430353837363634373638303939382C2247445F5A223A302E3031373836373130363934343332323538362C2241445F58223A2D302E3030353535313335333039363936313937352C2241445F59223A2D302E3030333237373035303333313233343933322C2241445F5A223A2D302E333330393134343937333735343838332C2254656D70447370223A302C22537461747573223A302C2243616C69625374617465223A312C22536967416D70496E76616C6964223A307D7DE23D
05-22 07:11:47.023   824   824 D SurfaceFlinger: unisoc-graphics, commit has frameMissed:2, vysncId:202679
05-22 07:11:47.023   544   544 D commservice260303: bufferevent_write retrun value = 0
05-22 07:11:47.023   544   567 D commservice260303: client datas send succeed,send finish
05-22 07:11:47.024  2981  3178 D Sentinelmode_1.2.5.13_alpha: <SentryImuClusterFgeSender>imu_status sent to Linux, frame=8976, tsNs=391990, tsMs=1779405107022, intervalMs=42, ad=(-0.005551353,-0.0032770503,-0.3309145), gd=(-0.009085957,0.0074058766,0.017867107)
05-22 07:11:47.024   573   573 I SpiService: fgesysctrl_getGPIO_status success val=1
05-22 06:30:20.768   573   573 D spi_rst_gpio_get_output: GPIO 145 value: 1
05-22 06:30:20.768   573   573 D spidev_ioctl: gpio status=1)
05-22 07:11:47.026   565   599 I Sensors : 230 AccelSensor: x:-0.111630,y:0.007319,z:-10.138201
05-22 07:11:47.029   573   573 I SpiService: fgesysctrl_getGPIO_status success val=0
05-22 06:30:20.773   573   573 D spi_rst_gpio_get_output: GPIO 145 value: 0
05-22 06:30:20.773   573   573 D spidev_ioctl: gpio status=0)
05-22 07:11:47.036  2981  3177 I SentryImuMcuAngleSender: 179.95863rollDeg
05-22 07:11:47.036  2981  3177 I SentryImuMcuAngleSender: 1,0,0
05-22 07:11:47.039  1658  2866 D AIN-HttpHealthPolicy: call() called start, host=www.xiaohongshu.com
05-22 07:11:47.041   947  9424 D resolv  : GetAddrInfoHandler::run: {0 786432 0 983040 1000 0}
05-22 07:11:47.041   947  9424 D resolv  : resolv_getaddrinfo: explore_fqdn(): ai_family=0 ai_socktype=1 ai_protocol=6
05-22 07:11:47.042  1658  2866 W AIN-HttpHealthPolicy: call() called error, host=www.xiaohongshu.com, err_msg=Unable to resolve host "www.xiaohongshu.com": No address associated with hostname
05-22 07:11:47.042  1658  2865 D AIN-PingWorker: updateHost: result=true,host=www.xiaohongshu.com,delay=-1
05-22 07:11:47.042  1658  2865 D AIN-NetCheckerOutputer: onWeak
05-22 07:11:47.043  1658  2865 D AIN-ServiceHub: getService with: name = service_tracker
05-22 07:11:47.044   573   573 I SpiService: fgesysctrl_getGPIO_status success val=1
05-22 06:30:20.787   573   573 D spi_rst_gpio_get_output: GPIO 145 value: 1
05-22 06:30:20.787   573   573 D spidev_ioctl: gpio status=1)
05-22 07:11:47.049   573   573 I SpiService: fgesysctrl_getGPIO_status success val=1
05-22 06:30:20.792   573   573 D spi_rst_gpio_get_output: GPIO 145 value: 1
05-22 06:30:20.792   573   573 D spidev_ioctl: gpio status=1)
05-22 07:11:47.054   291  1491 D EvsDriver: forwardFrame
05-22 07:11:47.054   573   573 I SpiService: fgesysctrl_getGPIO_status success val=1
05-22 07:11:47.056  1137  1137 D evsmanagerd: /dev/video4 forwarded the buffer #0 to 0xb4000071fa019690 from 0xb4000071fa01b7d0
05-22 07:11:47.056   291  1491 D EvsDriver: Delivered 0xb400007b2f47ca30 as id 0
05-22 07:11:47.056  2981  3177 I SentryImuMcuAngleSender: 179.95174rollDeg
05-22 07:11:47.056  2981  3177 I SentryImuMcuAngleSender: 1,0,0
05-22 06:30:20.798   573   573 D spi_rst_gpio_get_output: GPIO 145 value: 1
05-22 06:30:20.798   573   573 D spidev_ioctl: gpio status=1)
05-22 07:11:47.059   291  1135 D EvsDriver: doneWithFrame
05-22 07:11:47.060   573   573 I SpiService: fgesysctrl_getGPIO_status success val=1
05-22 06:30:20.804   573   573 D spi_rst_gpio_get_output: GPIO 145 value: 1
05-22 06:30:20.804   573   573 D spidev_ioctl: gpio status=1)
05-22 07:11:47.062   964  1804 D [OMXB]  : usingANWBuffer: handle:0xebd43710, format:1, w:1920, h:1080
05-22 07:11:47.062   565   599 I Sensors : 230 GyroSensor: x:-0.008781,y:0.007559,z:0.018173
05-22 07:11:47.063   544   544 D commservice260303: msg.id = 1028,0
05-22 07:11:47.063   544   544 D commservice260303: i = 170, msgid = 8A000404
05-22 07:11:47.063   544   544 D commservice260303: msgid = -1979710460,did=138
05-22 07:11:47.063   544   544 D commservice260303: CommProtocolLibCmdBaseI2C::dataproc {"command":{"id":"imu_status","sub":""},"content":{"TimeStamp":1779405107062,"FrameCounter":8977,"GD_X":-0.00923888012766838,"GD_Y":0.007482858840376139,"GD_Z":0.018248895183205605,"AD_X":-0.004330776631832123,"AD_Y":-0.003881243057549,"AD_Z":-0.33274364471435547,"TempDsp":0,"Status":0,"CalibState":1,"SigAmpInvalid":0}},-1979710460
05-22 07:11:47.063   544   544 D commservice260303: send2Cluster len:321, 7B22636F6D6D616E64223A7B226964223A22696D755F737461747573222C22737562223A22227D2C22636F6E74656E74223A7B2254696D655374616D70223A313737393430353130373036322C224672616D65436F756E746572223A383937372C2247445F58223A2D302E30303932333838383031323736363833382C2247445F59223A302E3030373438323835383834303337363133392C2247445F5A223A302E3031383234383839353138333230353630352C2241445F58223A2D302E3030343333303737363633313833323132332C2241445F59223A2D302E3030333838313234333035373534392C2241445F5A223A2D302E33333237343336343437313433353534372C2254656D70447370223A302C22537461747573223A302C2243616C69625374617465223A312C22536967416D70496E76616C6964223A307D7D, 138 
05-22 07:11:47.063   544   544 D commservice260303: Push Message into SendPool fn=-668794880
05-22 07:11:47.063   544   544 D commservice260303: ComProtocolLibSend2Cluster::send2ClusterRaw fn=-668794880 , len=337
05-22 07:11:47.063   544   544 D commservice260303: sendCmdToPort :337!!!
05-22 07:11:47.063   544   544 D commservice260303: send Cmd To Port ++++5AA5014D8A01000023D86A0F91337B22636F6D6D616E64223A7B226964223A22696D755F737461747573222C22737562223A22227D2C22636F6E74656E74223A7B2254696D655374616D70223A313737393430353130373036322C224672616D65436F756E746572223A383937372C2247445F58223A2D302E30303932333838383031323736363833382C2247445F59223A302E3030373438323835383834303337363133392C2247445F5A223A302E3031383234383839353138333230353630352C2241445F58223A2D302E3030343333303737363633313833323132332C2241445F59223A2D302E3030333838313234333035373534392C2241445F5A223A2D302E33333237343336343437313433353534372C2254656D70447370223A302C22537461747573223A302C2243616C69625374617465223A312C22536967416D70496E76616C6964223A307D7D1F27
05-22 07:11:47.063   544   544 D commservice260303: bufferevent_write retrun value = 0
05-22 07:11:47.063   544   567 D commservice260303: client datas send succeed,send finish
05-22 07:11:47.063  2981  3178 D Sentinelmode_1.2.5.13_alpha: <SentryImuClusterFgeSender>imu_status sent to Linux, frame=8977, tsNs=392026, tsMs=1779405107062, intervalMs=39, ad=(-0.0043307766,-0.003881243,-0.33274364), gd=(-0.00923888,0.007482859,0.018248895)
05-22 07:11:47.066   573   573 I SpiService: fgesysctrl_getGPIO_status success val=1
05-22 06:30:20.809   573   573 D spi_rst_gpio_get_output: GPIO 145 value: 1
05-22 06:30:20.809   573   573 D spidev_ioctl: gpio status=1)
05-22 07:11:47.071   573   573 I SpiService: fgesysctrl_getGPIO_status success val=0
05-22 06:30:20.815   573   573 D spi_rst_gpio_get_output: GPIO 145 value: 0
05-22 06:30:20.815   573   573 D spidev_ioctl: gpio status=0)
05-22 07:11:47.076  2981  3177 I SentryImuMcuAngleSender: 179.93106rollDeg
05-22 07:11:47.076  2981  3177 I SentryImuMcuAngleSender: 1,0,0
05-22 07:11:47.082   486   580 I mcuc    : rev,n=1,6AA68107BB000A89006B0104090012345615
05-22 07:11:47.082   344   361 D automotive.vehicle@2.0-adayo-datacomm-mcu: MCUDatacomm sendMessageFromVehicle prop: 0x89, areaId: 0x0, status: 0x6b, timestamp: 0x1
05-22 07:11:47.082   344   361 D automotive.vehicle@2.0-adayo-datacomm-mcu: MCUDatacomm 1sendMessageFromVehicle ---> type = 12 
05-22 07:11:47.082  1091  1116 I tboxmids_ap: [2026-05-22 07:11:47.082] [MCU RX] src=MCU dst=ZMQ len=10 type=BINARY data=00 08 6B 01 04 09 00 12 34 56 
05-22 07:11:47.083  1026  1026 I MyAppLog: [2026-05-22 07:11:47.083 I tboxap mcuCommTboxmidsRecvCb:96] [Mcu] [mcuCommTboxmidsRecvCb] recv from tboxmids, size:10
05-22 07:11:47.083  1026  1026 I MyAppLog: [2026-05-22 07:11:47.083 I tboxap mcuCommTboxmidsRecvCb:97] [Mcu] [tboxmids -> tboxap]: :00 08 6B 01 04 09 00 12 34 56
05-22 07:11:47.083  1026  1026 I MyAppLog: [2026-05-22 07:11:47.083 I tboxap mcuPtlParseData:969] [Mcu] [Mcu  Parse]: (cmd):0900 (param):0900123456
05-22 07:11:47.083  1026  1026 D MyAppLog: [2026-05-22 07:11:47.083 D tboxap mcuCommCbHandel:1009] [Mcu] [Mcu  Rev]: (cmd):0900 (param value):123456
05-22 07:11:47.083  1026  1026 W MyAppLog: [2026-05-22 07:11:47.083 W tboxap mcuParamDataRevPack:897] [Mcu] mcuParamDataRevPack start pack data!!!
05-22 07:11:47.083  1026  1026 I MyAppLog: [2026-05-22 07:11:47.083 I tboxap MCU_HANDSHAKE_IND_McuInd:296] [Mcu] [MCU_HANDSHAKE_IND_McuInd] wakeReason:0x12 -> loginReason:0x08
05-22 07:11:47.083  1026  1026 W MyAppLog: [2026-05-22 07:11:47.083 W tboxap mcuHandleHandshakeInd:991] [Mcu] [mcuHandleHandshakeInd] recv 0x0900 handshake response wakeReason:0x12 protoVer:0x34
05-22 07:11:47.084   486   580 I mcuc    : rev,n=2,6AA68107BC000A89006C0104091312345600
05-22 07:11:47.084  1091  1116 I tboxmids_ap: [2026-05-22 07:11:47.084] [MCU RX] src=MCU dst=ZMQ len=10 type=BINARY data=00 08 6C 01 04 09 13 12 34 56 
05-22 07:11:47.085   344   361 D automotive.vehicle@2.0-adayo-datacomm-mcu: MCUDatacomm sendMessageFromVehicle prop: 0x89, areaId: 0x0, status: 0x6c, timestamp: 0x1
05-22 07:11:47.085   344   361 D automotive.vehicle@2.0-adayo-datacomm-mcu: MCUDatacomm 1sendMessageFromVehicle ---> type = 12 
05-22 07:11:47.085   573   573 I SpiService: fgesysctrl_getGPIO_status success val=1
05-22 07:11:47.085  1026  1026 I MyAppLog: [2026-05-22 07:11:47.085 I tboxap mcuCommTboxmidsRecvCb:96] [Mcu] [mcuCommTboxmidsRecvCb] recv from tboxmids, size:10
05-22 07:11:47.085  1026  1026 I MyAppLog: [2026-05-22 07:11:47.085 I tboxap mcuCommTboxmidsRecvCb:97] [Mcu] [tboxmids -> tboxap]: :00 08 6C 01 04 09 13 12 34 56
05-22 07:11:47.085  1026  1026 W MyAppLog: [2026-05-22 07:11:47.085 W tboxap mcuYadiFrameParse:831] [Mcu] [mcuYadiFrameParse] cmd:0913(MCU_SEC_BATT1_DYNAMIC_IND) payload too short:5 < 36
05-22 06:30:20.828   573   573 D spi_rst_gpio_get_output: GPIO 145 value: 1
05-22 06:30:20.828   573   573 D spidev_ioctl: gpio status=1)
05-22 07:11:47.085  1026  1026 W MyAppLog: [2026-05-22 07:11:47.085 W tboxap mcuPtlParseData:961] [Mcu] [mcuPtlParseData] invalid yadi frame, len:10
05-22 07:11:47.089   291  1491 D EvsDriver: forwardFrame
05-22 07:11:47.090   573   573 I SpiService: fgesysctrl_getGPIO_status success val=1
05-22 07:11:47.092   291  1491 D EvsDriver: Delivered 0xb400007b2f47ca30 as id 0
05-22 07:11:47.092  1137  1137 D evsmanagerd: /dev/video4 forwarded the buffer #0 to 0xb4000071fa019690 from 0xb4000071fa01b7d0
05-22 06:30:20.834   573   573 D spi_rst_gpio_get_output: GPIO 145 value: 1
05-22 06:30:20.834   573   573 D spidev_ioctl: gpio status=1)
05-22 07:11:47.096   573   573 I SpiService: fgesysctrl_getGPIO_status success val=1
05-22 07:11:47.096  2981  3177 I SentryImuMcuAngleSender: 179.92416rollDeg
05-22 07:11:47.096  2981  3177 I SentryImuMcuAngleSender: 1,0,0
05-22 07:11:47.097   291  1135 D EvsDriver: doneWithFrame
05-22 06:30:20.839   573   573 D spi_rst_gpio_get_output: GPIO 145 value: 1
05-22 06:30:20.839   573   573 D spidev_ioctl: gpio status=1)
05-22 06:30:20.845   573   573 D spi_rst_gpio_get_output: GPIO 145 value: 1
05-22 06:30:20.845   573   573 D spidev_ioctl: gpio status=1)
05-22 07:11:47.101   573   573 I SpiService: fgesysctrl_getGPIO_status success val=1
05-22 07:11:47.104   544   544 D commservice260303: msg.id = 1028,0
05-22 07:11:47.104   544   544 D commservice260303: i = 170, msgid = 8A000404
05-22 07:11:47.104   544   544 D commservice260303: msgid = -1979710460,did=138
05-22 07:11:47.104   544   544 D commservice260303: CommProtocolLibCmdBaseI2C::dataproc {"command":{"id":"imu_status","sub":""},"content":{"TimeStamp":1779405107103,"FrameCounter":8978,"GD_X":-0.00908595696091652,"GD_Y":0.007558800280094147,"GD_Z":0.01763824187219143,"AD_X":-0.004330597817897797,"AD_Y":-2.2053439170122147E-4,"AD_Z":-0.33335399627685547,"TempDsp":0,"Status":0,"CalibState":1,"SigAmpInvalid":0}},-1979710460
05-22 07:11:47.104   544   544 D commservice260303: send2Cluster len:324, 7B22636F6D6D616E64223A7B226964223A22696D755F737461747573222C22737562223A22227D2C22636F6E74656E74223A7B2254696D655374616D70223A313737393430353130373130332C224672616D65436F756E746572223A383937382C2247445F58223A2D302E30303930383539353639363039313635322C2247445F59223A302E3030373535383830303238303039343134372C2247445F5A223A302E30313736333832343138373231393134332C2241445F58223A2D302E3030343333303539373831373839373739372C2241445F59223A2D322E32303533343339313730313232313437452D342C2241445F5A223A2D302E33333333353339393632373638353534372C2254656D70447370223A302C22537461747573223A302C2243616C69625374617465223A312C22536967416D70496E76616C6964223A307D7D, 138 
05-22 07:11:47.104   544   544 D commservice260303: Push Message into SendPool fn=-652017664
05-22 07:11:47.104   544   544 D commservice260303: ComProtocolLibSend2Cluster::send2ClusterRaw fn=-652017664 , len=340
05-22 07:11:47.104   544   544 D commservice260303: sendCmdToPort :340!!!
05-22 07:11:47.104   544   544 D commservice260303: send Cmd To Port ++++5AA501508A01000023D96A0F91337B22636F6D6D616E64223A7B226964223A22696D755F737461747573222C22737562223A22227D2C22636F6E74656E74223A7B2254696D655374616D70223A313737393430353130373130332C224672616D65436F756E746572223A383937382C2247445F58223A2D302E30303930383539353639363039313635322C2247445F59223A302E3030373535383830303238303039343134372C2247445F5A223A302E30313736333832343138373231393134332C2241445F58223A2D302E3030343333303539373831373839373739372C2241445F59223A2D322E32303533343339313730313232313437452D342C2241445F5A223A2D302E33333333353339393632373638353534372C2254656D70447370223A302C22537461747573223A302C2243616C69625374617465223A312C22536967416D70496E76616C6964223A307D7D63B8
05-22 07:11:47.104   544   544 D commservice260303: bufferevent_write retrun value = 0
05-22 07:11:47.104   544   567 D commservice260303: client datas send succeed,send finish
05-22 07:11:47.105  2981  3178 D Sentinelmode_1.2.5.13_alpha: <SentryImuClusterFgeSender>imu_status sent to Linux, frame=8978, tsNs=392080, tsMs=1779405107103, intervalMs=41, ad=(-0.004330598,-2.2053439E-4,-0.333354), gd=(-0.009085957,0.0075588003,0.017638242)
05-22 07:11:47.107   573   573 I SpiService: fgesysctrl_getGPIO_status success val=1
05-22 07:11:47.108   824   824 D SurfaceFlinger: unisoc-graphics, commit has frameMissed:2, vysncId:202732
05-22 07:11:47.110   276   300 I rvcservice: t.code = 3, t.value = 0
05-22 06:30:20.850   573   573 D spi_rst_gpio_get_output: GPIO 145 value: 1
05-22 06:30:20.850   573   573 D spidev_ioctl: gpio status=1)
05-22 07:11:47.112   573   573 I SpiService: fgesysctrl_getGPIO_status success val=0
05-22 07:11:47.112   486   579 I mcuc    : send SPI:6AA60207BB00028900B16AA60207BC00028900B0
05-22 06:30:20.856   573   573 D spi_rst_gpio_get_output: GPIO 145 value: 0
05-22 06:30:20.856   573   573 D spidev_ioctl: gpio status=0)
05-22 07:11:47.116  2981  3177 I SentryImuMcuAngleSender: 179.93108rollDeg
05-22 07:11:47.117  2981  3177 I SentryImuMcuAngleSender: 1,0,0
05-22 07:11:47.119   964  1804 D [OMXB]  : usingANWBuffer: handle:0xebd449a0, format:1, w:1920, h:1080
05-22 07:11:47.121  1026  1026 D MyAppLog: [2026-05-22 07:11:47.121 D tboxap tsp_WorkMachineProc:1086] [Tsp] [tsp_WorkMachineProc]TSP_WORK_LOGIN NOW !!!!
05-22 07:11:47.124   824   824 D SurfaceFlinger: unisoc-graphics, commit has frameMissed:2, vysncId:202747
05-22 07:11:47.125   291  1491 D EvsDriver: forwardFrame
05-22 07:11:47.126   573   573 I SpiService: fgesysctrl_getGPIO_status success val=1
05-22 07:11:47.127   291  1491 D EvsDriver: Delivered 0xb400007b2f47ca30 as id 0
05-22 07:11:47.127  1137  1137 D evsmanagerd: /dev/video4 forwarded the buffer #0 to 0xb4000071fa019690 from 0xb4000071fa01b7d0
05-22 07:11:47.127   291  1135 D EvsDriver: doneWithFrame
05-22 06:30:20.870   573   573 D spi_rst_gpio_get_output: GPIO 145 value: 1
05-22 06:30:20.870   573   573 D spidev_ioctl: gpio status=1)
05-22 07:11:47.131   573   573 I SpiService: fgesysctrl_getGPIO_status success val=1
05-22 06:30:20.875   573   573 D spi_rst_gpio_get_output: GPIO 145 value: 1
05-22 06:30:20.875   573   573 D spidev_ioctl: gpio status=1)
05-22 07:11:47.137   573   573 I SpiService: fgesysctrl_getGPIO_status success val=1
05-22 07:11:47.137  2981  3177 I SentryImuMcuAngleSender: 179.92418rollDeg
05-22 06:30:20.880   573   573 D spi_rst_gpio_get_output: GPIO 145 value: 1
05-22 06:30:20.880   573   573 D spidev_ioctl: gpio status=1)
05-22 07:11:47.137  2981  3177 I SentryImuMcuAngleSender: 1,0,0
05-22 07:11:47.141   824   824 D SurfaceFlinger: unisoc-graphics, commit has frameMissed:2, vysncId:202755
05-22 07:11:47.142   573   573 I SpiService: fgesysctrl_getGPIO_status success val=1
05-22 07:11:47.144   544   544 D commservice260303: msg.id = 1028,0
05-22 07:11:47.144   544   544 D commservice260303: i = 170, msgid = 8A000404
05-22 07:11:47.144   544   544 D commservice260303: msgid = -1979710460,did=138
05-22 07:11:47.144   544   544 D commservice260303: CommProtocolLibCmdBaseI2C::dataproc {"command":{"id":"imu_status","sub":""},"content":{"TimeStamp":1779405107143,"FrameCounter":8979,"GD_X":-0.008781149983406067,"GD_Y":0.0073299347423017025,"GD_Z":0.017867106944322586,"AD_X":-0.0037202686071395874,"AD_Y":9.98818315565586E-4,"AD_Z":-0.33457469940185547,"TempDsp":0,"Status":0,"CalibState":1,"SigAmpInvalid":0}},-1979710460
05-22 07:11:47.144   544   544 D commservice260303: send2Cluster len:325, 7B22636F6D6D616E64223A7B226964223A22696D755F737461747573222C22737562223A22227D2C22636F6E74656E74223A7B2254696D655374616D70223A313737393430353130373134332C224672616D65436F756E746572223A383937392C2247445F58223A2D302E3030383738313134393938333430363036372C2247445F59223A302E303037333239393334373432333031373032352C2247445F5A223A302E3031373836373130363934343332323538362C2241445F58223A2D302E303033373230323638363037313339353837342C2241445F59223A392E3938383138333135353635353836452D342C2241445F5A223A2D302E33333435373436393934303138353534372C2254656D70447370223A302C22537461747573223A302C2243616C69625374617465223A312C22536967416D70496E76616C6964223A307D7D, 138 
05-22 07:11:47.144   544   544 D commservice260303: Push Message into SendPool fn=-635240448
05-22 07:11:47.144   544   544 D commservice260303: ComProtocolLibSend2Cluster::send2ClusterRaw fn=-635240448 , len=341
05-22 07:11:47.144   544   544 D commservice260303: sendCmdToPort :341!!!
05-22 07:11:47.144   544   544 D commservice260303: send Cmd To Port ++++5AA501518A01000023DA6A0F91337B22636F6D6D616E64223A7B226964223A22696D755F737461747573222C22737562223A22227D2C22636F6E74656E74223A7B2254696D655374616D70223A313737393430353130373134332C224672616D65436F756E746572223A383937392C2247445F58223A2D302E3030383738313134393938333430363036372C2247445F59223A302E303037333239393334373432333031373032352C2247445F5A223A302E3031373836373130363934343332323538362C2241445F58223A2D302E303033373230323638363037313339353837342C2241445F59223A392E3938383138333135353635353836452D342C2241445F5A223A2D302E33333435373436393934303138353534372C2254656D70447370223A302C22537461747573223A302C2243616C69625374617465223A312C22536967416D70496E76616C6964223A307D7D88A3
05-22 07:11:47.144   544   544 D commservice260303: bufferevent_write retrun value = 0
05-22 07:11:47.144   544   567 D commservice260303: client datas send succeed,send finish
05-22 07:11:47.144  2981  3178 D Sentinelmode_1.2.5.13_alpha: <SentryImuClusterFgeSender>imu_status sent to Linux, frame=8979, tsNs=392116, tsMs=1779405107143, intervalMs=40, ad=(-0.0037202686,9.988183E-4,-0.3345747), gd=(-0.00878115,0.0073299347,0.017867107)
05-22 06:30:20.885   573   573 D spi_rst_gpio_get_output: GPIO 145 value: 1
05-22 06:30:20.885   573   573 D spidev_ioctl: gpio status=1)
05-22 07:11:47.147   573   573 I SpiService: fgesysctrl_getGPIO_status success val=1
05-22 06:30:20.891   573   573 D spi_rst_gpio_get_output: GPIO 145 value: 1
05-22 06:30:20.891   573   573 D spidev_ioctl: gpio status=1)
05-22 07:11:47.153   573   573 I SpiService: fgesysctrl_getGPIO_status success val=0
05-22 07:11:47.153   291  1491 D EvsDriver: forwardFrame
05-22 06:30:20.896   573   573 D spi_rst_gpio_get_output: GPIO 145 value: 0
05-22 06:30:20.896   573   573 D spidev_ioctl: gpio status=0)
05-22 07:11:47.154  1137  1137 D evsmanagerd: /dev/video4 forwarded the buffer #0 to 0xb4000071fa019690 from 0xb4000071fa01b7d0
05-22 07:11:47.154   291  1491 D EvsDriver: Delivered 0xb400007b2f47ca30 as id 0
05-22 07:11:47.158  2981  3177 I SentryImuMcuAngleSender: 179.91728rollDeg
05-22 07:11:47.158  2981  3177 I SentryImuMcuAngleSender: 1,0,0
05-22 07:11:47.159   291  1135 D EvsDriver: doneWithFrame
05-22 07:11:47.162  1091  1133 D tboxmids_ap: Frame Size: 12
05-22 07:11:47.162  1091  1133 D tboxmids_ap: Hex Data:
05-22 07:11:47.162  1091  1133 D tboxmids_ap: 09 
05-22 07:11:47.162  1091  1133 D tboxmids_ap: 01 
05-22 07:11:47.162  1091  1133 D tboxmids_ap: 00 
05-22 07:11:47.162  1091  1133 D tboxmids_ap: 08 
05-22 07:11:47.162  1091  1133 D tboxmids_ap: F1 
05-22 07:11:47.162  1091  1133 D tboxmids_ap: 04 
05-22 07:11:47.162  1091  1133 D tboxmids_ap: 01 
05-22 07:11:47.162  1091  1133 D tboxmids_ap: 09 
05-22 07:11:47.162  1091  1133 D tboxmids_ap: 81 
05-22 07:11:47.162  1091  1133 D tboxmids_ap: 02 
05-22 07:11:47.162  1091  1133 D tboxmids_ap: 01 
05-22 07:11:47.162  1091  1133 D tboxmids_ap: 01 
05-22 07:11:47.162  1091  1133 D tboxmids_ap: 
05-22 07:11:47.163  1091  1133 D tboxmids_ap: Hex Data end 
05-22 07:11:47.163  1026  1026 I MyAppLog: [2026-05-22 07:11:47.160 I tboxap mcuMainPeriodic100msTask:572] [Mcu] [mcuMainPeriodic100msTask] MCU version not ready, send 0x0981 item 0x01 retry:1
05-22 07:11:47.164  1026  1026 I MyAppLog: [2026-05-22 07:11:47.160 I tboxap mcuSendYadiTransfer:195] [Mcu] [mcuYadiSend]: :00 08 F1 04 01 09 81 02 01 01
05-22 07:11:47.167   486   581 I mcuc    : start timer OK = 1075 
05-22 07:11:47.167   573   573 I SpiService: fgesysctrl_getGPIO_status success val=1
05-22 06:30:20.911   573   573 D spi_rst_gpio_get_output: GPIO 145 value: 1
05-22 06:30:20.911   573   573 D spidev_ioctl: gpio status=1)
05-22 07:11:47.173   573   573 I SpiService: fgesysctrl_getGPIO_status success val=1
05-22 06:30:20.916   573   573 D spi_rst_gpio_get_output: GPIO 145 value: 1
05-22 06:30:20.916   573   573 D spidev_ioctl: gpio status=1)
05-22 07:11:47.178  2981  3177 I SentryImuMcuAngleSender: 179.91728rollDeg
05-22 07:11:47.178  2981  3177 I SentryImuMcuAngleSender: 1,0,0
05-22 07:11:47.178   573   573 I SpiService: fgesysctrl_getGPIO_status success val=1
05-22 07:11:47.180   964  1804 D [OMXB]  : usingANWBuffer: handle:0xebd40dd0, format:1, w:1920, h:1080
05-22 06:30:20.922   573   573 D spi_rst_gpio_get_output: GPIO 145 value: 1
05-22 06:30:20.922   573   573 D spidev_ioctl: gpio status=1)
05-22 07:11:47.184   573   573 I SpiService: fgesysctrl_getGPIO_status success val=1
05-22 07:11:47.184   544   544 D commservice260303: msg.id = 1028,0
05-22 07:11:47.184   544   544 D commservice260303: i = 170, msgid = 8A000404
05-22 07:11:47.184   544   544 D commservice260303: msgid = -1979710460,did=138
05-22 07:11:47.184   544   544 D commservice260303: CommProtocolLibCmdBaseI2C::dataproc {"command":{"id":"imu_status","sub":""},"content":{"TimeStamp":1779405107183,"FrameCounter":8980,"GD_X":-0.00985005497932434,"GD_Y":0.007788185961544514,"GD_Z":0.018020030111074448,"AD_X":-0.0018909499049186707,"AD_Y":0.0022159265354275703,"AD_Z":-0.33457469940185547,"TempDsp":0,"Status":0,"CalibState":1,"SigAmpInvalid":0}},-1979710460
05-22 07:11:47.184   544   544 D commservice260303: send2Cluster len:325, 7B22636F6D6D616E64223A7B226964223A22696D755F737461747573222C22737562223A22227D2C22636F6E74656E74223A7B2254696D655374616D70223A313737393430353130373138332C224672616D65436F756E746572223A383938302C2247445F58223A2D302E30303938353030353439373933323433342C2247445F59223A302E3030373738383138353936313534343531342C2247445F5A223A302E3031383032303033303131313037343434382C2241445F58223A2D302E303031383930393439393034393138363730372C2241445F59223A302E303032323135393236353335343237353730332C2241445F5A223A2D302E33333435373436393934303138353534372C2254656D70447370223A302C22537461747573223A302C2243616C69625374617465223A312C22536967416D70496E76616C6964223A307D7D, 138 
05-22 07:11:47.184   544   544 D commservice260303: Push Message into SendPool fn=-618463232
05-22 07:11:47.184   544   544 D commservice260303: ComProtocolLibSend2Cluster::send2ClusterRaw fn=-618463232 , len=341
05-22 07:11:47.184   544   544 D commservice260303: sendCmdToPort :341!!!
05-22 07:11:47.184   544   544 D commservice260303: send Cmd To Port ++++5AA501518A01000023DB6A0F91337B22636F6D6D616E64223A7B226964223A22696D755F737461747573222C22737562223A22227D2C22636F6E74656E74223A7B2254696D655374616D70223A313737393430353130373138332C224672616D65436F756E746572223A383938302C2247445F58223A2D302E30303938353030353439373933323433342C2247445F59223A302E3030373738383138353936313534343531342C2247445F5A223A302E3031383032303033303131313037343434382C2241445F58223A2D302E303031383930393439393034393138363730372C2241445F59223A302E303032323135393236353335343237353730332C2241445F5A223A2D302E33333435373436393934303138353534372C2254656D70447370223A302C22537461747573223A302C2243616C69625374617465223A312C22536967416D70496E76616C6964223A307D7DFB9D
05-22 07:11:47.184   544   544 D commservice260303: bufferevent_write retrun value = 0
05-22 07:11:47.184   544   567 D commservice260303: client datas send succeed,send finish
05-22 07:11:47.184  2981  3178 D Sentinelmode_1.2.5.13_alpha: <SentryImuClusterFgeSender>imu_status sent to Linux, frame=8980, tsNs=392151, tsMs=1779405107183, intervalMs=40, ad=(-0.0018909499,0.0022159265,-0.3345747), gd=(-0.009850055,0.007788186,0.01802003)
05-22 06:30:20.927   573   573 D spi_rst_gpio_get_output: GPIO 145 value: 1
05-22 06:30:20.927   573   573 D spidev_ioctl: gpio status=1)
05-22 07:11:47.188   291  1491 D EvsDriver: forwardFrame
05-22 07:11:47.189   573   573 I SpiService: fgesysctrl_getGPIO_status success val=1
05-22 06:30:20.933   573   573 D spi_rst_gpio_get_output: GPIO 145 value: 1
05-22 06:30:20.933   573   573 D spidev_ioctl: gpio status=1)
05-22 07:11:47.190   291  1491 D EvsDriver: Delivered 0xb400007b2f47ca30 as id 0
05-22 07:11:47.190  1137  1137 D evsmanagerd: /dev/video4 forwarded the buffer #0 to 0xb4000071fa019690 from 0xb4000071fa01b7d0
05-22 07:11:47.193   824   824 D SurfaceFlinger: unisoc-graphics, commit has frameMissed:2, vysncId:202786
05-22 07:11:47.194   291  1135 D EvsDriver: doneWithFrame
05-22 07:11:47.195   737  2076 E TaskPersister: File error accessing recents directory (directory doesn't exist?).
05-22 07:11:47.195   573   573 I SpiService: fgesysctrl_getGPIO_status success val=0
05-22 07:11:47.195   486   579 I mcuc    : send SPI:6AA601043300F80901F1040109810201010000000000000000000000000000000000000000000000000000000000000000000000000000000000000000000000000000000000000000000000000000000000000000000000000000000000000000000000000000000000000000000000000000000000000000000000000000000000000000000000000000000000000000000000000000000000000000000000000000000000000000000000000000000000000000000000000000000000000000000000000000000000000000000000000000000000000000000000000000000000000000000000000000000000000000000000000000000000000000000042
05-22 06:30:20.938   573   573 D spi_rst_gpio_get_output: GPIO 145 value: 0
05-22 06:30:20.938   573   573 D spidev_ioctl: gpio status=0)
05-22 07:11:47.196   544   567 D commservice260303: recv len:75, 5AA500470600000002386A0F91337B22636F6D6D616E64223A7B226964223A226473695F6C7578222C22737562223A22227D2C22636F6E74656E74223A7B2276616C7565223A307D7D651D from server
