05-22 07:11:47.196   544  3079 D commservice260303: mcuDataAnalyzeHandle templen:75,len:75,pos:0, 5AA500470600000002386A0F91337B22636F6D6D616E64223A7B226964223A226473695F6C7578222C22737562223A22227D2C22636F6E74656E74223A7B2276616C7565223A307D7D651D 
05-22 07:11:47.196   544  3079 I commservice260303: checksumCal = 25885
05-22 07:11:47.196   544  3079 D commservice260303: CommProtocolLibCmdBaseC2I::dataproc {"command":{"id":"dsi_lux","sub":""},"content":{"value":0}},6
05-22 07:11:47.196   544  3079 D commservice260303: mcuCommMessageManager::notifyMsgToClient hwbinder OK
05-22 07:11:47.196   544  3079 D commservice260303: mcuCommMessageManager::notifyMsgToClient hwbinder OK
05-22 07:11:47.196   544  3079 D commservice260303: McuProtocolLibSend2Service::send2Service ret=1
05-22 07:11:47.196  2109  2467 D ivicomm_CommManager: fgeComServiceCallback: {"command":{"id":"dsi_lux","sub":""},"content":{"value":0}}
05-22 07:11:47.197  2109  2467 D ivicomm_CallbackManager: registerCallback DSI_LUX: {"value":0} mCommStateCallbackMap size:5
05-22 07:11:47.198  2981  3177 I SentryImuMcuAngleSender: 179.92416rollDeg
05-22 07:11:47.199  2981  3177 I SentryImuMcuAngleSender: 1,0,0
05-22 07:11:47.200  1774  2736 D NSLogUtils_VehicleService: L2A comm state: id=dsi_lux, value=0
05-22 07:11:47.200  1517  1567 D sysUI_SystemSettingsControllerService: [binder:1517_3] - onCommState: commandID = dsi_lux; value = 0
05-22 07:11:47.203   558  1606 I gps_hdbd: Received: '$GNGGA,231147.000,,,,,0,00,,,M,,M,,*64
'
05-22 07:11:47.204  1026  1026 D MyAppLog: [2026-05-22 07:11:47.204 D tboxap gspDataAnalyze:346] [Gps] rev gps data:$GNGGA,231147.000,,,,,0,00,,,M,,M,,*64
05-22 07:11:47.204  1026  1026 D MyAppLog: [2026-05-22 07:11:47.204 D tboxap gpsCommTboxmidsRecvCb:66] [Gps] [gpsCommTboxmidsRecvCb] gps nmea updated:$GNGGA,231147.000,,,,,0,00,,,M,,M,,*64
05-22 07:11:47.204  1026  1026 D MyAppLog: 
05-22 07:11:47.208   477  1279 I dvr_service_: Camera 0: Buffer reuse stats - Total: 7100, Reused: 3397, New: 3703, Rate: 47.8%
05-22 07:11:47.209   558  1606 I gps_hdbd: Received: '$GNGSA,A,1,,,,,,,,,,,,,,,,1*1D
'
05-22 07:11:47.210  1026  1026 D MyAppLog: [2026-05-22 07:11:47.209 D tboxap gspDataAnalyze:346] [Gps] rev gps data:$GNGSA,A,1,,,,,,,,,,,,,,,,1*1D
05-22 07:11:47.210   276   300 I rvcservice: t.code = 2, t.value = 10138810
05-22 07:11:47.210   824   824 D SurfaceFlinger: unisoc-graphics, commit has frameMissed:2, vysncId:202801
05-22 07:11:47.210  1026  1026 D MyAppLog: [2026-05-22 07:11:47.209 D tboxap gpsCommTboxmidsRecvCb:66] [Gps] [gpsCommTboxmidsRecvCb] gps nmea updated:$GNGSA,A,1,,,,,,,,,,,,,,,,1*1D
05-22 07:11:47.210  1026  1026 D MyAppLog: 
05-22 07:11:47.210   573   573 I SpiService: fgesysctrl_getGPIO_status success val=1
05-22 06:30:20.953   573   573 D spi_rst_gpio_get_output: GPIO 145 value: 1
05-22 06:30:20.953   573   573 D spidev_ioctl: gpio status=1)
05-22 07:11:47.214   558  1606 I gps_hdbd: Received: '$GNGSA,A,1,,,,,,,,,,,,,,,,3*1F
'
05-22 07:11:47.215   558  1606 I gps_hdbd: Received: '$GNGSA,A,1,,,,,,,,,,,,,,,,4*18
'
05-22 07:11:47.215   558  1606 I gps_hdbd: Received: '$BDGSV,1,1,00,1*75
'
05-22 07:11:47.215   573   573 I SpiService: fgesysctrl_getGPIO_status success val=1
05-22 07:11:47.215  1026  1026 D MyAppLog: [2026-05-22 07:11:47.215 D tboxap gspDataAnalyze:346] [Gps] rev gps data:$GNGSA,A,1,,,,,,,,,,,,,,,,3*1F
05-22 07:11:47.216  1026  1026 D MyAppLog: [2026-05-22 07:11:47.215 D tboxap gpsCommTboxmidsRecvCb:66] [Gps] [gpsCommTboxmidsRecvCb] gps nmea updated:$GNGSA,A,1,,,,,,,,,,,,,,,,3*1F
05-22 07:11:47.216  1026  1026 D MyAppLog: 
05-22 07:11:47.216  1026  1026 D MyAppLog: [2026-05-22 07:11:47.215 D tboxap gspDataAnalyze:346] [Gps] rev gps data:$GNGSA,A,1,,,,,,,,,,,,,,,,4*18
05-22 07:11:47.216  1026  1026 D MyAppLog: [2026-05-22 07:11:47.215 D tboxap gpsCommTboxmidsRecvCb:66] [Gps] [gpsCommTboxmidsRecvCb] gps nmea updated:$GNGSA,A,1,,,,,,,,,,,,,,,,4*18
05-22 07:11:47.216  1026  1026 D MyAppLog: 
05-22 07:11:47.216  1026  1026 D MyAppLog: [2026-05-22 07:11:47.216 D tboxap gspDataAnalyze:346] [Gps] rev gps data:$BDGSV,1,1,00,1*75
05-22 07:11:47.216  1026  1026 D MyAppLog: [2026-05-22 07:11:47.216 D tboxap gpsCommTboxmidsRecvCb:66] [Gps] [gpsCommTboxmidsRecvCb] gps nmea updated:$BDGSV,1,1,00,1*75
05-22 07:11:47.216  1026  1026 D MyAppLog: 
05-22 06:30:20.959   573   573 D spi_rst_gpio_get_output: GPIO 145 value: 1
05-22 06:30:20.959   573   573 D spidev_ioctl: gpio status=1)
05-22 07:11:47.219  2981  3177 I SentryImuMcuAngleSender: 179.92416rollDeg
05-22 07:11:47.219  2981  3177 I SentryImuMcuAngleSender: 1,0,0
05-22 07:11:47.221   573   573 I SpiService: fgesysctrl_getGPIO_status success val=1
05-22 07:11:47.221   558  1606 I gps_hdbd: Received: '$GPGSV,1,1,01,199,42,165,,1*60
'
05-22 06:30:20.964   573   573 D spi_rst_gpio_get_output: GPIO 145 value: 1
05-22 06:30:20.964   573   573 D spidev_ioctl: gpio status=1)
05-22 07:11:47.222   558  1606 I gps_hdbd: Received: '$GAGSV,1,1,00,7*73
'
05-22 07:11:47.222  1026  1026 D MyAppLog: [2026-05-22 07:11:47.222 D tboxap gspDataAnalyze:346] [Gps] rev gps data:$GPGSV,1,1,01,199,42,165,,1*60
05-22 07:11:47.222  1026  1026 D MyAppLog: [2026-05-22 07:11:47.222 D tboxap gpsCommTboxmidsRecvCb:66] [Gps] [gpsCommTboxmidsRecvCb] gps nmea updated:$GPGSV,1,1,01,199,42,165,,1*60
05-22 07:11:47.222  1026  1026 D MyAppLog: 
05-22 07:11:47.222  1026  1026 D MyAppLog: [2026-05-22 07:11:47.222 D tboxap gspDataAnalyze:346] [Gps] rev gps data:$GAGSV,1,1,00,7*73
05-22 07:11:47.222  1026  1026 D MyAppLog: [2026-05-22 07:11:47.222 D tboxap gpsCommTboxmidsRecvCb:66] [Gps] [gpsCommTboxmidsRecvCb] gps nmea updated:$GAGSV,1,1,00,7*73
05-22 07:11:47.222  1026  1026 D MyAppLog: 
05-22 07:11:47.224   544   544 D commservice260303: msg.id = 1028,0
05-22 07:11:47.224   544   544 D commservice260303: i = 170, msgid = 8A000404
05-22 07:11:47.224   544   544 D commservice260303: msgid = -1979710460,did=138
05-22 07:11:47.224   544   544 D commservice260303: CommProtocolLibCmdBaseI2C::dataproc {"command":{"id":"imu_status","sub":""},"content":{"TimeStamp":1779405107223,"FrameCounter":8981,"GD_X":-0.00862822588533163,"GD_Y":0.007024087477475405,"GD_Z":0.0183248370885849,"AD_X":5.440935492515564E-4,"AD_Y":9.959032759070396E-4,"AD_Z":-0.3321352005004883,"TempDsp":0,"Status":0,"CalibState":1,"SigAmpInvalid":0}},-1979710460
05-22 07:11:47.224   544   544 D commservice260303: send2Cluster len:319, 7B22636F6D6D616E64223A7B226964223A22696D755F737461747573222C22737562223A22227D2C22636F6E74656E74223A7B2254696D655374616D70223A313737393430353130373232332C224672616D65436F756E746572223A383938312C2247445F58223A2D302E30303836323832323538383533333136332C2247445F59223A302E3030373032343038373437373437353430352C2247445F5A223A302E303138333234383337303838353834392C2241445F58223A352E343430393335343932353135353634452D342C2241445F59223A392E393539303332373539303730333936452D342C2241445F5A223A2D302E333332313335323030353030343838332C2254656D70447370223A302C22537461747573223A302C2243616C69625374617465223A312C22536967416D70496E76616C6964223A307D7D, 138 
05-22 07:11:47.224   544   544 D commservice260303: Push Message into SendPool fn=-601686016
05-22 07:11:47.224   544   544 D commservice260303: ComProtocolLibSend2Cluster::send2ClusterRaw fn=-601686016 , len=335
05-22 07:11:47.224   544   544 D commservice260303: sendCmdToPort :335!!!
05-22 07:11:47.224   544   544 D commservice260303: send Cmd To Port ++++5AA5014B8A01000023DC6A0F91337B22636F6D6D616E64223A7B226964223A22696D755F737461747573222C22737562223A22227D2C22636F6E74656E74223A7B2254696D655374616D70223A313737393430353130373232332C224672616D65436F756E746572223A383938312C2247445F58223A2D302E30303836323832323538383533333136332C2247445F59223A302E3030373032343038373437373437353430352C2247445F5A223A302E303138333234383337303838353834392C2241445F58223A352E343430393335343932353135353634452D342C2241445F59223A392E393539303332373539303730333936452D342C2241445F5A223A2D302E333332313335323030353030343838332C2254656D70447370223A302C22537461747573223A302C2243616C69625374617465223A312C22536967416D70496E76616C6964223A307D7D4D11
05-22 07:11:47.224   544   544 D commservice260303: bufferevent_write retrun value = 0
05-22 07:11:47.224   544   567 D commservice260303: client datas send succeed,send finish
05-22 07:11:47.224  2981  3178 D Sentinelmode_1.2.5.13_alpha: <SentryImuClusterFgeSender>imu_status sent to Linux, frame=8981, tsNs=392191, tsMs=1779405107223, intervalMs=40, ad=(5.4409355E-4,9.959033E-4,-0.3321352), gd=(-0.008628226,0.0070240875,0.018324837)
05-22 07:11:47.225   291  1491 D EvsDriver: forwardFrame
05-22 07:11:47.226   291  1491 D EvsDriver: Delivered 0xb400007b2f47ca30 as id 0
05-22 07:11:47.226   573   573 I SpiService: fgesysctrl_getGPIO_status success val=1
05-22 07:11:47.226  1137  1137 D evsmanagerd: /dev/video4 forwarded the buffer #0 to 0xb4000071fa019690 from 0xb4000071fa01b7d0
05-22 07:11:47.227   291  1135 D EvsDriver: doneWithFrame
05-22 07:11:47.227   565   565 I Sensors : 230 AccelSensor: x:-0.106750,y:0.013420,z:-10.136980
05-22 06:30:20.969   573   573 D spi_rst_gpio_get_output: GPIO 145 value: 1
05-22 06:30:20.969   573   573 D spidev_ioctl: gpio status=1)
05-22 07:11:47.231   573   573 I SpiService: fgesysctrl_getGPIO_status success val=1
05-22 07:11:47.233   558  1606 I gps_hdbd: Received: '$GNRMC,231147.000,V,,,,,,,210526,120.0,E,N,V*41
'
05-22 07:11:47.233   558  1606 I gps_hdbd: RMC : CALL gnss_sv_status_cb, view_in_sat <1>
05-22 07:11:47.233   558  1606 I gps_hdbd: [reportSvStatus]--->PLATFORM_BSP::Enter
05-22 07:11:47.233   558  1606 I gps_hdbd: hy abnormal deal:hy_cnr30_satellite_cnt=0
05-22 07:11:47.233   558  1606 D gps_hdbd: hy abnormal deal:hy_fixStatus_fail_count=0
05-22 07:11:47.233   558  1606 I gps_hdbd: Received: '$GNZDA,231147.000,21,05,2026,00,00*4A
'
05-22 06:30:20.975   573   573 D spi_rst_gpio_get_output: GPIO 145 value: 1
05-22 06:30:20.975   573   573 D spidev_ioctl: gpio status=1)
05-22 07:11:47.234  1026  1026 D MyAppLog: [2026-05-22 07:11:47.233 D tboxap gspDataAnalyze:346] [Gps] rev gps data:$GNRMC,231147.000,V,,,,,,,210526,120.0,E,N,V*41
05-22 07:11:47.234  1026  1026 D MyAppLog: [2026-05-22 07:11:47.233 D tboxap Real_GPS_Command_Process:293] [Gps] GPS_INFOR_IF_COMPLETED 0f
05-22 07:11:47.234  1026  1026 D MyAppLog: [2026-05-22 07:11:47.233 D tboxap gpsCommDataCb:143] [Gps] [gpsCommDataCb] datacb
05-22 07:11:47.234  1026  1026 W MyAppLog: [2026-05-22 07:11:47.233 W tboxap gpsSyncGpsInfoToDm:263] [Gps] [gpsSyncGpsInfoToDm] fix=0 mode=49 alt=0.00 sat=0 hdop=0.00 pdop=0.00 vdop=0.00
05-22 07:11:47.234  1026  1026 D MyAppLog: [2026-05-22 07:11:47.233 D tboxap gpsIpcInfoCallBack:161] [Gps] [gpsIpcInfoCallBack] gpsIpcInfoCallBack in
05-22 07:11:47.234  1026  1026 D MyAppLog: [2026-05-22 07:11:47.233 D tboxap gpsIpcInfoCallBack:168] [Gps] [gpsIpcInfoCallBack] gps ipc init gpsIpcInfoCallBack = 0x64d0daa0fc
05-22 07:11:47.234  1026  1026 D MyAppLog: [2026-05-22 07:11:47.233 D tboxap gpsIpcInfoCallBack:176] [Gps] [gpsIpcInfoCallBack] gpsIpcInfoCallBack 44 out
05-22 07:11:47.234   964  1804 D [OMXB]  : usingANWBuffer: handle:0xebd41980, format:1, w:1920, h:1080
05-22 07:11:47.234  1026  1026 D MyAppLog: [2026-05-22 07:11:47.233 D tboxap gpsCommTboxmidsRecvCb:66] [Gps] [gpsCommTboxmidsRecvCb] gps nmea updated:$GNRMC,231147.000,V,,,,,,,210526,120.0,E,N,V*41
05-22 07:11:47.234  1026  1026 D MyAppLog: 
05-22 07:11:47.234  1026  1026 D MyAppLog: [2026-05-22 07:11:47.233 D tboxap GpsIpcInfoHandler:133] [Gps] [GpsIpcInfoHandler]  time 
05-22 07:11:47.234  1026  1026 D MyAppLog: [2026-05-22 07:11:47.234 D tboxap gspDataAnalyze:346] [Gps] rev gps data:$GNZDA,231147.000,21,05,2026,00,00*4A
05-22 07:11:47.235  1026  1026 D MyAppLog: [2026-05-22 07:11:47.234 D tboxap gpsCommTboxmidsRecvCb:66] [Gps] [gpsCommTboxmidsRecvCb] gps nmea updated:$GNZDA,231147.000,21,05,2026,00,00*4A
05-22 07:11:47.235  1026  1026 D MyAppLog: 
05-22 07:11:47.237   573   573 I SpiService: fgesysctrl_getGPIO_status success val=0
05-22 06:30:20.980   573   573 D spi_rst_gpio_get_output: GPIO 145 value: 0
05-22 06:30:20.980   573   573 D spidev_ioctl: gpio status=0)
05-22 07:11:47.238   558  1606 I gps_hdbd: Received: '$GNGST,231147.000,,,,,,,*55
'
05-22 07:11:47.240  2981  3177 I SentryImuMcuAngleSender: 179.92415rollDeg
05-22 07:11:47.240  2981  3177 I SentryImuMcuAngleSender: 1,0,0
05-22 07:11:47.246   486   580 I mcuc    : rev,n=1,6AA6820433000209013B
05-22 06:30:20.989     0     0 W         : c6 [    C6] Irq_monitor:Irq                                           IPI[1]occur        7126 times interval 1036 ms
05-22 07:11:47.250   573   573 I SpiService: fgesysctrl_getGPIO_status success val=1
05-22 06:30:20.994   573   573 D spi_rst_gpio_get_output: GPIO 145 value: 1
05-22 06:30:20.994   573   573 D spidev_ioctl: gpio status=1)
05-22 07:11:47.256   573   573 I SpiService: fgesysctrl_getGPIO_status success val=1
05-22 07:11:47.256   558  1606 I gps_hdbd: Received: '$GNINS,1,1,TYPE,I,V,231147.000,375200,FUS,-3,0,0,0,MOT,V,1,PATT,0.00,0.00,0.00,VEL,0.000,0.000,0.000,POS,39.9999846247,115.9999771395,108.489,IIA,1,0.00,0.00,0.00,BGA,0.44,-0.52,-1.01,0.000,0.000,0.000,IGA,0,-1,-1,0,-1,99,VG,16c2ff1*08
'
05-22 06:30:20.999   573   573 D spi_rst_gpio_get_output: GPIO 145 value: 1
05-22 06:30:20.999   573   573 D spidev_ioctl: gpio status=1)
05-22 07:11:47.260  2981  3177 I SentryImuMcuAngleSender: 179.92415rollDeg
05-22 07:11:47.260  2981  3177 I SentryImuMcuAngleSender: 1,0,0
05-22 07:11:47.260   291  1491 D EvsDriver: forwardFrame
05-22 06:30:21.005   573   573 D spi_rst_gpio_get_output: GPIO 145 value: 1
05-22 06:30:21.005   573   573 D spidev_ioctl: gpio status=1)
05-22 07:11:47.261   573   573 I SpiService: fgesysctrl_getGPIO_status success val=1
05-22 07:11:47.261   824   824 D SurfaceFlinger: unisoc-graphics, commit has frameMissed:2, vysncId:202832
05-22 07:11:47.261   291  1491 D EvsDriver: Delivered 0xb400007b2f47ca30 as id 0
05-22 07:11:47.261  1137  1137 D evsmanagerd: /dev/video4 forwarded the buffer #0 to 0xb4000071fa019690 from 0xb4000071fa01b7d0
05-22 07:11:47.264   291  1135 D EvsDriver: doneWithFrame
05-22 07:11:47.265   544   544 D commservice260303: msg.id = 1028,0
05-22 07:11:47.265   544   544 D commservice260303: i = 170, msgid = 8A000404
05-22 07:11:47.265   544   544 D commservice260303: msgid = -1979710460,did=138
05-22 07:11:47.265   544   544 D commservice260303: CommProtocolLibCmdBaseI2C::dataproc {"command":{"id":"imu_status","sub":""},"content":{"TimeStamp":1779405107264,"FrameCounter":8982,"GD_X":-0.008322898298501968,"GD_Y":0.006565836723893881,"GD_Z":0.018401820212602615,"AD_X":-6.832927465438843E-5,"AD_Y":9.955456480383873E-4,"AD_Z":-0.3309144973754883,"TempDsp":0,"Status":0,"CalibState":1,"SigAmpInvalid":0}},-1979710460
05-22 07:11:47.265   544   544 D commservice260303: send2Cluster len:323, 7B22636F6D6D616E64223A7B226964223A22696D755F737461747573222C22737562223A22227D2C22636F6E74656E74223A7B2254696D655374616D70223A313737393430353130373236342C224672616D65436F756E746572223A383938322C2247445F58223A2D302E3030383332323839383239383530313936382C2247445F59223A302E3030363536353833363732333839333838312C2247445F5A223A302E3031383430313832303231323630323631352C2241445F58223A2D362E383332393237343635343338383433452D352C2241445F59223A392E393535343536343830333833383733452D342C2241445F5A223A2D302E333330393134343937333735343838332C2254656D70447370223A302C22537461747573223A302C2243616C69625374617465223A312C22536967416D70496E76616C6964223A307D7D, 138 
05-22 07:11:47.265   544   544 D commservice260303: Push Message into SendPool fn=-584908800
05-22 07:11:47.265   544   544 D commservice260303: ComProtocolLibSend2Cluster::send2ClusterRaw fn=-584908800 , len=339
05-22 07:11:47.265   544   544 D commservice260303: sendCmdToPort :339!!!
05-22 07:11:47.265   544   544 D commservice260303: send Cmd To Port ++++5AA5014F8A01000023DD6A0F91337B22636F6D6D616E64223A7B226964223A22696D755F737461747573222C22737562223A22227D2C22636F6E74656E74223A7B2254696D655374616D70223A313737393430353130373236342C224672616D65436F756E746572223A383938322C2247445F58223A2D302E3030383332323839383239383530313936382C2247445F59223A302E3030363536353833363732333839333838312C2247445F5A223A302E3031383430313832303231323630323631352C2241445F58223A2D362E383332393237343635343338383433452D352C2241445F59223A392E393535343536343830333833383733452D342C2241445F5A223A2D302E333330393134343937333735343838332C2254656D70447370223A302C22537461747573223A302C2243616C69625374617465223A312C22536967416D70496E76616C6964223A307D7D4370
05-22 07:11:47.265   544   544 D commservice260303: bufferevent_write retrun value = 0
05-22 07:11:47.265   544   567 D commservice260303: client datas send succeed,send finish
05-22 07:11:47.266  2981  3178 D Sentinelmode_1.2.5.13_alpha: <SentryImuClusterFgeSender>imu_status sent to Linux, frame=8982, tsNs=392209, tsMs=1779405107264, intervalMs=41, ad=(-6.8329275E-5,9.955456E-4,-0.3309145), gd=(-0.008322898,0.0065658367,0.01840182)
05-22 07:11:47.267   573   573 I SpiService: fgesysctrl_getGPIO_status success val=1
05-22 07:11:47.268   558  1606 I gps_hdbd: Received: '$GNINS,CARSPEED,ADR_STATUS,0,Pulse_count,0,1,0,0,375200,3752,0.000,0.000,0.000*06
'
05-22 06:30:21.010   573   573 D spi_rst_gpio_get_output: GPIO 145 value: 1
05-22 06:30:21.010   573   573 D spidev_ioctl: gpio status=1)
05-22 07:11:47.272   573   573 I SpiService: fgesysctrl_getGPIO_status success val=1
05-22 06:30:21.015   573   573 D spi_rst_gpio_get_output: GPIO 145 value: 1
05-22 06:30:21.015   573   573 D spidev_ioctl: gpio status=1)
05-22 07:11:47.274   558  1606 I gps_hdbd: Received: '$GNTXT,04,01,04,INS,V,1,,,,FLG,1,000000,1,0,1,0,0,Con,0*71
'
05-22 07:11:47.274   558  1606 I gps_hdbd: Received: '$GNTXT,INSTALL,0.00,0.00,0.00,0.00,0.00,0.00,0*20
'
05-22 07:11:47.277   573   573 I SpiService: fgesysctrl_getGPIO_status success val=0
05-22 06:30:21.021   573   573 D spi_rst_gpio_get_output: GPIO 145 value: 0
05-22 06:30:21.021   573   573 D spidev_ioctl: gpio status=0)
05-22 07:11:47.278   824   824 D SurfaceFlinger: unisoc-graphics, commit has frameMissed:2, vysncId:202847
05-22 07:11:47.279   565   565 I Sensors : 230 GyroSensor: x:-0.009010,y:0.008704,z:0.017638
05-22 07:11:47.280  2981  3177 I SentryImuMcuAngleSender: 179.92415rollDeg
05-22 07:11:47.280  2981  3177 I SentryImuMcuAngleSender: 1,0,0
05-22 07:11:47.290   291  1491 D EvsDriver: forwardFrame
05-22 07:11:47.291   291  1491 D EvsDriver: Delivered 0xb400007b2f47ca30 as id 0
05-22 07:11:47.291   573   573 I SpiService: fgesysctrl_getGPIO_status success val=1
05-22 07:11:47.291  1137  1137 D evsmanagerd: /dev/video4 forwarded the buffer #0 to 0xb4000071fa019690 from 0xb4000071fa01b7d0
05-22 07:11:47.293   477  1275 I dvr_service_: [EncoderHandler::runMediaThread] runMediaThread started:1,state:0, cam2:started:1,state:0, lastSwitch:1, mIsMuxerStart:0,format:0,is_str_ing:0
05-22 06:30:21.035   573   573 D spi_rst_gpio_get_output: GPIO 145 value: 1
05-22 06:30:21.035   573   573 D spidev_ioctl: gpio status=1)
05-22 07:11:47.294   291  1135 D EvsDriver: doneWithFrame
05-22 07:11:47.294   964  1804 D [OMXB]  : usingANWBuffer: handle:0xebd41f00, format:1, w:1920, h:1080
05-22 07:11:47.295   824   824 D SurfaceFlinger: unisoc-graphics, commit has frameMissed:2, vysncId:202855
05-22 07:11:47.297   573   573 I SpiService: fgesysctrl_getGPIO_status success val=1
05-22 06:30:21.040   573   573 D spi_rst_gpio_get_output: GPIO 145 value: 1
05-22 06:30:21.040   573   573 D spidev_ioctl: gpio status=1)
05-22 07:11:47.300  2981  3177 I SentryImuMcuAngleSender: 179.9276rollDeg
05-22 07:11:47.300  2981  3177 I SentryImuMcuAngleSender: 1,0,0
05-22 07:11:47.302   573   573 I SpiService: fgesysctrl_getGPIO_status success val=1
05-22 07:11:47.305   544   544 D commservice260303: msg.id = 1028,0
05-22 07:11:47.305   544   544 D commservice260303: i = 170, msgid = 8A000404
05-22 07:11:47.305   544   544 D commservice260303: msgid = -1979710460,did=138
05-22 07:11:47.305   544   544 D commservice260303: CommProtocolLibCmdBaseI2C::dataproc {"command":{"id":"imu_status","sub":""},"content":{"TimeStamp":1779405107304,"FrameCounter":8983,"GD_X":-0.0085517643019557,"GD_Y":0.007024087477475405,"GD_Z":0.017485838383436203,"AD_X":-0.003119640052318573,"AD_Y":3.8536451756954193E-4,"AD_Z":-0.3309144973754883,"TempDsp":0,"Status":0,"CalibState":1,"SigAmpInvalid":0}},-1979710460
05-22 07:11:47.305   544   544 D commservice260303: send2Cluster len:322, 7B22636F6D6D616E64223A7B226964223A22696D755F737461747573222C22737562223A22227D2C22636F6E74656E74223A7B2254696D655374616D70223A313737393430353130373330342C224672616D65436F756E746572223A383938332C2247445F58223A2D302E303038353531373634333031393535372C2247445F59223A302E3030373032343038373437373437353430352C2247445F5A223A302E3031373438353833383338333433363230332C2241445F58223A2D302E3030333131393634303035323331383537332C2241445F59223A332E38353336343531373536393534313933452D342C2241445F5A223A2D302E333330393134343937333735343838332C2254656D70447370223A302C22537461747573223A302C2243616C69625374617465223A312C22536967416D70496E76616C6964223A307D7D, 138 
05-22 07:11:47.305   544   544 D commservice260303: Push Message into SendPool fn=-568131584
05-22 06:30:21.045   573   573 D spi_rst_gpio_get_output: GPIO 145 value: 1
05-22 06:30:21.045   573   573 D spidev_ioctl: gpio status=1)
05-22 07:11:47.305   544   544 D commservice260303: ComProtocolLibSend2Cluster::send2ClusterRaw fn=-568131584 , len=338
05-22 07:11:47.305   544   544 D commservice260303: sendCmdToPort :338!!!
05-22 07:11:47.305   544   544 D commservice260303: send Cmd To Port ++++5AA5014E8A01000023DE6A0F91337B22636F6D6D616E64223A7B226964223A22696D755F737461747573222C22737562223A22227D2C22636F6E74656E74223A7B2254696D655374616D70223A313737393430353130373330342C224672616D65436F756E746572223A383938332C2247445F58223A2D302E303038353531373634333031393535372C2247445F59223A302E3030373032343038373437373437353430352C2247445F5A223A302E3031373438353833383338333433363230332C2241445F58223A2D302E3030333131393634303035323331383537332C2241445F59223A332E38353336343531373536393534313933452D342C2241445F5A223A2D302E333330393134343937333735343838332C2254656D70447370223A302C22537461747573223A302C2243616C69625374617465223A312C22536967416D70496E76616C6964223A307D7D202F
05-22 07:11:47.305   544   544 D commservice260303: bufferevent_write retrun value = 0
05-22 07:11:47.305   544   567 D commservice260303: client datas send succeed,send finish
05-22 07:11:47.305  2981  3178 D Sentinelmode_1.2.5.13_alpha: <SentryImuClusterFgeSender>imu_status sent to Linux, frame=8983, tsNs=392279, tsMs=1779405107304, intervalMs=40, ad=(-0.00311964,3.8536452E-4,-0.3309145), gd=(-0.008551764,0.0070240875,0.017485838)
05-22 07:11:47.307   573   573 I SpiService: fgesysctrl_getGPIO_status success val=1
05-22 06:30:21.051   573   573 D spi_rst_gpio_get_output: GPIO 145 value: 1
05-22 06:30:21.051   573   573 D spidev_ioctl: gpio status=1)
05-22 07:11:47.310   276   300 I rvcservice: t.code = 3, t.value = 0
05-22 07:11:47.313   573   573 I SpiService: fgesysctrl_getGPIO_status success val=1
05-22 06:30:21.056   573   573 D spi_rst_gpio_get_output: GPIO 145 value: 1
05-22 06:30:21.056   573   573 D spidev_ioctl: gpio status=1)
05-22 07:11:47.318   573   573 I SpiService: fgesysctrl_getGPIO_status success val=0
05-22 06:30:21.061   573   573 D spi_rst_gpio_get_output: GPIO 145 value: 0
05-22 06:30:21.061   573   573 D spidev_ioctl: gpio status=0)
05-22 07:11:47.321  2981  3177 I SentryImuMcuAngleSender: 179.9207rollDeg
05-22 07:11:47.322  2981  3177 I SentryImuMcuAngleSender: 1,0,0
05-22 07:11:47.322  1026  1026 D MyAppLog: [2026-05-22 07:11:47.322 D tboxap tsp_WorkMachineProc:1086] [Tsp] [tsp_WorkMachineProc]TSP_WORK_LOGIN NOW !!!!
05-22 07:11:47.329   291  1491 D EvsDriver: forwardFrame
05-22 07:11:47.331   291  1491 D EvsDriver: Delivered 0xb400007b2f47ca30 as id 0
05-22 07:11:47.331  1137  1137 D evsmanagerd: /dev/video4 forwarded the buffer #0 to 0xb4000071fa019690 from 0xb4000071fa01b7d0
05-22 07:11:47.331   477  1243 I dvr_service_: [myNum:0][onFrameReceived] Received Surface:1 0
05-22 07:11:47.332   573   573 I SpiService: fgesysctrl_getGPIO_status success val=1
05-22 07:11:47.332   291  1135 D EvsDriver: doneWithFrame
05-22 06:30:21.075   573   573 D spi_rst_gpio_get_output: GPIO 145 value: 1
05-22 06:30:21.075   573   573 D spidev_ioctl: gpio status=1)
05-22 07:11:47.337   573   573 I SpiService: fgesysctrl_getGPIO_status success val=1
05-22 06:30:21.081   573   573 D spi_rst_gpio_get_output: GPIO 145 value: 1
05-22 06:30:21.081   573   573 D spidev_ioctl: gpio status=1)
05-22 07:11:47.341   964  1804 D [OMXB]  : usingANWBuffer: handle:0xebd400c0, format:1, w:1920, h:1080
05-22 07:11:47.342  2981  3177 I SentryImuMcuAngleSender: 179.92413rollDeg
05-22 07:11:47.342  2981  3177 I SentryImuMcuAngleSender: 1,0,0
05-22 07:11:47.343   573   573 I SpiService: fgesysctrl_getGPIO_status success val=1
05-22 07:11:47.343   647   707 D UniTelDemo: input code = 330, value = 1
05-22 07:11:47.343   737  1338 D InputReader: syncTouch: pointerCount 0 -> 1, touching ids 0x00000000 -> 0x80000000, hovering ids 0x00000000 -> 0x00000000, canceled ids 0x00000000
05-22 07:11:47.343   737  1338 D InputReader: dispatchTouches action DOWN now(ns): 392325985794
05-22 07:11:47.344   737  1338 D InputReader: notifyMotion call dispatcher
05-22 07:11:47.344   737   761 D VelocityTracker: VelocityTracker: addMovement eventTime=392325804000, idBits=0x80000000, activePointerId=0
05-22 07:11:47.344   737   761 D VelocityTracker:   0: position (815.363, 685.049), estimator (degree=0, xCoeff=[ 815.362976 ], yCoeff=[ 685.048584 ], confidence=1.000000)
05-22 07:11:47.344   737   761 D VelocityTracker: VelocityTracker: addMovement eventTime=392325804000, idBits=0x80000000, activePointerId=0
05-22 07:11:47.344   737   761 D VelocityTracker:   0: position (815.363, 685.049), estimator (degree=0, xCoeff=[ 815.362976 ], yCoeff=[ 685.048584 ], confidence=1.000000)
05-22 07:11:47.344   737   761 D VelocityTracker: VelocityTracker: addMovement eventTime=392325804000, idBits=0x80000000, activePointerId=0
05-22 07:11:47.345   737   761 D VelocityTracker:   0: position (815.363, 685.049), estimator (degree=0, xCoeff=[ 815.362976 ], yCoeff=[ 685.048584 ], confidence=1.000000)
05-22 07:11:47.345   824   824 D SurfaceFlinger: unisoc-graphics, commit has frameMissed:2, vysncId:202886
05-22 06:30:21.086   573   573 D spi_rst_gpio_get_output: GPIO 145 value: 1
05-22 06:30:21.086   573   573 D spidev_ioctl: gpio status=1)
05-22 07:11:47.346   544   544 D commservice260303: msg.id = 1028,0
05-22 07:11:47.346   544   544 D commservice260303: i = 170, msgid = 8A000404
05-22 07:11:47.346   544   544 D commservice260303: msgid = -1979710460,did=138
05-22 07:11:47.346   544   544 D commservice260303: CommProtocolLibCmdBaseI2C::dataproc {"command":{"id":"imu_status","sub":""},"content":{"TimeStamp":1779405107344,"FrameCounter":8984,"GD_X":-0.008933032862842083,"GD_Y":0.0072539933025836945,"GD_Z":0.017944088205695152,"AD_X":-0.0031209737062454224,"AD_Y":9.945128113031387E-4,"AD_Z":-0.3284740447998047,"TempDsp":0,"Status":0,"CalibState":1,"SigAmpInvalid":0}},-1979710460
05-22 07:11:47.346   544   544 D commservice260303: send2Cluster len:325, 7B22636F6D6D616E64223A7B226964223A22696D755F737461747573222C22737562223A22227D2C22636F6E74656E74223A7B2254696D655374616D70223A313737393430353130373334342C224672616D65436F756E746572223A383938342C2247445F58223A2D302E3030383933333033323836323834323038332C2247445F59223A302E303037323533393933333032353833363934352C2247445F5A223A302E3031373934343038383230353639353135322C2241445F58223A2D302E303033313230393733373036323435343232342C2241445F59223A392E393435313238313133303331333837452D342C2241445F5A223A2D302E333238343734303434373939383034372C2254656D70447370223A302C22537461747573223A302C2243616C69625374617465223A312C22536967416D70496E76616C6964223A307D7D, 138 
05-22 07:11:47.346   544   544 D commservice260303: Push Message into SendPool fn=-551354368
05-22 07:11:47.346   544   544 D commservice260303: ComProtocolLibSend2Cluster::send2ClusterRaw fn=-551354368 , len=341
05-22 07:11:47.346   544   544 D commservice260303: sendCmdToPort :341!!!
05-22 07:11:47.346   544   544 D commservice260303: send Cmd To Port ++++5AA501518A01000023DF6A0F91337B22636F6D6D616E64223A7B226964223A22696D755F737461747573222C22737562223A22227D2C22636F6E74656E74223A7B2254696D655374616D70223A313737393430353130373334342C224672616D65436F756E746572223A383938342C2247445F58223A2D302E3030383933333033323836323834323038332C2247445F59223A302E303037323533393933333032353833363934352C2247445F5A223A302E3031373934343038383230353639353135322C2241445F58223A2D302E303033313230393733373036323435343232342C2241445F59223A392E393435313238313133303331333837452D342C2241445F5A223A2D302E333238343734303434373939383034372C2254656D70447370223A302C22537461747573223A302C2243616C69625374617465223A312C22536967416D70496E76616C6964223A307D7D81C6
05-22 07:11:47.346   544   544 D commservice260303: bufferevent_write retrun value = 0
05-22 07:11:47.346   544   567 D commservice260303: client datas send succeed,send finish
05-22 07:11:47.346  2981  3178 D Sentinelmode_1.2.5.13_alpha: <SentryImuClusterFgeSender>imu_status sent to Linux, frame=8984, tsNs=392313, tsMs=1779405107344, intervalMs=41, ad=(-0.0031209737,9.945128E-4,-0.32847404), gd=(-0.008933033,0.0072539933,0.017944088)
05-22 07:11:47.348   573   573 I SpiService: fgesysctrl_getGPIO_status success val=1
05-22 07:11:47.349   824  9411 D libEGL  : <surfaceflinger>[operator()]: write key to file(null) 
05-22 06:30:21.091   573   573 D spi_rst_gpio_get_output: GPIO 145 value: 1
05-22 06:30:21.092   573   573 D spidev_ioctl: gpio status=1)
05-22 07:11:47.352   291  1491 D EvsDriver: forwardFrame
05-22 07:11:47.353   291  1491 D EvsDriver: Delivered 0xb400007b2f47ca30 as id 0
05-22 07:11:47.353  1137  1137 D evsmanagerd: /dev/video4 forwarded the buffer #0 to 0xb4000071fa019690 from 0xb4000071fa01b7d0
05-22 07:11:47.353   573   573 I SpiService: fgesysctrl_getGPIO_status success val=1
05-22 06:30:21.097   573   573 D spi_rst_gpio_get_output: GPIO 145 value: 1
05-22 06:30:21.097   573   573 D spidev_ioctl: gpio status=1)
05-22 07:11:47.355   291  1135 D EvsDriver: doneWithFrame
05-22 07:11:47.359   573   573 I SpiService: fgesysctrl_getGPIO_status success val=0
05-22 06:30:21.102   573   573 D spi_rst_gpio_get_output: GPIO 145 value: 0
05-22 06:30:21.102   573   573 D spidev_ioctl: gpio status=0)
05-22 07:11:47.361   824   824 D SurfaceFlinger: unisoc-graphics, commit has frameMissed:2, vysncId:202901
05-22 07:11:47.363  2981  3177 I SentryImuMcuAngleSender: 179.93793rollDeg
05-22 07:11:47.363  2981  3177 I SentryImuMcuAngleSender: 1,0,0
05-22 07:11:47.369  1026  1026 D MyAppLog: [2026-05-22 07:11:47.368 D tboxap gpsMcuDataAnalyze:471] [Gps] [gpsMcuDataAnalyze]:$GNRMC,231147.000,V,,,,,,,210526,120.0,E,N,V*41
05-22 07:11:47.369  1026  1026 D MyAppLog: 
05-22 07:11:47.369  1026  1026 D MyAppLog: [2026-05-22 07:11:47.368 D tboxap gpsMcuDataAnalyze:556] [Gps] stGps.stat:0, latitude:0 , longtitude:0,sped:0,direction:0
05-22 07:11:47.372   573   573 I SpiService: fgesysctrl_getGPIO_status success val=1
05-22 06:30:21.116   573   573 D spi_rst_gpio_get_output: GPIO 145 value: 1
05-22 06:30:21.116   573   573 D spidev_ioctl: gpio status=1)
05-22 07:11:47.378   573   573 I SpiService: fgesysctrl_getGPIO_status success val=1
05-22 07:11:47.381   824   824 D SurfaceFlinger: unisoc-graphics, commit has frameMissed:2, vysncId:202909
05-22 06:30:21.121   573   573 D spi_rst_gpio_get_output: GPIO 145 value: 1
05-22 06:30:21.121   573   573 D spidev_ioctl: gpio status=1)
05-22 07:11:47.383   573   573 I SpiService: fgesysctrl_getGPIO_status success val=1
05-22 07:11:47.384  2981  3177 I SentryImuMcuAngleSender: 179.93793rollDeg
05-22 07:11:47.384  2981  3177 I SentryImuMcuAngleSender: 1,0,0
05-22 07:11:47.385   291  1491 D EvsDriver: forwardFrame
05-22 06:30:21.126   573   573 D spi_rst_gpio_get_output: GPIO 145 value: 1
05-22 06:30:21.126   573   573 D spidev_ioctl: gpio status=1)
05-22 07:11:47.386   291  1491 D EvsDriver: Delivered 0xb400007b2f47ca30 as id 0
05-22 07:11:47.386  1137  1137 D evsmanagerd: /dev/video4 forwarded the buffer #0 to 0xb4000071fa019690 from 0xb4000071fa01b7d0
05-22 07:11:47.387   544   544 D commservice260303: msg.id = 1028,0
05-22 07:11:47.387   544   544 D commservice260303: i = 170, msgid = 8A000404
05-22 07:11:47.387   544   544 D commservice260303: msgid = -1979710460,did=138
05-22 07:11:47.387   544   544 D commservice260303: CommProtocolLibCmdBaseI2C::dataproc {"command":{"id":"imu_status","sub":""},"content":{"TimeStamp":1779405107385,"FrameCounter":8985,"GD_X":-0.009391804225742817,"GD_Y":0.007634742185473442,"GD_Z":0.017408855259418488,"AD_X":-0.004339754581451416,"AD_Y":-0.0014429809525609016,"AD_Z":-0.3296947479248047,"TempDsp":0,"Status":0,"CalibState":1,"SigAmpInvalid":0}},-1979710460
05-22 07:11:47.387   544   544 D commservice260303: send2Cluster len:325, 7B22636F6D6D616E64223A7B226964223A22696D755F737461747573222C22737562223A22227D2C22636F6E74656E74223A7B2254696D655374616D70223A313737393430353130373338352C224672616D65436F756E746572223A383938352C2247445F58223A2D302E3030393339313830343232353734323831372C2247445F59223A302E3030373633343734323138353437333434322C2247445F5A223A302E3031373430383835353235393431383438382C2241445F58223A2D302E3030343333393735343538313435313431362C2241445F59223A2D302E303031343432393830393532353630393031362C2241445F5A223A2D302E333239363934373437393234383034372C2254656D70447370223A302C22537461747573223A302C2243616C69625374617465223A312C22536967416D70496E76616C6964223A307D7D, 138 
05-22 07:11:47.387   544   544 D commservice260303: Push Message into SendPool fn=-534577152
05-22 07:11:47.387   544   544 D commservice260303: ComProtocolLibSend2Cluster::send2ClusterRaw fn=-534577152 , len=341
05-22 07:11:47.387   544   544 D commservice260303: sendCmdToPort :341!!!
05-22 07:11:47.387   544   544 D commservice260303: send Cmd To Port ++++5AA501518A01000023E06A0F91337B22636F6D6D616E64223A7B226964223A22696D755F737461747573222C22737562223A22227D2C22636F6E74656E74223A7B2254696D655374616D70223A313737393430353130373338352C224672616D65436F756E746572223A383938352C2247445F58223A2D302E3030393339313830343232353734323831372C2247445F59223A302E3030373633343734323138353437333434322C2247445F5A223A302E3031373430383835353235393431383438382C2241445F58223A2D302E3030343333393735343538313435313431362C2241445F59223A2D302E303031343432393830393532353630393031362C2241445F5A223A2D302E333239363934373437393234383034372C2254656D70447370223A302C22537461747573223A302C2243616C69625374617465223A312C22536967416D70496E76616C6964223A307D7D4EAD
05-22 07:11:47.387   544   544 D commservice260303: bufferevent_write retrun value = 0
05-22 07:11:47.387   544   567 D commservice260303: client datas send succeed,send finish
05-22 07:11:47.388  2981  3178 D Sentinelmode_1.2.5.13_alpha: <SentryImuClusterFgeSender>imu_status sent to Linux, frame=8985, tsNs=392349, tsMs=1779405107385, intervalMs=42, ad=(-0.0043397546,-0.001442981,-0.32969475), gd=(-0.009391804,0.007634742,0.017408855)
05-22 07:11:47.389   291  1135 D EvsDriver: doneWithFrame
05-22 06:30:21.132   573   573 D spi_rst_gpio_get_output: GPIO 145 value: 1
05-22 06:30:21.132   573   573 D spidev_ioctl: gpio status=1)
05-22 07:11:47.389   573   573 I SpiService: fgesysctrl_getGPIO_status success val=1
05-22 07:11:47.394   573   573 I SpiService: fgesysctrl_getGPIO_status success val=1
05-22 07:11:47.400   573   573 I SpiService: fgesysctrl_getGPIO_status success val=0
05-22 06:30:21.138   573   573 D spi_rst_gpio_get_output: GPIO 145 value: 1
05-22 06:30:21.138   573   573 D spidev_ioctl: gpio status=1)
05-22 06:30:21.143   573   573 D spi_rst_gpio_get_output: GPIO 145 value: 0
05-22 06:30:21.143   573   573 D spidev_ioctl: gpio status=0)
05-22 07:11:47.405  2981  3177 I SentryImuMcuAngleSender: 179.92415rollDeg
05-22 07:11:47.405  2981  3177 I SentryImuMcuAngleSender: 1,0,0
05-22 07:11:47.408   964  1804 D [OMXB]  : usingANWBuffer: handle:0xebd43b30, format:1, w:1920, h:1080
05-22 07:11:47.410   276   300 I rvcservice: t.code = 0, t.value = 10980
05-22 07:11:47.414   573   573 I SpiService: fgesysctrl_getGPIO_status success val=1
05-22 06:30:21.157   573   573 D spi_rst_gpio_get_output: GPIO 145 value: 1
05-22 06:30:21.157   573   573 D spidev_ioctl: gpio status=1)
05-22 07:11:47.419   291  1491 D EvsDriver: forwardFrame
05-22 07:11:47.419   573   573 I SpiService: fgesysctrl_getGPIO_status success val=1
05-22 07:11:47.420   291  1491 D EvsDriver: Delivered 0xb400007b2f47ca30 as id 0
05-22 07:11:47.420  1137  1137 D evsmanagerd: /dev/video4 forwarded the buffer #0 to 0xb4000071fa019690 from 0xb4000071fa01b7d0
05-22 07:11:47.420   291  1135 D EvsDriver: doneWithFrame
05-22 07:11:47.421   565   599 I Sensors : 230 AccelSensor: x:-0.113459,y:0.012200,z:-10.136980
05-22 06:30:21.162   573   573 D spi_rst_gpio_get_output: GPIO 145 value: 1
05-22 06:30:21.163   573   573 D spidev_ioctl: gpio status=1)
05-22 07:11:47.425   573   573 I SpiService: fgesysctrl_getGPIO_status success val=1
05-22 07:11:47.425  2981  3177 I SentryImuMcuAngleSender: 179.93105rollDeg
05-22 07:11:47.425  2981  3177 I SentryImuMcuAngleSender: 1,0,0
05-22 06:30:21.168   573   573 D spi_rst_gpio_get_output: GPIO 145 value: 1
05-22 06:30:21.168   573   573 D spidev_ioctl: gpio status=1)
05-22 07:11:47.426   544   544 D commservice260303: msg.id = 1028,1
05-22 07:11:47.426   544   544 D commservice260303: i = 170, msgid = 8A000404
05-22 07:11:47.426   544   544 D commservice260303: msgid = -1979710460,did=138
05-22 07:11:47.426   544   544 D commservice260303: CommProtocolLibCmdBaseI2C::dataproc {"command":{"id":"imu_status","sub":""},"content":{"TimeStamp":1779405107425,"FrameCounter":8986,"GD_X":-0.00862822588533163,"GD_Y":0.007482858840376139,"GD_Z":0.018095972016453743,"AD_X":-0.006775505840778351,"AD_Y":-2.2244080901145935E-4,"AD_Z":-0.3309144973754883,"TempDsp":0,"Status":0,"CalibState":1,"SigAmpInvalid":0}},-1979710460
05-22 07:11:47.426   544   544 D commservice260303: send2Cluster len:324, 7B22636F6D6D616E64223A7B226964223A22696D755F737461747573222C22737562223A22227D2C22636F6E74656E74223A7B2254696D655374616D70223A313737393430353130373432352C224672616D65436F756E746572223A383938362C2247445F58223A2D302E30303836323832323538383533333136332C2247445F59223A302E3030373438323835383834303337363133392C2247445F5A223A302E3031383039353937323031363435333734332C2241445F58223A2D302E3030363737353530353834303737383335312C2241445F59223A2D322E32323434303830393031313435393335452D342C2241445F5A223A2D302E333330393134343937333735343838332C2254656D70447370223A302C22537461747573223A302C2243616C69625374617465223A312C22536967416D70496E76616C6964223A307D7D, 138 
05-22 07:11:47.426   544   544 D commservice260303: Push Message into SendPool fn=-517799936
05-22 07:11:47.426   544   544 D commservice260303: ComProtocolLibSend2Cluster::send2ClusterRaw fn=-517799936 , len=340
05-22 07:11:47.426   544   544 D commservice260303: sendCmdToPort :340!!!
05-22 07:11:47.426   544   544 D commservice260303: send Cmd To Port ++++5AA501508A01000023E16A0F91337B22636F6D6D616E64223A7B226964223A22696D755F737461747573222C22737562223A22227D2C22636F6E74656E74223A7B2254696D655374616D70223A313737393430353130373432352C224672616D65436F756E746572223A383938362C2247445F58223A2D302E30303836323832323538383533333136332C2247445F59223A302E3030373438323835383834303337363133392C2247445F5A223A302E3031383039353937323031363435333734332C2241445F58223A2D302E3030363737353530353834303737383335312C2241445F59223A2D322E32323434303830393031313435393335452D342C2241445F5A223A2D302E333330393134343937333735343838332C2254656D70447370223A302C22537461747573223A302C2243616C69625374617465223A312C22536967416D70496E76616C6964223A307D7D37C0
05-22 07:11:47.426   544   544 D commservice260303: bufferevent_write retrun value = 0
05-22 07:11:47.426   544   567 D commservice260303: client datas send succeed,send finish
05-22 07:11:47.426  2981  3178 D Sentinelmode_1.2.5.13_alpha: <SentryImuClusterFgeSender>imu_status sent to Linux, frame=8986, tsNs=392402, tsMs=1779405107425, intervalMs=38, ad=(-0.006775506,-2.2244081E-4,-0.3309145), gd=(-0.008628226,0.007482859,0.018095972)
05-22 07:11:47.430   573   573 I SpiService: fgesysctrl_getGPIO_status success val=1
05-22 06:30:21.174   573   573 D spi_rst_gpio_get_output: GPIO 145 value: 1
05-22 06:30:21.174   573   573 D spidev_ioctl: gpio status=1)
05-22 07:11:47.436   573   573 I SpiService: fgesysctrl_getGPIO_status success val=1
05-22 06:30:21.179   573   573 D spi_rst_gpio_get_output: GPIO 145 value: 1
05-22 06:30:21.179   573   573 D spidev_ioctl: gpio status=1)
05-22 07:11:47.442   573   573 I SpiService: fgesysctrl_getGPIO_status success val=0
05-22 07:11:47.445  2981  3177 I SentryImuMcuAngleSender: 179.94139rollDeg
05-22 06:30:21.185   573   573 D spi_rst_gpio_get_output: GPIO 145 value: 0
05-22 06:30:21.185   573   573 D spidev_ioctl: gpio status=0)
05-22 07:11:47.445  2981  3177 I SentryImuMcuAngleSender: 1,0,0
05-22 07:11:47.453   291  1491 D EvsDriver: forwardFrame
05-22 07:11:47.454   291  1491 D EvsDriver: Delivered 0xb400007b2f47ca30 as id 0
05-22 07:11:47.454  1137  1137 D evsmanagerd: /dev/video4 forwarded the buffer #0 to 0xb4000071fa019690 from 0xb4000071fa01b7d0
05-22 07:11:47.455  1517  1517 E sysUI_NavBarFragment: [main] - SysUIConfig.icCarServiceConnected：false
05-22 07:11:47.456   573   573 I SpiService: fgesysctrl_getGPIO_status success val=1
05-22 07:11:47.456   291  1135 D EvsDriver: doneWithFrame
05-22 07:11:47.457   565   599 I Sensors : 230 GyroSensor: x:-0.008475,y:0.007177,z:0.017409
05-22 06:30:21.199   573   573 D spi_rst_gpio_get_output: GPIO 145 value: 1
05-22 06:30:21.199   573   573 D spidev_ioctl: gpio status=1)
05-22 07:11:47.459   964  1804 D [OMXB]  : usingANWBuffer: handle:0xebd40170, format:1, w:1920, h:1080
05-22 07:11:47.461   573   573 I SpiService: fgesysctrl_getGPIO_status success val=1
05-22 06:30:21.205   573   573 D spi_rst_gpio_get_output: GPIO 145 value: 1
05-22 06:30:21.205   573   573 D spidev_ioctl: gpio status=1)
05-22 07:11:47.464   824   824 D SurfaceFlinger: unisoc-graphics, commit has frameMissed:2, vysncId:202962
05-22 07:11:47.466  2981  3177 I SentryImuMcuAngleSender: 179.94484rollDeg
05-22 07:11:47.466  2981  3177 I SentryImuMcuAngleSender: 1,0,0
05-22 07:11:47.466   544   544 D commservice260303: msg.id = 1028,0
05-22 07:11:47.466   544   544 D commservice260303: i = 170, msgid = 8A000404
05-22 07:11:47.466   544   544 D commservice260303: msgid = -1979710460,did=138
05-22 07:11:47.466   544   544 D commservice260303: CommProtocolLibCmdBaseI2C::dataproc {"command":{"id":"imu_status","sub":""},"content":{"TimeStamp":1779405107465,"FrameCounter":8987,"GD_X":-0.008474782109260559,"GD_Y":0.007177011109888554,"GD_Z":0.017408855259418488,"AD_X":-0.004334867000579834,"AD_Y":-0.0026588216423988342,"AD_Z":-0.33335399627685547,"TempDsp":0,"Status":0,"CalibState":1,"SigAmpInvalid":0}},-1979710460
05-22 07:11:47.466   544   544 D commservice260303: send2Cluster len:326, 7B22636F6D6D616E64223A7B226964223A22696D755F737461747573222C22737562223A22227D2C22636F6E74656E74223A7B2254696D655374616D70223A313737393430353130373436352C224672616D65436F756E746572223A383938372C2247445F58223A2D302E3030383437343738323130393236303535392C2247445F59223A302E3030373137373031313130393838383535342C2247445F5A223A302E3031373430383835353235393431383438382C2241445F58223A2D302E3030343333343836373030303537393833342C2241445F59223A2D302E303032363538383231363432333938383334322C2241445F5A223A2D302E33333333353339393632373638353534372C2254656D70447370223A302C22537461747573223A302C2243616C69625374617465223A312C22536967416D70496E76616C6964223A307D7D, 138 
05-22 07:11:47.466   544   544 D commservice260303: Push Message into SendPool fn=-501022720
05-22 07:11:47.466   544   544 D commservice260303: ComProtocolLibSend2Cluster::send2ClusterRaw fn=-501022720 , len=342
05-22 07:11:47.466   544   544 D commservice260303: sendCmdToPort :342!!!
05-22 07:11:47.466   544   544 D commservice260303: send Cmd To Port ++++5AA501528A01000023E26A0F91337B22636F6D6D616E64223A7B226964223A22696D755F737461747573222C22737562223A22227D2C22636F6E74656E74223A7B2254696D655374616D70223A313737393430353130373436352C224672616D65436F756E746572223A383938372C2247445F58223A2D302E3030383437343738323130393236303535392C2247445F59223A302E3030373137373031313130393838383535342C2247445F5A223A302E3031373430383835353235393431383438382C2241445F58223A2D302E3030343333343836373030303537393833342C2241445F59223A2D302E303032363538383231363432333938383334322C2241445F5A223A2D302E33333333353339393632373638353534372C2254656D70447370223A302C22537461747573223A302C2243616C69625374617465223A312C22536967416D70496E76616C6964223A307D7D957F
05-22 07:11:47.466   544   544 D commservice260303: bufferevent_write retrun value = 0
05-22 07:11:47.466   544   567 D commservice260303: client datas send succeed,send finish
05-22 07:11:47.466  2981  3178 D Sentinelmode_1.2.5.13_alpha: <SentryImuClusterFgeSender>imu_status sent to Linux, frame=8987, tsNs=392439, tsMs=1779405107465, intervalMs=40, ad=(-0.004334867,-0.0026588216,-0.333354), gd=(-0.008474782,0.007177011,0.017408855)
05-22 07:11:47.467   573   573 I SpiService: fgesysctrl_getGPIO_status success val=1
05-22 06:30:21.210   573   573 D spi_rst_gpio_get_output: GPIO 145 value: 1
05-22 06:30:21.210   573   573 D spidev_ioctl: gpio status=1)
05-22 07:11:47.472   573   573 I SpiService: fgesysctrl_getGPIO_status success val=1
05-22 06:30:21.215   573   573 D spi_rst_gpio_get_output: GPIO 145 value: 1
05-22 06:30:21.215   573   573 D spidev_ioctl: gpio status=1)
05-22 07:11:47.477   573   573 I SpiService: fgesysctrl_getGPIO_status success val=0
05-22 06:30:21.221   573   573 D spi_rst_gpio_get_output: GPIO 145 value: 0
05-22 06:30:21.221   573   573 D spidev_ioctl: gpio status=0)
05-22 07:11:47.480   824   824 D SurfaceFlinger: unisoc-graphics, commit has frameMissed:2, vysncId:202977
05-22 07:11:47.487  2981  3177 I SentryImuMcuAngleSender: 179.93794rollDeg
05-22 07:11:47.487  2981  3177 I SentryImuMcuAngleSender: 1,0,0
05-22 07:11:47.488   291  1491 D EvsDriver: forwardFrame
05-22 07:11:47.489   291  1491 D EvsDriver: Delivered 0xb400007b2f47ca30 as id 0
05-22 07:11:47.489  1137  1137 D evsmanagerd: /dev/video4 forwarded the buffer #0 to 0xb4000071fa019690 from 0xb4000071fa01b7d0
05-22 07:11:47.491   573   573 I SpiService: fgesysctrl_getGPIO_status success val=1
05-22 07:11:47.491   291  1135 D EvsDriver: doneWithFrame
05-22 06:30:21.234   573   573 D spi_rst_gpio_get_output: GPIO 145 value: 1
05-22 06:30:21.234   573   573 D spidev_ioctl: gpio status=1)
05-22 07:11:47.494   737  1338 D InputReader: syncTouch: pointerCount 1 -> 1, touching ids 0x80000000 -> 0x80000000, hovering ids 0x00000000 -> 0x00000000, canceled ids 0x00000000
05-22 07:11:47.494   737  1338 D InputReader: dispatchTouches action MOVE now(ns): 392476425294
05-22 07:11:47.494   737  1338 D InputReader: notifyMotion call dispatcher
05-22 07:11:47.494   737   761 D VelocityTracker: VelocityTracker: stopped for 150.452 ms, clearing state.
05-22 07:11:47.495   737   761 D VelocityTracker: VelocityTracker: addMovement eventTime=392476256000, idBits=0x80000000, activePointerId=0
05-22 07:11:47.495   737   761 D VelocityTracker:   0: position (815.363, 684.050), estimator (degree=0, xCoeff=[ 815.362976 ], yCoeff=[ 684.049927 ], confidence=1.000000)
05-22 07:11:47.495   737   761 D VelocityTracker: VelocityTracker: stopped for 150.452 ms, clearing state.
05-22 07:11:47.495   737   761 D VelocityTracker: VelocityTracker: addMovement eventTime=392476256000, idBits=0x80000000, activePointerId=0
05-22 07:11:47.495   737   761 D VelocityTracker:   0: position (815.363, 684.050), estimator (degree=0, xCoeff=[ 815.362976 ], yCoeff=[ 684.049927 ], confidence=1.000000)
05-22 07:11:47.495   737   761 D VelocityTracker: VelocityTracker: stopped for 150.452 ms, clearing state.
05-22 07:11:47.495   737   761 D VelocityTracker: VelocityTracker: addMovement eventTime=392476256000, idBits=0x80000000, activePointerId=0
05-22 07:11:47.495   737   761 D VelocityTracker:   0: position (815.363, 684.050), estimator (degree=0, xCoeff=[ 815.362976 ], yCoeff=[ 684.049927 ], confidence=1.000000)
05-22 07:11:47.496   573   573 I SpiService: fgesysctrl_getGPIO_status success val=1
05-22 06:30:21.240   573   573 D spi_rst_gpio_get_output: GPIO 145 value: 1
05-22 06:30:21.240   573   573 D spidev_ioctl: gpio status=1)
05-22 07:11:47.502   573   573 I SpiService: fgesysctrl_getGPIO_status success val=1
05-22 06:30:21.245   573   573 D spi_rst_gpio_get_output: GPIO 145 value: 1
05-22 06:30:21.245   573   573 D spidev_ioctl: gpio status=1)
05-22 07:11:47.507   573   573 I SpiService: fgesysctrl_getGPIO_status success val=1
05-22 07:11:47.507   544   544 D commservice260303: msg.id = 1028,0
05-22 07:11:47.507   544   544 D commservice260303: i = 170, msgid = 8A000404
05-22 07:11:47.507   544   544 D commservice260303: msgid = -1979710460,did=138
05-22 07:11:47.507   544   544 D commservice260303: CommProtocolLibCmdBaseI2C::dataproc {"command":{"id":"imu_status","sub":""},"content":{"TimeStamp":1779405107506,"FrameCounter":8988,"GD_X":-0.009925996884703636,"GD_Y":0.0073299347423017025,"GD_Z":0.01756177842617035,"AD_X":-0.0018956512212753296,"AD_Y":-0.0014372225850820541,"AD_Z":-0.3321352005004883,"TempDsp":0,"Status":0,"CalibState":1,"SigAmpInvalid":0}},-1979710460
