05-22 07:11:47.879   737   764 D WindowManager: updateFocusedWindowLocked , mode = 2, updateInputWindows = false,topFocusedDisplayId = 0,newFocus= null, mCurrentFocus = null, callers=com.android.server.wm.RootWindowContainer.updateFocusedWindowLocked:493 com.android.server.wm.WindowManagerService.updateFocusedWindowLocked:6165 com.android.server.wm.RootWindowContainer.performSurfacePlacementNoTrace:882 com.android.server.wm.RootWindowContainer.performSurfacePlacement:801 com.android.server.wm.WindowSurfacePlacer.performSurfacePlacementLoop:186 com.android.server.wm.WindowSurfacePlacer.performSurfacePlacement:127 com.android.server.wm.WindowSurfacePlacer.performSurfacePlacement:116 com.android.server.wm.WindowSurfacePlacer$Traverser.run:58 android.os.Handler.handleCallback:942 android.os.Handler.dispatchMessage:99 
05-22 07:11:47.879  2981  3177 I SentryImuMcuAngleSender: 1,0,0
05-22 07:11:47.879   737   764 D WindowManager: Display{#2 state=ON size=1280x720 ROTATION_0} applySurfaceChangesTransaction  mTmpUpdateAllDrawn.isEmpty true
05-22 07:11:47.880   737   764 D WindowManager: Display{#0 state=ON size=1280x720 ROTATION_0} applySurfaceChangesTransaction  mTmpUpdateAllDrawn.isEmpty true
05-22 07:11:47.882   573   573 I SpiService: fgesysctrl_getGPIO_status success val=1
05-22 07:11:47.882   737   764 D ActivityTaskManager: ActivityRecord{69279e8 u0 com.neusoft.launcher/.function.applist.AppListActivity} t909 d0} canShowWindows allDrawn true isAnimating? false hasNonDefaultColorWindow()false
05-22 06:30:21.625   573   573 D spi_rst_gpio_get_output: GPIO 145 value: 1
05-22 06:30:21.625   573   573 D spidev_ioctl: gpio status=1)
05-22 06:30:21.631   573   573 D spi_rst_gpio_get_output: GPIO 145 value: 0
05-22 06:30:21.631   573   573 D spidev_ioctl: gpio status=0)
05-22 07:11:47.883   737   764 D WindowManager: inputWindowHandle changed and setInputWindowInfo inputWindowHandle = bd83cf5 com.neusoft.launcher/com.neusoft.launcher.function.applist.AppListActivity, frame=[0,0,0,0], touchableRegion=SkRegion((0,0,1280,720)), scaleFactor=1.0, transform=null, windowToken=android.os.BinderProxy@bc99a2c, isClone=false, inputConfig=0, layoutParamsFlags=-2122252000, layoutParamsType=2, surfaceInset=0, changed=true
05-22 07:11:47.884   737   764 D WindowManager: requestFocus , focusToken = android.os.BinderProxy@822ca8a, mInputFocus = android.os.BinderProxy@822ca8a, windowName = bd83cf5 com.neusoft.launcher/com.neusoft.launcher.function.applist.AppListActivity
05-22 07:11:47.885   737   764 D WindowManager: Display{#2 state=ON size=1280x720 ROTATION_0} applySurfaceChangesTransaction  mTmpUpdateAllDrawn.isEmpty true
05-22 07:11:47.886   737   764 D WindowManager: Display{#0 state=ON size=1280x720 ROTATION_0} applySurfaceChangesTransaction  mTmpUpdateAllDrawn.isEmpty true
05-22 07:11:47.886   824   824 I Layer   : fillInputInfo layer:com.neusoft.launcher/com.neusoft.launcher.function.applist.AppListActivity#330, visible=1 (hasInputInfo:1, isHidden:0, alpha:1.000000, mActiveBuffer:2), parent:bd83cf5 com.neusoft.launcher/com.neusoft.launcher.function.applist.AppListActivity#210, parenthidden:0
05-22 07:11:47.887   737   764 D WindowManager: requestFocus , focusToken = android.os.BinderProxy@822ca8a, mInputFocus = android.os.BinderProxy@822ca8a, windowName = bd83cf5 com.neusoft.launcher/com.neusoft.launcher.function.applist.AppListActivity
05-22 07:11:47.887   573   573 I SpiService: fgesysctrl_getGPIO_status success val=0
05-22 07:11:47.887  2023  2958 D CarPlay : VideoModel onTaskStackChanged.
05-22 07:11:47.888   737  8342 I FocusResolver: request window <null> NOT_FOCUSABLE
05-22 07:11:47.889   737  8341 D InputManager: setFocusedWindow:request.displayId is 0
05-22 07:11:47.889   737  8341 I InputDispatcher: disablePointerCaptureForcedLocked:return
05-22 07:11:47.889   737  1337 I input_focus: [Focus entering bd83cf5 com.neusoft.launcher/com.neusoft.launcher.function.applist.AppListActivity (server),reason=setFocusedWindow]
05-22 07:11:47.891  1517  1567 D sysUI_ActivityManagerService: [binder:1517_3] - onTaskStackChanged , lastPkg=com.neusoft.launcher
05-22 07:11:47.894   291  1491 D EvsDriver: forwardFrame
05-22 07:11:47.895  1137  1137 D evsmanagerd: /dev/video4 forwarded the buffer #0 to 0xb4000071fa019690 from 0xb4000071fa01b7d0
05-22 07:11:47.896   291  1491 D EvsDriver: Delivered 0xb400007b2f47ca30 as id 0
05-22 07:11:47.899  2023  2958 D CarPlay : VideoModel getMainScreenTopActivity end, topActivity: ComponentInfo{com.neusoft.launcher/com.neusoft.launcher.function.applist.AppListActivity}
05-22 07:11:47.899  2023  2958 D CarPlay : VideoModel uniqueName:com.neusoft.launcherrunningPackageName: com.neusoft.launcher, topActivityName:com.neusoft.launcher.function.applist.AppListActivity
05-22 07:11:47.899  2023  2958 D CarPlay : VideoModel mIsFirstFocusChange: false
05-22 07:11:47.899  2023  2958 I CarPlay : VideoModel com.neusoft.launcher enterStack start.
05-22 07:11:47.899   486   580 I mcuc    : rev,n=1,6AA68107BE000B8300E000000000000000004C
05-22 07:11:47.899   344   361 D automotive.vehicle@2.0-adayo-datacomm-mcu: MCUDatacomm sendMessageFromVehicle prop: 0x83, areaId: 0x0, status: 0x0, timestamp: 0x0
05-22 07:11:47.899  2023  2958 W ContextImpl: Calling a method in the system process without a qualified user: android.app.ContextImpl.sendBroadcast:1189 android.content.ContextWrapper.sendBroadcast:500 com.ts.carplay.app.service.model.video.VideoModel.priorityChanged:587 com.ts.carplay.app.service.model.video.VideoModel.enterStack:538 com.ts.carplay.app.service.model.video.VideoModel.foregroundViewChanged:375 
05-22 07:11:47.899   344   361 D automotive.vehicle@2.0-adayo-datacomm-mcu: MCUDatacomm 1sendMessageFromVehicle ---> type = 7 
05-22 07:11:47.899  2981  3177 I SentryImuMcuAngleSender: 179.93793rollDeg
05-22 07:11:47.899   344   361 I automotive.vehicle@2.0-adayo-func-mcu: MCUFunc :sendMessageFromVehicle  msgBuff[0] = 131 
05-22 07:11:47.900   344   361 I automotive.vehicle@2.0-adayo-func-mcu: MCUFunc :sendMessageFromVehicle  msgBuff[1] = 0 
05-22 07:11:47.900  2981  3177 I SentryImuMcuAngleSender: 1,0,0
05-22 07:11:47.900   344   361 I automotive.vehicle@2.0-adayo-func-mcu: MCUFunc :sendMessageFromVehicle  msgBuff[2] = 0 
05-22 07:11:47.900   344   361 I automotive.vehicle@2.0-adayo-func-mcu: MCUFunc :sendMessageFromVehicle  msgBuff[3] = 0 
05-22 07:11:47.900   344   361 I automotive.vehicle@2.0-adayo-func-mcu: MCUFunc :sendMessageFromVehicle  msgBuff[4] = 3 
05-22 07:11:47.900   344   361 I automotive.vehicle@2.0-adayo-func-mcu: MCUFunc :sendMessageFromVehicle  msgBuff[5] = 1 
05-22 07:11:47.900   344   361 I automotive.vehicle@2.0-adayo-func-mcu: MCUFunc :sendMessageFromVehicle  msgBuff[6] = 0 
05-22 07:11:47.900   344   361 I automotive.vehicle@2.0-adayo-func-mcu: MCUFunc :sendMessageFromVehicle  msgBuff[7] = 0 
05-22 07:11:47.900   344   361 I automotive.vehicle@2.0-adayo-func-mcu: MCUFunc :sendMessageFromVehicle  msgBuff[8] = 0 
05-22 07:11:47.900   344   361 I automotive.vehicle@2.0-adayo-func-mcu: MCUFunc :sendMessageFromVehicle  msgBuff[9] = 0 
05-22 07:11:47.900   344   361 I automotive.vehicle@2.0-adayo-func-mcu: MCUFunc :sendMessageFromVehicle  msgBuff[10] = 0 
05-22 07:11:47.900   344   361 I automotive.vehicle@2.0-adayo-func-mcu: MCUFunc :sendMessageFromVehicle  msgBuff[11] = 0 
05-22 07:11:47.900   344   361 I automotive.vehicle@2.0-adayo-func-mcu: MCUFunc :sendMessageFromVehicle  msgBuff[12] = 0 
05-22 07:11:47.900   344   361 I automotive.vehicle@2.0-adayo-func-mcu: MCUFunc :sendMessageFromVehicle  msgBuff[13] = 0 
05-22 07:11:47.900   344   361 I automotive.vehicle@2.0-adayo-func-mcu: MCUFunc :sendMessageFromVehicle  msgBuff[14] = 0 
05-22 07:11:47.900   344   361 I automotive.vehicle@2.0-adayo-func-mcu: MCUFunc :sendMessageFromVehicle  msgBuff[15] = 0 
05-22 07:11:47.900   344   361 I automotive.vehicle@2.0-adayo-func-mcu: MCUFunc :sendMessageFromVehicle  msgBuff[16] = 0 
05-22 07:11:47.900   577   612 D vendor.sprd.hardware.aprd-service: WCN Get CP2Ver failed
05-22 07:11:47.900   577   612 D vendor.sprd.hardware.aprd-service: WCNInfoThread::GetVer
05-22 07:11:47.900   577   612 D vendor.sprd.hardware.aprd-service: WCNcmdReqRsp: waiting for server wcnd
05-22 07:11:47.900   291  1135 D EvsDriver: doneWithFrame
05-22 07:11:47.901  2343  2378 D WCND    : wcnd got 12 from accept
05-22 07:11:47.901  2343  2378 D WCND    : Socket client fd = 5, max fd = 12
05-22 07:11:47.901  2343  2378 D WCND    : process_active_socket_client_fd: active client fd is 12
05-22 07:11:47.901   737  8347 E ActivityManager: Sending non-protected broadcast com.ts.carplay.action.FINISH_ACTIVITY from system 2023:com.ts.carplay/1000 pkg com.ts.carplay
05-22 07:11:47.901   737  8347 E ActivityManager: java.lang.Throwable
05-22 07:11:47.901   737  8347 E ActivityManager: 	at com.android.server.am.ActivityManagerService.checkBroadcastFromSystem(ActivityManagerService.java:13711)
05-22 07:11:47.901   737  8347 E ActivityManager: 	at com.android.server.am.ActivityManagerService.broadcastIntentLocked(ActivityManagerService.java:14434)
05-22 07:11:47.901   737  8347 E ActivityManager: 	at com.android.server.am.ActivityManagerService.broadcastIntentLocked(ActivityManagerService.java:13729)
05-22 07:11:47.901   737  8347 E ActivityManager: 	at com.android.server.am.ActivityManagerService.broadcastIntentWithFeature(ActivityManagerService.java:14595)
05-22 07:11:47.901   737  8347 E ActivityManager: 	at android.app.IActivityManager$Stub.onTransact(IActivityManager.java:2326)
05-22 07:11:47.901   737  8347 E ActivityManager: 	at com.android.server.am.ActivityManagerService.onTransact(ActivityManagerService.java:2678)
05-22 07:11:47.901   737  8347 E ActivityManager: 	at android.os.Binder.execTransactInternal(Binder.java:1286)
05-22 07:11:47.901   737  8347 E ActivityManager: 	at android.os.Binder.execTransact(Binder.java:1244)
05-22 07:11:47.901  2343  2378 D WCND    : wcnd_runcommand : argv :  at+spatgetcp2info
05-22 07:11:47.901   486   580 I mcuc    : rev,n=2,6AA68107BF00038415001D
05-22 07:11:47.902   573   573 I SpiService: fgesysctrl_getGPIO_status success val=1
05-22 07:11:47.902  2343  2378 E wcn_vendor: open(/sys/class/misc/wcn/devices/sw_ver) for read failed: No such file or directory (2)
05-22 07:11:47.902  2343  2378 D WCND    : Reply Socket : FAIL Unknown
05-22 07:11:47.902  2343  2378 D WCND    : Socket client fd = 5, max fd = 12
05-22 07:11:47.902   737   770 I am_wtf  : [0,737,system_server,-1,ActivityManager,Sending non-protected broadcast com.ts.carplay.action.FINISH_ACTIVITY from system 2023:com.ts.carplay/1000 pkg com.ts.carplay]
05-22 07:11:47.902   577   612 D vendor.sprd.hardware.aprd-service: WCNcmdReqRsp: get 13 bytes FAIL Unknown
05-22 07:11:47.902   577   612 D vendor.sprd.hardware.aprd-service: wcn AT+spatgetcp2info, ret=0, rsp:FAIL Unknown
05-22 07:11:47.902  2343  2378 D WCND    : process_active_socket_client_fd: active client fd is 12
05-22 07:11:47.902  2343  2378 D WCND    : Client socket fd : 12 closed
05-22 07:11:47.902  2343  2378 D WCND    : Socket client fd = 5, max fd = 11
05-22 07:11:47.903  2023  2048 I CarPlay : VideoModel priorityChanged: inf FocusModeInfo{mFocus='com.neusoft.launcher', mBorrowId='', mPriority=0}，action 1
05-22 07:11:47.903  2023  2958 I CarPlay : VideoModel com.neusoft.launcher enterStack end.
05-22 06:30:21.645   573   573 D spi_rst_gpio_get_output: GPIO 145 value: 1
05-22 06:30:21.645   573   573 D spidev_ioctl: gpio status=1)
05-22 07:11:47.903   486   580 I mcuc    : rev,n=3,6AA68107C000918305000055000000B00000000000000001000100001ACE9AB10721329A179A052EAB9A16341F9A17B202741F7504ED00000000040000B3000000000000000000000000000000B44500000000000300000000000000AA000000E40701010000000000000000BB07052307EA0516000008009F022F01CC000000000000000000000000000000B50000000000000000000000E7
05-22 07:11:47.904  2023  2048 I CarPlay : CarPlayRemoteManager changeVideoFocus priority: 0, backgroundSupport: true, borrowId: , action: 1
05-22 07:11:47.904  2023  2048 E CarPlay : PlatformCarPlayServiceManager changeVideoFocus priority: 0,backgroundSupport: true,borrowId: ,action: 1
05-22 07:11:47.904  2023  2048 E CarPlay : com.ts.carplay.CarPlayServiceBinder changeVideoFocus priority: 0,backgroundSupport: true,borrowId: ,action: 1
05-22 07:11:47.904  2023  2048 E CarPlay : CarPlay ScreenResourceManager [ATS]accessoryScreenChange, priority = 0 playbk = true borrowId =  action = 1
05-22 07:11:47.904   344   361 D automotive.vehicle@2.0-adayo-datacomm-mcu: MCUDatacomm sendMessageFromVehicle prop: 0x83, areaId: 0x5, status: 0x0, timestamp: 0x0
05-22 07:11:47.904   344   361 D automotive.vehicle@2.0-adayo-datacomm-mcu: MCUDatacomm 1sendMessageFromVehicle ---> type = 7 
05-22 07:11:47.904   344   361 I automotive.vehicle@2.0-adayo-func-mcu: MCUFunc :sendMessageFromVehicle  msgBuff[0] = 131 
05-22 07:11:47.904   344   361 I automotive.vehicle@2.0-adayo-func-mcu: MCUFunc :sendMessageFromVehicle  msgBuff[1] = 5 
05-22 07:11:47.904   344   361 I automotive.vehicle@2.0-adayo-func-mcu: MCUFunc :sendMessageFromVehicle  msgBuff[2] = 0 
05-22 07:11:47.904   344   361 I automotive.vehicle@2.0-adayo-func-mcu: MCUFunc :sendMessageFromVehicle  msgBuff[3] = 0 
05-22 07:11:47.904   344   361 I automotive.vehicle@2.0-adayo-func-mcu: MCUFunc :sendMessageFromVehicle  msgBuff[4] = 85 
05-22 07:11:47.904   344   361 I automotive.vehicle@2.0-adayo-func-mcu: MCUFunc :sendMessageFromVehicle  msgBuff[5] = 0 
05-22 07:11:47.907   573   573 I SpiService: fgesysctrl_getGPIO_status success val=1
05-22 06:30:21.651   573   573 D spi_rst_gpio_get_output: GPIO 145 value: 1
05-22 06:30:21.651   573   573 D spidev_ioctl: gpio status=1)
05-22 07:11:47.911   544   544 D commservice260303: msg.id = 1028,0
05-22 07:11:47.911   544   544 D commservice260303: i = 170, msgid = 8A000404
05-22 07:11:47.911   544   544 D commservice260303: msgid = -1979710460,did=138
05-22 07:11:47.911   544   544 D commservice260303: CommProtocolLibCmdBaseI2C::dataproc {"command":{"id":"imu_status","sub":""},"content":{"TimeStamp":1779405107910,"FrameCounter":8998,"GD_X":-0.009314822033047676,"GD_Y":0.007558800280094147,"GD_Z":0.017867106944322586,"AD_X":-0.006772086024284363,"AD_Y":-8.117314428091049E-4,"AD_Z":-0.3321352005004883,"TempDsp":0,"Status":0,"CalibState":1,"SigAmpInvalid":0}},-1979710460
05-22 07:11:47.911   544   544 D commservice260303: send2Cluster len:324, 7B22636F6D6D616E64223A7B226964223A22696D755F737461747573222C22737562223A22227D2C22636F6E74656E74223A7B2254696D655374616D70223A313737393430353130373931302C224672616D65436F756E746572223A383939382C2247445F58223A2D302E3030393331343832323033333034373637362C2247445F59223A302E3030373535383830303238303039343134372C2247445F5A223A302E3031373836373130363934343332323538362C2241445F58223A2D302E3030363737323038363032343238343336332C2241445F59223A2D382E313137333134343238303931303439452D342C2241445F5A223A2D302E333332313335323030353030343838332C2254656D70447370223A302C22537461747573223A302C2243616C69625374617465223A312C22536967416D70496E76616C6964223A307D7D, 138 
05-22 07:11:47.911   544   544 D commservice260303: Push Message into SendPool fn=-299696128
05-22 07:11:47.911   544   544 D commservice260303: ComProtocolLibSend2Cluster::send2ClusterRaw fn=-299696128 , len=340
05-22 07:11:47.911   276   300 I rvcservice: t.code = 3, t.value = 0
05-22 07:11:47.911   544   544 D commservice260303: sendCmdToPort :340!!!
05-22 07:11:47.911   544   544 D commservice260303: send Cmd To Port ++++5AA501508A01000023EE6A0F91337B22636F6D6D616E64223A7B226964223A22696D755F737461747573222C22737562223A22227D2C22636F6E74656E74223A7B2254696D655374616D70223A313737393430353130373931302C224672616D65436F756E746572223A383939382C2247445F58223A2D302E3030393331343832323033333034373637362C2247445F59223A302E3030373535383830303238303039343134372C2247445F5A223A302E3031373836373130363934343332323538362C2241445F58223A2D302E3030363737323038363032343238343336332C2241445F59223A2D382E313137333134343238303931303439452D342C2241445F5A223A2D302E333332313335323030353030343838332C2254656D70447370223A302C22537461747573223A302C2243616C69625374617465223A312C22536967416D70496E76616C6964223A307D7D1351
05-22 07:11:47.911   544   544 D commservice260303: bufferevent_write retrun value = 0
05-22 07:11:47.911   544   567 D commservice260303: client datas send succeed,send finish
05-22 07:11:47.911   577   613 D vendor.sprd.hardware.aprd-service: GPS Get GPSver failed No such file or directory
05-22 07:11:47.912   577   613 D vendor.sprd.hardware.aprd-service: GE xmlDoc is NULL, may not set GPS on.
05-22 07:11:47.912  2981  3178 D Sentinelmode_1.2.5.13_alpha: <SentryImuClusterFgeSender>imu_status sent to Linux, frame=8998, tsNs=392887, tsMs=1779405107910, intervalMs=40, ad=(-0.006772086,-8.1173144E-4,-0.3321352), gd=(-0.009314822,0.0075588003,0.017867107)
05-22 07:11:47.912   573   573 I SpiService: fgesysctrl_getGPIO_status success val=1
05-22 06:30:21.656   573   573 D spi_rst_gpio_get_output: GPIO 145 value: 1
05-22 06:30:21.656   573   573 D spidev_ioctl: gpio status=1)
05-22 07:11:47.918   573   573 I SpiService: fgesysctrl_getGPIO_status success val=1
05-22 07:11:47.919   291  1491 D EvsDriver: forwardFrame
05-22 07:11:47.921  2981  3177 I SentryImuMcuAngleSender: 179.9345rollDeg
05-22 06:30:21.661   573   573 D spi_rst_gpio_get_output: GPIO 145 value: 1
05-22 07:11:47.921  2981  3177 I SentryImuMcuAngleSender: 1,0,0
05-22 07:11:47.921  1137  1137 D evsmanagerd: /dev/video4 forwarded the buffer #0 to 0xb4000071fa019690 from 0xb4000071fa01b7d0
05-22 07:11:47.921   291  1491 D EvsDriver: Delivered 0xb400007b2f47ca30 as id 0
05-22 07:11:47.922   291  1135 D EvsDriver: doneWithFrame
05-22 06:30:21.661   573   573 D spidev_ioctl: gpio status=1)
05-22 06:30:21.667   573   573 D spi_rst_gpio_get_output: GPIO 145 value: 1
05-22 06:30:21.667   573   573 D spidev_ioctl: gpio status=1)
05-22 07:11:47.923   573   573 I SpiService: fgesysctrl_getGPIO_status success val=1
05-22 07:11:47.926  2737  2737 I SogouInputMethodService: onStartInput packageName=com.neusoft.launcher,restarting=false
05-22 07:11:47.926  1026  1026 D MyAppLog: [2026-05-22 07:11:47.926 D tboxap tsp_WorkMachineProc:1086] [Tsp] [tsp_WorkMachineProc]TSP_WORK_LOGIN NOW !!!!
05-22 07:11:47.928   737   764 D WindowManager: Display{#2 state=ON size=1280x720 ROTATION_0} applySurfaceChangesTransaction  mTmpUpdateAllDrawn.isEmpty true
05-22 07:11:47.929   737   764 D WindowManager: Display{#0 state=ON size=1280x720 ROTATION_0} applySurfaceChangesTransaction  mTmpUpdateAllDrawn.isEmpty true
05-22 07:11:47.929   573   573 I SpiService: fgesysctrl_getGPIO_status success val=0
05-22 07:11:47.929   486   579 I mcuc    : send SPI:6AA60207BE00028300B46AA60207BF000284159D6AA60207C000028305AD
05-22 06:30:21.672   573   573 D spi_rst_gpio_get_output: GPIO 145 value: 0
05-22 06:30:21.672   573   573 D spidev_ioctl: gpio status=0)
05-22 07:11:47.930   737   764 D WindowManager: requestFocus , focusToken = android.os.BinderProxy@822ca8a, mInputFocus = android.os.BinderProxy@822ca8a, windowName = bd83cf5 com.neusoft.launcher/com.neusoft.launcher.function.applist.AppListActivity
05-22 07:11:47.934   964  1804 D [OMXB]  : usingANWBuffer: handle:0xebd43870, format:1, w:1920, h:1080
05-22 07:11:47.941  2981  3177 I SentryImuMcuAngleSender: 179.93105rollDeg
05-22 07:11:47.941  2981  3177 I SentryImuMcuAngleSender: 1,0,0
05-22 07:11:47.941   486   580 I mcuc    : rev,n=1,6AA68107C1000A89006E01040910123456FC
05-22 07:11:47.941  1091  1116 I tboxmids_ap: [2026-05-22 07:11:47.941] [MCU RX] src=MCU dst=ZMQ len=10 type=BINARY data=00 08 6E 01 04 09 10 12 34 56 
05-22 07:11:47.941   344   361 D automotive.vehicle@2.0-adayo-datacomm-mcu: MCUDatacomm sendMessageFromVehicle prop: 0x89, areaId: 0x0, status: 0x6e, timestamp: 0x1
05-22 07:11:47.941   344   361 D automotive.vehicle@2.0-adayo-datacomm-mcu: MCUDatacomm 1sendMessageFromVehicle ---> type = 12 
05-22 07:11:47.942  1026  1026 I MyAppLog: [2026-05-22 07:11:47.942 I tboxap mcuCommTboxmidsRecvCb:96] [Mcu] [mcuCommTboxmidsRecvCb] recv from tboxmids, size:10
05-22 07:11:47.942  1026  1026 I MyAppLog: [2026-05-22 07:11:47.942 I tboxap mcuCommTboxmidsRecvCb:97] [Mcu] [tboxmids -> tboxap]: :00 08 6E 01 04 09 10 12 34 56
05-22 07:11:47.942  1026  1026 I MyAppLog: [2026-05-22 07:11:47.942 I tboxap mcuPtlParseData:969] [Mcu] [Mcu  Parse]: (cmd):0910 (param):0910123456
05-22 07:11:47.942  1026  1026 D MyAppLog: [2026-05-22 07:11:47.942 D tboxap mcuCommCbHandel:1009] [Mcu] [Mcu  Rev]: (cmd):0910 (param value):123456
05-22 07:11:47.942  1026  1026 W MyAppLog: [2026-05-22 07:11:47.942 W tboxap mcuParamDataRevPack:897] [Mcu] mcuParamDataRevPack start pack data!!!
05-22 07:11:47.942  1026  1026 I MyAppLog: [2026-05-22 07:11:47.942 I tboxap MCU_BATT_STATIC_DATA_IND_McuInd:494] [Mcu] [MCU_BATT_STATIC_DATA_IND_McuInd] staticData type:0x12 len:5
05-22 07:11:47.942  1026  1026 D MyAppLog: [2026-05-22 07:11:47.942 D tboxap mucCommadCbEvent:1271] [Mcu] [mucCommadCbEvent] no business handler for cmd:0910
05-22 07:11:47.943   573   573 I SpiService: fgesysctrl_getGPIO_status success val=1
05-22 06:30:21.687   573   573 D spi_rst_gpio_get_output: GPIO 145 value: 1
05-22 06:30:21.687   573   573 D spidev_ioctl: gpio status=1)
05-22 07:11:47.948   573   573 I SpiService: fgesysctrl_getGPIO_status success val=1
05-22 06:30:21.692   573   573 D spi_rst_gpio_get_output: GPIO 145 value: 1
05-22 06:30:21.692   573   573 D spidev_ioctl: gpio status=1)
05-22 07:11:47.951   544   544 D commservice260303: msg.id = 1028,0
05-22 07:11:47.951   544   544 D commservice260303: i = 170, msgid = 8A000404
05-22 07:11:47.951   544   544 D commservice260303: msgid = -1979710460,did=138
05-22 07:11:47.951   544   544 D commservice260303: CommProtocolLibCmdBaseI2C::dataproc {"command":{"id":"imu_status","sub":""},"content":{"TimeStamp":1779405107950,"FrameCounter":8999,"GD_X":-0.008704167790710926,"GD_Y":0.007634742185473442,"GD_Z":0.017408855259418488,"AD_X":-0.005550414323806763,"AD_Y":-2.0072795450687408E-4,"AD_Z":-0.33457469940185547,"TempDsp":0,"Status":0,"CalibState":1,"SigAmpInvalid":0}},-1979710460
05-22 07:11:47.951   544   544 D commservice260303: send2Cluster len:326, 7B22636F6D6D616E64223A7B226964223A22696D755F737461747573222C22737562223A22227D2C22636F6E74656E74223A7B2254696D655374616D70223A313737393430353130373935302C224672616D65436F756E746572223A383939392C2247445F58223A2D302E3030383730343136373739303731303932362C2247445F59223A302E3030373633343734323138353437333434322C2247445F5A223A302E3031373430383835353235393431383438382C2241445F58223A2D302E3030353535303431343332333830363736332C2241445F59223A2D322E30303732373935343530363837343038452D342C2241445F5A223A2D302E33333435373436393934303138353534372C2254656D70447370223A302C22537461747573223A302C2243616C69625374617465223A312C22536967416D70496E76616C6964223A307D7D, 138 
05-22 07:11:47.951   544   544 D commservice260303: Push Message into SendPool fn=-282918912
05-22 07:11:47.951   544   544 D commservice260303: ComProtocolLibSend2Cluster::send2ClusterRaw fn=-282918912 , len=342
05-22 07:11:47.951   544   544 D commservice260303: sendCmdToPort :342!!!
05-22 07:11:47.951   544   544 D commservice260303: send Cmd To Port ++++5AA501528A01000023EF6A0F91337B22636F6D6D616E64223A7B226964223A22696D755F737461747573222C22737562223A22227D2C22636F6E74656E74223A7B2254696D655374616D70223A313737393430353130373935302C224672616D65436F756E746572223A383939392C2247445F58223A2D302E3030383730343136373739303731303932362C2247445F59223A302E3030373633343734323138353437333434322C2247445F5A223A302E3031373430383835353235393431383438382C2241445F58223A2D302E3030353535303431343332333830363736332C2241445F59223A2D322E30303732373935343530363837343038452D342C2241445F5A223A2D302E33333435373436393934303138353534372C2254656D70447370223A302C22537461747573223A302C2243616C69625374617465223A312C22536967416D70496E76616C6964223A307D7DB7F9
05-22 07:11:47.951   544   544 D commservice260303: bufferevent_write retrun value = 0
05-22 07:11:47.951   544   567 D commservice260303: client datas send succeed,send finish
05-22 07:11:47.951  2981  3178 D Sentinelmode_1.2.5.13_alpha: <SentryImuClusterFgeSender>imu_status sent to Linux, frame=8999, tsNs=392923, tsMs=1779405107950, intervalMs=39, ad=(-0.0055504143,-2.0072795E-4,-0.3345747), gd=(-0.008704168,0.007634742,0.017408855)
05-22 07:11:47.954   573   573 I SpiService: fgesysctrl_getGPIO_status success val=1
05-22 07:11:47.955   291  1491 D EvsDriver: forwardFrame
05-22 07:11:47.956   291  1491 D EvsDriver: Delivered 0xb400007b2f47ca30 as id 0
05-22 07:11:47.956  1137  1137 D evsmanagerd: /dev/video4 forwarded the buffer #0 to 0xb4000071fa019690 from 0xb4000071fa01b7d0
05-22 07:11:47.958   291  1135 D EvsDriver: doneWithFrame
05-22 06:30:21.697   573   573 D spi_rst_gpio_get_output: GPIO 145 value: 1
05-22 06:30:21.697   573   573 D spidev_ioctl: gpio status=1)
05-22 06:30:21.703   573   573 D spi_rst_gpio_get_output: GPIO 145 value: 1
05-22 06:30:21.703   573   573 D spidev_ioctl: gpio status=1)
05-22 07:11:47.959   573   573 I SpiService: fgesysctrl_getGPIO_status success val=1
05-22 07:11:47.963  2981  3177 I SentryImuMcuAngleSender: 179.91731rollDeg
05-22 07:11:47.964  2981  3177 I SentryImuMcuAngleSender: 1,0,0
05-22 07:11:47.965   573   573 I SpiService: fgesysctrl_getGPIO_status success val=1
05-22 06:30:21.708   573   573 D spi_rst_gpio_get_output: GPIO 145 value: 1
05-22 06:30:21.708   573   573 D spidev_ioctl: gpio status=1)
05-22 07:11:47.970   573   573 I SpiService: fgesysctrl_getGPIO_status success val=1
05-22 07:11:47.972  1026  1026 D MyAppLog: [2026-05-22 07:11:47.971 D tboxap gpsMcuDataAnalyze:471] [Gps] [gpsMcuDataAnalyze]:$GNRMC,231147.000,V,,,,,,,210526,120.0,E,N,V*41
05-22 07:11:47.972  1026  1026 D MyAppLog: 
05-22 07:11:47.972  1026  1026 D MyAppLog: [2026-05-22 07:11:47.972 D tboxap gpsMcuDataAnalyze:556] [Gps] stGps.stat:0, latitude:0 , longtitude:0,sped:0,direction:0
05-22 06:30:21.713   573   573 D spi_rst_gpio_get_output: GPIO 145 value: 1
05-22 06:30:21.713   573   573 D spidev_ioctl: gpio status=1)
05-22 07:11:47.975   573   573 I SpiService: fgesysctrl_getGPIO_status success val=0
05-22 07:11:47.975   486   579 I mcuc    : send SPI:6AA60207C100028900AB
05-22 06:30:21.719   573   573 D spi_rst_gpio_get_output: GPIO 145 value: 0
05-22 06:30:21.719   573   573 D spidev_ioctl: gpio status=0)
05-22 07:11:47.984  2981  3177 I SentryImuMcuAngleSender: 179.91728rollDeg
05-22 07:11:47.984  2981  3177 I SentryImuMcuAngleSender: 1,0,0
05-22 07:11:47.985   737  1273 I commit_sys_config_file: [settings-0-0,16]
05-22 07:11:47.989   573   573 I SpiService: fgesysctrl_getGPIO_status success val=1
05-22 06:30:21.733   573   573 D spi_rst_gpio_get_output: GPIO 145 value: 1
05-22 06:30:21.733   573   573 D spidev_ioctl: gpio status=1)
05-22 07:11:47.989   291  1491 D EvsDriver: forwardFrame
05-22 07:11:47.991   544   544 D commservice260303: msg.id = 1028,0
05-22 07:11:47.991   544   544 D commservice260303: i = 170, msgid = 8A000404
05-22 07:11:47.991   544   544 D commservice260303: msgid = -1979710460,did=138
05-22 07:11:47.991   544   544 D commservice260303: CommProtocolLibCmdBaseI2C::dataproc {"command":{"id":"imu_status","sub":""},"content":{"TimeStamp":1779405107991,"FrameCounter":9000,"GD_X":-0.00862822588533163,"GD_Y":0.007482858840376139,"GD_Z":0.017867106944322586,"AD_X":-0.004938229918479919,"AD_Y":0.002235676161944866,"AD_Z":-0.33396434783935547,"TempDsp":0,"Status":0,"CalibState":1,"SigAmpInvalid":0}},-1979710460
05-22 07:11:47.991   544   544 D commservice260303: send2Cluster len:323, 7B22636F6D6D616E64223A7B226964223A22696D755F737461747573222C22737562223A22227D2C22636F6E74656E74223A7B2254696D655374616D70223A313737393430353130373939312C224672616D65436F756E746572223A393030302C2247445F58223A2D302E30303836323832323538383533333136332C2247445F59223A302E3030373438323835383834303337363133392C2247445F5A223A302E3031373836373130363934343332323538362C2241445F58223A2D302E3030343933383232393931383437393931392C2241445F59223A302E3030323233353637363136313934343836362C2241445F5A223A2D302E33333339363433343738333933353534372C2254656D70447370223A302C22537461747573223A302C2243616C69625374617465223A312C22536967416D70496E76616C6964223A307D7D, 138 
05-22 07:11:47.991   544   544 D commservice260303: Push Message into SendPool fn=-266141696
05-22 07:11:47.991   291  1491 D EvsDriver: Delivered 0xb400007b2f47ca30 as id 0
05-22 07:11:47.991   544   544 D commservice260303: ComProtocolLibSend2Cluster::send2ClusterRaw fn=-266141696 , len=339
05-22 07:11:47.991   544   544 D commservice260303: sendCmdToPort :339!!!
05-22 07:11:47.992   544   544 D commservice260303: send Cmd To Port ++++5AA5014F8A01000023F06A0F91337B22636F6D6D616E64223A7B226964223A22696D755F737461747573222C22737562223A22227D2C22636F6E74656E74223A7B2254696D655374616D70223A313737393430353130373939312C224672616D65436F756E746572223A393030302C2247445F58223A2D302E30303836323832323538383533333136332C2247445F59223A302E3030373438323835383834303337363133392C2247445F5A223A302E3031373836373130363934343332323538362C2241445F58223A2D302E3030343933383232393931383437393931392C2241445F59223A302E3030323233353637363136313934343836362C2241445F5A223A2D302E33333339363433343738333933353534372C2254656D70447370223A302C22537461747573223A302C2243616C69625374617465223A312C22536967416D70496E76616C6964223A307D7DA19B
05-22 07:11:47.992  1137  1137 D evsmanagerd: /dev/video4 forwarded the buffer #0 to 0xb4000071fa019690 from 0xb4000071fa01b7d0
05-22 07:11:47.992   544   544 D commservice260303: bufferevent_write retrun value = 0
05-22 07:11:47.992   544   567 D commservice260303: client datas send succeed,send finish
05-22 07:11:47.992  2981  3178 D Sentinelmode_1.2.5.13_alpha: <SentryImuClusterFgeSender>imu_status sent to Linux, frame=9000, tsNs=392959, tsMs=1779405107991, intervalMs=41, ad=(-0.00493823,0.0022356762,-0.33396435), gd=(-0.008628226,0.007482859,0.017867107)
05-22 07:11:47.994   291  1135 D EvsDriver: doneWithFrame
05-22 07:11:47.995   573   573 I SpiService: fgesysctrl_getGPIO_status success val=1
05-22 07:11:47.995   964  1804 D [OMXB]  : usingANWBuffer: handle:0xebd41a30, format:1, w:1920, h:1080
05-22 06:30:21.738   573   573 D spi_rst_gpio_get_output: GPIO 145 value: 1
05-22 06:30:21.738   573   573 D spidev_ioctl: gpio status=1)
05-22 07:11:48.000   573   573 I SpiService: fgesysctrl_getGPIO_status success val=1
05-22 06:30:21.743   573   573 D spi_rst_gpio_get_output: GPIO 145 value: 1
05-22 06:30:21.743   573   573 D spidev_ioctl: gpio status=1)
05-22 07:11:48.004  2981  3177 I SentryImuMcuAngleSender: 179.93105rollDeg
05-22 07:11:48.005  2981  3177 I SentryImuMcuAngleSender: 1,0,0
05-22 07:11:48.005   573   573 I SpiService: fgesysctrl_getGPIO_status success val=1
05-22 06:30:21.749   573   573 D spi_rst_gpio_get_output: GPIO 145 value: 1
05-22 06:30:21.749   573   573 D spidev_ioctl: gpio status=1)
05-22 07:11:48.011   573   573 I SpiService: fgesysctrl_getGPIO_status success val=0
05-22 07:11:48.011   276   300 I rvcservice: t.code = 0, t.value = 14639
05-22 07:11:48.013   565   599 I Sensors : 230 AccelSensor: x:-0.110410,y:0.010980,z:-10.136371
05-22 06:30:21.754   573   573 D spi_rst_gpio_get_output: GPIO 145 value: 0
05-22 06:30:21.754   573   573 D spidev_ioctl: gpio status=0)
05-22 07:11:48.025   573   573 I SpiService: fgesysctrl_getGPIO_status success val=1
05-22 07:11:48.025  2981  3177 I SentryImuMcuAngleSender: 179.93794rollDeg
05-22 07:11:48.025  2981  3177 I SentryImuMcuAngleSender: 1,0,0
05-22 06:30:21.768   573   573 D spi_rst_gpio_get_output: GPIO 145 value: 1
05-22 06:30:21.768   573   573 D spidev_ioctl: gpio status=1)
05-22 07:11:48.026   291  1491 D EvsDriver: forwardFrame
05-22 07:11:48.028  1137  1137 D evsmanagerd: /dev/video4 forwarded the buffer #0 to 0xb4000071fa019690 from 0xb4000071fa01b7d0
05-22 07:11:48.028   291  1491 D EvsDriver: Delivered 0xb400007b2f47ca30 as id 0
05-22 07:11:48.029   291  1135 D EvsDriver: doneWithFrame
05-22 07:11:48.030   573   573 I SpiService: fgesysctrl_getGPIO_status success val=1
05-22 07:11:48.031   544   544 D commservice260303: msg.id = 1028,0
05-22 07:11:48.031   544   544 D commservice260303: i = 170, msgid = 8A000404
05-22 07:11:48.031   544   544 D commservice260303: msgid = -1979710460,did=138
05-22 07:11:48.031   544   544 D commservice260303: CommProtocolLibCmdBaseI2C::dataproc {"command":{"id":"imu_status","sub":""},"content":{"TimeStamp":1779405108030,"FrameCounter":9001,"GD_X":-0.009161898866295815,"GD_Y":0.008169975131750107,"GD_Z":0.017944088205695152,"AD_X":-0.003719136118888855,"AD_Y":-0.001421913504600525,"AD_Z":-0.3303050994873047,"TempDsp":0,"Status":0,"CalibState":1,"SigAmpInvalid":0}},-1979710460
05-22 07:11:48.031   544   544 D commservice260303: send2Cluster len:324, 7B22636F6D6D616E64223A7B226964223A22696D755F737461747573222C22737562223A22227D2C22636F6E74656E74223A7B2254696D655374616D70223A313737393430353130383033302C224672616D65436F756E746572223A393030312C2247445F58223A2D302E3030393136313839383836363239353831352C2247445F59223A302E3030383136393937353133313735303130372C2247445F5A223A302E3031373934343038383230353639353135322C2241445F58223A2D302E3030333731393133363131383838383835352C2241445F59223A2D302E3030313432313931333530343630303532352C2241445F5A223A2D302E333330333035303939343837333034372C2254656D70447370223A302C22537461747573223A302C2243616C69625374617465223A312C22536967416D70496E76616C6964223A307D7D, 138 
05-22 07:11:48.031   544   544 D commservice260303: Push Message into SendPool fn=-249364480
05-22 07:11:48.031   544   544 D commservice260303: ComProtocolLibSend2Cluster::send2ClusterRaw fn=-249364480 , len=340
05-22 07:11:48.031   544   544 D commservice260303: sendCmdToPort :340!!!
05-22 07:11:48.031   544   544 D commservice260303: send Cmd To Port ++++5AA501508A01000023F16A0F91347B22636F6D6D616E64223A7B226964223A22696D755F737461747573222C22737562223A22227D2C22636F6E74656E74223A7B2254696D655374616D70223A313737393430353130383033302C224672616D65436F756E746572223A393030312C2247445F58223A2D302E3030393136313839383836363239353831352C2247445F59223A302E3030383136393937353133313735303130372C2247445F5A223A302E3031373934343038383230353639353135322C2241445F58223A2D302E3030333731393133363131383838383835352C2241445F59223A2D302E3030313432313931333530343630303532352C2241445F5A223A2D302E333330333035303939343837333034372C2254656D70447370223A302C22537461747573223A302C2243616C69625374617465223A312C22536967416D70496E76616C6964223A307D7D117E
05-22 07:11:48.031   544   544 D commservice260303: bufferevent_write retrun value = 0
05-22 07:11:48.032   544   567 D commservice260303: client datas send succeed,send finish
05-22 07:11:48.032  2981  3178 D Sentinelmode_1.2.5.13_alpha: <SentryImuClusterFgeSender>imu_status sent to Linux, frame=9001, tsNs=392995, tsMs=1779405108030, intervalMs=40, ad=(-0.0037191361,-0.0014219135,-0.3303051), gd=(-0.009161899,0.008169975,0.017944088)
05-22 06:30:21.774   573   573 D spi_rst_gpio_get_output: GPIO 145 value: 1
05-22 06:30:21.774   573   573 D spidev_ioctl: gpio status=1)
05-22 07:11:48.035   573   573 I SpiService: fgesysctrl_getGPIO_status success val=1
05-22 06:30:21.779   573   573 D spi_rst_gpio_get_output: GPIO 145 value: 1
05-22 06:30:21.779   573   573 D spidev_ioctl: gpio status=1)
05-22 07:11:48.041   573   573 I SpiService: fgesysctrl_getGPIO_status success val=1
05-22 07:11:48.041   824   824 D SurfaceFlinger: unisoc-graphics, commit has frameMissed:2, vysncId:203484
05-22 06:30:21.784   573   573 D spi_rst_gpio_get_output: GPIO 145 value: 1
05-22 06:30:21.784   573   573 D spidev_ioctl: gpio status=1)
05-22 07:11:48.044  1658  2866 D AIN-HttpHealthPolicy: call() called start, host=www.pinduoduo.com
05-22 07:11:48.046  2981  3177 I SentryImuMcuAngleSender: 179.94484rollDeg
05-22 07:11:48.046   947  9434 D resolv  : GetAddrInfoHandler::run: {0 786432 0 983040 1000 0}
05-22 07:11:48.046  2981  3177 I SentryImuMcuAngleSender: 1,0,0
05-22 07:11:48.046   947  9434 D resolv  : resolv_getaddrinfo: explore_fqdn(): ai_family=0 ai_socktype=1 ai_protocol=6
05-22 07:11:48.046   573   573 I SpiService: fgesysctrl_getGPIO_status success val=1
05-22 07:11:48.046   964  1804 D [OMXB]  : usingANWBuffer: handle:0xebd40b10, format:1, w:1920, h:1080
05-22 07:11:48.047  1658  2866 W AIN-HttpHealthPolicy: call() called error, host=www.pinduoduo.com, err_msg=Unable to resolve host "www.pinduoduo.com": No address associated with hostname
05-22 07:11:48.047  1658  2865 D AIN-PingWorker: updateHost: result=true,host=www.pinduoduo.com,delay=-1
05-22 07:11:48.047  1658  2865 D AIN-NetCheckerOutputer: onWeak
05-22 07:11:48.047  1658  2865 D AIN-ServiceHub: getService with: name = service_tracker
05-22 07:11:48.049   565   599 I Sensors : 230 GyroSensor: x:-0.008323,y:0.007559,z:0.017867
05-22 06:30:21.789   573   573 D spi_rst_gpio_get_output: GPIO 145 value: 1
05-22 06:30:21.789   573   573 D spidev_ioctl: gpio status=1)
05-22 07:11:48.051   291  1491 D EvsDriver: forwardFrame
05-22 07:11:48.051   573   573 I SpiService: fgesysctrl_getGPIO_status success val=1
05-22 07:11:48.052   291  1491 D EvsDriver: Delivered 0xb400007b2f47ca30 as id 0
05-22 07:11:48.052  1137  1150 D evsmanagerd: /dev/video4 forwarded the buffer #0 to 0xb4000071fa019690 from 0xb4000071fa01b7d0
05-22 06:30:21.795   573   573 D spi_rst_gpio_get_output: GPIO 145 value: 1
05-22 06:30:21.795   573   573 D spidev_ioctl: gpio status=1)
05-22 07:11:48.056   291  1135 D EvsDriver: doneWithFrame
05-22 07:11:48.057   573   573 I SpiService: fgesysctrl_getGPIO_status success val=0
05-22 06:30:21.800   573   573 D spi_rst_gpio_get_output: GPIO 145 value: 0
05-22 06:30:21.800   573   573 D spidev_ioctl: gpio status=0)
05-22 07:11:48.058   824   824 D SurfaceFlinger: unisoc-graphics, commit has frameMissed:2, vysncId:203485
05-22 07:11:48.066  2981  3177 I SentryImuMcuAngleSender: 179.94484rollDeg
05-22 07:11:48.066  2981  3177 I SentryImuMcuAngleSender: 1,0,0
05-22 07:11:48.071   573   573 I SpiService: fgesysctrl_getGPIO_status success val=1
05-22 07:11:48.071   544   544 D commservice260303: msg.id = 1028,0
05-22 07:11:48.071   544   544 D commservice260303: i = 170, msgid = 8A000404
05-22 07:11:48.071   544   544 D commservice260303: msgid = -1979710460,did=138
05-22 07:11:48.071   544   544 D commservice260303: CommProtocolLibCmdBaseI2C::dataproc {"command":{"id":"imu_status","sub":""},"content":{"TimeStamp":1779405108070,"FrameCounter":9002,"GD_X":-0.0085517643019557,"GD_Y":0.007634742185473442,"GD_Z":0.018020030111074448,"AD_X":-0.0018912255764007568,"AD_Y":-8.071502670645714E-4,"AD_Z":-0.3315248489379883,"TempDsp":0,"Status":0,"CalibState":1,"SigAmpInvalid":0}},-1979710460
05-22 07:11:48.071   544   544 D commservice260303: send2Cluster len:323, 7B22636F6D6D616E64223A7B226964223A22696D755F737461747573222C22737562223A22227D2C22636F6E74656E74223A7B2254696D655374616D70223A313737393430353130383037302C224672616D65436F756E746572223A393030322C2247445F58223A2D302E303038353531373634333031393535372C2247445F59223A302E3030373633343734323138353437333434322C2247445F5A223A302E3031383032303033303131313037343434382C2241445F58223A2D302E303031383931323235353736343030373536382C2241445F59223A2D382E303731353032363730363435373134452D342C2241445F5A223A2D302E333331353234383438393337393838332C2254656D70447370223A302C22537461747573223A302C2243616C69625374617465223A312C22536967416D70496E76616C6964223A307D7D, 138 
05-22 07:11:48.071   544   544 D commservice260303: Push Message into SendPool fn=-232587264
05-22 07:11:48.071   544   544 D commservice260303: ComProtocolLibSend2Cluster::send2ClusterRaw fn=-232587264 , len=339
05-22 07:11:48.071   544   544 D commservice260303: sendCmdToPort :339!!!
05-22 07:11:48.071   544   544 D commservice260303: send Cmd To Port ++++5AA5014F8A01000023F26A0F91347B22636F6D6D616E64223A7B226964223A22696D755F737461747573222C22737562223A22227D2C22636F6E74656E74223A7B2254696D655374616D70223A313737393430353130383037302C224672616D65436F756E746572223A393030322C2247445F58223A2D302E303038353531373634333031393535372C2247445F59223A302E3030373633343734323138353437333434322C2247445F5A223A302E3031383032303033303131313037343434382C2241445F58223A2D302E303031383931323235353736343030373536382C2241445F59223A2D382E303731353032363730363435373134452D342C2241445F5A223A2D302E333331353234383438393337393838332C2254656D70447370223A302C22537461747573223A302C2243616C69625374617465223A312C22536967416D70496E76616C6964223A307D7D1B95
05-22 07:11:48.071   544   544 D commservice260303: bufferevent_write retrun value = 0
05-22 07:11:48.071   544   567 D commservice260303: client datas send succeed,send finish
05-22 07:11:48.071  2981  3178 D Sentinelmode_1.2.5.13_alpha: <SentryImuClusterFgeSender>imu_status sent to Linux, frame=9002, tsNs=393048, tsMs=1779405108070, intervalMs=39, ad=(-0.0018912256,-8.0715027E-4,-0.33152485), gd=(-0.008551764,0.007634742,0.01802003)
05-22 06:30:21.814   573   573 D spi_rst_gpio_get_output: GPIO 145 value: 1
05-22 06:30:21.814   573   573 D spidev_ioctl: gpio status=1)
05-22 07:11:48.074   824   824 D SurfaceFlinger: unisoc-graphics, commit has frameMissed:2, vysncId:203493
05-22 07:11:48.076   573   573 I SpiService: fgesysctrl_getGPIO_status success val=1
05-22 06:30:21.819   573   573 D spi_rst_gpio_get_output: GPIO 145 value: 1
05-22 06:30:21.819   573   573 D spidev_ioctl: gpio status=1)
05-22 07:11:48.081   573   573 I SpiService: fgesysctrl_getGPIO_status success val=1
05-22 07:11:48.084   291  1491 D EvsDriver: forwardFrame
05-22 06:30:21.825   573   573 D spi_rst_gpio_get_output: GPIO 145 value: 1
05-22 06:30:21.825   573   573 D spidev_ioctl: gpio status=1)
05-22 07:11:48.086  1137  1150 D evsmanagerd: /dev/video4 forwarded the buffer #0 to 0xb4000071fa019690 from 0xb4000071fa01b7d0
05-22 07:11:48.086   291  1491 D EvsDriver: Delivered 0xb400007b2f47ca30 as id 0
05-22 07:11:48.086   573   573 I SpiService: fgesysctrl_getGPIO_status success val=1
05-22 07:11:48.088  2981  3177 I SentryImuMcuAngleSender: 179.93105rollDeg
05-22 07:11:48.088  2981  3177 I SentryImuMcuAngleSender: 1,0,0
05-22 07:11:48.089   558  1606 I gps_hdbd: nmea_cs <0> != calc_cs <a1>, return -1
05-22 06:30:21.830   573   573 D spi_rst_gpio_get_output: GPIO 145 value: 1
05-22 06:30:21.830   573   573 D spidev_ioctl: gpio status=1)
05-22 07:11:48.091   291  1135 D EvsDriver: doneWithFrame
05-22 07:11:48.092   573   573 I SpiService: fgesysctrl_getGPIO_status success val=1
05-22 06:30:21.835   573   573 D spi_rst_gpio_get_output: GPIO 145 value: 1
05-22 06:30:21.835   573   573 D spidev_ioctl: gpio status=1)
05-22 07:11:48.097   573   573 I SpiService: fgesysctrl_getGPIO_status success val=0
05-22 07:11:48.097   486   579 I mcuc    : send SPI:6AA600043500020601BE
05-22 06:30:21.841   573   573 D spi_rst_gpio_get_output: GPIO 145 value: 0
05-22 06:30:21.841   573   573 D spidev_ioctl: gpio status=0)
05-22 07:11:48.108  2981  3177 I SentryImuMcuAngleSender: 179.92416rollDeg
05-22 07:11:48.108  2981  3177 I SentryImuMcuAngleSender: 1,0,0
05-22 07:11:48.111   544   544 D commservice260303: msg.id = 1028,0
05-22 07:11:48.111   544   544 D commservice260303: i = 170, msgid = 8A000404
05-22 07:11:48.111   544   544 D commservice260303: msgid = -1979710460,did=138
05-22 07:11:48.111   544   544 D commservice260303: CommProtocolLibCmdBaseI2C::dataproc {"command":{"id":"imu_status","sub":""},"content":{"TimeStamp":1779405108110,"FrameCounter":9003,"GD_X":-0.008857090957462788,"GD_Y":0.007788185961544514,"GD_Z":0.01763824187219143,"AD_X":-0.003112316131591797,"AD_Y":0.0010224087163805962,"AD_Z":-0.33274364471435547,"TempDsp":0,"Status":0,"CalibState":1,"SigAmpInvalid":0}},-1979710460
05-22 07:11:48.111   544   544 D commservice260303: send2Cluster len:324, 7B22636F6D6D616E64223A7B226964223A22696D755F737461747573222C22737562223A22227D2C22636F6E74656E74223A7B2254696D655374616D70223A313737393430353130383131302C224672616D65436F756E746572223A393030332C2247445F58223A2D302E3030383835373039303935373436323738382C2247445F59223A302E3030373738383138353936313534343531342C2247445F5A223A302E30313736333832343138373231393134332C2241445F58223A2D302E3030333131323331363133313539313739372C2241445F59223A302E303031303232343038373136333830353936322C2241445F5A223A2D302E33333237343336343437313433353534372C2254656D70447370223A302C22537461747573223A302C2243616C69625374617465223A312C22536967416D70496E76616C6964223A307D7D, 138 
05-22 07:11:48.111   544   544 D commservice260303: Push Message into SendPool fn=-215810048
05-22 07:11:48.111   544   544 D commservice260303: ComProtocolLibSend2Cluster::send2ClusterRaw fn=-215810048 , len=340
05-22 07:11:48.111   544   544 D commservice260303: sendCmdToPort :340!!!
05-22 07:11:48.111   544   544 D commservice260303: send Cmd To Port ++++5AA501508A01000023F36A0F91347B22636F6D6D616E64223A7B226964223A22696D755F737461747573222C22737562223A22227D2C22636F6E74656E74223A7B2254696D655374616D70223A313737393430353130383131302C224672616D65436F756E746572223A393030332C2247445F58223A2D302E3030383835373039303935373436323738382C2247445F59223A302E3030373738383138353936313534343531342C2247445F5A223A302E30313736333832343138373231393134332C2241445F58223A2D302E3030333131323331363133313539313739372C2241445F59223A302E303031303232343038373136333830353936322C2241445F5A223A2D302E33333237343336343437313433353534372C2254656D70447370223A302C22537461747573223A302C2243616C69625374617465223A312C22536967416D70496E76616C6964223A307D7DE1B0
05-22 07:11:48.111   573   573 I SpiService: fgesysctrl_getGPIO_status success val=1
05-22 07:11:48.111   544   544 D commservice260303: bufferevent_write retrun value = 0
05-22 07:11:48.111   276   300 I rvcservice: t.code = 3, t.value = 0
05-22 07:11:48.111   544   567 D commservice260303: client datas send succeed,send finish
05-22 07:11:48.111  2981  3178 D Sentinelmode_1.2.5.13_alpha: <SentryImuClusterFgeSender>imu_status sent to Linux, frame=9003, tsNs=393084, tsMs=1779405108110, intervalMs=40, ad=(-0.0031123161,0.0010224087,-0.33274364), gd=(-0.008857091,0.007788186,0.017638242)
05-22 06:30:21.855   573   573 D spi_rst_gpio_get_output: GPIO 145 value: 1
05-22 06:30:21.855   573   573 D spidev_ioctl: gpio status=1)
05-22 07:11:48.116   573   573 I SpiService: fgesysctrl_getGPIO_status success val=1
05-22 06:30:21.860   573   573 D spi_rst_gpio_get_output: GPIO 145 value: 1
05-22 06:30:21.860   573   573 D spidev_ioctl: gpio status=1)
05-22 07:11:48.120   291  1491 D EvsDriver: forwardFrame
05-22 07:11:48.121   291  1491 D EvsDriver: Delivered 0xb400007b2f47ca30 as id 0
05-22 07:11:48.121   964  1804 D [OMXB]  : usingANWBuffer: handle:0xebd440b0, format:1, w:1920, h:1080
05-22 07:11:48.121  1137  1150 D evsmanagerd: /dev/video4 forwarded the buffer #0 to 0xb4000071fa019690 from 0xb4000071fa01b7d0
05-22 07:11:48.121   291  1135 D EvsDriver: doneWithFrame
05-22 07:11:48.122   573   573 I SpiService: fgesysctrl_getGPIO_status success val=1
05-22 06:30:21.865   573   573 D spi_rst_gpio_get_output: GPIO 145 value: 1
05-22 06:30:21.865   573   573 D spidev_ioctl: gpio status=1)
05-22 07:11:48.127   573   573 I SpiService: fgesysctrl_getGPIO_status success val=1
05-22 07:11:48.127  1026  1026 D MyAppLog: [2026-05-22 07:11:48.127 D tboxap tsp_WorkMachineProc:1086] [Tsp] [tsp_WorkMachineProc]TSP_WORK_LOGIN NOW !!!!
05-22 06:30:21.870   573   573 D spi_rst_gpio_get_output: GPIO 145 value: 1
05-22 06:30:21.870   573   573 D spidev_ioctl: gpio status=1)
05-22 07:11:48.128  2981  3177 I SentryImuMcuAngleSender: 179.91039rollDeg
05-22 07:11:48.128  2981  3177 I SentryImuMcuAngleSender: 1,0,0
05-22 07:11:48.133   573   573 I SpiService: fgesysctrl_getGPIO_status success val=1
05-22 06:30:21.876   573   573 D spi_rst_gpio_get_output: GPIO 145 value: 1
05-22 06:30:21.876   573   573 D spidev_ioctl: gpio status=1)
05-22 07:11:48.138   573   573 I SpiService: fgesysctrl_getGPIO_status success val=0
05-22 06:30:21.882   573   573 D spi_rst_gpio_get_output: GPIO 145 value: 0
05-22 06:30:21.882   573   573 D spidev_ioctl: gpio status=0)
05-22 07:11:48.148  2981  3177 I SentryImuMcuAngleSender: 179.9276rollDeg
05-22 07:11:48.149  2981  3177 I SentryImuMcuAngleSender: 1,0,0
05-22 07:11:48.151   544   544 D commservice260303: msg.id = 1028,0
05-22 07:11:48.151   544   544 D commservice260303: i = 170, msgid = 8A000404
05-22 07:11:48.151   544   544 D commservice260303: msgid = -1979710460,did=138
05-22 07:11:48.151   544   544 D commservice260303: CommProtocolLibCmdBaseI2C::dataproc {"command":{"id":"imu_status","sub":""},"content":{"TimeStamp":1779405108150,"FrameCounter":9004,"GD_X":-0.009391804225742817,"GD_Y":0.007634742185473442,"GD_Z":0.017332913354039192,"AD_X":-0.003112189471721649,"AD_Y":4.103025421500206E-4,"AD_Z":-0.3309144973754883,"TempDsp":0,"Status":0,"CalibState":1,"SigAmpInvalid":0}},-1979710460
05-22 07:11:48.151   544   544 D commservice260303: send2Cluster len:323, 7B22636F6D6D616E64223A7B226964223A22696D755F737461747573222C22737562223A22227D2C22636F6E74656E74223A7B2254696D655374616D70223A313737393430353130383135302C224672616D65436F756E746572223A393030342C2247445F58223A2D302E3030393339313830343232353734323831372C2247445F59223A302E3030373633343734323138353437333434322C2247445F5A223A302E3031373333323931333335343033393139322C2241445F58223A2D302E3030333131323138393437313732313634392C2241445F59223A342E313033303235343231353030323036452D342C2241445F5A223A2D302E333330393134343937333735343838332C2254656D70447370223A302C22537461747573223A302C2243616C69625374617465223A312C22536967416D70496E76616C6964223A307D7D, 138 
05-22 07:11:48.151   544   544 D commservice260303: Push Message into SendPool fn=-199032832
05-22 07:11:48.151   544   544 D commservice260303: ComProtocolLibSend2Cluster::send2ClusterRaw fn=-199032832 , len=339
05-22 07:11:48.151   544   544 D commservice260303: sendCmdToPort :339!!!
