05-22 07:11:48.966   544   544 D commservice260303: CommProtocolLibCmdBaseI2C::dataproc {"command":{"id":"imu_status","sub":""},"content":{"TimeStamp":1779405108964,"FrameCounter":9024,"GD_X":-0.008781149983406067,"GD_Y":0.007864127866923809,"GD_Z":0.017867106944322586,"AD_X":-0.004319973289966583,"AD_Y":-0.0026328442618250847,"AD_Z":-0.3351888656616211,"TempDsp":0,"Status":0,"CalibState":1,"SigAmpInvalid":0}},-1979710460
05-22 07:11:48.966   544   544 D commservice260303: send2Cluster len:325, 7B22636F6D6D616E64223A7B226964223A22696D755F737461747573222C22737562223A22227D2C22636F6E74656E74223A7B2254696D655374616D70223A313737393430353130383936342C224672616D65436F756E746572223A393032342C2247445F58223A2D302E3030383738313134393938333430363036372C2247445F59223A302E3030373836343132373836363932333830392C2247445F5A223A302E3031373836373130363934343332323538362C2241445F58223A2D302E3030343331393937333238393936363538332C2241445F59223A2D302E303032363332383434323631383235303834372C2241445F5A223A2D302E333335313838383635363631363231312C2254656D70447370223A302C22537461747573223A302C2243616C69625374617465223A312C22536967416D70496E76616C6964223A307D7D, 138 
05-22 07:11:48.966   544   544 D commservice260303: Push Message into SendPool fn=136577024
05-22 07:11:48.966   544   544 D commservice260303: ComProtocolLibSend2Cluster::send2ClusterRaw fn=136577024 , len=341
05-22 07:11:48.966   544   544 D commservice260303: sendCmdToPort :341!!!
05-22 07:11:48.966   544   544 D commservice260303: send Cmd To Port ++++5AA501518A01000024086A0F91347B22636F6D6D616E64223A7B226964223A22696D755F737461747573222C22737562223A22227D2C22636F6E74656E74223A7B2254696D655374616D70223A313737393430353130383936342C224672616D65436F756E746572223A393032342C2247445F58223A2D302E3030383738313134393938333430363036372C2247445F59223A302E3030373836343132373836363932333830392C2247445F5A223A302E3031373836373130363934343332323538362C2241445F58223A2D302E3030343331393937333238393936363538332C2241445F59223A2D302E303032363332383434323631383235303834372C2241445F5A223A2D302E333335313838383635363631363231312C2254656D70447370223A302C22537461747573223A302C2243616C69625374617465223A312C22536967416D70496E76616C6964223A307D7DFEE6
05-22 07:11:48.966   544   544 D commservice260303: bufferevent_write retrun value = 0
05-22 07:11:48.967   544   567 D commservice260303: client datas send succeed,send finish
05-22 07:11:48.967  2981  3178 D Sentinelmode_1.2.5.13_alpha: <SentryImuClusterFgeSender>imu_status sent to Linux, frame=9024, tsNs=393928, tsMs=1779405108964, intervalMs=40, ad=(-0.0043199733,-0.0026328443,-0.33518887), gd=(-0.00878115,0.007864128,0.017867107)
05-22 07:11:48.974  2981  3177 I SentryImuMcuAngleSender: 179.93796rollDeg
05-22 07:11:48.974  2981  3177 I SentryImuMcuAngleSender: 1,0,0
05-22 07:11:48.978   573   573 I SpiService: fgesysctrl_getGPIO_status success val=1
05-22 07:11:48.978   964  1804 D [OMXB]  : usingANWBuffer: handle:0xebd42cc0, format:1, w:1920, h:1080
05-22 06:30:22.721   573   573 D spidev_ioctl: gpio status=1)
05-22 07:11:48.983   573   573 I SpiService: fgesysctrl_getGPIO_status success val=1
05-22 07:11:48.988   573   573 I SpiService: fgesysctrl_getGPIO_status success val=1
05-22 06:30:22.732   573   573 D spi_rst_gpio_get_output: GPIO 145 value: 1
05-22 07:11:48.994   291  1491 D EvsDriver: forwardFrame
05-22 07:11:48.994   573   573 I SpiService: fgesysctrl_getGPIO_status success val=1
05-22 07:11:48.995  2981  3177 I SentryImuMcuAngleSender: 179.92761rollDeg
05-22 07:11:48.995  2981  3177 I SentryImuMcuAngleSender: 1,0,0
05-22 07:11:48.996   647   707 D UniTelDemo: input code = 330, value = 0
05-22 07:11:48.996   737  1338 I InputReader: processEventsLocked: type=3 Count=3 code=57 value=-1 deviceId=5 when=393978634000
05-22 07:11:48.997   737  1338 D InputReader: syncTouch: pointerCount 1 -> 0, touching ids 0x80000000 -> 0x00000000, hovering ids 0x00000000 -> 0x00000000, canceled ids 0x00000000
05-22 07:11:48.997   737  1338 D InputReader: dispatchTouches action UP now(ns): 393979246178
05-22 07:11:48.997   737  1338 D InputReader: notifyMotion call dispatcher
05-22 07:11:48.998  1137  1150 D evsmanagerd: /dev/video4 forwarded the buffer #0 to 0xb4000071fa019690 from 0xb4000071fa01b7d0
05-22 07:11:48.999   291  1491 D EvsDriver: Delivered 0xb400007b2f47ca30 as id 0
05-22 07:11:48.999   573   573 I SpiService: fgesysctrl_getGPIO_status success val=1
05-22 07:11:49.000   565   565 I Sensors : 230 AccelSensor: x:-0.109800,y:0.013420,z:-10.136980
05-22 07:11:49.004   291  1135 D EvsDriver: doneWithFrame
05-22 07:11:49.005   573   573 I SpiService: fgesysctrl_getGPIO_status success val=0
05-22 07:11:49.006   544   544 D commservice260303: msg.id = 1028,1
05-22 07:11:49.006   544   544 D commservice260303: i = 170, msgid = 8A000404
05-22 07:11:49.006   544   544 D commservice260303: msgid = -1979710460,did=138
05-22 07:11:49.006   544   544 D commservice260303: CommProtocolLibCmdBaseI2C::dataproc {"command":{"id":"imu_status","sub":""},"content":{"TimeStamp":1779405109004,"FrameCounter":9025,"GD_X":-0.00969713181257248,"GD_Y":0.00794111005961895,"GD_Z":0.018095972016453743,"AD_X":-0.0030989423394203186,"AD_Y":0.0010270122438669205,"AD_Z":-0.3309192657470703,"TempDsp":0,"Status":0,"CalibState":1,"SigAmpInvalid":0}},-1979710460
05-22 07:11:49.007   824   824 D SurfaceFlinger: unisoc-graphics, commit has frameMissed:2, vysncId:204094
05-22 07:11:49.007   544   544 D commservice260303: send2Cluster len:323, 7B22636F6D6D616E64223A7B226964223A22696D755F737461747573222C22737562223A22227D2C22636F6E74656E74223A7B2254696D655374616D70223A313737393430353130393030342C224672616D65436F756E746572223A393032352C2247445F58223A2D302E30303936393731333138313235373234382C2247445F59223A302E30303739343131313030353936313839352C2247445F5A223A302E3031383039353937323031363435333734332C2241445F58223A2D302E303033303938393432333339343230333138362C2241445F59223A302E303031303237303132323433383636393230352C2241445F5A223A2D302E333330393139323635373437303730332C2254656D70447370223A302C22537461747573223A302C2243616C69625374617465223A312C22536967416D70496E76616C6964223A307D7D, 138 
05-22 07:11:49.008   544   544 D commservice260303: Push Message into SendPool fn=153354240
05-22 07:11:49.008   544   544 D commservice260303: ComProtocolLibSend2Cluster::send2ClusterRaw fn=153354240 , len=339
05-22 07:11:49.008   544   544 D commservice260303: sendCmdToPort :339!!!
05-22 07:11:49.008   544   544 D commservice260303: send Cmd To Port ++++5AA5014F8A01000024096A0F91357B22636F6D6D616E64223A7B226964223A22696D755F737461747573222C22737562223A22227D2C22636F6E74656E74223A7B2254696D655374616D70223A313737393430353130393030342C224672616D65436F756E746572223A393032352C2247445F58223A2D302E30303936393731333138313235373234382C2247445F59223A302E30303739343131313030353936313839352C2247445F5A223A302E3031383039353937323031363435333734332C2241445F58223A2D302E303033303938393432333339343230333138362C2241445F59223A302E303031303237303132323433383636393230352C2241445F5A223A2D302E333330393139323635373437303730332C2254656D70447370223A302C22537461747573223A302C2243616C69625374617465223A312C22536967416D70496E76616C6964223A307D7D0973
05-22 07:11:49.008   544   544 D commservice260303: bufferevent_write retrun value = 0
05-22 07:11:49.009  2981  3178 D Sentinelmode_1.2.5.13_alpha: <SentryImuClusterFgeSender>imu_status sent to Linux, frame=9025, tsNs=393982, tsMs=1779405109004, intervalMs=41, ad=(-0.0030989423,0.0010270122,-0.33091927), gd=(-0.009697132,0.00794111,0.018095972)
05-22 07:11:49.009   544   567 D commservice260303: client datas send succeed,send finish
05-22 07:11:49.013   276   300 I rvcservice: t.code = 3, t.value = 0
05-22 07:11:49.015   964  1804 D [OMXB]  : usingANWBuffer: handle:0xebd41ae0, format:1, w:1920, h:1080
05-22 07:11:49.015  2981  3177 I SentryImuMcuAngleSender: 179.92415rollDeg
05-22 07:11:49.015  2981  3177 I SentryImuMcuAngleSender: 1,0,0
05-22 07:11:49.020   573   573 I SpiService: fgesysctrl_getGPIO_status success val=1
05-22 07:11:49.020   291  1491 D EvsDriver: forwardFrame
05-22 07:11:49.022  1137  1150 D evsmanagerd: /dev/video4 forwarded the buffer #0 to 0xb4000071fa019690 from 0xb4000071fa01b7d0
05-22 07:11:49.022   291  1491 D EvsDriver: Delivered 0xb400007b2f47ca30 as id 0
05-22 07:11:49.022   291  1135 D EvsDriver: doneWithFrame
05-22 07:11:49.023   344  1855 D DefaultVehicleHal: setProperty setValues start
05-22 07:11:49.023   344  1855 D 2026-5-19:FakeVehicleHardware: setProperty FakeVehicleHardware  ID: 0x11500f31
05-22 07:11:49.023   344  1855 D 2026-5-19:FakeVehicleHardware: setProperty id:0x11500f31,value:394005
05-22 07:11:49.023   344  1855 D DefaultVehicleHal: setProperty setValues end
05-22 07:11:49.023   344   356 D 2026-5-19:FakeVehicleHardware: setProperty FakeVehicleHardware  setValue START
05-22 07:11:49.023   344   356 D 2026-5-19:FakeVehicleHardware: setProperty FakeVehicleHardware  setValue end
05-22 07:11:49.023   824   824 D SurfaceFlinger: unisoc-graphics, commit has frameMissed:2, vysncId:204102
05-22 07:11:49.025   573   573 I SpiService: fgesysctrl_getGPIO_status success val=1
05-22 07:11:49.030   573   573 I SpiService: fgesysctrl_getGPIO_status success val=1
05-22 07:11:49.035   565   565 I Sensors : 230 GyroSensor: x:-0.009162,y:0.007177,z:0.018249
05-22 07:11:49.036   573   573 I SpiService: fgesysctrl_getGPIO_status success val=1
05-22 07:11:49.036  2981  3177 I SentryImuMcuAngleSender: 179.93105rollDeg
05-22 07:11:49.036  2981  3177 I SentryImuMcuAngleSender: 1,0,0
05-22 07:11:49.040   824   824 D SurfaceFlinger: unisoc-graphics, commit has frameMissed:2, vysncId:204110
05-22 07:11:49.041   573   573 I SpiService: fgesysctrl_getGPIO_status success val=0
05-22 07:11:49.045   544   544 D commservice260303: msg.id = 1028,1
05-22 07:11:49.046   544   544 D commservice260303: i = 170, msgid = 8A000404
05-22 07:11:49.046   544   544 D commservice260303: msgid = -1979710460,did=138
05-22 07:11:49.046   544   544 D commservice260303: CommProtocolLibCmdBaseI2C::dataproc {"command":{"id":"imu_status","sub":""},"content":{"TimeStamp":1779405109045,"FrameCounter":9026,"GD_X":-0.009161898866295815,"GD_Y":0.007177011109888554,"GD_Z":0.018248895183205605,"AD_X":-0.0012726560235023499,"AD_Y":0.0010270122438669205,"AD_Z":-0.3321399688720703,"TempDsp":0,"Status":0,"CalibState":1,"SigAmpInvalid":0}},-1979710460
05-22 07:11:49.046   544   544 D commservice260303: send2Cluster len:325, 7B22636F6D6D616E64223A7B226964223A22696D755F737461747573222C22737562223A22227D2C22636F6E74656E74223A7B2254696D655374616D70223A313737393430353130393034352C224672616D65436F756E746572223A393032362C2247445F58223A2D302E3030393136313839383836363239353831352C2247445F59223A302E3030373137373031313130393838383535342C2247445F5A223A302E3031383234383839353138333230353630352C2241445F58223A2D302E303031323732363536303233353032333439392C2241445F59223A302E303031303237303132323433383636393230352C2241445F5A223A2D302E333332313339393638383732303730332C2254656D70447370223A302C22537461747573223A302C2243616C69625374617465223A312C22536967416D70496E76616C6964223A307D7D, 138 
05-22 07:11:49.046   544   544 D commservice260303: Push Message into SendPool fn=170131456
05-22 07:11:49.046   544   544 D commservice260303: ComProtocolLibSend2Cluster::send2ClusterRaw fn=170131456 , len=341
05-22 07:11:49.046   544   544 D commservice260303: sendCmdToPort :341!!!
05-22 07:11:49.046   544   544 D commservice260303: send Cmd To Port ++++5AA501518A010000240A6A0F91357B22636F6D6D616E64223A7B226964223A22696D755F737461747573222C22737562223A22227D2C22636F6E74656E74223A7B2254696D655374616D70223A313737393430353130393034352C224672616D65436F756E746572223A393032362C2247445F58223A2D302E3030393136313839383836363239353831352C2247445F59223A302E3030373137373031313130393838383535342C2247445F5A223A302E3031383234383839353138333230353630352C2241445F58223A2D302E303031323732363536303233353032333439392C2241445F59223A302E303031303237303132323433383636393230352C2241445F5A223A2D302E333332313339393638383732303730332C2254656D70447370223A302C22537461747573223A302C2243616C69625374617465223A312C22536967416D70496E76616C6964223A307D7DE4D9
05-22 07:11:49.046   544   544 D commservice260303: bufferevent_write retrun value = 0
05-22 07:11:49.046   544   567 D commservice260303: client datas send succeed,send finish
05-22 07:11:49.047  2981  3178 D Sentinelmode_1.2.5.13_alpha: <SentryImuClusterFgeSender>imu_status sent to Linux, frame=9026, tsNs=394017, tsMs=1779405109045, intervalMs=38, ad=(-0.001272656,0.0010270122,-0.33213997), gd=(-0.009161899,0.007177011,0.018248895)
05-22 07:11:49.049  1658  2866 D AIN-HttpHealthPolicy: call() called start, host=www.kuaishou.com
05-22 07:11:49.050   947  9463 D resolv  : GetAddrInfoHandler::run: {0 786432 0 983040 1000 0}
05-22 07:11:49.050   947  9463 D resolv  : resolv_getaddrinfo: explore_fqdn(): ai_family=0 ai_socktype=1 ai_protocol=6
05-22 07:11:49.050  1658  2866 W AIN-HttpHealthPolicy: call() called error, host=www.kuaishou.com, err_msg=Unable to resolve host "www.kuaishou.com": No address associated with hostname
05-22 07:11:49.051  1658  2865 D AIN-PingWorker: updateHost: result=true,host=www.kuaishou.com,delay=-1
05-22 07:11:49.051  1658  2865 D AIN-NetCheckerOutputer: onWeak
05-22 07:11:49.051  1658  2865 D AIN-ServiceHub: getService with: name = service_tracker
05-22 07:11:49.056   573   573 I SpiService: fgesysctrl_getGPIO_status success val=1
05-22 07:11:49.057  2981  3177 I SentryImuMcuAngleSender: 179.93105rollDeg
05-22 07:11:49.057  2981  3177 I SentryImuMcuAngleSender: 1,0,0
05-22 07:11:49.059   291  1491 D EvsDriver: forwardFrame
05-22 07:11:49.060  1774  1774 D ApplistFragment: onItemClick: package_name:com.neusoft.setting
05-22 07:11:49.061  1774  1774 D NSLogUtils_FastClickUtils: canClick() 
05-22 07:11:49.061  1774  1774 D ApplistFragment: launcherApp package_name:com.neusoft.setting
05-22 07:11:49.062   291  1491 D EvsDriver: Delivered 0xb400007b2f47ca30 as id 0
05-22 07:11:49.062  1137  1150 D evsmanagerd: /dev/video4 forwarded the buffer #0 to 0xb4000071fa019690 from 0xb4000071fa01b7d0
05-22 07:11:49.062   573   573 I SpiService: fgesysctrl_getGPIO_status success val=1
05-22 07:11:49.062  1774  1774 D NSLogUtils_AppInfoUtils: launch scaleX:788, scaleY:209, width:96, height:96
05-22 07:11:49.062  1774  1774 D NSLogUtils_AppInfoUtils:  launch intent->Intent { act=android.intent.action.MAIN cat=[android.intent.category.LAUNCHER] flg=0x10200000 pkg=com.neusoft.setting cmp=com.neusoft.setting/.ui.activity.MainActivity (has extras) }
05-22 07:11:49.062  1774  1774 W ContextImpl: Calling a method in the system process without a qualified user: android.app.ContextImpl.startActivity:1083 android.content.ContextWrapper.startActivity:454 com.neusoft.launcher.utils.AppInfoUtils.launch:368 com.neusoft.launcher.function.applist.ApplistFragment.launcherApp:245 com.neusoft.launcher.function.applist.ApplistFragment.access$400:41 
05-22 07:11:49.063   737  8347 I ActivityTaskManager: START u0 {act=android.intent.action.MAIN cat=[android.intent.category.LAUNCHER] flg=0x10200000 pkg=com.neusoft.setting cmp=com.neusoft.setting/.ui.activity.MainActivity (has extras)} from uid 1000, pid 1774
05-22 07:11:49.064   291  1135 D EvsDriver: doneWithFrame
05-22 07:11:49.067   737  8347 I wm_task_moved: [906,1,5]
05-22 07:11:49.067   274   274 D PowerHAL: ###Enter launch scene bgn###
05-22 07:11:49.067   737  8347 I wm_task_to_front: [0,906]
05-22 07:11:49.067   274   274 E PowerHAL: !!!default value check failed
05-22 07:11:49.067   274   274 E PowerHAL: !!!Undefined resource /sys/devices/system/cpu/cpufreq/policy0/scaling_min_freq
05-22 07:11:49.067   274   274 D PowerHAL: ###Enter launch scene end###
05-22 07:11:49.067   737  8347 D WindowManager: Enter findFocusedWindowIfNeeded ,topFocusedDisplayId = -1, mPerDisplayFocusEnabled = true,(topFocusedDisplayId == INVALID_DISPLAY) = true, this = Display{#0 state=ON size=1280x720 ROTATION_0}
05-22 07:11:49.068   573   573 I SpiService: fgesysctrl_getGPIO_status success val=1
05-22 07:11:49.068   737  8347 D WindowManager: Enter findFocusedWindow mTmpWindow = Window{bd83cf5 u0 com.neusoft.launcher/com.neusoft.launcher.function.applist.AppListActivity}-[Surface(name=*Title#330)/@0x6633cde], mFindFocusedWindow = com.android.server.wm.DisplayContent$$ExternalSyntheticLambda20@a6a0e54, this = Display{#0 state=ON size=1280x720 ROTATION_0}, mFocusedApp = ActivityRecord{69279e8 u0 com.neusoft.launcher/.function.applist.AppListActivity} t909 d0}
05-22 07:11:49.069   737  8347 D WindowManager: updateFocusedWindowLocked , mode = 3, updateInputWindows = false,topFocusedDisplayId = -1,newFocus= Window{bd83cf5 u0 com.neusoft.launcher/com.neusoft.launcher.function.applist.AppListActivity}-[Surface(name=*Title#330)/@0x6633cde], mCurrentFocus = Window{bd83cf5 u0 com.neusoft.launcher/com.neusoft.launcher.function.applist.AppListActivity}-[Surface(name=*Title#330)/@0x6633cde], callers=com.android.server.wm.RootWindowContainer.updateFocusedWindowLocked:493 com.android.server.wm.WindowManagerService.updateFocusedWindowLocked:6165 com.android.server.wm.DisplayContent.layoutAndAssignWindowLayersIfNeeded:3896 com.android.server.wm.TaskDisplayArea.positionChildTaskAt:417 com.android.server.wm.TaskDisplayArea.positionChildAt:376 com.android.server.wm.Task.moveToFrontInner:4731 com.android.server.wm.Task.moveToFront:4706 com.android.server.wm.ActivityRecord.moveFocusableActivityToTop:3280 com.android.server.wm.Task.moveTaskToFront:5617 com.android.server.wm.ActivityStarter.setTargetRootTaskIfNeeded:2873 
05-22 07:11:49.069   737  8347 D WindowManager: Enter findFocusedWindowIfNeeded ,topFocusedDisplayId = 0, mPerDisplayFocusEnabled = true,(topFocusedDisplayId == INVALID_DISPLAY) = false, this = Display{#2 state=ON size=1280x720 ROTATION_0}
05-22 07:11:49.069   737  8347 D WindowManager: Enter findFocusedWindow mTmpWindow = null, mFindFocusedWindow = com.android.server.wm.DisplayContent$$ExternalSyntheticLambda20@4f488a2, this = Display{#2 state=ON size=1280x720 ROTATION_0}, mFocusedApp = null
05-22 07:11:49.069   737  8347 D WindowManager: updateFocusedWindowLocked , mode = 3, updateInputWindows = false,topFocusedDisplayId = 0,newFocus= null, mCurrentFocus = null, callers=com.android.server.wm.RootWindowContainer.updateFocusedWindowLocked:493 com.android.server.wm.WindowManagerService.updateFocusedWindowLocked:6165 com.android.server.wm.DisplayContent.layoutAndAssignWindowLayersIfNeeded:3896 com.android.server.wm.TaskDisplayArea.positionChildTaskAt:417 com.android.server.wm.TaskDisplayArea.positionChildAt:376 com.android.server.wm.Task.moveToFrontInner:4731 com.android.server.wm.Task.moveToFront:4706 com.android.server.wm.ActivityRecord.moveFocusableActivityToTop:3280 com.android.server.wm.Task.moveTaskToFront:5617 com.android.server.wm.ActivityStarter.setTargetRootTaskIfNeeded:2873 
05-22 06:30:22.811   573   573 D spidev_ioctl: gpio status=1)
05-22 07:11:49.070   737  8347 I wm_focused_root_task: [0,0,906,909,bringingFoundTaskToFront]
05-22 07:11:49.070   737  8347 D WindowManager: setFocusedApp mFocusedApp = ActivityRecord{dc8f9da u0 com.neusoft.setting/.ui.activity.MainActivity} t906 d0}displayId = 0Callers = com.android.server.wm.ActivityTaskManagerService.setResumedActivityUncheckLocked:4592 com.android.server.wm.ActivityRecord.moveFocusableActivityToTop:3283 com.android.server.wm.Task.moveTaskToFront:5617 com.android.server.wm.ActivityStarter.setTargetRootTaskIfNeeded:2873 
05-22 07:11:49.070   737  8347 D WindowManager: Enter findFocusedWindowIfNeeded ,topFocusedDisplayId = -1, mPerDisplayFocusEnabled = true,(topFocusedDisplayId == INVALID_DISPLAY) = true, this = Display{#0 state=ON size=1280x720 ROTATION_0}
05-22 07:11:49.071   737  8347 D WindowManager: findFocusedWindow: Reached focused app , focusedApp = ActivityRecord{dc8f9da u0 com.neusoft.setting/.ui.activity.MainActivity} t906 d0}, activity = ActivityRecord{69279e8 u0 com.neusoft.launcher/.function.applist.AppListActivity} t909 d0}
05-22 07:11:49.071   737  8347 D WindowManager: Enter findFocusedWindow mTmpWindow = null, mFindFocusedWindow = com.android.server.wm.DisplayContent$$ExternalSyntheticLambda20@a6a0e54, this = Display{#0 state=ON size=1280x720 ROTATION_0}, mFocusedApp = ActivityRecord{dc8f9da u0 com.neusoft.setting/.ui.activity.MainActivity} t906 d0}
05-22 07:11:49.071   737  8347 D WindowManager: updateFocusedWindowLocked , mode = 0, updateInputWindows = true,topFocusedDisplayId = -1,newFocus= null, mCurrentFocus = Window{bd83cf5 u0 com.neusoft.launcher/com.neusoft.launcher.function.applist.AppListActivity}-[Surface(name=*Title#330)/@0x6633cde], callers=com.android.server.wm.RootWindowContainer.updateFocusedWindowLocked:493 com.android.server.wm.WindowManagerService.updateFocusedWindowLocked:6165 com.android.server.wm.ActivityTaskManagerService.setResumedActivityUncheckLocked:4594 com.android.server.wm.ActivityRecord.moveFocusableActivityToTop:3283 com.android.server.wm.Task.moveTaskToFront:5617 com.android.server.wm.ActivityStarter.setTargetRootTaskIfNeeded:2873 com.android.server.wm.ActivityStarter.recycleTask:2180 com.android.server.wm.ActivityStarter.startActivityInner:1890 com.android.server.wm.ActivityStarter.startActivityUnchecked:1710 com.android.server.wm.ActivityStarter.executeRequest:1261 
05-22 07:11:49.072   737  8347 I WindowManager: Input focus has changed to null from bd83cf5 com.neusoft.launcher/com.neusoft.launcher.function.applist.AppListActivity mDisplayId 0 updateInputWindows true, callers=com.android.server.wm.DisplayContent.updateFocusedWindowLocked:3778 com.android.server.wm.RootWindowContainer.updateFocusedWindowLocked:493 com.android.server.wm.WindowManagerService.updateFocusedWindowLocked:6165 com.android.server.wm.ActivityTaskManagerService.setResumedActivityUncheckLocked:4594 com.android.server.wm.ActivityRecord.moveFocusableActivityToTop:3283 
05-22 07:11:49.072   737  8347 D WindowManager: Enter findFocusedWindowIfNeeded ,topFocusedDisplayId = 0, mPerDisplayFocusEnabled = true,(topFocusedDisplayId == INVALID_DISPLAY) = false, this = Display{#2 state=ON size=1280x720 ROTATION_0}
05-22 07:11:49.072   737  8347 D WindowManager: Enter findFocusedWindow mTmpWindow = null, mFindFocusedWindow = com.android.server.wm.DisplayContent$$ExternalSyntheticLambda20@4f488a2, this = Display{#2 state=ON size=1280x720 ROTATION_0}, mFocusedApp = null
05-22 07:11:49.073   737  8347 D WindowManager: updateFocusedWindowLocked , mode = 0, updateInputWindows = true,topFocusedDisplayId = 0,newFocus= null, mCurrentFocus = null, callers=com.android.server.wm.RootWindowContainer.updateFocusedWindowLocked:493 com.android.server.wm.WindowManagerService.updateFocusedWindowLocked:6165 com.android.server.wm.ActivityTaskManagerService.setResumedActivityUncheckLocked:4594 com.android.server.wm.ActivityRecord.moveFocusableActivityToTop:3283 com.android.server.wm.Task.moveTaskToFront:5617 com.android.server.wm.ActivityStarter.setTargetRootTaskIfNeeded:2873 com.android.server.wm.ActivityStarter.recycleTask:2180 com.android.server.wm.ActivityStarter.startActivityInner:1890 com.android.server.wm.ActivityStarter.startActivityUnchecked:1710 com.android.server.wm.ActivityStarter.executeRequest:1261 
05-22 07:11:49.073   737  8347 I wm_set_resumed_activity: [0,com.neusoft.setting/.ui.activity.MainActivity,bringingFoundTaskToFront]
05-22 07:11:49.073   344   510 W automotive.vehicle@2.0-adayo-func-bcm: BCMFunc sendMessageFromClient_l sendMessage prop: 0x11500f31 not in table
05-22 07:11:49.073   737  8347 I wm_new_intent: [0,231274970,906,com.neusoft.setting/.ui.activity.MainActivity,android.intent.action.MAIN,NULL,NULL,268435712]
05-22 07:11:49.074   737  8347 D WindowManager: startPausing: taskFrag =Task{462b8e7 #909 type=standard A=1000:com.neusoft.launcher.applist U=0 visible=true visibleRequested=true mode=fullscreen translucent=true sz=1} mResumedActivity=ActivityRecord{69279e8 u0 com.neusoft.launcher/.function.applist.AppListActivity} t909 d0}
05-22 07:11:49.074   737  8347 I wm_pause_activity: [0,110262760,com.neusoft.launcher/.function.applist.AppListActivity,userLeaving=true,pauseBackTasks]
05-22 07:11:49.074   573   573 I SpiService: fgesysctrl_getGPIO_status success val=1
05-22 07:11:49.075   737  8347 I ActivityTaskManager: ->startActivity for ActivityRecord{4221753 u0 com.neusoft.setting/.ui.activity.MainActivity} t-1 d-1} result:START_TASK_TO_FRONT
05-22 07:11:49.075   737  8347 D WindowManager: Display{#2 state=ON size=1280x720 ROTATION_0} applySurfaceChangesTransaction  mTmpUpdateAllDrawn.isEmpty true
05-22 07:11:49.076   737  8347 D WindowManager: Display{#0 state=ON size=1280x720 ROTATION_0} applySurfaceChangesTransaction  mTmpUpdateAllDrawn.isEmpty true
05-22 07:11:49.077   737   764 D WindowManager: inputWindowHandle changed and setInputWindowInfo inputWindowHandle = bd83cf5 com.neusoft.launcher/com.neusoft.launcher.function.applist.AppListActivity, frame=[0,0,0,0], touchableRegion=SkRegion((0,0,1280,720)), scaleFactor=1.0, transform=null, windowToken=android.os.BinderProxy@bc99a2c, isClone=false, inputConfig=128, layoutParamsFlags=-2122252000, layoutParamsType=2, surfaceInset=0, changed=true
05-22 07:11:49.078   737   764 I input_focus: [Requesting to set focus to null window,reason=UpdateInputWindows, mCurrentFocusWindow=bd83cf5 com.neusoft.launcher/com.neusoft.launcher.function.applist.AppListActivity]
05-22 07:11:49.078  2981  3177 I SentryImuMcuAngleSender: 179.94484rollDeg
05-22 07:11:49.078  2981  3177 I SentryImuMcuAngleSender: 1,0,0
05-22 07:11:49.079  1517  1567 D sysUI_ActivityManagerService: [binder:1517_3] - handleTopTaskChanged pkg:com.neusoft.setting;className:com.neusoft.setting.ui.activity.MainActivity;displayId:0;reason:onTaskMovedToFront
05-22 07:11:49.079  1517  1567 D sysUI_NavBarFragment: [binder:1517_3] - onTaskMovedToFront pkg:com.neusoft.setting;className:com.neusoft.setting.ui.activity.MainActivity
05-22 07:11:49.080   573   573 I SpiService: fgesysctrl_getGPIO_status success val=1
05-22 07:11:49.080  1517  1567 D sysUI_ActivityManagerService: [binder:1517_3] - onTaskFocusChanged ignore taskId=909;focused=false
05-22 07:11:49.080  1517  1567 D sysUI_ActivityManagerService: [binder:1517_3] - onTaskFocusChanged ignore taskId=906;focused=true
05-22 07:11:49.080  1517  1517 D TopActivityChangeManager: setCurrentTopActivity topActivityClassName: com.neusoft.setting.ui.activity.MainActivity ,result: true
05-22 07:11:49.080  1517  1517 I sysUI_ActorController: [main] - hideShortcutWindow()
05-22 07:11:49.081  1517  1517 E sysUI_QuickSettingActor: [main] - -------------hide------------
05-22 07:11:49.081  1517  1517 D sysUI_NavBarFragment: [main] - changeNavSelector: 3
05-22 06:30:22.823   573   573 D spi_rst_gpio_get_output: GPIO 145 value: 1
05-22 06:30:22.823   573   573 D spidev_ioctl: gpio status=1)
05-22 07:11:49.085   544   544 D commservice260303: msg.id = 1028,0
05-22 07:11:49.085   573   573 I SpiService: fgesysctrl_getGPIO_status success val=0
05-22 07:11:49.085   544   544 D commservice260303: i = 170, msgid = 8A000404
05-22 07:11:49.085   544   544 D commservice260303: msgid = -1979710460,did=138
05-22 07:11:49.085   544   544 D commservice260303: CommProtocolLibCmdBaseI2C::dataproc {"command":{"id":"imu_status","sub":""},"content":{"TimeStamp":1779405109085,"FrameCounter":9027,"GD_X":-0.00862822588533163,"GD_Y":0.007024087477475405,"GD_Z":0.017332913354039192,"AD_X":-6.652846932411194E-4,"AD_Y":-0.0026298435404896736,"AD_Z":-0.3321399688720703,"TempDsp":0,"Status":0,"CalibState":1,"SigAmpInvalid":0}},-1979710460
05-22 07:11:49.086   544   544 D commservice260303: send2Cluster len:324, 7B22636F6D6D616E64223A7B226964223A22696D755F737461747573222C22737562223A22227D2C22636F6E74656E74223A7B2254696D655374616D70223A313737393430353130393038352C224672616D65436F756E746572223A393032372C2247445F58223A2D302E30303836323832323538383533333136332C2247445F59223A302E3030373032343038373437373437353430352C2247445F5A223A302E3031373333323931333335343033393139322C2241445F58223A2D362E363532383436393332343131313934452D342C2241445F59223A2D302E303032363239383433353430343839363733362C2241445F5A223A2D302E333332313339393638383732303730332C2254656D70447370223A302C22537461747573223A302C2243616C69625374617465223A312C22536967416D70496E76616C6964223A307D7D, 138 
05-22 07:11:49.086   544   544 D commservice260303: Push Message into SendPool fn=186908672
05-22 07:11:49.086   544   544 D commservice260303: ComProtocolLibSend2Cluster::send2ClusterRaw fn=186908672 , len=340
05-22 07:11:49.086   544   544 D commservice260303: sendCmdToPort :340!!!
05-22 07:11:49.086   544   544 D commservice260303: send Cmd To Port ++++5AA501508A010000240B6A0F91357B22636F6D6D616E64223A7B226964223A22696D755F737461747573222C22737562223A22227D2C22636F6E74656E74223A7B2254696D655374616D70223A313737393430353130393038352C224672616D65436F756E746572223A393032372C2247445F58223A2D302E30303836323832323538383533333136332C2247445F59223A302E3030373032343038373437373437353430352C2247445F5A223A302E3031373333323931333335343033393139322C2241445F58223A2D362E363532383436393332343131313934452D342C2241445F59223A2D302E303032363239383433353430343839363733362C2241445F5A223A2D302E333332313339393638383732303730332C2254656D70447370223A302C22537461747573223A302C2243616C69625374617465223A312C22536967416D70496E76616C6964223A307D7D9216
05-22 07:11:49.086   544   544 D commservice260303: bufferevent_write retrun value = 0
05-22 07:11:49.086   544   567 D commservice260303: client datas send succeed,send finish
05-22 07:11:49.086  2981  3178 D Sentinelmode_1.2.5.13_alpha: <SentryImuClusterFgeSender>imu_status sent to Linux, frame=9027, tsNs=394053, tsMs=1779405109085, intervalMs=40, ad=(-6.652847E-4,-0.0026298435,-0.33213997), gd=(-0.008628226,0.0070240875,0.017332913)
05-22 07:11:49.088   964  1804 D [OMXB]  : usingANWBuffer: handle:0xebd421c0, format:1, w:1920, h:1080
05-22 07:11:49.092   291  1491 D EvsDriver: forwardFrame
05-22 07:11:49.094   291  1491 D EvsDriver: Delivered 0xb400007b2f47ca30 as id 0
05-22 07:11:49.094  1137  1150 D evsmanagerd: /dev/video4 forwarded the buffer #0 to 0xb4000071fa019690 from 0xb4000071fa01b7d0
05-22 07:11:49.094  1517  1517 D TopActivityChangeManager: mTopActivityChangeContentObserver topActivityClassName: com.neusoft.setting.ui.activity.MainActivity
05-22 07:11:49.094  1517  1517 D sysUI_GestureServiceConnector: [main] - setDZoneNormalSubPageMode: DZoneClick will go to S1
05-22 07:11:49.096   291  1135 D EvsDriver: doneWithFrame
05-22 07:11:49.098  2981  3177 I SentryImuMcuAngleSender: 179.94139rollDeg
05-22 07:11:49.098  2981  3177 I SentryImuMcuAngleSender: 1,0,0
05-22 07:11:49.099   573   573 I SpiService: fgesysctrl_getGPIO_status success val=1
05-22 07:11:49.101   477  1275 I dvr_service_: [EncoderHandler::runMediaThread] runMediaThread started:1,state:0, cam2:started:1,state:0, lastSwitch:1, mIsMuxerStart:0,format:0,is_str_ing:0
05-22 07:11:49.105   573   573 I SpiService: fgesysctrl_getGPIO_status success val=1
05-22 07:11:49.106   737  8341 D InputManager: setFocusedWindow:request.displayId is 0
05-22 07:11:49.107   737  8341 I InputDispatcher: disablePointerCaptureForcedLocked:return
05-22 07:11:49.107   737  1337 I input_focus: [Focus leaving bd83cf5 com.neusoft.launcher/com.neusoft.launcher.function.applist.AppListActivity (server),reason=Waiting for window because NOT_FOCUSABLE]
05-22 07:11:49.109   737  8341 D WindowManager: relayoutWindow: Window=Window{bd83cf5 u0 com.neusoft.launcher/com.neusoft.launcher.function.applist.AppListActivity}-[Surface(name=*Title#330)/@0x6633cde] ,oldVis=0 ,newVis=0 ,focusMayChange=false, win.mViewVisibility = 0, viewVisibility = 0, flagChanges & FLAG_NOT_FOCUSABLE = 0, !win.mRelayoutCalled = false
05-22 07:11:49.109   737  8341 D WindowManager: Display{#2 state=ON size=1280x720 ROTATION_0} applySurfaceChangesTransaction  mTmpUpdateAllDrawn.isEmpty true
05-22 07:11:49.110   737  8341 D WindowManager: Display{#0 state=ON size=1280x720 ROTATION_0} applySurfaceChangesTransaction  mTmpUpdateAllDrawn.isEmpty true
05-22 07:11:49.110   573   573 I SpiService: fgesysctrl_getGPIO_status success val=1
05-22 07:11:49.111   737  8341 D WindowManager: relayoutWindow: Window=Window{bd83cf5 u0 com.neusoft.launcher/com.neusoft.launcher.function.applist.AppListActivity}-[Surface(name=*Title#330)/@0x6633cde],focusMayChange = false
05-22 07:11:49.111   737   764 D WindowManager: inputWindowHandle changed and setInputWindowInfo inputWindowHandle = bd83cf5 com.neusoft.launcher/com.neusoft.launcher.function.applist.AppListActivity, frame=[0,0,0,0], touchableRegion=SkRegion((0,0,1280,720)), scaleFactor=1.0, transform=null, windowToken=android.os.BinderProxy@bc99a2c, isClone=false, inputConfig=136, layoutParamsFlags=-2122251984, layoutParamsType=2, surfaceInset=0, changed=true
05-22 07:11:49.111  1774  1774 D ViewRootImpl: performTraversals relayoutWindow: maybeSyncSeqId=-1, mSyncSeqId=0, relayoutResult=0
05-22 07:11:49.112  1774  1774 I wm_on_top_resumed_lost_called: [110262760,com.neusoft.launcher.function.applist.AppListActivity,topStateChangedWhenResumed]
05-22 07:11:49.113  1774  1774 D NSLogUtils_AppListActivity: onPause: 
05-22 07:11:49.113   276   300 I rvcservice: t.code = 0, t.value = 0
05-22 07:11:49.114  1774  1774 D FragmentManager: movefrom RESUMED: ApplistFragment{27e3ce7} (3c12ac9b-aec7-46e2-8d52-0ddb6a43649a id=0x7f0902a0 tag=android:switcher:2131296928:0)
05-22 07:11:49.115  1774  1774 I wm_on_paused_called: [110262760,com.neusoft.launcher.function.applist.AppListActivity,performPause]
05-22 07:11:49.116   573   573 I SpiService: fgesysctrl_getGPIO_status success val=1
05-22 07:11:49.116   737   737 D JobScheduler.Quota: Processing event 2 for <0>com.neusoft.launcher
05-22 07:11:49.116   737  1616 D PowerController.AppState: - reportAppStateEventInfo() E -
05-22 07:11:49.116   737   737 D JobScheduler.Quota: Crediting <0>com.neusoft.launcher 10000ms for 1 time chunks
05-22 07:11:49.116   737   737 D JobScheduler.Quota: debits overflowed by -10000
05-22 07:11:49.116   737  1619 D PowerController.RecogA: handleMessage(MSG_REPORT_EVENT)
05-22 07:11:49.117   737  8341 I wm_set_resumed_activity: [0,com.neusoft.setting/.ui.activity.MainActivity,resumeTopActivity]
05-22 07:11:49.118   737   737 D JobScheduler.Quota: Processing event 1 for <0>com.neusoft.setting
05-22 07:11:49.119   737  8341 I wm_resume_activity: [0,231274970,906,com.neusoft.setting/.ui.activity.MainActivity]
05-22 07:11:49.119  2981  3177 I SentryImuMcuAngleSender: 179.93105rollDeg
05-22 07:11:49.119  1528  1589 I CAR.AM  : onForegroundActivitiesChanged uid 1000 pid 4601 fg true
05-22 06:30:22.865   573   573 D spi_rst_gpio_get_output: GPIO 145 value: 1
05-22 06:30:22.865   573   573 D spidev_ioctl: gpio status=1)
05-22 07:11:49.119  2981  3177 I SentryImuMcuAngleSender: 1,0,0
05-22 07:11:49.119   737  8341 D WindowManager: resumeTopActivity: Resumed ActivityRecord{dc8f9da u0 com.neusoft.setting/.ui.activity.MainActivity} t906 d0}
05-22 07:11:49.119   544   567 D commservice260303: recv len:87, 5AA5005306000000023A6A0F91357B22636F6D6D616E64223A7B226964223A2268656172745F42656174222C22737562223A22227D2C22636F6E74656E74223A7B2274797065223A322C2276616C7565223A307D7D9B35 from server
05-22 07:11:49.119   544  3079 D commservice260303: mcuDataAnalyzeHandle templen:87,len:87,pos:0, 5AA5005306000000023A6A0F91357B22636F6D6D616E64223A7B226964223A2268656172745F42656174222C22737562223A22227D2C22636F6E74656E74223A7B2274797065223A322C2276616C7565223A307D7D9B35 
05-22 07:11:49.119   544  3079 I commservice260303: checksumCal = 39733
05-22 07:11:49.119   544  3079 D commservice260303: CommProtocolLibCmdBaseC2I::dataproc {"command":{"id":"heart_Beat","sub":""},"content":{"type":2,"value":0}},6
05-22 07:11:49.119   544  3079 D commservice260303: mcuCommMessageManager::notifyMsgToClient hwbinder OK
05-22 07:11:49.119   544  3079 D commservice260303: mcuCommMessageManager::notifyMsgToClient hwbinder OK
05-22 07:11:49.119   544  3079 D commservice260303: McuProtocolLibSend2Service::send2Service ret=1
05-22 07:11:49.120  2109  2467 D ivicomm_CommManager: fgeComServiceCallback: {"command":{"id":"heart_Beat","sub":""},"content":{"type":2,"value":0}}
05-22 07:11:49.120   737   760 I sysui_multi_action: [757,803,799,window_time_0,802,2]
05-22 07:11:49.120  2109  2467 D ivicomm_ConnectStateManager: registerCallback Opt_Result: {"type":2,"value":0}
05-22 07:11:49.120   737  8341 D WindowManager: Display{#2 state=ON size=1280x720 ROTATION_0} applySurfaceChangesTransaction  mTmpUpdateAllDrawn.isEmpty true
05-22 07:11:49.120  2109  2467 D ivicomm_ConnectStateManager: notifyState newState=0curState=0
05-22 07:11:49.121  4601  4601 D VRI[MainActivity]: mView = DecorView@5eae154[MainActivity]handleAppVisibility ,mAppVisible = true, this = android.view.UnisocViewRootImpl@a1b8fd,caller = android.view.ViewRootImpl$ViewRootHandler.handleMessageImpl:5588 android.view.ViewRootImpl$ViewRootHandler.handleMessage:5566 android.os.Handler.dispatchMessage:106 android.os.Looper.loopOnce:201 android.os.Looper.loop:288 
05-22 07:11:49.121   737  8341 D WindowManager: Display{#0 state=ON size=1280x720 ROTATION_0} applySurfaceChangesTransaction  mTmpUpdateAllDrawn.isEmpty true
05-22 07:11:49.121   573   573 I SpiService: fgesysctrl_getGPIO_status success val=1
05-22 07:11:49.122   737   764 D WindowManager: inputWindowHandle changed and setInputWindowInfo inputWindowHandle = bd83cf5 com.neusoft.launcher/com.neusoft.launcher.function.applist.AppListActivity, frame=[0,0,0,0], touchableRegion=SkRegion((0,0,1280,720)), scaleFactor=1.0, transform=null, windowToken=android.os.BinderProxy@bc99a2c, isClone=false, inputConfig=8, layoutParamsFlags=-2122251984, layoutParamsType=2, surfaceInset=0, changed=true
05-22 07:11:49.123  4601  4601 D VRI[MainActivity]: mView = DecorView@ef53c38[MainActivity]handleAppVisibility ,mAppVisible = true, this = android.view.UnisocViewRootImpl@213e411,caller = android.view.ViewRootImpl$ViewRootHandler.handleMessageImpl:5588 android.view.ViewRootImpl$ViewRootHandler.handleMessage:5566 android.os.Handler.dispatchMessage:106 android.os.Looper.loopOnce:201 android.os.Looper.loop:288 
05-22 07:11:49.126   544   544 D commservice260303: msg.id = 1028,0
05-22 07:11:49.126   544   544 D commservice260303: i = 170, msgid = 8A000404
05-22 07:11:49.127   544   544 D commservice260303: msgid = -1979710460,did=138
05-22 07:11:49.127   573   573 I SpiService: fgesysctrl_getGPIO_status success val=0
05-22 07:11:49.127   544   544 D commservice260303: CommProtocolLibCmdBaseI2C::dataproc {"command":{"id":"imu_status","sub":""},"content":{"TimeStamp":1779405109126,"FrameCounter":9028,"GD_X":-0.008781149983406067,"GD_Y":0.0073299347423017025,"GD_Z":0.018095972016453743,"AD_X":-0.004326172173023224,"AD_Y":-1.881774514913559E-4,"AD_Z":-0.3321352005004883,"TempDsp":0,"Status":0,"CalibState":1,"SigAmpInvalid":0}},-1979710460
05-22 07:11:49.127   737  1616 D PowerController.AppState: - reportAppStateEventInfo() E -
05-22 07:11:49.127   737   737 D JobScheduler.Quota: Processing event 31 for <0>com.neusoft.setting
05-22 07:11:49.127   544   544 D commservice260303: send2Cluster len:325, 7B22636F6D6D616E64223A7B226964223A22696D755F737461747573222C22737562223A22227D2C22636F6E74656E74223A7B2254696D655374616D70223A313737393430353130393132362C224672616D65436F756E746572223A393032382C2247445F58223A2D302E3030383738313134393938333430363036372C2247445F59223A302E303037333239393334373432333031373032352C2247445F5A223A302E3031383039353937323031363435333734332C2241445F58223A2D302E3030343332363137323137333032333232342C2241445F59223A2D312E383831373734353134393133353539452D342C2241445F5A223A2D302E333332313335323030353030343838332C2254656D70447370223A302C22537461747573223A302C2243616C69625374617465223A312C22536967416D70496E76616C6964223A307D7D, 138 
05-22 07:11:49.127   737   737 D JobScheduler.Quota: Processing event 6 for <0>com.neusoft.setting
05-22 07:11:49.127   544   544 D commservice260303: Push Message into SendPool fn=203685888
05-22 07:11:49.127   544   544 D commservice260303: ComProtocolLibSend2Cluster::send2ClusterRaw fn=203685888 , len=341
05-22 07:11:49.127   737  1619 D PowerController.RecogA: handleMessage(MSG_REPORT_EVENT)
05-22 07:11:49.127   544   544 D commservice260303: sendCmdToPort :341!!!
05-22 07:11:49.127   737   737 D JobScheduler.Quota: Processing event 6 for <0>com.tencent.wecarnavi
05-22 07:11:49.127   544   544 D commservice260303: send Cmd To Port ++++5AA501518A010000240C6A0F91357B22636F6D6D616E64223A7B226964223A22696D755F737461747573222C22737562223A22227D2C22636F6E74656E74223A7B2254696D655374616D70223A313737393430353130393132362C224672616D65436F756E746572223A393032382C2247445F58223A2D302E3030383738313134393938333430363036372C2247445F59223A302E303037333239393334373432333031373032352C2247445F5A223A302E3031383039353937323031363435333734332C2241445F58223A2D302E3030343332363137323137333032333232342C2241445F59223A2D312E383831373734353134393133353539452D342C2241445F5A223A2D302E333332313335323030353030343838332C2254656D70447370223A302C22537461747573223A302C2243616C69625374617465223A312C22536967416D70496E76616C6964223A307D7D324D
05-22 07:11:49.127   544   544 D commservice260303: bufferevent_write retrun value = 0
05-22 07:11:49.127   544   567 D commservice260303: client datas send succeed,send finish
05-22 07:11:49.128  2981  3178 D Sentinelmode_1.2.5.13_alpha: <SentryImuClusterFgeSender>imu_status sent to Linux, frame=9028, tsNs=394091, tsMs=1779405109126, intervalMs=42, ad=(-0.004326172,-1.8817745E-4,-0.3321352), gd=(-0.00878115,0.0073299347,0.018095972)
05-22 07:11:49.128   737   737 D JobScheduler.Quota: Processing event 6 for <0>com.tencent.wecarnavi
05-22 07:11:49.128   737  1616 D PowerController.AppState: - reportAppStateEventInfo() E -
05-22 07:11:49.128   737  1616 D PowerController.AppState: - reportAppStateEventInfo() E -
05-22 07:11:49.128   737  1619 D PowerController.RecogA: handleMessage(MSG_REPORT_EVENT)
05-22 07:11:49.128   737  1619 D PowerController.RecogA: handleMessage(MSG_REPORT_EVENT)
05-22 07:11:49.129   291  1491 D EvsDriver: forwardFrame
05-22 07:11:49.130  4601  4601 I wm_on_restart_called: [231274970,com.neusoft.setting.ui.activity.MainActivity,performRestartActivity]
05-22 07:11:49.131   737   737 D JobScheduler: pending queue: 0 jobs.
05-22 07:11:49.131   737   737 D JobScheduler.Concurrency: Pending queue: 
05-22 07:11:49.132   737  1616 D PowerController.AppState: - reportAppProcStateInfo() E -
05-22 07:11:49.132   291  1491 D EvsDriver: Delivered 0xb400007b2f47ca30 as id 0
05-22 07:11:49.132  1137  1150 D evsmanagerd: /dev/video4 forwarded the buffer #0 to 0xb4000071fa019690 from 0xb4000071fa01b7d0
05-22 07:11:49.132   737  1619 D PowerController.RecogA: handleMessage(MSG_REPORT_EVENT)
05-22 07:11:49.132   291  1135 D EvsDriver: doneWithFrame
05-22 07:11:49.134  1026  1026 D MyAppLog: [2026-05-22 07:11:49.134 D tboxap tsp_WorkMachineProc:1086] [Tsp] [tsp_WorkMachineProc]TSP_WORK_LOGIN NOW !!!!
05-22 07:11:49.139   486   580 I mcuc    : rev,n=1,6AA68107C400918305000055000000B00000000000000001000100001AD99AB189213C9A8F9A892EB99A8F35169A90B204D21F7F09A800000000040000B3000000000000000000000000000000B44500000000000300000000000000AA000000E40701010000000000000000BB07052307EA0516000008009F022F01CC000000000000000000000000000000B500000000000000000000002E
05-22 07:11:49.139   344   361 D automotive.vehicle@2.0-adayo-datacomm-mcu: MCUDatacomm sendMessageFromVehicle prop: 0x83, areaId: 0x5, status: 0x0, timestamp: 0x0
05-22 07:11:49.139   344   361 D automotive.vehicle@2.0-adayo-datacomm-mcu: MCUDatacomm 1sendMessageFromVehicle ---> type = 7 
05-22 07:11:49.139   344   361 I automotive.vehicle@2.0-adayo-func-mcu: MCUFunc :sendMessageFromVehicle  msgBuff[0] = 131 
05-22 07:11:49.139   344   361 I automotive.vehicle@2.0-adayo-func-mcu: MCUFunc :sendMessageFromVehicle  msgBuff[1] = 5 
05-22 07:11:49.139   344   361 I automotive.vehicle@2.0-adayo-func-mcu: MCUFunc :sendMessageFromVehicle  msgBuff[2] = 0 
05-22 07:11:49.139   344   361 I automotive.vehicle@2.0-adayo-func-mcu: MCUFunc :sendMessageFromVehicle  msgBuff[3] = 0 
05-22 07:11:49.139   344   361 I automotive.vehicle@2.0-adayo-func-mcu: MCUFunc :sendMessageFromVehicle  msgBuff[4] = 85 
05-22 07:11:49.139   344   361 I automotive.vehicle@2.0-adayo-func-mcu: MCUFunc :sendMessageFromVehicle  msgBuff[5] = 0 
05-22 07:11:49.140  2981  3177 I SentryImuMcuAngleSender: 179.92761rollDeg
05-22 07:11:49.140  2981  3177 I SentryImuMcuAngleSender: 1,0,0
05-22 07:11:49.140  4601  4601 D FragmentManager: moveto STARTED: DrivingFragment{87456d5} (ef2c0576-4c90-470a-a9ff-85f4981fceb0 id=0x7f0900fc tag=DrivingFragment)
05-22 07:11:49.141   573   573 I SpiService: fgesysctrl_getGPIO_status success val=1
05-22 07:11:49.141   486   580 I mcuc    : rev,n=2,6AA68107C5009D8B30023F01020403A00000000100000100000101002101A100000000003B000202000002020000A2000028018000028000038000048000A3058000068000070000080000000000A4000000000000000000000101000700A502000000160102000200FF0100A640DD01010101010000000101010000000A0A0A0000010101040402020000000000000000000000000000000000000000000000000000EE80
05-22 07:11:49.143   486   580 I mcuc    : rev,n=3,6AA68107C600028B32F3
05-22 07:11:49.144  4601  4601 D FragmentManager: moveto STARTED: SystemFragment{63732f6} (65ebfe1d-b459-491c-8f37-419c1c3d76e5 id=0x7f0900fc tag=SystemFragment)
05-22 07:11:49.144   964  1804 D [OMXB]  : usingANWBuffer: handle:0xebd40d20, format:1, w:1920, h:1080
05-22 07:11:49.146  4601  4601 D FragmentManager: moveto STARTED: VehicleControlFragment{139539b} (6e587e08-f944-4c36-9507-759bd7d336a6 id=0x7f0900fc tag=VehicleControlFragment)
05-22 07:11:49.146   573   573 I SpiService: fgesysctrl_getGPIO_status success val=1
05-22 07:11:49.148  4601  4601 D FragmentManager: moveto STARTED: ConnectFragment{c25cf3a} (fb415d0b-8bc6-4162-b624-9309e6eac5b3 id=0x7f0900fc tag=ConnectFragment)
05-22 07:11:49.148  4601  4601 D FragmentManager: moveto STARTED: BluetoothDialogFragment{7c4514a} (d8b4392c-0d3b-4de5-b4f9-418b61e87449 tag=BluetoothDialogFragment)
05-22 06:30:22.889   573   573 D spi_rst_gpio_get_output: GPIO 145 value: 1
05-22 06:30:22.889   573   573 D spidev_ioctl: gpio status=1)
05-22 07:11:49.151   737  8341 I FocusResolver: request window <null> NOT_FOCUSABLE
05-22 07:11:49.151   573   573 I SpiService: fgesysctrl_getGPIO_status success val=1
05-22 07:11:49.152  4601  4601 I wm_on_start_called: [231274970,com.neusoft.setting.ui.activity.MainActivity,handleStartActivity]
05-22 07:11:49.157   573   573 I SpiService: fgesysctrl_getGPIO_status success val=1
05-22 07:11:49.159   291  1491 D EvsDriver: forwardFrame
05-22 07:11:49.160  4601  4601 I settings-SettingMainActivity: V_vSet MainActivity onNewIntent
05-22 07:11:49.161  2981  3177 I SentryImuMcuAngleSender: 179.91728rollDeg
05-22 07:11:49.161  2981  3177 I SentryImuMcuAngleSender: 1,0,0
05-22 07:11:49.162   573   573 I SpiService: fgesysctrl_getGPIO_status success val=1
05-22 07:11:49.163  4601  4601 D settings-BaseActivity: onResume: 
05-22 07:11:49.163  4601  4601 I settings-SettingMainActivity: onResume: 
05-22 07:11:49.163   291  1491 D EvsDriver: Delivered 0xb400007b2f47ca30 as id 0
05-22 07:11:49.163  4601  4601 I wm_on_resume_called: [231274970,com.neusoft.setting.ui.activity.MainActivity,RESUME_ACTIVITY]
05-22 07:11:49.163  1137  1150 D evsmanagerd: /dev/video4 forwarded the buffer #0 to 0xb4000071fa019690 from 0xb4000071fa01b7d0
05-22 07:11:49.163  4601  4601 D FragmentManager: moveto RESUMED: DrivingFragment{87456d5} (ef2c0576-4c90-470a-a9ff-85f4981fceb0 id=0x7f0900fc tag=DrivingFragment)
05-22 07:11:49.164  4601  4601 I settings-class com.neusoft.setting.ui.fragment.DrivingFragment: V_vSet BaseFragment onResume start
05-22 07:11:49.164  4601  4601 I settings-class com.neusoft.setting.ui.fragment.DrivingFragment: V_vSet BaseFragment onResume start
05-22 07:11:49.164  4601  4601 D settings-class com.neusoft.setting.ui.fragment.DrivingFragment: V_vSet DrivingFragment onResume
05-22 07:11:49.165  4601  4601 D settings-class com.neusoft.setting.ui.fragment.DrivingFragment: 【observe update】 Received driving mode setting change: 0
05-22 07:11:49.165  4601  4601 D settings-ImageTextRadioGroup: 设置选中项: radioGroup.childCount=4
05-22 07:11:49.166  4601  4601 D settings-ImageTextRadioGroup: 从CAN信号设置选中项: index=2, id=3, text=舒适
05-22 07:11:49.167  4601  4601 D settings-class com.neusoft.setting.ui.fragment.DrivingFragment: 【observe update】 Received energy recovery level: 0
05-22 07:11:49.167  4601  4601 D settings-ImageTextRadioGroup: 设置选中项: radioGroup.childCount=3
05-22 07:11:49.167  4601  4601 D settings-ImageTextRadioGroup: 从CAN信号设置选中项: index=0, id=5, text=关闭
05-22 07:11:49.167  4601  4601 D settings-class com.neusoft.setting.ui.fragment.DrivingFragment: 【observe update】 Received hill hold state: 0
05-22 07:11:49.167   291  1135 D EvsDriver: doneWithFrame
05-22 07:11:49.167   274   274 D vendor.unisoc.hardware.power-service: Enter getSceneIdByName: sceneName:com.neusoft.setting
05-22 07:11:49.168   573   573 I SpiService: fgesysctrl_getGPIO_status success val=0
05-22 07:11:49.168   486   579 I mcuc    : send SPI:6AA60207C400028305A96AA60207C500028B30756AA60207C600028B3272
05-22 07:11:49.168  4601  4601 D settings-class com.neusoft.setting.ui.fragment.DrivingFragment: 【observe update】 Received TCS state: 0
05-22 07:11:49.169  4601  4601 D settings-class com.neusoft.setting.ui.fragment.DrivingFragment: 【observe update】 Received ABS state: 0
05-22 07:11:49.169  4601  4601 D settings-ImageTextRadioGroup: 设置选中项: radioGroup.childCount=3
05-22 07:11:49.169  4601  4601 D settings-ImageTextRadioGroup: 从CAN信号设置选中项: index=0, id=8, text=标准
05-22 07:11:49.169  4601  4601 D settings-class com.neusoft.setting.ui.fragment.DrivingFragment: 【observe update】 [CAN Status] Driving mode CAN status: 1
05-22 07:11:49.169  4601  4601 D settings-class com.neusoft.setting.ui.fragment.DrivingFragment: 【observe update】 [CAN Status] TCS/Energy Recovery/Hill Hold CAN status: 1
