05-22 07:11:44.157  1517  1517 D TopActivityChangeManager: mTopActivityChangeContentObserver topActivityClassName: com.neusoft.launcher.function.applist.AppListActivity
05-22 06:30:17.894   573   573 D spi_rst_gpio_get_output: GPIO 145 value: 0
05-22 06:30:17.894   573   573 D spidev_ioctl: gpio status=0)
05-22 07:11:44.157  1517  1517 D sysUI_GestureServiceConnector: [main] - setDZoneNormalSubPageMode: DZoneClick will go to S1
05-22 07:11:44.158  4601  4601 D FragmentManager: movefrom RESUMED: VehicleControlFragment{139539b} (6e587e08-f944-4c36-9507-759bd7d336a6 id=0x7f0900fc tag=VehicleControlFragment)
05-22 07:11:44.158  4601  4601 D FragmentManager: movefrom RESUMED: ConnectFragment{c25cf3a} (fb415d0b-8bc6-4162-b624-9309e6eac5b3 id=0x7f0900fc tag=ConnectFragment)
05-22 07:11:44.159  4601  4601 D FragmentManager: movefrom RESUMED: BluetoothDialogFragment{7c4514a} (d8b4392c-0d3b-4de5-b4f9-418b61e87449 tag=BluetoothDialogFragment)
05-22 07:11:44.159   291  1135 D EvsDriver: doneWithFrame
05-22 07:11:44.161   964  1804 D [OMXB]  : usingANWBuffer: handle:0xebd43870, format:1, w:1920, h:1080
05-22 07:11:44.161  4601  4601 I wm_on_paused_called: [231274970,com.neusoft.setting.ui.activity.MainActivity,performPause]
05-22 07:11:44.163   737  8341 I wm_set_resumed_activity: [0,com.neusoft.launcher/.function.applist.AppListActivity,resumeTopActivity]
05-22 07:11:44.163   737   737 D JobScheduler.Quota: Processing event 2 for <0>com.neusoft.setting
05-22 07:11:44.163   737   737 D JobScheduler.Quota: Crediting <0>com.neusoft.setting 10000ms for 1 time chunks
05-22 07:11:44.163   737   737 D JobScheduler.Quota: debits overflowed by -10000
05-22 07:11:44.164   737  8341 D CompatibilityInfo: applyToConfigurationCompat inoutConfig.densityDpi= 160
05-22 07:11:44.164   737  1616 D PowerController.AppState: - reportAppStateEventInfo() E -
05-22 07:11:44.164   737  1619 D PowerController.RecogA: handleMessage(MSG_REPORT_EVENT)
05-22 07:11:44.165   737   737 D JobScheduler.Quota: Processing event 1 for <0>com.neusoft.launcher
05-22 07:11:44.165   737  8341 I wm_resume_activity: [0,110262760,909,com.neusoft.launcher/.function.applist.AppListActivity]
05-22 07:11:44.166   737   737 D JobScheduler.Quota: Processing event 31 for <0>com.neusoft.launcher
05-22 07:11:44.166   737  8341 D WindowManager: resumeTopActivity: Resumed ActivityRecord{69279e8 u0 com.neusoft.launcher/.function.applist.AppListActivity} t909 d0}
05-22 07:11:44.166   737  1616 D PowerController.AppState: - reportAppStateEventInfo() E -
05-22 07:11:44.166   737  1619 D PowerController.RecogA: handleMessage(MSG_REPORT_EVENT)
05-22 07:11:44.166   737  1616 D PowerController.AppState: - reportAppStateEventInfo() E -
05-22 07:11:44.166  2981  3177 I SentryImuMcuAngleSender: 179.94485rollDeg
05-22 07:11:44.167  2981  3177 I SentryImuMcuAngleSender: 1,0,0
05-22 07:11:44.167   737  1619 D PowerController.RecogA: handleMessage(MSG_REPORT_EVENT)
05-22 07:11:44.167  1774  1774 I wm_on_resume_called: [110262760,com.neusoft.launcher.function.applist.AppListActivity,RESUME_ACTIVITY]
05-22 06:30:17.909     0     0 W         : c6 [    C6] Irq_monitor:Irq                                           IPI[1]occur        8542 times interval 1020 ms
05-22 07:11:44.167  1774  1774 D FragmentManager: moveto RESUMED: ApplistFragment{27e3ce7} (3c12ac9b-aec7-46e2-8d52-0ddb6a43649a id=0x7f0902a0 tag=android:switcher:2131296928:0)
05-22 07:11:44.167  1774  1774 I wm_on_top_resumed_gained_called: [110262760,com.neusoft.launcher.function.applist.AppListActivity,topWhenResuming]
05-22 07:11:44.168   737   760 I sysui_multi_action: [757,803,799,window_time_0,802,21]
05-22 07:11:44.168   737  8341 D WindowManager: Display{#2 state=ON size=1280x720 ROTATION_0} applySurfaceChangesTransaction  mTmpUpdateAllDrawn.isEmpty true
05-22 07:11:44.169   573   573 I SpiService: fgesysctrl_getGPIO_status success val=1
05-22 07:11:44.170   274   274 D vendor.unisoc.hardware.power-service: Enter getSceneIdByName: sceneName:com.neusoft.launcher
05-22 07:11:44.170   737  8341 D WindowManager: Display{#0 state=ON size=1280x720 ROTATION_0} applySurfaceChangesTransaction  mTmpUpdateAllDrawn.isEmpty true
05-22 06:30:17.912   573   573 D spi_rst_gpio_get_output: GPIO 145 value: 1
05-22 06:30:17.912   573   573 D spidev_ioctl: gpio status=1)
05-22 07:11:44.172   737  8341 D WindowManager: Enter findFocusedWindowIfNeeded ,topFocusedDisplayId = -1, mPerDisplayFocusEnabled = true,(topFocusedDisplayId == INVALID_DISPLAY) = true, this = Display{#0 state=ON size=1280x720 ROTATION_0}
05-22 07:11:44.172   737  8341 D WindowManager: Enter findFocusedWindow mTmpWindow = Window{bd83cf5 u0 com.neusoft.launcher/com.neusoft.launcher.function.applist.AppListActivity}-[Surface(name=*Title#211)/@0x72a20e2], mFindFocusedWindow = com.android.server.wm.DisplayContent$$ExternalSyntheticLambda20@a6a0e54, this = Display{#0 state=ON size=1280x720 ROTATION_0}, mFocusedApp = ActivityRecord{69279e8 u0 com.neusoft.launcher/.function.applist.AppListActivity} t909 d0}
05-22 07:11:44.173   737  8341 D WindowManager: updateFocusedWindowLocked , mode = 2, updateInputWindows = false,topFocusedDisplayId = -1,newFocus= Window{bd83cf5 u0 com.neusoft.launcher/com.neusoft.launcher.function.applist.AppListActivity}-[Surface(name=*Title#211)/@0x72a20e2], mCurrentFocus = Window{bd83cf5 u0 com.neusoft.launcher/com.neusoft.launcher.function.applist.AppListActivity}-[Surface(name=*Title#211)/@0x72a20e2], callers=com.android.server.wm.RootWindowContainer.updateFocusedWindowLocked:493 com.android.server.wm.WindowManagerService.updateFocusedWindowLocked:6165 com.android.server.wm.RootWindowContainer.performSurfacePlacementNoTrace:882 com.android.server.wm.RootWindowContainer.performSurfacePlacement:801 com.android.server.wm.WindowSurfacePlacer.performSurfacePlacementLoop:186 com.android.server.wm.WindowSurfacePlacer.performSurfacePlacement:127 com.android.server.wm.WindowSurfacePlacer.performSurfacePlacement:116 com.android.server.wm.WindowSurfacePlacer.continueLayout:98 com.android.server.wm.ActivityTaskManagerService.continueWindowLayout:4412 com.android.server.wm.ActivityRecord.activityPaused:6061 
05-22 07:11:44.173   737  8341 D WindowManager: Enter findFocusedWindowIfNeeded ,topFocusedDisplayId = 0, mPerDisplayFocusEnabled = true,(topFocusedDisplayId == INVALID_DISPLAY) = false, this = Display{#2 state=ON size=1280x720 ROTATION_0}
05-22 07:11:44.173   737  8341 D WindowManager: Enter findFocusedWindow mTmpWindow = null, mFindFocusedWindow = com.android.server.wm.DisplayContent$$ExternalSyntheticLambda20@4f488a2, this = Display{#2 state=ON size=1280x720 ROTATION_0}, mFocusedApp = null
05-22 07:11:44.173   737  8341 D WindowManager: updateFocusedWindowLocked , mode = 2, updateInputWindows = false,topFocusedDisplayId = 0,newFocus= null, mCurrentFocus = null, callers=com.android.server.wm.RootWindowContainer.updateFocusedWindowLocked:493 com.android.server.wm.WindowManagerService.updateFocusedWindowLocked:6165 com.android.server.wm.RootWindowContainer.performSurfacePlacementNoTrace:882 com.android.server.wm.RootWindowContainer.performSurfacePlacement:801 com.android.server.wm.WindowSurfacePlacer.performSurfacePlacementLoop:186 com.android.server.wm.WindowSurfacePlacer.performSurfacePlacement:127 com.android.server.wm.WindowSurfacePlacer.performSurfacePlacement:116 com.android.server.wm.WindowSurfacePlacer.continueLayout:98 com.android.server.wm.ActivityTaskManagerService.continueWindowLayout:4412 com.android.server.wm.ActivityRecord.activityPaused:6061 
05-22 07:11:44.173   737  8341 D WindowManager: Display{#2 state=ON size=1280x720 ROTATION_0} applySurfaceChangesTransaction  mTmpUpdateAllDrawn.isEmpty true
05-22 07:11:44.174   573   573 I SpiService: fgesysctrl_getGPIO_status success val=1
05-22 07:11:44.175   737  1685 D InputManager: setFocusedWindow:request.displayId is 0
05-22 07:11:44.175   737  1685 I InputDispatcher: disablePointerCaptureForcedLocked:return
05-22 07:11:44.175   737  8341 D WindowManager: Display{#0 state=ON size=1280x720 ROTATION_0} applySurfaceChangesTransaction  mTmpUpdateAllDrawn.isEmpty true
05-22 07:11:44.175   737  1337 I input_focus: [Focus leaving d1b5953 com.neusoft.setting/com.neusoft.setting.ui.activity.MainActivity (server),reason=setFocusedWindow]
05-22 07:11:44.175   737  1337 I input_focus: [Focus entering bd83cf5 com.neusoft.launcher/com.neusoft.launcher.function.applist.AppListActivity (server),reason=setFocusedWindow]
05-22 07:11:44.176   737   764 D WindowManager: inputWindowHandle changed and setInputWindowInfo inputWindowHandle = d1b5953 com.neusoft.setting/com.neusoft.setting.ui.activity.MainActivity, frame=[0,0,0,0], touchableRegion=SkRegion((-220,-112,1060,608)), scaleFactor=1.0, transform=null, windowToken=android.os.BinderProxy@a3c1542, isClone=false, inputConfig=0, layoutParamsFlags=25165858, layoutParamsType=2, surfaceInset=32, changed=true
05-22 07:11:44.176   737   764 D WindowManager: inputWindowHandle changed and setInputWindowInfo inputWindowHandle = b06d44a com.neusoft.setting/com.neusoft.setting.ui.activity.MainActivity, frame=[0,0,0,0], touchableRegion=SkRegion((0,0,1280,720)), scaleFactor=1.0, transform=null, windowToken=android.os.BinderProxy@8355b5, isClone=false, inputConfig=0, layoutParamsFlags=-2122252000, layoutParamsType=2, surfaceInset=0, changed=true
05-22 07:11:44.176   737   764 D WindowManager: requestFocus , focusToken = android.os.BinderProxy@822ca8a, mInputFocus = android.os.BinderProxy@822ca8a, windowName = bd83cf5 com.neusoft.launcher/com.neusoft.launcher.function.applist.AppListActivity
05-22 07:11:44.176   737  8342 I WindowManager: Resumed activity; dropping state of: ActivityRecord{69279e8 u0 com.neusoft.launcher/.function.applist.AppListActivity} t909 d0}
05-22 06:30:17.917   573   573 D spi_rst_gpio_get_output: GPIO 145 value: 1
05-22 06:30:17.918   573   573 D spidev_ioctl: gpio status=1)
05-22 07:11:44.179   737  8347 D WindowManager: relayoutWindow: Window=Window{bd83cf5 u0 com.neusoft.launcher/com.neusoft.launcher.function.applist.AppListActivity}-[Surface(name=*Title#211)/@0x72a20e2] ,oldVis=0 ,newVis=0 ,focusMayChange=false, win.mViewVisibility = 0, viewVisibility = 0, flagChanges & FLAG_NOT_FOCUSABLE = 0, !win.mRelayoutCalled = false
05-22 07:11:44.179   544   567 D commservice260303: recv len:75, 5AA500470600000002346A0F91307B22636F6D6D616E64223A7B226964223A226473695F6C7578222C22737562223A22227D2C22636F6E74656E74223A7B2276616C7565223A307D7D6390 from server
05-22 07:11:44.180   573   573 I SpiService: fgesysctrl_getGPIO_status success val=1
05-22 07:11:44.180   544  3079 D commservice260303: mcuDataAnalyzeHandle templen:75,len:75,pos:0, 5AA500470600000002346A0F91307B22636F6D6D616E64223A7B226964223A226473695F6C7578222C22737562223A22227D2C22636F6E74656E74223A7B2276616C7565223A307D7D6390 
05-22 07:11:44.180   544  3079 I commservice260303: checksumCal = 25488
05-22 07:11:44.180   544  3079 D commservice260303: CommProtocolLibCmdBaseC2I::dataproc {"command":{"id":"dsi_lux","sub":""},"content":{"value":0}},6
05-22 07:11:44.180   737  8347 D WindowManager: Display{#2 state=ON size=1280x720 ROTATION_0} applySurfaceChangesTransaction  mTmpUpdateAllDrawn.isEmpty true
05-22 07:11:44.180   544  3079 D commservice260303: mcuCommMessageManager::notifyMsgToClient hwbinder OK
05-22 06:30:17.923   573   573 D spi_rst_gpio_get_output: GPIO 145 value: 1
05-22 07:11:44.180   544  3079 D commservice260303: mcuCommMessageManager::notifyMsgToClient hwbinder OK
05-22 07:11:44.180   544  3079 D commservice260303: McuProtocolLibSend2Service::send2Service ret=1
05-22 07:11:44.180  2109  2467 D ivicomm_CommManager: fgeComServiceCallback: {"command":{"id":"dsi_lux","sub":""},"content":{"value":0}}
05-22 07:11:44.180  2109  2467 D ivicomm_CallbackManager: registerCallback DSI_LUX: {"value":0} mCommStateCallbackMap size:5
05-22 07:11:44.181   544   544 D commservice260303: msg.id = 1028,1
05-22 07:11:44.181   544   544 D commservice260303: i = 170, msgid = 8A000404
05-22 07:11:44.181   544   544 D commservice260303: msgid = -1979710460,did=138
05-22 07:11:44.181   544   544 D commservice260303: CommProtocolLibCmdBaseI2C::dataproc {"command":{"id":"imu_status","sub":""},"content":{"TimeStamp":1779405104180,"FrameCounter":8906,"GD_X":-0.009391804225742817,"GD_Y":0.007864127866923809,"GD_Z":0.01763824187219143,"AD_X":-0.004912227392196655,"AD_Y":-0.003246774896979332,"AD_Z":-0.3357982635498047,"TempDsp":0,"Status":0,"CalibState":1,"SigAmpInvalid":0}},-1979710460
05-22 07:11:44.181   544   544 D commservice260303: send2Cluster len:323, 7B22636F6D6D616E64223A7B226964223A22696D755F737461747573222C22737562223A22227D2C22636F6E74656E74223A7B2254696D655374616D70223A313737393430353130343138302C224672616D65436F756E746572223A383930362C2247445F58223A2D302E3030393339313830343232353734323831372C2247445F59223A302E3030373836343132373836363932333830392C2247445F5A223A302E30313736333832343138373231393134332C2241445F58223A2D302E3030343931323232373339323139363635352C2241445F59223A2D302E3030333234363737343839363937393333322C2241445F5A223A2D302E333335373938323633353439383034372C2254656D70447370223A302C22537461747573223A302C2243616C69625374617465223A312C22536967416D70496E76616C6964223A307D7D, 138 
05-22 06:30:17.923   573   573 D spidev_ioctl: gpio status=1)
05-22 07:11:44.181   544   544 D commservice260303: Push Message into SendPool fn=-1876754432
05-22 07:11:44.181   544   544 D commservice260303: ComProtocolLibSend2Cluster::send2ClusterRaw fn=-1876754432 , len=339
05-22 07:11:44.181   544   544 D commservice260303: sendCmdToPort :339!!!
05-22 07:11:44.181   544   544 D commservice260303: send Cmd To Port ++++5AA5014F8A01000023906A0F91307B22636F6D6D616E64223A7B226964223A22696D755F737461747573222C22737562223A22227D2C22636F6E74656E74223A7B2254696D655374616D70223A313737393430353130343138302C224672616D65436F756E746572223A383930362C2247445F58223A2D302E3030393339313830343232353734323831372C2247445F59223A302E3030373836343132373836363932333830392C2247445F5A223A302E30313736333832343138373231393134332C2241445F58223A2D302E3030343931323232373339323139363635352C2241445F59223A2D302E3030333234363737343839363937393333322C2241445F5A223A2D302E333335373938323633353439383034372C2254656D70447370223A302C22537461747573223A302C2243616C69625374617465223A312C22536967416D70496E76616C6964223A307D7DB5AD
05-22 07:11:44.181   544   544 D commservice260303: bufferevent_write retrun value = 0
05-22 07:11:44.181   544   567 D commservice260303: client datas send succeed,send finish
05-22 07:11:44.181  1774  5437 D NSLogUtils_VehicleService: L2A comm state: id=dsi_lux, value=0
05-22 07:11:44.181  2981  3178 D Sentinelmode_1.2.5.13_alpha: <SentryImuClusterFgeSender>imu_status sent to Linux, frame=8906, tsNs=389155, tsMs=1779405104180, intervalMs=38, ad=(-0.0049122274,-0.003246775,-0.33579826), gd=(-0.009391804,0.007864128,0.017638242)
05-22 07:11:44.182  1517  2855 D sysUI_SystemSettingsControllerService: [binder:1517_4] - onCommState: commandID = dsi_lux; value = 0
05-22 07:11:44.185   573   573 I SpiService: fgesysctrl_getGPIO_status success val=1
05-22 06:30:17.928   573   573 D spi_rst_gpio_get_output: GPIO 145 value: 1
05-22 06:30:17.928   573   573 D spidev_ioctl: gpio status=1)
05-22 07:11:44.187   737  8347 D WindowManager: Display{#0 state=ON size=1280x720 ROTATION_0} applySurfaceChangesTransaction  mTmpUpdateAllDrawn.isEmpty true
05-22 07:11:44.188   737  8347 D WindowManager: relayoutWindow: Window=Window{bd83cf5 u0 com.neusoft.launcher/com.neusoft.launcher.function.applist.AppListActivity}-[Surface(name=*Title#211)/@0x72a20e2],focusMayChange = false
05-22 07:11:44.188  2981  3177 I SentryImuMcuAngleSender: 179.9483rollDeg
05-22 07:11:44.188  2981  3177 I SentryImuMcuAngleSender: 1,0,0
05-22 07:11:44.188   737   764 D WindowManager: inputWindowHandle changed and setInputWindowInfo inputWindowHandle = bd83cf5 com.neusoft.launcher/com.neusoft.launcher.function.applist.AppListActivity, frame=[0,0,0,0], touchableRegion=SkRegion((0,0,1280,720)), scaleFactor=1.0, transform=null, windowToken=android.os.BinderProxy@bc99a2c, isClone=false, inputConfig=0, layoutParamsFlags=-2122252000, layoutParamsType=1, surfaceInset=0, changed=true
05-22 07:11:44.188   291  1491 D EvsDriver: forwardFrame
05-22 07:11:44.188   737   764 D WindowManager: requestFocus , focusToken = android.os.BinderProxy@822ca8a, mInputFocus = android.os.BinderProxy@822ca8a, windowName = bd83cf5 com.neusoft.launcher/com.neusoft.launcher.function.applist.AppListActivity
05-22 07:11:44.189  1774  1774 D ViewRootImpl: performTraversals relayoutWindow: maybeSyncSeqId=-1, mSyncSeqId=0, relayoutResult=0
05-22 07:11:44.190   573   573 I SpiService: fgesysctrl_getGPIO_status success val=1
05-22 07:11:44.190   291  1491 D EvsDriver: Delivered 0xb400007b2f47ca30 as id 0
05-22 07:11:44.190  1137  1137 D evsmanagerd: /dev/video4 forwarded the buffer #0 to 0xb4000071fa019690 from 0xb4000071fa01b7d0
05-22 07:11:44.192   291  1135 D EvsDriver: doneWithFrame
05-22 07:11:44.194   964  1804 D [OMXB]  : usingANWBuffer: handle:0xebd41a30, format:1, w:1920, h:1080
05-22 07:11:44.196   573   573 I SpiService: fgesysctrl_getGPIO_status success val=0
05-22 06:30:17.934   573   573 D spi_rst_gpio_get_output: GPIO 145 value: 1
05-22 06:30:17.934   573   573 D spidev_ioctl: gpio status=1)
05-22 06:30:17.939   573   573 D spi_rst_gpio_get_output: GPIO 145 value: 0
05-22 06:30:17.939   573   573 D spidev_ioctl: gpio status=0)
05-22 07:11:44.196  2737  2737 I SogouInputMethodService: onStartInput packageName=com.neusoft.launcher,restarting=false
05-22 07:11:44.199   737   764 D WindowManager: Display{#2 state=ON size=1280x720 ROTATION_0} applySurfaceChangesTransaction  mTmpUpdateAllDrawn.isEmpty true
05-22 07:11:44.200   737   764 D WindowManager: Display{#0 state=ON size=1280x720 ROTATION_0} applySurfaceChangesTransaction  mTmpUpdateAllDrawn.isEmpty true
05-22 07:11:44.202   276   300 I rvcservice: t.code = 0, t.value = 14639
05-22 07:11:44.202   737   764 D WindowManager: requestFocus , focusToken = android.os.BinderProxy@822ca8a, mInputFocus = android.os.BinderProxy@822ca8a, windowName = bd83cf5 com.neusoft.launcher/com.neusoft.launcher.function.applist.AppListActivity
05-22 07:11:44.204   558  1606 I gps_hdbd: Received: '$GNGGA,231144.000,,,,,0,00,,,M,,M,,*67
'
05-22 07:11:44.205  1026  1026 D MyAppLog: [2026-05-22 07:11:44.205 D tboxap gspDataAnalyze:346] [Gps] rev gps data:$GNGGA,231144.000,,,,,0,00,,,M,,M,,*67
05-22 07:11:44.205  1026  1026 D MyAppLog: [2026-05-22 07:11:44.205 D tboxap gpsCommTboxmidsRecvCb:66] [Gps] [gpsCommTboxmidsRecvCb] gps nmea updated:$GNGGA,231144.000,,,,,0,00,,,M,,M,,*67
05-22 07:11:44.205  1026  1026 D MyAppLog: 
05-22 07:11:44.208  2981  3177 I SentryImuMcuAngleSender: 179.93106rollDeg
05-22 07:11:44.209  2981  3177 I SentryImuMcuAngleSender: 1,0,0
05-22 07:11:44.209   486   580 I mcuc    : rev,n=1,6AA68107AD00918305000055000000B00000000000000001000100001AB498B1A2211698AC98A22E8398AB315398ACB2FB5F1F59F6C300000000040000B3000000000000000000000000000000B44500000000000300000000000000AA000000E40701010000000000000000BB07052307EA0516000008009F022F01CC000000000000000000000000000000B50000000000000000000000AA
05-22 07:11:44.210   344   361 D automotive.vehicle@2.0-adayo-datacomm-mcu: MCUDatacomm sendMessageFromVehicle prop: 0x83, areaId: 0x5, status: 0x0, timestamp: 0x0
05-22 07:11:44.210   344   361 D automotive.vehicle@2.0-adayo-datacomm-mcu: MCUDatacomm 1sendMessageFromVehicle ---> type = 7 
05-22 07:11:44.210   344   361 I automotive.vehicle@2.0-adayo-func-mcu: MCUFunc :sendMessageFromVehicle  msgBuff[0] = 131 
05-22 07:11:44.210   344   361 I automotive.vehicle@2.0-adayo-func-mcu: MCUFunc :sendMessageFromVehicle  msgBuff[1] = 5 
05-22 07:11:44.210   344   361 I automotive.vehicle@2.0-adayo-func-mcu: MCUFunc :sendMessageFromVehicle  msgBuff[2] = 0 
05-22 07:11:44.210   344   361 I automotive.vehicle@2.0-adayo-func-mcu: MCUFunc :sendMessageFromVehicle  msgBuff[3] = 0 
05-22 07:11:44.210   344   361 I automotive.vehicle@2.0-adayo-func-mcu: MCUFunc :sendMessageFromVehicle  msgBuff[4] = 85 
05-22 07:11:44.210   344   361 I automotive.vehicle@2.0-adayo-func-mcu: MCUFunc :sendMessageFromVehicle  msgBuff[5] = 0 
05-22 07:11:44.210   573   573 I SpiService: fgesysctrl_getGPIO_status success val=1
05-22 07:11:44.212   558  1606 I gps_hdbd: Received: '$GNGSA,A,1,,,,,,,,,,,,,,,,1*1D
'
05-22 07:11:44.213   558  1606 I gps_hdbd: Received: '$GNGSA,A,1,,,,,,,,,,,,,,,,3*1F
'
05-22 06:30:17.953   573   573 D spi_rst_gpio_get_output: GPIO 145 value: 1
05-22 06:30:17.953   573   573 D spidev_ioctl: gpio status=1)
05-22 07:11:44.214  1026  1026 D MyAppLog: [2026-05-22 07:11:44.213 D tboxap gspDataAnalyze:346] [Gps] rev gps data:$GNGSA,A,1,,,,,,,,,,,,,,,,1*1D
05-22 07:11:44.214  1026  1026 D MyAppLog: [2026-05-22 07:11:44.213 D tboxap gpsCommTboxmidsRecvCb:66] [Gps] [gpsCommTboxmidsRecvCb] gps nmea updated:$GNGSA,A,1,,,,,,,,,,,,,,,,1*1D
05-22 07:11:44.214  1026  1026 D MyAppLog: 
05-22 07:11:44.214  1026  1026 D MyAppLog: [2026-05-22 07:11:44.213 D tboxap gspDataAnalyze:346] [Gps] rev gps data:$GNGSA,A,1,,,,,,,,,,,,,,,,3*1F
05-22 07:11:44.214  1026  1026 D MyAppLog: [2026-05-22 07:11:44.213 D tboxap gpsCommTboxmidsRecvCb:66] [Gps] [gpsCommTboxmidsRecvCb] gps nmea updated:$GNGSA,A,1,,,,,,,,,,,,,,,,3*1F
05-22 07:11:44.214  1026  1026 D MyAppLog: 
05-22 07:11:44.215   573   573 I SpiService: fgesysctrl_getGPIO_status success val=1
05-22 07:11:44.216   558  1606 I gps_hdbd: Received: '$GNGSA,A,1,,,,,,,,,,,,,,,,4*18
'
05-22 07:11:44.217   558  1606 I gps_hdbd: Received: '$BDGSV,1,1,00,1*75
'
05-22 07:11:44.217  1026  1026 D MyAppLog: [2026-05-22 07:11:44.217 D tboxap gspDataAnalyze:346] [Gps] rev gps data:$GNGSA,A,1,,,,,,,,,,,,,,,,4*18
05-22 07:11:44.217  1026  1026 D MyAppLog: [2026-05-22 07:11:44.217 D tboxap gpsCommTboxmidsRecvCb:66] [Gps] [gpsCommTboxmidsRecvCb] gps nmea updated:$GNGSA,A,1,,,,,,,,,,,,,,,,4*18
05-22 07:11:44.217  1026  1026 D MyAppLog: 
05-22 06:30:17.959   573   573 D spi_rst_gpio_get_output: GPIO 145 value: 1
05-22 06:30:17.959   573   573 D spidev_ioctl: gpio status=1)
05-22 07:11:44.218   274   274 D PowerHAL: ###Exit launch scene bgn###
05-22 07:11:44.218   274   274 E PowerHAL: !!!default value check failed
05-22 07:11:44.218   274   274 E PowerHAL: !!!Undefined resource /sys/devices/system/cpu/cpufreq/policy0/scaling_min_freq
05-22 07:11:44.218   274   274 D PowerHAL: ###Exit launch scene end###
05-22 07:11:44.219  1026  1026 D MyAppLog: [2026-05-22 07:11:44.218 D tboxap gspDataAnalyze:346] [Gps] rev gps data:$BDGSV,1,1,00,1*75
05-22 07:11:44.219  1026  1026 D MyAppLog: [2026-05-22 07:11:44.218 D tboxap gpsCommTboxmidsRecvCb:66] [Gps] [gpsCommTboxmidsRecvCb] gps nmea updated:$BDGSV,1,1,00,1*75
05-22 07:11:44.219  1026  1026 D MyAppLog: 
05-22 07:11:44.220  2981  2981 I Sentinelmode_1.2.5.13_alpha: <SentinelCarServiceManager>sensorType:291504647
05-22 07:11:44.221   573   573 I SpiService: fgesysctrl_getGPIO_status success val=1
05-22 07:11:44.221   544   544 D commservice260303: msg.id = 1028,0
05-22 07:11:44.221   544   544 D commservice260303: i = 170, msgid = 8A000404
05-22 07:11:44.221   544   544 D commservice260303: msgid = -1979710460,did=138
05-22 07:11:44.221   544   544 D commservice260303: CommProtocolLibCmdBaseI2C::dataproc {"command":{"id":"imu_status","sub":""},"content":{"TimeStamp":1779405104221,"FrameCounter":8907,"GD_X":-0.008781149983406067,"GD_Y":0.007482858840376139,"GD_Z":0.017867106944322586,"AD_X":-0.0036924704909324646,"AD_Y":0.0028510093688964844,"AD_Z":-0.3333587646484375,"TempDsp":0,"Status":0,"CalibState":1,"SigAmpInvalid":0}},-1979710460
05-22 07:11:44.221   544   544 D commservice260303: send2Cluster len:325, 7B22636F6D6D616E64223A7B226964223A22696D755F737461747573222C22737562223A22227D2C22636F6E74656E74223A7B2254696D655374616D70223A313737393430353130343232312C224672616D65436F756E746572223A383930372C2247445F58223A2D302E3030383738313134393938333430363036372C2247445F59223A302E3030373438323835383834303337363133392C2247445F5A223A302E3031373836373130363934343332323538362C2241445F58223A2D302E303033363932343730343930393332343634362C2241445F59223A302E303032383531303039333638383936343834342C2241445F5A223A2D302E333333333538373634363438343337352C2254656D70447370223A302C22537461747573223A302C2243616C69625374617465223A312C22536967416D70496E76616C6964223A307D7D, 138 
05-22 07:11:44.221   544   544 D commservice260303: Push Message into SendPool fn=-1859977216
05-22 07:11:44.221   544   544 D commservice260303: ComProtocolLibSend2Cluster::send2ClusterRaw fn=-1859977216 , len=341
05-22 07:11:44.221   544   544 D commservice260303: sendCmdToPort :341!!!
05-22 07:11:44.221   544   544 D commservice260303: send Cmd To Port ++++5AA501518A01000023916A0F91307B22636F6D6D616E64223A7B226964223A22696D755F737461747573222C22737562223A22227D2C22636F6E74656E74223A7B2254696D655374616D70223A313737393430353130343232312C224672616D65436F756E746572223A383930372C2247445F58223A2D302E3030383738313134393938333430363036372C2247445F59223A302E3030373438323835383834303337363133392C2247445F5A223A302E3031373836373130363934343332323538362C2241445F58223A2D302E303033363932343730343930393332343634362C2241445F59223A302E303032383531303039333638383936343834342C2241445F5A223A2D302E333333333538373634363438343337352C2254656D70447370223A302C22537461747573223A302C2243616C69625374617465223A312C22536967416D70496E76616C6964223A307D7D05BE
05-22 07:11:44.221   558  1606 I gps_hdbd: Received: '$GPGSV,1,1,01,199,42,165,,1*60
'
05-22 07:11:44.221   544   544 D commservice260303: bufferevent_write retrun value = 0
05-22 07:11:44.222   544   567 D commservice260303: client datas send succeed,send finish
05-22 07:11:44.222   558  1606 I gps_hdbd: Received: '$GAGSV,1,1,00,7*73
'
05-22 06:30:17.964   573   573 D spi_rst_gpio_get_output: GPIO 145 value: 1
05-22 06:30:17.964   573   573 D spidev_ioctl: gpio status=1)
05-22 07:11:44.222  2981  3178 D Sentinelmode_1.2.5.13_alpha: <SentryImuClusterFgeSender>imu_status sent to Linux, frame=8907, tsNs=389200, tsMs=1779405104221, intervalMs=41, ad=(-0.0036924705,0.0028510094,-0.33335876), gd=(-0.00878115,0.007482859,0.017867107)
05-22 07:11:44.222  1026  1026 D MyAppLog: [2026-05-22 07:11:44.222 D tboxap gspDataAnalyze:346] [Gps] rev gps data:$GPGSV,1,1,01,199,42,165,,1*60
05-22 07:11:44.222  1026  1026 D MyAppLog: [2026-05-22 07:11:44.222 D tboxap gpsCommTboxmidsRecvCb:66] [Gps] [gpsCommTboxmidsRecvCb] gps nmea updated:$GPGSV,1,1,01,199,42,165,,1*60
05-22 07:11:44.222  1026  1026 D MyAppLog: 
05-22 07:11:44.222  1026  1026 D MyAppLog: [2026-05-22 07:11:44.222 D tboxap gspDataAnalyze:346] [Gps] rev gps data:$GAGSV,1,1,00,7*73
05-22 07:11:44.222  1026  1026 D MyAppLog: [2026-05-22 07:11:44.222 D tboxap gpsCommTboxmidsRecvCb:66] [Gps] [gpsCommTboxmidsRecvCb] gps nmea updated:$GAGSV,1,1,00,7*73
05-22 07:11:44.222  1026  1026 D MyAppLog: 
05-22 07:11:44.225   291  1491 D EvsDriver: forwardFrame
05-22 07:11:44.226   573   573 I SpiService: fgesysctrl_getGPIO_status success val=1
05-22 07:11:44.226  1137  1137 D evsmanagerd: /dev/video4 forwarded the buffer #0 to 0xb4000071fa019690 from 0xb4000071fa01b7d0
05-22 07:11:44.227   291  1491 D EvsDriver: Delivered 0xb400007b2f47ca30 as id 0
05-22 07:11:44.227   291  1135 D EvsDriver: doneWithFrame
05-22 07:11:44.227   558  1606 I gps_hdbd: Received: '$GNRMC,231144.000,V,,,,,,,210526,120.0,E,N,V*42
'
05-22 07:11:44.227   558  1606 I gps_hdbd: RMC : CALL gnss_sv_status_cb, view_in_sat <1>
05-22 07:11:44.227   558  1606 I gps_hdbd: [reportSvStatus]--->PLATFORM_BSP::Enter
05-22 07:11:44.227   558  1606 I gps_hdbd: hy abnormal deal:hy_cnr30_satellite_cnt=0
05-22 07:11:44.227   558  1606 D gps_hdbd: hy abnormal deal:hy_fixStatus_fail_count=0
05-22 07:11:44.228  1026  1026 D MyAppLog: [2026-05-22 07:11:44.228 D tboxap gspDataAnalyze:346] [Gps] rev gps data:$GNRMC,231144.000,V,,,,,,,210526,120.0,E,N,V*42
05-22 07:11:44.228  1026  1026 D MyAppLog: [2026-05-22 07:11:44.228 D tboxap Real_GPS_Command_Process:293] [Gps] GPS_INFOR_IF_COMPLETED 0f
05-22 07:11:44.228  1026  1026 D MyAppLog: [2026-05-22 07:11:44.228 D tboxap gpsCommDataCb:143] [Gps] [gpsCommDataCb] datacb
05-22 07:11:44.228  1026  1026 W MyAppLog: [2026-05-22 07:11:44.228 W tboxap gpsSyncGpsInfoToDm:263] [Gps] [gpsSyncGpsInfoToDm] fix=0 mode=49 alt=0.00 sat=0 hdop=0.00 pdop=0.00 vdop=0.00
05-22 07:11:44.228  1026  1026 D MyAppLog: [2026-05-22 07:11:44.228 D tboxap gpsIpcInfoCallBack:161] [Gps] [gpsIpcInfoCallBack] gpsIpcInfoCallBack in
05-22 07:11:44.228  1026  1026 D MyAppLog: [2026-05-22 07:11:44.228 D tboxap gpsIpcInfoCallBack:168] [Gps] [gpsIpcInfoCallBack] gps ipc init gpsIpcInfoCallBack = 0x64d0daa0fc
05-22 07:11:44.228  1026  1026 D MyAppLog: [2026-05-22 07:11:44.228 D tboxap gpsIpcInfoCallBack:176] [Gps] [gpsIpcInfoCallBack] gpsIpcInfoCallBack 44 out
05-22 07:11:44.228  1026  1026 D MyAppLog: [2026-05-22 07:11:44.228 D tboxap gpsCommTboxmidsRecvCb:66] [Gps] [gpsCommTboxmidsRecvCb] gps nmea updated:$GNRMC,231144.000,V,,,,,,,210526,120.0,E,N,V*42
05-22 07:11:44.228  1026  1026 D MyAppLog: 
05-22 07:11:44.228  1026  1026 D MyAppLog: [2026-05-22 07:11:44.228 D tboxap GpsIpcInfoHandler:133] [Gps] [GpsIpcInfoHandler]  time 
05-22 07:11:44.229  2981  3177 I SentryImuMcuAngleSender: 179.91383rollDeg
05-22 07:11:44.229  2981  3177 I SentryImuMcuAngleSender: 1,0,0
05-22 06:30:17.969   573   573 D spi_rst_gpio_get_output: GPIO 145 value: 1
05-22 06:30:17.969   573   573 D spidev_ioctl: gpio status=1)
05-22 07:11:44.231   573   573 I SpiService: fgesysctrl_getGPIO_status success val=1
05-22 07:11:44.233   558  1606 I gps_hdbd: Received: '$GNZDA,231144.000,21,05,2026,00,00*49
'
05-22 06:30:17.975   573   573 D spi_rst_gpio_get_output: GPIO 145 value: 1
05-22 07:11:44.234  1026  1026 D MyAppLog: [2026-05-22 07:11:44.233 D tboxap gspDataAnalyze:346] [Gps] rev gps data:$GNZDA,231144.000,21,05,2026,00,00*49
05-22 06:30:17.975   573   573 D spidev_ioctl: gpio status=1)
05-22 07:11:44.234  1026  1026 D MyAppLog: [2026-05-22 07:11:44.233 D tboxap gpsCommTboxmidsRecvCb:66] [Gps] [gpsCommTboxmidsRecvCb] gps nmea updated:$GNZDA,231144.000,21,05,2026,00,00*49
05-22 07:11:44.234  1026  1026 D MyAppLog: 
05-22 07:11:44.237   573   573 I SpiService: fgesysctrl_getGPIO_status success val=1
05-22 06:30:17.980   573   573 D spi_rst_gpio_get_output: GPIO 145 value: 1
05-22 06:30:17.980   573   573 D spidev_ioctl: gpio status=1)
05-22 07:11:44.239   558  1606 I gps_hdbd: Received: '$GNGST,231144.000,,,,,,,*56
'
05-22 07:11:44.242   573   573 I SpiService: fgesysctrl_getGPIO_status success val=0
05-22 07:11:44.242   486   579 I mcuc    : send SPI:6AA60207AD00028305C0
05-22 06:30:17.985   573   573 D spi_rst_gpio_get_output: GPIO 145 value: 0
05-22 06:30:17.985   573   573 D spidev_ioctl: gpio status=0)
05-22 07:11:44.249  2981  3177 I SentryImuMcuAngleSender: 179.92416rollDeg
05-22 07:11:44.249  2981  3177 I SentryImuMcuAngleSender: 1,0,0
05-22 07:11:44.255   573   573 I SpiService: fgesysctrl_getGPIO_status success val=1
05-22 07:11:44.256   558  1606 I gps_hdbd: Received: '$GNINS,1,1,TYPE,I,V,231144.000,372200,FUS,-17,0,0,0,MOT,V,1,PATT,0.00,0.00,0.00,VEL,0.000,0.000,0.000,POS,39.9999846247,115.9999771395,108.489,IIA,1,0.00,0.00,0.00,BGA,0.44,-0.52,-1.01,0.000,0.000,0.000,IGA,0,-1,-1,0,-1,99,VG,16c2ff1*39
'
05-22 06:30:17.999   573   573 D spi_rst_gpio_get_output: GPIO 145 value: 1
05-22 06:30:17.999   573   573 D spidev_ioctl: gpio status=1)
05-22 07:11:44.259   291  1491 D EvsDriver: forwardFrame
05-22 07:11:44.260   291  1491 D EvsDriver: Delivered 0xb400007b2f47ca30 as id 0
05-22 07:11:44.260  1137  1137 D evsmanagerd: /dev/video4 forwarded the buffer #0 to 0xb4000071fa019690 from 0xb4000071fa01b7d0
05-22 07:11:44.261   573   573 I SpiService: fgesysctrl_getGPIO_status success val=1
05-22 06:30:18.004   573   573 D spi_rst_gpio_get_output: GPIO 145 value: 1
05-22 06:30:18.004   573   573 D spidev_ioctl: gpio status=1)
05-22 07:11:44.262   291  1135 D EvsDriver: doneWithFrame
05-22 07:11:44.263   544   544 D commservice260303: msg.id = 1028,0
05-22 07:11:44.263   544   544 D commservice260303: i = 170, msgid = 8A000404
05-22 07:11:44.263   544   544 D commservice260303: msgid = -1979710460,did=138
05-22 07:11:44.263   544   544 D commservice260303: CommProtocolLibCmdBaseI2C::dataproc {"command":{"id":"imu_status","sub":""},"content":{"TimeStamp":1779405104262,"FrameCounter":8908,"GD_X":-0.00969713181257248,"GD_Y":0.007177011109888554,"GD_Z":0.017944088205695152,"AD_X":-0.00430230051279068,"AD_Y":0.0010210853070020676,"AD_Z":-0.3333587646484375,"TempDsp":0,"Status":0,"CalibState":1,"SigAmpInvalid":0}},-1979710460
05-22 07:11:44.263   544   544 D commservice260303: send2Cluster len:322, 7B22636F6D6D616E64223A7B226964223A22696D755F737461747573222C22737562223A22227D2C22636F6E74656E74223A7B2254696D655374616D70223A313737393430353130343236322C224672616D65436F756E746572223A383930382C2247445F58223A2D302E30303936393731333138313235373234382C2247445F59223A302E3030373137373031313130393838383535342C2247445F5A223A302E3031373934343038383230353639353135322C2241445F58223A2D302E30303433303233303035313237393036382C2241445F59223A302E303031303231303835333037303032303637362C2241445F5A223A2D302E333333333538373634363438343337352C2254656D70447370223A302C22537461747573223A302C2243616C69625374617465223A312C22536967416D70496E76616C6964223A307D7D, 138 
05-22 07:11:44.263   544   544 D commservice260303: Push Message into SendPool fn=-1843200000
05-22 07:11:44.263   544   544 D commservice260303: ComProtocolLibSend2Cluster::send2ClusterRaw fn=-1843200000 , len=338
05-22 07:11:44.263   544   544 D commservice260303: sendCmdToPort :338!!!
05-22 07:11:44.263   544   544 D commservice260303: send Cmd To Port ++++5AA5014E8A01000023926A0F91307B22636F6D6D616E64223A7B226964223A22696D755F737461747573222C22737562223A22227D2C22636F6E74656E74223A7B2254696D655374616D70223A313737393430353130343236322C224672616D65436F756E746572223A383930382C2247445F58223A2D302E30303936393731333138313235373234382C2247445F59223A302E3030373137373031313130393838383535342C2247445F5A223A302E3031373934343038383230353639353135322C2241445F58223A2D302E30303433303233303035313237393036382C2241445F59223A302E303031303231303835333037303032303637362C2241445F5A223A2D302E333333333538373634363438343337352C2254656D70447370223A302C22537461747573223A302C2243616C69625374617465223A312C22536967416D70496E76616C6964223A307D7D29F3
05-22 07:11:44.263   544   544 D commservice260303: bufferevent_write retrun value = 0
05-22 07:11:44.264   544   567 D commservice260303: client datas send succeed,send finish
05-22 07:11:44.264   964  1804 D [OMXB]  : usingANWBuffer: handle:0xebd440b0, format:1, w:1920, h:1080
05-22 07:11:44.264  2981  3178 D Sentinelmode_1.2.5.13_alpha: <SentryImuClusterFgeSender>imu_status sent to Linux, frame=8908, tsNs=389215, tsMs=1779405104262, intervalMs=42, ad=(-0.0043023005,0.0010210853,-0.33335876), gd=(-0.009697132,0.007177011,0.017944088)
05-22 07:11:44.266   573   573 I SpiService: fgesysctrl_getGPIO_status success val=1
05-22 07:11:44.267   558  1606 I gps_hdbd: Received: '$GNINS,CARSPEED,ADR_STATUS,0,Pulse_count,0,1,0,0,372200,3722,0.000,0.000,0.000*06
'
05-22 07:11:44.268  2023  2038 D CarPlay : VideoModel onTaskStackChanged.
05-22 07:11:44.269  1517  2855 D sysUI_ActivityManagerService: [binder:1517_4] - onTaskStackChanged , lastPkg=com.neusoft.launcher
05-22 07:11:44.269  2981  3177 I SentryImuMcuAngleSender: 179.92416rollDeg
05-22 07:11:44.270  2981  3177 I SentryImuMcuAngleSender: 1,0,0
05-22 06:30:18.010   573   573 D spi_rst_gpio_get_output: GPIO 145 value: 1
05-22 06:30:18.010   573   573 D spidev_ioctl: gpio status=1)
05-22 07:11:44.271  2023  2038 D CarPlay : VideoModel getMainScreenTopActivity end, topActivity: ComponentInfo{com.neusoft.launcher/com.neusoft.launcher.function.applist.AppListActivity}
05-22 07:11:44.271  2023  2038 D CarPlay : VideoModel uniqueName:com.neusoft.launcherrunningPackageName: com.neusoft.launcher, topActivityName:com.neusoft.launcher.function.applist.AppListActivity
05-22 07:11:44.271  2023  2038 D CarPlay : VideoModel mIsFirstFocusChange: false
05-22 07:11:44.271  2023  2038 I CarPlay : VideoModel com.neusoft.launcher enterStack start.
05-22 07:11:44.271  2023  2038 D CarPlay : CarPlayRemoteManager setLastUserMode resource: 1 userMode: false
05-22 07:11:44.271  2023  2038 E CarPlay : PlatformCarPlayServiceManager setLastUserMode resource: 1 mode: false
05-22 07:11:44.271  2023  2038 E CarPlay : com.ts.carplay.CarPlayServiceBinder setLastUserMode resource: 1 mode: false
05-22 07:11:44.271  2023  2038 E CarPlay : CarPlayLastUserMode setLastUserMode resourceType = CARPLAY_RESOURCE_SCREEN lastmode: 0
05-22 07:11:44.271  2023  2038 E CarPlay : CarPlayLastUserMode writeLastModeForScreen lastmode = 0
05-22 07:11:44.272  2023  2038 D CarPlay : VideoModel POP: com.neusoft.setting
05-22 07:11:44.272  2023  2038 I CarPlay : VideoModel enterStack: loopback
05-22 07:11:44.272  2023  2038 I CarPlay : VideoModel com.neusoft.launcher enterStack start.
05-22 07:11:44.272  2023  2038 D CarPlay : VideoModel PUSH: com.neusoft.launcher
05-22 07:11:44.272  2023  2038 W ContextImpl: Calling a method in the system process without a qualified user: android.app.ContextImpl.sendBroadcast:1189 android.content.ContextWrapper.sendBroadcast:500 com.ts.carplay.app.service.model.video.VideoModel.priorityChanged:587 com.ts.carplay.app.service.model.video.VideoModel.enterStack:522 com.ts.carplay.app.service.model.video.VideoModel.enterStack:546 
05-22 07:11:44.273   573   573 I SpiService: fgesysctrl_getGPIO_status success val=1
05-22 07:11:44.273   737  8347 E ActivityManager: Sending non-protected broadcast com.ts.carplay.action.FINISH_ACTIVITY from system 2023:com.ts.carplay/1000 pkg com.ts.carplay
05-22 07:11:44.273   737  8347 E ActivityManager: java.lang.Throwable
05-22 07:11:44.273   737  8347 E ActivityManager: 	at com.android.server.am.ActivityManagerService.checkBroadcastFromSystem(ActivityManagerService.java:13711)
05-22 07:11:44.273   737  8347 E ActivityManager: 	at com.android.server.am.ActivityManagerService.broadcastIntentLocked(ActivityManagerService.java:14434)
05-22 07:11:44.273   737  8347 E ActivityManager: 	at com.android.server.am.ActivityManagerService.broadcastIntentLocked(ActivityManagerService.java:13729)
05-22 07:11:44.273   737  8347 E ActivityManager: 	at com.android.server.am.ActivityManagerService.broadcastIntentWithFeature(ActivityManagerService.java:14595)
05-22 07:11:44.273   737  8347 E ActivityManager: 	at android.app.IActivityManager$Stub.onTransact(IActivityManager.java:2326)
05-22 07:11:44.273   737  8347 E ActivityManager: 	at com.android.server.am.ActivityManagerService.onTransact(ActivityManagerService.java:2678)
05-22 07:11:44.273   737  8347 E ActivityManager: 	at android.os.Binder.execTransactInternal(Binder.java:1286)
05-22 07:11:44.273   737  8347 E ActivityManager: 	at android.os.Binder.execTransact(Binder.java:1244)
05-22 07:11:44.273   558  1606 I gps_hdbd: Received: '$GNTXT,04,01,04,INS,V,1,,,,FLG,1,000000,1,0,1,0,0,Con,0*71
'
05-22 07:11:44.273   558  1606 I gps_hdbd: Received: '$GNTXT,INSTALL,0.00,0.00,0.00,0.00,0.00,0.00,0*20
'
05-22 07:11:44.273   737   770 I am_wtf  : [0,737,system_server,-1,ActivityManager,Sending non-protected broadcast com.ts.carplay.action.FINISH_ACTIVITY from system 2023:com.ts.carplay/1000 pkg com.ts.carplay]
05-22 07:11:44.273  2023  2038 I CarPlay : VideoModel com.neusoft.launcher enterStack end.
05-22 07:11:44.274  2023  2048 I CarPlay : VideoModel priorityChanged: inf FocusModeInfo{mFocus='com.neusoft.launcher', mBorrowId='', mPriority=0}，action 1
05-22 07:11:44.274  2023  2048 I CarPlay : CarPlayRemoteManager changeVideoFocus priority: 0, backgroundSupport: true, borrowId: , action: 1
05-22 07:11:44.274  2023  2048 E CarPlay : PlatformCarPlayServiceManager changeVideoFocus priority: 0,backgroundSupport: true,borrowId: ,action: 1
05-22 07:11:44.274  2023  2048 E CarPlay : com.ts.carplay.CarPlayServiceBinder changeVideoFocus priority: 0,backgroundSupport: true,borrowId: ,action: 1
05-22 07:11:44.274  2023  2048 E CarPlay : CarPlay ScreenResourceManager [ATS]accessoryScreenChange, priority = 0 playbk = true borrowId =  action = 1
05-22 06:30:18.016   573   573 D spi_rst_gpio_get_output: GPIO 145 value: 1
05-22 06:30:18.016   573   573 D spidev_ioctl: gpio status=1)
05-22 07:11:44.278   573   573 I SpiService: fgesysctrl_getGPIO_status success val=1
05-22 07:11:44.279   565   599 I Sensors : 230 AccelSensor: x:-0.112240,y:0.010980,z:-10.138201
05-22 06:30:18.021   573   573 D spi_rst_gpio_get_output: GPIO 145 value: 1
05-22 06:30:18.021   573   573 D spidev_ioctl: gpio status=1)
05-22 07:11:44.283   573   573 I SpiService: fgesysctrl_getGPIO_status success val=0
05-22 07:11:44.284   291  1491 D EvsDriver: forwardFrame
05-22 06:30:18.027   573   573 D spi_rst_gpio_get_output: GPIO 145 value: 0
05-22 06:30:18.027   573   573 D spidev_ioctl: gpio status=0)
05-22 07:11:44.286   291  1491 D EvsDriver: Delivered 0xb400007b2f47ca30 as id 0
05-22 07:11:44.286  1137  1137 D evsmanagerd: /dev/video4 forwarded the buffer #0 to 0xb4000071fa019690 from 0xb4000071fa01b7d0
05-22 07:11:44.289   291  1135 D EvsDriver: doneWithFrame
05-22 07:11:44.291   964  1804 D [OMXB]  : usingANWBuffer: handle:0xebd41090, format:1, w:1920, h:1080
05-22 07:11:44.291  2981  3177 I SentryImuMcuAngleSender: 179.93451rollDeg
05-22 07:11:44.291  2981  3177 I SentryImuMcuAngleSender: 1,0,0
05-22 07:11:44.296   544   544 W commservice260303: [FgeComService::getAQConnectStatus:378]
05-22 07:11:44.296   544   544 W commservice260303: [mcuCommFunctionTcp::getAQConnectStatus:406] 1
05-22 07:11:44.296   544   544 W commservice260303: [FgeComService::getAQConnectStatus:380] status:1
05-22 07:11:44.297  2109  2109 E ivicomm_CommManager: getA2lConnectStatus aqConnectStatus:1
05-22 07:11:44.297  2109  2109 D ivicomm_ConnectStateManager: notifyState newState=1curState=1
05-22 07:11:44.297   573   573 I SpiService: fgesysctrl_getGPIO_status success val=1
05-22 06:30:18.041   573   573 D spi_rst_gpio_get_output: GPIO 145 value: 1
05-22 06:30:18.041   573   573 D spidev_ioctl: gpio status=1)
05-22 07:11:44.299   565   565 I Sensors : 230 GyroSensor: x:-0.009315,y:0.007864,z:0.017562
05-22 07:11:44.302  1026  1026 D MyAppLog: [2026-05-22 07:11:44.302 D tboxap tsp_WorkMachineProc:1086] [Tsp] [tsp_WorkMachineProc]TSP_WORK_LOGIN NOW !!!!
05-22 07:11:44.303   573   573 I SpiService: fgesysctrl_getGPIO_status success val=1
05-22 07:11:44.303   276   300 I rvcservice: t.code = 3, t.value = 0
05-22 07:11:44.304   544   544 D commservice260303: msg.id = 1028,0
05-22 07:11:44.304   544   544 D commservice260303: i = 170, msgid = 8A000404
05-22 07:11:44.304   544   544 D commservice260303: msgid = -1979710460,did=138
05-22 07:11:44.304   544   544 D commservice260303: CommProtocolLibCmdBaseI2C::dataproc {"command":{"id":"imu_status","sub":""},"content":{"TimeStamp":1779405104303,"FrameCounter":8909,"GD_X":-0.009314822033047676,"GD_Y":0.007864127866923809,"GD_Z":0.01756177842617035,"AD_X":-0.005517750978469849,"AD_Y":-8.062086999416351E-4,"AD_Z":-0.3333587646484375,"TempDsp":0,"Status":0,"CalibState":1,"SigAmpInvalid":0}},-1979710460
05-22 07:11:44.304   544   544 D commservice260303: send2Cluster len:323, 7B22636F6D6D616E64223A7B226964223A22696D755F737461747573222C22737562223A22227D2C22636F6E74656E74223A7B2254696D655374616D70223A313737393430353130343330332C224672616D65436F756E746572223A383930392C2247445F58223A2D302E3030393331343832323033333034373637362C2247445F59223A302E3030373836343132373836363932333830392C2247445F5A223A302E30313735363137373834323631373033352C2241445F58223A2D302E3030353531373735303937383436393834392C2241445F59223A2D382E303632303836393939343136333531452D342C2241445F5A223A2D302E333333333538373634363438343337352C2254656D70447370223A302C22537461747573223A302C2243616C69625374617465223A312C22536967416D70496E76616C6964223A307D7D, 138 
05-22 07:11:44.304   544   544 D commservice260303: Push Message into SendPool fn=-1826422784
05-22 07:11:44.304   544   544 D commservice260303: ComProtocolLibSend2Cluster::send2ClusterRaw fn=-1826422784 , len=339
05-22 07:11:44.304   544   544 D commservice260303: sendCmdToPort :339!!!
05-22 07:11:44.304   544   544 D commservice260303: send Cmd To Port ++++5AA5014F8A01000023936A0F91307B22636F6D6D616E64223A7B226964223A22696D755F737461747573222C22737562223A22227D2C22636F6E74656E74223A7B2254696D655374616D70223A313737393430353130343330332C224672616D65436F756E746572223A383930392C2247445F58223A2D302E3030393331343832323033333034373637362C2247445F59223A302E3030373836343132373836363932333830392C2247445F5A223A302E30313735363137373834323631373033352C2241445F58223A2D302E3030353531373735303937383436393834392C2241445F59223A2D382E303632303836393939343136333531452D342C2241445F5A223A2D302E333333333538373634363438343337352C2254656D70447370223A302C22537461747573223A302C2243616C69625374617465223A312C22536967416D70496E76616C6964223A307D7D4AAC
05-22 07:11:44.304   544   544 D commservice260303: bufferevent_write retrun value = 0
05-22 07:11:44.304   544   567 D commservice260303: client datas send succeed,send finish
05-22 07:11:44.305  2981  3178 D Sentinelmode_1.2.5.13_alpha: <SentryImuClusterFgeSender>imu_status sent to Linux, frame=8909, tsNs=389281, tsMs=1779405104303, intervalMs=41, ad=(-0.005517751,-8.062087E-4,-0.33335876), gd=(-0.009314822,0.007864128,0.017561778)
05-22 06:30:18.046   573   573 D spi_rst_gpio_get_output: GPIO 145 value: 1
05-22 06:30:18.046   573   573 D spidev_ioctl: gpio status=1)
05-22 07:11:44.308   573   573 I SpiService: fgesysctrl_getGPIO_status success val=1
05-22 07:11:44.311  2981  3177 I SentryImuMcuAngleSender: 179.93451rollDeg
05-22 07:11:44.311  2981  3177 I SentryImuMcuAngleSender: 1,0,0
05-22 06:30:18.051   573   573 D spi_rst_gpio_get_output: GPIO 145 value: 1
05-22 06:30:18.051   573   573 D spidev_ioctl: gpio status=1)
05-22 07:11:44.313   573   573 I SpiService: fgesysctrl_getGPIO_status success val=1
05-22 06:30:18.057   573   573 D spi_rst_gpio_get_output: GPIO 145 value: 1
05-22 06:30:18.057   573   573 D spidev_ioctl: gpio status=1)
05-22 07:11:44.319   573   573 I SpiService: fgesysctrl_getGPIO_status success val=1
05-22 07:11:44.319   291  1491 D EvsDriver: forwardFrame
05-22 07:11:44.320   291  1491 D EvsDriver: Delivered 0xb400007b2f47ca30 as id 0
05-22 07:11:44.320  1137  1137 D evsmanagerd: /dev/video4 forwarded the buffer #0 to 0xb4000071fa019690 from 0xb4000071fa01b7d0
05-22 07:11:44.320   477  1243 I dvr_service_: [myNum:0][onFrameReceived] Received Surface:1 0
05-22 07:11:44.320   291  1135 D EvsDriver: doneWithFrame
05-22 06:30:18.062   573   573 D spi_rst_gpio_get_output: GPIO 145 value: 1
05-22 06:30:18.062   573   573 D spidev_ioctl: gpio status=1)
05-22 07:11:44.324   573   573 I SpiService: fgesysctrl_getGPIO_status success val=0
05-22 06:30:18.067   573   573 D spi_rst_gpio_get_output: GPIO 145 value: 0
05-22 06:30:18.067   573   573 D spidev_ioctl: gpio status=0)
05-22 07:11:44.332  2981  3177 I SentryImuMcuAngleSender: 179.93796rollDeg
05-22 07:11:44.332  2981  3177 I SentryImuMcuAngleSender: 1,0,0
05-22 07:11:44.337   573   573 I SpiService: fgesysctrl_getGPIO_status success val=1
05-22 06:30:18.081   573   573 D spi_rst_gpio_get_output: GPIO 145 value: 1
05-22 06:30:18.081   573   573 D spidev_ioctl: gpio status=1)
05-22 07:11:44.339   647   707 D UniTelDemo: input code = 330, value = 1
05-22 07:11:44.339   737  1338 D InputReader: syncTouch: pointerCount 0 -> 1, touching ids 0x00000000 -> 0x80000000, hovering ids 0x00000000 -> 0x00000000, canceled ids 0x00000000
05-22 07:11:44.339   737  1338 D InputReader: dispatchTouches action DOWN now(ns): 389321750989
05-22 07:11:44.339   737  1338 D InputReader: notifyMotion call dispatcher
05-22 07:11:44.340   737   761 D VelocityTracker: VelocityTracker: addMovement eventTime=389321492000, idBits=0x80000000, activePointerId=0
05-22 07:11:44.340   737   761 D VelocityTracker:   0: position (833.349, 668.072), estimator (degree=0, xCoeff=[ 833.348938 ], yCoeff=[ 668.072144 ], confidence=1.000000)
05-22 07:11:44.340   737   761 D VelocityTracker: VelocityTracker: addMovement eventTime=389321492000, idBits=0x80000000, activePointerId=0
05-22 07:11:44.340   737   761 D VelocityTracker:   0: position (833.349, 668.072), estimator (degree=0, xCoeff=[ 833.348938 ], yCoeff=[ 668.072144 ], confidence=1.000000)
05-22 07:11:44.340   737   761 D VelocityTracker: VelocityTracker: addMovement eventTime=389321492000, idBits=0x80000000, activePointerId=0
05-22 07:11:44.340   737   761 D VelocityTracker:   0: position (833.349, 668.072), estimator (degree=0, xCoeff=[ 833.348938 ], yCoeff=[ 668.072144 ], confidence=1.000000)
05-22 07:11:44.343   573   573 I SpiService: fgesysctrl_getGPIO_status success val=1
05-22 07:11:44.344   544   544 D commservice260303: msg.id = 1028,0
05-22 07:11:44.344   544   544 D commservice260303: i = 170, msgid = 8A000404
05-22 07:11:44.344   544   544 D commservice260303: msgid = -1979710460,did=138
05-22 07:11:44.344   544   544 D commservice260303: CommProtocolLibCmdBaseI2C::dataproc {"command":{"id":"imu_status","sub":""},"content":{"TimeStamp":1779405104343,"FrameCounter":8910,"GD_X":-0.008322898298501968,"GD_Y":0.007405876647680998,"GD_Z":0.018248895183205605,"AD_X":-0.003078244626522064,"AD_Y":-0.0020240582525730133,"AD_Z":-0.3327484130859375,"TempDsp":0,"Status":0,"CalibState":1,"SigAmpInvalid":0}},-1979710460
