05-22 07:11:42.440   544   544 D commservice260303: bufferevent_write retrun value = 0
05-22 07:11:42.440   544   567 D commservice260303: client datas send succeed,send finish
05-22 07:11:42.440  2981  3178 D Sentinelmode_1.2.5.13_alpha: <SentryImuClusterFgeSender>imu_status sent to Linux, frame=8863, tsNs=387414, tsMs=1779405102439, intervalMs=40, ad=(-0.0055905953,-0.0014804434,-0.33335876), gd=(-0.009697132,0.007788186,0.017638242)
05-22 07:11:42.441   573   573 I SpiService: fgesysctrl_getGPIO_status success val=1
05-22 06:30:16.184   573   573 D spi_rst_gpio_get_output: GPIO 145 value: 1
05-22 06:30:16.184   573   573 D spidev_ioctl: gpio status=1)
05-22 07:11:42.446   573   573 I SpiService: fgesysctrl_getGPIO_status success val=1
05-22 06:30:16.189   573   573 D spi_rst_gpio_get_output: GPIO 145 value: 1
05-22 06:30:16.189   573   573 D spidev_ioctl: gpio status=1)
05-22 07:11:42.451   573   573 I SpiService: fgesysctrl_getGPIO_status success val=1
05-22 07:11:42.452  1517  1517 E sysUI_NavBarFragment: [main] - SysUIConfig.icCarServiceConnected：false
05-22 06:30:16.195   573   573 D spi_rst_gpio_get_output: GPIO 145 value: 1
05-22 06:30:16.195   573   573 D spidev_ioctl: gpio status=1)
05-22 07:11:42.454   291  1491 D EvsDriver: forwardFrame
05-22 07:11:42.455   291  1491 D EvsDriver: Delivered 0xb400007b2f47ca30 as id 0
05-22 07:11:42.455  1137  1137 D evsmanagerd: /dev/video4 forwarded the buffer #0 to 0xb4000071fa019690 from 0xb4000071fa01b7d0
05-22 07:11:42.457   573   573 I SpiService: fgesysctrl_getGPIO_status success val=1
05-22 06:30:16.200   573   573 D spi_rst_gpio_get_output: GPIO 145 value: 1
05-22 06:30:16.200   573   573 D spidev_ioctl: gpio status=1)
05-22 07:11:42.458   291  1135 D EvsDriver: doneWithFrame
05-22 07:11:42.460   964  1804 D [OMXB]  : usingANWBuffer: handle:0xebd40dd0, format:1, w:1920, h:1080
05-22 07:11:42.461  2981  3177 I SentryImuMcuAngleSender: 179.93106rollDeg
05-22 07:11:42.461  2981  3177 I SentryImuMcuAngleSender: 1,0,0
05-22 07:11:42.462   573   573 I SpiService: fgesysctrl_getGPIO_status success val=1
05-22 06:30:16.205   573   573 D spi_rst_gpio_get_output: GPIO 145 value: 1
05-22 06:30:16.205   573   573 D spidev_ioctl: gpio status=1)
05-22 07:11:42.467   573   573 I SpiService: fgesysctrl_getGPIO_status success val=0
05-22 06:30:16.211   573   573 D spi_rst_gpio_get_output: GPIO 145 value: 0
05-22 06:30:16.211   573   573 D spidev_ioctl: gpio status=0)
05-22 07:11:42.480   544   544 D commservice260303: msg.id = 1028,0
05-22 07:11:42.480   544   544 D commservice260303: i = 170, msgid = 8A000404
05-22 07:11:42.480   544   544 D commservice260303: msgid = -1979710460,did=138
05-22 07:11:42.480   544   544 D commservice260303: CommProtocolLibCmdBaseI2C::dataproc {"command":{"id":"imu_status","sub":""},"content":{"TimeStamp":1779405102479,"FrameCounter":8864,"GD_X":-0.009391804225742817,"GD_Y":0.007788185961544514,"GD_Z":0.017944088205695152,"AD_X":-0.004369623959064484,"AD_Y":0.0015693064779043198,"AD_Z":-0.3345794677734375,"TempDsp":0,"Status":0,"CalibState":1,"SigAmpInvalid":0}},-1979710460
05-22 07:11:42.480   544   544 D commservice260303: send2Cluster len:324, 7B22636F6D6D616E64223A7B226964223A22696D755F737461747573222C22737562223A22227D2C22636F6E74656E74223A7B2254696D655374616D70223A313737393430353130323437392C224672616D65436F756E746572223A383836342C2247445F58223A2D302E3030393339313830343232353734323831372C2247445F59223A302E3030373738383138353936313534343531342C2247445F5A223A302E3031373934343038383230353639353135322C2241445F58223A2D302E3030343336393632333935393036343438342C2241445F59223A302E303031353639333036343737393034333139382C2241445F5A223A2D302E333334353739343637373733343337352C2254656D70447370223A302C22537461747573223A302C2243616C69625374617465223A312C22536967416D70496E76616C6964223A307D7D, 138 
05-22 07:11:42.480   544   544 D commservice260303: Push Message into SendPool fn=1696792576
05-22 07:11:42.480   544   544 D commservice260303: ComProtocolLibSend2Cluster::send2ClusterRaw fn=1696792576 , len=340
05-22 07:11:42.480   544   544 D commservice260303: sendCmdToPort :340!!!
05-22 07:11:42.480   544   544 D commservice260303: send Cmd To Port ++++5AA501508A01000023656A0F912E7B22636F6D6D616E64223A7B226964223A22696D755F737461747573222C22737562223A22227D2C22636F6E74656E74223A7B2254696D655374616D70223A313737393430353130323437392C224672616D65436F756E746572223A383836342C2247445F58223A2D302E3030393339313830343232353734323831372C2247445F59223A302E3030373738383138353936313534343531342C2247445F5A223A302E3031373934343038383230353639353135322C2241445F58223A2D302E3030343336393632333935393036343438342C2241445F59223A302E303031353639333036343737393034333139382C2241445F5A223A2D302E333334353739343637373733343337352C2254656D70447370223A302C22537461747573223A302C2243616C69625374617465223A312C22536967416D70496E76616C6964223A307D7DDA71
05-22 07:11:42.480   544   544 D commservice260303: bufferevent_write retrun value = 0
05-22 07:11:42.480   544   567 D commservice260303: client datas send succeed,send finish
05-22 07:11:42.481  2981  3178 D Sentinelmode_1.2.5.13_alpha: <SentryImuClusterFgeSender>imu_status sent to Linux, frame=8864, tsNs=387450, tsMs=1779405102479, intervalMs=41, ad=(-0.004369624,0.0015693065,-0.33457947), gd=(-0.009391804,0.007788186,0.017944088)
05-22 07:11:42.481   573   573 I SpiService: fgesysctrl_getGPIO_status success val=1
05-22 06:30:16.224   573   573 D spi_rst_gpio_get_output: GPIO 145 value: 1
05-22 06:30:16.224   573   573 D spidev_ioctl: gpio status=1)
05-22 07:11:42.482  2981  3177 I SentryImuMcuAngleSender: 179.92073rollDeg
05-22 07:11:42.482  2981  3177 I SentryImuMcuAngleSender: 1,0,0
05-22 07:11:42.486   565   565 I Sensors : 230 AccelSensor: x:-0.109190,y:0.013420,z:-10.139420
05-22 07:11:42.486   573   573 I SpiService: fgesysctrl_getGPIO_status success val=1
05-22 07:11:42.488   291  1491 D EvsDriver: forwardFrame
05-22 06:30:16.230   573   573 D spi_rst_gpio_get_output: GPIO 145 value: 1
05-22 06:30:16.230   573   573 D spidev_ioctl: gpio status=1)
05-22 07:11:42.490   291  1491 D EvsDriver: Delivered 0xb400007b2f47ca30 as id 0
05-22 07:11:42.490  1137  1137 D evsmanagerd: /dev/video4 forwarded the buffer #0 to 0xb4000071fa019690 from 0xb4000071fa01b7d0
05-22 07:11:42.492   573   573 I SpiService: fgesysctrl_getGPIO_status success val=1
05-22 07:11:42.493   291  1135 D EvsDriver: doneWithFrame
05-22 06:30:16.235   573   573 D spi_rst_gpio_get_output: GPIO 145 value: 1
05-22 07:11:42.494  1026  1026 D MyAppLog: [2026-05-22 07:11:42.494 D tboxap tsp_WorkMachineProc:1086] [Tsp] [tsp_WorkMachineProc]TSP_WORK_LOGIN NOW !!!!
05-22 06:30:16.235   573   573 D spidev_ioctl: gpio status=1)
05-22 07:11:42.495   964  1804 D [OMXB]  : usingANWBuffer: handle:0xebd41980, format:1, w:1920, h:1080
05-22 07:11:42.497   573   573 I SpiService: fgesysctrl_getGPIO_status success val=1
05-22 06:30:16.241   573   573 D spi_rst_gpio_get_output: GPIO 145 value: 1
05-22 06:30:16.241   573   573 D spidev_ioctl: gpio status=1)
05-22 07:11:42.500   276   300 I rvcservice: t.code = 3, t.value = 0
05-22 07:11:42.502  2981  3177 I SentryImuMcuAngleSender: 179.92416rollDeg
05-22 07:11:42.502  2981  3177 I SentryImuMcuAngleSender: 1,0,0
05-22 07:11:42.502   573   573 I SpiService: fgesysctrl_getGPIO_status success val=0
05-22 06:30:16.246   573   573 D spi_rst_gpio_get_output: GPIO 145 value: 0
05-22 06:30:16.246   573   573 D spidev_ioctl: gpio status=0)
05-22 07:11:42.516   573   573 I SpiService: fgesysctrl_getGPIO_status success val=1
05-22 06:30:16.260   573   573 D spi_rst_gpio_get_output: GPIO 145 value: 1
05-22 06:30:16.260   573   573 D spidev_ioctl: gpio status=1)
05-22 07:11:42.520   544   544 D commservice260303: msg.id = 1028,0
05-22 07:11:42.520   544   544 D commservice260303: i = 170, msgid = 8A000404
05-22 07:11:42.520   544   544 D commservice260303: msgid = -1979710460,did=138
05-22 07:11:42.520   544   544 D commservice260303: CommProtocolLibCmdBaseI2C::dataproc {"command":{"id":"imu_status","sub":""},"content":{"TimeStamp":1779405102520,"FrameCounter":8865,"GD_X":-0.009621189907193184,"GD_Y":0.007634742185473442,"GD_Z":0.01763824187219143,"AD_X":-0.0031500980257987976,"AD_Y":3.485390916466713E-4,"AD_Z":-0.3321399688720703,"TempDsp":0,"Status":0,"CalibState":1,"SigAmpInvalid":0}},-1979710460
05-22 07:11:42.520   544   544 D commservice260303: send2Cluster len:323, 7B22636F6D6D616E64223A7B226964223A22696D755F737461747573222C22737562223A22227D2C22636F6E74656E74223A7B2254696D655374616D70223A313737393430353130323532302C224672616D65436F756E746572223A383836352C2247445F58223A2D302E3030393632313138393930373139333138342C2247445F59223A302E3030373633343734323138353437333434322C2247445F5A223A302E30313736333832343138373231393134332C2241445F58223A2D302E303033313530303938303235373938373937362C2241445F59223A332E343835333930393136343636373133452D342C2241445F5A223A2D302E333332313339393638383732303730332C2254656D70447370223A302C22537461747573223A302C2243616C69625374617465223A312C22536967416D70496E76616C6964223A307D7D, 138 
05-22 07:11:42.520   544   544 D commservice260303: Push Message into SendPool fn=1713569792
05-22 07:11:42.520   544   544 D commservice260303: ComProtocolLibSend2Cluster::send2ClusterRaw fn=1713569792 , len=339
05-22 07:11:42.520   544   544 D commservice260303: sendCmdToPort :339!!!
05-22 07:11:42.520   544   544 D commservice260303: send Cmd To Port ++++5AA5014F8A01000023666A0F912E7B22636F6D6D616E64223A7B226964223A22696D755F737461747573222C22737562223A22227D2C22636F6E74656E74223A7B2254696D655374616D70223A313737393430353130323532302C224672616D65436F756E746572223A383836352C2247445F58223A2D302E3030393632313138393930373139333138342C2247445F59223A302E3030373633343734323138353437333434322C2247445F5A223A302E30313736333832343138373231393134332C2241445F58223A2D302E303033313530303938303235373938373937362C2241445F59223A332E343835333930393136343636373133452D342C2241445F5A223A2D302E333332313339393638383732303730332C2254656D70447370223A302C22537461747573223A302C2243616C69625374617465223A312C22536967416D70496E76616C6964223A307D7D3F3F
05-22 07:11:42.521   544   544 D commservice260303: bufferevent_write retrun value = 0
05-22 07:11:42.521   544   567 D commservice260303: client datas send succeed,send finish
05-22 07:11:42.521  2981  3178 D Sentinelmode_1.2.5.13_alpha: <SentryImuClusterFgeSender>imu_status sent to Linux, frame=8865, tsNs=387486, tsMs=1779405102520, intervalMs=40, ad=(-0.003150098,3.485391E-4,-0.33213997), gd=(-0.00962119,0.007634742,0.017638242)
05-22 07:11:42.522   573   573 I SpiService: fgesysctrl_getGPIO_status success val=1
05-22 07:11:42.522   565   565 I Sensors : 230 GyroSensor: x:-0.009468,y:0.007864,z:0.017562
05-22 07:11:42.522  2981  3177 I SentryImuMcuAngleSender: 179.92415rollDeg
05-22 07:11:42.522  2981  3177 I SentryImuMcuAngleSender: 1,0,0
05-22 07:11:42.522   291  1491 D EvsDriver: forwardFrame
05-22 07:11:42.523   291  1491 D EvsDriver: Delivered 0xb400007b2f47ca30 as id 0
05-22 07:11:42.523  1137  1137 D evsmanagerd: /dev/video4 forwarded the buffer #0 to 0xb4000071fa019690 from 0xb4000071fa01b7d0
05-22 07:11:42.524   291  1135 D EvsDriver: doneWithFrame
05-22 06:30:16.265   573   573 D spi_rst_gpio_get_output: GPIO 145 value: 1
05-22 06:30:16.265   573   573 D spidev_ioctl: gpio status=1)
05-22 07:11:42.527   573   573 I SpiService: fgesysctrl_getGPIO_status success val=1
05-22 06:30:16.270   573   573 D spi_rst_gpio_get_output: GPIO 145 value: 1
05-22 06:30:16.270   573   573 D spidev_ioctl: gpio status=1)
05-22 07:11:42.532   573   573 I SpiService: fgesysctrl_getGPIO_status success val=1
05-22 06:30:16.275   573   573 D spi_rst_gpio_get_output: GPIO 145 value: 1
05-22 06:30:16.275   573   573 D spidev_ioctl: gpio status=1)
05-22 07:11:42.536  1026  1026 D MyAppLog: [2026-05-22 07:11:42.536 D tboxap gpsMcuDataAnalyze:471] [Gps] [gpsMcuDataAnalyze]:$GNRMC,231142.000,V,,,,,,,210526,120.0,E,N,V*44
05-22 07:11:42.536  1026  1026 D MyAppLog: 
05-22 07:11:42.536  1026  1026 D MyAppLog: [2026-05-22 07:11:42.536 D tboxap gpsMcuDataAnalyze:556] [Gps] stGps.stat:0, latitude:0 , longtitude:0,sped:0,direction:0
05-22 07:11:42.537   573   573 I SpiService: fgesysctrl_getGPIO_status success val=1
05-22 06:30:16.281   573   573 D spi_rst_gpio_get_output: GPIO 145 value: 1
05-22 06:30:16.281   573   573 D spidev_ioctl: gpio status=1)
05-22 07:11:42.541  2981  3177 I SentryImuMcuAngleSender: [4, 18, 1, 0, 0],5
05-22 07:11:42.542  2981  3177 I McuCommManager: mcuCommSendcmd [4, 18, 1, 0, 0]
05-22 07:11:42.542  2981  3177 I SentryImuMcuAngleSender: true
05-22 07:11:42.542  2981  3177 W Sentinelmode_1.2.5.13_alpha: <SentryImuMcuAngleSender>MCU IMU send interval abnormal: 1001ms
05-22 07:11:42.543   573   573 I SpiService: fgesysctrl_getGPIO_status success val=0
05-22 07:11:42.543   486   579 I mcuc    : send SPI:6AA600042600050412010000BA
05-22 07:11:42.543  2981  3177 I SentryImuMcuAngleSender: 179.9345rollDeg
05-22 07:11:42.543  2981  3177 I SentryImuMcuAngleSender: 1,0,0
05-22 06:30:16.286   573   573 D spi_rst_gpio_get_output: GPIO 145 value: 0
05-22 06:30:16.286   573   573 D spidev_ioctl: gpio status=0)
05-22 07:11:42.555   486   580 I mcuc    : rev,n=1,6AA68107A4000A8900620104091012345625
05-22 07:11:42.555  1091  1116 I tboxmids_ap: [2026-05-22 07:11:42.555] [MCU RX] src=MCU dst=ZMQ len=10 type=BINARY data=00 08 62 01 04 09 10 12 34 56 
05-22 07:11:42.555   344   361 D automotive.vehicle@2.0-adayo-datacomm-mcu: MCUDatacomm sendMessageFromVehicle prop: 0x89, areaId: 0x0, status: 0x62, timestamp: 0x1
05-22 07:11:42.555   344   361 D automotive.vehicle@2.0-adayo-datacomm-mcu: MCUDatacomm 1sendMessageFromVehicle ---> type = 12 
05-22 07:11:42.555   291  1491 D EvsDriver: forwardFrame
05-22 07:11:42.555  1026  1026 I MyAppLog: [2026-05-22 07:11:42.555 I tboxap mcuCommTboxmidsRecvCb:96] [Mcu] [mcuCommTboxmidsRecvCb] recv from tboxmids, size:10
05-22 07:11:42.555  1026  1026 I MyAppLog: [2026-05-22 07:11:42.555 I tboxap mcuCommTboxmidsRecvCb:97] [Mcu] [tboxmids -> tboxap]: :00 08 62 01 04 09 10 12 34 56
05-22 07:11:42.556  1026  1026 I MyAppLog: [2026-05-22 07:11:42.555 I tboxap mcuPtlParseData:969] [Mcu] [Mcu  Parse]: (cmd):0910 (param):0910123456
05-22 07:11:42.556  1026  1026 D MyAppLog: [2026-05-22 07:11:42.555 D tboxap mcuCommCbHandel:1009] [Mcu] [Mcu  Rev]: (cmd):0910 (param value):123456
05-22 07:11:42.556  1026  1026 W MyAppLog: [2026-05-22 07:11:42.555 W tboxap mcuParamDataRevPack:897] [Mcu] mcuParamDataRevPack start pack data!!!
05-22 07:11:42.556  1026  1026 I MyAppLog: [2026-05-22 07:11:42.555 I tboxap MCU_BATT_STATIC_DATA_IND_McuInd:494] [Mcu] [MCU_BATT_STATIC_DATA_IND_McuInd] staticData type:0x12 len:5
05-22 07:11:42.556  1026  1026 D MyAppLog: [2026-05-22 07:11:42.555 D tboxap mucCommadCbEvent:1271] [Mcu] [mucCommadCbEvent] no business handler for cmd:0910
05-22 07:11:42.556   291  1491 D EvsDriver: Delivered 0xb400007b2f47ca30 as id 0
05-22 07:11:42.556  1137  1137 D evsmanagerd: /dev/video4 forwarded the buffer #0 to 0xb4000071fa019690 from 0xb4000071fa01b7d0
05-22 07:11:42.556   573   573 I SpiService: fgesysctrl_getGPIO_status success val=1
05-22 06:30:16.300   573   573 D spi_rst_gpio_get_output: GPIO 145 value: 1
05-22 06:30:16.300   573   573 D spidev_ioctl: gpio status=1)
05-22 07:11:42.560   291  1135 D EvsDriver: doneWithFrame
05-22 07:11:42.562   573   573 I SpiService: fgesysctrl_getGPIO_status success val=1
05-22 07:11:42.562   544   544 D commservice260303: msg.id = 1028,0
05-22 07:11:42.562   544   544 D commservice260303: i = 170, msgid = 8A000404
05-22 07:11:42.562   544   544 D commservice260303: msgid = -1979710460,did=138
05-22 07:11:42.562   544   544 D commservice260303: CommProtocolLibCmdBaseI2C::dataproc {"command":{"id":"imu_status","sub":""},"content":{"TimeStamp":1779405102561,"FrameCounter":8866,"GD_X":-0.009391804225742817,"GD_Y":0.006336971186101437,"GD_Z":0.017332913354039192,"AD_X":-0.004369176924228668,"AD_Y":-0.0014793835580348969,"AD_Z":-0.3321399688720703,"TempDsp":0,"Status":0,"CalibState":1,"SigAmpInvalid":0}},-1979710460
05-22 07:11:42.562   544   544 D commservice260303: send2Cluster len:325, 7B22636F6D6D616E64223A7B226964223A22696D755F737461747573222C22737562223A22227D2C22636F6E74656E74223A7B2254696D655374616D70223A313737393430353130323536312C224672616D65436F756E746572223A383836362C2247445F58223A2D302E3030393339313830343232353734323831372C2247445F59223A302E3030363333363937313138363130313433372C2247445F5A223A302E3031373333323931333335343033393139322C2241445F58223A2D302E3030343336393137363932343232383636382C2241445F59223A2D302E303031343739333833353538303334383936392C2241445F5A223A2D302E333332313339393638383732303730332C2254656D70447370223A302C22537461747573223A302C2243616C69625374617465223A312C22536967416D70496E76616C6964223A307D7D, 138 
05-22 07:11:42.562   544   544 D commservice260303: Push Message into SendPool fn=1730347008
05-22 07:11:42.562   544   544 D commservice260303: ComProtocolLibSend2Cluster::send2ClusterRaw fn=1730347008 , len=341
05-22 07:11:42.562   544   544 D commservice260303: sendCmdToPort :341!!!
05-22 07:11:42.563   964  1804 D [OMXB]  : usingANWBuffer: handle:0xebd41f00, format:1, w:1920, h:1080
05-22 07:11:42.564  2981  3177 I SentryImuMcuAngleSender: 179.93794rollDeg
05-22 07:11:42.564  2981  3177 I SentryImuMcuAngleSender: 1,0,0
05-22 07:11:42.565   544   544 D commservice260303: send Cmd To Port ++++5AA501518A01000023676A0F912E7B22636F6D6D616E64223A7B226964223A22696D755F737461747573222C22737562223A22227D2C22636F6E74656E74223A7B2254696D655374616D70223A313737393430353130323536312C224672616D65436F756E746572223A383836362C2247445F58223A2D302E3030393339313830343232353734323831372C2247445F59223A302E3030363333363937313138363130313433372C2247445F5A223A302E3031373333323931333335343033393139322C2241445F58223A2D302E3030343336393137363932343232383636382C2241445F59223A2D302E303031343739333833353538303334383936392C2241445F5A223A2D302E333332313339393638383732303730332C2254656D70447370223A302C22537461747573223A302C2243616C69625374617465223A312C22536967416D70496E76616C6964223A307D7DB18C
05-22 07:11:42.565   544   544 D commservice260303: bufferevent_write retrun value = 0
05-22 07:11:42.565   544   567 D commservice260303: client datas send succeed,send finish
05-22 07:11:42.566  2981  3178 D Sentinelmode_1.2.5.13_alpha: <SentryImuClusterFgeSender>imu_status sent to Linux, frame=8866, tsNs=387540, tsMs=1779405102561, intervalMs=44, ad=(-0.004369177,-0.0014793836,-0.33213997), gd=(-0.009391804,0.006336971,0.017332913)
05-22 06:30:16.305   573   573 D spi_rst_gpio_get_output: GPIO 145 value: 1
05-22 06:30:16.305   573   573 D spidev_ioctl: gpio status=1)
05-22 06:30:16.310   573   573 D spi_rst_gpio_get_output: GPIO 145 value: 1
05-22 06:30:16.310   573   573 D spidev_ioctl: gpio status=1)
05-22 07:11:42.567   573   573 I SpiService: fgesysctrl_getGPIO_status success val=1
05-22 07:11:42.572   573   573 I SpiService: fgesysctrl_getGPIO_status success val=1
05-22 06:30:16.316   573   573 D spi_rst_gpio_get_output: GPIO 145 value: 1
05-22 06:30:16.316   573   573 D spidev_ioctl: gpio status=1)
05-22 07:11:42.578   573   573 I SpiService: fgesysctrl_getGPIO_status success val=1
05-22 06:30:16.321   573   573 D spi_rst_gpio_get_output: GPIO 145 value: 1
05-22 06:30:16.321   573   573 D spidev_ioctl: gpio status=1)
05-22 07:11:42.583   573   573 I SpiService: fgesysctrl_getGPIO_status success val=1
05-22 07:11:42.585  2981  3177 I SentryImuMcuAngleSender: 179.92415rollDeg
05-22 07:11:42.585  2981  3177 I SentryImuMcuAngleSender: 1,0,0
05-22 06:30:16.326   573   573 D spi_rst_gpio_get_output: GPIO 145 value: 1
05-22 06:30:16.326   573   573 D spidev_ioctl: gpio status=1)
05-22 07:11:42.588   573   573 I SpiService: fgesysctrl_getGPIO_status success val=0
05-22 07:11:42.588   291  1491 D EvsDriver: forwardFrame
05-22 07:11:42.588   486   579 I mcuc    : send SPI:6AA60207A400028900C8
05-22 06:30:16.332   573   573 D spi_rst_gpio_get_output: GPIO 145 value: 0
05-22 06:30:16.332   573   573 D spidev_ioctl: gpio status=0)
05-22 07:11:42.590   291  1491 D EvsDriver: Delivered 0xb400007b2f47ca30 as id 0
05-22 07:11:42.590  1137  1137 D evsmanagerd: /dev/video4 forwarded the buffer #0 to 0xb4000071fa019690 from 0xb4000071fa01b7d0
05-22 07:11:42.593   291  1135 D EvsDriver: doneWithFrame
05-22 07:11:42.597   964  1804 D [OMXB]  : usingANWBuffer: handle:0xebd400c0, format:1, w:1920, h:1080
05-22 07:11:42.600   276   300 I rvcservice: t.code = 7, t.value = 387468
05-22 07:11:42.602   573   573 I SpiService: fgesysctrl_getGPIO_status success val=1
05-22 07:11:42.602   544   544 D commservice260303: msg.id = 1028,0
05-22 07:11:42.602   544   544 D commservice260303: i = 170, msgid = 8A000404
05-22 07:11:42.602   544   544 D commservice260303: msgid = -1979710460,did=138
05-22 07:11:42.602   544   544 D commservice260303: CommProtocolLibCmdBaseI2C::dataproc {"command":{"id":"imu_status","sub":""},"content":{"TimeStamp":1779405102602,"FrameCounter":8867,"GD_X":-0.009621189907193184,"GD_Y":0.007024087477475405,"GD_Z":0.017255932092666626,"AD_X":-0.004368603229522705,"AD_Y":0.0015696082264184952,"AD_Z":-0.3309192657470703,"TempDsp":0,"Status":0,"CalibState":1,"SigAmpInvalid":0}},-1979710460
05-22 07:11:42.602   544   544 D commservice260303: send2Cluster len:324, 7B22636F6D6D616E64223A7B226964223A22696D755F737461747573222C22737562223A22227D2C22636F6E74656E74223A7B2254696D655374616D70223A313737393430353130323630322C224672616D65436F756E746572223A383836372C2247445F58223A2D302E3030393632313138393930373139333138342C2247445F59223A302E3030373032343038373437373437353430352C2247445F5A223A302E3031373235353933323039323636363632362C2241445F58223A2D302E3030343336383630333232393532323730352C2241445F59223A302E303031353639363038323236343138343935322C2241445F5A223A2D302E333330393139323635373437303730332C2254656D70447370223A302C22537461747573223A302C2243616C69625374617465223A312C22536967416D70496E76616C6964223A307D7D, 138 
05-22 07:11:42.602   544   544 D commservice260303: Push Message into SendPool fn=1747124224
05-22 07:11:42.602   544   544 D commservice260303: ComProtocolLibSend2Cluster::send2ClusterRaw fn=1747124224 , len=340
05-22 07:11:42.602   544   544 D commservice260303: sendCmdToPort :340!!!
05-22 07:11:42.602   544   544 D commservice260303: send Cmd To Port ++++5AA501508A01000023686A0F912E7B22636F6D6D616E64223A7B226964223A22696D755F737461747573222C22737562223A22227D2C22636F6E74656E74223A7B2254696D655374616D70223A313737393430353130323630322C224672616D65436F756E746572223A383836372C2247445F58223A2D302E3030393632313138393930373139333138342C2247445F59223A302E3030373032343038373437373437353430352C2247445F5A223A302E3031373235353933323039323636363632362C2241445F58223A2D302E3030343336383630333232393532323730352C2241445F59223A302E303031353639363038323236343138343935322C2241445F5A223A2D302E333330393139323635373437303730332C2254656D70447370223A302C22537461747573223A302C2243616C69625374617465223A312C22536967416D70496E76616C6964223A307D7D17DA
05-22 07:11:42.603   544   544 D commservice260303: bufferevent_write retrun value = 0
05-22 07:11:42.603   544   567 D commservice260303: client datas send succeed,send finish
05-22 07:11:42.603  2981  3178 D Sentinelmode_1.2.5.13_alpha: <SentryImuClusterFgeSender>imu_status sent to Linux, frame=8867, tsNs=387576, tsMs=1779405102602, intervalMs=38, ad=(-0.004368603,0.0015696082,-0.33091927), gd=(-0.00962119,0.0070240875,0.017255932)
05-22 07:11:42.605  2981  3177 I SentryImuMcuAngleSender: 179.9207rollDeg
05-22 07:11:42.605  2981  3177 I SentryImuMcuAngleSender: 1,0,0
05-22 06:30:16.345   573   573 D spi_rst_gpio_get_output: GPIO 145 value: 1
05-22 06:30:16.345   573   573 D spidev_ioctl: gpio status=1)
05-22 07:11:42.607   573   573 I SpiService: fgesysctrl_getGPIO_status success val=1
05-22 06:30:16.351   573   573 D spi_rst_gpio_get_output: GPIO 145 value: 1
05-22 06:30:16.351   573   573 D spidev_ioctl: gpio status=1)
05-22 07:11:42.613   573   573 I SpiService: fgesysctrl_getGPIO_status success val=1
05-22 06:30:16.356   573   573 D spi_rst_gpio_get_output: GPIO 145 value: 1
05-22 06:30:16.356   573   573 D spidev_ioctl: gpio status=1)
05-22 07:11:42.618   573   573 I SpiService: fgesysctrl_getGPIO_status success val=1
05-22 06:30:16.361   573   573 D spi_rst_gpio_get_output: GPIO 145 value: 1
05-22 06:30:16.361   573   573 D spidev_ioctl: gpio status=1)
05-22 07:11:42.623   573   573 I SpiService: fgesysctrl_getGPIO_status success val=1
05-22 06:30:16.367   573   573 D spi_rst_gpio_get_output: GPIO 145 value: 1
05-22 06:30:16.367   573   573 D spidev_ioctl: gpio status=1)
05-22 07:11:42.626  2981  3177 I SentryImuMcuAngleSender: 179.93105rollDeg
05-22 07:11:42.626  2981  3177 I SentryImuMcuAngleSender: 1,0,0
05-22 07:11:42.627   291  1491 D EvsDriver: forwardFrame
05-22 07:11:42.628   291  1491 D EvsDriver: Delivered 0xb400007b2f47ca30 as id 0
05-22 07:11:42.628  1137  1137 D evsmanagerd: /dev/video4 forwarded the buffer #0 to 0xb4000071fa019690 from 0xb4000071fa01b7d0
05-22 07:11:42.628   291  1135 D EvsDriver: doneWithFrame
05-22 07:11:42.628   573   573 I SpiService: fgesysctrl_getGPIO_status success val=0
05-22 06:30:16.372   573   573 D spi_rst_gpio_get_output: GPIO 145 value: 0
05-22 06:30:16.372   573   573 D spidev_ioctl: gpio status=0)
05-22 07:11:42.642   573   573 I SpiService: fgesysctrl_getGPIO_status success val=1
05-22 07:11:42.643   544   544 D commservice260303: msg.id = 1028,0
05-22 07:11:42.643   544   544 D commservice260303: i = 170, msgid = 8A000404
05-22 07:11:42.643   544   544 D commservice260303: msgid = -1979710460,did=138
05-22 07:11:42.643   544   544 D commservice260303: CommProtocolLibCmdBaseI2C::dataproc {"command":{"id":"imu_status","sub":""},"content":{"TimeStamp":1779405102643,"FrameCounter":8868,"GD_X":-0.00969713181257248,"GD_Y":0.007788185961544514,"GD_Z":0.01817295327782631,"AD_X":-0.004976347088813782,"AD_Y":-0.0014788378030061722,"AD_Z":-0.3296995162963867,"TempDsp":0,"Status":0,"CalibState":1,"SigAmpInvalid":0}},-1979710460
05-22 07:11:42.643   544   544 D commservice260303: send2Cluster len:323, 7B22636F6D6D616E64223A7B226964223A22696D755F737461747573222C22737562223A22227D2C22636F6E74656E74223A7B2254696D655374616D70223A313737393430353130323634332C224672616D65436F756E746572223A383836382C2247445F58223A2D302E30303936393731333138313235373234382C2247445F59223A302E3030373738383138353936313534343531342C2247445F5A223A302E30313831373239353332373738323633312C2241445F58223A2D302E3030343937363334373038383831333738322C2241445F59223A2D302E303031343738383337383033303036313732322C2241445F5A223A2D302E333239363939353136323936333836372C2254656D70447370223A302C22537461747573223A302C2243616C69625374617465223A312C22536967416D70496E76616C6964223A307D7D, 138 
05-22 07:11:42.643   544   544 D commservice260303: Push Message into SendPool fn=1763901440
05-22 07:11:42.643   544   544 D commservice260303: ComProtocolLibSend2Cluster::send2ClusterRaw fn=1763901440 , len=339
05-22 07:11:42.643   544   544 D commservice260303: sendCmdToPort :339!!!
05-22 07:11:42.643   544   544 D commservice260303: send Cmd To Port ++++5AA5014F8A01000023696A0F912E7B22636F6D6D616E64223A7B226964223A22696D755F737461747573222C22737562223A22227D2C22636F6E74656E74223A7B2254696D655374616D70223A313737393430353130323634332C224672616D65436F756E746572223A383836382C2247445F58223A2D302E30303936393731333138313235373234382C2247445F59223A302E3030373738383138353936313534343531342C2247445F5A223A302E30313831373239353332373738323633312C2241445F58223A2D302E3030343937363334373038383831333738322C2241445F59223A2D302E303031343738383337383033303036313732322C2241445F5A223A2D302E333239363939353136323936333836372C2254656D70447370223A302C22537461747573223A302C2243616C69625374617465223A312C22536967416D70496E76616C6964223A307D7D1B40
05-22 07:11:42.643   544   544 D commservice260303: bufferevent_write retrun value = 0
05-22 07:11:42.643   544   567 D commservice260303: client datas send succeed,send finish
05-22 07:11:42.643  2981  3178 D Sentinelmode_1.2.5.13_alpha: <SentryImuClusterFgeSender>imu_status sent to Linux, frame=8868, tsNs=387612, tsMs=1779405102643, intervalMs=40, ad=(-0.004976347,-0.0014788378,-0.32969952), gd=(-0.009697132,0.007788186,0.018172953)
05-22 06:30:16.386   573   573 D spi_rst_gpio_get_output: GPIO 145 value: 1
05-22 06:30:16.386   573   573 D spidev_ioctl: gpio status=1)
05-22 07:11:42.647  2981  3177 I SentryImuMcuAngleSender: 179.93793rollDeg
05-22 07:11:42.647  2981  3177 I SentryImuMcuAngleSender: 1,0,0
05-22 07:11:42.648   573   573 I SpiService: fgesysctrl_getGPIO_status success val=1
05-22 06:30:16.391   573   573 D spi_rst_gpio_get_output: GPIO 145 value: 1
05-22 06:30:16.391   573   573 D spidev_ioctl: gpio status=1)
05-22 07:11:42.652   291  1491 D EvsDriver: forwardFrame
05-22 07:11:42.653   573   573 I SpiService: fgesysctrl_getGPIO_status success val=1
05-22 06:30:16.396   573   573 D spi_rst_gpio_get_output: GPIO 145 value: 1
05-22 06:30:16.396   573   573 D spidev_ioctl: gpio status=1)
05-22 07:11:42.654   291  1491 D EvsDriver: Delivered 0xb400007b2f47ca30 as id 0
05-22 07:11:42.654  1137  1137 D evsmanagerd: /dev/video4 forwarded the buffer #0 to 0xb4000071fa019690 from 0xb4000071fa01b7d0
05-22 07:11:42.657   291  1135 D EvsDriver: doneWithFrame
05-22 07:11:42.658   573   573 I SpiService: fgesysctrl_getGPIO_status success val=1
05-22 07:11:42.660   964  1804 D [OMXB]  : usingANWBuffer: handle:0xebd43b30, format:1, w:1920, h:1080
05-22 06:30:16.402   573   573 D spi_rst_gpio_get_output: GPIO 145 value: 1
05-22 06:30:16.402   573   573 D spidev_ioctl: gpio status=1)
05-22 07:11:42.663   573   573 I SpiService: fgesysctrl_getGPIO_status success val=1
05-22 06:30:16.407   573   573 D spi_rst_gpio_get_output: GPIO 145 value: 1
05-22 06:30:16.407   573   573 D spidev_ioctl: gpio status=1)
05-22 07:11:42.667  2981  3177 I SentryImuMcuAngleSender: 179.91379rollDeg
05-22 07:11:42.667  2981  3177 I SentryImuMcuAngleSender: 1,0,0
05-22 07:11:42.669   573   573 I SpiService: fgesysctrl_getGPIO_status success val=0
05-22 06:30:16.412   573   573 D spi_rst_gpio_get_output: GPIO 145 value: 0
05-22 06:30:16.412   573   573 D spidev_ioctl: gpio status=0)
05-22 07:11:42.682   573   573 I SpiService: fgesysctrl_getGPIO_status success val=1
05-22 07:11:42.684   544   544 D commservice260303: msg.id = 1028,0
05-22 07:11:42.684   544   544 D commservice260303: i = 170, msgid = 8A000404
05-22 07:11:42.684   544   544 D commservice260303: msgid = -1979710460,did=138
05-22 07:11:42.684   544   544 D commservice260303: CommProtocolLibCmdBaseI2C::dataproc {"command":{"id":"imu_status","sub":""},"content":{"TimeStamp":1779405102683,"FrameCounter":8869,"GD_X":-0.008781149983406067,"GD_Y":0.007177011109888554,"GD_Z":0.01847776025533676,"AD_X":-0.004366286098957062,"AD_Y":0.0027887029573321342,"AD_Z":-0.3284788131713867,"TempDsp":0,"Status":0,"CalibState":1,"SigAmpInvalid":0}},-1979710460
05-22 07:11:42.684   544   544 D commservice260303: send2Cluster len:323, 7B22636F6D6D616E64223A7B226964223A22696D755F737461747573222C22737562223A22227D2C22636F6E74656E74223A7B2254696D655374616D70223A313737393430353130323638332C224672616D65436F756E746572223A383836392C2247445F58223A2D302E3030383738313134393938333430363036372C2247445F59223A302E3030373137373031313130393838383535342C2247445F5A223A302E30313834373737363032353533333637362C2241445F58223A2D302E3030343336363238363039383935373036322C2241445F59223A302E303032373838373032393537333332313334322C2241445F5A223A2D302E333238343738383133313731333836372C2254656D70447370223A302C22537461747573223A302C2243616C69625374617465223A312C22536967416D70496E76616C6964223A307D7D, 138 
05-22 07:11:42.684   544   544 D commservice260303: Push Message into SendPool fn=1780678656
05-22 07:11:42.684   544   544 D commservice260303: ComProtocolLibSend2Cluster::send2ClusterRaw fn=1780678656 , len=339
05-22 07:11:42.684   544   544 D commservice260303: sendCmdToPort :339!!!
05-22 07:11:42.684   544   544 D commservice260303: send Cmd To Port ++++5AA5014F8A010000236A6A0F912E7B22636F6D6D616E64223A7B226964223A22696D755F737461747573222C22737562223A22227D2C22636F6E74656E74223A7B2254696D655374616D70223A313737393430353130323638332C224672616D65436F756E746572223A383836392C2247445F58223A2D302E3030383738313134393938333430363036372C2247445F59223A302E3030373137373031313130393838383535342C2247445F5A223A302E30313834373737363032353533333637362C2241445F58223A2D302E3030343336363238363039383935373036322C2241445F59223A302E303032373838373032393537333332313334322C2241445F5A223A2D302E333238343738383133313731333836372C2254656D70447370223A302C22537461747573223A302C2243616C69625374617465223A312C22536967416D70496E76616C6964223A307D7D5A21
05-22 07:11:42.684   544   544 D commservice260303: bufferevent_write retrun value = 0
05-22 07:11:42.684   544   567 D commservice260303: client datas send succeed,send finish
05-22 07:11:42.684  2981  3178 D Sentinelmode_1.2.5.13_alpha: <SentryImuClusterFgeSender>imu_status sent to Linux, frame=8869, tsNs=387648, tsMs=1779405102683, intervalMs=41, ad=(-0.004366286,0.002788703,-0.3284788), gd=(-0.00878115,0.007177011,0.01847776)
05-22 06:30:16.426   573   573 D spi_rst_gpio_get_output: GPIO 145 value: 1
05-22 06:30:16.426   573   573 D spidev_ioctl: gpio status=1)
05-22 07:11:42.686   565   565 I Sensors : 230 AccelSensor: x:-0.111630,y:0.012200,z:-10.136980
05-22 07:11:42.687   291  1491 D EvsDriver: forwardFrame
05-22 07:11:42.688   573   573 I SpiService: fgesysctrl_getGPIO_status success val=1
05-22 07:11:42.689  2981  3177 I SentryImuMcuAngleSender: 179.93105rollDeg
05-22 06:30:16.431   573   573 D spi_rst_gpio_get_output: GPIO 145 value: 1
05-22 07:11:42.689  2981  3177 I SentryImuMcuAngleSender: 1,0,0
05-22 06:30:16.431   573   573 D spidev_ioctl: gpio status=1)
05-22 07:11:42.690   291  1491 D EvsDriver: Delivered 0xb400007b2f47ca30 as id 0
05-22 07:11:42.690  1137  1137 D evsmanagerd: /dev/video4 forwarded the buffer #0 to 0xb4000071fa019690 from 0xb4000071fa01b7d0
05-22 07:11:42.693   291  1135 D EvsDriver: doneWithFrame
05-22 07:11:42.693   573   573 I SpiService: fgesysctrl_getGPIO_status success val=1
05-22 06:30:16.437   573   573 D spi_rst_gpio_get_output: GPIO 145 value: 1
05-22 06:30:16.437   573   573 D spidev_ioctl: gpio status=1)
05-22 07:11:42.695  1026  1026 D MyAppLog: [2026-05-22 07:11:42.694 D tboxap tsp_WorkMachineProc:1086] [Tsp] [tsp_WorkMachineProc]TSP_WORK_LOGIN NOW !!!!
05-22 07:11:42.699   964  1804 D [OMXB]  : usingANWBuffer: handle:0xebd40170, format:1, w:1920, h:1080
05-22 07:11:42.699   573   573 I SpiService: fgesysctrl_getGPIO_status success val=1
05-22 07:11:42.700   276   300 I rvcservice: t.code = 3, t.value = 0
05-22 06:30:16.442   573   573 D spi_rst_gpio_get_output: GPIO 145 value: 1
05-22 06:30:16.442   573   573 D spidev_ioctl: gpio status=1)
05-22 07:11:42.704   573   573 I SpiService: fgesysctrl_getGPIO_status success val=1
05-22 07:11:42.704   544   722 I commservice260303: [mcuCommFunctionTcp::ProtocolCheckConnectTimeOutProc:613] keyID:256,tcpEvent:5,tcpcount:0,heartbeat:1,noHeartBeatNumber:0,endispatch:0,strState:0
05-22 07:11:42.704   544   722 D commservice260303: ProtocolCheckConnectTimeOutProc,629,clear heartbeat
05-22 06:30:16.447   573   573 D spi_rst_gpio_get_output: GPIO 145 value: 1
05-22 06:30:16.447   573   573 D spidev_ioctl: gpio status=1)
05-22 07:11:42.709   573   573 I SpiService: fgesysctrl_getGPIO_status success val=0
05-22 06:30:16.453   573   573 D spi_rst_gpio_get_output: GPIO 145 value: 0
05-22 06:30:16.453   573   573 D spidev_ioctl: gpio status=0)
05-22 07:11:42.709  2981  3177 I SentryImuMcuAngleSender: 179.95174rollDeg
05-22 07:11:42.710  2981  3177 I SentryImuMcuAngleSender: 1,0,0
05-22 07:11:42.720   565   565 I Sensors : 230 GyroSensor: x:-0.009162,y:0.007406,z:0.017562
05-22 07:11:42.722   291  1491 D EvsDriver: forwardFrame
05-22 07:11:42.723   573   573 I SpiService: fgesysctrl_getGPIO_status success val=1
05-22 07:11:42.724   291  1491 D EvsDriver: Delivered 0xb400007b2f47ca30 as id 0
05-22 07:11:42.724  1137  1137 D evsmanagerd: /dev/video4 forwarded the buffer #0 to 0xb4000071fa019690 from 0xb4000071fa01b7d0
05-22 07:11:42.724   291  1135 D EvsDriver: doneWithFrame
05-22 07:11:42.725   544   544 D commservice260303: msg.id = 1028,0
05-22 07:11:42.725   544   544 D commservice260303: i = 170, msgid = 8A000404
05-22 07:11:42.725   544   544 D commservice260303: msgid = -1979710460,did=138
05-22 07:11:42.725   544   544 D commservice260303: CommProtocolLibCmdBaseI2C::dataproc {"command":{"id":"imu_status","sub":""},"content":{"TimeStamp":1779405102724,"FrameCounter":8870,"GD_X":-0.009161898866295815,"GD_Y":0.007405876647680998,"GD_Z":0.01756177842617035,"AD_X":-0.0061921775341033936,"AD_Y":-0.001476384699344635,"AD_Z":-0.3309192657470703,"TempDsp":0,"Status":0,"CalibState":1,"SigAmpInvalid":0}},-1979710460
05-22 07:11:42.725   544   544 D commservice260303: send2Cluster len:324, 7B22636F6D6D616E64223A7B226964223A22696D755F737461747573222C22737562223A22227D2C22636F6E74656E74223A7B2254696D655374616D70223A313737393430353130323732342C224672616D65436F756E746572223A383837302C2247445F58223A2D302E3030393136313839383836363239353831352C2247445F59223A302E3030373430353837363634373638303939382C2247445F5A223A302E30313735363137373834323631373033352C2241445F58223A2D302E303036313932313737353334313033333933362C2241445F59223A2D302E3030313437363338343639393334343633352C2241445F5A223A2D302E333330393139323635373437303730332C2254656D70447370223A302C22537461747573223A302C2243616C69625374617465223A312C22536967416D70496E76616C6964223A307D7D, 138 
05-22 07:11:42.725   544   544 D commservice260303: Push Message into SendPool fn=1797455872
05-22 07:11:42.725   544   544 D commservice260303: ComProtocolLibSend2Cluster::send2ClusterRaw fn=1797455872 , len=340
05-22 07:11:42.725   544   544 D commservice260303: sendCmdToPort :340!!!
05-22 07:11:42.725   544   544 D commservice260303: send Cmd To Port ++++5AA501508A010000236B6A0F912E7B22636F6D6D616E64223A7B226964223A22696D755F737461747573222C22737562223A22227D2C22636F6E74656E74223A7B2254696D655374616D70223A313737393430353130323732342C224672616D65436F756E746572223A383837302C2247445F58223A2D302E3030393136313839383836363239353831352C2247445F59223A302E3030373430353837363634373638303939382C2247445F5A223A302E30313735363137373834323631373033352C2241445F58223A2D302E303036313932313737353334313033333933362C2241445F59223A2D302E3030313437363338343639393334343633352C2241445F5A223A2D302E333330393139323635373437303730332C2254656D70447370223A302C22537461747573223A302C2243616C69625374617465223A312C22536967416D70496E76616C6964223A307D7D5662
05-22 07:11:42.725   544   544 D commservice260303: bufferevent_write retrun value = 0
05-22 07:11:42.725   544   567 D commservice260303: client datas send succeed,send finish
05-22 07:11:42.725  2981  3178 D Sentinelmode_1.2.5.13_alpha: <SentryImuClusterFgeSender>imu_status sent to Linux, frame=8870, tsNs=387702, tsMs=1779405102724, intervalMs=41, ad=(-0.0061921775,-0.0014763847,-0.33091927), gd=(-0.009161899,0.0074058766,0.017561778)
05-22 06:30:16.467   573   573 D spi_rst_gpio_get_output: GPIO 145 value: 1
05-22 06:30:16.467   573   573 D spidev_ioctl: gpio status=1)
05-22 07:11:42.729   573   573 I SpiService: fgesysctrl_getGPIO_status success val=1
05-22 06:30:16.472   573   573 D spi_rst_gpio_get_output: GPIO 145 value: 1
05-22 06:30:16.472   573   573 D spidev_ioctl: gpio status=1)
05-22 07:11:42.731  2981  3177 I SentryImuMcuAngleSender: 179.93794rollDeg
05-22 07:11:42.731  2981  3177 I SentryImuMcuAngleSender: 1,0,0
05-22 07:11:42.734   573   573 I SpiService: fgesysctrl_getGPIO_status success val=1
05-22 07:11:42.735   260   260 D libvintf: HalManifest::getHidlTransport(framework): Cannot find android.hardware.usb@1.0::IUsb/default
05-22 07:11:42.736   260   260 D libvintf: HalManifest::getHidlTransport(device): Cannot find android.hardware.usb@1.0::IUsb/default
05-22 07:11:42.736   260   260 I hwservicemanager: getTransport: Cannot find entry android.hardware.usb@1.0::IUsb/default in either framework or device VINTF manifest.
05-22 07:11:42.736  2626  2832 E ExtUsbManager: UsbHalController: android.hardware.usb.V1_0.IUsb getService failed!
05-22 07:11:42.736  2626  2832 E ExtUsbManager: java.util.NoSuchElementException
05-22 07:11:42.736  2626  2832 E ExtUsbManager: 	at android.os.HwBinder.getService(Native Method)
05-22 07:11:42.736  2626  2832 E ExtUsbManager: 	at android.os.HwBinder.getService(HwBinder.java:81)
05-22 07:11:42.736  2626  2832 E ExtUsbManager: 	at android.hardware.usb.V1_0.IUsb.getService(IUsb.java:74)
05-22 07:11:42.736  2626  2832 E ExtUsbManager: 	at android.hardware.usb.V1_0.IUsb.getService(IUsb.java:84)
05-22 07:11:42.736  2626  2832 E ExtUsbManager: 	at ts.car.usb.UsbHalController.createService(UsbHalController.java:37)
05-22 07:11:42.736  2626  2832 E ExtUsbManager: 	at ts.car.usb.UsbHalController.createService(UsbHalController.java:18)
05-22 07:11:42.736  2626  2832 E ExtUsbManager: 	at ts.car.usb.utils.AutoServiceConnector4Hidl.autoConnect(AutoServiceConnector4Hidl.java:47)
05-22 07:11:42.736  2626  2832 E ExtUsbManager: 	at ts.car.usb.utils.AutoServiceConnector4Hidl$$ExternalSyntheticLambda0.run(Unknown Source:2)
05-22 07:11:42.736  2626  2832 E ExtUsbManager: 	at android.os.Handler.handleCallback(Handler.java:942)
05-22 07:11:42.736  2626  2832 E ExtUsbManager: 	at android.os.Handler.dispatchMessage(Handler.java:99)
05-22 07:11:42.736  2626  2832 E ExtUsbManager: 	at android.os.Looper.loopOnce(Looper.java:201)
05-22 07:11:42.736  2626  2832 E ExtUsbManager: 	at android.os.Looper.loop(Looper.java:288)
05-22 07:11:42.736  2626  2832 E ExtUsbManager: 	at android.os.HandlerThread.run(HandlerThread.java:67)
05-22 07:11:42.736   260   260 D libvintf: HalManifest::getHidlTransport(framework): Cannot find vendor.ts.usbext@1.0::IUsbext/default
05-22 07:11:42.736   260   260 D libvintf: HalManifest::getHidlTransport(device): Cannot find vendor.ts.usbext@1.0::IUsbext/default
05-22 07:11:42.736   260   260 I hwservicemanager: getTransport: Cannot find entry vendor.ts.usbext@1.0::IUsbext/default in either framework or device VINTF manifest.
05-22 07:11:42.737  2626  2832 E ExtUsbManager: UsbHalExtController: vendor.ts.usbext.V1_0.IUsbext getService failed!
05-22 07:11:42.737  2626  2832 E ExtUsbManager: java.util.NoSuchElementException
05-22 07:11:42.737  2626  2832 E ExtUsbManager: 	at android.os.HwBinder.getService(Native Method)
05-22 07:11:42.737  2626  2832 E ExtUsbManager: 	at android.os.HwBinder.getService(HwBinder.java:81)
05-22 07:11:42.737  2626  2832 E ExtUsbManager: 	at vendor.ts.usbext.V1_0.IUsbext.getService(IUsbext.java:74)
05-22 07:11:42.737  2626  2832 E ExtUsbManager: 	at vendor.ts.usbext.V1_0.IUsbext.getService(IUsbext.java:84)
05-22 07:11:42.737  2626  2832 E ExtUsbManager: 	at ts.car.usb.UsbHalExtController.createService(UsbHalExtController.java:37)
05-22 07:11:42.737  2626  2832 E ExtUsbManager: 	at ts.car.usb.UsbHalExtController.createService(UsbHalExtController.java:18)
05-22 07:11:42.737  2626  2832 E ExtUsbManager: 	at ts.car.usb.utils.AutoServiceConnector4Hidl.autoConnect(AutoServiceConnector4Hidl.java:47)
05-22 07:11:42.737  2626  2832 E ExtUsbManager: 	at ts.car.usb.utils.AutoServiceConnector4Hidl$$ExternalSyntheticLambda0.run(Unknown Source:2)
05-22 07:11:42.737  2626  2832 E ExtUsbManager: 	at android.os.Handler.handleCallback(Handler.java:942)
05-22 07:11:42.737  2626  2832 E ExtUsbManager: 	at android.os.Handler.dispatchMessage(Handler.java:99)
05-22 07:11:42.737  2626  2832 E ExtUsbManager: 	at android.os.Looper.loopOnce(Looper.java:201)
05-22 07:11:42.737  2626  2832 E ExtUsbManager: 	at android.os.Looper.loop(Looper.java:288)
05-22 07:11:42.737  2626  2832 E ExtUsbManager: 	at android.os.HandlerThread.run(HandlerThread.java:67)
05-22 07:11:42.737   260   260 D libvintf: HalManifest::getHidlTransport(framework): Cannot find android.hardware.usb.gadget@1.0::IUsbGadget/default
05-22 07:11:42.737   260   260 D libvintf: HalManifest::getHidlTransport(device): Cannot find android.hardware.usb.gadget@1.0::IUsbGadget/default
05-22 07:11:42.737   260   260 I hwservicemanager: getTransport: Cannot find entry android.hardware.usb.gadget@1.0::IUsbGadget/default in either framework or device VINTF manifest.
05-22 07:11:42.737  2626  2832 E ExtUsbManager: UsbGadgetController: android.hardware.usb.gadget.V1_0.IUsbGadget getService failed!
05-22 07:11:42.737  2626  2832 E ExtUsbManager: java.util.NoSuchElementException
05-22 07:11:42.737  2626  2832 E ExtUsbManager: 	at android.os.HwBinder.getService(Native Method)
05-22 07:11:42.737  2626  2832 E ExtUsbManager: 	at android.os.HwBinder.getService(HwBinder.java:81)
05-22 07:11:42.737  2626  2832 E ExtUsbManager: 	at android.hardware.usb.gadget.V1_0.IUsbGadget.getService(IUsbGadget.java:74)
05-22 07:11:42.737  2626  2832 E ExtUsbManager: 	at android.hardware.usb.gadget.V1_0.IUsbGadget.getService(IUsbGadget.java:84)
05-22 07:11:42.737  2626  2832 E ExtUsbManager: 	at ts.car.usb.UsbGadgetController.createService(UsbGadgetController.java:36)
05-22 07:11:42.737  2626  2832 E ExtUsbManager: 	at ts.car.usb.UsbGadgetController.createService(UsbGadgetController.java:17)
05-22 07:11:42.737  2626  2832 E ExtUsbManager: 	at ts.car.usb.utils.AutoServiceConnector4Hidl.autoConnect(AutoServiceConnector4Hidl.java:47)
05-22 07:11:42.737  2626  2832 E ExtUsbManager: 	at ts.car.usb.utils.AutoServiceConnector4Hidl$$ExternalSyntheticLambda0.run(Unknown Source:2)
05-22 07:11:42.737  2626  2832 E ExtUsbManager: 	at android.os.Handler.handleCallback(Handler.java:942)
05-22 07:11:42.737  2626  2832 E ExtUsbManager: 	at android.os.Handler.dispatchMessage(Handler.java:99)
05-22 07:11:42.737  2626  2832 E ExtUsbManager: 	at android.os.Looper.loopOnce(Looper.java:201)
05-22 07:11:42.737  2626  2832 E ExtUsbManager: 	at android.os.Looper.loop(Looper.java:288)
05-22 07:11:42.737  2626  2832 E ExtUsbManager: 	at android.os.HandlerThread.run(HandlerThread.java:67)
05-22 06:30:16.477   573   573 D spi_rst_gpio_get_output: GPIO 145 value: 1
05-22 06:30:16.477   573   573 D spidev_ioctl: gpio status=1)
05-22 07:11:42.739   573   573 I SpiService: fgesysctrl_getGPIO_status success val=1
05-22 06:30:16.483   573   573 D spi_rst_gpio_get_output: GPIO 145 value: 1
05-22 06:30:16.483   573   573 D spidev_ioctl: gpio status=1)
05-22 07:11:42.744   573   573 I SpiService: fgesysctrl_getGPIO_status success val=1
05-22 06:30:16.488   573   573 D spi_rst_gpio_get_output: GPIO 145 value: 1
05-22 06:30:16.488   573   573 D spidev_ioctl: gpio status=1)
05-22 07:11:42.750   573   573 I SpiService: fgesysctrl_getGPIO_status success val=0
05-22 07:11:42.751  2981  3177 I SentryImuMcuAngleSender: 179.93103rollDeg
05-22 07:11:42.751  2981  3177 I SentryImuMcuAngleSender: 1,0,0
05-22 06:30:16.493   573   573 D spi_rst_gpio_get_output: GPIO 145 value: 0
05-22 06:30:16.493   573   573 D spidev_ioctl: gpio status=0)
05-22 07:11:42.758   291  1491 D EvsDriver: forwardFrame
05-22 07:11:42.758   737  1618 E SSense.fps: We could not find the file :/sys/class/display/dispc0/frame_count
05-22 07:11:42.759   291  1491 D EvsDriver: Delivered 0xb400007b2f47ca30 as id 0
05-22 07:11:42.759  1137  1137 D evsmanagerd: /dev/video4 forwarded the buffer #0 to 0xb4000071fa019690 from 0xb4000071fa01b7d0
05-22 07:11:42.761   291  1135 D EvsDriver: doneWithFrame
05-22 06:30:16.507   573   573 D spi_rst_gpio_get_output: GPIO 145 value: 1
05-22 06:30:16.507   573   573 D spidev_ioctl: gpio status=1)
05-22 07:11:42.763   964  1804 D [OMXB]  : usingANWBuffer: handle:0xebd43d40, format:1, w:1920, h:1080
05-22 07:11:42.764   573   573 I SpiService: fgesysctrl_getGPIO_status success val=1
05-22 07:11:42.768   544   544 D commservice260303: msg.id = 1028,0
05-22 07:11:42.768   544   544 D commservice260303: i = 170, msgid = 8A000404
05-22 07:11:42.768   544   544 D commservice260303: msgid = -1979710460,did=138
05-22 07:11:42.768   544   544 D commservice260303: CommProtocolLibCmdBaseI2C::dataproc {"command":{"id":"imu_status","sub":""},"content":{"TimeStamp":1779405102765,"FrameCounter":8871,"GD_X":-0.00923888012766838,"GD_Y":0.007712244056165218,"GD_Z":0.01756177842617035,"AD_X":-0.005579464137554169,"AD_Y":-0.0014747995883226395,"AD_Z":-0.3296995162963867,"TempDsp":0,"Status":0,"CalibState":1,"SigAmpInvalid":0}},-1979710460
05-22 07:11:42.768   544   544 D commservice260303: send2Cluster len:323, 7B22636F6D6D616E64223A7B226964223A22696D755F737461747573222C22737562223A22227D2C22636F6E74656E74223A7B2254696D655374616D70223A313737393430353130323736352C224672616D65436F756E746572223A383837312C2247445F58223A2D302E30303932333838383031323736363833382C2247445F59223A302E3030373731323234343035363136353231382C2247445F5A223A302E30313735363137373834323631373033352C2241445F58223A2D302E3030353537393436343133373535343136392C2241445F59223A2D302E303031343734373939353838333232363339352C2241445F5A223A2D302E333239363939353136323936333836372C2254656D70447370223A302C22537461747573223A302C2243616C69625374617465223A312C22536967416D70496E76616C6964223A307D7D, 138 
05-22 07:11:42.768   544   544 D commservice260303: Push Message into SendPool fn=1814233088
05-22 07:11:42.768   544   544 D commservice260303: ComProtocolLibSend2Cluster::send2ClusterRaw fn=1814233088 , len=339
05-22 07:11:42.768   544   544 D commservice260303: sendCmdToPort :339!!!
