05-22 07:11:42.117   544   544 D commservice260303: send Cmd To Port ++++5AA501508A010000235C6A0F912E7B22636F6D6D616E64223A7B226964223A22696D755F737461747573222C22737562223A22227D2C22636F6E74656E74223A7B2254696D655374616D70223A313737393430353130323131362C224672616D65436F756E746572223A383835352C2247445F58223A2D302E3030383730343136373739303731303932362C2247445F59223A302E30303830313730353130333336373536372C2247445F5A223A302E30313736333832343138373231393134332C2241445F58223A2D302E303031393434383632333036313138303131352C2241445F59223A2D322E373834363137323435313937323936452D342C2241445F5A223A2D302E33333237343336343437313433353534372C2254656D70447370223A302C22537461747573223A302C2243616C69625374617465223A312C22536967416D70496E76616C6964223A307D7D29EF
05-22 07:11:42.117   544   544 D commservice260303: bufferevent_write retrun value = 0
05-22 07:11:42.117   544   567 D commservice260303: client datas send succeed,send finish
05-22 07:11:42.117  2981  3178 D Sentinelmode_1.2.5.13_alpha: <SentryImuClusterFgeSender>imu_status sent to Linux, frame=8855, tsNs=387092, tsMs=1779405102116, intervalMs=41, ad=(-0.0019448623,-2.7846172E-4,-0.33274364), gd=(-0.008704168,0.008017051,0.017638242)
05-22 06:30:15.860   573   573 D spi_rst_gpio_get_output: GPIO 145 value: 1
05-22 06:30:15.860   573   573 D spidev_ioctl: gpio status=1)
05-22 07:11:42.121   573   573 I SpiService: fgesysctrl_getGPIO_status success val=1
05-22 06:30:15.865   573   573 D spi_rst_gpio_get_output: GPIO 145 value: 1
05-22 06:30:15.865   573   573 D spidev_ioctl: gpio status=1)
05-22 07:11:42.122   291  1491 D EvsDriver: forwardFrame
05-22 07:11:42.123   291  1491 D EvsDriver: Delivered 0xb400007b2f47ca30 as id 0
05-22 07:11:42.123  1137  1137 D evsmanagerd: /dev/video4 forwarded the buffer #0 to 0xb4000071fa019690 from 0xb4000071fa01b7d0
05-22 07:11:42.124   291  1135 D EvsDriver: doneWithFrame
05-22 07:11:42.127   573   573 I SpiService: fgesysctrl_getGPIO_status success val=1
05-22 07:11:42.128   565   565 I Sensors : 230 GyroSensor: x:-0.008323,y:0.008552,z:0.018249
05-22 06:30:15.871   573   573 D spi_rst_gpio_get_output: GPIO 145 value: 1
05-22 06:30:15.871   573   573 D spidev_ioctl: gpio status=1)
05-22 07:11:42.129  2981  3177 I SentryImuMcuAngleSender: 179.93794rollDeg
05-22 06:30:15.873     0     0 W         : c6 [    C6] Irq_monitor:Irq                                           IPI[1]occur        7975 times interval 1032 ms
05-22 07:11:42.130  2981  3177 I SentryImuMcuAngleSender: 1,0,0
05-22 07:11:42.133   573   573 I SpiService: fgesysctrl_getGPIO_status success val=0
05-22 06:30:15.877   573   573 D spi_rst_gpio_get_output: GPIO 145 value: 0
05-22 06:30:15.877   573   573 D spidev_ioctl: gpio status=0)
05-22 07:11:42.134   486   579 I mcuc    : send SPI:6AA60207A300028900C9
05-22 07:11:42.146  2203  5179 I ADAYO_LOG_: startZip(LogcatFunc.java:412)deleteFile:logcat_2026_05_22_07_08_07_143-1.txt,delete:true
05-22 07:11:42.147  2203  5179 I ADAYO_LOG_: startSeparationAndZip(LogcatFunc.java:294)startZip over
05-22 07:11:42.147   573   573 I SpiService: fgesysctrl_getGPIO_status success val=1
05-22 06:30:15.891   573   573 D spi_rst_gpio_get_output: GPIO 145 value: 1
05-22 06:30:15.891   573   573 D spidev_ioctl: gpio status=1)
05-22 07:11:42.150  2981  3177 I SentryImuMcuAngleSender: 179.9345rollDeg
05-22 07:11:42.150  2981  3177 I SentryImuMcuAngleSender: 1,0,0
05-22 07:11:42.152   573   573 I SpiService: fgesysctrl_getGPIO_status success val=1
05-22 06:30:15.896   573   573 D spi_rst_gpio_get_output: GPIO 145 value: 1
05-22 06:30:15.896   573   573 D spidev_ioctl: gpio status=1)
05-22 07:11:42.155   291  1491 D EvsDriver: forwardFrame
05-22 07:11:42.156   291  1491 D EvsDriver: Delivered 0xb400007b2f47ca30 as id 0
05-22 07:11:42.156  1137  1137 D evsmanagerd: /dev/video4 forwarded the buffer #0 to 0xb4000071fa019690 from 0xb4000071fa01b7d0
05-22 07:11:42.157   544   544 D commservice260303: msg.id = 1028,0
05-22 07:11:42.157   544   544 D commservice260303: i = 170, msgid = 8A000404
05-22 07:11:42.157   544   544 D commservice260303: msgid = -1979710460,did=138
05-22 07:11:42.157   544   544 D commservice260303: CommProtocolLibCmdBaseI2C::dataproc {"command":{"id":"imu_status","sub":""},"content":{"TimeStamp":1779405102156,"FrameCounter":8856,"GD_X":-0.008322898298501968,"GD_Y":0.00794111005961895,"GD_Z":0.01847776025533676,"AD_X":-0.00560344010591507,"AD_Y":-8.867150172591209E-4,"AD_Z":-0.3321352005004883,"TempDsp":0,"Status":0,"CalibState":1,"SigAmpInvalid":0}},-1979710460
05-22 07:11:42.157   544   544 D commservice260303: send2Cluster len:321, 7B22636F6D6D616E64223A7B226964223A22696D755F737461747573222C22737562223A22227D2C22636F6E74656E74223A7B2254696D655374616D70223A313737393430353130323135362C224672616D65436F756E746572223A383835362C2247445F58223A2D302E3030383332323839383239383530313936382C2247445F59223A302E30303739343131313030353936313839352C2247445F5A223A302E30313834373737363032353533333637362C2241445F58223A2D302E30303536303334343031303539313530372C2241445F59223A2D382E383637313530313732353931323039452D342C2241445F5A223A2D302E333332313335323030353030343838332C2254656D70447370223A302C22537461747573223A302C2243616C69625374617465223A312C22536967416D70496E76616C6964223A307D7D, 138 
05-22 07:11:42.157   544   544 D commservice260303: Push Message into SendPool fn=1562574848
05-22 07:11:42.157   544   544 D commservice260303: ComProtocolLibSend2Cluster::send2ClusterRaw fn=1562574848 , len=337
05-22 07:11:42.157   544   544 D commservice260303: sendCmdToPort :337!!!
05-22 07:11:42.157   544   544 D commservice260303: send Cmd To Port ++++5AA5014D8A010000235D6A0F912E7B22636F6D6D616E64223A7B226964223A22696D755F737461747573222C22737562223A22227D2C22636F6E74656E74223A7B2254696D655374616D70223A313737393430353130323135362C224672616D65436F756E746572223A383835362C2247445F58223A2D302E3030383332323839383239383530313936382C2247445F59223A302E30303739343131313030353936313839352C2247445F5A223A302E30313834373737363032353533333637362C2241445F58223A2D302E30303536303334343031303539313530372C2241445F59223A2D382E383637313530313732353931323039452D342C2241445F5A223A2D302E333332313335323030353030343838332C2254656D70447370223A302C22537461747573223A302C2243616C69625374617465223A312C22536967416D70496E76616C6964223A307D7D2A10
05-22 07:11:42.157   544   544 D commservice260303: bufferevent_write retrun value = 0
05-22 07:11:42.157   544   567 D commservice260303: client datas send succeed,send finish
05-22 07:11:42.158  2981  3178 D Sentinelmode_1.2.5.13_alpha: <SentryImuClusterFgeSender>imu_status sent to Linux, frame=8856, tsNs=387127, tsMs=1779405102156, intervalMs=40, ad=(-0.00560344,-8.86715E-4,-0.3321352), gd=(-0.008322898,0.00794111,0.01847776)
05-22 07:11:42.158   573   573 I SpiService: fgesysctrl_getGPIO_status success val=1
05-22 07:11:42.158   291  1135 D EvsDriver: doneWithFrame
05-22 06:30:15.901   573   573 D spi_rst_gpio_get_output: GPIO 145 value: 1
05-22 06:30:15.901   573   573 D spidev_ioctl: gpio status=1)
05-22 07:11:42.162   964  1804 D [OMXB]  : usingANWBuffer: handle:0xebd440b0, format:1, w:1920, h:1080
05-22 07:11:42.163   573   573 I SpiService: fgesysctrl_getGPIO_status success val=1
05-22 06:30:15.907   573   573 D spi_rst_gpio_get_output: GPIO 145 value: 1
05-22 06:30:15.907   573   573 D spidev_ioctl: gpio status=1)
05-22 07:11:42.168   573   573 I SpiService: fgesysctrl_getGPIO_status success val=1
05-22 06:30:15.912   573   573 D spi_rst_gpio_get_output: GPIO 145 value: 1
05-22 06:30:15.912   573   573 D spidev_ioctl: gpio status=1)
05-22 07:11:42.171  2981  3177 I SentryImuMcuAngleSender: 179.93794rollDeg
05-22 07:11:42.171  2981  3177 I SentryImuMcuAngleSender: 1,0,0
05-22 07:11:42.174   573   573 I SpiService: fgesysctrl_getGPIO_status success val=0
05-22 06:30:15.917   573   573 D spi_rst_gpio_get_output: GPIO 145 value: 0
05-22 06:30:15.917   573   573 D spidev_ioctl: gpio status=0)
05-22 07:11:42.188   573   573 I SpiService: fgesysctrl_getGPIO_status success val=1
05-22 06:30:15.931   573   573 D spi_rst_gpio_get_output: GPIO 145 value: 1
05-22 06:30:15.931   573   573 D spidev_ioctl: gpio status=1)
05-22 07:11:42.190   291  1491 D EvsDriver: forwardFrame
05-22 07:11:42.191   291  1491 D EvsDriver: Delivered 0xb400007b2f47ca30 as id 0
05-22 07:11:42.191  1137  1137 D evsmanagerd: /dev/video4 forwarded the buffer #0 to 0xb4000071fa019690 from 0xb4000071fa01b7d0
05-22 07:11:42.192  2981  3177 I SentryImuMcuAngleSender: 179.94484rollDeg
05-22 07:11:42.192  2981  3177 I SentryImuMcuAngleSender: 1,0,0
05-22 07:11:42.193   573   573 I SpiService: fgesysctrl_getGPIO_status success val=1
05-22 06:30:15.937   573   573 D spi_rst_gpio_get_output: GPIO 145 value: 1
05-22 06:30:15.937   573   573 D spidev_ioctl: gpio status=1)
05-22 07:11:42.195   291  1135 D EvsDriver: doneWithFrame
05-22 07:11:42.198   544   544 D commservice260303: msg.id = 1028,0
05-22 07:11:42.198   544   544 D commservice260303: i = 170, msgid = 8A000404
05-22 07:11:42.199   544   544 D commservice260303: msgid = -1979710460,did=138
05-22 07:11:42.199   544   544 D commservice260303: CommProtocolLibCmdBaseI2C::dataproc {"command":{"id":"imu_status","sub":""},"content":{"TimeStamp":1779405102197,"FrameCounter":8857,"GD_X":-0.00862822588533163,"GD_Y":0.00801705103367567,"GD_Z":0.01817295327782631,"AD_X":-0.003773316740989685,"AD_Y":-0.0027131596580147743,"AD_Z":-0.33274364471435547,"TempDsp":0,"Status":0,"CalibState":1,"SigAmpInvalid":0}},-1979710460
05-22 07:11:42.199   544   544 D commservice260303: send2Cluster len:323, 7B22636F6D6D616E64223A7B226964223A22696D755F737461747573222C22737562223A22227D2C22636F6E74656E74223A7B2254696D655374616D70223A313737393430353130323139372C224672616D65436F756E746572223A383835372C2247445F58223A2D302E30303836323832323538383533333136332C2247445F59223A302E30303830313730353130333336373536372C2247445F5A223A302E30313831373239353332373738323633312C2241445F58223A2D302E3030333737333331363734303938393638352C2241445F59223A2D302E303032373133313539363538303134373734332C2241445F5A223A2D302E33333237343336343437313433353534372C2254656D70447370223A302C22537461747573223A302C2243616C69625374617465223A312C22536967416D70496E76616C6964223A307D7D, 138 
05-22 07:11:42.199   544   544 D commservice260303: Push Message into SendPool fn=1579352064
05-22 07:11:42.199   544   544 D commservice260303: ComProtocolLibSend2Cluster::send2ClusterRaw fn=1579352064 , len=339
05-22 07:11:42.199   544   544 D commservice260303: sendCmdToPort :339!!!
05-22 07:11:42.199   544   544 D commservice260303: send Cmd To Port ++++5AA5014F8A010000235E6A0F912E7B22636F6D6D616E64223A7B226964223A22696D755F737461747573222C22737562223A22227D2C22636F6E74656E74223A7B2254696D655374616D70223A313737393430353130323139372C224672616D65436F756E746572223A383835372C2247445F58223A2D302E30303836323832323538383533333136332C2247445F59223A302E30303830313730353130333336373536372C2247445F5A223A302E30313831373239353332373738323633312C2241445F58223A2D302E3030333737333331363734303938393638352C2241445F59223A2D302E303032373133313539363538303134373734332C2241445F5A223A2D302E33333237343336343437313433353534372C2254656D70447370223A302C22537461747573223A302C2243616C69625374617465223A312C22536967416D70496E76616C6964223A307D7DE63D
05-22 07:11:42.199   544   544 D commservice260303: bufferevent_write retrun value = 0
05-22 07:11:42.199   573   573 I SpiService: fgesysctrl_getGPIO_status success val=1
05-22 07:11:42.199   544   567 D commservice260303: client datas send succeed,send finish
05-22 07:11:42.199   276   300 I rvcservice: t.code = 3, t.value = 0
05-22 07:11:42.199  2981  3178 D Sentinelmode_1.2.5.13_alpha: <SentryImuClusterFgeSender>imu_status sent to Linux, frame=8857, tsNs=387163, tsMs=1779405102197, intervalMs=42, ad=(-0.0037733167,-0.0027131597,-0.33274364), gd=(-0.008628226,0.008017051,0.018172953)
05-22 06:30:15.942   573   573 D spi_rst_gpio_get_output: GPIO 145 value: 1
05-22 06:30:15.942   573   573 D spidev_ioctl: gpio status=1)
05-22 07:11:42.203   544   567 D commservice260303: recv len:75, 5AA500470600000002316A0F912E7B22636F6D6D616E64223A7B226964223A226473695F6C7578222C22737562223A22227D2C22636F6E74656E74223A7B2276616C7565223A307D7DD06E from server
05-22 07:11:42.203   544  3079 D commservice260303: mcuDataAnalyzeHandle templen:75,len:75,pos:0, 5AA500470600000002316A0F912E7B22636F6D6D616E64223A7B226964223A226473695F6C7578222C22737562223A22227D2C22636F6E74656E74223A7B2276616C7565223A307D7DD06E 
05-22 07:11:42.203   544  3079 I commservice260303: checksumCal = 53358
05-22 07:11:42.203   544  3079 D commservice260303: CommProtocolLibCmdBaseC2I::dataproc {"command":{"id":"dsi_lux","sub":""},"content":{"value":0}},6
05-22 07:11:42.203   544  3079 D commservice260303: mcuCommMessageManager::notifyMsgToClient hwbinder OK
05-22 07:11:42.203  2109  2467 D ivicomm_CommManager: fgeComServiceCallback: {"command":{"id":"dsi_lux","sub":""},"content":{"value":0}}
05-22 07:11:42.203   544  3079 D commservice260303: mcuCommMessageManager::notifyMsgToClient hwbinder OK
05-22 07:11:42.203   544  3079 D commservice260303: McuProtocolLibSend2Service::send2Service ret=1
05-22 07:11:42.204  2109  2467 D ivicomm_CallbackManager: registerCallback DSI_LUX: {"value":0} mCommStateCallbackMap size:5
05-22 07:11:42.204   573   573 I SpiService: fgesysctrl_getGPIO_status success val=1
05-22 07:11:42.204  1774  5437 D NSLogUtils_VehicleService: L2A comm state: id=dsi_lux, value=0
05-22 07:11:42.205  1517  2855 D sysUI_SystemSettingsControllerService: [binder:1517_4] - onCommState: commandID = dsi_lux; value = 0
05-22 06:30:15.948   573   573 D spi_rst_gpio_get_output: GPIO 145 value: 1
05-22 06:30:15.948   573   573 D spidev_ioctl: gpio status=1)
05-22 07:11:42.207   558  1606 I gps_hdbd: Received: '$GNGGA,231142.000,,,,,0,00,,,M,,M,,*61
'
05-22 07:11:42.208  1026  1026 D MyAppLog: [2026-05-22 07:11:42.207 D tboxap gspDataAnalyze:346] [Gps] rev gps data:$GNGGA,231142.000,,,,,0,00,,,M,,M,,*61
05-22 07:11:42.208  1026  1026 D MyAppLog: [2026-05-22 07:11:42.207 D tboxap gpsCommTboxmidsRecvCb:66] [Gps] [gpsCommTboxmidsRecvCb] gps nmea updated:$GNGGA,231142.000,,,,,0,00,,,M,,M,,*61
05-22 07:11:42.208  1026  1026 D MyAppLog: 
05-22 07:11:42.209   573   573 I SpiService: fgesysctrl_getGPIO_status success val=1
05-22 06:30:15.953   573   573 D spi_rst_gpio_get_output: GPIO 145 value: 1
05-22 06:30:15.953   573   573 D spidev_ioctl: gpio status=1)
05-22 07:11:42.211   964  1804 D [OMXB]  : usingANWBuffer: handle:0xebd41090, format:1, w:1920, h:1080
05-22 07:11:42.212   558  1606 I gps_hdbd: Received: '$GNGSA,A,1,,,,,,,,,,,,,,,,1*1D
'
05-22 07:11:42.213   558  1606 I gps_hdbd: Received: '$GNGSA,A,1,,,,,,,,,,,,,,,,3*1F
'
05-22 07:11:42.213  1026  1026 D MyAppLog: [2026-05-22 07:11:42.213 D tboxap gspDataAnalyze:346] [Gps] rev gps data:$GNGSA,A,1,,,,,,,,,,,,,,,,1*1D
05-22 07:11:42.213  1026  1026 D MyAppLog: [2026-05-22 07:11:42.213 D tboxap gpsCommTboxmidsRecvCb:66] [Gps] [gpsCommTboxmidsRecvCb] gps nmea updated:$GNGSA,A,1,,,,,,,,,,,,,,,,1*1D
05-22 07:11:42.213  1026  1026 D MyAppLog: 
05-22 07:11:42.214  2981  3177 I SentryImuMcuAngleSender: 179.94484rollDeg
05-22 07:11:42.214  2981  3177 I SentryImuMcuAngleSender: 1,0,0
05-22 07:11:42.214  1026  1026 D MyAppLog: [2026-05-22 07:11:42.214 D tboxap gspDataAnalyze:346] [Gps] rev gps data:$GNGSA,A,1,,,,,,,,,,,,,,,,3*1F
05-22 07:11:42.214  1026  1026 D MyAppLog: [2026-05-22 07:11:42.214 D tboxap gpsCommTboxmidsRecvCb:66] [Gps] [gpsCommTboxmidsRecvCb] gps nmea updated:$GNGSA,A,1,,,,,,,,,,,,,,,,3*1F
05-22 07:11:42.214  1026  1026 D MyAppLog: 
05-22 07:11:42.215   573   573 I SpiService: fgesysctrl_getGPIO_status success val=0
05-22 06:30:15.958   573   573 D spi_rst_gpio_get_output: GPIO 145 value: 0
05-22 06:30:15.958   573   573 D spidev_ioctl: gpio status=0)
05-22 07:11:42.218   558  1606 I gps_hdbd: Received: '$GNGSA,A,1,,,,,,,,,,,,,,,,4*18
'
05-22 07:11:42.218   291  1491 D EvsDriver: forwardFrame
05-22 07:11:42.219   558  1606 I gps_hdbd: Received: '$BDGSV,1,1,00,1*75
'
05-22 07:11:42.219  1137  1137 D evsmanagerd: /dev/video4 forwarded the buffer #0 to 0xb4000071fa019690 from 0xb4000071fa01b7d0
05-22 07:11:42.219   291  1491 D EvsDriver: Delivered 0xb400007b2f47ca30 as id 0
05-22 07:11:42.219  1026  1026 D MyAppLog: [2026-05-22 07:11:42.219 D tboxap gspDataAnalyze:346] [Gps] rev gps data:$GNGSA,A,1,,,,,,,,,,,,,,,,4*18
05-22 07:11:42.219  1026  1026 D MyAppLog: [2026-05-22 07:11:42.219 D tboxap gpsCommTboxmidsRecvCb:66] [Gps] [gpsCommTboxmidsRecvCb] gps nmea updated:$GNGSA,A,1,,,,,,,,,,,,,,,,4*18
05-22 07:11:42.219  1026  1026 D MyAppLog: 
05-22 07:11:42.220  1026  1026 D MyAppLog: [2026-05-22 07:11:42.219 D tboxap gspDataAnalyze:346] [Gps] rev gps data:$BDGSV,1,1,00,1*75
05-22 07:11:42.220  1026  1026 D MyAppLog: [2026-05-22 07:11:42.219 D tboxap gpsCommTboxmidsRecvCb:66] [Gps] [gpsCommTboxmidsRecvCb] gps nmea updated:$BDGSV,1,1,00,1*75
05-22 07:11:42.220  1026  1026 D MyAppLog: 
05-22 07:11:42.220   291  1135 D EvsDriver: doneWithFrame
05-22 07:11:42.224   558  1606 I gps_hdbd: Received: '$GPGSV,1,1,01,199,42,165,,1*60
'
05-22 07:11:42.224   558  1606 I gps_hdbd: Received: '$GAGSV,1,1,00,7*73
'
05-22 07:11:42.225  1026  1026 D MyAppLog: [2026-05-22 07:11:42.224 D tboxap gspDataAnalyze:346] [Gps] rev gps data:$GPGSV,1,1,01,199,42,165,,1*60
05-22 07:11:42.225  1026  1026 D MyAppLog: [2026-05-22 07:11:42.224 D tboxap gpsCommTboxmidsRecvCb:66] [Gps] [gpsCommTboxmidsRecvCb] gps nmea updated:$GPGSV,1,1,01,199,42,165,,1*60
05-22 07:11:42.225  1026  1026 D MyAppLog: 
05-22 07:11:42.225  1026  1026 D MyAppLog: [2026-05-22 07:11:42.224 D tboxap gspDataAnalyze:346] [Gps] rev gps data:$GAGSV,1,1,00,7*73
05-22 07:11:42.225  1026  1026 D MyAppLog: [2026-05-22 07:11:42.224 D tboxap gpsCommTboxmidsRecvCb:66] [Gps] [gpsCommTboxmidsRecvCb] gps nmea updated:$GAGSV,1,1,00,7*73
05-22 07:11:42.225  1026  1026 D MyAppLog: 
05-22 07:11:42.229   573   573 I SpiService: fgesysctrl_getGPIO_status success val=1
05-22 06:30:15.972   573   573 D spi_rst_gpio_get_output: GPIO 145 value: 1
05-22 06:30:15.972   573   573 D spidev_ioctl: gpio status=1)
05-22 07:11:42.230   558  1606 I gps_hdbd: Received: '$GNRMC,231142.000,V,,,,,,,210526,120.0,E,N,V*44
'
05-22 07:11:42.230   558  1606 I gps_hdbd: RMC : CALL gnss_sv_status_cb, view_in_sat <1>
05-22 07:11:42.230   558  1606 I gps_hdbd: [reportSvStatus]--->PLATFORM_BSP::Enter
05-22 07:11:42.231   558  1606 I gps_hdbd: hy abnormal deal:hy_cnr30_satellite_cnt=0
05-22 07:11:42.231   558  1606 D gps_hdbd: hy abnormal deal:hy_fixStatus_fail_count=0
05-22 07:11:42.231  1026  1026 D MyAppLog: [2026-05-22 07:11:42.230 D tboxap gspDataAnalyze:346] [Gps] rev gps data:$GNRMC,231142.000,V,,,,,,,210526,120.0,E,N,V*44
05-22 07:11:42.231  1026  1026 D MyAppLog: [2026-05-22 07:11:42.230 D tboxap Real_GPS_Command_Process:293] [Gps] GPS_INFOR_IF_COMPLETED 0f
05-22 07:11:42.231  1026  1026 D MyAppLog: [2026-05-22 07:11:42.231 D tboxap gpsCommDataCb:143] [Gps] [gpsCommDataCb] datacb
05-22 07:11:42.231  1026  1026 W MyAppLog: [2026-05-22 07:11:42.231 W tboxap gpsSyncGpsInfoToDm:263] [Gps] [gpsSyncGpsInfoToDm] fix=0 mode=49 alt=0.00 sat=0 hdop=0.00 pdop=0.00 vdop=0.00
05-22 07:11:42.231  1026  1026 D MyAppLog: [2026-05-22 07:11:42.231 D tboxap gpsIpcInfoCallBack:161] [Gps] [gpsIpcInfoCallBack] gpsIpcInfoCallBack in
05-22 07:11:42.231  1026  1026 D MyAppLog: [2026-05-22 07:11:42.231 D tboxap gpsIpcInfoCallBack:168] [Gps] [gpsIpcInfoCallBack] gps ipc init gpsIpcInfoCallBack = 0x64d0daa0fc
05-22 07:11:42.231  1026  1026 D MyAppLog: [2026-05-22 07:11:42.231 D tboxap gpsIpcInfoCallBack:176] [Gps] [gpsIpcInfoCallBack] gpsIpcInfoCallBack 44 out
05-22 07:11:42.231  1026  1026 D MyAppLog: [2026-05-22 07:11:42.231 D tboxap gpsCommTboxmidsRecvCb:66] [Gps] [gpsCommTboxmidsRecvCb] gps nmea updated:$GNRMC,231142.000,V,,,,,,,210526,120.0,E,N,V*44
05-22 07:11:42.231  1026  1026 D MyAppLog: 
05-22 07:11:42.231  1026  1026 D MyAppLog: [2026-05-22 07:11:42.231 D tboxap GpsIpcInfoHandler:133] [Gps] [GpsIpcInfoHandler]  time 
05-22 07:11:42.234  2981  3177 I SentryImuMcuAngleSender: 179.93794rollDeg
05-22 07:11:42.234  2981  3177 I SentryImuMcuAngleSender: 1,0,0
05-22 07:11:42.234   573   573 I SpiService: fgesysctrl_getGPIO_status success val=1
05-22 07:11:42.235   558  1606 I gps_hdbd: Received: '$GNZDA,231142.000,21,05,2026,00,00*4F
'
05-22 07:11:42.236   558  1606 I gps_hdbd: Received: '$GNGST,231142.000,,,,,,,*50
'
05-22 07:11:42.236  1026  1026 D MyAppLog: [2026-05-22 07:11:42.236 D tboxap gspDataAnalyze:346] [Gps] rev gps data:$GNZDA,231142.000,21,05,2026,00,00*4F
05-22 07:11:42.236  1026  1026 D MyAppLog: [2026-05-22 07:11:42.236 D tboxap gpsCommTboxmidsRecvCb:66] [Gps] [gpsCommTboxmidsRecvCb] gps nmea updated:$GNZDA,231142.000,21,05,2026,00,00*4F
05-22 07:11:42.236  1026  1026 D MyAppLog: 
05-22 06:30:15.978   573   573 D spi_rst_gpio_get_output: GPIO 145 value: 1
05-22 06:30:15.978   573   573 D spidev_ioctl: gpio status=1)
05-22 07:11:42.238   544   544 D commservice260303: msg.id = 1028,0
05-22 07:11:42.238   544   544 D commservice260303: i = 170, msgid = 8A000404
05-22 07:11:42.238   544   544 D commservice260303: msgid = -1979710460,did=138
05-22 07:11:42.238   544   544 D commservice260303: CommProtocolLibCmdBaseI2C::dataproc {"command":{"id":"imu_status","sub":""},"content":{"TimeStamp":1779405102237,"FrameCounter":8858,"GD_X":-0.008092992939054966,"GD_Y":0.007558800280094147,"GD_Z":0.017485838383436203,"AD_X":-0.003772363066673279,"AD_Y":-0.001490740105509758,"AD_Z":-0.3321352005004883,"TempDsp":0,"Status":0,"CalibState":1,"SigAmpInvalid":0}},-1979710460
05-22 07:11:42.238   544   544 D commservice260303: send2Cluster len:324, 7B22636F6D6D616E64223A7B226964223A22696D755F737461747573222C22737562223A22227D2C22636F6E74656E74223A7B2254696D655374616D70223A313737393430353130323233372C224672616D65436F756E746572223A383835382C2247445F58223A2D302E3030383039323939323933393035343936362C2247445F59223A302E3030373535383830303238303039343134372C2247445F5A223A302E3031373438353833383338333433363230332C2241445F58223A2D302E3030333737323336333036363637333237392C2241445F59223A2D302E3030313439303734303130353530393735382C2241445F5A223A2D302E333332313335323030353030343838332C2254656D70447370223A302C22537461747573223A302C2243616C69625374617465223A312C22536967416D70496E76616C6964223A307D7D, 138 
05-22 07:11:42.238   544   544 D commservice260303: Push Message into SendPool fn=1596129280
05-22 07:11:42.238   544   544 D commservice260303: ComProtocolLibSend2Cluster::send2ClusterRaw fn=1596129280 , len=340
05-22 07:11:42.238   544   544 D commservice260303: sendCmdToPort :340!!!
05-22 07:11:42.238   544   544 D commservice260303: send Cmd To Port ++++5AA501508A010000235F6A0F912E7B22636F6D6D616E64223A7B226964223A22696D755F737461747573222C22737562223A22227D2C22636F6E74656E74223A7B2254696D655374616D70223A313737393430353130323233372C224672616D65436F756E746572223A383835382C2247445F58223A2D302E3030383039323939323933393035343936362C2247445F59223A302E3030373535383830303238303039343134372C2247445F5A223A302E3031373438353833383338333433363230332C2241445F58223A2D302E3030333737323336333036363637333237392C2241445F59223A2D302E3030313439303734303130353530393735382C2241445F5A223A2D302E333332313335323030353030343838332C2254656D70447370223A302C22537461747573223A302C2243616C69625374617465223A312C22536967416D70496E76616C6964223A307D7D6550
05-22 07:11:42.238   544   544 D commservice260303: bufferevent_write retrun value = 0
05-22 07:11:42.238   544   567 D commservice260303: client datas send succeed,send finish
05-22 07:11:42.238  2981  3178 D Sentinelmode_1.2.5.13_alpha: <SentryImuClusterFgeSender>imu_status sent to Linux, frame=8858, tsNs=387201, tsMs=1779405102237, intervalMs=39, ad=(-0.003772363,-0.0014907401,-0.3321352), gd=(-0.008092993,0.0075588003,0.017485838)
05-22 07:11:42.240   573   573 I SpiService: fgesysctrl_getGPIO_status success val=1
05-22 06:30:15.983   573   573 D spi_rst_gpio_get_output: GPIO 145 value: 1
05-22 06:30:15.983   573   573 D spidev_ioctl: gpio status=1)
05-22 07:11:42.245   573   573 I SpiService: fgesysctrl_getGPIO_status success val=1
05-22 06:30:15.988   573   573 D spi_rst_gpio_get_output: GPIO 145 value: 1
05-22 06:30:15.988   573   573 D spidev_ioctl: gpio status=1)
05-22 07:11:42.250   573   573 I SpiService: fgesysctrl_getGPIO_status success val=1
05-22 07:11:42.252   291  1491 D EvsDriver: forwardFrame
05-22 07:11:42.253   291  1491 D EvsDriver: Delivered 0xb400007b2f47ca30 as id 0
05-22 07:11:42.253  1137  1137 D evsmanagerd: /dev/video4 forwarded the buffer #0 to 0xb4000071fa019690 from 0xb4000071fa01b7d0
05-22 06:30:15.994   573   573 D spi_rst_gpio_get_output: GPIO 145 value: 1
05-22 06:30:15.994   573   573 D spidev_ioctl: gpio status=1)
05-22 07:11:42.254  2981  3177 I SentryImuMcuAngleSender: 179.93105rollDeg
05-22 07:11:42.254  2981  3177 I SentryImuMcuAngleSender: 1,0,0
05-22 07:11:42.255   291  1135 D EvsDriver: doneWithFrame
05-22 07:11:42.256   573   573 I SpiService: fgesysctrl_getGPIO_status success val=1
05-22 07:11:42.257   964  1804 D [OMXB]  : usingANWBuffer: handle:0xebd40220, format:1, w:1920, h:1080
05-22 06:30:15.999   573   573 D spi_rst_gpio_get_output: GPIO 145 value: 1
05-22 06:30:15.999   573   573 D spidev_ioctl: gpio status=1)
05-22 07:11:42.258   558  1606 I gps_hdbd: Received: '$GNINS,1,1,TYPE,I,V,231142.000,370200,FUS,-9,0,0,0,MOT,V,1,PATT,0.00,0.00,0.00,VEL,0.000,0.000,0.000,POS,39.9999846247,115.9999771395,108.489,IIA,1,0.00,0.00,0.00,BGA,0.44,-0.52,-1.01,0.000,0.000,0.000,IGA,0,0,-1,0,-1,99,VG,16c2ff1*2E
'
05-22 07:11:42.261   573   573 I SpiService: fgesysctrl_getGPIO_status success val=0
05-22 06:30:16.004   573   573 D spi_rst_gpio_get_output: GPIO 145 value: 0
05-22 06:30:16.004   573   573 D spidev_ioctl: gpio status=0)
05-22 07:11:42.270   558  1606 I gps_hdbd: Received: '$GNINS,CARSPEED,ADR_STATUS,0,Pulse_count,0,1,0,0,370200,3702,0.000,0.000,0.000*06
'
05-22 07:11:42.270   558  1606 I gps_hdbd: Received: '$GNTXT,04,01,04,INS,V,1,,,,FLG,1,000000,1,0,1,0,0,Con,0*71
'
05-22 07:11:42.274  2981  3177 I SentryImuMcuAngleSender: 179.93105rollDeg
05-22 07:11:42.274  2981  3177 I SentryImuMcuAngleSender: 1,0,0
05-22 07:11:42.275   573   573 I SpiService: fgesysctrl_getGPIO_status success val=1
05-22 07:11:42.275   558  1606 I gps_hdbd: Received: '$GNTXT,INSTALL,0.00,0.00,0.00,0.00,0.00,0.00,0*20
'
05-22 06:30:16.018   573   573 D spi_rst_gpio_get_output: GPIO 145 value: 1
05-22 06:30:16.018   573   573 D spidev_ioctl: gpio status=1)
05-22 07:11:42.278   544   544 D commservice260303: msg.id = 1028,0
05-22 07:11:42.278   544   544 D commservice260303: i = 170, msgid = 8A000404
05-22 07:11:42.278   544   544 D commservice260303: msgid = -1979710460,did=138
05-22 07:11:42.278   544   544 D commservice260303: CommProtocolLibCmdBaseI2C::dataproc {"command":{"id":"imu_status","sub":""},"content":{"TimeStamp":1779405102277,"FrameCounter":8859,"GD_X":-0.008933032862842083,"GD_Y":0.007405876647680998,"GD_Z":0.01756177842617035,"AD_X":-0.003162398934364319,"AD_Y":-2.698330208659172E-4,"AD_Z":-0.3321352005004883,"TempDsp":0,"Status":0,"CalibState":1,"SigAmpInvalid":0}},-1979710460
05-22 07:11:42.278   544   544 D commservice260303: send2Cluster len:323, 7B22636F6D6D616E64223A7B226964223A22696D755F737461747573222C22737562223A22227D2C22636F6E74656E74223A7B2254696D655374616D70223A313737393430353130323237372C224672616D65436F756E746572223A383835392C2247445F58223A2D302E3030383933333033323836323834323038332C2247445F59223A302E3030373430353837363634373638303939382C2247445F5A223A302E30313735363137373834323631373033352C2241445F58223A2D302E3030333136323339383933343336343331392C2241445F59223A2D322E363938333330323038363539313732452D342C2241445F5A223A2D302E333332313335323030353030343838332C2254656D70447370223A302C22537461747573223A302C2243616C69625374617465223A312C22536967416D70496E76616C6964223A307D7D, 138 
05-22 07:11:42.278   544   544 D commservice260303: Push Message into SendPool fn=1612906496
05-22 07:11:42.278   544   544 D commservice260303: ComProtocolLibSend2Cluster::send2ClusterRaw fn=1612906496 , len=339
05-22 07:11:42.278   544   544 D commservice260303: sendCmdToPort :339!!!
05-22 07:11:42.278   544   544 D commservice260303: send Cmd To Port ++++5AA5014F8A01000023606A0F912E7B22636F6D6D616E64223A7B226964223A22696D755F737461747573222C22737562223A22227D2C22636F6E74656E74223A7B2254696D655374616D70223A313737393430353130323237372C224672616D65436F756E746572223A383835392C2247445F58223A2D302E3030383933333033323836323834323038332C2247445F59223A302E3030373430353837363634373638303939382C2247445F5A223A302E30313735363137373834323631373033352C2241445F58223A2D302E3030333136323339383933343336343331392C2241445F59223A2D322E363938333330323038363539313732452D342C2241445F5A223A2D302E333332313335323030353030343838332C2254656D70447370223A302C22537461747573223A302C2243616C69625374617465223A312C22536967416D70496E76616C6964223A307D7D0EAB
05-22 07:11:42.278   544   544 D commservice260303: bufferevent_write retrun value = 0
05-22 07:11:42.278   544   567 D commservice260303: client datas send succeed,send finish
05-22 07:11:42.278  2981  3178 D Sentinelmode_1.2.5.13_alpha: <SentryImuClusterFgeSender>imu_status sent to Linux, frame=8859, tsNs=387223, tsMs=1779405102277, intervalMs=40, ad=(-0.003162399,-2.6983302E-4,-0.3321352), gd=(-0.008933033,0.0074058766,0.017561778)
05-22 07:11:42.280   573   573 I SpiService: fgesysctrl_getGPIO_status success val=1
05-22 06:30:16.023   573   573 D spi_rst_gpio_get_output: GPIO 145 value: 1
05-22 06:30:16.023   573   573 D spidev_ioctl: gpio status=1)
05-22 07:11:42.285   573   573 I SpiService: fgesysctrl_getGPIO_status success val=1
05-22 06:30:16.029   573   573 D spi_rst_gpio_get_output: GPIO 145 value: 1
05-22 06:30:16.029   573   573 D spidev_ioctl: gpio status=1)
05-22 07:11:42.286   291  1491 D EvsDriver: forwardFrame
05-22 07:11:42.287   291  1491 D EvsDriver: Delivered 0xb400007b2f47ca30 as id 0
05-22 07:11:42.287  1137  1137 D evsmanagerd: /dev/video4 forwarded the buffer #0 to 0xb4000071fa019690 from 0xb4000071fa01b7d0
05-22 07:11:42.289   565   599 I Sensors : 230 AccelSensor: x:-0.111630,y:0.010980,z:-10.137590
05-22 07:11:42.291   573   573 I SpiService: fgesysctrl_getGPIO_status success val=1
05-22 07:11:42.291   291  1135 D EvsDriver: doneWithFrame
05-22 07:11:42.293  1026  1026 D MyAppLog: [2026-05-22 07:11:42.293 D tboxap tsp_WorkMachineProc:1086] [Tsp] [tsp_WorkMachineProc]TSP_WORK_LOGIN NOW !!!!
05-22 07:11:42.294   964  1804 D [OMXB]  : usingANWBuffer: handle:0xebd41da0, format:1, w:1920, h:1080
05-22 06:30:16.034   573   573 D spi_rst_gpio_get_output: GPIO 145 value: 1
05-22 06:30:16.034   573   573 D spidev_ioctl: gpio status=1)
05-22 07:11:42.295  2981  3177 I SentryImuMcuAngleSender: 179.93794rollDeg
05-22 07:11:42.295  2981  3177 I SentryImuMcuAngleSender: 1,0,0
05-22 07:11:42.295   544   544 W commservice260303: [FgeComService::getAQConnectStatus:378]
05-22 07:11:42.295   544   544 W commservice260303: [mcuCommFunctionTcp::getAQConnectStatus:406] 1
05-22 07:11:42.295   544   544 W commservice260303: [FgeComService::getAQConnectStatus:380] status:1
05-22 07:11:42.295  2109  2109 E ivicomm_CommManager: getA2lConnectStatus aqConnectStatus:1
05-22 07:11:42.295  2109  2109 D ivicomm_ConnectStateManager: notifyState newState=1curState=1
05-22 07:11:42.296   573   573 I SpiService: fgesysctrl_getGPIO_status success val=1
05-22 06:30:16.039   573   573 D spi_rst_gpio_get_output: GPIO 145 value: 1
05-22 06:30:16.039   573   573 D spidev_ioctl: gpio status=1)
05-22 07:11:42.299   276   300 I rvcservice: t.code = 4, t.value = 0
05-22 07:11:42.301   573   573 I SpiService: fgesysctrl_getGPIO_status success val=0
05-22 06:30:16.045   573   573 D spi_rst_gpio_get_output: GPIO 145 value: 0
05-22 06:30:16.045   573   573 D spidev_ioctl: gpio status=0)
05-22 07:11:42.315   573   573 I SpiService: fgesysctrl_getGPIO_status success val=1
05-22 07:11:42.315  2981  3177 I SentryImuMcuAngleSender: 179.94139rollDeg
05-22 07:11:42.315  2981  3177 I SentryImuMcuAngleSender: 1,0,0
05-22 07:11:42.317   544   544 D commservice260303: msg.id = 1028,1
05-22 06:30:16.058   573   573 D spi_rst_gpio_get_output: GPIO 145 value: 1
05-22 07:11:42.317   544   544 D commservice260303: i = 170, msgid = 8A000404
05-22 07:11:42.317   544   544 D commservice260303: msgid = -1979710460,did=138
05-22 07:11:42.317   544   544 D commservice260303: CommProtocolLibCmdBaseI2C::dataproc {"command":{"id":"imu_status","sub":""},"content":{"TimeStamp":1779405102317,"FrameCounter":8860,"GD_X":-0.00908595696091652,"GD_Y":0.0072539933025836945,"GD_Z":0.017485838383436203,"AD_X":-0.004380322992801666,"AD_Y":-0.0020974017679691315,"AD_Z":-0.3309144973754883,"TempDsp":0,"Status":0,"CalibState":1,"SigAmpInvalid":0}},-1979710460
05-22 06:30:16.058   573   573 D spidev_ioctl: gpio status=1)
05-22 07:11:42.318   544   544 D commservice260303: send2Cluster len:325, 7B22636F6D6D616E64223A7B226964223A22696D755F737461747573222C22737562223A22227D2C22636F6E74656E74223A7B2254696D655374616D70223A313737393430353130323331372C224672616D65436F756E746572223A383836302C2247445F58223A2D302E30303930383539353639363039313635322C2247445F59223A302E303037323533393933333032353833363934352C2247445F5A223A302E3031373438353833383338333433363230332C2241445F58223A2D302E3030343338303332323939323830313636362C2241445F59223A2D302E303032303937343031373637393639313331352C2241445F5A223A2D302E333330393134343937333735343838332C2254656D70447370223A302C22537461747573223A302C2243616C69625374617465223A312C22536967416D70496E76616C6964223A307D7D, 138 
05-22 07:11:42.318   544   544 D commservice260303: Push Message into SendPool fn=1629683712
05-22 07:11:42.318   544   544 D commservice260303: ComProtocolLibSend2Cluster::send2ClusterRaw fn=1629683712 , len=341
05-22 07:11:42.318   544   544 D commservice260303: sendCmdToPort :341!!!
05-22 07:11:42.318   544   544 D commservice260303: send Cmd To Port ++++5AA501518A01000023616A0F912E7B22636F6D6D616E64223A7B226964223A22696D755F737461747573222C22737562223A22227D2C22636F6E74656E74223A7B2254696D655374616D70223A313737393430353130323331372C224672616D65436F756E746572223A383836302C2247445F58223A2D302E30303930383539353639363039313635322C2247445F59223A302E303037323533393933333032353833363934352C2247445F5A223A302E3031373438353833383338333433363230332C2241445F58223A2D302E3030343338303332323939323830313636362C2241445F59223A2D302E303032303937343031373637393639313331352C2241445F5A223A2D302E333330393134343937333735343838332C2254656D70447370223A302C22537461747573223A302C2243616C69625374617465223A312C22536967416D70496E76616C6964223A307D7D0E41
05-22 07:11:42.318   544   544 D commservice260303: bufferevent_write retrun value = 0
05-22 07:11:42.318   544   567 D commservice260303: client datas send succeed,send finish
05-22 07:11:42.318  2981  3178 D Sentinelmode_1.2.5.13_alpha: <SentryImuClusterFgeSender>imu_status sent to Linux, frame=8860, tsNs=387289, tsMs=1779405102317, intervalMs=40, ad=(-0.004380323,-0.0020974018,-0.3309145), gd=(-0.009085957,0.0072539933,0.017485838)
05-22 07:11:42.320   291  1491 D EvsDriver: forwardFrame
05-22 07:11:42.320   573   573 I SpiService: fgesysctrl_getGPIO_status success val=1
05-22 07:11:42.321   291  1491 D EvsDriver: Delivered 0xb400007b2f47ca30 as id 0
05-22 07:11:42.321  1137  1137 D evsmanagerd: /dev/video4 forwarded the buffer #0 to 0xb4000071fa019690 from 0xb4000071fa01b7d0
05-22 07:11:42.321   477  1243 I dvr_service_: [myNum:0][onFrameReceived] Received Surface:1 0
05-22 06:30:16.064   573   573 D spi_rst_gpio_get_output: GPIO 145 value: 1
05-22 07:11:42.322   291  1135 D EvsDriver: doneWithFrame
05-22 06:30:16.064   573   573 D spidev_ioctl: gpio status=1)
05-22 07:11:42.325   565   599 I Sensors : 230 GyroSensor: x:-0.008323,y:0.007559,z:0.017333
05-22 07:11:42.326   573   573 I SpiService: fgesysctrl_getGPIO_status success val=1
05-22 06:30:16.069   573   573 D spi_rst_gpio_get_output: GPIO 145 value: 1
05-22 06:30:16.069   573   573 D spidev_ioctl: gpio status=1)
05-22 07:11:42.331   573   573 I SpiService: fgesysctrl_getGPIO_status success val=1
05-22 06:30:16.074   573   573 D spi_rst_gpio_get_output: GPIO 145 value: 1
05-22 06:30:16.074   573   573 D spidev_ioctl: gpio status=1)
05-22 07:11:42.336  2981  3177 I SentryImuMcuAngleSender: 179.94482rollDeg
05-22 07:11:42.336  2981  3177 I SentryImuMcuAngleSender: 1,0,0
05-22 07:11:42.336   573   573 I SpiService: fgesysctrl_getGPIO_status success val=1
05-22 06:30:16.079   573   573 D spi_rst_gpio_get_output: GPIO 145 value: 1
05-22 06:30:16.079   573   573 D spidev_ioctl: gpio status=1)
05-22 07:11:42.341   573   573 I SpiService: fgesysctrl_getGPIO_status success val=0
05-22 06:30:16.085   573   573 D spi_rst_gpio_get_output: GPIO 145 value: 0
05-22 06:30:16.085   573   573 D spidev_ioctl: gpio status=0)
05-22 07:11:42.352   291  1491 D EvsDriver: forwardFrame
05-22 07:11:42.353   291  1491 D EvsDriver: Delivered 0xb400007b2f47ca30 as id 0
05-22 07:11:42.353  1137  1137 D evsmanagerd: /dev/video4 forwarded the buffer #0 to 0xb4000071fa019690 from 0xb4000071fa01b7d0
05-22 07:11:42.355   291  1135 D EvsDriver: doneWithFrame
05-22 07:11:42.355   573   573 I SpiService: fgesysctrl_getGPIO_status success val=1
05-22 07:11:42.356   964  1804 D [OMXB]  : usingANWBuffer: handle:0xebd43710, format:1, w:1920, h:1080
05-22 07:11:42.357  2981  3177 I SentryImuMcuAngleSender: 179.94482rollDeg
05-22 07:11:42.357  2981  3177 I SentryImuMcuAngleSender: 1,0,0
05-22 06:30:16.098   573   573 D spi_rst_gpio_get_output: GPIO 145 value: 1
05-22 06:30:16.098   573   573 D spidev_ioctl: gpio status=1)
05-22 07:11:42.360   573   573 I SpiService: fgesysctrl_getGPIO_status success val=1
05-22 06:30:16.104   573   573 D spi_rst_gpio_get_output: GPIO 145 value: 1
05-22 07:11:42.364   544   544 D commservice260303: msg.id = 1028,0
05-22 06:30:16.104   573   573 D spidev_ioctl: gpio status=1)
05-22 07:11:42.364   544   544 D commservice260303: i = 170, msgid = 8A000404
05-22 07:11:42.364   544   544 D commservice260303: msgid = -1979710460,did=138
05-22 07:11:42.364   544   544 D commservice260303: CommProtocolLibCmdBaseI2C::dataproc {"command":{"id":"imu_status","sub":""},"content":{"TimeStamp":1779405102358,"FrameCounter":8861,"GD_X":-0.009010015055537224,"GD_Y":0.007405876647680998,"GD_Z":0.01717999018728733,"AD_X":-0.004379346966743469,"AD_Y":-0.002702607773244381,"AD_Z":-0.3284788131713867,"TempDsp":0,"Status":0,"CalibState":1,"SigAmpInvalid":0}},-1979710460
05-22 07:11:42.364   544   544 D commservice260303: send2Cluster len:323, 7B22636F6D6D616E64223A7B226964223A22696D755F737461747573222C22737562223A22227D2C22636F6E74656E74223A7B2254696D655374616D70223A313737393430353130323335382C224672616D65436F756E746572223A383836312C2247445F58223A2D302E3030393031303031353035353533373232342C2247445F59223A302E3030373430353837363634373638303939382C2247445F5A223A302E30313731373939393031383732383733332C2241445F58223A2D302E3030343337393334363936363734333436392C2241445F59223A2D302E3030323730323630373737333234343338312C2241445F5A223A2D302E333238343738383133313731333836372C2254656D70447370223A302C22537461747573223A302C2243616C69625374617465223A312C22536967416D70496E76616C6964223A307D7D, 138 
05-22 07:11:42.364   544   544 D commservice260303: Push Message into SendPool fn=1646460928
05-22 07:11:42.364   544   544 D commservice260303: ComProtocolLibSend2Cluster::send2ClusterRaw fn=1646460928 , len=339
05-22 07:11:42.364   544   544 D commservice260303: sendCmdToPort :339!!!
05-22 07:11:42.365   544   544 D commservice260303: send Cmd To Port ++++5AA5014F8A01000023626A0F912E7B22636F6D6D616E64223A7B226964223A22696D755F737461747573222C22737562223A22227D2C22636F6E74656E74223A7B2254696D655374616D70223A313737393430353130323335382C224672616D65436F756E746572223A383836312C2247445F58223A2D302E3030393031303031353035353533373232342C2247445F59223A302E3030373430353837363634373638303939382C2247445F5A223A302E30313731373939393031383732383733332C2241445F58223A2D302E3030343337393334363936363734333436392C2241445F59223A2D302E3030323730323630373737333234343338312C2241445F5A223A2D302E333238343738383133313731333836372C2254656D70447370223A302C22537461747573223A302C2243616C69625374617465223A312C22536967416D70496E76616C6964223A307D7DBB96
05-22 07:11:42.365   544   544 D commservice260303: bufferevent_write retrun value = 0
05-22 07:11:42.365   544   567 D commservice260303: client datas send succeed,send finish
05-22 07:11:42.365  2981  3178 D Sentinelmode_1.2.5.13_alpha: <SentryImuClusterFgeSender>imu_status sent to Linux, frame=8861, tsNs=387325, tsMs=1779405102358, intervalMs=47, ad=(-0.004379347,-0.0027026078,-0.3284788), gd=(-0.009010015,0.0074058766,0.01717999)
05-22 07:11:42.366   573   573 I SpiService: fgesysctrl_getGPIO_status success val=1
05-22 06:30:16.109   573   573 D spi_rst_gpio_get_output: GPIO 145 value: 1
05-22 06:30:16.109   573   573 D spidev_ioctl: gpio status=1)
05-22 07:11:42.371   573   573 I SpiService: fgesysctrl_getGPIO_status success val=1
05-22 06:30:16.114   573   573 D spi_rst_gpio_get_output: GPIO 145 value: 1
05-22 06:30:16.114   573   573 D spidev_ioctl: gpio status=1)
05-22 07:11:42.376   573   573 I SpiService: fgesysctrl_getGPIO_status success val=1
05-22 07:11:42.377  2981  3177 I SentryImuMcuAngleSender: 179.93793rollDeg
05-22 07:11:42.377  2981  3177 I SentryImuMcuAngleSender: 1,0,0
05-22 06:30:16.120   573   573 D spi_rst_gpio_get_output: GPIO 145 value: 1
05-22 06:30:16.120   573   573 D spidev_ioctl: gpio status=1)
05-22 06:30:16.125   573   573 D spi_rst_gpio_get_output: GPIO 145 value: 0
05-22 07:11:42.381   573   573 I SpiService: fgesysctrl_getGPIO_status success val=0
05-22 06:30:16.125   573   573 D spidev_ioctl: gpio status=0)
05-22 07:11:42.385   291  1491 D EvsDriver: forwardFrame
05-22 07:11:42.387   291  1491 D EvsDriver: Delivered 0xb400007b2f47ca30 as id 0
05-22 07:11:42.387  1137  1137 D evsmanagerd: /dev/video4 forwarded the buffer #0 to 0xb4000071fa019690 from 0xb4000071fa01b7d0
05-22 07:11:42.389   291  1135 D EvsDriver: doneWithFrame
05-22 07:11:42.391   964  1804 D [OMXB]  : usingANWBuffer: handle:0xebd449a0, format:1, w:1920, h:1080
05-22 07:11:42.395   573   573 I SpiService: fgesysctrl_getGPIO_status success val=1
05-22 07:11:42.397  2981  3177 I SentryImuMcuAngleSender: 179.9276rollDeg
05-22 07:11:42.397  2981  3177 I SentryImuMcuAngleSender: 1,0,0
05-22 06:30:16.139   573   573 D spi_rst_gpio_get_output: GPIO 145 value: 1
05-22 06:30:16.139   573   573 D spidev_ioctl: gpio status=1)
05-22 07:11:42.399   544   544 D commservice260303: msg.id = 1028,1
05-22 07:11:42.399   544   544 D commservice260303: i = 170, msgid = 8A000404
05-22 07:11:42.399   544   544 D commservice260303: msgid = -1979710460,did=138
05-22 07:11:42.399   544   544 D commservice260303: CommProtocolLibCmdBaseI2C::dataproc {"command":{"id":"imu_status","sub":""},"content":{"TimeStamp":1779405102399,"FrameCounter":8862,"GD_X":-0.008704167790710926,"GD_Y":0.007788185961544514,"GD_Z":0.017867106944322586,"AD_X":-0.006812334060668945,"AD_Y":3.475211560726166E-4,"AD_Z":-0.3303098678588867,"TempDsp":0,"Status":0,"CalibState":1,"SigAmpInvalid":0}},-1979710460
05-22 07:11:42.400   276   300 I rvcservice: t.code = 3, t.value = 0
05-22 07:11:42.400   544   544 D commservice260303: send2Cluster len:323, 7B22636F6D6D616E64223A7B226964223A22696D755F737461747573222C22737562223A22227D2C22636F6E74656E74223A7B2254696D655374616D70223A313737393430353130323339392C224672616D65436F756E746572223A383836322C2247445F58223A2D302E3030383730343136373739303731303932362C2247445F59223A302E3030373738383138353936313534343531342C2247445F5A223A302E3031373836373130363934343332323538362C2241445F58223A2D302E3030363831323333343036303636383934352C2241445F59223A332E343735323131353630373236313636452D342C2241445F5A223A2D302E333330333039383637383538383836372C2254656D70447370223A302C22537461747573223A302C2243616C69625374617465223A312C22536967416D70496E76616C6964223A307D7D, 138 
05-22 07:11:42.400   544   544 D commservice260303: Push Message into SendPool fn=1663238144
05-22 07:11:42.400   544   544 D commservice260303: ComProtocolLibSend2Cluster::send2ClusterRaw fn=1663238144 , len=339
05-22 07:11:42.400   544   544 D commservice260303: sendCmdToPort :339!!!
05-22 07:11:42.400   544   544 D commservice260303: send Cmd To Port ++++5AA5014F8A01000023636A0F912E7B22636F6D6D616E64223A7B226964223A22696D755F737461747573222C22737562223A22227D2C22636F6E74656E74223A7B2254696D655374616D70223A313737393430353130323339392C224672616D65436F756E746572223A383836322C2247445F58223A2D302E3030383730343136373739303731303932362C2247445F59223A302E3030373738383138353936313534343531342C2247445F5A223A302E3031373836373130363934343332323538362C2241445F58223A2D302E3030363831323333343036303636383934352C2241445F59223A332E343735323131353630373236313636452D342C2241445F5A223A2D302E333330333039383637383538383836372C2254656D70447370223A302C22537461747573223A302C2243616C69625374617465223A312C22536967416D70496E76616C6964223A307D7DCAA0
05-22 07:11:42.400   544   544 D commservice260303: bufferevent_write retrun value = 0
05-22 07:11:42.400   544   567 D commservice260303: client datas send succeed,send finish
05-22 07:11:42.400  2981  3178 D Sentinelmode_1.2.5.13_alpha: <SentryImuClusterFgeSender>imu_status sent to Linux, frame=8862, tsNs=387379, tsMs=1779405102399, intervalMs=35, ad=(-0.006812334,3.4752116E-4,-0.33030987), gd=(-0.008704168,0.007788186,0.017867107)
05-22 07:11:42.401   573   573 I SpiService: fgesysctrl_getGPIO_status success val=1
05-22 06:30:16.144   573   573 D spi_rst_gpio_get_output: GPIO 145 value: 1
05-22 06:30:16.144   573   573 D spidev_ioctl: gpio status=1)
05-22 07:11:42.406   573   573 I SpiService: fgesysctrl_getGPIO_status success val=1
05-22 06:30:16.150   573   573 D spi_rst_gpio_get_output: GPIO 145 value: 1
05-22 06:30:16.150   573   573 D spidev_ioctl: gpio status=1)
05-22 07:11:42.411   573   573 I SpiService: fgesysctrl_getGPIO_status success val=1
05-22 06:30:16.155   573   573 D spi_rst_gpio_get_output: GPIO 145 value: 1
05-22 06:30:16.155   573   573 D spidev_ioctl: gpio status=1)
05-22 07:11:42.417   573   573 I SpiService: fgesysctrl_getGPIO_status success val=1
05-22 06:30:16.160   573   573 D spi_rst_gpio_get_output: GPIO 145 value: 1
05-22 06:30:16.160   573   573 D spidev_ioctl: gpio status=1)
05-22 07:11:42.419  2981  3177 I SentryImuMcuAngleSender: 179.93105rollDeg
05-22 07:11:42.419  2981  3177 I SentryImuMcuAngleSender: 1,0,0
05-22 07:11:42.420   291  1491 D EvsDriver: forwardFrame
05-22 07:11:42.421   291  1491 D EvsDriver: Delivered 0xb400007b2f47ca30 as id 0
05-22 07:11:42.421  1137  1137 D evsmanagerd: /dev/video4 forwarded the buffer #0 to 0xb4000071fa019690 from 0xb4000071fa01b7d0
05-22 07:11:42.421   291  1135 D EvsDriver: doneWithFrame
05-22 07:11:42.422   573   573 I SpiService: fgesysctrl_getGPIO_status success val=0
05-22 06:30:16.165   573   573 D spi_rst_gpio_get_output: GPIO 145 value: 0
05-22 06:30:16.165   573   573 D spidev_ioctl: gpio status=0)
05-22 07:11:42.429  2203  2203 I ADAYO_LOG_: handleMessage(UsbFunc.java:352)copyQnx = 2
05-22 07:11:42.430  2203  2203 I ADAYO_LOG_: handleMessage(UsbFunc.java:404)copyState = 2
05-22 07:11:42.436   573   573 I SpiService: fgesysctrl_getGPIO_status success val=1
05-22 06:30:16.179   573   573 D spi_rst_gpio_get_output: GPIO 145 value: 1
05-22 06:30:16.179   573   573 D spidev_ioctl: gpio status=1)
05-22 07:11:42.440  2981  3177 I SentryImuMcuAngleSender: 179.93796rollDeg
05-22 07:11:42.440  2981  3177 I SentryImuMcuAngleSender: 1,0,0
05-22 07:11:42.440   544   544 D commservice260303: msg.id = 1028,0
05-22 07:11:42.440   544   544 D commservice260303: i = 170, msgid = 8A000404
05-22 07:11:42.440   544   544 D commservice260303: msgid = -1979710460,did=138
05-22 07:11:42.440   544   544 D commservice260303: CommProtocolLibCmdBaseI2C::dataproc {"command":{"id":"imu_status","sub":""},"content":{"TimeStamp":1779405102439,"FrameCounter":8863,"GD_X":-0.00969713181257248,"GD_Y":0.007788185961544514,"GD_Z":0.01763824187219143,"AD_X":-0.005590595304965973,"AD_Y":-0.0014804434031248093,"AD_Z":-0.3333587646484375,"TempDsp":0,"Status":0,"CalibState":1,"SigAmpInvalid":0}},-1979710460
05-22 07:11:42.440   544   544 D commservice260303: send2Cluster len:323, 7B22636F6D6D616E64223A7B226964223A22696D755F737461747573222C22737562223A22227D2C22636F6E74656E74223A7B2254696D655374616D70223A313737393430353130323433392C224672616D65436F756E746572223A383836332C2247445F58223A2D302E30303936393731333138313235373234382C2247445F59223A302E3030373738383138353936313534343531342C2247445F5A223A302E30313736333832343138373231393134332C2241445F58223A2D302E3030353539303539353330343936353937332C2241445F59223A2D302E303031343830343433343033313234383039332C2241445F5A223A2D302E333333333538373634363438343337352C2254656D70447370223A302C22537461747573223A302C2243616C69625374617465223A312C22536967416D70496E76616C6964223A307D7D, 138 
05-22 07:11:42.440   544   544 D commservice260303: Push Message into SendPool fn=1680015360
05-22 07:11:42.440   544   544 D commservice260303: ComProtocolLibSend2Cluster::send2ClusterRaw fn=1680015360 , len=339
05-22 07:11:42.440   544   544 D commservice260303: sendCmdToPort :339!!!
05-22 07:11:42.440   544   544 D commservice260303: send Cmd To Port ++++5AA5014F8A01000023646A0F912E7B22636F6D6D616E64223A7B226964223A22696D755F737461747573222C22737562223A22227D2C22636F6E74656E74223A7B2254696D655374616D70223A313737393430353130323433392C224672616D65436F756E746572223A383836332C2247445F58223A2D302E30303936393731333138313235373234382C2247445F59223A302E3030373738383138353936313534343531342C2247445F5A223A302E30313736333832343138373231393134332C2241445F58223A2D302E3030353539303539353330343936353937332C2241445F59223A2D302E303031343830343433343033313234383039332C2241445F5A223A2D302E333333333538373634363438343337352C2254656D70447370223A302C22537461747573223A302C2243616C69625374617465223A312C22536967416D70496E76616C6964223A307D7D8196
