05-22 07:11:43.088   544   544 D commservice260303: send Cmd To Port ++++5AA501508A01000023746A0F912F7B22636F6D6D616E64223A7B226964223A22696D755F737461747573222C22737562223A22227D2C22636F6E74656E74223A7B2254696D655374616D70223A313737393430353130333038382C224672616D65436F756E746572223A383837392C2247445F58223A2D302E3030383835373039303935373436323738382C2247445F59223A302E3030373633343734323138353437333434322C2247445F5A223A302E3031373934343038383230353639353135322C2241445F58223A2D302E3030363739313730333430323939363036332C2241445F59223A2D302E3030313435323835393439313130393834382C2241445F5A223A2D302E333332313339393638383732303730332C2254656D70447370223A302C22537461747573223A302C2243616C69625374617465223A312C22536967416D70496E76616C6964223A307D7D8A71
05-22 07:11:43.088   544   544 D commservice260303: bufferevent_write retrun value = 0
05-22 07:11:43.088   544   567 D commservice260303: client datas send succeed,send finish
05-22 07:11:43.088  2981  3178 D Sentinelmode_1.2.5.13_alpha: <SentryImuClusterFgeSender>imu_status sent to Linux, frame=8879, tsNs=388060, tsMs=1779405103088, intervalMs=40, ad=(-0.0067917034,-0.0014528595,-0.33213997), gd=(-0.008857091,0.007634742,0.017944088)
05-22 06:30:16.830   573   573 D spi_rst_gpio_get_output: GPIO 145 value: 0
05-22 06:30:16.830   573   573 D spidev_ioctl: gpio status=0)
05-22 07:11:43.092   291  1491 D EvsDriver: forwardFrame
05-22 07:11:43.092   291  1491 D EvsDriver: Delivered 0xb400007b2f47ca30 as id 0
05-22 07:11:43.092  1137  1137 D evsmanagerd: /dev/video4 forwarded the buffer #0 to 0xb4000071fa019690 from 0xb4000071fa01b7d0
05-22 07:11:43.096   291  1135 D EvsDriver: doneWithFrame
05-22 07:11:43.097  1026  1026 D MyAppLog: [2026-05-22 07:11:43.096 D tboxap tsp_WorkMachineProc:1086] [Tsp] [tsp_WorkMachineProc]TSP_WORK_LOGIN NOW !!!!
05-22 07:11:43.099   964  1804 D [OMXB]  : usingANWBuffer: handle:0xebd43870, format:1, w:1920, h:1080
05-22 07:11:43.101   276   300 I rvcservice: t.code = 3, t.value = 0
05-22 07:11:43.101   573   573 I SpiService: fgesysctrl_getGPIO_status success val=1
05-22 06:30:16.844   573   573 D spi_rst_gpio_get_output: GPIO 145 value: 1
05-22 06:30:16.844   573   573 D spidev_ioctl: gpio status=1)
05-22 07:11:43.106   573   573 I SpiService: fgesysctrl_getGPIO_status success val=1
05-22 07:11:43.108  2981  3177 I SentryImuMcuAngleSender: 179.94484rollDeg
05-22 07:11:43.108  2981  3177 I SentryImuMcuAngleSender: 1,0,0
05-22 06:30:16.849   573   573 D spi_rst_gpio_get_output: GPIO 145 value: 1
05-22 06:30:16.849   573   573 D spidev_ioctl: gpio status=1)
05-22 07:11:43.111   573   573 I SpiService: fgesysctrl_getGPIO_status success val=1
05-22 06:30:16.855   573   573 D spi_rst_gpio_get_output: GPIO 145 value: 1
05-22 06:30:16.855   573   573 D spidev_ioctl: gpio status=1)
05-22 07:11:43.114   565   565 I Sensors : 230 GyroSensor: x:-0.009773,y:0.008246,z:0.017638
05-22 07:11:43.117   573   573 I SpiService: fgesysctrl_getGPIO_status success val=1
05-22 06:30:16.860   573   573 D spi_rst_gpio_get_output: GPIO 145 value: 1
05-22 06:30:16.860   573   573 D spidev_ioctl: gpio status=1)
05-22 07:11:43.122   573   573 I SpiService: fgesysctrl_getGPIO_status success val=1
05-22 07:11:43.124   291  1491 D EvsDriver: forwardFrame
05-22 07:11:43.125   291  1491 D EvsDriver: Delivered 0xb400007b2f47ca30 as id 0
05-22 06:30:16.865   573   573 D spi_rst_gpio_get_output: GPIO 145 value: 1
05-22 07:11:43.125  1137  1137 D evsmanagerd: /dev/video4 forwarded the buffer #0 to 0xb4000071fa019690 from 0xb4000071fa01b7d0
05-22 06:30:16.865   573   573 D spidev_ioctl: gpio status=1)
05-22 07:11:43.126   291  1135 D EvsDriver: doneWithFrame
05-22 07:11:43.127   573   573 I SpiService: fgesysctrl_getGPIO_status success val=0
05-22 07:11:43.129  2981  3177 I SentryImuMcuAngleSender: 179.94484rollDeg
05-22 07:11:43.129   544   544 D commservice260303: msg.id = 1028,0
05-22 07:11:43.129   544   544 D commservice260303: i = 170, msgid = 8A000404
05-22 07:11:43.129   544   544 D commservice260303: msgid = -1979710460,did=138
05-22 07:11:43.129  2981  3177 I SentryImuMcuAngleSender: 1,0,0
05-22 07:11:43.129   544   544 D commservice260303: CommProtocolLibCmdBaseI2C::dataproc {"command":{"id":"imu_status","sub":""},"content":{"TimeStamp":1779405103128,"FrameCounter":8880,"GD_X":-0.0097730727866292,"GD_Y":0.008245917037129402,"GD_Z":0.01763824187219143,"AD_X":-0.005569241940975189,"AD_Y":-0.0026683704927563667,"AD_Z":-0.3333587646484375,"TempDsp":0,"Status":0,"CalibState":1,"SigAmpInvalid":0}},-1979710460
05-22 07:11:43.129   544   544 D commservice260303: send2Cluster len:322, 7B22636F6D6D616E64223A7B226964223A22696D755F737461747573222C22737562223A22227D2C22636F6E74656E74223A7B2254696D655374616D70223A313737393430353130333132382C224672616D65436F756E746572223A383838302C2247445F58223A2D302E303039373733303732373836363239322C2247445F59223A302E3030383234353931373033373132393430322C2247445F5A223A302E30313736333832343138373231393134332C2241445F58223A2D302E3030353536393234313934303937353138392C2241445F59223A2D302E303032363638333730343932373536333636372C2241445F5A223A2D302E333333333538373634363438343337352C2254656D70447370223A302C22537461747573223A302C2243616C69625374617465223A312C22536967416D70496E76616C6964223A307D7D, 138 
05-22 07:11:43.129   544   544 D commservice260303: Push Message into SendPool fn=1965228032
05-22 07:11:43.129   544   544 D commservice260303: ComProtocolLibSend2Cluster::send2ClusterRaw fn=1965228032 , len=338
05-22 07:11:43.129   544   544 D commservice260303: sendCmdToPort :338!!!
05-22 07:11:43.129   544   544 D commservice260303: send Cmd To Port ++++5AA5014E8A01000023756A0F912F7B22636F6D6D616E64223A7B226964223A22696D755F737461747573222C22737562223A22227D2C22636F6E74656E74223A7B2254696D655374616D70223A313737393430353130333132382C224672616D65436F756E746572223A383838302C2247445F58223A2D302E303039373733303732373836363239322C2247445F59223A302E3030383234353931373033373132393430322C2247445F5A223A302E30313736333832343138373231393134332C2241445F58223A2D302E3030353536393234313934303937353138392C2241445F59223A2D302E303032363638333730343932373536333636372C2241445F5A223A2D302E333333333538373634363438343337352C2254656D70447370223A302C22537461747573223A302C2243616C69625374617465223A312C22536967416D70496E76616C6964223A307D7DEA76
05-22 07:11:43.129   544   544 D commservice260303: bufferevent_write retrun value = 0
05-22 07:11:43.129  2981  3178 D Sentinelmode_1.2.5.13_alpha: <SentryImuClusterFgeSender>imu_status sent to Linux, frame=8880, tsNs=388096, tsMs=1779405103128, intervalMs=41, ad=(-0.005569242,-0.0026683705,-0.33335876), gd=(-0.009773073,0.008245917,0.017638242)
05-22 06:30:16.871   573   573 D spi_rst_gpio_get_output: GPIO 145 value: 0
05-22 06:30:16.871   573   573 D spidev_ioctl: gpio status=0)
05-22 07:11:43.131   544   567 D commservice260303: client datas send succeed,send finish
05-22 07:11:43.138   737  1338 D InputReader: syncTouch: pointerCount 0 -> 1, touching ids 0x00000000 -> 0x80000000, hovering ids 0x00000000 -> 0x00000000, canceled ids 0x00000000
05-22 07:11:43.138   737  1338 D InputReader: dispatchTouches action DOWN now(ns): 388120391490
05-22 07:11:43.138   737  1338 D InputReader: notifyMotion call dispatcher
--------- beginning of radio
05-22 07:11:43.138   647   707 D UniTelDemo: input code = 330, value = 1
05-22 07:11:43.138   737  1337 I input_interaction: Interaction with: e3b32db NavigationBar (server), [Gesture Monitor] CustomGesture-touch (server), PointerEventDispatcher0 (server), 
05-22 07:11:43.138   737   761 D VelocityTracker: VelocityTracker: addMovement eventTime=388120211000, idBits=0x80000000, activePointerId=0
05-22 07:11:43.138   737   761 D VelocityTracker:   0: position (807.369, 675.062), estimator (degree=0, xCoeff=[ 807.369263 ], yCoeff=[ 675.062439 ], confidence=1.000000)
05-22 07:11:43.139   737   761 D VelocityTracker: VelocityTracker: addMovement eventTime=388120211000, idBits=0x80000000, activePointerId=0
05-22 07:11:43.139   737   761 D VelocityTracker:   0: position (807.369, 675.062), estimator (degree=0, xCoeff=[ 807.369263 ], yCoeff=[ 675.062439 ], confidence=1.000000)
05-22 07:11:43.139   737   761 D VelocityTracker: VelocityTracker: addMovement eventTime=388120211000, idBits=0x80000000, activePointerId=0
05-22 07:11:43.139   737   761 D VelocityTracker:   0: position (807.369, 675.062), estimator (degree=0, xCoeff=[ 807.369263 ], yCoeff=[ 675.062439 ], confidence=1.000000)
05-22 07:11:43.140  1026  1026 D MyAppLog: [2026-05-22 07:11:43.139 D tboxap gpsMcuDataAnalyze:471] [Gps] [gpsMcuDataAnalyze]:$GNRMC,231142.000,V,,,,,,,210526,120.0,E,N,V*44
05-22 07:11:43.140  1026  1026 D MyAppLog: 
05-22 07:11:43.140  1026  1026 D MyAppLog: [2026-05-22 07:11:43.139 D tboxap gpsMcuDataAnalyze:556] [Gps] stGps.stat:0, latitude:0 , longtitude:0,sped:0,direction:0
05-22 07:11:43.141   573   573 I SpiService: fgesysctrl_getGPIO_status success val=1
05-22 06:30:16.884   573   573 D spi_rst_gpio_get_output: GPIO 145 value: 1
05-22 06:30:16.884   573   573 D spidev_ioctl: gpio status=1)
05-22 07:11:43.142   486   580 I mcuc    : rev,n=1,6AA68107A9000A890063010409141234561B
05-22 07:11:43.142  1091  1116 I tboxmids_ap: [2026-05-22 07:11:43.142] [MCU RX] src=MCU dst=ZMQ len=10 type=BINARY data=00 08 63 01 04 09 14 12 34 56 
05-22 07:11:43.142   344   361 D automotive.vehicle@2.0-adayo-datacomm-mcu: MCUDatacomm sendMessageFromVehicle prop: 0x89, areaId: 0x0, status: 0x63, timestamp: 0x1
05-22 07:11:43.142   344   361 D automotive.vehicle@2.0-adayo-datacomm-mcu: MCUDatacomm 1sendMessageFromVehicle ---> type = 12 
05-22 07:11:43.143  1026  1026 I MyAppLog: [2026-05-22 07:11:43.143 I tboxap mcuCommTboxmidsRecvCb:96] [Mcu] [mcuCommTboxmidsRecvCb] recv from tboxmids, size:10
05-22 07:11:43.143  1026  1026 I MyAppLog: [2026-05-22 07:11:43.143 I tboxap mcuCommTboxmidsRecvCb:97] [Mcu] [tboxmids -> tboxap]: :00 08 63 01 04 09 14 12 34 56
05-22 07:11:43.143  1026  1026 W MyAppLog: [2026-05-22 07:11:43.143 W tboxap mcuYadiFrameParse:831] [Mcu] [mcuYadiFrameParse] cmd:0914(MCU_SEC_BATT2_DYNAMIC_IND) payload too short:5 < 36
05-22 07:11:43.143  1026  1026 W MyAppLog: [2026-05-22 07:11:43.143 W tboxap mcuPtlParseData:961] [Mcu] [mcuPtlParseData] invalid yadi frame, len:10
05-22 07:11:43.146   573   573 I SpiService: fgesysctrl_getGPIO_status success val=1
05-22 07:11:43.149  2981  3177 I SentryImuMcuAngleSender: 179.93796rollDeg
05-22 06:30:16.889     0     0 W         : c6 [    C6] Irq_monitor:Irq                                           IPI[1]occur        7968 times interval 1020 ms
05-22 07:11:43.150  2981  3177 I SentryImuMcuAngleSender: 1,0,0
05-22 06:30:16.890   573   573 D spi_rst_gpio_get_output: GPIO 145 value: 1
05-22 06:30:16.890   573   573 D spidev_ioctl: gpio status=1)
05-22 07:11:43.151   291  1491 D EvsDriver: forwardFrame
05-22 07:11:43.151   573   573 I SpiService: fgesysctrl_getGPIO_status success val=1
05-22 07:11:43.152   291  1491 D EvsDriver: Delivered 0xb400007b2f47ca30 as id 0
05-22 07:11:43.152  1137  1137 D evsmanagerd: /dev/video4 forwarded the buffer #0 to 0xb4000071fa019690 from 0xb4000071fa01b7d0
05-22 06:30:16.895   573   573 D spi_rst_gpio_get_output: GPIO 145 value: 1
05-22 06:30:16.895   573   573 D spidev_ioctl: gpio status=1)
05-22 07:11:43.154   291  1135 D EvsDriver: doneWithFrame
05-22 07:11:43.151   477   477 I auditd  : type=1400 audit(0.0:2901): avc: denied { call } for comm="CameraHelper" scontext=u:r:adayo_dvr_service:s0 tcontext=u:r:mediacodec:s0 tclass=binder permissive=1
05-22 07:11:43.151   477   477 I CameraHelper: type=1400 audit(0.0:2901): avc: denied { call } for scontext=u:r:adayo_dvr_service:s0 tcontext=u:r:mediacodec:s0 tclass=binder permissive=1
05-22 06:30:16.900   573   573 D spi_rst_gpio_get_output: GPIO 145 value: 1
05-22 06:30:16.900   573   573 D spidev_ioctl: gpio status=1)
05-22 07:11:43.157   573   573 I SpiService: fgesysctrl_getGPIO_status success val=1
05-22 07:11:43.162   573   573 I SpiService: fgesysctrl_getGPIO_status success val=1
05-22 06:30:16.906   573   573 D spi_rst_gpio_get_output: GPIO 145 value: 1
05-22 06:30:16.906   573   573 D spidev_ioctl: gpio status=1)
05-22 07:11:43.168   573   573 I SpiService: fgesysctrl_getGPIO_status success val=0
05-22 07:11:43.168   486   579 I mcuc    : send SPI:6AA60207A900028900C3
05-22 07:11:43.169   544   544 D commservice260303: msg.id = 1028,0
05-22 07:11:43.169   544   544 D commservice260303: i = 170, msgid = 8A000404
05-22 07:11:43.169   544   544 D commservice260303: msgid = -1979710460,did=138
05-22 07:11:43.169   544   544 D commservice260303: CommProtocolLibCmdBaseI2C::dataproc {"command":{"id":"imu_status","sub":""},"content":{"TimeStamp":1779405103168,"FrameCounter":8881,"GD_X":-0.008474782109260559,"GD_Y":0.008322898298501968,"GD_Z":0.017944088205695152,"AD_X":-0.005566857755184174,"AD_Y":-0.001446763053536415,"AD_Z":-0.3333587646484375,"TempDsp":0,"Status":0,"CalibState":1,"SigAmpInvalid":0}},-1979710460
05-22 07:11:43.169   544   544 D commservice260303: send2Cluster len:324, 7B22636F6D6D616E64223A7B226964223A22696D755F737461747573222C22737562223A22227D2C22636F6E74656E74223A7B2254696D655374616D70223A313737393430353130333136382C224672616D65436F756E746572223A383838312C2247445F58223A2D302E3030383437343738323130393236303535392C2247445F59223A302E3030383332323839383239383530313936382C2247445F5A223A302E3031373934343038383230353639353135322C2241445F58223A2D302E3030353536363835373735353138343137342C2241445F59223A2D302E3030313434363736333035333533363431352C2241445F5A223A2D302E333333333538373634363438343337352C2254656D70447370223A302C22537461747573223A302C2243616C69625374617465223A312C22536967416D70496E76616C6964223A307D7D, 138 
05-22 07:11:43.169   544   544 D commservice260303: Push Message into SendPool fn=1982005248
05-22 07:11:43.169   544   544 D commservice260303: ComProtocolLibSend2Cluster::send2ClusterRaw fn=1982005248 , len=340
05-22 07:11:43.169   544   544 D commservice260303: sendCmdToPort :340!!!
05-22 07:11:43.169   544   544 D commservice260303: send Cmd To Port ++++5AA501508A01000023766A0F912F7B22636F6D6D616E64223A7B226964223A22696D755F737461747573222C22737562223A22227D2C22636F6E74656E74223A7B2254696D655374616D70223A313737393430353130333136382C224672616D65436F756E746572223A383838312C2247445F58223A2D302E3030383437343738323130393236303535392C2247445F59223A302E3030383332323839383239383530313936382C2247445F5A223A302E3031373934343038383230353639353135322C2241445F58223A2D302E3030353536363835373735353138343137342C2241445F59223A2D302E3030313434363736333035333533363431352C2241445F5A223A2D302E333333333538373634363438343337352C2254656D70447370223A302C22537461747573223A302C2243616C69625374617465223A312C22536967416D70496E76616C6964223A307D7D5ACC
05-22 07:11:43.169   544   544 D commservice260303: bufferevent_write retrun value = 0
05-22 07:11:43.169   544   567 D commservice260303: client datas send succeed,send finish
05-22 06:30:16.911   573   573 D spi_rst_gpio_get_output: GPIO 145 value: 0
05-22 07:11:43.169  2981  3178 D Sentinelmode_1.2.5.13_alpha: <SentryImuClusterFgeSender>imu_status sent to Linux, frame=8881, tsNs=388132, tsMs=1779405103168, intervalMs=40, ad=(-0.0055668578,-0.001446763,-0.33335876), gd=(-0.008474782,0.008322898,0.017944088)
05-22 06:30:16.911   573   573 D spidev_ioctl: gpio status=0)
05-22 07:11:43.170  2981  3177 I SentryImuMcuAngleSender: 179.94484rollDeg
05-22 07:11:43.170  2981  3177 I SentryImuMcuAngleSender: 1,0,0
05-22 07:11:43.181   573   573 I SpiService: fgesysctrl_getGPIO_status success val=1
05-22 06:30:16.925   573   573 D spi_rst_gpio_get_output: GPIO 145 value: 1
05-22 06:30:16.925   573   573 D spidev_ioctl: gpio status=1)
05-22 07:11:43.185   291  1491 D EvsDriver: forwardFrame
05-22 07:11:43.186   291  1491 D EvsDriver: Delivered 0xb400007b2f47ca30 as id 0
05-22 07:11:43.186  1137  1137 D evsmanagerd: /dev/video4 forwarded the buffer #0 to 0xb4000071fa019690 from 0xb4000071fa01b7d0
05-22 07:11:43.187   573   573 I SpiService: fgesysctrl_getGPIO_status success val=1
05-22 07:11:43.188   291  1135 D EvsDriver: doneWithFrame
05-22 06:30:16.930   573   573 D spi_rst_gpio_get_output: GPIO 145 value: 1
05-22 06:30:16.930   573   573 D spidev_ioctl: gpio status=1)
05-22 07:11:43.190   964  1804 D [OMXB]  : usingANWBuffer: handle:0xebd440b0, format:1, w:1920, h:1080
05-22 07:11:43.191  2981  3177 I SentryImuMcuAngleSender: 179.94485rollDeg
05-22 07:11:43.191  2981  3177 I SentryImuMcuAngleSender: 1,0,0
05-22 07:11:43.192   573   573 I SpiService: fgesysctrl_getGPIO_status success val=1
05-22 06:30:16.935   573   573 D spi_rst_gpio_get_output: GPIO 145 value: 1
05-22 06:30:16.935   573   573 D spidev_ioctl: gpio status=1)
05-22 07:11:43.197   573   573 I SpiService: fgesysctrl_getGPIO_status success val=1
05-22 06:30:16.941   573   573 D spi_rst_gpio_get_output: GPIO 145 value: 1
05-22 06:30:16.941   573   573 D spidev_ioctl: gpio status=1)
05-22 07:11:43.201   276   300 I rvcservice: t.code = 7, t.value = 388043
05-22 07:11:43.203   573   573 I SpiService: fgesysctrl_getGPIO_status success val=1
05-22 07:11:43.203   558  1606 I gps_hdbd: Received: '$GNGGA,231143.000,,,,,0,00,,,M,,M,,*60
'
05-22 07:11:43.204  1026  1026 D MyAppLog: [2026-05-22 07:11:43.204 D tboxap gspDataAnalyze:346] [Gps] rev gps data:$GNGGA,231143.000,,,,,0,00,,,M,,M,,*60
05-22 07:11:43.204  1026  1026 D MyAppLog: [2026-05-22 07:11:43.204 D tboxap gpsCommTboxmidsRecvCb:66] [Gps] [gpsCommTboxmidsRecvCb] gps nmea updated:$GNGGA,231143.000,,,,,0,00,,,M,,M,,*60
05-22 07:11:43.204  1026  1026 D MyAppLog: 
05-22 07:11:43.208   573   573 I SpiService: fgesysctrl_getGPIO_status success val=0
05-22 06:30:16.946   573   573 D spi_rst_gpio_get_output: GPIO 145 value: 1
05-22 06:30:16.946   573   573 D spidev_ioctl: gpio status=1)
05-22 06:30:16.951   573   573 D spi_rst_gpio_get_output: GPIO 145 value: 0
05-22 06:30:16.951   573   573 D spidev_ioctl: gpio status=0)
05-22 07:11:43.209   558  1606 I gps_hdbd: Received: '$GNGSA,A,1,,,,,,,,,,,,,,,,1*1D
'
05-22 07:11:43.209   544   544 D commservice260303: msg.id = 1028,0
05-22 07:11:43.209   544   544 D commservice260303: i = 170, msgid = 8A000404
05-22 07:11:43.209   544   544 D commservice260303: msgid = -1979710460,did=138
05-22 07:11:43.209   544   544 D commservice260303: CommProtocolLibCmdBaseI2C::dataproc {"command":{"id":"imu_status","sub":""},"content":{"TimeStamp":1779405103208,"FrameCounter":8882,"GD_X":-0.00862822588533163,"GD_Y":0.007405876647680998,"GD_Z":0.01756177842617035,"AD_X":-0.0031269267201423645,"AD_Y":-0.0026622842997312546,"AD_Z":-0.3345794677734375,"TempDsp":0,"Status":0,"CalibState":1,"SigAmpInvalid":0}},-1979710460
05-22 07:11:43.209   544   544 D commservice260303: send2Cluster len:324, 7B22636F6D6D616E64223A7B226964223A22696D755F737461747573222C22737562223A22227D2C22636F6E74656E74223A7B2254696D655374616D70223A313737393430353130333230382C224672616D65436F756E746572223A383838322C2247445F58223A2D302E30303836323832323538383533333136332C2247445F59223A302E3030373430353837363634373638303939382C2247445F5A223A302E30313735363137373834323631373033352C2241445F58223A2D302E303033313236393236373230313432333634352C2241445F59223A2D302E303032363632323834323939373331323534362C2241445F5A223A2D302E333334353739343637373733343337352C2254656D70447370223A302C22537461747573223A302C2243616C69625374617465223A312C22536967416D70496E76616C6964223A307D7D, 138 
05-22 07:11:43.210   544   544 D commservice260303: Push Message into SendPool fn=1998782464
05-22 07:11:43.210   544   544 D commservice260303: ComProtocolLibSend2Cluster::send2ClusterRaw fn=1998782464 , len=340
05-22 07:11:43.210   544   544 D commservice260303: sendCmdToPort :340!!!
05-22 07:11:43.210   544   544 D commservice260303: send Cmd To Port ++++5AA501508A01000023776A0F912F7B22636F6D6D616E64223A7B226964223A22696D755F737461747573222C22737562223A22227D2C22636F6E74656E74223A7B2254696D655374616D70223A313737393430353130333230382C224672616D65436F756E746572223A383838322C2247445F58223A2D302E30303836323832323538383533333136332C2247445F59223A302E3030373430353837363634373638303939382C2247445F5A223A302E30313735363137373834323631373033352C2241445F58223A2D302E303033313236393236373230313432333634352C2241445F59223A2D302E303032363632323834323939373331323534362C2241445F5A223A2D302E333334353739343637373733343337352C2254656D70447370223A302C22537461747573223A302C2243616C69625374617465223A312C22536967416D70496E76616C6964223A307D7D8440
05-22 07:11:43.210   544   544 D commservice260303: bufferevent_write retrun value = 0
05-22 07:11:43.210   544   567 D commservice260303: client datas send succeed,send finish
05-22 07:11:43.210  2981  3178 D Sentinelmode_1.2.5.13_alpha: <SentryImuClusterFgeSender>imu_status sent to Linux, frame=8882, tsNs=388168, tsMs=1779405103208, intervalMs=41, ad=(-0.0031269267,-0.0026622843,-0.33457947), gd=(-0.008628226,0.0074058766,0.017561778)
05-22 07:11:43.210  1026  1026 D MyAppLog: [2026-05-22 07:11:43.210 D tboxap gspDataAnalyze:346] [Gps] rev gps data:$GNGSA,A,1,,,,,,,,,,,,,,,,1*1D
05-22 07:11:43.210  1026  1026 D MyAppLog: [2026-05-22 07:11:43.210 D tboxap gpsCommTboxmidsRecvCb:66] [Gps] [gpsCommTboxmidsRecvCb] gps nmea updated:$GNGSA,A,1,,,,,,,,,,,,,,,,1*1D
05-22 07:11:43.210  1026  1026 D MyAppLog: 
05-22 07:11:43.211  2981  3177 I SentryImuMcuAngleSender: 179.94485rollDeg
05-22 07:11:43.211  2981  3177 I SentryImuMcuAngleSender: 1,0,0
05-22 07:11:43.214   558  1606 I gps_hdbd: Received: '$GNGSA,A,1,,,,,,,,,,,,,,,,3*1F
'
05-22 07:11:43.215   558  1606 I gps_hdbd: Received: '$GNGSA,A,1,,,,,,,,,,,,,,,,4*18
'
05-22 07:11:43.215   558  1606 I gps_hdbd: Received: '$BDGSV,1,1,00,1*75
'
05-22 07:11:43.215  1026  1026 D MyAppLog: [2026-05-22 07:11:43.215 D tboxap gspDataAnalyze:346] [Gps] rev gps data:$GNGSA,A,1,,,,,,,,,,,,,,,,3*1F
05-22 07:11:43.216  1026  1026 D MyAppLog: [2026-05-22 07:11:43.215 D tboxap gpsCommTboxmidsRecvCb:66] [Gps] [gpsCommTboxmidsRecvCb] gps nmea updated:$GNGSA,A,1,,,,,,,,,,,,,,,,3*1F
05-22 07:11:43.216  1026  1026 D MyAppLog: 
05-22 07:11:43.216  1026  1026 D MyAppLog: [2026-05-22 07:11:43.215 D tboxap gspDataAnalyze:346] [Gps] rev gps data:$GNGSA,A,1,,,,,,,,,,,,,,,,4*18
05-22 07:11:43.216  1026  1026 D MyAppLog: [2026-05-22 07:11:43.215 D tboxap gpsCommTboxmidsRecvCb:66] [Gps] [gpsCommTboxmidsRecvCb] gps nmea updated:$GNGSA,A,1,,,,,,,,,,,,,,,,4*18
05-22 07:11:43.216  1026  1026 D MyAppLog: 
05-22 07:11:43.216  1026  1026 D MyAppLog: [2026-05-22 07:11:43.216 D tboxap gspDataAnalyze:346] [Gps] rev gps data:$BDGSV,1,1,00,1*75
05-22 07:11:43.216  1026  1026 D MyAppLog: [2026-05-22 07:11:43.216 D tboxap gpsCommTboxmidsRecvCb:66] [Gps] [gpsCommTboxmidsRecvCb] gps nmea updated:$BDGSV,1,1,00,1*75
05-22 07:11:43.216  1026  1026 D MyAppLog: 
05-22 07:11:43.218  2981  2981 I Sentinelmode_1.2.5.13_alpha: <SentinelCarServiceManager>sensorType:291504647
05-22 07:11:43.219   291  1491 D EvsDriver: forwardFrame
05-22 07:11:43.220   291  1491 D EvsDriver: Delivered 0xb400007b2f47ca30 as id 0
05-22 07:11:43.220  1137  1137 D evsmanagerd: /dev/video4 forwarded the buffer #0 to 0xb4000071fa019690 from 0xb4000071fa01b7d0
05-22 07:11:43.220   558  1606 I gps_hdbd: Received: '$GPGSV,1,1,01,199,42,165,,1*60
'
05-22 07:11:43.220   291  1135 D EvsDriver: doneWithFrame
05-22 07:11:43.221   558  1606 I gps_hdbd: Received: '$GAGSV,1,1,00,7*73
'
05-22 07:11:43.221  1026  1026 D MyAppLog: [2026-05-22 07:11:43.221 D tboxap gspDataAnalyze:346] [Gps] rev gps data:$GPGSV,1,1,01,199,42,165,,1*60
05-22 07:11:43.221  1026  1026 D MyAppLog: [2026-05-22 07:11:43.221 D tboxap gpsCommTboxmidsRecvCb:66] [Gps] [gpsCommTboxmidsRecvCb] gps nmea updated:$GPGSV,1,1,01,199,42,165,,1*60
05-22 07:11:43.221  1026  1026 D MyAppLog: 
05-22 07:11:43.221  1026  1026 D MyAppLog: [2026-05-22 07:11:43.221 D tboxap gspDataAnalyze:346] [Gps] rev gps data:$GAGSV,1,1,00,7*73
05-22 07:11:43.221  1026  1026 D MyAppLog: [2026-05-22 07:11:43.221 D tboxap gpsCommTboxmidsRecvCb:66] [Gps] [gpsCommTboxmidsRecvCb] gps nmea updated:$GAGSV,1,1,00,7*73
05-22 07:11:43.221  1026  1026 D MyAppLog: 
05-22 07:11:43.222   573   573 I SpiService: fgesysctrl_getGPIO_status success val=1
05-22 06:30:16.965   573   573 D spi_rst_gpio_get_output: GPIO 145 value: 1
05-22 06:30:16.965   573   573 D spidev_ioctl: gpio status=1)
05-22 07:11:43.227   573   573 I SpiService: fgesysctrl_getGPIO_status success val=1
05-22 06:30:16.971   573   573 D spi_rst_gpio_get_output: GPIO 145 value: 1
05-22 06:30:16.971   573   573 D spidev_ioctl: gpio status=1)
05-22 07:11:43.231  2981  3177 I SentryImuMcuAngleSender: 179.93797rollDeg
05-22 07:11:43.232  2981  3177 I SentryImuMcuAngleSender: 1,0,0
05-22 07:11:43.232   558  1606 I gps_hdbd: Received: '$GNRMC,231143.000,V,,,,,,,210526,120.0,E,N,V*45
'
05-22 07:11:43.232   558  1606 I gps_hdbd: RMC : CALL gnss_sv_status_cb, view_in_sat <1>
05-22 07:11:43.232   558  1606 I gps_hdbd: [reportSvStatus]--->PLATFORM_BSP::Enter
05-22 07:11:43.232   558  1606 I gps_hdbd: hy abnormal deal:hy_cnr30_satellite_cnt=0
05-22 07:11:43.232   558  1606 D gps_hdbd: hy abnormal deal:hy_fixStatus_fail_count=0
05-22 07:11:43.232   558  1606 I gps_hdbd: Received: '$GNZDA,231143.000,21,05,2026,00,00*4E
'
05-22 07:11:43.232  1026  1026 D MyAppLog: [2026-05-22 07:11:43.232 D tboxap gspDataAnalyze:346] [Gps] rev gps data:$GNRMC,231143.000,V,,,,,,,210526,120.0,E,N,V*45
05-22 07:11:43.233  1026  1026 D MyAppLog: [2026-05-22 07:11:43.232 D tboxap Real_GPS_Command_Process:293] [Gps] GPS_INFOR_IF_COMPLETED 0f
05-22 07:11:43.233  1026  1026 D MyAppLog: [2026-05-22 07:11:43.232 D tboxap gpsCommDataCb:143] [Gps] [gpsCommDataCb] datacb
05-22 07:11:43.233   573   573 I SpiService: fgesysctrl_getGPIO_status success val=1
05-22 07:11:43.233  1026  1026 W MyAppLog: [2026-05-22 07:11:43.232 W tboxap gpsSyncGpsInfoToDm:263] [Gps] [gpsSyncGpsInfoToDm] fix=0 mode=49 alt=0.00 sat=0 hdop=0.00 pdop=0.00 vdop=0.00
05-22 07:11:43.233  1026  1026 D MyAppLog: [2026-05-22 07:11:43.232 D tboxap gpsIpcInfoCallBack:161] [Gps] [gpsIpcInfoCallBack] gpsIpcInfoCallBack in
05-22 07:11:43.233  1026  1026 D MyAppLog: [2026-05-22 07:11:43.232 D tboxap gpsIpcInfoCallBack:168] [Gps] [gpsIpcInfoCallBack] gps ipc init gpsIpcInfoCallBack = 0x64d0daa0fc
05-22 07:11:43.233  1026  1026 D MyAppLog: [2026-05-22 07:11:43.232 D tboxap gpsIpcInfoCallBack:176] [Gps] [gpsIpcInfoCallBack] gpsIpcInfoCallBack 44 out
05-22 07:11:43.233  1026  1026 D MyAppLog: [2026-05-22 07:11:43.232 D tboxap gpsCommTboxmidsRecvCb:66] [Gps] [gpsCommTboxmidsRecvCb] gps nmea updated:$GNRMC,231143.000,V,,,,,,,210526,120.0,E,N,V*45
05-22 07:11:43.233  1026  1026 D MyAppLog: 
05-22 07:11:43.233  1026  1026 D MyAppLog: [2026-05-22 07:11:43.232 D tboxap GpsIpcInfoHandler:133] [Gps] [GpsIpcInfoHandler]  time 
05-22 06:30:16.976   573   573 D spi_rst_gpio_get_output: GPIO 145 value: 1
05-22 07:11:43.233  1026  1026 D MyAppLog: [2026-05-22 07:11:43.233 D tboxap gspDataAnalyze:346] [Gps] rev gps data:$GNZDA,231143.000,21,05,2026,00,00*4E
05-22 07:11:43.233  1026  1026 D MyAppLog: [2026-05-22 07:11:43.233 D tboxap gpsCommTboxmidsRecvCb:66] [Gps] [gpsCommTboxmidsRecvCb] gps nmea updated:$GNZDA,231143.000,21,05,2026,00,00*4E
05-22 07:11:43.233  1026  1026 D MyAppLog: 
05-22 06:30:16.976   573   573 D spidev_ioctl: gpio status=1)
05-22 07:11:43.237   558  1606 I gps_hdbd: Received: '$GNGST,231143.000,,,,,,,*51
'
05-22 07:11:43.238   573   573 I SpiService: fgesysctrl_getGPIO_status success val=1
05-22 06:30:16.981   573   573 D spi_rst_gpio_get_output: GPIO 145 value: 1
05-22 06:30:16.981   573   573 D spidev_ioctl: gpio status=1)
05-22 07:11:43.243   573   573 I SpiService: fgesysctrl_getGPIO_status success val=1
05-22 06:30:16.987   573   573 D spi_rst_gpio_get_output: GPIO 145 value: 1
05-22 06:30:16.987   573   573 D spidev_ioctl: gpio status=1)
05-22 07:11:43.249   573   573 I SpiService: fgesysctrl_getGPIO_status success val=0
05-22 07:11:43.249   544   544 D commservice260303: msg.id = 1028,0
05-22 07:11:43.249   544   544 D commservice260303: i = 170, msgid = 8A000404
05-22 07:11:43.249   544   544 D commservice260303: msgid = -1979710460,did=138
05-22 07:11:43.249   544   544 D commservice260303: CommProtocolLibCmdBaseI2C::dataproc {"command":{"id":"imu_status","sub":""},"content":{"TimeStamp":1779405103249,"FrameCounter":8883,"GD_X":-0.009010015055537224,"GD_Y":0.007634742185473442,"GD_Z":0.01779116503894329,"AD_X":-0.005564741790294647,"AD_Y":-0.0014399420469999313,"AD_Z":-0.3351888656616211,"TempDsp":0,"Status":0,"CalibState":1,"SigAmpInvalid":0}},-1979710460
05-22 07:11:43.249   544   544 D commservice260303: send2Cluster len:324, 7B22636F6D6D616E64223A7B226964223A22696D755F737461747573222C22737562223A22227D2C22636F6E74656E74223A7B2254696D655374616D70223A313737393430353130333234392C224672616D65436F756E746572223A383838332C2247445F58223A2D302E3030393031303031353035353533373232342C2247445F59223A302E3030373633343734323138353437333434322C2247445F5A223A302E30313737393131363530333839343332392C2241445F58223A2D302E3030353536343734313739303239343634372C2241445F59223A2D302E303031343339393432303436393939393331332C2241445F5A223A2D302E333335313838383635363631363231312C2254656D70447370223A302C22537461747573223A302C2243616C69625374617465223A312C22536967416D70496E76616C6964223A307D7D, 138 
05-22 07:11:43.249   544   544 D commservice260303: Push Message into SendPool fn=2015559680
05-22 07:11:43.249   544   544 D commservice260303: ComProtocolLibSend2Cluster::send2ClusterRaw fn=2015559680 , len=340
05-22 07:11:43.249   544   544 D commservice260303: sendCmdToPort :340!!!
05-22 07:11:43.249   544   544 D commservice260303: send Cmd To Port ++++5AA501508A01000023786A0F912F7B22636F6D6D616E64223A7B226964223A22696D755F737461747573222C22737562223A22227D2C22636F6E74656E74223A7B2254696D655374616D70223A313737393430353130333234392C224672616D65436F756E746572223A383838332C2247445F58223A2D302E3030393031303031353035353533373232342C2247445F59223A302E3030373633343734323138353437333434322C2247445F5A223A302E30313737393131363530333839343332392C2241445F58223A2D302E3030353536343734313739303239343634372C2241445F59223A2D302E303031343339393432303436393939393331332C2241445F5A223A2D302E333335313838383635363631363231312C2254656D70447370223A302C22537461747573223A302C2243616C69625374617465223A312C22536967416D70496E76616C6964223A307D7D1250
05-22 07:11:43.249   544   544 D commservice260303: bufferevent_write retrun value = 0
05-22 07:11:43.249   544   567 D commservice260303: client datas send succeed,send finish
05-22 06:30:16.992   573   573 D spi_rst_gpio_get_output: GPIO 145 value: 0
05-22 06:30:16.992   573   573 D spidev_ioctl: gpio status=0)
05-22 07:11:43.250  2981  3178 D Sentinelmode_1.2.5.13_alpha: <SentryImuClusterFgeSender>imu_status sent to Linux, frame=8883, tsNs=388208, tsMs=1779405103249, intervalMs=39, ad=(-0.005564742,-0.001439942,-0.33518887), gd=(-0.009010015,0.007634742,0.017791165)
05-22 07:11:43.252  2981  3177 I SentryImuMcuAngleSender: 179.93797rollDeg
05-22 07:11:43.252  2981  3177 I SentryImuMcuAngleSender: 1,0,0
05-22 07:11:43.254   558  1606 I gps_hdbd: Received: '$GNINS,1,1,TYPE,I,V,231143.000,371200,FUS,-4,0,0,0,MOT,V,1,PATT,0.00,0.00,0.00,VEL,0.000,0.000,0.000,POS,39.9999846247,115.9999771395,108.489,IIA,1,0.00,0.00,0.00,BGA,0.44,-0.52,-1.01,0.000,0.000,0.000,IGA,0,0,-1,0,-1,99,VG,16c2ff1*23
'
05-22 07:11:43.256   291  1491 D EvsDriver: forwardFrame
05-22 07:11:43.257  1137  1137 D evsmanagerd: /dev/video4 forwarded the buffer #0 to 0xb4000071fa019690 from 0xb4000071fa01b7d0
05-22 07:11:43.259   291  1135 D EvsDriver: doneWithFrame
05-22 07:11:43.260   291  1491 D EvsDriver: Delivered 0xb400007b2f47ca30 as id 0
05-22 07:11:43.261   964  1804 D [OMXB]  : usingANWBuffer: handle:0xebd41090, format:1, w:1920, h:1080
05-22 07:11:43.263   573   573 I SpiService: fgesysctrl_getGPIO_status success val=1
05-22 07:11:43.266   558  1606 I gps_hdbd: Received: '$GNINS,CARSPEED,ADR_STATUS,0,Pulse_count,0,1,0,0,371200,3712,0.000,0.000,0.000*06
'
05-22 06:30:17.006   573   573 D spi_rst_gpio_get_output: GPIO 145 value: 1
05-22 06:30:17.006   573   573 D spidev_ioctl: gpio status=1)
05-22 07:11:43.268   573   573 I SpiService: fgesysctrl_getGPIO_status success val=1
05-22 06:30:17.011   573   573 D spi_rst_gpio_get_output: GPIO 145 value: 1
05-22 06:30:17.011   573   573 D spidev_ioctl: gpio status=1)
05-22 07:11:43.272  2981  3177 I SentryImuMcuAngleSender: 179.93797rollDeg
05-22 07:11:43.272   558  1606 I gps_hdbd: Received: '$GNTXT,04,01,04,INS,V,1,,,,FLG,1,000000,1,0,1,0,0,Con,0*71
'
05-22 07:11:43.273   558  1606 I gps_hdbd: Received: '$GNTXT,INSTALL,0.00,0.00,0.00,0.00,0.00,0.00,0*20
'
05-22 07:11:43.273  2981  3177 I SentryImuMcuAngleSender: 1,0,0
05-22 07:11:43.273   573   573 I SpiService: fgesysctrl_getGPIO_status success val=1
05-22 06:30:17.017   573   573 D spi_rst_gpio_get_output: GPIO 145 value: 1
05-22 06:30:17.017   573   573 D spidev_ioctl: gpio status=1)
05-22 07:11:43.275  2981  3172 D Sentinelmode_1.2.5.13_alpha: <SentryModeAuto>applySentrySettings sentry_mode=0 openMethod=0
05-22 07:11:43.279   573   573 I SpiService: fgesysctrl_getGPIO_status success val=1
05-22 06:30:17.022   573   573 D spi_rst_gpio_get_output: GPIO 145 value: 1
05-22 06:30:17.022   573   573 D spidev_ioctl: gpio status=1)
05-22 07:11:43.283  4053  4136 D MessageCenterService: 服务运行中
05-22 07:11:43.284   565   565 I Sensors : 230 AccelSensor: x:-0.109800,y:0.007929,z:-10.141860
05-22 07:11:43.284   573   573 I SpiService: fgesysctrl_getGPIO_status success val=1
05-22 06:30:17.028   573   573 D spi_rst_gpio_get_output: GPIO 145 value: 1
05-22 06:30:17.028   573   573 D spidev_ioctl: gpio status=1)
05-22 07:11:43.289   544   544 D commservice260303: msg.id = 1028,0
05-22 07:11:43.289   544   544 D commservice260303: i = 170, msgid = 8A000404
05-22 07:11:43.289   544   544 D commservice260303: msgid = -1979710460,did=138
05-22 07:11:43.289   544   544 D commservice260303: CommProtocolLibCmdBaseI2C::dataproc {"command":{"id":"imu_status","sub":""},"content":{"TimeStamp":1779405103288,"FrameCounter":8884,"GD_X":-0.009467746131122112,"GD_Y":0.008398840203881264,"GD_Z":0.017485838383436203,"AD_X":-0.0031248480081558228,"AD_Y":-0.00448625348508358,"AD_Z":-0.3357982635498047,"TempDsp":0,"Status":0,"CalibState":1,"SigAmpInvalid":0}},-1979710460
05-22 07:11:43.289   544   544 D commservice260303: send2Cluster len:324, 7B22636F6D6D616E64223A7B226964223A22696D755F737461747573222C22737562223A22227D2C22636F6E74656E74223A7B2254696D655374616D70223A313737393430353130333238382C224672616D65436F756E746572223A383838342C2247445F58223A2D302E3030393436373734363133313132323131322C2247445F59223A302E3030383339383834303230333838313236342C2247445F5A223A302E3031373438353833383338333433363230332C2241445F58223A2D302E303033313234383438303038313535383232382C2241445F59223A2D302E30303434383632353334383530383335382C2241445F5A223A2D302E333335373938323633353439383034372C2254656D70447370223A302C22537461747573223A302C2243616C69625374617465223A312C22536967416D70496E76616C6964223A307D7D, 138 
05-22 07:11:43.289   544   544 D commservice260303: Push Message into SendPool fn=2032336896
05-22 07:11:43.289   544   544 D commservice260303: ComProtocolLibSend2Cluster::send2ClusterRaw fn=2032336896 , len=340
05-22 07:11:43.289   544   544 D commservice260303: sendCmdToPort :340!!!
05-22 07:11:43.289   291  1491 D EvsDriver: forwardFrame
05-22 07:11:43.289   544   544 D commservice260303: send Cmd To Port ++++5AA501508A01000023796A0F912F7B22636F6D6D616E64223A7B226964223A22696D755F737461747573222C22737562223A22227D2C22636F6E74656E74223A7B2254696D655374616D70223A313737393430353130333238382C224672616D65436F756E746572223A383838342C2247445F58223A2D302E3030393436373734363133313132323131322C2247445F59223A302E3030383339383834303230333838313236342C2247445F5A223A302E3031373438353833383338333433363230332C2241445F58223A2D302E303033313234383438303038313535383232382C2241445F59223A2D302E30303434383632353334383530383335382C2241445F5A223A2D302E333335373938323633353439383034372C2254656D70447370223A302C22537461747573223A302C2243616C69625374617465223A312C22536967416D70496E76616C6964223A307D7DFF7E
05-22 07:11:43.289   544   544 D commservice260303: bufferevent_write retrun value = 0
05-22 07:11:43.289   544   567 D commservice260303: client datas send succeed,send finish
05-22 07:11:43.289   573   573 I SpiService: fgesysctrl_getGPIO_status success val=0
05-22 07:11:43.291  2981  3178 D Sentinelmode_1.2.5.13_alpha: <SentryImuClusterFgeSender>imu_status sent to Linux, frame=8884, tsNs=388265, tsMs=1779405103288, intervalMs=42, ad=(-0.003124848,-0.0044862535,-0.33579826), gd=(-0.009467746,0.00839884,0.017485838)
05-22 07:11:43.291   291  1491 D EvsDriver: Delivered 0xb400007b2f47ca30 as id 0
05-22 07:11:43.291  1137  1137 D evsmanagerd: /dev/video4 forwarded the buffer #0 to 0xb4000071fa019690 from 0xb4000071fa01b7d0
05-22 06:30:17.033   573   573 D spi_rst_gpio_get_output: GPIO 145 value: 0
05-22 06:30:17.033   573   573 D spidev_ioctl: gpio status=0)
05-22 07:11:43.293  2981  3177 I SentryImuMcuAngleSender: 179.95522rollDeg
05-22 07:11:43.293  2981  3177 I SentryImuMcuAngleSender: 1,0,0
05-22 07:11:43.296   291  1135 D EvsDriver: doneWithFrame
05-22 07:11:43.297  1026  1026 D MyAppLog: [2026-05-22 07:11:43.297 D tboxap tsp_WorkMachineProc:1086] [Tsp] [tsp_WorkMachineProc]TSP_WORK_LOGIN NOW !!!!
05-22 07:11:43.299   964  1804 D [OMXB]  : usingANWBuffer: handle:0xebd40220, format:1, w:1920, h:1080
05-22 07:11:43.301   276   300 I rvcservice: t.code = 3, t.value = 0
05-22 07:11:43.304   573   573 I SpiService: fgesysctrl_getGPIO_status success val=1
05-22 06:30:17.047   573   573 D spi_rst_gpio_get_output: GPIO 145 value: 1
05-22 06:30:17.047   573   573 D spidev_ioctl: gpio status=1)
05-22 07:11:43.309   573   573 I SpiService: fgesysctrl_getGPIO_status success val=1
05-22 06:30:17.052   573   573 D spi_rst_gpio_get_output: GPIO 145 value: 1
05-22 06:30:17.052   573   573 D spidev_ioctl: gpio status=1)
05-22 07:11:43.312   565   599 I Sensors : 230 GyroSensor: x:-0.009621,y:0.007101,z:0.017562
05-22 07:11:43.314   573   573 I SpiService: fgesysctrl_getGPIO_status success val=1
05-22 07:11:43.314  2981  3177 I SentryImuMcuAngleSender: 179.9242rollDeg
05-22 07:11:43.315  2981  3177 I SentryImuMcuAngleSender: 1,0,0
05-22 06:30:17.058   573   573 D spi_rst_gpio_get_output: GPIO 145 value: 1
05-22 06:30:17.058   573   573 D spidev_ioctl: gpio status=1)
05-22 07:11:43.320   573   573 I SpiService: fgesysctrl_getGPIO_status success val=1
05-22 06:30:17.063   573   573 D spi_rst_gpio_get_output: GPIO 145 value: 1
05-22 06:30:17.063   573   573 D spidev_ioctl: gpio status=1)
05-22 07:11:43.325   291  1491 D EvsDriver: forwardFrame
05-22 07:11:43.325   573   573 I SpiService: fgesysctrl_getGPIO_status success val=1
05-22 06:30:17.068   573   573 D spi_rst_gpio_get_output: GPIO 145 value: 1
05-22 06:30:17.068   573   573 D spidev_ioctl: gpio status=1)
05-22 07:11:43.326   291  1491 D EvsDriver: Delivered 0xb400007b2f47ca30 as id 0
05-22 07:11:43.326  1137  1137 D evsmanagerd: /dev/video4 forwarded the buffer #0 to 0xb4000071fa019690 from 0xb4000071fa01b7d0
05-22 07:11:43.326   477  1243 I dvr_service_: [myNum:0][onFrameReceived] Received Surface:1 0
05-22 07:11:43.326   291  1135 D EvsDriver: doneWithFrame
05-22 07:11:43.328   544   544 D commservice260303: msg.id = 1028,0
05-22 07:11:43.329   544   544 D commservice260303: i = 170, msgid = 8A000404
05-22 07:11:43.329   544   544 D commservice260303: msgid = -1979710460,did=138
05-22 07:11:43.329   544   544 D commservice260303: CommProtocolLibCmdBaseI2C::dataproc {"command":{"id":"imu_status","sub":""},"content":{"TimeStamp":1779405103328,"FrameCounter":8885,"GD_X":-0.009621189907193184,"GD_Y":0.007101069670170546,"GD_Z":0.01756177842617035,"AD_X":-0.005563415586948395,"AD_Y":0.0010055266320705414,"AD_Z":-0.3357982635498047,"TempDsp":0,"Status":0,"CalibState":1,"SigAmpInvalid":0}},-1979710460
05-22 07:11:43.329   544   544 D commservice260303: send2Cluster len:323, 7B22636F6D6D616E64223A7B226964223A22696D755F737461747573222C22737562223A22227D2C22636F6E74656E74223A7B2254696D655374616D70223A313737393430353130333332382C224672616D65436F756E746572223A383838352C2247445F58223A2D302E3030393632313138393930373139333138342C2247445F59223A302E3030373130313036393637303137303534362C2247445F5A223A302E30313735363137373834323631373033352C2241445F58223A2D302E3030353536333431353538363934383339352C2241445F59223A302E303031303035353236363332303730353431342C2241445F5A223A2D302E333335373938323633353439383034372C2254656D70447370223A302C22537461747573223A302C2243616C69625374617465223A312C22536967416D70496E76616C6964223A307D7D, 138 
05-22 07:11:43.329   544   544 D commservice260303: Push Message into SendPool fn=2049114112
05-22 07:11:43.329   544   544 D commservice260303: ComProtocolLibSend2Cluster::send2ClusterRaw fn=2049114112 , len=339
05-22 07:11:43.329   544   544 D commservice260303: sendCmdToPort :339!!!
05-22 07:11:43.329   544   544 D commservice260303: send Cmd To Port ++++5AA5014F8A010000237A6A0F912F7B22636F6D6D616E64223A7B226964223A22696D755F737461747573222C22737562223A22227D2C22636F6E74656E74223A7B2254696D655374616D70223A313737393430353130333332382C224672616D65436F756E746572223A383838352C2247445F58223A2D302E3030393632313138393930373139333138342C2247445F59223A302E3030373130313036393637303137303534362C2247445F5A223A302E30313735363137373834323631373033352C2241445F58223A2D302E3030353536333431353538363934383339352C2241445F59223A302E303031303035353236363332303730353431342C2241445F5A223A2D302E333335373938323633353439383034372C2254656D70447370223A302C22537461747573223A302C2243616C69625374617465223A312C22536967416D70496E76616C6964223A307D7DECB1
05-22 07:11:43.329   544   544 D commservice260303: bufferevent_write retrun value = 0
05-22 07:11:43.329   544   567 D commservice260303: client datas send succeed,send finish
05-22 07:11:43.329  2981  3178 D Sentinelmode_1.2.5.13_alpha: <SentryImuClusterFgeSender>imu_status sent to Linux, frame=8885, tsNs=388294, tsMs=1779405103328, intervalMs=38, ad=(-0.0055634156,0.0010055266,-0.33579826), gd=(-0.00962119,0.0071010697,0.017561778)
05-22 07:11:43.330   573   573 I SpiService: fgesysctrl_getGPIO_status success val=1
05-22 06:30:17.074   573   573 D spi_rst_gpio_get_output: GPIO 145 value: 1
05-22 06:30:17.074   573   573 D spidev_ioctl: gpio status=1)
05-22 07:11:43.335  2981  3177 I SentryImuMcuAngleSender: 179.91728rollDeg
05-22 07:11:43.335  2981  3177 I SentryImuMcuAngleSender: 1,0,0
05-22 07:11:43.335   573   573 I SpiService: fgesysctrl_getGPIO_status success val=0
05-22 06:30:17.079   573   573 D spi_rst_gpio_get_output: GPIO 145 value: 0
05-22 06:30:17.079   573   573 D spidev_ioctl: gpio status=0)
05-22 07:11:43.347   486   580 I mcuc    : rev,n=1,6AA68107AA000A890064010409011234562C
05-22 07:11:43.347  1091  1116 I tboxmids_ap: [2026-05-22 07:11:43.347] [MCU RX] src=MCU dst=ZMQ len=10 type=BINARY data=00 08 64 01 04 09 01 12 34 56 
05-22 07:11:43.347   344   361 D automotive.vehicle@2.0-adayo-datacomm-mcu: MCUDatacomm sendMessageFromVehicle prop: 0x89, areaId: 0x0, status: 0x64, timestamp: 0x1
05-22 07:11:43.347   344   361 D automotive.vehicle@2.0-adayo-datacomm-mcu: MCUDatacomm 1sendMessageFromVehicle ---> type = 12 
05-22 07:11:43.348  1026  1026 I MyAppLog: [2026-05-22 07:11:43.347 I tboxap mcuCommTboxmidsRecvCb:96] [Mcu] [mcuCommTboxmidsRecvCb] recv from tboxmids, size:10
05-22 07:11:43.348  1026  1026 I MyAppLog: [2026-05-22 07:11:43.347 I tboxap mcuCommTboxmidsRecvCb:97] [Mcu] [tboxmids -> tboxap]: :00 08 64 01 04 09 01 12 34 56
05-22 07:11:43.348  1026  1026 I MyAppLog: [2026-05-22 07:11:43.347 I tboxap mcuPtlParseData:969] [Mcu] [Mcu  Parse]: (cmd):0901 (param):0901123456
05-22 07:11:43.348  1026  1026 D MyAppLog: [2026-05-22 07:11:43.347 D tboxap mcuCommCbHandel:1009] [Mcu] [Mcu  Rev]: (cmd):0901 (param value):123456
05-22 07:11:43.348  1026  1026 W MyAppLog: [2026-05-22 07:11:43.347 W tboxap mcuParamDataRevPack:897] [Mcu] mcuParamDataRevPack start pack data!!!
05-22 07:11:43.348  1026  1026 W MyAppLog: [2026-05-22 07:11:43.347 W tboxap mcuSaveQueryData:204] [Mcu] [mcuSaveQueryData] unknown query item:0x56
05-22 07:11:43.348  1026  1026 W MyAppLog: [2026-05-22 07:11:43.347 W tboxap mcuHandleQueryInd:1037] [Mcu] [mcuHandleQueryInd] unknown query item:0x56
05-22 07:11:43.348  1026  1026 W MyAppLog: [2026-05-22 07:11:43.347 W tboxap mcuHandleQueryInd:1037] [Mcu] [mcuHandleQueryInd] unknown query item:0x56
05-22 07:11:43.348  1026  1026 W MyAppLog: [2026-05-22 07:11:43.347 W tboxap mcuHandleQueryInd:1037] [Mcu] [mcuHandleQueryInd] unknown query item:0x56
05-22 07:11:43.348  1026  1026 W MyAppLog: [2026-05-22 07:11:43.347 W tboxap mcuHandleQueryInd:1037] [Mcu] [mcuHandleQueryInd] unknown query item:0x56
05-22 07:11:43.348  1026  1026 W MyAppLog: [2026-05-22 07:11:43.347 W tboxap mcuHandleQueryInd:1037] [Mcu] [mcuHandleQueryInd] unknown query item:0x56
05-22 07:11:43.348  1026  1026 W MyAppLog: [2026-05-22 07:11:43.347 W tboxap mcuHandleQueryInd:1037] [Mcu] [mcuHandleQueryInd] unknown query item:0x56
05-22 07:11:43.348  1026  1026 W MyAppLog: [2026-05-22 07:11:43.347 W tboxap mcuHandleQueryInd:1037] [Mcu] [mcuHandleQueryInd] unknown query item:0x56
05-22 07:11:43.348  1026  1026 W MyAppLog: [2026-05-22 07:11:43.347 W tboxap mcuHandleQueryInd:1037] [Mcu] [mcuHandleQueryInd] unknown query item:0x56
05-22 07:11:43.348  1026  1026 W MyAppLog: [2026-05-22 07:11:43.347 W tboxap mcuHandleQueryInd:1037] [Mcu] [mcuHandleQueryInd] unknown query item:0x56
05-22 07:11:43.348  1026  1026 W MyAppLog: [2026-05-22 07:11:43.347 W tboxap mcuHandleQueryInd:1037] [Mcu] [mcuHandleQueryInd] unknown query item:0x56
05-22 07:11:43.348  1026  1026 W MyAppLog: [2026-05-22 07:11:43.347 W tboxap mcuHandleQueryInd:1037] [Mcu] [mcuHandleQueryInd] unknown query item:0x56
05-22 06:30:17.092   573   573 D spi_rst_gpio_get_output: GPIO 145 value: 1
05-22 06:30:17.092   573   573 D spidev_ioctl: gpio status=1)
05-22 07:11:43.349  1026  1026 W MyAppLog: [2026-05-22 07:11:43.347 W tboxap mcuHandleQueryInd:1037] [Mcu] [mcuHandleQueryInd] unknown query item:0x56
05-22 07:11:43.349  1026  1026 W MyAppLog: [2026-05-22 07:11:43.347 W tboxap mcuHandleQueryInd:1037] [Mcu] [mcuHandleQueryInd] unknown query item:0x56
05-22 07:11:43.349  1026  1026 W MyAppLog: [2026-05-22 07:11:43.347 W tboxap mcuHandleQueryInd:1037] [Mcu] [mcuHandleQueryInd] unknown query item:0x56
05-22 07:11:43.349  1026  1026 W MyAppLog: [2026-05-22 07:11:43.347 W tboxap mcuHandleQueryInd:1037] [Mcu] [mcuHandleQueryInd] unknown query item:0x56
05-22 07:11:43.349  1026  1026 W MyAppLog: [2026-05-22 07:11:43.347 W tboxap mcuHandleQueryInd:1037] [Mcu] [mcuHandleQueryInd] unknown query item:0x56
05-22 07:11:43.349  1026  1026 W MyAppLog: [2026-05-22 07:11:43.347 W tboxap mcuHandleQueryInd:1037] [Mcu] [mcuHandleQueryInd] unknown query item:0x56
05-22 07:11:43.349  1026  1026 W MyAppLog: [2026-05-22 07:11:43.347 W tboxap mcuHandleQueryInd:1037] [Mcu] [mcuHandleQueryInd] unknown query item:0x56
05-22 07:11:43.349   573   573 I SpiService: fgesysctrl_getGPIO_status success val=1
05-22 07:11:43.349  1026  1026 W MyAppLog: [2026-05-22 07:11:43.347 W tboxap mcuHandleQueryInd:1037] [Mcu] [mcuHandleQueryInd] unknown query item:0x56
05-22 07:11:43.349  1026  1026 W MyAppLog: [2026-05-22 07:11:43.347 W tboxap mcuHandleQueryInd:1037] [Mcu] [mcuHandleQueryInd] unknown query item:0x56
05-22 07:11:43.349  1026  1026 W MyAppLog: [2026-05-22 07:11:43.347 W tboxap mcuHandleQueryInd:1037] [Mcu] [mcuHandleQueryInd] unknown query item:0x56
05-22 07:11:43.349  1026  1026 W MyAppLog: [2026-05-22 07:11:43.347 W tboxap mcuHandleQueryInd:1037] [Mcu] [mcuHandleQueryInd] unknown query item:0x56
05-22 07:11:43.349  1026  1026 W MyAppLog: [2026-05-22 07:11:43.347 W tboxap mcuHandleQueryInd:1037] [Mcu] [mcuHandleQueryInd] unknown query item:0x56
05-22 07:11:43.349  1026  1026 W MyAppLog: [2026-05-22 07:11:43.347 W tboxap mcuHandleQueryInd:1037] [Mcu] [mcuHandleQueryInd] unknown query item:0x56
05-22 07:11:43.349  1026  1026 W MyAppLog: [2026-05-22 07:11:43.347 W tboxap mcuHandleQueryInd:1037] [Mcu] [mcuHandleQueryInd] unknown query item:0x56
05-22 07:11:43.349  1026  1026 W MyAppLog: [2026-05-22 07:11:43.347 W tboxap mcuHandleQueryInd:1037] [Mcu] [mcuHandleQueryInd] unknown query item:0x56
05-22 07:11:43.349  1026  1026 W MyAppLog: [2026-05-22 07:11:43.347 W tboxap mcuHandleQueryInd:1037] [Mcu] [mcuHandleQueryInd] unknown query item:0x56
05-22 07:11:43.350  1026  1026 W MyAppLog: [2026-05-22 07:11:43.347 W tboxap mcuHandleQueryInd:1037] [Mcu] [mcuHandleQueryInd] unknown query item:0x56
05-22 07:11:43.350  1026  1026 W MyAppLog: [2026-05-22 07:11:43.347 W tboxap mcuHandleQueryInd:1037] [Mcu] [mcuHandleQueryInd] unknown query item:0x56
05-22 07:11:43.350  1026  1026 W MyAppLog: [2026-05-22 07:11:43.347 W tboxap mcuHandleQueryInd:1037] [Mcu] [mcuHandleQueryInd] unknown query item:0x56
05-22 07:11:43.350  1026  1026 W MyAppLog: [2026-05-22 07:11:43.347 W tboxap mcuHandleQueryInd:1037] [Mcu] [mcuHandleQueryInd] unknown query item:0x56
05-22 07:11:43.350  1026  1026 W MyAppLog: [2026-05-22 07:11:43.347 W tboxap mcuHandleQueryInd:1037] [Mcu] [mcuHandleQueryInd] unknown query item:0x56
05-22 07:11:43.350  1026  1026 W MyAppLog: [2026-05-22 07:11:43.347 W tboxap mcuHandleQueryInd:1037] [Mcu] [mcuHandleQueryInd] unknown query item:0x56
05-22 07:11:43.350  1026  1026 W MyAppLog: [2026-05-22 07:11:43.347 W tboxap mcuHandleQueryInd:1037] [Mcu] [mcuHandleQueryInd] unknown query item:0x56
05-22 07:11:43.350  1026  1026 W MyAppLog: [2026-05-22 07:11:43.347 W tboxap mcuHandleQueryInd:1037] [Mcu] [mcuHandleQueryInd] unknown query item:0x56
05-22 07:11:43.350  1026  1026 W MyAppLog: [2026-05-22 07:11:43.347 W tboxap mcuHandleQueryInd:1037] [Mcu] [mcuHandleQueryInd] unknown query item:0x56
05-22 07:11:43.350  1026  1026 W MyAppLog: [2026-05-22 07:11:43.347 W tboxap mcuHandleQueryInd:1037] [Mcu] [mcuHandleQueryInd] unknown query item:0x56
