05-22 07:11:41.506  2981  3178 D Sentinelmode_1.2.5.13_alpha: <SentryImuClusterFgeSender>imu_status sent to Linux, frame=8840, tsNs=386482, tsMs=1779405101505, intervalMs=40, ad=(-0.0037826598,0.0040159775,-0.333354), gd=(-0.009161899,0.00794111,0.01802003)
05-22 07:11:41.507  2981  3177 I SentryImuMcuAngleSender: 179.90694rollDeg
05-22 07:11:41.507   573   573 I SpiService: fgesysctrl_getGPIO_status success val=1
05-22 07:11:41.507  2981  3177 I SentryImuMcuAngleSender: 1,0,0
05-22 06:30:15.251   573   573 D spi_rst_gpio_get_output: GPIO 145 value: 1
05-22 06:30:15.251   573   573 D spidev_ioctl: gpio status=1)
05-22 07:11:41.513   573   573 I SpiService: fgesysctrl_getGPIO_status success val=1
05-22 06:30:15.256   573   573 D spi_rst_gpio_get_output: GPIO 145 value: 1
05-22 06:30:15.256   573   573 D spidev_ioctl: gpio status=1)
05-22 07:11:41.518   573   573 I SpiService: fgesysctrl_getGPIO_status success val=0
05-22 06:30:15.262   573   573 D spi_rst_gpio_get_output: GPIO 145 value: 0
05-22 06:30:15.262   573   573 D spidev_ioctl: gpio status=0)
05-22 07:11:41.524   291  1491 D EvsDriver: forwardFrame
05-22 07:11:41.525   291  1491 D EvsDriver: Delivered 0xb400007b2f47ca30 as id 0
05-22 07:11:41.525  1137  1137 D evsmanagerd: /dev/video4 forwarded the buffer #0 to 0xb4000071fa019690 from 0xb4000071fa01b7d0
05-22 07:11:41.525   291  1135 D EvsDriver: doneWithFrame
05-22 07:11:41.527  2981  3177 I SentryImuMcuAngleSender: 179.91728rollDeg
05-22 07:11:41.527  2981  3177 I SentryImuMcuAngleSender: 1,0,0
05-22 07:11:41.532  1658  1658 D AIN-NaviLocationPresenter: ACC is OFF, skip upload location
05-22 07:11:41.534   573   573 I SpiService: fgesysctrl_getGPIO_status success val=1
05-22 07:11:41.536   565   599 I Sensors : 230 GyroSensor: x:-0.009697,y:0.007177,z:0.018325
05-22 06:30:15.277   573   573 D spi_rst_gpio_get_output: GPIO 145 value: 1
05-22 06:30:15.277   573   573 D spidev_ioctl: gpio status=1)
05-22 07:11:41.539   573   573 I SpiService: fgesysctrl_getGPIO_status success val=1
05-22 07:11:41.540  2981  3177 I SentryImuMcuAngleSender: [4, 18, 1, 0, 0],5
05-22 07:11:41.540  2981  3177 I McuCommManager: mcuCommSendcmd [4, 18, 1, 0, 0]
05-22 07:11:41.541  2981  3177 I SentryImuMcuAngleSender: true
05-22 07:11:41.541  2981  3177 W Sentinelmode_1.2.5.13_alpha: <SentryImuMcuAngleSender>MCU IMU send interval abnormal: 1001ms
05-22 06:30:15.282   573   573 D spi_rst_gpio_get_output: GPIO 145 value: 1
05-22 06:30:15.282   573   573 D spidev_ioctl: gpio status=1)
05-22 07:11:41.544   573   573 I SpiService: fgesysctrl_getGPIO_status success val=1
05-22 07:11:41.545  5618  5704 D ANWStack: [    386527][ANWBT] HCI Rx: LE Meta Event, HCI_evLEADVERTISINGREPORT, subevent_code=0x2 Num_Reports=1
05-22 07:11:41.545  5618  5704 D ANWStack: 
05-22 07:11:41.545  5618  5704 D ANWAPI  : (5618|0xCB68CCB0)[BTAPI] AnwhciEventCallback 62 2
05-22 07:11:41.545  5618  5704 D ANWAPI  : (5618|0xCB68CCB0)[BTAPI] btsdk_le_DiscoveryCallback eventtype[0]
05-22 07:11:41.545  5618  5704 D ANWAPI  : (5618|0xCB68CCB0)[BTAPI] anwbt_ble_le_discoveryHandler
05-22 07:11:41.545  5618  5704 D ANWAPI  : 
05-22 07:11:41.545  5618  5704 D ANWAPI  : (5618|0xCB68CCB0)[BTAPI] anwbt_ble_le_discoveryHandler newDevice=0xb4000078c2e3ec6a,status=0,idx=255,scanLen=0,len=31,RSSI[-89]
05-22 07:11:41.545  5618  5704 D ANWAPI  : (5618|0xCB68CCB0)[BTAPI] AnWBT_BLE_GetFirstRandomAddr start,btaddr=[0xf4:0xaf:0x9e:0x41:0xa1:0x5a],addrType=1
05-22 07:11:41.545  5618  5704 D ANWAPI  : (5618|0xCB68CCB0)[BTAPI] AnWBT_BLE_GetFirstRandomAddr end,btaddr=[0xf4:0xaf:0x9e:0x41:0xa1:0x5a]
05-22 07:11:41.545  5618  5704 D ANWAPI  : (5618|0xCB68CCB0)[BTAPI] send_BLE_discoveryHandler_Message event type: 0x0
05-22 07:11:41.545  5618  5704 D ANWAPI  : 
05-22 07:11:41.545  5618  5704 D ANWAPI  : (5618|0xCB68CCB0)[BTAPI] Random address, treat device as LE only
05-22 07:11:41.545  5618  5704 D ANWAPI  : 
05-22 07:11:41.545  5618  5704 D ANW bt_btif: send_BLE_discoveryHandler_Message cod is 0x000000
05-22 07:11:41.545  5618  5704 D ANW bt_btif: btif_storage_add_remote_device, AnW
05-22 07:11:41.545  5618  5704 D ANW bt_btif: in, bd addr:5a:a1:41:9e:af:f4, prop type:255, len:6
05-22 07:11:41.545  5618  5704 D ANW bt_btif: btif_in_fetch_bonded_device, AnW
05-22 07:11:41.545  5618  5704 D ANW bt_btif: btif_in_fetch_bonded_ble_device, return
05-22 07:11:41.545  5618  5704 D ANW bt_btif: Remote device:5a:a1:41:9e:af:f4, no link key or ble key found
05-22 07:11:41.545  5618  5704 D ANW bt_btif: in, bd addr:5a:a1:41:9e:af:f4, prop type:5, len:4
05-22 07:11:41.545  5618  5704 D ANW bt_btif: btif_in_fetch_bonded_device, AnW
05-22 07:11:41.545  5618  5704 D ANW bt_btif: btif_in_fetch_bonded_ble_device Found a LE device: 5a:a1:41:9e:af:f4
05-22 07:11:41.545  5618  5704 D ANW bt_btif: btif_storage_get_remote_addr_type, AnW
05-22 07:11:41.545  5618  5704 D ANW bt_btif: btif_storage_set_remote_addr_type, AnW
05-22 07:11:41.545  5618  5704 D ANW bt_btif: btif_in_fetch_bonded_ble_device, AnW key_not_found
05-22 07:11:41.546  5618  5704 D ANW bt_btif: Remote device:5a:a1:41:9e:af:f4, no link key or ble key found
05-22 07:11:41.546  5618  5704 D ANW bt_btif: in, bd addr:5a:a1:41:9e:af:f4, prop type:11, len:1
05-22 07:11:41.546  5618  5704 D ANW bt_btif: btif_in_fetch_bonded_device, AnW
05-22 07:11:41.546  5618  5704 D ANW bt_btif: btif_in_fetch_bonded_ble_device Found a LE device: 5a:a1:41:9e:af:f4
05-22 07:11:41.546  5618  5704 D ANW bt_btif: btif_storage_get_remote_addr_type, AnW
05-22 07:11:41.546  5618  5704 D ANW bt_btif: btif_in_fetch_bonded_ble_device, AnW key_not_found
05-22 07:11:41.546  5618  5704 D ANW bt_btif: Remote device:5a:a1:41:9e:af:f4, no link key or ble key found
05-22 07:11:41.546  5618  5704 D ANW bt_btif: btif_storage_set_remote_addr_type, AnW
05-22 07:11:41.546  5618  5704 I ANW bt_btif: onScanResult, address_type=1, primary_phy= 0, secondary_phy=0, ad size= 31
05-22 07:11:41.546  5618  5704 I ANW bt_btif: onScanResult: HAL bt_gatt_callbacks->scanner->scan_result_cb
05-22 07:11:41.547  2981  3177 I SentryImuMcuAngleSender: 179.93106rollDeg
05-22 06:30:15.288   573   573 D spi_rst_gpio_get_output: GPIO 145 value: 1
05-22 06:30:15.288   573   573 D spidev_ioctl: gpio status=1)
05-22 07:11:41.548   544   544 D commservice260303: msg.id = 1028,0
05-22 07:11:41.548   544   544 D commservice260303: i = 170, msgid = 8A000404
05-22 07:11:41.548   544   544 D commservice260303: msgid = -1979710460,did=138
05-22 07:11:41.548   544   544 D commservice260303: CommProtocolLibCmdBaseI2C::dataproc {"command":{"id":"imu_status","sub":""},"content":{"TimeStamp":1779405101547,"FrameCounter":8841,"GD_X":-0.00969713181257248,"GD_Y":0.007177011109888554,"GD_Z":0.0183248370885849,"AD_X":-0.004391968250274658,"AD_Y":-2.540387213230133E-4,"AD_Z":-0.33396434783935547,"TempDsp":0,"Status":0,"CalibState":1,"SigAmpInvalid":0}},-1979710460
05-22 07:11:41.548   544   544 D commservice260303: send2Cluster len:322, 7B22636F6D6D616E64223A7B226964223A22696D755F737461747573222C22737562223A22227D2C22636F6E74656E74223A7B2254696D655374616D70223A313737393430353130313534372C224672616D65436F756E746572223A383834312C2247445F58223A2D302E30303936393731333138313235373234382C2247445F59223A302E3030373137373031313130393838383535342C2247445F5A223A302E303138333234383337303838353834392C2241445F58223A2D302E3030343339313936383235303237343635382C2241445F59223A2D322E353430333837323133323330313333452D342C2241445F5A223A2D302E33333339363433343738333933353534372C2254656D70447370223A302C22537461747573223A302C2243616C69625374617465223A312C22536967416D70496E76616C6964223A307D7D, 138 
05-22 07:11:41.548   544   544 D commservice260303: Push Message into SendPool fn=1294139392
05-22 07:11:41.548   544   544 D commservice260303: ComProtocolLibSend2Cluster::send2ClusterRaw fn=1294139392 , len=338
05-22 07:11:41.548   544   544 D commservice260303: sendCmdToPort :338!!!
05-22 07:11:41.548  2981  3177 I SentryImuMcuAngleSender: 1,0,0
05-22 07:11:41.548   544   544 D commservice260303: send Cmd To Port ++++5AA5014E8A010000234D6A0F912D7B22636F6D6D616E64223A7B226964223A22696D755F737461747573222C22737562223A22227D2C22636F6E74656E74223A7B2254696D655374616D70223A313737393430353130313534372C224672616D65436F756E746572223A383834312C2247445F58223A2D302E30303936393731333138313235373234382C2247445F59223A302E3030373137373031313130393838383535342C2247445F5A223A302E303138333234383337303838353834392C2241445F58223A2D302E3030343339313936383235303237343635382C2241445F59223A2D322E353430333837323133323330313333452D342C2241445F5A223A2D302E33333339363433343738333933353534372C2254656D70447370223A302C22537461747573223A302C2243616C69625374617465223A312C22536967416D70496E76616C6964223A307D7D729D
05-22 07:11:41.548   544   544 D commservice260303: bufferevent_write retrun value = 0
05-22 07:11:41.548   544   567 D commservice260303: client datas send succeed,send finish
05-22 07:11:41.548  2981  3178 D Sentinelmode_1.2.5.13_alpha: <SentryImuClusterFgeSender>imu_status sent to Linux, frame=8841, tsNs=386517, tsMs=1779405101547, intervalMs=42, ad=(-0.0043919683,-2.5403872E-4,-0.33396435), gd=(-0.009697132,0.007177011,0.018324837)
05-22 07:11:41.549   573   573 I SpiService: fgesysctrl_getGPIO_status success val=1
05-22 06:30:15.293   573   573 D spi_rst_gpio_get_output: GPIO 145 value: 1
05-22 06:30:15.293   573   573 D spidev_ioctl: gpio status=1)
05-22 07:11:41.555   573   573 I SpiService: fgesysctrl_getGPIO_status success val=1
05-22 07:11:41.556   291  1491 D EvsDriver: forwardFrame
05-22 07:11:41.557   291  1491 D EvsDriver: Delivered 0xb400007b2f47ca30 as id 0
05-22 07:11:41.557  1137  1137 D evsmanagerd: /dev/video4 forwarded the buffer #0 to 0xb4000071fa019690 from 0xb4000071fa01b7d0
05-22 06:30:15.298   573   573 D spi_rst_gpio_get_output: GPIO 145 value: 1
05-22 06:30:15.298   573   573 D spidev_ioctl: gpio status=1)
05-22 07:11:41.560   291  1135 D EvsDriver: doneWithFrame
05-22 07:11:41.561   573   573 I SpiService: fgesysctrl_getGPIO_status success val=0
05-22 07:11:41.561   486   579 I mcuc    : send SPI:6AA600042300050412010000BD
05-22 06:30:15.304   573   573 D spi_rst_gpio_get_output: GPIO 145 value: 0
05-22 06:30:15.304   573   573 D spidev_ioctl: gpio status=0)
05-22 07:11:41.567   964  1804 D [OMXB]  : usingANWBuffer: handle:0xebd400c0, format:1, w:1920, h:1080
05-22 07:11:41.569  2981  3177 I SentryImuMcuAngleSender: 179.92761rollDeg
05-22 07:11:41.569  2981  3177 I SentryImuMcuAngleSender: 1,0,0
05-22 07:11:41.575   573   573 I SpiService: fgesysctrl_getGPIO_status success val=1
05-22 06:30:15.318   573   573 D spi_rst_gpio_get_output: GPIO 145 value: 1
05-22 06:30:15.318   573   573 D spidev_ioctl: gpio status=1)
05-22 07:11:41.580   573   573 I SpiService: fgesysctrl_getGPIO_status success val=1
05-22 06:30:15.323   573   573 D spi_rst_gpio_get_output: GPIO 145 value: 1
05-22 06:30:15.323   573   573 D spidev_ioctl: gpio status=1)
05-22 07:11:41.585   573   573 I SpiService: fgesysctrl_getGPIO_status success val=1
05-22 06:30:15.329   573   573 D spi_rst_gpio_get_output: GPIO 145 value: 1
05-22 06:30:15.329   573   573 D spidev_ioctl: gpio status=1)
05-22 07:11:41.588   544   544 D commservice260303: msg.id = 1028,0
05-22 07:11:41.588   544   544 D commservice260303: i = 170, msgid = 8A000404
05-22 07:11:41.588   544   544 D commservice260303: msgid = -1979710460,did=138
05-22 07:11:41.588   544   544 D commservice260303: CommProtocolLibCmdBaseI2C::dataproc {"command":{"id":"imu_status","sub":""},"content":{"TimeStamp":1779405101588,"FrameCounter":8842,"GD_X":-0.007864127866923809,"GD_Y":0.007788185961544514,"GD_Z":0.018095972016453743,"AD_X":-0.0031712576746940613,"AD_Y":0.0021835342049598694,"AD_Z":-0.3296947479248047,"TempDsp":0,"Status":0,"CalibState":1,"SigAmpInvalid":0}},-1979710460
05-22 07:11:41.588   544   544 D commservice260303: send2Cluster len:325, 7B22636F6D6D616E64223A7B226964223A22696D755F737461747573222C22737562223A22227D2C22636F6E74656E74223A7B2254696D655374616D70223A313737393430353130313538382C224672616D65436F756E746572223A383834322C2247445F58223A2D302E3030373836343132373836363932333830392C2247445F59223A302E3030373738383138353936313534343531342C2247445F5A223A302E3031383039353937323031363435333734332C2241445F58223A2D302E303033313731323537363734363934303631332C2241445F59223A302E303032313833353334323034393539383639342C2241445F5A223A2D302E333239363934373437393234383034372C2254656D70447370223A302C22537461747573223A302C2243616C69625374617465223A312C22536967416D70496E76616C6964223A307D7D, 138 
05-22 07:11:41.588   544   544 D commservice260303: Push Message into SendPool fn=1310916608
05-22 07:11:41.588   544   544 D commservice260303: ComProtocolLibSend2Cluster::send2ClusterRaw fn=1310916608 , len=341
05-22 07:11:41.588   544   544 D commservice260303: sendCmdToPort :341!!!
05-22 07:11:41.588   544   544 D commservice260303: send Cmd To Port ++++5AA501518A010000234E6A0F912D7B22636F6D6D616E64223A7B226964223A22696D755F737461747573222C22737562223A22227D2C22636F6E74656E74223A7B2254696D655374616D70223A313737393430353130313538382C224672616D65436F756E746572223A383834322C2247445F58223A2D302E3030373836343132373836363932333830392C2247445F59223A302E3030373738383138353936313534343531342C2247445F5A223A302E3031383039353937323031363435333734332C2241445F58223A2D302E303033313731323537363734363934303631332C2241445F59223A302E303032313833353334323034393539383639342C2241445F5A223A2D302E333239363934373437393234383034372C2254656D70447370223A302C22537461747573223A302C2243616C69625374617465223A312C22536967416D70496E76616C6964223A307D7DB9BB
05-22 07:11:41.589   544   544 D commservice260303: bufferevent_write retrun value = 0
05-22 07:11:41.589   544   567 D commservice260303: client datas send succeed,send finish
05-22 07:11:41.589  2981  3178 D Sentinelmode_1.2.5.13_alpha: <SentryImuClusterFgeSender>imu_status sent to Linux, frame=8842, tsNs=386553, tsMs=1779405101588, intervalMs=41, ad=(-0.0031712577,0.0021835342,-0.32969475), gd=(-0.007864128,0.007788186,0.018095972)
05-22 07:11:41.589   291  1491 D EvsDriver: forwardFrame
05-22 07:11:41.590  2981  3177 I SentryImuMcuAngleSender: 179.92415rollDeg
05-22 07:11:41.590  2981  3177 I SentryImuMcuAngleSender: 1,0,0
05-22 07:11:41.591   573   573 I SpiService: fgesysctrl_getGPIO_status success val=1
05-22 07:11:41.591   291  1491 D EvsDriver: Delivered 0xb400007b2f47ca30 as id 0
05-22 07:11:41.591  1137  1137 D evsmanagerd: /dev/video4 forwarded the buffer #0 to 0xb4000071fa019690 from 0xb4000071fa01b7d0
05-22 06:30:15.334   573   573 D spi_rst_gpio_get_output: GPIO 145 value: 1
05-22 06:30:15.334   573   573 D spidev_ioctl: gpio status=1)
05-22 06:30:15.340   573   573 D spi_rst_gpio_get_output: GPIO 145 value: 1
05-22 06:30:15.340   573   573 D spidev_ioctl: gpio status=1)
05-22 07:11:41.594   291  1135 D EvsDriver: doneWithFrame
05-22 07:11:41.596   573   573 I SpiService: fgesysctrl_getGPIO_status success val=1
05-22 07:11:41.597   276   300 I rvcservice: t.code = 3, t.value = 0
05-22 07:11:41.602   573   573 I SpiService: fgesysctrl_getGPIO_status success val=0
05-22 06:30:15.345   573   573 D spi_rst_gpio_get_output: GPIO 145 value: 0
05-22 06:30:15.345   573   573 D spidev_ioctl: gpio status=0)
05-22 07:11:41.608   964  1804 D [OMXB]  : usingANWBuffer: handle:0xebd43b30, format:1, w:1920, h:1080
05-22 07:11:41.610  2981  3177 I SentryImuMcuAngleSender: 179.9345rollDeg
05-22 07:11:41.610  2981  3177 I SentryImuMcuAngleSender: 1,0,0
05-22 07:11:41.616   573   573 I SpiService: fgesysctrl_getGPIO_status success val=1
05-22 06:30:15.359   573   573 D spi_rst_gpio_get_output: GPIO 145 value: 1
05-22 06:30:15.359   573   573 D spidev_ioctl: gpio status=1)
05-22 06:30:15.364   573   573 D spi_rst_gpio_get_output: GPIO 145 value: 1
05-22 06:30:15.365   573   573 D spidev_ioctl: gpio status=1)
05-22 07:11:41.621   573   573 I SpiService: fgesysctrl_getGPIO_status success val=1
05-22 07:11:41.625   291  1491 D EvsDriver: forwardFrame
05-22 07:11:41.627   573   573 I SpiService: fgesysctrl_getGPIO_status success val=1
05-22 07:11:41.627   291  1491 D EvsDriver: Delivered 0xb400007b2f47ca30 as id 0
05-22 07:11:41.627  1137  1137 D evsmanagerd: /dev/video4 forwarded the buffer #0 to 0xb4000071fa019690 from 0xb4000071fa01b7d0
05-22 07:11:41.628   291  1135 D EvsDriver: doneWithFrame
05-22 07:11:41.629   544   544 D commservice260303: msg.id = 1028,0
05-22 07:11:41.629   544   544 D commservice260303: i = 170, msgid = 8A000404
05-22 06:30:15.370   573   573 D spi_rst_gpio_get_output: GPIO 145 value: 1
05-22 06:30:15.370   573   573 D spidev_ioctl: gpio status=1)
05-22 07:11:41.629   544   544 D commservice260303: msgid = -1979710460,did=138
05-22 07:11:41.629   544   544 D commservice260303: CommProtocolLibCmdBaseI2C::dataproc {"command":{"id":"imu_status","sub":""},"content":{"TimeStamp":1779405101629,"FrameCounter":8843,"GD_X":-0.008933032862842083,"GD_Y":0.008092992939054966,"GD_Z":0.017944088205695152,"AD_X":-0.0031735673546791077,"AD_Y":-2.5422219187021255E-4,"AD_Z":-0.3321352005004883,"TempDsp":0,"Status":0,"CalibState":1,"SigAmpInvalid":0}},-1979710460
05-22 07:11:41.630   544   544 D commservice260303: send2Cluster len:326, 7B22636F6D6D616E64223A7B226964223A22696D755F737461747573222C22737562223A22227D2C22636F6E74656E74223A7B2254696D655374616D70223A313737393430353130313632392C224672616D65436F756E746572223A383834332C2247445F58223A2D302E3030383933333033323836323834323038332C2247445F59223A302E3030383039323939323933393035343936362C2247445F5A223A302E3031373934343038383230353639353135322C2241445F58223A2D302E303033313733353637333534363739313037372C2241445F59223A2D322E35343232323139313837303231323535452D342C2241445F5A223A2D302E333332313335323030353030343838332C2254656D70447370223A302C22537461747573223A302C2243616C69625374617465223A312C22536967416D70496E76616C6964223A307D7D, 138 
05-22 07:11:41.630   544   544 D commservice260303: Push Message into SendPool fn=1327693824
05-22 07:11:41.630   544   544 D commservice260303: ComProtocolLibSend2Cluster::send2ClusterRaw fn=1327693824 , len=342
05-22 07:11:41.630   544   544 D commservice260303: sendCmdToPort :342!!!
05-22 07:11:41.630   544   544 D commservice260303: send Cmd To Port ++++5AA501528A010000234F6A0F912D7B22636F6D6D616E64223A7B226964223A22696D755F737461747573222C22737562223A22227D2C22636F6E74656E74223A7B2254696D655374616D70223A313737393430353130313632392C224672616D65436F756E746572223A383834332C2247445F58223A2D302E3030383933333033323836323834323038332C2247445F59223A302E3030383039323939323933393035343936362C2247445F5A223A302E3031373934343038383230353639353135322C2241445F58223A2D302E303033313733353637333534363739313037372C2241445F59223A2D322E35343232323139313837303231323535452D342C2241445F5A223A2D302E333332313335323030353030343838332C2254656D70447370223A302C22537461747573223A302C2243616C69625374617465223A312C22536967416D70496E76616C6964223A307D7D5A82
05-22 07:11:41.630   544   544 D commservice260303: bufferevent_write retrun value = 0
05-22 07:11:41.630   544   567 D commservice260303: client datas send succeed,send finish
05-22 07:11:41.630  2981  3177 I SentryImuMcuAngleSender: 179.93105rollDeg
05-22 07:11:41.630  2981  3177 I SentryImuMcuAngleSender: 1,0,0
05-22 07:11:41.632   573   573 I SpiService: fgesysctrl_getGPIO_status success val=1
05-22 07:11:41.633  2981  3178 D Sentinelmode_1.2.5.13_alpha: <SentryImuClusterFgeSender>imu_status sent to Linux, frame=8843, tsNs=386607, tsMs=1779405101629, intervalMs=41, ad=(-0.0031735674,-2.542222E-4,-0.3321352), gd=(-0.008933033,0.008092993,0.017944088)
05-22 06:30:15.376   573   573 D spi_rst_gpio_get_output: GPIO 145 value: 1
05-22 06:30:15.376   573   573 D spidev_ioctl: gpio status=1)
05-22 07:11:41.637   573   573 I SpiService: fgesysctrl_getGPIO_status success val=1
05-22 06:30:15.381   573   573 D spi_rst_gpio_get_output: GPIO 145 value: 1
05-22 06:30:15.381   573   573 D spidev_ioctl: gpio status=1)
05-22 07:11:41.643   573   573 I SpiService: fgesysctrl_getGPIO_status success val=0
05-22 07:11:41.644   477  1279 I dvr_service_: Camera 0: Buffer reuse stats - Total: 7000, Reused: 3347, New: 3653, Rate: 47.8%
05-22 06:30:15.386   573   573 D spi_rst_gpio_get_output: GPIO 145 value: 0
05-22 06:30:15.386   573   573 D spidev_ioctl: gpio status=0)
05-22 07:11:41.651  2981  3177 I SentryImuMcuAngleSender: 179.91382rollDeg
05-22 07:11:41.651  2981  3177 I SentryImuMcuAngleSender: 1,0,0
05-22 07:11:41.654   486   580 I mcuc    : rev,n=1,6AA68107A0000A89005F0104091312345629
05-22 07:11:41.655  1091  1116 I tboxmids_ap: [2026-05-22 07:11:41.655] [MCU RX] src=MCU dst=ZMQ len=10 type=BINARY data=00 08 5F 01 04 09 13 12 34 56 
05-22 07:11:41.655   344   361 D automotive.vehicle@2.0-adayo-datacomm-mcu: MCUDatacomm sendMessageFromVehicle prop: 0x89, areaId: 0x0, status: 0x5f, timestamp: 0x1
05-22 07:11:41.655   344   361 D automotive.vehicle@2.0-adayo-datacomm-mcu: MCUDatacomm 1sendMessageFromVehicle ---> type = 12 
05-22 07:11:41.655  1026  1026 I MyAppLog: [2026-05-22 07:11:41.655 I tboxap mcuCommTboxmidsRecvCb:96] [Mcu] [mcuCommTboxmidsRecvCb] recv from tboxmids, size:10
05-22 07:11:41.655  1026  1026 I MyAppLog: [2026-05-22 07:11:41.655 I tboxap mcuCommTboxmidsRecvCb:97] [Mcu] [tboxmids -> tboxap]: :00 08 5F 01 04 09 13 12 34 56
05-22 07:11:41.656  1026  1026 W MyAppLog: [2026-05-22 07:11:41.655 W tboxap mcuYadiFrameParse:831] [Mcu] [mcuYadiFrameParse] cmd:0913(MCU_SEC_BATT1_DYNAMIC_IND) payload too short:5 < 36
05-22 07:11:41.656  1026  1026 W MyAppLog: [2026-05-22 07:11:41.655 W tboxap mcuPtlParseData:961] [Mcu] [mcuPtlParseData] invalid yadi frame, len:10
05-22 07:11:41.657   573   573 I SpiService: fgesysctrl_getGPIO_status success val=1
05-22 06:30:15.400   573   573 D spi_rst_gpio_get_output: GPIO 145 value: 1
05-22 06:30:15.400   573   573 D spidev_ioctl: gpio status=1)
05-22 07:11:41.659   291  1491 D EvsDriver: forwardFrame
05-22 07:11:41.660   291  1491 D EvsDriver: Delivered 0xb400007b2f47ca30 as id 0
05-22 07:11:41.660  1137  1137 D evsmanagerd: /dev/video4 forwarded the buffer #0 to 0xb4000071fa019690 from 0xb4000071fa01b7d0
05-22 07:11:41.662   573   573 I SpiService: fgesysctrl_getGPIO_status success val=1
05-22 07:11:41.664   291  1135 D EvsDriver: doneWithFrame
05-22 06:30:15.405   573   573 D spi_rst_gpio_get_output: GPIO 145 value: 1
05-22 06:30:15.405   573   573 D spidev_ioctl: gpio status=1)
05-22 07:11:41.666   964  1804 D [OMXB]  : usingANWBuffer: handle:0xebd40170, format:1, w:1920, h:1080
05-22 07:11:41.667   573   573 I SpiService: fgesysctrl_getGPIO_status success val=1
05-22 06:30:15.411   573   573 D spi_rst_gpio_get_output: GPIO 145 value: 1
05-22 06:30:15.411   573   573 D spidev_ioctl: gpio status=1)
05-22 07:11:41.672   544   544 D commservice260303: msg.id = 1028,0
05-22 07:11:41.672  2981  3177 I SentryImuMcuAngleSender: 179.90002rollDeg
05-22 07:11:41.672  2981  3177 I SentryImuMcuAngleSender: 1,0,0
05-22 07:11:41.673   573   573 I SpiService: fgesysctrl_getGPIO_status success val=1
05-22 07:11:41.673   544   544 D commservice260303: i = 170, msgid = 8A000404
05-22 07:11:41.673   544   544 D commservice260303: msgid = -1979710460,did=138
05-22 07:11:41.673   544   544 D commservice260303: CommProtocolLibCmdBaseI2C::dataproc {"command":{"id":"imu_status","sub":""},"content":{"TimeStamp":1779405101672,"FrameCounter":8844,"GD_X":-0.008857090957462788,"GD_Y":0.008704167790710926,"GD_Z":0.01763824187219143,"AD_X":-0.006220020353794098,"AD_Y":0.005231180228292942,"AD_Z":-0.3321352005004883,"TempDsp":0,"Status":0,"CalibState":1,"SigAmpInvalid":0}},-1979710460
05-22 07:11:41.673   544   544 D commservice260303: send2Cluster len:322, 7B22636F6D6D616E64223A7B226964223A22696D755F737461747573222C22737562223A22227D2C22636F6E74656E74223A7B2254696D655374616D70223A313737393430353130313637322C224672616D65436F756E746572223A383834342C2247445F58223A2D302E3030383835373039303935373436323738382C2247445F59223A302E3030383730343136373739303731303932362C2247445F5A223A302E30313736333832343138373231393134332C2241445F58223A2D302E3030363232303032303335333739343039382C2241445F59223A302E3030353233313138303232383239323934322C2241445F5A223A2D302E333332313335323030353030343838332C2254656D70447370223A302C22537461747573223A302C2243616C69625374617465223A312C22536967416D70496E76616C6964223A307D7D, 138 
05-22 07:11:41.673   544   544 D commservice260303: Push Message into SendPool fn=1344471040
05-22 07:11:41.673   544   544 D commservice260303: ComProtocolLibSend2Cluster::send2ClusterRaw fn=1344471040 , len=338
05-22 07:11:41.673   544   544 D commservice260303: sendCmdToPort :338!!!
05-22 07:11:41.673   544   544 D commservice260303: send Cmd To Port ++++5AA5014E8A01000023506A0F912D7B22636F6D6D616E64223A7B226964223A22696D755F737461747573222C22737562223A22227D2C22636F6E74656E74223A7B2254696D655374616D70223A313737393430353130313637322C224672616D65436F756E746572223A383834342C2247445F58223A2D302E3030383835373039303935373436323738382C2247445F59223A302E3030383730343136373739303731303932362C2247445F5A223A302E30313736333832343138373231393134332C2241445F58223A2D302E3030363232303032303335333739343039382C2241445F59223A302E3030353233313138303232383239323934322C2241445F5A223A2D302E333332313335323030353030343838332C2254656D70447370223A302C22537461747573223A302C2243616C69625374617465223A312C22536967416D70496E76616C6964223A307D7D0A3B
05-22 07:11:41.673   544   544 D commservice260303: bufferevent_write retrun value = 0
05-22 07:11:41.673   544   567 D commservice260303: client datas send succeed,send finish
05-22 07:11:41.673  2981  3178 D Sentinelmode_1.2.5.13_alpha: <SentryImuClusterFgeSender>imu_status sent to Linux, frame=8844, tsNs=386643, tsMs=1779405101672, intervalMs=43, ad=(-0.0062200204,0.00523118,-0.3321352), gd=(-0.008857091,0.008704168,0.017638242)
05-22 06:30:15.416   573   573 D spi_rst_gpio_get_output: GPIO 145 value: 1
05-22 06:30:15.416   573   573 D spidev_ioctl: gpio status=1)
05-22 07:11:41.678   573   573 I SpiService: fgesysctrl_getGPIO_status success val=1
05-22 06:30:15.421   573   573 D spi_rst_gpio_get_output: GPIO 145 value: 1
05-22 06:30:15.421   573   573 D spidev_ioctl: gpio status=1)
05-22 07:11:41.683   573   573 I SpiService: fgesysctrl_getGPIO_status success val=0
05-22 07:11:41.683   486   579 I mcuc    : send SPI:6AA60207A000028900CC
05-22 06:30:15.427   573   573 D spi_rst_gpio_get_output: GPIO 145 value: 0
05-22 06:30:15.427   573   573 D spidev_ioctl: gpio status=0)
05-22 07:11:41.686   291  1491 D EvsDriver: forwardFrame
05-22 07:11:41.689   558  1606 I gps_hdbd: nmea_cs <0> != calc_cs <44>, return -1
05-22 07:11:41.689  1137  1137 D evsmanagerd: /dev/video4 forwarded the buffer #0 to 0xb4000071fa019690 from 0xb4000071fa01b7d0
05-22 07:11:41.689   291  1491 D EvsDriver: Delivered 0xb400007b2f47ca30 as id 0
05-22 07:11:41.692  1026  1026 I MyAppLog: [2026-05-22 07:11:41.690 I tboxap tsp_EventSend:270] [Tsp] [tsp_EventSend] TX tspCmdMsg.MsgID:0100 size:0
05-22 07:11:41.692  1026  1026 D MyAppLog: [2026-05-22 07:11:41.690 D tboxap tsp_EventQueueWrite:115] [Tsp] [tsp_EventQueueWrite] sizeof(16) pTmp:8601d8e0  
05-22 07:11:41.692  1026  1026 D MyAppLog: [2026-05-22 07:11:41.690 D tboxap tsp_WorkMachineProc:1086] [Tsp] [tsp_WorkMachineProc]TSP_WORK_LOGIN NOW !!!!
05-22 07:11:41.692  1026  1026 D MyAppLog: [2026-05-22 07:11:41.690 D tboxap tsp_EventProceHandel:305] [Tsp] [tsp_EventProceHandel] rx msg :0100 , size:0!!
05-22 07:11:41.692  1026  1026 D MyAppLog: [2026-05-22 07:11:41.690 D tboxap tsp_EventToCmd:108] [Tsp] [tsp_EventToCmd] event:0x0100 -> cmd:1001 size:0
05-22 07:11:41.692  1026  1026 I MyAppLog: [2026-05-22 07:11:41.690 I tboxap tsp_LoginPacket_Yadi:399] [Tsp] [Login rawData]: :00 01 00 25 86 14 84 04 01 24 81 41 11 11 00 00 00 00 00 00 00 FF
05-22 07:11:41.693  1026  1026 I MyAppLog: [2026-05-22 07:11:41.690 I tboxap tsp_LoginPacket_Yadi:417] [Tsp] [Login addCrc]: :00 01 00 25 86 14 84 04 01 24 81 41 11 11 00 00 00 00 00 00 00 FF DA 00 00 00 00 00 00 00 E8 90
05-22 07:11:41.693  1026  1026 I MyAppLog: [2026-05-22 07:11:41.691 I tboxap tsp_LoginPacket_Yadi:427] [Tsp] [Login doneAes]: :5B 11 D1 99 4D 86 C9 56 32 CD D0 B0 62 3C F3 02 37 AC C6 A1 92 8A C7 22 AD BB F0 D5 E5 07 A6 10
05-22 07:11:41.693  1026  1026 I MyAppLog: [2026-05-22 07:11:41.691 I tboxap tsp_pack_frame_Yadi:1240] [Tsp] Login data pack and encrypt completed ! BodySize = 32! 
05-22 07:11:41.693  1026  1026 I MyAppLog: [2026-05-22 07:11:41.691 I tboxap tsp_pack_frame_Yadi:1353] [Tsp] [DataMsgLen]: :00 16
05-22 07:11:41.693  1026  1026 I MyAppLog: [2026-05-22 07:11:41.691 I tboxap tsp_pack_frame_Yadi:1380] [Tsp] [FrameData]: :AA FF 00 3E 08 61 48 40 40 12 48 14 1A 05 16 07 0B 29 10 01 28 03 01 01 00 16 5B 11 D1 99 4D 86 C9 56 32 CD D0 B0 62 3C F3 02 37 AC C6 A1 92 8A C7 22 AD BB F0 D5 E5 07 A6 10 15 42 0D 0A
05-22 07:11:41.693  1026  1026 I MyAppLog: [2026-05-22 07:11:41.691 I tboxap tsp_PackLogIn_Yadi:196] [Tsp] LoginFrame init complet, frame size:62!!!
05-22 07:11:41.694  1026  1026 E MyAppLog: [2026-05-22 07:11:41.691 E tboxap tsp_FifoWrite:319] [Tsp] tsp_FifoWrite FIFO is full when to be written!
05-22 07:11:41.694   291  1135 D EvsDriver: doneWithFrame
05-22 07:11:41.694  2981  3177 I SentryImuMcuAngleSender: 179.9173rollDeg
05-22 07:11:41.694  2981  3177 I SentryImuMcuAngleSender: 1,0,0
05-22 07:11:41.697   565   599 I Sensors : 230 AccelSensor: x:-0.111630,y:0.012200,z:-10.143080
05-22 07:11:41.697   486   580 I mcuc    : rev,n=1,6AA68107A100918305000055000000B00000000000000001000100001A9F97B198210197BA97982E6797B92F5397BAB2F6A31F45ED4B00000000040000B3000000000000000000000000000000B44500000000000300000000000000AA000000E40701010000000000000000BB07052307EA0516000008009F022F01CC000000000000000000000000000000B5000000000000000000000043
05-22 07:11:41.697   276   300 I rvcservice: t.code = 4, t.value = 0
05-22 07:11:41.697   344   361 D automotive.vehicle@2.0-adayo-datacomm-mcu: MCUDatacomm sendMessageFromVehicle prop: 0x83, areaId: 0x5, status: 0x0, timestamp: 0x0
05-22 07:11:41.697   573   573 I SpiService: fgesysctrl_getGPIO_status success val=1
05-22 07:11:41.698   964  1804 D [OMXB]  : usingANWBuffer: handle:0xebd43d40, format:1, w:1920, h:1080
05-22 07:11:41.698   344   361 D automotive.vehicle@2.0-adayo-datacomm-mcu: MCUDatacomm 1sendMessageFromVehicle ---> type = 7 
05-22 07:11:41.698   344   361 I automotive.vehicle@2.0-adayo-func-mcu: MCUFunc :sendMessageFromVehicle  msgBuff[0] = 131 
05-22 07:11:41.698   344   361 I automotive.vehicle@2.0-adayo-func-mcu: MCUFunc :sendMessageFromVehicle  msgBuff[1] = 5 
05-22 07:11:41.698   344   361 I automotive.vehicle@2.0-adayo-func-mcu: MCUFunc :sendMessageFromVehicle  msgBuff[2] = 0 
05-22 07:11:41.699   344   361 I automotive.vehicle@2.0-adayo-func-mcu: MCUFunc :sendMessageFromVehicle  msgBuff[3] = 0 
05-22 07:11:41.699   344   361 I automotive.vehicle@2.0-adayo-func-mcu: MCUFunc :sendMessageFromVehicle  msgBuff[4] = 85 
05-22 07:11:41.699   344   361 I automotive.vehicle@2.0-adayo-func-mcu: MCUFunc :sendMessageFromVehicle  msgBuff[5] = 0 
05-22 06:30:15.441   573   573 D spi_rst_gpio_get_output: GPIO 145 value: 1
05-22 06:30:15.441   573   573 D spidev_ioctl: gpio status=1)
05-22 07:11:41.701  1026  1026 D MyAppLog: [2026-05-22 07:11:41.701 D tboxap tsp_EventQueueRead:150] [Tsp] [tsp_EventQueueRead] read:16, write:16  Num:0!!
05-22 07:11:41.704   573   573 I SpiService: fgesysctrl_getGPIO_status success val=1
05-22 06:30:15.447   573   573 D spi_rst_gpio_get_output: GPIO 145 value: 1
05-22 06:30:15.447   573   573 D spidev_ioctl: gpio status=1)
05-22 07:11:41.709   573   573 I SpiService: fgesysctrl_getGPIO_status success val=1
05-22 06:30:15.452   573   573 D spi_rst_gpio_get_output: GPIO 145 value: 1
05-22 06:30:15.452   573   573 D spidev_ioctl: gpio status=1)
05-22 07:11:41.712   544   544 D commservice260303: msg.id = 1028,0
05-22 07:11:41.712   544   544 D commservice260303: i = 170, msgid = 8A000404
05-22 07:11:41.713   544   544 D commservice260303: msgid = -1979710460,did=138
05-22 07:11:41.713   544   544 D commservice260303: CommProtocolLibCmdBaseI2C::dataproc {"command":{"id":"imu_status","sub":""},"content":{"TimeStamp":1779405101712,"FrameCounter":8845,"GD_X":-0.009925996884703636,"GD_Y":0.0072539933025836945,"GD_Z":0.017715223133563995,"AD_X":-0.004998639225959778,"AD_Y":-2.5930721312761307E-4,"AD_Z":-0.33701419830322266,"TempDsp":0,"Status":0,"CalibState":1,"SigAmpInvalid":0}},-1979710460
05-22 07:11:41.713   544   544 D commservice260303: send2Cluster len:327, 7B22636F6D6D616E64223A7B226964223A22696D755F737461747573222C22737562223A22227D2C22636F6E74656E74223A7B2254696D655374616D70223A313737393430353130313731322C224672616D65436F756E746572223A383834352C2247445F58223A2D302E3030393932353939363838343730333633362C2247445F59223A302E303037323533393933333032353833363934352C2247445F5A223A302E3031373731353232333133333536333939352C2241445F58223A2D302E3030343939383633393232353935393737382C2241445F59223A2D322E35393330373231333132373631333037452D342C2241445F5A223A2D302E33333730313431393833303332323236362C2254656D70447370223A302C22537461747573223A302C2243616C69625374617465223A312C22536967416D70496E76616C6964223A307D7D, 138 
05-22 07:11:41.713   544   544 D commservice260303: Push Message into SendPool fn=1361248256
05-22 07:11:41.713   544   544 D commservice260303: ComProtocolLibSend2Cluster::send2ClusterRaw fn=1361248256 , len=343
05-22 07:11:41.713   544   544 D commservice260303: sendCmdToPort :343!!!
05-22 07:11:41.713   544   544 D commservice260303: send Cmd To Port ++++5AA501538A01000023516A0F912D7B22636F6D6D616E64223A7B226964223A22696D755F737461747573222C22737562223A22227D2C22636F6E74656E74223A7B2254696D655374616D70223A313737393430353130313731322C224672616D65436F756E746572223A383834352C2247445F58223A2D302E3030393932353939363838343730333633362C2247445F59223A302E303037323533393933333032353833363934352C2247445F5A223A302E3031373731353232333133333536333939352C2241445F58223A2D302E3030343939383633393232353935393737382C2241445F59223A2D322E35393330373231333132373631333037452D342C2241445F5A223A2D302E33333730313431393833303332323236362C2254656D70447370223A302C22537461747573223A302C2243616C69625374617465223A312C22536967416D70496E76616C6964223A307D7DE1E4
05-22 07:11:41.713   544   544 D commservice260303: bufferevent_write retrun value = 0
05-22 07:11:41.713   544   567 D commservice260303: client datas send succeed,send finish
05-22 07:11:41.713  2981  3178 D Sentinelmode_1.2.5.13_alpha: <SentryImuClusterFgeSender>imu_status sent to Linux, frame=8845, tsNs=386679, tsMs=1779405101712, intervalMs=40, ad=(-0.004998639,-2.593072E-4,-0.3370142), gd=(-0.009925997,0.0072539933,0.017715223)
05-22 07:11:41.714   573   573 I SpiService: fgesysctrl_getGPIO_status success val=1
05-22 07:11:41.717  2981  3177 I SentryImuMcuAngleSender: 179.93109rollDeg
05-22 07:11:41.717  2981  3177 I SentryImuMcuAngleSender: 1,0,0
05-22 06:30:15.458   573   573 D spi_rst_gpio_get_output: GPIO 145 value: 1
05-22 06:30:15.458   573   573 D spidev_ioctl: gpio status=1)
05-22 07:11:41.719   544  3080 D commservice260303: send heart beat package to Cluster
05-22 07:11:41.719   544  3080 D commservice260303: send2Cluster len:40, 7B22636F6D6D616E64223A7B226964223A22686561727462656174222C22737562223A22227D7D0A, 129 
05-22 07:11:41.719   544  3080 D commservice260303: Push Message into SendPool fn=1378025472
05-22 07:11:41.720   544  3080 D commservice260303: ComProtocolLibSend2Cluster::send2ClusterRaw fn=1378025472 , len=56
05-22 07:11:41.720   544  3080 D commservice260303: sendCmdToPort :56!!!
05-22 07:11:41.720   573   573 I SpiService: fgesysctrl_getGPIO_status success val=1
05-22 07:11:41.720   544  3080 D commservice260303: send Cmd To Port ++++5AA500348101000023526A0F912D7B22636F6D6D616E64223A7B226964223A22686561727462656174222C22737562223A22227D7D0A08B5
05-22 07:11:41.720   544  3080 D commservice260303: bufferevent_write retrun value = 0
05-22 07:11:41.720   544   567 D commservice260303: client datas send succeed,send finish
05-22 06:30:15.463   573   573 D spi_rst_gpio_get_output: GPIO 145 value: 1
05-22 06:30:15.463   573   573 D spidev_ioctl: gpio status=1)
05-22 07:11:41.722   291  1491 D EvsDriver: forwardFrame
05-22 07:11:41.725  1137  1137 D evsmanagerd: /dev/video4 forwarded the buffer #0 to 0xb4000071fa019690 from 0xb4000071fa01b7d0
05-22 07:11:41.725   291  1491 D EvsDriver: Delivered 0xb400007b2f47ca30 as id 0
05-22 07:11:41.725   573   573 I SpiService: fgesysctrl_getGPIO_status success val=0
05-22 06:30:15.468   573   573 D spi_rst_gpio_get_output: GPIO 145 value: 0
05-22 07:11:41.725   486   579 I mcuc    : send SPI:6AA60207A100028305CC
05-22 06:30:15.468   573   573 D spidev_ioctl: gpio status=0)
05-22 07:11:41.726   291  1135 D EvsDriver: doneWithFrame
05-22 07:11:41.726   544   567 D commservice260303: recv len:91, 5AA500570100000002306A0F912D7B22636F6D6D616E64223A7B226964223A22686561727462656174222C22737562223A22227D2C22726573706F6E65223A7B22636F6465223A302C226D657373616765223A226F6B227D7D8081 from server
05-22 07:11:41.726   544  3079 D commservice260303: mcuDataAnalyzeHandle templen:91,len:91,pos:0, 5AA500570100000002306A0F912D7B22636F6D6D616E64223A7B226964223A22686561727462656174222C22737562223A22227D2C22726573706F6E65223A7B22636F6465223A302C226D657373616765223A226F6B227D7D8081 
05-22 07:11:41.726   544  3079 I commservice260303: checksumCal = 32897
05-22 07:11:41.726   544  3079 D commservice260303: Protocol_C2I_Commservice::dataproc {"command":{"id":"heartbeat","sub":""},"respone":{"code":0,"message":"ok"}},1
05-22 07:11:41.726   544  3079 D commservice260303: Protocol_C2I_Commservice::dataproc Receive a heartbeat command from Cluster, setTcpHeartbeat = EID_UID_HEARTBEAT
05-22 07:11:41.733   565   565 I Sensors : 230 GyroSensor: x:-0.009544,y:0.008017,z:0.017715
05-22 07:11:41.737  2981  3177 I SentryImuMcuAngleSender: 179.92761rollDeg
05-22 07:11:41.737  2981  3177 I SentryImuMcuAngleSender: 1,0,0
05-22 07:11:41.739   573   573 I SpiService: fgesysctrl_getGPIO_status success val=1
05-22 06:30:15.483   573   573 D spi_rst_gpio_get_output: GPIO 145 value: 1
05-22 06:30:15.483   573   573 D spidev_ioctl: gpio status=1)
05-22 07:11:41.745   573   573 I SpiService: fgesysctrl_getGPIO_status success val=1
05-22 06:30:15.488   573   573 D spi_rst_gpio_get_output: GPIO 145 value: 1
05-22 06:30:15.488   573   573 D spidev_ioctl: gpio status=1)
05-22 07:11:41.750   573   573 I SpiService: fgesysctrl_getGPIO_status success val=1
05-22 07:11:41.750   291  1491 D EvsDriver: forwardFrame
05-22 07:11:41.752  1137  1137 D evsmanagerd: /dev/video4 forwarded the buffer #0 to 0xb4000071fa019690 from 0xb4000071fa01b7d0
05-22 07:11:41.752   291  1491 D EvsDriver: Delivered 0xb400007b2f47ca30 as id 0
05-22 07:11:41.753   544   544 D commservice260303: msg.id = 1028,0
05-22 07:11:41.753   544   544 D commservice260303: i = 170, msgid = 8A000404
05-22 07:11:41.753   544   544 D commservice260303: msgid = -1979710460,did=138
05-22 07:11:41.753   544   544 D commservice260303: CommProtocolLibCmdBaseI2C::dataproc {"command":{"id":"imu_status","sub":""},"content":{"TimeStamp":1779405101753,"FrameCounter":8846,"GD_X":-0.010154861956834793,"GD_Y":0.00801705103367567,"GD_Z":0.017867106944322586,"AD_X":-0.0025563091039657593,"AD_Y":9.601311758160591E-4,"AD_Z":-0.3296947479248047,"TempDsp":0,"Status":0,"CalibState":1,"SigAmpInvalid":0}},-1979710460
05-22 07:11:41.753   544   544 D commservice260303: send2Cluster len:323, 7B22636F6D6D616E64223A7B226964223A22696D755F737461747573222C22737562223A22227D2C22636F6E74656E74223A7B2254696D655374616D70223A313737393430353130313735332C224672616D65436F756E746572223A383834362C2247445F58223A2D302E3031303135343836313935363833343739332C2247445F59223A302E30303830313730353130333336373536372C2247445F5A223A302E3031373836373130363934343332323538362C2241445F58223A2D302E303032353536333039313033393635373539332C2241445F59223A392E363031333131373538313630353931452D342C2241445F5A223A2D302E333239363934373437393234383034372C2254656D70447370223A302C22537461747573223A302C2243616C69625374617465223A312C22536967416D70496E76616C6964223A307D7D, 138 
05-22 06:30:15.493   573   573 D spi_rst_gpio_get_output: GPIO 145 value: 1
05-22 06:30:15.493   573   573 D spidev_ioctl: gpio status=1)
05-22 07:11:41.753   544   544 D commservice260303: Push Message into SendPool fn=1394802688
05-22 07:11:41.753   544   544 D commservice260303: ComProtocolLibSend2Cluster::send2ClusterRaw fn=1394802688 , len=339
05-22 07:11:41.753   544   544 D commservice260303: sendCmdToPort :339!!!
05-22 07:11:41.754   544   544 D commservice260303: send Cmd To Port ++++5AA5014F8A01000023536A0F912D7B22636F6D6D616E64223A7B226964223A22696D755F737461747573222C22737562223A22227D2C22636F6E74656E74223A7B2254696D655374616D70223A313737393430353130313735332C224672616D65436F756E746572223A383834362C2247445F58223A2D302E3031303135343836313935363833343739332C2247445F59223A302E30303830313730353130333336373536372C2247445F5A223A302E3031373836373130363934343332323538362C2241445F58223A2D302E303032353536333039313033393635373539332C2241445F59223A392E363031333131373538313630353931452D342C2241445F5A223A2D302E333239363934373437393234383034372C2254656D70447370223A302C22537461747573223A302C2243616C69625374617465223A312C22536967416D70496E76616C6964223A307D7DEB95
05-22 07:11:41.754   544   544 D commservice260303: bufferevent_write retrun value = 0
05-22 07:11:41.754   544   567 D commservice260303: client datas send succeed,send finish
05-22 07:11:41.754  2981  3178 D Sentinelmode_1.2.5.13_alpha: <SentryImuClusterFgeSender>imu_status sent to Linux, frame=8846, tsNs=386733, tsMs=1779405101753, intervalMs=41, ad=(-0.002556309,9.601312E-4,-0.32969475), gd=(-0.010154862,0.008017051,0.017867107)
05-22 07:11:41.755   573   573 I SpiService: fgesysctrl_getGPIO_status success val=1
05-22 07:11:41.757   291  1135 D EvsDriver: doneWithFrame
05-22 07:11:41.758  2981  3177 I SentryImuMcuAngleSender: 179.92415rollDeg
05-22 07:11:41.758  2981  3177 I SentryImuMcuAngleSender: 1,0,0
05-22 06:30:15.499   573   573 D spi_rst_gpio_get_output: GPIO 145 value: 1
05-22 06:30:15.499   573   573 D spidev_ioctl: gpio status=1)
05-22 07:11:41.760   964  1804 D [OMXB]  : usingANWBuffer: handle:0xebd40590, format:1, w:1920, h:1080
05-22 07:11:41.761   573   573 I SpiService: fgesysctrl_getGPIO_status success val=1
05-22 06:30:15.504   573   573 D spi_rst_gpio_get_output: GPIO 145 value: 1
05-22 06:30:15.504   573   573 D spidev_ioctl: gpio status=1)
05-22 07:11:41.766   573   573 I SpiService: fgesysctrl_getGPIO_status success val=0
05-22 07:11:41.767  2981  3170 D SVR_MNG_SvrMngProxy: getServer: mSvrManger is null
05-22 07:11:41.767  2981  3170 D SVR_MNG_SvrMngProxy: getNewStub: 
05-22 07:11:41.768  2981  3170 D SVR_MNG_SvrMngProxy: getNewStub: getSvrManagerService start
05-22 07:11:41.768  2981  3170 D SVR_MNG_SvrMngProxy: getNewStub: getSvrManagerService end
05-22 07:11:41.768  2981  3170 D SVR_MNG_SvrMngProxy: getServer: svrMngService doesn't start
05-22 06:30:15.509   573   573 D spi_rst_gpio_get_output: GPIO 145 value: 0
05-22 06:30:15.509   573   573 D spidev_ioctl: gpio status=0)
05-22 07:11:41.778  2981  3177 I SentryImuMcuAngleSender: 179.9138rollDeg
05-22 07:11:41.778  2981  3177 I SentryImuMcuAngleSender: 1,0,0
05-22 07:11:41.780   573   573 I SpiService: fgesysctrl_getGPIO_status success val=1
05-22 07:11:41.780   486   580 I mcuc    : rev,n=1,6AA68107A2000A8900600104090012345639
05-22 07:11:41.781  1091  1116 I tboxmids_ap: [2026-05-22 07:11:41.780] [MCU RX] src=MCU dst=ZMQ len=10 type=BINARY data=00 08 60 01 04 09 00 12 34 56 
05-22 07:11:41.781   344   361 D automotive.vehicle@2.0-adayo-datacomm-mcu: MCUDatacomm sendMessageFromVehicle prop: 0x89, areaId: 0x0, status: 0x60, timestamp: 0x1
05-22 07:11:41.781   344   361 D automotive.vehicle@2.0-adayo-datacomm-mcu: MCUDatacomm 1sendMessageFromVehicle ---> type = 12 
05-22 07:11:41.781  1026  1026 I MyAppLog: [2026-05-22 07:11:41.781 I tboxap mcuCommTboxmidsRecvCb:96] [Mcu] [mcuCommTboxmidsRecvCb] recv from tboxmids, size:10
05-22 07:11:41.781  1026  1026 I MyAppLog: [2026-05-22 07:11:41.781 I tboxap mcuCommTboxmidsRecvCb:97] [Mcu] [tboxmids -> tboxap]: :00 08 60 01 04 09 00 12 34 56
05-22 07:11:41.781  1026  1026 I MyAppLog: [2026-05-22 07:11:41.781 I tboxap mcuPtlParseData:969] [Mcu] [Mcu  Parse]: (cmd):0900 (param):0900123456
05-22 06:30:15.523   573   573 D spi_rst_gpio_get_output: GPIO 145 value: 1
05-22 06:30:15.523   573   573 D spidev_ioctl: gpio status=1)
05-22 07:11:41.782  1026  1026 D MyAppLog: [2026-05-22 07:11:41.781 D tboxap mcuCommCbHandel:1009] [Mcu] [Mcu  Rev]: (cmd):0900 (param value):123456
05-22 07:11:41.782  1026  1026 W MyAppLog: [2026-05-22 07:11:41.781 W tboxap mcuParamDataRevPack:897] [Mcu] mcuParamDataRevPack start pack data!!!
05-22 07:11:41.782  1026  1026 I MyAppLog: [2026-05-22 07:11:41.781 I tboxap MCU_HANDSHAKE_IND_McuInd:296] [Mcu] [MCU_HANDSHAKE_IND_McuInd] wakeReason:0x12 -> loginReason:0x08
05-22 07:11:41.782  1026  1026 W MyAppLog: [2026-05-22 07:11:41.781 W tboxap mcuHandleHandshakeInd:991] [Mcu] [mcuHandleHandshakeInd] recv 0x0900 handshake response wakeReason:0x12 protoVer:0x34
05-22 07:11:41.785   291  1491 D EvsDriver: forwardFrame
05-22 07:11:41.786   573   573 I SpiService: fgesysctrl_getGPIO_status success val=1
05-22 07:11:41.786   291  1491 D EvsDriver: Delivered 0xb400007b2f47ca30 as id 0
05-22 07:11:41.786  1137  1137 D evsmanagerd: /dev/video4 forwarded the buffer #0 to 0xb4000071fa019690 from 0xb4000071fa01b7d0
05-22 06:30:15.529   573   573 D spi_rst_gpio_get_output: GPIO 145 value: 1
05-22 06:30:15.529   573   573 D spidev_ioctl: gpio status=1)
05-22 07:11:41.789   291  1135 D EvsDriver: doneWithFrame
05-22 07:11:41.790   964  1804 D [OMXB]  : usingANWBuffer: handle:0xebd42cc0, format:1, w:1920, h:1080
05-22 07:11:41.791   573   573 I SpiService: fgesysctrl_getGPIO_status success val=1
05-22 06:30:15.535   573   573 D spi_rst_gpio_get_output: GPIO 145 value: 1
05-22 06:30:15.535   573   573 D spidev_ioctl: gpio status=1)
05-22 07:11:41.794   544   544 D commservice260303: msg.id = 1028,0
05-22 07:11:41.794   544   544 D commservice260303: i = 170, msgid = 8A000404
05-22 07:11:41.794   544   544 D commservice260303: msgid = -1979710460,did=138
05-22 07:11:41.794   544   544 D commservice260303: CommProtocolLibCmdBaseI2C::dataproc {"command":{"id":"imu_status","sub":""},"content":{"TimeStamp":1779405101793,"FrameCounter":8847,"GD_X":-0.00908595696091652,"GD_Y":0.007634742185473442,"GD_Z":0.017867106944322586,"AD_X":-7.302910089492798E-4,"AD_Y":0.005226213485002518,"AD_Z":-0.3309144973754883,"TempDsp":0,"Status":0,"CalibState":1,"SigAmpInvalid":0}},-1979710460
05-22 07:11:41.794   544   544 D commservice260303: send2Cluster len:322, 7B22636F6D6D616E64223A7B226964223A22696D755F737461747573222C22737562223A22227D2C22636F6E74656E74223A7B2254696D655374616D70223A313737393430353130313739332C224672616D65436F756E746572223A383834372C2247445F58223A2D302E30303930383539353639363039313635322C2247445F59223A302E3030373633343734323138353437333434322C2247445F5A223A302E3031373836373130363934343332323538362C2241445F58223A2D372E333032393130303839343932373938452D342C2241445F59223A302E3030353232363231333438353030323531382C2241445F5A223A2D302E333330393134343937333735343838332C2254656D70447370223A302C22537461747573223A302C2243616C69625374617465223A312C22536967416D70496E76616C6964223A307D7D, 138 
05-22 07:11:41.794   544   544 D commservice260303: Push Message into SendPool fn=1411579904
05-22 07:11:41.794   544   544 D commservice260303: ComProtocolLibSend2Cluster::send2ClusterRaw fn=1411579904 , len=338
05-22 07:11:41.794   544   544 D commservice260303: sendCmdToPort :338!!!
05-22 07:11:41.794   544   544 D commservice260303: send Cmd To Port ++++5AA5014E8A01000023546A0F912D7B22636F6D6D616E64223A7B226964223A22696D755F737461747573222C22737562223A22227D2C22636F6E74656E74223A7B2254696D655374616D70223A313737393430353130313739332C224672616D65436F756E746572223A383834372C2247445F58223A2D302E30303930383539353639363039313635322C2247445F59223A302E3030373633343734323138353437333434322C2247445F5A223A302E3031373836373130363934343332323538362C2241445F58223A2D372E333032393130303839343932373938452D342C2241445F59223A302E3030353232363231333438353030323531382C2241445F5A223A2D302E333330393134343937333735343838332C2254656D70447370223A302C22537461747573223A302C2243616C69625374617465223A312C22536967416D70496E76616C6964223A307D7D7C3D
05-22 07:11:41.794   544   544 D commservice260303: bufferevent_write retrun value = 0
05-22 07:11:41.794   544   567 D commservice260303: client datas send succeed,send finish
05-22 07:11:41.795  2981  3178 D Sentinelmode_1.2.5.13_alpha: <SentryImuClusterFgeSender>imu_status sent to Linux, frame=8847, tsNs=386769, tsMs=1779405101793, intervalMs=40, ad=(-7.30291E-4,0.0052262135,-0.3309145), gd=(-0.009085957,0.007634742,0.017867107)
05-22 07:11:41.797   573   573 I SpiService: fgesysctrl_getGPIO_status success val=1
05-22 07:11:41.797   276   300 I rvcservice: t.code = 3, t.value = 0
05-22 06:30:15.540   573   573 D spi_rst_gpio_get_output: GPIO 145 value: 1
05-22 06:30:15.540   573   573 D spidev_ioctl: gpio status=1)
05-22 07:11:41.798  2981  3177 I SentryImuMcuAngleSender: 179.90001rollDeg
05-22 07:11:41.798  2981  3177 I SentryImuMcuAngleSender: 1,0,0
05-22 07:11:41.802   573   573 I SpiService: fgesysctrl_getGPIO_status success val=1
05-22 06:30:15.545   573   573 D spi_rst_gpio_get_output: GPIO 145 value: 1
05-22 06:30:15.545   573   573 D spidev_ioctl: gpio status=1)
05-22 07:11:41.807   573   573 I SpiService: fgesysctrl_getGPIO_status success val=0
05-22 07:11:41.807   486   579 I mcuc    : send SPI:6AA60207A200028900CA
05-22 06:30:15.551   573   573 D spi_rst_gpio_get_output: GPIO 145 value: 0
05-22 06:30:15.551   573   573 D spidev_ioctl: gpio status=0)
05-22 07:11:41.818  2981  3177 I SentryImuMcuAngleSender: 179.90346rollDeg
05-22 07:11:41.818  2981  3177 I SentryImuMcuAngleSender: 1,0,0
05-22 07:11:41.821   573   573 I SpiService: fgesysctrl_getGPIO_status success val=1
