05-22 07:11:40.735  2626  2832 E ExtUsbManager: 	at ts.car.usb.utils.AutoServiceConnector4Hidl.autoConnect(AutoServiceConnector4Hidl.java:47)
05-22 07:11:40.735  2626  2832 E ExtUsbManager: 	at ts.car.usb.utils.AutoServiceConnector4Hidl$$ExternalSyntheticLambda0.run(Unknown Source:2)
05-22 07:11:40.735  2626  2832 E ExtUsbManager: 	at android.os.Handler.handleCallback(Handler.java:942)
05-22 07:11:40.735  2626  2832 E ExtUsbManager: 	at android.os.Handler.dispatchMessage(Handler.java:99)
05-22 07:11:40.735  2626  2832 E ExtUsbManager: 	at android.os.Looper.loopOnce(Looper.java:201)
05-22 07:11:40.735  2626  2832 E ExtUsbManager: 	at android.os.Looper.loop(Looper.java:288)
05-22 07:11:40.735  2626  2832 E ExtUsbManager: 	at android.os.HandlerThread.run(HandlerThread.java:67)
05-22 07:11:40.735   260   260 D libvintf: HalManifest::getHidlTransport(framework): Cannot find android.hardware.usb.gadget@1.0::IUsbGadget/default
05-22 07:11:40.735   260   260 D libvintf: HalManifest::getHidlTransport(device): Cannot find android.hardware.usb.gadget@1.0::IUsbGadget/default
05-22 07:11:40.735   260   260 I hwservicemanager: getTransport: Cannot find entry android.hardware.usb.gadget@1.0::IUsbGadget/default in either framework or device VINTF manifest.
05-22 07:11:40.736  2626  2832 E ExtUsbManager: UsbGadgetController: android.hardware.usb.gadget.V1_0.IUsbGadget getService failed!
05-22 07:11:40.736  2626  2832 E ExtUsbManager: java.util.NoSuchElementException
05-22 07:11:40.736  2626  2832 E ExtUsbManager: 	at android.os.HwBinder.getService(Native Method)
05-22 07:11:40.736  2626  2832 E ExtUsbManager: 	at android.os.HwBinder.getService(HwBinder.java:81)
05-22 07:11:40.736  2626  2832 E ExtUsbManager: 	at android.hardware.usb.gadget.V1_0.IUsbGadget.getService(IUsbGadget.java:74)
05-22 07:11:40.736  2626  2832 E ExtUsbManager: 	at android.hardware.usb.gadget.V1_0.IUsbGadget.getService(IUsbGadget.java:84)
05-22 07:11:40.736  2626  2832 E ExtUsbManager: 	at ts.car.usb.UsbGadgetController.createService(UsbGadgetController.java:36)
05-22 07:11:40.736  2626  2832 E ExtUsbManager: 	at ts.car.usb.UsbGadgetController.createService(UsbGadgetController.java:17)
05-22 07:11:40.736  2626  2832 E ExtUsbManager: 	at ts.car.usb.utils.AutoServiceConnector4Hidl.autoConnect(AutoServiceConnector4Hidl.java:47)
05-22 07:11:40.736  2626  2832 E ExtUsbManager: 	at ts.car.usb.utils.AutoServiceConnector4Hidl$$ExternalSyntheticLambda0.run(Unknown Source:2)
05-22 07:11:40.736  2626  2832 E ExtUsbManager: 	at android.os.Handler.handleCallback(Handler.java:942)
05-22 07:11:40.736  2626  2832 E ExtUsbManager: 	at android.os.Handler.dispatchMessage(Handler.java:99)
05-22 07:11:40.736  2626  2832 E ExtUsbManager: 	at android.os.Looper.loopOnce(Looper.java:201)
05-22 07:11:40.736  2626  2832 E ExtUsbManager: 	at android.os.Looper.loop(Looper.java:288)
05-22 07:11:40.736  2626  2832 E ExtUsbManager: 	at android.os.HandlerThread.run(HandlerThread.java:67)
05-22 06:30:14.477   573   573 D spi_rst_gpio_get_output: GPIO 145 value: 1
05-22 06:30:14.477   573   573 D spidev_ioctl: gpio status=1)
05-22 07:11:40.739   544   544 D commservice260303: msg.id = 1028,0
05-22 07:11:40.739   544   544 D commservice260303: i = 170, msgid = 8A000404
05-22 07:11:40.739   544   544 D commservice260303: msgid = -1979710460,did=138
05-22 07:11:40.739   544   544 D commservice260303: CommProtocolLibCmdBaseI2C::dataproc {"command":{"id":"imu_status","sub":""},"content":{"TimeStamp":1779405100739,"FrameCounter":8821,"GD_X":-0.008322898298501968,"GD_Y":0.007634742185473442,"GD_Z":0.018020030111074448,"AD_X":-0.005622357130050659,"AD_Y":-8.487896993756294E-4,"AD_Z":-0.3309144973754883,"TempDsp":0,"Status":0,"CalibState":1,"SigAmpInvalid":0}},-1979710460
05-22 07:11:40.739   573   573 I SpiService: fgesysctrl_getGPIO_status success val=1
05-22 07:11:40.739   544   544 D commservice260303: send2Cluster len:324, 7B22636F6D6D616E64223A7B226964223A22696D755F737461747573222C22737562223A22227D2C22636F6E74656E74223A7B2254696D655374616D70223A313737393430353130303733392C224672616D65436F756E746572223A383832312C2247445F58223A2D302E3030383332323839383239383530313936382C2247445F59223A302E3030373633343734323138353437333434322C2247445F5A223A302E3031383032303033303131313037343434382C2241445F58223A2D302E3030353632323335373133303035303635392C2241445F59223A2D382E343837383936393933373536323934452D342C2241445F5A223A2D302E333330393134343937333735343838332C2254656D70447370223A302C22537461747573223A302C2243616C69625374617465223A312C22536967416D70496E76616C6964223A307D7D, 138 
05-22 07:11:40.739   544   544 D commservice260303: Push Message into SendPool fn=958595072
05-22 07:11:40.739   544   544 D commservice260303: ComProtocolLibSend2Cluster::send2ClusterRaw fn=958595072 , len=340
05-22 07:11:40.739   544   544 D commservice260303: sendCmdToPort :340!!!
05-22 07:11:40.740   544   544 D commservice260303: send Cmd To Port ++++5AA501508A01000023396A0F912C7B22636F6D6D616E64223A7B226964223A22696D755F737461747573222C22737562223A22227D2C22636F6E74656E74223A7B2254696D655374616D70223A313737393430353130303733392C224672616D65436F756E746572223A383832312C2247445F58223A2D302E3030383332323839383239383530313936382C2247445F59223A302E3030373633343734323138353437333434322C2247445F5A223A302E3031383032303033303131313037343434382C2241445F58223A2D302E3030353632323335373133303035303635392C2241445F59223A2D382E343837383936393933373536323934452D342C2241445F5A223A2D302E333330393134343937333735343838332C2254656D70447370223A302C22537461747573223A302C2243616C69625374617465223A312C22536967416D70496E76616C6964223A307D7D0D0F
05-22 07:11:40.740   544   544 D commservice260303: bufferevent_write retrun value = 0
05-22 07:11:40.740   544   567 D commservice260303: client datas send succeed,send finish
05-22 07:11:40.740  2981  3178 D Sentinelmode_1.2.5.13_alpha: <SentryImuClusterFgeSender>imu_status sent to Linux, frame=8821, tsNs=385710, tsMs=1779405100739, intervalMs=41, ad=(-0.005622357,-8.487897E-4,-0.3309145), gd=(-0.008322898,0.007634742,0.01802003)
05-22 06:30:14.483   573   573 D spi_rst_gpio_get_output: GPIO 145 value: 1
05-22 06:30:14.483   573   573 D spidev_ioctl: gpio status=1)
05-22 07:11:40.743  2981  3177 I SentryImuMcuAngleSender: 179.9345rollDeg
05-22 07:11:40.744  2981  3177 I SentryImuMcuAngleSender: 1,0,0
05-22 07:11:40.745   573   573 I SpiService: fgesysctrl_getGPIO_status success val=0
05-22 06:30:14.488   573   573 D spi_rst_gpio_get_output: GPIO 145 value: 0
05-22 06:30:14.488   573   573 D spidev_ioctl: gpio status=0)
05-22 07:11:40.747   565   599 I Sensors : 230 GyroSensor: x:-0.008552,y:0.007483,z:0.018096
05-22 07:11:40.756   291  1491 D EvsDriver: forwardFrame
05-22 07:11:40.757   291  1491 D EvsDriver: Delivered 0xb400007b2f47ca30 as id 0
05-22 07:11:40.758  1137  1137 D evsmanagerd: /dev/video4 forwarded the buffer #0 to 0xb4000071fa019690 from 0xb4000071fa01b7d0
05-22 07:11:40.758   573   573 I SpiService: fgesysctrl_getGPIO_status success val=1
05-22 07:11:40.759   558  1141 I gps_hdbd: [gps_upgrade_thread 3506]Enter
05-22 07:11:40.759   558  1141 I gps_hdbd: [gps_upgrade_thread 3535] sys.gps.update:0 ,file:not ,upgrate_ing:0
05-22 07:11:40.760   291  1135 D EvsDriver: doneWithFrame
05-22 07:11:40.763   964  1804 D [OMXB]  : usingANWBuffer: handle:0xebd42cc0, format:1, w:1920, h:1080
05-22 06:30:14.502   573   573 D spi_rst_gpio_get_output: GPIO 145 value: 1
05-22 06:30:14.502   573   573 D spidev_ioctl: gpio status=1)
05-22 06:30:14.507   573   573 D spi_rst_gpio_get_output: GPIO 145 value: 1
05-22 06:30:14.507   573   573 D spidev_ioctl: gpio status=1)
05-22 07:11:40.764   573   573 I SpiService: fgesysctrl_getGPIO_status success val=1
05-22 07:11:40.765  2981  3170 D SVR_MNG_SvrMngProxy: getServer: mSvrManger is null
05-22 07:11:40.765  2981  3170 D SVR_MNG_SvrMngProxy: getNewStub: 
05-22 07:11:40.765  2981  3170 D SVR_MNG_SvrMngProxy: getNewStub: getSvrManagerService start
05-22 07:11:40.765  2981  3177 I SentryImuMcuAngleSender: 179.9276rollDeg
05-22 07:11:40.766  2981  3177 I SentryImuMcuAngleSender: 1,0,0
05-22 07:11:40.766  2981  3170 D SVR_MNG_SvrMngProxy: getNewStub: getSvrManagerService end
05-22 07:11:40.766  2981  3170 D SVR_MNG_SvrMngProxy: getServer: svrMngService doesn't start
05-22 06:30:14.513   573   573 D spi_rst_gpio_get_output: GPIO 145 value: 1
05-22 06:30:14.513   573   573 D spidev_ioctl: gpio status=1)
05-22 07:11:40.769   573   573 I SpiService: fgesysctrl_getGPIO_status success val=1
05-22 07:11:40.775   573   573 I SpiService: fgesysctrl_getGPIO_status success val=1
05-22 06:30:14.519   573   573 D spi_rst_gpio_get_output: GPIO 145 value: 1
05-22 06:30:14.519   573   573 D spidev_ioctl: gpio status=1)
05-22 07:11:40.780   544   544 D commservice260303: msg.id = 1028,0
05-22 07:11:40.780   544   544 D commservice260303: i = 170, msgid = 8A000404
05-22 07:11:40.780   544   544 D commservice260303: msgid = -1979710460,did=138
05-22 07:11:40.780   544   544 D commservice260303: CommProtocolLibCmdBaseI2C::dataproc {"command":{"id":"imu_status","sub":""},"content":{"TimeStamp":1779405100779,"FrameCounter":8822,"GD_X":-0.009161898866295815,"GD_Y":0.006948145572096109,"GD_Z":0.017867106944322586,"AD_X":-0.00622972846031189,"AD_Y":-2.3811403661966324E-4,"AD_Z":-0.3315248489379883,"TempDsp":0,"Status":0,"CalibState":1,"SigAmpInvalid":0}},-1979710460
05-22 07:11:40.780   544   544 D commservice260303: send2Cluster len:324, 7B22636F6D6D616E64223A7B226964223A22696D755F737461747573222C22737562223A22227D2C22636F6E74656E74223A7B2254696D655374616D70223A313737393430353130303737392C224672616D65436F756E746572223A383832322C2247445F58223A2D302E3030393136313839383836363239353831352C2247445F59223A302E3030363934383134353537323039363130392C2247445F5A223A302E3031373836373130363934343332323538362C2241445F58223A2D302E30303632323937323834363033313138392C2241445F59223A2D322E33383131343033363631393636333234452D342C2241445F5A223A2D302E333331353234383438393337393838332C2254656D70447370223A302C22537461747573223A302C2243616C69625374617465223A312C22536967416D70496E76616C6964223A307D7D, 138 
05-22 07:11:40.780   544   544 D commservice260303: Push Message into SendPool fn=975372288
05-22 07:11:40.780   544   544 D commservice260303: ComProtocolLibSend2Cluster::send2ClusterRaw fn=975372288 , len=340
05-22 07:11:40.780   544   544 D commservice260303: sendCmdToPort :340!!!
05-22 07:11:40.780   544   544 D commservice260303: send Cmd To Port ++++5AA501508A010000233A6A0F912C7B22636F6D6D616E64223A7B226964223A22696D755F737461747573222C22737562223A22227D2C22636F6E74656E74223A7B2254696D655374616D70223A313737393430353130303737392C224672616D65436F756E746572223A383832322C2247445F58223A2D302E3030393136313839383836363239353831352C2247445F59223A302E3030363934383134353537323039363130392C2247445F5A223A302E3031373836373130363934343332323538362C2241445F58223A2D302E30303632323937323834363033313138392C2241445F59223A2D322E33383131343033363631393636333234452D342C2241445F5A223A2D302E333331353234383438393337393838332C2254656D70447370223A302C22537461747573223A302C2243616C69625374617465223A312C22536967416D70496E76616C6964223A307D7D0F67
05-22 07:11:40.780   544   544 D commservice260303: bufferevent_write retrun value = 0
05-22 07:11:40.780   544   567 D commservice260303: client datas send succeed,send finish
05-22 07:11:40.781   573   573 I SpiService: fgesysctrl_getGPIO_status success val=0
05-22 07:11:40.781  2981  3178 D Sentinelmode_1.2.5.13_alpha: <SentryImuClusterFgeSender>imu_status sent to Linux, frame=8822, tsNs=385746, tsMs=1779405100779, intervalMs=41, ad=(-0.0062297285,-2.3811404E-4,-0.33152485), gd=(-0.009161899,0.0069481456,0.017867107)
05-22 06:30:14.524   573   573 D spi_rst_gpio_get_output: GPIO 145 value: 0
05-22 06:30:14.524   573   573 D spidev_ioctl: gpio status=0)
05-22 07:11:40.786  2981  3177 I SentryImuMcuAngleSender: 179.94139rollDeg
05-22 07:11:40.786  2981  3177 I SentryImuMcuAngleSender: 1,0,0
05-22 07:11:40.790   291  1491 D EvsDriver: forwardFrame
05-22 07:11:40.792   291  1491 D EvsDriver: Delivered 0xb400007b2f47ca30 as id 0
05-22 07:11:40.792  1137  1137 D evsmanagerd: /dev/video4 forwarded the buffer #0 to 0xb4000071fa019690 from 0xb4000071fa01b7d0
05-22 07:11:40.794   291  1135 D EvsDriver: doneWithFrame
05-22 07:11:40.795   573   573 I SpiService: fgesysctrl_getGPIO_status success val=1
05-22 07:11:40.795   276   300 I rvcservice: t.code = 3, t.value = 0
05-22 07:11:40.796   964  1804 D [OMXB]  : usingANWBuffer: handle:0xebd41ae0, format:1, w:1920, h:1080
05-22 06:30:14.538   573   573 D spi_rst_gpio_get_output: GPIO 145 value: 1
05-22 06:30:14.538   573   573 D spidev_ioctl: gpio status=1)
05-22 06:30:14.544   573   573 D spi_rst_gpio_get_output: GPIO 145 value: 1
05-22 06:30:14.544   573   573 D spidev_ioctl: gpio status=1)
05-22 07:11:40.800   573   573 I SpiService: fgesysctrl_getGPIO_status success val=1
05-22 07:11:40.806   573   573 I SpiService: fgesysctrl_getGPIO_status success val=1
05-22 07:11:40.806  2981  3177 I SentryImuMcuAngleSender: 179.94482rollDeg
05-22 07:11:40.806  2981  3177 I SentryImuMcuAngleSender: 1,0,0
05-22 06:30:14.549   573   573 D spi_rst_gpio_get_output: GPIO 145 value: 1
05-22 06:30:14.549   573   573 D spidev_ioctl: gpio status=1)
05-22 07:11:40.811   573   573 I SpiService: fgesysctrl_getGPIO_status success val=1
05-22 06:30:14.554   573   573 D spi_rst_gpio_get_output: GPIO 145 value: 1
05-22 06:30:14.554   573   573 D spidev_ioctl: gpio status=1)
05-22 07:11:40.816   573   573 I SpiService: fgesysctrl_getGPIO_status success val=1
05-22 06:30:14.560   573   573 D spi_rst_gpio_get_output: GPIO 145 value: 1
05-22 06:30:14.560   573   573 D spidev_ioctl: gpio status=1)
05-22 07:11:40.819   544   544 D commservice260303: msg.id = 1028,0
05-22 07:11:40.819   544   544 D commservice260303: i = 170, msgid = 8A000404
05-22 07:11:40.819   544   544 D commservice260303: msgid = -1979710460,did=138
05-22 07:11:40.819   544   544 D commservice260303: CommProtocolLibCmdBaseI2C::dataproc {"command":{"id":"imu_status","sub":""},"content":{"TimeStamp":1779405100819,"FrameCounter":8823,"GD_X":-0.010690094903111458,"GD_Y":0.007482858840376139,"GD_Z":0.017332913354039192,"AD_X":-0.001955084502696991,"AD_Y":0.004642311483621597,"AD_Z":-0.3309144973754883,"TempDsp":0,"Status":0,"CalibState":1,"SigAmpInvalid":0}},-1979710460
05-22 07:11:40.820   544   544 D commservice260303: send2Cluster len:323, 7B22636F6D6D616E64223A7B226964223A22696D755F737461747573222C22737562223A22227D2C22636F6E74656E74223A7B2254696D655374616D70223A313737393430353130303831392C224672616D65436F756E746572223A383832332C2247445F58223A2D302E3031303639303039343930333131313435382C2247445F59223A302E3030373438323835383834303337363133392C2247445F5A223A302E3031373333323931333335343033393139322C2241445F58223A2D302E3030313935353038343530323639363939312C2241445F59223A302E3030343634323331313438333632313539372C2241445F5A223A2D302E333330393134343937333735343838332C2254656D70447370223A302C22537461747573223A302C2243616C69625374617465223A312C22536967416D70496E76616C6964223A307D7D, 138 
05-22 07:11:40.820   544   544 D commservice260303: Push Message into SendPool fn=992149504
05-22 07:11:40.820   544   544 D commservice260303: ComProtocolLibSend2Cluster::send2ClusterRaw fn=992149504 , len=339
05-22 07:11:40.820   544   544 D commservice260303: sendCmdToPort :339!!!
05-22 07:11:40.820   544   544 D commservice260303: send Cmd To Port ++++5AA5014F8A010000233B6A0F912C7B22636F6D6D616E64223A7B226964223A22696D755F737461747573222C22737562223A22227D2C22636F6E74656E74223A7B2254696D655374616D70223A313737393430353130303831392C224672616D65436F756E746572223A383832332C2247445F58223A2D302E3031303639303039343930333131313435382C2247445F59223A302E3030373438323835383834303337363133392C2247445F5A223A302E3031373333323931333335343033393139322C2241445F58223A2D302E3030313935353038343530323639363939312C2241445F59223A302E3030343634323331313438333632313539372C2241445F5A223A2D302E333330393134343937333735343838332C2254656D70447370223A302C22537461747573223A302C2243616C69625374617465223A312C22536967416D70496E76616C6964223A307D7D1078
05-22 07:11:40.821   544   544 D commservice260303: bufferevent_write retrun value = 0
05-22 07:11:40.821   544   567 D commservice260303: client datas send succeed,send finish
05-22 07:11:40.821  2981  3178 D Sentinelmode_1.2.5.13_alpha: <SentryImuClusterFgeSender>imu_status sent to Linux, frame=8823, tsNs=385800, tsMs=1779405100819, intervalMs=40, ad=(-0.0019550845,0.0046423115,-0.3309145), gd=(-0.010690095,0.007482859,0.017332913)
05-22 07:11:40.822   573   573 I SpiService: fgesysctrl_getGPIO_status success val=0
05-22 06:30:14.565   573   573 D spi_rst_gpio_get_output: GPIO 145 value: 0
05-22 06:30:14.565   573   573 D spidev_ioctl: gpio status=0)
05-22 07:11:40.827  2981  3177 I SentryImuMcuAngleSender: 179.90346rollDeg
05-22 07:11:40.827   291  1491 D EvsDriver: forwardFrame
05-22 07:11:40.827  2981  3177 I SentryImuMcuAngleSender: 1,0,0
05-22 07:11:40.828   291  1491 D EvsDriver: Delivered 0xb400007b2f47ca30 as id 0
05-22 07:11:40.828  1137  1137 D evsmanagerd: /dev/video4 forwarded the buffer #0 to 0xb4000071fa019690 from 0xb4000071fa01b7d0
05-22 07:11:40.829   291  1135 D EvsDriver: doneWithFrame
05-22 07:11:40.835   573   573 I SpiService: fgesysctrl_getGPIO_status success val=1
05-22 06:30:14.579   573   573 D spi_rst_gpio_get_output: GPIO 145 value: 1
05-22 06:30:14.579   573   573 D spidev_ioctl: gpio status=1)
05-22 07:11:40.841   573   573 I SpiService: fgesysctrl_getGPIO_status success val=1
05-22 06:30:14.584   573   573 D spi_rst_gpio_get_output: GPIO 145 value: 1
05-22 06:30:14.584   573   573 D spidev_ioctl: gpio status=1)
05-22 07:11:40.846   573   573 I SpiService: fgesysctrl_getGPIO_status success val=1
05-22 07:11:40.848  2981  3177 I SentryImuMcuAngleSender: 179.89655rollDeg
05-22 07:11:40.848  2981  3177 I SentryImuMcuAngleSender: 1,0,0
05-22 06:30:14.589   573   573 D spi_rst_gpio_get_output: GPIO 145 value: 1
05-22 06:30:14.589   573   573 D spidev_ioctl: gpio status=1)
05-22 07:11:40.851   573   573 I SpiService: fgesysctrl_getGPIO_status success val=1
05-22 07:11:40.852   291  1491 D EvsDriver: forwardFrame
05-22 07:11:40.853   291  1491 D EvsDriver: Delivered 0xb400007b2f47ca30 as id 0
05-22 06:30:14.595   573   573 D spi_rst_gpio_get_output: GPIO 145 value: 1
05-22 07:11:40.854  1137  1137 D evsmanagerd: /dev/video4 forwarded the buffer #0 to 0xb4000071fa019690 from 0xb4000071fa01b7d0
05-22 06:30:14.595   573   573 D spidev_ioctl: gpio status=1)
05-22 07:11:40.856   291  1135 D EvsDriver: doneWithFrame
05-22 07:11:40.857   573   573 I SpiService: fgesysctrl_getGPIO_status success val=1
05-22 06:30:14.600   573   573 D spi_rst_gpio_get_output: GPIO 145 value: 1
05-22 06:30:14.600   573   573 D spidev_ioctl: gpio status=1)
05-22 07:11:40.858   964  1804 D [OMXB]  : usingANWBuffer: handle:0xebd40d20, format:1, w:1920, h:1080
05-22 07:11:40.859   544   544 D commservice260303: msg.id = 1028,0
05-22 07:11:40.859   544   544 D commservice260303: i = 170, msgid = 8A000404
05-22 07:11:40.859   544   544 D commservice260303: msgid = -1979710460,did=138
05-22 07:11:40.859   544   544 D commservice260303: CommProtocolLibCmdBaseI2C::dataproc {"command":{"id":"imu_status","sub":""},"content":{"TimeStamp":1779405100859,"FrameCounter":8824,"GD_X":-0.009467746131122112,"GD_Y":0.00801705103367567,"GD_Z":0.01756177842617035,"AD_X":-0.0056150853633880615,"AD_Y":-0.003288380801677704,"AD_Z":-0.3272542953491211,"TempDsp":0,"Status":0,"CalibState":1,"SigAmpInvalid":0}},-1979710460
05-22 07:11:40.859   544   544 D commservice260303: send2Cluster len:323, 7B22636F6D6D616E64223A7B226964223A22696D755F737461747573222C22737562223A22227D2C22636F6E74656E74223A7B2254696D655374616D70223A313737393430353130303835392C224672616D65436F756E746572223A383832342C2247445F58223A2D302E3030393436373734363133313132323131322C2247445F59223A302E30303830313730353130333336373536372C2247445F5A223A302E30313735363137373834323631373033352C2241445F58223A2D302E303035363135303835333633333838303631352C2241445F59223A2D302E3030333238383338303830313637373730342C2241445F5A223A2D302E333237323534323935333439313231312C2254656D70447370223A302C22537461747573223A302C2243616C69625374617465223A312C22536967416D70496E76616C6964223A307D7D, 138 
05-22 07:11:40.860   544   544 D commservice260303: Push Message into SendPool fn=1008926720
05-22 07:11:40.860   544   544 D commservice260303: ComProtocolLibSend2Cluster::send2ClusterRaw fn=1008926720 , len=339
05-22 07:11:40.860   544   544 D commservice260303: sendCmdToPort :339!!!
05-22 07:11:40.860   544   544 D commservice260303: send Cmd To Port ++++5AA5014F8A010000233C6A0F912C7B22636F6D6D616E64223A7B226964223A22696D755F737461747573222C22737562223A22227D2C22636F6E74656E74223A7B2254696D655374616D70223A313737393430353130303835392C224672616D65436F756E746572223A383832342C2247445F58223A2D302E3030393436373734363133313132323131322C2247445F59223A302E30303830313730353130333336373536372C2247445F5A223A302E30313735363137373834323631373033352C2241445F58223A2D302E303035363135303835333633333838303631352C2241445F59223A2D302E3030333238383338303830313637373730342C2241445F5A223A2D302E333237323534323935333439313231312C2254656D70447370223A302C22537461747573223A302C2243616C69625374617465223A312C22536967416D70496E76616C6964223A307D7D5164
05-22 07:11:40.860   544   544 D commservice260303: bufferevent_write retrun value = 0
05-22 07:11:40.860   544   567 D commservice260303: client datas send succeed,send finish
05-22 07:11:40.860  2981  3178 D Sentinelmode_1.2.5.13_alpha: <SentryImuClusterFgeSender>imu_status sent to Linux, frame=8824, tsNs=385836, tsMs=1779405100859, intervalMs=39, ad=(-0.0056150854,-0.0032883808,-0.3272543), gd=(-0.009467746,0.008017051,0.017561778)
05-22 07:11:40.862   573   573 I SpiService: fgesysctrl_getGPIO_status success val=1
05-22 06:30:14.606   573   573 D spi_rst_gpio_get_output: GPIO 145 value: 1
05-22 06:30:14.606   573   573 D spidev_ioctl: gpio status=1)
05-22 07:11:40.868   573   573 I SpiService: fgesysctrl_getGPIO_status success val=0
05-22 07:11:40.869  2981  3177 I SentryImuMcuAngleSender: 179.94826rollDeg
05-22 07:11:40.869  2981  3177 I SentryImuMcuAngleSender: 1,0,0
05-22 06:30:14.611   573   573 D spi_rst_gpio_get_output: GPIO 145 value: 0
05-22 06:30:14.611   573   573 D spidev_ioctl: gpio status=0)
05-22 07:11:40.882   573   573 I SpiService: fgesysctrl_getGPIO_status success val=1
05-22 07:11:40.882   486   580 I mcuc    : rev,n=1,6AA681079D001489005F060003080101010101010101010103FF01C1
05-22 07:11:40.882   344   361 D automotive.vehicle@2.0-adayo-datacomm-mcu: MCUDatacomm sendMessageFromVehicle prop: 0x89, areaId: 0x0, status: 0x5f, timestamp: 0x6
05-22 07:11:40.882   344   361 D automotive.vehicle@2.0-adayo-datacomm-mcu: MCUDatacomm 1sendMessageFromVehicle ---> type = 3 
05-22 07:11:40.882   344   361 D automotive.vehicle@2.0-adayo-func-bcm: sendMessageFromVehicle sendMessageFromVehicle
05-22 07:11:40.882   344   511 D automotive.vehicle@2.0-adayo-func-bcm: jjfan1 ______procotolSize :13
05-22 07:11:40.882   344   511 D automotive.vehicle@2.0-adayo-func-bcm: BCMFunc sendMessageFromVehicle_l dataType: 12,mByte=7,propid=0x21400056
05-22 07:11:40.882   344   511 D automotive.vehicle@2.0-adayo-func-bcm: BCMFunc sendMessageFromVehicle_l msgBuff[7]=0x1,start:0,len:8,temp:8,
05-22 07:11:40.882   344   511 D automotive.vehicle@2.0-adayo-func-bcm: BCMFunc sendMessageFromVehicle_l prop: 0x21400056 ,areaId: 0x0  SPLITE_BIT_DATA_INTEGER : 1
05-22 07:11:40.882   344   511 D automotive.vehicle@2.0-adayo-func-bcm: BCMFunc sendMessageFromVehicle_l id:557842518, area:0 not report! 
05-22 07:11:40.882   344   511 D automotive.vehicle@2.0-adayo-func-bcm: BCMFunc sendMessageFromVehicle_l dataType: 12,mByte=8,propid=0x21400057
05-22 07:11:40.882   344   511 D automotive.vehicle@2.0-adayo-func-bcm: BCMFunc sendMessageFromVehicle_l msgBuff[8]=0x1,start:0,len:8,temp:8,
05-22 07:11:40.882   344   511 D automotive.vehicle@2.0-adayo-func-bcm: BCMFunc sendMessageFromVehicle_l prop: 0x21400057 ,areaId: 0x0  SPLITE_BIT_DATA_INTEGER : 1
05-22 07:11:40.882   344   511 D automotive.vehicle@2.0-adayo-func-bcm: BCMFunc sendMessageFromVehicle_l id:557842519, area:0 not report! 
05-22 07:11:40.883   344   511 D automotive.vehicle@2.0-adayo-func-bcm: BCMFunc sendMessageFromVehicle_l dataType: 12,mByte=9,propid=0x21400058
05-22 07:11:40.883   344   511 D automotive.vehicle@2.0-adayo-func-bcm: BCMFunc sendMessageFromVehicle_l msgBuff[9]=0x1,start:0,len:8,temp:8,
05-22 07:11:40.883   344   511 D automotive.vehicle@2.0-adayo-func-bcm: BCMFunc sendMessageFromVehicle_l prop: 0x21400058 ,areaId: 0x0  SPLITE_BIT_DATA_INTEGER : 1
05-22 07:11:40.883   344   511 D automotive.vehicle@2.0-adayo-func-bcm: BCMFunc sendMessageFromVehicle_l id:557842520, area:0 not report! 
05-22 07:11:40.883   344   511 D automotive.vehicle@2.0-adayo-func-bcm: BCMFunc sendMessageFromVehicle_l dataType: 12,mByte=10,propid=0x21400059
05-22 07:11:40.883   344   511 D automotive.vehicle@2.0-adayo-func-bcm: BCMFunc sendMessageFromVehicle_l msgBuff[10]=0x1,start:0,len:8,temp:8,
05-22 07:11:40.883   344   511 D automotive.vehicle@2.0-adayo-func-bcm: BCMFunc sendMessageFromVehicle_l prop: 0x21400059 ,areaId: 0x0  SPLITE_BIT_DATA_INTEGER : 1
05-22 07:11:40.883   344   511 D automotive.vehicle@2.0-adayo-func-bcm: BCMFunc sendMessageFromVehicle_l id:557842521, area:0 not report! 
05-22 07:11:40.883   344   511 D automotive.vehicle@2.0-adayo-func-bcm: BCMFunc sendMessageFromVehicle_l dataType: 12,mByte=11,propid=0x2140005a
05-22 07:11:40.883   344   511 D automotive.vehicle@2.0-adayo-func-bcm: BCMFunc sendMessageFromVehicle_l msgBuff[11]=0x1,start:0,len:8,temp:8,
05-22 07:11:40.883   344   511 D automotive.vehicle@2.0-adayo-func-bcm: BCMFunc sendMessageFromVehicle_l prop: 0x2140005a ,areaId: 0x0  SPLITE_BIT_DATA_INTEGER : 1
05-22 07:11:40.883   344   511 D automotive.vehicle@2.0-adayo-func-bcm: BCMFunc sendMessageFromVehicle_l id:557842522, area:0 not report! 
05-22 07:11:40.883   344   511 D automotive.vehicle@2.0-adayo-func-bcm: BCMFunc sendMessageFromVehicle_l dataType: 12,mByte=12,propid=0x2140005b
05-22 07:11:40.883   344   511 D automotive.vehicle@2.0-adayo-func-bcm: BCMFunc sendMessageFromVehicle_l msgBuff[12]=0x1,start:0,len:8,temp:8,
05-22 07:11:40.883   344   511 D automotive.vehicle@2.0-adayo-func-bcm: BCMFunc sendMessageFromVehicle_l prop: 0x2140005b ,areaId: 0x0  SPLITE_BIT_DATA_INTEGER : 1
05-22 07:11:40.883   344   511 D automotive.vehicle@2.0-adayo-func-bcm: BCMFunc sendMessageFromVehicle_l id:557842523, area:0 not report! 
05-22 07:11:40.883   344   511 D automotive.vehicle@2.0-adayo-func-bcm: BCMFunc sendMessageFromVehicle_l dataType: 12,mByte=13,propid=0x2140005c
05-22 07:11:40.883   344   511 D automotive.vehicle@2.0-adayo-func-bcm: BCMFunc sendMessageFromVehicle_l msgBuff[13]=0x1,start:0,len:8,temp:8,
05-22 07:11:40.883   344   511 D automotive.vehicle@2.0-adayo-func-bcm: BCMFunc sendMessageFromVehicle_l prop: 0x2140005c ,areaId: 0x0  SPLITE_BIT_DATA_INTEGER : 1
05-22 07:11:40.883   344   511 D automotive.vehicle@2.0-adayo-func-bcm: BCMFunc sendMessageFromVehicle_l id:557842524, area:0 not report! 
05-22 07:11:40.883   344   511 D automotive.vehicle@2.0-adayo-func-bcm: BCMFunc sendMessageFromVehicle_l dataType: 12,mByte=14,propid=0x2140005d
05-22 07:11:40.883   344   511 D automotive.vehicle@2.0-adayo-func-bcm: BCMFunc sendMessageFromVehicle_l msgBuff[14]=0x1,start:0,len:8,temp:8,
05-22 07:11:40.883   344   511 D automotive.vehicle@2.0-adayo-func-bcm: BCMFunc sendMessageFromVehicle_l prop: 0x2140005d ,areaId: 0x0  SPLITE_BIT_DATA_INTEGER : 1
05-22 07:11:40.883   344   511 D automotive.vehicle@2.0-adayo-func-bcm: BCMFunc sendMessageFromVehicle_l id:557842525, area:0 not report! 
05-22 07:11:40.883   344   511 D automotive.vehicle@2.0-adayo-func-bcm: BCMFunc sendMessageFromVehicle_l dataType: 12,mByte=15,propid=0x2140005e
05-22 07:11:40.883   344   511 D automotive.vehicle@2.0-adayo-func-bcm: BCMFunc sendMessageFromVehicle_l msgBuff[15]=0x1,start:0,len:8,temp:8,
05-22 07:11:40.883   344   511 D automotive.vehicle@2.0-adayo-func-bcm: BCMFunc sendMessageFromVehicle_l prop: 0x2140005e ,areaId: 0x0  SPLITE_BIT_DATA_INTEGER : 1
05-22 07:11:40.883   344   511 D automotive.vehicle@2.0-adayo-func-bcm: BCMFunc sendMessageFromVehicle_l id:557842526, area:0 not report! 
05-22 07:11:40.883   344   511 D automotive.vehicle@2.0-adayo-func-bcm: BCMFunc sendMessageFromVehicle_l dataType: 12,mByte=16,propid=0x2140005f
05-22 07:11:40.883   344   511 D automotive.vehicle@2.0-adayo-func-bcm: BCMFunc sendMessageFromVehicle_l msgBuff[16]=0x1,start:0,len:8,temp:8,
05-22 07:11:40.883   344   511 D automotive.vehicle@2.0-adayo-func-bcm: BCMFunc sendMessageFromVehicle_l prop: 0x2140005f ,areaId: 0x0  SPLITE_BIT_DATA_INTEGER : 1
05-22 07:11:40.883   344   511 D automotive.vehicle@2.0-adayo-func-bcm: BCMFunc sendMessageFromVehicle_l id:557842527, area:0 not report! 
05-22 07:11:40.883   344   511 D automotive.vehicle@2.0-adayo-func-bcm: BCMFunc sendMessageFromVehicle_l dataType: 12,mByte=17,propid=0x21400060
05-22 07:11:40.883   344   511 D automotive.vehicle@2.0-adayo-func-bcm: BCMFunc sendMessageFromVehicle_l msgBuff[17]=0x3,start:0,len:8,temp:8,
05-22 07:11:40.883   344   511 D automotive.vehicle@2.0-adayo-func-bcm: BCMFunc sendMessageFromVehicle_l prop: 0x21400060 ,areaId: 0x0  SPLITE_BIT_DATA_INTEGER : 3
05-22 07:11:40.883   344   511 D automotive.vehicle@2.0-adayo-func-bcm: BCMFunc sendMessageFromVehicle_l id:557842528, area:0 not report! 
05-22 07:11:40.883   344   511 D automotive.vehicle@2.0-adayo-func-bcm: BCMFunc sendMessageFromVehicle_l dataType: 12,mByte=18,propid=0x21400061
05-22 07:11:40.883   344   511 D automotive.vehicle@2.0-adayo-func-bcm: BCMFunc sendMessageFromVehicle_l msgBuff[18]=0xff,start:0,len:8,temp:8,
05-22 07:11:40.883   344   511 D automotive.vehicle@2.0-adayo-func-bcm: BCMFunc sendMessageFromVehicle_l prop: 0x21400061 ,areaId: 0x0  SPLITE_BIT_DATA_INTEGER : 255
05-22 07:11:40.883   344   511 D automotive.vehicle@2.0-adayo-func-bcm: BCMFunc sendMessageFromVehicle_l id:557842529, area:0 not report! 
05-22 07:11:40.883   344   511 D automotive.vehicle@2.0-adayo-func-bcm: BCMFunc sendMessageFromVehicle_l dataType: 12,mByte=19,propid=0x2140010a
05-22 07:11:40.883   344   511 D automotive.vehicle@2.0-adayo-func-bcm: BCMFunc sendMessageFromVehicle_l msgBuff[19]=0x1,start:0,len:8,temp:8,
05-22 07:11:40.883   344   511 D automotive.vehicle@2.0-adayo-func-bcm: BCMFunc sendMessageFromVehicle_l prop: 0x2140010a ,areaId: 0x0  SPLITE_BIT_DATA_INTEGER : 1
05-22 07:11:40.883   344   511 D automotive.vehicle@2.0-adayo-func-bcm: BCMFunc sendMessageFromVehicle_l id:557842698, area:0 not report! 
05-22 06:30:14.625   573   573 D spi_rst_gpio_get_output: GPIO 145 value: 1
05-22 06:30:14.625   573   573 D spidev_ioctl: gpio status=1)
05-22 07:11:40.886  1026  1026 D MyAppLog: [2026-05-22 07:11:40.886 D tboxap tsp_WorkMachineProc:1086] [Tsp] [tsp_WorkMachineProc]TSP_WORK_LOGIN NOW !!!!
05-22 07:11:40.887   573   573 I SpiService: fgesysctrl_getGPIO_status success val=1
05-22 07:11:40.888   291  1491 D EvsDriver: forwardFrame
05-22 07:11:40.889  2981  3177 I SentryImuMcuAngleSender: 179.95172rollDeg
05-22 07:11:40.889   291  1491 D EvsDriver: Delivered 0xb400007b2f47ca30 as id 0
05-22 07:11:40.889  1137  1137 D evsmanagerd: /dev/video4 forwarded the buffer #0 to 0xb4000071fa019690 from 0xb4000071fa01b7d0
05-22 07:11:40.889  2981  3177 I SentryImuMcuAngleSender: 1,0,0
05-22 06:30:14.631   573   573 D spi_rst_gpio_get_output: GPIO 145 value: 1
05-22 06:30:14.631   573   573 D spidev_ioctl: gpio status=1)
05-22 07:11:40.893   573   573 I SpiService: fgesysctrl_getGPIO_status success val=1
05-22 07:11:40.893   291  1135 D EvsDriver: doneWithFrame
05-22 06:30:14.636   573   573 D spi_rst_gpio_get_output: GPIO 145 value: 1
05-22 06:30:14.636   573   573 D spidev_ioctl: gpio status=1)
05-22 07:11:40.895   964  1804 D [OMXB]  : usingANWBuffer: handle:0xebd41e50, format:1, w:1920, h:1080
05-22 07:11:40.896   276   300 I rvcservice: t.code = 0, t.value = 0
05-22 07:11:40.898   573   573 I SpiService: fgesysctrl_getGPIO_status success val=1
05-22 06:30:14.641   573   573 D spi_rst_gpio_get_output: GPIO 145 value: 1
05-22 06:30:14.641   573   573 D spidev_ioctl: gpio status=1)
05-22 07:11:40.902   544   544 D commservice260303: msg.id = 1028,0
05-22 07:11:40.902   544   544 D commservice260303: i = 170, msgid = 8A000404
05-22 07:11:40.902   544   544 D commservice260303: msgid = -1979710460,did=138
05-22 07:11:40.902   544   544 D commservice260303: CommProtocolLibCmdBaseI2C::dataproc {"command":{"id":"imu_status","sub":""},"content":{"TimeStamp":1779405100899,"FrameCounter":8825,"GD_X":-0.009010015055537224,"GD_Y":0.007864127866923809,"GD_Z":0.01756177842617035,"AD_X":-0.0043947696685791016,"AD_Y":3.734240308403969E-4,"AD_Z":-0.3309144973754883,"TempDsp":0,"Status":0,"CalibState":1,"SigAmpInvalid":0}},-1979710460
05-22 07:11:40.902   544   544 D commservice260303: send2Cluster len:323, 7B22636F6D6D616E64223A7B226964223A22696D755F737461747573222C22737562223A22227D2C22636F6E74656E74223A7B2254696D655374616D70223A313737393430353130303839392C224672616D65436F756E746572223A383832352C2247445F58223A2D302E3030393031303031353035353533373232342C2247445F59223A302E3030373836343132373836363932333830392C2247445F5A223A302E30313735363137373834323631373033352C2241445F58223A2D302E303034333934373639363638353739313031362C2241445F59223A332E373334323430333038343033393639452D342C2241445F5A223A2D302E333330393134343937333735343838332C2254656D70447370223A302C22537461747573223A302C2243616C69625374617465223A312C22536967416D70496E76616C6964223A307D7D, 138 
05-22 07:11:40.902   544   544 D commservice260303: Push Message into SendPool fn=1025703936
05-22 07:11:40.902   544   544 D commservice260303: ComProtocolLibSend2Cluster::send2ClusterRaw fn=1025703936 , len=339
05-22 07:11:40.902   544   544 D commservice260303: sendCmdToPort :339!!!
05-22 07:11:40.902   544   544 D commservice260303: send Cmd To Port ++++5AA5014F8A010000233D6A0F912C7B22636F6D6D616E64223A7B226964223A22696D755F737461747573222C22737562223A22227D2C22636F6E74656E74223A7B2254696D655374616D70223A313737393430353130303839392C224672616D65436F756E746572223A383832352C2247445F58223A2D302E3030393031303031353035353533373232342C2247445F59223A302E3030373836343132373836363932333830392C2247445F5A223A302E30313735363137373834323631373033352C2241445F58223A2D302E303034333934373639363638353739313031362C2241445F59223A332E373334323430333038343033393639452D342C2241445F5A223A2D302E333330393134343937333735343838332C2254656D70447370223A302C22537461747573223A302C2243616C69625374617465223A312C22536967416D70496E76616C6964223A307D7D6638
05-22 07:11:40.902   544   544 D commservice260303: bufferevent_write retrun value = 0
05-22 07:11:40.903   544   567 D commservice260303: client datas send succeed,send finish
05-22 07:11:40.903  2981  3178 D Sentinelmode_1.2.5.13_alpha: <SentryImuClusterFgeSender>imu_status sent to Linux, frame=8825, tsNs=385871, tsMs=1779405100899, intervalMs=43, ad=(-0.0043947697,3.7342403E-4,-0.3309145), gd=(-0.009010015,0.007864128,0.017561778)
05-22 07:11:40.903   573   573 I SpiService: fgesysctrl_getGPIO_status success val=0
05-22 07:11:40.903   486   579 I mcuc    : send SPI:6AA602079D00028900CF
05-22 06:30:14.647   573   573 D spi_rst_gpio_get_output: GPIO 145 value: 0
05-22 06:30:14.647   573   573 D spidev_ioctl: gpio status=0)
05-22 07:11:40.908   565   565 I Sensors : 230 AccelSensor: x:-0.108580,y:0.014639,z:-10.136980
05-22 07:11:40.911  2981  3177 I SentryImuMcuAngleSender: 179.91727rollDeg
05-22 07:11:40.911  2981  3177 I SentryImuMcuAngleSender: 1,0,0
05-22 07:11:40.917   573   573 I SpiService: fgesysctrl_getGPIO_status success val=1
05-22 06:30:14.661   573   573 D spi_rst_gpio_get_output: GPIO 145 value: 1
05-22 06:30:14.661   573   573 D spidev_ioctl: gpio status=1)
05-22 07:11:40.922   291  1491 D EvsDriver: forwardFrame
05-22 07:11:40.923   573   573 I SpiService: fgesysctrl_getGPIO_status success val=1
05-22 07:11:40.924   291  1491 D EvsDriver: Delivered 0xb400007b2f47ca30 as id 0
05-22 07:11:40.924  1137  1137 D evsmanagerd: /dev/video4 forwarded the buffer #0 to 0xb4000071fa019690 from 0xb4000071fa01b7d0
05-22 07:11:40.925   291  1135 D EvsDriver: doneWithFrame
05-22 06:30:14.666   573   573 D spi_rst_gpio_get_output: GPIO 145 value: 1
05-22 06:30:14.666   573   573 D spidev_ioctl: gpio status=1)
05-22 07:11:40.928   573   573 I SpiService: fgesysctrl_getGPIO_status success val=1
05-22 06:30:14.672   573   573 D spi_rst_gpio_get_output: GPIO 145 value: 1
05-22 06:30:14.672   573   573 D spidev_ioctl: gpio status=1)
05-22 07:11:40.932  2981  3177 I SentryImuMcuAngleSender: 179.91725rollDeg
05-22 07:11:40.933  2981  3177 I SentryImuMcuAngleSender: 1,0,0
05-22 07:11:40.934   573   573 I SpiService: fgesysctrl_getGPIO_status success val=1
05-22 06:30:14.677   573   573 D spi_rst_gpio_get_output: GPIO 145 value: 1
05-22 06:30:14.677   573   573 D spidev_ioctl: gpio status=1)
05-22 07:11:40.939   573   573 I SpiService: fgesysctrl_getGPIO_status success val=1
05-22 07:11:40.940   544   544 D commservice260303: msg.id = 1028,0
05-22 07:11:40.940   544   544 D commservice260303: i = 170, msgid = 8A000404
05-22 07:11:40.940   544   544 D commservice260303: msgid = -1979710460,did=138
05-22 07:11:40.940   544   544 D commservice260303: CommProtocolLibCmdBaseI2C::dataproc {"command":{"id":"imu_status","sub":""},"content":{"TimeStamp":1779405100939,"FrameCounter":8826,"GD_X":-0.009544207714498043,"GD_Y":0.008398840203881264,"GD_Z":0.017104048281908035,"AD_X":-0.005003988742828369,"AD_Y":0.0022007720544934273,"AD_Z":-0.3296947479248047,"TempDsp":0,"Status":0,"CalibState":1,"SigAmpInvalid":0}},-1979710460
05-22 07:11:40.940   544   544 D commservice260303: send2Cluster len:324, 7B22636F6D6D616E64223A7B226964223A22696D755F737461747573222C22737562223A22227D2C22636F6E74656E74223A7B2254696D655374616D70223A313737393430353130303933392C224672616D65436F756E746572223A383832362C2247445F58223A2D302E3030393534343230373731343439383034332C2247445F59223A302E3030383339383834303230333838313236342C2247445F5A223A302E3031373130343034383238313930383033352C2241445F58223A2D302E3030353030333938383734323832383336392C2241445F59223A302E303032323030373732303534343933343237332C2241445F5A223A2D302E333239363934373437393234383034372C2254656D70447370223A302C22537461747573223A302C2243616C69625374617465223A312C22536967416D70496E76616C6964223A307D7D, 138 
05-22 07:11:40.940   544   544 D commservice260303: Push Message into SendPool fn=1042481152
05-22 07:11:40.940   544   544 D commservice260303: ComProtocolLibSend2Cluster::send2ClusterRaw fn=1042481152 , len=340
05-22 07:11:40.940   544   544 D commservice260303: sendCmdToPort :340!!!
05-22 07:11:40.941   544   544 D commservice260303: send Cmd To Port ++++5AA501508A010000233E6A0F912C7B22636F6D6D616E64223A7B226964223A22696D755F737461747573222C22737562223A22227D2C22636F6E74656E74223A7B2254696D655374616D70223A313737393430353130303933392C224672616D65436F756E746572223A383832362C2247445F58223A2D302E3030393534343230373731343439383034332C2247445F59223A302E3030383339383834303230333838313236342C2247445F5A223A302E3031373130343034383238313930383033352C2241445F58223A2D302E3030353030333938383734323832383336392C2241445F59223A302E303032323030373732303534343933343237332C2241445F5A223A2D302E333239363934373437393234383034372C2254656D70447370223A302C22537461747573223A302C2243616C69625374617465223A312C22536967416D70496E76616C6964223A307D7D853B
05-22 07:11:40.941   544   544 D commservice260303: bufferevent_write retrun value = 0
05-22 07:11:40.941   544   567 D commservice260303: client datas send succeed,send finish
05-22 07:11:40.941  2981  3178 D Sentinelmode_1.2.5.13_alpha: <SentryImuClusterFgeSender>imu_status sent to Linux, frame=8826, tsNs=385908, tsMs=1779405100939, intervalMs=38, ad=(-0.0050039887,0.002200772,-0.32969475), gd=(-0.009544208,0.00839884,0.017104048)
05-22 06:30:14.682   573   573 D spi_rst_gpio_get_output: GPIO 145 value: 1
05-22 06:30:14.682   573   573 D spidev_ioctl: gpio status=1)
05-22 07:11:40.943   565   565 I Sensors : 230 GyroSensor: x:-0.010079,y:0.007712,z:0.017333
05-22 07:11:40.944   573   573 I SpiService: fgesysctrl_getGPIO_status success val=0
05-22 06:30:14.688   573   573 D spi_rst_gpio_get_output: GPIO 145 value: 0
05-22 06:30:14.688   573   573 D spidev_ioctl: gpio status=0)
05-22 07:11:40.954  2981  3177 I SentryImuMcuAngleSender: 179.93103rollDeg
05-22 07:11:40.954  2981  3177 I SentryImuMcuAngleSender: 1,0,0
05-22 07:11:40.957   291  1491 D EvsDriver: forwardFrame
05-22 07:11:40.958  1137  1137 D evsmanagerd: /dev/video4 forwarded the buffer #0 to 0xb4000071fa019690 from 0xb4000071fa01b7d0
05-22 07:11:40.958   291  1491 D EvsDriver: Delivered 0xb400007b2f47ca30 as id 0
05-22 07:11:40.958   573   573 I SpiService: fgesysctrl_getGPIO_status success val=1
05-22 07:11:40.960   291  1135 D EvsDriver: doneWithFrame
05-22 06:30:14.701   573   573 D spi_rst_gpio_get_output: GPIO 145 value: 1
05-22 07:11:40.962   964  1804 D [OMXB]  : usingANWBuffer: handle:0xebd430e0, format:1, w:1920, h:1080
05-22 06:30:14.701   573   573 D spidev_ioctl: gpio status=1)
05-22 07:11:40.963   573   573 I SpiService: fgesysctrl_getGPIO_status success val=1
05-22 07:11:40.966   477  1275 I dvr_service_: [EncoderHandler::runMediaThread] runMediaThread started:1,state:0, cam2:started:1,state:0, lastSwitch:1, mIsMuxerStart:0,format:0,is_str_ing:0
05-22 06:30:14.707   573   573 D spi_rst_gpio_get_output: GPIO 145 value: 1
05-22 06:30:14.707   573   573 D spidev_ioctl: gpio status=1)
05-22 07:11:40.969   573   573 I SpiService: fgesysctrl_getGPIO_status success val=1
05-22 06:30:14.712   573   573 D spi_rst_gpio_get_output: GPIO 145 value: 1
05-22 06:30:14.712   573   573 D spidev_ioctl: gpio status=1)
05-22 07:11:40.974   573   573 I SpiService: fgesysctrl_getGPIO_status success val=1
05-22 07:11:40.974  2981  3177 I SentryImuMcuAngleSender: 179.93103rollDeg
05-22 07:11:40.974  2981  3177 I SentryImuMcuAngleSender: 1,0,0
05-22 06:30:14.717   573   573 D spi_rst_gpio_get_output: GPIO 145 value: 1
05-22 06:30:14.717   573   573 D spidev_ioctl: gpio status=1)
05-22 07:11:40.979   573   573 I SpiService: fgesysctrl_getGPIO_status success val=1
05-22 07:11:40.980   544   544 D commservice260303: msg.id = 1028,0
05-22 07:11:40.980   544   544 D commservice260303: i = 170, msgid = 8A000404
05-22 07:11:40.980   544   544 D commservice260303: msgid = -1979710460,did=138
05-22 07:11:40.980   544   544 D commservice260303: CommProtocolLibCmdBaseI2C::dataproc {"command":{"id":"imu_status","sub":""},"content":{"TimeStamp":1779405100979,"FrameCounter":8827,"GD_X":-0.008781149983406067,"GD_Y":0.007788185961544514,"GD_Z":0.01756177842617035,"AD_X":-0.006827987730503082,"AD_Y":-2.3704487830400467E-4,"AD_Z":-0.3296947479248047,"TempDsp":0,"Status":0,"CalibState":1,"SigAmpInvalid":0}},-1979710460
05-22 07:11:40.980   544   544 D commservice260303: send2Cluster len:324, 7B22636F6D6D616E64223A7B226964223A22696D755F737461747573222C22737562223A22227D2C22636F6E74656E74223A7B2254696D655374616D70223A313737393430353130303937392C224672616D65436F756E746572223A383832372C2247445F58223A2D302E3030383738313134393938333430363036372C2247445F59223A302E3030373738383138353936313534343531342C2247445F5A223A302E30313735363137373834323631373033352C2241445F58223A2D302E3030363832373938373733303530333038322C2241445F59223A2D322E33373034343837383330343030343637452D342C2241445F5A223A2D302E333239363934373437393234383034372C2254656D70447370223A302C22537461747573223A302C2243616C69625374617465223A312C22536967416D70496E76616C6964223A307D7D, 138 
05-22 07:11:40.980   544   544 D commservice260303: Push Message into SendPool fn=1059258368
05-22 07:11:40.980   544   544 D commservice260303: ComProtocolLibSend2Cluster::send2ClusterRaw fn=1059258368 , len=340
05-22 07:11:40.980   544   544 D commservice260303: sendCmdToPort :340!!!
05-22 07:11:40.980   544   544 D commservice260303: send Cmd To Port ++++5AA501508A010000233F6A0F912C7B22636F6D6D616E64223A7B226964223A22696D755F737461747573222C22737562223A22227D2C22636F6E74656E74223A7B2254696D655374616D70223A313737393430353130303937392C224672616D65436F756E746572223A383832372C2247445F58223A2D302E3030383738313134393938333430363036372C2247445F59223A302E3030373738383138353936313534343531342C2247445F5A223A302E30313735363137373834323631373033352C2241445F58223A2D302E3030363832373938373733303530333038322C2241445F59223A2D322E33373034343837383330343030343637452D342C2241445F5A223A2D302E333239363934373437393234383034372C2254656D70447370223A302C22537461747573223A302C2243616C69625374617465223A312C22536967416D70496E76616C6964223A307D7DF92F
05-22 07:11:40.980   544   544 D commservice260303: bufferevent_write retrun value = 0
05-22 07:11:40.980   544   567 D commservice260303: client datas send succeed,send finish
05-22 07:11:40.980  2981  3178 D Sentinelmode_1.2.5.13_alpha: <SentryImuClusterFgeSender>imu_status sent to Linux, frame=8827, tsNs=385943, tsMs=1779405100979, intervalMs=39, ad=(-0.0068279877,-2.3704488E-4,-0.32969475), gd=(-0.00878115,0.007788186,0.017561778)
05-22 06:30:14.723   573   573 D spi_rst_gpio_get_output: GPIO 145 value: 1
05-22 06:30:14.723   573   573 D spidev_ioctl: gpio status=1)
05-22 07:11:40.985   573   573 I SpiService: fgesysctrl_getGPIO_status success val=1
05-22 06:30:14.728   573   573 D spi_rst_gpio_get_output: GPIO 145 value: 1
05-22 06:30:14.728   573   573 D spidev_ioctl: gpio status=1)
05-22 07:11:40.990   573   573 I SpiService: fgesysctrl_getGPIO_status success val=0
05-22 07:11:40.991   291  1491 D EvsDriver: forwardFrame
05-22 07:11:40.992   291  1491 D EvsDriver: Delivered 0xb400007b2f47ca30 as id 0
05-22 07:11:40.992  1137  1137 D evsmanagerd: /dev/video4 forwarded the buffer #0 to 0xb4000071fa019690 from 0xb4000071fa01b7d0
05-22 06:30:14.733   573   573 D spi_rst_gpio_get_output: GPIO 145 value: 0
05-22 06:30:14.733   573   573 D spidev_ioctl: gpio status=0)
05-22 07:11:40.995  2981  3177 I SentryImuMcuAngleSender: 179.91725rollDeg
05-22 07:11:40.995  2981  3177 I SentryImuMcuAngleSender: 1,0,0
05-22 07:11:40.995   291  1135 D EvsDriver: doneWithFrame
05-22 07:11:40.996   276   300 I rvcservice: t.code = 3, t.value = 0
05-22 07:11:40.997   964  1804 D [OMXB]  : usingANWBuffer: handle:0xebd43870, format:1, w:1920, h:1080
05-22 07:11:41.004   573   573 I SpiService: fgesysctrl_getGPIO_status success val=1
05-22 06:30:14.748   573   573 D spi_rst_gpio_get_output: GPIO 145 value: 1
05-22 06:30:14.748   573   573 D spidev_ioctl: gpio status=1)
05-22 07:11:41.010   573   573 I SpiService: fgesysctrl_getGPIO_status success val=1
05-22 07:11:41.012  1658  2866 D AIN-HttpHealthPolicy: call() called start, host=www.sina.com.cn
05-22 06:30:14.753   573   573 D spi_rst_gpio_get_output: GPIO 145 value: 1
05-22 06:30:14.753   573   573 D spidev_ioctl: gpio status=1)
05-22 07:11:41.014   947  9350 D resolv  : GetAddrInfoHandler::run: {0 786432 0 983040 1000 0}
05-22 07:11:41.014   947  9350 D resolv  : resolv_getaddrinfo: explore_fqdn(): ai_family=0 ai_socktype=1 ai_protocol=6
05-22 07:11:41.015  2981  3177 I SentryImuMcuAngleSender: 179.90347rollDeg
05-22 07:11:41.015  2981  3177 I SentryImuMcuAngleSender: 1,0,0
05-22 07:11:41.015  1658  2866 W AIN-HttpHealthPolicy: call() called error, host=www.sina.com.cn, err_msg=Unable to resolve host "www.sina.com.cn": No address associated with hostname
05-22 07:11:41.015   573   573 I SpiService: fgesysctrl_getGPIO_status success val=1
05-22 07:11:41.016  1658  2865 D AIN-PingWorker: updateHost: result=true,host=www.sina.com.cn,delay=-1
05-22 07:11:41.016  1658  2865 D AIN-NetCheckerOutputer: onWeak
05-22 07:11:41.016  1658  2865 W AIN-NetCheckerOutputer: receive weak net state, last net state:NetState{name='DEFAULT'}, isSpeechReady:false
05-22 07:11:41.016  1658  2865 D AIN-ServiceHub: getService with: name = service_tracker
05-22 06:30:14.759   573   573 D spi_rst_gpio_get_output: GPIO 145 value: 1
05-22 06:30:14.759   573   573 D spidev_ioctl: gpio status=1)
05-22 07:11:41.019  2981  2981 I Sentinelmode_1.2.5.13_alpha: <SentinelCarServiceManager>sensorType:291504647
05-22 07:11:41.021   573   573 I SpiService: fgesysctrl_getGPIO_status success val=1
05-22 06:30:14.764   573   573 D spi_rst_gpio_get_output: GPIO 145 value: 1
05-22 06:30:14.764   573   573 D spidev_ioctl: gpio status=1)
05-22 07:11:41.022   544   544 D commservice260303: msg.id = 1028,0
05-22 07:11:41.022   544   544 D commservice260303: i = 170, msgid = 8A000404
05-22 07:11:41.022   544   544 D commservice260303: msgid = -1979710460,did=138
05-22 07:11:41.022   544   544 D commservice260303: CommProtocolLibCmdBaseI2C::dataproc {"command":{"id":"imu_status","sub":""},"content":{"TimeStamp":1779405101020,"FrameCounter":8828,"GD_X":-0.009161898866295815,"GD_Y":0.007788185961544514,"GD_Z":0.017408855259418488,"AD_X":-0.006215214729309082,"AD_Y":0.0028066420927643776,"AD_Z":-0.3321352005004883,"TempDsp":0,"Status":0,"CalibState":1,"SigAmpInvalid":0}},-1979710460
05-22 07:11:41.022   544   544 D commservice260303: send2Cluster len:324, 7B22636F6D6D616E64223A7B226964223A22696D755F737461747573222C22737562223A22227D2C22636F6E74656E74223A7B2254696D655374616D70223A313737393430353130313032302C224672616D65436F756E746572223A383832382C2247445F58223A2D302E3030393136313839383836363239353831352C2247445F59223A302E3030373738383138353936313534343531342C2247445F5A223A302E3031373430383835353235393431383438382C2241445F58223A2D302E3030363231353231343732393330393038322C2241445F59223A302E303032383036363432303932373634333737362C2241445F5A223A2D302E333332313335323030353030343838332C2254656D70447370223A302C22537461747573223A302C2243616C69625374617465223A312C22536967416D70496E76616C6964223A307D7D, 138 
05-22 07:11:41.022   544   544 D commservice260303: Push Message into SendPool fn=1076035584
