05-22 07:11:45.033   947  9405 D resolv  : GetAddrInfoHandler::run: {0 786432 0 983040 1000 0}
05-22 07:11:45.033   947  9405 D resolv  : resolv_getaddrinfo: explore_fqdn(): ai_family=0 ai_socktype=1 ai_protocol=6
05-22 07:11:45.034  1658  2866 W AIN-HttpHealthPolicy: call() called error, host=www.feishu.cn, err_msg=Unable to resolve host "www.feishu.cn": No address associated with hostname
05-22 07:11:45.034  1658  2865 D AIN-PingWorker: updateHost: result=true,host=www.feishu.cn,delay=-1
05-22 07:11:45.034  1658  2865 D AIN-NetCheckerOutputer: onWeak
05-22 07:11:45.034  1658  2865 D AIN-ServiceHub: getService with: name = service_tracker
05-22 07:11:45.035   573   573 I SpiService: fgesysctrl_getGPIO_status success val=1
05-22 07:11:45.037   488  1489 I android.hardware.graphics.allocator-V1-service.minigbm: Allocate buffer info: name=screenshot width=1280 height=720 layerCount=1 format=1 usage=0xb33 reservedSize=0
05-22 07:11:45.037   488  1489 I android.hardware.graphics.allocator-V1-service.minigbm: allocate: Get buffer info: pixel format:RGBA_8888, drm format:DRM_FOURCC_AB24/875708993, usage:CPU_READ_NEVER | CPU_READ_RARELY | CPU_READ_OFTEN | CPU_WRITE_NEVER | CPU_WRITE_RARELY | CPU_WRITE_OFTEN | GPU_TEXTURE | GPU_RENDER_TARGET | COMPOSER_OVERLAY (0xb33), w/h=1280/720, allocateSize=3686400, formatModifier=0x0
05-22 06:30:18.778   573   573 D spi_rst_gpio_get_output: GPIO 145 value: 1
05-22 06:30:18.778   573   573 D spidev_ioctl: gpio status=1)
05-22 07:11:45.040   573   573 I SpiService: fgesysctrl_getGPIO_status success val=1
05-22 06:30:18.783   573   573 D spi_rst_gpio_get_output: GPIO 145 value: 1
05-22 07:11:45.045   737  8341 I FocusResolver: request window bdf128f com.neusoft.launcher/com.neusoft.launcher.function.main.view.MainActivity NOT_VISIBLE
05-22 07:11:45.046   573   573 I SpiService: fgesysctrl_getGPIO_status success val=1
05-22 06:30:18.784   573   573 D spidev_ioctl: gpio status=1)
05-22 06:30:18.789   573   573 D spi_rst_gpio_get_output: GPIO 145 value: 1
05-22 06:30:18.789   573   573 D spidev_ioctl: gpio status=1)
05-22 07:11:45.051  2981  3177 I SentryImuMcuAngleSender: 179.91727rollDeg
05-22 07:11:45.051  2981  3177 I SentryImuMcuAngleSender: 1,0,0
05-22 07:11:45.051   573   573 I SpiService: fgesysctrl_getGPIO_status success val=1
05-22 07:11:45.051   291  1491 D EvsDriver: forwardFrame
05-22 07:11:45.053   565   565 I Sensors : 230 AccelSensor: x:-0.107360,y:0.014639,z:-10.136980
05-22 07:11:45.053   291  1491 D EvsDriver: Delivered 0xb400007b2f47ca30 as id 0
05-22 07:11:45.053  1137  1137 D evsmanagerd: /dev/video4 forwarded the buffer #0 to 0xb4000071fa019690 from 0xb4000071fa01b7d0
05-22 06:30:18.795   573   573 D spi_rst_gpio_get_output: GPIO 145 value: 1
05-22 06:30:18.795   573   573 D spidev_ioctl: gpio status=1)
05-22 06:30:18.800   573   573 D spi_rst_gpio_get_output: GPIO 145 value: 1
05-22 06:30:18.800   573   573 D spidev_ioctl: gpio status=1)
05-22 07:11:45.057   573   573 I SpiService: fgesysctrl_getGPIO_status success val=1
05-22 07:11:45.060   737  8342 I FocusResolver: request window bdf128f com.neusoft.launcher/com.neusoft.launcher.function.main.view.MainActivity NOT_VISIBLE
05-22 07:11:45.061   291  1135 D EvsDriver: doneWithFrame
05-22 07:11:45.061   964  1804 D [OMXB]  : usingANWBuffer: handle:0xebd40590, format:1, w:1920, h:1080
05-22 07:11:45.061   488  1489 I android.hardware.graphics.allocator-V1-service.minigbm: Allocate buffer info: name=screenshot width=1280 height=720 layerCount=1 format=1 usage=0xb33 reservedSize=0
05-22 07:11:45.061   488  1489 I android.hardware.graphics.allocator-V1-service.minigbm: allocate: Get buffer info: pixel format:RGBA_8888, drm format:DRM_FOURCC_AB24/875708993, usage:CPU_READ_NEVER | CPU_READ_RARELY | CPU_READ_OFTEN | CPU_WRITE_NEVER | CPU_WRITE_RARELY | CPU_WRITE_OFTEN | GPU_TEXTURE | GPU_RENDER_TARGET | COMPOSER_OVERLAY (0xb33), w/h=1280/720, allocateSize=3686400, formatModifier=0x0
05-22 07:11:45.062   573   573 I SpiService: fgesysctrl_getGPIO_status success val=0
05-22 06:30:18.806   573   573 D spi_rst_gpio_get_output: GPIO 145 value: 0
05-22 06:30:18.806   573   573 D spidev_ioctl: gpio status=0)
05-22 07:11:45.070   544   544 D commservice260303: msg.id = 1028,0
05-22 07:11:45.070   544   544 D commservice260303: i = 170, msgid = 8A000404
05-22 07:11:45.071   544   544 D commservice260303: msgid = -1979710460,did=138
05-22 07:11:45.071   544   544 D commservice260303: CommProtocolLibCmdBaseI2C::dataproc {"command":{"id":"imu_status","sub":""},"content":{"TimeStamp":1779405105070,"FrameCounter":8928,"GD_X":-0.010154861956834793,"GD_Y":0.00794111005961895,"GD_Z":0.017408855259418488,"AD_X":-6.480738520622253E-4,"AD_Y":0.0022486867383122444,"AD_Z":-0.3309192657470703,"TempDsp":0,"Status":0,"CalibState":1,"SigAmpInvalid":0}},-1979710460
05-22 07:11:45.071   544   544 D commservice260303: send2Cluster len:323, 7B22636F6D6D616E64223A7B226964223A22696D755F737461747573222C22737562223A22227D2C22636F6E74656E74223A7B2254696D655374616D70223A313737393430353130353037302C224672616D65436F756E746572223A383932382C2247445F58223A2D302E3031303135343836313935363833343739332C2247445F59223A302E30303739343131313030353936313839352C2247445F5A223A302E3031373430383835353235393431383438382C2241445F58223A2D362E343830373338353230363232323533452D342C2241445F59223A302E303032323438363836373338333132323434342C2241445F5A223A2D302E333330393139323635373437303730332C2254656D70447370223A302C22537461747573223A302C2243616C69625374617465223A312C22536967416D70496E76616C6964223A307D7D, 138 
05-22 07:11:45.071   544   544 D commservice260303: Push Message into SendPool fn=-1507655680
05-22 07:11:45.071   544   544 D commservice260303: ComProtocolLibSend2Cluster::send2ClusterRaw fn=-1507655680 , len=339
05-22 07:11:45.071   544   544 D commservice260303: sendCmdToPort :339!!!
05-22 07:11:45.071   544   544 D commservice260303: send Cmd To Port ++++5AA5014F8A01000023A66A0F91317B22636F6D6D616E64223A7B226964223A22696D755F737461747573222C22737562223A22227D2C22636F6E74656E74223A7B2254696D655374616D70223A313737393430353130353037302C224672616D65436F756E746572223A383932382C2247445F58223A2D302E3031303135343836313935363833343739332C2247445F59223A302E30303739343131313030353936313839352C2247445F5A223A302E3031373430383835353235393431383438382C2241445F58223A2D362E343830373338353230363232323533452D342C2241445F59223A302E303032323438363836373338333132323434342C2241445F5A223A2D302E333330393139323635373437303730332C2254656D70447370223A302C22537461747573223A302C2243616C69625374617465223A312C22536967416D70496E76616C6964223A307D7DB14E
05-22 07:11:45.071   544   544 D commservice260303: bufferevent_write retrun value = 0
05-22 07:11:45.071   544   567 D commservice260303: client datas send succeed,send finish
05-22 07:11:45.072  2981  3177 I SentryImuMcuAngleSender: 179.92415rollDeg
05-22 07:11:45.072  2981  3177 I SentryImuMcuAngleSender: 1,0,0
05-22 07:11:45.072  2981  3178 D Sentinelmode_1.2.5.13_alpha: <SentryImuClusterFgeSender>imu_status sent to Linux, frame=8928, tsNs=390034, tsMs=1779405105070, intervalMs=42, ad=(-6.4807385E-4,0.0022486867,-0.33091927), gd=(-0.010154862,0.00794111,0.017408855)
05-22 07:11:45.076   573   573 I SpiService: fgesysctrl_getGPIO_status success val=1
05-22 06:30:18.819   573   573 D spi_rst_gpio_get_output: GPIO 145 value: 1
05-22 06:30:18.819   573   573 D spidev_ioctl: gpio status=1)
05-22 07:11:45.081   573   573 I SpiService: fgesysctrl_getGPIO_status success val=1
05-22 06:30:18.825   573   573 D spi_rst_gpio_get_output: GPIO 145 value: 1
05-22 06:30:18.825   573   573 D spidev_ioctl: gpio status=1)
05-22 07:11:45.086   291  1491 D EvsDriver: forwardFrame
05-22 07:11:45.086   291  1491 D EvsDriver: Delivered 0xb400007b2f47ca30 as id 0
05-22 07:11:45.086   573   573 I SpiService: fgesysctrl_getGPIO_status success val=1
05-22 07:11:45.086  1137  1137 D evsmanagerd: /dev/video4 forwarded the buffer #0 to 0xb4000071fa019690 from 0xb4000071fa01b7d0
05-22 07:11:45.088   565   565 I Sensors : 230 GyroSensor: x:-0.008933,y:0.008628,z:0.017333
05-22 07:11:45.089   291  1135 D EvsDriver: doneWithFrame
05-22 06:30:18.830   573   573 D spi_rst_gpio_get_output: GPIO 145 value: 1
05-22 06:30:18.830   573   573 D spidev_ioctl: gpio status=1)
05-22 07:11:45.092   573   573 I SpiService: fgesysctrl_getGPIO_status success val=1
05-22 07:11:45.092  2981  3177 I SentryImuMcuAngleSender: 179.93105rollDeg
05-22 07:11:45.092  2981  3177 I SentryImuMcuAngleSender: 1,0,0
05-22 06:30:18.835   573   573 D spi_rst_gpio_get_output: GPIO 145 value: 1
05-22 06:30:18.835   573   573 D spidev_ioctl: gpio status=1)
05-22 07:11:45.097   573   573 I SpiService: fgesysctrl_getGPIO_status success val=1
05-22 06:30:18.840   573   573 D spi_rst_gpio_get_output: GPIO 145 value: 1
05-22 06:30:18.840   573   573 D spidev_ioctl: gpio status=1)
05-22 07:11:45.102   573   573 I SpiService: fgesysctrl_getGPIO_status success val=0
05-22 07:11:45.105   276   300 I rvcservice: t.code = 1, t.value = -106140
05-22 06:30:18.846   573   573 D spi_rst_gpio_get_output: GPIO 145 value: 0
05-22 06:30:18.846   573   573 D spidev_ioctl: gpio status=0)
05-22 07:11:45.108  1026  1026 D MyAppLog: [2026-05-22 07:11:45.107 D tboxap tsp_WorkMachineProc:1086] [Tsp] [tsp_WorkMachineProc]TSP_WORK_LOGIN NOW !!!!
05-22 07:11:45.103  1092  1092 I auditd  : type=1400 audit(0.0:2917): avc: denied { dac_read_search } for comm="tbox_ap" capability=2 scontext=u:r:tboxd:s0 tcontext=u:r:tboxd:s0 tclass=capability permissive=1
05-22 07:11:45.103  1092  1092 I tbox_ap : type=1400 audit(0.0:2917): avc: denied { dac_read_search } for capability=2 scontext=u:r:tboxd:s0 tcontext=u:r:tboxd:s0 tclass=capability permissive=1
05-22 07:11:45.111   544   544 D commservice260303: msg.id = 1028,1
05-22 07:11:45.111   544   544 D commservice260303: i = 170, msgid = 8A000404
05-22 07:11:45.111   544   544 D commservice260303: msgid = -1979710460,did=138
05-22 07:11:45.111   544   544 D commservice260303: CommProtocolLibCmdBaseI2C::dataproc {"command":{"id":"imu_status","sub":""},"content":{"TimeStamp":1779405105110,"FrameCounter":8929,"GD_X":-0.008704167790710926,"GD_Y":0.008169975131750107,"GD_Z":0.017332913354039192,"AD_X":-0.00552639365196228,"AD_Y":-7.994351908564568E-4,"AD_Z":-0.3333587646484375,"TempDsp":0,"Status":0,"CalibState":1,"SigAmpInvalid":0}},-1979710460
05-22 07:11:45.111   544   544 D commservice260303: send2Cluster len:323, 7B22636F6D6D616E64223A7B226964223A22696D755F737461747573222C22737562223A22227D2C22636F6E74656E74223A7B2254696D655374616D70223A313737393430353130353131302C224672616D65436F756E746572223A383932392C2247445F58223A2D302E3030383730343136373739303731303932362C2247445F59223A302E3030383136393937353133313735303130372C2247445F5A223A302E3031373333323931333335343033393139322C2241445F58223A2D302E30303535323633393336353139363232382C2241445F59223A2D372E393934333531393038353634353638452D342C2241445F5A223A2D302E333333333538373634363438343337352C2254656D70447370223A302C22537461747573223A302C2243616C69625374617465223A312C22536967416D70496E76616C6964223A307D7D, 138 
05-22 07:11:45.111   544   544 D commservice260303: Push Message into SendPool fn=-1490878464
05-22 07:11:45.111   544   544 D commservice260303: ComProtocolLibSend2Cluster::send2ClusterRaw fn=-1490878464 , len=339
05-22 07:11:45.111   544   544 D commservice260303: sendCmdToPort :339!!!
05-22 07:11:45.111   544   544 D commservice260303: send Cmd To Port ++++5AA5014F8A01000023A76A0F91317B22636F6D6D616E64223A7B226964223A22696D755F737461747573222C22737562223A22227D2C22636F6E74656E74223A7B2254696D655374616D70223A313737393430353130353131302C224672616D65436F756E746572223A383932392C2247445F58223A2D302E3030383730343136373739303731303932362C2247445F59223A302E3030383136393937353133313735303130372C2247445F5A223A302E3031373333323931333335343033393139322C2241445F58223A2D302E30303535323633393336353139363232382C2241445F59223A2D372E393934333531393038353634353638452D342C2241445F5A223A2D302E333333333538373634363438343337352C2254656D70447370223A302C22537461747573223A302C2243616C69625374617465223A312C22536967416D70496E76616C6964223A307D7D00CB
05-22 07:11:45.111   544   544 D commservice260303: bufferevent_write retrun value = 0
05-22 07:11:45.111   544   567 D commservice260303: client datas send succeed,send finish
05-22 07:11:45.112  2981  3178 D Sentinelmode_1.2.5.13_alpha: <SentryImuClusterFgeSender>imu_status sent to Linux, frame=8929, tsNs=390088, tsMs=1779405105110, intervalMs=40, ad=(-0.0055263937,-7.994352E-4,-0.33335876), gd=(-0.008704168,0.008169975,0.017332913)
05-22 07:11:45.113  2981  3177 I SentryImuMcuAngleSender: 179.93451rollDeg
05-22 07:11:45.113  2981  3177 I SentryImuMcuAngleSender: 1,0,0
05-22 07:11:45.116   573   573 I SpiService: fgesysctrl_getGPIO_status success val=1
05-22 06:30:18.859   573   573 D spi_rst_gpio_get_output: GPIO 145 value: 1
05-22 06:30:18.859   573   573 D spidev_ioctl: gpio status=1)
05-22 07:11:45.118   291  1491 D EvsDriver: forwardFrame
05-22 07:11:45.119   291  1491 D EvsDriver: Delivered 0xb400007b2f47ca30 as id 0
05-22 07:11:45.119  1137  1137 D evsmanagerd: /dev/video4 forwarded the buffer #0 to 0xb4000071fa019690 from 0xb4000071fa01b7d0
05-22 07:11:45.119   291  1135 D EvsDriver: doneWithFrame
05-22 07:11:45.121   573   573 I SpiService: fgesysctrl_getGPIO_status success val=1
05-22 06:30:18.865   573   573 D spi_rst_gpio_get_output: GPIO 145 value: 1
05-22 06:30:18.865   573   573 D spidev_ioctl: gpio status=1)
05-22 07:11:45.126   573   573 I SpiService: fgesysctrl_getGPIO_status success val=1
05-22 06:30:18.870   573   573 D spi_rst_gpio_get_output: GPIO 145 value: 1
05-22 06:30:18.870   573   573 D spidev_ioctl: gpio status=1)
05-22 07:11:45.133   573   573 I SpiService: fgesysctrl_getGPIO_status success val=1
05-22 06:30:18.875   573   573 D spi_rst_gpio_get_output: GPIO 145 value: 1
05-22 06:30:18.876   573   573 D spidev_ioctl: gpio status=1)
05-22 07:11:45.133  2981  3177 I SentryImuMcuAngleSender: 179.92418rollDeg
05-22 07:11:45.133  2981  3177 I SentryImuMcuAngleSender: 1,0,0
05-22 07:11:45.139   737  8342 I FocusResolver: request window bdf128f com.neusoft.launcher/com.neusoft.launcher.function.main.view.MainActivity NOT_VISIBLE
05-22 07:11:45.139   573   573 I SpiService: fgesysctrl_getGPIO_status success val=1
05-22 07:11:45.140   737   764 I WindowManager: Queue is too deep! Purged item with taskid=911
05-22 07:11:45.140   488  1489 I android.hardware.graphics.allocator-V1-service.minigbm: Allocate buffer info: name=screenshot width=1280 height=720 layerCount=1 format=1 usage=0xb33 reservedSize=0
05-22 07:11:45.141   488  1489 I android.hardware.graphics.allocator-V1-service.minigbm: allocate: Get buffer info: pixel format:RGBA_8888, drm format:DRM_FOURCC_AB24/875708993, usage:CPU_READ_NEVER | CPU_READ_RARELY | CPU_READ_OFTEN | CPU_WRITE_NEVER | CPU_WRITE_RARELY | CPU_WRITE_OFTEN | GPU_TEXTURE | GPU_RENDER_TARGET | COMPOSER_OVERLAY (0xb33), w/h=1280/720, allocateSize=3686400, formatModifier=0x0
05-22 06:30:18.883   573   573 D spi_rst_gpio_get_output: GPIO 145 value: 1
05-22 06:30:18.883   573   573 D spidev_ioctl: gpio status=1)
05-22 07:11:45.145   573   573 I SpiService: fgesysctrl_getGPIO_status success val=0
05-22 06:30:18.888   573   573 D spi_rst_gpio_get_output: GPIO 145 value: 0
05-22 06:30:18.888   573   573 D spidev_ioctl: gpio status=0)
05-22 07:11:45.148  1091  1133 D tboxmids_ap: Frame Size: 12
05-22 07:11:45.148  1091  1133 D tboxmids_ap: Hex Data:
05-22 07:11:45.148  1091  1133 D tboxmids_ap: 09 
05-22 07:11:45.148  1091  1133 D tboxmids_ap: 01 
05-22 07:11:45.148  1091  1133 D tboxmids_ap: 00 
05-22 07:11:45.148  1091  1133 D tboxmids_ap: 08 
05-22 07:11:45.148  1026  1026 I MyAppLog: [2026-05-22 07:11:45.147 I tboxap mcuSendYadiTransfer:195] [Mcu] [mcuYadiSend]: :00 08 EE 04 01 09 81 02 01 01
05-22 07:11:45.148  1091  1133 D tboxmids_ap: EE 
05-22 07:11:45.148  1091  1133 D tboxmids_ap: 04 
05-22 07:11:45.148  1091  1133 D tboxmids_ap: 01 
05-22 07:11:45.148  1091  1133 D tboxmids_ap: 09 
05-22 07:11:45.148  1091  1133 D tboxmids_ap: 81 
05-22 07:11:45.148  1091  1133 D tboxmids_ap: 02 
05-22 07:11:45.148  1091  1133 D tboxmids_ap: 01 
05-22 07:11:45.148  1091  1133 D tboxmids_ap: 01 
05-22 07:11:45.148  1091  1133 D tboxmids_ap: 
05-22 07:11:45.148  1091  1133 D tboxmids_ap: Hex Data end 
05-22 07:11:45.151   486   581 I mcuc    : start timer OK = 1069 
05-22 07:11:45.151   544   544 D commservice260303: msg.id = 1028,0
05-22 07:11:45.151   544   544 D commservice260303: i = 170, msgid = 8A000404
05-22 07:11:45.151   544   544 D commservice260303: msgid = -1979710460,did=138
05-22 07:11:45.151   544   544 D commservice260303: CommProtocolLibCmdBaseI2C::dataproc {"command":{"id":"imu_status","sub":""},"content":{"TimeStamp":1779405105151,"FrameCounter":8930,"GD_X":-0.009544207714498043,"GD_Y":0.007712244056165218,"GD_Z":0.01756177842617035,"AD_X":-0.00430549681186676,"AD_Y":0.002247932367026806,"AD_Z":-0.3327484130859375,"TempDsp":0,"Status":0,"CalibState":1,"SigAmpInvalid":0}},-1979710460
05-22 07:11:45.151   544   544 D commservice260303: send2Cluster len:321, 7B22636F6D6D616E64223A7B226964223A22696D755F737461747573222C22737562223A22227D2C22636F6E74656E74223A7B2254696D655374616D70223A313737393430353130353135312C224672616D65436F756E746572223A383933302C2247445F58223A2D302E3030393534343230373731343439383034332C2247445F59223A302E3030373731323234343035363136353231382C2247445F5A223A302E30313735363137373834323631373033352C2241445F58223A2D302E30303433303534393638313138363637362C2241445F59223A302E3030323234373933323336373032363830362C2241445F5A223A2D302E333332373438343133303835393337352C2254656D70447370223A302C22537461747573223A302C2243616C69625374617465223A312C22536967416D70496E76616C6964223A307D7D, 138 
05-22 07:11:45.152   544   544 D commservice260303: Push Message into SendPool fn=-1474101248
05-22 07:11:45.152   544   544 D commservice260303: ComProtocolLibSend2Cluster::send2ClusterRaw fn=-1474101248 , len=337
05-22 07:11:45.152   544   544 D commservice260303: sendCmdToPort :337!!!
05-22 07:11:45.152   544   544 D commservice260303: send Cmd To Port ++++5AA5014D8A01000023A86A0F91317B22636F6D6D616E64223A7B226964223A22696D755F737461747573222C22737562223A22227D2C22636F6E74656E74223A7B2254696D655374616D70223A313737393430353130353135312C224672616D65436F756E746572223A383933302C2247445F58223A2D302E3030393534343230373731343439383034332C2247445F59223A302E3030373731323234343035363136353231382C2247445F5A223A302E30313735363137373834323631373033352C2241445F58223A2D302E30303433303534393638313138363637362C2241445F59223A302E3030323234373933323336373032363830362C2241445F5A223A2D302E333332373438343133303835393337352C2254656D70447370223A302C22537461747573223A302C2243616C69625374617465223A312C22536967416D70496E76616C6964223A307D7DC54B
05-22 07:11:45.152   544   544 D commservice260303: bufferevent_write retrun value = 0
05-22 07:11:45.152   544   567 D commservice260303: client datas send succeed,send finish
05-22 07:11:45.153   291  1491 D EvsDriver: forwardFrame
05-22 07:11:45.154  2981  3178 D Sentinelmode_1.2.5.13_alpha: <SentryImuClusterFgeSender>imu_status sent to Linux, frame=8930, tsNs=390124, tsMs=1779405105151, intervalMs=41, ad=(-0.004305497,0.0022479324,-0.3327484), gd=(-0.009544208,0.007712244,0.017561778)
05-22 07:11:45.155   291  1491 D EvsDriver: Delivered 0xb400007b2f47ca30 as id 0
05-22 07:11:45.155  1137  1137 D evsmanagerd: /dev/video4 forwarded the buffer #0 to 0xb4000071fa019690 from 0xb4000071fa01b7d0
05-22 07:11:45.156  2981  3177 I SentryImuMcuAngleSender: 179.91727rollDeg
05-22 07:11:45.156  2981  3177 I SentryImuMcuAngleSender: 1,0,0
05-22 07:11:45.159   573   573 I SpiService: fgesysctrl_getGPIO_status success val=1
05-22 06:30:18.903   573   573 D spi_rst_gpio_get_output: GPIO 145 value: 1
05-22 06:30:18.903   573   573 D spidev_ioctl: gpio status=1)
05-22 07:11:45.162   291  1135 D EvsDriver: doneWithFrame
05-22 07:11:45.165   573   573 I SpiService: fgesysctrl_getGPIO_status success val=1
05-22 06:30:18.908   573   573 D spi_rst_gpio_get_output: GPIO 145 value: 1
05-22 06:30:18.908   573   573 D spidev_ioctl: gpio status=1)
05-22 07:11:45.167   964  1804 D [OMXB]  : usingANWBuffer: handle:0xebd42cc0, format:1, w:1920, h:1080
05-22 07:11:45.170   573   573 I SpiService: fgesysctrl_getGPIO_status success val=1
05-22 06:30:18.914   573   573 D spi_rst_gpio_get_output: GPIO 145 value: 1
05-22 06:30:18.914   573   573 D spidev_ioctl: gpio status=1)
05-22 07:11:45.175   573   573 I SpiService: fgesysctrl_getGPIO_status success val=1
05-22 07:11:45.176  2981  3177 I SentryImuMcuAngleSender: 179.92415rollDeg
05-22 07:11:45.176  2981  3177 I SentryImuMcuAngleSender: 1,0,0
05-22 06:30:18.919   573   573 D spi_rst_gpio_get_output: GPIO 145 value: 1
05-22 06:30:18.919   573   573 D spidev_ioctl: gpio status=1)
05-22 07:11:45.181   573   573 I SpiService: fgesysctrl_getGPIO_status success val=1
05-22 06:30:18.924   573   573 D spi_rst_gpio_get_output: GPIO 145 value: 1
05-22 06:30:18.924   573   573 D spidev_ioctl: gpio status=1)
05-22 06:30:18.930   573   573 D spi_rst_gpio_get_output: GPIO 145 value: 0
05-22 06:30:18.930   573   573 D spidev_ioctl: gpio status=0)
05-22 07:11:45.184   291  1491 D EvsDriver: forwardFrame
05-22 07:11:45.186   573   573 I SpiService: fgesysctrl_getGPIO_status success val=0
05-22 07:11:45.186   486   579 I mcuc    : send SPI:6AA601042D00F80901EE04010981020101000000000000000000000000000000000000000000000000000000000000000000000000000000000000000000000000000000000000000000000000000000000000000000000000000000000000000000000000000000000000000000000000000000000000000000000000000000000000000000000000000000000000000000000000000000000000000000000000000000000000000000000000000000000000000000000000000000000000000000000000000000000000000000000000000000000000000000000000000000000000000000000000000000000000000000000000000000000000000000004B
05-22 07:11:45.187   737  8341 I FocusResolver: request window bdf128f com.neusoft.launcher/com.neusoft.launcher.function.main.view.MainActivity NOT_VISIBLE
05-22 07:11:45.189   737  1618 E SSense.fps: We could not find the file :/sys/class/display/dispc0/frame_count
05-22 07:11:45.191  1137  1137 D evsmanagerd: /dev/video4 forwarded the buffer #0 to 0xb4000071fa019690 from 0xb4000071fa01b7d0
05-22 07:11:45.191   291  1491 D EvsDriver: Delivered 0xb400007b2f47ca30 as id 0
05-22 07:11:45.194   544   544 D commservice260303: msg.id = 1028,0
05-22 07:11:45.194   544   567 D commservice260303: recv len:75, 5AA500470600000002356A0F91317B22636F6D6D616E64223A7B226964223A226473695F6C7578222C22737562223A22227D2C22636F6E74656E74223A7B2276616C7565223A307D7D068D from server
05-22 07:11:45.194   544   544 D commservice260303: i = 170, msgid = 8A000404
05-22 07:11:45.194   544  3079 D commservice260303: mcuDataAnalyzeHandle templen:75,len:75,pos:0, 5AA500470600000002356A0F91317B22636F6D6D616E64223A7B226964223A226473695F6C7578222C22737562223A22227D2C22636F6E74656E74223A7B2276616C7565223A307D7D068D 
05-22 07:11:45.194   544   544 D commservice260303: msgid = -1979710460,did=138
05-22 07:11:45.194   544  3079 I commservice260303: checksumCal = 1677
05-22 07:11:45.194   544  3079 D commservice260303: CommProtocolLibCmdBaseC2I::dataproc {"command":{"id":"dsi_lux","sub":""},"content":{"value":0}},6
05-22 07:11:45.194   544   544 D commservice260303: CommProtocolLibCmdBaseI2C::dataproc {"command":{"id":"imu_status","sub":""},"content":{"TimeStamp":1779405105192,"FrameCounter":8931,"GD_X":-0.00923888012766838,"GD_Y":0.00794111005961895,"GD_Z":0.017255932092666626,"AD_X":-0.0018659383058547974,"AD_Y":-1.9069574773311615E-4,"AD_Z":-0.3333587646484375,"TempDsp":0,"Status":0,"CalibState":1,"SigAmpInvalid":0}},-1979710460
05-22 07:11:45.194   544  3079 D commservice260303: mcuCommMessageManager::notifyMsgToClient hwbinder OK
05-22 07:11:45.194   544  3079 D commservice260303: mcuCommMessageManager::notifyMsgToClient hwbinder OK
05-22 07:11:45.194   544   544 D commservice260303: send2Cluster len:324, 7B22636F6D6D616E64223A7B226964223A22696D755F737461747573222C22737562223A22227D2C22636F6E74656E74223A7B2254696D655374616D70223A313737393430353130353139322C224672616D65436F756E746572223A383933312C2247445F58223A2D302E30303932333838383031323736363833382C2247445F59223A302E30303739343131313030353936313839352C2247445F5A223A302E3031373235353933323039323636363632362C2241445F58223A2D302E303031383635393338333035383534373937342C2241445F59223A2D312E39303639353734373733333131363135452D342C2241445F5A223A2D302E333333333538373634363438343337352C2254656D70447370223A302C22537461747573223A302C2243616C69625374617465223A312C22536967416D70496E76616C6964223A307D7D, 138 
05-22 07:11:45.194   544  3079 D commservice260303: McuProtocolLibSend2Service::send2Service ret=1
05-22 07:11:45.194   544   544 D commservice260303: Push Message into SendPool fn=-1457324032
05-22 07:11:45.194   544   544 D commservice260303: ComProtocolLibSend2Cluster::send2ClusterRaw fn=-1457324032 , len=340
05-22 07:11:45.194   544   544 D commservice260303: sendCmdToPort :340!!!
05-22 07:11:45.194  2109  2467 D ivicomm_CommManager: fgeComServiceCallback: {"command":{"id":"dsi_lux","sub":""},"content":{"value":0}}
05-22 07:11:45.195   544   544 D commservice260303: send Cmd To Port ++++5AA501508A01000023A96A0F91317B22636F6D6D616E64223A7B226964223A22696D755F737461747573222C22737562223A22227D2C22636F6E74656E74223A7B2254696D655374616D70223A313737393430353130353139322C224672616D65436F756E746572223A383933312C2247445F58223A2D302E30303932333838383031323736363833382C2247445F59223A302E30303739343131313030353936313839352C2247445F5A223A302E3031373235353933323039323636363632362C2241445F58223A2D302E303031383635393338333035383534373937342C2241445F59223A2D312E39303639353734373733333131363135452D342C2241445F5A223A2D302E333333333538373634363438343337352C2254656D70447370223A302C22537461747573223A302C2243616C69625374617465223A312C22536967416D70496E76616C6964223A307D7D937F
05-22 07:11:45.195  2109  2467 D ivicomm_CallbackManager: registerCallback DSI_LUX: {"value":0} mCommStateCallbackMap size:5
05-22 07:11:45.195   544   544 D commservice260303: bufferevent_write retrun value = 0
05-22 07:11:45.195   291  1135 D EvsDriver: doneWithFrame
05-22 07:11:45.195   544   567 D commservice260303: client datas send succeed,send finish
05-22 06:30:18.937     0     0 W         : c6 [    C6] Irq_monitor:Irq                                           IPI[1]occur        8626 times interval 1032 ms
05-22 06:30:18.944   573   573 D spi_rst_gpio_get_output: GPIO 145 value: 1
05-22 06:30:18.944   573   573 D spidev_ioctl: gpio status=1)
05-22 07:11:45.195  2981  3178 D Sentinelmode_1.2.5.13_alpha: <SentryImuClusterFgeSender>imu_status sent to Linux, frame=8931, tsNs=390160, tsMs=1779405105192, intervalMs=42, ad=(-0.0018659383,-1.9069575E-4,-0.33335876), gd=(-0.00923888,0.00794111,0.017255932)
05-22 07:11:45.197  2981  3177 I SentryImuMcuAngleSender: 179.93106rollDeg
05-22 07:11:45.197  2981  3177 I SentryImuMcuAngleSender: 1,0,0
05-22 07:11:45.199  1774  5437 D NSLogUtils_VehicleService: L2A comm state: id=dsi_lux, value=0
05-22 07:11:45.200  1517  1567 D sysUI_SystemSettingsControllerService: [binder:1517_3] - onCommState: commandID = dsi_lux; value = 0
05-22 07:11:45.200   573   573 I SpiService: fgesysctrl_getGPIO_status success val=1
05-22 07:11:45.202   737  1754 D NetworkAdapter: GetWcnChipTemp loopcnt=38
05-22 07:11:45.202   737  8342 I FocusResolver: request window bdf128f com.neusoft.launcher/com.neusoft.launcher.function.main.view.MainActivity NOT_VISIBLE
05-22 07:11:45.202   947  1069 E OemNetd : getwcnChipThermal
05-22 07:11:45.202   947  1069 E ExtDataController: getwcnChipThermal: wlan0
05-22 07:11:45.202   947  1069 E ExtDataController: getwcnChipThermal: index[32]
05-22 07:11:45.202   947  1069 E ExtDataController: nl_send ret 44
05-22 07:11:45.202   947  1069 E ExtDataController: errHandler
05-22 07:11:45.202   947  1069 E ExtDataController: errHandler: err[-95]
05-22 07:11:45.202   947  1069 E ExtDataController: nl_recv ret -10
05-22 07:11:45.203   947  1069 E ExtDataController: temperature: 0
05-22 07:11:45.203   737  1754 D NetworkAdapter: getwcnChipThermal: 0
05-22 07:11:45.205   558  1606 I gps_hdbd: Received: '$GNGGA,231145.000,,,,,0,00,,,M,,M,,*66
'
05-22 07:11:45.205   276   300 I rvcservice: t.code = 3, t.value = 0
05-22 07:11:45.206  1026  1026 D MyAppLog: [2026-05-22 07:11:45.205 D tboxap gspDataAnalyze:346] [Gps] rev gps data:$GNGGA,231145.000,,,,,0,00,,,M,,M,,*66
05-22 07:11:45.206  1026  1026 D MyAppLog: [2026-05-22 07:11:45.205 D tboxap gpsCommTboxmidsRecvCb:66] [Gps] [gpsCommTboxmidsRecvCb] gps nmea updated:$GNGGA,231145.000,,,,,0,00,,,M,,M,,*66
05-22 07:11:45.206  1026  1026 D MyAppLog: 
05-22 07:11:45.206   573   573 I SpiService: fgesysctrl_getGPIO_status success val=1
05-22 06:30:18.949   573   573 D spi_rst_gpio_get_output: GPIO 145 value: 1
05-22 06:30:18.949   573   573 D spidev_ioctl: gpio status=1)
05-22 07:11:45.211   558  1606 I gps_hdbd: Received: '$GNGSA,A,1,,,,,,,,,,,,,,,,1*1D
'
05-22 07:11:45.211   573   573 I SpiService: fgesysctrl_getGPIO_status success val=1
05-22 07:11:45.212   558  1606 I gps_hdbd: Received: '$GNGSA,A,1,,,,,,,,,,,,,,,,3*1F
'
05-22 07:11:45.212  1026  1026 D MyAppLog: [2026-05-22 07:11:45.212 D tboxap gspDataAnalyze:346] [Gps] rev gps data:$GNGSA,A,1,,,,,,,,,,,,,,,,1*1D
05-22 07:11:45.212  1026  1026 D MyAppLog: [2026-05-22 07:11:45.212 D tboxap gpsCommTboxmidsRecvCb:66] [Gps] [gpsCommTboxmidsRecvCb] gps nmea updated:$GNGSA,A,1,,,,,,,,,,,,,,,,1*1D
05-22 07:11:45.212  1026  1026 D MyAppLog: 
05-22 07:11:45.212  1026  1026 D MyAppLog: [2026-05-22 07:11:45.212 D tboxap gspDataAnalyze:346] [Gps] rev gps data:$GNGSA,A,1,,,,,,,,,,,,,,,,3*1F
05-22 07:11:45.212  1026  1026 D MyAppLog: [2026-05-22 07:11:45.212 D tboxap gpsCommTboxmidsRecvCb:66] [Gps] [gpsCommTboxmidsRecvCb] gps nmea updated:$GNGSA,A,1,,,,,,,,,,,,,,,,3*1F
05-22 07:11:45.212  1026  1026 D MyAppLog: 
05-22 06:30:18.955   573   573 D spi_rst_gpio_get_output: GPIO 145 value: 1
05-22 06:30:18.955   573   573 D spidev_ioctl: gpio status=1)
05-22 07:11:45.217   573   573 I SpiService: fgesysctrl_getGPIO_status success val=1
05-22 07:11:45.217   558  1606 I gps_hdbd: Received: '$GNGSA,A,1,,,,,,,,,,,,,,,,4*18
'
05-22 07:11:45.217  2981  3177 I SentryImuMcuAngleSender: 179.93106rollDeg
05-22 06:30:18.960   573   573 D spi_rst_gpio_get_output: GPIO 145 value: 1
05-22 07:11:45.217   558  1606 I gps_hdbd: Received: '$BDGSV,1,1,00,1*75
'
05-22 07:11:45.218  2981  3177 I SentryImuMcuAngleSender: 1,0,0
05-22 06:30:18.960   573   573 D spidev_ioctl: gpio status=1)
05-22 07:11:45.218  1026  1026 D MyAppLog: [2026-05-22 07:11:45.218 D tboxap gspDataAnalyze:346] [Gps] rev gps data:$GNGSA,A,1,,,,,,,,,,,,,,,,4*18
05-22 07:11:45.218  1026  1026 D MyAppLog: [2026-05-22 07:11:45.218 D tboxap gpsCommTboxmidsRecvCb:66] [Gps] [gpsCommTboxmidsRecvCb] gps nmea updated:$GNGSA,A,1,,,,,,,,,,,,,,,,4*18
05-22 07:11:45.218  1026  1026 D MyAppLog: 
05-22 07:11:45.219  1026  1026 D MyAppLog: [2026-05-22 07:11:45.219 D tboxap gspDataAnalyze:346] [Gps] rev gps data:$BDGSV,1,1,00,1*75
05-22 07:11:45.219  1026  1026 D MyAppLog: [2026-05-22 07:11:45.219 D tboxap gpsCommTboxmidsRecvCb:66] [Gps] [gpsCommTboxmidsRecvCb] gps nmea updated:$BDGSV,1,1,00,1*75
05-22 07:11:45.219  1026  1026 D MyAppLog: 
05-22 07:11:45.222   573   573 I SpiService: fgesysctrl_getGPIO_status success val=1
05-22 07:11:45.222   558  1606 I gps_hdbd: Received: '$GPGSV,1,1,01,199,42,165,,1*60
'
05-22 07:11:45.223   558  1606 I gps_hdbd: Received: '$GAGSV,1,1,00,7*73
'
05-22 07:11:45.223  1026  1026 D MyAppLog: [2026-05-22 07:11:45.223 D tboxap gspDataAnalyze:346] [Gps] rev gps data:$GPGSV,1,1,01,199,42,165,,1*60
05-22 07:11:45.223  1026  1026 D MyAppLog: [2026-05-22 07:11:45.223 D tboxap gpsCommTboxmidsRecvCb:66] [Gps] [gpsCommTboxmidsRecvCb] gps nmea updated:$GPGSV,1,1,01,199,42,165,,1*60
05-22 07:11:45.223  1026  1026 D MyAppLog: 
05-22 07:11:45.223  1026  1026 D MyAppLog: [2026-05-22 07:11:45.223 D tboxap gspDataAnalyze:346] [Gps] rev gps data:$GAGSV,1,1,00,7*73
05-22 07:11:45.223  1026  1026 D MyAppLog: [2026-05-22 07:11:45.223 D tboxap gpsCommTboxmidsRecvCb:66] [Gps] [gpsCommTboxmidsRecvCb] gps nmea updated:$GAGSV,1,1,00,7*73
05-22 07:11:45.223  1026  1026 D MyAppLog: 
05-22 07:11:45.224   291  1491 D EvsDriver: forwardFrame
05-22 06:30:18.965   573   573 D spi_rst_gpio_get_output: GPIO 145 value: 1
05-22 06:30:18.965   573   573 D spidev_ioctl: gpio status=1)
05-22 07:11:45.226  1137  1137 D evsmanagerd: /dev/video4 forwarded the buffer #0 to 0xb4000071fa019690 from 0xb4000071fa01b7d0
05-22 07:11:45.226   291  1491 D EvsDriver: Delivered 0xb400007b2f47ca30 as id 0
05-22 07:11:45.226   291  1135 D EvsDriver: doneWithFrame
05-22 07:11:45.227   573   573 I SpiService: fgesysctrl_getGPIO_status success val=0
05-22 07:11:45.229   558  1606 I gps_hdbd: Received: '$GNRMC,231145.000,V,,,,,,,210526,120.0,E,N,V*43
'
05-22 07:11:45.229   558  1606 I gps_hdbd: RMC : CALL gnss_sv_status_cb, view_in_sat <1>
05-22 07:11:45.229   558  1606 I gps_hdbd: [reportSvStatus]--->PLATFORM_BSP::Enter
05-22 07:11:45.229   558  1606 I gps_hdbd: hy abnormal deal:hy_cnr30_satellite_cnt=0
05-22 07:11:45.229   558  1606 D gps_hdbd: hy abnormal deal:hy_fixStatus_fail_count=0
05-22 06:30:18.971   573   573 D spi_rst_gpio_get_output: GPIO 145 value: 0
05-22 06:30:18.971   573   573 D spidev_ioctl: gpio status=0)
05-22 07:11:45.230  1026  1026 D MyAppLog: [2026-05-22 07:11:45.230 D tboxap gspDataAnalyze:346] [Gps] rev gps data:$GNRMC,231145.000,V,,,,,,,210526,120.0,E,N,V*43
05-22 07:11:45.230  1026  1026 D MyAppLog: [2026-05-22 07:11:45.230 D tboxap Real_GPS_Command_Process:293] [Gps] GPS_INFOR_IF_COMPLETED 0f
05-22 07:11:45.230  1026  1026 D MyAppLog: [2026-05-22 07:11:45.230 D tboxap gpsCommDataCb:143] [Gps] [gpsCommDataCb] datacb
05-22 07:11:45.230  1026  1026 W MyAppLog: [2026-05-22 07:11:45.230 W tboxap gpsSyncGpsInfoToDm:263] [Gps] [gpsSyncGpsInfoToDm] fix=0 mode=49 alt=0.00 sat=0 hdop=0.00 pdop=0.00 vdop=0.00
05-22 07:11:45.230  1026  1026 D MyAppLog: [2026-05-22 07:11:45.230 D tboxap gpsIpcInfoCallBack:161] [Gps] [gpsIpcInfoCallBack] gpsIpcInfoCallBack in
05-22 07:11:45.230  1026  1026 D MyAppLog: [2026-05-22 07:11:45.230 D tboxap gpsIpcInfoCallBack:168] [Gps] [gpsIpcInfoCallBack] gps ipc init gpsIpcInfoCallBack = 0x64d0daa0fc
05-22 07:11:45.230  1026  1026 D MyAppLog: [2026-05-22 07:11:45.230 D tboxap gpsIpcInfoCallBack:176] [Gps] [gpsIpcInfoCallBack] gpsIpcInfoCallBack 44 out
05-22 07:11:45.230  1026  1026 D MyAppLog: [2026-05-22 07:11:45.230 D tboxap gpsCommTboxmidsRecvCb:66] [Gps] [gpsCommTboxmidsRecvCb] gps nmea updated:$GNRMC,231145.000,V,,,,,,,210526,120.0,E,N,V*43
05-22 07:11:45.230  1026  1026 D MyAppLog: 
05-22 07:11:45.231  1026  1026 D MyAppLog: [2026-05-22 07:11:45.230 D tboxap GpsIpcInfoHandler:133] [Gps] [GpsIpcInfoHandler]  time 
05-22 07:11:45.232   544   544 D commservice260303: msg.id = 1028,0
05-22 07:11:45.232   544   544 D commservice260303: i = 170, msgid = 8A000404
05-22 07:11:45.232   544   544 D commservice260303: msgid = -1979710460,did=138
05-22 07:11:45.232   544   544 D commservice260303: CommProtocolLibCmdBaseI2C::dataproc {"command":{"id":"imu_status","sub":""},"content":{"TimeStamp":1779405105231,"FrameCounter":8932,"GD_X":-0.009467746131122112,"GD_Y":0.007712244056165218,"GD_Z":0.017332913354039192,"AD_X":-0.0018684715032577515,"AD_Y":4.18749637901783E-4,"AD_Z":-0.3333587646484375,"TempDsp":0,"Status":0,"CalibState":1,"SigAmpInvalid":0}},-1979710460
05-22 07:11:45.232   964  1804 D [OMXB]  : usingANWBuffer: handle:0xebd41ae0, format:1, w:1920, h:1080
05-22 07:11:45.232   544   544 D commservice260303: send2Cluster len:323, 7B22636F6D6D616E64223A7B226964223A22696D755F737461747573222C22737562223A22227D2C22636F6E74656E74223A7B2254696D655374616D70223A313737393430353130353233312C224672616D65436F756E746572223A383933322C2247445F58223A2D302E3030393436373734363133313132323131322C2247445F59223A302E3030373731323234343035363136353231382C2247445F5A223A302E3031373333323931333335343033393139322C2241445F58223A2D302E303031383638343731353033323537373531352C2241445F59223A342E3138373439363337393031373833452D342C2241445F5A223A2D302E333333333538373634363438343337352C2254656D70447370223A302C22537461747573223A302C2243616C69625374617465223A312C22536967416D70496E76616C6964223A307D7D, 138 
05-22 07:11:45.232   544   544 D commservice260303: Push Message into SendPool fn=-1440546816
05-22 07:11:45.232   544   544 D commservice260303: ComProtocolLibSend2Cluster::send2ClusterRaw fn=-1440546816 , len=339
05-22 07:11:45.232   544   544 D commservice260303: sendCmdToPort :339!!!
05-22 07:11:45.233   544   544 D commservice260303: send Cmd To Port ++++5AA5014F8A01000023AA6A0F91317B22636F6D6D616E64223A7B226964223A22696D755F737461747573222C22737562223A22227D2C22636F6E74656E74223A7B2254696D655374616D70223A313737393430353130353233312C224672616D65436F756E746572223A383933322C2247445F58223A2D302E3030393436373734363133313132323131322C2247445F59223A302E3030373731323234343035363136353231382C2247445F5A223A302E3031373333323931333335343033393139322C2241445F58223A2D302E303031383638343731353033323537373531352C2241445F59223A342E3138373439363337393031373833452D342C2241445F5A223A2D302E333333333538373634363438343337352C2254656D70447370223A302C22537461747573223A302C2243616C69625374617465223A312C22536967416D70496E76616C6964223A307D7DFB8C
05-22 07:11:45.233   544   544 D commservice260303: bufferevent_write retrun value = 0
05-22 07:11:45.227   544   544 I auditd  : type=1400 audit(0.0:2918): avc: denied { write } for comm="android.hardwar" path="socket:[48598]" dev="sockfs" ino=48598 scontext=u:r:hal_fgecomservice_default:s0 tcontext=u:r:hal_fgecomservice_default:s0 tclass=vsock_socket permissive=1
05-22 07:11:45.227   544   544 I android.hardwar: type=1400 audit(0.0:2918): avc: denied { write } for path="socket:[48598]" dev="sockfs" ino=48598 scontext=u:r:hal_fgecomservice_default:s0 tcontext=u:r:hal_fgecomservice_default:s0 tclass=vsock_socket permissive=1
05-22 07:11:45.233   544   567 D commservice260303: client datas send succeed,send finish
05-22 07:11:45.233  2981  3178 D Sentinelmode_1.2.5.13_alpha: <SentryImuClusterFgeSender>imu_status sent to Linux, frame=8932, tsNs=390200, tsMs=1779405105231, intervalMs=38, ad=(-0.0018684715,4.1874964E-4,-0.33335876), gd=(-0.009467746,0.007712244,0.017332913)
05-22 07:11:45.235   558  1606 I gps_hdbd: Received: '$GNZDA,231145.000,21,05,2026,00,00*48
'
05-22 07:11:45.236  1026  1026 D MyAppLog: [2026-05-22 07:11:45.235 D tboxap gspDataAnalyze:346] [Gps] rev gps data:$GNZDA,231145.000,21,05,2026,00,00*48
05-22 07:11:45.236  1026  1026 D MyAppLog: [2026-05-22 07:11:45.235 D tboxap gpsCommTboxmidsRecvCb:66] [Gps] [gpsCommTboxmidsRecvCb] gps nmea updated:$GNZDA,231145.000,21,05,2026,00,00*48
05-22 07:11:45.236  1026  1026 D MyAppLog: 
05-22 07:11:45.238  2981  3177 I SentryImuMcuAngleSender: 179.92761rollDeg
05-22 07:11:45.238  2981  3177 I SentryImuMcuAngleSender: 1,0,0
05-22 07:11:45.239   486   580 I mcuc    : rev,n=1,6AA682042D0002090141
05-22 07:11:45.240   558  1606 I gps_hdbd: Received: '$GNGST,231145.000,,,,,,,*57
'
05-22 07:11:45.241   573   573 I SpiService: fgesysctrl_getGPIO_status success val=1
05-22 06:30:18.985   573   573 D spi_rst_gpio_get_output: GPIO 145 value: 1
05-22 06:30:18.985   573   573 D spidev_ioctl: gpio status=1)
05-22 07:11:45.246   737   764 I WindowManager: Queue is too deep! Purged item with taskid=907
05-22 07:11:45.246   573   573 I SpiService: fgesysctrl_getGPIO_status success val=1
05-22 07:11:45.248   488  1489 I android.hardware.graphics.allocator-V1-service.minigbm: Allocate buffer info: name=screenshot width=1280 height=720 layerCount=1 format=1 usage=0xb33 reservedSize=0
05-22 06:30:18.990   573   573 D spi_rst_gpio_get_output: GPIO 145 value: 1
05-22 06:30:18.990   573   573 D spidev_ioctl: gpio status=1)
05-22 06:30:18.995   573   573 D spi_rst_gpio_get_output: GPIO 145 value: 1
05-22 06:30:18.995   573   573 D spidev_ioctl: gpio status=1)
05-22 07:11:45.250   737  8341 I FocusResolver: request window bdf128f com.neusoft.launcher/com.neusoft.launcher.function.main.view.MainActivity NOT_VISIBLE
05-22 07:11:45.251   488  1489 I android.hardware.graphics.allocator-V1-service.minigbm: allocate: Get buffer info: pixel format:RGBA_8888, drm format:DRM_FOURCC_AB24/875708993, usage:CPU_READ_NEVER | CPU_READ_RARELY | CPU_READ_OFTEN | CPU_WRITE_NEVER | CPU_WRITE_RARELY | CPU_WRITE_OFTEN | GPU_TEXTURE | GPU_RENDER_TARGET | COMPOSER_OVERLAY (0xb33), w/h=1280/720, allocateSize=3686400, formatModifier=0x0
05-22 07:11:45.252   573   573 I SpiService: fgesysctrl_getGPIO_status success val=1
05-22 07:11:45.257   573   573 I SpiService: fgesysctrl_getGPIO_status success val=1
05-22 06:30:19.000   573   573 D spi_rst_gpio_get_output: GPIO 145 value: 1
05-22 06:30:19.000   573   573 D spidev_ioctl: gpio status=1)
05-22 07:11:45.258   291  1491 D EvsDriver: forwardFrame
05-22 07:11:45.258   558  1606 I gps_hdbd: Received: '$GNINS,1,1,TYPE,I,V,231145.000,373200,FUS,-12,0,0,0,MOT,V,1,PATT,0.00,0.00,0.00,VEL,0.000,0.000,0.000,POS,39.9999846247,115.9999771395,108.489,IIA,1,0.00,0.00,0.00,BGA,0.44,-0.52,-1.01,0.000,0.000,0.000,IGA,0,-1,-1,0,-1,99,VG,16c2ff1*3C
'
05-22 07:11:45.258  2981  3177 I SentryImuMcuAngleSender: 179.92761rollDeg
05-22 07:11:45.259  2981  3177 I SentryImuMcuAngleSender: 1,0,0
05-22 07:11:45.260   291  1491 D EvsDriver: Delivered 0xb400007b2f47ca30 as id 0
05-22 07:11:45.260  1137  1137 D evsmanagerd: /dev/video4 forwarded the buffer #0 to 0xb4000071fa019690 from 0xb4000071fa01b7d0
05-22 07:11:45.262   573   573 I SpiService: fgesysctrl_getGPIO_status success val=1
05-22 07:11:45.264   291  1135 D EvsDriver: doneWithFrame
05-22 06:30:19.006   573   573 D spi_rst_gpio_get_output: GPIO 145 value: 1
05-22 06:30:19.006   573   573 D spidev_ioctl: gpio status=1)
05-22 07:11:45.268   573   573 I SpiService: fgesysctrl_getGPIO_status success val=0
05-22 07:11:45.269   558  1606 I gps_hdbd: Received: '$GNINS,CARSPEED,ADR_STATUS,0,Pulse_count,0,1,0,0,373200,3732,0.000,0.000,0.000*06
'
05-22 06:30:19.011   573   573 D spi_rst_gpio_get_output: GPIO 145 value: 0
05-22 06:30:19.011   573   573 D spidev_ioctl: gpio status=0)
05-22 07:11:45.271   544   544 D commservice260303: msg.id = 1028,0
05-22 07:11:45.272   544   544 D commservice260303: i = 170, msgid = 8A000404
05-22 07:11:45.272   544   544 D commservice260303: msgid = -1979710460,did=138
05-22 07:11:45.272   544   544 D commservice260303: CommProtocolLibCmdBaseI2C::dataproc {"command":{"id":"imu_status","sub":""},"content":{"TimeStamp":1779405105271,"FrameCounter":8933,"GD_X":-0.008704167790710926,"GD_Y":0.007864127866923809,"GD_Z":0.017104048281908035,"AD_X":-0.0030892789363861084,"AD_Y":4.18749637901783E-4,"AD_Z":-0.3333587646484375,"TempDsp":0,"Status":0,"CalibState":1,"SigAmpInvalid":0}},-1979710460
05-22 07:11:45.272   544   544 D commservice260303: send2Cluster len:323, 7B22636F6D6D616E64223A7B226964223A22696D755F737461747573222C22737562223A22227D2C22636F6E74656E74223A7B2254696D655374616D70223A313737393430353130353237312C224672616D65436F756E746572223A383933332C2247445F58223A2D302E3030383730343136373739303731303932362C2247445F59223A302E3030373836343132373836363932333830392C2247445F5A223A302E3031373130343034383238313930383033352C2241445F58223A2D302E303033303839323738393336333836313038342C2241445F59223A342E3138373439363337393031373833452D342C2241445F5A223A2D302E333333333538373634363438343337352C2254656D70447370223A302C22537461747573223A302C2243616C69625374617465223A312C22536967416D70496E76616C6964223A307D7D, 138 
05-22 07:11:45.272   544   544 D commservice260303: Push Message into SendPool fn=-1423769600
05-22 07:11:45.272   544   544 D commservice260303: ComProtocolLibSend2Cluster::send2ClusterRaw fn=-1423769600 , len=339
05-22 07:11:45.272   544   544 D commservice260303: sendCmdToPort :339!!!
05-22 07:11:45.272   544   544 D commservice260303: send Cmd To Port ++++5AA5014F8A01000023AB6A0F91317B22636F6D6D616E64223A7B226964223A22696D755F737461747573222C22737562223A22227D2C22636F6E74656E74223A7B2254696D655374616D70223A313737393430353130353237312C224672616D65436F756E746572223A383933332C2247445F58223A2D302E3030383730343136373739303731303932362C2247445F59223A302E3030373836343132373836363932333830392C2247445F5A223A302E3031373130343034383238313930383033352C2241445F58223A2D302E303033303839323738393336333836313038342C2241445F59223A342E3138373439363337393031373833452D342C2241445F5A223A2D302E333333333538373634363438343337352C2254656D70447370223A302C22537461747573223A302C2243616C69625374617465223A312C22536967416D70496E76616C6964223A307D7DB624
05-22 07:11:45.272   544   544 D commservice260303: bufferevent_write retrun value = 0
05-22 07:11:45.272   544   567 D commservice260303: client datas send succeed,send finish
05-22 07:11:45.273  2981  3178 D Sentinelmode_1.2.5.13_alpha: <SentryImuClusterFgeSender>imu_status sent to Linux, frame=8933, tsNs=390217, tsMs=1779405105271, intervalMs=39, ad=(-0.003089279,4.1874964E-4,-0.33335876), gd=(-0.008704168,0.007864128,0.017104048)
05-22 07:11:45.275   558  1606 I gps_hdbd: Received: '$GNTXT,04,01,04,INS,V,1,,,,FLG,1,000000,1,0,1,0,0,Con,0*71
'
05-22 07:11:45.275   558  1606 I gps_hdbd: Received: '$GNTXT,INSTALL,0.00,0.00,0.00,0.00,0.00,0.00,0*20
'
05-22 07:11:45.279  2981  3177 I SentryImuMcuAngleSender: 179.92761rollDeg
05-22 07:11:45.279  2981  3177 I SentryImuMcuAngleSender: 1,0,0
05-22 07:11:45.281   565   565 I Sensors : 230 AccelSensor: x:-0.111020,y:0.013420,z:-10.136980
05-22 07:11:45.282   573   573 I SpiService: fgesysctrl_getGPIO_status success val=1
05-22 07:11:45.285   737  8342 I FocusResolver: request window bdf128f com.neusoft.launcher/com.neusoft.launcher.function.main.view.MainActivity NOT_VISIBLE
05-22 07:11:45.286   565   565 I Sensors : 230 GyroSensor: x:-0.008704,y:0.007864,z:0.017791
05-22 07:11:45.287   573   573 I SpiService: fgesysctrl_getGPIO_status success val=1
05-22 06:30:19.025   573   573 D spi_rst_gpio_get_output: GPIO 145 value: 1
05-22 06:30:19.025   573   573 D spidev_ioctl: gpio status=1)
05-22 06:30:19.030   573   573 D spi_rst_gpio_get_output: GPIO 145 value: 1
05-22 06:30:19.030   573   573 D spidev_ioctl: gpio status=1)
05-22 07:11:45.292   573   573 I SpiService: fgesysctrl_getGPIO_status success val=1
05-22 06:30:19.036   573   573 D spi_rst_gpio_get_output: GPIO 145 value: 1
05-22 06:30:19.036   573   573 D spidev_ioctl: gpio status=1)
05-22 07:11:45.296   291  1491 D EvsDriver: forwardFrame
05-22 07:11:45.298   573   573 I SpiService: fgesysctrl_getGPIO_status success val=1
05-22 07:11:45.298   291  1491 D EvsDriver: Delivered 0xb400007b2f47ca30 as id 0
05-22 07:11:45.298  1137  1137 D evsmanagerd: /dev/video4 forwarded the buffer #0 to 0xb4000071fa019690 from 0xb4000071fa01b7d0
05-22 07:11:45.300  2981  3177 I SentryImuMcuAngleSender: 179.91727rollDeg
05-22 07:11:45.300  2981  3177 I SentryImuMcuAngleSender: 1,0,0
05-22 06:30:19.041   573   573 D spi_rst_gpio_get_output: GPIO 145 value: 1
05-22 06:30:19.041   573   573 D spidev_ioctl: gpio status=1)
05-22 07:11:45.302   291  1135 D EvsDriver: doneWithFrame
05-22 07:11:45.303   573   573 I SpiService: fgesysctrl_getGPIO_status success val=0
05-22 07:11:45.304   737   764 I WindowManager: Queue is too deep! Purged item with taskid=906
05-22 07:11:45.305   276   300 I rvcservice: t.code = 0, t.value = 0
05-22 06:30:19.047   573   573 D spi_rst_gpio_get_output: GPIO 145 value: 0
05-22 06:30:19.047   573   573 D spidev_ioctl: gpio status=0)
05-22 07:11:45.306   737   764 D WindowManager: Display{#2 state=ON size=1280x720 ROTATION_0} applySurfaceChangesTransaction  mTmpUpdateAllDrawn.isEmpty true
05-22 07:11:45.307   737   764 D SurfaceAnimator: com.android.server.wm.Dimmer$DimAnimatable@efa84f9 cancelAnimation mLeash = null, AnimationType= 0, animation = null, restarting= true, forwardCancel= true
05-22 07:11:45.309   737   764 D SurfaceAnimator: Surface(name=Dim Layer for - WindowedMagnification:0:31#263)/@0x34fafc0 startAnimation at Surface(name=Surface(name=Dim Layer for - WindowedMagnification:0:31#263)/@0x34fafc0 - animation-leash of dimmer#328)/@0x31b10d7 ishidden? false, mAnimationType=4, mAnimationStartDelayed=false, mAnimation = com.android.server.wm.LocalAnimationAdapter@ef1ddc4
05-22 07:11:45.309   964  1804 D [OMXB]  : usingANWBuffer: handle:0xebd40d20, format:1, w:1920, h:1080
05-22 07:11:45.309  1026  1026 D MyAppLog: [2026-05-22 07:11:45.308 D tboxap tsp_WorkMachineProc:1086] [Tsp] [tsp_WorkMachineProc]TSP_WORK_LOGIN NOW !!!!
05-22 07:11:45.309   737   764 D WindowManager: Display{#0 state=ON size=1280x720 ROTATION_0} applySurfaceChangesTransaction  mTmpUpdateAllDrawn.isEmpty true
05-22 07:11:45.312   544   544 D commservice260303: msg.id = 1028,0
05-22 07:11:45.312   544   544 D commservice260303: i = 170, msgid = 8A000404
05-22 07:11:45.312   544   544 D commservice260303: msgid = -1979710460,did=138
05-22 07:11:45.312   544   544 D commservice260303: CommProtocolLibCmdBaseI2C::dataproc {"command":{"id":"imu_status","sub":""},"content":{"TimeStamp":1779405105312,"FrameCounter":8934,"GD_X":-0.007634742185473442,"GD_Y":0.007788185961544514,"GD_Z":0.017715223133563995,"AD_X":-0.005525112152099609,"AD_Y":0.0022437935695052147,"AD_Z":-0.3327484130859375,"TempDsp":0,"Status":0,"CalibState":1,"SigAmpInvalid":0}},-1979710460
