05-22 07:11:43.571   544   544 D commservice260303: send Cmd To Port ++++5AA501508A01000023806A0F912F7B22636F6D6D616E64223A7B226964223A22696D755F737461747573222C22737562223A22227D2C22636F6E74656E74223A7B2254696D655374616D70223A313737393430353130333537302C224672616D65436F756E746572223A383839312C2247445F58223A2D302E3030393331343832323033333034373637362C2247445F59223A302E3030373137373031313130393838383535342C2247445F5A223A302E30313834373737363032353533333637362C2241445F58223A2D302E303031383935373835333331373236303734322C2241445F59223A2D302E3030313433363637373736313337353930342C2241445F5A223A2D302E333330393139323635373437303730332C2254656D70447370223A302C22537461747573223A302C2243616C69625374617465223A312C22536967416D70496E76616C6964223A307D7D112B
05-22 07:11:43.571   544   544 D commservice260303: bufferevent_write retrun value = 0
05-22 07:11:43.571   544   567 D commservice260303: client datas send succeed,send finish
05-22 06:30:17.315   573   573 D spi_rst_gpio_get_output: GPIO 145 value: 1
05-22 06:30:17.315   573   573 D spidev_ioctl: gpio status=1)
05-22 07:11:43.572  2981  3178 D Sentinelmode_1.2.5.13_alpha: <SentryImuClusterFgeSender>imu_status sent to Linux, frame=8891, tsNs=388545, tsMs=1779405103570, intervalMs=37, ad=(-0.0018957853,-0.0014366778,-0.33091927), gd=(-0.009314822,0.007177011,0.01847776)
05-22 07:11:43.572   573   573 I SpiService: fgesysctrl_getGPIO_status success val=1
05-22 07:11:43.577   573   573 I SpiService: fgesysctrl_getGPIO_status success val=0
05-22 07:11:43.577   486   579 I mcuc    : send SPI:6AA600042800050412010000B8
05-22 06:30:17.321   573   573 D spi_rst_gpio_get_output: GPIO 145 value: 0
05-22 06:30:17.321   573   573 D spidev_ioctl: gpio status=0)
05-22 07:11:43.579  9368  9368 I ADAYO_LOG_TRACE_KERNEL: execute start
05-22 07:11:43.586  2981  3177 I SentryImuMcuAngleSender: 179.93794rollDeg
05-22 07:11:43.586  2981  3177 I SentryImuMcuAngleSender: 1,0,0
05-22 07:11:43.591   573   573 I SpiService: fgesysctrl_getGPIO_status success val=1
05-22 07:11:43.592   291  1491 D EvsDriver: forwardFrame
05-22 06:30:17.335   573   573 D spi_rst_gpio_get_output: GPIO 145 value: 1
05-22 06:30:17.335   573   573 D spidev_ioctl: gpio status=1)
05-22 07:11:43.594   291  1491 D EvsDriver: Delivered 0xb400007b2f47ca30 as id 0
05-22 07:11:43.594  1137  1137 D evsmanagerd: /dev/video4 forwarded the buffer #0 to 0xb4000071fa019690 from 0xb4000071fa01b7d0
05-22 06:30:17.340   573   573 D spi_rst_gpio_get_output: GPIO 145 value: 1
05-22 06:30:17.340   573   573 D spidev_ioctl: gpio status=1)
05-22 07:11:43.597   573   573 I SpiService: fgesysctrl_getGPIO_status success val=1
05-22 07:11:43.598   291  1135 D EvsDriver: doneWithFrame
05-22 07:11:43.601   964  1804 D [OMXB]  : usingANWBuffer: handle:0xebd41f00, format:1, w:1920, h:1080
05-22 07:11:43.601   276   300 I rvcservice: t.code = 0, t.value = 15859
05-22 07:11:43.602   573   573 I SpiService: fgesysctrl_getGPIO_status success val=1
05-22 07:11:43.605  9370  9370 I ADAYO_LOG_TRACE_KERNEL: executing
05-22 06:30:17.346   573   573 D spi_rst_gpio_get_output: GPIO 145 value: 1
05-22 06:30:17.346   573   573 D spidev_ioctl: gpio status=1)
05-22 07:11:43.606  2981  3177 I SentryImuMcuAngleSender: 179.94829rollDeg
05-22 07:11:43.606  2981  3177 I SentryImuMcuAngleSender: 1,0,0
05-22 07:11:43.607   573   573 I SpiService: fgesysctrl_getGPIO_status success val=1
05-22 06:30:17.351   573   573 D spi_rst_gpio_get_output: GPIO 145 value: 1
05-22 06:30:17.351   573   573 D spidev_ioctl: gpio status=1)
05-22 07:11:43.611   544   544 D commservice260303: msg.id = 1028,0
05-22 07:11:43.611   544   544 D commservice260303: i = 170, msgid = 8A000404
05-22 07:11:43.611   544   544 D commservice260303: msgid = -1979710460,did=138
05-22 07:11:43.611   544   544 D commservice260303: CommProtocolLibCmdBaseI2C::dataproc {"command":{"id":"imu_status","sub":""},"content":{"TimeStamp":1779405103611,"FrameCounter":8892,"GD_X":-0.009467746131122112,"GD_Y":0.00862822588533163,"GD_Z":0.01817295327782631,"AD_X":-0.0043373629450798035,"AD_Y":-0.0032628197222948074,"AD_Z":-0.3321399688720703,"TempDsp":0,"Status":0,"CalibState":1,"SigAmpInvalid":0}},-1979710460
05-22 07:11:43.611   544   544 D commservice260303: send2Cluster len:324, 7B22636F6D6D616E64223A7B226964223A22696D755F737461747573222C22737562223A22227D2C22636F6E74656E74223A7B2254696D655374616D70223A313737393430353130333631312C224672616D65436F756E746572223A383839322C2247445F58223A2D302E3030393436373734363133313132323131322C2247445F59223A302E30303836323832323538383533333136332C2247445F5A223A302E30313831373239353332373738323633312C2241445F58223A2D302E303034333337333632393435303739383033352C2241445F59223A2D302E303033323632383139373232323934383037342C2241445F5A223A2D302E333332313339393638383732303730332C2254656D70447370223A302C22537461747573223A302C2243616C69625374617465223A312C22536967416D70496E76616C6964223A307D7D, 138 
05-22 07:11:43.611   544   544 D commservice260303: Push Message into SendPool fn=-2128412672
05-22 07:11:43.611   544   544 D commservice260303: ComProtocolLibSend2Cluster::send2ClusterRaw fn=-2128412672 , len=340
05-22 07:11:43.611   544   544 D commservice260303: sendCmdToPort :340!!!
05-22 07:11:43.612   544   544 D commservice260303: send Cmd To Port ++++5AA501508A01000023816A0F912F7B22636F6D6D616E64223A7B226964223A22696D755F737461747573222C22737562223A22227D2C22636F6E74656E74223A7B2254696D655374616D70223A313737393430353130333631312C224672616D65436F756E746572223A383839322C2247445F58223A2D302E3030393436373734363133313132323131322C2247445F59223A302E30303836323832323538383533333136332C2247445F5A223A302E30313831373239353332373738323633312C2241445F58223A2D302E303034333337333632393435303739383033352C2241445F59223A2D302E303033323632383139373232323934383037342C2241445F5A223A2D302E333332313339393638383732303730332C2254656D70447370223A302C22537461747573223A302C2243616C69625374617465223A312C22536967416D70496E76616C6964223A307D7D710D
05-22 07:11:43.612   544   544 D commservice260303: bufferevent_write retrun value = 0
05-22 07:11:43.612   544   567 D commservice260303: client datas send succeed,send finish
05-22 07:11:43.612  2981  3178 D Sentinelmode_1.2.5.13_alpha: <SentryImuClusterFgeSender>imu_status sent to Linux, frame=8892, tsNs=388581, tsMs=1779405103611, intervalMs=41, ad=(-0.004337363,-0.0032628197,-0.33213997), gd=(-0.009467746,0.008628226,0.018172953)
05-22 07:11:43.613   573   573 I SpiService: fgesysctrl_getGPIO_status success val=1
05-22 06:30:17.356   573   573 D spi_rst_gpio_get_output: GPIO 145 value: 1
05-22 06:30:17.356   573   573 D spidev_ioctl: gpio status=1)
05-22 07:11:43.618   573   573 I SpiService: fgesysctrl_getGPIO_status success val=1
05-22 06:30:17.361   573   573 D spi_rst_gpio_get_output: GPIO 145 value: 1
05-22 06:30:17.361   573   573 D spidev_ioctl: gpio status=1)
05-22 07:11:43.623   573   573 I SpiService: fgesysctrl_getGPIO_status success val=0
05-22 06:30:17.367   573   573 D spi_rst_gpio_get_output: GPIO 145 value: 0
05-22 06:30:17.367   573   573 D spidev_ioctl: gpio status=0)
05-22 07:11:43.626  2981  3177 I SentryImuMcuAngleSender: 179.94827rollDeg
05-22 07:11:43.626  2981  3177 I SentryImuMcuAngleSender: 1,0,0
05-22 07:11:43.627   291  1491 D EvsDriver: forwardFrame
05-22 07:11:43.628   291  1491 D EvsDriver: Delivered 0xb400007b2f47ca30 as id 0
05-22 07:11:43.629  1137  1137 D evsmanagerd: /dev/video4 forwarded the buffer #0 to 0xb4000071fa019690 from 0xb4000071fa01b7d0
05-22 07:11:43.629   291  1135 D EvsDriver: doneWithFrame
05-22 07:11:43.632  9372  9372 I ADAYO_LOG_TRACE_KERNEL: collect_root_path:/mnt/log_data
05-22 07:11:43.638   573   573 I SpiService: fgesysctrl_getGPIO_status success val=1
05-22 06:30:17.381   573   573 D spi_rst_gpio_get_output: GPIO 145 value: 1
05-22 06:30:17.381   573   573 D spidev_ioctl: gpio status=1)
05-22 07:11:43.643   573   573 I SpiService: fgesysctrl_getGPIO_status success val=1
05-22 06:30:17.386   573   573 D spi_rst_gpio_get_output: GPIO 145 value: 1
05-22 06:30:17.386   573   573 D spidev_ioctl: gpio status=1)
05-22 07:11:43.646  2981  3177 I SentryImuMcuAngleSender: 179.9345rollDeg
05-22 07:11:43.643  9373  9373 I auditd  : type=1400 audit(0.0:2903): avc: denied { getattr } for comm="mkdir" path="/mnt/log_data" dev="vda93" ino=2 scontext=u:r:toolbox:s0 tcontext=u:object_r:log_data_file:s0 tclass=dir permissive=1
05-22 07:11:43.646  2981  3177 I SentryImuMcuAngleSender: 1,0,0
05-22 07:11:43.643  9373  9373 I mkdir   : type=1400 audit(0.0:2903): avc: denied { getattr } for path="/mnt/log_data" dev="vda93" ino=2 scontext=u:r:toolbox:s0 tcontext=u:object_r:log_data_file:s0 tclass=dir permissive=1
05-22 07:11:43.648   573   573 I SpiService: fgesysctrl_getGPIO_status success val=1
05-22 06:30:17.392   573   573 D spi_rst_gpio_get_output: GPIO 145 value: 1
05-22 06:30:17.392   573   573 D spidev_ioctl: gpio status=1)
05-22 07:11:43.651   544   544 D commservice260303: msg.id = 1028,0
05-22 07:11:43.651   544   544 D commservice260303: i = 170, msgid = 8A000404
05-22 07:11:43.652   544   544 D commservice260303: msgid = -1979710460,did=138
05-22 07:11:43.652   544   544 D commservice260303: CommProtocolLibCmdBaseI2C::dataproc {"command":{"id":"imu_status","sub":""},"content":{"TimeStamp":1779405103651,"FrameCounter":8893,"GD_X":-0.008245917037129402,"GD_Y":0.007788185961544514,"GD_Z":0.017485838383436203,"AD_X":-0.004336446523666382,"AD_Y":-8.199894800782204E-4,"AD_Z":-0.3309192657470703,"TempDsp":0,"Status":0,"CalibState":1,"SigAmpInvalid":0}},-1979710460
05-22 07:11:43.652   544   544 D commservice260303: send2Cluster len:324, 7B22636F6D6D616E64223A7B226964223A22696D755F737461747573222C22737562223A22227D2C22636F6E74656E74223A7B2254696D655374616D70223A313737393430353130333635312C224672616D65436F756E746572223A383839332C2247445F58223A2D302E3030383234353931373033373132393430322C2247445F59223A302E3030373738383138353936313534343531342C2247445F5A223A302E3031373438353833383338333433363230332C2241445F58223A2D302E3030343333363434363532333636363338322C2241445F59223A2D382E313939383934383030373832323034452D342C2241445F5A223A2D302E333330393139323635373437303730332C2254656D70447370223A302C22537461747573223A302C2243616C69625374617465223A312C22536967416D70496E76616C6964223A307D7D, 138 
05-22 07:11:43.652   544   544 D commservice260303: Push Message into SendPool fn=-2111635456
05-22 07:11:43.652   544   544 D commservice260303: ComProtocolLibSend2Cluster::send2ClusterRaw fn=-2111635456 , len=340
05-22 07:11:43.652   544   544 D commservice260303: sendCmdToPort :340!!!
05-22 07:11:43.652   544   544 D commservice260303: send Cmd To Port ++++5AA501508A01000023826A0F912F7B22636F6D6D616E64223A7B226964223A22696D755F737461747573222C22737562223A22227D2C22636F6E74656E74223A7B2254696D655374616D70223A313737393430353130333635312C224672616D65436F756E746572223A383839332C2247445F58223A2D302E3030383234353931373033373132393430322C2247445F59223A302E3030373738383138353936313534343531342C2247445F5A223A302E3031373438353833383338333433363230332C2241445F58223A2D302E3030343333363434363532333636363338322C2241445F59223A2D382E313939383934383030373832323034452D342C2241445F5A223A2D302E333330393139323635373437303730332C2254656D70447370223A302C22537461747573223A302C2243616C69625374617465223A312C22536967416D70496E76616C6964223A307D7DD19D
05-22 07:11:43.652   544   544 D commservice260303: bufferevent_write retrun value = 0
05-22 07:11:43.652   544   567 D commservice260303: client datas send succeed,send finish
05-22 07:11:43.652  2981  3178 D Sentinelmode_1.2.5.13_alpha: <SentryImuClusterFgeSender>imu_status sent to Linux, frame=8893, tsNs=388617, tsMs=1779405103651, intervalMs=40, ad=(-0.0043364465,-8.199895E-4,-0.33091927), gd=(-0.008245917,0.007788186,0.017485838)
05-22 07:11:43.653   573   573 I SpiService: fgesysctrl_getGPIO_status success val=1
05-22 06:30:17.397   573   573 D spi_rst_gpio_get_output: GPIO 145 value: 1
05-22 06:30:17.397   573   573 D spidev_ioctl: gpio status=1)
05-22 07:11:43.655   291  1491 D EvsDriver: forwardFrame
05-22 07:11:43.655   291  1491 D EvsDriver: Delivered 0xb400007b2f47ca30 as id 0
05-22 07:11:43.656  1137  1137 D evsmanagerd: /dev/video4 forwarded the buffer #0 to 0xb4000071fa019690 from 0xb4000071fa01b7d0
05-22 07:11:43.658   291  1135 D EvsDriver: doneWithFrame
05-22 07:11:43.659   573   573 I SpiService: fgesysctrl_getGPIO_status success val=0
05-22 07:11:43.655   477   477 I auditd  : type=1400 audit(0.0:2904): avc: denied { use } for comm="CameraHelper" path="anon_inode:sync_file" dev="anon_inodefs" ino=14085 scontext=u:r:mediacodec:s0 tcontext=u:r:adayo_dvr_service:s0 tclass=fd permissive=1
05-22 07:11:43.655   477   477 I CameraHelper: type=1400 audit(0.0:2904): avc: denied { use } for path="anon_inode:sync_file" dev="anon_inodefs" ino=14085 scontext=u:r:mediacodec:s0 tcontext=u:r:adayo_dvr_service:s0 tclass=fd permissive=1
05-22 06:30:17.402   573   573 D spi_rst_gpio_get_output: GPIO 145 value: 0
05-22 07:11:43.661   964  1804 D [OMXB]  : usingANWBuffer: handle:0xebd400c0, format:1, w:1920, h:1080
05-22 06:30:17.402   573   573 D spidev_ioctl: gpio status=0)
05-22 07:11:43.666  2981  3177 I SentryImuMcuAngleSender: 179.93106rollDeg
05-22 07:11:43.668  2981  3177 I SentryImuMcuAngleSender: 1,0,0
05-22 07:11:43.671   565   599 I Sensors : 230 AccelSensor: x:-0.113459,y:0.013420,z:-10.138201
05-22 07:11:43.673   573   573 I SpiService: fgesysctrl_getGPIO_status success val=1
05-22 06:30:17.416   573   573 D spi_rst_gpio_get_output: GPIO 145 value: 1
05-22 06:30:17.416   573   573 D spidev_ioctl: gpio status=1)
05-22 07:11:43.677   477  1275 I dvr_service_: [EncoderHandler::runMediaThread] runMediaThread started:1,state:0, cam2:started:1,state:0, lastSwitch:1, mIsMuxerStart:0,format:0,is_str_ing:0
05-22 07:11:43.678   573   573 I SpiService: fgesysctrl_getGPIO_status success val=1
05-22 06:30:17.421   573   573 D spi_rst_gpio_get_output: GPIO 145 value: 1
05-22 06:30:17.421   573   573 D spidev_ioctl: gpio status=1)
05-22 07:11:43.683   573   573 I SpiService: fgesysctrl_getGPIO_status success val=1
05-22 06:30:17.427   573   573 D spi_rst_gpio_get_output: GPIO 145 value: 1
05-22 06:30:17.427   573   573 D spidev_ioctl: gpio status=1)
05-22 07:11:43.687   291  1491 D EvsDriver: forwardFrame
05-22 07:11:43.688   291  1491 D EvsDriver: Delivered 0xb400007b2f47ca30 as id 0
05-22 07:11:43.688  2981  3177 I SentryImuMcuAngleSender: 179.92416rollDeg
05-22 07:11:43.689   573   573 I SpiService: fgesysctrl_getGPIO_status success val=1
05-22 07:11:43.689  2981  3177 I SentryImuMcuAngleSender: 1,0,0
05-22 07:11:43.683  9376  9376 I auditd  : type=1400 audit(0.0:2905): avc: denied { search } for comm="chown" name="/" dev="vda93" ino=2 scontext=u:r:toolbox:s0 tcontext=u:object_r:log_data_file:s0 tclass=dir permissive=1
05-22 07:11:43.683  9376  9376 I chown   : type=1400 audit(0.0:2905): avc: denied { search } for name="/" dev="vda93" ino=2 scontext=u:r:toolbox:s0 tcontext=u:object_r:log_data_file:s0 tclass=dir permissive=1
05-22 07:11:43.683  9376  9376 I auditd  : type=1400 audit(0.0:2906): avc: denied { read } for comm="chown" name="AndroidLog" dev="vda93" ino=65537 scontext=u:r:toolbox:s0 tcontext=u:object_r:log_data_file:s0 tclass=dir permissive=1
05-22 07:11:43.683  9376  9376 I chown   : type=1400 audit(0.0:2906): avc: denied { read } for name="AndroidLog" dev="vda93" ino=65537 scontext=u:r:toolbox:s0 tcontext=u:object_r:log_data_file:s0 tclass=dir permissive=1
05-22 06:30:17.432   573   573 D spi_rst_gpio_get_output: GPIO 145 value: 1
05-22 06:30:17.432   573   573 D spidev_ioctl: gpio status=1)
05-22 07:11:43.690  1137  1137 D evsmanagerd: /dev/video4 forwarded the buffer #0 to 0xb4000071fa019690 from 0xb4000071fa01b7d0
05-22 07:11:43.683  9376  9376 I auditd  : type=1400 audit(0.0:2907): avc: denied { open } for comm="chown" path="/mnt/log_data/AndroidLog" dev="vda93" ino=65537 scontext=u:r:toolbox:s0 tcontext=u:object_r:log_data_file:s0 tclass=dir permissive=1
05-22 07:11:43.683  9376  9376 I chown   : type=1400 audit(0.0:2907): avc: denied { open } for path="/mnt/log_data/AndroidLog" dev="vda93" ino=65537 scontext=u:r:toolbox:s0 tcontext=u:object_r:log_data_file:s0 tclass=dir permissive=1
05-22 07:11:43.691   291  1135 D EvsDriver: doneWithFrame
05-22 07:11:43.692   544   544 D commservice260303: msg.id = 1028,0
05-22 07:11:43.692   544   544 D commservice260303: i = 170, msgid = 8A000404
05-22 07:11:43.692   544   544 D commservice260303: msgid = -1979710460,did=138
05-22 07:11:43.692   544   544 D commservice260303: CommProtocolLibCmdBaseI2C::dataproc {"command":{"id":"imu_status","sub":""},"content":{"TimeStamp":1779405103692,"FrameCounter":8894,"GD_X":-0.008704167790710926,"GD_Y":0.007788185961544514,"GD_Z":0.01687518320977688,"AD_X":-0.00921020656824112,"AD_Y":0.0028376486152410507,"AD_Z":-0.3315296173095703,"TempDsp":0,"Status":0,"CalibState":1,"SigAmpInvalid":0}},-1979710460
05-22 07:11:43.692   544   544 D commservice260303: send2Cluster len:322, 7B22636F6D6D616E64223A7B226964223A22696D755F737461747573222C22737562223A22227D2C22636F6E74656E74223A7B2254696D655374616D70223A313737393430353130333639322C224672616D65436F756E746572223A383839342C2247445F58223A2D302E3030383730343136373739303731303932362C2247445F59223A302E3030373738383138353936313534343531342C2247445F5A223A302E30313638373531383332303937373638382C2241445F58223A2D302E30303932313032303635363832343131322C2241445F59223A302E303032383337363438363135323431303530372C2241445F5A223A2D302E333331353239363137333039353730332C2254656D70447370223A302C22537461747573223A302C2243616C69625374617465223A312C22536967416D70496E76616C6964223A307D7D, 138 
05-22 07:11:43.692   544   544 D commservice260303: Push Message into SendPool fn=-2094858240
05-22 07:11:43.693   544   544 D commservice260303: ComProtocolLibSend2Cluster::send2ClusterRaw fn=-2094858240 , len=338
05-22 07:11:43.693   544   544 D commservice260303: sendCmdToPort :338!!!
05-22 07:11:43.693   544   544 D commservice260303: send Cmd To Port ++++5AA5014E8A01000023836A0F912F7B22636F6D6D616E64223A7B226964223A22696D755F737461747573222C22737562223A22227D2C22636F6E74656E74223A7B2254696D655374616D70223A313737393430353130333639322C224672616D65436F756E746572223A383839342C2247445F58223A2D302E3030383730343136373739303731303932362C2247445F59223A302E3030373738383138353936313534343531342C2247445F5A223A302E30313638373531383332303937373638382C2241445F58223A2D302E30303932313032303635363832343131322C2241445F59223A302E303032383337363438363135323431303530372C2241445F5A223A2D302E333331353239363137333039353730332C2254656D70447370223A302C22537461747573223A302C2243616C69625374617465223A312C22536967416D70496E76616C6964223A307D7D4E31
05-22 07:11:43.693   544   544 D commservice260303: bufferevent_write retrun value = 0
05-22 07:11:43.693  2981  3178 D Sentinelmode_1.2.5.13_alpha: <SentryImuClusterFgeSender>imu_status sent to Linux, frame=8894, tsNs=388671, tsMs=1779405103692, intervalMs=41, ad=(-0.009210207,0.0028376486,-0.33152962), gd=(-0.008704168,0.007788186,0.016875183)
05-22 07:11:43.693   544   567 D commservice260303: client datas send succeed,send finish
05-22 07:11:43.694   573   573 I SpiService: fgesysctrl_getGPIO_status success val=1
05-22 07:11:43.683  9376  9376 I auditd  : type=1400 audit(0.0:2908): avc: denied { setattr } for comm="chown" name="logcat" dev="vda93" ino=65538 scontext=u:r:toolbox:s0 tcontext=u:object_r:log_data_file:s0 tclass=dir permissive=1
05-22 07:11:43.683  9376  9376 I chown   : type=1400 audit(0.0:2908): avc: denied { setattr } for name="logcat" dev="vda93" ino=65538 scontext=u:r:toolbox:s0 tcontext=u:object_r:log_data_file:s0 tclass=dir permissive=1
05-22 06:30:17.437   573   573 D spi_rst_gpio_get_output: GPIO 145 value: 1
05-22 06:30:17.437   573   573 D spidev_ioctl: gpio status=1)
05-22 07:11:43.695   964  1804 D [OMXB]  : usingANWBuffer: handle:0xebd43b30, format:1, w:1920, h:1080
05-22 07:11:43.699   573   573 I SpiService: fgesysctrl_getGPIO_status success val=0
05-22 07:11:43.701   276   300 I rvcservice: t.code = 3, t.value = 0
05-22 06:30:17.443   573   573 D spi_rst_gpio_get_output: GPIO 145 value: 0
05-22 06:30:17.443   573   573 D spidev_ioctl: gpio status=0)
05-22 07:11:43.702  1026  1026 D MyAppLog: [2026-05-22 07:11:43.699 D tboxap tsp_WorkMachineProc:1086] [Tsp] [tsp_WorkMachineProc]TSP_WORK_LOGIN NOW !!!!
05-22 07:11:43.708   565   599 I Sensors : 230 GyroSensor: x:-0.009162,y:0.007483,z:0.016875
05-22 07:11:43.709  2981  3177 I SentryImuMcuAngleSender: 179.92415rollDeg
05-22 07:11:43.709  2981  3177 I SentryImuMcuAngleSender: 1,0,0
05-22 07:11:43.713   573   573 I SpiService: fgesysctrl_getGPIO_status success val=1
05-22 06:30:17.456   573   573 D spi_rst_gpio_get_output: GPIO 145 value: 1
05-22 06:30:17.457   573   573 D spidev_ioctl: gpio status=1)
05-22 07:11:43.718   573   573 I SpiService: fgesysctrl_getGPIO_status success val=1
05-22 07:11:43.719   544  3080 D commservice260303: send heart beat package to Cluster
05-22 07:11:43.719   544  3080 D commservice260303: send2Cluster len:40, 7B22636F6D6D616E64223A7B226964223A22686561727462656174222C22737562223A22227D7D0A, 129 
05-22 07:11:43.719   544  3080 D commservice260303: Push Message into SendPool fn=-2078081024
05-22 07:11:43.720   544  3080 D commservice260303: ComProtocolLibSend2Cluster::send2ClusterRaw fn=-2078081024 , len=56
05-22 07:11:43.720   544  3080 D commservice260303: sendCmdToPort :56!!!
05-22 07:11:43.720   544  3080 D commservice260303: send Cmd To Port ++++5AA500348101000023846A0F912F7B22636F6D6D616E64223A7B226964223A22686561727462656174222C22737562223A22227D7D0A901B
05-22 07:11:43.720   544  3080 D commservice260303: bufferevent_write retrun value = 0
05-22 07:11:43.720   544   567 D commservice260303: client datas send succeed,send finish
05-22 06:30:17.462   573   573 D spi_rst_gpio_get_output: GPIO 145 value: 1
05-22 06:30:17.462   573   573 D spidev_ioctl: gpio status=1)
05-22 07:11:43.724   573   573 I SpiService: fgesysctrl_getGPIO_status success val=1
05-22 07:11:43.724   291  1491 D EvsDriver: forwardFrame
05-22 07:11:43.725   544   567 D commservice260303: recv len:91, 5AA500570100000002326A0F912F7B22636F6D6D616E64223A7B226964223A22686561727462656174222C22737562223A22227D2C22726573706F6E65223A7B22636F6465223A302C226D657373616765223A226F6B227D7DEC36 from server
05-22 07:11:43.725   291  1491 D EvsDriver: Delivered 0xb400007b2f47ca30 as id 0
05-22 07:11:43.725  1137  1137 D evsmanagerd: /dev/video4 forwarded the buffer #0 to 0xb4000071fa019690 from 0xb4000071fa01b7d0
05-22 07:11:43.725   544  3079 D commservice260303: mcuDataAnalyzeHandle templen:91,len:91,pos:0, 5AA500570100000002326A0F912F7B22636F6D6D616E64223A7B226964223A22686561727462656174222C22737562223A22227D2C22726573706F6E65223A7B22636F6465223A302C226D657373616765223A226F6B227D7DEC36 
05-22 07:11:43.725   544  3079 I commservice260303: checksumCal = 60470
05-22 07:11:43.725   544  3079 D commservice260303: Protocol_C2I_Commservice::dataproc {"command":{"id":"heartbeat","sub":""},"respone":{"code":0,"message":"ok"}},1
05-22 07:11:43.726   544  3079 D commservice260303: Protocol_C2I_Commservice::dataproc Receive a heartbeat command from Cluster, setTcpHeartbeat = EID_UID_HEARTBEAT
05-22 06:30:17.467   573   573 D spi_rst_gpio_get_output: GPIO 145 value: 1
05-22 06:30:17.467   573   573 D spidev_ioctl: gpio status=1)
05-22 07:11:43.726   291  1135 D EvsDriver: doneWithFrame
05-22 07:11:43.729   573   573 I SpiService: fgesysctrl_getGPIO_status success val=1
05-22 07:11:43.729  2981  3177 I SentryImuMcuAngleSender: 179.92758rollDeg
05-22 07:11:43.729  2981  3177 I SentryImuMcuAngleSender: 1,0,0
05-22 06:30:17.473   573   573 D spi_rst_gpio_get_output: GPIO 145 value: 1
05-22 06:30:17.473   573   573 D spidev_ioctl: gpio status=1)
05-22 07:11:43.733   544   544 D commservice260303: msg.id = 1028,0
05-22 07:11:43.733   544   544 D commservice260303: i = 170, msgid = 8A000404
05-22 07:11:43.733   544   544 D commservice260303: msgid = -1979710460,did=138
05-22 07:11:43.733   544   544 D commservice260303: CommProtocolLibCmdBaseI2C::dataproc {"command":{"id":"imu_status","sub":""},"content":{"TimeStamp":1779405103733,"FrameCounter":8895,"GD_X":-0.0085517643019557,"GD_Y":0.007405876647680998,"GD_Z":0.0183248370885849,"AD_X":-0.006764911115169525,"AD_Y":3.974977880716324E-4,"AD_Z":-0.3284788131713867,"TempDsp":0,"Status":0,"CalibState":1,"SigAmpInvalid":0}},-1979710460
05-22 07:11:43.733   544   544 D commservice260303: send2Cluster len:319, 7B22636F6D6D616E64223A7B226964223A22696D755F737461747573222C22737562223A22227D2C22636F6E74656E74223A7B2254696D655374616D70223A313737393430353130333733332C224672616D65436F756E746572223A383839352C2247445F58223A2D302E303038353531373634333031393535372C2247445F59223A302E3030373430353837363634373638303939382C2247445F5A223A302E303138333234383337303838353834392C2241445F58223A2D302E3030363736343931313131353136393532352C2241445F59223A332E393734393737383830373136333234452D342C2241445F5A223A2D302E333238343738383133313731333836372C2254656D70447370223A302C22537461747573223A302C2243616C69625374617465223A312C22536967416D70496E76616C6964223A307D7D, 138 
05-22 07:11:43.733   544   544 D commservice260303: Push Message into SendPool fn=-2061303808
05-22 07:11:43.733   544   544 D commservice260303: ComProtocolLibSend2Cluster::send2ClusterRaw fn=-2061303808 , len=335
05-22 07:11:43.733   544   544 D commservice260303: sendCmdToPort :335!!!
05-22 07:11:43.733   544   544 D commservice260303: send Cmd To Port ++++5AA5014B8A01000023856A0F912F7B22636F6D6D616E64223A7B226964223A22696D755F737461747573222C22737562223A22227D2C22636F6E74656E74223A7B2254696D655374616D70223A313737393430353130333733332C224672616D65436F756E746572223A383839352C2247445F58223A2D302E303038353531373634333031393535372C2247445F59223A302E3030373430353837363634373638303939382C2247445F5A223A302E303138333234383337303838353834392C2241445F58223A2D302E3030363736343931313131353136393532352C2241445F59223A332E393734393737383830373136333234452D342C2241445F5A223A2D302E333238343738383133313731333836372C2254656D70447370223A302C22537461747573223A302C2243616C69625374617465223A312C22536967416D70496E76616C6964223A307D7DE2F9
05-22 07:11:43.733   544   544 D commservice260303: bufferevent_write retrun value = 0
05-22 07:11:43.734   544   567 D commservice260303: client datas send succeed,send finish
05-22 07:11:43.734  2981  3178 D Sentinelmode_1.2.5.13_alpha: <SentryImuClusterFgeSender>imu_status sent to Linux, frame=8895, tsNs=388707, tsMs=1779405103733, intervalMs=41, ad=(-0.006764911,3.974978E-4,-0.3284788), gd=(-0.008551764,0.0074058766,0.018324837)
05-22 07:11:43.735   573   573 I SpiService: fgesysctrl_getGPIO_status success val=1
05-22 06:30:17.478   573   573 D spi_rst_gpio_get_output: GPIO 145 value: 1
05-22 06:30:17.478   573   573 D spidev_ioctl: gpio status=1)
05-22 07:11:43.740   573   573 I SpiService: fgesysctrl_getGPIO_status success val=0
05-22 06:30:17.483   573   573 D spi_rst_gpio_get_output: GPIO 145 value: 0
05-22 06:30:17.483   573   573 D spidev_ioctl: gpio status=0)
05-22 07:11:43.744  1026  1026 D MyAppLog: [2026-05-22 07:11:43.743 D tboxap gpsMcuDataAnalyze:471] [Gps] [gpsMcuDataAnalyze]:$GNRMC,231143.000,V,,,,,,,210526,120.0,E,N,V*45
05-22 07:11:43.744  1026  1026 D MyAppLog: 
05-22 07:11:43.744  1026  1026 D MyAppLog: [2026-05-22 07:11:43.743 D tboxap gpsMcuDataAnalyze:556] [Gps] stGps.stat:0, latitude:0 , longtitude:0,sped:0,direction:0
05-22 07:11:43.749  2981  3177 I SentryImuMcuAngleSender: 179.93103rollDeg
05-22 07:11:43.750  2981  3177 I SentryImuMcuAngleSender: 1,0,0
05-22 07:11:43.752   291  1491 D EvsDriver: forwardFrame
05-22 07:11:43.753   291  1491 D EvsDriver: Delivered 0xb400007b2f47ca30 as id 0
05-22 07:11:43.754  1137  1137 D evsmanagerd: /dev/video4 forwarded the buffer #0 to 0xb4000071fa019690 from 0xb4000071fa01b7d0
05-22 07:11:43.754   573   573 I SpiService: fgesysctrl_getGPIO_status success val=1
05-22 07:11:43.755   291  1135 D EvsDriver: doneWithFrame
05-22 06:30:17.498   573   573 D spi_rst_gpio_get_output: GPIO 145 value: 1
05-22 06:30:17.498   573   573 D spidev_ioctl: gpio status=1)
05-22 07:11:43.759   964  1804 D [OMXB]  : usingANWBuffer: handle:0xebd40170, format:1, w:1920, h:1080
05-22 07:11:43.759   558  1141 I gps_hdbd: [gps_upgrade_thread 3506]Enter
05-22 07:11:43.759   558  1141 I gps_hdbd: [gps_upgrade_thread 3535] sys.gps.update:0 ,file:not ,upgrate_ing:0
05-22 07:11:43.760   573   573 I SpiService: fgesysctrl_getGPIO_status success val=1
05-22 06:30:17.503   573   573 D spi_rst_gpio_get_output: GPIO 145 value: 1
05-22 06:30:17.503   573   573 D spidev_ioctl: gpio status=1)
05-22 07:11:43.765   573   573 I SpiService: fgesysctrl_getGPIO_status success val=1
05-22 06:30:17.508   573   573 D spi_rst_gpio_get_output: GPIO 145 value: 1
05-22 06:30:17.508   573   573 D spidev_ioctl: gpio status=1)
05-22 07:11:43.770   573   573 I SpiService: fgesysctrl_getGPIO_status success val=1
05-22 07:11:43.770  2981  3177 I SentryImuMcuAngleSender: 179.94484rollDeg
05-22 07:11:43.770  2981  3177 I SentryImuMcuAngleSender: 1,0,0
05-22 07:11:43.772  2981  3170 D SVR_MNG_SvrMngProxy: getServer: mSvrManger is null
05-22 07:11:43.772  2981  3170 D SVR_MNG_SvrMngProxy: getNewStub: 
05-22 07:11:43.772  2981  3170 D SVR_MNG_SvrMngProxy: getNewStub: getSvrManagerService start
05-22 07:11:43.773  2981  3170 D SVR_MNG_SvrMngProxy: getNewStub: getSvrManagerService end
05-22 06:30:17.514   573   573 D spi_rst_gpio_get_output: GPIO 145 value: 1
05-22 07:11:43.773  2981  3170 D SVR_MNG_SvrMngProxy: getServer: svrMngService doesn't start
05-22 06:30:17.514   573   573 D spidev_ioctl: gpio status=1)
05-22 06:30:17.515  9382  9382 W audit   : audit_lost=1584 audit_rate_limit=5 audit_backlog_limit=64
05-22 07:11:43.773   544   544 D commservice260303: msg.id = 1028,0
05-22 06:30:17.515  9382  9382 E audit   : rate limit exceeded
05-22 07:11:43.773   544   544 D commservice260303: i = 170, msgid = 8A000404
05-22 07:11:43.774   544   544 D commservice260303: msgid = -1979710460,did=138
05-22 07:11:43.774   544   544 D commservice260303: CommProtocolLibCmdBaseI2C::dataproc {"command":{"id":"imu_status","sub":""},"content":{"TimeStamp":1779405103773,"FrameCounter":8896,"GD_X":-0.00908595696091652,"GD_Y":0.006948145572096109,"GD_Z":0.017715223133563995,"AD_X":-0.007981479167938232,"AD_Y":-0.0026490921154618263,"AD_Z":-0.3321399688720703,"TempDsp":0,"Status":0,"CalibState":1,"SigAmpInvalid":0}},-1979710460
05-22 07:11:43.774   544   544 D commservice260303: send2Cluster len:324, 7B22636F6D6D616E64223A7B226964223A22696D755F737461747573222C22737562223A22227D2C22636F6E74656E74223A7B2254696D655374616D70223A313737393430353130333737332C224672616D65436F756E746572223A383839362C2247445F58223A2D302E30303930383539353639363039313635322C2247445F59223A302E3030363934383134353537323039363130392C2247445F5A223A302E3031373731353232333133333536333939352C2241445F58223A2D302E3030373938313437393136373933383233322C2241445F59223A2D302E303032363439303932313135343631383236332C2241445F5A223A2D302E333332313339393638383732303730332C2254656D70447370223A302C22537461747573223A302C2243616C69625374617465223A312C22536967416D70496E76616C6964223A307D7D, 138 
05-22 07:11:43.774   544   544 D commservice260303: Push Message into SendPool fn=-2044526592
05-22 07:11:43.774   544   544 D commservice260303: ComProtocolLibSend2Cluster::send2ClusterRaw fn=-2044526592 , len=340
05-22 07:11:43.774   544   544 D commservice260303: sendCmdToPort :340!!!
05-22 07:11:43.774   544   544 D commservice260303: send Cmd To Port ++++5AA501508A01000023866A0F912F7B22636F6D6D616E64223A7B226964223A22696D755F737461747573222C22737562223A22227D2C22636F6E74656E74223A7B2254696D655374616D70223A313737393430353130333737332C224672616D65436F756E746572223A383839362C2247445F58223A2D302E30303930383539353639363039313635322C2247445F59223A302E3030363934383134353537323039363130392C2247445F5A223A302E3031373731353232333133333536333939352C2241445F58223A2D302E3030373938313437393136373933383233322C2241445F59223A2D302E303032363439303932313135343631383236332C2241445F5A223A2D302E333332313339393638383732303730332C2254656D70447370223A302C22537461747573223A302C2243616C69625374617465223A312C22536967416D70496E76616C6964223A307D7D1B7D
05-22 07:11:43.774   544   544 D commservice260303: bufferevent_write retrun value = 0
05-22 07:11:43.774   544   567 D commservice260303: client datas send succeed,send finish
05-22 07:11:43.774  2981  3178 D Sentinelmode_1.2.5.13_alpha: <SentryImuClusterFgeSender>imu_status sent to Linux, frame=8896, tsNs=388742, tsMs=1779405103773, intervalMs=40, ad=(-0.007981479,-0.002649092,-0.33213997), gd=(-0.009085957,0.0069481456,0.017715223)
05-22 07:11:43.776   573   573 I SpiService: fgesysctrl_getGPIO_status success val=1
05-22 06:30:17.519   573   573 D spi_rst_gpio_get_output: GPIO 145 value: 1
05-22 06:30:17.519   573   573 D spidev_ioctl: gpio status=1)
05-22 07:11:43.781   573   573 I SpiService: fgesysctrl_getGPIO_status success val=0
05-22 06:30:17.524   573   573 D spi_rst_gpio_get_output: GPIO 145 value: 0
05-22 06:30:17.524   573   573 D spidev_ioctl: gpio status=0)
05-22 07:11:43.789   291  1491 D EvsDriver: forwardFrame
05-22 07:11:43.791  1137  1137 D evsmanagerd: /dev/video4 forwarded the buffer #0 to 0xb4000071fa019690 from 0xb4000071fa01b7d0
05-22 07:11:43.791   291  1491 D EvsDriver: Delivered 0xb400007b2f47ca30 as id 0
05-22 07:11:43.792  2981  3177 I SentryImuMcuAngleSender: 179.94484rollDeg
05-22 07:11:43.792  2981  3177 I SentryImuMcuAngleSender: 1,0,0
05-22 07:11:43.793   291  1135 D EvsDriver: doneWithFrame
05-22 07:11:43.795   573   573 I SpiService: fgesysctrl_getGPIO_status success val=1
05-22 07:11:43.797   964  1804 D [OMXB]  : usingANWBuffer: handle:0xebd43d40, format:1, w:1920, h:1080
05-22 06:30:17.538   573   573 D spi_rst_gpio_get_output: GPIO 145 value: 1
05-22 06:30:17.538   573   573 D spidev_ioctl: gpio status=1)
05-22 07:11:43.800   573   573 I SpiService: fgesysctrl_getGPIO_status success val=1
05-22 07:11:43.802   276   300 I rvcservice: t.code = 7, t.value = 388617
05-22 06:30:17.544   573   573 D spi_rst_gpio_get_output: GPIO 145 value: 1
05-22 06:30:17.544   573   573 D spidev_ioctl: gpio status=1)
05-22 06:30:17.549   573   573 D spi_rst_gpio_get_output: GPIO 145 value: 1
05-22 07:11:43.806   573   573 I SpiService: fgesysctrl_getGPIO_status success val=1
05-22 06:30:17.549   573   573 D spidev_ioctl: gpio status=1)
05-22 07:11:43.811   573   573 I SpiService: fgesysctrl_getGPIO_status success val=1
05-22 07:11:43.813  2981  3177 I SentryImuMcuAngleSender: 179.92416rollDeg
05-22 07:11:43.813  2981  3177 I SentryImuMcuAngleSender: 1,0,0
05-22 06:30:17.554   573   573 D spi_rst_gpio_get_output: GPIO 145 value: 1
05-22 06:30:17.554   573   573 D spidev_ioctl: gpio status=1)
05-22 07:11:43.814   544   544 D commservice260303: msg.id = 1028,1
05-22 07:11:43.814   544   544 D commservice260303: i = 170, msgid = 8A000404
05-22 07:11:43.814   544   544 D commservice260303: msgid = -1979710460,did=138
05-22 07:11:43.814   544   544 D commservice260303: CommProtocolLibCmdBaseI2C::dataproc {"command":{"id":"imu_status","sub":""},"content":{"TimeStamp":1779405103813,"FrameCounter":8897,"GD_X":-0.008322898298501968,"GD_Y":0.0073299347423017025,"GD_Z":0.017715223133563995,"AD_X":-0.004319995641708374,"AD_Y":0.0010115383192896843,"AD_Z":-0.3321399688720703,"TempDsp":0,"Status":0,"CalibState":1,"SigAmpInvalid":0}},-1979710460
05-22 07:11:43.814   544   544 D commservice260303: send2Cluster len:325, 7B22636F6D6D616E64223A7B226964223A22696D755F737461747573222C22737562223A22227D2C22636F6E74656E74223A7B2254696D655374616D70223A313737393430353130333831332C224672616D65436F756E746572223A383839372C2247445F58223A2D302E3030383332323839383239383530313936382C2247445F59223A302E303037333239393334373432333031373032352C2247445F5A223A302E3031373731353232333133333536333939352C2241445F58223A2D302E3030343331393939353634313730383337342C2241445F59223A302E303031303131353338333139323839363834332C2241445F5A223A2D302E333332313339393638383732303730332C2254656D70447370223A302C22537461747573223A302C2243616C69625374617465223A312C22536967416D70496E76616C6964223A307D7D, 138 
05-22 07:11:43.814   544   544 D commservice260303: Push Message into SendPool fn=-2027749376
05-22 07:11:43.814   544   544 D commservice260303: ComProtocolLibSend2Cluster::send2ClusterRaw fn=-2027749376 , len=341
05-22 07:11:43.814   544   544 D commservice260303: sendCmdToPort :341!!!
05-22 07:11:43.814   544   544 D commservice260303: send Cmd To Port ++++5AA501518A01000023876A0F912F7B22636F6D6D616E64223A7B226964223A22696D755F737461747573222C22737562223A22227D2C22636F6E74656E74223A7B2254696D655374616D70223A313737393430353130333831332C224672616D65436F756E746572223A383839372C2247445F58223A2D302E3030383332323839383239383530313936382C2247445F59223A302E303037333239393334373432333031373032352C2247445F5A223A302E3031373731353232333133333536333939352C2241445F58223A2D302E3030343331393939353634313730383337342C2241445F59223A302E303031303131353338333139323839363834332C2241445F5A223A2D302E333332313339393638383732303730332C2254656D70447370223A302C22537461747573223A302C2243616C69625374617465223A312C22536967416D70496E76616C6964223A307D7D4B8E
05-22 07:11:43.815   544   544 D commservice260303: bufferevent_write retrun value = 0
05-22 07:11:43.815   544   567 D commservice260303: client datas send succeed,send finish
05-22 07:11:43.815  2981  3178 D Sentinelmode_1.2.5.13_alpha: <SentryImuClusterFgeSender>imu_status sent to Linux, frame=8897, tsNs=388778, tsMs=1779405103813, intervalMs=41, ad=(-0.0043199956,0.0010115383,-0.33213997), gd=(-0.008322898,0.0073299347,0.017715223)
05-22 07:11:43.816   573   573 I SpiService: fgesysctrl_getGPIO_status success val=1
05-22 06:30:17.560   573   573 D spi_rst_gpio_get_output: GPIO 145 value: 1
05-22 06:30:17.560   573   573 D spidev_ioctl: gpio status=1)
05-22 07:11:43.822   573   573 I SpiService: fgesysctrl_getGPIO_status success val=0
05-22 06:30:17.565   573   573 D spi_rst_gpio_get_output: GPIO 145 value: 0
05-22 06:30:17.565   573   573 D spidev_ioctl: gpio status=0)
05-22 07:11:43.824   291  1491 D EvsDriver: forwardFrame
05-22 07:11:43.826  1137  1137 D evsmanagerd: /dev/video4 forwarded the buffer #0 to 0xb4000071fa019690 from 0xb4000071fa01b7d0
05-22 07:11:43.827   291  1491 D EvsDriver: Delivered 0xb400007b2f47ca30 as id 0
05-22 07:11:43.828   291  1135 D EvsDriver: doneWithFrame
05-22 07:11:43.833  2981  3177 I SentryImuMcuAngleSender: 179.93106rollDeg
05-22 07:11:43.834  2981  3177 I SentryImuMcuAngleSender: 1,0,0
05-22 07:11:43.836   573   573 I SpiService: fgesysctrl_getGPIO_status success val=1
05-22 06:30:17.580   573   573 D spi_rst_gpio_get_output: GPIO 145 value: 1
05-22 06:30:17.580   573   573 D spidev_ioctl: gpio status=1)
05-22 07:11:43.842   573   573 I SpiService: fgesysctrl_getGPIO_status success val=1
05-22 06:30:17.585   573   573 D spi_rst_gpio_get_output: GPIO 145 value: 1
05-22 06:30:17.585   573   573 D spidev_ioctl: gpio status=1)
05-22 07:11:43.847   573   573 I SpiService: fgesysctrl_getGPIO_status success val=1
05-22 06:30:17.591   573   573 D spi_rst_gpio_get_output: GPIO 145 value: 1
05-22 06:30:17.591   573   573 D spidev_ioctl: gpio status=1)
05-22 07:11:43.850   291  1491 D EvsDriver: forwardFrame
05-22 07:11:43.852   291  1491 D EvsDriver: Delivered 0xb400007b2f47ca30 as id 0
05-22 07:11:43.852  1137  1137 D evsmanagerd: /dev/video4 forwarded the buffer #0 to 0xb4000071fa019690 from 0xb4000071fa01b7d0
05-22 07:11:43.853   573   573 I SpiService: fgesysctrl_getGPIO_status success val=1
05-22 07:11:43.854   291  1135 D EvsDriver: doneWithFrame
05-22 06:30:17.597   573   573 D spi_rst_gpio_get_output: GPIO 145 value: 1
05-22 06:30:17.597   573   573 D spidev_ioctl: gpio status=1)
05-22 07:11:43.855  2981  3177 I SentryImuMcuAngleSender: 179.93106rollDeg
05-22 07:11:43.855  2981  3177 I SentryImuMcuAngleSender: 1,0,0
05-22 07:11:43.856   544   544 D commservice260303: msg.id = 1028,0
05-22 07:11:43.856   544   544 D commservice260303: i = 170, msgid = 8A000404
05-22 07:11:43.856   544   544 D commservice260303: msgid = -1979710460,did=138
05-22 07:11:43.856   544   544 D commservice260303: CommProtocolLibCmdBaseI2C::dataproc {"command":{"id":"imu_status","sub":""},"content":{"TimeStamp":1779405103856,"FrameCounter":8898,"GD_X":-0.009161898866295815,"GD_Y":0.007788185961544514,"GD_Z":0.018095972016453743,"AD_X":-0.004317954182624817,"AD_Y":-2.069920301437378E-4,"AD_Z":-0.3333587646484375,"TempDsp":0,"Status":0,"CalibState":1,"SigAmpInvalid":0}},-1979710460
05-22 07:11:43.856   544   544 D commservice260303: send2Cluster len:324, 7B22636F6D6D616E64223A7B226964223A22696D755F737461747573222C22737562223A22227D2C22636F6E74656E74223A7B2254696D655374616D70223A313737393430353130333835362C224672616D65436F756E746572223A383839382C2247445F58223A2D302E3030393136313839383836363239353831352C2247445F59223A302E3030373738383138353936313534343531342C2247445F5A223A302E3031383039353937323031363435333734332C2241445F58223A2D302E3030343331373935343138323632343831372C2241445F59223A2D322E303639393230333031343337333738452D342C2241445F5A223A2D302E333333333538373634363438343337352C2254656D70447370223A302C22537461747573223A302C2243616C69625374617465223A312C22536967416D70496E76616C6964223A307D7D, 138 
05-22 07:11:43.856   544   544 D commservice260303: Push Message into SendPool fn=-2010972160
05-22 07:11:43.856   544   544 D commservice260303: ComProtocolLibSend2Cluster::send2ClusterRaw fn=-2010972160 , len=340
05-22 07:11:43.856   544   544 D commservice260303: sendCmdToPort :340!!!
05-22 07:11:43.856   544   544 D commservice260303: send Cmd To Port ++++5AA501508A01000023886A0F912F7B22636F6D6D616E64223A7B226964223A22696D755F737461747573222C22737562223A22227D2C22636F6E74656E74223A7B2254696D655374616D70223A313737393430353130333835362C224672616D65436F756E746572223A383839382C2247445F58223A2D302E3030393136313839383836363239353831352C2247445F59223A302E3030373738383138353936313534343531342C2247445F5A223A302E3031383039353937323031363435333734332C2241445F58223A2D302E3030343331373935343138323632343831372C2241445F59223A2D322E303639393230333031343337333738452D342C2241445F5A223A2D302E333333333538373634363438343337352C2254656D70447370223A302C22537461747573223A302C2243616C69625374617465223A312C22536967416D70496E76616C6964223A307D7DEC41
05-22 07:11:43.856   544   544 D commservice260303: bufferevent_write retrun value = 0
05-22 07:11:43.856   544   567 D commservice260303: client datas send succeed,send finish
05-22 07:11:43.857  2981  3178 D Sentinelmode_1.2.5.13_alpha: <SentryImuClusterFgeSender>imu_status sent to Linux, frame=8898, tsNs=388832, tsMs=1779405103856, intervalMs=41, ad=(-0.004317954,-2.0699203E-4,-0.33335876), gd=(-0.009161899,0.007788186,0.018095972)
05-22 07:11:43.857   964  1804 D [OMXB]  : usingANWBuffer: handle:0xebd40590, format:1, w:1920, h:1080
05-22 06:30:17.601     1     1 I init    : starting service 'trace_resource'...
05-22 07:11:43.859   573   573 I SpiService: fgesysctrl_getGPIO_status success val=1
05-22 06:30:17.602   573   573 D spi_rst_gpio_get_output: GPIO 145 value: 1
05-22 06:30:17.602   573   573 D spidev_ioctl: gpio status=1)
05-22 07:11:43.864   573   573 I SpiService: fgesysctrl_getGPIO_status success val=0
05-22 06:30:17.608   573   573 D spi_rst_gpio_get_output: GPIO 145 value: 0
05-22 06:30:17.608   573   573 D spidev_ioctl: gpio status=0)
05-22 07:11:43.868   565   599 I Sensors : 230 AccelSensor: x:-0.109800,y:0.012200,z:-10.139420
05-22 07:11:43.875  2981  3177 I SentryImuMcuAngleSender: 179.93106rollDeg
05-22 07:11:43.875  2981  3177 I SentryImuMcuAngleSender: 1,0,0
05-22 06:30:17.619     1     1 I init    : Service 'trace_resource' (pid 9390) exited with status 127
05-22 06:30:17.619     1     1 I init    : Sending signal 9 to service 'trace_resource' (pid 9390) process group...
05-22 06:30:17.620     1     1 I libprocessgroup: Successfully killed process cgroup uid 0 pid 9390 in 0ms
05-22 07:11:43.880   573   573 I SpiService: fgesysctrl_getGPIO_status success val=1
05-22 06:30:17.624   573   573 D spi_rst_gpio_get_output: GPIO 145 value: 1
05-22 06:30:17.624   573   573 D spidev_ioctl: gpio status=1)
05-22 07:11:43.885   291  1491 D EvsDriver: forwardFrame
05-22 07:11:43.886   573   573 I SpiService: fgesysctrl_getGPIO_status success val=1
05-22 07:11:43.886   291  1491 D EvsDriver: Delivered 0xb400007b2f47ca30 as id 0
05-22 07:11:43.886  1137  1137 D evsmanagerd: /dev/video4 forwarded the buffer #0 to 0xb4000071fa019690 from 0xb4000071fa01b7d0
05-22 07:11:43.889   291  1135 D EvsDriver: doneWithFrame
05-22 06:30:17.629   573   573 D spi_rst_gpio_get_output: GPIO 145 value: 1
05-22 06:30:17.629   573   573 D spidev_ioctl: gpio status=1)
05-22 07:11:43.891   573   573 I SpiService: fgesysctrl_getGPIO_status success val=1
05-22 07:11:43.892   964  1804 D [OMXB]  : usingANWBuffer: handle:0xebd42cc0, format:1, w:1920, h:1080
05-22 06:30:17.635   573   573 D spi_rst_gpio_get_output: GPIO 145 value: 1
05-22 06:30:17.635   573   573 D spidev_ioctl: gpio status=1)
05-22 07:11:43.895  2981  3177 I SentryImuMcuAngleSender: 179.93105rollDeg
05-22 07:11:43.895  2981  3177 I SentryImuMcuAngleSender: 1,0,0
05-22 07:11:43.895   544   544 D commservice260303: msg.id = 1028,0
05-22 07:11:43.895   544   544 D commservice260303: i = 170, msgid = 8A000404
05-22 07:11:43.895   544   544 D commservice260303: msgid = -1979710460,did=138
05-22 07:11:43.895   544   544 D commservice260303: CommProtocolLibCmdBaseI2C::dataproc {"command":{"id":"imu_status","sub":""},"content":{"TimeStamp":1779405103894,"FrameCounter":8899,"GD_X":-0.008169975131750107,"GD_Y":0.007788185961544514,"GD_Z":0.017104048281908035,"AD_X":-0.004317842423915863,"AD_Y":-2.062227576971054E-4,"AD_Z":-0.3309192657470703,"TempDsp":0,"Status":0,"CalibState":1,"SigAmpInvalid":0}},-1979710460
05-22 07:11:43.895   544   544 D commservice260303: send2Cluster len:324, 7B22636F6D6D616E64223A7B226964223A22696D755F737461747573222C22737562223A22227D2C22636F6E74656E74223A7B2254696D655374616D70223A313737393430353130333839342C224672616D65436F756E746572223A383839392C2247445F58223A2D302E3030383136393937353133313735303130372C2247445F59223A302E3030373738383138353936313534343531342C2247445F5A223A302E3031373130343034383238313930383033352C2241445F58223A2D302E3030343331373834323432333931353836332C2241445F59223A2D322E303632323237353736393731303534452D342C2241445F5A223A2D302E333330393139323635373437303730332C2254656D70447370223A302C22537461747573223A302C2243616C69625374617465223A312C22536967416D70496E76616C6964223A307D7D, 138 
05-22 07:11:43.895   544   544 D commservice260303: Push Message into SendPool fn=-1994194944
05-22 07:11:43.895   544   544 D commservice260303: ComProtocolLibSend2Cluster::send2ClusterRaw fn=-1994194944 , len=340
05-22 07:11:43.895   544   544 D commservice260303: sendCmdToPort :340!!!
05-22 07:11:43.895   544   544 D commservice260303: send Cmd To Port ++++5AA501508A01000023896A0F912F7B22636F6D6D616E64223A7B226964223A22696D755F737461747573222C22737562223A22227D2C22636F6E74656E74223A7B2254696D655374616D70223A313737393430353130333839342C224672616D65436F756E746572223A383839392C2247445F58223A2D302E3030383136393937353133313735303130372C2247445F59223A302E3030373738383138353936313534343531342C2247445F5A223A302E3031373130343034383238313930383033352C2241445F58223A2D302E3030343331373834323432333931353836332C2241445F59223A2D322E303632323237353736393731303534452D342C2241445F5A223A2D302E333330393139323635373437303730332C2254656D70447370223A302C22537461747573223A302C2243616C69625374617465223A312C22536967416D70496E76616C6964223A307D7DB9CC
05-22 07:11:43.895   544   544 D commservice260303: bufferevent_write retrun value = 0
05-22 07:11:43.896   544   567 D commservice260303: client datas send succeed,send finish
05-22 07:11:43.896  2981  3178 D Sentinelmode_1.2.5.13_alpha: <SentryImuClusterFgeSender>imu_status sent to Linux, frame=8899, tsNs=388868, tsMs=1779405103894, intervalMs=40, ad=(-0.0043178424,-2.0622276E-4,-0.33091927), gd=(-0.008169975,0.007788186,0.017104048)
05-22 07:11:43.897   573   573 I SpiService: fgesysctrl_getGPIO_status success val=1
05-22 06:30:17.640   573   573 D spi_rst_gpio_get_output: GPIO 145 value: 1
05-22 06:30:17.640   573   573 D spidev_ioctl: gpio status=1)
05-22 07:11:43.900  1026  1026 D MyAppLog: [2026-05-22 07:11:43.900 D tboxap tsp_WorkMachineProc:1086] [Tsp] [tsp_WorkMachineProc]TSP_WORK_LOGIN NOW !!!!
05-22 07:11:43.902   276   300 I rvcservice: t.code = 3, t.value = 0
05-22 07:11:43.902   573   573 I SpiService: fgesysctrl_getGPIO_status success val=0
05-22 07:11:43.904   565   599 I Sensors : 230 GyroSensor: x:-0.008399,y:0.007635,z:0.017333
05-22 06:30:17.645   573   573 D spi_rst_gpio_get_output: GPIO 145 value: 0
05-22 06:30:17.645   573   573 D spidev_ioctl: gpio status=0)
05-22 07:11:43.915  2981  3177 I SentryImuMcuAngleSender: 179.93793rollDeg
05-22 07:11:43.916  2981  3177 I SentryImuMcuAngleSender: 1,0,0
05-22 07:11:43.916   573   573 I SpiService: fgesysctrl_getGPIO_status success val=1
05-22 06:30:17.659   573   573 D spi_rst_gpio_get_output: GPIO 145 value: 1
05-22 06:30:17.659   573   573 D spidev_ioctl: gpio status=1)
05-22 07:11:43.919   291  1491 D EvsDriver: forwardFrame
05-22 07:11:43.920   291  1491 D EvsDriver: Delivered 0xb400007b2f47ca30 as id 0
05-22 06:30:17.665   573   573 D spi_rst_gpio_get_output: GPIO 145 value: 1
05-22 07:11:43.920  1137  1137 D evsmanagerd: /dev/video4 forwarded the buffer #0 to 0xb4000071fa019690 from 0xb4000071fa01b7d0
05-22 06:30:17.665   573   573 D spidev_ioctl: gpio status=1)
05-22 07:11:43.920   291  1135 D EvsDriver: doneWithFrame
05-22 07:11:43.921   573   573 I SpiService: fgesysctrl_getGPIO_status success val=1
05-22 07:11:43.926   573   573 I SpiService: fgesysctrl_getGPIO_status success val=1
05-22 06:30:17.670   573   573 D spi_rst_gpio_get_output: GPIO 145 value: 1
05-22 06:30:17.670   573   573 D spidev_ioctl: gpio status=1)
