05-22 07:11:45.394   737  8341 D WindowManager: updateFocusedWindowLocked , mode = 0, updateInputWindows = true,topFocusedDisplayId = -1,newFocus= Window{bdf128f u0 com.neusoft.launcher/com.neusoft.launcher.function.main.view.MainActivity}-[Surface(name=*Title#310)/@0x8d87aff], mCurrentFocus = Window{bdf128f u0 com.neusoft.launcher/com.neusoft.launcher.function.main.view.MainActivity}-[Surface(name=*Title#310)/@0x8d87aff], callers=com.android.server.wm.RootWindowContainer.updateFocusedWindowLocked:493 com.android.server.wm.WindowManagerService.updateFocusedWindowLocked:6165 com.android.server.wm.WindowManagerService.relayoutWindow:2539 com.android.server.wm.Session.relayout:266 android.view.IWindowSession$Stub.onTransact:735 com.android.server.wm.Session.onTransact:176 android.os.Binder.execTransactInternal:1281 android.os.Binder.execTransact:1244 <bottom of call stack> <bottom of call stack> 
05-22 07:11:45.394   824   824 I Layer   : fillInputInfo layer:com.neusoft.btphone/com.neusoft.btphone.MainActivity#249, visible=0 (hasInputInfo:1, isHidden:1, alpha:1.000000, mActiveBuffer:2), parent:f878062 com.neusoft.btphone/com.neusoft.btphone.MainActivity#248, parenthidden:1
05-22 07:11:45.394   737  8341 D WindowManager: Enter findFocusedWindowIfNeeded ,topFocusedDisplayId = 0, mPerDisplayFocusEnabled = true,(topFocusedDisplayId == INVALID_DISPLAY) = false, this = Display{#2 state=ON size=1280x720 ROTATION_0}
05-22 07:11:45.394   824   824 I Layer   : fillInputInfo layer:com.yedea.fw.engineeringmode/com.yedea.fw.engineeringmode.ui.activity.MainActivity#204, visible=0 (hasInputInfo:1, isHidden:1, alpha:1.000000, mActiveBuffer:2), parent:a2e9228 com.yedea.fw.engineeringmode/com.yedea.fw.engineeringmode.ui.activity.MainActivity#138, parenthidden:1
05-22 07:11:45.394   737  8341 D WindowManager: Enter findFocusedWindow mTmpWindow = null, mFindFocusedWindow = com.android.server.wm.DisplayContent$$ExternalSyntheticLambda20@4f488a2, this = Display{#2 state=ON size=1280x720 ROTATION_0}, mFocusedApp = null
05-22 07:11:45.395   824   824 W Layer   : Hide layer: Dim Layer for - WindowedMagnification:0:31#263 because zOrderRelativeOfHidden = 1
05-22 07:11:45.396   544   544 D commservice260303: msg.id = 1028,0
05-22 07:11:45.396   544   544 D commservice260303: i = 170, msgid = 8A000404
05-22 07:11:45.396   544   544 D commservice260303: msgid = -1979710460,did=138
05-22 07:11:45.396   544   544 D commservice260303: CommProtocolLibCmdBaseI2C::dataproc {"command":{"id":"imu_status","sub":""},"content":{"TimeStamp":1779405105395,"FrameCounter":8936,"GD_X":-0.009621189907193184,"GD_Y":0.007405876647680998,"GD_Z":0.01763824187219143,"AD_X":-0.004304409027099609,"AD_Y":4.074806347489357E-4,"AD_Z":-0.3284788131713867,"TempDsp":0,"Status":0,"CalibState":1,"SigAmpInvalid":0}},-1979710460
05-22 07:11:45.396   544   544 D commservice260303: send2Cluster len:322, 7B22636F6D6D616E64223A7B226964223A22696D755F737461747573222C22737562223A22227D2C22636F6E74656E74223A7B2254696D655374616D70223A313737393430353130353339352C224672616D65436F756E746572223A383933362C2247445F58223A2D302E3030393632313138393930373139333138342C2247445F59223A302E3030373430353837363634373638303939382C2247445F5A223A302E30313736333832343138373231393134332C2241445F58223A2D302E3030343330343430393032373039393630392C2241445F59223A342E303734383036333437343839333537452D342C2241445F5A223A2D302E333238343738383133313731333836372C2254656D70447370223A302C22537461747573223A302C2243616C69625374617465223A312C22536967416D70496E76616C6964223A307D7D, 138 
05-22 07:11:45.396   544   544 D commservice260303: Push Message into SendPool fn=-1373437952
05-22 07:11:45.396   544   544 D commservice260303: ComProtocolLibSend2Cluster::send2ClusterRaw fn=-1373437952 , len=338
05-22 07:11:45.396   544   544 D commservice260303: sendCmdToPort :338!!!
05-22 07:11:45.396   544   544 D commservice260303: send Cmd To Port ++++5AA5014E8A01000023AE6A0F91317B22636F6D6D616E64223A7B226964223A22696D755F737461747573222C22737562223A22227D2C22636F6E74656E74223A7B2254696D655374616D70223A313737393430353130353339352C224672616D65436F756E746572223A383933362C2247445F58223A2D302E3030393632313138393930373139333138342C2247445F59223A302E3030373430353837363634373638303939382C2247445F5A223A302E30313736333832343138373231393134332C2241445F58223A2D302E3030343330343430393032373039393630392C2241445F59223A342E303734383036333437343839333537452D342C2241445F5A223A2D302E333238343738383133313731333836372C2254656D70447370223A302C22537461747573223A302C2243616C69625374617465223A312C22536967416D70496E76616C6964223A307D7D100F
05-22 07:11:45.396   737  8341 D WindowManager: updateFocusedWindowLocked , mode = 0, updateInputWindows = true,topFocusedDisplayId = 0,newFocus= null, mCurrentFocus = null, callers=com.android.server.wm.RootWindowContainer.updateFocusedWindowLocked:493 com.android.server.wm.WindowManagerService.updateFocusedWindowLocked:6165 com.android.server.wm.WindowManagerService.relayoutWindow:2539 com.android.server.wm.Session.relayout:266 android.view.IWindowSession$Stub.onTransact:735 com.android.server.wm.Session.onTransact:176 android.os.Binder.execTransactInternal:1281 android.os.Binder.execTransact:1244 <bottom of call stack> <bottom of call stack> 
05-22 07:11:45.396   544   544 D commservice260303: bufferevent_write retrun value = 0
05-22 07:11:45.396   544   567 D commservice260303: client datas send succeed,send finish
05-22 07:11:45.397  1774  1774 D VRI[AppListActivity]: mView = DecorView@e6f5eef[AppListActivity]handleAppVisibility ,mAppVisible = false, this = android.view.UnisocViewRootImpl@326dfc,caller = android.view.ViewRootImpl$ViewRootHandler.handleMessageImpl:5588 android.view.ViewRootImpl$ViewRootHandler.handleMessage:5566 android.os.Handler.dispatchMessage:106 android.os.Looper.loopOnce:201 android.os.Looper.loop:288 
05-22 07:11:45.399  1774  1774 D VRI[AppListActivity]:  Enter mBlastBufferQueue.destroy, this = android.view.UnisocViewRootImpl@326dfc
05-22 07:11:45.400  1774  1774 D FragmentManager: movefrom STARTED: ApplistFragment{27e3ce7} (3c12ac9b-aec7-46e2-8d52-0ddb6a43649a id=0x7f0902a0 tag=android:switcher:2131296928:0)
05-22 07:11:45.400  1774  1774 D FragmentManager: movefrom STARTED: CarConnectFragment{f5f1956} (27eff934-722d-49fe-864e-e223214827a7 id=0x7f0902a0 tag=android:switcher:2131296928:1)
05-22 07:11:45.400  1774  1774 I wm_on_stop_called: [110262760,com.neusoft.launcher.function.applist.AppListActivity,STOP_ACTIVITY_ITEM]
05-22 07:11:45.400  2981  3178 D Sentinelmode_1.2.5.13_alpha: <SentryImuClusterFgeSender>imu_status sent to Linux, frame=8936, tsNs=390357, tsMs=1779405105395, intervalMs=41, ad=(-0.004304409,4.0748063E-4,-0.3284788), gd=(-0.00962119,0.0074058766,0.017638242)
05-22 07:11:45.404  2981  3177 I SentryImuMcuAngleSender: 179.93103rollDeg
05-22 07:11:45.404  2981  3177 I SentryImuMcuAngleSender: 1,0,0
05-22 07:11:45.405   737   764 D WindowManager: Display{#2 state=ON size=1280x720 ROTATION_0} applySurfaceChangesTransaction  mTmpUpdateAllDrawn.isEmpty true
05-22 07:11:45.405   573   573 I SpiService: fgesysctrl_getGPIO_status success val=1
05-22 07:11:45.406   276   300 I rvcservice: t.code = 3, t.value = 0
05-22 07:11:45.406   737   764 D WindowManager: Display{#0 state=ON size=1280x720 ROTATION_0} applySurfaceChangesTransaction  mTmpUpdateAllDrawn.isEmpty true
05-22 07:11:45.407  4925  4925 D ViewRootImpl: performTraversals relayoutWindow: maybeSyncSeqId=-1, mSyncSeqId=0, relayoutResult=2
05-22 07:11:45.409   737   764 D WindowManager: requestFocus , focusToken = android.os.BinderProxy@f3ca91c, mInputFocus = android.os.BinderProxy@f3ca91c, windowName = bdf128f com.neusoft.launcher/com.neusoft.launcher.function.main.view.MainActivity
05-22 07:11:45.410   737  8341 I WindowManager: Saving icicle of ActivityRecord{33d64bf u0 com.neusoft.btmusic/.MainActivity} t910 d0}: Bundle[mParcelledData.dataSize=3244]
05-22 07:11:45.411   737  8341 D WindowManager: Destroying surface, this = Surface(name=com.neusoft.btmusic/com.neusoft.btmusic.MainActivity#237)/@0xfa9a3cb, called by :com.android.server.wm.WindowStateAnimator.destroySurface:793 com.android.server.wm.WindowStateAnimator.destroySurfaceLocked:435 com.android.server.wm.WindowState.destroySurfaceUnchecked:3685 com.android.server.wm.WindowState.destroySurface:3659 com.android.server.wm.ActivityRecord.destroySurfaces:5632 com.android.server.wm.ActivityRecord.destroySurfaces:5613 com.android.server.wm.ActivityRecord.activityStopped:6209 com.android.server.wm.ActivityClientController.activityStopped:242 
05-22 07:11:45.411   573   573 I SpiService: fgesysctrl_getGPIO_status success val=1
05-22 07:11:45.416  1528  1589 I CAR.AM  : onForegroundActivitiesChanged uid 1000 pid 3735 fg false
05-22 07:11:45.416   573   573 I SpiService: fgesysctrl_getGPIO_status success val=1
05-22 07:11:45.416   737  8342 I WindowManager: Saving icicle of ActivityRecord{1061f97 u0 com.neusoft.btphone/.MainActivity} t911 d0}: Bundle[mParcelledData.dataSize=8160]
05-22 07:11:45.417  1774  1774 D BackgroundBlurDrawable: Remove BackgroundBlurDrawable{blurRadius=80, corners={0.0,0.0,0.0,0.0}, alpha=1.0, visible=false}
05-22 07:11:45.417   737  8342 D WindowManager: Destroying surface, this = Surface(name=com.neusoft.btphone/com.neusoft.btphone.MainActivity#249)/@0x53caae5, called by :com.android.server.wm.WindowStateAnimator.destroySurface:793 com.android.server.wm.WindowStateAnimator.destroySurfaceLocked:435 com.android.server.wm.WindowState.destroySurfaceUnchecked:3685 com.android.server.wm.WindowState.destroySurface:3659 com.android.server.wm.ActivityRecord.destroySurfaces:5632 com.android.server.wm.ActivityRecord.destroySurfaces:5613 com.android.server.wm.ActivityRecord.activityStopped:6209 com.android.server.wm.ActivityClientController.activityStopped:242 
05-22 07:11:45.419  4925  4925 D VRI[MainActivity]:  Enter mBlastBufferQueue.destroy, this = android.view.UnisocViewRootImpl@358741a
05-22 07:11:45.420  1528  1589 I CAR.AM  : onForegroundActivitiesChanged uid 1000 pid 8663 fg false
05-22 07:11:45.421   964  1804 D [OMXB]  : usingANWBuffer: handle:0xebd430e0, format:1, w:1920, h:1080
05-22 07:11:45.422   737   737 D JobScheduler.Quota: Processing event 23 for <0>com.neusoft.btmusic
05-22 07:11:45.422   573   573 I SpiService: fgesysctrl_getGPIO_status success val=1
05-22 07:11:45.422   737   737 D JobScheduler.Quota: Processing event 23 for <0>com.neusoft.btphone
05-22 07:11:45.423   737  1616 D PowerController.AppState: - reportAppStateEventInfo() E -
05-22 07:11:45.423   737  1616 D PowerController.AppState: - reportAppStateEventInfo() E -
05-22 07:11:45.423   737  1619 D PowerController.RecogA: handleMessage(MSG_REPORT_EVENT)
05-22 07:11:45.423   737  1619 D PowerController.RecogA: handleMessage(MSG_REPORT_EVENT)
05-22 07:11:45.424  2981  2981 I Sentinelmode_1.2.5.13_alpha: <SentinelCarServiceManager>sensorType:291504647
05-22 07:11:45.425  2981  3177 I SentryImuMcuAngleSender: 179.93448rollDeg
05-22 07:11:45.425  2981  3177 I SentryImuMcuAngleSender: 1,0,0
05-22 07:11:45.427   573   573 I SpiService: fgesysctrl_getGPIO_status success val=0
05-22 07:11:45.429   291  1491 D EvsDriver: forwardFrame
05-22 07:11:45.430  1137  1137 D evsmanagerd: /dev/video4 forwarded the buffer #0 to 0xb4000071fa019690 from 0xb4000071fa01b7d0
05-22 07:11:45.431   291  1135 D EvsDriver: doneWithFrame
05-22 07:11:45.431   291  1491 D EvsDriver: Delivered 0xb400007b2f47ca30 as id 0
05-22 06:30:19.171   573   573 D spi_rst_gpio_get_output: GPIO 145 value: 0
05-22 06:30:19.171   573   573 D spidev_ioctl: gpio status=0)
05-22 07:11:45.436   544   544 D commservice260303: msg.id = 1028,0
05-22 07:11:45.436   544   544 D commservice260303: i = 170, msgid = 8A000404
05-22 07:11:45.436   544   544 D commservice260303: msgid = -1979710460,did=138
05-22 07:11:45.436   544   544 D commservice260303: CommProtocolLibCmdBaseI2C::dataproc {"command":{"id":"imu_status","sub":""},"content":{"TimeStamp":1779405105435,"FrameCounter":8937,"GD_X":-0.009010015055537224,"GD_Y":0.007712244056165218,"GD_Z":0.018020030111074448,"AD_X":-0.0036920830607414246,"AD_Y":-2.000732347369194E-4,"AD_Z":-0.3303098678588867,"TempDsp":0,"Status":0,"CalibState":1,"SigAmpInvalid":0}},-1979710460
05-22 07:11:45.436   544   544 D commservice260303: send2Cluster len:325, 7B22636F6D6D616E64223A7B226964223A22696D755F737461747573222C22737562223A22227D2C22636F6E74656E74223A7B2254696D655374616D70223A313737393430353130353433352C224672616D65436F756E746572223A383933372C2247445F58223A2D302E3030393031303031353035353533373232342C2247445F59223A302E3030373731323234343035363136353231382C2247445F5A223A302E3031383032303033303131313037343434382C2241445F58223A2D302E303033363932303833303630373431343234362C2241445F59223A2D322E303030373332333437333639313934452D342C2241445F5A223A2D302E333330333039383637383538383836372C2254656D70447370223A302C22537461747573223A302C2243616C69625374617465223A312C22536967416D70496E76616C6964223A307D7D, 138 
05-22 07:11:45.437   544   544 D commservice260303: Push Message into SendPool fn=-1356660736
05-22 07:11:45.437   544   544 D commservice260303: ComProtocolLibSend2Cluster::send2ClusterRaw fn=-1356660736 , len=341
05-22 07:11:45.437   544   544 D commservice260303: sendCmdToPort :341!!!
05-22 07:11:45.437   544   544 D commservice260303: send Cmd To Port ++++5AA501518A01000023AF6A0F91317B22636F6D6D616E64223A7B226964223A22696D755F737461747573222C22737562223A22227D2C22636F6E74656E74223A7B2254696D655374616D70223A313737393430353130353433352C224672616D65436F756E746572223A383933372C2247445F58223A2D302E3030393031303031353035353533373232342C2247445F59223A302E3030373731323234343035363136353231382C2247445F5A223A302E3031383032303033303131313037343434382C2241445F58223A2D302E303033363932303833303630373431343234362C2241445F59223A2D322E303030373332333437333639313934452D342C2241445F5A223A2D302E333330333039383637383538383836372C2254656D70447370223A302C22537461747573223A302C2243616C69625374617465223A312C22536967416D70496E76616C6964223A307D7D7A03
05-22 07:11:45.437   544   544 D commservice260303: bufferevent_write retrun value = 0
05-22 07:11:45.437   544   567 D commservice260303: client datas send succeed,send finish
05-22 07:11:45.438  2981  3178 D Sentinelmode_1.2.5.13_alpha: <SentryImuClusterFgeSender>imu_status sent to Linux, frame=8937, tsNs=390411, tsMs=1779405105435, intervalMs=42, ad=(-0.003692083,-2.0007323E-4,-0.33030987), gd=(-0.009010015,0.007712244,0.01802003)
05-22 06:30:19.185   573   573 D spi_rst_gpio_get_output: GPIO 145 value: 1
05-22 06:30:19.185   573   573 D spidev_ioctl: gpio status=1)
05-22 06:30:19.190   573   573 D spi_rst_gpio_get_output: GPIO 145 value: 1
05-22 06:30:19.190   573   573 D spidev_ioctl: gpio status=1)
05-22 07:11:45.439   486   580 I mcuc    : rev,n=1,6AA68107B1000B8300E0000000000000000059
05-22 07:11:45.439   344   361 D automotive.vehicle@2.0-adayo-datacomm-mcu: MCUDatacomm sendMessageFromVehicle prop: 0x83, areaId: 0x0, status: 0x0, timestamp: 0x0
05-22 07:11:45.440   344   361 D automotive.vehicle@2.0-adayo-datacomm-mcu: MCUDatacomm 1sendMessageFromVehicle ---> type = 7 
05-22 07:11:45.440   344   361 I automotive.vehicle@2.0-adayo-func-mcu: MCUFunc :sendMessageFromVehicle  msgBuff[0] = 131 
05-22 07:11:45.440   344   361 I automotive.vehicle@2.0-adayo-func-mcu: MCUFunc :sendMessageFromVehicle  msgBuff[1] = 0 
05-22 07:11:45.440   344   361 I automotive.vehicle@2.0-adayo-func-mcu: MCUFunc :sendMessageFromVehicle  msgBuff[2] = 0 
05-22 07:11:45.440   344   361 I automotive.vehicle@2.0-adayo-func-mcu: MCUFunc :sendMessageFromVehicle  msgBuff[3] = 0 
05-22 07:11:45.440   344   361 I automotive.vehicle@2.0-adayo-func-mcu: MCUFunc :sendMessageFromVehicle  msgBuff[4] = 3 
05-22 07:11:45.440   344   361 I automotive.vehicle@2.0-adayo-func-mcu: MCUFunc :sendMessageFromVehicle  msgBuff[5] = 1 
05-22 07:11:45.440   344   361 I automotive.vehicle@2.0-adayo-func-mcu: MCUFunc :sendMessageFromVehicle  msgBuff[6] = 0 
05-22 07:11:45.440   344   361 I automotive.vehicle@2.0-adayo-func-mcu: MCUFunc :sendMessageFromVehicle  msgBuff[7] = 0 
05-22 07:11:45.440   344   361 I automotive.vehicle@2.0-adayo-func-mcu: MCUFunc :sendMessageFromVehicle  msgBuff[8] = 0 
05-22 07:11:45.440   344   361 I automotive.vehicle@2.0-adayo-func-mcu: MCUFunc :sendMessageFromVehicle  msgBuff[9] = 0 
05-22 07:11:45.440   344   361 I automotive.vehicle@2.0-adayo-func-mcu: MCUFunc :sendMessageFromVehicle  msgBuff[10] = 0 
05-22 07:11:45.440   344   361 I automotive.vehicle@2.0-adayo-func-mcu: MCUFunc :sendMessageFromVehicle  msgBuff[11] = 0 
05-22 07:11:45.440   344   361 I automotive.vehicle@2.0-adayo-func-mcu: MCUFunc :sendMessageFromVehicle  msgBuff[12] = 0 
05-22 07:11:45.440   344   361 I automotive.vehicle@2.0-adayo-func-mcu: MCUFunc :sendMessageFromVehicle  msgBuff[13] = 0 
05-22 07:11:45.440   344   361 I automotive.vehicle@2.0-adayo-func-mcu: MCUFunc :sendMessageFromVehicle  msgBuff[14] = 0 
05-22 07:11:45.440   344   361 I automotive.vehicle@2.0-adayo-func-mcu: MCUFunc :sendMessageFromVehicle  msgBuff[15] = 0 
05-22 07:11:45.440   344   361 I automotive.vehicle@2.0-adayo-func-mcu: MCUFunc :sendMessageFromVehicle  msgBuff[16] = 0 
05-22 07:11:45.441   573   573 I SpiService: fgesysctrl_getGPIO_status success val=1
05-22 07:11:45.441   486   580 I mcuc    : rev,n=2,6AA68107B200038415002A
05-22 07:11:45.444   486   580 I mcuc    : rev,n=3,6AA68107B300918305000055000000B00000000000000001000100001ABE99B11F21219925991F2E92992432429925B2FDBD1F65FB7F00000000040000B3000000000000000000000000000000B44500000000000300000000000000AA000000E40701010000000000000000BB07052307EA0516000008009F022F01CC000000000000000000000000000000B50000000000000000000000F9
05-22 07:11:45.444   344   361 D automotive.vehicle@2.0-adayo-datacomm-mcu: MCUDatacomm sendMessageFromVehicle prop: 0x83, areaId: 0x5, status: 0x0, timestamp: 0x0
05-22 07:11:45.444   344   361 D automotive.vehicle@2.0-adayo-datacomm-mcu: MCUDatacomm 1sendMessageFromVehicle ---> type = 7 
05-22 07:11:45.444   344   361 I automotive.vehicle@2.0-adayo-func-mcu: MCUFunc :sendMessageFromVehicle  msgBuff[0] = 131 
05-22 07:11:45.444   344   361 I automotive.vehicle@2.0-adayo-func-mcu: MCUFunc :sendMessageFromVehicle  msgBuff[1] = 5 
05-22 07:11:45.444   344   361 I automotive.vehicle@2.0-adayo-func-mcu: MCUFunc :sendMessageFromVehicle  msgBuff[2] = 0 
05-22 07:11:45.444   344   361 I automotive.vehicle@2.0-adayo-func-mcu: MCUFunc :sendMessageFromVehicle  msgBuff[3] = 0 
05-22 07:11:45.444   344   361 I automotive.vehicle@2.0-adayo-func-mcu: MCUFunc :sendMessageFromVehicle  msgBuff[4] = 85 
05-22 07:11:45.444   344   361 I automotive.vehicle@2.0-adayo-func-mcu: MCUFunc :sendMessageFromVehicle  msgBuff[5] = 0 
05-22 07:11:45.447   573   573 I SpiService: fgesysctrl_getGPIO_status success val=1
05-22 07:11:45.448   565   565 I Sensors : 230 AccelSensor: x:-0.110410,y:0.012200,z:-10.138809
05-22 07:11:45.449  2981  3177 I SentryImuMcuAngleSender: 179.93105rollDeg
05-22 07:11:45.449   824   824 W Layer   : Hide layer: Dim Layer for - WindowedMagnification:0:31#263 because zOrderRelativeOfHidden = 1
05-22 07:11:45.449  2981  3177 I SentryImuMcuAngleSender: 1,0,0
05-22 07:11:45.449   737  8342 D WindowManager: relayoutWindow: Window=Window{bd83cf5 u0 com.neusoft.launcher/com.neusoft.launcher.function.applist.AppListActivity}-[Surface(name=*Title#211)/@0x72a20e2] ,oldVis=0 ,newVis=8 ,focusMayChange=true, win.mViewVisibility = 8, viewVisibility = 8, flagChanges & FLAG_NOT_FOCUSABLE = 0, !win.mRelayoutCalled = false
05-22 07:11:45.450   824   824 W Layer   : Hide layer: Dim Layer for - WindowedMagnification:0:31#263 because zOrderRelativeOfHidden = 1
05-22 07:11:45.450   737  8342 D WindowManager: Display{#2 state=ON size=1280x720 ROTATION_0} applySurfaceChangesTransaction  mTmpUpdateAllDrawn.isEmpty true
05-22 07:11:45.452   737  8342 D WindowManager: Display{#0 state=ON size=1280x720 ROTATION_0} applySurfaceChangesTransaction  mTmpUpdateAllDrawn.isEmpty true
05-22 07:11:45.453   737  8342 D WindowManager: relayoutWindow: Window=Window{bd83cf5 u0 com.neusoft.launcher/com.neusoft.launcher.function.applist.AppListActivity}-[Surface(name=*Title#211)/@0x72a20e2],focusMayChange = true
05-22 07:11:45.453   737  8342 D WindowManager: Enter findFocusedWindowIfNeeded ,topFocusedDisplayId = -1, mPerDisplayFocusEnabled = true,(topFocusedDisplayId == INVALID_DISPLAY) = true, this = Display{#0 state=ON size=1280x720 ROTATION_0}
05-22 07:11:45.454  1517  1517 E sysUI_NavBarFragment: [main] - SysUIConfig.icCarServiceConnected：false
05-22 07:11:45.454   737  8342 D WindowManager: Enter findFocusedWindow mTmpWindow = Window{bdf128f u0 com.neusoft.launcher/com.neusoft.launcher.function.main.view.MainActivity}-[Surface(name=*Title#310)/@0x8d87aff], mFindFocusedWindow = com.android.server.wm.DisplayContent$$ExternalSyntheticLambda20@a6a0e54, this = Display{#0 state=ON size=1280x720 ROTATION_0}, mFocusedApp = ActivityRecord{dae7df9 u0 com.neusoft.launcher/.function.main.view.MainActivity} t2 d0}
05-22 07:11:45.454   737  8342 D WindowManager: updateFocusedWindowLocked , mode = 0, updateInputWindows = true,topFocusedDisplayId = -1,newFocus= Window{bdf128f u0 com.neusoft.launcher/com.neusoft.launcher.function.main.view.MainActivity}-[Surface(name=*Title#310)/@0x8d87aff], mCurrentFocus = Window{bdf128f u0 com.neusoft.launcher/com.neusoft.launcher.function.main.view.MainActivity}-[Surface(name=*Title#310)/@0x8d87aff], callers=com.android.server.wm.RootWindowContainer.updateFocusedWindowLocked:493 com.android.server.wm.WindowManagerService.updateFocusedWindowLocked:6165 com.android.server.wm.WindowManagerService.relayoutWindow:2539 com.android.server.wm.Session.relayout:266 android.view.IWindowSession$Stub.onTransact:735 com.android.server.wm.Session.onTransact:176 android.os.Binder.execTransactInternal:1281 android.os.Binder.execTransact:1244 <bottom of call stack> <bottom of call stack> 
05-22 07:11:45.454   737  8342 D WindowManager: Enter findFocusedWindowIfNeeded ,topFocusedDisplayId = 0, mPerDisplayFocusEnabled = true,(topFocusedDisplayId == INVALID_DISPLAY) = false, this = Display{#2 state=ON size=1280x720 ROTATION_0}
05-22 07:11:45.454   573   573 I SpiService: fgesysctrl_getGPIO_status success val=1
05-22 07:11:45.454   737  8342 D WindowManager: Enter findFocusedWindow mTmpWindow = null, mFindFocusedWindow = com.android.server.wm.DisplayContent$$ExternalSyntheticLambda20@4f488a2, this = Display{#2 state=ON size=1280x720 ROTATION_0}, mFocusedApp = null
05-22 07:11:45.455   737  8342 D WindowManager: updateFocusedWindowLocked , mode = 0, updateInputWindows = true,topFocusedDisplayId = 0,newFocus= null, mCurrentFocus = null, callers=com.android.server.wm.RootWindowContainer.updateFocusedWindowLocked:493 com.android.server.wm.WindowManagerService.updateFocusedWindowLocked:6165 com.android.server.wm.WindowManagerService.relayoutWindow:2539 com.android.server.wm.Session.relayout:266 android.view.IWindowSession$Stub.onTransact:735 com.android.server.wm.Session.onTransact:176 android.os.Binder.execTransactInternal:1281 android.os.Binder.execTransact:1244 <bottom of call stack> <bottom of call stack> 
05-22 07:11:45.455   737   764 D WindowManager: requestFocus , focusToken = android.os.BinderProxy@f3ca91c, mInputFocus = android.os.BinderProxy@f3ca91c, windowName = bdf128f com.neusoft.launcher/com.neusoft.launcher.function.main.view.MainActivity
05-22 07:11:45.455  1774  1774 D ViewRootImpl: performTraversals relayoutWindow: maybeSyncSeqId=-1, mSyncSeqId=0, relayoutResult=2
05-22 07:11:45.455   291  1491 D EvsDriver: forwardFrame
05-22 06:30:19.198   573   573 D spi_rst_gpio_get_output: GPIO 145 value: 1
05-22 06:30:19.198   573   573 D spidev_ioctl: gpio status=1)
05-22 07:11:45.457   291  1491 D EvsDriver: Delivered 0xb400007b2f47ca30 as id 0
05-22 07:11:45.458  1137  1137 D evsmanagerd: /dev/video4 forwarded the buffer #0 to 0xb4000071fa019690 from 0xb4000071fa01b7d0
05-22 07:11:45.459   737  8342 I WindowManager: Saving icicle of ActivityRecord{69279e8 u0 com.neusoft.launcher/.function.applist.AppListActivity} t909 d0}: Bundle[mParcelledData.dataSize=6824]
05-22 07:11:45.460   737  8342 D WindowManager: Destroying surface, this = Surface(name=com.neusoft.launcher/com.neusoft.launcher.function.applist.AppListActivity#211)/@0x72a20e2, called by :com.android.server.wm.WindowStateAnimator.destroySurface:793 com.android.server.wm.WindowStateAnimator.destroySurfaceLocked:435 com.android.server.wm.WindowState.destroySurfaceUnchecked:3685 com.android.server.wm.WindowState.destroySurface:3659 com.android.server.wm.ActivityRecord.destroySurfaces:5632 com.android.server.wm.ActivityRecord.destroySurfaces:5613 com.android.server.wm.ActivityRecord.activityStopped:6209 com.android.server.wm.ActivityClientController.activityStopped:242 
05-22 06:30:19.203   573   573 D spi_rst_gpio_get_output: GPIO 145 value: 1
05-22 06:30:19.203   573   573 D spidev_ioctl: gpio status=1)
05-22 07:11:45.460   573   573 I SpiService: fgesysctrl_getGPIO_status success val=1
05-22 07:11:45.461   737   737 D JobScheduler.Quota: Processing event 23 for <0>com.neusoft.launcher
05-22 07:11:45.461   737  1616 D PowerController.AppState: - reportAppStateEventInfo() E -
05-22 07:11:45.461   737  1619 D PowerController.RecogA: handleMessage(MSG_REPORT_EVENT)
05-22 07:11:45.462   291  1135 D EvsDriver: doneWithFrame
05-22 06:30:19.209   573   573 D spi_rst_gpio_get_output: GPIO 145 value: 1
05-22 06:30:19.209   573   573 D spidev_ioctl: gpio status=1)
05-22 07:11:45.465   573   573 I SpiService: fgesysctrl_getGPIO_status success val=1
05-22 07:11:45.466   964  1804 D [OMXB]  : usingANWBuffer: handle:0xebd43870, format:1, w:1920, h:1080
05-22 07:11:45.469  2981  3177 I SentryImuMcuAngleSender: 179.93796rollDeg
05-22 07:11:45.469  2981  3177 I SentryImuMcuAngleSender: 1,0,0
05-22 07:11:45.471   573   573 I SpiService: fgesysctrl_getGPIO_status success val=0
05-22 07:11:45.471   486   579 I mcuc    : send SPI:6AA60207B100028300C16AA60207B200028415AA6AA60207B300028305BA
05-22 06:30:19.214   573   573 D spi_rst_gpio_get_output: GPIO 145 value: 0
05-22 06:30:19.214   573   573 D spidev_ioctl: gpio status=0)
05-22 07:11:45.476  4925  4925 D FragmentManager: movefrom STARTED: TabNavHostFragment{31754ce} (e9d42fe9-4adc-40b8-9ae4-e2b2c1a9d644 id=0x7f09014d tag=binding_1)
05-22 07:11:45.476   544   544 D commservice260303: msg.id = 1028,0
05-22 07:11:45.476   544   544 D commservice260303: i = 170, msgid = 8A000404
05-22 07:11:45.476  4925  4925 D FragmentManager: movefrom STARTED: HomeFragment{e8a73c4} (86553b13-9e6f-4330-a5aa-561477666388 id=0x7f09014d)
05-22 07:11:45.476   544   544 D commservice260303: msgid = -1979710460,did=138
05-22 07:11:45.476   544   544 D commservice260303: CommProtocolLibCmdBaseI2C::dataproc {"command":{"id":"imu_status","sub":""},"content":{"TimeStamp":1779405105475,"FrameCounter":8938,"GD_X":-0.00908595696091652,"GD_Y":0.007712244056165218,"GD_Z":0.01817295327782631,"AD_X":-0.004301868379116058,"AD_Y":-0.0014190450310707092,"AD_Z":-0.3333587646484375,"TempDsp":0,"Status":0,"CalibState":1,"SigAmpInvalid":0}},-1979710460
05-22 07:11:45.476   544   544 D commservice260303: send2Cluster len:323, 7B22636F6D6D616E64223A7B226964223A22696D755F737461747573222C22737562223A22227D2C22636F6E74656E74223A7B2254696D655374616D70223A313737393430353130353437352C224672616D65436F756E746572223A383933382C2247445F58223A2D302E30303930383539353639363039313635322C2247445F59223A302E3030373731323234343035363136353231382C2247445F5A223A302E30313831373239353332373738323633312C2241445F58223A2D302E3030343330313836383337393131363035382C2241445F59223A2D302E303031343139303435303331303730373039322C2241445F5A223A2D302E333333333538373634363438343337352C2254656D70447370223A302C22537461747573223A302C2243616C69625374617465223A312C22536967416D70496E76616C6964223A307D7D, 138 
05-22 07:11:45.476   544   544 D commservice260303: Push Message into SendPool fn=-1339883520
05-22 07:11:45.476   544   544 D commservice260303: ComProtocolLibSend2Cluster::send2ClusterRaw fn=-1339883520 , len=339
05-22 07:11:45.476   544   544 D commservice260303: sendCmdToPort :339!!!
05-22 07:11:45.476   544   544 D commservice260303: send Cmd To Port ++++5AA5014F8A01000023B06A0F91317B22636F6D6D616E64223A7B226964223A22696D755F737461747573222C22737562223A22227D2C22636F6E74656E74223A7B2254696D655374616D70223A313737393430353130353437352C224672616D65436F756E746572223A383933382C2247445F58223A2D302E30303930383539353639363039313635322C2247445F59223A302E3030373731323234343035363136353231382C2247445F5A223A302E30313831373239353332373738323633312C2241445F58223A2D302E3030343330313836383337393131363035382C2241445F59223A2D302E303031343139303435303331303730373039322C2241445F5A223A2D302E333333333538373634363438343337352C2254656D70447370223A302C22537461747573223A302C2243616C69625374617465223A312C22536967416D70496E76616C6964223A307D7D6130
05-22 07:11:45.477   544   544 D commservice260303: bufferevent_write retrun value = 0
05-22 07:11:45.477   544   567 D commservice260303: client datas send succeed,send finish
05-22 07:11:45.478  2981  3178 D Sentinelmode_1.2.5.13_alpha: <SentryImuClusterFgeSender>imu_status sent to Linux, frame=8938, tsNs=390447, tsMs=1779405105475, intervalMs=40, ad=(-0.0043018684,-0.001419045,-0.33335876), gd=(-0.009085957,0.007712244,0.018172953)
05-22 07:11:45.481  4925  4925 I MainActivity: onStop: 
05-22 07:11:45.482  4925  4925 I wm_on_stop_called: [160980548,com.yedea.fw.engineeringmode.ui.activity.MainActivity,STOP_ACTIVITY_ITEM]
05-22 07:11:45.483   565   565 I Sensors : 230 GyroSensor: x:-0.009162,y:0.007406,z:0.017944
05-22 06:30:19.228   573   573 D spi_rst_gpio_get_output: GPIO 145 value: 1
05-22 07:11:45.485   573   573 I SpiService: fgesysctrl_getGPIO_status success val=1
05-22 07:11:45.486   477  1275 I dvr_service_: [EncoderHandler::runMediaThread] runMediaThread started:1,state:0, cam2:started:1,state:0, lastSwitch:1, mIsMuxerStart:0,format:0,is_str_ing:0
05-22 07:11:45.486  4601  4601 D VRI[MainActivity]: mView = DecorView@ef53c38[MainActivity]handleAppVisibility ,mAppVisible = false, this = android.view.UnisocViewRootImpl@213e411,caller = android.view.ViewRootImpl$ViewRootHandler.handleMessageImpl:5588 android.view.ViewRootImpl$ViewRootHandler.handleMessage:5566 android.os.Handler.dispatchMessage:106 android.os.Looper.loopOnce:201 android.os.Looper.loop:288 
05-22 07:11:45.487  4601  4601 D VRI[MainActivity]: mView = DecorView@5eae154[MainActivity]handleAppVisibility ,mAppVisible = false, this = android.view.UnisocViewRootImpl@a1b8fd,caller = android.view.ViewRootImpl$ViewRootHandler.handleMessageImpl:5588 android.view.ViewRootImpl$ViewRootHandler.handleMessage:5566 android.os.Handler.dispatchMessage:106 android.os.Looper.loopOnce:201 android.os.Looper.loop:288 
05-22 07:11:45.489   824   824 W Layer   : Hide layer: Dim Layer for - WindowedMagnification:0:31#263 because zOrderRelativeOfHidden = 1
05-22 07:11:45.489   824   824 W Layer   : Hide layer: Dim Layer for - WindowedMagnification:0:31#263 because zOrderRelativeOfHidden = 1
05-22 07:11:45.490   573   573 I SpiService: fgesysctrl_getGPIO_status success val=1
05-22 07:11:45.495   291  1491 D EvsDriver: forwardFrame
05-22 07:11:45.495   573   573 I SpiService: fgesysctrl_getGPIO_status success val=1
05-22 07:11:45.497   291  1491 D EvsDriver: Delivered 0xb400007b2f47ca30 as id 0
05-22 07:11:45.498  1137  1137 D evsmanagerd: /dev/video4 forwarded the buffer #0 to 0xb4000071fa019690 from 0xb4000071fa01b7d0
05-22 07:11:45.499  2981  3177 I SentryImuMcuAngleSender: 179.93106rollDeg
05-22 07:11:45.499  2981  3177 I SentryImuMcuAngleSender: 1,0,0
05-22 06:30:19.228   573   573 D spidev_ioctl: gpio status=1)
05-22 06:30:19.233   573   573 D spi_rst_gpio_get_output: GPIO 145 value: 1
05-22 06:30:19.233   573   573 D spidev_ioctl: gpio status=1)
05-22 06:30:19.239   573   573 D spi_rst_gpio_get_output: GPIO 145 value: 1
05-22 06:30:19.239   573   573 D spidev_ioctl: gpio status=1)
05-22 06:30:19.244   573   573 D spi_rst_gpio_get_output: GPIO 145 value: 1
05-22 06:30:19.244   573   573 D spidev_ioctl: gpio status=1)
05-22 07:11:45.501   573   573 I SpiService: fgesysctrl_getGPIO_status success val=1
05-22 07:11:45.502   291  1135 D EvsDriver: doneWithFrame
05-22 07:11:45.504  4601  4601 D VRI[MainActivity]:  Enter mBlastBufferQueue.destroy, this = android.view.UnisocViewRootImpl@213e411
05-22 07:11:45.506   276   300 I rvcservice: t.code = 4, t.value = 0
05-22 07:11:45.507   573   573 I SpiService: fgesysctrl_getGPIO_status success val=1
05-22 07:11:45.507  4601  4601 D VRI[MainActivity]:  Enter mBlastBufferQueue.destroy, this = android.view.UnisocViewRootImpl@a1b8fd
05-22 07:11:45.510  1026  1026 D MyAppLog: [2026-05-22 07:11:45.510 D tboxap tsp_WorkMachineProc:1086] [Tsp] [tsp_WorkMachineProc]TSP_WORK_LOGIN NOW !!!!
05-22 06:30:19.250   573   573 D spi_rst_gpio_get_output: GPIO 145 value: 1
05-22 06:30:19.250   573   573 D spidev_ioctl: gpio status=1)
05-22 07:11:45.512   573   573 I SpiService: fgesysctrl_getGPIO_status success val=0
05-22 06:30:19.255   573   573 D spi_rst_gpio_get_output: GPIO 145 value: 0
05-22 06:30:19.255   573   573 D spidev_ioctl: gpio status=0)
05-22 07:11:45.515   737   765 D SurfaceControl: setAlpha 0: Surface(name=Surface(name=Dim Layer for - WindowedMagnification:0:31#263)/@0x34fafc0 - animation-leash of dimmer#328)/@0x31b10d7 - com.android.server.wm.Dimmer$AlphaAnimationSpec.apply:393 com.android.server.wm.SurfaceAnimationRunner.applyTransformation:369 com.android.server.wm.SurfaceAnimationRunner.lambda$startAnimationLocked$4$com-android-server-wm-SurfaceAnimationRunner:320 com.android.server.wm.SurfaceAnimationRunner$$ExternalSyntheticLambda0.onAnimationUpdate:6 android.animation.ValueAnimator.animateValue:1653 
05-22 07:11:45.516   737   764 D SurfaceAnimator: com.android.server.wm.Dimmer$DimAnimatable@efa84f9 onAnimationFinished:target=null, type=4, anim = com.android.server.wm.LocalAnimationAdapter@ef1ddc4, mAnimation = com.android.server.wm.LocalAnimationAdapter@ef1ddc4 mLeash is Surface(name=Surface(name=Dim Layer for - WindowedMagnification:0:31#263)/@0x34fafc0 - animation-leash of dimmer#328)/@0x31b10d7
05-22 07:11:45.516   737   764 D SurfaceAnimator: start resetAndInvokeFinish mLeash is Surface(name=Surface(name=Dim Layer for - WindowedMagnification:0:31#263)/@0x34fafc0 - animation-leash of dimmer#328)/@0x31b10d7 anim = com.android.server.wm.LocalAnimationAdapter@ef1ddc4
05-22 07:11:45.516   737   764 D SurfaceAnimator: removeLeash: leash Surface(name=Surface(name=Dim Layer for - WindowedMagnification:0:31#263)/@0x34fafc0 - animation-leash of dimmer#328)/@0x31b10d7 reparent ? true destroy? true parent Surface(name=WindowedMagnification:0:31#2)/@0xc175ac1 surface.isValid ? true parent.isValid ? true
05-22 07:11:45.516   544   544 D commservice260303: msg.id = 1028,1
05-22 07:11:45.516   544   544 D commservice260303: i = 170, msgid = 8A000404
05-22 07:11:45.516   544   544 D commservice260303: msgid = -1979710460,did=138
05-22 07:11:45.516   544   544 D commservice260303: CommProtocolLibCmdBaseI2C::dataproc {"command":{"id":"imu_status","sub":""},"content":{"TimeStamp":1779405105516,"FrameCounter":8939,"GD_X":-0.007712244056165218,"GD_Y":0.008245917037129402,"GD_Z":0.01779116503894329,"AD_X":-0.006129845976829529,"AD_Y":-0.001417534425854683,"AD_Z":-0.3327484130859375,"TempDsp":0,"Status":0,"CalibState":1,"SigAmpInvalid":0}},-1979710460
05-22 07:11:45.517  4601  4601 D FragmentManager: movefrom STARTED: DrivingFragment{87456d5} (ef2c0576-4c90-470a-a9ff-85f4981fceb0 id=0x7f0900fc tag=DrivingFragment)
05-22 07:11:45.517   544   544 D commservice260303: send2Cluster len:323, 7B22636F6D6D616E64223A7B226964223A22696D755F737461747573222C22737562223A22227D2C22636F6E74656E74223A7B2254696D655374616D70223A313737393430353130353531362C224672616D65436F756E746572223A383933392C2247445F58223A2D302E3030373731323234343035363136353231382C2247445F59223A302E3030383234353931373033373132393430322C2247445F5A223A302E30313737393131363530333839343332392C2241445F58223A2D302E3030363132393834353937363832393532392C2241445F59223A2D302E3030313431373533343432353835343638332C2241445F5A223A2D302E333332373438343133303835393337352C2254656D70447370223A302C22537461747573223A302C2243616C69625374617465223A312C22536967416D70496E76616C6964223A307D7D, 138 
05-22 07:11:45.517   544   544 D commservice260303: Push Message into SendPool fn=-1323106304
05-22 07:11:45.517  4601  4601 D FragmentManager: movefrom STARTED: SystemFragment{63732f6} (65ebfe1d-b459-491c-8f37-419c1c3d76e5 id=0x7f0900fc tag=SystemFragment)
05-22 07:11:45.517   544   544 D commservice260303: ComProtocolLibSend2Cluster::send2ClusterRaw fn=-1323106304 , len=339
05-22 07:11:45.517   544   544 D commservice260303: sendCmdToPort :339!!!
05-22 07:11:45.517  4601  4601 D FragmentManager: movefrom STARTED: VehicleControlFragment{139539b} (6e587e08-f944-4c36-9507-759bd7d336a6 id=0x7f0900fc tag=VehicleControlFragment)
05-22 07:11:45.517   544   544 D commservice260303: send Cmd To Port ++++5AA5014F8A01000023B16A0F91317B22636F6D6D616E64223A7B226964223A22696D755F737461747573222C22737562223A22227D2C22636F6E74656E74223A7B2254696D655374616D70223A313737393430353130353531362C224672616D65436F756E746572223A383933392C2247445F58223A2D302E3030373731323234343035363136353231382C2247445F59223A302E3030383234353931373033373132393430322C2247445F5A223A302E30313737393131363530333839343332392C2241445F58223A2D302E3030363132393834353937363832393532392C2241445F59223A2D302E3030313431373533343432353835343638332C2241445F5A223A2D302E333332373438343133303835393337352C2254656D70447370223A302C22537461747573223A302C2243616C69625374617465223A312C22536967416D70496E76616C6964223A307D7DC177
05-22 07:11:45.517  4601  4601 D FragmentManager: movefrom STARTED: ConnectFragment{c25cf3a} (fb415d0b-8bc6-4162-b624-9309e6eac5b3 id=0x7f0900fc tag=ConnectFragment)
05-22 07:11:45.517   544   544 D commservice260303: bufferevent_write retrun value = 0
05-22 07:11:45.517  4601  4601 D FragmentManager: movefrom STARTED: BluetoothDialogFragment{7c4514a} (d8b4392c-0d3b-4de5-b4f9-418b61e87449 tag=BluetoothDialogFragment)
05-22 07:11:45.517   544   567 D commservice260303: client datas send succeed,send finish
05-22 07:11:45.517  2981  3178 D Sentinelmode_1.2.5.13_alpha: <SentryImuClusterFgeSender>imu_status sent to Linux, frame=8939, tsNs=390483, tsMs=1779405105516, intervalMs=39, ad=(-0.006129846,-0.0014175344,-0.3327484), gd=(-0.007712244,0.008245917,0.017791165)
05-22 07:11:45.519  2981  3177 I SentryImuMcuAngleSender: 179.93796rollDeg
05-22 07:11:45.520  2981  3177 I SentryImuMcuAngleSender: 1,0,0
05-22 07:11:45.520  4601  4601 I wm_on_stop_called: [231274970,com.neusoft.setting.ui.activity.MainActivity,STOP_ACTIVITY_ITEM]
05-22 07:11:45.522   291  1491 D EvsDriver: forwardFrame
05-22 07:11:45.524   291  1491 D EvsDriver: Delivered 0xb400007b2f47ca30 as id 0
05-22 07:11:45.524  1137  1137 D evsmanagerd: /dev/video4 forwarded the buffer #0 to 0xb4000071fa019690 from 0xb4000071fa01b7d0
05-22 07:11:45.524   291  1135 D EvsDriver: doneWithFrame
05-22 07:11:45.526   573   573 I SpiService: fgesysctrl_getGPIO_status success val=1
05-22 06:30:19.269   573   573 D spi_rst_gpio_get_output: GPIO 145 value: 1
05-22 06:30:19.269   573   573 D spidev_ioctl: gpio status=1)
05-22 07:11:45.529   964  1804 D [OMXB]  : usingANWBuffer: handle:0xebd41a30, format:1, w:1920, h:1080
05-22 06:30:19.275   573   573 D spi_rst_gpio_get_output: GPIO 145 value: 1
05-22 07:11:45.531   573   573 I SpiService: fgesysctrl_getGPIO_status success val=1
05-22 06:30:19.275   573   573 D spidev_ioctl: gpio status=1)
05-22 07:11:45.535  1658  1658 D AIN-NaviLocationPresenter: ACC is OFF, skip upload location
05-22 07:11:45.537   573   573 I SpiService: fgesysctrl_getGPIO_status success val=1
05-22 06:30:19.280   573   573 D spi_rst_gpio_get_output: GPIO 145 value: 1
05-22 06:30:19.280   573   573 D spidev_ioctl: gpio status=1)
05-22 07:11:45.540  2981  3177 I SentryImuMcuAngleSender: 179.91727rollDeg
05-22 07:11:45.540  2981  3177 I SentryImuMcuAngleSender: 1,0,0
05-22 07:11:45.542   573   573 I SpiService: fgesysctrl_getGPIO_status success val=1
05-22 07:11:45.543  2981  3177 I SentryImuMcuAngleSender: [4, 18, 1, 0, 0],5
05-22 07:11:45.543  2981  3177 I McuCommManager: mcuCommSendcmd [4, 18, 1, 0, 0]
05-22 07:11:45.543  2981  3177 I SentryImuMcuAngleSender: true
05-22 07:11:45.544  2981  3177 W Sentinelmode_1.2.5.13_alpha: <SentryImuMcuAngleSender>MCU IMU send interval abnormal: 1000ms
05-22 06:30:19.285   573   573 D spi_rst_gpio_get_output: GPIO 145 value: 1
05-22 06:30:19.285   573   573 D spidev_ioctl: gpio status=1)
05-22 07:11:45.546   737  8342 D WindowManager: relayoutWindow: Window=Window{d1b5953 u0 com.neusoft.setting/com.neusoft.setting.ui.activity.MainActivity}-[Surface(name=*Title#261)/@0x15dbec1] ,oldVis=0 ,newVis=8 ,focusMayChange=true, win.mViewVisibility = 8, viewVisibility = 8, flagChanges & FLAG_NOT_FOCUSABLE = 0, !win.mRelayoutCalled = false
05-22 07:11:45.547   737  8342 D WindowManager: Display{#2 state=ON size=1280x720 ROTATION_0} applySurfaceChangesTransaction  mTmpUpdateAllDrawn.isEmpty true
05-22 07:11:45.547   573   573 I SpiService: fgesysctrl_getGPIO_status success val=1
05-22 07:11:45.549   737  8342 D WindowManager: Display{#0 state=ON size=1280x720 ROTATION_0} applySurfaceChangesTransaction  mTmpUpdateAllDrawn.isEmpty true
05-22 06:30:19.291   573   573 D spi_rst_gpio_get_output: GPIO 145 value: 1
05-22 06:30:19.291   573   573 D spidev_ioctl: gpio status=1)
05-22 07:11:45.550   737  8342 D WindowManager: relayoutWindow: Window=Window{d1b5953 u0 com.neusoft.setting/com.neusoft.setting.ui.activity.MainActivity}-[Surface(name=*Title#261)/@0x15dbec1],focusMayChange = true
05-22 07:11:45.550   737  8342 D WindowManager: Enter findFocusedWindowIfNeeded ,topFocusedDisplayId = -1, mPerDisplayFocusEnabled = true,(topFocusedDisplayId == INVALID_DISPLAY) = true, this = Display{#0 state=ON size=1280x720 ROTATION_0}
05-22 07:11:45.550   737  8342 D WindowManager: Enter findFocusedWindow mTmpWindow = Window{bdf128f u0 com.neusoft.launcher/com.neusoft.launcher.function.main.view.MainActivity}-[Surface(name=*Title#310)/@0x8d87aff], mFindFocusedWindow = com.android.server.wm.DisplayContent$$ExternalSyntheticLambda20@a6a0e54, this = Display{#0 state=ON size=1280x720 ROTATION_0}, mFocusedApp = ActivityRecord{dae7df9 u0 com.neusoft.launcher/.function.main.view.MainActivity} t2 d0}
05-22 07:11:45.550   737  8342 D WindowManager: updateFocusedWindowLocked , mode = 0, updateInputWindows = true,topFocusedDisplayId = -1,newFocus= Window{bdf128f u0 com.neusoft.launcher/com.neusoft.launcher.function.main.view.MainActivity}-[Surface(name=*Title#310)/@0x8d87aff], mCurrentFocus = Window{bdf128f u0 com.neusoft.launcher/com.neusoft.launcher.function.main.view.MainActivity}-[Surface(name=*Title#310)/@0x8d87aff], callers=com.android.server.wm.RootWindowContainer.updateFocusedWindowLocked:493 com.android.server.wm.WindowManagerService.updateFocusedWindowLocked:6165 com.android.server.wm.WindowManagerService.relayoutWindow:2539 com.android.server.wm.Session.relayout:266 android.view.IWindowSession$Stub.onTransact:735 com.android.server.wm.Session.onTransact:176 android.os.Binder.execTransactInternal:1281 android.os.Binder.execTransact:1244 <bottom of call stack> <bottom of call stack> 
05-22 07:11:45.551   737  8342 D WindowManager: Enter findFocusedWindowIfNeeded ,topFocusedDisplayId = 0, mPerDisplayFocusEnabled = true,(topFocusedDisplayId == INVALID_DISPLAY) = false, this = Display{#2 state=ON size=1280x720 ROTATION_0}
05-22 07:11:45.551   737  8342 D WindowManager: Enter findFocusedWindow mTmpWindow = null, mFindFocusedWindow = com.android.server.wm.DisplayContent$$ExternalSyntheticLambda20@4f488a2, this = Display{#2 state=ON size=1280x720 ROTATION_0}, mFocusedApp = null
05-22 07:11:45.551   737  8342 D WindowManager: updateFocusedWindowLocked , mode = 0, updateInputWindows = true,topFocusedDisplayId = 0,newFocus= null, mCurrentFocus = null, callers=com.android.server.wm.RootWindowContainer.updateFocusedWindowLocked:493 com.android.server.wm.WindowManagerService.updateFocusedWindowLocked:6165 com.android.server.wm.WindowManagerService.relayoutWindow:2539 com.android.server.wm.Session.relayout:266 android.view.IWindowSession$Stub.onTransact:735 com.android.server.wm.Session.onTransact:176 android.os.Binder.execTransactInternal:1281 android.os.Binder.execTransact:1244 <bottom of call stack> <bottom of call stack> 
05-22 07:11:45.551   737   764 D WindowManager: requestFocus , focusToken = android.os.BinderProxy@f3ca91c, mInputFocus = android.os.BinderProxy@f3ca91c, windowName = bdf128f com.neusoft.launcher/com.neusoft.launcher.function.main.view.MainActivity
05-22 07:11:45.552  4601  4601 D ViewRootImpl: performTraversals relayoutWindow: maybeSyncSeqId=-1, mSyncSeqId=0, relayoutResult=2
05-22 07:11:45.553   573   573 I SpiService: fgesysctrl_getGPIO_status success val=0
05-22 07:11:45.553   486   579 I mcuc    : send SPI:6AA600042E00050412010000B2
05-22 06:30:19.296   573   573 D spi_rst_gpio_get_output: GPIO 145 value: 0
05-22 06:30:19.296   573   573 D spidev_ioctl: gpio status=0)
05-22 07:11:45.557   291  1491 D EvsDriver: forwardFrame
05-22 07:11:45.558   737  8342 D WindowManager: relayoutWindow: Window=Window{b06d44a u0 com.neusoft.setting/com.neusoft.setting.ui.activity.MainActivity}-[Surface(name=*Title#216)/@0xf00b1d8] ,oldVis=0 ,newVis=8 ,focusMayChange=true, win.mViewVisibility = 8, viewVisibility = 8, flagChanges & FLAG_NOT_FOCUSABLE = 0, !win.mRelayoutCalled = false
05-22 07:11:45.559   544   544 D commservice260303: msg.id = 1028,0
05-22 07:11:45.559   544   544 D commservice260303: i = 170, msgid = 8A000404
05-22 07:11:45.559   544   544 D commservice260303: msgid = -1979710460,did=138
05-22 07:11:45.559   544   544 D commservice260303: CommProtocolLibCmdBaseI2C::dataproc {"command":{"id":"imu_status","sub":""},"content":{"TimeStamp":1779405105558,"FrameCounter":8940,"GD_X":-0.009925996884703636,"GD_Y":0.007634742185473442,"GD_Z":0.017944088205695152,"AD_X":-0.004296742379665375,"AD_Y":0.0010203896090388298,"AD_Z":-0.3327484130859375,"TempDsp":0,"Status":0,"CalibState":1,"SigAmpInvalid":0}},-1979710460
05-22 07:11:45.559  1137  1137 D evsmanagerd: /dev/video4 forwarded the buffer #0 to 0xb4000071fa019690 from 0xb4000071fa01b7d0
05-22 07:11:45.559   544   544 D commservice260303: send2Cluster len:324, 7B22636F6D6D616E64223A7B226964223A22696D755F737461747573222C22737562223A22227D2C22636F6E74656E74223A7B2254696D655374616D70223A313737393430353130353535382C224672616D65436F756E746572223A383934302C2247445F58223A2D302E3030393932353939363838343730333633362C2247445F59223A302E3030373633343734323138353437333434322C2247445F5A223A302E3031373934343038383230353639353135322C2241445F58223A2D302E3030343239363734323337393636353337352C2241445F59223A302E303031303230333839363039303338383239382C2241445F5A223A2D302E333332373438343133303835393337352C2254656D70447370223A302C22537461747573223A302C2243616C69625374617465223A312C22536967416D70496E76616C6964223A307D7D, 138 
05-22 07:11:45.559   544   544 D commservice260303: Push Message into SendPool fn=-1306329088
05-22 07:11:45.559   544   544 D commservice260303: ComProtocolLibSend2Cluster::send2ClusterRaw fn=-1306329088 , len=340
05-22 07:11:45.559   544   544 D commservice260303: sendCmdToPort :340!!!
05-22 07:11:45.559   291  1491 D EvsDriver: Delivered 0xb400007b2f47ca30 as id 0
05-22 07:11:45.559   544   544 D commservice260303: send Cmd To Port ++++5AA501508A01000023B26A0F91317B22636F6D6D616E64223A7B226964223A22696D755F737461747573222C22737562223A22227D2C22636F6E74656E74223A7B2254696D655374616D70223A313737393430353130353535382C224672616D65436F756E746572223A383934302C2247445F58223A2D302E3030393932353939363838343730333633362C2247445F59223A302E3030373633343734323138353437333434322C2247445F5A223A302E3031373934343038383230353639353135322C2241445F58223A2D302E3030343239363734323337393636353337352C2241445F59223A302E303031303230333839363039303338383239382C2241445F5A223A2D302E333332373438343133303835393337352C2254656D70447370223A302C22537461747573223A302C2243616C69625374617465223A312C22536967416D70496E76616C6964223A307D7D8E08
05-22 07:11:45.559   544   544 D commservice260303: bufferevent_write retrun value = 0
05-22 07:11:45.559   737  8342 D WindowManager: Display{#2 state=ON size=1280x720 ROTATION_0} applySurfaceChangesTransaction  mTmpUpdateAllDrawn.isEmpty true
05-22 07:11:45.559   544   567 D commservice260303: client datas send succeed,send finish
05-22 07:11:45.560  2981  3177 I SentryImuMcuAngleSender: 179.92416rollDeg
05-22 07:11:45.560  2981  3177 I SentryImuMcuAngleSender: 1,0,0
05-22 07:11:45.561  2981  3178 D Sentinelmode_1.2.5.13_alpha: <SentryImuClusterFgeSender>imu_status sent to Linux, frame=8940, tsNs=390537, tsMs=1779405105558, intervalMs=43, ad=(-0.0042967424,0.0010203896,-0.3327484), gd=(-0.009925997,0.007634742,0.017944088)
05-22 07:11:45.561  1026  1026 D MyAppLog: [2026-05-22 07:11:45.560 D tboxap gpsMcuDataAnalyze:471] [Gps] [gpsMcuDataAnalyze]:$GNRMC,231145.000,V,,,,,,,210526,120.0,E,N,V*43
05-22 07:11:45.561  1026  1026 D MyAppLog: 
05-22 07:11:45.561  1026  1026 D MyAppLog: [2026-05-22 07:11:45.561 D tboxap gpsMcuDataAnalyze:556] [Gps] stGps.stat:0, latitude:0 , longtitude:0,sped:0,direction:0
05-22 07:11:45.563   291  1135 D EvsDriver: doneWithFrame
05-22 07:11:45.564   737  8342 D WindowManager: Display{#0 state=ON size=1280x720 ROTATION_0} applySurfaceChangesTransaction  mTmpUpdateAllDrawn.isEmpty true
05-22 07:11:45.565   737  8342 D WindowManager: relayoutWindow: Window=Window{b06d44a u0 com.neusoft.setting/com.neusoft.setting.ui.activity.MainActivity}-[Surface(name=*Title#216)/@0xf00b1d8],focusMayChange = true
