05-22 07:11:48.151   544   544 D commservice260303: send Cmd To Port ++++5AA5014F8A01000023F46A0F91347B22636F6D6D616E64223A7B226964223A22696D755F737461747573222C22737562223A22227D2C22636F6E74656E74223A7B2254696D655374616D70223A313737393430353130383135302C224672616D65436F756E746572223A393030342C2247445F58223A2D302E3030393339313830343232353734323831372C2247445F59223A302E3030373633343734323138353437333434322C2247445F5A223A302E3031373333323931333335343033393139322C2241445F58223A2D302E3030333131323138393437313732313634392C2241445F59223A342E313033303235343231353030323036452D342C2241445F5A223A2D302E333330393134343937333735343838332C2254656D70447370223A302C22537461747573223A302C2243616C69625374617465223A312C22536967416D70496E76616C6964223A307D7D17AB
05-22 07:11:48.151   544   544 D commservice260303: bufferevent_write retrun value = 0
05-22 07:11:48.152   544   567 D commservice260303: client datas send succeed,send finish
05-22 07:11:48.152  2981  3178 D Sentinelmode_1.2.5.13_alpha: <SentryImuClusterFgeSender>imu_status sent to Linux, frame=9004, tsNs=393120, tsMs=1779405108150, intervalMs=41, ad=(-0.0031121895,4.1030254E-4,-0.3309145), gd=(-0.009391804,0.007634742,0.017332913)
05-22 07:11:48.152   573   573 I SpiService: fgesysctrl_getGPIO_status success val=1
05-22 07:11:48.153   291  1491 D EvsDriver: forwardFrame
05-22 06:30:21.896   573   573 D spi_rst_gpio_get_output: GPIO 145 value: 1
05-22 06:30:21.896   573   573 D spidev_ioctl: gpio status=1)
05-22 07:11:48.155   291  1491 D EvsDriver: Delivered 0xb400007b2f47ca30 as id 0
05-22 07:11:48.155  1137  1150 D evsmanagerd: /dev/video4 forwarded the buffer #0 to 0xb4000071fa019690 from 0xb4000071fa01b7d0
05-22 07:11:48.157   964  1804 D [OMXB]  : usingANWBuffer: handle:0xebd41090, format:1, w:1920, h:1080
05-22 07:11:48.157   291  1135 D EvsDriver: doneWithFrame
05-22 07:11:48.158   573   573 I SpiService: fgesysctrl_getGPIO_status success val=1
05-22 07:11:48.160   824   824 D SurfaceFlinger: unisoc-graphics, commit has frameMissed:2, vysncId:203546
05-22 06:30:21.901   573   573 D spi_rst_gpio_get_output: GPIO 145 value: 1
05-22 06:30:21.901   573   573 D spidev_ioctl: gpio status=1)
05-22 07:11:48.163   573   573 I SpiService: fgesysctrl_getGPIO_status success val=1
05-22 06:30:21.907   573   573 D spi_rst_gpio_get_output: GPIO 145 value: 1
05-22 06:30:21.907   573   573 D spidev_ioctl: gpio status=1)
05-22 07:11:48.169   573   573 I SpiService: fgesysctrl_getGPIO_status success val=1
05-22 07:11:48.169  2981  3177 I SentryImuMcuAngleSender: 179.94139rollDeg
05-22 07:11:48.169  2981  3177 I SentryImuMcuAngleSender: 1,0,0
05-22 06:30:21.912   573   573 D spi_rst_gpio_get_output: GPIO 145 value: 1
05-22 06:30:21.912   573   573 D spidev_ioctl: gpio status=1)
05-22 07:11:48.174   573   573 I SpiService: fgesysctrl_getGPIO_status success val=0
05-22 07:11:48.176   824   824 D SurfaceFlinger: unisoc-graphics, commit has frameMissed:2, vysncId:203561
05-22 06:30:21.917   573   573 D spi_rst_gpio_get_output: GPIO 145 value: 0
05-22 06:30:21.917   573   573 D spidev_ioctl: gpio status=0)
05-22 07:11:48.187   573   573 I SpiService: fgesysctrl_getGPIO_status success val=1
05-22 07:11:48.189   291  1491 D EvsDriver: forwardFrame
05-22 06:30:21.931   573   573 D spi_rst_gpio_get_output: GPIO 145 value: 1
05-22 06:30:21.931   573   573 D spidev_ioctl: gpio status=1)
05-22 07:11:48.190  2981  3177 I SentryImuMcuAngleSender: 179.94484rollDeg
05-22 07:11:48.190  2981  3177 I SentryImuMcuAngleSender: 1,0,0
05-22 07:11:48.190   291  1491 D EvsDriver: Delivered 0xb400007b2f47ca30 as id 0
05-22 07:11:48.191  1137  1150 D evsmanagerd: /dev/video4 forwarded the buffer #0 to 0xb4000071fa019690 from 0xb4000071fa01b7d0
05-22 07:11:48.192   544   544 D commservice260303: msg.id = 1028,0
05-22 07:11:48.192   544   544 D commservice260303: i = 170, msgid = 8A000404
05-22 07:11:48.192   544   544 D commservice260303: msgid = -1979710460,did=138
05-22 07:11:48.192   544   544 D commservice260303: CommProtocolLibCmdBaseI2C::dataproc {"command":{"id":"imu_status","sub":""},"content":{"TimeStamp":1779405108191,"FrameCounter":9005,"GD_X":-0.010001938790082932,"GD_Y":0.007634742185473442,"GD_Z":0.01779116503894329,"AD_X":-0.004941590130329132,"AD_Y":-0.0026351725682616234,"AD_Z":-0.3315248489379883,"TempDsp":0,"Status":0,"CalibState":1,"SigAmpInvalid":0}},-1979710460
05-22 07:11:48.192   544   544 D commservice260303: send2Cluster len:324, 7B22636F6D6D616E64223A7B226964223A22696D755F737461747573222C22737562223A22227D2C22636F6E74656E74223A7B2254696D655374616D70223A313737393430353130383139312C224672616D65436F756E746572223A393030352C2247445F58223A2D302E3031303030313933383739303038323933322C2247445F59223A302E3030373633343734323138353437333434322C2247445F5A223A302E30313737393131363530333839343332392C2241445F58223A2D302E3030343934313539303133303332393133322C2241445F59223A2D302E303032363335313732353638323631363233342C2241445F5A223A2D302E333331353234383438393337393838332C2254656D70447370223A302C22537461747573223A302C2243616C69625374617465223A312C22536967416D70496E76616C6964223A307D7D, 138 
05-22 07:11:48.192   544   544 D commservice260303: Push Message into SendPool fn=-182255616
05-22 07:11:48.192   544   544 D commservice260303: ComProtocolLibSend2Cluster::send2ClusterRaw fn=-182255616 , len=340
05-22 07:11:48.192   544   544 D commservice260303: sendCmdToPort :340!!!
05-22 07:11:48.192   544   544 D commservice260303: send Cmd To Port ++++5AA501508A01000023F56A0F91347B22636F6D6D616E64223A7B226964223A22696D755F737461747573222C22737562223A22227D2C22636F6E74656E74223A7B2254696D655374616D70223A313737393430353130383139312C224672616D65436F756E746572223A393030352C2247445F58223A2D302E3031303030313933383739303038323933322C2247445F59223A302E3030373633343734323138353437333434322C2247445F5A223A302E30313737393131363530333839343332392C2241445F58223A2D302E3030343934313539303133303332393133322C2241445F59223A2D302E303032363335313732353638323631363233342C2241445F5A223A2D302E333331353234383438393337393838332C2254656D70447370223A302C22537461747573223A302C2243616C69625374617465223A312C22536967416D70496E76616C6964223A307D7D7D54
05-22 07:11:48.192   544   544 D commservice260303: bufferevent_write retrun value = 0
05-22 07:11:48.192   544   567 D commservice260303: client datas send succeed,send finish
05-22 07:11:48.192  2981  3178 D Sentinelmode_1.2.5.13_alpha: <SentryImuClusterFgeSender>imu_status sent to Linux, frame=9005, tsNs=393156, tsMs=1779405108191, intervalMs=40, ad=(-0.00494159,-0.0026351726,-0.33152485), gd=(-0.010001939,0.007634742,0.017791165)
05-22 07:11:48.193   291  1135 D EvsDriver: doneWithFrame
05-22 06:30:21.936   573   573 D spi_rst_gpio_get_output: GPIO 145 value: 1
05-22 06:30:21.936   573   573 D spidev_ioctl: gpio status=1)
05-22 07:11:48.193   573   573 I SpiService: fgesysctrl_getGPIO_status success val=1
05-22 07:11:48.197   477  1275 I dvr_service_: [EncoderHandler::runMediaThread] runMediaThread started:1,state:0, cam2:started:1,state:0, lastSwitch:1, mIsMuxerStart:0,format:0,is_str_ing:0
05-22 07:11:48.199   573   573 I SpiService: fgesysctrl_getGPIO_status success val=1
05-22 06:30:21.942   573   573 D spi_rst_gpio_get_output: GPIO 145 value: 1
05-22 06:30:21.942   573   573 D spidev_ioctl: gpio status=1)
05-22 07:11:48.204   558  1606 I gps_hdbd: Received: '$GNGGA,231148.000,,,,,0,00,,,M,,M,,*6B
'
05-22 07:11:48.205   573   573 I SpiService: fgesysctrl_getGPIO_status success val=1
05-22 07:11:48.205  1026  1026 D MyAppLog: [2026-05-22 07:11:48.205 D tboxap gspDataAnalyze:346] [Gps] rev gps data:$GNGGA,231148.000,,,,,0,00,,,M,,M,,*6B
05-22 07:11:48.205  1026  1026 D MyAppLog: [2026-05-22 07:11:48.205 D tboxap gpsCommTboxmidsRecvCb:66] [Gps] [gpsCommTboxmidsRecvCb] gps nmea updated:$GNGGA,231148.000,,,,,0,00,,,M,,M,,*6B
05-22 07:11:48.205  1026  1026 D MyAppLog: 
05-22 06:30:21.948   573   573 D spi_rst_gpio_get_output: GPIO 145 value: 1
05-22 06:30:21.948   573   573 D spidev_ioctl: gpio status=1)
05-22 07:11:48.210   573   573 I SpiService: fgesysctrl_getGPIO_status success val=1
05-22 07:11:48.211   558  1606 I gps_hdbd: Received: '$GNGSA,A,1,,,,,,,,,,,,,,,,1*1D
'
05-22 07:11:48.211   558  1606 I gps_hdbd: Received: '$GNGSA,A,1,,,,,,,,,,,,,,,,3*1F
'
05-22 07:11:48.211  2981  3177 I SentryImuMcuAngleSender: 179.95172rollDeg
05-22 07:11:48.211  2981  3177 I SentryImuMcuAngleSender: 1,0,0
05-22 07:11:48.212  1026  1026 D MyAppLog: [2026-05-22 07:11:48.211 D tboxap gspDataAnalyze:346] [Gps] rev gps data:$GNGSA,A,1,,,,,,,,,,,,,,,,1*1D
05-22 07:11:48.212  1026  1026 D MyAppLog: [2026-05-22 07:11:48.211 D tboxap gpsCommTboxmidsRecvCb:66] [Gps] [gpsCommTboxmidsRecvCb] gps nmea updated:$GNGSA,A,1,,,,,,,,,,,,,,,,1*1D
05-22 07:11:48.212  1026  1026 D MyAppLog: 
05-22 07:11:48.212   276   300 I rvcservice: t.code = 7, t.value = 393013
05-22 07:11:48.212  1026  1026 D MyAppLog: [2026-05-22 07:11:48.212 D tboxap gspDataAnalyze:346] [Gps] rev gps data:$GNGSA,A,1,,,,,,,,,,,,,,,,3*1F
05-22 07:11:48.212  1026  1026 D MyAppLog: [2026-05-22 07:11:48.212 D tboxap gpsCommTboxmidsRecvCb:66] [Gps] [gpsCommTboxmidsRecvCb] gps nmea updated:$GNGSA,A,1,,,,,,,,,,,,,,,,3*1F
05-22 07:11:48.212  1026  1026 D MyAppLog: 
05-22 06:30:21.953   573   573 D spi_rst_gpio_get_output: GPIO 145 value: 1
05-22 06:30:21.953   573   573 D spidev_ioctl: gpio status=1)
05-22 07:11:48.215   573   573 I SpiService: fgesysctrl_getGPIO_status success val=0
05-22 07:11:48.217   558  1606 I gps_hdbd: Received: '$GNGSA,A,1,,,,,,,,,,,,,,,,4*18
'
05-22 06:30:21.959   573   573 D spi_rst_gpio_get_output: GPIO 145 value: 0
05-22 07:11:48.218   558  1606 I gps_hdbd: Received: '$BDGSV,1,1,00,1*75
'
05-22 06:30:21.959   573   573 D spidev_ioctl: gpio status=0)
05-22 07:11:48.219   565   599 I Sensors : 230 AccelSensor: x:-0.111630,y:0.009760,z:-10.133930
05-22 07:11:48.219  1026  1026 D MyAppLog: [2026-05-22 07:11:48.218 D tboxap gspDataAnalyze:346] [Gps] rev gps data:$GNGSA,A,1,,,,,,,,,,,,,,,,4*18
05-22 07:11:48.220  1026  1026 D MyAppLog: [2026-05-22 07:11:48.218 D tboxap gpsCommTboxmidsRecvCb:66] [Gps] [gpsCommTboxmidsRecvCb] gps nmea updated:$GNGSA,A,1,,,,,,,,,,,,,,,,4*18
05-22 07:11:48.220  1026  1026 D MyAppLog: 
05-22 07:11:48.220  1026  1026 D MyAppLog: [2026-05-22 07:11:48.218 D tboxap gspDataAnalyze:346] [Gps] rev gps data:$BDGSV,1,1,00,1*75
05-22 07:11:48.220  1026  1026 D MyAppLog: [2026-05-22 07:11:48.219 D tboxap gpsCommTboxmidsRecvCb:66] [Gps] [gpsCommTboxmidsRecvCb] gps nmea updated:$BDGSV,1,1,00,1*75
05-22 07:11:48.220  1026  1026 D MyAppLog: 
05-22 07:11:48.222   558  1606 I gps_hdbd: Received: '$GPGSV,1,1,01,199,42,165,,1*60
'
05-22 07:11:48.223   558  1606 I gps_hdbd: Received: '$GAGSV,1,1,00,7*73
'
05-22 07:11:48.223  1026  1026 D MyAppLog: [2026-05-22 07:11:48.223 D tboxap gspDataAnalyze:346] [Gps] rev gps data:$GPGSV,1,1,01,199,42,165,,1*60
05-22 07:11:48.223  1026  1026 D MyAppLog: [2026-05-22 07:11:48.223 D tboxap gpsCommTboxmidsRecvCb:66] [Gps] [gpsCommTboxmidsRecvCb] gps nmea updated:$GPGSV,1,1,01,199,42,165,,1*60
05-22 07:11:48.223  1026  1026 D MyAppLog: 
05-22 07:11:48.223  1026  1026 D MyAppLog: [2026-05-22 07:11:48.223 D tboxap gspDataAnalyze:346] [Gps] rev gps data:$GAGSV,1,1,00,7*73
05-22 07:11:48.223  1026  1026 D MyAppLog: [2026-05-22 07:11:48.223 D tboxap gpsCommTboxmidsRecvCb:66] [Gps] [gpsCommTboxmidsRecvCb] gps nmea updated:$GAGSV,1,1,00,7*73
05-22 07:11:48.223  1026  1026 D MyAppLog: 
05-22 07:11:48.224   291  1491 D EvsDriver: forwardFrame
05-22 07:11:48.227   824   824 D SurfaceFlinger: unisoc-graphics, commit has frameMissed:2, vysncId:203592
05-22 07:11:48.228   558  1606 I gps_hdbd: Received: '$GNRMC,231148.000,V,,,,,,,210526,120.0,E,N,V*4E
'
05-22 07:11:48.228   291  1491 D EvsDriver: Delivered 0xb400007b2f47ca30 as id 0
05-22 07:11:48.228  1137  1150 D evsmanagerd: /dev/video4 forwarded the buffer #0 to 0xb4000071fa019690 from 0xb4000071fa01b7d0
05-22 07:11:48.229   558  1606 I gps_hdbd: RMC : CALL gnss_sv_status_cb, view_in_sat <1>
05-22 07:11:48.229   558  1606 I gps_hdbd: [reportSvStatus]--->PLATFORM_BSP::Enter
05-22 07:11:48.229   558  1606 I gps_hdbd: hy abnormal deal:hy_cnr30_satellite_cnt=0
05-22 07:11:48.229   558  1606 D gps_hdbd: hy abnormal deal:hy_fixStatus_fail_count=0
05-22 07:11:48.229   291  1135 D EvsDriver: doneWithFrame
05-22 07:11:48.229  1026  1026 D MyAppLog: [2026-05-22 07:11:48.229 D tboxap gspDataAnalyze:346] [Gps] rev gps data:$GNRMC,231148.000,V,,,,,,,210526,120.0,E,N,V*4E
05-22 07:11:48.229  1026  1026 D MyAppLog: [2026-05-22 07:11:48.229 D tboxap Real_GPS_Command_Process:293] [Gps] GPS_INFOR_IF_COMPLETED 0f
05-22 07:11:48.229  1026  1026 D MyAppLog: [2026-05-22 07:11:48.229 D tboxap gpsCommDataCb:143] [Gps] [gpsCommDataCb] datacb
05-22 07:11:48.230  1026  1026 W MyAppLog: [2026-05-22 07:11:48.229 W tboxap gpsSyncGpsInfoToDm:263] [Gps] [gpsSyncGpsInfoToDm] fix=0 mode=49 alt=0.00 sat=0 hdop=0.00 pdop=0.00 vdop=0.00
05-22 07:11:48.230  1026  1026 D MyAppLog: [2026-05-22 07:11:48.229 D tboxap gpsIpcInfoCallBack:161] [Gps] [gpsIpcInfoCallBack] gpsIpcInfoCallBack in
05-22 07:11:48.230  1026  1026 D MyAppLog: [2026-05-22 07:11:48.229 D tboxap gpsIpcInfoCallBack:168] [Gps] [gpsIpcInfoCallBack] gps ipc init gpsIpcInfoCallBack = 0x64d0daa0fc
05-22 07:11:48.230  1026  1026 D MyAppLog: [2026-05-22 07:11:48.229 D tboxap gpsIpcInfoCallBack:176] [Gps] [gpsIpcInfoCallBack] gpsIpcInfoCallBack 44 out
05-22 07:11:48.230  1026  1026 D MyAppLog: [2026-05-22 07:11:48.229 D tboxap gpsCommTboxmidsRecvCb:66] [Gps] [gpsCommTboxmidsRecvCb] gps nmea updated:$GNRMC,231148.000,V,,,,,,,210526,120.0,E,N,V*4E
05-22 07:11:48.230  1026  1026 D MyAppLog: 
05-22 07:11:48.230   573   573 I SpiService: fgesysctrl_getGPIO_status success val=1
05-22 07:11:48.230  1026  1026 D MyAppLog: [2026-05-22 07:11:48.229 D tboxap GpsIpcInfoHandler:133] [Gps] [GpsIpcInfoHandler]  time 
05-22 07:11:48.231   964  1804 D [OMXB]  : usingANWBuffer: handle:0xebd40220, format:1, w:1920, h:1080
05-22 07:11:48.232  2981  3177 I SentryImuMcuAngleSender: 179.94481rollDeg
05-22 07:11:48.232  2981  3177 I SentryImuMcuAngleSender: 1,0,0
05-22 07:11:48.232   544   544 D commservice260303: msg.id = 1028,0
05-22 07:11:48.232   544   544 D commservice260303: i = 170, msgid = 8A000404
05-22 07:11:48.232   544   544 D commservice260303: msgid = -1979710460,did=138
05-22 07:11:48.232   544   544 D commservice260303: CommProtocolLibCmdBaseI2C::dataproc {"command":{"id":"imu_status","sub":""},"content":{"TimeStamp":1779405108232,"FrameCounter":9006,"GD_X":-0.009391804225742817,"GD_Y":0.007864127866923809,"GD_Z":0.018095972016453743,"AD_X":-0.004938393831253052,"AD_Y":-0.0026306472718715668,"AD_Z":-0.3278646469116211,"TempDsp":0,"Status":0,"CalibState":1,"SigAmpInvalid":0}},-1979710460
05-22 07:11:48.233   544   544 D commservice260303: send2Cluster len:325, 7B22636F6D6D616E64223A7B226964223A22696D755F737461747573222C22737562223A22227D2C22636F6E74656E74223A7B2254696D655374616D70223A313737393430353130383233322C224672616D65436F756E746572223A393030362C2247445F58223A2D302E3030393339313830343232353734323831372C2247445F59223A302E3030373836343132373836363932333830392C2247445F5A223A302E3031383039353937323031363435333734332C2241445F58223A2D302E3030343933383339333833313235333035322C2241445F59223A2D302E303032363330363437323731383731353636382C2241445F5A223A2D302E333237383634363436393131363231312C2254656D70447370223A302C22537461747573223A302C2243616C69625374617465223A312C22536967416D70496E76616C6964223A307D7D, 138 
05-22 07:11:48.233   544   544 D commservice260303: Push Message into SendPool fn=-165478400
05-22 07:11:48.233   544   544 D commservice260303: ComProtocolLibSend2Cluster::send2ClusterRaw fn=-165478400 , len=341
05-22 07:11:48.233   544   544 D commservice260303: sendCmdToPort :341!!!
05-22 07:11:48.233   544   544 D commservice260303: send Cmd To Port ++++5AA501518A01000023F66A0F91347B22636F6D6D616E64223A7B226964223A22696D755F737461747573222C22737562223A22227D2C22636F6E74656E74223A7B2254696D655374616D70223A313737393430353130383233322C224672616D65436F756E746572223A393030362C2247445F58223A2D302E3030393339313830343232353734323831372C2247445F59223A302E3030373836343132373836363932333830392C2247445F5A223A302E3031383039353937323031363435333734332C2241445F58223A2D302E3030343933383339333833313235333035322C2241445F59223A2D302E303032363330363437323731383731353636382C2241445F5A223A2D302E333237383634363436393131363231312C2254656D70447370223A302C22537461747573223A302C2243616C69625374617465223A312C22536967416D70496E76616C6964223A307D7D326C
05-22 07:11:48.233   544   544 D commservice260303: bufferevent_write retrun value = 0
05-22 07:11:48.233   544   567 D commservice260303: client datas send succeed,send finish
05-22 07:11:48.233  2981  3178 D Sentinelmode_1.2.5.13_alpha: <SentryImuClusterFgeSender>imu_status sent to Linux, frame=9006, tsNs=393200, tsMs=1779405108232, intervalMs=41, ad=(-0.004938394,-0.0026306473,-0.32786465), gd=(-0.009391804,0.007864128,0.018095972)
05-22 06:30:21.973   573   573 D spi_rst_gpio_get_output: GPIO 145 value: 1
05-22 06:30:21.973   573   573 D spidev_ioctl: gpio status=1)
05-22 07:11:48.233   558  1606 I gps_hdbd: Received: '$GNZDA,231148.000,21,05,2026,00,00*45
'
05-22 07:11:48.235  1026  1026 D MyAppLog: [2026-05-22 07:11:48.234 D tboxap gspDataAnalyze:346] [Gps] rev gps data:$GNZDA,231148.000,21,05,2026,00,00*45
05-22 07:11:48.235  1026  1026 D MyAppLog: [2026-05-22 07:11:48.234 D tboxap gpsCommTboxmidsRecvCb:66] [Gps] [gpsCommTboxmidsRecvCb] gps nmea updated:$GNZDA,231148.000,21,05,2026,00,00*45
05-22 07:11:48.235  1026  1026 D MyAppLog: 
05-22 07:11:48.235   573   573 I SpiService: fgesysctrl_getGPIO_status success val=1
05-22 06:30:21.979   573   573 D spi_rst_gpio_get_output: GPIO 145 value: 1
05-22 06:30:21.979   573   573 D spidev_ioctl: gpio status=1)
05-22 07:11:48.239   558  1606 I gps_hdbd: Received: '$GNGST,231148.000,,,,,,,*5A
'
05-22 07:11:48.240   573   573 I SpiService: fgesysctrl_getGPIO_status success val=1
05-22 06:30:21.984   573   573 D spi_rst_gpio_get_output: GPIO 145 value: 1
05-22 06:30:21.984   573   573 D spidev_ioctl: gpio status=1)
05-22 07:11:48.243   824   824 D SurfaceFlinger: unisoc-graphics, commit has frameMissed:2, vysncId:203607
05-22 07:11:48.246   573   573 I SpiService: fgesysctrl_getGPIO_status success val=1
05-22 06:30:21.989   573   573 D spi_rst_gpio_get_output: GPIO 145 value: 1
05-22 06:30:21.989   573   573 D spidev_ioctl: gpio status=1)
05-22 07:11:48.251   573   573 I SpiService: fgesysctrl_getGPIO_status success val=1
05-22 07:11:48.252   291  1491 D EvsDriver: forwardFrame
05-22 07:11:48.253  2981  3177 I SentryImuMcuAngleSender: 179.93103rollDeg
05-22 07:11:48.253  2981  3177 I SentryImuMcuAngleSender: 1,0,0
05-22 06:30:21.994   573   573 D spi_rst_gpio_get_output: GPIO 145 value: 1
05-22 06:30:21.994   573   573 D spidev_ioctl: gpio status=1)
05-22 07:11:48.254   291  1491 D EvsDriver: Delivered 0xb400007b2f47ca30 as id 0
05-22 07:11:48.254  1137  1150 D evsmanagerd: /dev/video4 forwarded the buffer #0 to 0xb4000071fa019690 from 0xb4000071fa01b7d0
05-22 07:11:48.256   573   573 I SpiService: fgesysctrl_getGPIO_status success val=0
05-22 07:11:48.256   291  1135 D EvsDriver: doneWithFrame
05-22 06:30:22.000   573   573 D spi_rst_gpio_get_output: GPIO 145 value: 0
05-22 06:30:22.000   573   573 D spidev_ioctl: gpio status=0)
05-22 07:11:48.258   558  1606 I gps_hdbd: Received: '$GNINS,1,1,TYPE,I,V,231148.000,376200,FUS,-16,0,0,0,MOT,V,1,PATT,0.00,0.00,0.00,VEL,0.000,0.000,0.000,POS,39.9999846247,115.9999771395,108.489,IIA,1,0.00,0.00,0.00,BGA,0.44,-0.52,-1.01,0.000,0.000,0.000,IGA,0,-1,-1,0,-1,99,VG,16c2ff1*30
'
05-22 07:11:48.262   824   824 D SurfaceFlinger: unisoc-graphics, commit has frameMissed:2, vysncId:203615
05-22 07:11:48.266  1091  1133 D tboxmids_ap: Frame Size: 12
05-22 07:11:48.266  1091  1133 D tboxmids_ap: Hex Data:
05-22 07:11:48.266  1091  1133 D tboxmids_ap: 09 
05-22 07:11:48.266  1091  1133 D tboxmids_ap: 01 
05-22 07:11:48.266  1091  1133 D tboxmids_ap: 00 
05-22 07:11:48.266  1026  1026 I MyAppLog: [2026-05-22 07:11:48.265 I tboxap mcuSendYadiTransfer:195] [Mcu] [mcuYadiSend]: :00 08 F2 04 01 09 81 02 01 01
05-22 07:11:48.266  1091  1133 D tboxmids_ap: 08 
05-22 07:11:48.266  1091  1133 D tboxmids_ap: F2 
05-22 07:11:48.266  1091  1133 D tboxmids_ap: 04 
05-22 07:11:48.266  1091  1133 D tboxmids_ap: 01 
05-22 07:11:48.266  1091  1133 D tboxmids_ap: 09 
05-22 07:11:48.266  1091  1133 D tboxmids_ap: 81 
05-22 07:11:48.266  1091  1133 D tboxmids_ap: 02 
05-22 07:11:48.266  1091  1133 D tboxmids_ap: 01 
05-22 07:11:48.266  1091  1133 D tboxmids_ap: 01 
05-22 07:11:48.266  1091  1133 D tboxmids_ap: 
05-22 07:11:48.266  1091  1133 D tboxmids_ap: Hex Data end 
05-22 07:11:48.268   558  1606 I gps_hdbd: Received: '$GNINS,CARSPEED,ADR_STATUS,0,Pulse_count,0,1,0,0,376200,3762,0.000,0.000,0.000*06
'
05-22 07:11:48.269   486   581 I mcuc    : start timer OK = 1078 
05-22 06:30:22.009     0     0 W         : c6 [    C6] Irq_monitor:Irq                                           IPI[1]occur        8056 times interval 1020 ms
05-22 07:11:48.270   573   573 I SpiService: fgesysctrl_getGPIO_status success val=1
05-22 07:11:48.273  2981  3177 I SentryImuMcuAngleSender: 179.93103rollDeg
05-22 07:11:48.273  2981  3177 I SentryImuMcuAngleSender: 1,0,0
05-22 07:11:48.273   544   544 D commservice260303: msg.id = 1028,0
05-22 07:11:48.273   544   544 D commservice260303: i = 170, msgid = 8A000404
05-22 07:11:48.273   544   544 D commservice260303: msgid = -1979710460,did=138
05-22 07:11:48.273   558  1606 I gps_hdbd: Received: '$GNTXT,04,01,04,INS,V,1,,,,FLG,1,000000,1,0,1,0,0,Con,0*71
'
05-22 06:30:22.013   573   573 D spi_rst_gpio_get_output: GPIO 145 value: 1
05-22 07:11:48.273   544   544 D commservice260303: CommProtocolLibCmdBaseI2C::dataproc {"command":{"id":"imu_status","sub":""},"content":{"TimeStamp":1779405108273,"FrameCounter":9007,"GD_X":-0.010461229830980301,"GD_Y":0.007712244056165218,"GD_Z":0.01779116503894329,"AD_X":-0.005547419190406799,"AD_Y":-1.9047781825065613E-4,"AD_Z":-0.3296947479248047,"TempDsp":0,"Status":0,"CalibState":1,"SigAmpInvalid":0}},-1979710460
05-22 06:30:22.013   573   573 D spidev_ioctl: gpio status=1)
05-22 07:11:48.274   544   544 D commservice260303: send2Cluster len:324, 7B22636F6D6D616E64223A7B226964223A22696D755F737461747573222C22737562223A22227D2C22636F6E74656E74223A7B2254696D655374616D70223A313737393430353130383237332C224672616D65436F756E746572223A393030372C2247445F58223A2D302E3031303436313232393833303938303330312C2247445F59223A302E3030373731323234343035363136353231382C2247445F5A223A302E30313737393131363530333839343332392C2241445F58223A2D302E3030353534373431393139303430363739392C2241445F59223A2D312E39303437373831383235303635363133452D342C2241445F5A223A2D302E333239363934373437393234383034372C2254656D70447370223A302C22537461747573223A302C2243616C69625374617465223A312C22536967416D70496E76616C6964223A307D7D, 138 
05-22 07:11:48.274   558  1606 I gps_hdbd: Received: '$GNTXT,INSTALL,0.00,0.00,0.00,0.00,0.00,0.00,0*20
'
05-22 07:11:48.274   544   544 D commservice260303: Push Message into SendPool fn=-148701184
05-22 07:11:48.274   544   544 D commservice260303: ComProtocolLibSend2Cluster::send2ClusterRaw fn=-148701184 , len=340
05-22 07:11:48.274   544   544 D commservice260303: sendCmdToPort :340!!!
05-22 07:11:48.274   544   544 D commservice260303: send Cmd To Port ++++5AA501508A01000023F76A0F91347B22636F6D6D616E64223A7B226964223A22696D755F737461747573222C22737562223A22227D2C22636F6E74656E74223A7B2254696D655374616D70223A313737393430353130383237332C224672616D65436F756E746572223A393030372C2247445F58223A2D302E3031303436313232393833303938303330312C2247445F59223A302E3030373731323234343035363136353231382C2247445F5A223A302E30313737393131363530333839343332392C2241445F58223A2D302E3030353534373431393139303430363739392C2241445F59223A2D312E39303437373831383235303635363133452D342C2241445F5A223A2D302E333239363934373437393234383034372C2254656D70447370223A302C22537461747573223A302C2243616C69625374617465223A312C22536967416D70496E76616C6964223A307D7D22EE
05-22 07:11:48.274   544   544 D commservice260303: bufferevent_write retrun value = 0
05-22 07:11:48.274   544   567 D commservice260303: client datas send succeed,send finish
05-22 07:11:48.274  2981  3178 D Sentinelmode_1.2.5.13_alpha: <SentryImuClusterFgeSender>imu_status sent to Linux, frame=9007, tsNs=393216, tsMs=1779405108273, intervalMs=41, ad=(-0.005547419,-1.9047782E-4,-0.32969475), gd=(-0.01046123,0.007712244,0.017791165)
05-22 07:11:48.275   573   573 I SpiService: fgesysctrl_getGPIO_status success val=1
05-22 06:30:22.019   573   573 D spi_rst_gpio_get_output: GPIO 145 value: 1
05-22 06:30:22.019   573   573 D spidev_ioctl: gpio status=1)
05-22 07:11:48.280   565   565 I Sensors : 230 GyroSensor: x:-0.009621,y:0.007101,z:0.017638
05-22 07:11:48.281   573   573 I SpiService: fgesysctrl_getGPIO_status success val=1
05-22 06:30:22.024   573   573 D spi_rst_gpio_get_output: GPIO 145 value: 1
05-22 06:30:22.024   573   573 D spidev_ioctl: gpio status=1)
05-22 07:11:48.284  4053  4136 D MessageCenterService: 服务运行中
05-22 07:11:48.286   573   573 I SpiService: fgesysctrl_getGPIO_status success val=1
05-22 06:30:22.030   573   573 D spi_rst_gpio_get_output: GPIO 145 value: 1
05-22 06:30:22.030   573   573 D spidev_ioctl: gpio status=1)
05-22 07:11:48.291   291  1491 D EvsDriver: forwardFrame
05-22 07:11:48.292   573   573 I SpiService: fgesysctrl_getGPIO_status success val=1
05-22 07:11:48.293   964  1804 D [OMXB]  : usingANWBuffer: handle:0xebd414b0, format:1, w:1920, h:1080
05-22 07:11:48.293   291  1491 D EvsDriver: Delivered 0xb400007b2f47ca30 as id 0
05-22 07:11:48.293  1137  1150 D evsmanagerd: /dev/video4 forwarded the buffer #0 to 0xb4000071fa019690 from 0xb4000071fa01b7d0
05-22 07:11:48.293  2981  3177 I SentryImuMcuAngleSender: 179.89653rollDeg
05-22 07:11:48.293  2981  3177 I SentryImuMcuAngleSender: 1,0,0
05-22 06:30:22.035   573   573 D spi_rst_gpio_get_output: GPIO 145 value: 1
05-22 06:30:22.035   573   573 D spidev_ioctl: gpio status=1)
05-22 07:11:48.295   291  1135 D EvsDriver: doneWithFrame
05-22 07:11:48.297   573   573 I SpiService: fgesysctrl_getGPIO_status success val=1
05-22 06:30:22.040   573   573 D spi_rst_gpio_get_output: GPIO 145 value: 1
05-22 06:30:22.040   573   573 D spidev_ioctl: gpio status=1)
05-22 07:11:48.302   544   544 W commservice260303: [FgeComService::getAQConnectStatus:378]
05-22 07:11:48.302   544   544 W commservice260303: [mcuCommFunctionTcp::getAQConnectStatus:406] 1
05-22 07:11:48.302   544   544 W commservice260303: [FgeComService::getAQConnectStatus:380] status:1
05-22 07:11:48.302  2109  2109 E ivicomm_CommManager: getA2lConnectStatus aqConnectStatus:1
05-22 07:11:48.302   573   573 I SpiService: fgesysctrl_getGPIO_status success val=0
05-22 07:11:48.302   486   579 I mcuc    : send SPI:6AA601043600F80901F204010981020101000000000000000000000000000000000000000000000000000000000000000000000000000000000000000000000000000000000000000000000000000000000000000000000000000000000000000000000000000000000000000000000000000000000000000000000000000000000000000000000000000000000000000000000000000000000000000000000000000000000000000000000000000000000000000000000000000000000000000000000000000000000000000000000000000000000000000000000000000000000000000000000000000000000000000000000000000000000000000000003E
05-22 07:11:48.302  2109  2109 D ivicomm_ConnectStateManager: notifyState newState=1curState=1
05-22 06:30:22.046   573   573 D spi_rst_gpio_get_output: GPIO 145 value: 0
05-22 06:30:22.046   573   573 D spidev_ioctl: gpio status=0)
05-22 07:11:48.312   276   300 I rvcservice: t.code = 3, t.value = 0
05-22 07:11:48.313  2981  3177 I SentryImuMcuAngleSender: 179.91724rollDeg
05-22 07:11:48.313  2981  3177 I SentryImuMcuAngleSender: 1,0,0
05-22 07:11:48.314   544   544 D commservice260303: msg.id = 1028,0
05-22 07:11:48.314   544   544 D commservice260303: i = 170, msgid = 8A000404
05-22 07:11:48.315   544   544 D commservice260303: msgid = -1979710460,did=138
05-22 07:11:48.315   544   544 D commservice260303: CommProtocolLibCmdBaseI2C::dataproc {"command":{"id":"imu_status","sub":""},"content":{"TimeStamp":1779405108314,"FrameCounter":9008,"GD_X":-0.008781149983406067,"GD_Y":0.00801705103367567,"GD_Z":0.017255932092666626,"AD_X":-0.0018857493996620178,"AD_Y":0.002241716720163822,"AD_Z":-0.3278646469116211,"TempDsp":0,"Status":0,"CalibState":1,"SigAmpInvalid":0}},-1979710460
05-22 07:11:48.315   544   544 D commservice260303: send2Cluster len:323, 7B22636F6D6D616E64223A7B226964223A22696D755F737461747573222C22737562223A22227D2C22636F6E74656E74223A7B2254696D655374616D70223A313737393430353130383331342C224672616D65436F756E746572223A393030382C2247445F58223A2D302E3030383738313134393938333430363036372C2247445F59223A302E30303830313730353130333336373536372C2247445F5A223A302E3031373235353933323039323636363632362C2241445F58223A2D302E303031383835373439333939363632303137382C2241445F59223A302E3030323234313731363732303136333832322C2241445F5A223A2D302E333237383634363436393131363231312C2254656D70447370223A302C22537461747573223A302C2243616C69625374617465223A312C22536967416D70496E76616C6964223A307D7D, 138 
05-22 07:11:48.315   544   544 D commservice260303: Push Message into SendPool fn=-131923968
05-22 07:11:48.315   544   544 D commservice260303: ComProtocolLibSend2Cluster::send2ClusterRaw fn=-131923968 , len=339
05-22 07:11:48.315   544   544 D commservice260303: sendCmdToPort :339!!!
05-22 07:11:48.315   544   544 D commservice260303: send Cmd To Port ++++5AA5014F8A01000023F86A0F91347B22636F6D6D616E64223A7B226964223A22696D755F737461747573222C22737562223A22227D2C22636F6E74656E74223A7B2254696D655374616D70223A313737393430353130383331342C224672616D65436F756E746572223A393030382C2247445F58223A2D302E3030383738313134393938333430363036372C2247445F59223A302E30303830313730353130333336373536372C2247445F5A223A302E3031373235353933323039323636363632362C2241445F58223A2D302E303031383835373439333939363632303137382C2241445F59223A302E3030323234313731363732303136333832322C2241445F5A223A2D302E333237383634363436393131363231312C2254656D70447370223A302C22537461747573223A302C2243616C69625374617465223A312C22536967416D70496E76616C6964223A307D7D0442
05-22 07:11:48.315   544   544 D commservice260303: bufferevent_write retrun value = 0
05-22 07:11:48.315   544   567 D commservice260303: client datas send succeed,send finish
05-22 07:11:48.315  2981  3178 D Sentinelmode_1.2.5.13_alpha: <SentryImuClusterFgeSender>imu_status sent to Linux, frame=9008, tsNs=393282, tsMs=1779405108314, intervalMs=41, ad=(-0.0018857494,0.0022417167,-0.32786465), gd=(-0.00878115,0.008017051,0.017255932)
05-22 07:11:48.316   573   573 I SpiService: fgesysctrl_getGPIO_status success val=1
05-22 06:30:22.059   573   573 D spi_rst_gpio_get_output: GPIO 145 value: 1
05-22 06:30:22.059   573   573 D spidev_ioctl: gpio status=1)
05-22 07:11:48.321   573   573 I SpiService: fgesysctrl_getGPIO_status success val=1
05-22 06:30:22.065   573   573 D spi_rst_gpio_get_output: GPIO 145 value: 1
05-22 06:30:22.065   573   573 D spidev_ioctl: gpio status=1)
05-22 07:11:48.327   291  1491 D EvsDriver: forwardFrame
05-22 07:11:48.327   573   573 I SpiService: fgesysctrl_getGPIO_status success val=1
05-22 07:11:48.328  1026  1026 D MyAppLog: [2026-05-22 07:11:48.328 D tboxap tsp_WorkMachineProc:1086] [Tsp] [tsp_WorkMachineProc]TSP_WORK_LOGIN NOW !!!!
05-22 07:11:48.329   291  1491 D EvsDriver: Delivered 0xb400007b2f47ca30 as id 0
05-22 07:11:48.329  1137  1150 D evsmanagerd: /dev/video4 forwarded the buffer #0 to 0xb4000071fa019690 from 0xb4000071fa01b7d0
05-22 06:30:22.070   573   573 D spi_rst_gpio_get_output: GPIO 145 value: 1
05-22 06:30:22.070   573   573 D spidev_ioctl: gpio status=1)
05-22 07:11:48.329   477  1243 I dvr_service_: [myNum:0][onFrameReceived] Received Surface:1 0
05-22 07:11:48.329   291  1135 D EvsDriver: doneWithFrame
05-22 07:11:48.332   573   573 I SpiService: fgesysctrl_getGPIO_status success val=1
05-22 06:30:22.076   573   573 D spi_rst_gpio_get_output: GPIO 145 value: 1
05-22 07:11:48.334  2981  3177 I SentryImuMcuAngleSender: 179.93448rollDeg
05-22 06:30:22.076   573   573 D spidev_ioctl: gpio status=1)
05-22 07:11:48.334  2981  3177 I SentryImuMcuAngleSender: 1,0,0
05-22 07:11:48.338   573   573 I SpiService: fgesysctrl_getGPIO_status success val=0
05-22 06:30:22.081   573   573 D spi_rst_gpio_get_output: GPIO 145 value: 0
05-22 06:30:22.081   573   573 D spidev_ioctl: gpio status=0)
05-22 07:11:48.345   824   824 D SurfaceFlinger: unisoc-graphics, commit has frameMissed:2, vysncId:203668
05-22 07:11:48.346   486   580 I mcuc    : rev,n=1,6AA68204360002090138
05-22 07:11:48.347   964  1804 D [OMXB]  : usingANWBuffer: handle:0xebd41da0, format:1, w:1920, h:1080
05-22 07:11:48.351   573   573 I SpiService: fgesysctrl_getGPIO_status success val=1
05-22 07:11:48.353   291  1491 D EvsDriver: forwardFrame
05-22 06:30:22.095   573   573 D spi_rst_gpio_get_output: GPIO 145 value: 1
05-22 06:30:22.095   573   573 D spidev_ioctl: gpio status=1)
05-22 07:11:48.354  2981  3177 I SentryImuMcuAngleSender: 179.93103rollDeg
05-22 07:11:48.354  2981  3177 I SentryImuMcuAngleSender: 1,0,0
05-22 07:11:48.355   544   544 D commservice260303: msg.id = 1028,0
05-22 07:11:48.355   544   544 D commservice260303: i = 170, msgid = 8A000404
05-22 07:11:48.355   544   544 D commservice260303: msgid = -1979710460,did=138
05-22 07:11:48.355   544   544 D commservice260303: CommProtocolLibCmdBaseI2C::dataproc {"command":{"id":"imu_status","sub":""},"content":{"TimeStamp":1779405108354,"FrameCounter":9009,"GD_X":-0.009621189907193184,"GD_Y":0.0067952219396829605,"GD_Z":0.0183248370885849,"AD_X":-0.0055443644523620605,"AD_Y":-1.9577331840991974E-4,"AD_Z":-0.3296995162963867,"TempDsp":0,"Status":0,"CalibState":1,"SigAmpInvalid":0}},-1979710460
05-22 07:11:48.355   544   544 D commservice260303: send2Cluster len:325, 7B22636F6D6D616E64223A7B226964223A22696D755F737461747573222C22737562223A22227D2C22636F6E74656E74223A7B2254696D655374616D70223A313737393430353130383335342C224672616D65436F756E746572223A393030392C2247445F58223A2D302E3030393632313138393930373139333138342C2247445F59223A302E303036373935323231393339363832393630352C2247445F5A223A302E303138333234383337303838353834392C2241445F58223A2D302E303035353434333634343532333632303630352C2241445F59223A2D312E39353737333331383430393931393734452D342C2241445F5A223A2D302E333239363939353136323936333836372C2254656D70447370223A302C22537461747573223A302C2243616C69625374617465223A312C22536967416D70496E76616C6964223A307D7D, 138 
05-22 07:11:48.355   291  1491 D EvsDriver: Delivered 0xb400007b2f47ca30 as id 0
05-22 07:11:48.355   544   544 D commservice260303: Push Message into SendPool fn=-115146752
05-22 07:11:48.355  1137  1150 D evsmanagerd: /dev/video4 forwarded the buffer #0 to 0xb4000071fa019690 from 0xb4000071fa01b7d0
05-22 07:11:48.355   544   544 D commservice260303: ComProtocolLibSend2Cluster::send2ClusterRaw fn=-115146752 , len=341
05-22 07:11:48.355   544   544 D commservice260303: sendCmdToPort :341!!!
05-22 07:11:48.355   544   544 D commservice260303: send Cmd To Port ++++5AA501518A01000023F96A0F91347B22636F6D6D616E64223A7B226964223A22696D755F737461747573222C22737562223A22227D2C22636F6E74656E74223A7B2254696D655374616D70223A313737393430353130383335342C224672616D65436F756E746572223A393030392C2247445F58223A2D302E3030393632313138393930373139333138342C2247445F59223A302E303036373935323231393339363832393630352C2247445F5A223A302E303138333234383337303838353834392C2241445F58223A2D302E303035353434333634343532333632303630352C2241445F59223A2D312E39353737333331383430393931393734452D342C2241445F5A223A2D302E333239363939353136323936333836372C2254656D70447370223A302C22537461747573223A302C2243616C69625374617465223A312C22536967416D70496E76616C6964223A307D7D1BF8
05-22 07:11:48.355   544   544 D commservice260303: bufferevent_write retrun value = 0
05-22 07:11:48.355   544   567 D commservice260303: client datas send succeed,send finish
05-22 07:11:48.355  2981  3178 D Sentinelmode_1.2.5.13_alpha: <SentryImuClusterFgeSender>imu_status sent to Linux, frame=9009, tsNs=393318, tsMs=1779405108354, intervalMs=40, ad=(-0.0055443645,-1.9577332E-4,-0.32969952), gd=(-0.00962119,0.006795222,0.018324837)
05-22 07:11:48.357   573   573 I SpiService: fgesysctrl_getGPIO_status success val=1
05-22 07:11:48.357   291  1135 D EvsDriver: doneWithFrame
05-22 06:30:22.100   573   573 D spi_rst_gpio_get_output: GPIO 145 value: 1
05-22 06:30:22.100   573   573 D spidev_ioctl: gpio status=1)
05-22 07:11:48.362   573   573 I SpiService: fgesysctrl_getGPIO_status success val=1
05-22 07:11:48.362   824   824 D SurfaceFlinger: unisoc-graphics, commit has frameMissed:2, vysncId:203683
05-22 06:30:22.105   573   573 D spi_rst_gpio_get_output: GPIO 145 value: 1
05-22 06:30:22.105   573   573 D spidev_ioctl: gpio status=1)
05-22 07:11:48.367   573   573 I SpiService: fgesysctrl_getGPIO_status success val=1
05-22 06:30:22.111   573   573 D spi_rst_gpio_get_output: GPIO 145 value: 1
05-22 06:30:22.111   573   573 D spidev_ioctl: gpio status=1)
05-22 07:11:48.373   573   573 I SpiService: fgesysctrl_getGPIO_status success val=1
05-22 06:30:22.116   573   573 D spi_rst_gpio_get_output: GPIO 145 value: 1
05-22 06:30:22.116   573   573 D spidev_ioctl: gpio status=1)
05-22 07:11:48.374  2981  3177 I SentryImuMcuAngleSender: 179.93791rollDeg
05-22 07:11:48.374  2981  3177 I SentryImuMcuAngleSender: 1,0,0
05-22 07:11:48.378   573   573 I SpiService: fgesysctrl_getGPIO_status success val=0
05-22 07:11:48.379   824   824 D SurfaceFlinger: unisoc-graphics, commit has frameMissed:2, vysncId:203691
05-22 06:30:22.121   573   573 D spi_rst_gpio_get_output: GPIO 145 value: 0
05-22 06:30:22.121   573   573 D spidev_ioctl: gpio status=0)
05-22 07:11:48.391   291  1491 D EvsDriver: forwardFrame
05-22 07:11:48.392   573   573 I SpiService: fgesysctrl_getGPIO_status success val=1
05-22 07:11:48.393   291  1491 D EvsDriver: Delivered 0xb400007b2f47ca30 as id 0
05-22 06:30:22.135   573   573 D spi_rst_gpio_get_output: GPIO 145 value: 1
05-22 07:11:48.393  1137  1150 D evsmanagerd: /dev/video4 forwarded the buffer #0 to 0xb4000071fa019690 from 0xb4000071fa01b7d0
05-22 06:30:22.135   573   573 D spidev_ioctl: gpio status=1)
05-22 07:11:48.395  2981  3177 I SentryImuMcuAngleSender: 179.92068rollDeg
05-22 07:11:48.396  2981  3177 I SentryImuMcuAngleSender: 1,0,0
05-22 07:11:48.397   291  1135 D EvsDriver: doneWithFrame
05-22 06:30:22.141   573   573 D spi_rst_gpio_get_output: GPIO 145 value: 1
05-22 06:30:22.141   573   573 D spidev_ioctl: gpio status=1)
05-22 07:11:48.397   544   544 D commservice260303: msg.id = 1028,2
05-22 07:11:48.397   573   573 I SpiService: fgesysctrl_getGPIO_status success val=1
05-22 07:11:48.398   544   544 D commservice260303: i = 170, msgid = 8A000404
05-22 07:11:48.398   544   544 D commservice260303: msgid = -1979710460,did=138
05-22 07:11:48.398   544   544 D commservice260303: CommProtocolLibCmdBaseI2C::dataproc {"command":{"id":"imu_status","sub":""},"content":{"TimeStamp":1779405108394,"FrameCounter":9010,"GD_X":-0.009544207714498043,"GD_Y":0.007788185961544514,"GD_Z":0.017715223133563995,"AD_X":-0.0037179216742515564,"AD_Y":0.0016345307230949402,"AD_Z":-0.3278646469116211,"TempDsp":0,"Status":0,"CalibState":1,"SigAmpInvalid":0}},-1979710460
05-22 07:11:48.399   544   544 D commservice260303: send2Cluster len:325, 7B22636F6D6D616E64223A7B226964223A22696D755F737461747573222C22737562223A22227D2C22636F6E74656E74223A7B2254696D655374616D70223A313737393430353130383339342C224672616D65436F756E746572223A393031302C2247445F58223A2D302E3030393534343230373731343439383034332C2247445F59223A302E3030373738383138353936313534343531342C2247445F5A223A302E3031373731353232333133333536333939352C2241445F58223A2D302E303033373137393231363734323531353536342C2241445F59223A302E303031363334353330373233303934393430322C2241445F5A223A2D302E333237383634363436393131363231312C2254656D70447370223A302C22537461747573223A302C2243616C69625374617465223A312C22536967416D70496E76616C6964223A307D7D, 138 
05-22 07:11:48.399   544   544 D commservice260303: Push Message into SendPool fn=-98369536
05-22 07:11:48.399   544   544 D commservice260303: ComProtocolLibSend2Cluster::send2ClusterRaw fn=-98369536 , len=341
05-22 07:11:48.399   544   544 D commservice260303: sendCmdToPort :341!!!
05-22 07:11:48.399   544   544 D commservice260303: send Cmd To Port ++++5AA501518A01000023FA6A0F91347B22636F6D6D616E64223A7B226964223A22696D755F737461747573222C22737562223A22227D2C22636F6E74656E74223A7B2254696D655374616D70223A313737393430353130383339342C224672616D65436F756E746572223A393031302C2247445F58223A2D302E3030393534343230373731343439383034332C2247445F59223A302E3030373738383138353936313534343531342C2247445F5A223A302E3031373731353232333133333536333939352C2241445F58223A2D302E303033373137393231363734323531353536342C2241445F59223A302E303031363334353330373233303934393430322C2241445F5A223A2D302E333237383634363436393131363231312C2254656D70447370223A302C22537461747573223A302C2243616C69625374617465223A312C22536967416D70496E76616C6964223A307D7DC786
05-22 07:11:48.399   544   544 D commservice260303: bufferevent_write retrun value = 0
05-22 07:11:48.400  2981  3178 D Sentinelmode_1.2.5.13_alpha: <SentryImuClusterFgeSender>imu_status sent to Linux, frame=9010, tsNs=393371, tsMs=1779405108394, intervalMs=45, ad=(-0.0037179217,0.0016345307,-0.32786465), gd=(-0.009544208,0.007788186,0.017715223)
05-22 07:11:48.402   544   567 D commservice260303: client datas send succeed,send finish
05-22 07:11:48.403   573   573 I SpiService: fgesysctrl_getGPIO_status success val=1
05-22 06:30:22.146   573   573 D spi_rst_gpio_get_output: GPIO 145 value: 1
05-22 06:30:22.146   573   573 D spidev_ioctl: gpio status=1)
05-22 07:11:48.408   573   573 I SpiService: fgesysctrl_getGPIO_status success val=1
05-22 07:11:48.408   565   565 I Sensors : 230 AccelSensor: x:-0.113459,y:0.014639,z:-10.135760
05-22 06:30:22.152   573   573 D spi_rst_gpio_get_output: GPIO 145 value: 1
05-22 06:30:22.152   573   573 D spidev_ioctl: gpio status=1)
05-22 07:11:48.412   276   300 I rvcservice: t.code = 3, t.value = 0
05-22 07:11:48.414   573   573 I SpiService: fgesysctrl_getGPIO_status success val=1
05-22 07:11:48.414   964  1804 D [OMXB]  : usingANWBuffer: handle:0xebd449a0, format:1, w:1920, h:1080
05-22 07:11:48.416  2981  3177 I SentryImuMcuAngleSender: 179.91725rollDeg
05-22 07:11:48.416  2981  3177 I SentryImuMcuAngleSender: 1,0,0
05-22 06:30:22.157   573   573 D spi_rst_gpio_get_output: GPIO 145 value: 1
05-22 06:30:22.157   573   573 D spidev_ioctl: gpio status=1)
05-22 07:11:48.419   291  1491 D EvsDriver: forwardFrame
05-22 07:11:48.419   573   573 I SpiService: fgesysctrl_getGPIO_status success val=0
05-22 07:11:48.421   291  1491 D EvsDriver: Delivered 0xb400007b2f47ca30 as id 0
05-22 07:11:48.421  1137  1150 D evsmanagerd: /dev/video4 forwarded the buffer #0 to 0xb4000071fa019690 from 0xb4000071fa01b7d0
05-22 07:11:48.421   291  1135 D EvsDriver: doneWithFrame
05-22 06:30:22.163   573   573 D spi_rst_gpio_get_output: GPIO 145 value: 0
05-22 06:30:22.163   573   573 D spidev_ioctl: gpio status=0)
05-22 07:11:48.433   573   573 I SpiService: fgesysctrl_getGPIO_status success val=1
05-22 06:30:22.177   573   573 D spi_rst_gpio_get_output: GPIO 145 value: 1
05-22 06:30:22.177   573   573 D spidev_ioctl: gpio status=1)
05-22 07:11:48.435  2203  2203 I ADAYO_LOG_: handleMessage(UsbFunc.java:352)copyQnx = 2
05-22 07:11:48.435  2203  2203 I ADAYO_LOG_: handleMessage(UsbFunc.java:404)copyState = 2
05-22 07:11:48.436   544   544 D commservice260303: msg.id = 1028,0
05-22 07:11:48.436   544   544 D commservice260303: i = 170, msgid = 8A000404
05-22 07:11:48.436   544   544 D commservice260303: msgid = -1979710460,did=138
05-22 07:11:48.436   544   544 D commservice260303: CommProtocolLibCmdBaseI2C::dataproc {"command":{"id":"imu_status","sub":""},"content":{"TimeStamp":1779405108435,"FrameCounter":9011,"GD_X":-0.00969713181257248,"GD_Y":0.007177011109888554,"GD_Z":0.01756177842617035,"AD_X":-0.005544319748878479,"AD_Y":-1.9577331840991974E-4,"AD_Z":-0.3296995162963867,"TempDsp":0,"Status":0,"CalibState":1,"SigAmpInvalid":0}},-1979710460
05-22 07:11:48.436   544   544 D commservice260303: send2Cluster len:323, 7B22636F6D6D616E64223A7B226964223A22696D755F737461747573222C22737562223A22227D2C22636F6E74656E74223A7B2254696D655374616D70223A313737393430353130383433352C224672616D65436F756E746572223A393031312C2247445F58223A2D302E30303936393731333138313235373234382C2247445F59223A302E3030373137373031313130393838383535342C2247445F5A223A302E30313735363137373834323631373033352C2241445F58223A2D302E3030353534343331393734383837383437392C2241445F59223A2D312E39353737333331383430393931393734452D342C2241445F5A223A2D302E333239363939353136323936333836372C2254656D70447370223A302C22537461747573223A302C2243616C69625374617465223A312C22536967416D70496E76616C6964223A307D7D, 138 
05-22 07:11:48.436   544   544 D commservice260303: Push Message into SendPool fn=-81592320
05-22 07:11:48.436   544   544 D commservice260303: ComProtocolLibSend2Cluster::send2ClusterRaw fn=-81592320 , len=339
05-22 07:11:48.436   544   544 D commservice260303: sendCmdToPort :339!!!
05-22 07:11:48.436   544   544 D commservice260303: send Cmd To Port ++++5AA5014F8A01000023FB6A0F91347B22636F6D6D616E64223A7B226964223A22696D755F737461747573222C22737562223A22227D2C22636F6E74656E74223A7B2254696D655374616D70223A313737393430353130383433352C224672616D65436F756E746572223A393031312C2247445F58223A2D302E30303936393731333138313235373234382C2247445F59223A302E3030373137373031313130393838383535342C2247445F5A223A302E30313735363137373834323631373033352C2241445F58223A2D302E3030353534343331393734383837383437392C2241445F59223A2D312E39353737333331383430393931393734452D342C2241445F5A223A2D302E333239363939353136323936333836372C2254656D70447370223A302C22537461747573223A302C2243616C69625374617465223A312C22536967416D70496E76616C6964223A307D7D21EF
05-22 07:11:48.436   544   544 D commservice260303: bufferevent_write retrun value = 0
05-22 07:11:48.436   544   567 D commservice260303: client datas send succeed,send finish
05-22 07:11:48.436  2981  3178 D Sentinelmode_1.2.5.13_alpha: <SentryImuClusterFgeSender>imu_status sent to Linux, frame=9011, tsNs=393407, tsMs=1779405108435, intervalMs=36, ad=(-0.0055443197,-1.9577332E-4,-0.32969952), gd=(-0.009697132,0.007177011,0.017561778)
05-22 07:11:48.437  2981  3177 I SentryImuMcuAngleSender: 179.93103rollDeg
05-22 07:11:48.437  2981  3177 I SentryImuMcuAngleSender: 1,0,0
05-22 07:11:48.439   573   573 I SpiService: fgesysctrl_getGPIO_status success val=1
05-22 06:30:22.182   573   573 D spi_rst_gpio_get_output: GPIO 145 value: 1
05-22 06:30:22.182   573   573 D spidev_ioctl: gpio status=1)
05-22 07:11:48.444   565   599 I Sensors : 230 GyroSensor: x:-0.008628,y:0.007101,z:0.017638
05-22 07:11:48.444   573   573 I SpiService: fgesysctrl_getGPIO_status success val=1
05-22 06:30:22.187   573   573 D spi_rst_gpio_get_output: GPIO 145 value: 1
05-22 06:30:22.187   573   573 D spidev_ioctl: gpio status=1)
05-22 07:11:48.449   573   573 I SpiService: fgesysctrl_getGPIO_status success val=1
05-22 06:30:22.193   573   573 D spi_rst_gpio_get_output: GPIO 145 value: 1
05-22 06:30:22.193   573   573 D spidev_ioctl: gpio status=1)
05-22 07:11:48.450  1658  2861 D DDSService-EngineInit: <<<engineDoAuth>>>
05-22 07:11:48.450  1658  2861 W DL-DDS-USER_I_DDS: doAuth
05-22 07:11:48.450  1658  2861 I DL-DDS-Agent: restartAuth, type:DDS-doAuth
05-22 07:11:48.451  1658  2861 D DDSService-EngineInit: startAuthTimer()
05-22 07:11:48.451  1658  9128 D DL-DDS-AI-auth_AuthNode:  topic =  local_auth.start
05-22 07:11:48.451  1658  9128 D DL-DDS-AI-auth_AuthProxy:  doAuth... 224244950
05-22 07:11:48.451  1658  9128 D DL-DDS-AI-auth_AuthProxyImpl: doAuth()
05-22 07:11:48.451  1658  9128 I DL-AIMagnus:  mContext  com.aispeech.lyra.daemon.DaemonApplication@e5bab1
05-22 07:11:48.451  1658  9128 I DL-AISpeech:  mContext  com.aispeech.lyra.daemon.DaemonApplication@e5bab1
05-22 07:11:48.451  1658  9128 D DL-AIProfile: profile no exist
05-22 07:11:48.451  1658  9128 W DL-AIProfile: profile content is null
05-22 07:11:48.451  1658  9128 I DL-AIMagnus:  mContext  com.aispeech.lyra.daemon.DaemonApplication@e5bab1
05-22 07:11:48.451  1658  9128 I DL-AISpeech:  mContext  com.aispeech.lyra.daemon.DaemonApplication@e5bab1
05-22 07:11:48.451  1658  9128 W DL-DUILiteSDK:  doAuth: b.a.ja.a.a.for@d9ad299
