05-22 07:11:44.513  4601  4601 D settings-BluetoothDialogFragment: onDeviceAdded: true--CachedBluetoothDevice[mName:LJ_FUJIA,device:0C:0B:CA:34:E0:88,DeviceType=CELL_PHONE,BatteryLevel=-1,AutoConnect=false,IsConnected=false,BondState=10]
05-22 07:11:44.513  4601  4601 D WxService: [BLUETOOTH] ---com.neusoft.hardwarelibs.bluetooth.IWxBluetoothManager.getPairedDevices[169]--- 
05-22 07:11:44.513  4601  4601 D WxService: Get paired devices empty.
05-22 07:11:44.513  4601  4601 D WxService: [BLUETOOTH] ---com.neusoft.hardwarelibs.bluetooth.IWxBluetoothManager.getAvailableDevices[187]--- 
05-22 07:11:44.513  4601  4601 D WxService: Available devices size: 2
05-22 06:30:18.255   573   573 D spi_rst_gpio_get_output: GPIO 145 value: 1
05-22 06:30:18.255   573   573 D spidev_ioctl: gpio status=1)
05-22 07:11:44.514  4601  4601 D WxService: [BLUETOOTH] ---com.neusoft.hardwarelibs.bluetooth.IWxBluetoothManager.getAvailableDevices[187]--- 
05-22 07:11:44.514  4601  4601 D WxService: Available devices size: 2
05-22 07:11:44.514  4601  4601 D settings-BluetoothDialogFragment: availableDevices: CachedBluetoothDevice[mName:vivo X10,device:1C:11:2F:7C:1D:68,DeviceType=CELL_PHONE,BatteryLevel=-1,AutoConnect=false,IsConnected=false,BondState=10]--2
05-22 07:11:44.515  4601  4601 D WxService: [BLUETOOTH] ---com.neusoft.hardwarelibs.bluetooth.IWxBluetoothManager.getAvailableDevices[187]--- 
05-22 07:11:44.515  4601  4601 D WxService: Available devices size: 2
05-22 07:11:44.515  4601  4601 D settings-BluetoothDialogFragment: availableDevices: CachedBluetoothDevice[mName:LJ_FUJIA,device:0C:0B:CA:34:E0:88,DeviceType=CELL_PHONE,BatteryLevel=-1,AutoConnect=false,IsConnected=false,BondState=10]--2
05-22 07:11:44.515  4601  4601 D settings-BluetoothDialogFragment: setAdapterData: 0--2
05-22 07:11:44.515  4601  4601 D CachedBluetoothDeviceManager: addDevice : 0C:0B:CA:34:E0:88
05-22 07:11:44.517   573   573 I SpiService: fgesysctrl_getGPIO_status success val=1
05-22 07:11:44.517  4601  4601 D BluetoothEventManager: DeviceFoundHandler created new CachedBluetoothDevice: CachedBluetoothDevice[mName:LJ_FUJIA,device:0C:0B:CA:34:E0:88,DeviceType=CELL_PHONE,BatteryLevel=-1,AutoConnect=false,IsConnected=false,BondState=10]
05-22 06:30:18.260   573   573 D spi_rst_gpio_get_output: GPIO 145 value: 1
05-22 06:30:18.260   573   573 D spidev_ioctl: gpio status=1)
05-22 07:11:44.519  2981  3177 I SentryImuMcuAngleSender: 179.9483rollDeg
05-22 07:11:44.519  2981  3177 I SentryImuMcuAngleSender: 1,0,0
05-22 07:11:44.520  4601  4601 D settings-BluetoothPairedDeviceAdapter: 条目索引===============================TITLE_AVAILABLE=
05-22 07:11:44.522  4601  4601 D settings-BluetoothPairedDeviceAdapter: 条目索引===============================CachedBluetoothDevice[mName:vivo X10,device:1C:11:2F:7C:1D:68,DeviceType=CELL_PHONE,BatteryLevel=-1,AutoConnect=false,IsConnected=false,BondState=10]
05-22 07:11:44.522   573   573 I SpiService: fgesysctrl_getGPIO_status success val=1
05-22 07:11:44.523   291  1491 D EvsDriver: forwardFrame
05-22 07:11:44.524   291  1491 D EvsDriver: Delivered 0xb400007b2f47ca30 as id 0
05-22 07:11:44.525  1137  1137 D evsmanagerd: /dev/video4 forwarded the buffer #0 to 0xb4000071fa019690 from 0xb4000071fa01b7d0
05-22 07:11:44.525   291  1135 D EvsDriver: doneWithFrame
05-22 06:30:18.266   573   573 D spi_rst_gpio_get_output: GPIO 145 value: 1
05-22 06:30:18.266   573   573 D spidev_ioctl: gpio status=1)
05-22 07:11:44.527  4601  4601 D settings-BluetoothPairedDeviceAdapter: 条目索引===============================CachedBluetoothDevice[mName:LJ_FUJIA,device:0C:0B:CA:34:E0:88,DeviceType=CELL_PHONE,BatteryLevel=-1,AutoConnect=false,IsConnected=false,BondState=10]
05-22 07:11:44.527   573   573 I SpiService: fgesysctrl_getGPIO_status success val=1
05-22 06:30:18.271   573   573 D spi_rst_gpio_get_output: GPIO 145 value: 1
05-22 06:30:18.271   573   573 D spidev_ioctl: gpio status=1)
05-22 07:11:44.533   573   573 I SpiService: fgesysctrl_getGPIO_status success val=0
05-22 06:30:18.276   573   573 D spi_rst_gpio_get_output: GPIO 145 value: 0
05-22 06:30:18.276   573   573 D spidev_ioctl: gpio status=0)
05-22 07:11:44.539  2981  3177 I SentryImuMcuAngleSender: 179.93797rollDeg
05-22 07:11:44.539  2981  3177 I SentryImuMcuAngleSender: 1,0,0
05-22 07:11:44.542  2981  3177 I SentryImuMcuAngleSender: [4, 18, 1, 0, 0],5
05-22 07:11:44.542  2981  3177 I McuCommManager: mcuCommSendcmd [4, 18, 1, 0, 0]
05-22 07:11:44.542  2981  3177 I SentryImuMcuAngleSender: true
05-22 07:11:44.542  2981  3177 W Sentinelmode_1.2.5.13_alpha: <SentryImuMcuAngleSender>MCU IMU send interval abnormal: 1000ms
05-22 07:11:44.546   544   544 D commservice260303: msg.id = 1028,1
05-22 07:11:44.546   544   544 D commservice260303: i = 170, msgid = 8A000404
05-22 07:11:44.546   544   544 D commservice260303: msgid = -1979710460,did=138
05-22 07:11:44.546   544   544 D commservice260303: CommProtocolLibCmdBaseI2C::dataproc {"command":{"id":"imu_status","sub":""},"content":{"TimeStamp":1779405104545,"FrameCounter":8915,"GD_X":-0.008933032862842083,"GD_Y":0.007712244056165218,"GD_Z":0.017485838383436203,"AD_X":-0.006719514727592468,"AD_Y":-0.0013984786346554756,"AD_Z":-0.3370189666748047,"TempDsp":0,"Status":0,"CalibState":1,"SigAmpInvalid":0}},-1979710460
05-22 07:11:44.546   544   544 D commservice260303: send2Cluster len:325, 7B22636F6D6D616E64223A7B226964223A22696D755F737461747573222C22737562223A22227D2C22636F6E74656E74223A7B2254696D655374616D70223A313737393430353130343534352C224672616D65436F756E746572223A383931352C2247445F58223A2D302E3030383933333033323836323834323038332C2247445F59223A302E3030373731323234343035363136353231382C2247445F5A223A302E3031373438353833383338333433363230332C2241445F58223A2D302E3030363731393531343732373539323436382C2241445F59223A2D302E303031333938343738363334363535343735362C2241445F5A223A2D302E333337303138393636363734383034372C2254656D70447370223A302C22537461747573223A302C2243616C69625374617465223A312C22536967416D70496E76616C6964223A307D7D, 138 
05-22 07:11:44.546   544   544 D commservice260303: Push Message into SendPool fn=-1725759488
05-22 07:11:44.546   544   544 D commservice260303: ComProtocolLibSend2Cluster::send2ClusterRaw fn=-1725759488 , len=341
05-22 07:11:44.546   544   544 D commservice260303: sendCmdToPort :341!!!
05-22 07:11:44.546   544   544 D commservice260303: send Cmd To Port ++++5AA501518A01000023996A0F91307B22636F6D6D616E64223A7B226964223A22696D755F737461747573222C22737562223A22227D2C22636F6E74656E74223A7B2254696D655374616D70223A313737393430353130343534352C224672616D65436F756E746572223A383931352C2247445F58223A2D302E3030383933333033323836323834323038332C2247445F59223A302E3030373731323234343035363136353231382C2247445F5A223A302E3031373438353833383338333433363230332C2241445F58223A2D302E3030363731393531343732373539323436382C2241445F59223A2D302E303031333938343738363334363535343735362C2241445F5A223A2D302E333337303138393636363734383034372C2254656D70447370223A302C22537461747573223A302C2243616C69625374617465223A312C22536967416D70496E76616C6964223A307D7D08DE
05-22 07:11:44.546   544   544 D commservice260303: bufferevent_write retrun value = 0
05-22 07:11:44.546   544   567 D commservice260303: client datas send succeed,send finish
05-22 07:11:44.546   573   573 I SpiService: fgesysctrl_getGPIO_status success val=1
05-22 07:11:44.546  2981  3178 D Sentinelmode_1.2.5.13_alpha: <SentryImuClusterFgeSender>imu_status sent to Linux, frame=8915, tsNs=389514, tsMs=1779405104545, intervalMs=40, ad=(-0.0067195147,-0.0013984786,-0.33701897), gd=(-0.008933033,0.007712244,0.017485838)
05-22 06:30:18.290   573   573 D spi_rst_gpio_get_output: GPIO 145 value: 1
05-22 06:30:18.290   573   573 D spidev_ioctl: gpio status=1)
05-22 07:11:44.551   291  1491 D EvsDriver: forwardFrame
05-22 07:11:44.552   573   573 I SpiService: fgesysctrl_getGPIO_status success val=1
05-22 07:11:44.553   291  1491 D EvsDriver: Delivered 0xb400007b2f47ca30 as id 0
05-22 07:11:44.553  1137  1137 D evsmanagerd: /dev/video4 forwarded the buffer #0 to 0xb4000071fa019690 from 0xb4000071fa01b7d0
05-22 06:30:18.295   573   573 D spi_rst_gpio_get_output: GPIO 145 value: 1
05-22 06:30:18.295   573   573 D spidev_ioctl: gpio status=1)
05-22 07:11:44.555   291  1135 D EvsDriver: doneWithFrame
05-22 07:11:44.557   573   573 I SpiService: fgesysctrl_getGPIO_status success val=1
05-22 06:30:18.301   573   573 D spi_rst_gpio_get_output: GPIO 145 value: 1
05-22 06:30:18.301   573   573 D spidev_ioctl: gpio status=1)
05-22 07:11:44.558   964  1804 D [OMXB]  : usingANWBuffer: handle:0xebd40dd0, format:1, w:1920, h:1080
05-22 07:11:44.560  2981  3177 I SentryImuMcuAngleSender: 179.93452rollDeg
05-22 07:11:44.561  2981  3177 I SentryImuMcuAngleSender: 1,0,0
05-22 07:11:44.563   573   573 I SpiService: fgesysctrl_getGPIO_status success val=1
05-22 06:30:18.306   573   573 D spi_rst_gpio_get_output: GPIO 145 value: 1
05-22 06:30:18.306   573   573 D spidev_ioctl: gpio status=1)
05-22 07:11:44.568   573   573 I SpiService: fgesysctrl_getGPIO_status success val=0
05-22 07:11:44.568   486   579 I mcuc    : send SPI:6AA600042B00050412010000B5
05-22 06:30:18.311   573   573 D spi_rst_gpio_get_output: GPIO 145 value: 0
05-22 06:30:18.311   573   573 D spidev_ioctl: gpio status=0)
05-22 07:11:44.575   647   707 D UniTelDemo: input code = 330, value = 0
05-22 07:11:44.575   737  1338 I InputReader: processEventsLocked: type=3 Count=3 code=57 value=-1 deviceId=5 when=389557243000
05-22 07:11:44.575   737  1338 D InputReader: syncTouch: pointerCount 1 -> 0, touching ids 0x80000000 -> 0x00000000, hovering ids 0x00000000 -> 0x00000000, canceled ids 0x00000000
05-22 07:11:44.575   737  1338 D InputReader: dispatchTouches action UP now(ns): 389557498758
05-22 07:11:44.575   737  1338 D InputReader: notifyMotion call dispatcher
05-22 07:11:44.577  1517  1517 E sysUI_NavBarFragment: [main] - id.ivMoreApp clicked
05-22 07:11:44.577  1517  1517 D sysUI_ActivityStarter: [main] - goLauncher:::#
05-22 07:11:44.577  1517  1517 D sysUI_ActivityStarter: [main] - launch scaleX:815, scaleY:659, width:42, height:42
05-22 07:11:44.577  1517  1517 W ContextImpl: Calling a method in the system process without a qualified user: android.app.ContextImpl.startActivity:1071 android.content.ContextWrapper.startActivity:432 com.android.systemui.util.ActivityStarter.goLauncher:115 com.android.systemui.navbar.ui.NavBarFragment.onClick:363 android.view.View.performClick:7511 
05-22 07:11:44.578  1517  1517 W ContextImpl: Calling a method in the system process without a qualified user: android.app.ContextImpl.startActivity:1083 android.app.ContextImpl.startActivity:1072 android.content.ContextWrapper.startActivity:432 com.android.systemui.util.ActivityStarter.goLauncher:115 com.android.systemui.navbar.ui.NavBarFragment.onClick:363 
05-22 07:11:44.578   737  8347 I ActivityTaskManager: START u0 {flg=0x10000000 cmp=com.neusoft.launcher/.function.main.view.MainActivity} from uid 1000, pid 1517
05-22 07:11:44.580   737  8347 I wm_task_moved: [1,1,5]
05-22 07:11:44.580   737  8347 D WindowManager: Enter findFocusedWindowIfNeeded ,topFocusedDisplayId = -1, mPerDisplayFocusEnabled = true,(topFocusedDisplayId == INVALID_DISPLAY) = true, this = Display{#0 state=ON size=1280x720 ROTATION_0}
05-22 07:11:44.580   737  8347 D WindowManager: Enter findFocusedWindow mTmpWindow = Window{bd83cf5 u0 com.neusoft.launcher/com.neusoft.launcher.function.applist.AppListActivity}-[Surface(name=*Title#211)/@0x72a20e2], mFindFocusedWindow = com.android.server.wm.DisplayContent$$ExternalSyntheticLambda20@a6a0e54, this = Display{#0 state=ON size=1280x720 ROTATION_0}, mFocusedApp = ActivityRecord{69279e8 u0 com.neusoft.launcher/.function.applist.AppListActivity} t909 d0}
05-22 07:11:44.581   737  8347 D WindowManager: updateFocusedWindowLocked , mode = 3, updateInputWindows = false,topFocusedDisplayId = -1,newFocus= Window{bd83cf5 u0 com.neusoft.launcher/com.neusoft.launcher.function.applist.AppListActivity}-[Surface(name=*Title#211)/@0x72a20e2], mCurrentFocus = Window{bd83cf5 u0 com.neusoft.launcher/com.neusoft.launcher.function.applist.AppListActivity}-[Surface(name=*Title#211)/@0x72a20e2], callers=com.android.server.wm.RootWindowContainer.updateFocusedWindowLocked:493 com.android.server.wm.WindowManagerService.updateFocusedWindowLocked:6165 com.android.server.wm.DisplayContent.layoutAndAssignWindowLayersIfNeeded:3896 com.android.server.wm.TaskDisplayArea.positionChildTaskAt:417 com.android.server.wm.TaskDisplayArea.positionChildAt:376 com.android.server.wm.WindowContainer.positionChildAt:954 com.android.server.wm.Task.positionChildAt:2558 com.android.server.wm.Task.moveToFrontInner:4731 com.android.server.wm.Task.moveToFront:4706 com.android.server.wm.ActivityRecord.moveFocusableActivityToTop:3280 
05-22 07:11:44.581   737  8347 D WindowManager: Enter findFocusedWindowIfNeeded ,topFocusedDisplayId = 0, mPerDisplayFocusEnabled = true,(topFocusedDisplayId == INVALID_DISPLAY) = false, this = Display{#2 state=ON size=1280x720 ROTATION_0}
05-22 07:11:44.581   737  8347 D WindowManager: Enter findFocusedWindow mTmpWindow = null, mFindFocusedWindow = com.android.server.wm.DisplayContent$$ExternalSyntheticLambda20@4f488a2, this = Display{#2 state=ON size=1280x720 ROTATION_0}, mFocusedApp = null
05-22 07:11:44.581   737  8347 D WindowManager: updateFocusedWindowLocked , mode = 3, updateInputWindows = false,topFocusedDisplayId = 0,newFocus= null, mCurrentFocus = null, callers=com.android.server.wm.RootWindowContainer.updateFocusedWindowLocked:493 com.android.server.wm.WindowManagerService.updateFocusedWindowLocked:6165 com.android.server.wm.DisplayContent.layoutAndAssignWindowLayersIfNeeded:3896 com.android.server.wm.TaskDisplayArea.positionChildTaskAt:417 com.android.server.wm.TaskDisplayArea.positionChildAt:376 com.android.server.wm.WindowContainer.positionChildAt:954 com.android.server.wm.Task.positionChildAt:2558 com.android.server.wm.Task.moveToFrontInner:4731 com.android.server.wm.Task.moveToFront:4706 com.android.server.wm.ActivityRecord.moveFocusableActivityToTop:3280 
05-22 07:11:44.581   737  8347 I wm_task_moved: [2,1,2147483647]
05-22 07:11:44.581   737  8347 I wm_task_to_front: [0,2]
05-22 07:11:44.581  1774  1774 I wm_on_top_resumed_lost_called: [110262760,com.neusoft.launcher.function.applist.AppListActivity,topStateChangedWhenResumed]
05-22 07:11:44.581   737  8347 I wm_focused_root_task: [0,0,1,909,bringingFoundTaskToFront]
05-22 07:11:44.581   737  8347 D WindowManager: setFocusedApp mFocusedApp = ActivityRecord{dae7df9 u0 com.neusoft.launcher/.function.main.view.MainActivity} t2 d0}displayId = 0Callers = com.android.server.wm.ActivityTaskManagerService.setResumedActivityUncheckLocked:4592 com.android.server.wm.ActivityRecord.moveFocusableActivityToTop:3283 com.android.server.wm.Task.moveTaskToFront:5617 com.android.server.wm.ActivityStarter.setTargetRootTaskIfNeeded:2873 
05-22 07:11:44.582   477  1275 I dvr_service_: [EncoderHandler::runMediaThread] runMediaThread started:1,state:0, cam2:started:1,state:0, lastSwitch:1, mIsMuxerStart:0,format:0,is_str_ing:0
05-22 07:11:44.582   737  8347 D WindowManager: Enter findFocusedWindowIfNeeded ,topFocusedDisplayId = -1, mPerDisplayFocusEnabled = true,(topFocusedDisplayId == INVALID_DISPLAY) = true, this = Display{#0 state=ON size=1280x720 ROTATION_0}
05-22 07:11:44.582   737  8347 D WindowManager: findFocusedWindow: Reached focused app , focusedApp = ActivityRecord{dae7df9 u0 com.neusoft.launcher/.function.main.view.MainActivity} t2 d0}, activity = ActivityRecord{69279e8 u0 com.neusoft.launcher/.function.applist.AppListActivity} t909 d0}
05-22 07:11:44.582   573   573 I SpiService: fgesysctrl_getGPIO_status success val=1
05-22 07:11:44.582   737  8347 D WindowManager: Enter findFocusedWindow mTmpWindow = null, mFindFocusedWindow = com.android.server.wm.DisplayContent$$ExternalSyntheticLambda20@a6a0e54, this = Display{#0 state=ON size=1280x720 ROTATION_0}, mFocusedApp = ActivityRecord{dae7df9 u0 com.neusoft.launcher/.function.main.view.MainActivity} t2 d0}
05-22 07:11:44.582   737  8347 D WindowManager: updateFocusedWindowLocked , mode = 0, updateInputWindows = true,topFocusedDisplayId = -1,newFocus= null, mCurrentFocus = Window{bd83cf5 u0 com.neusoft.launcher/com.neusoft.launcher.function.applist.AppListActivity}-[Surface(name=*Title#211)/@0x72a20e2], callers=com.android.server.wm.RootWindowContainer.updateFocusedWindowLocked:493 com.android.server.wm.WindowManagerService.updateFocusedWindowLocked:6165 com.android.server.wm.ActivityTaskManagerService.setResumedActivityUncheckLocked:4594 com.android.server.wm.ActivityRecord.moveFocusableActivityToTop:3283 com.android.server.wm.Task.moveTaskToFront:5617 com.android.server.wm.ActivityStarter.setTargetRootTaskIfNeeded:2873 com.android.server.wm.ActivityStarter.recycleTask:2180 com.android.server.wm.ActivityStarter.startActivityInner:1890 com.android.server.wm.ActivityStarter.startActivityUnchecked:1710 com.android.server.wm.ActivityStarter.executeRequest:1261 
05-22 07:11:44.582  2981  3177 I SentryImuMcuAngleSender: 179.92763rollDeg
05-22 07:11:44.582  2981  3177 I SentryImuMcuAngleSender: 1,0,0
05-22 07:11:44.583   737  8347 I WindowManager: Input focus has changed to null from bd83cf5 com.neusoft.launcher/com.neusoft.launcher.function.applist.AppListActivity mDisplayId 0 updateInputWindows true, callers=com.android.server.wm.DisplayContent.updateFocusedWindowLocked:3778 com.android.server.wm.RootWindowContainer.updateFocusedWindowLocked:493 com.android.server.wm.WindowManagerService.updateFocusedWindowLocked:6165 com.android.server.wm.ActivityTaskManagerService.setResumedActivityUncheckLocked:4594 com.android.server.wm.ActivityRecord.moveFocusableActivityToTop:3283 
05-22 07:11:44.583   737  8347 D WindowManager: Enter findFocusedWindowIfNeeded ,topFocusedDisplayId = 0, mPerDisplayFocusEnabled = true,(topFocusedDisplayId == INVALID_DISPLAY) = false, this = Display{#2 state=ON size=1280x720 ROTATION_0}
05-22 07:11:44.583   737  8347 D WindowManager: Enter findFocusedWindow mTmpWindow = null, mFindFocusedWindow = com.android.server.wm.DisplayContent$$ExternalSyntheticLambda20@4f488a2, this = Display{#2 state=ON size=1280x720 ROTATION_0}, mFocusedApp = null
05-22 07:11:44.583   737  8347 D WindowManager: updateFocusedWindowLocked , mode = 0, updateInputWindows = true,topFocusedDisplayId = 0,newFocus= null, mCurrentFocus = null, callers=com.android.server.wm.RootWindowContainer.updateFocusedWindowLocked:493 com.android.server.wm.WindowManagerService.updateFocusedWindowLocked:6165 com.android.server.wm.ActivityTaskManagerService.setResumedActivityUncheckLocked:4594 com.android.server.wm.ActivityRecord.moveFocusableActivityToTop:3283 com.android.server.wm.Task.moveTaskToFront:5617 com.android.server.wm.ActivityStarter.setTargetRootTaskIfNeeded:2873 com.android.server.wm.ActivityStarter.recycleTask:2180 com.android.server.wm.ActivityStarter.startActivityInner:1890 com.android.server.wm.ActivityStarter.startActivityUnchecked:1710 com.android.server.wm.ActivityStarter.executeRequest:1261 
05-22 07:11:44.583   737  8347 I wm_set_resumed_activity: [0,com.neusoft.launcher/.function.main.view.MainActivity,bringingFoundTaskToFront]
05-22 07:11:44.583   737  8347 I wm_new_intent: [0,229539321,2,com.neusoft.launcher/.function.main.view.MainActivity,android.intent.action.MAIN,NULL,NULL,268435712]
05-22 07:11:44.583   737  8347 D WindowManager: startPausing: taskFrag =Task{462b8e7 #909 type=standard A=1000:com.neusoft.launcher.applist U=0 visible=true visibleRequested=true mode=fullscreen translucent=true sz=1} mResumedActivity=ActivityRecord{69279e8 u0 com.neusoft.launcher/.function.applist.AppListActivity} t909 d0}
05-22 07:11:44.583   737  8347 I wm_pause_activity: [0,110262760,com.neusoft.launcher/.function.applist.AppListActivity,userLeaving=true,pauseBackTasks]
05-22 07:11:44.585   737  8347 I ActivityTaskManager: ->startActivity for ActivityRecord{6bcf15d u0 com.neusoft.launcher/.function.main.view.MainActivity} t-1 d-1} result:START_TASK_TO_FRONT
05-22 07:11:44.585   737  8347 D WindowManager: Display{#2 state=ON size=1280x720 ROTATION_0} applySurfaceChangesTransaction  mTmpUpdateAllDrawn.isEmpty true
05-22 06:30:18.325   573   573 D spi_rst_gpio_get_output: GPIO 145 value: 1
05-22 06:30:18.325   573   573 D spidev_ioctl: gpio status=1)
05-22 07:11:44.586   544   544 D commservice260303: msg.id = 1028,0
05-22 07:11:44.586   544   544 D commservice260303: i = 170, msgid = 8A000404
05-22 07:11:44.586   544   544 D commservice260303: msgid = -1979710460,did=138
05-22 07:11:44.586   544   544 D commservice260303: CommProtocolLibCmdBaseI2C::dataproc {"command":{"id":"imu_status","sub":""},"content":{"TimeStamp":1779405104585,"FrameCounter":8916,"GD_X":-0.008169975131750107,"GD_Y":0.008245917037129402,"GD_Z":0.01763824187219143,"AD_X":-0.0036702603101730347,"AD_Y":4.3181050568819046E-4,"AD_Z":-0.3345794677734375,"TempDsp":0,"Status":0,"CalibState":1,"SigAmpInvalid":0}},-1979710460
05-22 07:11:44.586   544   544 D commservice260303: send2Cluster len:324, 7B22636F6D6D616E64223A7B226964223A22696D755F737461747573222C22737562223A22227D2C22636F6E74656E74223A7B2254696D655374616D70223A313737393430353130343538352C224672616D65436F756E746572223A383931362C2247445F58223A2D302E3030383136393937353133313735303130372C2247445F59223A302E3030383234353931373033373132393430322C2247445F5A223A302E30313736333832343138373231393134332C2241445F58223A2D302E303033363730323630333130313733303334372C2241445F59223A342E33313831303530353638383139303436452D342C2241445F5A223A2D302E333334353739343637373733343337352C2254656D70447370223A302C22537461747573223A302C2243616C69625374617465223A312C22536967416D70496E76616C6964223A307D7D, 138 
05-22 07:11:44.586   544   544 D commservice260303: Push Message into SendPool fn=-1708982272
05-22 07:11:44.586   544   544 D commservice260303: ComProtocolLibSend2Cluster::send2ClusterRaw fn=-1708982272 , len=340
05-22 07:11:44.586   544   544 D commservice260303: sendCmdToPort :340!!!
05-22 07:11:44.586   544   544 D commservice260303: send Cmd To Port ++++5AA501508A010000239A6A0F91307B22636F6D6D616E64223A7B226964223A22696D755F737461747573222C22737562223A22227D2C22636F6E74656E74223A7B2254696D655374616D70223A313737393430353130343538352C224672616D65436F756E746572223A383931362C2247445F58223A2D302E3030383136393937353133313735303130372C2247445F59223A302E3030383234353931373033373132393430322C2247445F5A223A302E30313736333832343138373231393134332C2241445F58223A2D302E303033363730323630333130313733303334372C2241445F59223A342E33313831303530353638383139303436452D342C2241445F5A223A2D302E333334353739343637373733343337352C2254656D70447370223A302C22537461747573223A302C2243616C69625374617465223A312C22536967416D70496E76616C6964223A307D7D78A0
05-22 07:11:44.586   544   544 D commservice260303: bufferevent_write retrun value = 0
05-22 07:11:44.586   544   567 D commservice260303: client datas send succeed,send finish
05-22 07:11:44.587   737  8347 D WindowManager: Display{#0 state=ON size=1280x720 ROTATION_0} applySurfaceChangesTransaction  mTmpUpdateAllDrawn.isEmpty true
05-22 07:11:44.587  2981  3178 D Sentinelmode_1.2.5.13_alpha: <SentryImuClusterFgeSender>imu_status sent to Linux, frame=8916, tsNs=389550, tsMs=1779405104585, intervalMs=41, ad=(-0.0036702603,4.318105E-4,-0.33457947), gd=(-0.008169975,0.008245917,0.017638242)
05-22 07:11:44.587   573   573 I SpiService: fgesysctrl_getGPIO_status success val=1
05-22 07:11:44.587   291  1491 D EvsDriver: forwardFrame
05-22 07:11:44.588   291  1491 D EvsDriver: Delivered 0xb400007b2f47ca30 as id 0
05-22 07:11:44.588  1137  1137 D evsmanagerd: /dev/video4 forwarded the buffer #0 to 0xb4000071fa019690 from 0xb4000071fa01b7d0
05-22 06:30:18.331   573   573 D spi_rst_gpio_get_output: GPIO 145 value: 1
05-22 06:30:18.331   573   573 D spidev_ioctl: gpio status=1)
05-22 07:11:44.591   291  1135 D EvsDriver: doneWithFrame
05-22 07:11:44.591  1517  2855 D sysUI_ActivityManagerService: [binder:1517_4] - handleTopTaskChanged pkg:com.neusoft.launcher;className:com.neusoft.launcher.function.main.view.MainActivity;displayId:0;reason:onTaskMovedToFront
05-22 07:11:44.591  1517  2855 D sysUI_NavBarFragment: [binder:1517_4] - onTaskMovedToFront pkg:com.neusoft.launcher;className:com.neusoft.launcher.function.main.view.MainActivity
05-22 07:11:44.591  1517  2855 D sysUI_ActivityManagerService: [binder:1517_4] - onTaskFocusChanged ignore taskId=909;focused=false
05-22 07:11:44.591  1774  1774 D NSLogUtils_AppListActivity: onPause: 
05-22 07:11:44.591  1517  2855 D sysUI_ActivityManagerService: [binder:1517_4] - onTaskFocusChanged ignore taskId=2;focused=true
05-22 07:11:44.592   737   764 D WindowManager: inputWindowHandle changed and setInputWindowInfo inputWindowHandle = bd83cf5 com.neusoft.launcher/com.neusoft.launcher.function.applist.AppListActivity, frame=[0,0,0,0], touchableRegion=SkRegion((0,0,1280,720)), scaleFactor=1.0, transform=null, windowToken=android.os.BinderProxy@bc99a2c, isClone=false, inputConfig=128, layoutParamsFlags=-2122252000, layoutParamsType=1, surfaceInset=0, changed=true
05-22 07:11:44.592   737   764 I input_focus: [Requesting to set focus to null window,reason=UpdateInputWindows, mCurrentFocusWindow=bd83cf5 com.neusoft.launcher/com.neusoft.launcher.function.applist.AppListActivity]
05-22 07:11:44.593   964  1804 D [OMXB]  : usingANWBuffer: handle:0xebd41980, format:1, w:1920, h:1080
05-22 07:11:44.593   573   573 I SpiService: fgesysctrl_getGPIO_status success val=1
05-22 06:30:18.336   573   573 D spi_rst_gpio_get_output: GPIO 145 value: 1
05-22 06:30:18.336   573   573 D spidev_ioctl: gpio status=1)
05-22 07:11:44.593  1774  1774 D FragmentManager: movefrom RESUMED: ApplistFragment{27e3ce7} (3c12ac9b-aec7-46e2-8d52-0ddb6a43649a id=0x7f0902a0 tag=android:switcher:2131296928:0)
05-22 07:11:44.594  1517  1517 D TopActivityChangeManager: setCurrentTopActivity topActivityClassName: com.neusoft.launcher.function.main.view.MainActivity ,result: true
05-22 07:11:44.594  1517  1517 I sysUI_ActorController: [main] - hideShortcutWindow()
05-22 07:11:44.594  1517  1517 E sysUI_QuickSettingActor: [main] - -------------hide------------
05-22 07:11:44.594  1517  1517 D sysUI_NavBarFragment: [main] - changeNavSelector: 2
05-22 06:30:18.342   573   573 D spi_rst_gpio_get_output: GPIO 145 value: 1
05-22 06:30:18.342   573   573 D spidev_ioctl: gpio status=1)
05-22 07:11:44.594  1774  1774 I wm_on_paused_called: [110262760,com.neusoft.launcher.function.applist.AppListActivity,performPause]
05-22 07:11:44.595  1517  1517 D TopActivityChangeManager: mTopActivityChangeContentObserver topActivityClassName: com.neusoft.launcher.function.main.view.MainActivity
05-22 07:11:44.595  1517  1517 D sysUI_GestureServiceConnector: [main] - setDZoneNormalSubPageMode: DZoneClick will go to S1
05-22 07:11:44.596   737   737 D JobScheduler.Quota: Processing event 2 for <0>com.neusoft.launcher
05-22 07:11:44.596   737   737 D JobScheduler.Quota: Crediting <0>com.neusoft.launcher 0ms for 0 time chunks
05-22 07:11:44.596   737   737 D JobScheduler.Quota: debits overflowed by 0
05-22 07:11:44.596   737  8341 I wm_set_resumed_activity: [0,com.neusoft.launcher/.function.main.view.MainActivity,resumeTopActivity]
05-22 07:11:44.596   737  1616 D PowerController.AppState: - reportAppStateEventInfo() E -
05-22 07:11:44.596   737  1619 D PowerController.RecogA: handleMessage(MSG_REPORT_EVENT)
05-22 07:11:44.596   737  8341 I wm_add_to_stopping: [0,110262760,com.neusoft.launcher/.function.applist.AppListActivity,makeInvisible]
05-22 07:11:44.597   737  8341 I wm_add_to_stopping: [0,231274970,com.neusoft.setting/.ui.activity.MainActivity,makeInvisible]
05-22 07:11:44.597   737  8341 I wm_add_to_stopping: [0,54355135,com.neusoft.btmusic/.MainActivity,makeInvisible]
05-22 07:11:44.597   737  8341 I wm_add_to_stopping: [0,17178519,com.neusoft.btphone/.MainActivity,makeInvisible]
05-22 07:11:44.598   737  8341 I wm_add_to_stopping: [0,160980548,com.yedea.fw.engineeringmode/.ui.activity.MainActivity,makeInvisible]
05-22 07:11:44.598   573   573 I SpiService: fgesysctrl_getGPIO_status success val=1
05-22 07:11:44.599   737  8341 I wm_resume_activity: [0,229539321,2,com.neusoft.launcher/.function.main.view.MainActivity]
05-22 07:11:44.599   737  8341 D WindowManager: resumeTopActivity: Resumed ActivityRecord{dae7df9 u0 com.neusoft.launcher/.function.main.view.MainActivity} t2 d0}
05-22 07:11:44.600   737   760 I sysui_multi_action: [757,803,799,window_time_0,802,0]
05-22 07:11:44.600   737  8341 D WindowManager: Display{#2 state=ON size=1280x720 ROTATION_0} applySurfaceChangesTransaction  mTmpUpdateAllDrawn.isEmpty true
05-22 07:11:44.601   737   737 D JobScheduler.Quota: Processing event 1 for <0>com.neusoft.launcher
05-22 07:11:44.601   737   737 D JobScheduler.Quota: Processing event 31 for <0>com.neusoft.launcher
05-22 07:11:44.601   737  1616 D PowerController.AppState: - reportAppStateEventInfo() E -
05-22 07:11:44.601   737  1616 D PowerController.AppState: - reportAppStateEventInfo() E -
05-22 07:11:44.601   737  1619 D PowerController.RecogA: handleMessage(MSG_REPORT_EVENT)
05-22 07:11:44.601   737  1619 D PowerController.RecogA: handleMessage(MSG_REPORT_EVENT)
05-22 07:11:44.601   737  8341 D WindowManager: Display{#0 state=ON size=1280x720 ROTATION_0} applySurfaceChangesTransaction  mTmpUpdateAllDrawn.isEmpty true
05-22 07:11:44.602  2981  3177 I SentryImuMcuAngleSender: 179.9207rollDeg
05-22 07:11:44.602  2981  3177 I SentryImuMcuAngleSender: 1,0,0
05-22 07:11:44.603  1774  1774 D VRI[MainActivity]: mView = DecorView@b75c116[MainActivity]handleAppVisibility ,mAppVisible = true, this = android.view.UnisocViewRootImpl@efc1a97,caller = android.view.ViewRootImpl$ViewRootHandler.handleMessageImpl:5588 android.view.ViewRootImpl$ViewRootHandler.handleMessage:5566 android.os.Handler.dispatchMessage:106 android.os.Looper.loopOnce:201 android.os.Looper.loop:288 
05-22 07:11:44.603  1774  1774 D NSLogUtils_BaseLauncherActivity: onRestart: 
05-22 07:11:44.603  1774  1774 I wm_on_restart_called: [229539321,com.neusoft.launcher.function.main.view.MainActivity,performRestartActivity]
05-22 07:11:44.604   573   573 I SpiService: fgesysctrl_getGPIO_status success val=1
05-22 07:11:44.604   737   763 D WindowManager: allResumedActivitiesIdle: rootTask=1 ActivityRecord{dae7df9 u0 com.neusoft.launcher/.function.main.view.MainActivity} t2 d0} not idle
05-22 07:11:44.604   276   300 I rvcservice: t.code = 3, t.value = 0
05-22 07:11:44.604   737   764 D WindowManager: inputWindowHandle changed and setInputWindowInfo inputWindowHandle = bd83cf5 com.neusoft.launcher/com.neusoft.launcher.function.applist.AppListActivity, frame=[0,0,0,0], touchableRegion=SkRegion(), scaleFactor=1.0, transform=null, windowToken=android.os.BinderProxy@bc99a2c, isClone=false, inputConfig=157, layoutParamsFlags=-2122252000, layoutParamsType=2, surfaceInset=0, changed=true
05-22 07:11:44.605   737   764 D WindowManager: inputWindowHandle changed and setInputWindowInfo inputWindowHandle = d1b5953 com.neusoft.setting/com.neusoft.setting.ui.activity.MainActivity, frame=[0,0,0,0], touchableRegion=SkRegion(), scaleFactor=1.0, transform=null, windowToken=android.os.BinderProxy@a3c1542, isClone=false, inputConfig=29, layoutParamsFlags=25165858, layoutParamsType=2, surfaceInset=32, changed=true
05-22 07:11:44.605   737   764 D WindowManager: inputWindowHandle changed and setInputWindowInfo inputWindowHandle = b06d44a com.neusoft.setting/com.neusoft.setting.ui.activity.MainActivity, frame=[0,0,0,0], touchableRegion=SkRegion(), scaleFactor=1.0, transform=null, windowToken=android.os.BinderProxy@8355b5, isClone=false, inputConfig=29, layoutParamsFlags=-2122252000, layoutParamsType=2, surfaceInset=0, changed=true
05-22 07:11:44.605   737   764 D WindowManager: inputWindowHandle changed and setInputWindowInfo inputWindowHandle = 271978e com.neusoft.btmusic/com.neusoft.btmusic.MainActivity, frame=[0,0,0,0], touchableRegion=SkRegion(), scaleFactor=1.0, transform=null, windowToken=android.os.BinderProxy@305cb89, isClone=false, inputConfig=29, layoutParamsFlags=-2122252000, layoutParamsType=2, surfaceInset=0, changed=true
05-22 07:11:44.605   737   764 D WindowManager: inputWindowHandle changed and setInputWindowInfo inputWindowHandle = f878062 com.neusoft.btphone/com.neusoft.btphone.MainActivity, frame=[0,0,0,0], touchableRegion=SkRegion(), scaleFactor=1.0, transform=null, windowToken=android.os.BinderProxy@299432d, isClone=false, inputConfig=29, layoutParamsFlags=-2122252000, layoutParamsType=2, surfaceInset=0, changed=true
05-22 07:11:44.605   737   764 D WindowManager: inputWindowHandle changed and setInputWindowInfo inputWindowHandle = a2e9228 com.yedea.fw.engineeringmode/com.yedea.fw.engineeringmode.ui.activity.MainActivity, frame=[0,0,0,0], touchableRegion=SkRegion(), scaleFactor=1.0, transform=null, windowToken=android.os.BinderProxy@fea084b, isClone=false, inputConfig=61, layoutParamsFlags=-2121203424, layoutParamsType=2, surfaceInset=0, changed=true
05-22 06:30:18.347   573   573 D spi_rst_gpio_get_output: GPIO 145 value: 1
05-22 06:30:18.347   573   573 D spidev_ioctl: gpio status=1)
05-22 07:11:44.609   573   573 I SpiService: fgesysctrl_getGPIO_status success val=0
05-22 06:30:18.352   573   573 D spi_rst_gpio_get_output: GPIO 145 value: 0
05-22 06:30:18.352   573   573 D spidev_ioctl: gpio status=0)
05-22 07:11:44.615   737  8347 D InputManager: setFocusedWindow:request.displayId is 0
05-22 07:11:44.615   737  8347 I InputDispatcher: disablePointerCaptureForcedLocked:return
05-22 07:11:44.617   737  1337 I input_focus: [Focus leaving bd83cf5 com.neusoft.launcher/com.neusoft.launcher.function.applist.AppListActivity (server),reason=Waiting for window because NOT_FOCUSABLE]
05-22 07:11:44.622   486   580 I mcuc    : rev,n=1,6AA68107AE000A8900660104092012345607
05-22 07:11:44.622  1091  1116 I tboxmids_ap: [2026-05-22 07:11:44.622] [MCU RX] src=MCU dst=ZMQ len=10 type=BINARY data=00 08 66 01 04 09 20 12 34 56 
05-22 07:11:44.622   344   361 D automotive.vehicle@2.0-adayo-datacomm-mcu: MCUDatacomm sendMessageFromVehicle prop: 0x89, areaId: 0x0, status: 0x66, timestamp: 0x1
05-22 07:11:44.622   344   361 D automotive.vehicle@2.0-adayo-datacomm-mcu: MCUDatacomm 1sendMessageFromVehicle ---> type = 12 
05-22 07:11:44.622  1026  1026 I MyAppLog: [2026-05-22 07:11:44.622 I tboxap mcuCommTboxmidsRecvCb:96] [Mcu] [mcuCommTboxmidsRecvCb] recv from tboxmids, size:10
05-22 07:11:44.623  1091  1133 D tboxmids_ap: Frame Size: 10
05-22 07:11:44.623  1091  1133 D tboxmids_ap: Hex Data:
05-22 07:11:44.623  1026  1026 I MyAppLog: [2026-05-22 07:11:44.622 I tboxap mcuCommTboxmidsRecvCb:97] [Mcu] [tboxmids -> tboxap]: :00 08 66 01 04 09 20 12 34 56
05-22 07:11:44.623  1091  1133 D tboxmids_ap: 09 
05-22 07:11:44.623  1091  1133 D tboxmids_ap: 01 
05-22 07:11:44.623  1091  1133 D tboxmids_ap: 00 
05-22 07:11:44.623  1026  1026 I MyAppLog: [2026-05-22 07:11:44.622 I tboxap mcuPtlParseData:969] [Mcu] [Mcu  Parse]: (cmd):0920 (param):0920123456
05-22 07:11:44.623   573   573 I SpiService: fgesysctrl_getGPIO_status success val=1
05-22 07:11:44.623   291  1491 D EvsDriver: forwardFrame
05-22 07:11:44.623  1091  1133 D tboxmids_ap: 06 
05-22 07:11:44.623  1091  1133 D tboxmids_ap: ED 
05-22 07:11:44.623  1091  1133 D tboxmids_ap: 04 
05-22 07:11:44.623  1091  1133 D tboxmids_ap: 01 
05-22 07:11:44.623  1091  1133 D tboxmids_ap: 09 
05-22 07:11:44.623  1091  1133 D tboxmids_ap: A0 
05-22 07:11:44.623  1091  1133 D tboxmids_ap: 01 
05-22 07:11:44.623  1091  1133 D tboxmids_ap: 
05-22 07:11:44.623  1091  1133 D tboxmids_ap: Hex Data end 
05-22 07:11:44.623  1026  1026 D MyAppLog: [2026-05-22 07:11:44.622 D tboxap mcuCommCbHandel:1009] [Mcu] [Mcu  Rev]: (cmd):0920 (param value):123456
05-22 07:11:44.623  2981  3177 I SentryImuMcuAngleSender: 179.91725rollDeg
05-22 07:11:44.624  1026  1026 W MyAppLog: [2026-05-22 07:11:44.622 W tboxap mcuParamDataRevPack:897] [Mcu] mcuParamDataRevPack start pack data!!!
05-22 07:11:44.624  2981  3177 I SentryImuMcuAngleSender: 1,0,0
05-22 07:11:44.624  1026  1026 W MyAppLog: [2026-05-22 07:11:44.622 W tboxap mcuHandleTrigAlarmInd:1149] [Mcu] [mcuHandleTrigAlarmInd] trig alarm rpt, msgId:0x0200 alarmType:0x12 12VBatt:0x34
05-22 07:11:44.624  1026  1026 I MyAppLog: [2026-05-22 07:11:44.622 I tboxap mcuSendYadiTransfer:195] [Mcu] [mcuYadiSend]: :00 06 ED 04 01 09 A0 01
05-22 07:11:44.624  1026  1026 D MyAppLog: [2026-05-22 07:11:44.622 D tboxap SendMsgBufEvent:298] [System] [SendMsgBufEvent] send message(msg:0x003d, size:4)
05-22 07:11:44.624  1026  1026 D MyAppLog: [2026-05-22 07:11:44.622 D tboxap SysMainEventHandler:1090] [System] [SysMainEventHandler] recv message(msg:0x003d, size:4)
05-22 07:11:44.624  1137  1137 D evsmanagerd: /dev/video4 forwarded the buffer #0 to 0xb4000071fa019690 from 0xb4000071fa01b7d0
05-22 07:11:44.624  1026  1026 W MyAppLog: [2026-05-22 07:11:44.622 W tboxap tsp_ExternalEvent:80] [Tsp] [tsp_ExternalEvent] recv ExternalEvent = 61, size:4
05-22 07:11:44.624  1026  1026 D MyAppLog: [2026-05-22 07:11:44.622 D tboxap tsp_EventSend:261] [Tsp] [tsp_EventSend] Tx msg Creat :283 , size:4 (adr :b6023d70)!!
05-22 07:11:44.624  1026  1026 D MyAppLog: [2026-05-22 07:11:44.622 D tboxap tsp_EventSend:265] [Tsp] [tsp_EventSend] TX tspCmdMsg.MsgSize:4
05-22 07:11:44.624   291  1491 D EvsDriver: Delivered 0xb400007b2f47ca30 as id 0
05-22 07:11:44.624  1026  1026 I MyAppLog: [2026-05-22 07:11:44.622 I tboxap tsp_EventSend:270] [Tsp] [tsp_EventSend] TX tspCmdMsg.MsgID:011b size:4
05-22 07:11:44.624  1026  1026 D MyAppLog: [2026-05-22 07:11:44.622 D tboxap tsp_EventQueueWrite:115] [Tsp] [tsp_EventQueueWrite] sizeof(16) pTmp:8601d8f0  
05-22 07:11:44.624  1026  1026 D MyAppLog: [2026-05-22 07:11:44.623 D tboxap tsp_EventProceHandel:305] [Tsp] [tsp_EventProceHandel] rx msg :011b , size:4!!
05-22 07:11:44.624  1026  1026 D MyAppLog: [2026-05-22 07:11:44.623 D tboxap tsp_EventProceHandel:309] [Tsp] [tsp_EventProceHandel] RX stMessage.MsgSize:4
05-22 07:11:44.624  1026  1026 D MyAppLog: [2026-05-22 07:11:44.623 D tboxap tsp_EventToCmd:108] [Tsp] [tsp_EventToCmd] event:0x011b -> cmd:4009 size:4
05-22 07:11:44.624  1026  1026 W MyAppLog: [2026-05-22 07:11:44.623 W tboxap tsp_PackTrigAlarm_Yadi:438] [Tsp] [tsp_PackTrigAlarm_Yadi] trig alarm parsed msgId:0x0200 alarmType:0x12 battAlarm:0x34
05-22 07:11:44.624  1026  1026 I MyAppLog: [2026-05-22 07:11:44.623 I tboxap tsp_TrigAlarmPacket_Yadi:1059] [Tsp] [TrigAlarm rawData]: :02 00 12 34
05-22 07:11:44.624  1026  1026 I MyAppLog: [2026-05-22 07:11:44.623 I tboxap tsp_TrigAlarmPacket_Yadi:1075] [Tsp] [TrigAlarm addCrc]: :02 00 12 34 DA 00 00 00 00 00 00 00 00 00 FF 01
05-22 07:11:44.624  1026  1026 I MyAppLog: [2026-05-22 07:11:44.623 I tboxap tsp_TrigAlarmPacket_Yadi:1084] [Tsp] [TrigAlarm doneAes]: :66 30 8E 45 01 36 1B B4 9F 78 15 05 8D CE 15 F9
05-22 07:11:44.625  1026  1026 I MyAppLog: [2026-05-22 07:11:44.623 I tboxap tsp_pack_frame_Yadi:1240] [Tsp] Login data pack and encrypt completed ! BodySize = 16! 
05-22 07:11:44.625  1026  1026 I MyAppLog: [2026-05-22 07:11:44.623 I tboxap tsp_pack_frame_Yadi:1353] [Tsp] [DataMsgLen]: :00 04
05-22 07:11:44.625  1026  1026 I MyAppLog: [2026-05-22 07:11:44.623 I tboxap tsp_pack_frame_Yadi:1380] [Tsp] [FrameData]: :AA FF 00 2E 08 61 48 40 40 12 48 14 1A 05 16 07 0B 2C 10 01 28 03 01 01 00 04 66 30 8E 45 01 36 1B B4 9F 78 15 05 8D CE 15 F9 0A 34 0D 0A
05-22 07:11:44.625  1026  1026 I MyAppLog: [2026-05-22 07:11:44.623 I tboxap tsp_PackTrigAlarm_Yadi:442] [Tsp] TrigAlarmFrame init complet, frame size:46!!!
05-22 07:11:44.625  1026  1026 E MyAppLog: [2026-05-22 07:11:44.623 E tboxap tsp_FifoWrite:319] [Tsp] tsp_FifoWrite FIFO is full when to be written!
05-22 07:11:44.625  1026  1026 D MyAppLog: [2026-05-22 07:11:44.623 D tboxap tsp_EventProceHandel:316] [Tsp] [tsp_EventProceHandel] stMessage.pMsgBuf free ok adr(b6023d70)!!
05-22 06:30:18.366   573   573 D spi_rst_gpio_get_output: GPIO 145 value: 1
05-22 06:30:18.366   573   573 D spidev_ioctl: gpio status=1)
05-22 07:11:44.626   486   581 I mcuc    : start timer OK = 1068 
05-22 07:11:44.626   291  1135 D EvsDriver: doneWithFrame
05-22 07:11:44.626   544   544 D commservice260303: msg.id = 1028,0
05-22 07:11:44.626   544   544 D commservice260303: i = 170, msgid = 8A000404
05-22 07:11:44.626   544   544 D commservice260303: msgid = -1979710460,did=138
05-22 07:11:44.626   544   544 D commservice260303: CommProtocolLibCmdBaseI2C::dataproc {"command":{"id":"imu_status","sub":""},"content":{"TimeStamp":1779405104626,"FrameCounter":8917,"GD_X":-0.009010015055537224,"GD_Y":0.007024087477475405,"GD_Z":0.01763824187219143,"AD_X":0.0012046098709106445,"AD_Y":0.0022586965933442116,"AD_Z":-0.3296995162963867,"TempDsp":0,"Status":0,"CalibState":1,"SigAmpInvalid":0}},-1979710460
05-22 07:11:44.626   544   544 D commservice260303: send2Cluster len:323, 7B22636F6D6D616E64223A7B226964223A22696D755F737461747573222C22737562223A22227D2C22636F6E74656E74223A7B2254696D655374616D70223A313737393430353130343632362C224672616D65436F756E746572223A383931372C2247445F58223A2D302E3030393031303031353035353533373232342C2247445F59223A302E3030373032343038373437373437353430352C2247445F5A223A302E30313736333832343138373231393134332C2241445F58223A302E303031323034363039383730393130363434352C2241445F59223A302E303032323538363936353933333434323131362C2241445F5A223A2D302E333239363939353136323936333836372C2254656D70447370223A302C22537461747573223A302C2243616C69625374617465223A312C22536967416D70496E76616C6964223A307D7D, 138 
05-22 07:11:44.626   544   544 D commservice260303: Push Message into SendPool fn=-1692205056
05-22 07:11:44.626   544   544 D commservice260303: ComProtocolLibSend2Cluster::send2ClusterRaw fn=-1692205056 , len=339
05-22 07:11:44.626   544   544 D commservice260303: sendCmdToPort :339!!!
05-22 07:11:44.626   544   544 D commservice260303: send Cmd To Port ++++5AA5014F8A010000239B6A0F91307B22636F6D6D616E64223A7B226964223A22696D755F737461747573222C22737562223A22227D2C22636F6E74656E74223A7B2254696D655374616D70223A313737393430353130343632362C224672616D65436F756E746572223A383931372C2247445F58223A2D302E3030393031303031353035353533373232342C2247445F59223A302E3030373032343038373437373437353430352C2247445F5A223A302E30313736333832343138373231393134332C2241445F58223A302E303031323034363039383730393130363434352C2241445F59223A302E303032323538363936353933333434323131362C2241445F5A223A2D302E333239363939353136323936333836372C2254656D70447370223A302C22537461747573223A302C2243616C69625374617465223A312C22536967416D70496E76616C6964223A307D7DD4B5
05-22 07:11:44.626   544   544 D commservice260303: bufferevent_write retrun value = 0
05-22 07:11:44.626   544   567 D commservice260303: client datas send succeed,send finish
05-22 07:11:44.627  2981  3178 D Sentinelmode_1.2.5.13_alpha: <SentryImuClusterFgeSender>imu_status sent to Linux, frame=8917, tsNs=389604, tsMs=1779405104626, intervalMs=40, ad=(0.0012046099,0.0022586966,-0.32969952), gd=(-0.009010015,0.0070240875,0.017638242)
05-22 07:11:44.629   573   573 I SpiService: fgesysctrl_getGPIO_status success val=1
05-22 07:11:44.630  1774  1774 D NSLogUtils_BaseLauncherActivity: onStart: 
05-22 07:11:44.630  1774  1774 I NSLogUtils_MainActivity: to kanzi onStart
05-22 07:11:44.630  1774  1774 D SERVICE_MAIN: KanziManagerImpl:onStart
05-22 07:11:44.630  1774  1774 I wm_on_start_called: [229539321,com.neusoft.launcher.function.main.view.MainActivity,handleStartActivity]
05-22 06:30:18.372   573   573 D spi_rst_gpio_get_output: GPIO 145 value: 1
05-22 06:30:18.372   573   573 D spidev_ioctl: gpio status=1)
05-22 07:11:44.631  1774  1774 D NSLogUtils_BaseLauncherActivity: onNewIntent: 
05-22 07:11:44.631  1774  1774 D NSLogUtils_BaseLauncherActivity: onResume: 
05-22 07:11:44.631  1774  1774 I NSLogUtils_MainActivity: onResume
05-22 07:11:44.631  1774  1774 D SERVICE_MAIN: KanziManagerImpl:onResume
05-22 07:11:44.631  1774  1774 I wm_on_resume_called: [229539321,com.neusoft.launcher.function.main.view.MainActivity,RESUME_ACTIVITY]
05-22 07:11:44.632  1774  1774 I wm_on_top_resumed_gained_called: [229539321,com.neusoft.launcher.function.main.view.MainActivity,topWhenResuming]
05-22 07:11:44.632   737  8341 I WindowManager: Resumed activity; dropping state of: ActivityRecord{dae7df9 u0 com.neusoft.launcher/.function.main.view.MainActivity} t2 d0}
05-22 07:11:44.632   274   274 D vendor.unisoc.hardware.power-service: Enter getSceneIdByName: sceneName:com.neusoft.launcher
05-22 07:11:44.633   737  8341 D WindowManager: relayoutWindow: Window=Window{bdf128f u0 com.neusoft.launcher/com.neusoft.launcher.function.main.view.MainActivity}* ,oldVis=8 ,newVis=0 ,focusMayChange=true, win.mViewVisibility = 0, viewVisibility = 0, flagChanges & FLAG_NOT_FOCUSABLE = 0, !win.mRelayoutCalled = false
05-22 07:11:44.633   737  8341 D WindowManager: resetDrawState: mDrawState=0 ,mWin=Window{bdf128f u0 com.neusoft.launcher/com.neusoft.launcher.function.main.view.MainActivity}* com.android.server.wm.WindowStateAnimator.createSurfaceLocked:329 com.android.server.wm.WindowManagerService.createSurfaceControl:2708 com.android.server.wm.WindowManagerService.relayoutWindow:2467 
05-22 07:11:44.633  1026  1026 D MyAppLog: [2026-05-22 07:11:44.633 D tboxap tsp_EventQueueRead:150] [Tsp] [tsp_EventQueueRead] read:17, write:17  Num:0!!
05-22 07:11:44.634   737  8347 I FocusResolver: request window <null> NOT_FOCUSABLE
05-22 07:11:44.634   573   573 I SpiService: fgesysctrl_getGPIO_status success val=1
05-22 07:11:44.634   737  8341 D WindowManager: Display{#2 state=ON size=1280x720 ROTATION_0} applySurfaceChangesTransaction  mTmpUpdateAllDrawn.isEmpty true
05-22 07:11:44.635   737  8341 D WindowManager: Display{#0 state=ON size=1280x720 ROTATION_0} applySurfaceChangesTransaction  mTmpUpdateAllDrawn.isEmpty true
05-22 07:11:44.636   737  8341 D WindowManager: relayoutWindow: Window=Window{bdf128f u0 com.neusoft.launcher/com.neusoft.launcher.function.main.view.MainActivity}-[Surface(name=*Title#310)/@0x8d87aff],focusMayChange = true
05-22 07:11:44.636   737  8341 D WindowManager: Enter findFocusedWindowIfNeeded ,topFocusedDisplayId = -1, mPerDisplayFocusEnabled = true,(topFocusedDisplayId == INVALID_DISPLAY) = true, this = Display{#0 state=ON size=1280x720 ROTATION_0}
05-22 07:11:44.636   737  8341 D WindowManager: Enter findFocusedWindow mTmpWindow = Window{bdf128f u0 com.neusoft.launcher/com.neusoft.launcher.function.main.view.MainActivity}-[Surface(name=*Title#310)/@0x8d87aff], mFindFocusedWindow = com.android.server.wm.DisplayContent$$ExternalSyntheticLambda20@a6a0e54, this = Display{#0 state=ON size=1280x720 ROTATION_0}, mFocusedApp = ActivityRecord{dae7df9 u0 com.neusoft.launcher/.function.main.view.MainActivity} t2 d0}
05-22 07:11:44.637   737  8341 D WindowManager: updateFocusedWindowLocked , mode = 0, updateInputWindows = true,topFocusedDisplayId = -1,newFocus= Window{bdf128f u0 com.neusoft.launcher/com.neusoft.launcher.function.main.view.MainActivity}-[Surface(name=*Title#310)/@0x8d87aff], mCurrentFocus = null, callers=com.android.server.wm.RootWindowContainer.updateFocusedWindowLocked:493 com.android.server.wm.WindowManagerService.updateFocusedWindowLocked:6165 com.android.server.wm.WindowManagerService.relayoutWindow:2539 com.android.server.wm.Session.relayout:266 android.view.IWindowSession$Stub.onTransact:735 com.android.server.wm.Session.onTransact:176 android.os.Binder.execTransactInternal:1281 android.os.Binder.execTransact:1244 <bottom of call stack> <bottom of call stack> 
05-22 07:11:44.637   737  8341 D WindowManager: Enter findFocusedWindowIfNeeded ,topFocusedDisplayId = -1, mPerDisplayFocusEnabled = true,(topFocusedDisplayId == INVALID_DISPLAY) = true, this = Display{#0 state=ON size=1280x720 ROTATION_0}
05-22 07:11:44.637   737  8341 D WindowManager: Enter findFocusedWindow mTmpWindow = Window{bdf128f u0 com.neusoft.launcher/com.neusoft.launcher.function.main.view.MainActivity}-[Surface(name=*Title#310)/@0x8d87aff], mFindFocusedWindow = com.android.server.wm.DisplayContent$$ExternalSyntheticLambda20@a6a0e54, this = Display{#0 state=ON size=1280x720 ROTATION_0}, mFocusedApp = ActivityRecord{dae7df9 u0 com.neusoft.launcher/.function.main.view.MainActivity} t2 d0}
05-22 06:30:18.378   573   573 D spi_rst_gpio_get_output: GPIO 145 value: 1
05-22 06:30:18.378   573   573 D spidev_ioctl: gpio status=1)
05-22 07:11:44.639   737  8341 I WindowManager: Input focus has changed to Window{bdf128f u0 com.neusoft.launcher/com.neusoft.launcher.function.main.view.MainActivity}-[Surface(name=*Title#310)/@0x8d87aff] from bd83cf5 com.neusoft.launcher/com.neusoft.launcher.function.applist.AppListActivity mDisplayId 0 updateInputWindows true, callers=com.android.server.wm.DisplayContent.updateFocusedWindowLocked:3778 com.android.server.wm.RootWindowContainer.updateFocusedWindowLocked:493 com.android.server.wm.WindowManagerService.updateFocusedWindowLocked:6165 com.android.server.wm.WindowManagerService.relayoutWindow:2539 com.android.server.wm.Session.relayout:266 
05-22 07:11:44.639   737  8341 D WindowManager: Enter findFocusedWindowIfNeeded ,topFocusedDisplayId = 0, mPerDisplayFocusEnabled = true,(topFocusedDisplayId == INVALID_DISPLAY) = false, this = Display{#2 state=ON size=1280x720 ROTATION_0}
05-22 07:11:44.639   737  8341 D WindowManager: Enter findFocusedWindow mTmpWindow = null, mFindFocusedWindow = com.android.server.wm.DisplayContent$$ExternalSyntheticLambda20@4f488a2, this = Display{#2 state=ON size=1280x720 ROTATION_0}, mFocusedApp = null
