--------- beginning of main
05-22 07:11:39.567  1137  1137 D evsmanagerd: /dev/video4 forwarded the buffer #0 to 0xb4000071fa019690 from 0xb4000071fa01b7d0
05-22 07:11:39.569   291  1135 D EvsDriver: doneWithFrame
05-22 07:11:39.570   573   573 I SpiService: fgesysctrl_getGPIO_status success val=0
05-22 07:11:39.570   486   579 I mcuc    : send SPI:6AA602079600028900D66AA600041D00050412010000C3
05-22 07:11:39.572   964  1804 D [OMXB]  : usingANWBuffer: handle:0xebd40170, format:1, w:1920, h:1080
05-22 07:11:39.583  2981  3177 I SentryImuMcuAngleSender: 179.92415rollDeg
--------- beginning of kernel
05-22 06:30:13.327   573   573 D spi_rst_gpio_get_output: GPIO 145 value: 1
05-22 07:11:39.583  2981  3177 I SentryImuMcuAngleSender: 1,0,0
05-22 07:11:39.583   573   573 I SpiService: fgesysctrl_getGPIO_status success val=1
--------- beginning of events
05-22 07:11:39.588   737   768 I am_pss  : [2950,1002,.blueletservice,9530368,3047424,5425152,60383232,0,10,9]
--------- beginning of system
05-22 07:11:39.588   737   737 D JobScheduler.Quota: Processing event 6 for <0>com.android.providers.userdictionary
05-22 07:11:39.588   737   737 D JobScheduler.Quota: Processing event 6 for <0>com.android.providers.contacts
05-22 07:11:39.588   291  1491 D EvsDriver: forwardFrame
05-22 07:11:39.589   573   573 I SpiService: fgesysctrl_getGPIO_status success val=1
05-22 07:11:39.590   291  1491 D EvsDriver: Delivered 0xb400007b2f47ca30 as id 0
05-22 07:11:39.590  1137  1137 D evsmanagerd: /dev/video4 forwarded the buffer #0 to 0xb4000071fa019690 from 0xb4000071fa01b7d0
05-22 07:11:39.593   276   300 I rvcservice: t.code = 2, t.value = 10136980
05-22 07:11:39.594   291  1135 D EvsDriver: doneWithFrame
05-22 07:11:39.595   573   573 I SpiService: fgesysctrl_getGPIO_status success val=1
05-22 07:11:39.599   544   544 D commservice260303: msg.id = 1028,0
05-22 07:11:39.599   544   544 D commservice260303: i = 170, msgid = 8A000404
05-22 07:11:39.599   544   544 D commservice260303: msgid = -1979710460,did=138
05-22 07:11:39.599   544   544 D commservice260303: CommProtocolLibCmdBaseI2C::dataproc {"command":{"id":"imu_status","sub":""},"content":{"TimeStamp":1779405099598,"FrameCounter":8793,"GD_X":-0.009314822033047676,"GD_Y":0.007788185961544514,"GD_Z":0.017944088205695152,"AD_X":-0.003194935619831085,"AD_Y":9.586084634065628E-4,"AD_Z":-0.3309144973754883,"TempDsp":0,"Status":0,"CalibState":1,"SigAmpInvalid":0}},-1979710460
05-22 07:11:39.715   544   544 I auditd  : type=1400 audit(0.0:2870): avc: denied { getattr } for comm="android.hardwar" path="socket:[48598]" dev="sockfs" ino=48598 scontext=u:r:hal_fgecomservice_default:s0 tcontext=u:r:hal_fgecomservice_default:s0 tclass=vsock_socket permissive=1
05-22 07:11:39.715   544   544 I android.hardwar: type=1400 audit(0.0:2870): avc: denied { getattr } for path="socket:[48598]" dev="sockfs" ino=48598 scontext=u:r:hal_fgecomservice_default:s0 tcontext=u:r:hal_fgecomservice_default:s0 tclass=vsock_socket permissive=1
05-22 07:11:39.719   544   544 I auditd  : type=1400 audit(0.0:2871): avc: denied { read } for comm="android.hardwar" path="socket:[48598]" dev="sockfs" ino=48598 scontext=u:r:hal_fgecomservice_default:s0 tcontext=u:r:hal_fgecomservice_default:s0 tclass=vsock_socket permissive=1
05-22 07:11:39.719   544   544 I android.hardwar: type=1400 audit(0.0:2871): avc: denied { read } for path="socket:[48598]" dev="sockfs" ino=48598 scontext=u:r:hal_fgecomservice_default:s0 tcontext=u:r:hal_fgecomservice_default:s0 tclass=vsock_socket permissive=1
05-22 07:11:39.599   544   544 D commservice260303: send2Cluster len:323, 7B22636F6D6D616E64223A7B226964223A22696D755F737461747573222C22737562223A22227D2C22636F6E74656E74223A7B2254696D655374616D70223A313737393430353039393539382C224672616D65436F756E746572223A383739332C2247445F58223A2D302E3030393331343832323033333034373637362C2247445F59223A302E3030373738383138353936313534343531342C2247445F5A223A302E3031373934343038383230353639353135322C2241445F58223A2D302E3030333139343933353631393833313038352C2241445F59223A392E353836303834363334303635363238452D342C2241445F5A223A2D302E333330393134343937333735343838332C2254656D70447370223A302C22537461747573223A302C2243616C69625374617465223A312C22536967416D70496E76616C6964223A307D7D, 138 
05-22 07:11:39.599   544   544 D commservice260303: Push Message into SendPool fn=472055808
05-22 07:11:39.599   544   544 D commservice260303: ComProtocolLibSend2Cluster::send2ClusterRaw fn=472055808 , len=339
05-22 07:11:39.599   544   544 D commservice260303: sendCmdToPort :339!!!
05-22 07:11:39.599   544   544 D commservice260303: send Cmd To Port ++++5AA5014F8A010000231C6A0F912B7B22636F6D6D616E64223A7B226964223A22696D755F737461747573222C22737562223A22227D2C22636F6E74656E74223A7B2254696D655374616D70223A313737393430353039393539382C224672616D65436F756E746572223A383739332C2247445F58223A2D302E3030393331343832323033333034373637362C2247445F59223A302E3030373738383138353936313534343531342C2247445F5A223A302E3031373934343038383230353639353135322C2241445F58223A2D302E3030333139343933353631393833313038352C2241445F59223A392E353836303834363334303635363238452D342C2241445F5A223A2D302E333330393134343937333735343838332C2254656D70447370223A302C22537461747573223A302C2243616C69625374617465223A312C22536967416D70496E76616C6964223A307D7D6285
05-22 07:11:39.599   544   544 D commservice260303: bufferevent_write retrun value = 0
05-22 07:11:39.599   544   567 D commservice260303: client datas send succeed,send finish
05-22 07:11:39.600  2981  3178 D Sentinelmode_1.2.5.13_alpha: <SentryImuClusterFgeSender>imu_status sent to Linux, frame=8793, tsNs=384562, tsMs=1779405099598, intervalMs=39, ad=(-0.0031949356,9.5860846E-4,-0.3309145), gd=(-0.009314822,0.007788186,0.017944088)
05-22 07:11:39.600   573   573 I SpiService: fgesysctrl_getGPIO_status success val=1
05-22 07:11:39.601  3901  4099 D ConfigManager: configFile not found, configFileName = account_config.json key = accountUrlWitheList
05-22 07:11:39.603   964  1804 D [OMXB]  : usingANWBuffer: handle:0xebd43d40, format:1, w:1920, h:1080
05-22 07:11:39.606   573   573 I SpiService: fgesysctrl_getGPIO_status success val=1
05-22 07:11:39.606  2981  3177 I SentryImuMcuAngleSender: 179.9207rollDeg
05-22 07:11:39.607  2981  3177 I SentryImuMcuAngleSender: 1,0,0
05-22 07:11:39.607  3901  4122 D ConfigManager: configFile not found, configFileName = account_config.json key = errorMsg
05-22 07:11:39.608  3901  4122 D ConfigManager: configFile not found, configFileName = account_config.json key = pollingIntervalRateBackground
05-22 07:11:39.608  3901  4122 D ConfigManager: configFile not found, configFileName = account_config.json key = getRefreshContractPollingInterval
05-22 07:11:39.610  2609  9270 D SQLiteQueryBuilder: SELECT _id, lookup, starred, has_phone_number, contact_last_updated_timestamp FROM view_contacts WHERE ((1)) AND ((contact_last_updated_timestamp > ?)) with args [1779404736553]
05-22 06:30:13.327   573   573 D spidev_ioctl: gpio status=1)
05-22 06:30:13.332   573   573 D spi_rst_gpio_get_output: GPIO 145 value: 1
05-22 07:11:39.611   573   573 I SpiService: fgesysctrl_getGPIO_status success val=0
05-22 06:30:13.332   573   573 D spidev_ioctl: gpio status=1)
05-22 06:30:13.338   573   573 D spi_rst_gpio_get_output: GPIO 145 value: 1
05-22 06:30:13.338   573   573 D spidev_ioctl: gpio status=1)
05-22 06:30:13.344   573   573 D spi_rst_gpio_get_output: GPIO 145 value: 1
05-22 06:30:13.344   573   573 D spidev_ioctl: gpio status=1)
05-22 06:30:13.349   573   573 D spi_rst_gpio_get_output: GPIO 145 value: 1
05-22 06:30:13.349   573   573 D spidev_ioctl: gpio status=1)
05-22 06:30:13.354   573   573 D spi_rst_gpio_get_output: GPIO 145 value: 0
05-22 06:30:13.354   573   573 D spidev_ioctl: gpio status=0)
05-22 06:30:13.368   573   573 D spi_rst_gpio_get_output: GPIO 145 value: 1
05-22 06:30:13.368   573   573 D spidev_ioctl: gpio status=1)
05-22 06:30:13.374   573   573 D spi_rst_gpio_get_output: GPIO 145 value: 1
05-22 06:30:13.374   573   573 D spidev_ioctl: gpio status=1)
05-22 06:30:13.379   573   573 D spi_rst_gpio_get_output: GPIO 145 value: 1
05-22 06:30:13.379   573   573 D spidev_ioctl: gpio status=1)
05-22 06:30:13.384   573   573 D spi_rst_gpio_get_output: GPIO 145 value: 1
05-22 06:30:13.384   573   573 D spidev_ioctl: gpio status=1)
05-22 06:30:13.390   573   573 D spi_rst_gpio_get_output: GPIO 145 value: 1
05-22 06:30:13.390   573   573 D spidev_ioctl: gpio status=1)
05-22 06:30:13.395   573   573 D spi_rst_gpio_get_output: GPIO 145 value: 0
05-22 06:30:13.395   573   573 D spidev_ioctl: gpio status=0)
05-22 06:30:13.409   573   573 D spi_rst_gpio_get_output: GPIO 145 value: 1
05-22 06:30:13.409   573   573 D spidev_ioctl: gpio status=1)
05-22 06:30:13.414   573   573 D spi_rst_gpio_get_output: GPIO 145 value: 1
05-22 06:30:13.414   573   573 D spidev_ioctl: gpio status=1)
05-22 06:30:13.420   573   573 D spi_rst_gpio_get_output: GPIO 145 value: 1
05-22 06:30:13.420   573   573 D spidev_ioctl: gpio status=1)
05-22 07:11:39.611  2609  9270 D CursorWindow: Writing to parcel: CursorWindow{name=/data/user/0/com.android.providers.contacts/databases/contacts2.db, fd=-1, size=16384, inflatedSize=2097152, allocOffset=0, slotsOffset=16384, numRows=0, numColumns=5}
05-22 06:30:13.426   573   573 D spi_rst_gpio_get_output: GPIO 145 value: 1
05-22 07:11:39.612   737   768 D CursorWindow: Created from parcel: CursorWindow{name=/data/user/0/com.android.providers.contacts/databases/contacts2.db, fd=-1, size=0, inflatedSize=0, allocOffset=0, slotsOffset=0, numRows=0, numColumns=5}
05-22 07:11:39.624   291  1491 D EvsDriver: forwardFrame
05-22 07:11:39.625   573   573 I SpiService: fgesysctrl_getGPIO_status success val=1
05-22 07:11:39.626   291  1491 D EvsDriver: Delivered 0xb400007b2f47ca30 as id 0
05-22 07:11:39.626  1137  1137 D evsmanagerd: /dev/video4 forwarded the buffer #0 to 0xb4000071fa019690 from 0xb4000071fa01b7d0
05-22 07:11:39.626   291  1135 D EvsDriver: doneWithFrame
05-22 07:11:39.628  2981  3177 I SentryImuMcuAngleSender: 179.91727rollDeg
05-22 07:11:39.628  2981  3177 I SentryImuMcuAngleSender: 1,0,0
05-22 07:11:39.630   573   573 I SpiService: fgesysctrl_getGPIO_status success val=1
05-22 07:11:39.636   573   573 I SpiService: fgesysctrl_getGPIO_status success val=1
05-22 07:11:39.639   544   544 D commservice260303: msg.id = 1028,1
05-22 07:11:39.639   544   544 D commservice260303: i = 170, msgid = 8A000404
05-22 07:11:39.639   544   544 D commservice260303: msgid = -1979710460,did=138
05-22 07:11:39.639   544   544 D commservice260303: CommProtocolLibCmdBaseI2C::dataproc {"command":{"id":"imu_status","sub":""},"content":{"TimeStamp":1779405099638,"FrameCounter":8794,"GD_X":-0.008474782109260559,"GD_Y":0.007405876647680998,"GD_Z":0.017408855259418488,"AD_X":-0.004414692521095276,"AD_Y":9.564906358718872E-4,"AD_Z":-0.33335399627685547,"TempDsp":0,"Status":0,"CalibState":1,"SigAmpInvalid":0}},-1979710460
05-22 07:11:39.639   544   544 D commservice260303: send2Cluster len:324, 7B22636F6D6D616E64223A7B226964223A22696D755F737461747573222C22737562223A22227D2C22636F6E74656E74223A7B2254696D655374616D70223A313737393430353039393633382C224672616D65436F756E746572223A383739342C2247445F58223A2D302E3030383437343738323130393236303535392C2247445F59223A302E3030373430353837363634373638303939382C2247445F5A223A302E3031373430383835353235393431383438382C2241445F58223A2D302E3030343431343639323532313039353237362C2241445F59223A392E353634393036333538373138383732452D342C2241445F5A223A2D302E33333333353339393632373638353534372C2254656D70447370223A302C22537461747573223A302C2243616C69625374617465223A312C22536967416D70496E76616C6964223A307D7D, 138 
05-22 07:11:39.639   544   544 D commservice260303: Push Message into SendPool fn=488833024
05-22 07:11:39.639   544   544 D commservice260303: ComProtocolLibSend2Cluster::send2ClusterRaw fn=488833024 , len=340
05-22 07:11:39.639   544   544 D commservice260303: sendCmdToPort :340!!!
05-22 07:11:39.641   573   573 I SpiService: fgesysctrl_getGPIO_status success val=1
05-22 07:11:39.641   544   544 D commservice260303: send Cmd To Port ++++5AA501508A010000231D6A0F912B7B22636F6D6D616E64223A7B226964223A22696D755F737461747573222C22737562223A22227D2C22636F6E74656E74223A7B2254696D655374616D70223A313737393430353039393633382C224672616D65436F756E746572223A383739342C2247445F58223A2D302E3030383437343738323130393236303535392C2247445F59223A302E3030373430353837363634373638303939382C2247445F5A223A302E3031373430383835353235393431383438382C2241445F58223A2D302E3030343431343639323532313039353237362C2241445F59223A392E353634393036333538373138383732452D342C2241445F5A223A2D302E33333333353339393632373638353534372C2254656D70447370223A302C22537461747573223A302C2243616C69625374617465223A312C22536967416D70496E76616C6964223A307D7D2EDC
05-22 07:11:39.642   544   544 D commservice260303: bufferevent_write retrun value = 0
05-22 07:11:39.642   544   567 D commservice260303: client datas send succeed,send finish
05-22 07:11:39.642  2981  3178 D Sentinelmode_1.2.5.13_alpha: <SentryImuClusterFgeSender>imu_status sent to Linux, frame=8794, tsNs=384615, tsMs=1779405099638, intervalMs=43, ad=(-0.0044146925,9.5649064E-4,-0.333354), gd=(-0.008474782,0.0074058766,0.017408855)
05-22 07:11:39.646   573   573 I SpiService: fgesysctrl_getGPIO_status success val=1
05-22 07:11:39.647   737   737 D Telecom : Logging: START_SESSION
05-22 07:11:39.648   737   737 D Telecom : Logging: END_SESSION (dur: 0 ms): TSI.iIMC@B5k
05-22 07:11:39.648   737   737 D Telecom : Logging: START_SESSION
05-22 07:11:39.648   737   737 D Telecom : Logging: END_SESSION (dur: 0 ms): TSI.iISMC(a)@B5o
05-22 07:11:39.648   737   737 D ResponseStatsTracker: notification:+6m24s421ms; event=<updated>, pkg=com.neusoft.btmusic, usr=0
05-22 06:30:13.426   573   573 D spidev_ioctl: gpio status=1)
05-22 07:11:39.648   737   737 D Telecom : Logging: START_SESSION
05-22 06:30:13.431   573   573 D spi_rst_gpio_get_output: GPIO 145 value: 1
05-22 07:11:39.648   737   737 D Telecom : Logging: END_SESSION (dur: 0 ms): TSI.gDDP@B5s
05-22 06:30:13.431   573   573 D spidev_ioctl: gpio status=1)
05-22 07:11:39.648   737   737 D Telecom : Logging: START_SESSION
05-22 06:30:13.436   573   573 D spi_rst_gpio_get_output: GPIO 145 value: 0
05-22 07:11:39.648   737   737 D Telecom : Logging: END_SESSION (dur: 0 ms): TSI.gDDP@B5w
05-22 07:11:39.648   737   737 D Telecom : Logging: START_SESSION
05-22 07:11:39.648   737   737 D Telecom : Logging: END_SESSION (dur: 0 ms): TSI.gDDP@B50
05-22 07:11:39.648  2981  3177 I SentryImuMcuAngleSender: 179.92416rollDeg
05-22 07:11:39.649   737   737 D Telecom : Logging: START_SESSION
05-22 07:11:39.649  2981  3177 I SentryImuMcuAngleSender: 1,0,0
05-22 07:11:39.649   737   737 D Telecom : Logging: END_SESSION (dur: 0 ms): TSI.gDDP@B54
05-22 07:11:39.649   737   737 D NotificationService: 0|com.neusoft.btmusic|8001|null|1000: updating permissions
05-22 07:11:39.649   737   737 D NotificationService: 0|com.neusoft.btmusic|8001|null|1000: updating permissions
05-22 07:11:39.649   737   737 D NotificationService: 0|com.neusoft.btmusic|8001|null|1000: updating permissions
05-22 07:11:39.649   737   737 D NotificationService: 0|com.neusoft.btmusic|8001|null|1000: updating permissions
05-22 07:11:39.649   737   737 D NotificationService: 0|com.neusoft.btmusic|8001|null|1000: updating permissions
05-22 07:11:39.649   737   737 D NotificationService: 0|com.neusoft.btmusic|8001|null|1000: updating permissions
05-22 07:11:39.649   737   737 D Telecom : Logging: START_SESSION
05-22 07:11:39.649   737   737 D Telecom : Logging: END_SESSION (dur: 0 ms): TSI.iIMC@B58
05-22 07:11:39.649   737   737 D Telecom : Logging: START_SESSION
05-22 07:11:39.650   737   737 D Telecom : Logging: END_SESSION (dur: 0 ms): TSI.iISMC(a)@B6A
05-22 07:11:39.650   737   737 D ResponseStatsTracker: notification:+6m24s427ms; event=<updated>, pkg=com.neusoft.btmusic, usr=0
05-22 07:11:39.650   737   737 D Telecom : Logging: START_SESSION
05-22 07:11:39.650   737   737 D Telecom : Logging: END_SESSION (dur: 0 ms): TSI.gDDP@B6E
05-22 07:11:39.650   737   737 D Telecom : Logging: START_SESSION
05-22 07:11:39.650   737   737 D Telecom : Logging: END_SESSION (dur: 0 ms): TSI.gDDP@B6I
05-22 07:11:39.650   737   737 D Telecom : Logging: START_SESSION
05-22 07:11:39.650   737   737 D Telecom : Logging: END_SESSION (dur: 0 ms): TSI.gDDP@B6M
05-22 07:11:39.650   737   737 D Telecom : Logging: START_SESSION
05-22 07:11:39.650   737   737 D Telecom : Logging: END_SESSION (dur: 0 ms): TSI.gDDP@B6Q
05-22 07:11:39.651   737   737 D NotificationService: 0|com.neusoft.btmusic|8001|null|1000: updating permissions
05-22 07:11:39.651   737   737 D NotificationService: 0|com.neusoft.btmusic|8001|null|1000: updating permissions
05-22 07:11:39.651   737   737 D NotificationService: 0|com.neusoft.btmusic|8001|null|1000: updating permissions
05-22 07:11:39.651   737   737 D NotificationService: 0|com.neusoft.btmusic|8001|null|1000: updating permissions
05-22 07:11:39.651   737   737 D NotificationService: 0|com.neusoft.btmusic|8001|null|1000: updating permissions
05-22 07:11:39.651   737   737 D NotificationService: 0|com.neusoft.btmusic|8001|null|1000: updating permissions
05-22 07:11:39.651   573   573 I SpiService: fgesysctrl_getGPIO_status success val=0
05-22 07:11:39.654  1517  1517 D CarNotificationListener: onNotificationPosted: StatusBarNotification(pkg=com.neusoft.btmusic user=UserHandle{0} id=8001 tag=null key=0|com.neusoft.btmusic|8001|null|1000: Notification(channel=media_playback_channel shortcut=null contentView=null vibrate=null sound=null defaults=0x0 flags=0x68 color=0x00000000 category=transport groupKey=silent actions=3 vis=PUBLIC))
05-22 07:11:39.654  1517  1517 D CarNotificationListener: Is incoming notification a group summary?: false
05-22 07:11:39.654  1812  1812 I ExtAssistant: POSTED 0|com.neusoft.btmusic|8001|null|1000
05-22 07:11:39.654  1517  1517 D NavBarFragment: onShow: AlertEntry:StatusBarNotification(pkg=com.neusoft.btmusic user=UserHandle{0} id=8001 tag=null key=0|com.neusoft.btmusic|8001|null|1000: Notification(channel=media_playback_channel shortcut=null contentView=null vibrate=null sound=null defaults=0x0 flags=0x68 color=0x00000000 category=transport groupKey=silent actions=3 vis=PUBLIC))
05-22 07:11:39.655  1517  1517 D NavBarFragment: bindMediaActions: action[0] title=Previous, intent=PendingIntent{861c608: android.os.BinderProxy@beb4470}
05-22 07:11:39.655  1517  1517 D NavBarFragment: bindMediaActions: action[1] title=Play, intent=PendingIntent{e27f1a1: android.os.BinderProxy@31b4160}
05-22 06:30:13.436   573   573 D spidev_ioctl: gpio status=0)
05-22 07:11:39.655  1517  1517 D NavBarFragment: bindMediaActions: action[2] title=Next, intent=PendingIntent{6271fc6: android.os.BinderProxy@d0c76b3}
05-22 06:30:13.450   573   573 D spi_rst_gpio_get_output: GPIO 145 value: 1
05-22 07:11:39.655  1517  1517 D NavBarFragment: bindMediaActions: previous=0, playPause=1, next=2, key=0|com.neusoft.btmusic|8001|null|1000
05-22 06:30:13.450   573   573 D spidev_ioctl: gpio status=1)
05-22 07:11:39.655  1517  1517 D NavBarFragment: updateMediaInfo: title=null, text=null, pkg=com.neusoft.btmusic
05-22 06:30:13.456   573   573 D spi_rst_gpio_get_output: GPIO 145 value: 1
05-22 06:30:13.456   573   573 D spidev_ioctl: gpio status=1)
05-22 07:11:39.658   291  1491 D EvsDriver: forwardFrame
05-22 06:30:13.461   573   573 D spi_rst_gpio_get_output: GPIO 145 value: 1
05-22 06:30:13.461   573   573 D spidev_ioctl: gpio status=1)
05-22 06:30:13.466   573   573 D spi_rst_gpio_get_output: GPIO 145 value: 1
05-22 06:30:13.466   573   573 D spidev_ioctl: gpio status=1)
05-22 06:30:13.471   573   573 D spi_rst_gpio_get_output: GPIO 145 value: 1
05-22 06:30:13.471   573   573 D spidev_ioctl: gpio status=1)
05-22 06:30:13.477   573   573 D spi_rst_gpio_get_output: GPIO 145 value: 0
05-22 06:30:13.477   573   573 D spidev_ioctl: gpio status=0)
05-22 06:30:13.490   573   573 D spi_rst_gpio_get_output: GPIO 145 value: 1
05-22 06:30:13.490   573   573 D spidev_ioctl: gpio status=1)
05-22 06:30:13.496   573   573 D spi_rst_gpio_get_output: GPIO 145 value: 1
05-22 06:30:13.496   573   573 D spidev_ioctl: gpio status=1)
05-22 06:30:13.501   573   573 D spi_rst_gpio_get_output: GPIO 145 value: 1
05-22 07:11:39.661  1137  1137 D evsmanagerd: /dev/video4 forwarded the buffer #0 to 0xb4000071fa019690 from 0xb4000071fa01b7d0
05-22 06:30:13.501   573   573 D spidev_ioctl: gpio status=1)
05-22 07:11:39.661   291  1491 D EvsDriver: Delivered 0xb400007b2f47ca30 as id 0
05-22 07:11:39.663   737  1616 D PowerController.AppState: - updateNotification() E -
05-22 07:11:39.663   737  1616 D PowerController.AppState: - updateNotification() E -
05-22 07:11:39.664  1812  1812 I ExtAssistant: POSTED 0|com.neusoft.btmusic|8001|null|1000
05-22 07:11:39.665   291  1135 D EvsDriver: doneWithFrame
05-22 07:11:39.666   573   573 I SpiService: fgesysctrl_getGPIO_status success val=1
05-22 07:11:39.667   964  1804 D [OMXB]  : usingANWBuffer: handle:0xebd40590, format:1, w:1920, h:1080
05-22 07:11:39.669  2981  3177 I SentryImuMcuAngleSender: 179.92416rollDeg
05-22 07:11:39.669  2981  3177 I SentryImuMcuAngleSender: 1,0,0
05-22 07:11:39.671   573   573 I SpiService: fgesysctrl_getGPIO_status success val=1
05-22 07:11:39.677   573   573 I SpiService: fgesysctrl_getGPIO_status success val=1
05-22 07:11:39.678  1517  1517 D CarNotificationListener: onNotificationPosted: StatusBarNotification(pkg=com.neusoft.btmusic user=UserHandle{0} id=8001 tag=null key=0|com.neusoft.btmusic|8001|null|1000: Notification(channel=media_playback_channel shortcut=null contentView=null vibrate=null sound=null defaults=0x0 flags=0x68 color=0x00000000 category=transport groupKey=silent actions=3 vis=PUBLIC))
05-22 07:11:39.679  1517  1517 D CarNotificationListener: Is incoming notification a group summary?: false
05-22 07:11:39.679  1517  1517 D NavBarFragment: onShow: AlertEntry:StatusBarNotification(pkg=com.neusoft.btmusic user=UserHandle{0} id=8001 tag=null key=0|com.neusoft.btmusic|8001|null|1000: Notification(channel=media_playback_channel shortcut=null contentView=null vibrate=null sound=null defaults=0x0 flags=0x68 color=0x00000000 category=transport groupKey=silent actions=3 vis=PUBLIC))
05-22 07:11:39.679  1517  1517 D NavBarFragment: bindMediaActions: action[0] title=Previous, intent=PendingIntent{37b0b87: android.os.BinderProxy@beb4470}
05-22 07:11:39.679  1517  1517 D NavBarFragment: bindMediaActions: action[1] title=Play, intent=PendingIntent{a513ab4: android.os.BinderProxy@31b4160}
05-22 07:11:39.679  1517  1517 D NavBarFragment: bindMediaActions: action[2] title=Next, intent=PendingIntent{fb106dd: android.os.BinderProxy@d0c76b3}
05-22 07:11:39.679  1517  1517 D NavBarFragment: bindMediaActions: previous=0, playPause=1, next=2, key=0|com.neusoft.btmusic|8001|null|1000
05-22 07:11:39.680  1517  1517 D NavBarFragment: updateMediaInfo: title=null, text=null, pkg=com.neusoft.btmusic
05-22 07:11:39.680  1026  1026 D MyAppLog: [2026-05-22 07:11:39.679 D tboxap tsp_WorkMachineProc:1086] [Tsp] [tsp_WorkMachineProc]TSP_WORK_LOGIN NOW !!!!
05-22 07:11:39.682   573   573 I SpiService: fgesysctrl_getGPIO_status success val=1
05-22 07:11:39.683   544   544 D commservice260303: msg.id = 1028,0
05-22 07:11:39.683   544   544 D commservice260303: i = 170, msgid = 8A000404
05-22 07:11:39.683   544   544 D commservice260303: msgid = -1979710460,did=138
05-22 07:11:39.683   544   544 D commservice260303: CommProtocolLibCmdBaseI2C::dataproc {"command":{"id":"imu_status","sub":""},"content":{"TimeStamp":1779405099681,"FrameCounter":8795,"GD_X":-0.009314822033047676,"GD_Y":0.007482858840376139,"GD_Z":0.017255932092666626,"AD_X":-0.003803826868534088,"AD_Y":3.459639847278595E-4,"AD_Z":-0.3309144973754883,"TempDsp":0,"Status":0,"CalibState":1,"SigAmpInvalid":0}},-1979710460
05-22 07:11:39.683   544   544 D commservice260303: send2Cluster len:323, 7B22636F6D6D616E64223A7B226964223A22696D755F737461747573222C22737562223A22227D2C22636F6E74656E74223A7B2254696D655374616D70223A313737393430353039393638312C224672616D65436F756E746572223A383739352C2247445F58223A2D302E3030393331343832323033333034373637362C2247445F59223A302E3030373438323835383834303337363133392C2247445F5A223A302E3031373235353933323039323636363632362C2241445F58223A2D302E3030333830333832363836383533343038382C2241445F59223A332E343539363339383437323738353935452D342C2241445F5A223A2D302E333330393134343937333735343838332C2254656D70447370223A302C22537461747573223A302C2243616C69625374617465223A312C22536967416D70496E76616C6964223A307D7D, 138 
05-22 07:11:39.683   544   544 D commservice260303: Push Message into SendPool fn=505610240
05-22 07:11:39.683   544   544 D commservice260303: ComProtocolLibSend2Cluster::send2ClusterRaw fn=505610240 , len=339
05-22 07:11:39.683   544   544 D commservice260303: sendCmdToPort :339!!!
05-22 07:11:39.683   544   544 D commservice260303: send Cmd To Port ++++5AA5014F8A010000231E6A0F912B7B22636F6D6D616E64223A7B226964223A22696D755F737461747573222C22737562223A22227D2C22636F6E74656E74223A7B2254696D655374616D70223A313737393430353039393638312C224672616D65436F756E746572223A383739352C2247445F58223A2D302E3030393331343832323033333034373637362C2247445F59223A302E3030373438323835383834303337363133392C2247445F5A223A302E3031373235353933323039323636363632362C2241445F58223A2D302E3030333830333832363836383533343038382C2241445F59223A332E343539363339383437323738353935452D342C2241445F5A223A2D302E333330393134343937333735343838332C2254656D70447370223A302C22537461747573223A302C2243616C69625374617465223A312C22536967416D70496E76616C6964223A307D7DC954
05-22 07:11:39.683   544   544 D commservice260303: bufferevent_write retrun value = 0
05-22 07:11:39.683   544   567 D commservice260303: client datas send succeed,send finish
05-22 07:11:39.684  2981  3178 D Sentinelmode_1.2.5.13_alpha: <SentryImuClusterFgeSender>imu_status sent to Linux, frame=8795, tsNs=384651, tsMs=1779405099681, intervalMs=41, ad=(-0.0038038269,3.4596398E-4,-0.3309145), gd=(-0.009314822,0.007482859,0.017255932)
05-22 06:30:13.506   573   573 D spi_rst_gpio_get_output: GPIO 145 value: 1
05-22 07:11:39.688   573   573 I SpiService: fgesysctrl_getGPIO_status success val=1
05-22 06:30:13.506   573   573 D spidev_ioctl: gpio status=1)
05-22 06:30:13.512   573   573 D spi_rst_gpio_get_output: GPIO 145 value: 1
05-22 06:30:13.512   573   573 D spidev_ioctl: gpio status=1)
05-22 07:11:39.689  2981  3177 I SentryImuMcuAngleSender: 179.91727rollDeg
05-22 07:11:39.689  2981  3177 I SentryImuMcuAngleSender: 1,0,0
05-22 07:11:39.693   276   300 I rvcservice: t.code = 3, t.value = 0
05-22 07:11:39.693   573   573 I SpiService: fgesysctrl_getGPIO_status success val=0
05-22 07:11:39.695   291  1491 D EvsDriver: forwardFrame
05-22 07:11:39.696  1137  1137 D evsmanagerd: /dev/video4 forwarded the buffer #0 to 0xb4000071fa019690 from 0xb4000071fa01b7d0
05-22 07:11:39.697   291  1491 D EvsDriver: Delivered 0xb400007b2f47ca30 as id 0
05-22 07:11:39.701   291  1135 D EvsDriver: doneWithFrame
05-22 07:11:39.703   964  1804 D [OMXB]  : usingANWBuffer: handle:0xebd42cc0, format:1, w:1920, h:1080
05-22 07:11:39.707   573   573 I SpiService: fgesysctrl_getGPIO_status success val=1
05-22 07:11:39.710  2981  3177 I SentryImuMcuAngleSender: 179.9138rollDeg
05-22 07:11:39.710  2981  3177 I SentryImuMcuAngleSender: 1,0,0
05-22 06:30:13.517   573   573 D spi_rst_gpio_get_output: GPIO 145 value: 0
05-22 06:30:13.517   573   573 D spidev_ioctl: gpio status=0)
05-22 07:11:39.712   573   573 I SpiService: fgesysctrl_getGPIO_status success val=1
05-22 06:30:13.531   573   573 D spi_rst_gpio_get_output: GPIO 145 value: 1
05-22 06:30:13.531   573   573 D spidev_ioctl: gpio status=1)
05-22 06:30:13.536   573   573 D spi_rst_gpio_get_output: GPIO 145 value: 1
05-22 06:30:13.536   573   573 D spidev_ioctl: gpio status=1)
05-22 07:11:39.717   573   573 I SpiService: fgesysctrl_getGPIO_status success val=1
05-22 06:30:13.542   573   573 D spi_rst_gpio_get_output: GPIO 145 value: 1
05-22 07:11:39.717   291  1491 D EvsDriver: forwardFrame
05-22 06:30:13.542   573   573 D spidev_ioctl: gpio status=1)
05-22 06:30:13.547   573   573 D spi_rst_gpio_get_output: GPIO 145 value: 1
05-22 07:11:39.718   291  1491 D EvsDriver: Delivered 0xb400007b2f47ca30 as id 0
05-22 06:30:13.547   573   573 D spidev_ioctl: gpio status=1)
05-22 06:30:13.552   573   573 D spi_rst_gpio_get_output: GPIO 145 value: 1
05-22 06:30:13.552   573   573 D spidev_ioctl: gpio status=1)
05-22 06:30:13.557   573   573 D spi_rst_gpio_get_output: GPIO 145 value: 0
05-22 06:30:13.557   573   573 D spidev_ioctl: gpio status=0)
05-22 06:30:13.571   573   573 D spi_rst_gpio_get_output: GPIO 145 value: 1
05-22 06:30:13.571   573   573 D spidev_ioctl: gpio status=1)
05-22 06:30:13.576   573   573 D spi_rst_gpio_get_output: GPIO 145 value: 1
05-22 06:30:13.576   573   573 D spidev_ioctl: gpio status=1)
05-22 07:11:39.718  1137  1137 D evsmanagerd: /dev/video4 forwarded the buffer #0 to 0xb4000071fa019690 from 0xb4000071fa01b7d0
05-22 07:11:39.719   544  3080 D commservice260303: send heart beat package to Cluster
05-22 07:11:39.719   544  3080 D commservice260303: send2Cluster len:40, 7B22636F6D6D616E64223A7B226964223A22686561727462656174222C22737562223A22227D7D0A, 129 
05-22 07:11:39.719   544  3080 D commservice260303: Push Message into SendPool fn=522387456
05-22 07:11:39.719   544  3080 D commservice260303: ComProtocolLibSend2Cluster::send2ClusterRaw fn=522387456 , len=56
05-22 07:11:39.719   544  3080 D commservice260303: sendCmdToPort :56!!!
05-22 07:11:39.719   544  3080 D commservice260303: send Cmd To Port ++++5AA5003481010000231F6A0F912B7B22636F6D6D616E64223A7B226964223A22686561727462656174222C22737562223A22227D7D0AB1B2
05-22 07:11:39.719   544  3080 D commservice260303: bufferevent_write retrun value = 0
05-22 07:11:39.720   544   567 D commservice260303: client datas send succeed,send finish
05-22 07:11:39.720   291  1135 D EvsDriver: doneWithFrame
05-22 07:11:39.721   544   544 D commservice260303: msg.id = 1028,0
05-22 07:11:39.721   544   544 D commservice260303: i = 170, msgid = 8A000404
05-22 07:11:39.721   544   544 D commservice260303: msgid = -1979710460,did=138
05-22 07:11:39.721   544   544 D commservice260303: CommProtocolLibCmdBaseI2C::dataproc {"command":{"id":"imu_status","sub":""},"content":{"TimeStamp":1779405099721,"FrameCounter":8796,"GD_X":-0.008781149983406067,"GD_Y":0.007788185961544514,"GD_Z":0.01779116503894329,"AD_X":-0.004413805902004242,"AD_Y":0.0027832109481096268,"AD_Z":-0.3296947479248047,"TempDsp":0,"Status":0,"CalibState":1,"SigAmpInvalid":0}},-1979710460
05-22 07:11:39.722   544   567 D commservice260303: recv len:91, 5AA5005701000000022D6A0F912B7B22636F6D6D616E64223A7B226964223A22686561727462656174222C22737562223A22227D2C22726573706F6E65223A7B22636F6465223A302C226D657373616765223A226F6B227D7DAE2E from server
05-22 07:11:39.722   544   544 D commservice260303: send2Cluster len:323, 7B22636F6D6D616E64223A7B226964223A22696D755F737461747573222C22737562223A22227D2C22636F6E74656E74223A7B2254696D655374616D70223A313737393430353039393732312C224672616D65436F756E746572223A383739362C2247445F58223A2D302E3030383738313134393938333430363036372C2247445F59223A302E3030373738383138353936313534343531342C2247445F5A223A302E30313737393131363530333839343332392C2241445F58223A2D302E3030343431333830353930323030343234322C2241445F59223A302E303032373833323130393438313039363236382C2241445F5A223A2D302E333239363934373437393234383034372C2254656D70447370223A302C22537461747573223A302C2243616C69625374617465223A312C22536967416D70496E76616C6964223A307D7D, 138 
05-22 06:30:13.582   573   573 D spi_rst_gpio_get_output: GPIO 145 value: 1
05-22 07:11:39.722   544   544 D commservice260303: Push Message into SendPool fn=539164672
05-22 07:11:39.722   544   544 D commservice260303: ComProtocolLibSend2Cluster::send2ClusterRaw fn=539164672 , len=339
05-22 07:11:39.722   544  3079 D commservice260303: mcuDataAnalyzeHandle templen:91,len:91,pos:0, 5AA5005701000000022D6A0F912B7B22636F6D6D616E64223A7B226964223A22686561727462656174222C22737562223A22227D2C22726573706F6E65223A7B22636F6465223A302C226D657373616765223A226F6B227D7DAE2E 
05-22 07:11:39.722   544   544 D commservice260303: sendCmdToPort :339!!!
05-22 07:11:39.722   544  3079 I commservice260303: checksumCal = 44590
05-22 07:11:39.722   544  3079 D commservice260303: Protocol_C2I_Commservice::dataproc {"command":{"id":"heartbeat","sub":""},"respone":{"code":0,"message":"ok"}},1
05-22 07:11:39.722   544   544 D commservice260303: send Cmd To Port ++++5AA5014F8A01000023206A0F912B7B22636F6D6D616E64223A7B226964223A22696D755F737461747573222C22737562223A22227D2C22636F6E74656E74223A7B2254696D655374616D70223A313737393430353039393732312C224672616D65436F756E746572223A383739362C2247445F58223A2D302E3030383738313134393938333430363036372C2247445F59223A302E3030373738383138353936313534343531342C2247445F5A223A302E30313737393131363530333839343332392C2241445F58223A2D302E3030343431333830353930323030343234322C2241445F59223A302E303032373833323130393438313039363236382C2241445F5A223A2D302E333239363934373437393234383034372C2254656D70447370223A302C22537461747573223A302C2243616C69625374617465223A312C22536967416D70496E76616C6964223A307D7DC847
05-22 07:11:39.722   544  3079 D commservice260303: Protocol_C2I_Commservice::dataproc Receive a heartbeat command from Cluster, setTcpHeartbeat = EID_UID_HEARTBEAT
05-22 07:11:39.722   544   544 D commservice260303: bufferevent_write retrun value = 0
05-22 07:11:39.722   544   567 D commservice260303: client datas send succeed,send finish
05-22 07:11:39.722  2981  3178 D Sentinelmode_1.2.5.13_alpha: <SentryImuClusterFgeSender>imu_status sent to Linux, frame=8796, tsNs=384687, tsMs=1779405099721, intervalMs=39, ad=(-0.004413806,0.002783211,-0.32969475), gd=(-0.00878115,0.007788186,0.017791165)
05-22 07:11:39.723   573   573 I SpiService: fgesysctrl_getGPIO_status success val=1
05-22 07:11:39.723   565   565 I Sensors : 230 AccelSensor: x:-0.112240,y:0.013420,z:-10.135760
05-22 07:11:39.728   573   573 I SpiService: fgesysctrl_getGPIO_status success val=1
05-22 07:11:39.730  2981  3177 I SentryImuMcuAngleSender: 179.92415rollDeg
05-22 07:11:39.730  2981  3177 I SentryImuMcuAngleSender: 1,0,0
05-22 07:11:39.733   573   573 I SpiService: fgesysctrl_getGPIO_status success val=0
05-22 07:11:39.746  3735  3735 D NSLogUtils_BluetoothController: 正在检查已连接的蓝牙设备
05-22 07:11:39.747   573   573 I SpiService: fgesysctrl_getGPIO_status success val=1
05-22 07:11:39.748  3735  3735 D NSLogUtils_BluetoothController: 未发现已配对设备
05-22 07:11:39.748  3735  3735 D NSLogUtils_BluetoothController: 正在检查当前A2DP连接状态
05-22 07:11:39.748  5618  5632 D A2dpSinkService: getDevicesMatchingConnectionStates[2]
05-22 07:11:39.748  5618  5632 D A2dpSinkService: []
05-22 07:11:39.748  5618  5632 D A2dpSinkService: GetDevicesDone
05-22 07:11:39.749  3735  3735 D NSLogUtils_BluetoothController: 未发现活跃的A2DP连接
05-22 07:11:39.749  3735  3735 D NSLogUtils_MainActivity: Bluetooth connection status callback->true a2dpIsConnect=false switch status=false
05-22 07:11:39.749  3735  3735 D NSLogUtils_MainActivity: Device name->vivo X10
05-22 07:11:39.749  3735  3735 D BluetoothController: changeConnected  isConnected->false
05-22 07:11:39.749  3735  3735 D NSLogUtils_MainActivity: Bluetooth connection status callback->false a2dpIsConnect=false switch status=false
05-22 07:11:39.749  3735  3735 D NSLogUtils_MainActivity: Device name->vivo X10
05-22 07:11:39.749  3735  3735 D NSLogUtils_MainActivity: Bluetooth connection status callback->false a2dpIsConnect=false switch status=false
05-22 07:11:39.749  3735  3735 D NSLogUtils_MainActivity: Device name->
05-22 07:11:39.749  3735  3735 D NSLogUtils_BluetoothController: 未发现已连接设备
05-22 07:11:39.751  2981  3177 I SentryImuMcuAngleSender: 179.92416rollDeg
05-22 07:11:39.751  2981  3177 I SentryImuMcuAngleSender: 1,0,0
05-22 07:11:39.751  3735  3735 D NSLogUtils_BluetoothController: 正在检查已连接的蓝牙设备
05-22 07:11:39.752   291  1491 D EvsDriver: forwardFrame
05-22 07:11:39.752   573   573 I SpiService: fgesysctrl_getGPIO_status success val=1
05-22 07:11:39.752  3735  3735 D NSLogUtils_BluetoothController: 未发现已配对设备
05-22 07:11:39.752  3735  3735 D NSLogUtils_BluetoothController: 正在检查当前A2DP连接状态
05-22 07:11:39.754  5618  5632 D A2dpSinkService: getDevicesMatchingConnectionStates[2]
05-22 07:11:39.754  5618  5632 D A2dpSinkService: []
05-22 07:11:39.754  5618  5632 D A2dpSinkService: GetDevicesDone
05-22 07:11:39.754  1137  1137 D evsmanagerd: /dev/video4 forwarded the buffer #0 to 0xb4000071fa019690 from 0xb4000071fa01b7d0
05-22 07:11:39.754   291  1491 D EvsDriver: Delivered 0xb400007b2f47ca30 as id 0
05-22 07:11:39.754  3735  3735 D NSLogUtils_BluetoothController: 未发现活跃的A2DP连接
05-22 07:11:39.754  3735  3735 D NSLogUtils_MainActivity: Bluetooth connection status callback->false a2dpIsConnect=false switch status=false
05-22 07:11:39.754  3735  3735 D NSLogUtils_MainActivity: Device name->
05-22 07:11:39.754  3735  3735 D BluetoothController: changeConnected  isConnected->false
05-22 07:11:39.754  3735  3735 D NSLogUtils_MainActivity: Bluetooth connection status callback->false a2dpIsConnect=false switch status=false
05-22 07:11:39.754  3735  3735 D NSLogUtils_MainActivity: Device name->
05-22 07:11:39.754  3735  3735 D NSLogUtils_MainActivity: Bluetooth connection status callback->false a2dpIsConnect=false switch status=false
05-22 07:11:39.754  3735  3735 D NSLogUtils_MainActivity: Device name->
05-22 07:11:39.754  3735  3735 D NSLogUtils_BluetoothController: 未发现已连接设备
05-22 07:11:39.756   291  1135 D EvsDriver: doneWithFrame
05-22 07:11:39.758   964  1804 D [OMXB]  : usingANWBuffer: handle:0xebd41ae0, format:1, w:1920, h:1080
05-22 07:11:39.758   573   573 I SpiService: fgesysctrl_getGPIO_status success val=1
05-22 07:11:39.759   565   565 I Sensors : 230 GyroSensor: x:-0.008933,y:0.007712,z:0.017180
05-22 07:11:39.760  2981  3170 D SVR_MNG_SvrMngProxy: getServer: mSvrManger is null
05-22 07:11:39.760  2981  3170 D SVR_MNG_SvrMngProxy: getNewStub: 
05-22 07:11:39.760  2981  3170 D SVR_MNG_SvrMngProxy: getNewStub: getSvrManagerService start
05-22 07:11:39.763   573   573 I SpiService: fgesysctrl_getGPIO_status success val=1
05-22 07:11:39.764   544   544 D commservice260303: msg.id = 1028,0
05-22 07:11:39.764   544   544 D commservice260303: i = 170, msgid = 8A000404
05-22 07:11:39.764   544   544 D commservice260303: msgid = -1979710460,did=138
05-22 07:11:39.764  2981  3170 D SVR_MNG_SvrMngProxy: getNewStub: getSvrManagerService end
05-22 07:11:39.764   544   544 D commservice260303: CommProtocolLibCmdBaseI2C::dataproc {"command":{"id":"imu_status","sub":""},"content":{"TimeStamp":1779405099763,"FrameCounter":8797,"GD_X":-0.008933032862842083,"GD_Y":0.007712244056165218,"GD_Z":0.01717999018728733,"AD_X":-0.0044122859835624695,"AD_Y":-2.658907324075699E-4,"AD_Z":-0.3315248489379883,"TempDsp":0,"Status":0,"CalibState":1,"SigAmpInvalid":0}},-1979710460
05-22 07:11:39.764  2981  3170 D SVR_MNG_SvrMngProxy: getServer: svrMngService doesn't start
05-22 07:11:39.764   544   544 D commservice260303: send2Cluster len:324, 7B22636F6D6D616E64223A7B226964223A22696D755F737461747573222C22737562223A22227D2C22636F6E74656E74223A7B2254696D655374616D70223A313737393430353039393736332C224672616D65436F756E746572223A383739372C2247445F58223A2D302E3030383933333033323836323834323038332C2247445F59223A302E3030373731323234343035363136353231382C2247445F5A223A302E30313731373939393031383732383733332C2241445F58223A2D302E303034343132323835393833353632343639352C2241445F59223A2D322E363538393037333234303735363939452D342C2241445F5A223A2D302E333331353234383438393337393838332C2254656D70447370223A302C22537461747573223A302C2243616C69625374617465223A312C22536967416D70496E76616C6964223A307D7D, 138 
05-22 07:11:39.764   544   544 D commservice260303: Push Message into SendPool fn=555941888
05-22 07:11:39.764   544   544 D commservice260303: ComProtocolLibSend2Cluster::send2ClusterRaw fn=555941888 , len=340
05-22 07:11:39.764   544   544 D commservice260303: sendCmdToPort :340!!!
05-22 07:11:39.764   544   544 D commservice260303: send Cmd To Port ++++5AA501508A01000023216A0F912B7B22636F6D6D616E64223A7B226964223A22696D755F737461747573222C22737562223A22227D2C22636F6E74656E74223A7B2254696D655374616D70223A313737393430353039393736332C224672616D65436F756E746572223A383739372C2247445F58223A2D302E3030383933333033323836323834323038332C2247445F59223A302E3030373731323234343035363136353231382C2247445F5A223A302E30313731373939393031383732383733332C2241445F58223A2D302E303034343132323835393833353632343639352C2241445F59223A2D322E363538393037333234303735363939452D342C2241445F5A223A2D302E333331353234383438393337393838332C2254656D70447370223A302C22537461747573223A302C2243616C69625374617465223A312C22536967416D70496E76616C6964223A307D7DDCB7
05-22 07:11:39.764   544   544 D commservice260303: bufferevent_write retrun value = 0
05-22 07:11:39.764  2981  3178 D Sentinelmode_1.2.5.13_alpha: <SentryImuClusterFgeSender>imu_status sent to Linux, frame=8797, tsNs=384741, tsMs=1779405099763, intervalMs=42, ad=(-0.004412286,-2.6589073E-4,-0.33152485), gd=(-0.008933033,0.007712244,0.01717999)
05-22 07:11:39.764   544   567 D commservice260303: client datas send succeed,send finish
05-22 07:11:39.768   573   573 I SpiService: fgesysctrl_getGPIO_status success val=1
05-22 07:11:39.771  2981  3177 I SentryImuMcuAngleSender: 179.93105rollDeg
05-22 07:11:39.771  2981  3177 I SentryImuMcuAngleSender: 1,0,0
05-22 07:11:39.774   573   573 I SpiService: fgesysctrl_getGPIO_status success val=0
05-22 07:11:39.786   291  1491 D EvsDriver: forwardFrame
05-22 07:11:39.787   291  1491 D EvsDriver: Delivered 0xb400007b2f47ca30 as id 0
05-22 07:11:39.787  1137  1137 D evsmanagerd: /dev/video4 forwarded the buffer #0 to 0xb4000071fa019690 from 0xb4000071fa01b7d0
05-22 07:11:39.788   573   573 I SpiService: fgesysctrl_getGPIO_status success val=1
05-22 07:11:39.790   291  1135 D EvsDriver: doneWithFrame
05-22 07:11:39.791  2981  3177 I SentryImuMcuAngleSender: 179.93794rollDeg
05-22 07:11:39.791  2981  3177 I SentryImuMcuAngleSender: 1,0,0
05-22 07:11:39.792   964  1804 D [OMXB]  : usingANWBuffer: handle:0xebd40d20, format:1, w:1920, h:1080
05-22 07:11:39.793   573   573 I SpiService: fgesysctrl_getGPIO_status success val=1
05-22 07:11:39.793   276   300 I rvcservice: t.code = 0, t.value = 13420
05-22 07:11:39.798   573   573 I SpiService: fgesysctrl_getGPIO_status success val=1
05-22 07:11:39.803   573   573 I SpiService: fgesysctrl_getGPIO_status success val=1
05-22 07:11:39.804   544   544 D commservice260303: msg.id = 1028,0
05-22 07:11:39.804   544   544 D commservice260303: i = 170, msgid = 8A000404
05-22 07:11:39.804   544   544 D commservice260303: msgid = -1979710460,did=138
05-22 07:11:39.804   544   544 D commservice260303: CommProtocolLibCmdBaseI2C::dataproc {"command":{"id":"imu_status","sub":""},"content":{"TimeStamp":1779405099803,"FrameCounter":8798,"GD_X":-0.009544207714498043,"GD_Y":0.007864127866923809,"GD_Z":0.017104048281908035,"AD_X":-0.008066684007644653,"AD_Y":3.4440401941537857E-4,"AD_Z":-0.33457469940185547,"TempDsp":0,"Status":0,"CalibState":1,"SigAmpInvalid":0}},-1979710460
05-22 07:11:39.804   544   544 D commservice260303: send2Cluster len:325, 7B22636F6D6D616E64223A7B226964223A22696D755F737461747573222C22737562223A22227D2C22636F6E74656E74223A7B2254696D655374616D70223A313737393430353039393830332C224672616D65436F756E746572223A383739382C2247445F58223A2D302E3030393534343230373731343439383034332C2247445F59223A302E3030373836343132373836363932333830392C2247445F5A223A302E3031373130343034383238313930383033352C2241445F58223A2D302E3030383036363638343030373634343635332C2241445F59223A332E34343430343031393431353337383537452D342C2241445F5A223A2D302E33333435373436393934303138353534372C2254656D70447370223A302C22537461747573223A302C2243616C69625374617465223A312C22536967416D70496E76616C6964223A307D7D, 138 
05-22 07:11:39.804   544   544 D commservice260303: Push Message into SendPool fn=572719104
05-22 07:11:39.804   544   544 D commservice260303: ComProtocolLibSend2Cluster::send2ClusterRaw fn=572719104 , len=341
05-22 07:11:39.804   544   544 D commservice260303: sendCmdToPort :341!!!
05-22 07:11:39.804   544   544 D commservice260303: send Cmd To Port ++++5AA501518A01000023226A0F912B7B22636F6D6D616E64223A7B226964223A22696D755F737461747573222C22737562223A22227D2C22636F6E74656E74223A7B2254696D655374616D70223A313737393430353039393830332C224672616D65436F756E746572223A383739382C2247445F58223A2D302E3030393534343230373731343439383034332C2247445F59223A302E3030373836343132373836363932333830392C2247445F5A223A302E3031373130343034383238313930383033352C2241445F58223A2D302E3030383036363638343030373634343635332C2241445F59223A332E34343430343031393431353337383537452D342C2241445F5A223A2D302E33333435373436393934303138353534372C2254656D70447370223A302C22537461747573223A302C2243616C69625374617465223A312C22536967416D70496E76616C6964223A307D7DD6BD
05-22 07:11:39.805   544   544 D commservice260303: bufferevent_write retrun value = 0
05-22 07:11:39.805   544   567 D commservice260303: client datas send succeed,send finish
05-22 07:11:39.805  2981  3178 D Sentinelmode_1.2.5.13_alpha: <SentryImuClusterFgeSender>imu_status sent to Linux, frame=8798, tsNs=384777, tsMs=1779405099803, intervalMs=41, ad=(-0.008066684,3.4440402E-4,-0.3345747), gd=(-0.009544208,0.007864128,0.017104048)
05-22 07:11:39.809   573   573 I SpiService: fgesysctrl_getGPIO_status success val=1
05-22 07:11:39.812  2981  3177 I SentryImuMcuAngleSender: 179.92763rollDeg
05-22 07:11:39.812  2981  3177 I SentryImuMcuAngleSender: 1,0,0
05-22 07:11:39.814   573   573 I SpiService: fgesysctrl_getGPIO_status success val=0
05-22 07:11:39.818  1658  2553 D AIN-ExternalMapLocation: MSG_LOCATE
05-22 07:11:39.818  1658  2553 D AIN-CustomMapProxy: sendMsgToCustomMap hascallback : false
05-22 07:11:39.818  1658  2553 D AIN-ServiceHub: getService with: name = service_multi_dhu_control
05-22 07:11:39.818  1658  2553 D AIN-NaviThirdPartyAccessor: hasCallback : false
05-22 07:11:39.818  1658  2553 D AIN-NaviThirdPartyAccessor: sendMsgToCustomMap msg : {"needResponse":true,"protocolFrom":"com.aispeech.lyra.daemon","protocolId":14012,"protocolVersion":"v1","requestCode":"dd95f948-af68-409e-8ecb-300fd90dc784"}
05-22 07:11:39.819  1658  2553 I AIN-CustomMapProxy: requestCurLocation，requestLocationCount=72 callTag=toLocate
05-22 07:11:39.820   291  1491 D EvsDriver: forwardFrame
05-22 07:11:39.821   291  1491 D EvsDriver: Delivered 0xb400007b2f47ca30 as id 0
05-22 07:11:39.821  1137  1137 D evsmanagerd: /dev/video4 forwarded the buffer #0 to 0xb4000071fa019690 from 0xb4000071fa01b7d0
05-22 07:11:39.822   291  1135 D EvsDriver: doneWithFrame
05-22 07:11:39.828   573   573 I SpiService: fgesysctrl_getGPIO_status success val=1
05-22 07:11:39.831  3735  3735 D NSLogUtils_BluetoothController: 正在检查已连接的蓝牙设备
05-22 07:11:39.832  2981  3177 I SentryImuMcuAngleSender: 179.91385rollDeg
05-22 07:11:39.832  2981  3177 I SentryImuMcuAngleSender: 1,0,0
05-22 07:11:39.832  3735  3735 D NSLogUtils_BluetoothController: 未发现已配对设备
05-22 07:11:39.832  3735  3735 D NSLogUtils_BluetoothController: 正在检查当前A2DP连接状态
05-22 07:11:39.833  5618  5632 D A2dpSinkService: getDevicesMatchingConnectionStates[2]
05-22 07:11:39.833  5618  5632 D A2dpSinkService: []
05-22 07:11:39.833  5618  5632 D A2dpSinkService: GetDevicesDone
05-22 07:11:39.833  3735  3735 D NSLogUtils_BluetoothController: 未发现活跃的A2DP连接
05-22 07:11:39.833  3735  3735 D NSLogUtils_MainActivity: Bluetooth connection status callback->false a2dpIsConnect=false switch status=false
05-22 07:11:39.833  3735  3735 D NSLogUtils_MainActivity: Device name->
05-22 07:11:39.833   573   573 I SpiService: fgesysctrl_getGPIO_status success val=1
05-22 07:11:39.833  3735  3735 D BluetoothController: changeConnected  isConnected->false
05-22 07:11:39.833  3735  3735 D NSLogUtils_MainActivity: Bluetooth connection status callback->false a2dpIsConnect=false switch status=false
05-22 07:11:39.833  3735  3735 D NSLogUtils_MainActivity: Device name->
05-22 07:11:39.833  3735  3735 D NSLogUtils_MainActivity: Bluetooth connection status callback->false a2dpIsConnect=false switch status=false
05-22 07:11:39.833  3735  3735 D NSLogUtils_MainActivity: Device name->
05-22 07:11:39.833  3735  3735 D NSLogUtils_BluetoothController: 未发现已连接设备
05-22 07:11:39.838   573   573 I SpiService: fgesysctrl_getGPIO_status success val=1
05-22 07:11:39.844   573   573 I SpiService: fgesysctrl_getGPIO_status success val=1
05-22 07:11:39.844   544   544 D commservice260303: msg.id = 1028,1
05-22 07:11:39.844   544   544 D commservice260303: i = 170, msgid = 8A000404
05-22 07:11:39.844   544   544 D commservice260303: msgid = -1979710460,did=138
05-22 07:11:39.844   544   544 D commservice260303: CommProtocolLibCmdBaseI2C::dataproc {"command":{"id":"imu_status","sub":""},"content":{"TimeStamp":1779405099844,"FrameCounter":8799,"GD_X":-0.00923888012766838,"GD_Y":0.007634742185473442,"GD_Z":0.018248895183205605,"AD_X":-0.004405878484249115,"AD_Y":0.002781677059829235,"AD_Z":-0.33457469940185547,"TempDsp":0,"Status":0,"CalibState":1,"SigAmpInvalid":0}},-1979710460
