05-22 07:11:47.507   544   544 D commservice260303: send2Cluster len:326, 7B22636F6D6D616E64223A7B226964223A22696D755F737461747573222C22737562223A22227D2C22636F6E74656E74223A7B2254696D655374616D70223A313737393430353130373530362C224672616D65436F756E746572223A383938382C2247445F58223A2D302E3030393932353939363838343730333633362C2247445F59223A302E303037333239393334373432333031373032352C2247445F5A223A302E30313735363137373834323631373033352C2241445F58223A2D302E303031383935363531323231323735333239362C2241445F59223A2D302E303031343337323232353835303832303534312C2241445F5A223A2D302E333332313335323030353030343838332C2254656D70447370223A302C22537461747573223A302C2243616C69625374617465223A312C22536967416D70496E76616C6964223A307D7D, 138 
05-22 07:11:47.507   544   544 D commservice260303: Push Message into SendPool fn=-484245504
05-22 07:11:47.507   544   544 D commservice260303: ComProtocolLibSend2Cluster::send2ClusterRaw fn=-484245504 , len=342
05-22 07:11:47.507   544   544 D commservice260303: sendCmdToPort :342!!!
05-22 07:11:47.507   544   544 D commservice260303: send Cmd To Port ++++5AA501528A01000023E36A0F91337B22636F6D6D616E64223A7B226964223A22696D755F737461747573222C22737562223A22227D2C22636F6E74656E74223A7B2254696D655374616D70223A313737393430353130373530362C224672616D65436F756E746572223A383938382C2247445F58223A2D302E3030393932353939363838343730333633362C2247445F59223A302E303037333239393334373432333031373032352C2247445F5A223A302E30313735363137373834323631373033352C2241445F58223A2D302E303031383935363531323231323735333239362C2241445F59223A2D302E303031343337323232353835303832303534312C2241445F5A223A2D302E333332313335323030353030343838332C2254656D70447370223A302C22537461747573223A302C2243616C69625374617465223A312C22536967416D70496E76616C6964223A307D7DF92E
05-22 07:11:47.507   544   544 D commservice260303: bufferevent_write retrun value = 0
05-22 07:11:47.507   544   567 D commservice260303: client datas send succeed,send finish
05-22 07:11:47.508  2981  3177 I SentryImuMcuAngleSender: 179.93794rollDeg
05-22 07:11:47.508  2981  3177 I SentryImuMcuAngleSender: 1,0,0
05-22 07:11:47.508  2981  3178 D Sentinelmode_1.2.5.13_alpha: <SentryImuClusterFgeSender>imu_status sent to Linux, frame=8988, tsNs=392474, tsMs=1779405107506, intervalMs=42, ad=(-0.0018956512,-0.0014372226,-0.3321352), gd=(-0.009925997,0.0073299347,0.017561778)
05-22 06:30:21.250   573   573 D spi_rst_gpio_get_output: GPIO 145 value: 1
05-22 06:30:21.250   573   573 D spidev_ioctl: gpio status=1)
05-22 07:11:47.510   276   300 I rvcservice: t.code = 3, t.value = 0
05-22 07:11:47.511   737  1338 D InputReader: syncTouch: pointerCount 1 -> 1, touching ids 0x80000000 -> 0x80000000, hovering ids 0x00000000 -> 0x00000000, canceled ids 0x00000000
05-22 07:11:47.511   737  1338 D InputReader: dispatchTouches action MOVE now(ns): 392493943217
05-22 07:11:47.511   737  1338 D InputReader: notifyMotion call dispatcher
05-22 07:11:47.512   737   761 D VelocityTracker: VelocityTracker: addMovement eventTime=392493717000, idBits=0x80000000, activePointerId=0
05-22 07:11:47.512   573   573 I SpiService: fgesysctrl_getGPIO_status success val=1
05-22 07:11:47.512   737   761 D VelocityTracker: solveLeastSquares: m=2, n=2, x=[ 0.000000, -0.017461 ], y=[ 815.362976, 815.362976 ], w=[ 1.000000, 1.000000 ]
05-22 07:11:47.512   737   761 D VelocityTracker:   - a=[ [ 1.000000, 0.000000 ], [ 1.000000, -0.017461 ] ]
05-22 07:11:47.512   737   761 D VelocityTracker:   - q=[ [ 0.707107, 0.707107 ], [ 0.707107, -0.707107 ] ]
05-22 07:11:47.513   737   761 D VelocityTracker:   - r=[ [ 1.414214, -0.012347 ], [ 0.000000, 0.012347 ] ]
05-22 07:11:47.513   737   761 D VelocityTracker:   - qr=[ [ 1.000000, 0.000000 ], [ 1.000000, -0.017461 ] ]
05-22 07:11:47.513   737   761 D VelocityTracker:   - b=[ 815.363037, 0.000000 ]
05-22 07:11:47.513   737   761 D VelocityTracker:   - sserr=0.000000
05-22 07:11:47.513   737   761 D VelocityTracker:   - sstot=0.000000
05-22 07:11:47.513   737   761 D VelocityTracker:   - det=1.000000
05-22 07:11:47.513   737   761 D VelocityTracker: solveLeastSquares: m=2, n=2, x=[ 0.000000, -0.017461 ], y=[ 683.051331, 684.049927 ], w=[ 1.000000, 1.000000 ]
05-22 07:11:47.513   737   761 D VelocityTracker:   - a=[ [ 1.000000, 0.000000 ], [ 1.000000, -0.017461 ] ]
05-22 07:11:47.513   737   761 D VelocityTracker:   - q=[ [ 0.707107, 0.707107 ], [ 0.707107, -0.707107 ] ]
05-22 06:30:21.256   573   573 D spi_rst_gpio_get_output: GPIO 145 value: 1
05-22 06:30:21.256   573   573 D spidev_ioctl: gpio status=1)
05-22 07:11:47.513   737   761 D VelocityTracker:   - r=[ [ 1.414214, -0.012347 ], [ 0.000000, 0.012347 ] ]
05-22 07:11:47.513   737   761 D VelocityTracker:   - qr=[ [ 1.000000, 0.000000 ], [ 1.000000, -0.017461 ] ]
05-22 07:11:47.514   737   761 D VelocityTracker:   - b=[ 683.051331, -57.190216 ]
05-22 07:11:47.514   737   761 D VelocityTracker:   - sserr=0.000000
05-22 07:11:47.514   737   761 D VelocityTracker:   - sstot=0.498597
05-22 07:11:47.514   737   761 D VelocityTracker:   - det=1.000000
05-22 07:11:47.514   737   761 D VelocityTracker: estimate: degree=1, xCoeff=[ 815.363037, 0.000000 ], yCoeff=[ 683.051331, -57.190216 ], confidence=1.000000
05-22 07:11:47.514   737   761 D VelocityTracker:   0: position (815.363, 683.051), estimator (degree=1, xCoeff=[ 815.363037, 0.000000 ], yCoeff=[ 683.051331, -57.190216 ], confidence=1.000000)
05-22 07:11:47.514   737   761 D VelocityTracker: VelocityTracker: addMovement eventTime=392493717000, idBits=0x80000000, activePointerId=0
05-22 07:11:47.514   737   761 D VelocityTracker: solveLeastSquares: m=2, n=2, x=[ 0.000000, -0.017461 ], y=[ 815.362976, 815.362976 ], w=[ 1.000000, 1.000000 ]
05-22 07:11:47.514   737   761 D VelocityTracker:   - a=[ [ 1.000000, 0.000000 ], [ 1.000000, -0.017461 ] ]
05-22 07:11:47.514   737   761 D VelocityTracker:   - q=[ [ 0.707107, 0.707107 ], [ 0.707107, -0.707107 ] ]
05-22 07:11:47.514   737   761 D VelocityTracker:   - r=[ [ 1.414214, -0.012347 ], [ 0.000000, 0.012347 ] ]
05-22 07:11:47.515   737   761 D VelocityTracker:   - qr=[ [ 1.000000, 0.000000 ], [ 1.000000, -0.017461 ] ]
05-22 07:11:47.515   737   761 D VelocityTracker:   - b=[ 815.363037, 0.000000 ]
05-22 07:11:47.515   737   761 D VelocityTracker:   - sserr=0.000000
05-22 07:11:47.515   737   761 D VelocityTracker:   - sstot=0.000000
05-22 07:11:47.515   737   761 D VelocityTracker:   - det=1.000000
05-22 07:11:47.515   737   761 D VelocityTracker: solveLeastSquares: m=2, n=2, x=[ 0.000000, -0.017461 ], y=[ 683.051331, 684.049927 ], w=[ 1.000000, 1.000000 ]
05-22 07:11:47.515   737   761 D VelocityTracker:   - a=[ [ 1.000000, 0.000000 ], [ 1.000000, -0.017461 ] ]
05-22 07:11:47.516   737   761 D VelocityTracker:   - q=[ [ 0.707107, 0.707107 ], [ 0.707107, -0.707107 ] ]
05-22 07:11:47.516   737   761 D VelocityTracker:   - r=[ [ 1.414214, -0.012347 ], [ 0.000000, 0.012347 ] ]
05-22 07:11:47.516   737   761 D VelocityTracker:   - qr=[ [ 1.000000, 0.000000 ], [ 1.000000, -0.017461 ] ]
05-22 07:11:47.516   737   761 D VelocityTracker:   - b=[ 683.051331, -57.190216 ]
05-22 07:11:47.516   737   761 D VelocityTracker:   - sserr=0.000000
05-22 07:11:47.516   737   761 D VelocityTracker:   - sstot=0.498597
05-22 07:11:47.516   737   761 D VelocityTracker:   - det=1.000000
05-22 07:11:47.517   737   761 D VelocityTracker: estimate: degree=1, xCoeff=[ 815.363037, 0.000000 ], yCoeff=[ 683.051331, -57.190216 ], confidence=1.000000
05-22 07:11:47.517   737   761 D VelocityTracker:   0: position (815.363, 683.051), estimator (degree=1, xCoeff=[ 815.363037, 0.000000 ], yCoeff=[ 683.051331, -57.190216 ], confidence=1.000000)
05-22 07:11:47.517   737   761 D VelocityTracker: VelocityTracker: addMovement eventTime=392493717000, idBits=0x80000000, activePointerId=0
05-22 07:11:47.517   737   761 D VelocityTracker: solveLeastSquares: m=2, n=2, x=[ 0.000000, -0.017461 ], y=[ 815.362976, 815.362976 ], w=[ 1.000000, 1.000000 ]
05-22 07:11:47.517   737   761 D VelocityTracker:   - a=[ [ 1.000000, 0.000000 ], [ 1.000000, -0.017461 ] ]
05-22 07:11:47.517   737   761 D VelocityTracker:   - q=[ [ 0.707107, 0.707107 ], [ 0.707107, -0.707107 ] ]
05-22 07:11:47.518   737   761 D VelocityTracker:   - r=[ [ 1.414214, -0.012347 ], [ 0.000000, 0.012347 ] ]
05-22 07:11:47.518   573   573 I SpiService: fgesysctrl_getGPIO_status success val=1
05-22 07:11:47.518   737   761 D VelocityTracker:   - qr=[ [ 1.000000, 0.000000 ], [ 1.000000, -0.017461 ] ]
05-22 07:11:47.518   737   761 D VelocityTracker:   - b=[ 815.363037, 0.000000 ]
05-22 07:11:47.518   737   761 D VelocityTracker:   - sserr=0.000000
05-22 07:11:47.518   737   761 D VelocityTracker:   - sstot=0.000000
05-22 07:11:47.518   737   761 D VelocityTracker:   - det=1.000000
05-22 07:11:47.518   737   761 D VelocityTracker: solveLeastSquares: m=2, n=2, x=[ 0.000000, -0.017461 ], y=[ 683.051331, 684.049927 ], w=[ 1.000000, 1.000000 ]
05-22 07:11:47.518   737   761 D VelocityTracker:   - a=[ [ 1.000000, 0.000000 ], [ 1.000000, -0.017461 ] ]
05-22 07:11:47.518   737   761 D VelocityTracker:   - q=[ [ 0.707107, 0.707107 ], [ 0.707107, -0.707107 ] ]
05-22 07:11:47.518   737   761 D VelocityTracker:   - r=[ [ 1.414214, -0.012347 ], [ 0.000000, 0.012347 ] ]
05-22 07:11:47.519   737   761 D VelocityTracker:   - qr=[ [ 1.000000, 0.000000 ], [ 1.000000, -0.017461 ] ]
05-22 07:11:47.519   737   761 D VelocityTracker:   - b=[ 683.051331, -57.190216 ]
05-22 07:11:47.519   737   761 D VelocityTracker:   - sserr=0.000000
05-22 07:11:47.519   737   761 D VelocityTracker:   - sstot=0.498597
05-22 07:11:47.519   737   761 D VelocityTracker:   - det=1.000000
05-22 07:11:47.519   737   761 D VelocityTracker: estimate: degree=1, xCoeff=[ 815.363037, 0.000000 ], yCoeff=[ 683.051331, -57.190216 ], confidence=1.000000
05-22 07:11:47.519   737   761 D VelocityTracker:   0: position (815.363, 683.051), estimator (degree=1, xCoeff=[ 815.363037, 0.000000 ], yCoeff=[ 683.051331, -57.190216 ], confidence=1.000000)
05-22 06:30:21.261   573   573 D spi_rst_gpio_get_output: GPIO 145 value: 1
05-22 06:30:21.261   573   573 D spidev_ioctl: gpio status=1)
05-22 07:11:47.522   291  1491 D EvsDriver: forwardFrame
05-22 07:11:47.524   573   573 I SpiService: fgesysctrl_getGPIO_status success val=0
05-22 07:11:47.524  1026  1026 D MyAppLog: [2026-05-22 07:11:47.523 D tboxap tsp_WorkMachineProc:1086] [Tsp] [tsp_WorkMachineProc]TSP_WORK_LOGIN NOW !!!!
05-22 07:11:47.524   291  1491 D EvsDriver: Delivered 0xb400007b2f47ca30 as id 0
05-22 07:11:47.524  1137  1137 D evsmanagerd: /dev/video4 forwarded the buffer #0 to 0xb4000071fa019690 from 0xb4000071fa01b7d0
05-22 07:11:47.525   291  1135 D EvsDriver: doneWithFrame
05-22 06:30:21.267   573   573 D spi_rst_gpio_get_output: GPIO 145 value: 0
05-22 06:30:21.267   573   573 D spidev_ioctl: gpio status=0)
05-22 07:11:47.528  2981  3177 I SentryImuMcuAngleSender: 179.93796rollDeg
05-22 07:11:47.528  2981  3177 I SentryImuMcuAngleSender: 1,0,0
05-22 07:11:47.531   964  1804 D [OMXB]  : usingANWBuffer: handle:0xebd43d40, format:1, w:1920, h:1080
05-22 07:11:47.532   824   824 D SurfaceFlinger: unisoc-graphics, commit has frameMissed:2, vysncId:203022
05-22 07:11:47.534   737  1338 D InputReader: syncTouch: pointerCount 1 -> 1, touching ids 0x80000000 -> 0x80000000, hovering ids 0x00000000 -> 0x00000000, canceled ids 0x00000000
05-22 07:11:47.534   737  1338 D InputReader: dispatchTouches action MOVE now(ns): 392516216064
05-22 07:11:47.534   737  1338 D InputReader: notifyMotion call dispatcher
05-22 07:11:47.534   737   761 D VelocityTracker: VelocityTracker: addMovement eventTime=392514878000, idBits=0x80000000, activePointerId=0
05-22 07:11:47.535   737   761 D VelocityTracker:   0: position (816.362, 680.055), estimator (degree=2, xCoeff=[ 816.362061, 73.044617, 1221.358398 ], yCoeff=[ 680.055420, -187.803345, -2184.718262 ], confidence=1.000000)
05-22 07:11:47.535   737   761 D VelocityTracker: VelocityTracker: addMovement eventTime=392514878000, idBits=0x80000000, activePointerId=0
05-22 07:11:47.535   737   761 D VelocityTracker:   0: position (816.362, 680.055), estimator (degree=2, xCoeff=[ 816.362061, 73.044617, 1221.358398 ], yCoeff=[ 680.055420, -187.803345, -2184.718262 ], confidence=1.000000)
05-22 07:11:47.535   737   761 D VelocityTracker: VelocityTracker: addMovement eventTime=392514878000, idBits=0x80000000, activePointerId=0
05-22 07:11:47.535   737   761 D VelocityTracker:   0: position (816.362, 680.055), estimator (degree=2, xCoeff=[ 816.362061, 73.044617, 1221.358398 ], yCoeff=[ 680.055420, -187.803345, -2184.718262 ], confidence=1.000000)
05-22 07:11:47.537  1658  1658 D AIN-NaviLocationPresenter: ACC is OFF, skip upload location
05-22 07:11:47.539   573   573 I SpiService: fgesysctrl_getGPIO_status success val=1
05-22 06:30:21.282   573   573 D spi_rst_gpio_get_output: GPIO 145 value: 1
05-22 06:30:21.282   573   573 D spidev_ioctl: gpio status=1)
05-22 07:11:47.543   737  1338 D InputReader: syncTouch: pointerCount 1 -> 1, touching ids 0x80000000 -> 0x80000000, hovering ids 0x00000000 -> 0x00000000, canceled ids 0x00000000
05-22 07:11:47.543   737  1338 D InputReader: dispatchTouches action MOVE now(ns): 392525824525
05-22 07:11:47.543   737  1338 D InputReader: notifyMotion call dispatcher
05-22 07:11:47.544   737   761 D VelocityTracker: VelocityTracker: addMovement eventTime=392525657000, idBits=0x80000000, activePointerId=0
05-22 07:11:47.544   737   761 D VelocityTracker:   0: position (816.362, 679.057), estimator (degree=2, xCoeff=[ 816.494019, 39.041679, 299.364075 ], yCoeff=[ 678.875854, -151.686569, -912.397644 ], confidence=1.000000)
05-22 07:11:47.544   737   761 D VelocityTracker: VelocityTracker: addMovement eventTime=392525657000, idBits=0x80000000, activePointerId=0
05-22 07:11:47.544   737   761 D VelocityTracker:   0: position (816.362, 679.057), estimator (degree=2, xCoeff=[ 816.494019, 39.041679, 299.364075 ], yCoeff=[ 678.875854, -151.686569, -912.397644 ], confidence=1.000000)
05-22 07:11:47.544   737   761 D VelocityTracker: VelocityTracker: addMovement eventTime=392525657000, idBits=0x80000000, activePointerId=0
05-22 07:11:47.544   737   761 D VelocityTracker:   0: position (816.362, 679.057), estimator (degree=2, xCoeff=[ 816.494019, 39.041679, 299.364075 ], yCoeff=[ 678.875854, -151.686569, -912.397644 ], confidence=1.000000)
05-22 07:11:47.544   573   573 I SpiService: fgesysctrl_getGPIO_status success val=1
05-22 07:11:47.545  2981  3177 I SentryImuMcuAngleSender: [4, 18, 1, 0, 0],5
05-22 07:11:47.545  2981  3177 I McuCommManager: mcuCommSendcmd [4, 18, 1, 0, 0]
05-22 07:11:47.545  2981  3177 I SentryImuMcuAngleSender: true
05-22 07:11:47.545  2981  3177 W Sentinelmode_1.2.5.13_alpha: <SentryImuMcuAngleSender>MCU IMU send interval abnormal: 1001ms
05-22 06:30:21.288   573   573 D spi_rst_gpio_get_output: GPIO 145 value: 1
05-22 06:30:21.288   573   573 D spidev_ioctl: gpio status=1)
05-22 07:11:47.547   544   544 D commservice260303: msg.id = 1028,0
05-22 07:11:47.547   544   544 D commservice260303: i = 170, msgid = 8A000404
05-22 07:11:47.547   544   544 D commservice260303: msgid = -1979710460,did=138
05-22 07:11:47.547   544   544 D commservice260303: CommProtocolLibCmdBaseI2C::dataproc {"command":{"id":"imu_status","sub":""},"content":{"TimeStamp":1779405107546,"FrameCounter":8989,"GD_X":-0.010230803862214088,"GD_Y":0.007634742185473442,"GD_Z":0.016951125115156174,"AD_X":-0.001897767186164856,"AD_Y":-2.1520908921957016E-4,"AD_Z":-0.3321352005004883,"TempDsp":0,"Status":0,"CalibState":1,"SigAmpInvalid":0}},-1979710460
05-22 07:11:47.547   544   544 D commservice260303: send2Cluster len:325, 7B22636F6D6D616E64223A7B226964223A22696D755F737461747573222C22737562223A22227D2C22636F6E74656E74223A7B2254696D655374616D70223A313737393430353130373534362C224672616D65436F756E746572223A383938392C2247445F58223A2D302E3031303233303830333836323231343038382C2247445F59223A302E3030373633343734323138353437333434322C2247445F5A223A302E3031363935313132353131353135363137342C2241445F58223A2D302E3030313839373736373138363136343835362C2241445F59223A2D322E31353230393038393231393537303136452D342C2241445F5A223A2D302E333332313335323030353030343838332C2254656D70447370223A302C22537461747573223A302C2243616C69625374617465223A312C22536967416D70496E76616C6964223A307D7D, 138 
05-22 07:11:47.547   544   544 D commservice260303: Push Message into SendPool fn=-467468288
05-22 07:11:47.547   544   544 D commservice260303: ComProtocolLibSend2Cluster::send2ClusterRaw fn=-467468288 , len=341
05-22 07:11:47.547   544   544 D commservice260303: sendCmdToPort :341!!!
05-22 07:11:47.547   544   544 D commservice260303: send Cmd To Port ++++5AA501518A01000023E46A0F91337B22636F6D6D616E64223A7B226964223A22696D755F737461747573222C22737562223A22227D2C22636F6E74656E74223A7B2254696D655374616D70223A313737393430353130373534362C224672616D65436F756E746572223A383938392C2247445F58223A2D302E3031303233303830333836323231343038382C2247445F59223A302E3030373633343734323138353437333434322C2247445F5A223A302E3031363935313132353131353135363137342C2241445F58223A2D302E3030313839373736373138363136343835362C2241445F59223A2D322E31353230393038393231393537303136452D342C2241445F5A223A2D302E333332313335323030353030343838332C2254656D70447370223A302C22537461747573223A302C2243616C69625374617465223A312C22536967416D70496E76616C6964223A307D7D3FF1
05-22 07:11:47.547   544   544 D commservice260303: bufferevent_write retrun value = 0
05-22 07:11:47.547   544   567 D commservice260303: client datas send succeed,send finish
05-22 07:11:47.547  2981  3178 D Sentinelmode_1.2.5.13_alpha: <SentryImuClusterFgeSender>imu_status sent to Linux, frame=8989, tsNs=392510, tsMs=1779405107546, intervalMs=39, ad=(-0.0018977672,-2.1520909E-4,-0.3321352), gd=(-0.010230804,0.007634742,0.016951125)
05-22 07:11:47.548   824   824 D SurfaceFlinger: unisoc-graphics, commit has frameMissed:2, vysncId:203044
05-22 07:11:47.549  2981  3177 I SentryImuMcuAngleSender: 179.9345rollDeg
05-22 07:11:47.549  2981  3177 I SentryImuMcuAngleSender: 1,0,0
05-22 07:11:47.550   573   573 I SpiService: fgesysctrl_getGPIO_status success val=1
05-22 06:30:21.293   573   573 D spi_rst_gpio_get_output: GPIO 145 value: 1
05-22 06:30:21.293   573   573 D spidev_ioctl: gpio status=1)
05-22 07:11:47.555   573   573 I SpiService: fgesysctrl_getGPIO_status success val=1
05-22 06:30:21.298   573   573 D spi_rst_gpio_get_output: GPIO 145 value: 1
05-22 06:30:21.298   573   573 D spidev_ioctl: gpio status=1)
05-22 07:11:47.558   291  1491 D EvsDriver: forwardFrame
05-22 07:11:47.559   291  1491 D EvsDriver: Delivered 0xb400007b2f47ca30 as id 0
05-22 07:11:47.559  1137  1137 D evsmanagerd: /dev/video4 forwarded the buffer #0 to 0xb4000071fa019690 from 0xb4000071fa01b7d0
05-22 07:11:47.560   573   573 I SpiService: fgesysctrl_getGPIO_status success val=0
05-22 07:11:47.560   486   579 I mcuc    : send SPI:6AA600043400050412010000AC
05-22 07:11:47.561   737  1338 D InputReader: syncTouch: pointerCount 1 -> 1, touching ids 0x80000000 -> 0x80000000, hovering ids 0x00000000 -> 0x00000000, canceled ids 0x00000000
05-22 07:11:47.561   737  1338 D InputReader: dispatchTouches action MOVE now(ns): 392543469833
05-22 07:11:47.561   737  1338 D InputReader: notifyMotion call dispatcher
05-22 06:30:21.304   573   573 D spi_rst_gpio_get_output: GPIO 145 value: 0
05-22 06:30:21.304   573   573 D spidev_ioctl: gpio status=0)
05-22 07:11:47.562   737   761 D VelocityTracker: VelocityTracker: addMovement eventTime=392543036000, idBits=0x80000000, activePointerId=0
05-22 07:11:47.562   737   761 D VelocityTracker:   0: position (816.362, 678.058), estimator (degree=2, xCoeff=[ 816.448792, 5.426733, -194.600662 ], yCoeff=[ 677.856445, -81.124245, 235.038696 ], confidence=1.000000)
05-22 07:11:47.562   737   761 D VelocityTracker: VelocityTracker: addMovement eventTime=392543036000, idBits=0x80000000, activePointerId=0
05-22 07:11:47.562   737   761 D VelocityTracker:   0: position (816.362, 678.058), estimator (degree=2, xCoeff=[ 816.448792, 5.426733, -194.600662 ], yCoeff=[ 677.856445, -81.124245, 235.038696 ], confidence=1.000000)
05-22 07:11:47.562   737   761 D VelocityTracker: VelocityTracker: addMovement eventTime=392543036000, idBits=0x80000000, activePointerId=0
05-22 07:11:47.563   737   761 D VelocityTracker:   0: position (816.362, 678.058), estimator (degree=2, xCoeff=[ 816.448792, 5.426733, -194.600662 ], yCoeff=[ 677.856445, -81.124245, 235.038696 ], confidence=1.000000)
05-22 07:11:47.563   291  1135 D EvsDriver: doneWithFrame
05-22 07:11:47.566   824   824 D SurfaceFlinger: unisoc-graphics, commit has frameMissed:2, vysncId:203059
05-22 07:11:47.569  2981  3177 I SentryImuMcuAngleSender: 179.93796rollDeg
05-22 07:11:47.569  2981  3177 I SentryImuMcuAngleSender: 1,0,0
05-22 07:11:47.574   573   573 I SpiService: fgesysctrl_getGPIO_status success val=1
05-22 06:30:21.318   573   573 D spi_rst_gpio_get_output: GPIO 145 value: 1
05-22 06:30:21.318   573   573 D spidev_ioctl: gpio status=1)
05-22 07:11:47.578   737  1338 D InputReader: syncTouch: pointerCount 1 -> 1, touching ids 0x80000000 -> 0x80000000, hovering ids 0x00000000 -> 0x00000000, canceled ids 0x00000000
05-22 07:11:47.578   737  1338 D InputReader: dispatchTouches action MOVE now(ns): 392560719602
05-22 07:11:47.578   737  1338 D InputReader: notifyMotion call dispatcher
05-22 07:11:47.579   737   761 D VelocityTracker: VelocityTracker: addMovement eventTime=392560453000, idBits=0x80000000, activePointerId=0
05-22 07:11:47.579   737   761 D VelocityTracker:   0: position (817.361, 677.060), estimator (degree=2, xCoeff=[ 817.217163, 29.627222, 81.957733 ], yCoeff=[ 676.970032, -53.686943, 406.912903 ], confidence=1.000000)
05-22 07:11:47.579   737   761 D VelocityTracker: VelocityTracker: addMovement eventTime=392560453000, idBits=0x80000000, activePointerId=0
05-22 07:11:47.579   737   761 D VelocityTracker:   0: position (817.361, 677.060), estimator (degree=2, xCoeff=[ 817.217163, 29.627222, 81.957733 ], yCoeff=[ 676.970032, -53.686943, 406.912903 ], confidence=1.000000)
05-22 07:11:47.579   737   761 D VelocityTracker: VelocityTracker: addMovement eventTime=392560453000, idBits=0x80000000, activePointerId=0
05-22 07:11:47.579   737   761 D VelocityTracker:   0: position (817.361, 677.060), estimator (degree=2, xCoeff=[ 817.217163, 29.627222, 81.957733 ], yCoeff=[ 676.970032, -53.686943, 406.912903 ], confidence=1.000000)
05-22 07:11:47.580   573   573 I SpiService: fgesysctrl_getGPIO_status success val=1
05-22 06:30:21.323   573   573 D spi_rst_gpio_get_output: GPIO 145 value: 1
05-22 06:30:21.323   573   573 D spidev_ioctl: gpio status=1)
05-22 07:11:47.585   573   573 I SpiService: fgesysctrl_getGPIO_status success val=1
05-22 07:11:47.587   544   544 D commservice260303: msg.id = 1028,0
05-22 07:11:47.587   544   544 D commservice260303: i = 170, msgid = 8A000404
05-22 07:11:47.587   544   544 D commservice260303: msgid = -1979710460,did=138
05-22 06:30:21.329   573   573 D spi_rst_gpio_get_output: GPIO 145 value: 1
05-22 06:30:21.329   573   573 D spidev_ioctl: gpio status=1)
05-22 07:11:47.587   544   544 D commservice260303: CommProtocolLibCmdBaseI2C::dataproc {"command":{"id":"imu_status","sub":""},"content":{"TimeStamp":1779405107586,"FrameCounter":8990,"GD_X":-0.009161898866295815,"GD_Y":0.007558800280094147,"GD_Z":0.017408855259418488,"AD_X":-0.00616811215877533,"AD_Y":-0.0014326497912406921,"AD_Z":-0.33518409729003906,"TempDsp":0,"Status":0,"CalibState":1,"SigAmpInvalid":0}},-1979710460
05-22 07:11:47.587   544   544 D commservice260303: send2Cluster len:325, 7B22636F6D6D616E64223A7B226964223A22696D755F737461747573222C22737562223A22227D2C22636F6E74656E74223A7B2254696D655374616D70223A313737393430353130373538362C224672616D65436F756E746572223A383939302C2247445F58223A2D302E3030393136313839383836363239353831352C2247445F59223A302E3030373535383830303238303039343134372C2247445F5A223A302E3031373430383835353235393431383438382C2241445F58223A2D302E30303631363831313231353837373533332C2241445F59223A2D302E303031343332363439373931323430363932312C2241445F5A223A2D302E33333531383430393732393030333930362C2254656D70447370223A302C22537461747573223A302C2243616C69625374617465223A312C22536967416D70496E76616C6964223A307D7D, 138 
05-22 07:11:47.587   544   544 D commservice260303: Push Message into SendPool fn=-450691072
05-22 07:11:47.587   544   544 D commservice260303: ComProtocolLibSend2Cluster::send2ClusterRaw fn=-450691072 , len=341
05-22 07:11:47.587   544   544 D commservice260303: sendCmdToPort :341!!!
05-22 07:11:47.587   544   544 D commservice260303: send Cmd To Port ++++5AA501518A01000023E56A0F91337B22636F6D6D616E64223A7B226964223A22696D755F737461747573222C22737562223A22227D2C22636F6E74656E74223A7B2254696D655374616D70223A313737393430353130373538362C224672616D65436F756E746572223A383939302C2247445F58223A2D302E3030393136313839383836363239353831352C2247445F59223A302E3030373535383830303238303039343134372C2247445F5A223A302E3031373430383835353235393431383438382C2241445F58223A2D302E30303631363831313231353837373533332C2241445F59223A2D302E303031343332363439373931323430363932312C2241445F5A223A2D302E33333531383430393732393030333930362C2254656D70447370223A302C22537461747573223A302C2243616C69625374617465223A312C22536967416D70496E76616C6964223A307D7DCFDB
05-22 07:11:47.587   544   544 D commservice260303: bufferevent_write retrun value = 0
05-22 07:11:47.587   544   567 D commservice260303: client datas send succeed,send finish
05-22 07:11:47.587  2981  3178 D Sentinelmode_1.2.5.13_alpha: <SentryImuClusterFgeSender>imu_status sent to Linux, frame=8990, tsNs=392564, tsMs=1779405107586, intervalMs=40, ad=(-0.006168112,-0.0014326498,-0.3351841), gd=(-0.009161899,0.0075588003,0.017408855)
05-22 07:11:47.589  2981  3177 I SentryImuMcuAngleSender: 179.93797rollDeg
05-22 07:11:47.589  2981  3177 I SentryImuMcuAngleSender: 1,0,0
05-22 07:11:47.591   573   573 I SpiService: fgesysctrl_getGPIO_status success val=1
05-22 07:11:47.593   291  1491 D EvsDriver: forwardFrame
05-22 06:30:21.334   573   573 D spi_rst_gpio_get_output: GPIO 145 value: 1
05-22 06:30:21.334   573   573 D spidev_ioctl: gpio status=1)
05-22 07:11:47.594   291  1491 D EvsDriver: Delivered 0xb400007b2f47ca30 as id 0
05-22 07:11:47.594  1137  1137 D evsmanagerd: /dev/video4 forwarded the buffer #0 to 0xb4000071fa019690 from 0xb4000071fa01b7d0
05-22 07:11:47.596   573   573 I SpiService: fgesysctrl_getGPIO_status success val=1
05-22 07:11:47.597   291  1135 D EvsDriver: doneWithFrame
05-22 06:30:21.340   573   573 D spi_rst_gpio_get_output: GPIO 145 value: 1
05-22 06:30:21.340   573   573 D spidev_ioctl: gpio status=1)
05-22 07:11:47.602   573   573 I SpiService: fgesysctrl_getGPIO_status success val=0
05-22 07:11:47.605   964  1804 D [OMXB]  : usingANWBuffer: handle:0xebd40590, format:1, w:1920, h:1080
05-22 06:30:21.345   573   573 D spi_rst_gpio_get_output: GPIO 145 value: 0
05-22 06:30:21.345   573   573 D spidev_ioctl: gpio status=0)
05-22 07:11:47.609  2981  3177 I SentryImuMcuAngleSender: 179.93109rollDeg
05-22 07:11:47.610  2981  3177 I SentryImuMcuAngleSender: 1,0,0
05-22 07:11:47.610   276   300 I rvcservice: t.code = 7, t.value = 392439
05-22 07:11:47.613   486   580 I mcuc    : rev,n=1,6AA68107BD000A89006D01040930123456E1
05-22 07:11:47.613  1091  1116 I tboxmids_ap: [2026-05-22 07:11:47.613] [MCU RX] src=MCU dst=ZMQ len=10 type=BINARY data=00 08 6D 01 04 09 30 12 34 56 
05-22 07:11:47.614   344   361 D automotive.vehicle@2.0-adayo-datacomm-mcu: MCUDatacomm sendMessageFromVehicle prop: 0x89, areaId: 0x0, status: 0x6d, timestamp: 0x1
05-22 07:11:47.614   344   361 D automotive.vehicle@2.0-adayo-datacomm-mcu: MCUDatacomm 1sendMessageFromVehicle ---> type = 12 
05-22 07:11:47.614  1026  1026 I MyAppLog: [2026-05-22 07:11:47.614 I tboxap mcuCommTboxmidsRecvCb:96] [Mcu] [mcuCommTboxmidsRecvCb] recv from tboxmids, size:10
05-22 07:11:47.614  1026  1026 I MyAppLog: [2026-05-22 07:11:47.614 I tboxap mcuCommTboxmidsRecvCb:97] [Mcu] [tboxmids -> tboxap]: :00 08 6D 01 04 09 30 12 34 56
05-22 07:11:47.615  1026  1026 W MyAppLog: [2026-05-22 07:11:47.614 W tboxap mcuYadiFrameParse:831] [Mcu] [mcuYadiFrameParse] cmd:0930(MCU_REMOTE_CTRL_RSP_IND) payload too short:5 < 8
05-22 07:11:47.615  1026  1026 W MyAppLog: [2026-05-22 07:11:47.614 W tboxap mcuPtlParseData:961] [Mcu] [mcuPtlParseData] invalid yadi frame, len:10
05-22 07:11:47.616   573   573 I SpiService: fgesysctrl_getGPIO_status success val=1
05-22 07:11:47.617   291  1491 D EvsDriver: forwardFrame
05-22 06:30:21.359   573   573 D spi_rst_gpio_get_output: GPIO 145 value: 1
05-22 06:30:21.359   573   573 D spidev_ioctl: gpio status=1)
05-22 07:11:47.618   565   565 I Sensors : 230 AccelSensor: x:-0.111630,y:0.010980,z:-10.140640
05-22 07:11:47.619   291  1491 D EvsDriver: Delivered 0xb400007b2f47ca30 as id 0
05-22 06:30:21.364   573   573 D spi_rst_gpio_get_output: GPIO 145 value: 1
05-22 06:30:21.364   573   573 D spidev_ioctl: gpio status=1)
05-22 07:11:47.619  1137  1137 D evsmanagerd: /dev/video4 forwarded the buffer #0 to 0xb4000071fa019690 from 0xb4000071fa01b7d0
05-22 07:11:47.619   291  1135 D EvsDriver: doneWithFrame
05-22 07:11:47.621  2981  2981 I Sentinelmode_1.2.5.13_alpha: <SentinelCarServiceManager>sensorType:291504647
05-22 07:11:47.621   573   573 I SpiService: fgesysctrl_getGPIO_status success val=1
05-22 07:11:47.626   573   573 I SpiService: fgesysctrl_getGPIO_status success val=1
05-22 07:11:47.627   737  1338 D InputReader: syncTouch: pointerCount 1 -> 1, touching ids 0x80000000 -> 0x80000000, hovering ids 0x00000000 -> 0x00000000, canceled ids 0x00000000
05-22 07:11:47.627   737  1338 D InputReader: dispatchTouches action MOVE now(ns): 392609494140
05-22 07:11:47.627   737  1338 D InputReader: notifyMotion call dispatcher
05-22 07:11:47.627   544   544 D commservice260303: msg.id = 1028,0
05-22 07:11:47.627   544   544 D commservice260303: i = 170, msgid = 8A000404
05-22 07:11:47.627   544   544 D commservice260303: msgid = -1979710460,did=138
05-22 07:11:47.628   544   544 D commservice260303: CommProtocolLibCmdBaseI2C::dataproc {"command":{"id":"imu_status","sub":""},"content":{"TimeStamp":1779405107627,"FrameCounter":8991,"GD_X":-0.008933032862842083,"GD_Y":0.007101069670170546,"GD_Z":0.017944088205695152,"AD_X":-0.004945673048496246,"AD_Y":-0.001431124284863472,"AD_Z":-0.33457469940185547,"TempDsp":0,"Status":0,"CalibState":1,"SigAmpInvalid":0}},-1979710460
05-22 07:11:47.628   737   761 D VelocityTracker: VelocityTracker: stopped for 48.883 ms, clearing state.
05-22 07:11:47.628   737   761 D VelocityTracker: VelocityTracker: addMovement eventTime=392609336000, idBits=0x80000000, activePointerId=0
05-22 07:11:47.628   544   544 D commservice260303: send2Cluster len:325, 7B22636F6D6D616E64223A7B226964223A22696D755F737461747573222C22737562223A22227D2C22636F6E74656E74223A7B2254696D655374616D70223A313737393430353130373632372C224672616D65436F756E746572223A383939312C2247445F58223A2D302E3030383933333033323836323834323038332C2247445F59223A302E3030373130313036393637303137303534362C2247445F5A223A302E3031373934343038383230353639353135322C2241445F58223A2D302E3030343934353637333034383439363234362C2241445F59223A2D302E3030313433313132343238343836333437322C2241445F5A223A2D302E33333435373436393934303138353534372C2254656D70447370223A302C22537461747573223A302C2243616C69625374617465223A312C22536967416D70496E76616C6964223A307D7D, 138 
05-22 07:11:47.628   737   761 D VelocityTracker:   0: position (817.361, 676.061), estimator (degree=0, xCoeff=[ 817.361450 ], yCoeff=[ 676.061035 ], confidence=1.000000)
05-22 07:11:47.628   544   544 D commservice260303: Push Message into SendPool fn=-433913856
05-22 07:11:47.628   544   544 D commservice260303: ComProtocolLibSend2Cluster::send2ClusterRaw fn=-433913856 , len=341
05-22 07:11:47.628   544   544 D commservice260303: sendCmdToPort :341!!!
05-22 07:11:47.628   737   761 D VelocityTracker: VelocityTracker: stopped for 48.883 ms, clearing state.
05-22 07:11:47.628   737   761 D VelocityTracker: VelocityTracker: addMovement eventTime=392609336000, idBits=0x80000000, activePointerId=0
05-22 07:11:47.628   737   761 D VelocityTracker:   0: position (817.361, 676.061), estimator (degree=0, xCoeff=[ 817.361450 ], yCoeff=[ 676.061035 ], confidence=1.000000)
05-22 07:11:47.628   544   544 D commservice260303: send Cmd To Port ++++5AA501518A01000023E66A0F91337B22636F6D6D616E64223A7B226964223A22696D755F737461747573222C22737562223A22227D2C22636F6E74656E74223A7B2254696D655374616D70223A313737393430353130373632372C224672616D65436F756E746572223A383939312C2247445F58223A2D302E3030383933333033323836323834323038332C2247445F59223A302E3030373130313036393637303137303534362C2247445F5A223A302E3031373934343038383230353639353135322C2241445F58223A2D302E3030343934353637333034383439363234362C2241445F59223A2D302E3030313433313132343238343836333437322C2241445F5A223A2D302E33333435373436393934303138353534372C2254656D70447370223A302C22537461747573223A302C2243616C69625374617465223A312C22536967416D70496E76616C6964223A307D7DFCE8
05-22 07:11:47.628   737   761 D VelocityTracker: VelocityTracker: stopped for 48.883 ms, clearing state.
05-22 07:11:47.628   737   761 D VelocityTracker: VelocityTracker: addMovement eventTime=392609336000, idBits=0x80000000, activePointerId=0
05-22 07:11:47.628   544   544 D commservice260303: bufferevent_write retrun value = 0
05-22 07:11:47.628   737   761 D VelocityTracker:   0: position (817.361, 676.061), estimator (degree=0, xCoeff=[ 817.361450 ], yCoeff=[ 676.061035 ], confidence=1.000000)
05-22 07:11:47.628   544   567 D commservice260303: client datas send succeed,send finish
05-22 07:11:47.628  2981  3178 D Sentinelmode_1.2.5.13_alpha: <SentryImuClusterFgeSender>imu_status sent to Linux, frame=8991, tsNs=392600, tsMs=1779405107627, intervalMs=41, ad=(-0.004945673,-0.0014311243,-0.3345747), gd=(-0.008933033,0.0071010697,0.017944088)
05-22 06:30:21.370   573   573 D spi_rst_gpio_get_output: GPIO 145 value: 1
05-22 06:30:21.370   573   573 D spidev_ioctl: gpio status=1)
05-22 07:11:47.630  2981  3177 I SentryImuMcuAngleSender: 179.93796rollDeg
05-22 07:11:47.631  2981  3177 I SentryImuMcuAngleSender: 1,0,0
05-22 07:11:47.632   573   573 I SpiService: fgesysctrl_getGPIO_status success val=1
05-22 06:30:21.375   573   573 D spi_rst_gpio_get_output: GPIO 145 value: 1
05-22 06:30:21.375   573   573 D spidev_ioctl: gpio status=1)
05-22 07:11:47.637   573   573 I SpiService: fgesysctrl_getGPIO_status success val=1
05-22 06:30:21.381   573   573 D spi_rst_gpio_get_output: GPIO 145 value: 1
05-22 06:30:21.381   573   573 D spidev_ioctl: gpio status=1)
05-22 07:11:47.643   573   573 I SpiService: fgesysctrl_getGPIO_status success val=0
05-22 07:11:47.643   486   579 I mcuc    : send SPI:6AA60207BD00028900AF
05-22 06:30:21.386   573   573 D spi_rst_gpio_get_output: GPIO 145 value: 0
05-22 06:30:21.386   573   573 D spidev_ioctl: gpio status=0)
05-22 07:11:47.650   824   824 D SurfaceFlinger: unisoc-graphics, commit has frameMissed:2, vysncId:203147
05-22 07:11:47.651  2981  3177 I SentryImuMcuAngleSender: 179.93794rollDeg
05-22 07:11:47.651  2981  3177 I SentryImuMcuAngleSender: 1,0,0
05-22 07:11:47.652   291  1491 D EvsDriver: forwardFrame
05-22 07:11:47.653   964  1804 D [OMXB]  : usingANWBuffer: handle:0xebd42cc0, format:1, w:1920, h:1080
05-22 07:11:47.653   291  1491 D EvsDriver: Delivered 0xb400007b2f47ca30 as id 0
05-22 07:11:47.653  1137  1137 D evsmanagerd: /dev/video4 forwarded the buffer #0 to 0xb4000071fa019690 from 0xb4000071fa01b7d0
05-22 07:11:47.654   565   565 I Sensors : 230 GyroSensor: x:-0.008781,y:0.007254,z:0.017715
05-22 07:11:47.656   291  1135 D EvsDriver: doneWithFrame
05-22 07:11:47.657   573   573 I SpiService: fgesysctrl_getGPIO_status success val=1
05-22 06:30:21.400   573   573 D spi_rst_gpio_get_output: GPIO 145 value: 1
05-22 06:30:21.400   573   573 D spidev_ioctl: gpio status=1)
05-22 07:11:47.662   573   573 I SpiService: fgesysctrl_getGPIO_status success val=1
05-22 06:30:21.405   573   573 D spi_rst_gpio_get_output: GPIO 145 value: 1
05-22 06:30:21.405   573   573 D spidev_ioctl: gpio status=1)
05-22 07:11:47.667   573   573 I SpiService: fgesysctrl_getGPIO_status success val=1
05-22 07:11:47.668   544   544 D commservice260303: msg.id = 1028,0
05-22 07:11:47.668   544   544 D commservice260303: i = 170, msgid = 8A000404
05-22 07:11:47.668   544   544 D commservice260303: msgid = -1979710460,did=138
05-22 07:11:47.668   544   544 D commservice260303: CommProtocolLibCmdBaseI2C::dataproc {"command":{"id":"imu_status","sub":""},"content":{"TimeStamp":1779405107668,"FrameCounter":8992,"GD_X":-0.008781149983406067,"GD_Y":0.0072539933025836945,"GD_Z":0.017715223133563995,"AD_X":-0.0043357014656066895,"AD_Y":-0.0014288481324911118,"AD_Z":-0.3321352005004883,"TempDsp":0,"Status":0,"CalibState":1,"SigAmpInvalid":0}},-1979710460
05-22 07:11:47.668   544   544 D commservice260303: send2Cluster len:327, 7B22636F6D6D616E64223A7B226964223A22696D755F737461747573222C22737562223A22227D2C22636F6E74656E74223A7B2254696D655374616D70223A313737393430353130373636382C224672616D65436F756E746572223A383939322C2247445F58223A2D302E3030383738313134393938333430363036372C2247445F59223A302E303037323533393933333032353833363934352C2247445F5A223A302E3031373731353232333133333536333939352C2241445F58223A2D302E303034333335373031343635363036363839352C2241445F59223A2D302E303031343238383438313332343931313131382C2241445F5A223A2D302E333332313335323030353030343838332C2254656D70447370223A302C22537461747573223A302C2243616C69625374617465223A312C22536967416D70496E76616C6964223A307D7D, 138 
05-22 07:11:47.668   544   544 D commservice260303: Push Message into SendPool fn=-417136640
05-22 07:11:47.669   544   544 D commservice260303: ComProtocolLibSend2Cluster::send2ClusterRaw fn=-417136640 , len=343
05-22 07:11:47.669   544   544 D commservice260303: sendCmdToPort :343!!!
05-22 07:11:47.669   544   544 D commservice260303: send Cmd To Port ++++5AA501538A01000023E76A0F91337B22636F6D6D616E64223A7B226964223A22696D755F737461747573222C22737562223A22227D2C22636F6E74656E74223A7B2254696D655374616D70223A313737393430353130373636382C224672616D65436F756E746572223A383939322C2247445F58223A2D302E3030383738313134393938333430363036372C2247445F59223A302E303037323533393933333032353833363934352C2247445F5A223A302E3031373731353232333133333536333939352C2241445F58223A2D302E303034333335373031343635363036363839352C2241445F59223A2D302E303031343238383438313332343931313131382C2241445F5A223A2D302E333332313335323030353030343838332C2254656D70447370223A302C22537461747573223A302C2243616C69625374617465223A312C22536967416D70496E76616C6964223A307D7D2F5B
05-22 06:30:21.410   573   573 D spi_rst_gpio_get_output: GPIO 145 value: 1
05-22 07:11:47.669   544   544 D commservice260303: bufferevent_write retrun value = 0
05-22 07:11:47.669   544   567 D commservice260303: client datas send succeed,send finish
05-22 07:11:47.669   824   824 D SurfaceFlinger: unisoc-graphics, commit has frameMissed:2, vysncId:203169
05-22 07:11:47.670  2981  3178 D Sentinelmode_1.2.5.13_alpha: <SentryImuClusterFgeSender>imu_status sent to Linux, frame=8992, tsNs=392636, tsMs=1779405107668, intervalMs=41, ad=(-0.0043357015,-0.0014288481,-0.3321352), gd=(-0.00878115,0.0072539933,0.017715223)
05-22 06:30:21.410   573   573 D spidev_ioctl: gpio status=1)
05-22 07:11:47.671  2981  3177 I SentryImuMcuAngleSender: 179.93794rollDeg
05-22 07:11:47.671  2981  3177 I SentryImuMcuAngleSender: 1,0,0
05-22 07:11:47.672   573   573 I SpiService: fgesysctrl_getGPIO_status success val=1
05-22 06:30:21.416   573   573 D spi_rst_gpio_get_output: GPIO 145 value: 1
05-22 06:30:21.416   573   573 D spidev_ioctl: gpio status=1)
05-22 07:11:47.678   573   573 I SpiService: fgesysctrl_getGPIO_status success val=1
05-22 06:30:21.421   573   573 D spi_rst_gpio_get_output: GPIO 145 value: 1
05-22 06:30:21.421   573   573 D spidev_ioctl: gpio status=1)
05-22 07:11:47.683   573   573 I SpiService: fgesysctrl_getGPIO_status success val=0
05-22 06:30:21.426   573   573 D spi_rst_gpio_get_output: GPIO 145 value: 0
05-22 06:30:21.426   573   573 D spidev_ioctl: gpio status=0)
05-22 07:11:47.686   824   824 D SurfaceFlinger: unisoc-graphics, commit has frameMissed:2, vysncId:203177
05-22 07:11:47.687   291  1491 D EvsDriver: forwardFrame
05-22 07:11:47.691  1137  1137 D evsmanagerd: /dev/video4 forwarded the buffer #0 to 0xb4000071fa019690 from 0xb4000071fa01b7d0
05-22 07:11:47.691   291  1491 D EvsDriver: Delivered 0xb400007b2f47ca30 as id 0
05-22 07:11:47.693   291  1135 D EvsDriver: doneWithFrame
05-22 07:11:47.693  2981  3177 I SentryImuMcuAngleSender: 179.94484rollDeg
05-22 07:11:47.693  2981  3177 I SentryImuMcuAngleSender: 1,0,0
05-22 07:11:47.697   573   573 I SpiService: fgesysctrl_getGPIO_status success val=1
05-22 06:30:21.440   573   573 D spi_rst_gpio_get_output: GPIO 145 value: 1
05-22 06:30:21.440   573   573 D spidev_ioctl: gpio status=1)
05-22 07:11:47.702   573   573 I SpiService: fgesysctrl_getGPIO_status success val=1
05-22 06:30:21.445   573   573 D spi_rst_gpio_get_output: GPIO 145 value: 1
05-22 06:30:21.445   573   573 D spidev_ioctl: gpio status=1)
05-22 07:11:47.707   573   573 I SpiService: fgesysctrl_getGPIO_status success val=1
05-22 07:11:47.708   544   544 D commservice260303: msg.id = 1028,0
05-22 07:11:47.708   544   544 D commservice260303: i = 170, msgid = 8A000404
05-22 07:11:47.708   544   544 D commservice260303: msgid = -1979710460,did=138
05-22 07:11:47.708   544   544 D commservice260303: CommProtocolLibCmdBaseI2C::dataproc {"command":{"id":"imu_status","sub":""},"content":{"TimeStamp":1779405107708,"FrameCounter":8993,"GD_X":-0.008398840203881264,"GD_Y":0.007788185961544514,"GD_Z":0.01779116503894329,"AD_X":-0.001896493136882782,"AD_Y":-0.0014258306473493576,"AD_Z":-0.33518409729003906,"TempDsp":0,"Status":0,"CalibState":1,"SigAmpInvalid":0}},-1979710460
05-22 07:11:47.708   544   544 D commservice260303: send2Cluster len:325, 7B22636F6D6D616E64223A7B226964223A22696D755F737461747573222C22737562223A22227D2C22636F6E74656E74223A7B2254696D655374616D70223A313737393430353130373730382C224672616D65436F756E746572223A383939332C2247445F58223A2D302E3030383339383834303230333838313236342C2247445F59223A302E3030373738383138353936313534343531342C2247445F5A223A302E30313737393131363530333839343332392C2241445F58223A2D302E3030313839363439333133363838323738322C2241445F59223A2D302E303031343235383330363437333439333537362C2241445F5A223A2D302E33333531383430393732393030333930362C2254656D70447370223A302C22537461747573223A302C2243616C69625374617465223A312C22536967416D70496E76616C6964223A307D7D, 138 
05-22 07:11:47.708   544   544 D commservice260303: Push Message into SendPool fn=-400359424
05-22 07:11:47.708   544   544 D commservice260303: ComProtocolLibSend2Cluster::send2ClusterRaw fn=-400359424 , len=341
05-22 07:11:47.708   544   544 D commservice260303: sendCmdToPort :341!!!
05-22 07:11:47.708   544   544 D commservice260303: send Cmd To Port ++++5AA501518A01000023E86A0F91337B22636F6D6D616E64223A7B226964223A22696D755F737461747573222C22737562223A22227D2C22636F6E74656E74223A7B2254696D655374616D70223A313737393430353130373730382C224672616D65436F756E746572223A383939332C2247445F58223A2D302E3030383339383834303230333838313236342C2247445F59223A302E3030373738383138353936313534343531342C2247445F5A223A302E30313737393131363530333839343332392C2241445F58223A2D302E3030313839363439333133363838323738322C2241445F59223A2D302E303031343235383330363437333439333537362C2241445F5A223A2D302E33333531383430393732393030333930362C2254656D70447370223A302C22537461747573223A302C2243616C69625374617465223A312C22536967416D70496E76616C6964223A307D7D8E94
05-22 07:11:47.709   544   544 D commservice260303: bufferevent_write retrun value = 0
05-22 06:30:21.451   573   573 D spi_rst_gpio_get_output: GPIO 145 value: 1
05-22 07:11:47.709   544   567 D commservice260303: client datas send succeed,send finish
05-22 06:30:21.451   573   573 D spidev_ioctl: gpio status=1)
05-22 07:11:47.709  2981  3178 D Sentinelmode_1.2.5.13_alpha: <SentryImuClusterFgeSender>imu_status sent to Linux, frame=8993, tsNs=392674, tsMs=1779405107708, intervalMs=40, ad=(-0.0018964931,-0.0014258306,-0.3351841), gd=(-0.00839884,0.007788186,0.017791165)
05-22 07:11:47.711   276   300 I rvcservice: t.code = 3, t.value = 0
05-22 07:11:47.713   573   573 I SpiService: fgesysctrl_getGPIO_status success val=1
05-22 06:30:21.456   573   573 D spi_rst_gpio_get_output: GPIO 145 value: 1
05-22 06:30:21.456   573   573 D spidev_ioctl: gpio status=1)
05-22 07:11:47.714  2981  3177 I SentryImuMcuAngleSender: 179.93106rollDeg
05-22 07:11:47.714  2981  3177 I SentryImuMcuAngleSender: 1,0,0
05-22 07:11:47.718   573   573 I SpiService: fgesysctrl_getGPIO_status success val=1
05-22 07:11:47.719   544  3080 D commservice260303: send heart beat package to Cluster
05-22 07:11:47.719   544  3080 D commservice260303: send2Cluster len:40, 7B22636F6D6D616E64223A7B226964223A22686561727462656174222C22737562223A22227D7D0A, 129 
05-22 07:11:47.719   544  3080 D commservice260303: Push Message into SendPool fn=-383582208
05-22 07:11:47.719   544  3080 D commservice260303: ComProtocolLibSend2Cluster::send2ClusterRaw fn=-383582208 , len=56
05-22 07:11:47.720   544  3080 D commservice260303: sendCmdToPort :56!!!
05-22 07:11:47.720   544  3080 D commservice260303: send Cmd To Port ++++5AA500348101000023E96A0F91337B22636F6D6D616E64223A7B226964223A22686561727462656174222C22737562223A22227D7D0AD728
05-22 07:11:47.720   544  3080 D commservice260303: bufferevent_write retrun value = 0
05-22 07:11:47.720   544   567 D commservice260303: client datas send succeed,send finish
05-22 07:11:47.721   544   567 D commservice260303: recv len:91, 5AA500570100000002396A0F91337B22636F6D6D616E64223A7B226964223A22686561727462656174222C22737562223A22227D2C22726573706F6E65223A7B22636F6465223A302C226D657373616765223A226F6B227D7DEC0F from server
05-22 07:11:47.721   544  3079 D commservice260303: mcuDataAnalyzeHandle templen:91,len:91,pos:0, 5AA500570100000002396A0F91337B22636F6D6D616E64223A7B226964223A22686561727462656174222C22737562223A22227D2C22726573706F6E65223A7B22636F6465223A302C226D657373616765223A226F6B227D7DEC0F 
05-22 07:11:47.721   544  3079 I commservice260303: checksumCal = 60431
05-22 07:11:47.721   544  3079 D commservice260303: Protocol_C2I_Commservice::dataproc {"command":{"id":"heartbeat","sub":""},"respone":{"code":0,"message":"ok"}},1
05-22 07:11:47.721   544  3079 D commservice260303: Protocol_C2I_Commservice::dataproc Receive a heartbeat command from Cluster, setTcpHeartbeat = EID_UID_HEARTBEAT
05-22 06:30:21.461   573   573 D spi_rst_gpio_get_output: GPIO 145 value: 1
05-22 06:30:21.461   573   573 D spidev_ioctl: gpio status=1)
05-22 07:11:47.723   573   573 I SpiService: fgesysctrl_getGPIO_status success val=1
05-22 07:11:47.723   291  1491 D EvsDriver: forwardFrame
05-22 07:11:47.725  1026  1026 D MyAppLog: [2026-05-22 07:11:47.724 D tboxap tsp_WorkMachineProc:1086] [Tsp] [tsp_WorkMachineProc]TSP_WORK_LOGIN NOW !!!!
05-22 07:11:47.725   291  1491 D EvsDriver: Delivered 0xb400007b2f47ca30 as id 0
05-22 07:11:47.725  1137  1137 D evsmanagerd: /dev/video4 forwarded the buffer #0 to 0xb4000071fa019690 from 0xb4000071fa01b7d0
05-22 06:30:21.467   573   573 D spi_rst_gpio_get_output: GPIO 145 value: 1
05-22 06:30:21.467   573   573 D spidev_ioctl: gpio status=1)
05-22 07:11:47.726   291  1135 D EvsDriver: doneWithFrame
05-22 07:11:47.726   964  1804 D [OMXB]  : usingANWBuffer: handle:0xebd41ae0, format:1, w:1920, h:1080
05-22 07:11:47.729   573   573 I SpiService: fgesysctrl_getGPIO_status success val=0
05-22 06:30:21.472   573   573 D spi_rst_gpio_get_output: GPIO 145 value: 0
05-22 06:30:21.472   573   573 D spidev_ioctl: gpio status=0)
05-22 07:11:47.734  2981  3177 I SentryImuMcuAngleSender: 179.92416rollDeg
05-22 07:11:47.734  2981  3177 I SentryImuMcuAngleSender: 1,0,0
05-22 07:11:47.742   573   573 I SpiService: fgesysctrl_getGPIO_status success val=1
05-22 07:11:47.744   647   707 D UniTelDemo: input code = 330, value = 0
05-22 07:11:47.744   737  1338 I InputReader: processEventsLocked: type=3 Count=3 code=57 value=-1 deviceId=5 when=392726565000
05-22 07:11:47.744   737  1338 D InputReader: syncTouch: pointerCount 1 -> 0, touching ids 0x80000000 -> 0x00000000, hovering ids 0x00000000 -> 0x00000000, canceled ids 0x00000000
05-22 07:11:47.744   737  1338 D InputReader: dispatchTouches action UP now(ns): 392726732140
05-22 07:11:47.744   737  1338 D InputReader: notifyMotion call dispatcher
05-22 07:11:47.745  1517  1517 E sysUI_NavBarFragment: [main] - id.ivMoreApp clicked
05-22 07:11:47.745  1517  1517 D sysUI_ActivityStarter: [main] - goMoreApp:::#
05-22 06:30:21.486   573   573 D spi_rst_gpio_get_output: GPIO 145 value: 1
05-22 06:30:21.486   573   573 D spidev_ioctl: gpio status=1)
05-22 07:11:47.746  1517  1517 D sysUI_ActivityStarter: [main] - launch scaleX:815, scaleY:659, width:42, height:42
05-22 07:11:47.746  1517  1517 W ContextImpl: Calling a method in the system process without a qualified user: android.app.ContextImpl.startActivity:1083 android.content.ContextWrapper.startActivity:454 com.android.systemui.util.ActivityStarter.goMoreApp:207 com.android.systemui.navbar.ui.NavBarFragment.onClick:360 android.view.View.performClick:7511 
05-22 07:11:47.747   737  8342 I ActivityTaskManager: START u0 {flg=0x10000000 cmp=com.neusoft.launcher/.function.applist.AppListActivity} from uid 1000, pid 1517
05-22 07:11:47.748   573   573 I SpiService: fgesysctrl_getGPIO_status success val=1
05-22 07:11:47.749   737  8342 I wm_task_moved: [909,1,5]
05-22 07:11:47.749   737  8342 I wm_task_to_front: [0,909]
05-22 07:11:47.749   544   544 D commservice260303: msg.id = 1028,1
05-22 07:11:47.749   544   544 D commservice260303: i = 170, msgid = 8A000404
