05-22 07:11:48.452  1658  9128 D DL-DUILiteSDK:  user set config:  DUILiteConfig{authTimeout=5000, updateTrailProfileToOnlineProfile=true, deviceProfileDirPath='null', cacheUploadMaxNumber=100, threadAffinity=0, uploadAudioLevel=0, uploadAudioPath='null', uploadAudioDelayTime=300000, localSaveAudioPath=null, uploadUrl='https://carbrain.aispeech.com', authServer='https://auth.duiopen.com', intervalTime=100, audioSourceType=0, audioRecorderType=6, maxVolumeMode=false, extraParameter={DEVICE_NAME=88E034BB57F8}, apiKey='867a0e114c7b6131bb4cea0b69f1e117', productId='279634510', productKey='73b8af74ccdfd6be5cb8f41a90bd23cd', productSecret='5674b9d0e7a8e7a8fd2719d65b3d954f', monitorUploadEnable=true, logEnable=false, logFilePath='null', authRetryTimesForNetworkErr=0, callbackInThread=true, echoConfig=null, maxMessageQueueSize=0, useSystemDns=true, buildModel=null, sspeSoName=, magnusRuntimeConfig=null, netConfig=null, authConfig=AuthConfig{authTimeout=5000, authServer='https://auth.dui.ai', deviceProfileDirPath='/data/user_de/0/com.aispeech.lyra.daemon/files/dds', offlineProfileName='null', updateTrailProfileToOnlineProfile=true, customDeviceId='null', licenceId='null', customDeviceName='88E034BB57F8', type=ONLINE, encryptCustomDeviceName=false, privateAuth=false, useCustomAndroidId=false, ignoreLogin=false, loadMacAddress=true, loadAndroidID=true, loadSerial=true, loadApplicationLabel=true, loadApplicationVersion=true, loadBuildDevice=true, loadBuildManufacture=true, loadBuildModel=true, loadBuildSdkInt=true, loadDisplayMatrix=true, loadPackageName=true}, uploadConfig=null, RecorderConfig=null}
05-22 07:11:48.452  1658  9128 D DL-DUILiteSDK: AIEchoConfig is null
05-22 07:11:48.452  1658  9128 I DL-AIMagnus:  mContext  com.aispeech.lyra.daemon.DaemonApplication@e5bab1
05-22 07:11:48.452  1658  9128 I DL-AISpeech:  mContext  com.aispeech.lyra.daemon.DaemonApplication@e5bab1
05-22 07:11:48.452  1658  9128 I DL-AIMagnus:  mContext  com.aispeech.lyra.daemon.DaemonApplication@e5bab1
05-22 07:11:48.452  1658  9128 D DL-AIProfile: profile no exist
05-22 07:11:48.452  1658  9128 W DL-AIProfile: profile content is null
05-22 07:11:48.452  1658  9128 D DL-AIProfile: profile no exist
05-22 07:11:48.452  1658  9128 W DL-AIProfile: profile content is null
05-22 07:11:48.452  1658  9128 D DL-DUILiteSDK:  SdkVersion: 
05-22 07:11:48.452  1658  9128 D DL-DUILiteSDK:  sdk_version:3.14.4-MagnusCore
05-22 07:11:48.452  1658  9128 D DL-DUILiteSDK: commit:b62948f4
05-22 07:11:48.452  1658  9128 D DL-DUILiteSDK: branchName:origin/magnus-master
05-22 07:11:48.452  1658  9128 D DL-DUILiteSDK: build_date:2026-04-30 10:47:40 
05-22 07:11:48.452  1658  9128 D DL-DUILiteSDK:  CoreVersion:
05-22 07:11:48.452  1658  9128 D DL-DUILiteSDK:   AISpeech DUILite SDK V1.72.1 Release(6a3554e3)
05-22 07:11:48.452  1658  9128 D DL-DUILiteSDK:  TYPE: COMMON.2025.03
05-22 07:11:48.452  1658  9128 D DL-DUILiteSDK:  MODULES: speexenc
05-22 07:11:48.452  1658  9128 D DL-DUILiteSDK:  WTK_CORE_VERSION: v1.1.30
05-22 07:11:48.452  1658  9128 D DL-DUILiteSDK:  ASR_VERSION: v1.3.10
05-22 07:11:48.452  1658  9128 D DL-DUILiteSDK:  VAD_VERSION: v1.3.18
05-22 07:11:48.452  1658  9128 D DL-DUILiteSDK:  ASRPP_VERSION: v1.0.25
05-22 07:11:48.452  1658  9128 D DL-DUILiteSDK:  VPRINT_VERSION: v1.3.32
05-22 07:11:48.452  1658  9128 D DL-DUILiteSDK:  LOCAL_WAKEUP_VERSION: v1.6.40
05-22 07:11:48.452  1658  9128 D DL-DUILiteSDK:  TTS_VERSION: v2.1.65
05-22 07:11:48.452  1658  9128 D DL-DUILiteSDK:  MDS_VERSION: v2.70.0.30
05-22 07:11:48.452  1658  9128 D DL-DUILiteSDK:  SSPE_VERSION: v2.0.0.165
05-22 07:11:48.452  1658  9128 D DL-DUILiteSDK:  DECISION_VERSION: v1.0.0
05-22 07:11:48.452  1658  9128 D DL-DUILiteSDK:  NETWORK_VERSION: v1.0.0
05-22 07:11:48.452  1658  9128 D DL-DUILiteSDK:  SEMANTIC_NAVI_VERSION: v2.1.0
05-22 07:11:48.452  1658  9128 D DL-DUILiteSDK:  SEMANTIC_DUI_VERSION: v2.1.0
05-22 07:11:48.452  1658  9128 D DL-DUILiteSDK:  SEMANTIC_BCD_VERSION: v2.2.0
05-22 07:11:48.452  1658  9128 D DL-DUILiteSDK:  INFO OVER
05-22 07:11:48.452  1658  9128 D DL-DUILiteSDK:  
05-22 07:11:48.453  1658  9140 D DL-TAffinity: checkThreadAffinity
05-22 07:11:48.453  1658  9140 D DL-TAffinity:  SET_THREAD_AFFINITY ret: -1 , engine =  2147483647
05-22 07:11:48.453  1658  9140 D DL-TAffinity:  SET_THREAD_AFFINITY  cpuId =  0 , engine =  2147483647
05-22 07:11:48.453  1658  9140 D DL-DUILiteSDK: do auth 
05-22 07:11:48.453  1658  9140 D DL-AuthUtil:  customDeviceId is  88E034BB57F8
05-22 07:11:48.453  1658  9140 D DL-AuthProxy: new auth type
05-22 07:11:48.454  1658  9140 D DL-AuthProxy:  apiKey is ok locally AIProfile{mConfig=AIAuthConfig{productId='279634510', productKey='73b8af74ccdfd6be5cb8f41a90bd23cd', productSecret='5674b9d0e7a8e7a8fd2719d65b3d954f', apiKey='867a0e114c7b6131bb4cea0b69f1e117', customDeviceId='null', customDeviceName='88E034BB57F8', deviceNameType='null', customSHA256='null', buildModel='null', profilePath='/data/user_de/0/com.aispeech.lyra.daemon/files/dds', offlineProfileName='null', authServer='https://auth.dui.ai', registerPath='/auth/device/register', loginPath='/auth/device/login', verifyPath='/auth/apikey/verify', needReplaceProfile=true, needReplaceProfile=false, authTimeout=5000, deviceInfoMap={sdkVersion=3.14.4-MagnusCore, sdkName=duilite_android}, ignoreLogin=false, licenceId=null, licenceId=null, useCheckProductId=false}, mAuthType=ONLINE, mDeviceName='null', mDeviceSecret='null'}
05-22 07:11:48.454  1658  9140 D DL-AIProfile: profile no exist
05-22 07:11:48.454  1658  9140 W DL-AIProfile: profile content is null
05-22 07:11:48.454  1658  9140 I DL-AuthProxy:  handleRetProfileState  state.isValid() false
05-22 07:11:48.455  1658  9140 D DL-AuthProxy:  delete useless profile ret =  true
05-22 07:11:48.455  1658  9140 D DL-AuthProxy: startMaxSpeechTimerTask
05-22 07:11:48.455  1658  9140 D DL-AuthProxy: cancelTimeoutTimerTask
05-22 07:11:48.455   573   573 I SpiService: fgesysctrl_getGPIO_status success val=1
05-22 07:11:48.456  1658  9140 D DL-AuthProxy:  auth-connect-timeout:  5000 ms
05-22 07:11:48.456  1658  9140 D DL-AuthUtil:  appendUrl is  https://auth.dui.ai/auth/apikey/verify?apikey=867a0e114c7b6131bb4cea0b69f1e117&package=com.aispeech.lyra.daemon&signatuerSha256=C8:A2:E9:BC:CF:59:7C:2F:B6:DC:66:BE:E2:93:FC:13:F2:FC:47:EC:77:BC:6B:2B:0D:52:C1:1F:51:19:2A:B8&buildVariant=release
05-22 07:11:48.456  1517  1517 E sysUI_NavBarFragment: [main] - SysUIConfig.icCarServiceConnected：false
05-22 07:11:48.456  1658  9140 D DL-HttpImpl: GET beforehttps://auth.dui.ai/auth/apikey/verify?apikey=867a0e114c7b6131bb4cea0b69f1e117&package=com.aispeech.lyra.daemon&signatuerSha256=C8:A2:E9:BC:CF:59:7C:2F:B6:DC:66:BE:E2:93:FC:13:F2:FC:47:EC:77:BC:6B:2B:0D:52:C1:1F:51:19:2A:B8&buildVariant=release
05-22 07:11:48.456  1658  9140 W DL-HttpUtil: privateAuthParam: https://auth.dui.ai/auth/apikey/verify?apikey=867a0e114c7b6131bb4cea0b69f1e117&package=com.aispeech.lyra.daemon&signatuerSha256=C8:A2:E9:BC:CF:59:7C:2F:B6:DC:66:BE:E2:93:FC:13:F2:FC:47:EC:77:BC:6B:2B:0D:52:C1:1F:51:19:2A:B8&buildVariant=release, param：null
05-22 07:11:48.456  1658  9140 D DL-HttpImpl: GET endhttps://auth.dui.ai/auth/apikey/verify?apikey=867a0e114c7b6131bb4cea0b69f1e117&package=com.aispeech.lyra.daemon&signatuerSha256=C8:A2:E9:BC:CF:59:7C:2F:B6:DC:66:BE:E2:93:FC:13:F2:FC:47:EC:77:BC:6B:2B:0D:52:C1:1F:51:19:2A:B8&buildVariant=release
05-22 07:11:48.457  2981  3177 I SentryImuMcuAngleSender: 179.91725rollDeg
05-22 07:11:48.457  2981  3177 I SentryImuMcuAngleSender: 1,0,0
05-22 06:30:22.198   573   573 D spi_rst_gpio_get_output: GPIO 145 value: 1
05-22 06:30:22.198   573   573 D spidev_ioctl: gpio status=1)
05-22 07:11:48.458   947  9437 D resolv  : GetAddrInfoHandler::run: {0 786432 0 983040 1000 0}
05-22 07:11:48.458   947  9437 D resolv  : resolv_getaddrinfo: explore_fqdn(): ai_family=0 ai_socktype=1 ai_protocol=6
05-22 07:11:48.458   291  1491 D EvsDriver: forwardFrame
05-22 07:11:48.459   291  1491 D EvsDriver: Delivered 0xb400007b2f47ca30 as id 0
05-22 07:11:48.459  1137  1150 D evsmanagerd: /dev/video4 forwarded the buffer #0 to 0xb4000071fa019690 from 0xb4000071fa01b7d0
05-22 07:11:48.460  1658  9142 D DL-AuthProxy: cancelTimeoutTimerTask
05-22 07:11:48.460  1658  9142 D DL-AuthProxy:  verify onFailure 
05-22 07:11:48.460  1658  9142 D DL-AuthProxy:  getOfflineEngine()  
05-22 07:11:48.460   573   573 I SpiService: fgesysctrl_getGPIO_status success val=0
05-22 07:11:48.460  1658  9142 D DL-AuthProxy:  onFailure:  Unable to resolve host "auth.dui.ai": No address associated with hostname
05-22 07:11:48.460  1658  9142 W DL-DUILiteSDK:  error mListener: b.a.ja.a.a.for@d9ad299
05-22 07:11:48.461  1658  9142 D DL-AuthUtil:  customDeviceId is  88E034BB57F8
05-22 07:11:48.461  1658  9142 E DL-DUILiteSDK:  auth fail， authFailTimes=  0
05-22 07:11:48.462  1658  9142 E DL-DUI-Auth: ==================================================
05-22 07:11:48.462  1658  9142 E DL-DUI-Auth: ====================授权失败=======================
05-22 07:11:48.462  1658  9142 E DL-DUI-Auth: ============apk 版本 -> release
05-22 07:11:48.462  1658  9142 E DL-DUI-Auth: ============apk SHA256-> C8:A2:E9:BC:CF:59:7C:2F:B6:DC:66:BE:E2:93:FC:13:F2:FC:47:EC:77:BC:6B:2B:0D:52:C1:1F:51:19:2A:B8
05-22 07:11:48.462  1658  9142 E DL-DUI-Auth: ============apk packageName -> com.aispeech.lyra.daemon
05-22 07:11:48.462  1658  9142 E DL-DUI-Auth: ============errorId -> 070601
05-22 07:11:48.462  1658  9142 E DL-DUI-Auth: ============errorInfo -> network abnormal, can not connect to auth server
05-22 07:11:48.462  1658  9142 E DL-DUI-Auth: ==================================================
05-22 07:11:48.462  1658  9142 I DL-DDS-AI-auth_AuthProxy:  auth onFailure errCode =  070601 , errorInfo =  network abnormal, can not connect to auth server 224244950
05-22 07:11:48.462  1658  9142 E DL-DDS-AI-auth_AuthProxyImpl: auth error
05-22 07:11:48.462   291  1135 D EvsDriver: doneWithFrame
05-22 06:30:22.204   573   573 D spi_rst_gpio_get_output: GPIO 145 value: 0
05-22 06:30:22.204   573   573 D spidev_ioctl: gpio status=0)
05-22 07:11:48.464   824   824 D SurfaceFlinger: unisoc-graphics, commit has frameMissed:2, vysncId:203744
05-22 07:11:48.466  1658  9131 D DL-DDS-Agent: onInnerThreadMessage topic = local_auth.finish
05-22 07:11:48.466  1658  9131 D DL-DDS-Agent: observer.onMessage topic = local_auth.finish
05-22 07:11:48.466  1658  9131 D DL-DDS-DDS:  agent: local_auth.finish ddsInitListener = com.aispeech.speech.EngineAuthInitialize@38591eb ddsAuthListener = com.aispeech.speech.EngineAuthInitialize@38591eb
05-22 07:11:48.466  1658  9131 E DL-DDS-DDS:  checkInitId mInitId b4c6ff08d3354470a2913a16434032f0 initId b4c6ff08d3354470a2913a16434032f0
05-22 07:11:48.467  1658  9131 E DL-DDS-DDS: ==================================================
05-22 07:11:48.467  1658  9131 E DL-DDS-DDS: ====================授权失败=======================
05-22 07:11:48.467  1658  9131 E DL-DDS-DDS: =============apk 版本 -> release
05-22 07:11:48.467  1658  9131 E DL-DDS-DDS: ============apk SHA256-> C8:A2:E9:BC:CF:59:7C:2F:B6:DC:66:BE:E2:93:FC:13:F2:FC:47:EC:77:BC:6B:2B:0D:52:C1:1F:51:19:2A:B8
05-22 07:11:48.467  1658  9131 E DL-DDS-DDS: ============apk packageName -> com.aispeech.lyra.daemon
05-22 07:11:48.467  1658  9131 E DL-DDS-DDS: ============errorId -> 070601
05-22 07:11:48.467  1658  9131 E DL-DDS-DDS: ============errorInfo -> Network abnormal, can not connect to auth server
05-22 07:11:48.467  1658  9131 E DL-DDS-DDS: ==================================================
05-22 07:11:48.467  1658  9131 E DDSService-EngineInit: onAuthFailed: 070601, error:Network abnormal, can not connect to auth server
05-22 07:11:48.467  1658  9131 D DDSService-EngineInit: stopAuthTimer()
05-22 07:11:48.467  1658  9131 W AIN-DuiSpeechHawk: setAuthSucceed with: authSucceed = false
05-22 07:11:48.467  1658  9131 W AIN-DuiSpeechHawk: tryReady: false	false	false
05-22 07:11:48.467  1658  9131 W AIN-DuiSpeechHawk: tryTransformReady: speech not ready, waiting for it
05-22 07:11:48.467  1658  9131 D DDSService: onEngineInitFailed: 070601, error: Network abnormal, can not connect to auth server
05-22 07:11:48.467  1658  9131 W DL-DDS-USER_O_DDS:  ddsAuthListener.onAuthFailed result = 070601
05-22 07:11:48.467  1658  9131 D DL-DDS-AI-CheckCrashUtil: authDDSFailed called
05-22 07:11:48.467  1658  9131 I DL-DDS-AI-CheckCrashUtil:  putCount = 0
05-22 07:11:48.467  1658  9131 W DL-DDS-USER_O_DDS:  ddsAuthListener.onAuthFailed result = 070601
05-22 07:11:48.467  1658  9131 D DL-DDS-Agent: observer.onMessage topic = local_auth.finish, end...
05-22 07:11:48.469  1658  2861 W DDSService: synLogLvlOnAuth openDebug:0
05-22 07:11:48.469   964  1804 D [OMXB]  : usingANWBuffer: handle:0xebd40dd0, format:1, w:1920, h:1080
05-22 07:11:48.470  1658  2861 D AIN-DDSService: isQrAuth() is=false
05-22 07:11:48.470  1658  2861 D AIN-DDSService: engineInitFailed error: {"errCode":"070601","error":"Network abnormal, can not connect to auth server"}
05-22 07:11:48.470  1658  2861 D AIN-ServiceHub: getService with: name = service_detect_guard
05-22 07:11:48.470  1658  2861 D AIN-DDSService: isQrAuth() is=false
05-22 07:11:48.470  1658  2861 D DDSService: mAuthFailedInfo: 语音授权失败，请检查网络
05-22 07:11:48.470  1658  2861 D AIN-DDSService: isQrAuth() is=false
05-22 07:11:48.470  1658  2861 D AIN-DDSService: engineInitFailed else !!!
05-22 07:11:48.470  1658  2861 E AIN-DDSService: delayRetryAuth delay:5000
05-22 07:11:48.474   544   544 D commservice260303: msg.id = 1028,0
05-22 07:11:48.475   544   544 D commservice260303: i = 170, msgid = 8A000404
05-22 07:11:48.475   544   544 D commservice260303: msgid = -1979710460,did=138
05-22 07:11:48.475   544   544 D commservice260303: CommProtocolLibCmdBaseI2C::dataproc {"command":{"id":"imu_status","sub":""},"content":{"TimeStamp":1779405108474,"FrameCounter":9012,"GD_X":-0.008933032862842083,"GD_Y":0.007558800280094147,"GD_Z":0.01763824187219143,"AD_X":-0.003104373812675476,"AD_Y":0.0022405944764614105,"AD_Z":-0.3309192657470703,"TempDsp":0,"Status":0,"CalibState":1,"SigAmpInvalid":0}},-1979710460
05-22 07:11:48.475   544   544 D commservice260303: send2Cluster len:323, 7B22636F6D6D616E64223A7B226964223A22696D755F737461747573222C22737562223A22227D2C22636F6E74656E74223A7B2254696D655374616D70223A313737393430353130383437342C224672616D65436F756E746572223A393031322C2247445F58223A2D302E3030383933333033323836323834323038332C2247445F59223A302E3030373535383830303238303039343134372C2247445F5A223A302E30313736333832343138373231393134332C2241445F58223A2D302E3030333130343337333831323637353437362C2241445F59223A302E303032323430353934343736343631343130352C2241445F5A223A2D302E333330393139323635373437303730332C2254656D70447370223A302C22537461747573223A302C2243616C69625374617465223A312C22536967416D70496E76616C6964223A307D7D, 138 
05-22 07:11:48.475   544   544 D commservice260303: Push Message into SendPool fn=-64815104
05-22 07:11:48.475   544   544 D commservice260303: ComProtocolLibSend2Cluster::send2ClusterRaw fn=-64815104 , len=339
05-22 07:11:48.475   544   544 D commservice260303: sendCmdToPort :339!!!
05-22 07:11:48.475   544   544 D commservice260303: send Cmd To Port ++++5AA5014F8A01000023FC6A0F91347B22636F6D6D616E64223A7B226964223A22696D755F737461747573222C22737562223A22227D2C22636F6E74656E74223A7B2254696D655374616D70223A313737393430353130383437342C224672616D65436F756E746572223A393031322C2247445F58223A2D302E3030383933333033323836323834323038332C2247445F59223A302E3030373535383830303238303039343134372C2247445F5A223A302E30313736333832343138373231393134332C2241445F58223A2D302E3030333130343337333831323637353437362C2241445F59223A302E303032323430353934343736343631343130352C2241445F5A223A2D302E333330393139323635373437303730332C2254656D70447370223A302C22537461747573223A302C2243616C69625374617465223A312C22536967416D70496E76616C6964223A307D7D691B
05-22 07:11:48.475   573   573 I SpiService: fgesysctrl_getGPIO_status success val=1
05-22 07:11:48.475   544   544 D commservice260303: bufferevent_write retrun value = 0
05-22 07:11:48.475   544   567 D commservice260303: client datas send succeed,send finish
05-22 07:11:48.475  2981  3178 D Sentinelmode_1.2.5.13_alpha: <SentryImuClusterFgeSender>imu_status sent to Linux, frame=9012, tsNs=393445, tsMs=1779405108474, intervalMs=39, ad=(-0.0031043738,0.0022405945,-0.33091927), gd=(-0.008933033,0.0075588003,0.017638242)
05-22 07:11:48.477  2981  3177 I SentryImuMcuAngleSender: 179.91727rollDeg
05-22 07:11:48.477  2981  3177 I SentryImuMcuAngleSender: 1,0,0
05-22 06:30:22.218   573   573 D spi_rst_gpio_get_output: GPIO 145 value: 1
05-22 06:30:22.218   573   573 D spidev_ioctl: gpio status=1)
05-22 06:30:22.223     0     0 I         : c6 [    C6] io insert-issue:  809    8    0    0    0    0    0    0    0    0    0    0
05-22 06:30:22.223     0     0 I         : c6 [    C6] |_i2i    others[  8- 8192ms]:  809    8    0    0    0    0    0    0    0    0    0    0
05-22 06:30:22.223     0     0 I         : c6 [    C6] io issue-comp:  738   51   19    8    1    0    0    0    0    0    0    0
05-22 06:30:22.223     0     0 I         : c6 [    C6] |_i2c    others[  8- 8192ms]:  738   51   19    8    1    0    0    0    0    0    0    0
05-22 06:30:22.223  9129  9129 I iowait  : 310   42    6    0    0    0    0    0    0    0    0    0
05-22 06:30:22.224   573   573 D spi_rst_gpio_get_output: GPIO 145 value: 1
05-22 06:30:22.224   573   573 D spidev_ioctl: gpio status=1)
05-22 07:11:48.480   573   573 I SpiService: fgesysctrl_getGPIO_status success val=1
05-22 07:11:48.481   824   824 D SurfaceFlinger: unisoc-graphics, commit has frameMissed:2, vysncId:203752
05-22 07:11:48.485   573   573 I SpiService: fgesysctrl_getGPIO_status success val=1
05-22 06:30:22.229   573   573 D spi_rst_gpio_get_output: GPIO 145 value: 1
05-22 06:30:22.229   573   573 D spidev_ioctl: gpio status=1)
05-22 07:11:48.491   573   573 I SpiService: fgesysctrl_getGPIO_status success val=1
05-22 06:30:22.234   573   573 D spi_rst_gpio_get_output: GPIO 145 value: 1
05-22 06:30:22.234   573   573 D spidev_ioctl: gpio status=1)
05-22 07:11:48.494   291  1491 D EvsDriver: forwardFrame
05-22 07:11:48.495   291  1491 D EvsDriver: Delivered 0xb400007b2f47ca30 as id 0
05-22 07:11:48.495  1137  1150 D evsmanagerd: /dev/video4 forwarded the buffer #0 to 0xb4000071fa019690 from 0xb4000071fa01b7d0
05-22 07:11:48.496   573   573 I SpiService: fgesysctrl_getGPIO_status success val=1
05-22 07:11:48.497   291  1135 D EvsDriver: doneWithFrame
05-22 07:11:48.497   824   824 D SurfaceFlinger: unisoc-graphics, commit has frameMissed:2, vysncId:203767
05-22 07:11:48.498  2981  3177 I SentryImuMcuAngleSender: 179.93105rollDeg
05-22 07:11:48.498  2981  3177 I SentryImuMcuAngleSender: 1,0,0
05-22 06:30:22.240   573   573 D spi_rst_gpio_get_output: GPIO 145 value: 1
05-22 06:30:22.240   573   573 D spidev_ioctl: gpio status=1)
05-22 07:11:48.502   573   573 I SpiService: fgesysctrl_getGPIO_status success val=1
05-22 06:30:22.245   573   573 D spi_rst_gpio_get_output: GPIO 145 value: 1
05-22 06:30:22.245   573   573 D spidev_ioctl: gpio status=1)
05-22 07:11:48.507   573   573 I SpiService: fgesysctrl_getGPIO_status success val=0
05-22 06:30:22.251   573   573 D spi_rst_gpio_get_output: GPIO 145 value: 0
05-22 06:30:22.251   573   573 D spidev_ioctl: gpio status=0)
05-22 07:11:48.512   276   300 I rvcservice: t.code = 0, t.value = 0
05-22 07:11:48.516   544   544 D commservice260303: msg.id = 1028,0
05-22 07:11:48.516   544   544 D commservice260303: i = 170, msgid = 8A000404
05-22 07:11:48.516   544   544 D commservice260303: msgid = -1979710460,did=138
05-22 07:11:48.516   544   544 D commservice260303: CommProtocolLibCmdBaseI2C::dataproc {"command":{"id":"imu_status","sub":""},"content":{"TimeStamp":1779405108515,"FrameCounter":9013,"GD_X":-0.00923888012766838,"GD_Y":0.008092992939054966,"GD_Z":0.017715223133563995,"AD_X":-0.002495117485523224,"AD_Y":4.11422923207283E-4,"AD_Z":-0.3321352005004883,"TempDsp":0,"Status":0,"CalibState":1,"SigAmpInvalid":0}},-1979710460
05-22 07:11:48.516   544   544 D commservice260303: send2Cluster len:321, 7B22636F6D6D616E64223A7B226964223A22696D755F737461747573222C22737562223A22227D2C22636F6E74656E74223A7B2254696D655374616D70223A313737393430353130383531352C224672616D65436F756E746572223A393031332C2247445F58223A2D302E30303932333838383031323736363833382C2247445F59223A302E3030383039323939323933393035343936362C2247445F5A223A302E3031373731353232333133333536333939352C2241445F58223A2D302E3030323439353131373438353532333232342C2241445F59223A342E3131343232393233323037323833452D342C2241445F5A223A2D302E333332313335323030353030343838332C2254656D70447370223A302C22537461747573223A302C2243616C69625374617465223A312C22536967416D70496E76616C6964223A307D7D, 138 
05-22 07:11:48.516   544   544 D commservice260303: Push Message into SendPool fn=-48037888
05-22 07:11:48.516   544   544 D commservice260303: ComProtocolLibSend2Cluster::send2ClusterRaw fn=-48037888 , len=337
05-22 07:11:48.516   544   544 D commservice260303: sendCmdToPort :337!!!
05-22 07:11:48.516   544   544 D commservice260303: send Cmd To Port ++++5AA5014D8A01000023FD6A0F91347B22636F6D6D616E64223A7B226964223A22696D755F737461747573222C22737562223A22227D2C22636F6E74656E74223A7B2254696D655374616D70223A313737393430353130383531352C224672616D65436F756E746572223A393031332C2247445F58223A2D302E30303932333838383031323736363833382C2247445F59223A302E3030383039323939323933393035343936362C2247445F5A223A302E3031373731353232333133333536333939352C2241445F58223A2D302E3030323439353131373438353532333232342C2241445F59223A342E3131343232393233323037323833452D342C2241445F5A223A2D302E333332313335323030353030343838332C2254656D70447370223A302C22537461747573223A302C2243616C69625374617465223A312C22536967416D70496E76616C6964223A307D7D387F
05-22 07:11:48.516   544   544 D commservice260303: bufferevent_write retrun value = 0
05-22 07:11:48.517   544   567 D commservice260303: client datas send succeed,send finish
05-22 07:11:48.517  2981  3178 D Sentinelmode_1.2.5.13_alpha: <SentryImuClusterFgeSender>imu_status sent to Linux, frame=9013, tsNs=393479, tsMs=1779405108515, intervalMs=42, ad=(-0.0024951175,4.1142292E-4,-0.3321352), gd=(-0.00923888,0.008092993,0.017715223)
05-22 07:11:48.519  2981  3177 I SentryImuMcuAngleSender: 179.91727rollDeg
05-22 07:11:48.519  2981  3177 I SentryImuMcuAngleSender: 1,0,0
05-22 07:11:48.522   573   573 I SpiService: fgesysctrl_getGPIO_status success val=1
05-22 07:11:48.525   291  1491 D EvsDriver: forwardFrame
05-22 06:30:22.265   573   573 D spi_rst_gpio_get_output: GPIO 145 value: 1
05-22 06:30:22.265   573   573 D spidev_ioctl: gpio status=1)
05-22 07:11:48.527   291  1491 D EvsDriver: Delivered 0xb400007b2f47ca30 as id 0
05-22 07:11:48.527  1137  1150 D evsmanagerd: /dev/video4 forwarded the buffer #0 to 0xb4000071fa019690 from 0xb4000071fa01b7d0
05-22 07:11:48.527   573   573 I SpiService: fgesysctrl_getGPIO_status success val=1
05-22 07:11:48.527   291  1135 D EvsDriver: doneWithFrame
05-22 07:11:48.529  1026  1026 D MyAppLog: [2026-05-22 07:11:48.529 D tboxap tsp_WorkMachineProc:1086] [Tsp] [tsp_WorkMachineProc]TSP_WORK_LOGIN NOW !!!!
05-22 06:30:22.271   573   573 D spi_rst_gpio_get_output: GPIO 145 value: 1
05-22 06:30:22.271   573   573 D spidev_ioctl: gpio status=1)
05-22 07:11:48.532   573   573 I SpiService: fgesysctrl_getGPIO_status success val=1
05-22 06:30:22.276   573   573 D spi_rst_gpio_get_output: GPIO 145 value: 1
05-22 06:30:22.276   573   573 D spidev_ioctl: gpio status=1)
05-22 07:11:48.535   964  1804 D [OMXB]  : usingANWBuffer: handle:0xebd41980, format:1, w:1920, h:1080
05-22 07:11:48.538   573   573 I SpiService: fgesysctrl_getGPIO_status success val=1
05-22 07:11:48.539  2981  3177 I SentryImuMcuAngleSender: 179.91035rollDeg
05-22 07:11:48.539  2981  3177 I SentryImuMcuAngleSender: 1,0,0
05-22 06:30:22.281   573   573 D spi_rst_gpio_get_output: GPIO 145 value: 1
05-22 06:30:22.281   573   573 D spidev_ioctl: gpio status=1)
05-22 07:11:48.543   573   573 I SpiService: fgesysctrl_getGPIO_status success val=1
05-22 07:11:48.545  2981  3177 I SentryImuMcuAngleSender: [4, 18, 1, 0, 0],5
05-22 07:11:48.545  2981  3177 I McuCommManager: mcuCommSendcmd [4, 18, 1, 0, 0]
05-22 06:30:22.286   573   573 D spi_rst_gpio_get_output: GPIO 145 value: 1
05-22 06:30:22.286   573   573 D spidev_ioctl: gpio status=1)
05-22 07:11:48.546  2981  3177 I SentryImuMcuAngleSender: true
05-22 07:11:48.546  2981  3177 W Sentinelmode_1.2.5.13_alpha: <SentryImuMcuAngleSender>MCU IMU send interval abnormal: 1000ms
05-22 07:11:48.548   573   573 I SpiService: fgesysctrl_getGPIO_status success val=0
05-22 07:11:48.548   486   579 I mcuc    : send SPI:6AA600043700050412010000A9
05-22 06:30:22.292   573   573 D spi_rst_gpio_get_output: GPIO 145 value: 0
05-22 06:30:22.292   573   573 D spidev_ioctl: gpio status=0)
05-22 07:11:48.555   544   544 D commservice260303: msg.id = 1028,0
05-22 07:11:48.555   544   544 D commservice260303: i = 170, msgid = 8A000404
05-22 07:11:48.555   544   544 D commservice260303: msgid = -1979710460,did=138
05-22 07:11:48.555   544   544 D commservice260303: CommProtocolLibCmdBaseI2C::dataproc {"command":{"id":"imu_status","sub":""},"content":{"TimeStamp":1779405108555,"FrameCounter":9014,"GD_X":-0.008398840203881264,"GD_Y":0.007482858840376139,"GD_Z":0.017485838383436203,"AD_X":-0.006153710186481476,"AD_Y":0.002236856147646904,"AD_Z":-0.3321399688720703,"TempDsp":0,"Status":0,"CalibState":1,"SigAmpInvalid":0}},-1979710460
05-22 07:11:48.555   544   544 D commservice260303: send2Cluster len:323, 7B22636F6D6D616E64223A7B226964223A22696D755F737461747573222C22737562223A22227D2C22636F6E74656E74223A7B2254696D655374616D70223A313737393430353130383535352C224672616D65436F756E746572223A393031342C2247445F58223A2D302E3030383339383834303230333838313236342C2247445F59223A302E3030373438323835383834303337363133392C2247445F5A223A302E3031373438353833383338333433363230332C2241445F58223A2D302E3030363135333731303138363438313437362C2241445F59223A302E3030323233363835363134373634363930342C2241445F5A223A2D302E333332313339393638383732303730332C2254656D70447370223A302C22537461747573223A302C2243616C69625374617465223A312C22536967416D70496E76616C6964223A307D7D, 138 
05-22 07:11:48.555   544   544 D commservice260303: Push Message into SendPool fn=-31260672
05-22 07:11:48.555   544   544 D commservice260303: ComProtocolLibSend2Cluster::send2ClusterRaw fn=-31260672 , len=339
05-22 07:11:48.555   544   544 D commservice260303: sendCmdToPort :339!!!
05-22 07:11:48.555   544   544 D commservice260303: send Cmd To Port ++++5AA5014F8A01000023FE6A0F91347B22636F6D6D616E64223A7B226964223A22696D755F737461747573222C22737562223A22227D2C22636F6E74656E74223A7B2254696D655374616D70223A313737393430353130383535352C224672616D65436F756E746572223A393031342C2247445F58223A2D302E3030383339383834303230333838313236342C2247445F59223A302E3030373438323835383834303337363133392C2247445F5A223A302E3031373438353833383338333433363230332C2241445F58223A2D302E3030363135333731303138363438313437362C2241445F59223A302E3030323233363835363134373634363930342C2241445F5A223A2D302E333332313339393638383732303730332C2254656D70447370223A302C22537461747573223A302C2243616C69625374617465223A312C22536967416D70496E76616C6964223A307D7D2538
05-22 07:11:48.556   544   544 D commservice260303: bufferevent_write retrun value = 0
05-22 07:11:48.556   544   567 D commservice260303: client datas send succeed,send finish
05-22 07:11:48.556  2981  3178 D Sentinelmode_1.2.5.13_alpha: <SentryImuClusterFgeSender>imu_status sent to Linux, frame=9014, tsNs=393533, tsMs=1779405108555, intervalMs=39, ad=(-0.00615371,0.0022368561,-0.33213997), gd=(-0.00839884,0.007482859,0.017485838)
05-22 07:11:48.559   291  1491 D EvsDriver: forwardFrame
05-22 07:11:48.560  2981  3177 I SentryImuMcuAngleSender: 179.91727rollDeg
05-22 07:11:48.561  2981  3177 I SentryImuMcuAngleSender: 1,0,0
05-22 07:11:48.561   291  1491 D EvsDriver: Delivered 0xb400007b2f47ca30 as id 0
05-22 06:30:22.303     1     1 I init    : starting service 'trace_kernel'...
05-22 07:11:48.561  1137  1150 D evsmanagerd: /dev/video4 forwarded the buffer #0 to 0xb4000071fa019690 from 0xb4000071fa01b7d0
05-22 07:11:48.562   573   573 I SpiService: fgesysctrl_getGPIO_status success val=1
05-22 07:11:48.566   291  1135 D EvsDriver: doneWithFrame
05-22 06:30:22.306   573   573 D spi_rst_gpio_get_output: GPIO 145 value: 1
05-22 07:11:48.568   573   573 I SpiService: fgesysctrl_getGPIO_status success val=1
05-22 06:30:22.306   573   573 D spidev_ioctl: gpio status=1)
05-22 06:30:22.311   573   573 D spi_rst_gpio_get_output: GPIO 145 value: 1
05-22 06:30:22.311   573   573 D spidev_ioctl: gpio status=1)
05-22 07:11:48.573   573   573 I SpiService: fgesysctrl_getGPIO_status success val=1
05-22 06:30:22.317   573   573 D spi_rst_gpio_get_output: GPIO 145 value: 1
05-22 06:30:22.317   573   573 D spidev_ioctl: gpio status=1)
05-22 07:11:48.575  1026  1026 D MyAppLog: [2026-05-22 07:11:48.574 D tboxap gpsMcuDataAnalyze:471] [Gps] [gpsMcuDataAnalyze]:$GNRMC,231148.000,V,,,,,,,210526,120.0,E,N,V*4E
05-22 07:11:48.575  1026  1026 D MyAppLog: 
05-22 07:11:48.575  1026  1026 D MyAppLog: [2026-05-22 07:11:48.574 D tboxap gpsMcuDataAnalyze:556] [Gps] stGps.stat:0, latitude:0 , longtitude:0,sped:0,direction:0
05-22 07:11:48.579   573   573 I SpiService: fgesysctrl_getGPIO_status success val=1
05-22 06:30:22.322   573   573 D spi_rst_gpio_get_output: GPIO 145 value: 1
05-22 06:30:22.323   573   573 D spidev_ioctl: gpio status=1)
05-22 07:11:48.582  2981  3177 I SentryImuMcuAngleSender: 179.93451rollDeg
05-22 07:11:48.582  2981  3177 I SentryImuMcuAngleSender: 1,0,0
05-22 07:11:48.583   824   824 D SurfaceFlinger: unisoc-graphics, commit has frameMissed:2, vysncId:203820
05-22 07:11:48.584   573   573 I SpiService: fgesysctrl_getGPIO_status success val=1
05-22 07:11:48.585   964  1804 D [OMXB]  : usingANWBuffer: handle:0xebd43710, format:1, w:1920, h:1080
05-22 06:30:22.328   573   573 D spi_rst_gpio_get_output: GPIO 145 value: 1
05-22 06:30:22.328   573   573 D spidev_ioctl: gpio status=1)
05-22 07:11:48.589   291  1491 D EvsDriver: forwardFrame
05-22 07:11:48.590   573   573 I SpiService: fgesysctrl_getGPIO_status success val=0
05-22 07:11:48.590   291  1491 D EvsDriver: Delivered 0xb400007b2f47ca30 as id 0
05-22 07:11:48.590  1137  1150 D evsmanagerd: /dev/video4 forwarded the buffer #0 to 0xb4000071fa019690 from 0xb4000071fa01b7d0
05-22 07:11:48.593  9439  9439 I ADAYO_LOG_TRACE_KERNEL: execute start
05-22 07:11:48.594   291  1135 D EvsDriver: doneWithFrame
05-22 06:30:22.333   573   573 D spi_rst_gpio_get_output: GPIO 145 value: 0
05-22 06:30:22.333   573   573 D spidev_ioctl: gpio status=0)
05-22 07:11:48.596   544   544 D commservice260303: msg.id = 1028,0
05-22 07:11:48.596   544   544 D commservice260303: i = 170, msgid = 8A000404
05-22 07:11:48.596   544   544 D commservice260303: msgid = -1979710460,did=138
05-22 07:11:48.596   544   544 D commservice260303: CommProtocolLibCmdBaseI2C::dataproc {"command":{"id":"imu_status","sub":""},"content":{"TimeStamp":1779405108595,"FrameCounter":9015,"GD_X":-0.009925996884703636,"GD_Y":0.0073299347423017025,"GD_Z":0.01779116503894329,"AD_X":-0.0031035542488098145,"AD_Y":-2.006320282816887E-4,"AD_Z":-0.3321399688720703,"TempDsp":0,"Status":0,"CalibState":1,"SigAmpInvalid":0}},-1979710460
05-22 07:11:48.596   544   544 D commservice260303: send2Cluster len:325, 7B22636F6D6D616E64223A7B226964223A22696D755F737461747573222C22737562223A22227D2C22636F6E74656E74223A7B2254696D655374616D70223A313737393430353130383539352C224672616D65436F756E746572223A393031352C2247445F58223A2D302E3030393932353939363838343730333633362C2247445F59223A302E303037333239393334373432333031373032352C2247445F5A223A302E30313737393131363530333839343332392C2241445F58223A2D302E303033313033353534323438383039383134352C2241445F59223A2D322E303036333230323832383136383837452D342C2241445F5A223A2D302E333332313339393638383732303730332C2254656D70447370223A302C22537461747573223A302C2243616C69625374617465223A312C22536967416D70496E76616C6964223A307D7D, 138 
05-22 07:11:48.596   544   544 D commservice260303: Push Message into SendPool fn=-14483456
05-22 07:11:48.596   544   544 D commservice260303: ComProtocolLibSend2Cluster::send2ClusterRaw fn=-14483456 , len=341
05-22 07:11:48.596   544   544 D commservice260303: sendCmdToPort :341!!!
05-22 07:11:48.596   544   544 D commservice260303: send Cmd To Port ++++5AA501518A01000023FF6A0F91347B22636F6D6D616E64223A7B226964223A22696D755F737461747573222C22737562223A22227D2C22636F6E74656E74223A7B2254696D655374616D70223A313737393430353130383539352C224672616D65436F756E746572223A393031352C2247445F58223A2D302E3030393932353939363838343730333633362C2247445F59223A302E303037333239393334373432333031373032352C2247445F5A223A302E30313737393131363530333839343332392C2241445F58223A2D302E303033313033353534323438383039383134352C2241445F59223A2D322E303036333230323832383136383837452D342C2241445F5A223A2D302E333332313339393638383732303730332C2254656D70447370223A302C22537461747573223A302C2243616C69625374617465223A312C22536967416D70496E76616C6964223A307D7DF636
05-22 07:11:48.596   544   544 D commservice260303: bufferevent_write retrun value = 0
05-22 07:11:48.596   544   567 D commservice260303: client datas send succeed,send finish
05-22 07:11:48.597  2981  3178 D Sentinelmode_1.2.5.13_alpha: <SentryImuClusterFgeSender>imu_status sent to Linux, frame=9015, tsNs=393569, tsMs=1779405108595, intervalMs=40, ad=(-0.0031035542,-2.0063203E-4,-0.33213997), gd=(-0.009925997,0.0073299347,0.017791165)
05-22 07:11:48.599   824   824 D SurfaceFlinger: unisoc-graphics, commit has frameMissed:2, vysncId:203828
05-22 07:11:48.602  2981  3177 I SentryImuMcuAngleSender: 179.93105rollDeg
05-22 07:11:48.602   486   580 I mcuc    : rev,n=1,6AA68107C2000A89006F01040914123456F6
05-22 07:11:48.602  2981  3177 I SentryImuMcuAngleSender: 1,0,0
05-22 07:11:48.602   344   361 D automotive.vehicle@2.0-adayo-datacomm-mcu: MCUDatacomm sendMessageFromVehicle prop: 0x89, areaId: 0x0, status: 0x6f, timestamp: 0x1
05-22 07:11:48.602   344   361 D automotive.vehicle@2.0-adayo-datacomm-mcu: MCUDatacomm 1sendMessageFromVehicle ---> type = 12 
05-22 07:11:48.602  1091  1116 I tboxmids_ap: [2026-05-22 07:11:48.602] [MCU RX] src=MCU dst=ZMQ len=10 type=BINARY data=00 08 6F 01 04 09 14 12 34 56 
05-22 07:11:48.603  1026  1026 I MyAppLog: [2026-05-22 07:11:48.603 I tboxap mcuCommTboxmidsRecvCb:96] [Mcu] [mcuCommTboxmidsRecvCb] recv from tboxmids, size:10
05-22 07:11:48.603  1026  1026 I MyAppLog: [2026-05-22 07:11:48.603 I tboxap mcuCommTboxmidsRecvCb:97] [Mcu] [tboxmids -> tboxap]: :00 08 6F 01 04 09 14 12 34 56
05-22 07:11:48.603  1026  1026 W MyAppLog: [2026-05-22 07:11:48.603 W tboxap mcuYadiFrameParse:831] [Mcu] [mcuYadiFrameParse] cmd:0914(MCU_SEC_BATT2_DYNAMIC_IND) payload too short:5 < 36
05-22 07:11:48.603  1026  1026 W MyAppLog: [2026-05-22 07:11:48.603 W tboxap mcuPtlParseData:961] [Mcu] [mcuPtlParseData] invalid yadi frame, len:10
05-22 07:11:48.604   573   573 I SpiService: fgesysctrl_getGPIO_status success val=1
05-22 07:11:48.605   565   565 I Sensors : 230 AccelSensor: x:-0.109800,y:0.011590,z:-10.136371
05-22 06:30:22.347   573   573 D spi_rst_gpio_get_output: GPIO 145 value: 1
05-22 06:30:22.347   573   573 D spidev_ioctl: gpio status=1)
05-22 07:11:48.609   573   573 I SpiService: fgesysctrl_getGPIO_status success val=1
05-22 06:30:22.353   573   573 D spi_rst_gpio_get_output: GPIO 145 value: 1
05-22 06:30:22.353   573   573 D spidev_ioctl: gpio status=1)
05-22 07:11:48.612   276   300 I rvcservice: t.code = 3, t.value = 0
05-22 07:11:48.614   573   573 I SpiService: fgesysctrl_getGPIO_status success val=1
05-22 07:11:48.616   824   824 D SurfaceFlinger: unisoc-graphics, commit has frameMissed:2, vysncId:203843
05-22 06:30:22.358   573   573 D spi_rst_gpio_get_output: GPIO 145 value: 1
05-22 06:30:22.358   573   573 D spidev_ioctl: gpio status=1)
05-22 07:11:48.619  9441  9441 I ADAYO_LOG_TRACE_KERNEL: executing
05-22 07:11:48.620   573   573 I SpiService: fgesysctrl_getGPIO_status success val=1
05-22 06:30:22.363   573   573 D spi_rst_gpio_get_output: GPIO 145 value: 1
05-22 06:30:22.363   573   573 D spidev_ioctl: gpio status=1)
05-22 07:11:48.622  2981  3177 I SentryImuMcuAngleSender: 179.9345rollDeg
05-22 07:11:48.622  2981  3177 I SentryImuMcuAngleSender: 1,0,0
05-22 07:11:48.624   291  1491 D EvsDriver: forwardFrame
05-22 07:11:48.625   573   573 I SpiService: fgesysctrl_getGPIO_status success val=1
05-22 06:30:22.369   573   573 D spi_rst_gpio_get_output: GPIO 145 value: 1
05-22 07:11:48.626  1137  1150 D evsmanagerd: /dev/video4 forwarded the buffer #0 to 0xb4000071fa019690 from 0xb4000071fa01b7d0
05-22 06:30:22.369   573   573 D spidev_ioctl: gpio status=1)
05-22 07:11:48.626   291  1491 D EvsDriver: Delivered 0xb400007b2f47ca30 as id 0
05-22 07:11:48.626   291  1135 D EvsDriver: doneWithFrame
05-22 07:11:48.623   964   964 I auditd  : type=1400 audit(0.0:2928): avc: denied { call } for comm="OMXCallbackDisp" scontext=u:r:mediacodec:s0 tcontext=u:r:adayo_dvr_service:s0 tclass=binder permissive=1
05-22 07:11:48.623   964   964 I OMXCallbackDisp: type=1400 audit(0.0:2928): avc: denied { call } for scontext=u:r:mediacodec:s0 tcontext=u:r:adayo_dvr_service:s0 tclass=binder permissive=1
05-22 07:11:48.631   573   573 I SpiService: fgesysctrl_getGPIO_status success val=1
05-22 06:30:22.374   573   573 D spi_rst_gpio_get_output: GPIO 145 value: 1
05-22 06:30:22.374   573   573 D spidev_ioctl: gpio status=1)
05-22 07:11:48.637   573   573 I SpiService: fgesysctrl_getGPIO_status success val=0
05-22 07:11:48.637   486   579 I mcuc    : send SPI:6AA60207C200028900AA
05-22 06:30:22.380   573   573 D spi_rst_gpio_get_output: GPIO 145 value: 0
05-22 06:30:22.380   573   573 D spidev_ioctl: gpio status=0)
05-22 07:11:48.639   544   544 D commservice260303: msg.id = 1028,0
05-22 07:11:48.639   544   544 D commservice260303: i = 170, msgid = 8A000404
05-22 07:11:48.640   544   544 D commservice260303: msgid = -1979710460,did=138
05-22 07:11:48.640   544   544 D commservice260303: CommProtocolLibCmdBaseI2C::dataproc {"command":{"id":"imu_status","sub":""},"content":{"TimeStamp":1779405108638,"FrameCounter":9016,"GD_X":-0.01038424763828516,"GD_Y":0.008245917037129402,"GD_Z":0.01779116503894329,"AD_X":-0.0031041577458381653,"AD_Y":-0.0026377858594059944,"AD_Z":-0.3303098678588867,"TempDsp":0,"Status":0,"CalibState":1,"SigAmpInvalid":0}},-1979710460
05-22 07:11:48.640   544   544 D commservice260303: send2Cluster len:324, 7B22636F6D6D616E64223A7B226964223A22696D755F737461747573222C22737562223A22227D2C22636F6E74656E74223A7B2254696D655374616D70223A313737393430353130383633382C224672616D65436F756E746572223A393031362C2247445F58223A2D302E30313033383432343736333832383531362C2247445F59223A302E3030383234353931373033373132393430322C2247445F5A223A302E30313737393131363530333839343332392C2241445F58223A2D302E303033313034313537373435383338313635332C2241445F59223A2D302E303032363337373835383539343035393934342C2241445F5A223A2D302E333330333039383637383538383836372C2254656D70447370223A302C22537461747573223A302C2243616C69625374617465223A312C22536967416D70496E76616C6964223A307D7D, 138 
05-22 07:11:48.640   544   544 D commservice260303: Push Message into SendPool fn=2359296
05-22 07:11:48.640   544   544 D commservice260303: ComProtocolLibSend2Cluster::send2ClusterRaw fn=2359296 , len=340
05-22 07:11:48.640   544   544 D commservice260303: sendCmdToPort :340!!!
05-22 07:11:48.640   544   544 D commservice260303: send Cmd To Port ++++5AA501508A01000024006A0F91347B22636F6D6D616E64223A7B226964223A22696D755F737461747573222C22737562223A22227D2C22636F6E74656E74223A7B2254696D655374616D70223A313737393430353130383633382C224672616D65436F756E746572223A393031362C2247445F58223A2D302E30313033383432343736333832383531362C2247445F59223A302E3030383234353931373033373132393430322C2247445F5A223A302E30313737393131363530333839343332392C2241445F58223A2D302E303033313034313537373435383338313635332C2241445F59223A2D302E303032363337373835383539343035393934342C2241445F5A223A2D302E333330333039383637383538383836372C2254656D70447370223A302C22537461747573223A302C2243616C69625374617465223A312C22536967416D70496E76616C6964223A307D7D07B6
05-22 07:11:48.640   544   544 D commservice260303: bufferevent_write retrun value = 0
05-22 07:11:48.640   544   567 D commservice260303: client datas send succeed,send finish
05-22 07:11:48.640  2981  3178 D Sentinelmode_1.2.5.13_alpha: <SentryImuClusterFgeSender>imu_status sent to Linux, frame=9016, tsNs=393605, tsMs=1779405108638, intervalMs=44, ad=(-0.0031041577,-0.0026377859,-0.33030987), gd=(-0.010384248,0.008245917,0.017791165)
05-22 07:11:48.641   565   565 I Sensors : 230 GyroSensor: x:-0.008552,y:0.008399,z:0.017715
05-22 07:11:48.642  2981  3177 I SentryImuMcuAngleSender: 179.94139rollDeg
05-22 07:11:48.642  2981  3177 I SentryImuMcuAngleSender: 1,0,0
05-22 07:11:48.646  9443  9443 I ADAYO_LOG_TRACE_KERNEL: collect_root_path:/mnt/log_data
05-22 07:11:48.650   486   580 I mcuc    : rev,n=1,6AA68107C3000A8900700104090112345607
05-22 07:11:48.650   291  1491 D EvsDriver: forwardFrame
05-22 07:11:48.650   344   361 D automotive.vehicle@2.0-adayo-datacomm-mcu: MCUDatacomm sendMessageFromVehicle prop: 0x89, areaId: 0x0, status: 0x70, timestamp: 0x1
05-22 07:11:48.650   344   361 D automotive.vehicle@2.0-adayo-datacomm-mcu: MCUDatacomm 1sendMessageFromVehicle ---> type = 12 
05-22 07:11:48.650  1091  1116 I tboxmids_ap: [2026-05-22 07:11:48.650] [MCU RX] src=MCU dst=ZMQ len=10 type=BINARY data=00 08 70 01 04 09 01 12 34 56 
05-22 07:11:48.651   573   573 I SpiService: fgesysctrl_getGPIO_status success val=1
05-22 07:11:48.652   291  1491 D EvsDriver: Delivered 0xb400007b2f47ca30 as id 0
05-22 07:11:48.652  1137  1150 D evsmanagerd: /dev/video4 forwarded the buffer #0 to 0xb4000071fa019690 from 0xb4000071fa01b7d0
05-22 07:11:48.653  1026  1026 I MyAppLog: [2026-05-22 07:11:48.652 I tboxap mcuCommTboxmidsRecvCb:96] [Mcu] [mcuCommTboxmidsRecvCb] recv from tboxmids, size:10
05-22 07:11:48.653  1026  1026 I MyAppLog: [2026-05-22 07:11:48.652 I tboxap mcuCommTboxmidsRecvCb:97] [Mcu] [tboxmids -> tboxap]: :00 08 70 01 04 09 01 12 34 56
05-22 06:30:22.395   573   573 D spi_rst_gpio_get_output: GPIO 145 value: 1
05-22 06:30:22.395   573   573 D spidev_ioctl: gpio status=1)
05-22 07:11:48.653  1026  1026 I MyAppLog: [2026-05-22 07:11:48.652 I tboxap mcuPtlParseData:969] [Mcu] [Mcu  Parse]: (cmd):0901 (param):0901123456
05-22 07:11:48.653  1026  1026 D MyAppLog: [2026-05-22 07:11:48.652 D tboxap mcuCommCbHandel:1009] [Mcu] [Mcu  Rev]: (cmd):0901 (param value):123456
05-22 07:11:48.654  1026  1026 W MyAppLog: [2026-05-22 07:11:48.652 W tboxap mcuParamDataRevPack:897] [Mcu] mcuParamDataRevPack start pack data!!!
05-22 07:11:48.654  1026  1026 W MyAppLog: [2026-05-22 07:11:48.652 W tboxap mcuSaveQueryData:204] [Mcu] [mcuSaveQueryData] unknown query item:0x56
05-22 07:11:48.654  1026  1026 W MyAppLog: [2026-05-22 07:11:48.652 W tboxap mcuHandleQueryInd:1037] [Mcu] [mcuHandleQueryInd] unknown query item:0x56
05-22 07:11:48.654  1026  1026 W MyAppLog: [2026-05-22 07:11:48.652 W tboxap mcuHandleQueryInd:1037] [Mcu] [mcuHandleQueryInd] unknown query item:0x56
05-22 07:11:48.654  1026  1026 W MyAppLog: [2026-05-22 07:11:48.652 W tboxap mcuHandleQueryInd:1037] [Mcu] [mcuHandleQueryInd] unknown query item:0x56
05-22 07:11:48.654  1026  1026 W MyAppLog: [2026-05-22 07:11:48.652 W tboxap mcuHandleQueryInd:1037] [Mcu] [mcuHandleQueryInd] unknown query item:0x56
05-22 07:11:48.654  1026  1026 W MyAppLog: [2026-05-22 07:11:48.652 W tboxap mcuHandleQueryInd:1037] [Mcu] [mcuHandleQueryInd] unknown query item:0x56
05-22 07:11:48.654  1026  1026 W MyAppLog: [2026-05-22 07:11:48.652 W tboxap mcuHandleQueryInd:1037] [Mcu] [mcuHandleQueryInd] unknown query item:0x56
05-22 07:11:48.654  1026  1026 W MyAppLog: [2026-05-22 07:11:48.652 W tboxap mcuHandleQueryInd:1037] [Mcu] [mcuHandleQueryInd] unknown query item:0x56
05-22 07:11:48.654  1026  1026 W MyAppLog: [2026-05-22 07:11:48.652 W tboxap mcuHandleQueryInd:1037] [Mcu] [mcuHandleQueryInd] unknown query item:0x56
05-22 07:11:48.654  1026  1026 W MyAppLog: [2026-05-22 07:11:48.652 W tboxap mcuHandleQueryInd:1037] [Mcu] [mcuHandleQueryInd] unknown query item:0x56
05-22 07:11:48.654  1026  1026 W MyAppLog: [2026-05-22 07:11:48.652 W tboxap mcuHandleQueryInd:1037] [Mcu] [mcuHandleQueryInd] unknown query item:0x56
05-22 07:11:48.654  1026  1026 W MyAppLog: [2026-05-22 07:11:48.652 W tboxap mcuHandleQueryInd:1037] [Mcu] [mcuHandleQueryInd] unknown query item:0x56
05-22 07:11:48.655  1026  1026 W MyAppLog: [2026-05-22 07:11:48.652 W tboxap mcuHandleQueryInd:1037] [Mcu] [mcuHandleQueryInd] unknown query item:0x56
05-22 07:11:48.655  1026  1026 W MyAppLog: [2026-05-22 07:11:48.652 W tboxap mcuHandleQueryInd:1037] [Mcu] [mcuHandleQueryInd] unknown query item:0x56
05-22 07:11:48.655  1026  1026 W MyAppLog: [2026-05-22 07:11:48.652 W tboxap mcuHandleQueryInd:1037] [Mcu] [mcuHandleQueryInd] unknown query item:0x56
05-22 07:11:48.655  1026  1026 W MyAppLog: [2026-05-22 07:11:48.652 W tboxap mcuHandleQueryInd:1037] [Mcu] [mcuHandleQueryInd] unknown query item:0x56
05-22 07:11:48.655  1026  1026 W MyAppLog: [2026-05-22 07:11:48.652 W tboxap mcuHandleQueryInd:1037] [Mcu] [mcuHandleQueryInd] unknown query item:0x56
05-22 07:11:48.655  1026  1026 W MyAppLog: [2026-05-22 07:11:48.652 W tboxap mcuHandleQueryInd:1037] [Mcu] [mcuHandleQueryInd] unknown query item:0x56
05-22 07:11:48.655  1026  1026 W MyAppLog: [2026-05-22 07:11:48.652 W tboxap mcuHandleQueryInd:1037] [Mcu] [mcuHandleQueryInd] unknown query item:0x56
05-22 07:11:48.655  1026  1026 W MyAppLog: [2026-05-22 07:11:48.652 W tboxap mcuHandleQueryInd:1037] [Mcu] [mcuHandleQueryInd] unknown query item:0x56
05-22 07:11:48.655  1026  1026 W MyAppLog: [2026-05-22 07:11:48.652 W tboxap mcuHandleQueryInd:1037] [Mcu] [mcuHandleQueryInd] unknown query item:0x56
05-22 07:11:48.655  1026  1026 W MyAppLog: [2026-05-22 07:11:48.652 W tboxap mcuHandleQueryInd:1037] [Mcu] [mcuHandleQueryInd] unknown query item:0x56
05-22 07:11:48.655  1026  1026 W MyAppLog: [2026-05-22 07:11:48.652 W tboxap mcuHandleQueryInd:1037] [Mcu] [mcuHandleQueryInd] unknown query item:0x56
05-22 07:11:48.655  1026  1026 W MyAppLog: [2026-05-22 07:11:48.652 W tboxap mcuHandleQueryInd:1037] [Mcu] [mcuHandleQueryInd] unknown query item:0x56
05-22 07:11:48.655  1026  1026 W MyAppLog: [2026-05-22 07:11:48.652 W tboxap mcuHandleQueryInd:1037] [Mcu] [mcuHandleQueryInd] unknown query item:0x56
05-22 07:11:48.656  1026  1026 W MyAppLog: [2026-05-22 07:11:48.652 W tboxap mcuHandleQueryInd:1037] [Mcu] [mcuHandleQueryInd] unknown query item:0x56
05-22 07:11:48.656  1026  1026 W MyAppLog: [2026-05-22 07:11:48.652 W tboxap mcuHandleQueryInd:1037] [Mcu] [mcuHandleQueryInd] unknown query item:0x56
05-22 07:11:48.656  1026  1026 W MyAppLog: [2026-05-22 07:11:48.652 W tboxap mcuHandleQueryInd:1037] [Mcu] [mcuHandleQueryInd] unknown query item:0x56
05-22 07:11:48.656  1026  1026 W MyAppLog: [2026-05-22 07:11:48.652 W tboxap mcuHandleQueryInd:1037] [Mcu] [mcuHandleQueryInd] unknown query item:0x56
05-22 07:11:48.656  1026  1026 W MyAppLog: [2026-05-22 07:11:48.652 W tboxap mcuHandleQueryInd:1037] [Mcu] [mcuHandleQueryInd] unknown query item:0x56
05-22 07:11:48.656  1026  1026 W MyAppLog: [2026-05-22 07:11:48.652 W tboxap mcuHandleQueryInd:1037] [Mcu] [mcuHandleQueryInd] unknown query item:0x56
05-22 07:11:48.656  1026  1026 W MyAppLog: [2026-05-22 07:11:48.652 W tboxap mcuHandleQueryInd:1037] [Mcu] [mcuHandleQueryInd] unknown query item:0x56
05-22 06:30:22.400   573   573 D spi_rst_gpio_get_output: GPIO 145 value: 1
05-22 07:11:48.656  1026  1026 W MyAppLog: [2026-05-22 07:11:48.652 W tboxap mcuHandleQueryInd:1037] [Mcu] [mcuHandleQueryInd] unknown query item:0x56
05-22 06:30:22.400   573   573 D spidev_ioctl: gpio status=1)
05-22 07:11:48.656  1026  1026 W MyAppLog: [2026-05-22 07:11:48.652 W tboxap mcuHandleQueryInd:1037] [Mcu] [mcuHandleQueryInd] unknown query item:0x56
05-22 07:11:48.656  1026  1026 W MyAppLog: [2026-05-22 07:11:48.652 W tboxap mcuHandleQueryInd:1037] [Mcu] [mcuHandleQueryInd] unknown query item:0x56
05-22 07:11:48.656  1026  1026 W MyAppLog: [2026-05-22 07:11:48.652 W tboxap mcuHandleQueryInd:1037] [Mcu] [mcuHandleQueryInd] unknown query item:0x56
05-22 07:11:48.656  1026  1026 W MyAppLog: [2026-05-22 07:11:48.652 W tboxap mcuHandleQueryInd:1037] [Mcu] [mcuHandleQueryInd] unknown query item:0x56
05-22 07:11:48.656  1026  1026 W MyAppLog: [2026-05-22 07:11:48.652 W tboxap mcuHandleQueryInd:1037] [Mcu] [mcuHandleQueryInd] unknown query item:0x56
05-22 07:11:48.656  1026  1026 W MyAppLog: [2026-05-22 07:11:48.652 W tboxap mcuHandleQueryInd:1037] [Mcu] [mcuHandleQueryInd] unknown query item:0x56
05-22 07:11:48.657  1026  1026 W MyAppLog: [2026-05-22 07:11:48.652 W tboxap mcuHandleQueryInd:1037] [Mcu] [mcuHandleQueryInd] unknown query item:0x56
05-22 07:11:48.657   573   573 I SpiService: fgesysctrl_getGPIO_status success val=1
05-22 07:11:48.657  1026  1026 W MyAppLog: [2026-05-22 07:11:48.652 W tboxap mcuHandleQueryInd:1037] [Mcu] [mcuHandleQueryInd] unknown query item:0x56
05-22 07:11:48.657  1026  1026 W MyAppLog: [2026-05-22 07:11:48.653 W tboxap mcuHandleQueryInd:1037] [Mcu] [mcuHandleQueryInd] unknown query item:0x56
05-22 07:11:48.657  1026  1026 W MyAppLog: [2026-05-22 07:11:48.653 W tboxap mcuHandleQueryInd:1037] [Mcu] [mcuHandleQueryInd] unknown query item:0x56
05-22 07:11:48.657  1026  1026 W MyAppLog: [2026-05-22 07:11:48.653 W tboxap mcuHandleQueryInd:1037] [Mcu] [mcuHandleQueryInd] unknown query item:0x56
05-22 07:11:48.657  1026  1026 W MyAppLog: [2026-05-22 07:11:48.653 W tboxap mcuHandleQueryInd:1037] [Mcu] [mcuHandleQueryInd] unknown query item:0x56
05-22 07:11:48.657  1026  1026 W MyAppLog: [2026-05-22 07:11:48.653 W tboxap mcuHandleQueryInd:1037] [Mcu] [mcuHandleQueryInd] unknown query item:0x56
