05-22 07:20:55.445   291  1491 D EvsDriver: forwardFrame
05-22 07:20:55.446   573   573 I SpiService: fgesysctrl_getGPIO_status success val=1
05-22 07:20:55.446   291  1491 D EvsDriver: Delivered 0xb400007b2f47ca30 as id 0
05-22 07:20:55.446  1137  1150 D evsmanagerd: /dev/video4 forwarded the buffer #0 to 0xb4000071fa019690 from 0xb4000071fa01b7d0
05-22 07:20:55.450   291  1135 D EvsDriver: doneWithFrame
05-22 06:39:29.190   573   573 D spi_rst_gpio_get_output: GPIO 145 value: 1
05-22 06:39:29.190   573   573 D spidev_ioctl: gpio status=1)
05-22 07:20:55.451  2981  3177 I SentryImuMcuAngleSender: 179.93793rollDeg
05-22 07:20:55.451  2981  3177 I SentryImuMcuAngleSender: 1,0,0
05-22 07:20:55.452   573   573 I SpiService: fgesysctrl_getGPIO_status success val=0
05-22 06:39:29.195   573   573 D spi_rst_gpio_get_output: GPIO 145 value: 0
05-22 06:39:29.195   573   573 D spidev_ioctl: gpio status=0)
05-22 07:20:55.457   964  1804 D [OMXB]  : usingANWBuffer: handle:0xebd40f30, format:1, w:1920, h:1080
05-22 07:20:55.466   573   573 I SpiService: fgesysctrl_getGPIO_status success val=1
05-22 06:39:29.209   573   573 D spi_rst_gpio_get_output: GPIO 145 value: 1
05-22 06:39:29.209   573   573 D spidev_ioctl: gpio status=1)
05-22 07:20:55.471   573   573 I SpiService: fgesysctrl_getGPIO_status success val=1
05-22 07:20:55.471  2981  3177 I SentryImuMcuAngleSender: 179.93794rollDeg
05-22 07:20:55.471  2981  3177 I SentryImuMcuAngleSender: 1,0,0
05-22 06:39:29.215   573   573 D spi_rst_gpio_get_output: GPIO 145 value: 1
05-22 06:39:29.215   573   573 D spidev_ioctl: gpio status=1)
05-22 07:20:55.477   573   573 I SpiService: fgesysctrl_getGPIO_status success val=1
05-22 06:39:29.220   573   573 D spi_rst_gpio_get_output: GPIO 145 value: 1
05-22 06:39:29.220   573   573 D spidev_ioctl: gpio status=1)
05-22 07:20:55.478   291  1491 D EvsDriver: forwardFrame
05-22 07:20:55.479   291  1491 D EvsDriver: Delivered 0xb400007b2f47ca30 as id 0
05-22 07:20:55.480  1137  1150 D evsmanagerd: /dev/video4 forwarded the buffer #0 to 0xb4000071fa019690 from 0xb4000071fa01b7d0
05-22 07:20:55.483   291  1135 D EvsDriver: doneWithFrame
05-22 07:20:55.483   573   573 I SpiService: fgesysctrl_getGPIO_status success val=1
05-22 07:20:55.484   544   544 D commservice260303: msg.id = 1028,0
05-22 07:20:55.484   544   544 D commservice260303: i = 170, msgid = 8A000404
05-22 07:20:55.484   544   544 D commservice260303: msgid = -1979710460,did=138
05-22 07:20:55.484   544   544 D commservice260303: CommProtocolLibCmdBaseI2C::dataproc {"command":{"id":"imu_status","sub":""},"content":{"TimeStamp":1779405655482,"FrameCounter":22474,"GD_X":-0.0085517643019557,"GD_Y":0.00794111005961895,"GD_Z":0.018020030111074448,"AD_X":-0.003970138728618622,"AD_Y":-0.002365357242524624,"AD_Z":-0.33150577545166016,"TempDsp":0,"Status":0,"CalibState":1,"SigAmpInvalid":0}},-1979710460
05-22 07:20:55.484   544   544 D commservice260303: send2Cluster len:323, 7B22636F6D6D616E64223A7B226964223A22696D755F737461747573222C22737562223A22227D2C22636F6E74656E74223A7B2254696D655374616D70223A313737393430353635353438322C224672616D65436F756E746572223A32323437342C2247445F58223A2D302E303038353531373634333031393535372C2247445F59223A302E30303739343131313030353936313839352C2247445F5A223A302E3031383032303033303131313037343434382C2241445F58223A2D302E3030333937303133383732383631383632322C2241445F59223A2D302E3030323336353335373234323532343632342C2241445F5A223A2D302E33333135303537373534353136363031362C2254656D70447370223A302C22537461747573223A302C2243616C69625374617465223A312C22536967416D70496E76616C6964223A307D7D, 138 
05-22 07:20:55.484   544   544 D commservice260303: Push Message into SendPool fn=-1537671168
05-22 07:20:55.484   544   544 D commservice260303: ComProtocolLibSend2Cluster::send2ClusterRaw fn=-1537671168 , len=339
05-22 07:20:55.484   544   544 D commservice260303: sendCmdToPort :339!!!
05-22 07:20:55.484   544   544 D commservice260303: send Cmd To Port ++++5AA5014F8A01000059A46A0F93577B22636F6D6D616E64223A7B226964223A22696D755F737461747573222C22737562223A22227D2C22636F6E74656E74223A7B2254696D655374616D70223A313737393430353635353438322C224672616D65436F756E746572223A32323437342C2247445F58223A2D302E303038353531373634333031393535372C2247445F59223A302E30303739343131313030353936313839352C2247445F5A223A302E3031383032303033303131313037343434382C2241445F58223A2D302E3030333937303133383732383631383632322C2241445F59223A2D302E3030323336353335373234323532343632342C2241445F5A223A2D302E33333135303537373534353136363031362C2254656D70447370223A302C22537461747573223A302C2243616C69625374617465223A312C22536967416D70496E76616C6964223A307D7D3700
05-22 07:20:55.484   544   544 D commservice260303: bufferevent_write retrun value = 0
05-22 07:20:55.485   544   567 D commservice260303: client datas send succeed,send finish
05-22 07:20:55.485  2981  3178 D Sentinelmode_1.2.5.13_alpha: <SentryImuClusterFgeSender>imu_status sent to Linux, frame=22474, tsNs=940446, tsMs=1779405655482, intervalMs=42, ad=(-0.0039701387,-0.0023653572,-0.33150578), gd=(-0.008551764,0.00794111,0.01802003)
05-22 06:39:29.227   573   573 D spi_rst_gpio_get_output: GPIO 145 value: 1
05-22 06:39:29.227   573   573 D spidev_ioctl: gpio status=1)
05-22 07:20:55.489   573   573 I SpiService: fgesysctrl_getGPIO_status success val=1
05-22 06:39:29.232   573   573 D spi_rst_gpio_get_output: GPIO 145 value: 1
05-22 06:39:29.232   573   573 D spidev_ioctl: gpio status=1)
05-22 07:20:55.491  2981  3177 I SentryImuMcuAngleSender: 179.93105rollDeg
05-22 07:20:55.491  2981  3177 I SentryImuMcuAngleSender: 1,0,0
05-22 07:20:55.494   573   573 I SpiService: fgesysctrl_getGPIO_status success val=0
05-22 06:39:29.238   573   573 D spi_rst_gpio_get_output: GPIO 145 value: 0
05-22 06:39:29.238   573   573 D spidev_ioctl: gpio status=0)
05-22 07:20:55.499   276   300 I rvcservice: t.code = 7, t.value = 940356
05-22 07:20:55.507   824   824 D SurfaceFlinger: unisoc-graphics, commit has frameMissed:2, vysncId:436488
05-22 07:20:55.508   573   573 I SpiService: fgesysctrl_getGPIO_status success val=1
05-22 07:20:55.509   964  1804 D [OMXB]  : usingANWBuffer: handle:0xebd44210, format:1, w:1920, h:1080
05-22 06:39:29.252   573   573 D spi_rst_gpio_get_output: GPIO 145 value: 1
05-22 06:39:29.252   573   573 D spidev_ioctl: gpio status=1)
05-22 07:20:55.511  2981  3177 I SentryImuMcuAngleSender: 179.93105rollDeg
05-22 07:20:55.511  2981  3177 I SentryImuMcuAngleSender: 1,0,0
05-22 07:20:55.514   573   573 I SpiService: fgesysctrl_getGPIO_status success val=1
05-22 07:20:55.515   291  1491 D EvsDriver: forwardFrame
05-22 07:20:55.515   291  1491 D EvsDriver: Delivered 0xb400007b2f47ca30 as id 0
05-22 07:20:55.516  1137  1150 D evsmanagerd: /dev/video4 forwarded the buffer #0 to 0xb4000071fa019690 from 0xb4000071fa01b7d0
05-22 07:20:55.516   291  1135 D EvsDriver: doneWithFrame
05-22 06:39:29.257   573   573 D spi_rst_gpio_get_output: GPIO 145 value: 1
05-22 06:39:29.257   573   573 D spidev_ioctl: gpio status=1)
05-22 07:20:55.518   565   599 I Sensors : 230 AccelSensor: x:-0.107360,y:0.013420,z:-10.135760
05-22 07:20:55.519   573   573 I SpiService: fgesysctrl_getGPIO_status success val=1
05-22 06:39:29.262   573   573 D spi_rst_gpio_get_output: GPIO 145 value: 1
05-22 06:39:29.262   573   573 D spidev_ioctl: gpio status=1)
05-22 07:20:55.522   544   544 D commservice260303: msg.id = 1028,1
05-22 07:20:55.522   544   544 D commservice260303: i = 170, msgid = 8A000404
05-22 07:20:55.522   544   544 D commservice260303: msgid = -1979710460,did=138
05-22 07:20:55.522   544   544 D commservice260303: CommProtocolLibCmdBaseI2C::dataproc {"command":{"id":"imu_status","sub":""},"content":{"TimeStamp":1779405655521,"FrameCounter":22475,"GD_X":-0.0085517643019557,"GD_Y":0.007558800280094147,"GD_Z":0.017867106944322586,"AD_X":-0.0027511343359947205,"AD_Y":7.662735879421234E-5,"AD_Z":-0.32967567443847656,"TempDsp":0,"Status":0,"CalibState":1,"SigAmpInvalid":0}},-1979710460
05-22 07:20:55.522   544   544 D commservice260303: send2Cluster len:324, 7B22636F6D6D616E64223A7B226964223A22696D755F737461747573222C22737562223A22227D2C22636F6E74656E74223A7B2254696D655374616D70223A313737393430353635353532312C224672616D65436F756E746572223A32323437352C2247445F58223A2D302E303038353531373634333031393535372C2247445F59223A302E3030373535383830303238303039343134372C2247445F5A223A302E3031373836373130363934343332323538362C2241445F58223A2D302E303032373531313334333335393934373230352C2241445F59223A372E363632373335383739343231323334452D352C2241445F5A223A2D302E33323936373536373434333834373635362C2254656D70447370223A302C22537461747573223A302C2243616C69625374617465223A312C22536967416D70496E76616C6964223A307D7D, 138 
05-22 07:20:55.523   544   544 D commservice260303: Push Message into SendPool fn=-1520893952
05-22 07:20:55.523   544   544 D commservice260303: ComProtocolLibSend2Cluster::send2ClusterRaw fn=-1520893952 , len=340
05-22 07:20:55.523   544   544 D commservice260303: sendCmdToPort :340!!!
05-22 07:20:55.523   544   544 D commservice260303: send Cmd To Port ++++5AA501508A01000059A56A0F93577B22636F6D6D616E64223A7B226964223A22696D755F737461747573222C22737562223A22227D2C22636F6E74656E74223A7B2254696D655374616D70223A313737393430353635353532312C224672616D65436F756E746572223A32323437352C2247445F58223A2D302E303038353531373634333031393535372C2247445F59223A302E3030373535383830303238303039343134372C2247445F5A223A302E3031373836373130363934343332323538362C2241445F58223A2D302E303032373531313334333335393934373230352C2241445F59223A372E363632373335383739343231323334452D352C2241445F5A223A2D302E33323936373536373434333834373635362C2254656D70447370223A302C22537461747573223A302C2243616C69625374617465223A312C22536967416D70496E76616C6964223A307D7DEE51
05-22 07:20:55.523   544   544 D commservice260303: bufferevent_write retrun value = 0
05-22 07:20:55.523   544   567 D commservice260303: client datas send succeed,send finish
05-22 07:20:55.524   824   824 D SurfaceFlinger: unisoc-graphics, commit has frameMissed:2, vysncId:436496
05-22 07:20:55.524  2981  3178 D Sentinelmode_1.2.5.13_alpha: <SentryImuClusterFgeSender>imu_status sent to Linux, frame=22475, tsNs=940500, tsMs=1779405655521, intervalMs=39, ad=(-0.0027511343,7.662736E-5,-0.32967567), gd=(-0.008551764,0.0075588003,0.017867107)
05-22 07:20:55.524   573   573 I SpiService: fgesysctrl_getGPIO_status success val=1
05-22 06:39:29.268   573   573 D spi_rst_gpio_get_output: GPIO 145 value: 1
05-22 06:39:29.268   573   573 D spidev_ioctl: gpio status=1)
05-22 07:20:55.530   573   573 I SpiService: fgesysctrl_getGPIO_status success val=1
05-22 07:20:55.531  2981  3177 I SentryImuMcuAngleSender: 179.92415rollDeg
05-22 07:20:55.531  2981  3177 I SentryImuMcuAngleSender: 1,0,0
05-22 06:39:29.273   573   573 D spi_rst_gpio_get_output: GPIO 145 value: 1
05-22 06:39:29.273   573   573 D spidev_ioctl: gpio status=1)
05-22 07:20:55.535   573   573 I SpiService: fgesysctrl_getGPIO_status success val=0
05-22 06:39:29.278   573   573 D spi_rst_gpio_get_output: GPIO 145 value: 0
05-22 06:39:29.278   573   573 D spidev_ioctl: gpio status=0)
05-22 07:20:55.540   824   824 D SurfaceFlinger: unisoc-graphics, commit has frameMissed:2, vysncId:436497
05-22 07:20:55.548   573   573 I SpiService: fgesysctrl_getGPIO_status success val=1
05-22 06:39:29.292   573   573 D spi_rst_gpio_get_output: GPIO 145 value: 1
05-22 06:39:29.292   573   573 D spidev_ioctl: gpio status=1)
05-22 07:20:55.551   291  1491 D EvsDriver: forwardFrame
05-22 07:20:55.551  2981  3177 I SentryImuMcuAngleSender: 179.92412rollDeg
05-22 07:20:55.552   291  1491 D EvsDriver: Delivered 0xb400007b2f47ca30 as id 0
05-22 07:20:55.552  2981  3177 I SentryImuMcuAngleSender: 1,0,0
05-22 07:20:55.552  1137  1150 D evsmanagerd: /dev/video4 forwarded the buffer #0 to 0xb4000071fa019690 from 0xb4000071fa01b7d0
05-22 07:20:55.554   291  1135 D EvsDriver: doneWithFrame
05-22 07:20:55.554   573   573 I SpiService: fgesysctrl_getGPIO_status success val=1
05-22 07:20:55.555   565   599 I Sensors : 230 GyroSensor: x:-0.009773,y:0.007177,z:0.017715
05-22 06:39:29.297   573   573 D spi_rst_gpio_get_output: GPIO 145 value: 1
05-22 06:39:29.297   573   573 D spidev_ioctl: gpio status=1)
05-22 07:20:55.559   573   573 I SpiService: fgesysctrl_getGPIO_status success val=1
05-22 06:39:29.303   573   573 D spi_rst_gpio_get_output: GPIO 145 value: 1
05-22 06:39:29.303   573   573 D spidev_ioctl: gpio status=1)
05-22 07:20:55.562   544   544 D commservice260303: msg.id = 1028,0
05-22 07:20:55.563   544   544 D commservice260303: i = 170, msgid = 8A000404
05-22 07:20:55.563   544   544 D commservice260303: msgid = -1979710460,did=138
05-22 07:20:55.563   544   544 D commservice260303: CommProtocolLibCmdBaseI2C::dataproc {"command":{"id":"imu_status","sub":""},"content":{"TimeStamp":1779405655562,"FrameCounter":22476,"GD_X":-0.0097730727866292,"GD_Y":0.007177011109888554,"GD_Z":0.017715223133563995,"AD_X":-9.232163429260254E-4,"AD_Y":-0.0023611998185515404,"AD_Z":-0.3260164260864258,"TempDsp":0,"Status":0,"CalibState":1,"SigAmpInvalid":0}},-1979710460
05-22 07:20:55.563   544   544 D commservice260303: send2Cluster len:324, 7B22636F6D6D616E64223A7B226964223A22696D755F737461747573222C22737562223A22227D2C22636F6E74656E74223A7B2254696D655374616D70223A313737393430353635353536322C224672616D65436F756E746572223A32323437362C2247445F58223A2D302E303039373733303732373836363239322C2247445F59223A302E3030373137373031313130393838383535342C2247445F5A223A302E3031373731353232333133333536333939352C2241445F58223A2D392E323332313633343239323630323534452D342C2241445F59223A2D302E303032333631313939383138353531353430342C2241445F5A223A2D302E333236303136343236303836343235382C2254656D70447370223A302C22537461747573223A302C2243616C69625374617465223A312C22536967416D70496E76616C6964223A307D7D, 138 
05-22 07:20:55.563   544   544 D commservice260303: Push Message into SendPool fn=-1504116736
05-22 07:20:55.563   544   544 D commservice260303: ComProtocolLibSend2Cluster::send2ClusterRaw fn=-1504116736 , len=340
05-22 07:20:55.563   544   544 D commservice260303: sendCmdToPort :340!!!
05-22 07:20:55.563   544   544 D commservice260303: send Cmd To Port ++++5AA501508A01000059A66A0F93577B22636F6D6D616E64223A7B226964223A22696D755F737461747573222C22737562223A22227D2C22636F6E74656E74223A7B2254696D655374616D70223A313737393430353635353536322C224672616D65436F756E746572223A32323437362C2247445F58223A2D302E303039373733303732373836363239322C2247445F59223A302E3030373137373031313130393838383535342C2247445F5A223A302E3031373731353232333133333536333939352C2241445F58223A2D392E323332313633343239323630323534452D342C2241445F59223A2D302E303032333631313939383138353531353430342C2241445F5A223A2D302E333236303136343236303836343235382C2254656D70447370223A302C22537461747573223A302C2243616C69625374617465223A312C22536967416D70496E76616C6964223A307D7D73F3
05-22 07:20:55.563   544   544 D commservice260303: bufferevent_write retrun value = 0
05-22 07:20:55.563   544   567 D commservice260303: client datas send succeed,send finish
05-22 07:20:55.563  2981  3178 D Sentinelmode_1.2.5.13_alpha: <SentryImuClusterFgeSender>imu_status sent to Linux, frame=22476, tsNs=940536, tsMs=1779405655562, intervalMs=39, ad=(-9.2321634E-4,-0.0023611998,-0.32601643), gd=(-0.009773073,0.007177011,0.017715223)
05-22 07:20:55.565   573   573 I SpiService: fgesysctrl_getGPIO_status success val=1
05-22 06:39:29.308   573   573 D spi_rst_gpio_get_output: GPIO 145 value: 1
05-22 06:39:29.308   573   573 D spidev_ioctl: gpio status=1)
05-22 07:20:55.570   573   573 I SpiService: fgesysctrl_getGPIO_status success val=1
05-22 07:20:55.572  2981  3177 I SentryImuMcuAngleSender: 179.93791rollDeg
05-22 07:20:55.572  2981  3177 I SentryImuMcuAngleSender: 1,0,0
05-22 06:39:29.314   573   573 D spi_rst_gpio_get_output: GPIO 145 value: 1
05-22 06:39:29.314   573   573 D spidev_ioctl: gpio status=1)
05-22 07:20:55.575   291  1491 D EvsDriver: forwardFrame
05-22 07:20:55.576   573   573 I SpiService: fgesysctrl_getGPIO_status success val=0
05-22 07:20:55.577   291  1491 D EvsDriver: Delivered 0xb400007b2f47ca30 as id 0
05-22 07:20:55.577  1137  1150 D evsmanagerd: /dev/video4 forwarded the buffer #0 to 0xb4000071fa019690 from 0xb4000071fa01b7d0
05-22 06:39:29.319   573   573 D spi_rst_gpio_get_output: GPIO 145 value: 0
05-22 06:39:29.319   573   573 D spidev_ioctl: gpio status=0)
05-22 07:20:55.580   291  1135 D EvsDriver: doneWithFrame
05-22 07:20:55.588  1026  1026 D MyAppLog: [2026-05-22 07:20:55.588 D tboxap tsp_WorkMachineProc:1086] [Tsp] [tsp_WorkMachineProc]TSP_WORK_LOGIN NOW !!!!
05-22 07:20:55.589   964  1804 D [OMXB]  : usingANWBuffer: handle:0xebd42a00, format:1, w:1920, h:1080
05-22 07:20:55.590   824   824 D SurfaceFlinger: unisoc-graphics, commit has frameMissed:2, vysncId:436507
05-22 07:20:55.590   573   573 I SpiService: fgesysctrl_getGPIO_status success val=1
05-22 07:20:55.592  2981  3177 I SentryImuMcuAngleSender: 179.93791rollDeg
05-22 07:20:55.592  2981  3177 I SentryImuMcuAngleSender: 1,0,0
05-22 06:39:29.334   573   573 D spi_rst_gpio_get_output: GPIO 145 value: 1
05-22 06:39:29.334   573   573 D spidev_ioctl: gpio status=1)
05-22 07:20:55.596   573   573 I SpiService: fgesysctrl_getGPIO_status success val=1
05-22 06:39:29.339   573   573 D spi_rst_gpio_get_output: GPIO 145 value: 1
05-22 06:39:29.339   573   573 D spidev_ioctl: gpio status=1)
05-22 07:20:55.599   276   300 I rvcservice: t.code = 3, t.value = 0
05-22 07:20:55.601   573   573 I SpiService: fgesysctrl_getGPIO_status success val=1
05-22 06:39:29.344   573   573 D spi_rst_gpio_get_output: GPIO 145 value: 1
05-22 06:39:29.344   573   573 D spidev_ioctl: gpio status=1)
05-22 07:20:55.603   544   544 D commservice260303: msg.id = 1028,1
05-22 07:20:55.603   544   544 D commservice260303: i = 170, msgid = 8A000404
05-22 07:20:55.603   544   544 D commservice260303: msgid = -1979710460,did=138
05-22 07:20:55.603   544   544 D commservice260303: CommProtocolLibCmdBaseI2C::dataproc {"command":{"id":"imu_status","sub":""},"content":{"TimeStamp":1779405655602,"FrameCounter":22477,"GD_X":-0.00969713181257248,"GD_Y":0.0072539933025836945,"GD_Z":0.017867106944322586,"AD_X":-0.005192361772060394,"AD_Y":8.055940270423889E-5,"AD_Z":-0.32723522186279297,"TempDsp":0,"Status":0,"CalibState":1,"SigAmpInvalid":0}},-1979710460
05-22 07:20:55.603   544   544 D commservice260303: send2Cluster len:325, 7B22636F6D6D616E64223A7B226964223A22696D755F737461747573222C22737562223A22227D2C22636F6E74656E74223A7B2254696D655374616D70223A313737393430353635353630322C224672616D65436F756E746572223A32323437372C2247445F58223A2D302E30303936393731333138313235373234382C2247445F59223A302E303037323533393933333032353833363934352C2247445F5A223A302E3031373836373130363934343332323538362C2241445F58223A2D302E3030353139323336313737323036303339342C2241445F59223A382E303535393430323730343233383839452D352C2241445F5A223A2D302E33323732333532323138363237393239372C2254656D70447370223A302C22537461747573223A302C2243616C69625374617465223A312C22536967416D70496E76616C6964223A307D7D, 138 
05-22 07:20:55.603   544   544 D commservice260303: Push Message into SendPool fn=-1487339520
05-22 07:20:55.603   544   544 D commservice260303: ComProtocolLibSend2Cluster::send2ClusterRaw fn=-1487339520 , len=341
05-22 07:20:55.603   544   544 D commservice260303: sendCmdToPort :341!!!
05-22 07:20:55.603   544   544 D commservice260303: send Cmd To Port ++++5AA501518A01000059A76A0F93577B22636F6D6D616E64223A7B226964223A22696D755F737461747573222C22737562223A22227D2C22636F6E74656E74223A7B2254696D655374616D70223A313737393430353635353630322C224672616D65436F756E746572223A32323437372C2247445F58223A2D302E30303936393731333138313235373234382C2247445F59223A302E303037323533393933333032353833363934352C2247445F5A223A302E3031373836373130363934343332323538362C2241445F58223A2D302E3030353139323336313737323036303339342C2241445F59223A382E303535393430323730343233383839452D352C2241445F5A223A2D302E33323732333532323138363237393239372C2254656D70447370223A302C22537461747573223A302C2243616C69625374617465223A312C22536967416D70496E76616C6964223A307D7D0EFB
05-22 07:20:55.603   544   544 D commservice260303: bufferevent_write retrun value = 0
05-22 07:20:55.603   544   567 D commservice260303: client datas send succeed,send finish
05-22 07:20:55.604  2981  3178 D Sentinelmode_1.2.5.13_alpha: <SentryImuClusterFgeSender>imu_status sent to Linux, frame=22477, tsNs=940574, tsMs=1779405655602, intervalMs=41, ad=(-0.005192362,8.05594E-5,-0.32723522), gd=(-0.009697132,0.0072539933,0.017867107)
05-22 07:20:55.606   573   573 I SpiService: fgesysctrl_getGPIO_status success val=1
05-22 07:20:55.609   824   824 D SurfaceFlinger: unisoc-graphics, commit has frameMissed:2, vysncId:436515
05-22 06:39:29.350   573   573 D spi_rst_gpio_get_output: GPIO 145 value: 1
05-22 06:39:29.350   573   573 D spidev_ioctl: gpio status=1)
05-22 07:20:55.611   291  1491 D EvsDriver: forwardFrame
05-22 07:20:55.612   573   573 I SpiService: fgesysctrl_getGPIO_status success val=1
05-22 07:20:55.612   291  1491 D EvsDriver: Delivered 0xb400007b2f47ca30 as id 0
05-22 07:20:55.612  1137  1150 D evsmanagerd: /dev/video4 forwarded the buffer #0 to 0xb4000071fa019690 from 0xb4000071fa01b7d0
05-22 07:20:55.612   291  1135 D EvsDriver: doneWithFrame
05-22 07:20:55.612  2981  3177 I SentryImuMcuAngleSender: 179.92413rollDeg
05-22 07:20:55.612  2981  3177 I SentryImuMcuAngleSender: 1,0,0
05-22 06:39:29.355   573   573 D spi_rst_gpio_get_output: GPIO 145 value: 1
05-22 06:39:29.355   573   573 D spidev_ioctl: gpio status=1)
05-22 07:20:55.617   573   573 I SpiService: fgesysctrl_getGPIO_status success val=0
05-22 06:39:29.360   573   573 D spi_rst_gpio_get_output: GPIO 145 value: 0
05-22 06:39:29.360   573   573 D spidev_ioctl: gpio status=0)
05-22 07:20:55.631   573   573 I SpiService: fgesysctrl_getGPIO_status success val=1
05-22 07:20:55.632  2981  3177 I SentryImuMcuAngleSender: 179.92412rollDeg
05-22 07:20:55.632  2981  3177 I SentryImuMcuAngleSender: 1,0,0
05-22 06:39:29.374   573   573 D spi_rst_gpio_get_output: GPIO 145 value: 1
05-22 06:39:29.374   573   573 D spidev_ioctl: gpio status=1)
05-22 07:20:55.636   573   573 I SpiService: fgesysctrl_getGPIO_status success val=1
05-22 06:39:29.379   573   573 D spi_rst_gpio_get_output: GPIO 145 value: 1
05-22 06:39:29.379   573   573 D spidev_ioctl: gpio status=1)
05-22 07:20:55.641   573   573 I SpiService: fgesysctrl_getGPIO_status success val=1
05-22 06:39:29.385   573   573 D spi_rst_gpio_get_output: GPIO 145 value: 1
05-22 06:39:29.385   573   573 D spidev_ioctl: gpio status=1)
05-22 07:20:55.643   544   544 D commservice260303: msg.id = 1028,1
05-22 07:20:55.643   544   544 D commservice260303: i = 170, msgid = 8A000404
05-22 07:20:55.643   544   544 D commservice260303: msgid = -1979710460,did=138
05-22 07:20:55.643   544   544 D commservice260303: CommProtocolLibCmdBaseI2C::dataproc {"command":{"id":"imu_status","sub":""},"content":{"TimeStamp":1779405655642,"FrameCounter":22478,"GD_X":-0.008245917037129402,"GD_Y":0.007177011109888554,"GD_Z":0.017867106944322586,"AD_X":-0.005190633237361908,"AD_Y":8.100923150777817E-5,"AD_Z":-0.32723522186279297,"TempDsp":0,"Status":0,"CalibState":1,"SigAmpInvalid":0}},-1979710460
05-22 07:20:55.643   544   544 D commservice260303: send2Cluster len:325, 7B22636F6D6D616E64223A7B226964223A22696D755F737461747573222C22737562223A22227D2C22636F6E74656E74223A7B2254696D655374616D70223A313737393430353635353634322C224672616D65436F756E746572223A32323437382C2247445F58223A2D302E3030383234353931373033373132393430322C2247445F59223A302E3030373137373031313130393838383535342C2247445F5A223A302E3031373836373130363934343332323538362C2241445F58223A2D302E3030353139303633333233373336313930382C2241445F59223A382E313030393233313530373737383137452D352C2241445F5A223A2D302E33323732333532323138363237393239372C2254656D70447370223A302C22537461747573223A302C2243616C69625374617465223A312C22536967416D70496E76616C6964223A307D7D, 138 
05-22 07:20:55.643   544   544 D commservice260303: Push Message into SendPool fn=-1470562304
05-22 07:20:55.643   544   544 D commservice260303: ComProtocolLibSend2Cluster::send2ClusterRaw fn=-1470562304 , len=341
05-22 07:20:55.643   544   544 D commservice260303: sendCmdToPort :341!!!
05-22 07:20:55.643   544   544 D commservice260303: send Cmd To Port ++++5AA501518A01000059A86A0F93577B22636F6D6D616E64223A7B226964223A22696D755F737461747573222C22737562223A22227D2C22636F6E74656E74223A7B2254696D655374616D70223A313737393430353635353634322C224672616D65436F756E746572223A32323437382C2247445F58223A2D302E3030383234353931373033373132393430322C2247445F59223A302E3030373137373031313130393838383535342C2247445F5A223A302E3031373836373130363934343332323538362C2241445F58223A2D302E3030353139303633333233373336313930382C2241445F59223A382E313030393233313530373737383137452D352C2241445F5A223A2D302E33323732333532323138363237393239372C2254656D70447370223A302C22537461747573223A302C2243616C69625374617465223A312C22536967416D70496E76616C6964223A307D7D9C68
05-22 07:20:55.643   544   544 D commservice260303: bufferevent_write retrun value = 0
05-22 07:20:55.643   544   567 D commservice260303: client datas send succeed,send finish
05-22 07:20:55.644  2981  3178 D Sentinelmode_1.2.5.13_alpha: <SentryImuClusterFgeSender>imu_status sent to Linux, frame=22478, tsNs=940608, tsMs=1779405655642, intervalMs=40, ad=(-0.0051906332,8.100923E-5,-0.32723522), gd=(-0.008245917,0.007177011,0.017867107)
05-22 07:20:55.645   291  1491 D EvsDriver: forwardFrame
05-22 07:20:55.646   291  1491 D EvsDriver: Delivered 0xb400007b2f47ca30 as id 0
05-22 07:20:55.646   573   573 I SpiService: fgesysctrl_getGPIO_status success val=1
05-22 07:20:55.647  1137  1150 D evsmanagerd: /dev/video4 forwarded the buffer #0 to 0xb4000071fa019690 from 0xb4000071fa01b7d0
05-22 07:20:55.649   291  1135 D EvsDriver: doneWithFrame
05-22 06:39:29.390   573   573 D spi_rst_gpio_get_output: GPIO 145 value: 1
05-22 06:39:29.390   573   573 D spidev_ioctl: gpio status=1)
05-22 07:20:55.652   573   573 I SpiService: fgesysctrl_getGPIO_status success val=1
05-22 07:20:55.652  2981  3177 I SentryImuMcuAngleSender: 179.92412rollDeg
05-22 07:20:55.652  2981  3177 I SentryImuMcuAngleSender: 1,0,0
05-22 06:39:29.395   573   573 D spi_rst_gpio_get_output: GPIO 145 value: 1
05-22 06:39:29.395   573   573 D spidev_ioctl: gpio status=1)
05-22 07:20:55.657   573   573 I SpiService: fgesysctrl_getGPIO_status success val=0
05-22 06:39:29.401   573   573 D spi_rst_gpio_get_output: GPIO 145 value: 0
05-22 06:39:29.401   573   573 D spidev_ioctl: gpio status=0)
05-22 07:20:55.671   573   573 I SpiService: fgesysctrl_getGPIO_status success val=1
05-22 07:20:55.672  2981  3177 I SentryImuMcuAngleSender: 179.92412rollDeg
05-22 07:20:55.672  2981  3177 I SentryImuMcuAngleSender: 1,0,0
05-22 06:39:29.414   573   573 D spi_rst_gpio_get_output: GPIO 145 value: 1
05-22 06:39:29.414   573   573 D spidev_ioctl: gpio status=1)
05-22 07:20:55.675   544   567 D commservice260303: recv len:75, 5AA500470600000005716A0F93577B22636F6D6D616E64223A7B226964223A226473695F6C7578222C22737562223A22227D2C22636F6E74656E74223A7B2276616C7565223A307D7DE351 from server
05-22 07:20:55.676   544  3079 D commservice260303: mcuDataAnalyzeHandle templen:75,len:75,pos:0, 5AA500470600000005716A0F93577B22636F6D6D616E64223A7B226964223A226473695F6C7578222C22737562223A22227D2C22636F6E74656E74223A7B2276616C7565223A307D7DE351 
05-22 07:20:55.676   544  3079 I commservice260303: checksumCal = 58193
05-22 07:20:55.676   544  3079 D commservice260303: CommProtocolLibCmdBaseC2I::dataproc {"command":{"id":"dsi_lux","sub":""},"content":{"value":0}},6
05-22 07:20:55.676   544  3079 D commservice260303: mcuCommMessageManager::notifyMsgToClient hwbinder OK
05-22 07:20:55.676   573   573 I SpiService: fgesysctrl_getGPIO_status success val=1
05-22 07:20:55.676   544  3079 D commservice260303: mcuCommMessageManager::notifyMsgToClient hwbinder OK
05-22 07:20:55.677   544  3079 D commservice260303: McuProtocolLibSend2Service::send2Service ret=1
05-22 07:20:55.677  2109  2467 D ivicomm_CommManager: fgeComServiceCallback: {"command":{"id":"dsi_lux","sub":""},"content":{"value":0}}
05-22 07:20:55.677  2109  2467 D ivicomm_CallbackManager: registerCallback DSI_LUX: {"value":0} mCommStateCallbackMap size:5
05-22 06:39:29.420   573   573 D spi_rst_gpio_get_output: GPIO 145 value: 1
05-22 06:39:29.420   573   573 D spidev_ioctl: gpio status=1)
05-22 07:20:55.679  1774  5437 D NSLogUtils_VehicleService: L2A comm state: id=dsi_lux, value=0
05-22 07:20:55.679  1517  1541 D sysUI_SystemSettingsControllerService: [binder:1517_1] - onCommState: commandID = dsi_lux; value = 0
05-22 07:20:55.680   291  1491 D EvsDriver: forwardFrame
05-22 07:20:55.681   291  1491 D EvsDriver: Delivered 0xb400007b2f47ca30 as id 0
05-22 07:20:55.681  1137  1150 D evsmanagerd: /dev/video4 forwarded the buffer #0 to 0xb4000071fa019690 from 0xb4000071fa01b7d0
05-22 07:20:55.682   964  1804 D [OMXB]  : usingANWBuffer: handle:0xebd446e0, format:1, w:1920, h:1080
05-22 07:20:55.682   573   573 I SpiService: fgesysctrl_getGPIO_status success val=1
05-22 07:20:55.684   544   544 D commservice260303: msg.id = 1028,0
05-22 07:20:55.684   544   544 D commservice260303: i = 170, msgid = 8A000404
05-22 07:20:55.684   544   544 D commservice260303: msgid = -1979710460,did=138
05-22 07:20:55.684   544   544 D commservice260303: CommProtocolLibCmdBaseI2C::dataproc {"command":{"id":"imu_status","sub":""},"content":{"TimeStamp":1779405655683,"FrameCounter":22479,"GD_X":-0.009314822033047676,"GD_Y":0.007405876647680998,"GD_Z":0.018020030111074448,"AD_X":-0.0051885321736335754,"AD_Y":8.145812898874283E-5,"AD_Z":-0.32723522186279297,"TempDsp":0,"Status":0,"CalibState":1,"SigAmpInvalid":0}},-1979710460
05-22 07:20:55.684   544   544 D commservice260303: send2Cluster len:326, 7B22636F6D6D616E64223A7B226964223A22696D755F737461747573222C22737562223A22227D2C22636F6E74656E74223A7B2254696D655374616D70223A313737393430353635353638332C224672616D65436F756E746572223A32323437392C2247445F58223A2D302E3030393331343832323033333034373637362C2247445F59223A302E3030373430353837363634373638303939382C2247445F5A223A302E3031383032303033303131313037343434382C2241445F58223A2D302E303035313838353332313733363333353735342C2241445F59223A382E313435383132383938383734323833452D352C2241445F5A223A2D302E33323732333532323138363237393239372C2254656D70447370223A302C22537461747573223A302C2243616C69625374617465223A312C22536967416D70496E76616C6964223A307D7D, 138 
05-22 07:20:55.684   544   544 D commservice260303: Push Message into SendPool fn=-1453785088
05-22 07:20:55.684   544   544 D commservice260303: ComProtocolLibSend2Cluster::send2ClusterRaw fn=-1453785088 , len=342
05-22 07:20:55.684   544   544 D commservice260303: sendCmdToPort :342!!!
05-22 07:20:55.684   544   544 D commservice260303: send Cmd To Port ++++5AA501528A01000059A96A0F93577B22636F6D6D616E64223A7B226964223A22696D755F737461747573222C22737562223A22227D2C22636F6E74656E74223A7B2254696D655374616D70223A313737393430353635353638332C224672616D65436F756E746572223A32323437392C2247445F58223A2D302E3030393331343832323033333034373637362C2247445F59223A302E3030373430353837363634373638303939382C2247445F5A223A302E3031383032303033303131313037343434382C2241445F58223A2D302E303035313838353332313733363333353735342C2241445F59223A382E313435383132383938383734323833452D352C2241445F5A223A2D302E33323732333532323138363237393239372C2254656D70447370223A302C22537461747573223A302C2243616C69625374617465223A312C22536967416D70496E76616C6964223A307D7D90AC
05-22 07:20:55.685   544   544 D commservice260303: bufferevent_write retrun value = 0
05-22 06:39:29.425   573   573 D spi_rst_gpio_get_output: GPIO 145 value: 1
05-22 06:39:29.426   573   573 D spidev_ioctl: gpio status=1)
05-22 06:39:29.431   573   573 D spi_rst_gpio_get_output: GPIO 145 value: 1
05-22 06:39:29.431   573   573 D spidev_ioctl: gpio status=1)
05-22 07:20:55.685   544   567 D commservice260303: client datas send succeed,send finish
05-22 07:20:55.685  2981  3178 D Sentinelmode_1.2.5.13_alpha: <SentryImuClusterFgeSender>imu_status sent to Linux, frame=22479, tsNs=940644, tsMs=1779405655683, intervalMs=41, ad=(-0.005188532,8.145813E-5,-0.32723522), gd=(-0.009314822,0.0074058766,0.01802003)
05-22 07:20:55.686   291  1135 D EvsDriver: doneWithFrame
05-22 07:20:55.688   573   573 I SpiService: fgesysctrl_getGPIO_status success val=1
05-22 07:20:55.692  2981  3177 I SentryImuMcuAngleSender: 179.92413rollDeg
05-22 07:20:55.692  2981  3177 I SentryImuMcuAngleSender: 1,0,0
05-22 07:20:55.694   573   573 I SpiService: fgesysctrl_getGPIO_status success val=1
05-22 06:39:29.437   573   573 D spi_rst_gpio_get_output: GPIO 145 value: 1
05-22 06:39:29.437   573   573 D spidev_ioctl: gpio status=1)
05-22 07:20:55.699   276   300 I rvcservice: t.code = 2, t.value = 10132101
05-22 07:20:55.700   573   573 I SpiService: fgesysctrl_getGPIO_status success val=0
05-22 06:39:29.443   573   573 D spi_rst_gpio_get_output: GPIO 145 value: 0
05-22 06:39:29.443   573   573 D spidev_ioctl: gpio status=0)
05-22 07:20:55.702   260   260 D libvintf: HalManifest::getHidlTransport(framework): Cannot find android.hardware.usb@1.0::IUsb/default
05-22 07:20:55.702   260   260 D libvintf: HalManifest::getHidlTransport(device): Cannot find android.hardware.usb@1.0::IUsb/default
05-22 07:20:55.702   260   260 I hwservicemanager: getTransport: Cannot find entry android.hardware.usb@1.0::IUsb/default in either framework or device VINTF manifest.
05-22 07:20:55.704  2626  2832 E ExtUsbManager: UsbHalController: android.hardware.usb.V1_0.IUsb getService failed!
05-22 07:20:55.704  2626  2832 E ExtUsbManager: java.util.NoSuchElementException
05-22 07:20:55.704  2626  2832 E ExtUsbManager: 	at android.os.HwBinder.getService(Native Method)
05-22 07:20:55.704  2626  2832 E ExtUsbManager: 	at android.os.HwBinder.getService(HwBinder.java:81)
05-22 07:20:55.704  2626  2832 E ExtUsbManager: 	at android.hardware.usb.V1_0.IUsb.getService(IUsb.java:74)
05-22 07:20:55.704  2626  2832 E ExtUsbManager: 	at android.hardware.usb.V1_0.IUsb.getService(IUsb.java:84)
05-22 07:20:55.704  2626  2832 E ExtUsbManager: 	at ts.car.usb.UsbHalController.createService(UsbHalController.java:37)
05-22 07:20:55.704  2626  2832 E ExtUsbManager: 	at ts.car.usb.UsbHalController.createService(UsbHalController.java:18)
05-22 07:20:55.704  2626  2832 E ExtUsbManager: 	at ts.car.usb.utils.AutoServiceConnector4Hidl.autoConnect(AutoServiceConnector4Hidl.java:47)
05-22 07:20:55.704  2626  2832 E ExtUsbManager: 	at ts.car.usb.utils.AutoServiceConnector4Hidl$$ExternalSyntheticLambda0.run(Unknown Source:2)
05-22 07:20:55.704  2626  2832 E ExtUsbManager: 	at android.os.Handler.handleCallback(Handler.java:942)
05-22 07:20:55.704  2626  2832 E ExtUsbManager: 	at android.os.Handler.dispatchMessage(Handler.java:99)
05-22 07:20:55.704  2626  2832 E ExtUsbManager: 	at android.os.Looper.loopOnce(Looper.java:201)
05-22 07:20:55.704  2626  2832 E ExtUsbManager: 	at android.os.Looper.loop(Looper.java:288)
05-22 07:20:55.704  2626  2832 E ExtUsbManager: 	at android.os.HandlerThread.run(HandlerThread.java:67)
05-22 07:20:55.708   824   824 D SurfaceFlinger: unisoc-graphics, commit has frameMissed:2, vysncId:436533
05-22 07:20:55.709   291  1491 D EvsDriver: forwardFrame
05-22 07:20:55.711   291  1491 D EvsDriver: Delivered 0xb400007b2f47ca30 as id 0
05-22 07:20:55.711  1137  1150 D evsmanagerd: /dev/video4 forwarded the buffer #0 to 0xb4000071fa019690 from 0xb4000071fa01b7d0
05-22 07:20:55.712   260   260 D libvintf: HalManifest::getHidlTransport(framework): Cannot find vendor.ts.usbext@1.0::IUsbext/default
05-22 07:20:55.712   291  1135 D EvsDriver: doneWithFrame
05-22 07:20:55.712   260   260 D libvintf: HalManifest::getHidlTransport(device): Cannot find vendor.ts.usbext@1.0::IUsbext/default
05-22 07:20:55.712   260   260 I hwservicemanager: getTransport: Cannot find entry vendor.ts.usbext@1.0::IUsbext/default in either framework or device VINTF manifest.
05-22 07:20:55.713  2981  3177 I SentryImuMcuAngleSender: 179.92415rollDeg
05-22 07:20:55.713  2981  3177 I SentryImuMcuAngleSender: 1,0,0
05-22 07:20:55.713  2626  2832 E ExtUsbManager: UsbHalExtController: vendor.ts.usbext.V1_0.IUsbext getService failed!
05-22 07:20:55.713  2626  2832 E ExtUsbManager: java.util.NoSuchElementException
05-22 07:20:55.713  2626  2832 E ExtUsbManager: 	at android.os.HwBinder.getService(Native Method)
05-22 07:20:55.713  2626  2832 E ExtUsbManager: 	at android.os.HwBinder.getService(HwBinder.java:81)
05-22 07:20:55.713  2626  2832 E ExtUsbManager: 	at vendor.ts.usbext.V1_0.IUsbext.getService(IUsbext.java:74)
05-22 07:20:55.713  2626  2832 E ExtUsbManager: 	at vendor.ts.usbext.V1_0.IUsbext.getService(IUsbext.java:84)
05-22 07:20:55.713  2626  2832 E ExtUsbManager: 	at ts.car.usb.UsbHalExtController.createService(UsbHalExtController.java:37)
05-22 07:20:55.713  2626  2832 E ExtUsbManager: 	at ts.car.usb.UsbHalExtController.createService(UsbHalExtController.java:18)
05-22 07:20:55.713  2626  2832 E ExtUsbManager: 	at ts.car.usb.utils.AutoServiceConnector4Hidl.autoConnect(AutoServiceConnector4Hidl.java:47)
05-22 07:20:55.713  2626  2832 E ExtUsbManager: 	at ts.car.usb.utils.AutoServiceConnector4Hidl$$ExternalSyntheticLambda0.run(Unknown Source:2)
05-22 07:20:55.713  2626  2832 E ExtUsbManager: 	at android.os.Handler.handleCallback(Handler.java:942)
05-22 07:20:55.713  2626  2832 E ExtUsbManager: 	at android.os.Handler.dispatchMessage(Handler.java:99)
05-22 07:20:55.713  2626  2832 E ExtUsbManager: 	at android.os.Looper.loopOnce(Looper.java:201)
05-22 07:20:55.713  2626  2832 E ExtUsbManager: 	at android.os.Looper.loop(Looper.java:288)
05-22 07:20:55.713  2626  2832 E ExtUsbManager: 	at android.os.HandlerThread.run(HandlerThread.java:67)
05-22 07:20:55.714   573   573 I SpiService: fgesysctrl_getGPIO_status success val=1
05-22 07:20:55.716   260   260 D libvintf: HalManifest::getHidlTransport(framework): Cannot find android.hardware.usb.gadget@1.0::IUsbGadget/default
05-22 07:20:55.716   565   565 I Sensors : 230 AccelSensor: x:-0.108580,y:0.012200,z:-10.134541
05-22 07:20:55.716   260   260 D libvintf: HalManifest::getHidlTransport(device): Cannot find android.hardware.usb.gadget@1.0::IUsbGadget/default
05-22 07:20:55.716   260   260 I hwservicemanager: getTransport: Cannot find entry android.hardware.usb.gadget@1.0::IUsbGadget/default in either framework or device VINTF manifest.
05-22 07:20:55.717  2626  2832 E ExtUsbManager: UsbGadgetController: android.hardware.usb.gadget.V1_0.IUsbGadget getService failed!
05-22 07:20:55.717  2626  2832 E ExtUsbManager: java.util.NoSuchElementException
05-22 07:20:55.717  2626  2832 E ExtUsbManager: 	at android.os.HwBinder.getService(Native Method)
05-22 07:20:55.717  2626  2832 E ExtUsbManager: 	at android.os.HwBinder.getService(HwBinder.java:81)
05-22 07:20:55.717  2626  2832 E ExtUsbManager: 	at android.hardware.usb.gadget.V1_0.IUsbGadget.getService(IUsbGadget.java:74)
05-22 07:20:55.717  2626  2832 E ExtUsbManager: 	at android.hardware.usb.gadget.V1_0.IUsbGadget.getService(IUsbGadget.java:84)
05-22 07:20:55.717  2626  2832 E ExtUsbManager: 	at ts.car.usb.UsbGadgetController.createService(UsbGadgetController.java:36)
05-22 07:20:55.717  2626  2832 E ExtUsbManager: 	at ts.car.usb.UsbGadgetController.createService(UsbGadgetController.java:17)
05-22 07:20:55.717  2626  2832 E ExtUsbManager: 	at ts.car.usb.utils.AutoServiceConnector4Hidl.autoConnect(AutoServiceConnector4Hidl.java:47)
05-22 07:20:55.717  2626  2832 E ExtUsbManager: 	at ts.car.usb.utils.AutoServiceConnector4Hidl$$ExternalSyntheticLambda0.run(Unknown Source:2)
05-22 07:20:55.717  2626  2832 E ExtUsbManager: 	at android.os.Handler.handleCallback(Handler.java:942)
05-22 07:20:55.717  2626  2832 E ExtUsbManager: 	at android.os.Handler.dispatchMessage(Handler.java:99)
05-22 07:20:55.717  2626  2832 E ExtUsbManager: 	at android.os.Looper.loopOnce(Looper.java:201)
05-22 07:20:55.717  2626  2832 E ExtUsbManager: 	at android.os.Looper.loop(Looper.java:288)
05-22 07:20:55.717  2626  2832 E ExtUsbManager: 	at android.os.HandlerThread.run(HandlerThread.java:67)
05-22 06:39:29.458   573   573 D spi_rst_gpio_get_output: GPIO 145 value: 1
05-22 06:39:29.458   573   573 D spidev_ioctl: gpio status=1)
05-22 07:20:55.719   544  3080 D commservice260303: send heart beat package to Cluster
05-22 07:20:55.719   544  3080 D commservice260303: send2Cluster len:40, 7B22636F6D6D616E64223A7B226964223A22686561727462656174222C22737562223A22227D7D0A, 129 
05-22 07:20:55.720   544  3080 D commservice260303: Push Message into SendPool fn=-1437007872
05-22 07:20:55.720   544  3080 D commservice260303: ComProtocolLibSend2Cluster::send2ClusterRaw fn=-1437007872 , len=56
05-22 07:20:55.720   544  3080 D commservice260303: sendCmdToPort :56!!!
05-22 07:20:55.720   544  3080 D commservice260303: send Cmd To Port ++++5AA500348101000059AA6A0F93577B22636F6D6D616E64223A7B226964223A22686561727462656174222C22737562223A22227D7D0A96DD
05-22 07:20:55.720   544  3080 D commservice260303: bufferevent_write retrun value = 0
05-22 07:20:55.720   573   573 I SpiService: fgesysctrl_getGPIO_status success val=1
05-22 07:20:55.720   544   567 D commservice260303: client datas send succeed,send finish
05-22 06:39:29.463   573   573 D spi_rst_gpio_get_output: GPIO 145 value: 1
05-22 06:39:29.464   573   573 D spidev_ioctl: gpio status=1)
05-22 07:20:55.723   544   567 D commservice260303: recv len:91, 5AA500570100000005726A0F93577B22636F6D6D616E64223A7B226964223A22686561727462656174222C22737562223A22227D2C22726573706F6E65223A7B22636F6465223A302C226D657373616765223A226F6B227D7D0C55 from server
05-22 07:20:55.723   544   544 D commservice260303: msg.id = 1028,0
05-22 07:20:55.723   544  3079 D commservice260303: mcuDataAnalyzeHandle templen:91,len:91,pos:0, 5AA500570100000005726A0F93577B22636F6D6D616E64223A7B226964223A22686561727462656174222C22737562223A22227D2C22726573706F6E65223A7B22636F6465223A302C226D657373616765223A226F6B227D7D0C55 
05-22 07:20:55.724   544   544 D commservice260303: i = 170, msgid = 8A000404
05-22 07:20:55.724   544  3079 I commservice260303: checksumCal = 3157
05-22 07:20:55.724   544   544 D commservice260303: msgid = -1979710460,did=138
05-22 07:20:55.724   544  3079 D commservice260303: Protocol_C2I_Commservice::dataproc {"command":{"id":"heartbeat","sub":""},"respone":{"code":0,"message":"ok"}},1
05-22 07:20:55.724   544   544 D commservice260303: CommProtocolLibCmdBaseI2C::dataproc {"command":{"id":"imu_status","sub":""},"content":{"TimeStamp":1779405655723,"FrameCounter":22480,"GD_X":-0.008933032862842083,"GD_Y":0.00801705103367567,"GD_Z":0.01756177842617035,"AD_X":-0.003967218101024628,"AD_Y":-0.0011364277452230453,"AD_Z":-0.32845497131347656,"TempDsp":0,"Status":0,"CalibState":1,"SigAmpInvalid":0}},-1979710460
05-22 07:20:55.724   544  3079 D commservice260303: Protocol_C2I_Commservice::dataproc Receive a heartbeat command from Cluster, setTcpHeartbeat = EID_UID_HEARTBEAT
05-22 07:20:55.724   544   544 D commservice260303: send2Cluster len:325, 7B22636F6D6D616E64223A7B226964223A22696D755F737461747573222C22737562223A22227D2C22636F6E74656E74223A7B2254696D655374616D70223A313737393430353635353732332C224672616D65436F756E746572223A32323438302C2247445F58223A2D302E3030383933333033323836323834323038332C2247445F59223A302E30303830313730353130333336373536372C2247445F5A223A302E30313735363137373834323631373033352C2241445F58223A2D302E3030333936373231383130313032343632382C2241445F59223A2D302E303031313336343237373435323233303435332C2241445F5A223A2D302E33323834353439373133313334373635362C2254656D70447370223A302C22537461747573223A302C2243616C69625374617465223A312C22536967416D70496E76616C6964223A307D7D, 138 
05-22 07:20:55.724   544   544 D commservice260303: Push Message into SendPool fn=-1420230656
05-22 07:20:55.724   544   544 D commservice260303: ComProtocolLibSend2Cluster::send2ClusterRaw fn=-1420230656 , len=341
05-22 07:20:55.724   544   544 D commservice260303: sendCmdToPort :341!!!
05-22 07:20:55.724   544   544 D commservice260303: send Cmd To Port ++++5AA501518A01000059AB6A0F93577B22636F6D6D616E64223A7B226964223A22696D755F737461747573222C22737562223A22227D2C22636F6E74656E74223A7B2254696D655374616D70223A313737393430353635353732332C224672616D65436F756E746572223A32323438302C2247445F58223A2D302E3030383933333033323836323834323038332C2247445F59223A302E30303830313730353130333336373536372C2247445F5A223A302E30313735363137373834323631373033352C2241445F58223A2D302E3030333936373231383130313032343632382C2241445F59223A2D302E303031313336343237373435323233303435332C2241445F5A223A2D302E33323834353439373133313334373635362C2254656D70447370223A302C22537461747573223A302C2243616C69625374617465223A312C22536967416D70496E76616C6964223A307D7DD347
05-22 07:20:55.724   544   544 D commservice260303: bufferevent_write retrun value = 0
05-22 07:20:55.724   544   567 D commservice260303: client datas send succeed,send finish
05-22 07:20:55.725  2981  3178 D Sentinelmode_1.2.5.13_alpha: <SentryImuClusterFgeSender>imu_status sent to Linux, frame=22480, tsNs=940698, tsMs=1779405655723, intervalMs=40, ad=(-0.003967218,-0.0011364277,-0.32845497), gd=(-0.008933033,0.008017051,0.017561778)
05-22 07:20:55.726   573   573 I SpiService: fgesysctrl_getGPIO_status success val=1
05-22 07:20:55.726   964  1804 D [OMXB]  : usingANWBuffer: handle:0xebd43450, format:1, w:1920, h:1080
05-22 07:20:55.727   824   824 D SurfaceFlinger: unisoc-graphics, commit has frameMissed:2, vysncId:436541
05-22 06:39:29.469   573   573 D spi_rst_gpio_get_output: GPIO 145 value: 1
05-22 06:39:29.469   573   573 D spidev_ioctl: gpio status=1)
05-22 07:20:55.731   573   573 I SpiService: fgesysctrl_getGPIO_status success val=1
05-22 06:39:29.475   573   573 D spi_rst_gpio_get_output: GPIO 145 value: 1
05-22 06:39:29.475   573   573 D spidev_ioctl: gpio status=1)
05-22 07:20:55.734  2981  3177 I SentryImuMcuAngleSender: 1,0,0
05-22 07:20:55.737   573   573 I SpiService: fgesysctrl_getGPIO_status success val=0
05-22 07:20:55.737  3735  3735 D NSLogUtils_MainActivity: progress->94927
05-22 06:39:29.480   573   573 D spi_rst_gpio_get_output: GPIO 145 value: 0
05-22 06:39:29.480   573   573 D spidev_ioctl: gpio status=0)
05-22 07:20:55.743   291  1491 D EvsDriver: forwardFrame
05-22 07:20:55.744   824   824 D SurfaceFlinger: unisoc-graphics, commit has frameMissed:2, vysncId:436542
05-22 07:20:55.745  1137  1150 D evsmanagerd: /dev/video4 forwarded the buffer #0 to 0xb4000071fa019690 from 0xb4000071fa01b7d0
05-22 07:20:55.745   291  1491 D EvsDriver: Delivered 0xb400007b2f47ca30 as id 0
05-22 07:20:55.748 11323 11374 D ANW_AVRCP: (11323|0xD12C8CB0)[AVRCP] API getPlayStatusTimerHandler
05-22 07:20:55.748 11323 11374 D ANW_AVRCP: (11323|0xD12C8CB0)[AVRCP] API AVRCP_GetPlayStatus
05-22 07:20:55.748 11323 11374 D ANWStack: [    940730][ANWBT] <<Avctp_Send_Message 0/1:
05-22 07:20:55.748 11323 11374 D ANWStack: 
05-22 07:20:55.748 11323 11374 D ANWStack: [    940730][ANWBT] L2CAP: L2_RetrieveHandle called, cid=0x82
05-22 07:20:55.748 11323 11374 D ANWStack: 
05-22 07:20:55.749   291  1135 D EvsDriver: doneWithFrame
05-22 07:20:55.751   573   573 I SpiService: fgesysctrl_getGPIO_status success val=1
05-22 07:20:55.752   565   565 I Sensors : 230 GyroSensor: x:-0.009086,y:0.007559,z:0.017562
05-22 06:39:29.495   573   573 D spi_rst_gpio_get_output: GPIO 145 value: 1
05-22 06:39:29.495   573   573 D spidev_ioctl: gpio status=1)
05-22 07:20:55.754  2981  3177 I SentryImuMcuAngleSender: 179.92758rollDeg
05-22 07:20:55.754  2981  3177 I SentryImuMcuAngleSender: 1,0,0
05-22 07:20:55.757   573   573 I SpiService: fgesysctrl_getGPIO_status success val=1
05-22 06:39:29.500   573   573 D spi_rst_gpio_get_output: GPIO 145 value: 1
05-22 06:39:29.501   573   573 D spidev_ioctl: gpio status=1)
05-22 07:20:55.763   573   573 I SpiService: fgesysctrl_getGPIO_status success val=1
05-22 06:39:29.506   573   573 D spi_rst_gpio_get_output: GPIO 145 value: 1
05-22 06:39:29.506   573   573 D spidev_ioctl: gpio status=1)
05-22 07:20:55.767   544   544 D commservice260303: msg.id = 1028,0
05-22 07:20:55.767   544   544 D commservice260303: i = 170, msgid = 8A000404
05-22 07:20:55.767   544   544 D commservice260303: msgid = -1979710460,did=138
05-22 07:20:55.767   544   544 D commservice260303: CommProtocolLibCmdBaseI2C::dataproc {"command":{"id":"imu_status","sub":""},"content":{"TimeStamp":1779405655767,"FrameCounter":22481,"GD_X":-0.00908595696091652,"GD_Y":0.007558800280094147,"GD_Z":0.01756177842617035,"AD_X":-3.10555100440979E-4,"AD_Y":-5.253991112112999E-4,"AD_Z":-0.32906532287597656,"TempDsp":0,"Status":0,"CalibState":1,"SigAmpInvalid":0}},-1979710460
05-22 07:20:55.768   544   544 D commservice260303: send2Cluster len:323, 7B22636F6D6D616E64223A7B226964223A22696D755F737461747573222C22737562223A22227D2C22636F6E74656E74223A7B2254696D655374616D70223A313737393430353635353736372C224672616D65436F756E746572223A32323438312C2247445F58223A2D302E30303930383539353639363039313635322C2247445F59223A302E3030373535383830303238303039343134372C2247445F5A223A302E30313735363137373834323631373033352C2241445F58223A2D332E3130353535313030343430393739452D342C2241445F59223A2D352E323533393931313132313132393939452D342C2241445F5A223A2D302E33323930363533323238373539373635362C2254656D70447370223A302C22537461747573223A302C2243616C69625374617465223A312C22536967416D70496E76616C6964223A307D7D, 138 
05-22 07:20:55.768   544   544 D commservice260303: Push Message into SendPool fn=-1403453440
05-22 07:20:55.768   544   544 D commservice260303: ComProtocolLibSend2Cluster::send2ClusterRaw fn=-1403453440 , len=339
05-22 07:20:55.768   544   544 D commservice260303: sendCmdToPort :339!!!
