05-22 07:20:58.510   737   737 D NotificationService: 0|com.neusoft.btmusic|8001|null|1000: updating permissions
05-22 07:20:58.510   737   737 D NotificationService: 0|com.neusoft.btmusic|8001|null|1000: updating permissions
05-22 07:20:58.511   573   573 I SpiService: fgesysctrl_getGPIO_status success val=1
05-22 07:20:58.513   291  1491 D EvsDriver: forwardFrame
05-22 07:20:58.513   737  1616 D PowerController.AppState: - updateNotification() E -
05-22 07:20:58.514  1517  1517 D CarNotificationListener: onNotificationPosted: StatusBarNotification(pkg=com.neusoft.btmusic user=UserHandle{0} id=8001 tag=null key=0|com.neusoft.btmusic|8001|null|1000: Notification(channel=media_playback_channel shortcut=null contentView=null vibrate=null sound=null defaults=0x0 flags=0x6a color=0x00000000 category=transport groupKey=silent actions=3 vis=PUBLIC))
05-22 07:20:58.514  1517  1517 D CarNotificationListener: Is incoming notification a group summary?: false
05-22 07:20:58.514  1812  1812 I ExtAssistant: POSTED 0|com.neusoft.btmusic|8001|null|1000
05-22 07:20:58.514  1517  1517 D NavBarFragment: onShow: AlertEntry:StatusBarNotification(pkg=com.neusoft.btmusic user=UserHandle{0} id=8001 tag=null key=0|com.neusoft.btmusic|8001|null|1000: Notification(channel=media_playback_channel shortcut=null contentView=null vibrate=null sound=null defaults=0x0 flags=0x6a color=0x00000000 category=transport groupKey=silent actions=3 vis=PUBLIC))
05-22 07:20:58.514  1517  1517 D NavBarFragment: bindMediaActions: action[0] title=Previous, intent=PendingIntent{3f044a4: android.os.BinderProxy@beb4470}
05-22 07:20:58.515  1517  1517 D NavBarFragment: bindMediaActions: action[1] title=Pause, intent=PendingIntent{d0f620d: android.os.BinderProxy@b332c26}
05-22 07:20:58.515   565   599 I Sensors : 230 GyroSensor: x:-0.009239,y:0.007864,z:0.017486
05-22 07:20:58.515  1517  1517 D NavBarFragment: bindMediaActions: action[2] title=Next, intent=PendingIntent{27ae5c2: android.os.BinderProxy@d0c76b3}
05-22 07:20:58.515  1517  1517 D NavBarFragment: bindMediaActions: previous=0, playPause=1, next=2, key=0|com.neusoft.btmusic|8001|null|1000
05-22 07:20:58.515  1517  1517 D NavBarFragment: updateMediaInfo: title=Top Barry：, text=Wish u never-TF_ING张子墨/Top Barry, pkg=com.neusoft.btmusic
05-22 07:20:58.516   573   573 I SpiService: fgesysctrl_getGPIO_status success val=1
05-22 07:20:58.518   291  1491 D EvsDriver: Delivered 0xb400007b2f47ca30 as id 0
05-22 07:20:58.518  1137  1137 D evsmanagerd: /dev/video4 forwarded the buffer #0 to 0xb4000071fa019690 from 0xb4000071fa01b7d0
05-22 07:20:58.519   291  1135 D EvsDriver: doneWithFrame
05-22 07:20:58.522   573   573 I SpiService: fgesysctrl_getGPIO_status success val=0
05-22 07:20:58.522   486   579 I mcuc    : send SPI:6AA602126F00028900F2
05-22 07:20:58.522   964  1804 D [OMXB]  : usingANWBuffer: handle:0xebd43450, format:1, w:1920, h:1080
05-22 07:20:58.528  2981  3177 I SentryImuMcuAngleSender: 179.91727rollDeg
05-22 07:20:58.529  2981  3177 I SentryImuMcuAngleSender: 1,0,0
05-22 07:20:58.532   544   544 D commservice260303: msg.id = 1028,1
05-22 07:20:58.532   544   544 D commservice260303: i = 170, msgid = 8A000404
05-22 07:20:58.532   544   544 D commservice260303: msgid = -1979710460,did=138
05-22 07:20:58.532   544   544 D commservice260303: CommProtocolLibCmdBaseI2C::dataproc {"command":{"id":"imu_status","sub":""},"content":{"TimeStamp":1779405658531,"FrameCounter":22549,"GD_X":-0.00923888012766838,"GD_Y":0.007864127866923809,"GD_Z":0.017485838383436203,"AD_X":-3.624036908149719E-4,"AD_Y":0.0013278452679514885,"AD_Z":-0.33211612701416016,"TempDsp":0,"Status":0,"CalibState":1,"SigAmpInvalid":0}},-1979710460
05-22 07:20:58.532   544   544 D commservice260303: send2Cluster len:325, 7B22636F6D6D616E64223A7B226964223A22696D755F737461747573222C22737562223A22227D2C22636F6E74656E74223A7B2254696D655374616D70223A313737393430353635383533312C224672616D65436F756E746572223A32323534392C2247445F58223A2D302E30303932333838383031323736363833382C2247445F59223A302E3030373836343132373836363932333830392C2247445F5A223A302E3031373438353833383338333433363230332C2241445F58223A2D332E363234303336393038313439373139452D342C2241445F59223A302E303031333237383435323637393531343838352C2241445F5A223A2D302E33333231313631323730313431363031362C2254656D70447370223A302C22537461747573223A302C2243616C69625374617465223A312C22536967416D70496E76616C6964223A307D7D, 138 
05-22 07:20:58.532   737   737 D Telecom : Logging: START_SESSION
05-22 07:20:58.532   544   544 D commservice260303: Push Message into SendPool fn=-245825536
05-22 07:20:58.532   544   544 D commservice260303: ComProtocolLibSend2Cluster::send2ClusterRaw fn=-245825536 , len=341
05-22 07:20:58.532   544   544 D commservice260303: sendCmdToPort :341!!!
05-22 07:20:58.532   737   737 D Telecom : Logging: END_SESSION (dur: 0 ms): TSI.iIMC@Gl8
05-22 07:20:58.532   544   544 D commservice260303: send Cmd To Port ++++5AA501518A01000059F16A0F935A7B22636F6D6D616E64223A7B226964223A22696D755F737461747573222C22737562223A22227D2C22636F6E74656E74223A7B2254696D655374616D70223A313737393430353635383533312C224672616D65436F756E746572223A32323534392C2247445F58223A2D302E30303932333838383031323736363833382C2247445F59223A302E3030373836343132373836363932333830392C2247445F5A223A302E3031373438353833383338333433363230332C2241445F58223A2D332E363234303336393038313439373139452D342C2241445F59223A302E303031333237383435323637393531343838352C2241445F5A223A2D302E33333231313631323730313431363031362C2254656D70447370223A302C22537461747573223A302C2243616C69625374617465223A312C22536967416D70496E76616C6964223A307D7D1C30
05-22 07:20:58.532   737   737 D Telecom : Logging: START_SESSION
05-22 07:20:58.532   544   544 D commservice260303: bufferevent_write retrun value = 0
05-22 07:20:58.533   737   737 D Telecom : Logging: END_SESSION (dur: 0 ms): TSI.iISMC(a)@GmA
05-22 07:20:58.533   544   567 D commservice260303: client datas send succeed,send finish
05-22 07:20:58.533   737   737 D ResponseStatsTracker: notification:+15m43s312ms; event=<updated>, pkg=com.neusoft.btmusic, usr=0
05-22 07:20:58.533  2981  3178 D Sentinelmode_1.2.5.13_alpha: <SentryImuClusterFgeSender>imu_status sent to Linux, frame=22549, tsNs=943497, tsMs=1779405658531, intervalMs=37, ad=(-3.624037E-4,0.0013278453,-0.33211613), gd=(-0.00923888,0.007864128,0.017485838)
05-22 07:20:58.533   737   737 D Telecom : Logging: START_SESSION
05-22 07:20:58.533   737   737 D Telecom : Logging: END_SESSION (dur: 0 ms): TSI.gDDP@GmE
05-22 07:20:58.533   737   737 D Telecom : Logging: START_SESSION
05-22 07:20:58.533   737   737 D Telecom : Logging: END_SESSION (dur: 0 ms): TSI.gDDP@GmI
05-22 07:20:58.533   737   737 D Telecom : Logging: START_SESSION
05-22 07:20:58.533   737   737 D Telecom : Logging: END_SESSION (dur: 0 ms): TSI.gDDP@GmM
05-22 07:20:58.534   737   737 D Telecom : Logging: START_SESSION
05-22 07:20:58.534   737   737 D Telecom : Logging: END_SESSION (dur: 0 ms): TSI.gDDP@GmQ
05-22 07:20:58.534   737   737 D NotificationService: 0|com.neusoft.btmusic|8001|null|1000: updating permissions
05-22 07:20:58.534   737   737 D NotificationService: 0|com.neusoft.btmusic|8001|null|1000: updating permissions
05-22 07:20:58.534   737   737 D NotificationService: 0|com.neusoft.btmusic|8001|null|1000: updating permissions
05-22 07:20:58.534   737   737 D NotificationService: 0|com.neusoft.btmusic|8001|null|1000: updating permissions
05-22 07:20:58.534   737   737 D NotificationService: 0|com.neusoft.btmusic|8001|null|1000: updating permissions
05-22 07:20:58.534   737   737 D NotificationService: 0|com.neusoft.btmusic|8001|null|1000: updating permissions
05-22 07:20:58.535   573   573 I SpiService: fgesysctrl_getGPIO_status success val=1
05-22 07:20:58.536   737  1616 D PowerController.AppState: - updateNotification() E -
05-22 07:20:58.536  1517  1517 D CarNotificationListener: onNotificationPosted: StatusBarNotification(pkg=com.neusoft.btmusic user=UserHandle{0} id=8001 tag=null key=0|com.neusoft.btmusic|8001|null|1000: Notification(channel=media_playback_channel shortcut=null contentView=null vibrate=null sound=null defaults=0x0 flags=0x6a color=0x00000000 category=transport groupKey=silent actions=3 vis=PUBLIC))
05-22 07:20:58.536  1517  1517 D CarNotificationListener: Is incoming notification a group summary?: false
05-22 07:20:58.537  1812  1812 I ExtAssistant: POSTED 0|com.neusoft.btmusic|8001|null|1000
05-22 07:20:58.537  1517  1517 D NavBarFragment: onShow: AlertEntry:StatusBarNotification(pkg=com.neusoft.btmusic user=UserHandle{0} id=8001 tag=null key=0|com.neusoft.btmusic|8001|null|1000: Notification(channel=media_playback_channel shortcut=null contentView=null vibrate=null sound=null defaults=0x0 flags=0x6a color=0x00000000 category=transport groupKey=silent actions=3 vis=PUBLIC))
05-22 07:20:58.537  1517  1517 D NavBarFragment: bindMediaActions: action[0] title=Previous, intent=PendingIntent{6611fd3: android.os.BinderProxy@beb4470}
05-22 07:20:58.537  1517  1517 D NavBarFragment: bindMediaActions: action[1] title=Pause, intent=PendingIntent{f3f0710: android.os.BinderProxy@b332c26}
05-22 07:20:58.537  1517  1517 D NavBarFragment: bindMediaActions: action[2] title=Next, intent=PendingIntent{85d1209: android.os.BinderProxy@d0c76b3}
05-22 07:20:58.537  1517  1517 D NavBarFragment: bindMediaActions: previous=0, playPause=1, next=2, key=0|com.neusoft.btmusic|8001|null|1000
05-22 07:20:58.537  1517  1517 D NavBarFragment: updateMediaInfo: title=Top Barry：, text=Wish u never-TF_ING张子墨/Top Barry, pkg=com.neusoft.btmusic
05-22 07:20:58.541   573   573 I SpiService: fgesysctrl_getGPIO_status success val=1
05-22 07:20:58.546   573   573 I SpiService: fgesysctrl_getGPIO_status success val=1
05-22 07:20:58.550  2981  3177 I SentryImuMcuAngleSender: 179.91725rollDeg
05-22 07:20:58.550  2981  3177 I SentryImuMcuAngleSender: 1,0,0
05-22 07:20:58.551   291  1491 D EvsDriver: forwardFrame
05-22 07:20:58.552   573   573 I SpiService: fgesysctrl_getGPIO_status success val=1
05-22 07:20:58.552   291  1491 D EvsDriver: Delivered 0xb400007b2f47ca30 as id 0
05-22 07:20:58.552  1137  1137 D evsmanagerd: /dev/video4 forwarded the buffer #0 to 0xb4000071fa019690 from 0xb4000071fa01b7d0
05-22 07:20:58.555   291  1135 D EvsDriver: doneWithFrame
05-22 07:20:58.557   573   573 I SpiService: fgesysctrl_getGPIO_status success val=1
05-22 07:20:58.562   573   573 I SpiService: fgesysctrl_getGPIO_status success val=0
05-22 07:20:58.571  2981  3177 I SentryImuMcuAngleSender: 179.89655rollDeg
05-22 07:20:58.571  2981  3177 I SentryImuMcuAngleSender: 1,0,0
05-22 07:20:58.573   544   544 D commservice260303: msg.id = 1028,0
05-22 07:20:58.573   544   544 D commservice260303: i = 170, msgid = 8A000404
05-22 07:20:58.573   544   544 D commservice260303: msgid = -1979710460,did=138
05-22 07:20:58.573   544   544 D commservice260303: CommProtocolLibCmdBaseI2C::dataproc {"command":{"id":"imu_status","sub":""},"content":{"TimeStamp":1779405658573,"FrameCounter":22550,"GD_X":-0.010154861956834793,"GD_Y":0.00801705103367567,"GD_Z":0.017255932092666626,"AD_X":-0.001586034893989563,"AD_Y":0.0049846358597278595,"AD_Z":-0.32845497131347656,"TempDsp":0,"Status":0,"CalibState":1,"SigAmpInvalid":0}},-1979710460
05-22 07:20:58.574   544   544 D commservice260303: send2Cluster len:325, 7B22636F6D6D616E64223A7B226964223A22696D755F737461747573222C22737562223A22227D2C22636F6E74656E74223A7B2254696D655374616D70223A313737393430353635383537332C224672616D65436F756E746572223A32323535302C2247445F58223A2D302E3031303135343836313935363833343739332C2247445F59223A302E30303830313730353130333336373536372C2247445F5A223A302E3031373235353933323039323636363632362C2241445F58223A2D302E3030313538363033343839333938393536332C2241445F59223A302E303034393834363335383539373237383539352C2241445F5A223A2D302E33323834353439373133313334373635362C2254656D70447370223A302C22537461747573223A302C2243616C69625374617465223A312C22536967416D70496E76616C6964223A307D7D, 138 
05-22 07:20:58.574   544   544 D commservice260303: Push Message into SendPool fn=-229048320
05-22 07:20:58.574   544   544 D commservice260303: ComProtocolLibSend2Cluster::send2ClusterRaw fn=-229048320 , len=341
05-22 07:20:58.574   544   544 D commservice260303: sendCmdToPort :341!!!
05-22 07:20:58.574   544   544 D commservice260303: send Cmd To Port ++++5AA501518A01000059F26A0F935A7B22636F6D6D616E64223A7B226964223A22696D755F737461747573222C22737562223A22227D2C22636F6E74656E74223A7B2254696D655374616D70223A313737393430353635383537332C224672616D65436F756E746572223A32323535302C2247445F58223A2D302E3031303135343836313935363833343739332C2247445F59223A302E30303830313730353130333336373536372C2247445F5A223A302E3031373235353933323039323636363632362C2241445F58223A2D302E3030313538363033343839333938393536332C2241445F59223A302E303034393834363335383539373237383539352C2241445F5A223A2D302E33323834353439373133313334373635362C2254656D70447370223A302C22537461747573223A302C2243616C69625374617465223A312C22536967416D70496E76616C6964223A307D7DD2BF
05-22 07:20:58.574   544   544 D commservice260303: bufferevent_write retrun value = 0
05-22 07:20:58.574   544   567 D commservice260303: client datas send succeed,send finish
05-22 07:20:58.575  2981  3178 D Sentinelmode_1.2.5.13_alpha: <SentryImuClusterFgeSender>imu_status sent to Linux, frame=22550, tsNs=943551, tsMs=1779405658573, intervalMs=42, ad=(-0.0015860349,0.004984636,-0.32845497), gd=(-0.010154862,0.008017051,0.017255932)
05-22 07:20:58.576   573   573 I SpiService: fgesysctrl_getGPIO_status success val=1
05-22 07:20:58.577   964  1804 D [OMXB]  : usingANWBuffer: handle:0xebd43be0, format:1, w:1920, h:1080
05-22 07:20:58.582   573   573 I SpiService: fgesysctrl_getGPIO_status success val=1
05-22 07:20:58.584   291  1491 D EvsDriver: forwardFrame
05-22 07:20:58.585   291  1491 D EvsDriver: Delivered 0xb400007b2f47ca30 as id 0
05-22 07:20:58.585  1137  1137 D evsmanagerd: /dev/video4 forwarded the buffer #0 to 0xb4000071fa019690 from 0xb4000071fa01b7d0
05-22 07:20:58.587   573   573 I SpiService: fgesysctrl_getGPIO_status success val=1
05-22 07:20:58.588   291  1135 D EvsDriver: doneWithFrame
05-22 07:20:58.591  2981  3177 I SentryImuMcuAngleSender: 179.89651rollDeg
05-22 07:20:58.592  2981  3177 I SentryImuMcuAngleSender: 1,0,0
05-22 07:20:58.592   573   573 I SpiService: fgesysctrl_getGPIO_status success val=1
05-22 06:39:32.341   573   573 D spi_rst_gpio_get_output: GPIO 145 value: 1
05-22 06:39:32.341   573   573 D spidev_ioctl: gpio status=1)
05-22 07:20:58.595  3901  4099 D ConfigManager: configFile not found, configFileName = account_config.json key = accountUrlWitheList
05-22 07:20:58.598  3901  4122 D ConfigManager: configFile not found, configFileName = account_config.json key = errorMsg
05-22 07:20:58.598  3901  4122 D ConfigManager: configFile not found, configFileName = account_config.json key = pollingIntervalRateBackground
05-22 07:20:58.598  3901  4122 D ConfigManager: configFile not found, configFileName = account_config.json key = getRefreshContractPollingInterval
05-22 07:20:58.598   573   573 I SpiService: fgesysctrl_getGPIO_status success val=1
05-22 07:20:58.603   573   573 I SpiService: fgesysctrl_getGPIO_status success val=0
05-22 07:20:58.607   276   300 I rvcservice: t.code = 1, t.value = -105530
05-22 07:20:58.608  1026  1026 D MyAppLog: [2026-05-22 07:20:58.608 D tboxap tsp_WorkMachineProc:1086] [Tsp] [tsp_WorkMachineProc]TSP_WORK_LOGIN NOW !!!!
05-22 07:20:58.613  2981  3177 I SentryImuMcuAngleSender: 179.90341rollDeg
05-22 07:20:58.613  2981  3177 I SentryImuMcuAngleSender: 1,0,0
05-22 07:20:58.614   544   544 D commservice260303: msg.id = 1028,0
05-22 07:20:58.614   544   544 D commservice260303: i = 170, msgid = 8A000404
05-22 07:20:58.614   544   544 D commservice260303: msgid = -1979710460,did=138
05-22 07:20:58.615   544   544 D commservice260303: CommProtocolLibCmdBaseI2C::dataproc {"command":{"id":"imu_status","sub":""},"content":{"TimeStamp":1779405658614,"FrameCounter":22551,"GD_X":-0.010078920982778072,"GD_Y":0.008169975131750107,"GD_Z":0.018020030111074448,"AD_X":-0.0040255337953567505,"AD_Y":0.0037592733278870583,"AD_Z":-0.3260164260864258,"TempDsp":0,"Status":0,"CalibState":1,"SigAmpInvalid":0}},-1979710460
05-22 07:20:58.615   544   544 D commservice260303: send2Cluster len:326, 7B22636F6D6D616E64223A7B226964223A22696D755F737461747573222C22737562223A22227D2C22636F6E74656E74223A7B2254696D655374616D70223A313737393430353635383631342C224672616D65436F756E746572223A32323535312C2247445F58223A2D302E3031303037383932303938323737383037322C2247445F59223A302E3030383136393937353133313735303130372C2247445F5A223A302E3031383032303033303131313037343434382C2241445F58223A2D302E303034303235353333373935333536373530352C2241445F59223A302E303033373539323733333237383837303538332C2241445F5A223A2D302E333236303136343236303836343235382C2254656D70447370223A302C22537461747573223A302C2243616C69625374617465223A312C22536967416D70496E76616C6964223A307D7D, 138 
05-22 07:20:58.615   544   544 D commservice260303: Push Message into SendPool fn=-212271104
05-22 07:20:58.615   544   544 D commservice260303: ComProtocolLibSend2Cluster::send2ClusterRaw fn=-212271104 , len=342
05-22 07:20:58.615   544   544 D commservice260303: sendCmdToPort :342!!!
05-22 07:20:58.615   544   544 D commservice260303: send Cmd To Port ++++5AA501528A01000059F36A0F935A7B22636F6D6D616E64223A7B226964223A22696D755F737461747573222C22737562223A22227D2C22636F6E74656E74223A7B2254696D655374616D70223A313737393430353635383631342C224672616D65436F756E746572223A32323535312C2247445F58223A2D302E3031303037383932303938323737383037322C2247445F59223A302E3030383136393937353133313735303130372C2247445F5A223A302E3031383032303033303131313037343434382C2241445F58223A2D302E303034303235353333373935333536373530352C2241445F59223A302E303033373539323733333237383837303538332C2241445F5A223A2D302E333236303136343236303836343235382C2254656D70447370223A302C22537461747573223A302C2243616C69625374617465223A312C22536967416D70496E76616C6964223A307D7D8220
05-22 07:20:58.615   544   544 D commservice260303: bufferevent_write retrun value = 0
05-22 07:20:58.615   544   567 D commservice260303: client datas send succeed,send finish
05-22 07:20:58.615  2981  3178 D Sentinelmode_1.2.5.13_alpha: <SentryImuClusterFgeSender>imu_status sent to Linux, frame=22551, tsNs=943587, tsMs=1779405658614, intervalMs=40, ad=(-0.004025534,0.0037592733,-0.32601643), gd=(-0.010078921,0.008169975,0.01802003)
05-22 07:20:58.617   573   573 I SpiService: fgesysctrl_getGPIO_status success val=1
05-22 07:20:58.620   964  1804 D [OMXB]  : usingANWBuffer: handle:0xebd43df0, format:1, w:1920, h:1080
05-22 07:20:58.620   291  1491 D EvsDriver: forwardFrame
05-22 07:20:58.621   291  1491 D EvsDriver: Delivered 0xb400007b2f47ca30 as id 0
05-22 07:20:58.622  1137  1137 D evsmanagerd: /dev/video4 forwarded the buffer #0 to 0xb4000071fa019690 from 0xb4000071fa01b7d0
05-22 07:20:58.622   291  1135 D EvsDriver: doneWithFrame
05-22 07:20:58.623   573   573 I SpiService: fgesysctrl_getGPIO_status success val=1
05-22 07:20:58.628   573   573 I SpiService: fgesysctrl_getGPIO_status success val=1
05-22 07:20:58.633   573   573 I SpiService: fgesysctrl_getGPIO_status success val=1
05-22 07:20:58.633  2981  3177 I SentryImuMcuAngleSender: 179.90689rollDeg
05-22 07:20:58.634  2981  3177 I SentryImuMcuAngleSender: 1,0,0
05-22 07:20:58.639   573   573 I SpiService: fgesysctrl_getGPIO_status success val=1
05-22 07:20:58.643   291  1491 D EvsDriver: forwardFrame
05-22 07:20:58.644   573   573 I SpiService: fgesysctrl_getGPIO_status success val=0
05-22 07:20:58.644   291  1491 D EvsDriver: Delivered 0xb400007b2f47ca30 as id 0
05-22 07:20:58.644  1137  1137 D evsmanagerd: /dev/video4 forwarded the buffer #0 to 0xb4000071fa019690 from 0xb4000071fa01b7d0
05-22 07:20:58.648   291  1135 D EvsDriver: doneWithFrame
05-22 07:20:58.654   544   544 D commservice260303: msg.id = 1028,0
05-22 07:20:58.654   544   544 D commservice260303: i = 170, msgid = 8A000404
05-22 07:20:58.654   544   544 D commservice260303: msgid = -1979710460,did=138
05-22 07:20:58.654  2981  3177 I SentryImuMcuAngleSender: 179.91035rollDeg
05-22 07:20:58.654   544   544 D commservice260303: CommProtocolLibCmdBaseI2C::dataproc {"command":{"id":"imu_status","sub":""},"content":{"TimeStamp":1779405658653,"FrameCounter":22552,"GD_X":-0.008092992939054966,"GD_Y":0.006948145572096109,"GD_Z":0.017485838383436203,"AD_X":-0.006463229656219482,"AD_Y":0.0025358330458402634,"AD_Z":-0.33089542388916016,"TempDsp":0,"Status":0,"CalibState":1,"SigAmpInvalid":0}},-1979710460
05-22 07:20:58.654  2981  3177 I SentryImuMcuAngleSender: 1,0,0
05-22 07:20:58.654   544   544 D commservice260303: send2Cluster len:326, 7B22636F6D6D616E64223A7B226964223A22696D755F737461747573222C22737562223A22227D2C22636F6E74656E74223A7B2254696D655374616D70223A313737393430353635383635332C224672616D65436F756E746572223A32323535322C2247445F58223A2D302E3030383039323939323933393035343936362C2247445F59223A302E3030363934383134353537323039363130392C2247445F5A223A302E3031373438353833383338333433363230332C2241445F58223A2D302E3030363436333232393635363231393438322C2241445F59223A302E303032353335383333303435383430323633342C2241445F5A223A2D302E33333038393534323338383931363031362C2254656D70447370223A302C22537461747573223A302C2243616C69625374617465223A312C22536967416D70496E76616C6964223A307D7D, 138 
05-22 07:20:58.654   544   544 D commservice260303: Push Message into SendPool fn=-195493888
05-22 07:20:58.654   544   544 D commservice260303: ComProtocolLibSend2Cluster::send2ClusterRaw fn=-195493888 , len=342
05-22 07:20:58.654   544   544 D commservice260303: sendCmdToPort :342!!!
05-22 07:20:58.655   544   544 D commservice260303: send Cmd To Port ++++5AA501528A01000059F46A0F935A7B22636F6D6D616E64223A7B226964223A22696D755F737461747573222C22737562223A22227D2C22636F6E74656E74223A7B2254696D655374616D70223A313737393430353635383635332C224672616D65436F756E746572223A32323535322C2247445F58223A2D302E3030383039323939323933393035343936362C2247445F59223A302E3030363934383134353537323039363130392C2247445F5A223A302E3031373438353833383338333433363230332C2241445F58223A2D302E3030363436333232393635363231393438322C2241445F59223A302E303032353335383333303435383430323633342C2241445F5A223A2D302E33333038393534323338383931363031362C2254656D70447370223A302C22537461747573223A302C2243616C69625374617465223A312C22536967416D70496E76616C6964223A307D7DFD3C
05-22 07:20:58.655   544   544 D commservice260303: bufferevent_write retrun value = 0
05-22 07:20:58.655   544   567 D commservice260303: client datas send succeed,send finish
05-22 07:20:58.655  2981  3178 D Sentinelmode_1.2.5.13_alpha: <SentryImuClusterFgeSender>imu_status sent to Linux, frame=22552, tsNs=943622, tsMs=1779405658653, intervalMs=40, ad=(-0.0064632297,0.002535833,-0.33089542), gd=(-0.008092993,0.0069481456,0.017485838)
05-22 07:20:58.658   573   573 I SpiService: fgesysctrl_getGPIO_status success val=1
05-22 07:20:58.663   573   573 I SpiService: fgesysctrl_getGPIO_status success val=1
05-22 07:20:58.668   573   573 I SpiService: fgesysctrl_getGPIO_status success val=1
05-22 07:20:58.674   573   573 I SpiService: fgesysctrl_getGPIO_status success val=1
05-22 07:20:58.674  2981  3177 I SentryImuMcuAngleSender: 179.91034rollDeg
05-22 07:20:58.674  2981  3177 I SentryImuMcuAngleSender: 1,0,0
05-22 07:20:58.676   565   565 I Sensors : 230 AccelSensor: x:-0.108580,y:0.017080,z:-10.134541
05-22 07:20:58.679   737   737 D Telecom : Logging: START_SESSION
05-22 07:20:58.679   573   573 I SpiService: fgesysctrl_getGPIO_status success val=1
05-22 07:20:58.679   737   737 D Telecom : Logging: END_SESSION (dur: 0 ms): TSI.iIMC@GmU
05-22 07:20:58.679   737   737 D Telecom : Logging: START_SESSION
05-22 07:20:58.679   737   737 D Telecom : Logging: END_SESSION (dur: 0 ms): TSI.iISMC(a)@GmY
05-22 07:20:58.679   737   737 D ResponseStatsTracker: notification:+15m43s459ms; event=<updated>, pkg=com.neusoft.btmusic, usr=0
05-22 07:20:58.679   477  1275 I dvr_service_: [EncoderHandler::runMediaThread] runMediaThread started:1,state:0, cam2:started:1,state:0, lastSwitch:1, mIsMuxerStart:0,format:0,is_str_ing:0
05-22 07:20:58.680   737   737 D Telecom : Logging: START_SESSION
05-22 07:20:58.680   737   737 D Telecom : Logging: END_SESSION (dur: 0 ms): TSI.gDDP@Gmc
05-22 07:20:58.680   737   737 D Telecom : Logging: START_SESSION
05-22 07:20:58.680   737   737 D Telecom : Logging: END_SESSION (dur: 0 ms): TSI.gDDP@Gmg
05-22 07:20:58.680   737   737 D Telecom : Logging: START_SESSION
05-22 07:20:58.680   737   737 D Telecom : Logging: END_SESSION (dur: 0 ms): TSI.gDDP@Gmk
05-22 07:20:58.680   737   737 D Telecom : Logging: START_SESSION
05-22 07:20:58.680   737   737 D Telecom : Logging: END_SESSION (dur: 0 ms): TSI.gDDP@Gmo
05-22 07:20:58.680   737   737 D NotificationService: 0|com.neusoft.btmusic|8001|null|1000: updating permissions
05-22 07:20:58.680   737   737 D NotificationService: 0|com.neusoft.btmusic|8001|null|1000: updating permissions
05-22 07:20:58.680   737   737 D NotificationService: 0|com.neusoft.btmusic|8001|null|1000: updating permissions
05-22 07:20:58.680   737   737 D NotificationService: 0|com.neusoft.btmusic|8001|null|1000: updating permissions
05-22 07:20:58.680   737   737 D NotificationService: 0|com.neusoft.btmusic|8001|null|1000: updating permissions
05-22 07:20:58.680   737   737 D NotificationService: 0|com.neusoft.btmusic|8001|null|1000: updating permissions
05-22 07:20:58.683   737  1616 D PowerController.AppState: - updateNotification() E -
05-22 07:20:58.684  1517  1517 D CarNotificationListener: onNotificationPosted: StatusBarNotification(pkg=com.neusoft.btmusic user=UserHandle{0} id=8001 tag=null key=0|com.neusoft.btmusic|8001|null|1000: Notification(channel=media_playback_channel shortcut=null contentView=null vibrate=null sound=null defaults=0x0 flags=0x6a color=0x00000000 category=transport groupKey=silent actions=3 vis=PUBLIC))
05-22 07:20:58.684  1517  1517 D CarNotificationListener: Is incoming notification a group summary?: false
05-22 07:20:58.685   573   573 I SpiService: fgesysctrl_getGPIO_status success val=0
05-22 07:20:58.685  1812  1812 I ExtAssistant: POSTED 0|com.neusoft.btmusic|8001|null|1000
05-22 07:20:58.685  1517  1517 D NavBarFragment: onShow: AlertEntry:StatusBarNotification(pkg=com.neusoft.btmusic user=UserHandle{0} id=8001 tag=null key=0|com.neusoft.btmusic|8001|null|1000: Notification(channel=media_playback_channel shortcut=null contentView=null vibrate=null sound=null defaults=0x0 flags=0x6a color=0x00000000 category=transport groupKey=silent actions=3 vis=PUBLIC))
05-22 07:20:58.685  1517  1517 D NavBarFragment: bindMediaActions: action[0] title=Previous, intent=PendingIntent{7159c0e: android.os.BinderProxy@beb4470}
05-22 07:20:58.685  1517  1517 D NavBarFragment: bindMediaActions: action[1] title=Pause, intent=PendingIntent{a93e62f: android.os.BinderProxy@b332c26}
05-22 07:20:58.685  1517  1517 D NavBarFragment: bindMediaActions: action[2] title=Next, intent=PendingIntent{875843c: android.os.BinderProxy@d0c76b3}
05-22 07:20:58.686  1517  1517 D NavBarFragment: bindMediaActions: previous=0, playPause=1, next=2, key=0|com.neusoft.btmusic|8001|null|1000
05-22 07:20:58.686  1517  1517 D NavBarFragment: updateMediaInfo: title=baby I still cannot believe, text=Wish u never-TF_ING张子墨/Top Barry, pkg=com.neusoft.btmusic
05-22 07:20:58.692   291  1491 D EvsDriver: forwardFrame
05-22 07:20:58.695  2981  3177 I SentryImuMcuAngleSender: 179.90344rollDeg
05-22 07:20:58.695  2981  3177 I SentryImuMcuAngleSender: 1,0,0
05-22 07:20:58.696   544   544 D commservice260303: msg.id = 1028,2
05-22 07:20:58.696   544   544 D commservice260303: i = 170, msgid = 8A000404
05-22 07:20:58.696   544   544 D commservice260303: msgid = -1979710460,did=138
05-22 07:20:58.696   544   544 D commservice260303: CommProtocolLibCmdBaseI2C::dataproc {"command":{"id":"imu_status","sub":""},"content":{"TimeStamp":1779405658694,"FrameCounter":22553,"GD_X":-0.008933032862842083,"GD_Y":0.0064898948185145855,"GD_Z":0.01702706702053547,"AD_X":-0.004021629691123962,"AD_Y":0.0037529747933149338,"AD_Z":-0.32845497131347656,"TempDsp":0,"Status":0,"CalibState":1,"SigAmpInvalid":0}},-1979710460
05-22 07:20:58.696   544   544 D commservice260303: send2Cluster len:326, 7B22636F6D6D616E64223A7B226964223A22696D755F737461747573222C22737562223A22227D2C22636F6E74656E74223A7B2254696D655374616D70223A313737393430353635383639342C224672616D65436F756E746572223A32323535332C2247445F58223A2D302E3030383933333033323836323834323038332C2247445F59223A302E303036343839383934383138353134353835352C2247445F5A223A302E30313730323730363730323035333534372C2241445F58223A2D302E3030343032313632393639313132333936322C2241445F59223A302E303033373532393734373933333134393333382C2241445F5A223A2D302E33323834353439373133313334373635362C2254656D70447370223A302C22537461747573223A302C2243616C69625374617465223A312C22536967416D70496E76616C6964223A307D7D, 138 
05-22 07:20:58.696   544   544 D commservice260303: Push Message into SendPool fn=-178716672
05-22 07:20:58.696   544   544 D commservice260303: ComProtocolLibSend2Cluster::send2ClusterRaw fn=-178716672 , len=342
05-22 07:20:58.696   544   544 D commservice260303: sendCmdToPort :342!!!
05-22 07:20:58.696   544   544 D commservice260303: send Cmd To Port ++++5AA501528A01000059F56A0F935A7B22636F6D6D616E64223A7B226964223A22696D755F737461747573222C22737562223A22227D2C22636F6E74656E74223A7B2254696D655374616D70223A313737393430353635383639342C224672616D65436F756E746572223A32323535332C2247445F58223A2D302E3030383933333033323836323834323038332C2247445F59223A302E303036343839383934383138353134353835352C2247445F5A223A302E30313730323730363730323035333534372C2241445F58223A2D302E3030343032313632393639313132333936322C2241445F59223A302E303033373532393734373933333134393333382C2241445F5A223A2D302E33323834353439373133313334373635362C2254656D70447370223A302C22537461747573223A302C2243616C69625374617465223A312C22536967416D70496E76616C6964223A307D7D068F
05-22 07:20:58.697   544   544 D commservice260303: bufferevent_write retrun value = 0
05-22 07:20:58.697   544   567 D commservice260303: client datas send succeed,send finish
05-22 07:20:58.697   486   580 I mcuc    : rev,n=1,6AA6811270000A8900360104090212345688
05-22 07:20:58.697  1091  1116 I tboxmids_ap: [2026-05-22 07:20:58.697] [MCU RX] src=MCU dst=ZMQ len=10 type=BINARY data=00 08 36 01 04 09 02 12 34 56 
05-22 07:20:58.697  2981  3178 D Sentinelmode_1.2.5.13_alpha: <SentryImuClusterFgeSender>imu_status sent to Linux, frame=22553, tsNs=943658, tsMs=1779405658694, intervalMs=42, ad=(-0.0040216297,0.0037529748,-0.32845497), gd=(-0.008933033,0.006489895,0.017027067)
05-22 07:20:58.697   344   361 D automotive.vehicle@2.0-adayo-datacomm-mcu: MCUDatacomm sendMessageFromVehicle prop: 0x89, areaId: 0x0, status: 0x36, timestamp: 0x1
05-22 07:20:58.698   344   361 D automotive.vehicle@2.0-adayo-datacomm-mcu: MCUDatacomm 1sendMessageFromVehicle ---> type = 12 
05-22 07:20:58.698  1026  1026 I MyAppLog: [2026-05-22 07:20:58.698 I tboxap mcuCommTboxmidsRecvCb:96] [Mcu] [mcuCommTboxmidsRecvCb] recv from tboxmids, size:10
05-22 07:20:58.699  1026  1026 I MyAppLog: [2026-05-22 07:20:58.698 I tboxap mcuCommTboxmidsRecvCb:97] [Mcu] [tboxmids -> tboxap]: :00 08 36 01 04 09 02 12 34 56
05-22 07:20:58.699  1026  1026 I MyAppLog: [2026-05-22 07:20:58.698 I tboxap mcuPtlParseData:969] [Mcu] [Mcu  Parse]: (cmd):0902 (param):0902123456
05-22 07:20:58.699  1026  1026 D MyAppLog: [2026-05-22 07:20:58.698 D tboxap mcuCommCbHandel:1009] [Mcu] [Mcu  Rev]: (cmd):0902 (param value):123456
05-22 07:20:58.699  1026  1026 W MyAppLog: [2026-05-22 07:20:58.698 W tboxap mcuParamDataRevPack:897] [Mcu] mcuParamDataRevPack start pack data!!!
05-22 07:20:58.699  1026  1026 W MyAppLog: [2026-05-22 07:20:58.698 W tboxap mcuHandlePowerReqInd:1075] [Mcu] [mcuHandlePowerReqInd] recv 0x0902 power req type:0x12
05-22 07:20:58.699   291  1491 D EvsDriver: Delivered 0xb400007b2f47ca30 as id 0
05-22 07:20:58.699  1137  1137 D evsmanagerd: /dev/video4 forwarded the buffer #0 to 0xb4000071fa019690 from 0xb4000071fa01b7d0
05-22 07:20:58.700   573   573 I SpiService: fgesysctrl_getGPIO_status success val=1
05-22 07:20:58.702   291  1135 D EvsDriver: doneWithFrame
05-22 07:20:58.704   544   722 I commservice260303: [mcuCommFunctionTcp::ProtocolCheckConnectTimeOutProc:613] keyID:256,tcpEvent:5,tcpcount:0,heartbeat:1,noHeartBeatNumber:0,endispatch:0,strState:0
05-22 07:20:58.704   544   722 D commservice260303: ProtocolCheckConnectTimeOutProc,629,clear heartbeat
05-22 07:20:58.705   573   573 I SpiService: fgesysctrl_getGPIO_status success val=1
05-22 07:20:58.707   964  1804 D [OMXB]  : usingANWBuffer: handle:0xebd442c0, format:1, w:1920, h:1080
05-22 07:20:58.707   276   300 I rvcservice: t.code = 3, t.value = 0
05-22 07:20:58.711   573   573 I SpiService: fgesysctrl_getGPIO_status success val=1
05-22 07:20:58.711   291  1491 D EvsDriver: forwardFrame
05-22 07:20:58.712   558  1606 I gps_hdbd: nmea_cs <0> != calc_cs <a3>, return -1
05-22 07:20:58.712   565   565 I Sensors : 230 GyroSensor: x:-0.009926,y:0.007024,z:0.017791
05-22 07:20:58.714  1137  1137 D evsmanagerd: /dev/video4 forwarded the buffer #0 to 0xb4000071fa019690 from 0xb4000071fa01b7d0
05-22 07:20:58.714   291  1491 D EvsDriver: Delivered 0xb400007b2f47ca30 as id 0
05-22 07:20:58.715   291  1135 D EvsDriver: doneWithFrame
05-22 07:20:58.715  2981  3177 I SentryImuMcuAngleSender: 179.91032rollDeg
05-22 07:20:58.715  2981  3177 I SentryImuMcuAngleSender: 1,0,0
05-22 07:20:58.716   573   573 I SpiService: fgesysctrl_getGPIO_status success val=1
05-22 07:20:58.722   573   573 I SpiService: fgesysctrl_getGPIO_status success val=1
05-22 07:20:58.727   573   573 I SpiService: fgesysctrl_getGPIO_status success val=0
05-22 07:20:58.727   486   579 I mcuc    : send SPI:6AA602127000028900F1
05-22 07:20:58.730   558  1606 I gps_hdbd: nmea_cs <0> != calc_cs <48>, return -1
05-22 07:20:58.739  2981  3177 I SentryImuMcuAngleSender: 179.9207rollDeg
05-22 07:20:58.739  2981  3177 I SentryImuMcuAngleSender: 1,0,0
05-22 07:20:58.741   573   573 I SpiService: fgesysctrl_getGPIO_status success val=1
05-22 07:20:58.742   544   544 D commservice260303: msg.id = 1028,0
05-22 07:20:58.742   544   544 D commservice260303: i = 170, msgid = 8A000404
05-22 07:20:58.742   544   544 D commservice260303: msgid = -1979710460,did=138
05-22 07:20:58.742   544   544 D commservice260303: CommProtocolLibCmdBaseI2C::dataproc {"command":{"id":"imu_status","sub":""},"content":{"TimeStamp":1779405658741,"FrameCounter":22554,"GD_X":-0.00985005497932434,"GD_Y":0.00671876035630703,"GD_Z":0.018401820212602615,"AD_X":-0.005239270627498627,"AD_Y":6.994409486651421E-4,"AD_Z":-0.33089542388916016,"TempDsp":0,"Status":0,"CalibState":1,"SigAmpInvalid":0}},-1979710460
05-22 07:20:58.742   544   544 D commservice260303: send2Cluster len:323, 7B22636F6D6D616E64223A7B226964223A22696D755F737461747573222C22737562223A22227D2C22636F6E74656E74223A7B2254696D655374616D70223A313737393430353635383734312C224672616D65436F756E746572223A32323535342C2247445F58223A2D302E30303938353030353439373933323433342C2247445F59223A302E30303637313837363033353633303730332C2247445F5A223A302E3031383430313832303231323630323631352C2241445F58223A2D302E3030353233393237303632373439383632372C2241445F59223A362E393934343039343836363531343231452D342C2241445F5A223A2D302E33333038393534323338383931363031362C2254656D70447370223A302C22537461747573223A302C2243616C69625374617465223A312C22536967416D70496E76616C6964223A307D7D, 138 
05-22 07:20:58.742   544   544 D commservice260303: Push Message into SendPool fn=-161939456
05-22 07:20:58.742   544   544 D commservice260303: ComProtocolLibSend2Cluster::send2ClusterRaw fn=-161939456 , len=339
05-22 07:20:58.742   544   544 D commservice260303: sendCmdToPort :339!!!
05-22 07:20:58.742   544   544 D commservice260303: send Cmd To Port ++++5AA5014F8A01000059F66A0F935A7B22636F6D6D616E64223A7B226964223A22696D755F737461747573222C22737562223A22227D2C22636F6E74656E74223A7B2254696D655374616D70223A313737393430353635383734312C224672616D65436F756E746572223A32323535342C2247445F58223A2D302E30303938353030353439373933323433342C2247445F59223A302E30303637313837363033353633303730332C2247445F5A223A302E3031383430313832303231323630323631352C2241445F58223A2D302E3030353233393237303632373439383632372C2241445F59223A362E393934343039343836363531343231452D342C2241445F5A223A2D302E33333038393534323338383931363031362C2254656D70447370223A302C22537461747573223A302C2243616C69625374617465223A312C22536967416D70496E76616C6964223A307D7D9F58
05-22 07:20:58.742   544   544 D commservice260303: bufferevent_write retrun value = 0
05-22 07:20:58.742   544   567 D commservice260303: client datas send succeed,send finish
05-22 07:20:58.743  2981  3178 D Sentinelmode_1.2.5.13_alpha: <SentryImuClusterFgeSender>imu_status sent to Linux, frame=22554, tsNs=943712, tsMs=1779405658741, intervalMs=45, ad=(-0.0052392706,6.9944095E-4,-0.33089542), gd=(-0.009850055,0.0067187604,0.01840182)
05-22 07:20:58.746   573   573 I SpiService: fgesysctrl_getGPIO_status success val=1
05-22 07:20:58.747   558  1606 I gps_hdbd: nmea_cs <0> != calc_cs <88>, return -1
05-22 07:20:58.748   291  1491 D EvsDriver: forwardFrame
05-22 07:20:58.750  1137  1137 D evsmanagerd: /dev/video4 forwarded the buffer #0 to 0xb4000071fa019690 from 0xb4000071fa01b7d0
05-22 07:20:58.750   291  1491 D EvsDriver: Delivered 0xb400007b2f47ca30 as id 0
05-22 07:20:58.752   573   573 I SpiService: fgesysctrl_getGPIO_status success val=1
05-22 07:20:58.754   291  1135 D EvsDriver: doneWithFrame
05-22 07:20:58.758   573   573 I SpiService: fgesysctrl_getGPIO_status success val=1
05-22 07:20:58.758   964  1804 D [OMXB]  : usingANWBuffer: handle:0xebd427f0, format:1, w:1920, h:1080
05-22 07:20:58.760  2981  3177 I SentryImuMcuAngleSender: 179.91382rollDeg
05-22 07:20:58.760  2981  3177 I SentryImuMcuAngleSender: 1,0,0
05-22 07:20:58.763   573   573 I SpiService: fgesysctrl_getGPIO_status success val=1
05-22 07:20:58.765   558  1606 I gps_hdbd: nmea_cs <0> != calc_cs <2>, return -1
05-22 07:20:58.768   573   573 I SpiService: fgesysctrl_getGPIO_status success val=0
05-22 07:20:58.776   291  1491 D EvsDriver: forwardFrame
05-22 07:20:58.779  1137  1137 D evsmanagerd: /dev/video4 forwarded the buffer #0 to 0xb4000071fa019690 from 0xb4000071fa01b7d0
05-22 07:20:58.779   291  1491 D EvsDriver: Delivered 0xb400007b2f47ca30 as id 0
05-22 07:20:58.781  2981  3177 I SentryImuMcuAngleSender: 179.90347rollDeg
05-22 07:20:58.781  2981  3177 I SentryImuMcuAngleSender: 1,0,0
05-22 07:20:58.781   291  1135 D EvsDriver: doneWithFrame
05-22 07:20:58.782   573   573 I SpiService: fgesysctrl_getGPIO_status success val=1
05-22 07:20:58.783   544   544 D commservice260303: msg.id = 1028,1
05-22 07:20:58.783   544   544 D commservice260303: i = 170, msgid = 8A000404
05-22 07:20:58.783   544   544 D commservice260303: msgid = -1979710460,did=138
05-22 07:20:58.783   544   544 D commservice260303: CommProtocolLibCmdBaseI2C::dataproc {"command":{"id":"imu_status","sub":""},"content":{"TimeStamp":1779405658782,"FrameCounter":22555,"GD_X":-0.009391804225742817,"GD_Y":0.006872204132378101,"GD_Z":0.018401820212602615,"AD_X":-9.704157710075378E-4,"AD_Y":0.0037465430796146393,"AD_Z":-0.33150577545166016,"TempDsp":0,"Status":0,"CalibState":1,"SigAmpInvalid":0}},-1979710460
05-22 07:20:58.783   544   544 D commservice260303: send2Cluster len:326, 7B22636F6D6D616E64223A7B226964223A22696D755F737461747573222C22737562223A22227D2C22636F6E74656E74223A7B2254696D655374616D70223A313737393430353635383738322C224672616D65436F756E746572223A32323535352C2247445F58223A2D302E3030393339313830343232353734323831372C2247445F59223A302E3030363837323230343133323337383130312C2247445F5A223A302E3031383430313832303231323630323631352C2241445F58223A2D392E373034313537373130303735333738452D342C2241445F59223A302E303033373436353433303739363134363339332C2241445F5A223A2D302E33333135303537373534353136363031362C2254656D70447370223A302C22537461747573223A302C2243616C69625374617465223A312C22536967416D70496E76616C6964223A307D7D, 138 
05-22 07:20:58.783   544   544 D commservice260303: Push Message into SendPool fn=-145162240
05-22 07:20:58.783   544   544 D commservice260303: ComProtocolLibSend2Cluster::send2ClusterRaw fn=-145162240 , len=342
05-22 07:20:58.783   544   544 D commservice260303: sendCmdToPort :342!!!
05-22 07:20:58.783   544   544 D commservice260303: send Cmd To Port ++++5AA501528A01000059F76A0F935A7B22636F6D6D616E64223A7B226964223A22696D755F737461747573222C22737562223A22227D2C22636F6E74656E74223A7B2254696D655374616D70223A313737393430353635383738322C224672616D65436F756E746572223A32323535352C2247445F58223A2D302E3030393339313830343232353734323831372C2247445F59223A302E3030363837323230343133323337383130312C2247445F5A223A302E3031383430313832303231323630323631352C2241445F58223A2D392E373034313537373130303735333738452D342C2241445F59223A302E303033373436353433303739363134363339332C2241445F5A223A2D302E33333135303537373534353136363031362C2254656D70447370223A302C22537461747573223A302C2243616C69625374617465223A312C22536967416D70496E76616C6964223A307D7D51B1
05-22 07:20:58.783   544   544 D commservice260303: bufferevent_write retrun value = 0
05-22 07:20:58.783   544   567 D commservice260303: client datas send succeed,send finish
05-22 07:20:58.783  2981  3178 D Sentinelmode_1.2.5.13_alpha: <SentryImuClusterFgeSender>imu_status sent to Linux, frame=22555, tsNs=943747, tsMs=1779405658782, intervalMs=41, ad=(-9.704158E-4,0.003746543,-0.33150578), gd=(-0.009391804,0.006872204,0.01840182)
05-22 07:20:58.785   558  1606 I gps_hdbd: nmea_cs <0> != calc_cs <8>, return -1
05-22 07:20:58.788   573   573 I SpiService: fgesysctrl_getGPIO_status success val=1
05-22 07:20:58.789   558  1606 I gps_hdbd: nmea_cs <0> != calc_cs <1d>, return -1
05-22 07:20:58.793   573   573 I SpiService: fgesysctrl_getGPIO_status success val=1
05-22 07:20:58.798   573   573 I SpiService: fgesysctrl_getGPIO_status success val=1
05-22 07:20:58.801  2981  3177 I SentryImuMcuAngleSender: 179.91035rollDeg
05-22 07:20:58.801   558  1606 I gps_hdbd: nmea_cs <0> != calc_cs <ae>, return -1
05-22 07:20:58.801  2981  3177 I SentryImuMcuAngleSender: 1,0,0
05-22 07:20:58.804   573   573 I SpiService: fgesysctrl_getGPIO_status success val=1
05-22 07:20:58.799   477   477 I auditd  : type=1400 audit(0.0:4891): avc: denied { call } for comm="CameraHelper" scontext=u:r:adayo_dvr_service:s0 tcontext=u:r:mediacodec:s0 tclass=binder permissive=1
05-22 07:20:58.799   477   477 I CameraHelper: type=1400 audit(0.0:4891): avc: denied { call } for scontext=u:r:adayo_dvr_service:s0 tcontext=u:r:mediacodec:s0 tclass=binder permissive=1
05-22 07:20:58.808   276   300 I rvcservice: t.code = 0, t.value = 0
05-22 07:20:58.809   573   573 I SpiService: fgesysctrl_getGPIO_status success val=0
05-22 07:20:58.810  1026  1026 D MyAppLog: [2026-05-22 07:20:58.809 D tboxap tsp_WorkMachineProc:1086] [Tsp] [tsp_WorkMachineProc]TSP_WORK_LOGIN NOW !!!!
05-22 07:20:58.821   486   580 I mcuc    : rev,n=1,6AA6811271000A8900370104091412345674
05-22 07:20:58.821  1091  1116 I tboxmids_ap: [2026-05-22 07:20:58.821] [MCU RX] src=MCU dst=ZMQ len=10 type=BINARY data=00 08 37 01 04 09 14 12 34 56 
05-22 07:20:58.821   344   361 D automotive.vehicle@2.0-adayo-datacomm-mcu: MCUDatacomm sendMessageFromVehicle prop: 0x89, areaId: 0x0, status: 0x37, timestamp: 0x1
05-22 07:20:58.821   344   361 D automotive.vehicle@2.0-adayo-datacomm-mcu: MCUDatacomm 1sendMessageFromVehicle ---> type = 12 
05-22 07:20:58.822  2981  3177 I SentryImuMcuAngleSender: 179.90344rollDeg
05-22 07:20:58.822  2981  3177 I SentryImuMcuAngleSender: 1,0,0
05-22 07:20:58.822  1026  1026 I MyAppLog: [2026-05-22 07:20:58.822 I tboxap mcuCommTboxmidsRecvCb:96] [Mcu] [mcuCommTboxmidsRecvCb] recv from tboxmids, size:10
05-22 07:20:58.822  1026  1026 I MyAppLog: [2026-05-22 07:20:58.822 I tboxap mcuCommTboxmidsRecvCb:97] [Mcu] [tboxmids -> tboxap]: :00 08 37 01 04 09 14 12 34 56
05-22 07:20:58.822  1026  1026 W MyAppLog: [2026-05-22 07:20:58.822 W tboxap mcuYadiFrameParse:831] [Mcu] [mcuYadiFrameParse] cmd:0914(MCU_SEC_BATT2_DYNAMIC_IND) payload too short:5 < 36
05-22 07:20:58.822  1026  1026 W MyAppLog: [2026-05-22 07:20:58.822 W tboxap mcuPtlParseData:961] [Mcu] [mcuPtlParseData] invalid yadi frame, len:10
05-22 07:20:58.824   573   573 I SpiService: fgesysctrl_getGPIO_status success val=1
05-22 07:20:58.824   291  1491 D EvsDriver: forwardFrame
05-22 07:20:58.825   544   544 D commservice260303: msg.id = 1028,1
05-22 07:20:58.825   544   544 D commservice260303: i = 170, msgid = 8A000404
05-22 07:20:58.825   544   544 D commservice260303: msgid = -1979710460,did=138
05-22 07:20:58.825   544   544 D commservice260303: CommProtocolLibCmdBaseI2C::dataproc {"command":{"id":"imu_status","sub":""},"content":{"TimeStamp":1779405658823,"FrameCounter":22556,"GD_X":-0.009161898866295815,"GD_Y":0.007405876647680998,"GD_Z":0.017715223133563995,"AD_X":-0.0028035640716552734,"AD_Y":0.003741932101547718,"AD_Z":-0.32845497131347656,"TempDsp":0,"Status":0,"CalibState":1,"SigAmpInvalid":0}},-1979710460
05-22 07:20:58.825   544   544 D commservice260303: send2Cluster len:326, 7B22636F6D6D616E64223A7B226964223A22696D755F737461747573222C22737562223A22227D2C22636F6E74656E74223A7B2254696D655374616D70223A313737393430353635383832332C224672616D65436F756E746572223A32323535362C2247445F58223A2D302E3030393136313839383836363239353831352C2247445F59223A302E3030373430353837363634373638303939382C2247445F5A223A302E3031373731353232333133333536333939352C2241445F58223A2D302E303032383033353634303731363535323733342C2241445F59223A302E3030333734313933323130313534373731382C2241445F5A223A2D302E33323834353439373133313334373635362C2254656D70447370223A302C22537461747573223A302C2243616C69625374617465223A312C22536967416D70496E76616C6964223A307D7D, 138 
05-22 07:20:58.825   544   544 D commservice260303: Push Message into SendPool fn=-128385024
05-22 07:20:58.825   544   544 D commservice260303: ComProtocolLibSend2Cluster::send2ClusterRaw fn=-128385024 , len=342
05-22 07:20:58.825   544   544 D commservice260303: sendCmdToPort :342!!!
05-22 07:20:58.825   544   544 D commservice260303: send Cmd To Port ++++5AA501528A01000059F86A0F935A7B22636F6D6D616E64223A7B226964223A22696D755F737461747573222C22737562223A22227D2C22636F6E74656E74223A7B2254696D655374616D70223A313737393430353635383832332C224672616D65436F756E746572223A32323535362C2247445F58223A2D302E3030393136313839383836363239353831352C2247445F59223A302E3030373430353837363634373638303939382C2247445F5A223A302E3031373731353232333133333536333939352C2241445F58223A2D302E303032383033353634303731363535323733342C2241445F59223A302E3030333734313933323130313534373731382C2241445F5A223A2D302E33323834353439373133313334373635362C2254656D70447370223A302C22537461747573223A302C2243616C69625374617465223A312C22536967416D70496E76616C6964223A307D7DD8DA
05-22 07:20:58.826   544   544 D commservice260303: bufferevent_write retrun value = 0
05-22 07:20:58.826   291  1491 D EvsDriver: Delivered 0xb400007b2f47ca30 as id 0
05-22 07:20:58.826  1137  1137 D evsmanagerd: /dev/video4 forwarded the buffer #0 to 0xb4000071fa019690 from 0xb4000071fa01b7d0
05-22 07:20:58.826   544   567 D commservice260303: client datas send succeed,send finish
05-22 07:20:58.826  2981  3178 D Sentinelmode_1.2.5.13_alpha: <SentryImuClusterFgeSender>imu_status sent to Linux, frame=22556, tsNs=943802, tsMs=1779405658823, intervalMs=43, ad=(-0.002803564,0.003741932,-0.32845497), gd=(-0.009161899,0.0074058766,0.017715223)
05-22 07:20:58.826   558  1141 I gps_hdbd: [gps_upgrade_thread 3506]Enter
05-22 07:20:58.826   558  1141 I gps_hdbd: [gps_upgrade_thread 3535] sys.gps.update:0 ,file:not ,upgrate_ing:0
05-22 07:20:58.827   291  1135 D EvsDriver: doneWithFrame
05-22 07:20:58.829   573   573 I SpiService: fgesysctrl_getGPIO_status success val=1
05-22 06:39:32.572   573   573 D spidev_ioctl: gpio status=1)
05-22 07:20:58.834   573   573 I SpiService: fgesysctrl_getGPIO_status success val=1
05-22 06:39:32.578   573   573 D spi_rst_gpio_get_output: GPIO 145 value: 1
05-22 07:20:58.838   558  1606 I gps_hdbd: nmea_cs <0> != calc_cs <80>, return -1
05-22 07:20:58.838   964  1804 D [OMXB]  : usingANWBuffer: handle:0xebd44580, format:1, w:1920, h:1080
05-22 07:20:58.840   573   573 I SpiService: fgesysctrl_getGPIO_status success val=1
05-22 07:20:58.843  2981  3177 I SentryImuMcuAngleSender: 179.91035rollDeg
05-22 07:20:58.843  2981  3177 I SentryImuMcuAngleSender: 1,0,0
05-22 07:20:58.845   573   573 I SpiService: fgesysctrl_getGPIO_status success val=0
05-22 07:20:58.845   486   579 I mcuc    : send SPI:6AA602127100028900F0
05-22 07:20:58.849   291  1491 D EvsDriver: forwardFrame
05-22 07:20:58.850   291  1491 D EvsDriver: Delivered 0xb400007b2f47ca30 as id 0
05-22 07:20:58.850  1137  1137 D evsmanagerd: /dev/video4 forwarded the buffer #0 to 0xb4000071fa019690 from 0xb4000071fa01b7d0
05-22 07:20:58.851  1026  1026 D MyAppLog: [2026-05-22 07:20:58.850 D tboxap gpsMcuDataAnalyze:471] [Gps] [gpsMcuDataAnalyze]:$GNRMC,232058.000,V,,,,,,,210526,120.0,E,N,V*4D
05-22 07:20:58.851  1026  1026 D MyAppLog: 
05-22 07:20:58.851  1026  1026 D MyAppLog: [2026-05-22 07:20:58.851 D tboxap gpsMcuDataAnalyze:556] [Gps] stGps.stat:0, latitude:0 , longtitude:0,sped:0,direction:0
05-22 07:20:58.853   291  1135 D EvsDriver: doneWithFrame
05-22 07:20:58.856   558  1606 I gps_hdbd: nmea_cs <0> != calc_cs <c0>, return -1
05-22 07:20:58.859   486   580 I mcuc    : rev,n=1,6AA6811272000A8900380104091112345675
05-22 07:20:58.859  1091  1116 I tboxmids_ap: [2026-05-22 07:20:58.859] [MCU RX] src=MCU dst=ZMQ len=10 type=BINARY data=00 08 38 01 04 09 11 12 34 56 
05-22 06:39:32.602   573   573 D spidev_ioctl: gpio status=1)
05-22 07:20:58.859   344   361 D automotive.vehicle@2.0-adayo-datacomm-mcu: MCUDatacomm sendMessageFromVehicle prop: 0x89, areaId: 0x0, status: 0x38, timestamp: 0x1
