05-22 07:20:54.442  3735  3735 I NSLogUtils_BtMusicModel: musicChange metaData: android.media.MediaMetadata@4f012bdc
05-22 06:39:28.181   573   573 D spi_rst_gpio_get_output: GPIO 145 value: 0
05-22 06:39:28.181   573   573 D spidev_ioctl: gpio status=0)
05-22 07:20:54.442  3735  3735 I NSLogUtils_BtMusicModel: musicChange title: 还有你给我的痛,artist: Wish u never-TF_ING张子墨/Top Barry,duration: 169130,album: Wish u never,albumArtUri: null
05-22 07:20:54.443  3735  3735 D NSLogUtils_MediaForegroundService: updateNotification isPlaying=true title=还有你给我的痛 text=Wish u never-TF_ING张子墨/Top Barry
05-22 07:20:54.445 11323 11323 W AudioMediaPlayerWrapper: onPlaybackStateChanged(): com.neusoft.btmusic tried to update with no new data
05-22 07:20:54.446   737   737 D NotificationService: EnqueueNotificationRunnable.run for: 0|com.neusoft.btmusic|8001|null|1000
05-22 07:20:54.446  3735  3735 D NSLogUtils_BluetoothPlayerService: mPlaybackStateObserver isConnected: true
05-22 07:20:54.446   737   737 I notification_enqueue: [1000,3735,com.neusoft.btmusic,8001,NULL,0,Notification(channel=media_playback_channel shortcut=null contentView=null vibrate=null sound=null defaults=0x0 flags=0x4a color=0x00000000 category=transport groupKey=silent actions=3 vis=PUBLIC),1]
05-22 07:20:54.446  3735  3735 D NSLogUtils_BluetoothPlayerService: played trigger application focus
05-22 07:20:54.447  3735  3735 D NSLogUtils_SourceChangeManager: getCurrentSourceWithoutDefaultValue source: MUSIC_SOURCE_BT
05-22 07:20:54.447  3735  3735 D NSLogUtils_SourceChangeManager: setCurrentSource new source: MUSIC_SOURCE_BT ,currentSource: MUSIC_SOURCE_BT
05-22 07:20:54.447  3735  3735 E NSLogUtils_SourceChangeManager: setCurrentSource error, because currentSource is the same as source
05-22 07:20:54.447  3735  3735 D NSLogUtils_MainActivity: progress->93649
05-22 07:20:54.448  1812  1812 I ExtAssistant: ENQUEUED 0|com.neusoft.btmusic|8001|null|1000 on media_playback_channel
05-22 07:20:54.448  1812  2664 D ExtAssistant: Creating Adjustment for 0|com.neusoft.btmusic|8001|null|1000, with 0 actions, and 0 replies.
05-22 07:20:54.449  2981  3177 I SentryImuMcuAngleSender: 179.90001rollDeg
05-22 07:20:54.449  2981  3177 I SentryImuMcuAngleSender: 1,0,0
05-22 07:20:54.451   291  1491 D EvsDriver: forwardFrame
05-22 07:20:54.452   573   573 I SpiService: fgesysctrl_getGPIO_status success val=1
05-22 07:20:54.452   291  1491 D EvsDriver: Delivered 0xb400007b2f47ca30 as id 0
05-22 07:20:54.453  1137  1150 D evsmanagerd: /dev/video4 forwarded the buffer #0 to 0xb4000071fa019690 from 0xb4000071fa01b7d0
05-22 06:39:28.195   573   573 D spi_rst_gpio_get_output: GPIO 145 value: 1
05-22 06:39:28.195   573   573 D spidev_ioctl: gpio status=1)
05-22 07:20:54.455   291  1135 D EvsDriver: doneWithFrame
05-22 07:20:54.456   824   824 D SurfaceFlinger: unisoc-graphics, commit has frameMissed:2, vysncId:436171
05-22 07:20:54.457   573   573 I SpiService: fgesysctrl_getGPIO_status success val=1
05-22 06:39:28.201   573   573 D spi_rst_gpio_get_output: GPIO 145 value: 1
05-22 06:39:28.201   573   573 D spidev_ioctl: gpio status=1)
05-22 07:20:54.459 11323 11374 D ANWStack: [    939441][ANWBT] Rx: FCRT: I-frame,sar 0, reqseq 49, final 0, txseq 48
05-22 07:20:54.459 11323 11374 D ANWStack: 
05-22 07:20:54.459 11323 11374 D ANWStack: [    939442][ANWBT] CheckTxSeqStatus: expected_tx_seq 48, txseq 48
05-22 07:20:54.459 11323 11374 D ANWStack: 
05-22 07:20:54.460 11323 11374 D ANWStack: [    939442][ANWBT] l2_fcrt_rx_state_recv: TXSEQ_EXPECTED
05-22 07:20:54.460 11323 11374 D ANWStack: 
05-22 07:20:54.460 11323 11374 D ANWStack: [    939442][ANWBT] l2_fcrt_process_reqseq: unacked num 1, reqseq 49, expected_ack_seq 48
05-22 07:20:54.460 11323 11374 D ANWStack: 
05-22 07:20:54.460 11323 11374 D ANWStack: [    939442][ANWBT] l2_fcrt_process_reqseq: unacked num 1, expected_ack_seq 48
05-22 07:20:54.460 11323 11374 D ANWStack: 
05-22 07:20:54.460 11323 11374 D ANWStack: [    939442][ANWBT] l2_fcrt_send_ack: unacked num 1
05-22 07:20:54.460 11323 11374 D ANWStack: 
05-22 07:20:54.460 11323 11374 D ANWStack: [    939442][ANWBT] >>Avctp_Br_L2cap_Data_Ind_Cb! cid 0x84, len 183
05-22 07:20:54.460 11323 11374 D ANWStack: 
05-22 07:20:54.460 11323 11374 D ANWStack: [    939442][ANWBT] psm 0x1b
05-22 07:20:54.460 11323 11374 D ANWStack: 
05-22 07:20:54.460 11323 11374 D ANWStack: [    939442][ANWBT] AVCTP Message Length = 183
05-22 07:20:54.460 11323 11374 D ANWStack: [    939442][ANWBT] Receive AVCTP_SINGLE_PACKET
05-22 07:20:54.460 11323 11374 D ANWStack: [    939442][ANWBT] BT_ADDR 1c:11:2f:7c:1d:68
05-22 07:20:54.460 11323 11374 D ANWStack: [    939442][ANWBT] AVCTP Message Parse TL:0x1,PT:0x0,CR:0x1,IPID:0x0
05-22 07:20:54.460 11323 11374 D ANWAPI  : (11323|0xD12C8CB0)[BTAPI] connmgr_find_by_handle pData = 0xb400007962edf740,7
05-22 07:20:54.460 11323 11374 D ANWAPI  : (11323|0xD12C8CB0)[BTAPI] AVRCP_BR_GET_FOLDER_ITEMS_RSP
05-22 07:20:54.460 11323 11374 D ANWAPI  : (11323|0xD12C8CB0)[BTAPI] ===BTAPI_MallocIdxMsg 1054 8
05-22 07:20:54.460 11323 11374 D ANWAPI  : (11323|0xD12C8CB0)[BTAPI] connmgr_find_by_handle pData = 0xb400007962edf740,7
05-22 07:20:54.460 11323 11374 D ANWAPI  : (11323|0xD12C8CB0)[BTAPI] AVRCP_BR_ATTRIBUTES_VALUE_RSP
05-22 07:20:54.460 11323 11374 D ANWAPI  : (11323|0xD12C8CB0)[BTAPI] connmgr_find_by_handle pData = 0xb400007962edf740,7
05-22 07:20:54.460 11323 11374 D ANWAPI  : (11323|0xD12C8CB0)[BTAPI] AVRCP_BR_ATTRIBUTES_VALUE_RSP
05-22 07:20:54.460 11323 11374 D ANWAPI  : (11323|0xD12C8CB0)[BTAPI] connmgr_find_by_handle pData = 0xb400007962edf740,7
05-22 07:20:54.460 11323 11374 D ANWAPI  : (11323|0xD12C8CB0)[BTAPI] AVRCP_BR_ATTRIBUTES_VALUE_RSP
05-22 07:20:54.460 11323 11374 D ANWAPI  : (11323|0xD12C8CB0)[BTAPI] connmgr_find_by_handle pData = 0xb400007962edf740,7
05-22 07:20:54.461 11323 11374 D ANWAPI  : (11323|0xD12C8CB0)[BTAPI] AVRCP_BR_ATTRIBUTES_VALUE_RSP
05-22 07:20:54.461 11323 11374 D ANWAPI  : (11323|0xD12C8CB0)[BTAPI] connmgr_find_by_handle pData = 0xb400007962edf740,7
05-22 07:20:54.461 11323 11374 D ANWAPI  : (11323|0xD12C8CB0)[BTAPI] AVRCP_BR_ATTRIBUTES_VALUE_RSP
05-22 07:20:54.461 11323 11374 D ANWAPI  : (11323|0xD12C8CB0)[BTAPI] connmgr_find_by_handle pData = 0xb400007962edf740,7
05-22 07:20:54.461 11323 11374 D ANWAPI  : (11323|0xD12C8CB0)[BTAPI] AVRCP_BR_ATTRIBUTES_VALUE_RSP
05-22 07:20:54.461 11323 11374 D ANWAPI  : (11323|0xD12C8CB0)[BTAPI] connmgr_find_by_handle pData = 0xb400007962edf740,7
05-22 07:20:54.461 11323 11374 D ANWAPI  : (11323|0xD12C8CB0)[BTAPI] AVRCP_BR_ATTRIBUTES_VALUE_RSP
05-22 07:20:54.461 11323 11374 D ANWAPI  : (11323|0xD12C8CB0)[BTAPI] connmgr_find_by_handle pData = 0xb400007962edf740,7
05-22 07:20:54.461 11323 11374 D ANWAPI  : (11323|0xD12C8CB0)[BTAPI] AVRCP_BR_ATTRIBUTES_VALUE_RSP
05-22 07:20:54.461 11323 11374 D ANWAPI  : (11323|0xD12C8CB0)[BTAPI] MediaAttr_CoverArt 0000004
05-22 07:20:54.461 11323 11374 D ANWAPI  : (11323|0xD12C8CB0)[BTAPI] connmgr_find_by_handle pData = 0xb400007962edf740,7
05-22 07:20:54.461 11323 11374 D ANWAPI  : (11323|0xD12C8CB0)[BTAPI] AVRCP_BR_GET_MEDIA_ELEMENT_ITEM
05-22 07:20:54.461 11323 11374 D ANWAPI  : (11323|0xD12C8CB0)[BTAPI] ===BTAPI_MallocIdxMsg 1058 1021
05-22 07:20:54.461 11323 11374 D ANWAPI  : (11323|0xD12C8CB0)[BTAPI] connmgr_find_by_handle pData = 0xb400007962edf740,7
05-22 07:20:54.461 11323 11374 D ANWAPI  : (11323|0xD12C8CB0)[BTAPI] AVRCP_BR_GET_FOLDER_ITEMS_FINISH_RSP
05-22 07:20:54.461 11323 11374 D ANWAPI  : (11323|0xD12C8CB0)[BTAPI] ===BTAPI_PostIdxAddrMsg_U32 1055 0 d12c87d8
05-22 07:20:54.461 11323 11374 D ANWAPI  : (11323|0xD12C8CB0)[BTAPI] ===BTAPI_MallocIdxMsg 1055 4
05-22 07:20:54.461 11323 11374 D ANWStack: [    939443][ANWBT] l2_fcrt_ack_timeout_handler: unacked num 1
05-22 07:20:54.461 11323 11374 D ANWStack: 
05-22 07:20:54.461 11323 11374 D ANWStack: [    939443][ANWBT]    0x0000:  01 31 D6 E8                                      .1..
05-22 07:20:54.461 11323 11374 D ANWStack: 
05-22 07:20:54.462 11323 11374 D ANWStack: [    939444][ANWBT] l2_fcrt_send_rr_or_rnr: sup 0, reqseq 49, poll 0, final 0
05-22 07:20:54.462 11323 11374 D ANWStack: 
05-22 07:20:54.462 11323 11374 D ANWAPI  : (11323|0xD12C8CB0)[BTAPI] *BT_CB_Dispatch
05-22 07:20:54.462 11323 11374 D ANWAPI  : (11323|0xD12C8CB0)[BTAPI] *****SDK callback(0x41e)
05-22 07:20:54.462 11323 11374 D ANWAPI  : (11323|0xD12C8CB0)[BTAPI] SDK***** [1c:11:2f:7c:1d:68]
05-22 07:20:54.462 11323 11374 D ANWAPI  : (11323|0xD12C8CB0)[BTAPI] btsdk_exec_apicb start
05-22 07:20:54.462 11323 11374 D ANWAPI  : (11323|0xD12C8CB0)[BTAPI] Up: AvrcpMsgHandler receive[1C:11:2F:7C:1D:68], Get Device ID(0)
05-22 07:20:54.462 11323 11374 D ANWAPI  : 
05-22 07:20:54.462 11323 11374 D ANWAPI  : (11323|0xD12C8CB0)[BTAPI] Up: AnWBT_AVRCP_BR_NOWPLAYING_ITEM_START_IND 1 0
05-22 07:20:54.462 11323 11374 D ANWAPI  : 
05-22 07:20:54.462 11323 11374 D ANWAPI  : (11323|0xD12C8CB0)[BTAPI] avrcp_br_GetMediaItemsStart_Rsp_handler ========== 
05-22 07:20:54.462 11323 11374 D ANWAPI  : 
05-22 07:20:54.462 11323 11374 D ANWAPI  : (11323|0xD12C8CB0)[BTAPI] btsdk_exec_apicb end
05-22 07:20:54.462 11323 11374 D ANWAPI  : (11323|0xD12C8CB0)[BTAPI] *BT_CB_Dispatch
05-22 07:20:54.462 11323 11374 D ANWAPI  : (11323|0xD12C8CB0)[BTAPI] *****SDK callback(0x422)
05-22 07:20:54.462 11323 11374 D ANWAPI  : (11323|0xD12C8CB0)[BTAPI] SDK***** [1c:11:2f:7c:1d:68]
05-22 07:20:54.462 11323 11374 D ANWAPI  : (11323|0xD12C8CB0)[BTAPI] btsdk_exec_apicb start
05-22 07:20:54.462 11323 11374 D ANWAPI  : (11323|0xD12C8CB0)[BTAPI] Up: AvrcpMsgHandler receive[1C:11:2F:7C:1D:68], Get Device ID(0)
05-22 07:20:54.462 11323 11374 D ANWAPI  : 
05-22 07:20:54.462 11323 11374 D ANWAPI  : (11323|0xD12C8CB0)[BTAPI] Up: AnWBT_AVRCP_BR_MEDIA_ITEM_IND
05-22 07:20:54.462 11323 11374 D ANWAPI  : 
05-22 07:20:54.462 11323 11374 D ANWAPI  : (11323|0xD12C8CB0)[BTAPI] avrcp_br_MediaElement_handler ========== 0x0000000000000001
05-22 07:20:54.462 11323 11374 D ANWAPI  : 
05-22 07:20:54.462 11323 11374 D ANWAPI  : (11323|0xD12C8CB0)[BTAPI] brh.scope = 0
05-22 07:20:54.462 11323 11374 D ANWAPI  : 
05-22 07:20:54.462 11323 11374 D ANWAPI  : (11323|0xD12C8CB0)[BTAPI] browser_item_array_add ========== type = 3; 0~0++
05-22 07:20:54.462 11323 11374 D ANWAPI  : 
05-22 07:20:54.462 11323 11374 D ANWAPI  : (11323|0xD12C8CB0)[BTAPI] ERR: item_array->buf==0
05-22 07:20:54.462 11323 11374 D ANWAPI  : 
05-22 07:20:54.462   573   573 I SpiService: fgesysctrl_getGPIO_status success val=1
05-22 07:20:54.463 11323 11374 I ANW bt_btif: inform_get_folder_items_cb: HAL bt_rc_ctrl_callbacks->get_folder_items_cb
05-22 07:20:54.463 11323 11374 D AvrcpControllerService: createFromNativeMediaItem uid: 72057594037927936 type: 0 name: Top Barry： attrids: [I@7bc81ed attrVals: [Ljava.lang.String;@527b822
05-22 07:20:54.463 11323 11374 D AvrcpControllerService: handleGetFolderItemsRsp called with status 4 items 1 items.
05-22 07:20:54.463 11323 11374 D AvrcpControllerService: AvrcpItem{mUuid=ccd76f1b-1f1d-4f22-903c-6ac718730dcf, mUid=72057594037927936, mItemType=3, mType=0, mDisplayableName=null, mTitle=null mPlayingTime=0 mTrack=0/0, mPlayable=true, mBrowsable=false, mCoverArtHandle=null, mImageUuid=null, mImageUrinull}
05-22 07:20:54.463 11323 11374 D ANWAPI  : (11323|0xD12C8CB0)[BTAPI] btsdk_exec_apicb end
05-22 07:20:54.463 11323 11374 D ANWAPI  : (11323|0xD12C8CB0)[BTAPI] *BT_CB_Dispatch
05-22 06:39:28.206   573   573 D spi_rst_gpio_get_output: GPIO 145 value: 1
05-22 06:39:28.206   573   573 D spidev_ioctl: gpio status=1)
05-22 07:20:54.464 11323 11374 D ANWAPI  : (11323|0xD12C8CB0)[BTAPI] *****SDK callback(0x41f)
05-22 07:20:54.464 11323 13102 D AvrcpControllerStateMachine: Avrcp.GetFolderList processMessage 209
05-22 07:20:54.464 11323 13102 D AvrcpControllerStateMachine: GetFolderItems: End 254 received 1
05-22 07:20:54.464 11323 11374 D ANWAPI  : (11323|0xD12C8CB0)[BTAPI] SDK***** [1c:11:2f:7c:1d:68]
05-22 07:20:54.464 11323 13102 D AvrcpControllerStateMachine: Added 1 items to the browse tree
05-22 07:20:54.464 11323 11374 D ANWAPI  : (11323|0xD12C8CB0)[BTAPI] btsdk_exec_apicb start
05-22 07:20:54.464 11323 11374 D ANWAPI  : (11323|0xD12C8CB0)[BTAPI] Up: AvrcpMsgHandler receive[1C:11:2F:7C:1D:68], Get Device ID(0)
05-22 07:20:54.464 11323 11374 D ANWAPI  : 
05-22 07:20:54.464 11323 11374 D ANWAPI  : (11323|0xD12C8CB0)[BTAPI] Up: AnWBT_AVRCP_BR_GET_NOWPLAYINGLIST_CFM
05-22 07:20:54.464 11323 11374 D ANWAPI  : 
05-22 07:20:54.464 11323 11374 D ANWAPI  : (11323|0xD12C8CB0)[BTAPI] avrcp_br_GetFolderItemsFinish_Rsp_handler ========== status=0
05-22 07:20:54.464 11323 11374 D ANWAPI  : 
05-22 07:20:54.464 11323 11374 D ANWAPI  : (11323|0xD12C8CB0)[BTAPI] erro return, brh.state = 0
05-22 07:20:54.464 11323 11374 D ANWAPI  : 
05-22 07:20:54.464   544   544 D commservice260303: msg.id = 1028,1
05-22 07:20:54.464   544   544 D commservice260303: i = 170, msgid = 8A000404
05-22 07:20:54.464   544   544 D commservice260303: msgid = -1979710460,did=138
05-22 07:20:54.464 11323 11374 D ANWAPI  : (11323|0xD12C8CB0)[BTAPI] btsdk_exec_apicb end
05-22 07:20:54.464   544   544 D commservice260303: CommProtocolLibCmdBaseI2C::dataproc {"command":{"id":"imu_status","sub":""},"content":{"TimeStamp":1779405654464,"FrameCounter":22449,"GD_X":-0.009161898866295815,"GD_Y":0.007558800280094147,"GD_Z":0.017408855259418488,"AD_X":-0.005767762660980225,"AD_Y":0.003759535029530525,"AD_Z":-0.33089542388916016,"TempDsp":0,"Status":0,"CalibState":1,"SigAmpInvalid":0}},-1979710460
05-22 07:20:54.464   544   544 D commservice260303: send2Cluster len:325, 7B22636F6D6D616E64223A7B226964223A22696D755F737461747573222C22737562223A22227D2C22636F6E74656E74223A7B2254696D655374616D70223A313737393430353635343436342C224672616D65436F756E746572223A32323434392C2247445F58223A2D302E3030393136313839383836363239353831352C2247445F59223A302E3030373535383830303238303039343134372C2247445F5A223A302E3031373430383835353235393431383438382C2241445F58223A2D302E3030353736373736323636303938303232352C2241445F59223A302E3030333735393533353032393533303532352C2241445F5A223A2D302E33333038393534323338383931363031362C2254656D70447370223A302C22537461747573223A302C2243616C69625374617465223A312C22536967416D70496E76616C6964223A307D7D, 138 
05-22 07:20:54.464   544   544 D commservice260303: Push Message into SendPool fn=-1957101568
05-22 07:20:54.464   544   544 D commservice260303: ComProtocolLibSend2Cluster::send2ClusterRaw fn=-1957101568 , len=341
05-22 07:20:54.464   544   544 D commservice260303: sendCmdToPort :341!!!
05-22 07:20:54.464   544   544 D commservice260303: send Cmd To Port ++++5AA501518A010000598B6A0F93567B22636F6D6D616E64223A7B226964223A22696D755F737461747573222C22737562223A22227D2C22636F6E74656E74223A7B2254696D655374616D70223A313737393430353635343436342C224672616D65436F756E746572223A32323434392C2247445F58223A2D302E3030393136313839383836363239353831352C2247445F59223A302E3030373535383830303238303039343134372C2247445F5A223A302E3031373430383835353235393431383438382C2241445F58223A2D302E3030353736373736323636303938303232352C2241445F59223A302E3030333735393533353032393533303532352C2241445F5A223A2D302E33333038393534323338383931363031362C2254656D70447370223A302C22537461747573223A302C2243616C69625374617465223A312C22536967416D70496E76616C6964223A307D7DAEDB
05-22 07:20:54.464   544   544 D commservice260303: bufferevent_write retrun value = 0
05-22 07:20:54.464   544   567 D commservice260303: client datas send succeed,send finish
05-22 07:20:54.465  2981  3178 D Sentinelmode_1.2.5.13_alpha: <SentryImuClusterFgeSender>imu_status sent to Linux, frame=22449, tsNs=939441, tsMs=1779405654464, intervalMs=41, ad=(-0.0057677627,0.003759535,-0.33089542), gd=(-0.009161899,0.0075588003,0.017408855)
05-22 07:20:54.465 11323 13102 D AvrcpControllerStateMachine: fetchContents(title=NOW_PLAYING, scope=3, start=1, end=20, expected=255)
05-22 07:20:54.465 11323 13102 D ANW bt_btif: get_now_playing_list_cmd start, end: (1, 20)
05-22 07:20:54.465 11323 13102 D ANWAPI  : (11323|0x473ABCB0)[BTAPI] SDK >>>>AnWBT_AVRCP_BR_GetFolderItems 3 1 20
05-22 07:20:54.465 11323 13102 D ANWAPI  : (11323|0x473ABCB0)[BTAPI] SDK <<<<AnWBT_AVRCP_BR_GetFolderItems 0
05-22 07:20:54.465 11323 11374 D ANWAPI  : (11323|0xD12C8CB0)[BTAPI] >>>>_anwbt_AVRCP_BR_GetfolderItems 3 1
05-22 07:20:54.465  3735  3735 I NSLogUtils_BtMusicModel: onQueueChanged queue.size(): 1
05-22 07:20:54.465 11323 11374 D ANWStack: [    939447][ANWBT] <<Avctp_Br_Send_Message: cid 0x84, len 48
05-22 07:20:54.465 11323 11374 D ANWStack: 
05-22 07:20:54.465 11323 11374 D ANWStack: [    939447][ANWBT] l2_fcrt_write: len 48
05-22 07:20:54.465 11323 11374 D ANWStack: 
05-22 07:20:54.465 11323 11374 D ANWStack: [    939447][ANWBT] l2_fcrt_set_retran_timer! timeout 20 (unit in 100ms), retxTo 2000
05-22 07:20:54.465 11323 11374 D ANWStack: 
05-22 07:20:54.465 11323 11374 D ANWAPI  : (11323|0xD12C8CB0)[BTAPI] <<<<_anwbt_AVRCP_BR_GetfolderItems 0
05-22 07:20:54.468   573   573 I SpiService: fgesysctrl_getGPIO_status success val=1
05-22 07:20:54.469  2981  3177 I SentryImuMcuAngleSender: 179.90346rollDeg
05-22 07:20:54.470  2981  3177 I SentryImuMcuAngleSender: 1,0,0
05-22 07:20:54.472   824   824 D SurfaceFlinger: unisoc-graphics, commit has frameMissed:2, vysncId:436186
05-22 07:20:54.473   573   573 I SpiService: fgesysctrl_getGPIO_status success val=1
05-22 06:39:28.211   573   573 D spi_rst_gpio_get_output: GPIO 145 value: 1
05-22 06:39:28.211   573   573 D spidev_ioctl: gpio status=1)
05-22 06:39:28.217   573   573 D spi_rst_gpio_get_output: GPIO 145 value: 1
05-22 06:39:28.217   573   573 D spidev_ioctl: gpio status=1)
05-22 07:20:54.478   573   573 I SpiService: fgesysctrl_getGPIO_status success val=0
05-22 07:20:54.479   291  1491 D EvsDriver: forwardFrame
05-22 07:20:54.480   291  1491 D EvsDriver: Delivered 0xb400007b2f47ca30 as id 0
05-22 07:20:54.480  1137  1150 D evsmanagerd: /dev/video4 forwarded the buffer #0 to 0xb4000071fa019690 from 0xb4000071fa01b7d0
05-22 06:39:28.222   573   573 D spi_rst_gpio_get_output: GPIO 145 value: 0
05-22 06:39:28.222   573   573 D spidev_ioctl: gpio status=0)
05-22 07:20:54.482   291  1135 D EvsDriver: doneWithFrame
05-22 07:20:54.485 11323 11374 D ANWAPI  : (11323|0xD12C8CB0)[BTAPI] AnwhciEventCallback 19 1
05-22 07:20:54.490  2981  3177 I SentryImuMcuAngleSender: 179.91035rollDeg
05-22 07:20:54.490  2981  3177 I SentryImuMcuAngleSender: 1,0,0
05-22 07:20:54.492   573   573 I SpiService: fgesysctrl_getGPIO_status success val=1
05-22 06:39:28.236   573   573 D spi_rst_gpio_get_output: GPIO 145 value: 1
05-22 06:39:28.236   573   573 D spidev_ioctl: gpio status=1)
05-22 07:20:54.497   276   300 I rvcservice: t.code = 3, t.value = 0
05-22 07:20:54.497   573   573 I SpiService: fgesysctrl_getGPIO_status success val=1
05-22 06:39:28.241   573   573 D spi_rst_gpio_get_output: GPIO 145 value: 1
05-22 06:39:28.241   573   573 D spidev_ioctl: gpio status=1)
05-22 07:20:54.503   573   573 I SpiService: fgesysctrl_getGPIO_status success val=1
05-22 07:20:54.503   964  1804 D [OMXB]  : usingANWBuffer: handle:0xebd40170, format:1, w:1920, h:1080
05-22 07:20:54.505   544   544 D commservice260303: msg.id = 1028,0
05-22 07:20:54.505   544   544 D commservice260303: i = 170, msgid = 8A000404
05-22 07:20:54.505   544   544 D commservice260303: msgid = -1979710460,did=138
05-22 07:20:54.505   544   544 D commservice260303: CommProtocolLibCmdBaseI2C::dataproc {"command":{"id":"imu_status","sub":""},"content":{"TimeStamp":1779405654504,"FrameCounter":22450,"GD_X":-0.009621189907193184,"GD_Y":0.007864127866923809,"GD_Z":0.01756177842617035,"AD_X":-0.003935404121875763,"AD_Y":9.818654507398605E-5,"AD_Z":-0.33028602600097656,"TempDsp":0,"Status":0,"CalibState":1,"SigAmpInvalid":0}},-1979710460
05-22 07:20:54.505   544   544 D commservice260303: send2Cluster len:324, 7B22636F6D6D616E64223A7B226964223A22696D755F737461747573222C22737562223A22227D2C22636F6E74656E74223A7B2254696D655374616D70223A313737393430353635343530342C224672616D65436F756E746572223A32323435302C2247445F58223A2D302E3030393632313138393930373139333138342C2247445F59223A302E3030373836343132373836363932333830392C2247445F5A223A302E30313735363137373834323631373033352C2241445F58223A2D302E3030333933353430343132313837353736332C2241445F59223A392E383138363534353037333938363035452D352C2241445F5A223A2D302E33333032383630323630303039373635362C2254656D70447370223A302C22537461747573223A302C2243616C69625374617465223A312C22536967416D70496E76616C6964223A307D7D, 138 
05-22 07:20:54.505   544   544 D commservice260303: Push Message into SendPool fn=-1940324352
05-22 07:20:54.505   544   544 D commservice260303: ComProtocolLibSend2Cluster::send2ClusterRaw fn=-1940324352 , len=340
05-22 07:20:54.505   544   544 D commservice260303: sendCmdToPort :340!!!
05-22 07:20:54.505   544   544 D commservice260303: send Cmd To Port ++++5AA501508A010000598C6A0F93567B22636F6D6D616E64223A7B226964223A22696D755F737461747573222C22737562223A22227D2C22636F6E74656E74223A7B2254696D655374616D70223A313737393430353635343530342C224672616D65436F756E746572223A32323435302C2247445F58223A2D302E3030393632313138393930373139333138342C2247445F59223A302E3030373836343132373836363932333830392C2247445F5A223A302E30313735363137373834323631373033352C2241445F58223A2D302E3030333933353430343132313837353736332C2241445F59223A392E383138363534353037333938363035452D352C2241445F5A223A2D302E33333032383630323630303039373635362C2254656D70447370223A302C22537461747573223A302C2243616C69625374617465223A312C22536967416D70496E76616C6964223A307D7DCD4E
05-22 07:20:54.505   544   544 D commservice260303: bufferevent_write retrun value = 0
05-22 07:20:54.505   544   567 D commservice260303: client datas send succeed,send finish
05-22 07:20:54.505  2981  3178 D Sentinelmode_1.2.5.13_alpha: <SentryImuClusterFgeSender>imu_status sent to Linux, frame=22450, tsNs=939477, tsMs=1779405654504, intervalMs=40, ad=(-0.003935404,9.8186545E-5,-0.33028603), gd=(-0.00962119,0.007864128,0.017561778)
05-22 06:39:28.246   573   573 D spi_rst_gpio_get_output: GPIO 145 value: 1
05-22 06:39:28.246   573   573 D spidev_ioctl: gpio status=1)
05-22 07:20:54.508   573   573 I SpiService: fgesysctrl_getGPIO_status success val=1
05-22 06:39:28.251   573   573 D spi_rst_gpio_get_output: GPIO 145 value: 1
05-22 06:39:28.251   573   573 D spidev_ioctl: gpio status=1)
05-22 07:20:54.511  2981  3177 I SentryImuMcuAngleSender: 179.92415rollDeg
05-22 07:20:54.513   573   573 I SpiService: fgesysctrl_getGPIO_status success val=1
05-22 07:20:54.513  2981  3177 I SentryImuMcuAngleSender: 1,0,0
05-22 06:39:28.257   573   573 D spi_rst_gpio_get_output: GPIO 145 value: 1
05-22 06:39:28.257   573   573 D spidev_ioctl: gpio status=1)
05-22 07:20:54.519   573   573 I SpiService: fgesysctrl_getGPIO_status success val=0
05-22 07:20:54.519   291  1491 D EvsDriver: forwardFrame
05-22 07:20:54.520   291  1491 D EvsDriver: Delivered 0xb400007b2f47ca30 as id 0
05-22 07:20:54.520  1137  1150 D evsmanagerd: /dev/video4 forwarded the buffer #0 to 0xb4000071fa019690 from 0xb4000071fa01b7d0
05-22 07:20:54.521   291  1135 D EvsDriver: doneWithFrame
05-22 06:39:28.262   573   573 D spi_rst_gpio_get_output: GPIO 145 value: 0
05-22 06:39:28.262   573   573 D spidev_ioctl: gpio status=0)
05-22 07:20:54.532   565   565 I Sensors : 230 AccelSensor: x:-0.107360,y:0.010980,z:-10.133930
05-22 07:20:54.532   573   573 I SpiService: fgesysctrl_getGPIO_status success val=1
05-22 06:39:28.276   573   573 D spi_rst_gpio_get_output: GPIO 145 value: 1
05-22 06:39:28.276   573   573 D spidev_ioctl: gpio status=1)
05-22 07:20:54.533  2981  3177 I SentryImuMcuAngleSender: 179.93793rollDeg
05-22 07:20:54.534  2981  3177 I SentryImuMcuAngleSender: 1,0,0
05-22 07:20:54.537 11323 11374 D ANWAPI  : (11323|0xD12C8CB0)[BTAPI] AnwhciEventCallback 19 1
05-22 07:20:54.538   573   573 I SpiService: fgesysctrl_getGPIO_status success val=1
05-22 06:39:28.281   573   573 D spi_rst_gpio_get_output: GPIO 145 value: 1
05-22 06:39:28.281   573   573 D spidev_ioctl: gpio status=1)
05-22 07:20:54.542 11323 11374 D ANWAPI  : (11323|0xD12C8CB0)[BTAPI] BT Addres is NULL , checking which array is connected
05-22 07:20:54.542 11323 11374 D ANWAPI  : 
05-22 07:20:54.542 11323 11374 D ANWAPI  : (11323|0xD12C8CB0)[BTAPI] SPPMIN(0)SPPMAX(0)
05-22 07:20:54.542 11323 11374 D ANWAPI  : 
05-22 07:20:54.542 11323 11374 D ANWAPI  : (11323|0xD12C8CB0)[BTAPI] In Three Step Get Device ID(0)
05-22 07:20:54.542 11323 11374 D ANWAPI  : 
05-22 07:20:54.542   964  1804 D [OMXB]  : usingANWBuffer: handle:0xebd43be0, format:1, w:1920, h:1080
05-22 07:20:54.542 11323 11374 D ANWAPI  : (11323|0xD12C8CB0)[BTAPI] AVRCP_Connected ID(0), state(4)
05-22 07:20:54.542 11323 11374 D ANWAPI  : 
05-22 07:20:54.542 11323 11374 D ANWAPI  : (11323|0xD12C8CB0)[BTAPI] in Get_ID3, Get Device ID(0)
05-22 07:20:54.542 11323 11374 D ANWAPI  : 
05-22 07:20:54.542 11323 11374 D ANWAPI  : (11323|0xD12C8CB0)[BTAPI] AVRCP_Auto_Get_ID3
05-22 07:20:54.542 11323 11374 D ANWAPI  : 
05-22 07:20:54.542 11323 11374 D ANWAPI  : (11323|0xD12C8CB0)[BTAPI] SDK >>>>AnWBT_AVRCP_GetSongDetail
05-22 07:20:54.542 11323 11374 D ANWAPI  : (11323|0xD12C8CB0)[BTAPI] SDK <<<<AnWBT_AVRCP_GetSongDetail 0
05-22 07:20:54.542 11323 11374 D ANWAPI  : (11323|0xD12C8CB0)[BTAPI] >>>>_anwbt_AVRCP_GetSongDetail
05-22 07:20:54.542 11323 11374 D ANWAPI  : (11323|0xD12C8CB0)[BTAPI] btsdk_avrcp_GetElementAttributes
05-22 07:20:54.542 11323 11374 D ANW_AVRCP: (11323|0xD12C8CB0)[AVRCP] API AVRCP_GetElementAttributes attMask=0x0
05-22 07:20:54.542 11323 11374 D ANWStack: [    939524][ANWBT] <<Avctp_Send_Message 0/1:
05-22 07:20:54.542 11323 11374 D ANWStack: 
05-22 07:20:54.542 11323 11374 D ANWStack: [    939524][ANWBT] L2CAP: L2_RetrieveHandle called, cid=0x82
05-22 07:20:54.542 11323 11374 D ANWStack: 
05-22 07:20:54.542 11323 11374 D ANWAPI  : (11323|0xD12C8CB0)[BTAPI] ===BTAPI_MallocIdxMsg 1029 980
05-22 07:20:54.542 11323 11374 D ANWAPI  : (11323|0xD12C8CB0)[BTAPI] <<<<_anwbt_AVRCP_GetSongDetail 0
05-22 07:20:54.543   291  1491 D EvsDriver: forwardFrame
05-22 07:20:54.543   573   573 I SpiService: fgesysctrl_getGPIO_status success val=1
05-22 07:20:54.544   291  1491 D EvsDriver: Delivered 0xb400007b2f47ca30 as id 0
05-22 07:20:54.545  1137  1150 D evsmanagerd: /dev/video4 forwarded the buffer #0 to 0xb4000071fa019690 from 0xb4000071fa01b7d0
05-22 06:39:28.287   573   573 D spi_rst_gpio_get_output: GPIO 145 value: 1
05-22 07:20:54.545   544   544 D commservice260303: msg.id = 1028,0
05-22 06:39:28.287   573   573 D spidev_ioctl: gpio status=1)
05-22 07:20:54.545   544   544 D commservice260303: i = 170, msgid = 8A000404
05-22 07:20:54.545   544   544 D commservice260303: msgid = -1979710460,did=138
05-22 07:20:54.546   544   544 D commservice260303: CommProtocolLibCmdBaseI2C::dataproc {"command":{"id":"imu_status","sub":""},"content":{"TimeStamp":1779405654545,"FrameCounter":22451,"GD_X":-0.009925996884703636,"GD_Y":0.00801705103367567,"GD_Z":0.017715223133563995,"AD_X":-0.0027166903018951416,"AD_Y":-0.0023381654173135757,"AD_Z":-0.32784557342529297,"TempDsp":0,"Status":0,"CalibState":1,"SigAmpInvalid":0}},-1979710460
05-22 07:20:54.546   544   544 D commservice260303: send2Cluster len:327, 7B22636F6D6D616E64223A7B226964223A22696D755F737461747573222C22737562223A22227D2C22636F6E74656E74223A7B2254696D655374616D70223A313737393430353635343534352C224672616D65436F756E746572223A32323435312C2247445F58223A2D302E3030393932353939363838343730333633362C2247445F59223A302E30303830313730353130333336373536372C2247445F5A223A302E3031373731353232333133333536333939352C2241445F58223A2D302E303032373136363930333031383935313431362C2241445F59223A2D302E303032333338313635343137333133353735372C2241445F5A223A2D302E33323738343535373334323532393239372C2254656D70447370223A302C22537461747573223A302C2243616C69625374617465223A312C22536967416D70496E76616C6964223A307D7D, 138 
05-22 07:20:54.546   544   544 D commservice260303: Push Message into SendPool fn=-1923547136
05-22 07:20:54.546   544   544 D commservice260303: ComProtocolLibSend2Cluster::send2ClusterRaw fn=-1923547136 , len=343
05-22 07:20:54.546   544   544 D commservice260303: sendCmdToPort :343!!!
05-22 07:20:54.546   544   544 D commservice260303: send Cmd To Port ++++5AA501538A010000598D6A0F93567B22636F6D6D616E64223A7B226964223A22696D755F737461747573222C22737562223A22227D2C22636F6E74656E74223A7B2254696D655374616D70223A313737393430353635343534352C224672616D65436F756E746572223A32323435312C2247445F58223A2D302E3030393932353939363838343730333633362C2247445F59223A302E30303830313730353130333336373536372C2247445F5A223A302E3031373731353232333133333536333939352C2241445F58223A2D302E303032373136363930333031383935313431362C2241445F59223A2D302E303032333338313635343137333133353735372C2241445F5A223A2D302E33323738343535373334323532393239372C2254656D70447370223A302C22537461747573223A302C2243616C69625374617465223A312C22536967416D70496E76616C6964223A307D7DD1B6
05-22 07:20:54.546   544   544 D commservice260303: bufferevent_write retrun value = 0
05-22 07:20:54.546   544   567 D commservice260303: client datas send succeed,send finish
05-22 07:20:54.546  2981  3178 D Sentinelmode_1.2.5.13_alpha: <SentryImuClusterFgeSender>imu_status sent to Linux, frame=22451, tsNs=939513, tsMs=1779405654545, intervalMs=41, ad=(-0.0027166903,-0.0023381654,-0.32784557), gd=(-0.009925997,0.008017051,0.017715223)
05-22 07:20:54.549   573   573 I SpiService: fgesysctrl_getGPIO_status success val=1
05-22 07:20:54.549   291  1135 D EvsDriver: doneWithFrame
05-22 06:39:28.292   573   573 D spi_rst_gpio_get_output: GPIO 145 value: 1
05-22 06:39:28.292   573   573 D spidev_ioctl: gpio status=1)
05-22 07:20:54.554   573   573 I SpiService: fgesysctrl_getGPIO_status success val=1
05-22 07:20:54.554  2981  3177 I SentryImuMcuAngleSender: 179.93102rollDeg
05-22 07:20:54.554  2981  3177 I SentryImuMcuAngleSender: 1,0,0
05-22 07:20:54.556 11323 11374 D ANWAPI  : (11323|0xD12C8CB0)[BTAPI] AnwhciEventCallback 19 1
05-22 06:39:28.298   573   573 D spi_rst_gpio_get_output: GPIO 145 value: 1
05-22 06:39:28.298   573   573 D spidev_ioctl: gpio status=1)
05-22 07:20:54.560   573   573 I SpiService: fgesysctrl_getGPIO_status success val=0
05-22 06:39:28.303   573   573 D spi_rst_gpio_get_output: GPIO 145 value: 0
05-22 06:39:28.303   573   573 D spidev_ioctl: gpio status=0)
05-22 07:20:54.566 11323 11374 D ANWStack: [    939548][ANWBT] Rx: FCRT: I-frame,sar 0, reqseq 50, final 0, txseq 49
05-22 07:20:54.566 11323 11374 D ANWStack: 
05-22 07:20:54.566 11323 11374 D ANWStack: [    939548][ANWBT] CheckTxSeqStatus: expected_tx_seq 49, txseq 49
05-22 07:20:54.566 11323 11374 D ANWStack: 
05-22 07:20:54.566 11323 11374 D ANWStack: [    939548][ANWBT] l2_fcrt_rx_state_recv: TXSEQ_EXPECTED
05-22 07:20:54.566 11323 11374 D ANWStack: 
05-22 07:20:54.566 11323 11374 D ANWStack: [    939548][ANWBT] l2_fcrt_process_reqseq: unacked num 1, reqseq 50, expected_ack_seq 49
05-22 07:20:54.566 11323 11374 D ANWStack: 
05-22 07:20:54.566 11323 11374 D ANWStack: [    939548][ANWBT] l2_fcrt_process_reqseq: unacked num 1, expected_ack_seq 49
05-22 07:20:54.566 11323 11374 D ANWStack: 
05-22 07:20:54.566 11323 11374 D ANWStack: [    939548][ANWBT] l2_fcrt_send_ack: unacked num 1
05-22 07:20:54.566 11323 11374 D ANWStack: 
05-22 07:20:54.566 11323 11374 D ANWStack: [    939548][ANWBT] >>Avctp_Br_L2cap_Data_Ind_Cb! cid 0x84, len 7
05-22 07:20:54.566 11323 11374 D ANWStack: 
05-22 07:20:54.566 11323 11374 D ANWStack: [    939548][ANWBT] psm 0x1b
05-22 07:20:54.566 11323 11374 D ANWStack: 
05-22 07:20:54.566 11323 11374 D ANWStack: [    939548][ANWBT] AVCTP Message Length = 7
05-22 07:20:54.566 11323 11374 D ANWStack: [    939548][ANWBT] Receive AVCTP_SINGLE_PACKET
05-22 07:20:54.566 11323 11374 D ANWStack: [    939548][ANWBT] BT_ADDR 1c:11:2f:7c:1d:68
05-22 07:20:54.566 11323 11374 D ANWStack: [    939548][ANWBT] AVCTP Message Parse TL:0x2,PT:0x0,CR:0x1,IPID:0x0
05-22 07:20:54.566 11323 11374 D ANWAPI  : (11323|0xD12C8CB0)[BTAPI] connmgr_find_by_handle pData = 0xb400007962edf740,7
05-22 07:20:54.566 11323 11374 D ANWAPI  : (11323|0xD12C8CB0)[BTAPI] AVRCP_BR_GET_FOLDER_ITEMS_RSP
05-22 07:20:54.567 11323 11374 D ANWAPI  : (11323|0xD12C8CB0)[BTAPI] ===BTAPI_MallocIdxMsg 1054 8
05-22 07:20:54.567 11323 11374 D ANWAPI  : (11323|0xD12C8CB0)[BTAPI] connmgr_find_by_handle pData = 0xb400007962edf740,7
05-22 07:20:54.567 11323 11374 D ANWAPI  : (11323|0xD12C8CB0)[BTAPI] AVRCP_BR_GET_FOLDER_ITEMS_FINISH_RSP
05-22 07:20:54.567 11323 11374 D ANWAPI  : (11323|0xD12C8CB0)[BTAPI] ===BTAPI_PostIdxAddrMsg_U32 1055 12 d12c87d8
05-22 07:20:54.567 11323 11374 D ANWAPI  : (11323|0xD12C8CB0)[BTAPI] ===BTAPI_MallocIdxMsg 1055 4
05-22 07:20:54.567 11323 11374 D ANWStack: [    939549][ANWBT] l2_fcrt_ack_timeout_handler: unacked num 1
05-22 07:20:54.567 11323 11374 D ANWStack: 
05-22 07:20:54.567 11323 11374 D ANWStack: [    939549][ANWBT]    0x0000:  01 32 96 E9                                      .2..
05-22 07:20:54.567 11323 11374 D ANWStack: 
05-22 07:20:54.567 11323 11374 D ANWStack: [    939549][ANWBT] l2_fcrt_send_rr_or_rnr: sup 0, reqseq 50, poll 0, final 0
05-22 07:20:54.567 11323 11374 D ANWStack: 
05-22 07:20:54.567 11323 11374 D ANWAPI  : (11323|0xD12C8CB0)[BTAPI] *BT_CB_Dispatch
05-22 07:20:54.567 11323 11374 D ANWAPI  : (11323|0xD12C8CB0)[BTAPI] *****SDK callback(0x41e)
05-22 07:20:54.567 11323 11374 D ANWAPI  : (11323|0xD12C8CB0)[BTAPI] SDK***** [1c:11:2f:7c:1d:68]
05-22 07:20:54.567 11323 11374 D ANWAPI  : (11323|0xD12C8CB0)[BTAPI] btsdk_exec_apicb start
05-22 07:20:54.567 11323 11374 D ANWAPI  : (11323|0xD12C8CB0)[BTAPI] Up: AvrcpMsgHandler receive[1C:11:2F:7C:1D:68], Get Device ID(0)
05-22 07:20:54.567 11323 11374 D ANWAPI  : 
05-22 07:20:54.567 11323 11374 D ANWAPI  : (11323|0xD12C8CB0)[BTAPI] Up: AnWBT_AVRCP_BR_NOWPLAYING_ITEM_START_IND 0 0
05-22 07:20:54.567 11323 11374 D ANWAPI  : 
05-22 07:20:54.567 11323 11374 D ANWAPI  : (11323|0xD12C8CB0)[BTAPI] avrcp_br_GetMediaItemsStart_Rsp_handler ========== 
05-22 07:20:54.567 11323 11374 D ANWAPI  : 
05-22 07:20:54.567 11323 11374 D ANWAPI  : (11323|0xD12C8CB0)[BTAPI] btsdk_exec_apicb end
05-22 07:20:54.567 11323 11374 D ANWAPI  : (11323|0xD12C8CB0)[BTAPI] *BT_CB_Dispatch
05-22 07:20:54.567 11323 11374 D ANWAPI  : (11323|0xD12C8CB0)[BTAPI] *****SDK callback(0x41f)
05-22 07:20:54.567 11323 11374 D ANWAPI  : (11323|0xD12C8CB0)[BTAPI] SDK***** [1c:11:2f:7c:1d:68]
05-22 07:20:54.567 11323 11374 D ANWAPI  : (11323|0xD12C8CB0)[BTAPI] btsdk_exec_apicb start
05-22 07:20:54.567 11323 11374 D ANWAPI  : (11323|0xD12C8CB0)[BTAPI] Up: AvrcpMsgHandler receive[1C:11:2F:7C:1D:68], Get Device ID(0)
05-22 07:20:54.567 11323 11374 D ANWAPI  : 
05-22 07:20:54.568   565   565 I Sensors : 230 GyroSensor: x:-0.009468,y:0.008017,z:0.017333
05-22 07:20:54.568 11323 11374 D ANWAPI  : (11323|0xD12C8CB0)[BTAPI] Up: AnWBT_AVRCP_BR_GET_NOWPLAYINGLIST_CFM
05-22 07:20:54.568 11323 11374 D ANWAPI  : 
05-22 07:20:54.568 11323 11374 D ANWAPI  : (11323|0xD12C8CB0)[BTAPI] avrcp_br_GetFolderItemsFinish_Rsp_handler ========== status=12
05-22 07:20:54.568 11323 11374 D ANWAPI  : 
05-22 07:20:54.568 11323 11374 D ANWAPI  : (11323|0xD12C8CB0)[BTAPI] erro return, brh.state = 0
05-22 07:20:54.568 11323 11374 D ANWAPI  : 
05-22 07:20:54.568 11323 11374 D ANWAPI  : (11323|0xD12C8CB0)[BTAPI] btsdk_exec_apicb end
05-22 06:39:28.319   573   573 D spi_rst_gpio_get_output: GPIO 145 value: 1
05-22 06:39:28.319   573   573 D spidev_ioctl: gpio status=1)
05-22 07:20:54.575   573   573 I SpiService: fgesysctrl_getGPIO_status success val=1
05-22 07:20:54.576  2981  3177 I SentryImuMcuAngleSender: 179.92413rollDeg
05-22 07:20:54.576  2981  3177 I SentryImuMcuAngleSender: 1,0,0
05-22 07:20:54.581   573   573 I SpiService: fgesysctrl_getGPIO_status success val=1
05-22 06:39:28.324   573   573 D spi_rst_gpio_get_output: GPIO 145 value: 1
05-22 06:39:28.324   573   573 D spidev_ioctl: gpio status=1)
05-22 07:20:54.582  1026  1026 D MyAppLog: [2026-05-22 07:20:54.581 D tboxap tsp_WorkMachineProc:1086] [Tsp] [tsp_WorkMachineProc]TSP_WORK_LOGIN NOW !!!!
05-22 07:20:54.585   291  1491 D EvsDriver: forwardFrame
05-22 07:20:54.586   573   573 I SpiService: fgesysctrl_getGPIO_status success val=1
05-22 07:20:54.587   291  1491 D EvsDriver: Delivered 0xb400007b2f47ca30 as id 0
05-22 07:20:54.587  1137  1150 D evsmanagerd: /dev/video4 forwarded the buffer #0 to 0xb4000071fa019690 from 0xb4000071fa01b7d0
05-22 07:20:54.590   544   544 D commservice260303: msg.id = 1028,1
05-22 07:20:54.590   544   544 D commservice260303: i = 170, msgid = 8A000404
05-22 07:20:54.590   544   544 D commservice260303: msgid = -1979710460,did=138
05-22 07:20:54.590   544   544 D commservice260303: CommProtocolLibCmdBaseI2C::dataproc {"command":{"id":"imu_status","sub":""},"content":{"TimeStamp":1779405654588,"FrameCounter":22452,"GD_X":-0.009621189907193184,"GD_Y":0.008092992939054966,"GD_Z":0.01756177842617035,"AD_X":-0.001499168574810028,"AD_Y":0.001321575604379177,"AD_Z":-0.32845497131347656,"TempDsp":0,"Status":0,"CalibState":1,"SigAmpInvalid":0}},-1979710460
05-22 07:20:54.590   291  1135 D EvsDriver: doneWithFrame
05-22 07:20:54.590   544   544 D commservice260303: send2Cluster len:324, 7B22636F6D6D616E64223A7B226964223A22696D755F737461747573222C22737562223A22227D2C22636F6E74656E74223A7B2254696D655374616D70223A313737393430353635343538382C224672616D65436F756E746572223A32323435322C2247445F58223A2D302E3030393632313138393930373139333138342C2247445F59223A302E3030383039323939323933393035343936362C2247445F5A223A302E30313735363137373834323631373033352C2241445F58223A2D302E3030313439393136383537343831303032382C2241445F59223A302E3030313332313537353630343337393137372C2241445F5A223A2D302E33323834353439373133313334373635362C2254656D70447370223A302C22537461747573223A302C2243616C69625374617465223A312C22536967416D70496E76616C6964223A307D7D, 138 
05-22 06:39:28.330   573   573 D spi_rst_gpio_get_output: GPIO 145 value: 1
05-22 06:39:28.330   573   573 D spidev_ioctl: gpio status=1)
05-22 07:20:54.590   544   544 D commservice260303: Push Message into SendPool fn=-1906769920
05-22 07:20:54.590   544   544 D commservice260303: ComProtocolLibSend2Cluster::send2ClusterRaw fn=-1906769920 , len=340
05-22 07:20:54.590   544   544 D commservice260303: sendCmdToPort :340!!!
05-22 07:20:54.591   544   544 D commservice260303: send Cmd To Port ++++5AA501508A010000598E6A0F93567B22636F6D6D616E64223A7B226964223A22696D755F737461747573222C22737562223A22227D2C22636F6E74656E74223A7B2254696D655374616D70223A313737393430353635343538382C224672616D65436F756E746572223A32323435322C2247445F58223A2D302E3030393632313138393930373139333138342C2247445F59223A302E3030383039323939323933393035343936362C2247445F5A223A302E30313735363137373834323631373033352C2241445F58223A2D302E3030313439393136383537343831303032382C2241445F59223A302E3030313332313537353630343337393137372C2241445F5A223A2D302E33323834353439373133313334373635362C2254656D70447370223A302C22537461747573223A302C2243616C69625374617465223A312C22536967416D70496E76616C6964223A307D7DDB7D
05-22 07:20:54.591   544   544 D commservice260303: bufferevent_write retrun value = 0
05-22 07:20:54.591   544   567 D commservice260303: client datas send succeed,send finish
05-22 07:20:54.592   824   824 D SurfaceFlinger: unisoc-graphics, commit has frameMissed:2, vysncId:436211
05-22 07:20:54.592   573   573 I SpiService: fgesysctrl_getGPIO_status success val=1
05-22 06:39:28.335   573   573 D spi_rst_gpio_get_output: GPIO 145 value: 1
05-22 06:39:28.335   573   573 D spidev_ioctl: gpio status=1)
05-22 07:20:54.593  2981  3178 D Sentinelmode_1.2.5.13_alpha: <SentryImuClusterFgeSender>imu_status sent to Linux, frame=22452, tsNs=939568, tsMs=1779405654588, intervalMs=47, ad=(-0.0014991686,0.0013215756,-0.32845497), gd=(-0.00962119,0.008092993,0.017561778)
05-22 07:20:54.596 11323 11374 D ANWStack: [    939578][ANWBT] >>Avctp_L2cap_Data_Ind_Cb
05-22 07:20:54.596 11323 11374 D ANWStack: 
05-22 07:20:54.596 11323 11374 D ANWStack: [    939578][ANWBT] AVCTP Message Length = 157
05-22 07:20:54.596 11323 11374 D ANWStack: [    939578][ANWBT] Receive AVCTP_SINGLE_PACKET
05-22 07:20:54.596 11323 11374 D ANW_AVRCP: (11323|0xD12C8CB0)[AVRCP] [**AVRCP**] 0x92 0x110e
05-22 07:20:54.596 11323 11374 D ANW_AVRCP: (11323|0xD12C8CB0)[AVRCP] opcode match 0x0
05-22 07:20:54.596 11323 11374 D ANW_AVRCP: 
05-22 07:20:54.596 11323 11374 D ANW_AVRCP: (11323|0xD12C8CB0)[AVRCP] subopcode match 0x20, update ctype 0x1->0xc
05-22 07:20:54.596 11323 11374 D ANW_AVRCP: 
05-22 07:20:54.596 11323 11374 D ANW_AVRCP: (11323|0xD12C8CB0)[AVRCP] AVRCP_Packet_Parser Response
05-22 07:20:54.596 11323 11374 D ANW_AVRCP: 
05-22 07:20:54.596 11323 11374 D ANW_AVRCP: (11323|0xD12C8CB0)[AVRCP] AVRCP_Get_Element_Attributes_RSP_Handler
05-22 07:20:54.596 11323 11374 D ANW_AVRCP: (11323|0xD12C8CB0)[AVRCP] num of attributes: 8
05-22 07:20:54.596 11323 11374 D ANW_AVRCP: 
05-22 07:20:54.596 11323 11374 D ANWAPI  : (11323|0xD12C8CB0)[BTAPI] connmgr_find_by_handle pData = 0xb4000078d2e60eb0,7
05-22 07:20:54.596 11323 11374 D ANWAPI  : (11323|0xD12C8CB0)[BTAPI] AVRCP_GET_ELEMENT_ATTRIBUTES
05-22 07:20:54.596 11323 11374 D ANWAPI  : (11323|0xD12C8CB0)[BTAPI] connmgr_find_by_handle pData = 0xb4000078d2e60eb0,7
05-22 07:20:54.596 11323 11374 D ANWAPI  : (11323|0xD12C8CB0)[BTAPI] media attrib id(1)
05-22 07:20:54.596 11323 11374 D ANWAPI  : (11323|0xD12C8CB0)[BTAPI] MediaAttr_MediaTitle 12 106
05-22 07:20:54.596 11323 11374 D ANWAPI  : (11323|0xD12C8CB0)[BTAPI] connmgr_find_by_handle pData = 0xb4000078d2e60eb0,7
05-22 07:20:54.596 11323 11374 D ANWAPI  : (11323|0xD12C8CB0)[BTAPI] media attrib id(2)
05-22 07:20:54.597 11323 11374 D ANWAPI  : (11323|0xD12C8CB0)[BTAPI] MediaAttr_ArtistName 38 106
05-22 07:20:54.597 11323 11374 D ANWAPI  : (11323|0xD12C8CB0)[BTAPI] connmgr_find_by_handle pData = 0xb4000078d2e60eb0,7
05-22 07:20:54.597 11323 11374 D ANWAPI  : (11323|0xD12C8CB0)[BTAPI] media attrib id(3)
05-22 07:20:54.597 11323 11374 D ANWAPI  : (11323|0xD12C8CB0)[BTAPI] MediaAttr_AlbumName 12 106
05-22 07:20:54.597 11323 11374 D ANWAPI  : (11323|0xD12C8CB0)[BTAPI] connmgr_find_by_handle pData = 0xb4000078d2e60eb0,7
05-22 07:20:54.597 11323 11374 D ANWAPI  : (11323|0xD12C8CB0)[BTAPI] media attrib id(4)
05-22 07:20:54.597 11323 11374 D ANWAPI  : (11323|0xD12C8CB0)[BTAPI] MediaAttr_MediaNum 2 106
05-22 07:20:54.597 11323 11374 D ANWAPI  : (11323|0xD12C8CB0)[BTAPI] connmgr_find_by_handle pData = 0xb4000078d2e60eb0,7
05-22 07:20:54.597 11323 11374 D ANWAPI  : (11323|0xD12C8CB0)[BTAPI] media attrib id(5)
05-22 07:20:54.597 11323 11374 D ANWAPI  : (11323|0xD12C8CB0)[BTAPI] MediaAttr_TotalMediaNum 2 106
05-22 07:20:54.597 11323 11374 D ANWAPI  : (11323|0xD12C8CB0)[BTAPI] connmgr_find_by_handle pData = 0xb4000078d2e60eb0,7
05-22 07:20:54.597 11323 11374 D ANWAPI  : (11323|0xD12C8CB0)[BTAPI] media attrib id(6)
05-22 07:20:54.597 11323 11374 D ANWAPI  : (11323|0xD12C8CB0)[BTAPI] MediaAttr_Genre 0 106
05-22 07:20:54.597 11323 11374 D ANWAPI  : (11323|0xD12C8CB0)[BTAPI] connmgr_find_by_handle pData = 0xb4000078d2e60eb0,7
05-22 07:20:54.597 11323 11374 D ANWAPI  : (11323|0xD12C8CB0)[BTAPI] media attrib id(7)
05-22 07:20:54.597   276   300 I rvcservice: t.code = 4, t.value = 0
05-22 07:20:54.597 11323 11374 D ANWAPI  : (11323|0xD12C8CB0)[BTAPI] MediaAttr_PlayingTimeMs 6 106
05-22 07:20:54.597 11323 11374 D ANWAPI  : (11323|0xD12C8CB0)[BTAPI] connmgr_find_by_handle pData = 0xb4000078d2e60eb0,7
05-22 07:20:54.597 11323 11374 D ANWAPI  : (11323|0xD12C8CB0)[BTAPI] media attrib id(8)
05-22 07:20:54.597 11323 11374 D ANWAPI  : (11323|0xD12C8CB0)[BTAPI] MediaAttr_CoverArt 7 106 0
05-22 07:20:54.597 11323 11374 D ANWAPI  : (11323|0xD12C8CB0)[BTAPI] connmgr_find_by_handle pData = 0xb4000078d2e60eb0,7
05-22 07:20:54.597   573   573 I SpiService: fgesysctrl_getGPIO_status success val=1
05-22 07:20:54.597 11323 11374 D ANWAPI  : (11323|0xD12C8CB0)[BTAPI] AVRCP_GET_ELEMENT_ATTRIBUTES_FINISH
05-22 07:20:54.598  2981  3177 I SentryImuMcuAngleSender: 179.91724rollDeg
05-22 06:39:28.341   573   573 D spi_rst_gpio_get_output: GPIO 145 value: 1
05-22 07:20:54.598 11323 11374 D ANWAPI  : (11323|0xD12C8CB0)[BTAPI] btsdk_avrcp_post_songdetails
05-22 06:39:28.341   573   573 D spidev_ioctl: gpio status=1)
05-22 07:20:54.598  2981  3177 I SentryImuMcuAngleSender: 1,0,0
05-22 07:20:54.598 11323 11374 D ANWAPI  : (11323|0xD12C8CB0)[BTAPI] *BT_CB_Dispatch
05-22 07:20:54.598 11323 11374 D ANWAPI  : (11323|0xD12C8CB0)[BTAPI] *****SDK callback(0x405)
05-22 07:20:54.598 11323 11374 D ANWAPI  : (11323|0xD12C8CB0)[BTAPI] SDK***** [1c:11:2f:7c:1d:68]
05-22 07:20:54.598 11323 11374 D ANWAPI  : (11323|0xD12C8CB0)[BTAPI] btsdk_exec_apicb start
05-22 07:20:54.598 11323 11374 D ANWAPI  : (11323|0xD12C8CB0)[BTAPI] Up: AvrcpMsgHandler receive[1C:11:2F:7C:1D:68], Get Device ID(0)
05-22 07:20:54.598 11323 11374 D ANWAPI  : 
05-22 07:20:54.598 11323 11374 D ANWAPI  : (11323|0xD12C8CB0)[BTAPI] Up: AnWBT_AVRCP_CURRENT_SONG_DETAIL_IND(6)
05-22 07:20:54.598 11323 11374 D ANWAPI  : 
05-22 07:20:54.598 11323 11374 D ANWAPI  : (11323|0xD12C8CB0)[BTAPI] MediaTitle   : Top Barry：
05-22 07:20:54.598 11323 11374 D ANWAPI  : 
05-22 07:20:54.598 11323 11374 D ANWAPI  : (11323|0xD12C8CB0)[BTAPI] PlayingTimeMs: 169130
05-22 07:20:54.598 11323 11374 D ANWAPI  : 
05-22 07:20:54.598 11323 11374 D ANWAPI  : (11323|0xD12C8CB0)[BTAPI] AlbumName    : Wish u never
05-22 07:20:54.598 11323 11374 D ANWAPI  : 
05-22 07:20:54.598 11323 11374 D ANWAPI  : (11323|0xD12C8CB0)[BTAPI] ArtistName   : Wish u never-TF_ING张子墨/Top Barry
05-22 07:20:54.598 11323 11374 D ANWAPI  : 
05-22 07:20:54.598 11323 11374 D ANWAPI  : (11323|0xD12C8CB0)[BTAPI] MediaNum     : 10
05-22 07:20:54.598 11323 11374 D ANWAPI  : 
05-22 07:20:54.598 11323 11374 D ANWAPI  : (11323|0xD12C8CB0)[BTAPI] TotalMediaNum: 16
05-22 07:20:54.598 11323 11374 D ANWAPI  : 
05-22 07:20:54.598 11323 11374 D ANWAPI  : (11323|0xD12C8CB0)[BTAPI] BipHandle: 0000004)
05-22 07:20:54.598 11323 11374 D ANWAPI  : 
05-22 07:20:54.598 11323 11374 D ANWAPI  : (11323|0xD12C8CB0)[BTAPI] inform track changed cb, num_attr:7
05-22 07:20:54.598 11323 11374 D ANWAPI  : 
05-22 07:20:54.598 11323 11374 I ANW bt_btif: inform_track_changed_cb: HAL bt_rc_ctrl_callbacks->track_changed_cb
05-22 07:20:54.599 11323 11374 I BluetoothAvrcpControllerJni: btavrcp_track_changed_callback
05-22 07:20:54.599 11323 11374 D AvrcpControllerService: onTrackChanged
05-22 07:20:54.599 11323 11374 D AvrcpItem.Builder: 3 = Wish u never
05-22 07:20:54.599 11323 11374 D AvrcpItem.Builder: 2 = Wish u never-TF_ING张子墨/Top Barry
05-22 07:20:54.599 11323 11374 D AvrcpItem.Builder: 1 = Top Barry：
05-22 07:20:54.599 11323 11374 D AvrcpItem.Builder: 4 = 10
05-22 07:20:54.599 11323 11374 D AvrcpItem.Builder: 5 = 16
05-22 07:20:54.599 11323 11374 D AvrcpItem.Builder: 7 = 169130
05-22 07:20:54.599 11323 11374 D AvrcpItem.Builder: 8 = 0000004
05-22 07:20:54.600 11323 11374 D ANWAPI  : (11323|0xD12C8CB0)[BTAPI] Up: per 1.5S get ID3 information
05-22 07:20:54.600 11323 11374 D ANWAPI  : 
05-22 07:20:54.600 11323 13102 D AvrcpControllerStateMachine: Avrcp.GetFolderList processMessage 205
05-22 07:20:54.600 11323 11374 D ANWAPI  : (11323|0xD12C8CB0)[BTAPI] AVRCP_Cancel_Auto_Get_ID3(0)
05-22 07:20:54.600 11323 11374 D ANWAPI  : 
05-22 07:20:54.600 11323 13102 D AvrcpControllerStateMachine: Avrcp.ConnectedAvrcpController processMessage 205
05-22 07:20:54.600 11323 11374 D ANWAPI  : (11323|0xD12C8CB0)[BTAPI] btsdk_exec_apicb end
05-22 07:20:54.600 11323 13102 D AvrcpCoverArtManager: Download Image - device: 1C:11:2F:7C:1D:68, Handle: f96953bf-c884-437d-b50c-aff79b193da3
05-22 07:20:54.600 11323 13102 D avrcpcontroller.BipRequest: GetImageProperties - handle: 0000004
05-22 07:20:54.600 11323 13102 D AvrcpCoverArtProvider: getImageUri -> content://com.android.bluetooth.avrcpcontroller.AvrcpCoverArtProvider?device=1C%3A11%3A2F%3A7C%3A1D%3A68&uuid=f96953bf-c884-437d-b50c-aff79b193da3
05-22 07:20:54.600 11323 13102 D BluetoothMediaBrowserService: trackChanged setMetadata=AvrcpItem{mUuid=60da1c90-92b8-448c-b46c-8fc4eed25927, mUid=0, mItemType=3, mType=0, mDisplayableName=null, mTitle=Top Barry： mPlayingTime=169130 mTrack=10/16, mPlayable=false, mBrowsable=false, mCoverArtHandle=0000004, mImageUuid=f96953bf-c884-437d-b50c-aff79b193da3, mImageUrinull}
05-22 07:20:54.601 11323 13102 D AvrcpControllerStateMachine: removeUnusedArtwork(f96953bf-c884-437d-b50c-aff79b193da3)
05-22 07:20:54.601 11323 13102 D AvrcpControllerStateMachine: removeUnusedArtworkFromBrowseTree()
05-22 07:20:54.601   544   567 D commservice260303: recv len:87, 5AA5005306000000056F6A0F93567B22636F6D6D616E64223A7B226964223A2268656172745F42656174222C22737562223A22227D2C22636F6E74656E74223A7B2274797065223A322C2276616C7565223A307D7D58AC from server
05-22 07:20:54.601   544  3079 D commservice260303: mcuDataAnalyzeHandle templen:87,len:87,pos:0, 5AA5005306000000056F6A0F93567B22636F6D6D616E64223A7B226964223A2268656172745F42656174222C22737562223A22227D2C22636F6E74656E74223A7B2274797065223A322C2276616C7565223A307D7D58AC 
05-22 07:20:54.601  3735  3735 I NSLogUtils_BtMusicModel: onMetadataChanged metadata: android.media.MediaMetadata@e004c4d5
05-22 07:20:54.601   544  3079 I commservice260303: checksumCal = 22700
05-22 07:20:54.601   544  3079 D commservice260303: CommProtocolLibCmdBaseC2I::dataproc {"command":{"id":"heart_Beat","sub":""},"content":{"type":2,"value":0}},6
05-22 07:20:54.601  3735  3735 D NSLogUtils_BtMusicModel: onMetadataChanged ====> musicTitle：Top Barry： ,singerText：169130 ,duration：169130 ,albumArtUri：null
05-22 07:20:54.602   544  3079 D commservice260303: mcuCommMessageManager::notifyMsgToClient hwbinder OK
05-22 07:20:54.602   544  3079 D commservice260303: mcuCommMessageManager::notifyMsgToClient hwbinder OK
05-22 07:20:54.602   544  3079 D commservice260303: McuProtocolLibSend2Service::send2Service ret=1
05-22 07:20:54.602  3735  3735 D NSLogUtils_BluetoothPlayerService: MediaMetadata ->android.media.MediaMetadata@1888d432
