05-22 07:20:54.950   344   511 D automotive.vehicle@2.0-adayo-func-bcm: BCMFunc sendMessageFromVehicle_l prop: 0x2160009f , SPLITE_BIT_DATA_INTEGER4 procotol.calc[0]:0.100000,procotol.calc[1]:0.000000
05-22 07:20:54.950   344   511 D automotive.vehicle@2.0-adayo-func-bcm: BCMFunc sendMessageFromVehicle_l prop: 0x2160009f ,areaId: 0x0  SPLITE_BIT_DATA_INTEGER : 0.000000,calc[0]:0.100000,calc[1]:0.000000
05-22 07:20:54.950   344   511 D automotive.vehicle@2.0-adayo-func-bcm: BCMFunc sendMessageFromVehicle_l id:559939743, area:0 not report! 
05-22 07:20:54.950   344   511 D automotive.vehicle@2.0-adayo-func-bcm: BCMFunc sendMessageFromVehicle_l dataType: 12,mByte=45,propid=0x216000f3
05-22 07:20:54.950   344   511 D automotive.vehicle@2.0-adayo-func-bcm: BCMFunc sendMessageFromVehicle_l msgBuff[45]=0x0,start:0,len:16,temp:8,
05-22 07:20:54.950   344   511 D automotive.vehicle@2.0-adayo-func-bcm: BCMFunc sendMessageFromVehicle_l msgBuff[44]=0x0,start:0,len:8,temp:8,
05-22 07:20:54.950   344   511 D automotive.vehicle@2.0-adayo-func-bcm: BCMFunc sendMessageFromVehicle_l prop: 0x216000f3 , SPLITE_BIT_DATA_INTEGER1 data:0
05-22 07:20:54.950   344   511 D automotive.vehicle@2.0-adayo-func-bcm: BCMFunc sendMessageFromVehicle_l prop: 0x216000f3 , SPLITE_BIT_DATA_INTEGER4 procotol.calc[0]:0.100000,procotol.calc[1]:0.000000
05-22 07:20:54.950   344   511 D automotive.vehicle@2.0-adayo-func-bcm: BCMFunc sendMessageFromVehicle_l prop: 0x216000f3 ,areaId: 0x0  SPLITE_BIT_DATA_INTEGER : 0.000000,calc[0]:0.100000,calc[1]:0.000000
05-22 07:20:54.950   291  1491 D EvsDriver: Delivered 0xb400007b2f47ca30 as id 0
05-22 07:20:54.950   344   511 D automotive.vehicle@2.0-adayo-func-bcm: BCMFunc sendMessageFromVehicle_l id:559939827, area:0 not report! 
05-22 07:20:54.950   344   511 D automotive.vehicle@2.0-adayo-func-bcm: BCMFunc sendMessageFromVehicle_l dataType: 12,mByte=47,propid=0x214000f4
05-22 07:20:54.950   344   511 D automotive.vehicle@2.0-adayo-func-bcm: BCMFunc sendMessageFromVehicle_l msgBuff[47]=0x0,start:0,len:16,temp:8,
05-22 07:20:54.950   344   511 D automotive.vehicle@2.0-adayo-func-bcm: BCMFunc sendMessageFromVehicle_l msgBuff[46]=0x0,start:0,len:8,temp:8,
05-22 07:20:54.950   344   511 D automotive.vehicle@2.0-adayo-func-bcm: BCMFunc sendMessageFromVehicle_l prop: 0x214000f4 ,areaId: 0x0  SPLITE_BIT_DATA_INTEGER : 0
05-22 07:20:54.950   344   511 D automotive.vehicle@2.0-adayo-func-bcm: BCMFunc sendMessageFromVehicle_l id:557842676, area:0 not report! 
05-22 07:20:54.950  1137  1150 D evsmanagerd: /dev/video4 forwarded the buffer #0 to 0xb4000071fa019690 from 0xb4000071fa01b7d0
05-22 07:20:54.950   344   511 D automotive.vehicle@2.0-adayo-func-bcm: BCMFunc sendMessageFromVehicle_l dataType: 12,mByte=48,propid=0x214000fe
05-22 07:20:54.950   344   511 D automotive.vehicle@2.0-adayo-func-bcm: BCMFunc sendMessageFromVehicle_l msgBuff[48]=0x0,start:0,len:8,temp:8,
05-22 07:20:54.950   344   511 D automotive.vehicle@2.0-adayo-func-bcm: BCMFunc sendMessageFromVehicle_l prop: 0x214000fe ,areaId: 0x0  SPLITE_BIT_DATA_INTEGER : 0
05-22 07:20:54.950   344   511 D automotive.vehicle@2.0-adayo-func-bcm: BCMFunc sendMessageFromVehicle_l id:557842686, area:0 not report! 
05-22 07:20:54.950   344   511 D automotive.vehicle@2.0-adayo-func-bcm: BCMFunc sendMessageFromVehicle_l dataType: 12,mByte=49,propid=0x21400100
05-22 07:20:54.950   344   511 D automotive.vehicle@2.0-adayo-func-bcm: BCMFunc sendMessageFromVehicle_l msgBuff[49]=0x0,start:0,len:8,temp:8,
05-22 07:20:54.950   344   511 D automotive.vehicle@2.0-adayo-func-bcm: BCMFunc sendMessageFromVehicle_l prop: 0x21400100 ,areaId: 0x0  SPLITE_BIT_DATA_INTEGER : 0
05-22 07:20:54.950   344   511 D automotive.vehicle@2.0-adayo-func-bcm: BCMFunc sendMessageFromVehicle_l id:557842688, area:0 not report! 
05-22 07:20:54.950   344   511 D automotive.vehicle@2.0-adayo-func-bcm: BCMFunc sendMessageFromVehicle_l dataType: 12,mByte=50,propid=0x214000fa
05-22 07:20:54.950   344   511 D automotive.vehicle@2.0-adayo-func-bcm: BCMFunc sendMessageFromVehicle_l msgBuff[50]=0x0,start:0,len:8,temp:8,
05-22 07:20:54.950   344   511 D automotive.vehicle@2.0-adayo-func-bcm: BCMFunc sendMessageFromVehicle_l prop: 0x214000fa ,areaId: 0x0  SPLITE_BIT_DATA_INTEGER : 0
05-22 07:20:54.950   344   511 D automotive.vehicle@2.0-adayo-func-bcm: BCMFunc sendMessageFromVehicle_l id:557842682, area:0 not report! 
05-22 07:20:54.950   344   511 D automotive.vehicle@2.0-adayo-func-bcm: BCMFunc sendMessageFromVehicle_l dataType: 12,mByte=51,propid=0x214000fb
05-22 07:20:54.950   344   511 D automotive.vehicle@2.0-adayo-func-bcm: BCMFunc sendMessageFromVehicle_l msgBuff[51]=0x0,start:0,len:8,temp:8,
05-22 07:20:54.950   344   511 D automotive.vehicle@2.0-adayo-func-bcm: BCMFunc sendMessageFromVehicle_l prop: 0x214000fb ,areaId: 0x0  SPLITE_BIT_DATA_INTEGER : 0
05-22 07:20:54.950   344   511 D automotive.vehicle@2.0-adayo-func-bcm: BCMFunc sendMessageFromVehicle_l id:557842683, area:0 not report! 
05-22 07:20:54.951   344   511 D automotive.vehicle@2.0-adayo-func-bcm: BCMFunc sendMessageFromVehicle_l dataType: 12,mByte=52,propid=0x214000fc
05-22 07:20:54.951   344   511 D automotive.vehicle@2.0-adayo-func-bcm: BCMFunc sendMessageFromVehicle_l msgBuff[52]=0x0,start:0,len:8,temp:8,
05-22 07:20:54.951   344   511 D automotive.vehicle@2.0-adayo-func-bcm: BCMFunc sendMessageFromVehicle_l prop: 0x214000fc ,areaId: 0x0  SPLITE_BIT_DATA_INTEGER : 0
05-22 07:20:54.951   344   511 D automotive.vehicle@2.0-adayo-func-bcm: BCMFunc sendMessageFromVehicle_l id:557842684, area:0 not report! 
05-22 07:20:54.951   344   511 D automotive.vehicle@2.0-adayo-func-bcm: BCMFunc sendMessageFromVehicle_l dataType: 12,mByte=53,propid=0x21400106
05-22 07:20:54.951   344   511 D automotive.vehicle@2.0-adayo-func-bcm: BCMFunc sendMessageFromVehicle_l msgBuff[53]=0x1,start:0,len:8,temp:8,
05-22 07:20:54.951   344   511 D automotive.vehicle@2.0-adayo-func-bcm: BCMFunc sendMessageFromVehicle_l prop: 0x21400106 ,areaId: 0x0  SPLITE_BIT_DATA_INTEGER : 1
05-22 07:20:54.951   344   511 D automotive.vehicle@2.0-adayo-func-bcm: BCMFunc sendMessageFromVehicle_l id:557842694, area:0 not report! 
05-22 07:20:54.953   573   573 I SpiService: fgesysctrl_getGPIO_status success val=1
05-22 06:39:28.696   573   573 D spi_rst_gpio_get_output: GPIO 145 value: 1
05-22 06:39:28.696   573   573 D spidev_ioctl: gpio status=1)
05-22 07:20:54.954   291  1135 D EvsDriver: doneWithFrame
05-22 07:20:54.956  2981  3177 I SentryImuMcuAngleSender: 179.91035rollDeg
05-22 07:20:54.956  2981  3177 I SentryImuMcuAngleSender: 1,0,0
05-22 07:20:54.956   544   544 D commservice260303: msg.id = 1028,0
05-22 07:20:54.956   544   544 D commservice260303: i = 170, msgid = 8A000404
05-22 07:20:54.956   544   544 D commservice260303: msgid = -1979710460,did=138
05-22 07:20:54.956   544   544 D commservice260303: CommProtocolLibCmdBaseI2C::dataproc {"command":{"id":"imu_status","sub":""},"content":{"TimeStamp":1779405654955,"FrameCounter":22461,"GD_X":-0.009010015055537224,"GD_Y":0.007101069670170546,"GD_Z":0.017485838383436203,"AD_X":-0.0015187039971351624,"AD_Y":0.0025335848331451416,"AD_Z":-0.32967567443847656,"TempDsp":0,"Status":0,"CalibState":1,"SigAmpInvalid":0}},-1979710460
05-22 07:20:54.956   544   544 D commservice260303: send2Cluster len:327, 7B22636F6D6D616E64223A7B226964223A22696D755F737461747573222C22737562223A22227D2C22636F6E74656E74223A7B2254696D655374616D70223A313737393430353635343935352C224672616D65436F756E746572223A32323436312C2247445F58223A2D302E3030393031303031353035353533373232342C2247445F59223A302E3030373130313036393637303137303534362C2247445F5A223A302E3031373438353833383338333433363230332C2241445F58223A2D302E303031353138373033393937313335313632342C2241445F59223A302E303032353333353834383333313435313431362C2241445F5A223A2D302E33323936373536373434333834373635362C2254656D70447370223A302C22537461747573223A302C2243616C69625374617465223A312C22536967416D70496E76616C6964223A307D7D, 138 
05-22 07:20:54.956   544   544 D commservice260303: Push Message into SendPool fn=-1755774976
05-22 07:20:54.956   544   544 D commservice260303: ComProtocolLibSend2Cluster::send2ClusterRaw fn=-1755774976 , len=343
05-22 07:20:54.956   544   544 D commservice260303: sendCmdToPort :343!!!
05-22 07:20:54.956   544   544 D commservice260303: send Cmd To Port ++++5AA501538A01000059976A0F93567B22636F6D6D616E64223A7B226964223A22696D755F737461747573222C22737562223A22227D2C22636F6E74656E74223A7B2254696D655374616D70223A313737393430353635343935352C224672616D65436F756E746572223A32323436312C2247445F58223A2D302E3030393031303031353035353533373232342C2247445F59223A302E3030373130313036393637303137303534362C2247445F5A223A302E3031373438353833383338333433363230332C2241445F58223A2D302E303031353138373033393937313335313632342C2241445F59223A302E303032353333353834383333313435313431362C2241445F5A223A2D302E33323936373536373434333834373635362C2254656D70447370223A302C22537461747573223A302C2243616C69625374617465223A312C22536967416D70496E76616C6964223A307D7DEDF5
05-22 07:20:54.957   544   544 D commservice260303: bufferevent_write retrun value = 0
05-22 07:20:54.957   544   567 D commservice260303: client datas send succeed,send finish
05-22 07:20:54.957  2981  3178 D Sentinelmode_1.2.5.13_alpha: <SentryImuClusterFgeSender>imu_status sent to Linux, frame=22461, tsNs=939926, tsMs=1779405654955, intervalMs=41, ad=(-0.001518704,0.0025335848,-0.32967567), gd=(-0.009010015,0.0071010697,0.017485838)
05-22 07:20:54.958   573   573 I SpiService: fgesysctrl_getGPIO_status success val=1
05-22 07:20:54.962   565   599 I Sensors : 230 GyroSensor: x:-0.009239,y:0.007712,z:0.017867
05-22 06:39:28.701   573   573 D spi_rst_gpio_get_output: GPIO 145 value: 1
05-22 06:39:28.701   573   573 D spidev_ioctl: gpio status=1)
05-22 07:20:54.963   573   573 I SpiService: fgesysctrl_getGPIO_status success val=0
05-22 07:20:54.963   486   579 I mcuc    : send SPI:6AA602125D0002890004
05-22 07:20:54.964   824   824 D SurfaceFlinger: unisoc-graphics, commit has frameMissed:2, vysncId:436352
05-22 06:39:28.707   573   573 D spi_rst_gpio_get_output: GPIO 145 value: 0
05-22 06:39:28.707   573   573 D spidev_ioctl: gpio status=0)
05-22 07:20:54.977  2981  3177 I SentryImuMcuAngleSender: 179.9138rollDeg
05-22 07:20:54.977  2981  3177 I SentryImuMcuAngleSender: 1,0,0
05-22 07:20:54.977   573   573 I SpiService: fgesysctrl_getGPIO_status success val=1
05-22 06:39:28.721   573   573 D spi_rst_gpio_get_output: GPIO 145 value: 1
05-22 06:39:28.721   573   573 D spidev_ioctl: gpio status=1)
05-22 07:20:54.978   486   580 I mcuc    : rev,n=1,6AA681125E000A89002D0104092112345684
05-22 07:20:54.979  1091  1116 I tboxmids_ap: [2026-05-22 07:20:54.979] [MCU RX] src=MCU dst=ZMQ len=10 type=BINARY data=00 08 2D 01 04 09 21 12 34 56 
05-22 07:20:54.979   344   361 D automotive.vehicle@2.0-adayo-datacomm-mcu: MCUDatacomm sendMessageFromVehicle prop: 0x89, areaId: 0x0, status: 0x2d, timestamp: 0x1
05-22 07:20:54.979   344   361 D automotive.vehicle@2.0-adayo-datacomm-mcu: MCUDatacomm 1sendMessageFromVehicle ---> type = 12 
05-22 07:20:54.979  1026  1026 I MyAppLog: [2026-05-22 07:20:54.979 I tboxap mcuCommTboxmidsRecvCb:96] [Mcu] [mcuCommTboxmidsRecvCb] recv from tboxmids, size:10
05-22 07:20:54.979  1026  1026 I MyAppLog: [2026-05-22 07:20:54.979 I tboxap mcuCommTboxmidsRecvCb:97] [Mcu] [tboxmids -> tboxap]: :00 08 2D 01 04 09 21 12 34 56
05-22 07:20:54.980  1026  1026 I MyAppLog: [2026-05-22 07:20:54.979 I tboxap mcuPtlParseData:969] [Mcu] [Mcu  Parse]: (cmd):0921 (param):0921123456
05-22 07:20:54.980  1026  1026 D MyAppLog: [2026-05-22 07:20:54.979 D tboxap mcuCommCbHandel:1009] [Mcu] [Mcu  Rev]: (cmd):0921 (param value):123456
05-22 07:20:54.980  1026  1026 W MyAppLog: [2026-05-22 07:20:54.979 W tboxap mcuParamDataRevPack:897] [Mcu] mcuParamDataRevPack start pack data!!!
05-22 07:20:54.980  1026  1026 W MyAppLog: [2026-05-22 07:20:54.979 W tboxap mcuHandleFaultCodeInd:1185] [Mcu] [mcuHandleFaultCodeInd] recv 0x0921 fault count:18 stored:2 firstCode:0x34
05-22 07:20:54.980  1026  1026 I MyAppLog: [2026-05-22 07:20:54.979 I tboxap mcuSendYadiTransfer:195] [Mcu] [mcuYadiSend]: :00 06 BF 04 01 09 A1 01
05-22 07:20:54.980  1026  1026 D MyAppLog: [2026-05-22 07:20:54.979 D tboxap SendMsgBufEvent:298] [System] [SendMsgBufEvent] send message(msg:0x0037, size:2)
05-22 07:20:54.980  1026  1026 D MyAppLog: [2026-05-22 07:20:54.979 D tboxap SysMainEventHandler:1090] [System] [SysMainEventHandler] recv message(msg:0x0037, size:2)
05-22 07:20:54.980  1026  1026 W MyAppLog: [2026-05-22 07:20:54.979 W tboxap tsp_ExternalEvent:80] [Tsp] [tsp_ExternalEvent] recv ExternalEvent = 55, size:2
05-22 07:20:54.980  1091  1133 D tboxmids_ap: Frame Size: 10
05-22 07:20:54.980  1091  1133 D tboxmids_ap: Hex Data:
05-22 07:20:54.980  1091  1133 D tboxmids_ap: 09 
05-22 07:20:54.980  1091  1133 D tboxmids_ap: 01 
05-22 07:20:54.980  1091  1133 D tboxmids_ap: 00 
05-22 07:20:54.980  1091  1133 D tboxmids_ap: 06 
05-22 07:20:54.980  1091  1133 D tboxmids_ap: BF 
05-22 07:20:54.980  1091  1133 D tboxmids_ap: 04 
05-22 07:20:54.980  1091  1133 D tboxmids_ap: 01 
05-22 07:20:54.980  1091  1133 D tboxmids_ap: 09 
05-22 07:20:54.981  1091  1133 D tboxmids_ap: A1 
05-22 07:20:54.981  1091  1133 D tboxmids_ap: 01 
05-22 07:20:54.981  1091  1133 D tboxmids_ap: 
05-22 07:20:54.981  1091  1133 D tboxmids_ap: Hex Data end 
05-22 07:20:54.982   291  1491 D EvsDriver: forwardFrame
05-22 07:20:54.983   573   573 I SpiService: fgesysctrl_getGPIO_status success val=1
05-22 07:20:54.984   486   581 I mcuc    : start timer OK = 2614 
05-22 07:20:54.984   291  1491 D EvsDriver: Delivered 0xb400007b2f47ca30 as id 0
05-22 07:20:54.984  1137  1150 D evsmanagerd: /dev/video4 forwarded the buffer #0 to 0xb4000071fa019690 from 0xb4000071fa01b7d0
05-22 06:39:28.726   573   573 D spi_rst_gpio_get_output: GPIO 145 value: 1
05-22 06:39:28.726   573   573 D spidev_ioctl: gpio status=1)
05-22 07:20:54.985  1026  1026 I MyAppLog: [2026-05-22 07:20:54.983 I tboxap tsp_EventSend:270] [Tsp] [tsp_EventSend] TX tspCmdMsg.MsgID:0100 size:0
05-22 07:20:54.986  1026  1026 D MyAppLog: [2026-05-22 07:20:54.985 D tboxap tsp_EventQueueWrite:115] [Tsp] [tsp_EventQueueWrite] sizeof(16) pTmp:8601d940  
05-22 07:20:54.986  1026  1026 D MyAppLog: [2026-05-22 07:20:54.985 D tboxap tsp_WorkMachineProc:1086] [Tsp] [tsp_WorkMachineProc]TSP_WORK_LOGIN NOW !!!!
05-22 07:20:54.986  1026  1026 D MyAppLog: [2026-05-22 07:20:54.985 D tboxap tsp_EventProceHandel:305] [Tsp] [tsp_EventProceHandel] rx msg :0100 , size:0!!
05-22 07:20:54.986  1026  1026 D MyAppLog: [2026-05-22 07:20:54.985 D tboxap tsp_EventToCmd:108] [Tsp] [tsp_EventToCmd] event:0x0100 -> cmd:1001 size:0
05-22 07:20:54.986  1026  1026 I MyAppLog: [2026-05-22 07:20:54.985 I tboxap tsp_LoginPacket_Yadi:399] [Tsp] [Login rawData]: :00 01 00 5C 86 14 84 04 01 24 81 41 11 11 00 00 00 00 00 00 00 FF
05-22 07:20:54.986  1026  1026 I MyAppLog: [2026-05-22 07:20:54.985 I tboxap tsp_LoginPacket_Yadi:417] [Tsp] [Login addCrc]: :00 01 00 5C 86 14 84 04 01 24 81 41 11 11 00 00 00 00 00 00 00 FF DA 00 00 00 00 00 00 00 95 20
05-22 07:20:54.986  1026  1026 I MyAppLog: [2026-05-22 07:20:54.985 I tboxap tsp_LoginPacket_Yadi:427] [Tsp] [Login doneAes]: :0C BA 48 F3 89 55 9C B8 0C C3 EF C5 9B 22 41 1E 9C CD 1D 8B 97 0A 36 7E A0 20 53 23 51 63 32 4E
05-22 07:20:54.986  1026  1026 I MyAppLog: [2026-05-22 07:20:54.985 I tboxap tsp_pack_frame_Yadi:1240] [Tsp] Login data pack and encrypt completed ! BodySize = 32! 
05-22 07:20:54.986  1026  1026 I MyAppLog: [2026-05-22 07:20:54.985 I tboxap tsp_pack_frame_Yadi:1353] [Tsp] [DataMsgLen]: :00 16
05-22 07:20:54.986  1026  1026 I MyAppLog: [2026-05-22 07:20:54.985 I tboxap tsp_pack_frame_Yadi:1380] [Tsp] [FrameData]: :AA FF 00 3E 08 61 48 40 40 12 48 14 1A 05 16 07 14 36 10 01 28 03 01 01 00 16 0C BA 48 F3 89 55 9C B8 0C C3 EF C5 9B 22 41 1E 9C CD 1D 8B 97 0A 36 7E A0 20 53 23 51 63 32 4E 12 02 0D 0A
05-22 07:20:54.986  1026  1026 I MyAppLog: [2026-05-22 07:20:54.985 I tboxap tsp_PackLogIn_Yadi:196] [Tsp] LoginFrame init complet, frame size:62!!!
05-22 07:20:54.987  1026  1026 E MyAppLog: [2026-05-22 07:20:54.985 E tboxap tsp_FifoWrite:319] [Tsp] tsp_FifoWrite FIFO is full when to be written!
05-22 07:20:54.988   291  1135 D EvsDriver: doneWithFrame
05-22 07:20:54.988   573   573 I SpiService: fgesysctrl_getGPIO_status success val=1
05-22 06:39:28.732   573   573 D spi_rst_gpio_get_output: GPIO 145 value: 1
05-22 06:39:28.732   573   573 D spidev_ioctl: gpio status=1)
05-22 07:20:54.994   573   573 I SpiService: fgesysctrl_getGPIO_status success val=1
05-22 07:20:54.995  1026  1026 D MyAppLog: [2026-05-22 07:20:54.995 D tboxap tsp_EventQueueRead:150] [Tsp] [tsp_EventQueueRead] read:22, write:22  Num:0!!
05-22 07:20:54.996   558  1144 D gps_hdbd: [request_agps_thread 979] get sys.gps.agnssd:1
05-22 07:20:54.996   544   544 D commservice260303: msg.id = 1028,0
05-22 07:20:54.996   544   544 D commservice260303: i = 170, msgid = 8A000404
05-22 07:20:54.996   544   544 D commservice260303: msgid = -1979710460,did=138
05-22 07:20:54.996   544   544 D commservice260303: CommProtocolLibCmdBaseI2C::dataproc {"command":{"id":"imu_status","sub":""},"content":{"TimeStamp":1779405654996,"FrameCounter":22462,"GD_X":-0.00923888012766838,"GD_Y":0.007788185961544514,"GD_Z":0.017485838383436203,"AD_X":-0.001521177589893341,"AD_Y":0.002531389705836773,"AD_Z":-0.33089542388916016,"TempDsp":0,"Status":0,"CalibState":1,"SigAmpInvalid":0}},-1979710460
05-22 07:20:54.997   544   544 D commservice260303: send2Cluster len:324, 7B22636F6D6D616E64223A7B226964223A22696D755F737461747573222C22737562223A22227D2C22636F6E74656E74223A7B2254696D655374616D70223A313737393430353635343939362C224672616D65436F756E746572223A32323436322C2247445F58223A2D302E30303932333838383031323736363833382C2247445F59223A302E3030373738383138353936313534343531342C2247445F5A223A302E3031373438353833383338333433363230332C2241445F58223A2D302E3030313532313137373538393839333334312C2241445F59223A302E3030323533313338393730353833363737332C2241445F5A223A2D302E33333038393534323338383931363031362C2254656D70447370223A302C22537461747573223A302C2243616C69625374617465223A312C22536967416D70496E76616C6964223A307D7D, 138 
05-22 07:20:54.997   544   544 D commservice260303: Push Message into SendPool fn=-1738997760
05-22 07:20:54.997   544   544 D commservice260303: ComProtocolLibSend2Cluster::send2ClusterRaw fn=-1738997760 , len=340
05-22 07:20:54.997  2981  3177 I SentryImuMcuAngleSender: 179.91035rollDeg
05-22 07:20:54.997   544   544 D commservice260303: sendCmdToPort :340!!!
05-22 07:20:54.997  2981  3177 I SentryImuMcuAngleSender: 1,0,0
05-22 07:20:54.997   544   544 D commservice260303: send Cmd To Port ++++5AA501508A01000059986A0F93567B22636F6D6D616E64223A7B226964223A22696D755F737461747573222C22737562223A22227D2C22636F6E74656E74223A7B2254696D655374616D70223A313737393430353635343939362C224672616D65436F756E746572223A32323436322C2247445F58223A2D302E30303932333838383031323736363833382C2247445F59223A302E3030373738383138353936313534343531342C2247445F5A223A302E3031373438353833383338333433363230332C2241445F58223A2D302E3030313532313137373538393839333334312C2241445F59223A302E3030323533313338393730353833363737332C2241445F5A223A2D302E33333038393534323338383931363031362C2254656D70447370223A302C22537461747573223A302C2243616C69625374617465223A312C22536967416D70496E76616C6964223A307D7D6730
05-22 07:20:54.997   544   544 D commservice260303: bufferevent_write retrun value = 0
05-22 07:20:54.997   544   567 D commservice260303: client datas send succeed,send finish
05-22 07:20:54.997  2981  3178 D Sentinelmode_1.2.5.13_alpha: <SentryImuClusterFgeSender>imu_status sent to Linux, frame=22462, tsNs=939962, tsMs=1779405654996, intervalMs=40, ad=(-0.0015211776,0.0025313897,-0.33089542), gd=(-0.00923888,0.007788186,0.017485838)
05-22 07:20:54.998   276   300 I rvcservice: t.code = 3, t.value = 0
05-22 06:39:28.737   573   573 D spi_rst_gpio_get_output: GPIO 145 value: 1
05-22 06:39:28.737   573   573 D spidev_ioctl: gpio status=1)
05-22 07:20:55.000   573   573 I SpiService: fgesysctrl_getGPIO_status success val=1
05-22 07:20:55.001   964  1804 D [OMXB]  : usingANWBuffer: handle:0xebd42740, format:1, w:1920, h:1080
05-22 06:39:28.743   573   573 D spi_rst_gpio_get_output: GPIO 145 value: 1
05-22 06:39:28.743   573   573 D spidev_ioctl: gpio status=1)
05-22 07:20:55.005   573   573 I SpiService: fgesysctrl_getGPIO_status success val=0
05-22 07:20:55.005   486   579 I mcuc    : send SPI:6AA602125E00028900036AA6010A3600F80901BF040109A1010000000000000000000000000000000000000000000000000000000000000000000000000000000000000000000000000000000000000000000000000000000000000000000000000000000000000000000000000000000000000000000000000000000000000000000000000000000000000000000000000000000000000000000000000000000000000000000000000000000000000000000000000000000000000000000000000000000000000000000000000000000000000000000000000000000000000000000000000000000000000000000000000000000000000000000000000000000000000000000000004E
05-22 06:39:28.748   573   573 D spi_rst_gpio_get_output: GPIO 145 value: 0
05-22 06:39:28.748   573   573 D spidev_ioctl: gpio status=0)
05-22 07:20:55.014   291  1491 D EvsDriver: forwardFrame
05-22 07:20:55.015   291  1491 D EvsDriver: Delivered 0xb400007b2f47ca30 as id 0
05-22 07:20:55.015  1137  1150 D evsmanagerd: /dev/video4 forwarded the buffer #0 to 0xb4000071fa019690 from 0xb4000071fa01b7d0
05-22 07:20:55.015   291  1135 D EvsDriver: doneWithFrame
05-22 07:20:55.017  2981  3177 I SentryImuMcuAngleSender: 179.91035rollDeg
05-22 07:20:55.018  2981  3177 I SentryImuMcuAngleSender: 1,0,0
05-22 07:20:55.019   573   573 I SpiService: fgesysctrl_getGPIO_status success val=1
05-22 06:39:28.763   573   573 D spi_rst_gpio_get_output: GPIO 145 value: 1
05-22 06:39:28.763   573   573 D spidev_ioctl: gpio status=1)
05-22 07:20:55.021  2203  2203 I ADAYO_LOG_: handleMessage(UsbFunc.java:352)copyQnx = 2
05-22 07:20:55.022  2203  2203 I ADAYO_LOG_: handleMessage(UsbFunc.java:404)copyState = 2
05-22 07:20:55.025   573   573 I SpiService: fgesysctrl_getGPIO_status success val=1
05-22 06:39:28.768   573   573 D spi_rst_gpio_get_output: GPIO 145 value: 1
05-22 06:39:28.768   573   573 D spidev_ioctl: gpio status=1)
05-22 07:20:55.030   573   573 I SpiService: fgesysctrl_getGPIO_status success val=1
05-22 07:20:55.034  1658  2866 D AIN-HttpHealthPolicy: call() called start, host=www.163.com
05-22 06:39:28.774   573   573 D spi_rst_gpio_get_output: GPIO 145 value: 1
05-22 06:39:28.774   573   573 D spidev_ioctl: gpio status=1)
05-22 07:20:55.035   947 16825 D resolv  : GetAddrInfoHandler::run: {0 786432 0 983040 1000 0}
05-22 07:20:55.035   947 16825 D resolv  : resolv_getaddrinfo: explore_fqdn(): ai_family=0 ai_socktype=1 ai_protocol=6
05-22 07:20:55.036   573   573 I SpiService: fgesysctrl_getGPIO_status success val=1
05-22 07:20:55.037  1658  2866 W AIN-HttpHealthPolicy: call() called error, host=www.163.com, err_msg=Unable to resolve host "www.163.com": No address associated with hostname
05-22 07:20:55.037  1658  2865 D AIN-PingWorker: updateHost: result=true,host=www.163.com,delay=-1
05-22 07:20:55.037  1658  2865 D AIN-NetCheckerOutputer: onWeak
05-22 07:20:55.037   544   544 D commservice260303: msg.id = 1028,0
05-22 07:20:55.037  1658  2865 D AIN-AiKeys: setBoolean with: key = net.is.online, value = false, listener = null
05-22 07:20:55.037   544   544 D commservice260303: i = 170, msgid = 8A000404
05-22 07:20:55.037   544   544 D commservice260303: msgid = -1979710460,did=138
05-22 06:39:28.779   573   573 D spi_rst_gpio_get_output: GPIO 145 value: 1
05-22 06:39:28.779   573   573 D spidev_ioctl: gpio status=1)
05-22 07:20:55.037   544   544 D commservice260303: CommProtocolLibCmdBaseI2C::dataproc {"command":{"id":"imu_status","sub":""},"content":{"TimeStamp":1779405655036,"FrameCounter":22463,"GD_X":-0.010001938790082932,"GD_Y":0.007101069670170546,"GD_Z":0.017485838383436203,"AD_X":-0.002743862569332123,"AD_Y":0.0025271624326705933,"AD_Z":-0.32906532287597656,"TempDsp":0,"Status":0,"CalibState":1,"SigAmpInvalid":0}},-1979710460
05-22 07:20:55.038   544   544 D commservice260303: send2Cluster len:326, 7B22636F6D6D616E64223A7B226964223A22696D755F737461747573222C22737562223A22227D2C22636F6E74656E74223A7B2254696D655374616D70223A313737393430353635353033362C224672616D65436F756E746572223A32323436332C2247445F58223A2D302E3031303030313933383739303038323933322C2247445F59223A302E3030373130313036393637303137303534362C2247445F5A223A302E3031373438353833383338333433363230332C2241445F58223A2D302E3030323734333836323536393333323132332C2241445F59223A302E303032353237313632343332363730353933332C2241445F5A223A2D302E33323930363533323238373539373635362C2254656D70447370223A302C22537461747573223A302C2243616C69625374617465223A312C22536967416D70496E76616C6964223A307D7D, 138 
05-22 07:20:55.038   544   544 D commservice260303: Push Message into SendPool fn=-1722220544
05-22 07:20:55.038   544   544 D commservice260303: ComProtocolLibSend2Cluster::send2ClusterRaw fn=-1722220544 , len=342
05-22 07:20:55.038   544   544 D commservice260303: sendCmdToPort :342!!!
05-22 07:20:55.038   544   544 D commservice260303: send Cmd To Port ++++5AA501528A01000059996A0F93577B22636F6D6D616E64223A7B226964223A22696D755F737461747573222C22737562223A22227D2C22636F6E74656E74223A7B2254696D655374616D70223A313737393430353635353033362C224672616D65436F756E746572223A32323436332C2247445F58223A2D302E3031303030313933383739303038323933322C2247445F59223A302E3030373130313036393637303137303534362C2247445F5A223A302E3031373438353833383338333433363230332C2241445F58223A2D302E3030323734333836323536393333323132332C2241445F59223A302E303032353237313632343332363730353933332C2241445F5A223A2D302E33323930363533323238373539373635362C2254656D70447370223A302C22537461747573223A302C2243616C69625374617465223A312C22536967416D70496E76616C6964223A307D7DFBF5
05-22 07:20:55.038  1658  2865 D AIN-ServiceHub: getService with: name = service_tracker
05-22 07:20:55.038   544   544 D commservice260303: bufferevent_write retrun value = 0
05-22 07:20:55.038  2981  3177 I SentryImuMcuAngleSender: 179.91034rollDeg
05-22 07:20:55.038   544   567 D commservice260303: client datas send succeed,send finish
05-22 07:20:55.038  2981  3177 I SentryImuMcuAngleSender: 1,0,0
05-22 07:20:55.038  2981  3178 D Sentinelmode_1.2.5.13_alpha: <SentryImuClusterFgeSender>imu_status sent to Linux, frame=22463, tsNs=940016, tsMs=1779405655036, intervalMs=41, ad=(-0.0027438626,0.0025271624,-0.32906532), gd=(-0.010001939,0.0071010697,0.017485838)
05-22 07:20:55.041   573   573 I SpiService: fgesysctrl_getGPIO_status success val=1
05-22 06:39:28.784   573   573 D spi_rst_gpio_get_output: GPIO 145 value: 1
05-22 06:39:28.785   573   573 D spidev_ioctl: gpio status=1)
05-22 07:20:55.042  1517  1517 E sysUI_NavBarFragment: [main] - SysUIConfig.icCarServiceConnected：false
05-22 07:20:55.046   573   573 I SpiService: fgesysctrl_getGPIO_status success val=0
05-22 07:20:55.049   824   824 D SurfaceFlinger: unisoc-graphics, commit has frameMissed:2, vysncId:436377
05-22 06:39:28.790   573   573 D spi_rst_gpio_get_output: GPIO 145 value: 0
05-22 06:39:28.790   573   573 D spidev_ioctl: gpio status=0)
05-22 07:20:55.050   964  1804 D [OMXB]  : usingANWBuffer: handle:0xebd44c60, format:1, w:1920, h:1080
05-22 07:20:55.051   291  1491 D EvsDriver: forwardFrame
05-22 07:20:55.054  1137  1150 D evsmanagerd: /dev/video4 forwarded the buffer #0 to 0xb4000071fa019690 from 0xb4000071fa01b7d0
05-22 07:20:55.054   291  1491 D EvsDriver: Delivered 0xb400007b2f47ca30 as id 0
05-22 07:20:55.057   291  1135 D EvsDriver: doneWithFrame
05-22 07:20:55.058  2981  3177 I SentryImuMcuAngleSender: 179.91379rollDeg
05-22 07:20:55.058  2981  3177 I SentryImuMcuAngleSender: 1,0,0
05-22 07:20:55.060   573   573 I SpiService: fgesysctrl_getGPIO_status success val=1
05-22 06:39:28.804   573   573 D spi_rst_gpio_get_output: GPIO 145 value: 1
05-22 06:39:28.804   573   573 D spidev_ioctl: gpio status=1)
05-22 07:20:55.062   486   580 I mcuc    : rev,n=1,6AA681125F000A89002E01040901123456A2
05-22 07:20:55.062   486   580 I mcuc    : rev,n=2,6AA6820A360002090132
05-22 07:20:55.062  1091  1116 I tboxmids_ap: [2026-05-22 07:20:55.062] [MCU RX] src=MCU dst=ZMQ len=10 type=BINARY data=00 08 2E 01 04 09 01 12 34 56 
05-22 07:20:55.062   344   361 D automotive.vehicle@2.0-adayo-datacomm-mcu: MCUDatacomm sendMessageFromVehicle prop: 0x89, areaId: 0x0, status: 0x2e, timestamp: 0x1
05-22 07:20:55.062   344   361 D automotive.vehicle@2.0-adayo-datacomm-mcu: MCUDatacomm 1sendMessageFromVehicle ---> type = 12 
05-22 07:20:55.063   477  1275 I dvr_service_: [EncoderHandler::runMediaThread] runMediaThread started:1,state:0, cam2:started:1,state:0, lastSwitch:1, mIsMuxerStart:0,format:0,is_str_ing:0
05-22 07:20:55.063  1026  1026 I MyAppLog: [2026-05-22 07:20:55.062 I tboxap mcuCommTboxmidsRecvCb:96] [Mcu] [mcuCommTboxmidsRecvCb] recv from tboxmids, size:10
05-22 07:20:55.063  1026  1026 I MyAppLog: [2026-05-22 07:20:55.062 I tboxap mcuCommTboxmidsRecvCb:97] [Mcu] [tboxmids -> tboxap]: :00 08 2E 01 04 09 01 12 34 56
05-22 07:20:55.063  1026  1026 I MyAppLog: [2026-05-22 07:20:55.062 I tboxap mcuPtlParseData:969] [Mcu] [Mcu  Parse]: (cmd):0901 (param):0901123456
05-22 07:20:55.063  1026  1026 D MyAppLog: [2026-05-22 07:20:55.063 D tboxap mcuCommCbHandel:1009] [Mcu] [Mcu  Rev]: (cmd):0901 (param value):123456
05-22 07:20:55.064  1026  1026 W MyAppLog: [2026-05-22 07:20:55.063 W tboxap mcuParamDataRevPack:897] [Mcu] mcuParamDataRevPack start pack data!!!
05-22 07:20:55.064  1026  1026 W MyAppLog: [2026-05-22 07:20:55.063 W tboxap mcuSaveQueryData:204] [Mcu] [mcuSaveQueryData] unknown query item:0x56
05-22 07:20:55.064  1026  1026 W MyAppLog: [2026-05-22 07:20:55.063 W tboxap mcuHandleQueryInd:1037] [Mcu] [mcuHandleQueryInd] unknown query item:0x56
05-22 07:20:55.064  1026  1026 W MyAppLog: [2026-05-22 07:20:55.063 W tboxap mcuHandleQueryInd:1037] [Mcu] [mcuHandleQueryInd] unknown query item:0x56
05-22 07:20:55.064  1026  1026 W MyAppLog: [2026-05-22 07:20:55.063 W tboxap mcuHandleQueryInd:1037] [Mcu] [mcuHandleQueryInd] unknown query item:0x56
05-22 07:20:55.064  1026  1026 W MyAppLog: [2026-05-22 07:20:55.063 W tboxap mcuHandleQueryInd:1037] [Mcu] [mcuHandleQueryInd] unknown query item:0x56
05-22 07:20:55.064  1026  1026 W MyAppLog: [2026-05-22 07:20:55.063 W tboxap mcuHandleQueryInd:1037] [Mcu] [mcuHandleQueryInd] unknown query item:0x56
05-22 07:20:55.064  1026  1026 W MyAppLog: [2026-05-22 07:20:55.063 W tboxap mcuHandleQueryInd:1037] [Mcu] [mcuHandleQueryInd] unknown query item:0x56
05-22 07:20:55.065  1026  1026 W MyAppLog: [2026-05-22 07:20:55.063 W tboxap mcuHandleQueryInd:1037] [Mcu] [mcuHandleQueryInd] unknown query item:0x56
05-22 07:20:55.065  1026  1026 W MyAppLog: [2026-05-22 07:20:55.063 W tboxap mcuHandleQueryInd:1037] [Mcu] [mcuHandleQueryInd] unknown query item:0x56
05-22 07:20:55.065  1026  1026 W MyAppLog: [2026-05-22 07:20:55.063 W tboxap mcuHandleQueryInd:1037] [Mcu] [mcuHandleQueryInd] unknown query item:0x56
05-22 07:20:55.065  1026  1026 W MyAppLog: [2026-05-22 07:20:55.063 W tboxap mcuHandleQueryInd:1037] [Mcu] [mcuHandleQueryInd] unknown query item:0x56
05-22 07:20:55.065  1026  1026 W MyAppLog: [2026-05-22 07:20:55.063 W tboxap mcuHandleQueryInd:1037] [Mcu] [mcuHandleQueryInd] unknown query item:0x56
05-22 07:20:55.065  1026  1026 W MyAppLog: [2026-05-22 07:20:55.063 W tboxap mcuHandleQueryInd:1037] [Mcu] [mcuHandleQueryInd] unknown query item:0x56
05-22 07:20:55.065  1026  1026 W MyAppLog: [2026-05-22 07:20:55.063 W tboxap mcuHandleQueryInd:1037] [Mcu] [mcuHandleQueryInd] unknown query item:0x56
05-22 07:20:55.066  1026  1026 W MyAppLog: [2026-05-22 07:20:55.063 W tboxap mcuHandleQueryInd:1037] [Mcu] [mcuHandleQueryInd] unknown query item:0x56
05-22 07:20:55.066  1026  1026 W MyAppLog: [2026-05-22 07:20:55.063 W tboxap mcuHandleQueryInd:1037] [Mcu] [mcuHandleQueryInd] unknown query item:0x56
05-22 07:20:55.066   573   573 I SpiService: fgesysctrl_getGPIO_status success val=1
05-22 07:20:55.066   824   824 D SurfaceFlinger: unisoc-graphics, commit has frameMissed:2, vysncId:436385
05-22 07:20:55.066  1026  1026 W MyAppLog: [2026-05-22 07:20:55.063 W tboxap mcuHandleQueryInd:1037] [Mcu] [mcuHandleQueryInd] unknown query item:0x56
05-22 07:20:55.066  1026  1026 W MyAppLog: [2026-05-22 07:20:55.063 W tboxap mcuHandleQueryInd:1037] [Mcu] [mcuHandleQueryInd] unknown query item:0x56
05-22 07:20:55.067  1026  1026 W MyAppLog: [2026-05-22 07:20:55.063 W tboxap mcuHandleQueryInd:1037] [Mcu] [mcuHandleQueryInd] unknown query item:0x56
05-22 07:20:55.067  1026  1026 W MyAppLog: [2026-05-22 07:20:55.063 W tboxap mcuHandleQueryInd:1037] [Mcu] [mcuHandleQueryInd] unknown query item:0x56
05-22 07:20:55.067  1026  1026 W MyAppLog: [2026-05-22 07:20:55.063 W tboxap mcuHandleQueryInd:1037] [Mcu] [mcuHandleQueryInd] unknown query item:0x56
05-22 07:20:55.067  1026  1026 W MyAppLog: [2026-05-22 07:20:55.063 W tboxap mcuHandleQueryInd:1037] [Mcu] [mcuHandleQueryInd] unknown query item:0x56
05-22 07:20:55.067  1026  1026 W MyAppLog: [2026-05-22 07:20:55.063 W tboxap mcuHandleQueryInd:1037] [Mcu] [mcuHandleQueryInd] unknown query item:0x56
05-22 07:20:55.067  1026  1026 W MyAppLog: [2026-05-22 07:20:55.063 W tboxap mcuHandleQueryInd:1037] [Mcu] [mcuHandleQueryInd] unknown query item:0x56
05-22 07:20:55.067  1026  1026 W MyAppLog: [2026-05-22 07:20:55.063 W tboxap mcuHandleQueryInd:1037] [Mcu] [mcuHandleQueryInd] unknown query item:0x56
05-22 07:20:55.068  1026  1026 W MyAppLog: [2026-05-22 07:20:55.063 W tboxap mcuHandleQueryInd:1037] [Mcu] [mcuHandleQueryInd] unknown query item:0x56
05-22 07:20:55.068  1026  1026 W MyAppLog: [2026-05-22 07:20:55.063 W tboxap mcuHandleQueryInd:1037] [Mcu] [mcuHandleQueryInd] unknown query item:0x56
05-22 07:20:55.068  1026  1026 W MyAppLog: [2026-05-22 07:20:55.063 W tboxap mcuHandleQueryInd:1037] [Mcu] [mcuHandleQueryInd] unknown query item:0x56
05-22 07:20:55.068  1026  1026 W MyAppLog: [2026-05-22 07:20:55.063 W tboxap mcuHandleQueryInd:1037] [Mcu] [mcuHandleQueryInd] unknown query item:0x56
05-22 07:20:55.068  1026  1026 W MyAppLog: [2026-05-22 07:20:55.063 W tboxap mcuHandleQueryInd:1037] [Mcu] [mcuHandleQueryInd] unknown query item:0x56
05-22 07:20:55.068  1026  1026 W MyAppLog: [2026-05-22 07:20:55.063 W tboxap mcuHandleQueryInd:1037] [Mcu] [mcuHandleQueryInd] unknown query item:0x56
05-22 07:20:55.068  1026  1026 W MyAppLog: [2026-05-22 07:20:55.063 W tboxap mcuHandleQueryInd:1037] [Mcu] [mcuHandleQueryInd] unknown query item:0x56
05-22 07:20:55.068  1026  1026 W MyAppLog: [2026-05-22 07:20:55.063 W tboxap mcuHandleQueryInd:1037] [Mcu] [mcuHandleQueryInd] unknown query item:0x56
05-22 07:20:55.069  1026  1026 W MyAppLog: [2026-05-22 07:20:55.063 W tboxap mcuHandleQueryInd:1037] [Mcu] [mcuHandleQueryInd] unknown query item:0x56
05-22 07:20:55.069  1026  1026 W MyAppLog: [2026-05-22 07:20:55.063 W tboxap mcuHandleQueryInd:1037] [Mcu] [mcuHandleQueryInd] unknown query item:0x56
05-22 07:20:55.069  1026  1026 W MyAppLog: [2026-05-22 07:20:55.063 W tboxap mcuHandleQueryInd:1037] [Mcu] [mcuHandleQueryInd] unknown query item:0x56
05-22 07:20:55.069  1026  1026 W MyAppLog: [2026-05-22 07:20:55.063 W tboxap mcuHandleQueryInd:1037] [Mcu] [mcuHandleQueryInd] unknown query item:0x56
05-22 07:20:55.069  1026  1026 W MyAppLog: [2026-05-22 07:20:55.063 W tboxap mcuHandleQueryInd:1037] [Mcu] [mcuHandleQueryInd] unknown query item:0x56
05-22 07:20:55.069  1026  1026 W MyAppLog: [2026-05-22 07:20:55.063 W tboxap mcuHandleQueryInd:1037] [Mcu] [mcuHandleQueryInd] unknown query item:0x56
05-22 06:39:28.809   573   573 D spi_rst_gpio_get_output: GPIO 145 value: 1
05-22 06:39:28.809   573   573 D spidev_ioctl: gpio status=1)
05-22 07:20:55.071  1026  1026 W MyAppLog: [2026-05-22 07:20:55.063 W tboxap mcuHandleQueryInd:1037] [Mcu] [mcuHandleQueryInd] unknown query item:0x56
05-22 07:20:55.071   573   573 I SpiService: fgesysctrl_getGPIO_status success val=1
05-22 07:20:55.071  1026  1026 W MyAppLog: [2026-05-22 07:20:55.063 W tboxap mcuHandleQueryInd:1037] [Mcu] [mcuHandleQueryInd] unknown query item:0x56
05-22 07:20:55.071  1026  1026 W MyAppLog: [2026-05-22 07:20:55.063 W tboxap mcuHandleQueryInd:1037] [Mcu] [mcuHandleQueryInd] unknown query item:0x56
05-22 07:20:55.071  1026  1026 W MyAppLog: [2026-05-22 07:20:55.063 W tboxap mcuHandleQueryInd:1037] [Mcu] [mcuHandleQueryInd] unknown query item:0x56
05-22 07:20:55.072  1026  1026 W MyAppLog: [2026-05-22 07:20:55.063 W tboxap mcuHandleQueryInd:1037] [Mcu] [mcuHandleQueryInd] unknown query item:0x56
05-22 07:20:55.072  1026  1026 W MyAppLog: [2026-05-22 07:20:55.063 W tboxap mcuHandleQueryInd:1037] [Mcu] [mcuHandleQueryInd] unknown query item:0x56
05-22 07:20:55.072  1026  1026 W MyAppLog: [2026-05-22 07:20:55.063 W tboxap mcuHandleQueryInd:1037] [Mcu] [mcuHandleQueryInd] unknown query item:0x56
05-22 07:20:55.072  1026  1026 W MyAppLog: [2026-05-22 07:20:55.063 W tboxap mcuHandleQueryInd:1037] [Mcu] [mcuHandleQueryInd] unknown query item:0x56
05-22 07:20:55.072  1026  1026 W MyAppLog: [2026-05-22 07:20:55.063 W tboxap mcuHandleQueryInd:1037] [Mcu] [mcuHandleQueryInd] unknown query item:0x56
05-22 07:20:55.073  1026  1026 W MyAppLog: [2026-05-22 07:20:55.063 W tboxap mcuHandleQueryInd:1037] [Mcu] [mcuHandleQueryInd] unknown query item:0x56
05-22 07:20:55.073  1026  1026 W MyAppLog: [2026-05-22 07:20:55.063 W tboxap mcuHandleQueryInd:1037] [Mcu] [mcuHandleQueryInd] unknown query item:0x56
05-22 07:20:55.073  1026  1026 W MyAppLog: [2026-05-22 07:20:55.063 W tboxap mcuHandleQueryInd:1037] [Mcu] [mcuHandleQueryInd] unknown query item:0x56
05-22 07:20:55.073  1026  1026 W MyAppLog: [2026-05-22 07:20:55.063 W tboxap mcuHandleQueryInd:1037] [Mcu] [mcuHandleQueryInd] unknown query item:0x56
05-22 07:20:55.073  1026  1026 W MyAppLog: [2026-05-22 07:20:55.063 W tboxap mcuHandleQueryInd:1037] [Mcu] [mcuHandleQueryInd] unknown query item:0x56
05-22 06:39:28.814   573   573 D spi_rst_gpio_get_output: GPIO 145 value: 1
05-22 06:39:28.814   573   573 D spidev_ioctl: gpio status=1)
05-22 07:20:55.076   573   573 I SpiService: fgesysctrl_getGPIO_status success val=1
05-22 07:20:55.077   544   544 D commservice260303: msg.id = 1028,0
05-22 07:20:55.077   544   544 D commservice260303: i = 170, msgid = 8A000404
05-22 07:20:55.077   544   544 D commservice260303: msgid = -1979710460,did=138
05-22 07:20:55.077   544   544 D commservice260303: CommProtocolLibCmdBaseI2C::dataproc {"command":{"id":"imu_status","sub":""},"content":{"TimeStamp":1779405655077,"FrameCounter":22464,"GD_X":-0.00923888012766838,"GD_Y":0.007864127866923809,"GD_Z":0.018020030111074448,"AD_X":-0.005182333290576935,"AD_Y":0.0025249654427170753,"AD_Z":-0.32845497131347656,"TempDsp":0,"Status":0,"CalibState":1,"SigAmpInvalid":0}},-1979710460
05-22 07:20:55.077   544   544 D commservice260303: send2Cluster len:325, 7B22636F6D6D616E64223A7B226964223A22696D755F737461747573222C22737562223A22227D2C22636F6E74656E74223A7B2254696D655374616D70223A313737393430353635353037372C224672616D65436F756E746572223A32323436342C2247445F58223A2D302E30303932333838383031323736363833382C2247445F59223A302E3030373836343132373836363932333830392C2247445F5A223A302E3031383032303033303131313037343434382C2241445F58223A2D302E3030353138323333333239303537363933352C2241445F59223A302E303032353234393635343432373137303735332C2241445F5A223A2D302E33323834353439373133313334373635362C2254656D70447370223A302C22537461747573223A302C2243616C69625374617465223A312C22536967416D70496E76616C6964223A307D7D, 138 
05-22 07:20:55.077   544   544 D commservice260303: Push Message into SendPool fn=-1705443328
05-22 07:20:55.077   544   544 D commservice260303: ComProtocolLibSend2Cluster::send2ClusterRaw fn=-1705443328 , len=341
05-22 07:20:55.077   544   544 D commservice260303: sendCmdToPort :341!!!
05-22 07:20:55.077   544   544 D commservice260303: send Cmd To Port ++++5AA501518A010000599A6A0F93577B22636F6D6D616E64223A7B226964223A22696D755F737461747573222C22737562223A22227D2C22636F6E74656E74223A7B2254696D655374616D70223A313737393430353635353037372C224672616D65436F756E746572223A32323436342C2247445F58223A2D302E30303932333838383031323736363833382C2247445F59223A302E3030373836343132373836363932333830392C2247445F5A223A302E3031383032303033303131313037343434382C2241445F58223A2D302E3030353138323333333239303537363933352C2241445F59223A302E303032353234393635343432373137303735332C2241445F5A223A2D302E33323834353439373133313334373635362C2254656D70447370223A302C22537461747573223A302C2243616C69625374617465223A312C22536967416D70496E76616C6964223A307D7DA1FE
05-22 07:20:55.077   544   544 D commservice260303: bufferevent_write retrun value = 0
05-22 07:20:55.077   544   567 D commservice260303: client datas send succeed,send finish
05-22 07:20:55.078  2981  3178 D Sentinelmode_1.2.5.13_alpha: <SentryImuClusterFgeSender>imu_status sent to Linux, frame=22464, tsNs=940051, tsMs=1779405655077, intervalMs=39, ad=(-0.0051823333,0.0025249654,-0.32845497), gd=(-0.00923888,0.007864128,0.01802003)
05-22 06:39:28.820   573   573 D spi_rst_gpio_get_output: GPIO 145 value: 1
05-22 06:39:28.820   573   573 D spidev_ioctl: gpio status=1)
05-22 07:20:55.078  2981  3177 I SentryImuMcuAngleSender: 179.91034rollDeg
05-22 07:20:55.078  2981  3177 I SentryImuMcuAngleSender: 1,0,0
05-22 07:20:55.079   291  1491 D EvsDriver: forwardFrame
05-22 07:20:55.081   291  1491 D EvsDriver: Delivered 0xb400007b2f47ca30 as id 0
05-22 07:20:55.081  1137  1150 D evsmanagerd: /dev/video4 forwarded the buffer #0 to 0xb4000071fa019690 from 0xb4000071fa01b7d0
05-22 07:20:55.082   573   573 I SpiService: fgesysctrl_getGPIO_status success val=1
05-22 06:39:28.825   573   573 D spi_rst_gpio_get_output: GPIO 145 value: 1
05-22 06:39:28.825   573   573 D spidev_ioctl: gpio status=1)
05-22 07:20:55.083   824   824 D SurfaceFlinger: unisoc-graphics, commit has frameMissed:2, vysncId:436386
05-22 07:20:55.083   291  1135 D EvsDriver: doneWithFrame
05-22 07:20:55.087   573   573 I SpiService: fgesysctrl_getGPIO_status success val=0
05-22 07:20:55.087   486   579 I mcuc    : send SPI:6AA602125F0002890002
05-22 06:39:28.830   573   573 D spi_rst_gpio_get_output: GPIO 145 value: 0
05-22 06:39:28.830   573   573 D spidev_ioctl: gpio status=0)
05-22 07:20:55.098   276   300 I rvcservice: t.code = 2, t.value = 10137591
05-22 07:20:55.099  2981  3177 I SentryImuMcuAngleSender: 179.91032rollDeg
05-22 07:20:55.100  2981  3177 I SentryImuMcuAngleSender: 1,0,0
05-22 07:20:55.101   573   573 I SpiService: fgesysctrl_getGPIO_status success val=1
05-22 06:39:28.844   573   573 D spi_rst_gpio_get_output: GPIO 145 value: 1
05-22 06:39:28.845   573   573 D spidev_ioctl: gpio status=1)
05-22 07:20:55.107   573   573 I SpiService: fgesysctrl_getGPIO_status success val=1
05-22 06:39:28.850   573   573 D spi_rst_gpio_get_output: GPIO 145 value: 1
05-22 06:39:28.850   573   573 D spidev_ioctl: gpio status=1)
05-22 07:20:55.112   573   573 I SpiService: fgesysctrl_getGPIO_status success val=1
05-22 07:20:55.113   291  1491 D EvsDriver: forwardFrame
05-22 06:39:28.855   573   573 D spi_rst_gpio_get_output: GPIO 145 value: 1
05-22 06:39:28.855   573   573 D spidev_ioctl: gpio status=1)
05-22 07:20:55.115   291  1491 D EvsDriver: Delivered 0xb400007b2f47ca30 as id 0
05-22 07:20:55.115  1137  1150 D evsmanagerd: /dev/video4 forwarded the buffer #0 to 0xb4000071fa019690 from 0xb4000071fa01b7d0
05-22 07:20:55.116   291  1135 D EvsDriver: doneWithFrame
05-22 07:20:55.117   573   573 I SpiService: fgesysctrl_getGPIO_status success val=1
05-22 06:39:28.861   573   573 D spi_rst_gpio_get_output: GPIO 145 value: 1
05-22 06:39:28.861   573   573 D spidev_ioctl: gpio status=1)
05-22 07:20:55.118   544   544 D commservice260303: msg.id = 1028,0
05-22 07:20:55.119   544   544 D commservice260303: i = 170, msgid = 8A000404
05-22 07:20:55.119   544   544 D commservice260303: msgid = -1979710460,did=138
05-22 07:20:55.119   544   544 D commservice260303: CommProtocolLibCmdBaseI2C::dataproc {"command":{"id":"imu_status","sub":""},"content":{"TimeStamp":1779405655118,"FrameCounter":22465,"GD_X":-0.008704167790710926,"GD_Y":0.007482858840376139,"GD_Z":0.017867106944322586,"AD_X":-0.0039612725377082825,"AD_Y":0.003132249228656292,"AD_Z":-0.32662487030029297,"TempDsp":0,"Status":0,"CalibState":1,"SigAmpInvalid":0}},-1979710460
05-22 07:20:55.119   544   544 D commservice260303: send2Cluster len:326, 7B22636F6D6D616E64223A7B226964223A22696D755F737461747573222C22737562223A22227D2C22636F6E74656E74223A7B2254696D655374616D70223A313737393430353635353131382C224672616D65436F756E746572223A32323436352C2247445F58223A2D302E3030383730343136373739303731303932362C2247445F59223A302E3030373438323835383834303337363133392C2247445F5A223A302E3031373836373130363934343332323538362C2241445F58223A2D302E303033393631323732353337373038323832352C2241445F59223A302E3030333133323234393232383635363239322C2241445F5A223A2D302E33323636323438373033303032393239372C2254656D70447370223A302C22537461747573223A302C2243616C69625374617465223A312C22536967416D70496E76616C6964223A307D7D, 138 
05-22 07:20:55.119   544   544 D commservice260303: Push Message into SendPool fn=-1688666112
05-22 07:20:55.119   544   544 D commservice260303: ComProtocolLibSend2Cluster::send2ClusterRaw fn=-1688666112 , len=342
05-22 07:20:55.119   544   544 D commservice260303: sendCmdToPort :342!!!
05-22 07:20:55.119   544   544 D commservice260303: send Cmd To Port ++++5AA501528A010000599B6A0F93577B22636F6D6D616E64223A7B226964223A22696D755F737461747573222C22737562223A22227D2C22636F6E74656E74223A7B2254696D655374616D70223A313737393430353635353131382C224672616D65436F756E746572223A32323436352C2247445F58223A2D302E3030383730343136373739303731303932362C2247445F59223A302E3030373438323835383834303337363133392C2247445F5A223A302E3031373836373130363934343332323538362C2241445F58223A2D302E303033393631323732353337373038323832352C2241445F59223A302E3030333133323234393232383635363239322C2241445F5A223A2D302E33323636323438373033303032393239372C2254656D70447370223A302C22537461747573223A302C2243616C69625374617465223A312C22536967416D70496E76616C6964223A307D7DA1FD
05-22 07:20:55.119   544   544 D commservice260303: bufferevent_write retrun value = 0
05-22 07:20:55.119   544   567 D commservice260303: client datas send succeed,send finish
05-22 07:20:55.119  2981  3178 D Sentinelmode_1.2.5.13_alpha: <SentryImuClusterFgeSender>imu_status sent to Linux, frame=22465, tsNs=940088, tsMs=1779405655118, intervalMs=42, ad=(-0.0039612725,0.0031322492,-0.32662487), gd=(-0.008704168,0.007482859,0.017867107)
05-22 07:20:55.120  2981  3177 I SentryImuMcuAngleSender: 179.90688rollDeg
05-22 07:20:55.121  2981  3177 I SentryImuMcuAngleSender: 1,0,0
05-22 07:20:55.122   964  1804 D [OMXB]  : usingANWBuffer: handle:0xebd43660, format:1, w:1920, h:1080
05-22 07:20:55.123   573   573 I SpiService: fgesysctrl_getGPIO_status success val=1
05-22 07:20:55.124   565   565 I Sensors : 230 AccelSensor: x:-0.108580,y:0.015859,z:-10.132101
05-22 06:39:28.866   573   573 D spi_rst_gpio_get_output: GPIO 145 value: 1
05-22 06:39:28.866   573   573 D spidev_ioctl: gpio status=1)
05-22 07:20:55.128   573   573 I SpiService: fgesysctrl_getGPIO_status success val=0
05-22 06:39:28.871   573   573 D spi_rst_gpio_get_output: GPIO 145 value: 0
05-22 06:39:28.871   573   573 D spidev_ioctl: gpio status=0)
05-22 07:20:55.141  2981  3177 I SentryImuMcuAngleSender: 179.91032rollDeg
05-22 07:20:55.142   573   573 I SpiService: fgesysctrl_getGPIO_status success val=1
05-22 07:20:55.142  2981  3177 I SentryImuMcuAngleSender: 1,0,0
05-22 06:39:28.885   573   573 D spi_rst_gpio_get_output: GPIO 145 value: 1
05-22 06:39:28.885   573   573 D spidev_ioctl: gpio status=1)
05-22 07:20:55.148   573   573 I SpiService: fgesysctrl_getGPIO_status success val=1
05-22 07:20:55.148   291  1491 D EvsDriver: forwardFrame
05-22 06:39:28.891   573   573 D spi_rst_gpio_get_output: GPIO 145 value: 1
05-22 06:39:28.891   573   573 D spidev_ioctl: gpio status=1)
05-22 07:20:55.150   291  1491 D EvsDriver: Delivered 0xb400007b2f47ca30 as id 0
05-22 07:20:55.150  1137  1150 D evsmanagerd: /dev/video4 forwarded the buffer #0 to 0xb4000071fa019690 from 0xb4000071fa01b7d0
05-22 07:20:55.153   291  1135 D EvsDriver: doneWithFrame
05-22 07:20:55.154   573   573 I SpiService: fgesysctrl_getGPIO_status success val=1
05-22 06:39:28.897   573   573 D spi_rst_gpio_get_output: GPIO 145 value: 1
05-22 06:39:28.897   573   573 D spidev_ioctl: gpio status=1)
05-22 07:20:55.159   573   573 I SpiService: fgesysctrl_getGPIO_status success val=1
05-22 07:20:55.159   544   544 D commservice260303: msg.id = 1028,1
05-22 07:20:55.159   565   565 I Sensors : 230 GyroSensor: x:-0.008857,y:0.007788,z:0.017944
05-22 07:20:55.159   544   544 D commservice260303: i = 170, msgid = 8A000404
05-22 07:20:55.160   544   544 D commservice260303: msgid = -1979710460,did=138
05-22 07:20:55.160   544   544 D commservice260303: CommProtocolLibCmdBaseI2C::dataproc {"command":{"id":"imu_status","sub":""},"content":{"TimeStamp":1779405655159,"FrameCounter":22466,"GD_X":-0.009010015055537224,"GD_Y":0.00794111005961895,"GD_Z":0.01763824187219143,"AD_X":-0.0021322518587112427,"AD_Y":0.002519425004720688,"AD_Z":-0.3260164260864258,"TempDsp":0,"Status":0,"CalibState":1,"SigAmpInvalid":0}},-1979710460
