05-22 07:20:49.750   344   511 D automotive.vehicle@2.0-adayo-func-bcm: BCMFunc sendMessageFromVehicle_l id:557842507, area:0 not report! 
05-22 07:20:49.750   344   511 D automotive.vehicle@2.0-adayo-func-bcm: BCMFunc sendMessageFromVehicle_l dataType: 12,mByte=35,propid=0x21400077
05-22 07:20:49.750  1091  1116 I tboxmids_ap: [2026-05-22 07:20:49.750] [MCU RX] src=MCU dst=ZMQ len=10 type=BINARY data=00 08 22 01 04 09 01 12 34 56 
05-22 07:20:49.750   344   511 D automotive.vehicle@2.0-adayo-func-bcm: BCMFunc sendMessageFromVehicle_l msgBuff[35]=0x40,start:0,len:6,temp:6,
05-22 07:20:49.750   344   511 D automotive.vehicle@2.0-adayo-func-bcm: BCMFunc sendMessageFromVehicle_l prop: 0x21400077 ,areaId: 0x0  SPLITE_BIT_DATA_INTEGER : 0
05-22 07:20:49.750   344   511 D automotive.vehicle@2.0-adayo-func-bcm: BCMFunc sendMessageFromVehicle_l id:557842551, area:0 not report! 
05-22 07:20:49.750  1137  1150 D evsmanagerd: /dev/video4 forwarded the buffer #0 to 0xb4000071fa019690 from 0xb4000071fa01b7d0
05-22 07:20:49.750   344   511 D automotive.vehicle@2.0-adayo-func-bcm: BCMFunc sendMessageFromVehicle_l dataType: 12,mByte=35,propid=0x21400078
05-22 07:20:49.750   344   511 D automotive.vehicle@2.0-adayo-func-bcm: BCMFunc sendMessageFromVehicle_l msgBuff[35]=0x40,start:6,len:2,temp:2,
05-22 07:20:49.750   344   511 D automotive.vehicle@2.0-adayo-func-bcm: BCMFunc sendMessageFromVehicle_l prop: 0x21400078 ,areaId: 0x0  SPLITE_BIT_DATA_INTEGER : 1
05-22 07:20:49.750   344   511 D automotive.vehicle@2.0-adayo-func-bcm: BCMFunc sendMessageFromVehicle_l id:557842552, area:0 not report! 
05-22 07:20:49.750   344   511 D automotive.vehicle@2.0-adayo-func-bcm: BCMFunc sendMessageFromVehicle_l dataType: 12,mByte=37,propid=0x2140004c
05-22 07:20:49.750   344   511 D automotive.vehicle@2.0-adayo-func-bcm: BCMFunc sendMessageFromVehicle_l msgBuff[37]=0x0,start:0,len:16,temp:8,
05-22 07:20:49.750   344   511 D automotive.vehicle@2.0-adayo-func-bcm: BCMFunc sendMessageFromVehicle_l msgBuff[36]=0x0,start:0,len:8,temp:8,
05-22 07:20:49.750   344   511 D automotive.vehicle@2.0-adayo-func-bcm: BCMFunc sendMessageFromVehicle_l prop: 0x2140004c ,areaId: 0x0  SPLITE_BIT_DATA_INTEGER : 0
05-22 07:20:49.750   344   511 D automotive.vehicle@2.0-adayo-func-bcm: BCMFunc sendMessageFromVehicle_l id:557842508, area:0 not report! 
05-22 07:20:49.750   344   511 D automotive.vehicle@2.0-adayo-func-bcm: BCMFunc sendMessageFromVehicle_l dataType: 12,mByte=38,propid=0x2140009b
05-22 07:20:49.750   344   511 D automotive.vehicle@2.0-adayo-func-bcm: BCMFunc sendMessageFromVehicle_l msgBuff[38]=0x0,start:0,len:8,temp:8,
05-22 07:20:49.750   344   511 D automotive.vehicle@2.0-adayo-func-bcm: BCMFunc sendMessageFromVehicle_l prop: 0x2140009b ,areaId: 0x0  SPLITE_BIT_DATA_INTEGER : 0
05-22 07:20:49.750   344   511 D automotive.vehicle@2.0-adayo-func-bcm: BCMFunc sendMessageFromVehicle_l id:557842587, area:0 not report! 
05-22 07:20:49.750   344   511 D automotive.vehicle@2.0-adayo-func-bcm: BCMFunc sendMessageFromVehicle_l dataType: 12,mByte=39,propid=0x2140009c
05-22 07:20:49.752  1026  1026 I MyAppLog: [2026-05-22 07:20:49.750 I tboxap mcuCommTboxmidsRecvCb:96] [Mcu] [mcuCommTboxmidsRecvCb] recv from tboxmids, size:10
05-22 07:20:49.752  1026  1026 I MyAppLog: [2026-05-22 07:20:49.750 I tboxap mcuCommTboxmidsRecvCb:97] [Mcu] [tboxmids -> tboxap]: :00 08 22 01 04 09 01 12 34 56
05-22 07:20:49.752  1026  1026 I MyAppLog: [2026-05-22 07:20:49.750 I tboxap mcuPtlParseData:969] [Mcu] [Mcu  Parse]: (cmd):0901 (param):0901123456
05-22 07:20:49.752  1026  1026 D MyAppLog: [2026-05-22 07:20:49.750 D tboxap mcuCommCbHandel:1009] [Mcu] [Mcu  Rev]: (cmd):0901 (param value):123456
05-22 07:20:49.752  1026  1026 W MyAppLog: [2026-05-22 07:20:49.751 W tboxap mcuParamDataRevPack:897] [Mcu] mcuParamDataRevPack start pack data!!!
05-22 07:20:49.752  1026  1026 W MyAppLog: [2026-05-22 07:20:49.751 W tboxap mcuSaveQueryData:204] [Mcu] [mcuSaveQueryData] unknown query item:0x56
05-22 07:20:49.752  1026  1026 W MyAppLog: [2026-05-22 07:20:49.751 W tboxap mcuHandleQueryInd:1037] [Mcu] [mcuHandleQueryInd] unknown query item:0x56
05-22 07:20:49.752  1026  1026 W MyAppLog: [2026-05-22 07:20:49.751 W tboxap mcuHandleQueryInd:1037] [Mcu] [mcuHandleQueryInd] unknown query item:0x56
05-22 07:20:49.752  1026  1026 W MyAppLog: [2026-05-22 07:20:49.751 W tboxap mcuHandleQueryInd:1037] [Mcu] [mcuHandleQueryInd] unknown query item:0x56
05-22 07:20:49.752  1026  1026 W MyAppLog: [2026-05-22 07:20:49.751 W tboxap mcuHandleQueryInd:1037] [Mcu] [mcuHandleQueryInd] unknown query item:0x56
05-22 07:20:49.752  1026  1026 W MyAppLog: [2026-05-22 07:20:49.751 W tboxap mcuHandleQueryInd:1037] [Mcu] [mcuHandleQueryInd] unknown query item:0x56
05-22 07:20:49.752  1026  1026 W MyAppLog: [2026-05-22 07:20:49.751 W tboxap mcuHandleQueryInd:1037] [Mcu] [mcuHandleQueryInd] unknown query item:0x56
05-22 07:20:49.752  1026  1026 W MyAppLog: [2026-05-22 07:20:49.751 W tboxap mcuHandleQueryInd:1037] [Mcu] [mcuHandleQueryInd] unknown query item:0x56
05-22 07:20:49.753  1026  1026 W MyAppLog: [2026-05-22 07:20:49.751 W tboxap mcuHandleQueryInd:1037] [Mcu] [mcuHandleQueryInd] unknown query item:0x56
05-22 07:20:49.753  1026  1026 W MyAppLog: [2026-05-22 07:20:49.751 W tboxap mcuHandleQueryInd:1037] [Mcu] [mcuHandleQueryInd] unknown query item:0x56
05-22 07:20:49.753  1026  1026 W MyAppLog: [2026-05-22 07:20:49.751 W tboxap mcuHandleQueryInd:1037] [Mcu] [mcuHandleQueryInd] unknown query item:0x56
05-22 07:20:49.753  1026  1026 W MyAppLog: [2026-05-22 07:20:49.751 W tboxap mcuHandleQueryInd:1037] [Mcu] [mcuHandleQueryInd] unknown query item:0x56
05-22 07:20:49.753  1026  1026 W MyAppLog: [2026-05-22 07:20:49.751 W tboxap mcuHandleQueryInd:1037] [Mcu] [mcuHandleQueryInd] unknown query item:0x56
05-22 07:20:49.753  1026  1026 W MyAppLog: [2026-05-22 07:20:49.751 W tboxap mcuHandleQueryInd:1037] [Mcu] [mcuHandleQueryInd] unknown query item:0x56
05-22 07:20:49.753  1026  1026 W MyAppLog: [2026-05-22 07:20:49.751 W tboxap mcuHandleQueryInd:1037] [Mcu] [mcuHandleQueryInd] unknown query item:0x56
05-22 07:20:49.753  1026  1026 W MyAppLog: [2026-05-22 07:20:49.751 W tboxap mcuHandleQueryInd:1037] [Mcu] [mcuHandleQueryInd] unknown query item:0x56
05-22 07:20:49.753  1026  1026 W MyAppLog: [2026-05-22 07:20:49.751 W tboxap mcuHandleQueryInd:1037] [Mcu] [mcuHandleQueryInd] unknown query item:0x56
05-22 07:20:49.753  1026  1026 W MyAppLog: [2026-05-22 07:20:49.751 W tboxap mcuHandleQueryInd:1037] [Mcu] [mcuHandleQueryInd] unknown query item:0x56
05-22 07:20:49.753  1026  1026 W MyAppLog: [2026-05-22 07:20:49.751 W tboxap mcuHandleQueryInd:1037] [Mcu] [mcuHandleQueryInd] unknown query item:0x56
05-22 07:20:49.753  1026  1026 W MyAppLog: [2026-05-22 07:20:49.751 W tboxap mcuHandleQueryInd:1037] [Mcu] [mcuHandleQueryInd] unknown query item:0x56
05-22 07:20:49.753  1026  1026 W MyAppLog: [2026-05-22 07:20:49.751 W tboxap mcuHandleQueryInd:1037] [Mcu] [mcuHandleQueryInd] unknown query item:0x56
05-22 07:20:49.754  1026  1026 W MyAppLog: [2026-05-22 07:20:49.751 W tboxap mcuHandleQueryInd:1037] [Mcu] [mcuHandleQueryInd] unknown query item:0x56
05-22 07:20:49.754  1026  1026 W MyAppLog: [2026-05-22 07:20:49.751 W tboxap mcuHandleQueryInd:1037] [Mcu] [mcuHandleQueryInd] unknown query item:0x56
05-22 07:20:49.754  1026  1026 W MyAppLog: [2026-05-22 07:20:49.751 W tboxap mcuHandleQueryInd:1037] [Mcu] [mcuHandleQueryInd] unknown query item:0x56
05-22 07:20:49.754  1026  1026 W MyAppLog: [2026-05-22 07:20:49.751 W tboxap mcuHandleQueryInd:1037] [Mcu] [mcuHandleQueryInd] unknown query item:0x56
05-22 07:20:49.754  1026  1026 W MyAppLog: [2026-05-22 07:20:49.751 W tboxap mcuHandleQueryInd:1037] [Mcu] [mcuHandleQueryInd] unknown query item:0x56
05-22 07:20:49.754  1026  1026 W MyAppLog: [2026-05-22 07:20:49.751 W tboxap mcuHandleQueryInd:1037] [Mcu] [mcuHandleQueryInd] unknown query item:0x56
05-22 07:20:49.754   573   573 I SpiService: fgesysctrl_getGPIO_status success val=1
05-22 07:20:49.754  1026  1026 W MyAppLog: [2026-05-22 07:20:49.751 W tboxap mcuHandleQueryInd:1037] [Mcu] [mcuHandleQueryInd] unknown query item:0x56
05-22 07:20:49.754  1026  1026 W MyAppLog: [2026-05-22 07:20:49.751 W tboxap mcuHandleQueryInd:1037] [Mcu] [mcuHandleQueryInd] unknown query item:0x56
05-22 07:20:49.754  1026  1026 W MyAppLog: [2026-05-22 07:20:49.751 W tboxap mcuHandleQueryInd:1037] [Mcu] [mcuHandleQueryInd] unknown query item:0x56
05-22 07:20:49.754  1026  1026 W MyAppLog: [2026-05-22 07:20:49.751 W tboxap mcuHandleQueryInd:1037] [Mcu] [mcuHandleQueryInd] unknown query item:0x56
05-22 07:20:49.754   291  1135 D EvsDriver: doneWithFrame
05-22 07:20:49.754  1026  1026 W MyAppLog: [2026-05-22 07:20:49.751 W tboxap mcuHandleQueryInd:1037] [Mcu] [mcuHandleQueryInd] unknown query item:0x56
05-22 07:20:49.754  1026  1026 W MyAppLog: [2026-05-22 07:20:49.751 W tboxap mcuHandleQueryInd:1037] [Mcu] [mcuHandleQueryInd] unknown query item:0x56
05-22 07:20:49.755  1026  1026 W MyAppLog: [2026-05-22 07:20:49.751 W tboxap mcuHandleQueryInd:1037] [Mcu] [mcuHandleQueryInd] unknown query item:0x56
05-22 07:20:49.755  1026  1026 W MyAppLog: [2026-05-22 07:20:49.751 W tboxap mcuHandleQueryInd:1037] [Mcu] [mcuHandleQueryInd] unknown query item:0x56
05-22 07:20:49.755  1026  1026 W MyAppLog: [2026-05-22 07:20:49.751 W tboxap mcuHandleQueryInd:1037] [Mcu] [mcuHandleQueryInd] unknown query item:0x56
05-22 07:20:49.755  1026  1026 W MyAppLog: [2026-05-22 07:20:49.751 W tboxap mcuHandleQueryInd:1037] [Mcu] [mcuHandleQueryInd] unknown query item:0x56
05-22 07:20:49.755  1026  1026 W MyAppLog: [2026-05-22 07:20:49.751 W tboxap mcuHandleQueryInd:1037] [Mcu] [mcuHandleQueryInd] unknown query item:0x56
05-22 07:20:49.755  1026  1026 W MyAppLog: [2026-05-22 07:20:49.751 W tboxap mcuHandleQueryInd:1037] [Mcu] [mcuHandleQueryInd] unknown query item:0x56
05-22 07:20:49.755  1026  1026 W MyAppLog: [2026-05-22 07:20:49.751 W tboxap mcuHandleQueryInd:1037] [Mcu] [mcuHandleQueryInd] unknown query item:0x56
05-22 07:20:49.755  1026  1026 W MyAppLog: [2026-05-22 07:20:49.751 W tboxap mcuHandleQueryInd:1037] [Mcu] [mcuHandleQueryInd] unknown query item:0x56
05-22 07:20:49.755  1026  1026 W MyAppLog: [2026-05-22 07:20:49.751 W tboxap mcuHandleQueryInd:1037] [Mcu] [mcuHandleQueryInd] unknown query item:0x56
05-22 07:20:49.755  1026  1026 W MyAppLog: [2026-05-22 07:20:49.751 W tboxap mcuHandleQueryInd:1037] [Mcu] [mcuHandleQueryInd] unknown query item:0x56
05-22 06:39:23.503   573   573 D spi_rst_gpio_get_output: GPIO 145 value: 1
05-22 06:39:23.503   573   573 D spidev_ioctl: gpio status=1)
05-22 07:20:49.755  1026  1026 W MyAppLog: [2026-05-22 07:20:49.751 W tboxap mcuHandleQueryInd:1037] [Mcu] [mcuHandleQueryInd] unknown query item:0x56
05-22 07:20:49.755  1026  1026 W MyAppLog: [2026-05-22 07:20:49.751 W tboxap mcuHandleQueryInd:1037] [Mcu] [mcuHandleQueryInd] unknown query item:0x56
05-22 07:20:49.755  1026  1026 W MyAppLog: [2026-05-22 07:20:49.751 W tboxap mcuHandleQueryInd:1037] [Mcu] [mcuHandleQueryInd] unknown query item:0x56
05-22 07:20:49.755  1026  1026 W MyAppLog: [2026-05-22 07:20:49.751 W tboxap mcuHandleQueryInd:1037] [Mcu] [mcuHandleQueryInd] unknown query item:0x56
05-22 07:20:49.755  1026  1026 W MyAppLog: [2026-05-22 07:20:49.751 W tboxap mcuHandleQueryInd:1037] [Mcu] [mcuHandleQueryInd] unknown query item:0x56
05-22 07:20:49.755  1026  1026 W MyAppLog: [2026-05-22 07:20:49.751 W tboxap mcuHandleQueryInd:1037] [Mcu] [mcuHandleQueryInd] unknown query item:0x56
05-22 07:20:49.755  1026  1026 W MyAppLog: [2026-05-22 07:20:49.751 W tboxap mcuHandleQueryInd:1037] [Mcu] [mcuHandleQueryInd] unknown query item:0x56
05-22 07:20:49.755  1026  1026 W MyAppLog: [2026-05-22 07:20:49.751 W tboxap mcuHandleQueryInd:1037] [Mcu] [mcuHandleQueryInd] unknown query item:0x56
05-22 07:20:49.756  1026  1026 W MyAppLog: [2026-05-22 07:20:49.751 W tboxap mcuHandleQueryInd:1037] [Mcu] [mcuHandleQueryInd] unknown query item:0x56
05-22 07:20:49.756  1026  1026 W MyAppLog: [2026-05-22 07:20:49.751 W tboxap mcuHandleQueryInd:1037] [Mcu] [mcuHandleQueryInd] unknown query item:0x56
05-22 07:20:49.756  1026  1026 D MyAppLog: [2026-05-22 07:20:49.753 D tboxap tsp_WorkMachineProc:1086] [Tsp] [tsp_WorkMachineProc]TSP_WORK_LOGIN NOW !!!!
05-22 07:20:49.756   344   511 D automotive.vehicle@2.0-adayo-func-bcm: BCMFunc sendMessageFromVehicle_l msgBuff[39]=0x0,start:0,len:8,temp:8,
05-22 07:20:49.756   344   511 D automotive.vehicle@2.0-adayo-func-bcm: BCMFunc sendMessageFromVehicle_l prop: 0x2140009c ,areaId: 0x0  SPLITE_BIT_DATA_INTEGER : 0
05-22 07:20:49.756   344   511 D automotive.vehicle@2.0-adayo-func-bcm: BCMFunc sendMessageFromVehicle_l id:557842588, area:0 not report! 
05-22 07:20:49.756   344   511 D automotive.vehicle@2.0-adayo-func-bcm: BCMFunc sendMessageFromVehicle_l dataType: 12,mByte=40,propid=0x2140009d
05-22 07:20:49.756   344   511 D automotive.vehicle@2.0-adayo-func-bcm: BCMFunc sendMessageFromVehicle_l msgBuff[40]=0x0,start:0,len:8,temp:8,
05-22 07:20:49.756   344   511 D automotive.vehicle@2.0-adayo-func-bcm: BCMFunc sendMessageFromVehicle_l prop: 0x2140009d ,areaId: 0x0  SPLITE_BIT_DATA_INTEGER : 0
05-22 07:20:49.756   344   511 D automotive.vehicle@2.0-adayo-func-bcm: BCMFunc sendMessageFromVehicle_l id:557842589, area:0 not report! 
05-22 07:20:49.756   344   511 D automotive.vehicle@2.0-adayo-func-bcm: BCMFunc sendMessageFromVehicle_l dataType: 12,mByte=41,propid=0x2140009e
05-22 07:20:49.756   344   511 D automotive.vehicle@2.0-adayo-func-bcm: BCMFunc sendMessageFromVehicle_l msgBuff[41]=0x0,start:0,len:8,temp:8,
05-22 07:20:49.756   344   511 D automotive.vehicle@2.0-adayo-func-bcm: BCMFunc sendMessageFromVehicle_l prop: 0x2140009e ,areaId: 0x0  SPLITE_BIT_DATA_INTEGER : 0
05-22 07:20:49.756   344   511 D automotive.vehicle@2.0-adayo-func-bcm: BCMFunc sendMessageFromVehicle_l id:557842590, area:0 not report! 
05-22 07:20:49.756   344   511 D automotive.vehicle@2.0-adayo-func-bcm: BCMFunc sendMessageFromVehicle_l dataType: 12,mByte=43,propid=0x2160009f
05-22 07:20:49.756   344   511 D automotive.vehicle@2.0-adayo-func-bcm: BCMFunc sendMessageFromVehicle_l msgBuff[43]=0x0,start:0,len:16,temp:8,
05-22 07:20:49.756   344   511 D automotive.vehicle@2.0-adayo-func-bcm: BCMFunc sendMessageFromVehicle_l msgBuff[42]=0x0,start:0,len:8,temp:8,
05-22 07:20:49.756   344   511 D automotive.vehicle@2.0-adayo-func-bcm: BCMFunc sendMessageFromVehicle_l prop: 0x2160009f , SPLITE_BIT_DATA_INTEGER1 data:0
05-22 07:20:49.756  2981  3177 I SentryImuMcuAngleSender: 179.89655rollDeg
05-22 07:20:49.756   344   511 D automotive.vehicle@2.0-adayo-func-bcm: BCMFunc sendMessageFromVehicle_l prop: 0x2160009f , SPLITE_BIT_DATA_INTEGER4 procotol.calc[0]:0.100000,procotol.calc[1]:0.000000
05-22 07:20:49.756   344   511 D automotive.vehicle@2.0-adayo-func-bcm: BCMFunc sendMessageFromVehicle_l prop: 0x2160009f ,areaId: 0x0  SPLITE_BIT_DATA_INTEGER : 0.000000,calc[0]:0.100000,calc[1]:0.000000
05-22 07:20:49.756   344   511 D automotive.vehicle@2.0-adayo-func-bcm: BCMFunc sendMessageFromVehicle_l id:559939743, area:0 not report! 
05-22 07:20:49.756  2981  3177 I SentryImuMcuAngleSender: 1,0,0
05-22 07:20:49.756   344   511 D automotive.vehicle@2.0-adayo-func-bcm: BCMFunc sendMessageFromVehicle_l dataType: 12,mByte=45,propid=0x216000f3
05-22 07:20:49.756   344   511 D automotive.vehicle@2.0-adayo-func-bcm: BCMFunc sendMessageFromVehicle_l msgBuff[45]=0x0,start:0,len:16,temp:8,
05-22 07:20:49.756   344   511 D automotive.vehicle@2.0-adayo-func-bcm: BCMFunc sendMessageFromVehicle_l msgBuff[44]=0x0,start:0,len:8,temp:8,
05-22 07:20:49.756   344   511 D automotive.vehicle@2.0-adayo-func-bcm: BCMFunc sendMessageFromVehicle_l prop: 0x216000f3 , SPLITE_BIT_DATA_INTEGER1 data:0
05-22 07:20:49.756   344   511 D automotive.vehicle@2.0-adayo-func-bcm: BCMFunc sendMessageFromVehicle_l prop: 0x216000f3 , SPLITE_BIT_DATA_INTEGER4 procotol.calc[0]:0.100000,procotol.calc[1]:0.000000
05-22 07:20:49.756   344   511 D automotive.vehicle@2.0-adayo-func-bcm: BCMFunc sendMessageFromVehicle_l prop: 0x216000f3 ,areaId: 0x0  SPLITE_BIT_DATA_INTEGER : 0.000000,calc[0]:0.100000,calc[1]:0.000000
05-22 07:20:49.756   344   511 D automotive.vehicle@2.0-adayo-func-bcm: BCMFunc sendMessageFromVehicle_l id:559939827, area:0 not report! 
05-22 07:20:49.757   344   511 D automotive.vehicle@2.0-adayo-func-bcm: BCMFunc sendMessageFromVehicle_l dataType: 12,mByte=47,propid=0x214000f4
05-22 07:20:49.757   344   511 D automotive.vehicle@2.0-adayo-func-bcm: BCMFunc sendMessageFromVehicle_l msgBuff[47]=0x0,start:0,len:16,temp:8,
05-22 07:20:49.757   344   511 D automotive.vehicle@2.0-adayo-func-bcm: BCMFunc sendMessageFromVehicle_l msgBuff[46]=0x0,start:0,len:8,temp:8,
05-22 07:20:49.757   344   511 D automotive.vehicle@2.0-adayo-func-bcm: BCMFunc sendMessageFromVehicle_l prop: 0x214000f4 ,areaId: 0x0  SPLITE_BIT_DATA_INTEGER : 0
05-22 07:20:49.757   344   511 D automotive.vehicle@2.0-adayo-func-bcm: BCMFunc sendMessageFromVehicle_l id:557842676, area:0 not report! 
05-22 07:20:49.757   344   511 D automotive.vehicle@2.0-adayo-func-bcm: BCMFunc sendMessageFromVehicle_l dataType: 12,mByte=48,propid=0x214000fe
05-22 07:20:49.757   344   511 D automotive.vehicle@2.0-adayo-func-bcm: BCMFunc sendMessageFromVehicle_l msgBuff[48]=0x0,start:0,len:8,temp:8,
05-22 07:20:49.757   344   511 D automotive.vehicle@2.0-adayo-func-bcm: BCMFunc sendMessageFromVehicle_l prop: 0x214000fe ,areaId: 0x0  SPLITE_BIT_DATA_INTEGER : 0
05-22 07:20:49.757   344   511 D automotive.vehicle@2.0-adayo-func-bcm: BCMFunc sendMessageFromVehicle_l id:557842686, area:0 not report! 
05-22 07:20:49.757   344   511 D automotive.vehicle@2.0-adayo-func-bcm: BCMFunc sendMessageFromVehicle_l dataType: 12,mByte=49,propid=0x21400100
05-22 07:20:49.757   344   511 D automotive.vehicle@2.0-adayo-func-bcm: BCMFunc sendMessageFromVehicle_l msgBuff[49]=0x0,start:0,len:8,temp:8,
05-22 07:20:49.757   344   511 D automotive.vehicle@2.0-adayo-func-bcm: BCMFunc sendMessageFromVehicle_l prop: 0x21400100 ,areaId: 0x0  SPLITE_BIT_DATA_INTEGER : 0
05-22 07:20:49.757   344   511 D automotive.vehicle@2.0-adayo-func-bcm: BCMFunc sendMessageFromVehicle_l id:557842688, area:0 not report! 
05-22 07:20:49.757   344   511 D automotive.vehicle@2.0-adayo-func-bcm: BCMFunc sendMessageFromVehicle_l dataType: 12,mByte=50,propid=0x214000fa
05-22 07:20:49.757   344   511 D automotive.vehicle@2.0-adayo-func-bcm: BCMFunc sendMessageFromVehicle_l msgBuff[50]=0x0,start:0,len:8,temp:8,
05-22 07:20:49.757   344   511 D automotive.vehicle@2.0-adayo-func-bcm: BCMFunc sendMessageFromVehicle_l prop: 0x214000fa ,areaId: 0x0  SPLITE_BIT_DATA_INTEGER : 0
05-22 07:20:49.757   344   511 D automotive.vehicle@2.0-adayo-func-bcm: BCMFunc sendMessageFromVehicle_l id:557842682, area:0 not report! 
05-22 07:20:49.757   344   511 D automotive.vehicle@2.0-adayo-func-bcm: BCMFunc sendMessageFromVehicle_l dataType: 12,mByte=51,propid=0x214000fb
05-22 07:20:49.757   344   511 D automotive.vehicle@2.0-adayo-func-bcm: BCMFunc sendMessageFromVehicle_l msgBuff[51]=0x0,start:0,len:8,temp:8,
05-22 07:20:49.757   344   511 D automotive.vehicle@2.0-adayo-func-bcm: BCMFunc sendMessageFromVehicle_l prop: 0x214000fb ,areaId: 0x0  SPLITE_BIT_DATA_INTEGER : 0
05-22 07:20:49.757   344   511 D automotive.vehicle@2.0-adayo-func-bcm: BCMFunc sendMessageFromVehicle_l id:557842683, area:0 not report! 
05-22 07:20:49.757   344   511 D automotive.vehicle@2.0-adayo-func-bcm: BCMFunc sendMessageFromVehicle_l dataType: 12,mByte=52,propid=0x214000fc
05-22 07:20:49.757   344   511 D automotive.vehicle@2.0-adayo-func-bcm: BCMFunc sendMessageFromVehicle_l msgBuff[52]=0x0,start:0,len:8,temp:8,
05-22 07:20:49.757   344   511 D automotive.vehicle@2.0-adayo-func-bcm: BCMFunc sendMessageFromVehicle_l prop: 0x214000fc ,areaId: 0x0  SPLITE_BIT_DATA_INTEGER : 0
05-22 07:20:49.757   344   511 D automotive.vehicle@2.0-adayo-func-bcm: BCMFunc sendMessageFromVehicle_l id:557842684, area:0 not report! 
05-22 07:20:49.757   344   511 D automotive.vehicle@2.0-adayo-func-bcm: BCMFunc sendMessageFromVehicle_l dataType: 12,mByte=53,propid=0x21400106
05-22 07:20:49.757   344   511 D automotive.vehicle@2.0-adayo-func-bcm: BCMFunc sendMessageFromVehicle_l msgBuff[53]=0x1,start:0,len:8,temp:8,
05-22 07:20:49.757   344   511 D automotive.vehicle@2.0-adayo-func-bcm: BCMFunc sendMessageFromVehicle_l prop: 0x21400106 ,areaId: 0x0  SPLITE_BIT_DATA_INTEGER : 1
05-22 07:20:49.757   344   511 D automotive.vehicle@2.0-adayo-func-bcm: BCMFunc sendMessageFromVehicle_l id:557842694, area:0 not report! 
05-22 07:20:49.759   573   573 I SpiService: fgesysctrl_getGPIO_status success val=1
05-22 07:20:49.760   824   824 D SurfaceFlinger: unisoc-graphics, commit has frameMissed:2, vysncId:434938
05-22 07:20:49.765   573   573 I SpiService: fgesysctrl_getGPIO_status success val=1
05-22 07:20:49.770   573   573 I SpiService: fgesysctrl_getGPIO_status success val=0
05-22 07:20:49.770   486   579 I mcuc    : send SPI:6AA602124000028900216AA60212410002890020
05-22 07:20:49.776  2981  3177 I SentryImuMcuAngleSender: 179.90689rollDeg
05-22 07:20:49.777  2981  3177 I SentryImuMcuAngleSender: 1,0,0
05-22 07:20:49.781   486   580 I mcuc    : rev,n=1,6AA681124200918305000055000000B00000000000000001000100003AB969B192445F6995699261E56995D3256996B20FF042AB1FE400000000040000B3000000000000000000000000000000B44500000000000300000000000000AA000000E40701010000000000000000BB07052307EA0516000008009F022F01CC000000000000000000000000000000B500000000000000000000005A
05-22 07:20:49.781   344   361 D automotive.vehicle@2.0-adayo-datacomm-mcu: MCUDatacomm sendMessageFromVehicle prop: 0x83, areaId: 0x5, status: 0x0, timestamp: 0x0
05-22 07:20:49.781   344   361 D automotive.vehicle@2.0-adayo-datacomm-mcu: MCUDatacomm 1sendMessageFromVehicle ---> type = 7 
05-22 07:20:49.781   344   361 I automotive.vehicle@2.0-adayo-func-mcu: MCUFunc :sendMessageFromVehicle  msgBuff[0] = 131 
05-22 07:20:49.781   344   361 I automotive.vehicle@2.0-adayo-func-mcu: MCUFunc :sendMessageFromVehicle  msgBuff[1] = 5 
05-22 07:20:49.781   344   361 I automotive.vehicle@2.0-adayo-func-mcu: MCUFunc :sendMessageFromVehicle  msgBuff[2] = 0 
05-22 06:39:23.527   573   573 D spi_rst_gpio_get_output: GPIO 145 value: 1
05-22 06:39:23.527   573   573 D spidev_ioctl: gpio status=1)
05-22 07:20:49.781   344   361 I automotive.vehicle@2.0-adayo-func-mcu: MCUFunc :sendMessageFromVehicle  msgBuff[3] = 0 
05-22 07:20:49.781   344   361 I automotive.vehicle@2.0-adayo-func-mcu: MCUFunc :sendMessageFromVehicle  msgBuff[4] = 85 
05-22 07:20:49.781   344   361 I automotive.vehicle@2.0-adayo-func-mcu: MCUFunc :sendMessageFromVehicle  msgBuff[5] = 0 
05-22 07:20:49.784   291  1491 D EvsDriver: forwardFrame
05-22 07:20:49.784   573   573 I SpiService: fgesysctrl_getGPIO_status success val=1
05-22 07:20:49.785   291  1491 D EvsDriver: Delivered 0xb400007b2f47ca30 as id 0
05-22 07:20:49.785  1137  1150 D evsmanagerd: /dev/video4 forwarded the buffer #0 to 0xb4000071fa019690 from 0xb4000071fa01b7d0
05-22 07:20:49.787   276   300 I rvcservice: t.code = 1, t.value = -106140
05-22 07:20:49.787   544   544 D commservice260303: msg.id = 1028,0
05-22 07:20:49.787   544   544 D commservice260303: i = 170, msgid = 8A000404
05-22 07:20:49.787   544   544 D commservice260303: msgid = -1979710460,did=138
05-22 07:20:49.787   544   544 D commservice260303: CommProtocolLibCmdBaseI2C::dataproc {"command":{"id":"imu_status","sub":""},"content":{"TimeStamp":1779405649787,"FrameCounter":22334,"GD_X":-0.008857090957462788,"GD_Y":0.007712244056165218,"GD_Z":0.017867106944322586,"AD_X":-0.005116701126098633,"AD_Y":0.0013527963310480118,"AD_Z":-0.32723522186279297,"TempDsp":0,"Status":0,"CalibState":1,"SigAmpInvalid":0}},-1979710460
05-22 07:20:49.788   544   544 D commservice260303: send2Cluster len:326, 7B22636F6D6D616E64223A7B226964223A22696D755F737461747573222C22737562223A22227D2C22636F6E74656E74223A7B2254696D655374616D70223A313737393430353634393738372C224672616D65436F756E746572223A32323333342C2247445F58223A2D302E3030383835373039303935373436323738382C2247445F59223A302E3030373731323234343035363136353231382C2247445F5A223A302E3031373836373130363934343332323538362C2241445F58223A2D302E3030353131363730313132363039383633332C2241445F59223A302E303031333532373936333331303438303131382C2241445F5A223A2D302E33323732333532323138363237393239372C2254656D70447370223A302C22537461747573223A302C2243616C69625374617465223A312C22536967416D70496E76616C6964223A307D7D, 138 
05-22 07:20:49.788   544   544 D commservice260303: Push Message into SendPool fn=374931456
05-22 07:20:49.788   544   544 D commservice260303: ComProtocolLibSend2Cluster::send2ClusterRaw fn=374931456 , len=342
05-22 07:20:49.788   544   544 D commservice260303: sendCmdToPort :342!!!
05-22 07:20:49.788   544   544 D commservice260303: send Cmd To Port ++++5AA501528A01000059166A0F93517B22636F6D6D616E64223A7B226964223A22696D755F737461747573222C22737562223A22227D2C22636F6E74656E74223A7B2254696D655374616D70223A313737393430353634393738372C224672616D65436F756E746572223A32323333342C2247445F58223A2D302E3030383835373039303935373436323738382C2247445F59223A302E3030373731323234343035363136353231382C2247445F5A223A302E3031373836373130363934343332323538362C2241445F58223A2D302E3030353131363730313132363039383633332C2241445F59223A302E303031333532373936333331303438303131382C2241445F5A223A2D302E33323732333532323138363237393239372C2254656D70447370223A302C22537461747573223A302C2243616C69625374617465223A312C22536967416D70496E76616C6964223A307D7D3DA7
05-22 07:20:49.788   544   544 D commservice260303: bufferevent_write retrun value = 0
05-22 07:20:49.788   544   567 D commservice260303: client datas send succeed,send finish
05-22 07:20:49.788  2981  3178 D Sentinelmode_1.2.5.13_alpha: <SentryImuClusterFgeSender>imu_status sent to Linux, frame=22334, tsNs=934758, tsMs=1779405649787, intervalMs=41, ad=(-0.005116701,0.0013527963,-0.32723522), gd=(-0.008857091,0.007712244,0.017867107)
05-22 07:20:49.789   291  1135 D EvsDriver: doneWithFrame
05-22 07:20:49.790   573   573 I SpiService: fgesysctrl_getGPIO_status success val=1
05-22 07:20:49.792  1026  1026 D MyAppLog: [2026-05-22 07:20:49.792 D tboxap gpsMcuDataAnalyze:471] [Gps] [gpsMcuDataAnalyze]:$GNRMC,232049.000,V,,,,,,,210526,120.0,E,N,V*4D
05-22 07:20:49.792  1026  1026 D MyAppLog: 
05-22 07:20:49.793  1026  1026 D MyAppLog: [2026-05-22 07:20:49.792 D tboxap gpsMcuDataAnalyze:556] [Gps] stGps.stat:0, latitude:0 , longtitude:0,sped:0,direction:0
05-22 07:20:49.795   573   573 I SpiService: fgesysctrl_getGPIO_status success val=1
05-22 07:20:49.796   565   565 I Sensors : 230 AccelSensor: x:-0.109190,y:0.014639,z:-10.134541
05-22 06:39:23.538   573   573 D spi_rst_gpio_get_output: GPIO 145 value: 1
05-22 07:20:49.798  2981  3177 I SentryImuMcuAngleSender: 179.91724rollDeg
05-22 07:20:49.798  2981  3177 I SentryImuMcuAngleSender: 1,0,0
05-22 07:20:49.801   573   573 I SpiService: fgesysctrl_getGPIO_status success val=1
05-22 06:39:23.544   573   573 D spi_rst_gpio_get_output: GPIO 145 value: 1
05-22 06:39:23.544   573   573 D spidev_ioctl: gpio status=1)
05-22 07:20:49.806   573   573 I SpiService: fgesysctrl_getGPIO_status success val=1
05-22 06:39:23.549   573   573 D spidev_ioctl: gpio status=1)
05-22 07:20:49.810   824   824 D SurfaceFlinger: unisoc-graphics, commit has frameMissed:2, vysncId:434948
05-22 07:20:49.812   573   573 I SpiService: fgesysctrl_getGPIO_status success val=0
05-22 07:20:49.812   486   579 I mcuc    : send SPI:6AA60212420002830520
05-22 06:39:23.555   573   573 D spi_rst_gpio_get_output: GPIO 145 value: 0
05-22 06:39:23.555   573   573 D spidev_ioctl: gpio status=0)
05-22 07:20:49.815   964  1804 D [OMXB]  : usingANWBuffer: handle:0xebd43500, format:1, w:1920, h:1080
05-22 07:20:49.816   291  1491 D EvsDriver: forwardFrame
05-22 07:20:49.817   291  1491 D EvsDriver: Delivered 0xb400007b2f47ca30 as id 0
05-22 07:20:49.817  1137  1150 D evsmanagerd: /dev/video4 forwarded the buffer #0 to 0xb4000071fa019690 from 0xb4000071fa01b7d0
05-22 07:20:49.818   291  1135 D EvsDriver: doneWithFrame
05-22 07:20:49.824   486   580 I mcuc    : rev,n=1,6AA6811243000A89002301040913123456B7
05-22 07:20:49.824  1091  1116 I tboxmids_ap: [2026-05-22 07:20:49.824] [MCU RX] src=MCU dst=ZMQ len=10 type=BINARY data=00 08 23 01 04 09 13 12 34 56 
05-22 07:20:49.825   344   361 D automotive.vehicle@2.0-adayo-datacomm-mcu: MCUDatacomm sendMessageFromVehicle prop: 0x89, areaId: 0x0, status: 0x23, timestamp: 0x1
05-22 07:20:49.825   344   361 D automotive.vehicle@2.0-adayo-datacomm-mcu: MCUDatacomm 1sendMessageFromVehicle ---> type = 12 
05-22 07:20:49.825  2981  3177 I SentryImuMcuAngleSender: 179.91724rollDeg
05-22 07:20:49.825  2981  3177 I SentryImuMcuAngleSender: 1,0,0
05-22 07:20:49.825   558  1141 I gps_hdbd: [gps_upgrade_thread 3506]Enter
05-22 07:20:49.825   558  1141 I gps_hdbd: [gps_upgrade_thread 3535] sys.gps.update:0 ,file:not ,upgrate_ing:0
05-22 07:20:49.826  1026  1026 I MyAppLog: [2026-05-22 07:20:49.825 I tboxap mcuCommTboxmidsRecvCb:96] [Mcu] [mcuCommTboxmidsRecvCb] recv from tboxmids, size:10
05-22 07:20:49.826  1026  1026 I MyAppLog: [2026-05-22 07:20:49.825 I tboxap mcuCommTboxmidsRecvCb:97] [Mcu] [tboxmids -> tboxap]: :00 08 23 01 04 09 13 12 34 56
05-22 07:20:49.826  1026  1026 W MyAppLog: [2026-05-22 07:20:49.825 W tboxap mcuYadiFrameParse:831] [Mcu] [mcuYadiFrameParse] cmd:0913(MCU_SEC_BATT1_DYNAMIC_IND) payload too short:5 < 36
05-22 07:20:49.826  1026  1026 W MyAppLog: [2026-05-22 07:20:49.825 W tboxap mcuPtlParseData:961] [Mcu] [mcuPtlParseData] invalid yadi frame, len:10
05-22 07:20:49.826   573   573 I SpiService: fgesysctrl_getGPIO_status success val=1
05-22 07:20:49.827   824   824 D SurfaceFlinger: unisoc-graphics, commit has frameMissed:2, vysncId:434956
05-22 07:20:49.828   544   544 D commservice260303: msg.id = 1028,1
05-22 07:20:49.828   544   544 D commservice260303: i = 170, msgid = 8A000404
05-22 07:20:49.828   544   544 D commservice260303: msgid = -1979710460,did=138
05-22 07:20:49.828   544   544 D commservice260303: CommProtocolLibCmdBaseI2C::dataproc {"command":{"id":"imu_status","sub":""},"content":{"TimeStamp":1779405649827,"FrameCounter":22335,"GD_X":-0.00923888012766838,"GD_Y":0.007788185961544514,"GD_Z":0.017255932092666626,"AD_X":-0.0026767998933792114,"AD_Y":0.0013516703620553017,"AD_Z":-0.32845497131347656,"TempDsp":0,"Status":0,"CalibState":1,"SigAmpInvalid":0}},-1979710460
05-22 07:20:49.829   544   544 D commservice260303: send2Cluster len:326, 7B22636F6D6D616E64223A7B226964223A22696D755F737461747573222C22737562223A22227D2C22636F6E74656E74223A7B2254696D655374616D70223A313737393430353634393832372C224672616D65436F756E746572223A32323333352C2247445F58223A2D302E30303932333838383031323736363833382C2247445F59223A302E3030373738383138353936313534343531342C2247445F5A223A302E3031373235353933323039323636363632362C2241445F58223A2D302E303032363736373939383933333739323131342C2241445F59223A302E303031333531363730333632303535333031372C2241445F5A223A2D302E33323834353439373133313334373635362C2254656D70447370223A302C22537461747573223A302C2243616C69625374617465223A312C22536967416D70496E76616C6964223A307D7D, 138 
05-22 07:20:49.829   544   544 D commservice260303: Push Message into SendPool fn=391708672
05-22 07:20:49.829   544   544 D commservice260303: ComProtocolLibSend2Cluster::send2ClusterRaw fn=391708672 , len=342
05-22 07:20:49.829   544   544 D commservice260303: sendCmdToPort :342!!!
05-22 07:20:49.829   544   544 D commservice260303: send Cmd To Port ++++5AA501528A01000059176A0F93517B22636F6D6D616E64223A7B226964223A22696D755F737461747573222C22737562223A22227D2C22636F6E74656E74223A7B2254696D655374616D70223A313737393430353634393832372C224672616D65436F756E746572223A32323333352C2247445F58223A2D302E30303932333838383031323736363833382C2247445F59223A302E3030373738383138353936313534343531342C2247445F5A223A302E3031373235353933323039323636363632362C2241445F58223A2D302E303032363736373939383933333739323131342C2241445F59223A302E303031333531363730333632303535333031372C2241445F5A223A2D302E33323834353439373133313334373635362C2254656D70447370223A302C22537461747573223A302C2243616C69625374617465223A312C22536967416D70496E76616C6964223A307D7D2900
05-22 07:20:49.829   544   544 D commservice260303: bufferevent_write retrun value = 0
05-22 07:20:49.829   544   567 D commservice260303: client datas send succeed,send finish
05-22 06:39:23.570   573   573 D spi_rst_gpio_get_output: GPIO 145 value: 1
05-22 06:39:23.570   573   573 D spidev_ioctl: gpio status=1)
05-22 07:20:49.831   565   565 I Sensors : 230 GyroSensor: x:-0.008399,y:0.007254,z:0.017333
05-22 07:20:49.832 16757 16757 I ADAYO_LOG_TRACE_KERNEL: execute interrupt
05-22 07:20:49.832  2981  3178 D Sentinelmode_1.2.5.13_alpha: <SentryImuClusterFgeSender>imu_status sent to Linux, frame=22335, tsNs=934794, tsMs=1779405649827, intervalMs=44, ad=(-0.0026768,0.0013516704,-0.32845497), gd=(-0.00923888,0.007788186,0.017255932)
05-22 07:20:49.832   573   573 I SpiService: fgesysctrl_getGPIO_status success val=1
05-22 06:39:23.576   573   573 D spi_rst_gpio_get_output: GPIO 145 value: 1
05-22 06:39:23.576   573   573 D spidev_ioctl: gpio status=1)
05-22 07:20:49.838   573   573 I SpiService: fgesysctrl_getGPIO_status success val=1
05-22 06:39:23.581   573   573 D spi_rst_gpio_get_output: GPIO 145 value: 1
05-22 06:39:23.581   573   573 D spidev_ioctl: gpio status=1)
05-22 07:20:49.843   573   573 I SpiService: fgesysctrl_getGPIO_status success val=1
05-22 07:20:49.846   824   824 D SurfaceFlinger: unisoc-graphics, commit has frameMissed:2, vysncId:434957
05-22 06:39:23.587   573   573 D spi_rst_gpio_get_output: GPIO 145 value: 1
05-22 06:39:23.587   573   573 D spidev_ioctl: gpio status=1)
05-22 07:20:49.846  2981  3177 I SentryImuMcuAngleSender: 179.91724rollDeg
05-22 07:20:49.846  2981  3177 I SentryImuMcuAngleSender: 1,0,0
05-22 07:20:49.846 16759 16759 I ADAYO_LOG_TRACE_KERNEL: execute end
05-22 06:39:23.593   573   573 D spi_rst_gpio_get_output: GPIO 145 value: 1
05-22 06:39:23.593   573   573 D spidev_ioctl: gpio status=1)
05-22 07:20:49.849   573   573 I SpiService: fgesysctrl_getGPIO_status success val=1
05-22 07:20:49.849   291  1491 D EvsDriver: forwardFrame
05-22 07:20:49.851   291  1491 D EvsDriver: Delivered 0xb400007b2f47ca30 as id 0
05-22 07:20:49.851  1137  1150 D evsmanagerd: /dev/video4 forwarded the buffer #0 to 0xb4000071fa019690 from 0xb4000071fa01b7d0
05-22 06:39:23.596     1     1 I init    : Service 'trace_kernel' (pid 16699) exited with status 0
05-22 06:39:23.596     1     1 I init    : Sending signal 9 to service 'trace_kernel' (pid 16699) process group...
05-22 06:39:23.597     1     1 I libprocessgroup: Successfully killed process cgroup uid 0 pid 16699 in 0ms
05-22 07:20:49.853   291  1135 D EvsDriver: doneWithFrame
05-22 07:20:49.855   573   573 I SpiService: fgesysctrl_getGPIO_status success val=0
05-22 07:20:49.855   486   579 I mcuc    : send SPI:6AA6021243000289001E
05-22 06:39:23.598   573   573 D spi_rst_gpio_get_output: GPIO 145 value: 0
05-22 06:39:23.598   573   573 D spidev_ioctl: gpio status=0)
05-22 07:20:49.866  2981  3177 I SentryImuMcuAngleSender: 179.91379rollDeg
05-22 07:20:49.867  2981  3177 I SentryImuMcuAngleSender: 1,0,0
05-22 07:20:49.868   544   544 D commservice260303: msg.id = 1028,1
05-22 07:20:49.868   544   544 D commservice260303: i = 170, msgid = 8A000404
05-22 07:20:49.868   544   544 D commservice260303: msgid = -1979710460,did=138
05-22 07:20:49.868   544   544 D commservice260303: CommProtocolLibCmdBaseI2C::dataproc {"command":{"id":"imu_status","sub":""},"content":{"TimeStamp":1779405649867,"FrameCounter":22336,"GD_X":-0.007864127866923809,"GD_Y":0.007177011109888554,"GD_Z":0.018095972016453743,"AD_X":-0.005115121603012085,"AD_Y":7.409155368804932E-4,"AD_Z":-0.33028602600097656,"TempDsp":0,"Status":0,"CalibState":1,"SigAmpInvalid":0}},-1979710460
05-22 07:20:49.868   544   544 D commservice260303: send2Cluster len:325, 7B22636F6D6D616E64223A7B226964223A22696D755F737461747573222C22737562223A22227D2C22636F6E74656E74223A7B2254696D655374616D70223A313737393430353634393836372C224672616D65436F756E746572223A32323333362C2247445F58223A2D302E3030373836343132373836363932333830392C2247445F59223A302E3030373137373031313130393838383535342C2247445F5A223A302E3031383039353937323031363435333734332C2241445F58223A2D302E3030353131353132313630333031323038352C2241445F59223A372E343039313535333638383034393332452D342C2241445F5A223A2D302E33333032383630323630303039373635362C2254656D70447370223A302C22537461747573223A302C2243616C69625374617465223A312C22536967416D70496E76616C6964223A307D7D, 138 
05-22 07:20:49.868   544   544 D commservice260303: Push Message into SendPool fn=408485888
05-22 07:20:49.868   544   544 D commservice260303: ComProtocolLibSend2Cluster::send2ClusterRaw fn=408485888 , len=341
05-22 07:20:49.868   544   544 D commservice260303: sendCmdToPort :341!!!
05-22 07:20:49.868   544   544 D commservice260303: send Cmd To Port ++++5AA501518A01000059186A0F93517B22636F6D6D616E64223A7B226964223A22696D755F737461747573222C22737562223A22227D2C22636F6E74656E74223A7B2254696D655374616D70223A313737393430353634393836372C224672616D65436F756E746572223A32323333362C2247445F58223A2D302E3030373836343132373836363932333830392C2247445F59223A302E3030373137373031313130393838383535342C2247445F5A223A302E3031383039353937323031363435333734332C2241445F58223A2D302E3030353131353132313630333031323038352C2241445F59223A372E343039313535333638383034393332452D342C2241445F5A223A2D302E33333032383630323630303039373635362C2254656D70447370223A302C22537461747573223A302C2243616C69625374617465223A312C22536967416D70496E76616C6964223A307D7D0057
05-22 07:20:49.868   544   544 D commservice260303: bufferevent_write retrun value = 0
05-22 07:20:49.868   544   567 D commservice260303: client datas send succeed,send finish
05-22 07:20:49.869  2981  3178 D Sentinelmode_1.2.5.13_alpha: <SentryImuClusterFgeSender>imu_status sent to Linux, frame=22336, tsNs=934848, tsMs=1779405649867, intervalMs=37, ad=(-0.0051151216,7.4091554E-4,-0.33028603), gd=(-0.007864128,0.007177011,0.018095972)
05-22 07:20:49.869   573   573 I SpiService: fgesysctrl_getGPIO_status success val=1
05-22 06:39:23.612   573   573 D spi_rst_gpio_get_output: GPIO 145 value: 1
05-22 06:39:23.612   573   573 D spidev_ioctl: gpio status=1)
05-22 07:20:49.875   573   573 I SpiService: fgesysctrl_getGPIO_status success val=1
05-22 07:20:49.881   573   573 I SpiService: fgesysctrl_getGPIO_status success val=1
05-22 06:39:23.619   573   573 D spi_rst_gpio_get_output: GPIO 145 value: 1
05-22 06:39:23.619   573   573 D spidev_ioctl: gpio status=1)
05-22 06:39:23.624   573   573 D spi_rst_gpio_get_output: GPIO 145 value: 1
05-22 06:39:23.624   573   573 D spidev_ioctl: gpio status=1)
05-22 07:20:49.885   291  1491 D EvsDriver: forwardFrame
05-22 06:39:23.629   573   573 D spi_rst_gpio_get_output: GPIO 145 value: 1
05-22 07:20:49.886   573   573 I SpiService: fgesysctrl_getGPIO_status success val=1
05-22 07:20:49.887   276   300 I rvcservice: t.code = 3, t.value = 0
05-22 07:20:49.887  2981  3177 I SentryImuMcuAngleSender: 179.9207rollDeg
05-22 07:20:49.887  2981  3177 I SentryImuMcuAngleSender: 1,0,0
05-22 07:20:49.888   291  1491 D EvsDriver: Delivered 0xb400007b2f47ca30 as id 0
05-22 07:20:49.888  1137  1150 D evsmanagerd: /dev/video4 forwarded the buffer #0 to 0xb4000071fa019690 from 0xb4000071fa01b7d0
05-22 07:20:49.892   573   573 I SpiService: fgesysctrl_getGPIO_status success val=1
05-22 07:20:49.894   291  1135 D EvsDriver: doneWithFrame
05-22 06:39:23.630   573   573 D spidev_ioctl: gpio status=1)
05-22 06:39:23.635   573   573 D spi_rst_gpio_get_output: GPIO 145 value: 1
05-22 06:39:23.635   573   573 D spidev_ioctl: gpio status=1)
05-22 07:20:49.895   824   824 D SurfaceFlinger: unisoc-graphics, commit has frameMissed:2, vysncId:434967
05-22 07:20:49.897   573   573 I SpiService: fgesysctrl_getGPIO_status success val=0
05-22 06:39:23.641   573   573 D spi_rst_gpio_get_output: GPIO 145 value: 0
05-22 06:39:23.641   573   573 D spidev_ioctl: gpio status=0)
05-22 07:20:49.907  2981  3177 I SentryImuMcuAngleSender: 179.9276rollDeg
05-22 07:20:49.907  2981  3177 I SentryImuMcuAngleSender: 1,0,0
05-22 07:20:49.908   544   544 D commservice260303: msg.id = 1028,0
05-22 07:20:49.908   544   544 D commservice260303: i = 170, msgid = 8A000404
05-22 07:20:49.908   544   544 D commservice260303: msgid = -1979710460,did=138
05-22 07:20:49.908   544   544 D commservice260303: CommProtocolLibCmdBaseI2C::dataproc {"command":{"id":"imu_status","sub":""},"content":{"TimeStamp":1779405649907,"FrameCounter":22337,"GD_X":-0.008857090957462788,"GD_Y":0.007634742185473442,"GD_Z":0.017715223133563995,"AD_X":-0.0014566481113433838,"AD_Y":-4.776734858751297E-4,"AD_Z":-0.33028602600097656,"TempDsp":0,"Status":0,"CalibState":1,"SigAmpInvalid":0}},-1979710460
05-22 07:20:49.908   544   544 D commservice260303: send2Cluster len:327, 7B22636F6D6D616E64223A7B226964223A22696D755F737461747573222C22737562223A22227D2C22636F6E74656E74223A7B2254696D655374616D70223A313737393430353634393930372C224672616D65436F756E746572223A32323333372C2247445F58223A2D302E3030383835373039303935373436323738382C2247445F59223A302E3030373633343734323138353437333434322C2247445F5A223A302E3031373731353232333133333536333939352C2241445F58223A2D302E303031343536363438313131333433333833382C2241445F59223A2D342E373736373334383538373531323937452D342C2241445F5A223A2D302E33333032383630323630303039373635362C2254656D70447370223A302C22537461747573223A302C2243616C69625374617465223A312C22536967416D70496E76616C6964223A307D7D, 138 
05-22 07:20:49.908   544   544 D commservice260303: Push Message into SendPool fn=425263104
05-22 07:20:49.908   544   544 D commservice260303: ComProtocolLibSend2Cluster::send2ClusterRaw fn=425263104 , len=343
05-22 07:20:49.908   544   544 D commservice260303: sendCmdToPort :343!!!
05-22 07:20:49.908   544   544 D commservice260303: send Cmd To Port ++++5AA501538A01000059196A0F93517B22636F6D6D616E64223A7B226964223A22696D755F737461747573222C22737562223A22227D2C22636F6E74656E74223A7B2254696D655374616D70223A313737393430353634393930372C224672616D65436F756E746572223A32323333372C2247445F58223A2D302E3030383835373039303935373436323738382C2247445F59223A302E3030373633343734323138353437333434322C2247445F5A223A302E3031373731353232333133333536333939352C2241445F58223A2D302E303031343536363438313131333433333833382C2241445F59223A2D342E373736373334383538373531323937452D342C2241445F5A223A2D302E33333032383630323630303039373635362C2254656D70447370223A302C22537461747573223A302C2243616C69625374617465223A312C22536967416D70496E76616C6964223A307D7D3014
05-22 07:20:49.908   544   544 D commservice260303: bufferevent_write retrun value = 0
05-22 07:20:49.908   544   567 D commservice260303: client datas send succeed,send finish
05-22 07:20:49.909  2981  3178 D Sentinelmode_1.2.5.13_alpha: <SentryImuClusterFgeSender>imu_status sent to Linux, frame=22337, tsNs=934884, tsMs=1779405649907, intervalMs=39, ad=(-0.0014566481,-4.776735E-4,-0.33028603), gd=(-0.008857091,0.007634742,0.017715223)
05-22 07:20:49.911   824   824 D SurfaceFlinger: unisoc-graphics, commit has frameMissed:2, vysncId:434975
05-22 07:20:49.912   573   573 I SpiService: fgesysctrl_getGPIO_status success val=1
05-22 07:20:49.912   486   580 I mcuc    : rev,n=1,6AA6811244000A89002401040910123456B8
05-22 07:20:49.913  1091  1116 I tboxmids_ap: [2026-05-22 07:20:49.912] [MCU RX] src=MCU dst=ZMQ len=10 type=BINARY data=00 08 24 01 04 09 10 12 34 56 
05-22 07:20:49.913   344   361 D automotive.vehicle@2.0-adayo-datacomm-mcu: MCUDatacomm sendMessageFromVehicle prop: 0x89, areaId: 0x0, status: 0x24, timestamp: 0x1
05-22 07:20:49.913   344   361 D automotive.vehicle@2.0-adayo-datacomm-mcu: MCUDatacomm 1sendMessageFromVehicle ---> type = 12 
05-22 06:39:23.655   573   573 D spi_rst_gpio_get_output: GPIO 145 value: 1
05-22 06:39:23.655   573   573 D spidev_ioctl: gpio status=1)
05-22 07:20:49.913   291  1491 D EvsDriver: forwardFrame
05-22 07:20:49.914  1026  1026 I MyAppLog: [2026-05-22 07:20:49.913 I tboxap mcuCommTboxmidsRecvCb:96] [Mcu] [mcuCommTboxmidsRecvCb] recv from tboxmids, size:10
05-22 07:20:49.915  1026  1026 I MyAppLog: [2026-05-22 07:20:49.913 I tboxap mcuCommTboxmidsRecvCb:97] [Mcu] [tboxmids -> tboxap]: :00 08 24 01 04 09 10 12 34 56
05-22 07:20:49.915  1026  1026 I MyAppLog: [2026-05-22 07:20:49.913 I tboxap mcuPtlParseData:969] [Mcu] [Mcu  Parse]: (cmd):0910 (param):0910123456
05-22 07:20:49.915  1026  1026 D MyAppLog: [2026-05-22 07:20:49.914 D tboxap mcuCommCbHandel:1009] [Mcu] [Mcu  Rev]: (cmd):0910 (param value):123456
05-22 07:20:49.915  1026  1026 W MyAppLog: [2026-05-22 07:20:49.914 W tboxap mcuParamDataRevPack:897] [Mcu] mcuParamDataRevPack start pack data!!!
05-22 07:20:49.915  1026  1026 I MyAppLog: [2026-05-22 07:20:49.914 I tboxap MCU_BATT_STATIC_DATA_IND_McuInd:494] [Mcu] [MCU_BATT_STATIC_DATA_IND_McuInd] staticData type:0x12 len:5
05-22 07:20:49.915  1026  1026 D MyAppLog: [2026-05-22 07:20:49.914 D tboxap mucCommadCbEvent:1271] [Mcu] [mucCommadCbEvent] no business handler for cmd:0910
05-22 07:20:49.915   291  1491 D EvsDriver: Delivered 0xb400007b2f47ca30 as id 0
05-22 07:20:49.915  1137  1150 D evsmanagerd: /dev/video4 forwarded the buffer #0 to 0xb4000071fa019690 from 0xb4000071fa01b7d0
05-22 07:20:49.916   291  1135 D EvsDriver: doneWithFrame
05-22 07:20:49.917   573   573 I SpiService: fgesysctrl_getGPIO_status success val=1
05-22 06:39:23.661   573   573 D spi_rst_gpio_get_output: GPIO 145 value: 1
05-22 06:39:23.661   573   573 D spidev_ioctl: gpio status=1)
05-22 07:20:49.922   573   573 I SpiService: fgesysctrl_getGPIO_status success val=1
05-22 07:20:49.924   964  1804 D [OMXB]  : usingANWBuffer: handle:0xebd446e0, format:1, w:1920, h:1080
05-22 06:39:23.666   573   573 D spi_rst_gpio_get_output: GPIO 145 value: 1
05-22 06:39:23.666   573   573 D spidev_ioctl: gpio status=1)
05-22 07:20:49.928  2981  3177 I SentryImuMcuAngleSender: 179.91379rollDeg
05-22 07:20:49.928  2981  3177 I SentryImuMcuAngleSender: 1,0,0
05-22 07:20:49.928   573   573 I SpiService: fgesysctrl_getGPIO_status success val=1
05-22 07:20:49.929   824   824 D SurfaceFlinger: unisoc-graphics, commit has frameMissed:2, vysncId:434976
05-22 06:39:23.671   573   573 D spi_rst_gpio_get_output: GPIO 145 value: 1
05-22 06:39:23.671   573   573 D spidev_ioctl: gpio status=1)
05-22 07:20:49.933   573   573 I SpiService: fgesysctrl_getGPIO_status success val=1
05-22 06:39:23.677   573   573 D spi_rst_gpio_get_output: GPIO 145 value: 1
05-22 06:39:23.677   573   573 D spidev_ioctl: gpio status=1)
05-22 07:20:49.938   573   573 I SpiService: fgesysctrl_getGPIO_status success val=0
05-22 07:20:49.939   486   579 I mcuc    : send SPI:6AA6021244000289001D
05-22 06:39:23.682   573   573 D spi_rst_gpio_get_output: GPIO 145 value: 0
05-22 06:39:23.682   573   573 D spidev_ioctl: gpio status=0)
05-22 07:20:49.942   291  1491 D EvsDriver: forwardFrame
05-22 07:20:49.943   291  1491 D EvsDriver: Delivered 0xb400007b2f47ca30 as id 0
05-22 07:20:49.944  1137  1150 D evsmanagerd: /dev/video4 forwarded the buffer #0 to 0xb4000071fa019690 from 0xb4000071fa01b7d0
05-22 07:20:49.946   824   824 D SurfaceFlinger: unisoc-graphics, commit has frameMissed:2, vysncId:434977
05-22 07:20:49.949  2981  3177 I SentryImuMcuAngleSender: 179.91724rollDeg
05-22 07:20:49.949  2981  3177 I SentryImuMcuAngleSender: 1,0,0
05-22 07:20:49.949   544   544 D commservice260303: msg.id = 1028,1
05-22 07:20:49.949   544   544 D commservice260303: i = 170, msgid = 8A000404
05-22 07:20:49.949   544   544 D commservice260303: msgid = -1979710460,did=138
05-22 07:20:49.949   544   544 D commservice260303: CommProtocolLibCmdBaseI2C::dataproc {"command":{"id":"imu_status","sub":""},"content":{"TimeStamp":1779405649948,"FrameCounter":22338,"GD_X":-0.010078920982778072,"GD_Y":0.007864127866923809,"GD_Z":0.01756177842617035,"AD_X":-0.0038967207074165344,"AD_Y":0.00135037861764431,"AD_Z":-0.32845497131347656,"TempDsp":0,"Status":0,"CalibState":1,"SigAmpInvalid":0}},-1979710460
05-22 07:20:49.950   544   544 D commservice260303: send2Cluster len:324, 7B22636F6D6D616E64223A7B226964223A22696D755F737461747573222C22737562223A22227D2C22636F6E74656E74223A7B2254696D655374616D70223A313737393430353634393934382C224672616D65436F756E746572223A32323333382C2247445F58223A2D302E3031303037383932303938323737383037322C2247445F59223A302E3030373836343132373836363932333830392C2247445F5A223A302E30313735363137373834323631373033352C2241445F58223A2D302E303033383936373230373037343136353334342C2241445F59223A302E30303133353033373836313736343433312C2241445F5A223A2D302E33323834353439373133313334373635362C2254656D70447370223A302C22537461747573223A302C2243616C69625374617465223A312C22536967416D70496E76616C6964223A307D7D, 138 
05-22 07:20:49.950   544   544 D commservice260303: Push Message into SendPool fn=442040320
05-22 07:20:49.950   544   544 D commservice260303: ComProtocolLibSend2Cluster::send2ClusterRaw fn=442040320 , len=340
05-22 07:20:49.950   544   544 D commservice260303: sendCmdToPort :340!!!
05-22 07:20:49.950   544   544 D commservice260303: send Cmd To Port ++++5AA501508A010000591A6A0F93517B22636F6D6D616E64223A7B226964223A22696D755F737461747573222C22737562223A22227D2C22636F6E74656E74223A7B2254696D655374616D70223A313737393430353634393934382C224672616D65436F756E746572223A32323333382C2247445F58223A2D302E3031303037383932303938323737383037322C2247445F59223A302E3030373836343132373836363932333830392C2247445F5A223A302E30313735363137373834323631373033352C2241445F58223A2D302E303033383936373230373037343136353334342C2241445F59223A302E30303133353033373836313736343433312C2241445F5A223A2D302E33323834353439373133313334373635362C2254656D70447370223A302C22537461747573223A302C2243616C69625374617465223A312C22536967416D70496E76616C6964223A307D7D8C9D
05-22 07:20:49.950   544   544 D commservice260303: bufferevent_write retrun value = 0
