05-22 07:20:50.191   573   573 I SpiService: fgesysctrl_getGPIO_status success val=1
05-22 07:20:50.191   291  1135 D EvsDriver: doneWithFrame
05-22 07:20:50.195 11323 11323 D MediaPlayerList: sendMediaUpdate
05-22 07:20:50.195 11323 11323 I MediaPlayerList: sendMediaUpdate: Creating a one item queue for a player with no queue
05-22 07:20:50.195 11323 11323 D MediaPlayerList: sendMediaUpdate state=PlaybackState {state=3, position=89357, buffered position=0, speed=1.0, updated=935176, actions=566, custom actions=[], active item id=-1, error=null}
05-22 07:20:50.195 11323 11323 D AvrcpTargetService: onMediaUpdated: track_changed=false state=true queue=false
05-22 07:20:50.195 11323 11323 D AvrcpNativeInterface: sendMediaUpdate: metadata=false playStatus=true queue=false
05-22 07:20:50.195 11323 11323 D AvrcpTargetJni: sendMediaUpdateNative
05-22 07:20:50.195 11323 11323 I droid.bluetooth: run avrcp SendMediaUpdate, AnW
05-22 07:20:50.195 11323 11323 D ANWAPI  : (11323|0x2B6584F8)[BTAPI] Handle_Hal_Callback, callback_type(9)
05-22 07:20:50.195 11323 11374 I droid.bluetooth: run doGetPlaystatus, AnW
05-22 07:20:50.195 11323 11374 D AvrcpTargetJni: getCurrentPlayStatus
05-22 07:20:50.195 11323 11374 D AvrcpNativeInterface: getPlayStatus
05-22 07:20:50.196 11323 11374 D ANWAPI  : (11323|0xD12C8CB0)[BTAPI] BT Addres is NULL , checking which array is connected
05-22 07:20:50.196 11323 11374 D ANWAPI  : 
05-22 07:20:50.196 11323 11374 D ANWAPI  : (11323|0xD12C8CB0)[BTAPI] SPPMIN(0)SPPMAX(0)
05-22 07:20:50.196 11323 11374 D ANWAPI  : 
05-22 07:20:50.196 11323 11374 D ANWAPI  : (11323|0xD12C8CB0)[BTAPI] In Three Step Get Device ID(0)
05-22 07:20:50.196 11323 11374 D ANWAPI  : 
05-22 07:20:50.196 11323 11374 D ANWAPI  : (11323|0xD12C8CB0)[BTAPI] run Get_ID_By_AVRCPTarget_SpecialState(4)
05-22 07:20:50.196 11323 11374 D ANWAPI  : 
05-22 07:20:50.196   573   573 I SpiService: fgesysctrl_getGPIO_status success val=1
05-22 07:20:50.197  2981  3177 I SentryImuMcuAngleSender: 179.91722rollDeg
05-22 07:20:50.197  2981  3177 I SentryImuMcuAngleSender: 1,0,0
05-22 06:39:23.940   573   573 D spi_rst_gpio_get_output: GPIO 145 value: 1
05-22 06:39:23.940   573   573 D spidev_ioctl: gpio status=1)
05-22 07:20:50.199   824   824 D SurfaceFlinger: unisoc-graphics, commit has frameMissed:2, vysncId:435046
05-22 07:20:50.202   573   573 I SpiService: fgesysctrl_getGPIO_status success val=1
05-22 07:20:50.204   558  1606 I gps_hdbd: Received: '$GNGGA,232050.000,,,,,0,00,,,M,,M,,*60
'
05-22 07:20:50.204  3735  3735 I NSLogUtils_BtMusicModel: onPlaybackStateChanged state: PlaybackState {state=3, position=89346, buffered position=0, speed=1.0, updated=935162, actions=2375735, custom actions=[], active item id=9, error=null} mIsBCallInCall=false
05-22 07:20:50.205  3735  3735 I NSLogUtils_BtMusicModel: musicChange metaData: android.media.MediaMetadata@992ba02d
05-22 07:20:50.205  3735  3735 I NSLogUtils_BtMusicModel: musicChange title: 还有你给我的痛,artist: Wish u never-TF_ING张子墨/Top Barry,duration: 169130,album: Wish u never,albumArtUri: null
05-22 07:20:50.205  1026  1026 D MyAppLog: [2026-05-22 07:20:50.205 D tboxap gspDataAnalyze:346] [Gps] rev gps data:$GNGGA,232050.000,,,,,0,00,,,M,,M,,*60
05-22 07:20:50.205  1026  1026 D MyAppLog: [2026-05-22 07:20:50.205 D tboxap gpsCommTboxmidsRecvCb:66] [Gps] [gpsCommTboxmidsRecvCb] gps nmea updated:$GNGGA,232050.000,,,,,0,00,,,M,,M,,*60
05-22 07:20:50.205  1026  1026 D MyAppLog: 
05-22 07:20:50.205  3735  3735 D NSLogUtils_MediaForegroundService: updateNotification isPlaying=true title=还有你给我的痛 text=Wish u never-TF_ING张子墨/Top Barry
05-22 06:39:23.945   573   573 D spi_rst_gpio_get_output: GPIO 145 value: 1
05-22 06:39:23.945   573   573 D spidev_ioctl: gpio status=1)
05-22 07:20:50.206 11323 11323 W AudioMediaPlayerWrapper: onPlaybackStateChanged(): com.neusoft.btmusic tried to update with no new data
05-22 07:20:50.207   573   573 I SpiService: fgesysctrl_getGPIO_status success val=1
05-22 07:20:50.208   737   737 D NotificationService: EnqueueNotificationRunnable.run for: 0|com.neusoft.btmusic|8001|null|1000
05-22 07:20:50.208   737   737 I notification_enqueue: [1000,3735,com.neusoft.btmusic,8001,NULL,0,Notification(channel=media_playback_channel shortcut=null contentView=null vibrate=null sound=null defaults=0x0 flags=0x4a color=0x00000000 category=transport groupKey=silent actions=3 vis=PUBLIC),1]
05-22 07:20:50.208  3735  3735 D NSLogUtils_BluetoothPlayerService: mPlaybackStateObserver isConnected: true
05-22 07:20:50.208  3735  3735 D NSLogUtils_BluetoothPlayerService: played trigger application focus
05-22 07:20:50.209  3735  3735 D NSLogUtils_SourceChangeManager: getCurrentSourceWithoutDefaultValue source: MUSIC_SOURCE_BT
05-22 07:20:50.209  3735  3735 D NSLogUtils_SourceChangeManager: setCurrentSource new source: MUSIC_SOURCE_BT ,currentSource: MUSIC_SOURCE_BT
05-22 07:20:50.209  3735  3735 E NSLogUtils_SourceChangeManager: setCurrentSource error, because currentSource is the same as source
05-22 07:20:50.209   558  1606 I gps_hdbd: Received: '$GNGSA,A,1,,,,,,,,,,,,,,,,1*1D
'
05-22 07:20:50.209  3735  3735 D NSLogUtils_MainActivity: progress->89375
05-22 06:39:23.950   573   573 D spi_rst_gpio_get_output: GPIO 145 value: 1
05-22 07:20:50.210  1026  1026 D MyAppLog: [2026-05-22 07:20:50.209 D tboxap gspDataAnalyze:346] [Gps] rev gps data:$GNGSA,A,1,,,,,,,,,,,,,,,,1*1D
05-22 06:39:23.950   573   573 D spidev_ioctl: gpio status=1)
05-22 07:20:50.210  1026  1026 D MyAppLog: [2026-05-22 07:20:50.210 D tboxap gpsCommTboxmidsRecvCb:66] [Gps] [gpsCommTboxmidsRecvCb] gps nmea updated:$GNGSA,A,1,,,,,,,,,,,,,,,,1*1D
05-22 07:20:50.210  1026  1026 D MyAppLog: 
05-22 07:20:50.210  1812  1812 I ExtAssistant: ENQUEUED 0|com.neusoft.btmusic|8001|null|1000 on media_playback_channel
05-22 07:20:50.210  1812  2664 D ExtAssistant: Creating Adjustment for 0|com.neusoft.btmusic|8001|null|1000, with 0 actions, and 0 replies.
05-22 07:20:50.212   573   573 I SpiService: fgesysctrl_getGPIO_status success val=0
05-22 06:39:23.956   573   573 D spi_rst_gpio_get_output: GPIO 145 value: 0
05-22 06:39:23.956   573   573 D spidev_ioctl: gpio status=0)
05-22 07:20:50.215   558  1606 I gps_hdbd: Received: '$GNGSA,A,1,,,,,,,,,,,,,,,,3*1F
'
05-22 07:20:50.215   558  1606 I gps_hdbd: Received: '$GNGSA,A,1,,,,,,,,,,,,,,,,4*18
'
05-22 07:20:50.216  1026  1026 D MyAppLog: [2026-05-22 07:20:50.216 D tboxap gspDataAnalyze:346] [Gps] rev gps data:$GNGSA,A,1,,,,,,,,,,,,,,,,3*1F
05-22 07:20:50.216  1026  1026 D MyAppLog: [2026-05-22 07:20:50.216 D tboxap gpsCommTboxmidsRecvCb:66] [Gps] [gpsCommTboxmidsRecvCb] gps nmea updated:$GNGSA,A,1,,,,,,,,,,,,,,,,3*1F
05-22 07:20:50.216  1026  1026 D MyAppLog: 
05-22 07:20:50.217  1026  1026 D MyAppLog: [2026-05-22 07:20:50.216 D tboxap gspDataAnalyze:346] [Gps] rev gps data:$GNGSA,A,1,,,,,,,,,,,,,,,,4*18
05-22 07:20:50.217  1026  1026 D MyAppLog: [2026-05-22 07:20:50.216 D tboxap gpsCommTboxmidsRecvCb:66] [Gps] [gpsCommTboxmidsRecvCb] gps nmea updated:$GNGSA,A,1,,,,,,,,,,,,,,,,4*18
05-22 07:20:50.217  1026  1026 D MyAppLog: 
05-22 07:20:50.217  2981  3177 I SentryImuMcuAngleSender: 179.93791rollDeg
05-22 07:20:50.218  2981  3177 I SentryImuMcuAngleSender: 1,0,0
05-22 07:20:50.219   291  1491 D EvsDriver: forwardFrame
05-22 07:20:50.220   291  1491 D EvsDriver: Delivered 0xb400007b2f47ca30 as id 0
05-22 07:20:50.220  1137  1150 D evsmanagerd: /dev/video4 forwarded the buffer #0 to 0xb4000071fa019690 from 0xb4000071fa01b7d0
05-22 07:20:50.221   558  1606 I gps_hdbd: Received: '$BDGSV,1,1,00,1*75
'
05-22 07:20:50.221   291  1135 D EvsDriver: doneWithFrame
05-22 07:20:50.221   558  1606 I gps_hdbd: Received: '$GPGSV,1,1,01,199,42,165,,1*60
'
05-22 07:20:50.222   558  1606 I gps_hdbd: Received: '$GAGSV,1,1,00,7*73
'
05-22 07:20:50.222  1026  1026 D MyAppLog: [2026-05-22 07:20:50.221 D tboxap gspDataAnalyze:346] [Gps] rev gps data:$BDGSV,1,1,00,1*75
05-22 07:20:50.222  1026  1026 D MyAppLog: [2026-05-22 07:20:50.221 D tboxap gpsCommTboxmidsRecvCb:66] [Gps] [gpsCommTboxmidsRecvCb] gps nmea updated:$BDGSV,1,1,00,1*75
05-22 07:20:50.222  1026  1026 D MyAppLog: 
05-22 07:20:50.222  1026  1026 D MyAppLog: [2026-05-22 07:20:50.222 D tboxap gspDataAnalyze:346] [Gps] rev gps data:$GPGSV,1,1,01,199,42,165,,1*60
05-22 07:20:50.222  1026  1026 D MyAppLog: [2026-05-22 07:20:50.222 D tboxap gpsCommTboxmidsRecvCb:66] [Gps] [gpsCommTboxmidsRecvCb] gps nmea updated:$GPGSV,1,1,01,199,42,165,,1*60
05-22 07:20:50.222  1026  1026 D MyAppLog: 
05-22 07:20:50.222  1026  1026 D MyAppLog: [2026-05-22 07:20:50.222 D tboxap gspDataAnalyze:346] [Gps] rev gps data:$GAGSV,1,1,00,7*73
05-22 07:20:50.222  1026  1026 D MyAppLog: [2026-05-22 07:20:50.222 D tboxap gpsCommTboxmidsRecvCb:66] [Gps] [gpsCommTboxmidsRecvCb] gps nmea updated:$GAGSV,1,1,00,7*73
05-22 07:20:50.222  1026  1026 D MyAppLog: 
05-22 07:20:50.226   573   573 I SpiService: fgesysctrl_getGPIO_status success val=1
05-22 07:20:50.227   558  1606 I gps_hdbd: Received: '$GNRMC,232050.000,V,,,,,,,210526,120.0,E,N,V*45
'
05-22 07:20:50.227   558  1606 I gps_hdbd: RMC : CALL gnss_sv_status_cb, view_in_sat <1>
05-22 07:20:50.227   558  1606 I gps_hdbd: [reportSvStatus]--->PLATFORM_BSP::Enter
05-22 07:20:50.227   558  1606 I gps_hdbd: hy abnormal deal:hy_cnr30_satellite_cnt=0
05-22 07:20:50.228   558  1606 D gps_hdbd: hy abnormal deal:hy_fixStatus_fail_count=0
05-22 07:20:50.228  1026  1026 D MyAppLog: [2026-05-22 07:20:50.227 D tboxap gspDataAnalyze:346] [Gps] rev gps data:$GNRMC,232050.000,V,,,,,,,210526,120.0,E,N,V*45
05-22 07:20:50.228  1026  1026 D MyAppLog: [2026-05-22 07:20:50.228 D tboxap Real_GPS_Command_Process:293] [Gps] GPS_INFOR_IF_COMPLETED 0f
05-22 07:20:50.228  1026  1026 D MyAppLog: [2026-05-22 07:20:50.228 D tboxap gpsCommDataCb:143] [Gps] [gpsCommDataCb] datacb
05-22 07:20:50.228  1026  1026 W MyAppLog: [2026-05-22 07:20:50.228 W tboxap gpsSyncGpsInfoToDm:263] [Gps] [gpsSyncGpsInfoToDm] fix=0 mode=49 alt=0.00 sat=0 hdop=0.00 pdop=0.00 vdop=0.00
05-22 07:20:50.229  1026  1026 D MyAppLog: [2026-05-22 07:20:50.228 D tboxap gpsIpcInfoCallBack:161] [Gps] [gpsIpcInfoCallBack] gpsIpcInfoCallBack in
05-22 07:20:50.229  1026  1026 D MyAppLog: [2026-05-22 07:20:50.228 D tboxap gpsIpcInfoCallBack:168] [Gps] [gpsIpcInfoCallBack] gps ipc init gpsIpcInfoCallBack = 0x64d0daa0fc
05-22 07:20:50.229  1026  1026 D MyAppLog: [2026-05-22 07:20:50.228 D tboxap gpsIpcInfoCallBack:176] [Gps] [gpsIpcInfoCallBack] gpsIpcInfoCallBack 44 out
05-22 07:20:50.229  1026  1026 D MyAppLog: [2026-05-22 07:20:50.228 D tboxap gpsCommTboxmidsRecvCb:66] [Gps] [gpsCommTboxmidsRecvCb] gps nmea updated:$GNRMC,232050.000,V,,,,,,,210526,120.0,E,N,V*45
05-22 07:20:50.229  1026  1026 D MyAppLog: 
05-22 07:20:50.229  1026  1026 D MyAppLog: [2026-05-22 07:20:50.228 D tboxap GpsIpcInfoHandler:133] [Gps] [GpsIpcInfoHandler]  time 
05-22 06:39:23.970   573   573 D spi_rst_gpio_get_output: GPIO 145 value: 1
05-22 06:39:23.970   573   573 D spidev_ioctl: gpio status=1)
05-22 07:20:50.230   544   544 D commservice260303: msg.id = 1028,0
05-22 07:20:50.230   544   544 D commservice260303: i = 170, msgid = 8A000404
05-22 07:20:50.230   544   544 D commservice260303: msgid = -1979710460,did=138
05-22 07:20:50.230   544   544 D commservice260303: CommProtocolLibCmdBaseI2C::dataproc {"command":{"id":"imu_status","sub":""},"content":{"TimeStamp":1779405650229,"FrameCounter":22345,"GD_X":-0.009621189907193184,"GD_Y":0.007864127866923809,"GD_Z":0.01817295327782631,"AD_X":-0.0032855570316314697,"AD_Y":-0.0023069726303219795,"AD_Z":-0.3254070281982422,"TempDsp":0,"Status":0,"CalibState":1,"SigAmpInvalid":0}},-1979710460
05-22 07:20:50.230   544   544 D commservice260303: send2Cluster len:326, 7B22636F6D6D616E64223A7B226964223A22696D755F737461747573222C22737562223A22227D2C22636F6E74656E74223A7B2254696D655374616D70223A313737393430353635303232392C224672616D65436F756E746572223A32323334352C2247445F58223A2D302E3030393632313138393930373139333138342C2247445F59223A302E3030373836343132373836363932333830392C2247445F5A223A302E30313831373239353332373738323633312C2241445F58223A2D302E303033323835353537303331363331343639372C2241445F59223A2D302E303032333036393732363330333231393739352C2241445F5A223A2D302E333235343037303238313938323432322C2254656D70447370223A302C22537461747573223A302C2243616C69625374617465223A312C22536967416D70496E76616C6964223A307D7D, 138 
05-22 07:20:50.230   544   544 D commservice260303: Push Message into SendPool fn=559480832
05-22 07:20:50.230   544   544 D commservice260303: ComProtocolLibSend2Cluster::send2ClusterRaw fn=559480832 , len=342
05-22 07:20:50.230   544   544 D commservice260303: sendCmdToPort :342!!!
05-22 07:20:50.230   544   544 D commservice260303: send Cmd To Port ++++5AA501528A01000059216A0F93527B22636F6D6D616E64223A7B226964223A22696D755F737461747573222C22737562223A22227D2C22636F6E74656E74223A7B2254696D655374616D70223A313737393430353635303232392C224672616D65436F756E746572223A32323334352C2247445F58223A2D302E3030393632313138393930373139333138342C2247445F59223A302E3030373836343132373836363932333830392C2247445F5A223A302E30313831373239353332373738323633312C2241445F58223A2D302E303033323835353537303331363331343639372C2241445F59223A2D302E303032333036393732363330333231393739352C2241445F5A223A2D302E333235343037303238313938323432322C2254656D70447370223A302C22537461747573223A302C2243616C69625374617465223A312C22536967416D70496E76616C6964223A307D7D1D34
05-22 07:20:50.230   544   544 D commservice260303: bufferevent_write retrun value = 0
05-22 07:20:50.231   544   567 D commservice260303: client datas send succeed,send finish
05-22 07:20:50.231  2981  3178 D Sentinelmode_1.2.5.13_alpha: <SentryImuClusterFgeSender>imu_status sent to Linux, frame=22345, tsNs=935191, tsMs=1779405650229, intervalMs=41, ad=(-0.003285557,-0.0023069726,-0.32540703), gd=(-0.00962119,0.007864128,0.018172953)
05-22 07:20:50.232   573   573 I SpiService: fgesysctrl_getGPIO_status success val=1
05-22 07:20:50.232   558  1606 I gps_hdbd: Received: '$GNZDA,232050.000,21,05,2026,00,00*4E
'
05-22 07:20:50.233   565   599 I Sensors : 230 GyroSensor: x:-0.008933,y:0.007635,z:0.018173
05-22 07:20:50.233  1026  1026 D MyAppLog: [2026-05-22 07:20:50.233 D tboxap gspDataAnalyze:346] [Gps] rev gps data:$GNZDA,232050.000,21,05,2026,00,00*4E
05-22 07:20:50.233  1026  1026 D MyAppLog: [2026-05-22 07:20:50.233 D tboxap gpsCommTboxmidsRecvCb:66] [Gps] [gpsCommTboxmidsRecvCb] gps nmea updated:$GNZDA,232050.000,21,05,2026,00,00*4E
05-22 07:20:50.233  1026  1026 D MyAppLog: 
05-22 06:39:23.975   573   573 D spi_rst_gpio_get_output: GPIO 145 value: 1
05-22 06:39:23.975   573   573 D spidev_ioctl: gpio status=1)
05-22 06:39:23.981   573   573 D spi_rst_gpio_get_output: GPIO 145 value: 1
05-22 06:39:23.981   573   573 D spidev_ioctl: gpio status=1)
05-22 07:20:50.237   573   573 I SpiService: fgesysctrl_getGPIO_status success val=1
05-22 07:20:50.238  2981  3177 I SentryImuMcuAngleSender: 179.93793rollDeg
05-22 07:20:50.238  2981  3177 I SentryImuMcuAngleSender: 1,0,0
05-22 07:20:50.238   558  1606 I gps_hdbd: Received: '$GNGST,232050.000,,,,,,,*51
'
05-22 07:20:50.243   573   573 I SpiService: fgesysctrl_getGPIO_status success val=1
05-22 06:39:23.987   573   573 D spi_rst_gpio_get_output: GPIO 145 value: 1
05-22 06:39:23.987   573   573 D spidev_ioctl: gpio status=1)
05-22 07:20:50.249   573   573 I SpiService: fgesysctrl_getGPIO_status success val=0
05-22 06:39:23.992   573   573 D spi_rst_gpio_get_output: GPIO 145 value: 0
05-22 06:39:23.992   573   573 D spidev_ioctl: gpio status=0)
05-22 07:20:50.251   824   824 D SurfaceFlinger: unisoc-graphics, commit has frameMissed:2, vysncId:435077
05-22 07:20:50.254  2981  3170 D SVR_MNG_SvrMngProxy: getServer: mSvrManger is null
05-22 07:20:50.254   291  1491 D EvsDriver: forwardFrame
05-22 07:20:50.254  2981  3170 D SVR_MNG_SvrMngProxy: getNewStub: 
05-22 07:20:50.254  2981  3170 D SVR_MNG_SvrMngProxy: getNewStub: getSvrManagerService start
05-22 07:20:50.255   291  1491 D EvsDriver: Delivered 0xb400007b2f47ca30 as id 0
05-22 07:20:50.256  1137  1150 D evsmanagerd: /dev/video4 forwarded the buffer #0 to 0xb4000071fa019690 from 0xb4000071fa01b7d0
05-22 07:20:50.256  2981  3170 D SVR_MNG_SvrMngProxy: getNewStub: getSvrManagerService end
05-22 07:20:50.256   558  1606 I gps_hdbd: Received: '$GNINS,1,1,TYPE,I,V,232050.000,918200,FUS,-18,0,0,0,MOT,V,1,PATT,0.00,0.00,0.00,VEL,0.000,0.000,0.000,POS,39.9999846247,115.9999771395,108.489,IIA,1,0.00,0.00,0.00,BGA,0.44,-0.52,-1.01,0.000,0.000,0.000,IGA,0,-1,-1,0,-1,99,VG,16c2ff1*37
'
05-22 07:20:50.256  2981  3170 D SVR_MNG_SvrMngProxy: getServer: svrMngService doesn't start
05-22 07:20:50.259  2981  3177 I SentryImuMcuAngleSender: 179.93793rollDeg
05-22 07:20:50.259  2981  3177 I SentryImuMcuAngleSender: 1,0,0
05-22 07:20:50.262   291  1135 D EvsDriver: doneWithFrame
05-22 07:20:50.263   573   573 I SpiService: fgesysctrl_getGPIO_status success val=1
05-22 06:39:24.007   573   573 D spi_rst_gpio_get_output: GPIO 145 value: 1
05-22 06:39:24.007   573   573 D spidev_ioctl: gpio status=1)
05-22 07:20:50.267   558  1606 I gps_hdbd: Received: '$GNINS,CARSPEED,ADR_STATUS,0,Pulse_count,0,1,0,0,918197,9182,0.000,0.000,0.000*0B
'
05-22 07:20:50.268   824   824 D SurfaceFlinger: unisoc-graphics, commit has frameMissed:2, vysncId:435085
05-22 07:20:50.269   573   573 I SpiService: fgesysctrl_getGPIO_status success val=1
05-22 07:20:50.270   544   544 D commservice260303: msg.id = 1028,0
05-22 06:39:24.012   573   573 D spi_rst_gpio_get_output: GPIO 145 value: 1
05-22 06:39:24.012   573   573 D spidev_ioctl: gpio status=1)
05-22 07:20:50.270   544   544 D commservice260303: i = 170, msgid = 8A000404
05-22 07:20:50.270   544   544 D commservice260303: msgid = -1979710460,did=138
05-22 07:20:50.270   544   544 D commservice260303: CommProtocolLibCmdBaseI2C::dataproc {"command":{"id":"imu_status","sub":""},"content":{"TimeStamp":1779405650269,"FrameCounter":22346,"GD_X":-0.008933032862842083,"GD_Y":0.007634742185473442,"GD_Z":0.01817295327782631,"AD_X":-0.0038943886756896973,"AD_Y":-0.0023052729666233063,"AD_Z":-0.32845497131347656,"TempDsp":0,"Status":0,"CalibState":1,"SigAmpInvalid":0}},-1979710460
05-22 07:20:50.270   544   544 D commservice260303: send2Cluster len:327, 7B22636F6D6D616E64223A7B226964223A22696D755F737461747573222C22737562223A22227D2C22636F6E74656E74223A7B2254696D655374616D70223A313737393430353635303236392C224672616D65436F756E746572223A32323334362C2247445F58223A2D302E3030383933333033323836323834323038332C2247445F59223A302E3030373633343734323138353437333434322C2247445F5A223A302E30313831373239353332373738323633312C2241445F58223A2D302E303033383934333838363735363839363937332C2241445F59223A2D302E303032333035323732393636363233333036332C2241445F5A223A2D302E33323834353439373133313334373635362C2254656D70447370223A302C22537461747573223A302C2243616C69625374617465223A312C22536967416D70496E76616C6964223A307D7D, 138 
05-22 07:20:50.270   544   544 D commservice260303: Push Message into SendPool fn=576258048
05-22 07:20:50.270   544   544 D commservice260303: ComProtocolLibSend2Cluster::send2ClusterRaw fn=576258048 , len=343
05-22 07:20:50.270   544   544 D commservice260303: sendCmdToPort :343!!!
05-22 07:20:50.270   544   544 D commservice260303: send Cmd To Port ++++5AA501538A01000059226A0F93527B22636F6D6D616E64223A7B226964223A22696D755F737461747573222C22737562223A22227D2C22636F6E74656E74223A7B2254696D655374616D70223A313737393430353635303236392C224672616D65436F756E746572223A32323334362C2247445F58223A2D302E3030383933333033323836323834323038332C2247445F59223A302E3030373633343734323138353437333434322C2247445F5A223A302E30313831373239353332373738323633312C2241445F58223A2D302E303033383934333838363735363839363937332C2241445F59223A2D302E303032333035323732393636363233333036332C2241445F5A223A2D302E33323834353439373133313334373635362C2254656D70447370223A302C22537461747573223A302C2243616C69625374617465223A312C22536967416D70496E76616C6964223A307D7D5BFF
05-22 07:20:50.270   544   544 D commservice260303: bufferevent_write retrun value = 0
05-22 07:20:50.270   544   567 D commservice260303: client datas send succeed,send finish
05-22 07:20:50.270  2981  3178 D Sentinelmode_1.2.5.13_alpha: <SentryImuClusterFgeSender>imu_status sent to Linux, frame=22346, tsNs=935215, tsMs=1779405650269, intervalMs=39, ad=(-0.0038943887,-0.002305273,-0.32845497), gd=(-0.008933033,0.007634742,0.018172953)
05-22 07:20:50.273   558  1606 I gps_hdbd: Received: '$GNTXT,04,01,04,INS,V,1,,,,FLG,1,000000,1,0,1,0,0,Con,0*71
'
05-22 07:20:50.273   558  1606 I gps_hdbd: Received: '$GNTXT,INSTALL,0.00,0.00,0.00,0.00,0.00,0.00,0*20
'
05-22 07:20:50.274   573   573 I SpiService: fgesysctrl_getGPIO_status success val=1
05-22 07:20:50.277   964  1804 D [OMXB]  : usingANWBuffer: handle:0xebd40010, format:1, w:1920, h:1080
05-22 06:39:24.018   573   573 D spi_rst_gpio_get_output: GPIO 145 value: 1
05-22 06:39:24.018   573   573 D spidev_ioctl: gpio status=1)
05-22 07:20:50.279  2981  3177 I SentryImuMcuAngleSender: 179.93793rollDeg
05-22 07:20:50.279  2981  3177 I SentryImuMcuAngleSender: 1,0,0
05-22 07:20:50.279   573   573 I SpiService: fgesysctrl_getGPIO_status success val=1
05-22 06:39:24.023   573   573 D spi_rst_gpio_get_output: GPIO 145 value: 1
05-22 06:39:24.023   573   573 D spidev_ioctl: gpio status=1)
05-22 07:20:50.285   291  1491 D EvsDriver: forwardFrame
05-22 07:20:50.285   573   573 I SpiService: fgesysctrl_getGPIO_status success val=1
05-22 06:39:24.028   573   573 D spi_rst_gpio_get_output: GPIO 145 value: 1
05-22 06:39:24.028   573   573 D spidev_ioctl: gpio status=1)
05-22 07:20:50.286   824   824 D SurfaceFlinger: unisoc-graphics, commit has frameMissed:2, vysncId:435086
05-22 07:20:50.286   291  1491 D EvsDriver: Delivered 0xb400007b2f47ca30 as id 0
05-22 07:20:50.286  1137  1150 D evsmanagerd: /dev/video4 forwarded the buffer #0 to 0xb4000071fa019690 from 0xb4000071fa01b7d0
05-22 07:20:50.288   276   300 I rvcservice: t.code = 3, t.value = 0
05-22 07:20:50.289   291  1135 D EvsDriver: doneWithFrame
05-22 07:20:50.290   573   573 I SpiService: fgesysctrl_getGPIO_status success val=0
05-22 06:39:24.034   573   573 D spi_rst_gpio_get_output: GPIO 145 value: 0
05-22 06:39:24.034   573   573 D spidev_ioctl: gpio status=0)
05-22 07:20:50.300  2981  3177 I SentryImuMcuAngleSender: 179.93106rollDeg
05-22 07:20:50.300  2981  3177 I SentryImuMcuAngleSender: 1,0,0
05-22 07:20:50.304   573   573 I SpiService: fgesysctrl_getGPIO_status success val=1
05-22 06:39:24.048   573   573 D spi_rst_gpio_get_output: GPIO 145 value: 1
05-22 06:39:24.048   573   573 D spidev_ioctl: gpio status=1)
05-22 07:20:50.310   573   573 I SpiService: fgesysctrl_getGPIO_status success val=1
05-22 07:20:50.311   544   544 D commservice260303: msg.id = 1028,0
05-22 07:20:50.311   544   544 D commservice260303: i = 170, msgid = 8A000404
05-22 07:20:50.311   544   544 D commservice260303: msgid = -1979710460,did=138
05-22 07:20:50.311   544   544 D commservice260303: CommProtocolLibCmdBaseI2C::dataproc {"command":{"id":"imu_status","sub":""},"content":{"TimeStamp":1779405650310,"FrameCounter":22347,"GD_X":-0.00923888012766838,"GD_Y":0.007024087477475405,"GD_Z":0.017944088205695152,"AD_X":-0.0014569461345672607,"AD_Y":-0.0010842159390449524,"AD_Z":-0.33333492279052734,"TempDsp":0,"Status":0,"CalibState":1,"SigAmpInvalid":0}},-1979710460
05-22 07:20:50.311   544   544 D commservice260303: send2Cluster len:327, 7B22636F6D6D616E64223A7B226964223A22696D755F737461747573222C22737562223A22227D2C22636F6E74656E74223A7B2254696D655374616D70223A313737393430353635303331302C224672616D65436F756E746572223A32323334372C2247445F58223A2D302E30303932333838383031323736363833382C2247445F59223A302E3030373032343038373437373437353430352C2247445F5A223A302E3031373934343038383230353639353135322C2241445F58223A2D302E303031343536393436313334353637323630372C2241445F59223A2D302E303031303834323135393339303434393532342C2241445F5A223A2D302E33333333333439323237393035323733342C2254656D70447370223A302C22537461747573223A302C2243616C69625374617465223A312C22536967416D70496E76616C6964223A307D7D, 138 
05-22 07:20:50.311   544   544 D commservice260303: Push Message into SendPool fn=593035264
05-22 07:20:50.311   544   544 D commservice260303: ComProtocolLibSend2Cluster::send2ClusterRaw fn=593035264 , len=343
05-22 07:20:50.311   544   544 D commservice260303: sendCmdToPort :343!!!
05-22 07:20:50.311   544   544 D commservice260303: send Cmd To Port ++++5AA501538A01000059236A0F93527B22636F6D6D616E64223A7B226964223A22696D755F737461747573222C22737562223A22227D2C22636F6E74656E74223A7B2254696D655374616D70223A313737393430353635303331302C224672616D65436F756E746572223A32323334372C2247445F58223A2D302E30303932333838383031323736363833382C2247445F59223A302E3030373032343038373437373437353430352C2247445F5A223A302E3031373934343038383230353639353135322C2241445F58223A2D302E303031343536393436313334353637323630372C2241445F59223A2D302E303031303834323135393339303434393532342C2241445F5A223A2D302E33333333333439323237393035323733342C2254656D70447370223A302C22537461747573223A302C2243616C69625374617465223A312C22536967416D70496E76616C6964223A307D7DE9BA
05-22 07:20:50.311   544   544 D commservice260303: bufferevent_write retrun value = 0
05-22 07:20:50.312   544   567 D commservice260303: client datas send succeed,send finish
05-22 07:20:50.312   291  1491 D EvsDriver: forwardFrame
05-22 07:20:50.313  1137  1150 D evsmanagerd: /dev/video4 forwarded the buffer #0 to 0xb4000071fa019690 from 0xb4000071fa01b7d0
05-22 07:20:50.313   477  1243 I dvr_service_: [myNum:0][onFrameReceived] Received Surface:1 0
05-22 07:20:50.313   291  1491 D EvsDriver: Delivered 0xb400007b2f47ca30 as id 0
05-22 07:20:50.313   291  1135 D EvsDriver: doneWithFrame
05-22 07:20:50.314  1658  2553 D AIN-ExternalMapLocation: MSG_LOCATE
05-22 07:20:50.314  1658  2553 D AIN-CustomMapProxy: sendMsgToCustomMap hascallback : false
05-22 07:20:50.314  1658  2553 D AIN-ServiceHub: getService with: name = service_multi_dhu_control
05-22 07:20:50.314  1658  2553 D AIN-NaviThirdPartyAccessor: hasCallback : false
05-22 07:20:50.314  1658  2553 D AIN-NaviThirdPartyAccessor: sendMsgToCustomMap msg : {"needResponse":true,"protocolFrom":"com.aispeech.lyra.daemon","protocolId":14012,"protocolVersion":"v1","requestCode":"cfa1fbe0-b57e-439d-9bd2-2de43f8f46b5"}
05-22 07:20:50.314  1658  2553 I AIN-CustomMapProxy: requestCurLocation，requestLocationCount=182 callTag=toLocate
05-22 06:39:24.053   573   573 D spi_rst_gpio_get_output: GPIO 145 value: 1
05-22 06:39:24.053   573   573 D spidev_ioctl: gpio status=1)
05-22 07:20:50.315  2981  3178 D Sentinelmode_1.2.5.13_alpha: <SentryImuClusterFgeSender>imu_status sent to Linux, frame=22347, tsNs=935279, tsMs=1779405650310, intervalMs=42, ad=(-0.0014569461,-0.0010842159,-0.33333492), gd=(-0.00923888,0.0070240875,0.017944088)
05-22 07:20:50.315   573   573 I SpiService: fgesysctrl_getGPIO_status success val=1
05-22 06:39:24.059   573   573 D spi_rst_gpio_get_output: GPIO 145 value: 1
05-22 06:39:24.059   573   573 D spidev_ioctl: gpio status=1)
05-22 06:39:24.064   573   573 D spi_rst_gpio_get_output: GPIO 145 value: 1
05-22 06:39:24.064   573   573 D spidev_ioctl: gpio status=1)
05-22 07:20:50.321   573   573 I SpiService: fgesysctrl_getGPIO_status success val=1
05-22 07:20:50.324  2981  3177 I SentryImuMcuAngleSender: 179.91382rollDeg
05-22 07:20:50.324  2981  3177 I SentryImuMcuAngleSender: 1,0,0
05-22 07:20:50.326   573   573 I SpiService: fgesysctrl_getGPIO_status success val=1
05-22 06:39:24.070   573   573 D spi_rst_gpio_get_output: GPIO 145 value: 1
05-22 06:39:24.070   573   573 D spidev_ioctl: gpio status=1)
05-22 07:20:50.332   573   573 I SpiService: fgesysctrl_getGPIO_status success val=0
05-22 06:39:24.075   573   573 D spi_rst_gpio_get_output: GPIO 145 value: 0
05-22 06:39:24.075   573   573 D spidev_ioctl: gpio status=0)
05-22 07:20:50.345  2981  3177 I SentryImuMcuAngleSender: 179.90001rollDeg
05-22 07:20:50.345  2981  3177 I SentryImuMcuAngleSender: 1,0,0
05-22 07:20:50.346   573   573 I SpiService: fgesysctrl_getGPIO_status success val=1
05-22 07:20:50.347   291  1491 D EvsDriver: forwardFrame
05-22 07:20:50.349   291  1491 D EvsDriver: Delivered 0xb400007b2f47ca30 as id 0
05-22 07:20:50.349  1137  1150 D evsmanagerd: /dev/video4 forwarded the buffer #0 to 0xb4000071fa019690 from 0xb4000071fa01b7d0
05-22 06:39:24.089   573   573 D spi_rst_gpio_get_output: GPIO 145 value: 1
05-22 06:39:24.089   573   573 D spidev_ioctl: gpio status=1)
05-22 07:20:50.352   573   573 I SpiService: fgesysctrl_getGPIO_status success val=1
05-22 06:39:24.095   573   573 D spi_rst_gpio_get_output: GPIO 145 value: 1
05-22 06:39:24.095   573   573 D spidev_ioctl: gpio status=1)
05-22 07:20:50.352   824   824 D SurfaceFlinger: unisoc-graphics, commit has frameMissed:2, vysncId:435096
05-22 07:20:50.353   544   544 D commservice260303: msg.id = 1028,1
05-22 07:20:50.353   544   544 D commservice260303: i = 170, msgid = 8A000404
05-22 07:20:50.353   544   544 D commservice260303: msgid = -1979710460,did=138
05-22 07:20:50.354   544   544 D commservice260303: CommProtocolLibCmdBaseI2C::dataproc {"command":{"id":"imu_status","sub":""},"content":{"TimeStamp":1779405650351,"FrameCounter":22348,"GD_X":-0.00985005497932434,"GD_Y":0.007712244056165218,"GD_Z":0.017944088205695152,"AD_X":-0.006334997713565826,"AD_Y":0.004402236081659794,"AD_Z":-0.32967567443847656,"TempDsp":0,"Status":0,"CalibState":1,"SigAmpInvalid":0}},-1979710460
05-22 07:20:50.354   544   544 D commservice260303: send2Cluster len:324, 7B22636F6D6D616E64223A7B226964223A22696D755F737461747573222C22737562223A22227D2C22636F6E74656E74223A7B2254696D655374616D70223A313737393430353635303335312C224672616D65436F756E746572223A32323334382C2247445F58223A2D302E30303938353030353439373933323433342C2247445F59223A302E3030373731323234343035363136353231382C2247445F5A223A302E3031373934343038383230353639353135322C2241445F58223A2D302E3030363333343939373731333536353832362C2241445F59223A302E3030343430323233363038313635393739342C2241445F5A223A2D302E33323936373536373434333834373635362C2254656D70447370223A302C22537461747573223A302C2243616C69625374617465223A312C22536967416D70496E76616C6964223A307D7D, 138 
05-22 07:20:50.354   291  1135 D EvsDriver: doneWithFrame
05-22 07:20:50.354   544   544 D commservice260303: Push Message into SendPool fn=609812480
05-22 07:20:50.354   544   544 D commservice260303: ComProtocolLibSend2Cluster::send2ClusterRaw fn=609812480 , len=340
05-22 07:20:50.354   544   544 D commservice260303: sendCmdToPort :340!!!
05-22 07:20:50.354   544   544 D commservice260303: send Cmd To Port ++++5AA501508A01000059246A0F93527B22636F6D6D616E64223A7B226964223A22696D755F737461747573222C22737562223A22227D2C22636F6E74656E74223A7B2254696D655374616D70223A313737393430353635303335312C224672616D65436F756E746572223A32323334382C2247445F58223A2D302E30303938353030353439373933323433342C2247445F59223A302E3030373731323234343035363136353231382C2247445F5A223A302E3031373934343038383230353639353135322C2241445F58223A2D302E3030363333343939373731333536353832362C2241445F59223A302E3030343430323233363038313635393739342C2241445F5A223A2D302E33323936373536373434333834373635362C2254656D70447370223A302C22537461747573223A302C2243616C69625374617465223A312C22536967416D70496E76616C6964223A307D7DEEBE
05-22 07:20:50.354   544   544 D commservice260303: bufferevent_write retrun value = 0
05-22 07:20:50.354   544   567 D commservice260303: client datas send succeed,send finish
05-22 07:20:50.354  2981  3178 D Sentinelmode_1.2.5.13_alpha: <SentryImuClusterFgeSender>imu_status sent to Linux, frame=22348, tsNs=935315, tsMs=1779405650351, intervalMs=42, ad=(-0.0063349977,0.004402236,-0.32967567), gd=(-0.009850055,0.007712244,0.017944088)
05-22 07:20:50.357   573   573 I SpiService: fgesysctrl_getGPIO_status success val=1
05-22 06:39:24.101   573   573 D spi_rst_gpio_get_output: GPIO 145 value: 1
05-22 06:39:24.101   573   573 D spidev_ioctl: gpio status=1)
05-22 07:20:50.358  1026  1026 D MyAppLog: [2026-05-22 07:20:50.357 D tboxap tsp_WorkMachineProc:1086] [Tsp] [tsp_WorkMachineProc]TSP_WORK_LOGIN NOW !!!!
05-22 07:20:50.358   964  1804 D [OMXB]  : usingANWBuffer: handle:0xebd430e0, format:1, w:1920, h:1080
05-22 07:20:50.363   573   573 I SpiService: fgesysctrl_getGPIO_status success val=1
05-22 06:39:24.106   573   573 D spi_rst_gpio_get_output: GPIO 145 value: 1
05-22 06:39:24.106   573   573 D spidev_ioctl: gpio status=1)
05-22 07:20:50.366  2981  3177 I SentryImuMcuAngleSender: 179.91379rollDeg
05-22 07:20:50.366  2981  3177 I SentryImuMcuAngleSender: 1,0,0
05-22 07:20:50.368   573   573 I SpiService: fgesysctrl_getGPIO_status success val=1
05-22 07:20:50.368  2981  3177 I SentryImuMcuAngleSender: [4, 18, 1, 0, 0],5
05-22 07:20:50.368  2981  3177 I McuCommManager: mcuCommSendcmd [4, 18, 1, 0, 0]
05-22 07:20:50.368  2981  3177 I SentryImuMcuAngleSender: true
05-22 07:20:50.369  2981  3177 W Sentinelmode_1.2.5.13_alpha: <SentryImuMcuAngleSender>MCU IMU send interval abnormal: 1001ms
05-22 07:20:50.371   824   824 D SurfaceFlinger: unisoc-graphics, commit has frameMissed:2, vysncId:435104
05-22 06:39:24.111   573   573 D spi_rst_gpio_get_output: GPIO 145 value: 1
05-22 06:39:24.111   573   573 D spidev_ioctl: gpio status=1)
05-22 07:20:50.373   573   573 I SpiService: fgesysctrl_getGPIO_status success val=1
05-22 06:39:24.117   573   573 D spi_rst_gpio_get_output: GPIO 145 value: 1
05-22 06:39:24.117   573   573 D spidev_ioctl: gpio status=1)
05-22 07:20:50.379   573   573 I SpiService: fgesysctrl_getGPIO_status success val=0
05-22 07:20:50.379   486   579 I mcuc    : send SPI:6AA6000A2900050412010000B1
05-22 06:39:24.122   573   573 D spi_rst_gpio_get_output: GPIO 145 value: 0
05-22 06:39:24.122   573   573 D spidev_ioctl: gpio status=0)
05-22 07:20:50.385   291  1491 D EvsDriver: forwardFrame
05-22 07:20:50.386  2981  3177 I SentryImuMcuAngleSender: 179.93102rollDeg
05-22 07:20:50.386   291  1491 D EvsDriver: Delivered 0xb400007b2f47ca30 as id 0
05-22 07:20:50.386  2981  3177 I SentryImuMcuAngleSender: 1,0,0
05-22 07:20:50.386  1137  1150 D evsmanagerd: /dev/video4 forwarded the buffer #0 to 0xb4000071fa019690 from 0xb4000071fa01b7d0
05-22 07:20:50.387   565   599 I Sensors : 230 AccelSensor: x:-0.108580,y:0.010980,z:-10.135150
05-22 07:20:50.388   276   300 I rvcservice: t.code = 1, t.value = -108580
05-22 07:20:50.390   291  1135 D EvsDriver: doneWithFrame
05-22 07:20:50.391   737   737 D Telecom : Logging: START_SESSION
05-22 07:20:50.392   737   737 D Telecom : Logging: END_SESSION (dur: 1 ms): TSI.iIMC@Gec
05-22 07:20:50.392   737   737 D Telecom : Logging: START_SESSION
05-22 07:20:50.392   737   737 D Telecom : Logging: END_SESSION (dur: 0 ms): TSI.iISMC(a)@Geg
05-22 07:20:50.392   544   544 D commservice260303: msg.id = 1028,1
05-22 07:20:50.392   737   737 D ResponseStatsTracker: notification:+15m35s167ms; event=<updated>, pkg=com.neusoft.btmusic, usr=0
05-22 07:20:50.392   544   544 D commservice260303: i = 170, msgid = 8A000404
05-22 07:20:50.392   544   544 D commservice260303: msgid = -1979710460,did=138
05-22 07:20:50.392   544   544 D commservice260303: CommProtocolLibCmdBaseI2C::dataproc {"command":{"id":"imu_status","sub":""},"content":{"TimeStamp":1779405650391,"FrameCounter":22349,"GD_X":-0.010154861956834793,"GD_Y":0.007405876647680998,"GD_Z":0.01763824187219143,"AD_X":-0.0038914233446121216,"AD_Y":-0.0023063700646162033,"AD_Z":-0.32906532287597656,"TempDsp":0,"Status":0,"CalibState":1,"SigAmpInvalid":0}},-1979710460
05-22 07:20:50.392   737   737 D Telecom : Logging: START_SESSION
05-22 07:20:50.392   737   737 D Telecom : Logging: END_SESSION (dur: 0 ms): TSI.gDDP@Gek
05-22 07:20:50.392   544   544 D commservice260303: send2Cluster len:327, 7B22636F6D6D616E64223A7B226964223A22696D755F737461747573222C22737562223A22227D2C22636F6E74656E74223A7B2254696D655374616D70223A313737393430353635303339312C224672616D65436F756E746572223A32323334392C2247445F58223A2D302E3031303135343836313935363833343739332C2247445F59223A302E3030373430353837363634373638303939382C2247445F5A223A302E30313736333832343138373231393134332C2241445F58223A2D302E303033383931343233333434363132313231362C2241445F59223A2D302E303032333036333730303634363136323033332C2241445F5A223A2D302E33323930363533323238373539373635362C2254656D70447370223A302C22537461747573223A302C2243616C69625374617465223A312C22536967416D70496E76616C6964223A307D7D, 138 
05-22 07:20:50.392   544   544 D commservice260303: Push Message into SendPool fn=626589696
05-22 07:20:50.392   737   737 D Telecom : Logging: START_SESSION
05-22 07:20:50.392   544   544 D commservice260303: ComProtocolLibSend2Cluster::send2ClusterRaw fn=626589696 , len=343
05-22 07:20:50.392   544   544 D commservice260303: sendCmdToPort :343!!!
05-22 07:20:50.392   737   737 D Telecom : Logging: END_SESSION (dur: 0 ms): TSI.gDDP@Geo
05-22 07:20:50.392   573   573 I SpiService: fgesysctrl_getGPIO_status success val=1
05-22 07:20:50.393   737   737 D Telecom : Logging: START_SESSION
05-22 07:20:50.393   544   544 D commservice260303: send Cmd To Port ++++5AA501538A01000059256A0F93527B22636F6D6D616E64223A7B226964223A22696D755F737461747573222C22737562223A22227D2C22636F6E74656E74223A7B2254696D655374616D70223A313737393430353635303339312C224672616D65436F756E746572223A32323334392C2247445F58223A2D302E3031303135343836313935363833343739332C2247445F59223A302E3030373430353837363634373638303939382C2247445F5A223A302E30313736333832343138373231393134332C2241445F58223A2D302E303033383931343233333434363132313231362C2241445F59223A2D302E303032333036333730303634363136323033332C2241445F5A223A2D302E33323930363533323238373539373635362C2254656D70447370223A302C22537461747573223A302C2243616C69625374617465223A312C22536967416D70496E76616C6964223A307D7DC374
05-22 07:20:50.393   737   737 D Telecom : Logging: END_SESSION (dur: 0 ms): TSI.gDDP@Ges
05-22 07:20:50.393   544   544 D commservice260303: bufferevent_write retrun value = 0
05-22 07:20:50.393   737   737 D Telecom : Logging: START_SESSION
05-22 07:20:50.393   544   567 D commservice260303: client datas send succeed,send finish
05-22 07:20:50.393   737   737 D Telecom : Logging: END_SESSION (dur: 0 ms): TSI.gDDP@Gew
05-22 07:20:50.393   737   737 D NotificationService: 0|com.neusoft.btmusic|8001|null|1000: updating permissions
05-22 07:20:50.393  2981  3178 D Sentinelmode_1.2.5.13_alpha: <SentryImuClusterFgeSender>imu_status sent to Linux, frame=22349, tsNs=935369, tsMs=1779405650391, intervalMs=39, ad=(-0.0038914233,-0.00230637,-0.32906532), gd=(-0.010154862,0.0074058766,0.017638242)
05-22 06:39:24.136   573   573 D spi_rst_gpio_get_output: GPIO 145 value: 1
05-22 06:39:24.136   573   573 D spidev_ioctl: gpio status=1)
05-22 07:20:50.393   737   737 D NotificationService: 0|com.neusoft.btmusic|8001|null|1000: updating permissions
05-22 07:20:50.393   737   737 D NotificationService: 0|com.neusoft.btmusic|8001|null|1000: updating permissions
05-22 07:20:50.393   737   737 D NotificationService: 0|com.neusoft.btmusic|8001|null|1000: updating permissions
05-22 07:20:50.393   737   737 D NotificationService: 0|com.neusoft.btmusic|8001|null|1000: updating permissions
05-22 07:20:50.393   737   737 D NotificationService: 0|com.neusoft.btmusic|8001|null|1000: updating permissions
05-22 07:20:50.395   737  1616 D PowerController.AppState: - updateNotification() E -
05-22 07:20:50.396  1517  1517 D CarNotificationListener: onNotificationPosted: StatusBarNotification(pkg=com.neusoft.btmusic user=UserHandle{0} id=8001 tag=null key=0|com.neusoft.btmusic|8001|null|1000: Notification(channel=media_playback_channel shortcut=null contentView=null vibrate=null sound=null defaults=0x0 flags=0x6a color=0x00000000 category=transport groupKey=silent actions=3 vis=PUBLIC))
05-22 07:20:50.396  1517  1517 D CarNotificationListener: Is incoming notification a group summary?: false
05-22 07:20:50.396  1812  1812 I ExtAssistant: POSTED 0|com.neusoft.btmusic|8001|null|1000
05-22 07:20:50.397  1517  1517 D NavBarFragment: onShow: AlertEntry:StatusBarNotification(pkg=com.neusoft.btmusic user=UserHandle{0} id=8001 tag=null key=0|com.neusoft.btmusic|8001|null|1000: Notification(channel=media_playback_channel shortcut=null contentView=null vibrate=null sound=null defaults=0x0 flags=0x6a color=0x00000000 category=transport groupKey=silent actions=3 vis=PUBLIC))
05-22 07:20:50.397  1517  1517 D NavBarFragment: bindMediaActions: action[0] title=Previous, intent=PendingIntent{2eb26f: android.os.BinderProxy@beb4470}
05-22 07:20:50.397  1517  1517 D NavBarFragment: bindMediaActions: action[1] title=Pause, intent=PendingIntent{f19fb7c: android.os.BinderProxy@b332c26}
05-22 07:20:50.397  1517  1517 D NavBarFragment: bindMediaActions: action[2] title=Next, intent=PendingIntent{6980c05: android.os.BinderProxy@d0c76b3}
05-22 07:20:50.397  1517  1517 D NavBarFragment: bindMediaActions: previous=0, playPause=1, next=2, key=0|com.neusoft.btmusic|8001|null|1000
05-22 07:20:50.398  1026  1026 D MyAppLog: [2026-05-22 07:20:50.397 D tboxap gpsMcuDataAnalyze:471] [Gps] [gpsMcuDataAnalyze]:$GNRMC,232050.000,V,,,,,,,210526,120.0,E,N,V*45
05-22 07:20:50.398  1026  1026 D MyAppLog: 
05-22 07:20:50.398  1026  1026 D MyAppLog: [2026-05-22 07:20:50.397 D tboxap gpsMcuDataAnalyze:556] [Gps] stGps.stat:0, latitude:0 , longtitude:0,sped:0,direction:0
05-22 07:20:50.398   573   573 I SpiService: fgesysctrl_getGPIO_status success val=1
05-22 07:20:50.400  1517  1517 D NavBarFragment: updateMediaInfo: title=还有你给我的痛, text=Wish u never-TF_ING张子墨/Top Barry, pkg=com.neusoft.btmusic
05-22 06:39:24.141   573   573 D spi_rst_gpio_get_output: GPIO 145 value: 1
05-22 06:39:24.142   573   573 D spidev_ioctl: gpio status=1)
05-22 07:20:50.405   573   573 I SpiService: fgesysctrl_getGPIO_status success val=1
05-22 06:39:24.148   573   573 D spi_rst_gpio_get_output: GPIO 145 value: 1
05-22 06:39:24.148   573   573 D spidev_ioctl: gpio status=1)
05-22 07:20:50.407  2981  3177 I SentryImuMcuAngleSender: 179.9345rollDeg
05-22 07:20:50.407  2981  3177 I SentryImuMcuAngleSender: 1,0,0
05-22 07:20:50.410   573   573 I SpiService: fgesysctrl_getGPIO_status success val=1
05-22 07:20:50.411   737   737 D Telecom : Logging: START_SESSION
05-22 07:20:50.411   737   737 D Telecom : Logging: END_SESSION (dur: 0 ms): TSI.iIMC@Ge0
05-22 07:20:50.412   737   737 D Telecom : Logging: START_SESSION
05-22 07:20:50.412   737   737 D Telecom : Logging: END_SESSION (dur: 0 ms): TSI.iISMC(a)@Ge4
05-22 07:20:50.412   737   737 D ResponseStatsTracker: notification:+15m35s190ms; event=<updated>, pkg=com.neusoft.btmusic, usr=0
05-22 07:20:50.412   737   737 D Telecom : Logging: START_SESSION
05-22 07:20:50.412   737   737 D Telecom : Logging: END_SESSION (dur: 0 ms): TSI.gDDP@Ge8
05-22 07:20:50.412   737   737 D Telecom : Logging: START_SESSION
05-22 07:20:50.412   737   737 D Telecom : Logging: END_SESSION (dur: 0 ms): TSI.gDDP@GfA
05-22 07:20:50.413   737   737 D Telecom : Logging: START_SESSION
05-22 07:20:50.413   737   737 D Telecom : Logging: END_SESSION (dur: 0 ms): TSI.gDDP@GfE
05-22 07:20:50.413   737   737 D Telecom : Logging: START_SESSION
05-22 07:20:50.413   737   737 D Telecom : Logging: END_SESSION (dur: 0 ms): TSI.gDDP@GfI
05-22 07:20:50.413   737   737 D NotificationService: 0|com.neusoft.btmusic|8001|null|1000: updating permissions
05-22 07:20:50.413   737   737 D NotificationService: 0|com.neusoft.btmusic|8001|null|1000: updating permissions
05-22 07:20:50.413   737   737 D NotificationService: 0|com.neusoft.btmusic|8001|null|1000: updating permissions
05-22 07:20:50.413   737   737 D NotificationService: 0|com.neusoft.btmusic|8001|null|1000: updating permissions
05-22 07:20:50.413   737   737 D NotificationService: 0|com.neusoft.btmusic|8001|null|1000: updating permissions
05-22 07:20:50.413   737   737 D NotificationService: 0|com.neusoft.btmusic|8001|null|1000: updating permissions
05-22 06:39:24.154   573   573 D spi_rst_gpio_get_output: GPIO 145 value: 1
05-22 06:39:24.154   573   573 D spidev_ioctl: gpio status=1)
05-22 07:20:50.416   737  1616 D PowerController.AppState: - updateNotification() E -
05-22 07:20:50.416   573   573 I SpiService: fgesysctrl_getGPIO_status success val=0
05-22 06:39:24.159   573   573 D spi_rst_gpio_get_output: GPIO 145 value: 0
05-22 06:39:24.159   573   573 D spidev_ioctl: gpio status=0)
05-22 07:20:50.418  1517  1517 D CarNotificationListener: onNotificationPosted: StatusBarNotification(pkg=com.neusoft.btmusic user=UserHandle{0} id=8001 tag=null key=0|com.neusoft.btmusic|8001|null|1000: Notification(channel=media_playback_channel shortcut=null contentView=null vibrate=null sound=null defaults=0x0 flags=0x6a color=0x00000000 category=transport groupKey=silent actions=3 vis=PUBLIC))
05-22 07:20:50.418  1517  1517 D CarNotificationListener: Is incoming notification a group summary?: false
05-22 07:20:50.418  1812  1812 I ExtAssistant: POSTED 0|com.neusoft.btmusic|8001|null|1000
05-22 07:20:50.419  1517  1517 D NavBarFragment: onShow: AlertEntry:StatusBarNotification(pkg=com.neusoft.btmusic user=UserHandle{0} id=8001 tag=null key=0|com.neusoft.btmusic|8001|null|1000: Notification(channel=media_playback_channel shortcut=null contentView=null vibrate=null sound=null defaults=0x0 flags=0x6a color=0x00000000 category=transport groupKey=silent actions=3 vis=PUBLIC))
05-22 07:20:50.419  1517  1517 D NavBarFragment: bindMediaActions: action[0] title=Previous, intent=PendingIntent{344d45a: android.os.BinderProxy@beb4470}
05-22 07:20:50.419  1517  1517 D NavBarFragment: bindMediaActions: action[1] title=Pause, intent=PendingIntent{49e068b: android.os.BinderProxy@b332c26}
05-22 07:20:50.419  1517  1517 D NavBarFragment: bindMediaActions: action[2] title=Next, intent=PendingIntent{7c95368: android.os.BinderProxy@d0c76b3}
05-22 07:20:50.419  1517  1517 D NavBarFragment: bindMediaActions: previous=0, playPause=1, next=2, key=0|com.neusoft.btmusic|8001|null|1000
05-22 07:20:50.420  1517  1517 D NavBarFragment: updateMediaInfo: title=还有你给我的痛, text=Wish u never-TF_ING张子墨/Top Barry, pkg=com.neusoft.btmusic
05-22 07:20:50.423   565   565 I Sensors : 230 GyroSensor: x:-0.010002,y:0.007559,z:0.017486
05-22 07:20:50.423   291  1491 D EvsDriver: forwardFrame
05-22 07:20:50.424   291  1491 D EvsDriver: Delivered 0xb400007b2f47ca30 as id 0
05-22 07:20:50.424  1137  1150 D evsmanagerd: /dev/video4 forwarded the buffer #0 to 0xb4000071fa019690 from 0xb4000071fa01b7d0
05-22 07:20:50.425   291  1135 D EvsDriver: doneWithFrame
05-22 07:20:50.427  2981  3177 I SentryImuMcuAngleSender: 179.92761rollDeg
05-22 07:20:50.427  2981  3177 I SentryImuMcuAngleSender: 1,0,0
05-22 07:20:50.428   964  1804 D [OMXB]  : usingANWBuffer: handle:0xebd42060, format:1, w:1920, h:1080
05-22 07:20:50.432   544   544 D commservice260303: msg.id = 1028,1
05-22 07:20:50.432   573   573 I SpiService: fgesysctrl_getGPIO_status success val=1
05-22 07:20:50.432   544   544 D commservice260303: i = 170, msgid = 8A000404
05-22 07:20:50.432   544   544 D commservice260303: msgid = -1979710460,did=138
05-22 07:20:50.432   544   544 D commservice260303: CommProtocolLibCmdBaseI2C::dataproc {"command":{"id":"imu_status","sub":""},"content":{"TimeStamp":1779405650431,"FrameCounter":22350,"GD_X":-0.010001938790082932,"GD_Y":0.007558800280094147,"GD_Z":0.017485838383436203,"AD_X":-0.0032830536365509033,"AD_Y":-4.749298095703125E-4,"AD_Z":-0.33333492279052734,"TempDsp":0,"Status":0,"CalibState":1,"SigAmpInvalid":0}},-1979710460
05-22 07:20:50.432   544   544 D commservice260303: send2Cluster len:327, 7B22636F6D6D616E64223A7B226964223A22696D755F737461747573222C22737562223A22227D2C22636F6E74656E74223A7B2254696D655374616D70223A313737393430353635303433312C224672616D65436F756E746572223A32323335302C2247445F58223A2D302E3031303030313933383739303038323933322C2247445F59223A302E3030373535383830303238303039343134372C2247445F5A223A302E3031373438353833383338333433363230332C2241445F58223A2D302E303033323833303533363336353530393033332C2241445F59223A2D342E373439323938303935373033313235452D342C2241445F5A223A2D302E33333333333439323237393035323733342C2254656D70447370223A302C22537461747573223A302C2243616C69625374617465223A312C22536967416D70496E76616C6964223A307D7D, 138 
05-22 07:20:50.432   544   544 D commservice260303: Push Message into SendPool fn=643366912
05-22 07:20:50.432   544   544 D commservice260303: ComProtocolLibSend2Cluster::send2ClusterRaw fn=643366912 , len=343
05-22 07:20:50.432   544   544 D commservice260303: sendCmdToPort :343!!!
05-22 07:20:50.432   544   544 D commservice260303: send Cmd To Port ++++5AA501538A01000059266A0F93527B22636F6D6D616E64223A7B226964223A22696D755F737461747573222C22737562223A22227D2C22636F6E74656E74223A7B2254696D655374616D70223A313737393430353635303433312C224672616D65436F756E746572223A32323335302C2247445F58223A2D302E3031303030313933383739303038323933322C2247445F59223A302E3030373535383830303238303039343134372C2247445F5A223A302E3031373438353833383338333433363230332C2241445F58223A2D302E303033323833303533363336353530393033332C2241445F59223A2D342E373439323938303935373033313235452D342C2241445F5A223A2D302E33333333333439323237393035323733342C2254656D70447370223A302C22537461747573223A302C2243616C69625374617465223A312C22536967416D70496E76616C6964223A307D7D785A
05-22 07:20:50.432   544   544 D commservice260303: bufferevent_write retrun value = 0
05-22 07:20:50.433   544   567 D commservice260303: client datas send succeed,send finish
05-22 07:20:50.433  2981  3178 D Sentinelmode_1.2.5.13_alpha: <SentryImuClusterFgeSender>imu_status sent to Linux, frame=22350, tsNs=935404, tsMs=1779405650431, intervalMs=40, ad=(-0.0032830536,-4.749298E-4,-0.33333492), gd=(-0.010001939,0.0075588003,0.017485838)
05-22 06:39:24.175   573   573 D spi_rst_gpio_get_output: GPIO 145 value: 1
05-22 06:39:24.175   573   573 D spidev_ioctl: gpio status=1)
05-22 07:20:50.437   824   824 D SurfaceFlinger: unisoc-graphics, commit has frameMissed:2, vysncId:435128
05-22 07:20:50.437   573   573 I SpiService: fgesysctrl_getGPIO_status success val=1
