05-22 07:20:49.950   544   567 D commservice260303: client datas send succeed,send finish
05-22 07:20:49.950  2981  3178 D Sentinelmode_1.2.5.13_alpha: <SentryImuClusterFgeSender>imu_status sent to Linux, frame=22338, tsNs=934919, tsMs=1779405649948, intervalMs=42, ad=(-0.0038967207,0.0013503786,-0.32845497), gd=(-0.010078921,0.007864128,0.017561778)
05-22 07:20:49.952   291  1135 D EvsDriver: doneWithFrame
05-22 07:20:49.953   573   573 I SpiService: fgesysctrl_getGPIO_status success val=1
05-22 06:39:23.696   573   573 D spi_rst_gpio_get_output: GPIO 145 value: 1
05-22 06:39:23.696   573   573 D spidev_ioctl: gpio status=1)
05-22 07:20:49.956  1026  1026 D MyAppLog: [2026-05-22 07:20:49.954 D tboxap tsp_WorkMachineProc:1086] [Tsp] [tsp_WorkMachineProc]TSP_WORK_LOGIN NOW !!!!
05-22 07:20:49.959   573   573 I SpiService: fgesysctrl_getGPIO_status success val=1
05-22 06:39:23.702   573   573 D spi_rst_gpio_get_output: GPIO 145 value: 1
05-22 06:39:23.702   573   573 D spidev_ioctl: gpio status=1)
05-22 07:20:49.964   573   573 I SpiService: fgesysctrl_getGPIO_status success val=1
05-22 06:39:23.708   573   573 D spi_rst_gpio_get_output: GPIO 145 value: 1
05-22 06:39:23.708   573   573 D spidev_ioctl: gpio status=1)
05-22 07:20:49.970  2981  3177 I SentryImuMcuAngleSender: 179.93102rollDeg
05-22 07:20:49.970  2981  3177 I SentryImuMcuAngleSender: 1,0,0
05-22 07:20:49.970   573   573 I SpiService: fgesysctrl_getGPIO_status success val=1
05-22 06:39:23.713   573   573 D spi_rst_gpio_get_output: GPIO 145 value: 1
05-22 06:39:23.713   573   573 D spidev_ioctl: gpio status=1)
05-22 07:20:49.976   573   573 I SpiService: fgesysctrl_getGPIO_status success val=0
05-22 06:39:23.719   573   573 D spi_rst_gpio_get_output: GPIO 145 value: 0
05-22 06:39:23.719   573   573 D spidev_ioctl: gpio status=0)
05-22 07:20:49.983   291  1491 D EvsDriver: forwardFrame
05-22 07:20:49.986  1658  2866 D AIN-HttpHealthPolicy: call() called start, host=www.jd.com
05-22 07:20:49.987   291  1491 D EvsDriver: Delivered 0xb400007b2f47ca30 as id 0
05-22 07:20:49.987  1137  1150 D evsmanagerd: /dev/video4 forwarded the buffer #0 to 0xb4000071fa019690 from 0xb4000071fa01b7d0
05-22 07:20:49.987   276   300 I rvcservice: t.code = 0, t.value = 0
05-22 07:20:49.989   544   544 D commservice260303: msg.id = 1028,1
05-22 07:20:49.989   544   544 D commservice260303: i = 170, msgid = 8A000404
05-22 07:20:49.989   544   544 D commservice260303: msgid = -1979710460,did=138
05-22 07:20:49.989   544   544 D commservice260303: CommProtocolLibCmdBaseI2C::dataproc {"command":{"id":"imu_status","sub":""},"content":{"TimeStamp":1779405649988,"FrameCounter":22339,"GD_X":-0.009391804225742817,"GD_Y":0.0073299347423017025,"GD_Z":0.01779116503894329,"AD_X":-0.0051155611872673035,"AD_Y":0.0013507595285773277,"AD_Z":-0.32723522186279297,"TempDsp":0,"Status":0,"CalibState":1,"SigAmpInvalid":0}},-1979710460
05-22 07:20:49.989   544   544 D commservice260303: send2Cluster len:327, 7B22636F6D6D616E64223A7B226964223A22696D755F737461747573222C22737562223A22227D2C22636F6E74656E74223A7B2254696D655374616D70223A313737393430353634393938382C224672616D65436F756E746572223A32323333392C2247445F58223A2D302E3030393339313830343232353734323831372C2247445F59223A302E303037333239393334373432333031373032352C2247445F5A223A302E30313737393131363530333839343332392C2241445F58223A2D302E303035313135353631313837323637333033352C2241445F59223A302E303031333530373539353238353737333237372C2241445F5A223A2D302E33323732333532323138363237393239372C2254656D70447370223A302C22537461747573223A302C2243616C69625374617465223A312C22536967416D70496E76616C6964223A307D7D, 138 
05-22 07:20:49.989   544   544 D commservice260303: Push Message into SendPool fn=458817536
05-22 07:20:49.989   544   544 D commservice260303: ComProtocolLibSend2Cluster::send2ClusterRaw fn=458817536 , len=343
05-22 07:20:49.989   544   544 D commservice260303: sendCmdToPort :343!!!
05-22 07:20:49.990   544   544 D commservice260303: send Cmd To Port ++++5AA501538A010000591B6A0F93517B22636F6D6D616E64223A7B226964223A22696D755F737461747573222C22737562223A22227D2C22636F6E74656E74223A7B2254696D655374616D70223A313737393430353634393938382C224672616D65436F756E746572223A32323333392C2247445F58223A2D302E3030393339313830343232353734323831372C2247445F59223A302E303037333239393334373432333031373032352C2247445F5A223A302E30313737393131363530333839343332392C2241445F58223A2D302E303035313135353631313837323637333033352C2241445F59223A302E303031333530373539353238353737333237372C2241445F5A223A2D302E33323732333532323138363237393239372C2254656D70447370223A302C22537461747573223A302C2243616C69625374617465223A312C22536967416D70496E76616C6964223A307D7DBBBE
05-22 07:20:49.990   544   544 D commservice260303: bufferevent_write retrun value = 0
05-22 07:20:49.990  2981  3177 I SentryImuMcuAngleSender: 179.91724rollDeg
05-22 07:20:49.990  2981  3177 I SentryImuMcuAngleSender: 1,0,0
05-22 07:20:49.991   544   567 D commservice260303: client datas send succeed,send finish
05-22 07:20:49.991  2981  3178 D Sentinelmode_1.2.5.13_alpha: <SentryImuClusterFgeSender>imu_status sent to Linux, frame=22339, tsNs=934956, tsMs=1779405649988, intervalMs=41, ad=(-0.005115561,0.0013507595,-0.32723522), gd=(-0.009391804,0.0073299347,0.017791165)
05-22 07:20:49.991   573   573 I SpiService: fgesysctrl_getGPIO_status success val=1
05-22 07:20:49.992   291  1135 D EvsDriver: doneWithFrame
05-22 07:20:49.993   565   599 I Sensors : 230 AccelSensor: x:-0.108580,y:0.015859,z:-10.136371
05-22 06:39:23.735   573   573 D spi_rst_gpio_get_output: GPIO 145 value: 1
05-22 06:39:23.735   573   573 D spidev_ioctl: gpio status=1)
05-22 06:39:23.736   270   270 I logd    : logdr: UID=0 GID=0 PID=16763 b tail=0 logMask=bf pid=0 start=0ns deadline=0ns
05-22 07:20:49.994   947 16764 D resolv  : GetAddrInfoHandler::run: {0 786432 0 983040 1000 0}
05-22 07:20:49.994   947 16764 D resolv  : resolv_getaddrinfo: explore_fqdn(): ai_family=0 ai_socktype=1 ai_protocol=6
05-22 07:20:49.995   964  1804 D [OMXB]  : usingANWBuffer: handle:0xebd43660, format:1, w:1920, h:1080
05-22 07:20:49.996   824   824 D SurfaceFlinger: unisoc-graphics, commit has frameMissed:2, vysncId:434987
05-22 07:20:49.997   573   573 I SpiService: fgesysctrl_getGPIO_status success val=1
05-22 07:20:49.997  1658  2866 W AIN-HttpHealthPolicy: call() called error, host=www.jd.com, err_msg=Unable to resolve host "www.jd.com": No address associated with hostname
05-22 07:20:49.997  1658  2865 D AIN-PingWorker: updateHost: result=true,host=www.jd.com,delay=-1
05-22 07:20:49.997  1658  2865 D AIN-NetCheckerOutputer: onWeak
05-22 06:39:23.740   573   573 D spi_rst_gpio_get_output: GPIO 145 value: 1
05-22 06:39:23.740   573   573 D spidev_ioctl: gpio status=1)
05-22 07:20:49.998  1658  2865 D AIN-ServiceHub: getService with: name = service_tracker
05-22 07:20:50.003   573   573 I SpiService: fgesysctrl_getGPIO_status success val=1
05-22 06:39:23.746   573   573 D spi_rst_gpio_get_output: GPIO 145 value: 1
05-22 06:39:23.746   573   573 D spidev_ioctl: gpio status=1)
05-22 07:20:50.007  3735  3735 D NSLogUtils_MainActivity: progress->89191
05-22 07:20:50.008   573   573 I SpiService: fgesysctrl_getGPIO_status success val=1
05-22 06:39:23.752   573   573 D spi_rst_gpio_get_output: GPIO 145 value: 1
05-22 06:39:23.752   573   573 D spidev_ioctl: gpio status=1)
05-22 07:20:50.010  2981  3177 I SentryImuMcuAngleSender: 179.91035rollDeg
05-22 07:20:50.010  2981  3177 I SentryImuMcuAngleSender: 1,0,0
05-22 07:20:50.011   291  1491 D EvsDriver: forwardFrame
05-22 07:20:50.014  1137  1150 D evsmanagerd: /dev/video4 forwarded the buffer #0 to 0xb4000071fa019690 from 0xb4000071fa01b7d0
05-22 07:20:50.014   573   573 I SpiService: fgesysctrl_getGPIO_status success val=1
05-22 07:20:50.014   291  1135 D EvsDriver: doneWithFrame
05-22 07:20:50.015   824   824 D SurfaceFlinger: unisoc-graphics, commit has frameMissed:2, vysncId:434988
05-22 07:20:50.015   291  1491 D EvsDriver: Delivered 0xb400007b2f47ca30 as id 0
05-22 06:39:23.758   573   573 D spi_rst_gpio_get_output: GPIO 145 value: 1
05-22 06:39:23.758   573   573 D spidev_ioctl: gpio status=1)
05-22 07:20:50.019  2981  2981 I Sentinelmode_1.2.5.13_alpha: <SentinelCarServiceManager>sensorType:291504647
05-22 07:20:50.020  1658  1658 D AIN-NaviLocationPresenter: ACC is OFF, skip upload location
05-22 07:20:50.020   573   573 I SpiService: fgesysctrl_getGPIO_status success val=0
05-22 06:39:23.763   573   573 D spi_rst_gpio_get_output: GPIO 145 value: 0
05-22 06:39:23.764   573   573 D spidev_ioctl: gpio status=0)
05-22 07:20:50.028   565   599 I Sensors : 230 GyroSensor: x:-0.008781,y:0.007712,z:0.018173
05-22 07:20:50.029   544   544 D commservice260303: msg.id = 1028,0
05-22 07:20:50.029   544   544 D commservice260303: i = 170, msgid = 8A000404
05-22 07:20:50.029   544   544 D commservice260303: msgid = -1979710460,did=138
05-22 07:20:50.029   544   544 D commservice260303: CommProtocolLibCmdBaseI2C::dataproc {"command":{"id":"imu_status","sub":""},"content":{"TimeStamp":1779405650029,"FrameCounter":22340,"GD_X":-0.009010015055537224,"GD_Y":0.0067952219396829605,"GD_Z":0.01779116503894329,"AD_X":-0.002676069736480713,"AD_Y":0.0013488931581377983,"AD_Z":-0.33089542388916016,"TempDsp":0,"Status":0,"CalibState":1,"SigAmpInvalid":0}},-1979710460
05-22 07:20:50.030   544   544 D commservice260303: send2Cluster len:326, 7B22636F6D6D616E64223A7B226964223A22696D755F737461747573222C22737562223A22227D2C22636F6E74656E74223A7B2254696D655374616D70223A313737393430353635303032392C224672616D65436F756E746572223A32323334302C2247445F58223A2D302E3030393031303031353035353533373232342C2247445F59223A302E303036373935323231393339363832393630352C2247445F5A223A302E30313737393131363530333839343332392C2241445F58223A2D302E3030323637363036393733363438303731332C2241445F59223A302E303031333438383933313538313337373938332C2241445F5A223A2D302E33333038393534323338383931363031362C2254656D70447370223A302C22537461747573223A302C2243616C69625374617465223A312C22536967416D70496E76616C6964223A307D7D, 138 
05-22 07:20:50.030   544   544 D commservice260303: Push Message into SendPool fn=475594752
05-22 07:20:50.030   544   544 D commservice260303: ComProtocolLibSend2Cluster::send2ClusterRaw fn=475594752 , len=342
05-22 07:20:50.030   544   544 D commservice260303: sendCmdToPort :342!!!
05-22 07:20:50.030   544   544 D commservice260303: send Cmd To Port ++++5AA501528A010000591C6A0F93527B22636F6D6D616E64223A7B226964223A22696D755F737461747573222C22737562223A22227D2C22636F6E74656E74223A7B2254696D655374616D70223A313737393430353635303032392C224672616D65436F756E746572223A32323334302C2247445F58223A2D302E3030393031303031353035353533373232342C2247445F59223A302E303036373935323231393339363832393630352C2247445F5A223A302E30313737393131363530333839343332392C2241445F58223A2D302E3030323637363036393733363438303731332C2241445F59223A302E303031333438383933313538313337373938332C2241445F5A223A2D302E33333038393534323338383931363031362C2254656D70447370223A302C22537461747573223A302C2243616C69625374617465223A312C22536967416D70496E76616C6964223A307D7D8433
05-22 07:20:50.030   544   544 D commservice260303: bufferevent_write retrun value = 0
05-22 07:20:50.030   544   567 D commservice260303: client datas send succeed,send finish
05-22 07:20:50.030  2981  3178 D Sentinelmode_1.2.5.13_alpha: <SentryImuClusterFgeSender>imu_status sent to Linux, frame=22340, tsNs=934992, tsMs=1779405650029, intervalMs=39, ad=(-0.0026760697,0.0013488932,-0.33089542), gd=(-0.009010015,0.006795222,0.017791165)
05-22 07:20:50.031  2981  3177 I SentryImuMcuAngleSender: 179.9276rollDeg
05-22 07:20:50.031  2981  3177 I SentryImuMcuAngleSender: 1,0,0
05-22 07:20:50.032 11323 11374 D ANWAPI  : (11323|0xD12C8CB0)[BTAPI] BT Addres is NULL , checking which array is connected
05-22 07:20:50.032 11323 11374 D ANWAPI  : 
05-22 07:20:50.032 11323 11374 D ANWAPI  : (11323|0xD12C8CB0)[BTAPI] SPPMIN(0)SPPMAX(0)
05-22 07:20:50.032 11323 11374 D ANWAPI  : 
05-22 07:20:50.032 11323 11374 D ANWAPI  : (11323|0xD12C8CB0)[BTAPI] In Three Step Get Device ID(0)
05-22 07:20:50.032 11323 11374 D ANWAPI  : 
05-22 07:20:50.032 11323 11374 D ANWAPI  : (11323|0xD12C8CB0)[BTAPI] AVRCP_Connected ID(0), state(4)
05-22 07:20:50.032 11323 11374 D ANWAPI  : 
05-22 07:20:50.032 11323 11374 D ANWAPI  : (11323|0xD12C8CB0)[BTAPI] in Get_ID3, Get Device ID(0)
05-22 07:20:50.032 11323 11374 D ANWAPI  : 
05-22 07:20:50.032 11323 11374 D ANWAPI  : (11323|0xD12C8CB0)[BTAPI] AVRCP_Auto_Get_ID3
05-22 07:20:50.032 11323 11374 D ANWAPI  : 
05-22 07:20:50.032 11323 11374 D ANWAPI  : (11323|0xD12C8CB0)[BTAPI] SDK >>>>AnWBT_AVRCP_GetSongDetail
05-22 07:20:50.032 11323 11374 D ANWAPI  : (11323|0xD12C8CB0)[BTAPI] SDK <<<<AnWBT_AVRCP_GetSongDetail 0
05-22 07:20:50.032 11323 11374 D ANW_AVRCP: (11323|0xD12C8CB0)[AVRCP] API getPlayStatusTimerHandler
05-22 07:20:50.032 11323 11374 D ANW_AVRCP: (11323|0xD12C8CB0)[AVRCP] API AVRCP_GetPlayStatus
05-22 07:20:50.032   824   824 D SurfaceFlinger: unisoc-graphics, commit has frameMissed:2, vysncId:435003
05-22 07:20:50.033 11323 11374 D ANWStack: [    935015][ANWBT] <<Avctp_Send_Message 0/1:
05-22 07:20:50.033 11323 11374 D ANWStack: 
05-22 07:20:50.034 11323 11374 D ANWStack: [    935016][ANWBT] L2CAP: L2_RetrieveHandle called, cid=0x82
05-22 07:20:50.034 11323 11374 D ANWStack: 
05-22 07:20:50.034 11323 11374 D ANWAPI  : (11323|0xD12C8CB0)[BTAPI] >>>>_anwbt_AVRCP_GetSongDetail
05-22 07:20:50.034 11323 11374 D ANWAPI  : (11323|0xD12C8CB0)[BTAPI] btsdk_avrcp_GetElementAttributes
05-22 07:20:50.034 11323 11374 D ANW_AVRCP: (11323|0xD12C8CB0)[AVRCP] API AVRCP_GetElementAttributes attMask=0x0
05-22 07:20:50.034 11323 11374 D ANWStack: [    935016][ANWBT] <<Avctp_Send_Message 0/1:
05-22 07:20:50.034 11323 11374 D ANWStack: 
05-22 07:20:50.034 11323 11374 D ANWStack: [    935016][ANWBT] L2CAP: L2_RetrieveHandle called, cid=0x82
05-22 07:20:50.034 11323 11374 D ANWStack: 
05-22 07:20:50.034 11323 11374 D ANWAPI  : (11323|0xD12C8CB0)[BTAPI] ===BTAPI_MallocIdxMsg 1029 980
05-22 07:20:50.034 11323 11374 D ANWAPI  : (11323|0xD12C8CB0)[BTAPI] <<<<_anwbt_AVRCP_GetSongDetail 0
05-22 07:20:50.035   573   573 I SpiService: fgesysctrl_getGPIO_status success val=1
05-22 06:39:23.779   573   573 D spi_rst_gpio_get_output: GPIO 145 value: 1
05-22 06:39:23.779   573   573 D spidev_ioctl: gpio status=1)
05-22 07:20:50.039  1517  1517 E sysUI_NavBarFragment: [main] - SysUIConfig.icCarServiceConnected：false
05-22 07:20:50.041   573   573 I SpiService: fgesysctrl_getGPIO_status success val=1
05-22 06:39:23.784   573   573 D spi_rst_gpio_get_output: GPIO 145 value: 1
05-22 06:39:23.784   573   573 D spidev_ioctl: gpio status=1)
05-22 07:20:50.046   291  1491 D EvsDriver: forwardFrame
05-22 07:20:50.047   573   573 I SpiService: fgesysctrl_getGPIO_status success val=1
05-22 07:20:50.048   291  1491 D EvsDriver: Delivered 0xb400007b2f47ca30 as id 0
05-22 07:20:50.048  1137  1150 D evsmanagerd: /dev/video4 forwarded the buffer #0 to 0xb4000071fa019690 from 0xb4000071fa01b7d0
05-22 06:39:23.790   573   573 D spi_rst_gpio_get_output: GPIO 145 value: 1
05-22 06:39:23.790   573   573 D spidev_ioctl: gpio status=1)
05-22 07:20:50.051   291  1135 D EvsDriver: doneWithFrame
05-22 07:20:50.052  2981  3177 I SentryImuMcuAngleSender: 179.93793rollDeg
05-22 07:20:50.052  2981  3177 I SentryImuMcuAngleSender: 1,0,0
05-22 07:20:50.052   573   573 I SpiService: fgesysctrl_getGPIO_status success val=1
05-22 06:39:23.796   573   573 D spi_rst_gpio_get_output: GPIO 145 value: 1
05-22 06:39:23.796   573   573 D spidev_ioctl: gpio status=1)
05-22 07:20:50.058   573   573 I SpiService: fgesysctrl_getGPIO_status success val=0
05-22 06:39:23.801   573   573 D spi_rst_gpio_get_output: GPIO 145 value: 0
05-22 06:39:23.801   573   573 D spidev_ioctl: gpio status=0)
05-22 07:20:50.069   544   544 D commservice260303: msg.id = 1028,0
05-22 07:20:50.069   544   544 D commservice260303: i = 170, msgid = 8A000404
05-22 07:20:50.069   544   544 D commservice260303: msgid = -1979710460,did=138
05-22 07:20:50.069   544   544 D commservice260303: CommProtocolLibCmdBaseI2C::dataproc {"command":{"id":"imu_status","sub":""},"content":{"TimeStamp":1779405650068,"FrameCounter":22341,"GD_X":-0.00908595696091652,"GD_Y":0.007634742185473442,"GD_Z":0.018020030111074448,"AD_X":-0.0032863691449165344,"AD_Y":-0.0016963789239525795,"AD_Z":-0.32967567443847656,"TempDsp":0,"Status":0,"CalibState":1,"SigAmpInvalid":0}},-1979710460
05-22 07:20:50.069   544   544 D commservice260303: send2Cluster len:327, 7B22636F6D6D616E64223A7B226964223A22696D755F737461747573222C22737562223A22227D2C22636F6E74656E74223A7B2254696D655374616D70223A313737393430353635303036382C224672616D65436F756E746572223A32323334312C2247445F58223A2D302E30303930383539353639363039313635322C2247445F59223A302E3030373633343734323138353437333434322C2247445F5A223A302E3031383032303033303131313037343434382C2241445F58223A2D302E303033323836333639313434393136353334342C2241445F59223A2D302E303031363936333738393233393532353739352C2241445F5A223A2D302E33323936373536373434333834373635362C2254656D70447370223A302C22537461747573223A302C2243616C69625374617465223A312C22536967416D70496E76616C6964223A307D7D, 138 
05-22 07:20:50.069   544   544 D commservice260303: Push Message into SendPool fn=492371968
05-22 07:20:50.070   544   544 D commservice260303: ComProtocolLibSend2Cluster::send2ClusterRaw fn=492371968 , len=343
05-22 07:20:50.070   544   544 D commservice260303: sendCmdToPort :343!!!
05-22 07:20:50.070   544   544 D commservice260303: send Cmd To Port ++++5AA501538A010000591D6A0F93527B22636F6D6D616E64223A7B226964223A22696D755F737461747573222C22737562223A22227D2C22636F6E74656E74223A7B2254696D655374616D70223A313737393430353635303036382C224672616D65436F756E746572223A32323334312C2247445F58223A2D302E30303930383539353639363039313635322C2247445F59223A302E3030373633343734323138353437333434322C2247445F5A223A302E3031383032303033303131313037343434382C2241445F58223A2D302E303033323836333639313434393136353334342C2241445F59223A2D302E303031363936333738393233393532353739352C2241445F5A223A2D302E33323936373536373434333834373635362C2254656D70447370223A302C22537461747573223A302C2243616C69625374617465223A312C22536967416D70496E76616C6964223A307D7DFE2F
05-22 07:20:50.070   544   544 D commservice260303: bufferevent_write retrun value = 0
05-22 07:20:50.070   544   567 D commservice260303: client datas send succeed,send finish
05-22 07:20:50.070  2981  3178 D Sentinelmode_1.2.5.13_alpha: <SentryImuClusterFgeSender>imu_status sent to Linux, frame=22341, tsNs=935046, tsMs=1779405650068, intervalMs=40, ad=(-0.0032863691,-0.0016963789,-0.32967567), gd=(-0.009085957,0.007634742,0.01802003)
05-22 07:20:50.072   573   573 I SpiService: fgesysctrl_getGPIO_status success val=1
05-22 07:20:50.072  2981  3177 I SentryImuMcuAngleSender: 179.93448rollDeg
05-22 07:20:50.072  2981  3177 I SentryImuMcuAngleSender: 1,0,0
05-22 06:39:23.815   573   573 D spi_rst_gpio_get_output: GPIO 145 value: 1
05-22 06:39:23.815   573   573 D spidev_ioctl: gpio status=1)
05-22 07:20:50.077   573   573 I SpiService: fgesysctrl_getGPIO_status success val=1
05-22 06:39:23.820   573   573 D spi_rst_gpio_get_output: GPIO 145 value: 1
05-22 06:39:23.820   573   573 D spidev_ioctl: gpio status=1)
05-22 07:20:50.082   291  1491 D EvsDriver: forwardFrame
05-22 07:20:50.084   291  1491 D EvsDriver: Delivered 0xb400007b2f47ca30 as id 0
05-22 07:20:50.084   573   573 I SpiService: fgesysctrl_getGPIO_status success val=1
05-22 07:20:50.084  1137  1150 D evsmanagerd: /dev/video4 forwarded the buffer #0 to 0xb4000071fa019690 from 0xb4000071fa01b7d0
05-22 06:39:23.828   573   573 D spi_rst_gpio_get_output: GPIO 145 value: 1
05-22 06:39:23.828   573   573 D spidev_ioctl: gpio status=1)
05-22 07:20:50.087   291  1135 D EvsDriver: doneWithFrame
05-22 07:20:50.087   276   300 I rvcservice: t.code = 3, t.value = 0
05-22 07:20:50.087   964  1804 D [OMXB]  : usingANWBuffer: handle:0xebd428a0, format:1, w:1920, h:1080
05-22 07:20:50.090   573   573 I SpiService: fgesysctrl_getGPIO_status success val=1
05-22 07:20:50.092  2981  3177 I SentryImuMcuAngleSender: 179.91034rollDeg
05-22 07:20:50.092  2981  3177 I SentryImuMcuAngleSender: 1,0,0
05-22 06:39:23.833   573   573 D spi_rst_gpio_get_output: GPIO 145 value: 1
05-22 06:39:23.833   573   573 D spidev_ioctl: gpio status=1)
05-22 07:20:50.095   573   573 I SpiService: fgesysctrl_getGPIO_status success val=0
05-22 07:20:50.095   486   579 I mcuc    : send SPI:6AA6000A2800020601C5
05-22 06:39:23.839   573   573 D spi_rst_gpio_get_output: GPIO 145 value: 0
05-22 06:39:23.839   573   573 D spidev_ioctl: gpio status=0)
05-22 06:39:23.853   573   573 D spi_rst_gpio_get_output: GPIO 145 value: 1
05-22 06:39:23.853   573   573 D spidev_ioctl: gpio status=1)
05-22 07:20:50.109   544   544 D commservice260303: msg.id = 1028,1
05-22 07:20:50.109   544   544 D commservice260303: i = 170, msgid = 8A000404
05-22 07:20:50.109   544   544 D commservice260303: msgid = -1979710460,did=138
05-22 07:20:50.109   573   573 I SpiService: fgesysctrl_getGPIO_status success val=1
05-22 07:20:50.109   544   544 D commservice260303: CommProtocolLibCmdBaseI2C::dataproc {"command":{"id":"imu_status","sub":""},"content":{"TimeStamp":1779405650108,"FrameCounter":22342,"GD_X":-0.00985005497932434,"GD_Y":0.007482858840376139,"GD_Z":0.01817295327782631,"AD_X":-0.005116194486618042,"AD_Y":0.0031801993027329445,"AD_Z":-0.32845497131347656,"TempDsp":0,"Status":0,"CalibState":1,"SigAmpInvalid":0}},-1979710460
05-22 07:20:50.109   544   544 D commservice260303: send2Cluster len:324, 7B22636F6D6D616E64223A7B226964223A22696D755F737461747573222C22737562223A22227D2C22636F6E74656E74223A7B2254696D655374616D70223A313737393430353635303130382C224672616D65436F756E746572223A32323334322C2247445F58223A2D302E30303938353030353439373933323433342C2247445F59223A302E3030373438323835383834303337363133392C2247445F5A223A302E30313831373239353332373738323633312C2241445F58223A2D302E3030353131363139343438363631383034322C2241445F59223A302E303033313830313939333032373332393434352C2241445F5A223A2D302E33323834353439373133313334373635362C2254656D70447370223A302C22537461747573223A302C2243616C69625374617465223A312C22536967416D70496E76616C6964223A307D7D, 138 
05-22 07:20:50.109   544   544 D commservice260303: Push Message into SendPool fn=509149184
05-22 07:20:50.110   544   544 D commservice260303: ComProtocolLibSend2Cluster::send2ClusterRaw fn=509149184 , len=340
05-22 07:20:50.110   544   544 D commservice260303: sendCmdToPort :340!!!
05-22 07:20:50.110   544   544 D commservice260303: send Cmd To Port ++++5AA501508A010000591E6A0F93527B22636F6D6D616E64223A7B226964223A22696D755F737461747573222C22737562223A22227D2C22636F6E74656E74223A7B2254696D655374616D70223A313737393430353635303130382C224672616D65436F756E746572223A32323334322C2247445F58223A2D302E30303938353030353439373933323433342C2247445F59223A302E3030373438323835383834303337363133392C2247445F5A223A302E30313831373239353332373738323633312C2241445F58223A2D302E3030353131363139343438363631383034322C2241445F59223A302E303033313830313939333032373332393434352C2241445F5A223A2D302E33323834353439373133313334373635362C2254656D70447370223A302C22537461747573223A302C2243616C69625374617465223A312C22536967416D70496E76616C6964223A307D7DBB45
05-22 07:20:50.110   544   544 D commservice260303: bufferevent_write retrun value = 0
05-22 07:20:50.110   544   567 D commservice260303: client datas send succeed,send finish
05-22 07:20:50.111  2981  3178 D Sentinelmode_1.2.5.13_alpha: <SentryImuClusterFgeSender>imu_status sent to Linux, frame=22342, tsNs=935081, tsMs=1779405650108, intervalMs=41, ad=(-0.0051161945,0.0031801993,-0.32845497), gd=(-0.009850055,0.007482859,0.018172953)
05-22 07:20:50.112   291  1491 D EvsDriver: forwardFrame
05-22 07:20:50.114   291  1491 D EvsDriver: Delivered 0xb400007b2f47ca30 as id 0
05-22 07:20:50.114  1137  1150 D evsmanagerd: /dev/video4 forwarded the buffer #0 to 0xb4000071fa019690 from 0xb4000071fa01b7d0
05-22 07:20:50.114  2981  3177 I SentryImuMcuAngleSender: 179.90689rollDeg
05-22 07:20:50.114 11323 11374 D ANWAPI  : (11323|0xD12C8CB0)[BTAPI] AnwhciEventCallback 19 1
05-22 07:20:50.114   291  1135 D EvsDriver: doneWithFrame
05-22 07:20:50.114   573   573 I SpiService: fgesysctrl_getGPIO_status success val=1
05-22 07:20:50.115  2981  3177 I SentryImuMcuAngleSender: 1,0,0
05-22 06:39:23.858   573   573 D spi_rst_gpio_get_output: GPIO 145 value: 1
05-22 06:39:23.858   573   573 D spidev_ioctl: gpio status=1)
05-22 07:20:50.118 11323 11374 D ANW_WAVEOUT: (11323|0xD12C8CB0)[WAVEOUT] a2dp datais coming(607)(193)
05-22 07:20:50.118 11323 11374 D ANW_WAVEOUT: 
05-22 07:20:50.120   573   573 I SpiService: fgesysctrl_getGPIO_status success val=1
05-22 06:39:23.863   573   573 D spi_rst_gpio_get_output: GPIO 145 value: 1
05-22 06:39:23.863   573   573 D spidev_ioctl: gpio status=1)
05-22 07:20:50.125   573   573 I SpiService: fgesysctrl_getGPIO_status success val=1
05-22 06:39:23.869   573   573 D spi_rst_gpio_get_output: GPIO 145 value: 1
05-22 06:39:23.869   573   573 D spidev_ioctl: gpio status=1)
05-22 07:20:50.128 11323 11374 D ANWAPI  : (11323|0xD12C8CB0)[BTAPI] AnwhciEventCallback 19 1
05-22 07:20:50.131   573   573 I SpiService: fgesysctrl_getGPIO_status success val=0
05-22 06:39:23.874   573   573 D spi_rst_gpio_get_output: GPIO 145 value: 0
05-22 06:39:23.874   573   573 D spidev_ioctl: gpio status=0)
05-22 07:20:50.136  2981  3177 I SentryImuMcuAngleSender: 179.93103rollDeg
05-22 07:20:50.136  2981  3177 I SentryImuMcuAngleSender: 1,0,0
05-22 07:20:50.144   573   573 I SpiService: fgesysctrl_getGPIO_status success val=1
05-22 07:20:50.147   291  1491 D EvsDriver: forwardFrame
05-22 06:39:23.888   573   573 D spi_rst_gpio_get_output: GPIO 145 value: 1
05-22 06:39:23.888   573   573 D spidev_ioctl: gpio status=1)
05-22 07:20:50.148   291  1491 D EvsDriver: Delivered 0xb400007b2f47ca30 as id 0
05-22 07:20:50.148  1137  1150 D evsmanagerd: /dev/video4 forwarded the buffer #0 to 0xb4000071fa019690 from 0xb4000071fa01b7d0
05-22 07:20:50.149   544   544 D commservice260303: msg.id = 1028,0
05-22 07:20:50.149   544   544 D commservice260303: i = 170, msgid = 8A000404
05-22 07:20:50.149   544   544 D commservice260303: msgid = -1979710460,did=138
05-22 07:20:50.150   544   544 D commservice260303: CommProtocolLibCmdBaseI2C::dataproc {"command":{"id":"imu_status","sub":""},"content":{"TimeStamp":1779405650148,"FrameCounter":22343,"GD_X":-0.009621189907193184,"GD_Y":0.007405876647680998,"GD_Z":0.017715223133563995,"AD_X":-2.3839622735977173E-4,"AD_Y":-0.002306988462805748,"AD_Z":-0.33089542388916016,"TempDsp":0,"Status":0,"CalibState":1,"SigAmpInvalid":0}},-1979710460
05-22 07:20:50.150   544   544 D commservice260303: send2Cluster len:327, 7B22636F6D6D616E64223A7B226964223A22696D755F737461747573222C22737562223A22227D2C22636F6E74656E74223A7B2254696D655374616D70223A313737393430353635303134382C224672616D65436F756E746572223A32323334332C2247445F58223A2D302E3030393632313138393930373139333138342C2247445F59223A302E3030373430353837363634373638303939382C2247445F5A223A302E3031373731353232333133333536333939352C2241445F58223A2D322E33383339363232373335393737313733452D342C2241445F59223A2D302E3030323330363938383436323830353734382C2241445F5A223A2D302E33333038393534323338383931363031362C2254656D70447370223A302C22537461747573223A302C2243616C69625374617465223A312C22536967416D70496E76616C6964223A307D7D, 138 
05-22 07:20:50.150   544   544 D commservice260303: Push Message into SendPool fn=525926400
05-22 07:20:50.150   544   544 D commservice260303: ComProtocolLibSend2Cluster::send2ClusterRaw fn=525926400 , len=343
05-22 07:20:50.150   544   544 D commservice260303: sendCmdToPort :343!!!
05-22 07:20:50.150   544   544 D commservice260303: send Cmd To Port ++++5AA501538A010000591F6A0F93527B22636F6D6D616E64223A7B226964223A22696D755F737461747573222C22737562223A22227D2C22636F6E74656E74223A7B2254696D655374616D70223A313737393430353635303134382C224672616D65436F756E746572223A32323334332C2247445F58223A2D302E3030393632313138393930373139333138342C2247445F59223A302E3030373430353837363634373638303939382C2247445F5A223A302E3031373731353232333133333536333939352C2241445F58223A2D322E33383339363232373335393737313733452D342C2241445F59223A2D302E3030323330363938383436323830353734382C2241445F5A223A2D302E33333038393534323338383931363031362C2254656D70447370223A302C22537461747573223A302C2243616C69625374617465223A312C22536967416D70496E76616C6964223A307D7D2387
05-22 07:20:50.150   573   573 I SpiService: fgesysctrl_getGPIO_status success val=1
05-22 07:20:50.150   544   544 D commservice260303: bufferevent_write retrun value = 0
05-22 07:20:50.150   544   567 D commservice260303: client datas send succeed,send finish
05-22 07:20:50.150   291  1135 D EvsDriver: doneWithFrame
05-22 07:20:50.150  2981  3178 D Sentinelmode_1.2.5.13_alpha: <SentryImuClusterFgeSender>imu_status sent to Linux, frame=22343, tsNs=935117, tsMs=1779405650148, intervalMs=39, ad=(-2.3839623E-4,-0.0023069885,-0.33089542), gd=(-0.00962119,0.0074058766,0.017715223)
05-22 06:39:23.893     0     0 W         : c6 [    C6] Irq_monitor:Irq                                           IPI[1]occur        6934 times interval 1036 ms
05-22 06:39:23.893   573   573 D spi_rst_gpio_get_output: GPIO 145 value: 1
05-22 06:39:23.893   573   573 D spidev_ioctl: gpio status=1)
05-22 07:20:50.155   573   573 I SpiService: fgesysctrl_getGPIO_status success val=1
05-22 07:20:50.156  2981  3177 I SentryImuMcuAngleSender: 179.92415rollDeg
05-22 07:20:50.156  2981  3177 I SentryImuMcuAngleSender: 1,0,0
05-22 07:20:50.156  1026  1026 D MyAppLog: [2026-05-22 07:20:50.156 D tboxap tsp_WorkMachineProc:1086] [Tsp] [tsp_WorkMachineProc]TSP_WORK_LOGIN NOW !!!!
05-22 06:39:23.899   573   573 D spi_rst_gpio_get_output: GPIO 145 value: 1
05-22 06:39:23.899   573   573 D spidev_ioctl: gpio status=1)
05-22 07:20:50.161   573   573 I SpiService: fgesysctrl_getGPIO_status success val=1
05-22 06:39:23.904   573   573 D spi_rst_gpio_get_output: GPIO 145 value: 1
05-22 06:39:23.904   573   573 D spidev_ioctl: gpio status=1)
05-22 07:20:50.166   824   824 D SurfaceFlinger: unisoc-graphics, commit has frameMissed:2, vysncId:435037
05-22 07:20:50.166   573   573 I SpiService: fgesysctrl_getGPIO_status success val=1
05-22 06:39:23.910   573   573 D spi_rst_gpio_get_output: GPIO 145 value: 1
05-22 06:39:23.910   573   573 D spidev_ioctl: gpio status=1)
05-22 07:20:50.171   573   573 I SpiService: fgesysctrl_getGPIO_status success val=0
05-22 06:39:23.915   573   573 D spi_rst_gpio_get_output: GPIO 145 value: 0
05-22 06:39:23.915   573   573 D spidev_ioctl: gpio status=0)
05-22 07:20:50.176 11323 11374 D ANWStack: [    935158][ANWBT] >>Avctp_L2cap_Data_Ind_Cb
05-22 07:20:50.176 11323 11374 D ANWStack: 
05-22 07:20:50.176  2981  3177 I SentryImuMcuAngleSender: 179.91034rollDeg
05-22 07:20:50.176 11323 11374 D ANWStack: [    935158][ANWBT] AVCTP Message Length = 22
05-22 07:20:50.176 11323 11374 D ANWStack: [    935159][ANWBT] Receive AVCTP_SINGLE_PACKET
05-22 07:20:50.176  2981  3177 I SentryImuMcuAngleSender: 1,0,0
05-22 07:20:50.177 11323 11374 D ANW_AVRCP: (11323|0xD12C8CB0)[AVRCP] [**AVRCP**] 0x12 0x110e
05-22 07:20:50.177 11323 11374 D ANW_AVRCP: (11323|0xD12C8CB0)[AVRCP] opcode match 0x0
05-22 07:20:50.177 11323 11374 D ANW_AVRCP: 
05-22 07:20:50.177 11323 11374 D ANW_AVRCP: (11323|0xD12C8CB0)[AVRCP] subopcode match 0x30, update ctype 0x1->0xc
05-22 07:20:50.177 11323 11374 D ANW_AVRCP: 
05-22 07:20:50.177 11323 11374 D ANW_AVRCP: (11323|0xD12C8CB0)[AVRCP] AVRCP_Packet_Parser Response
05-22 07:20:50.177 11323 11374 D ANW_AVRCP: 
05-22 07:20:50.177 11323 11374 D ANW_AVRCP: (11323|0xD12C8CB0)[AVRCP] AVRCP_Get_Play_Status_RSP_Handler 89344/169130 1
05-22 07:20:50.177 11323 11374 D ANWAPI  : (11323|0xD12C8CB0)[BTAPI] connmgr_find_by_handle pData = 0xb4000078d2e60eb0,7
05-22 07:20:50.177 11323 11374 D ANWAPI  : (11323|0xD12C8CB0)[BTAPI] ===BTAPI_MallocIdxMsg 1030 16
05-22 07:20:50.177 11323 11374 D ANWAPI  : (11323|0xD12C8CB0)[BTAPI] *BT_CB_Dispatch
05-22 07:20:50.177 11323 11374 D ANWAPI  : (11323|0xD12C8CB0)[BTAPI] *****SDK callback(0x406)
05-22 07:20:50.177 11323 11374 D ANWAPI  : (11323|0xD12C8CB0)[BTAPI] SDK***** [1c:11:2f:7c:1d:68]
05-22 07:20:50.177 11323 11374 D ANWAPI  : (11323|0xD12C8CB0)[BTAPI] btsdk_exec_apicb start
05-22 07:20:50.177 11323 11374 D ANWAPI  : (11323|0xD12C8CB0)[BTAPI] Up: AvrcpMsgHandler receive[1C:11:2F:7C:1D:68], Get Device ID(0)
05-22 07:20:50.177 11323 11374 D ANWAPI  : 
05-22 07:20:50.177 11323 11374 D ANWAPI  : (11323|0xD12C8CB0)[BTAPI] Up: AnWBT_AVRCP_CURRENT_PLAY_STATUS_IND
05-22 07:20:50.177 11323 11374 D ANWAPI  : 
05-22 07:20:50.177 11323 11374 D ANWAPI  : (11323|0xD12C8CB0)[BTAPI] songLengthMs     =169130
05-22 07:20:50.177 11323 11374 D ANWAPI  : 
05-22 07:20:50.177 11323 11374 D ANWAPI  : (11323|0xD12C8CB0)[BTAPI] songPositionMs   =89344
05-22 07:20:50.177 11323 11374 D ANWAPI  : 
05-22 07:20:50.177 11323 11374 I ANW bt_btif: AvrcpMsgHandler: HAL bt_rc_ctrl_callbacks->play_position_changed_cb
05-22 07:20:50.178 11323 11374 I BluetoothAvrcpControllerJni: btavrcp_play_position_changed_callback
05-22 07:20:50.178 11323 11374 D AvrcpControllerService: onPlayPositionChanged pos 89344
05-22 07:20:50.178 11323 11374 D ANWAPI  : (11323|0xD12C8CB0)[BTAPI] currentPlayStatus=1
05-22 07:20:50.178 11323 11374 D ANWAPI  : 
05-22 07:20:50.178 11323 13102 D AvrcpControllerStateMachine: Avrcp.GetFolderList processMessage 206
05-22 07:20:50.178 11323 13102 D AvrcpControllerStateMachine: Avrcp.ConnectedAvrcpController processMessage 206
05-22 07:20:50.178 11323 11374 I ANW bt_btif: AvrcpMsgHandler: HAL bt_rc_ctrl_callbacks->play_status_changed_cb
05-22 07:20:50.178 11323 11374 I BluetoothAvrcpControllerJni: btavrcp_play_status_changed_callback
05-22 07:20:50.178 11323 11374 D AvrcpControllerService: onPlayStatusChanged 1
05-22 07:20:50.178 11323 13102 D AvrcpPlayer: getPlayBackState state 3 time 89344
05-22 07:20:50.178 11323 13102 D BluetoothMediaBrowserService: notifyChanged PlaybackStatePlaybackState {state=3, position=89344, buffered position=0, speed=1.0, updated=935160, actions=2375735, error code=0, error message=null, custom actions=[], active item id=9}
05-22 07:20:50.179 11323 11374 D ANWAPI  : (11323|0xD12C8CB0)[BTAPI] btsdk_exec_apicb end
05-22 07:20:50.180 11323 13102 D AvrcpControllerStateMachine: Avrcp.GetFolderList processMessage 207
05-22 07:20:50.180 11323 13102 D AvrcpControllerStateMachine: Avrcp.ConnectedAvrcpController processMessage 207
05-22 07:20:50.180 11323 13102 D AvrcpPlayer: getPlayBackState state 3 time 89346
05-22 07:20:50.180 11323 13102 D BluetoothMediaBrowserService: notifyChanged PlaybackStatePlaybackState {state=3, position=89346, buffered position=0, speed=1.0, updated=935162, actions=2375735, error code=0, error message=null, custom actions=[], active item id=9}
05-22 07:20:50.180 11323 11374 D ANWStack: [    935162][ANWBT] >>Avctp_L2cap_Data_Ind_Cb
05-22 07:20:50.180 11323 11374 D ANWStack: 
05-22 07:20:50.180 11323 11374 D ANWStack: [    935162][ANWBT] AVCTP Message Length = 166
05-22 07:20:50.180 11323 11374 D ANWStack: [    935162][ANWBT] Receive AVCTP_SINGLE_PACKET
05-22 07:20:50.180 11323 11374 D ANW_AVRCP: (11323|0xD12C8CB0)[AVRCP] [**AVRCP**] 0x22 0x110e
05-22 07:20:50.180 11323 11374 D ANW_AVRCP: (11323|0xD12C8CB0)[AVRCP] opcode match 0x0
05-22 07:20:50.180 11323 11374 D ANW_AVRCP: 
05-22 07:20:50.180  3735  3735 I NSLogUtils_BtMusicModel: onPlaybackStateChanged state: PlaybackState {state=3, position=89344, buffered position=0, speed=1.0, updated=935160, actions=2375735, custom actions=[], active item id=9, error=null} mIsBCallInCall=false
05-22 07:20:50.181 11323 11374 D ANW_AVRCP: (11323|0xD12C8CB0)[AVRCP] subopcode match 0x20, update ctype 0x1->0xc
05-22 07:20:50.181 11323 11374 D ANW_AVRCP: 
05-22 07:20:50.181 11323 11374 D ANW_AVRCP: (11323|0xD12C8CB0)[AVRCP] AVRCP_Packet_Parser Response
05-22 07:20:50.181 11323 11374 D ANW_AVRCP: 
05-22 07:20:50.181 11323 11374 D ANW_AVRCP: (11323|0xD12C8CB0)[AVRCP] AVRCP_Get_Element_Attributes_RSP_Handler
05-22 07:20:50.181 11323 11374 D ANW_AVRCP: (11323|0xD12C8CB0)[AVRCP] num of attributes: 8
05-22 07:20:50.181 11323 11374 D ANW_AVRCP: 
05-22 07:20:50.181 11323 13102 D AvrcpControllerStateMachine: Avrcp.ConnectedAvrcpController shouldRequestFocus() true
05-22 07:20:50.181 11323 11374 D ANWAPI  : (11323|0xD12C8CB0)[BTAPI] connmgr_find_by_handle pData = 0xb4000078d2e60eb0,7
05-22 07:20:50.181 11323 11374 D ANWAPI  : (11323|0xD12C8CB0)[BTAPI] AVRCP_GET_ELEMENT_ATTRIBUTES
05-22 07:20:50.181 11323 11374 D ANWAPI  : (11323|0xD12C8CB0)[BTAPI] connmgr_find_by_handle pData = 0xb4000078d2e60eb0,7
05-22 07:20:50.181 11323 11374 D ANWAPI  : (11323|0xD12C8CB0)[BTAPI] media attrib id(1)
05-22 07:20:50.181  3735  3735 I NSLogUtils_BtMusicModel: musicChange metaData: android.media.MediaMetadata@e4d39dab
05-22 07:20:50.181 11323 11374 D ANWAPI  : (11323|0xD12C8CB0)[BTAPI] MediaAttr_MediaTitle 21 106
05-22 07:20:50.181 11323 11374 D ANWAPI  : (11323|0xD12C8CB0)[BTAPI] connmgr_find_by_handle pData = 0xb4000078d2e60eb0,7
05-22 07:20:50.181  3735  3735 I NSLogUtils_BtMusicModel: musicChange title: 还有你给我的痛,artist: Wish u never-TF_ING张子墨/Top Barry,duration: 169130,album: Wish u never,albumArtUri: null
05-22 07:20:50.181 11323 11374 D ANWAPI  : (11323|0xD12C8CB0)[BTAPI] media attrib id(2)
05-22 07:20:50.181 11323 11374 D ANWAPI  : (11323|0xD12C8CB0)[BTAPI] MediaAttr_ArtistName 38 106
05-22 07:20:50.181 11323 11374 D ANWAPI  : (11323|0xD12C8CB0)[BTAPI] connmgr_find_by_handle pData = 0xb4000078d2e60eb0,7
05-22 07:20:50.181 11323 11374 D ANWAPI  : (11323|0xD12C8CB0)[BTAPI] media attrib id(3)
05-22 07:20:50.181 11323 11374 D ANWAPI  : (11323|0xD12C8CB0)[BTAPI] MediaAttr_AlbumName 12 106
05-22 07:20:50.181 11323 11374 D ANWAPI  : (11323|0xD12C8CB0)[BTAPI] connmgr_find_by_handle pData = 0xb4000078d2e60eb0,7
05-22 07:20:50.181 11323 11374 D ANWAPI  : (11323|0xD12C8CB0)[BTAPI] media attrib id(4)
05-22 07:20:50.181  3735  3735 D NSLogUtils_MediaForegroundService: updateNotification isPlaying=true title=还有你给我的痛 text=Wish u never-TF_ING张子墨/Top Barry
05-22 07:20:50.181 11323 11374 D ANWAPI  : (11323|0xD12C8CB0)[BTAPI] MediaAttr_MediaNum 2 106
05-22 07:20:50.182 11323 11374 D ANWAPI  : (11323|0xD12C8CB0)[BTAPI] connmgr_find_by_handle pData = 0xb4000078d2e60eb0,7
05-22 07:20:50.182 11323 11374 D ANWAPI  : (11323|0xD12C8CB0)[BTAPI] media attrib id(5)
05-22 07:20:50.182 11323 11374 D ANWAPI  : (11323|0xD12C8CB0)[BTAPI] MediaAttr_TotalMediaNum 2 106
05-22 07:20:50.182 11323 11374 D ANWAPI  : (11323|0xD12C8CB0)[BTAPI] connmgr_find_by_handle pData = 0xb4000078d2e60eb0,7
05-22 07:20:50.182 11323 11374 D ANWAPI  : (11323|0xD12C8CB0)[BTAPI] media attrib id(6)
05-22 07:20:50.182 11323 11374 D ANWAPI  : (11323|0xD12C8CB0)[BTAPI] MediaAttr_Genre 0 106
05-22 07:20:50.182 11323 11374 D ANWAPI  : (11323|0xD12C8CB0)[BTAPI] connmgr_find_by_handle pData = 0xb4000078d2e60eb0,7
05-22 07:20:50.182 11323 11374 D ANWAPI  : (11323|0xD12C8CB0)[BTAPI] media attrib id(7)
05-22 07:20:50.182 11323 11374 D ANWAPI  : (11323|0xD12C8CB0)[BTAPI] MediaAttr_PlayingTimeMs 6 106
05-22 07:20:50.182 11323 11374 D ANWAPI  : (11323|0xD12C8CB0)[BTAPI] connmgr_find_by_handle pData = 0xb4000078d2e60eb0,7
05-22 07:20:50.182 11323 11374 D ANWAPI  : (11323|0xD12C8CB0)[BTAPI] media attrib id(8)
05-22 07:20:50.182 11323 11374 D ANWAPI  : (11323|0xD12C8CB0)[BTAPI] MediaAttr_CoverArt 7 106 0
05-22 07:20:50.182 11323 11374 D ANWAPI  : (11323|0xD12C8CB0)[BTAPI] connmgr_find_by_handle pData = 0xb4000078d2e60eb0,7
05-22 07:20:50.182 11323 11374 D ANWAPI  : (11323|0xD12C8CB0)[BTAPI] AVRCP_GET_ELEMENT_ATTRIBUTES_FINISH
05-22 07:20:50.182 11323 11374 D ANWAPI  : (11323|0xD12C8CB0)[BTAPI] btsdk_avrcp_post_songdetails
05-22 07:20:50.182 11323 11374 D ANWAPI  : (11323|0xD12C8CB0)[BTAPI] *BT_CB_Dispatch
05-22 07:20:50.182 11323 11374 D ANWAPI  : (11323|0xD12C8CB0)[BTAPI] *****SDK callback(0x405)
05-22 07:20:50.183 11323 11374 D ANWAPI  : (11323|0xD12C8CB0)[BTAPI] SDK***** [1c:11:2f:7c:1d:68]
05-22 07:20:50.183   824   824 D SurfaceFlinger: unisoc-graphics, commit has frameMissed:2, vysncId:435045
05-22 07:20:50.184 11323 11374 D ANWAPI  : (11323|0xD12C8CB0)[BTAPI] btsdk_exec_apicb start
05-22 07:20:50.184 11323 11374 D ANWAPI  : (11323|0xD12C8CB0)[BTAPI] Up: AvrcpMsgHandler receive[1C:11:2F:7C:1D:68], Get Device ID(0)
05-22 07:20:50.184 11323 11374 D ANWAPI  : 
05-22 07:20:50.184 11323 11374 D ANWAPI  : (11323|0xD12C8CB0)[BTAPI] Up: AnWBT_AVRCP_CURRENT_SONG_DETAIL_IND(6)
05-22 07:20:50.184 11323 11374 D ANWAPI  : 
05-22 07:20:50.184 11323 11374 D ANWAPI  : (11323|0xD12C8CB0)[BTAPI] MediaTitle   : 还有你给我的痛
05-22 07:20:50.184 11323 11374 D ANWAPI  : 
05-22 07:20:50.184 11323 11374 D ANWAPI  : (11323|0xD12C8CB0)[BTAPI] PlayingTimeMs: 169130
05-22 07:20:50.184 11323 11374 D ANWAPI  : 
05-22 07:20:50.184 11323 11374 D ANWAPI  : (11323|0xD12C8CB0)[BTAPI] AlbumName    : Wish u never
05-22 07:20:50.184 11323 11374 D ANWAPI  : 
05-22 07:20:50.184 11323 11374 D ANWAPI  : (11323|0xD12C8CB0)[BTAPI] ArtistName   : Wish u never-TF_ING张子墨/Top Barry
05-22 07:20:50.184 11323 11374 D ANWAPI  : 
05-22 07:20:50.184 11323 11374 D ANWAPI  : (11323|0xD12C8CB0)[BTAPI] MediaNum     : 10
05-22 07:20:50.184 11323 11374 D ANWAPI  : 
05-22 07:20:50.184 11323 11374 D ANWAPI  : (11323|0xD12C8CB0)[BTAPI] TotalMediaNum: 16
05-22 07:20:50.184 11323 11374 D ANWAPI  : 
05-22 07:20:50.184 11323 11374 D ANWAPI  : (11323|0xD12C8CB0)[BTAPI] BipHandle: 0000004)
05-22 07:20:50.184 11323 11374 D ANWAPI  : 
05-22 07:20:50.184 11323 11374 D ANWAPI  : (11323|0xD12C8CB0)[BTAPI] inform track changed cb, num_attr:7
05-22 07:20:50.184 11323 11374 D ANWAPI  : 
05-22 07:20:50.184 11323 11374 I ANW bt_btif: inform_track_changed_cb: HAL bt_rc_ctrl_callbacks->track_changed_cb
05-22 07:20:50.184 11323 11374 I BluetoothAvrcpControllerJni: btavrcp_track_changed_callback
05-22 07:20:50.185   291  1491 D EvsDriver: forwardFrame
05-22 07:20:50.185 11323 11374 D AvrcpControllerService: onTrackChanged
05-22 07:20:50.185 11323 11374 D AvrcpItem.Builder: 3 = Wish u never
05-22 07:20:50.185 11323 11374 D AvrcpItem.Builder: 2 = Wish u never-TF_ING张子墨/Top Barry
05-22 07:20:50.185 11323 11374 D AvrcpItem.Builder: 1 = 还有你给我的痛
05-22 07:20:50.185 11323 11374 D AvrcpItem.Builder: 4 = 10
05-22 07:20:50.185 11323 11374 D AvrcpItem.Builder: 5 = 16
05-22 07:20:50.185   573   573 I SpiService: fgesysctrl_getGPIO_status success val=1
05-22 07:20:50.186  3735  3735 D NSLogUtils_BluetoothPlayerService: mPlaybackStateObserver isConnected: true
05-22 07:20:50.186  3735  3735 D NSLogUtils_BluetoothPlayerService: played trigger application focus
05-22 07:20:50.186 11323 11374 D AvrcpItem.Builder: 7 = 169130
05-22 07:20:50.186 11323 11374 D AvrcpItem.Builder: 8 = 0000004
05-22 07:20:50.186  3735  3735 D NSLogUtils_SourceChangeManager: getCurrentSourceWithoutDefaultValue source: MUSIC_SOURCE_BT
05-22 07:20:50.186  3735  3735 D NSLogUtils_SourceChangeManager: setCurrentSource new source: MUSIC_SOURCE_BT ,currentSource: MUSIC_SOURCE_BT
05-22 07:20:50.186  3735  3735 E NSLogUtils_SourceChangeManager: setCurrentSource error, because currentSource is the same as source
05-22 07:20:50.186  3735  3735 D NSLogUtils_MainActivity: progress->89352
05-22 07:20:50.186 11323 11374 D ANWAPI  : (11323|0xD12C8CB0)[BTAPI] Up: per 1.5S get ID3 information
05-22 07:20:50.186 11323 11374 D ANWAPI  : 
05-22 07:20:50.186 11323 11374 D ANWAPI  : (11323|0xD12C8CB0)[BTAPI] AVRCP_Cancel_Auto_Get_ID3(0)
05-22 07:20:50.186 11323 11374 D ANWAPI  : 
05-22 07:20:50.186  1137  1150 D evsmanagerd: /dev/video4 forwarded the buffer #0 to 0xb4000071fa019690 from 0xb4000071fa01b7d0
05-22 07:20:50.186 11323 11374 D ANWAPI  : (11323|0xD12C8CB0)[BTAPI] btsdk_exec_apicb end
05-22 07:20:50.186   291  1491 D EvsDriver: Delivered 0xb400007b2f47ca30 as id 0
05-22 07:20:50.186 11323 13102 D AvrcpControllerStateMachine: Avrcp.GetFolderList processMessage 205
05-22 07:20:50.187 11323 13102 D AvrcpControllerStateMachine: Avrcp.ConnectedAvrcpController processMessage 205
05-22 07:20:50.187 11323 13102 D AvrcpCoverArtManager: Download Image - device: 1C:11:2F:7C:1D:68, Handle: f96953bf-c884-437d-b50c-aff79b193da3
05-22 07:20:50.187 11323 13102 D avrcpcontroller.BipRequest: GetImageProperties - handle: 0000004
05-22 07:20:50.187 11323 13102 D AvrcpCoverArtProvider: getImageUri -> content://com.android.bluetooth.avrcpcontroller.AvrcpCoverArtProvider?device=1C%3A11%3A2F%3A7C%3A1D%3A68&uuid=f96953bf-c884-437d-b50c-aff79b193da3
05-22 07:20:50.187   737   737 D NotificationService: EnqueueNotificationRunnable.run for: 0|com.neusoft.btmusic|8001|null|1000
05-22 07:20:50.187 11323 13102 D BluetoothMediaBrowserService: trackChanged setMetadata=AvrcpItem{mUuid=2303c7b7-a30c-4036-a4af-4cc04b004b56, mUid=0, mItemType=3, mType=0, mDisplayableName=null, mTitle=还有你给我的痛 mPlayingTime=169130 mTrack=10/16, mPlayable=false, mBrowsable=false, mCoverArtHandle=0000004, mImageUuid=f96953bf-c884-437d-b50c-aff79b193da3, mImageUrinull}
05-22 07:20:50.187   737   737 I notification_enqueue: [1000,3735,com.neusoft.btmusic,8001,NULL,0,Notification(channel=media_playback_channel shortcut=null contentView=null vibrate=null sound=null defaults=0x0 flags=0x4a color=0x00000000 category=transport groupKey=silent actions=3 vis=PUBLIC),1]
05-22 07:20:50.187   276   300 I rvcservice: t.code = 4, t.value = 0
05-22 07:20:50.188 11323 13102 D AvrcpControllerStateMachine: removeUnusedArtwork(f96953bf-c884-437d-b50c-aff79b193da3)
05-22 07:20:50.188 11323 13102 D AvrcpControllerStateMachine: removeUnusedArtworkFromBrowseTree()
05-22 07:20:50.188  3735  3735 I NSLogUtils_BtMusicModel: onMetadataChanged metadata: android.media.MediaMetadata@992ba02d
05-22 07:20:50.188  3735  3735 D NSLogUtils_BtMusicModel: onMetadataChanged ====> musicTitle：还有你给我的痛 ,singerText：169130 ,duration：169130 ,albumArtUri：null
05-22 07:20:50.188  3735  3735 I NSLogUtils_BtMusicModel: onMetadataChanged =====> title: 还有你给我的痛,descriptionChar: MUSIC_SOURCE_BT,iconBitmap: null,iconUri: null,mediaId: null,subtitle: Wish u never-TF_ING张子墨/Top Barry
05-22 07:20:50.188   964  1804 D [OMXB]  : usingANWBuffer: handle:0xebd40f30, format:1, w:1920, h:1080
05-22 07:20:50.189   544   544 D commservice260303: msg.id = 1028,0
05-22 07:20:50.189   544   544 D commservice260303: i = 170, msgid = 8A000404
05-22 07:20:50.189   544   544 D commservice260303: msgid = -1979710460,did=138
05-22 07:20:50.189   544   544 D commservice260303: CommProtocolLibCmdBaseI2C::dataproc {"command":{"id":"imu_status","sub":""},"content":{"TimeStamp":1779405650188,"FrameCounter":22344,"GD_X":-0.0097730727866292,"GD_Y":0.007558800280094147,"GD_Z":0.017867106944322586,"AD_X":-0.006336860358715057,"AD_Y":0.002571476623415947,"AD_Z":-0.32906532287597656,"TempDsp":0,"Status":0,"CalibState":1,"SigAmpInvalid":0}},-1979710460
05-22 07:20:50.189   544   544 D commservice260303: send2Cluster len:323, 7B22636F6D6D616E64223A7B226964223A22696D755F737461747573222C22737562223A22227D2C22636F6E74656E74223A7B2254696D655374616D70223A313737393430353635303138382C224672616D65436F756E746572223A32323334342C2247445F58223A2D302E303039373733303732373836363239322C2247445F59223A302E3030373535383830303238303039343134372C2247445F5A223A302E3031373836373130363934343332323538362C2241445F58223A2D302E3030363333363836303335383731353035372C2241445F59223A302E3030323537313437363632333431353934372C2241445F5A223A2D302E33323930363533323238373539373635362C2254656D70447370223A302C22537461747573223A302C2243616C69625374617465223A312C22536967416D70496E76616C6964223A307D7D, 138 
05-22 06:39:23.929   573   573 D spidev_ioctl: gpio status=1)
05-22 06:39:23.934   573   573 D spi_rst_gpio_get_output: GPIO 145 value: 1
05-22 06:39:23.934   573   573 D spidev_ioctl: gpio status=1)
05-22 07:20:50.189   544   544 D commservice260303: Push Message into SendPool fn=542703616
05-22 07:20:50.189   544   544 D commservice260303: ComProtocolLibSend2Cluster::send2ClusterRaw fn=542703616 , len=339
05-22 07:20:50.189   544   544 D commservice260303: sendCmdToPort :339!!!
05-22 07:20:50.189   544   544 D commservice260303: send Cmd To Port ++++5AA5014F8A01000059206A0F93527B22636F6D6D616E64223A7B226964223A22696D755F737461747573222C22737562223A22227D2C22636F6E74656E74223A7B2254696D655374616D70223A313737393430353635303138382C224672616D65436F756E746572223A32323334342C2247445F58223A2D302E303039373733303732373836363239322C2247445F59223A302E3030373535383830303238303039343134372C2247445F5A223A302E3031373836373130363934343332323538362C2241445F58223A2D302E3030363333363836303335383731353035372C2241445F59223A302E3030323537313437363632333431353934372C2241445F5A223A2D302E33323930363533323238373539373635362C2254656D70447370223A302C22537461747573223A302C2243616C69625374617465223A312C22536967416D70496E76616C6964223A307D7D9023
05-22 07:20:50.189   544   544 D commservice260303: bufferevent_write retrun value = 0
05-22 07:20:50.190   544   567 D commservice260303: client datas send succeed,send finish
05-22 07:20:50.190  3735  3735 I NSLogUtils_BtMusicModel: musicChange metaData: android.media.MediaMetadata@992ba02d
05-22 07:20:50.190  2981  3178 D Sentinelmode_1.2.5.13_alpha: <SentryImuClusterFgeSender>imu_status sent to Linux, frame=22344, tsNs=935154, tsMs=1779405650188, intervalMs=40, ad=(-0.0063368604,0.0025714766,-0.32906532), gd=(-0.009773073,0.0075588003,0.017867107)
05-22 07:20:50.190  1812  1812 I ExtAssistant: ENQUEUED 0|com.neusoft.btmusic|8001|null|1000 on media_playback_channel
05-22 07:20:50.190  3735  3735 I NSLogUtils_BtMusicModel: musicChange title: 还有你给我的痛,artist: Wish u never-TF_ING张子墨/Top Barry,duration: 169130,album: Wish u never,albumArtUri: null
05-22 07:20:50.190   565   599 I Sensors : 230 AccelSensor: x:-0.110410,y:0.014639,z:-10.131491
05-22 07:20:50.191  1812  2664 D ExtAssistant: Creating Adjustment for 0|com.neusoft.btmusic|8001|null|1000, with 0 actions, and 0 replies.
