05-22 07:20:53.232   558  1606 I gps_hdbd: hy abnormal deal:hy_cnr30_satellite_cnt=0
05-22 07:20:53.232   558  1606 D gps_hdbd: hy abnormal deal:hy_fixStatus_fail_count=0
05-22 07:20:53.232   558  1606 I gps_hdbd: Received: '$GNZDA,232053.000,21,05,2026,00,00*4D
'
05-22 07:20:53.232  1026  1026 D MyAppLog: [2026-05-22 07:20:53.232 D tboxap gspDataAnalyze:346] [Gps] rev gps data:$GNRMC,232053.000,V,,,,,,,210526,120.0,E,N,V*46
05-22 07:20:53.232  1026  1026 D MyAppLog: [2026-05-22 07:20:53.232 D tboxap Real_GPS_Command_Process:293] [Gps] GPS_INFOR_IF_COMPLETED 0f
05-22 07:20:53.232  1026  1026 D MyAppLog: [2026-05-22 07:20:53.232 D tboxap gpsCommDataCb:143] [Gps] [gpsCommDataCb] datacb
05-22 07:20:53.232  1026  1026 W MyAppLog: [2026-05-22 07:20:53.232 W tboxap gpsSyncGpsInfoToDm:263] [Gps] [gpsSyncGpsInfoToDm] fix=0 mode=49 alt=0.00 sat=0 hdop=0.00 pdop=0.00 vdop=0.00
05-22 07:20:53.232  1026  1026 D MyAppLog: [2026-05-22 07:20:53.232 D tboxap gpsIpcInfoCallBack:161] [Gps] [gpsIpcInfoCallBack] gpsIpcInfoCallBack in
05-22 07:20:53.232  1026  1026 D MyAppLog: [2026-05-22 07:20:53.232 D tboxap gpsIpcInfoCallBack:168] [Gps] [gpsIpcInfoCallBack] gps ipc init gpsIpcInfoCallBack = 0x64d0daa0fc
05-22 07:20:53.232  1026  1026 D MyAppLog: [2026-05-22 07:20:53.232 D tboxap gpsIpcInfoCallBack:176] [Gps] [gpsIpcInfoCallBack] gpsIpcInfoCallBack 44 out
05-22 07:20:53.232  1026  1026 D MyAppLog: [2026-05-22 07:20:53.232 D tboxap gpsCommTboxmidsRecvCb:66] [Gps] [gpsCommTboxmidsRecvCb] gps nmea updated:$GNRMC,232053.000,V,,,,,,,210526,120.0,E,N,V*46
05-22 07:20:53.232  1026  1026 D MyAppLog: 
05-22 07:20:53.233  1026  1026 D MyAppLog: [2026-05-22 07:20:53.232 D tboxap GpsIpcInfoHandler:133] [Gps] [GpsIpcInfoHandler]  time 
05-22 07:20:53.233  1026  1026 D MyAppLog: [2026-05-22 07:20:53.232 D tboxap gspDataAnalyze:346] [Gps] rev gps data:$GNZDA,232053.000,21,05,2026,00,00*4D
05-22 07:20:53.233  1026  1026 D MyAppLog: [2026-05-22 07:20:53.232 D tboxap gpsCommTboxmidsRecvCb:66] [Gps] [gpsCommTboxmidsRecvCb] gps nmea updated:$GNZDA,232053.000,21,05,2026,00,00*4D
05-22 07:20:53.233  1026  1026 D MyAppLog: 
05-22 07:20:53.235   573   573 I SpiService: fgesysctrl_getGPIO_status success val=1
05-22 07:20:53.235  2981  3177 I SentryImuMcuAngleSender: 179.9207rollDeg
05-22 07:20:53.235  2981  3177 I SentryImuMcuAngleSender: 1,0,0
05-22 07:20:53.236   964  1804 D [OMXB]  : usingANWBuffer: handle:0xebd40170, format:1, w:1920, h:1080
05-22 07:20:53.237   558  1606 I gps_hdbd: Received: '$GNGST,232053.000,,,,,,,*52
'
05-22 07:20:53.240   573   573 I SpiService: fgesysctrl_getGPIO_status success val=0
05-22 07:20:53.246   544   544 D commservice260303: msg.id = 1028,1
05-22 07:20:53.246   544   544 D commservice260303: i = 170, msgid = 8A000404
05-22 07:20:53.246   544   544 D commservice260303: msgid = -1979710460,did=138
05-22 07:20:53.247   544   544 D commservice260303: CommProtocolLibCmdBaseI2C::dataproc {"command":{"id":"imu_status","sub":""},"content":{"TimeStamp":1779405653246,"FrameCounter":22419,"GD_X":-0.0085517643019557,"GD_Y":0.0072539933025836945,"GD_Z":0.018095972016453743,"AD_X":-0.001452416181564331,"AD_Y":7.19844363629818E-4,"AD_Z":-0.33089542388916016,"TempDsp":0,"Status":0,"CalibState":1,"SigAmpInvalid":0}},-1979710460
05-22 07:20:53.247   544   544 D commservice260303: send2Cluster len:323, 7B22636F6D6D616E64223A7B226964223A22696D755F737461747573222C22737562223A22227D2C22636F6E74656E74223A7B2254696D655374616D70223A313737393430353635333234362C224672616D65436F756E746572223A32323431392C2247445F58223A2D302E303038353531373634333031393535372C2247445F59223A302E303037323533393933333032353833363934352C2247445F5A223A302E3031383039353937323031363435333734332C2241445F58223A2D302E3030313435323431363138313536343333312C2241445F59223A372E3139383434333633363239383138452D342C2241445F5A223A2D302E33333038393534323338383931363031362C2254656D70447370223A302C22537461747573223A302C2243616C69625374617465223A312C22536967416D70496E76616C6964223A307D7D, 138 
05-22 07:20:53.247   544   544 D commservice260303: Push Message into SendPool fn=1817772032
05-22 07:20:53.247   544   544 D commservice260303: ComProtocolLibSend2Cluster::send2ClusterRaw fn=1817772032 , len=339
05-22 07:20:53.247   544   544 D commservice260303: sendCmdToPort :339!!!
05-22 07:20:53.247   544   544 D commservice260303: send Cmd To Port ++++5AA5014F8A010000596C6A0F93557B22636F6D6D616E64223A7B226964223A22696D755F737461747573222C22737562223A22227D2C22636F6E74656E74223A7B2254696D655374616D70223A313737393430353635333234362C224672616D65436F756E746572223A32323431392C2247445F58223A2D302E303038353531373634333031393535372C2247445F59223A302E303037323533393933333032353833363934352C2247445F5A223A302E3031383039353937323031363435333734332C2241445F58223A2D302E3030313435323431363138313536343333312C2241445F59223A372E3139383434333633363239383138452D342C2241445F5A223A2D302E33333038393534323338383931363031362C2254656D70447370223A302C22537461747573223A302C2243616C69625374617465223A312C22536967416D70496E76616C6964223A307D7D61A9
05-22 07:20:53.248   544   544 D commservice260303: bufferevent_write retrun value = 0
05-22 07:20:53.248   544   567 D commservice260303: client datas send succeed,send finish
05-22 07:20:53.248  2981  3178 D Sentinelmode_1.2.5.13_alpha: <SentryImuClusterFgeSender>imu_status sent to Linux, frame=22419, tsNs=938207, tsMs=1779405653246, intervalMs=41, ad=(-0.0014524162,7.1984436E-4,-0.33089542), gd=(-0.008551764,0.0072539933,0.018095972)
05-22 07:20:53.252   291  1491 D EvsDriver: forwardFrame
05-22 07:20:53.254   477  1275 I dvr_service_: [EncoderHandler::runMediaThread] runMediaThread started:1,state:0, cam2:started:1,state:0, lastSwitch:1, mIsMuxerStart:0,format:0,is_str_ing:0
05-22 07:20:53.254   573   573 I SpiService: fgesysctrl_getGPIO_status success val=1
05-22 07:20:53.254   558  1606 I gps_hdbd: Received: '$GNINS,1,1,TYPE,I,V,232053.000,921200,FUS,-4,0,0,0,MOT,V,1,PATT,0.00,0.00,0.00,VEL,0.000,0.000,0.000,POS,39.9999846247,115.9999771395,108.489,IIA,1,0.00,0.00,0.00,BGA,0.44,-0.52,-1.01,0.000,0.000,0.000,IGA,0,0,-1,0,-1,99,VG,16c2ff1*2F
'
05-22 07:20:53.254  1137  1150 D evsmanagerd: /dev/video4 forwarded the buffer #0 to 0xb4000071fa019690 from 0xb4000071fa01b7d0
05-22 07:20:53.255   291  1491 D EvsDriver: Delivered 0xb400007b2f47ca30 as id 0
05-22 07:20:53.256  2981  3177 I SentryImuMcuAngleSender: 179.9207rollDeg
05-22 07:20:53.256  2981  3177 I SentryImuMcuAngleSender: 1,0,0
05-22 07:20:53.257   291  1135 D EvsDriver: doneWithFrame
05-22 06:39:26.998   573   573 D spidev_ioctl: gpio status=1)
05-22 07:20:53.260   573   573 I SpiService: fgesysctrl_getGPIO_status success val=1
05-22 07:20:53.262  2981  3170 D SVR_MNG_SvrMngProxy: getServer: mSvrManger is null
05-22 07:20:53.262  2981  3170 D SVR_MNG_SvrMngProxy: getNewStub: 
05-22 07:20:53.262  2981  3170 D SVR_MNG_SvrMngProxy: getNewStub: getSvrManagerService start
05-22 07:20:53.264  2981  3170 D SVR_MNG_SvrMngProxy: getNewStub: getSvrManagerService end
05-22 07:20:53.264  2981  3170 D SVR_MNG_SvrMngProxy: getServer: svrMngService doesn't start
05-22 07:20:53.265   573   573 I SpiService: fgesysctrl_getGPIO_status success val=1
05-22 07:20:53.266   558  1606 I gps_hdbd: Received: '$GNINS,CARSPEED,ADR_STATUS,0,Pulse_count,0,1,0,0,921200,9212,0.000,0.000,0.000*06
'
05-22 07:20:53.271   573   573 I SpiService: fgesysctrl_getGPIO_status success val=1
05-22 07:20:53.272   558  1606 I gps_hdbd: Received: '$GNTXT,04,01,04,INS,V,1,,,,FLG,1,000000,1,0,1,0,0,Con,0*71
'
05-22 07:20:53.272   558  1606 I gps_hdbd: Received: '$GNTXT,INSTALL,0.00,0.00,0.00,0.00,0.00,0.00,0*20
'
05-22 07:20:53.276   573   573 I SpiService: fgesysctrl_getGPIO_status success val=0
05-22 07:20:53.276  2981  3177 I SentryImuMcuAngleSender: 179.9207rollDeg
05-22 07:20:53.277  2981  3177 I SentryImuMcuAngleSender: 1,0,0
05-22 07:20:53.279   964  1804 D [OMXB]  : usingANWBuffer: handle:0xebd42690, format:1, w:1920, h:1080
05-22 07:20:53.283   291  1491 D EvsDriver: forwardFrame
05-22 07:20:53.285   291  1491 D EvsDriver: Delivered 0xb400007b2f47ca30 as id 0
05-22 07:20:53.285  1137  1150 D evsmanagerd: /dev/video4 forwarded the buffer #0 to 0xb4000071fa019690 from 0xb4000071fa01b7d0
05-22 07:20:53.285   824   824 D SurfaceFlinger: unisoc-graphics, commit has frameMissed:2, vysncId:435855
05-22 07:20:53.286   544   544 D commservice260303: msg.id = 1028,0
05-22 07:20:53.286   544   544 D commservice260303: i = 170, msgid = 8A000404
05-22 07:20:53.286   544   544 D commservice260303: msgid = -1979710460,did=138
05-22 07:20:53.287   544   544 D commservice260303: CommProtocolLibCmdBaseI2C::dataproc {"command":{"id":"imu_status","sub":""},"content":{"TimeStamp":1779405653285,"FrameCounter":22420,"GD_X":-0.008857090957462788,"GD_Y":0.006948145572096109,"GD_Z":0.01779116503894329,"AD_X":-0.002673789858818054,"AD_Y":0.0025480967015028,"AD_Z":-0.32967567443847656,"TempDsp":0,"Status":0,"CalibState":1,"SigAmpInvalid":0}},-1979710460
05-22 07:20:53.287   544   544 D commservice260303: send2Cluster len:322, 7B22636F6D6D616E64223A7B226964223A22696D755F737461747573222C22737562223A22227D2C22636F6E74656E74223A7B2254696D655374616D70223A313737393430353635333238352C224672616D65436F756E746572223A32323432302C2247445F58223A2D302E3030383835373039303935373436323738382C2247445F59223A302E3030363934383134353537323039363130392C2247445F5A223A302E30313737393131363530333839343332392C2241445F58223A2D302E3030323637333738393835383831383035342C2241445F59223A302E303032353438303936373031353032382C2241445F5A223A2D302E33323936373536373434333834373635362C2254656D70447370223A302C22537461747573223A302C2243616C69625374617465223A312C22536967416D70496E76616C6964223A307D7D, 138 
05-22 07:20:53.287   544   544 D commservice260303: Push Message into SendPool fn=1834549248
05-22 07:20:53.287   544   544 D commservice260303: ComProtocolLibSend2Cluster::send2ClusterRaw fn=1834549248 , len=338
05-22 07:20:53.287   544   544 D commservice260303: sendCmdToPort :338!!!
05-22 07:20:53.287   544   544 D commservice260303: send Cmd To Port ++++5AA5014E8A010000596D6A0F93557B22636F6D6D616E64223A7B226964223A22696D755F737461747573222C22737562223A22227D2C22636F6E74656E74223A7B2254696D655374616D70223A313737393430353635333238352C224672616D65436F756E746572223A32323432302C2247445F58223A2D302E3030383835373039303935373436323738382C2247445F59223A302E3030363934383134353537323039363130392C2247445F5A223A302E30313737393131363530333839343332392C2241445F58223A2D302E3030323637333738393835383831383035342C2241445F59223A302E303032353438303936373031353032382C2241445F5A223A2D302E33323936373536373434333834373635362C2254656D70447370223A302C22537461747573223A302C2243616C69625374617465223A312C22536967416D70496E76616C6964223A307D7DFFFC
05-22 07:20:53.287   544   544 D commservice260303: bufferevent_write retrun value = 0
05-22 07:20:53.287   544   567 D commservice260303: client datas send succeed,send finish
05-22 07:20:53.287  2981  3178 D Sentinelmode_1.2.5.13_alpha: <SentryImuClusterFgeSender>imu_status sent to Linux, frame=22420, tsNs=938260, tsMs=1779405653285, intervalMs=39, ad=(-0.0026737899,0.0025480967,-0.32967567), gd=(-0.008857091,0.0069481456,0.017791165)
05-22 07:20:53.287   291  1135 D EvsDriver: doneWithFrame
05-22 07:20:53.290   573   573 I SpiService: fgesysctrl_getGPIO_status success val=1
05-22 06:39:27.033   573   573 D spidev_ioctl: gpio status=1)
05-22 07:20:53.295   276   300 I rvcservice: t.code = 3, t.value = 0
05-22 07:20:53.295   573   573 I SpiService: fgesysctrl_getGPIO_status success val=1
05-22 07:20:53.297  2981  3177 I SentryImuMcuAngleSender: 179.91727rollDeg
05-22 07:20:53.297  2981  3177 I SentryImuMcuAngleSender: 1,0,0
05-22 07:20:53.301   573   573 I SpiService: fgesysctrl_getGPIO_status success val=1
05-22 06:39:27.044   573   573 D spidev_ioctl: gpio status=1)
05-22 07:20:53.303   824   824 D SurfaceFlinger: unisoc-graphics, commit has frameMissed:2, vysncId:435863
05-22 07:20:53.306   573   573 I SpiService: fgesysctrl_getGPIO_status success val=1
05-22 06:39:27.050   573   573 D spidev_ioctl: gpio status=1)
05-22 07:20:53.312   573   573 I SpiService: fgesysctrl_getGPIO_status success val=1
05-22 06:39:27.055   573   573 D spidev_ioctl: gpio status=1)
05-22 07:20:53.317   573   573 I SpiService: fgesysctrl_getGPIO_status success val=1
05-22 07:20:53.317  2981  3177 I SentryImuMcuAngleSender: 179.9276rollDeg
05-22 07:20:53.317  2981  3177 I SentryImuMcuAngleSender: 1,0,0
05-22 07:20:53.318   291  1491 D EvsDriver: forwardFrame
05-22 07:20:53.320   291  1491 D EvsDriver: Delivered 0xb400007b2f47ca30 as id 0
05-22 07:20:53.320  1137  1150 D evsmanagerd: /dev/video4 forwarded the buffer #0 to 0xb4000071fa019690 from 0xb4000071fa01b7d0
05-22 07:20:53.320   477  1243 I dvr_service_: [myNum:0][onFrameReceived] Received Surface:1 0
05-22 07:20:53.321   291  1135 D EvsDriver: doneWithFrame
05-22 07:20:53.322   573   573 I SpiService: fgesysctrl_getGPIO_status success val=0
05-22 07:20:53.326   544   544 D commservice260303: msg.id = 1028,0
05-22 07:20:53.326   544   544 D commservice260303: i = 170, msgid = 8A000404
05-22 07:20:53.326   544   544 D commservice260303: msgid = -1979710460,did=138
05-22 07:20:53.326   544   544 D commservice260303: CommProtocolLibCmdBaseI2C::dataproc {"command":{"id":"imu_status","sub":""},"content":{"TimeStamp":1779405653325,"FrameCounter":22421,"GD_X":-0.009010015055537224,"GD_Y":0.007482858840376139,"GD_Z":0.017944088205695152,"AD_X":-0.0038931816816329956,"AD_Y":-5.039423704147339E-4,"AD_Z":-0.32967567443847656,"TempDsp":0,"Status":0,"CalibState":1,"SigAmpInvalid":0}},-1979710460
05-22 07:20:53.326   544   544 D commservice260303: send2Cluster len:327, 7B22636F6D6D616E64223A7B226964223A22696D755F737461747573222C22737562223A22227D2C22636F6E74656E74223A7B2254696D655374616D70223A313737393430353635333332352C224672616D65436F756E746572223A32323432312C2247445F58223A2D302E3030393031303031353035353533373232342C2247445F59223A302E3030373438323835383834303337363133392C2247445F5A223A302E3031373934343038383230353639353135322C2241445F58223A2D302E303033383933313831363831363332393935362C2241445F59223A2D352E303339343233373034313437333339452D342C2241445F5A223A2D302E33323936373536373434333834373635362C2254656D70447370223A302C22537461747573223A302C2243616C69625374617465223A312C22536967416D70496E76616C6964223A307D7D, 138 
05-22 07:20:53.326   544   544 D commservice260303: Push Message into SendPool fn=1851326464
05-22 07:20:53.326   544   544 D commservice260303: ComProtocolLibSend2Cluster::send2ClusterRaw fn=1851326464 , len=343
05-22 07:20:53.326   544   544 D commservice260303: sendCmdToPort :343!!!
05-22 07:20:53.327   544   544 D commservice260303: send Cmd To Port ++++5AA501538A010000596E6A0F93557B22636F6D6D616E64223A7B226964223A22696D755F737461747573222C22737562223A22227D2C22636F6E74656E74223A7B2254696D655374616D70223A313737393430353635333332352C224672616D65436F756E746572223A32323432312C2247445F58223A2D302E3030393031303031353035353533373232342C2247445F59223A302E3030373438323835383834303337363133392C2247445F5A223A302E3031373934343038383230353639353135322C2241445F58223A2D302E303033383933313831363831363332393935362C2241445F59223A2D352E303339343233373034313437333339452D342C2241445F5A223A2D302E33323936373536373434333834373635362C2254656D70447370223A302C22537461747573223A302C2243616C69625374617465223A312C22536967416D70496E76616C6964223A307D7D2664
05-22 07:20:53.327   544   544 D commservice260303: bufferevent_write retrun value = 0
05-22 07:20:53.327   544   567 D commservice260303: client datas send succeed,send finish
05-22 07:20:53.327  2981  3178 D Sentinelmode_1.2.5.13_alpha: <SentryImuClusterFgeSender>imu_status sent to Linux, frame=22421, tsNs=938293, tsMs=1779405653325, intervalMs=40, ad=(-0.0038931817,-5.0394237E-4,-0.32967567), gd=(-0.009010015,0.007482859,0.017944088)
05-22 07:20:53.336   573   573 I SpiService: fgesysctrl_getGPIO_status success val=1
05-22 07:20:53.337  2981  3177 I SentryImuMcuAngleSender: 179.92415rollDeg
05-22 07:20:53.337  2981  3177 I SentryImuMcuAngleSender: 1,0,0
05-22 07:20:53.340 11323 11374 D ANWAPI  : (11323|0xD12C8CB0)[BTAPI] BT Addres is NULL , checking which array is connected
05-22 07:20:53.340 11323 11374 D ANWAPI  : 
05-22 07:20:53.340 11323 11374 D ANWAPI  : (11323|0xD12C8CB0)[BTAPI] SPPMIN(0)SPPMAX(0)
05-22 07:20:53.340 11323 11374 D ANWAPI  : 
05-22 07:20:53.340 11323 11374 D ANWAPI  : (11323|0xD12C8CB0)[BTAPI] In Three Step Get Device ID(0)
05-22 07:20:53.340 11323 11374 D ANWAPI  : 
05-22 07:20:53.340 11323 11374 D ANWAPI  : (11323|0xD12C8CB0)[BTAPI] AVRCP_Connected ID(0), state(4)
05-22 07:20:53.340 11323 11374 D ANWAPI  : 
05-22 07:20:53.340 11323 11374 D ANWAPI  : (11323|0xD12C8CB0)[BTAPI] in Get_ID3, Get Device ID(0)
05-22 07:20:53.340 11323 11374 D ANWAPI  : 
05-22 07:20:53.340 11323 11374 D ANWAPI  : (11323|0xD12C8CB0)[BTAPI] AVRCP_Auto_Get_ID3
05-22 07:20:53.340 11323 11374 D ANWAPI  : 
05-22 07:20:53.340 11323 11374 D ANWAPI  : (11323|0xD12C8CB0)[BTAPI] SDK >>>>AnWBT_AVRCP_GetSongDetail
05-22 07:20:53.340 11323 11374 D ANWAPI  : (11323|0xD12C8CB0)[BTAPI] SDK <<<<AnWBT_AVRCP_GetSongDetail 0
05-22 07:20:53.340 11323 11374 D ANWAPI  : (11323|0xD12C8CB0)[BTAPI] >>>>_anwbt_AVRCP_GetSongDetail
05-22 07:20:53.340 11323 11374 D ANWAPI  : (11323|0xD12C8CB0)[BTAPI] btsdk_avrcp_GetElementAttributes
05-22 07:20:53.340  4053  4136 D MessageCenterService: 服务运行中
05-22 07:20:53.340 11323 11374 D ANW_AVRCP: (11323|0xD12C8CB0)[AVRCP] API AVRCP_GetElementAttributes attMask=0x0
05-22 07:20:53.341 11323 11374 D ANWStack: [    938323][ANWBT] <<Avctp_Send_Message 0/1:
05-22 07:20:53.341 11323 11374 D ANWStack: 
05-22 07:20:53.341 11323 11374 D ANWStack: [    938323][ANWBT] L2CAP: L2_RetrieveHandle called, cid=0x82
05-22 07:20:53.341 11323 11374 D ANWStack: 
05-22 07:20:53.341 11323 11374 D ANWAPI  : (11323|0xD12C8CB0)[BTAPI] ===BTAPI_MallocIdxMsg 1029 980
05-22 07:20:53.341 11323 11374 D ANWAPI  : (11323|0xD12C8CB0)[BTAPI] <<<<_anwbt_AVRCP_GetSongDetail 0
05-22 07:20:53.342   573   573 I SpiService: fgesysctrl_getGPIO_status success val=1
05-22 07:20:53.343   291  1491 D EvsDriver: forwardFrame
05-22 06:39:27.085   573   573 D spidev_ioctl: gpio status=1)
05-22 07:20:53.346   291  1491 D EvsDriver: Delivered 0xb400007b2f47ca30 as id 0
05-22 07:20:53.346  1137  1150 D evsmanagerd: /dev/video4 forwarded the buffer #0 to 0xb4000071fa019690 from 0xb4000071fa01b7d0
05-22 07:20:53.348   573   573 I SpiService: fgesysctrl_getGPIO_status success val=1
05-22 07:20:53.348   565   599 I Sensors : 230 AccelSensor: x:-0.109190,y:0.014639,z:-10.135760
05-22 07:20:53.350   291  1135 D EvsDriver: doneWithFrame
05-22 07:20:53.353   573   573 I SpiService: fgesysctrl_getGPIO_status success val=1
05-22 07:20:53.353   824   824 D SurfaceFlinger: unisoc-graphics, commit has frameMissed:2, vysncId:435873
05-22 07:20:53.358  2981  3177 I SentryImuMcuAngleSender: 179.91725rollDeg
05-22 07:20:53.358  2981  3177 I SentryImuMcuAngleSender: 1,0,0
05-22 07:20:53.359   573   573 I SpiService: fgesysctrl_getGPIO_status success val=1
05-22 06:39:27.102   573   573 D spi_rst_gpio_get_output: GPIO 145 value: 1
05-22 07:20:53.364   573   573 I SpiService: fgesysctrl_getGPIO_status success val=1
05-22 07:20:53.366   544   544 D commservice260303: msg.id = 1028,0
05-22 07:20:53.366   544   544 D commservice260303: i = 170, msgid = 8A000404
05-22 07:20:53.366   544   544 D commservice260303: msgid = -1979710460,did=138
05-22 07:20:53.366   544   544 D commservice260303: CommProtocolLibCmdBaseI2C::dataproc {"command":{"id":"imu_status","sub":""},"content":{"TimeStamp":1779405653365,"FrameCounter":22422,"GD_X":-0.008933032862842083,"GD_Y":0.007558800280094147,"GD_Z":0.017332913354039192,"AD_X":-0.006331197917461395,"AD_Y":1.0617449879646301E-4,"AD_Z":-0.33028602600097656,"TempDsp":0,"Status":0,"CalibState":1,"SigAmpInvalid":0}},-1979710460
05-22 07:20:53.366   544   544 D commservice260303: send2Cluster len:326, 7B22636F6D6D616E64223A7B226964223A22696D755F737461747573222C22737562223A22227D2C22636F6E74656E74223A7B2254696D655374616D70223A313737393430353635333336352C224672616D65436F756E746572223A32323432322C2247445F58223A2D302E3030383933333033323836323834323038332C2247445F59223A302E3030373535383830303238303039343134372C2247445F5A223A302E3031373333323931333335343033393139322C2241445F58223A2D302E3030363333313139373931373436313339352C2241445F59223A312E30363137343439383739363436333031452D342C2241445F5A223A2D302E33333032383630323630303039373635362C2254656D70447370223A302C22537461747573223A302C2243616C69625374617465223A312C22536967416D70496E76616C6964223A307D7D, 138 
05-22 07:20:53.366   544   544 D commservice260303: Push Message into SendPool fn=1868103680
05-22 07:20:53.366   544   544 D commservice260303: ComProtocolLibSend2Cluster::send2ClusterRaw fn=1868103680 , len=342
05-22 07:20:53.366   544   544 D commservice260303: sendCmdToPort :342!!!
05-22 07:20:53.366   544   544 D commservice260303: send Cmd To Port ++++5AA501528A010000596F6A0F93557B22636F6D6D616E64223A7B226964223A22696D755F737461747573222C22737562223A22227D2C22636F6E74656E74223A7B2254696D655374616D70223A313737393430353635333336352C224672616D65436F756E746572223A32323432322C2247445F58223A2D302E3030383933333033323836323834323038332C2247445F59223A302E3030373535383830303238303039343134372C2247445F5A223A302E3031373333323931333335343033393139322C2241445F58223A2D302E3030363333313139373931373436313339352C2241445F59223A312E30363137343439383739363436333031452D342C2241445F5A223A2D302E33333032383630323630303039373635362C2254656D70447370223A302C22537461747573223A302C2243616C69625374617465223A312C22536967416D70496E76616C6964223A307D7DB8E6
05-22 07:20:53.367   544   544 D commservice260303: bufferevent_write retrun value = 0
05-22 07:20:53.367   964  1804 D [OMXB]  : usingANWBuffer: handle:0xebd43be0, format:1, w:1920, h:1080
05-22 07:20:53.367  2981  3178 D Sentinelmode_1.2.5.13_alpha: <SentryImuClusterFgeSender>imu_status sent to Linux, frame=22422, tsNs=938346, tsMs=1779405653365, intervalMs=40, ad=(-0.006331198,1.061745E-4,-0.33028603), gd=(-0.008933033,0.0075588003,0.017332913)
05-22 07:20:53.367   544   567 D commservice260303: client datas send succeed,send finish
05-22 07:20:53.367 11323 11374 D ANWAPI  : (11323|0xD12C8CB0)[BTAPI] AnwhciEventCallback 19 1
05-22 07:20:53.369   573   573 I SpiService: fgesysctrl_getGPIO_status success val=0
05-22 07:20:53.370   824   824 D SurfaceFlinger: unisoc-graphics, commit has frameMissed:2, vysncId:435881
05-22 07:20:53.371  2981  3177 I SentryImuMcuAngleSender: [4, 18, 1, 0, 0],5
05-22 07:20:53.371  2981  3177 I McuCommManager: mcuCommSendcmd [4, 18, 1, 0, 0]
05-22 07:20:53.372  2981  3177 I SentryImuMcuAngleSender: true
05-22 07:20:53.372  2981  3177 W Sentinelmode_1.2.5.13_alpha: <SentryImuMcuAngleSender>MCU IMU send interval abnormal: 1001ms
05-22 07:20:53.375  1026  1026 D MyAppLog: [2026-05-22 07:20:53.374 D tboxap tsp_WorkMachineProc:1086] [Tsp] [tsp_WorkMachineProc]TSP_WORK_LOGIN NOW !!!!
05-22 07:20:53.377   291  1491 D EvsDriver: forwardFrame
05-22 07:20:53.378  2981  3177 I SentryImuMcuAngleSender: 179.92415rollDeg
05-22 07:20:53.378  2981  3177 I SentryImuMcuAngleSender: 1,0,0
05-22 07:20:53.379   291  1491 D EvsDriver: Delivered 0xb400007b2f47ca30 as id 0
05-22 07:20:53.379  1137  1150 D evsmanagerd: /dev/video4 forwarded the buffer #0 to 0xb4000071fa019690 from 0xb4000071fa01b7d0
05-22 07:20:53.381 11323 11374 D ANWStack: [    938363][ANWBT] >>Avctp_L2cap_Data_Ind_Cb
05-22 07:20:53.381 11323 11374 D ANWStack: 
05-22 07:20:53.381 11323 11374 D ANWStack: [    938363][ANWBT] AVCTP Message Length = 166
05-22 07:20:53.381 11323 11374 D ANWStack: [    938363][ANWBT] Receive AVCTP_SINGLE_PACKET
05-22 07:20:53.381 11323 11374 D ANW_AVRCP: (11323|0xD12C8CB0)[AVRCP] [**AVRCP**] 0x62 0x110e
05-22 07:20:53.381 11323 11374 D ANW_AVRCP: (11323|0xD12C8CB0)[AVRCP] opcode match 0x0
05-22 07:20:53.381 11323 11374 D ANW_AVRCP: 
05-22 07:20:53.381 11323 11374 D ANW_AVRCP: (11323|0xD12C8CB0)[AVRCP] subopcode match 0x20, update ctype 0x1->0xc
05-22 07:20:53.381 11323 11374 D ANW_AVRCP: 
05-22 07:20:53.381 11323 11374 D ANW_AVRCP: (11323|0xD12C8CB0)[AVRCP] AVRCP_Packet_Parser Response
05-22 07:20:53.381 11323 11374 D ANW_AVRCP: 
05-22 07:20:53.381 11323 11374 D ANW_AVRCP: (11323|0xD12C8CB0)[AVRCP] AVRCP_Get_Element_Attributes_RSP_Handler
05-22 07:20:53.381 11323 11374 D ANW_AVRCP: (11323|0xD12C8CB0)[AVRCP] num of attributes: 8
05-22 07:20:53.381 11323 11374 D ANW_AVRCP: 
05-22 07:20:53.381 11323 11374 D ANWAPI  : (11323|0xD12C8CB0)[BTAPI] connmgr_find_by_handle pData = 0xb4000078d2e60eb0,7
05-22 07:20:53.381 11323 11374 D ANWAPI  : (11323|0xD12C8CB0)[BTAPI] AVRCP_GET_ELEMENT_ATTRIBUTES
05-22 07:20:53.381 11323 11374 D ANWAPI  : (11323|0xD12C8CB0)[BTAPI] connmgr_find_by_handle pData = 0xb4000078d2e60eb0,7
05-22 07:20:53.382 11323 11374 D ANWAPI  : (11323|0xD12C8CB0)[BTAPI] media attrib id(1)
05-22 07:20:53.382 11323 11374 D ANWAPI  : (11323|0xD12C8CB0)[BTAPI] MediaAttr_MediaTitle 21 106
05-22 07:20:53.382 11323 11374 D ANWAPI  : (11323|0xD12C8CB0)[BTAPI] connmgr_find_by_handle pData = 0xb4000078d2e60eb0,7
05-22 07:20:53.382 11323 11374 D ANWAPI  : (11323|0xD12C8CB0)[BTAPI] media attrib id(2)
05-22 07:20:53.382 11323 11374 D ANWAPI  : (11323|0xD12C8CB0)[BTAPI] MediaAttr_ArtistName 38 106
05-22 07:20:53.382 11323 11374 D ANWAPI  : (11323|0xD12C8CB0)[BTAPI] connmgr_find_by_handle pData = 0xb4000078d2e60eb0,7
05-22 07:20:53.382 11323 11374 D ANWAPI  : (11323|0xD12C8CB0)[BTAPI] media attrib id(3)
05-22 07:20:53.382 11323 11374 D ANWAPI  : (11323|0xD12C8CB0)[BTAPI] MediaAttr_AlbumName 12 106
05-22 07:20:53.382 11323 11374 D ANWAPI  : (11323|0xD12C8CB0)[BTAPI] connmgr_find_by_handle pData = 0xb4000078d2e60eb0,7
05-22 07:20:53.382 11323 11374 D ANWAPI  : (11323|0xD12C8CB0)[BTAPI] media attrib id(4)
05-22 07:20:53.382 11323 11374 D ANWAPI  : (11323|0xD12C8CB0)[BTAPI] MediaAttr_MediaNum 2 106
05-22 07:20:53.382 11323 11374 D ANWAPI  : (11323|0xD12C8CB0)[BTAPI] connmgr_find_by_handle pData = 0xb4000078d2e60eb0,7
05-22 07:20:53.382 11323 11374 D ANWAPI  : (11323|0xD12C8CB0)[BTAPI] media attrib id(5)
05-22 07:20:53.382 11323 11374 D ANWAPI  : (11323|0xD12C8CB0)[BTAPI] MediaAttr_TotalMediaNum 2 106
05-22 07:20:53.382 11323 11374 D ANWAPI  : (11323|0xD12C8CB0)[BTAPI] connmgr_find_by_handle pData = 0xb4000078d2e60eb0,7
05-22 07:20:53.382 11323 11374 D ANWAPI  : (11323|0xD12C8CB0)[BTAPI] media attrib id(6)
05-22 07:20:53.382 11323 11374 D ANWAPI  : (11323|0xD12C8CB0)[BTAPI] MediaAttr_Genre 0 106
05-22 07:20:53.382 11323 11374 D ANWAPI  : (11323|0xD12C8CB0)[BTAPI] connmgr_find_by_handle pData = 0xb4000078d2e60eb0,7
05-22 07:20:53.382 11323 11374 D ANWAPI  : (11323|0xD12C8CB0)[BTAPI] media attrib id(7)
05-22 07:20:53.382 11323 11374 D ANWAPI  : (11323|0xD12C8CB0)[BTAPI] MediaAttr_PlayingTimeMs 6 106
05-22 07:20:53.382 11323 11374 D ANWAPI  : (11323|0xD12C8CB0)[BTAPI] connmgr_find_by_handle pData = 0xb4000078d2e60eb0,7
05-22 07:20:53.383   486   580 I mcuc    : rev,n=1,6AA6811250000A89002A01040902123456B4
05-22 07:20:53.383 11323 11374 D ANWAPI  : (11323|0xD12C8CB0)[BTAPI] media attrib id(8)
05-22 07:20:53.383 11323 11374 D ANWAPI  : (11323|0xD12C8CB0)[BTAPI] MediaAttr_CoverArt 7 106 0
05-22 07:20:53.383 11323 11374 D ANWAPI  : (11323|0xD12C8CB0)[BTAPI] connmgr_find_by_handle pData = 0xb4000078d2e60eb0,7
05-22 07:20:53.383   565   599 I Sensors : 230 GyroSensor: x:-0.008781,y:0.007712,z:0.017256
05-22 07:20:53.383 11323 11374 D ANWAPI  : (11323|0xD12C8CB0)[BTAPI] AVRCP_GET_ELEMENT_ATTRIBUTES_FINISH
05-22 07:20:53.383  1091  1116 I tboxmids_ap: [2026-05-22 07:20:53.383] [MCU RX] src=MCU dst=ZMQ len=10 type=BINARY data=00 08 2A 01 04 09 02 12 34 56 
05-22 07:20:53.383   344   361 D automotive.vehicle@2.0-adayo-datacomm-mcu: MCUDatacomm sendMessageFromVehicle prop: 0x89, areaId: 0x0, status: 0x2a, timestamp: 0x1
05-22 07:20:53.383   291  1135 D EvsDriver: doneWithFrame
05-22 07:20:53.383 11323 11374 D ANWAPI  : (11323|0xD12C8CB0)[BTAPI] btsdk_avrcp_post_songdetails
05-22 07:20:53.383   344   361 D automotive.vehicle@2.0-adayo-datacomm-mcu: MCUDatacomm 1sendMessageFromVehicle ---> type = 12 
05-22 07:20:53.383 11323 11374 D ANWAPI  : (11323|0xD12C8CB0)[BTAPI] *BT_CB_Dispatch
05-22 07:20:53.383 11323 11374 D ANWAPI  : (11323|0xD12C8CB0)[BTAPI] *****SDK callback(0x405)
05-22 07:20:53.383 11323 11374 D ANWAPI  : (11323|0xD12C8CB0)[BTAPI] SDK***** [1c:11:2f:7c:1d:68]
05-22 07:20:53.383 11323 11374 D ANWAPI  : (11323|0xD12C8CB0)[BTAPI] btsdk_exec_apicb start
05-22 07:20:53.383 11323 11374 D ANWAPI  : (11323|0xD12C8CB0)[BTAPI] Up: AvrcpMsgHandler receive[1C:11:2F:7C:1D:68], Get Device ID(0)
05-22 07:20:53.383 11323 11374 D ANWAPI  : 
05-22 07:20:53.383 11323 11374 D ANWAPI  : (11323|0xD12C8CB0)[BTAPI] Up: AnWBT_AVRCP_CURRENT_SONG_DETAIL_IND(6)
05-22 07:20:53.383 11323 11374 D ANWAPI  : 
05-22 07:20:53.383 11323 11374 D ANWAPI  : (11323|0xD12C8CB0)[BTAPI] MediaTitle   : 还有你给我的痛
05-22 07:20:53.383 11323 11374 D ANWAPI  : 
05-22 07:20:53.383 11323 11374 D ANWAPI  : (11323|0xD12C8CB0)[BTAPI] PlayingTimeMs: 169130
05-22 07:20:53.383 11323 11374 D ANWAPI  : 
05-22 07:20:53.383 11323 11374 D ANWAPI  : (11323|0xD12C8CB0)[BTAPI] AlbumName    : Wish u never
05-22 07:20:53.383 11323 11374 D ANWAPI  : 
05-22 07:20:53.383 11323 11374 D ANWAPI  : (11323|0xD12C8CB0)[BTAPI] ArtistName   : Wish u never-TF_ING张子墨/Top Barry
05-22 07:20:53.383 11323 11374 D ANWAPI  : 
05-22 07:20:53.383 11323 11374 D ANWAPI  : (11323|0xD12C8CB0)[BTAPI] MediaNum     : 10
05-22 07:20:53.383 11323 11374 D ANWAPI  : 
05-22 07:20:53.384 11323 11374 D ANWAPI  : (11323|0xD12C8CB0)[BTAPI] TotalMediaNum: 16
05-22 07:20:53.384 11323 11374 D ANWAPI  : 
05-22 07:20:53.384 11323 11374 D ANWAPI  : (11323|0xD12C8CB0)[BTAPI] BipHandle: 0000004)
05-22 07:20:53.384 11323 11374 D ANWAPI  : 
05-22 07:20:53.384   573   573 I SpiService: fgesysctrl_getGPIO_status success val=1
05-22 07:20:53.384 11323 11374 D ANWAPI  : (11323|0xD12C8CB0)[BTAPI] inform track changed cb, num_attr:7
05-22 07:20:53.384 11323 11374 D ANWAPI  : 
05-22 07:20:53.384 11323 11374 I ANW bt_btif: inform_track_changed_cb: HAL bt_rc_ctrl_callbacks->track_changed_cb
05-22 07:20:53.384 11323 11374 I BluetoothAvrcpControllerJni: btavrcp_track_changed_callback
05-22 07:20:53.384 11323 11374 D AvrcpControllerService: onTrackChanged
05-22 07:20:53.384  1026  1026 I MyAppLog: [2026-05-22 07:20:53.383 I tboxap mcuCommTboxmidsRecvCb:96] [Mcu] [mcuCommTboxmidsRecvCb] recv from tboxmids, size:10
05-22 07:20:53.384  1026  1026 I MyAppLog: [2026-05-22 07:20:53.383 I tboxap mcuCommTboxmidsRecvCb:97] [Mcu] [tboxmids -> tboxap]: :00 08 2A 01 04 09 02 12 34 56
05-22 07:20:53.384 11323 11374 D AvrcpItem.Builder: 3 = Wish u never
05-22 07:20:53.384 11323 11374 D AvrcpItem.Builder: 2 = Wish u never-TF_ING张子墨/Top Barry
05-22 07:20:53.384 11323 11374 D AvrcpItem.Builder: 1 = 还有你给我的痛
05-22 07:20:53.384 11323 11374 D AvrcpItem.Builder: 4 = 10
05-22 07:20:53.384 11323 11374 D AvrcpItem.Builder: 5 = 16
05-22 07:20:53.385 11323 11374 D AvrcpItem.Builder: 7 = 169130
05-22 07:20:53.385 11323 11374 D AvrcpItem.Builder: 8 = 0000004
05-22 07:20:53.385  1026  1026 I MyAppLog: [2026-05-22 07:20:53.384 I tboxap mcuPtlParseData:969] [Mcu] [Mcu  Parse]: (cmd):0902 (param):0902123456
05-22 07:20:53.385   486   580 I mcuc    : rev,n=2,6AA6811251000A89002B01040914123456A0
05-22 07:20:53.385 11323 11374 D ANWAPI  : (11323|0xD12C8CB0)[BTAPI] Up: per 1.5S get ID3 information
05-22 07:20:53.385 11323 11374 D ANWAPI  : 
05-22 07:20:53.385 11323 11374 D ANWAPI  : (11323|0xD12C8CB0)[BTAPI] AVRCP_Cancel_Auto_Get_ID3(0)
05-22 07:20:53.385 11323 11374 D ANWAPI  : 
05-22 07:20:53.385 11323 11374 D ANWAPI  : (11323|0xD12C8CB0)[BTAPI] btsdk_exec_apicb end
05-22 07:20:53.385   344   361 D automotive.vehicle@2.0-adayo-datacomm-mcu: MCUDatacomm sendMessageFromVehicle prop: 0x89, areaId: 0x0, status: 0x2b, timestamp: 0x1
05-22 07:20:53.385   344   361 D automotive.vehicle@2.0-adayo-datacomm-mcu: MCUDatacomm 1sendMessageFromVehicle ---> type = 12 
05-22 07:20:53.385 11323 13102 D AvrcpControllerStateMachine: Avrcp.ConnectedAvrcpController processMessage 205
05-22 07:20:53.385 11323 13102 D AvrcpCoverArtManager: Download Image - device: 1C:11:2F:7C:1D:68, Handle: f96953bf-c884-437d-b50c-aff79b193da3
05-22 06:39:27.127   573   573 D spi_rst_gpio_get_output: GPIO 145 value: 1
05-22 06:39:27.127   573   573 D spidev_ioctl: gpio status=1)
05-22 07:20:53.386 11323 13102 D avrcpcontroller.BipRequest: GetImageProperties - handle: 0000004
05-22 07:20:53.386 11323 13102 D AvrcpCoverArtProvider: getImageUri -> content://com.android.bluetooth.avrcpcontroller.AvrcpCoverArtProvider?device=1C%3A11%3A2F%3A7C%3A1D%3A68&uuid=f96953bf-c884-437d-b50c-aff79b193da3
05-22 07:20:53.386 11323 13102 D BluetoothMediaBrowserService: trackChanged setMetadata=AvrcpItem{mUuid=8c391b44-0292-45a4-bca3-135665f84e5a, mUid=0, mItemType=3, mType=0, mDisplayableName=null, mTitle=还有你给我的痛 mPlayingTime=169130 mTrack=10/16, mPlayable=false, mBrowsable=false, mCoverArtHandle=0000004, mImageUuid=f96953bf-c884-437d-b50c-aff79b193da3, mImageUrinull}
05-22 07:20:53.386  1091  1116 I tboxmids_ap: [2026-05-22 07:20:53.386] [MCU RX] src=MCU dst=ZMQ len=10 type=BINARY data=00 08 2B 01 04 09 14 12 34 56 
05-22 07:20:53.387  1026  1026 D MyAppLog: [2026-05-22 07:20:53.384 D tboxap mcuCommCbHandel:1009] [Mcu] [Mcu  Rev]: (cmd):0902 (param value):123456
05-22 07:20:53.387  1026  1026 W MyAppLog: [2026-05-22 07:20:53.384 W tboxap mcuParamDataRevPack:897] [Mcu] mcuParamDataRevPack start pack data!!!
05-22 07:20:53.387  1026  1026 W MyAppLog: [2026-05-22 07:20:53.384 W tboxap mcuHandlePowerReqInd:1075] [Mcu] [mcuHandlePowerReqInd] recv 0x0902 power req type:0x12
05-22 07:20:53.387 11323 13102 D AvrcpControllerStateMachine: removeUnusedArtwork(f96953bf-c884-437d-b50c-aff79b193da3)
05-22 07:20:53.387 11323 13102 D AvrcpControllerStateMachine: removeUnusedArtworkFromBrowseTree()
05-22 07:20:53.387  3735  3735 I NSLogUtils_BtMusicModel: onMetadataChanged metadata: android.media.MediaMetadata@4f012bdc
05-22 07:20:53.387  3735  3735 D NSLogUtils_BtMusicModel: onMetadataChanged ====> musicTitle：还有你给我的痛 ,singerText：169130 ,duration：169130 ,albumArtUri：null
05-22 07:20:53.388  3735  3735 I NSLogUtils_BtMusicModel: onMetadataChanged =====> title: 还有你给我的痛,descriptionChar: MUSIC_SOURCE_BT,iconBitmap: null,iconUri: null,mediaId: null,subtitle: Wish u never-TF_ING张子墨/Top Barry
05-22 07:20:53.388  1026  1026 I MyAppLog: [2026-05-22 07:20:53.387 I tboxap mcuCommTboxmidsRecvCb:96] [Mcu] [mcuCommTboxmidsRecvCb] recv from tboxmids, size:10
05-22 07:20:53.388  1026  1026 I MyAppLog: [2026-05-22 07:20:53.387 I tboxap mcuCommTboxmidsRecvCb:97] [Mcu] [tboxmids -> tboxap]: :00 08 2B 01 04 09 14 12 34 56
05-22 07:20:53.388  1026  1026 W MyAppLog: [2026-05-22 07:20:53.387 W tboxap mcuYadiFrameParse:831] [Mcu] [mcuYadiFrameParse] cmd:0914(MCU_SEC_BATT2_DYNAMIC_IND) payload too short:5 < 36
05-22 07:20:53.388  1026  1026 W MyAppLog: [2026-05-22 07:20:53.387 W tboxap mcuPtlParseData:961] [Mcu] [mcuPtlParseData] invalid yadi frame, len:10
05-22 07:20:53.388  3735  3735 I NSLogUtils_BtMusicModel: musicChange metaData: android.media.MediaMetadata@4f012bdc
05-22 07:20:53.388  3735  3735 I NSLogUtils_BtMusicModel: musicChange title: 还有你给我的痛,artist: Wish u never-TF_ING张子墨/Top Barry,duration: 169130,album: Wish u never,albumArtUri: null
05-22 07:20:53.389   824   824 D SurfaceFlinger: unisoc-graphics, commit has frameMissed:2, vysncId:435882
05-22 07:20:53.389   573   573 I SpiService: fgesysctrl_getGPIO_status success val=1
05-22 07:20:53.394   573   573 I SpiService: fgesysctrl_getGPIO_status success val=1
05-22 07:20:53.395   276   300 I rvcservice: t.code = 4, t.value = 0
05-22 06:39:27.138   573   573 D spidev_ioctl: gpio status=1)
05-22 07:20:53.400  2981  3177 I SentryImuMcuAngleSender: 179.9345rollDeg
05-22 07:20:53.400   573   573 I SpiService: fgesysctrl_getGPIO_status success val=1
05-22 07:20:53.400  2981  3177 I SentryImuMcuAngleSender: 1,0,0
05-22 06:39:27.143   573   573 D spi_rst_gpio_get_output: GPIO 145 value: 1
05-22 07:20:53.405   573   573 I SpiService: fgesysctrl_getGPIO_status success val=1
05-22 06:39:27.148   573   573 D spidev_ioctl: gpio status=1)
05-22 07:20:53.407   544   544 D commservice260303: msg.id = 1028,0
05-22 07:20:53.407   544   544 D commservice260303: i = 170, msgid = 8A000404
05-22 07:20:53.407   544   544 D commservice260303: msgid = -1979710460,did=138
05-22 07:20:53.407   544   544 D commservice260303: CommProtocolLibCmdBaseI2C::dataproc {"command":{"id":"imu_status","sub":""},"content":{"TimeStamp":1779405653406,"FrameCounter":22423,"GD_X":-0.009391804225742817,"GD_Y":0.007482858840376139,"GD_Z":0.017715223133563995,"AD_X":-0.0026697292923927307,"AD_Y":-0.0011108415201306343,"AD_Z":-0.32906532287597656,"TempDsp":0,"Status":0,"CalibState":1,"SigAmpInvalid":0}},-1979710460
05-22 07:20:53.407   544   544 D commservice260303: send2Cluster len:328, 7B22636F6D6D616E64223A7B226964223A22696D755F737461747573222C22737562223A22227D2C22636F6E74656E74223A7B2254696D655374616D70223A313737393430353635333430362C224672616D65436F756E746572223A32323432332C2247445F58223A2D302E3030393339313830343232353734323831372C2247445F59223A302E3030373438323835383834303337363133392C2247445F5A223A302E3031373731353232333133333536333939352C2241445F58223A2D302E303032363639373239323932333932373330372C2241445F59223A2D302E303031313130383431353230313330363334332C2241445F5A223A2D302E33323930363533323238373539373635362C2254656D70447370223A302C22537461747573223A302C2243616C69625374617465223A312C22536967416D70496E76616C6964223A307D7D, 138 
05-22 07:20:53.407   544   544 D commservice260303: Push Message into SendPool fn=1884880896
05-22 07:20:53.407   544   544 D commservice260303: ComProtocolLibSend2Cluster::send2ClusterRaw fn=1884880896 , len=344
05-22 07:20:53.407   544   544 D commservice260303: sendCmdToPort :344!!!
05-22 07:20:53.407   544   544 D commservice260303: send Cmd To Port ++++5AA501548A01000059706A0F93557B22636F6D6D616E64223A7B226964223A22696D755F737461747573222C22737562223A22227D2C22636F6E74656E74223A7B2254696D655374616D70223A313737393430353635333430362C224672616D65436F756E746572223A32323432332C2247445F58223A2D302E3030393339313830343232353734323831372C2247445F59223A302E3030373438323835383834303337363133392C2247445F5A223A302E3031373731353232333133333536333939352C2241445F58223A2D302E303032363639373239323932333932373330372C2241445F59223A2D302E303031313130383431353230313330363334332C2241445F5A223A2D302E33323930363533323238373539373635362C2254656D70447370223A302C22537461747573223A302C2243616C69625374617465223A312C22536967416D70496E76616C6964223A307D7D0638
05-22 07:20:53.407   544   544 D commservice260303: bufferevent_write retrun value = 0
05-22 07:20:53.407   544   567 D commservice260303: client datas send succeed,send finish
05-22 07:20:53.407  2981  3178 D Sentinelmode_1.2.5.13_alpha: <SentryImuClusterFgeSender>imu_status sent to Linux, frame=22423, tsNs=938382, tsMs=1779405653406, intervalMs=40, ad=(-0.0026697293,-0.0011108415,-0.32906532), gd=(-0.009391804,0.007482859,0.017715223)
05-22 07:20:53.410   573   573 I SpiService: fgesysctrl_getGPIO_status success val=0
05-22 07:20:53.410   486   579 I mcuc    : send SPI:6AA6000A3100050412010000A96AA602125000028900116AA60212510002890010
05-22 07:20:53.412   291  1491 D EvsDriver: forwardFrame
05-22 07:20:53.414  1026  1026 D MyAppLog: [2026-05-22 07:20:53.413 D tboxap gpsMcuDataAnalyze:471] [Gps] [gpsMcuDataAnalyze]:$GNRMC,232053.000,V,,,,,,,210526,120.0,E,N,V*46
05-22 07:20:53.414  1026  1026 D MyAppLog: 
05-22 07:20:53.414  1026  1026 D MyAppLog: [2026-05-22 07:20:53.413 D tboxap gpsMcuDataAnalyze:556] [Gps] stGps.stat:0, latitude:0 , longtitude:0,sped:0,direction:0
05-22 07:20:53.414   291  1491 D EvsDriver: Delivered 0xb400007b2f47ca30 as id 0
05-22 07:20:53.414  1137  1150 D evsmanagerd: /dev/video4 forwarded the buffer #0 to 0xb4000071fa019690 from 0xb4000071fa01b7d0
05-22 07:20:53.415   291  1135 D EvsDriver: doneWithFrame
05-22 07:20:53.420  2981  3177 I SentryImuMcuAngleSender: 179.91724rollDeg
05-22 07:20:53.420  2981  3177 I SentryImuMcuAngleSender: 1,0,0
05-22 07:20:53.425   573   573 I SpiService: fgesysctrl_getGPIO_status success val=1
05-22 07:20:53.426   964  1804 D [OMXB]  : usingANWBuffer: handle:0xebd44580, format:1, w:1920, h:1080
05-22 07:20:53.430   573   573 I SpiService: fgesysctrl_getGPIO_status success val=1
05-22 07:20:53.435   573   573 I SpiService: fgesysctrl_getGPIO_status success val=1
05-22 07:20:53.440  2981  3177 I SentryImuMcuAngleSender: 179.91034rollDeg
05-22 07:20:53.440  2981  3177 I SentryImuMcuAngleSender: 1,0,0
05-22 07:20:53.440   573   573 I SpiService: fgesysctrl_getGPIO_status success val=1
05-22 07:20:53.446   573   573 I SpiService: fgesysctrl_getGPIO_status success val=1
05-22 07:20:53.447   291  1491 D EvsDriver: forwardFrame
05-22 07:20:53.448   544   544 D commservice260303: msg.id = 1028,0
05-22 07:20:53.448   544   544 D commservice260303: i = 170, msgid = 8A000404
05-22 07:20:53.448   544   544 D commservice260303: msgid = -1979710460,did=138
05-22 07:20:53.448   544   544 D commservice260303: CommProtocolLibCmdBaseI2C::dataproc {"command":{"id":"imu_status","sub":""},"content":{"TimeStamp":1779405653447,"FrameCounter":22424,"GD_X":-0.00923888012766838,"GD_Y":0.007712244056165218,"GD_Z":0.01763824187219143,"AD_X":-8.426830172538757E-4,"AD_Y":0.002546415664255619,"AD_Z":-0.32845497131347656,"TempDsp":0,"Status":0,"CalibState":1,"SigAmpInvalid":0}},-1979710460
05-22 07:20:53.448   544   544 D commservice260303: send2Cluster len:323, 7B22636F6D6D616E64223A7B226964223A22696D755F737461747573222C22737562223A22227D2C22636F6E74656E74223A7B2254696D655374616D70223A313737393430353635333434372C224672616D65436F756E746572223A32323432342C2247445F58223A2D302E30303932333838383031323736363833382C2247445F59223A302E3030373731323234343035363136353231382C2247445F5A223A302E30313736333832343138373231393134332C2241445F58223A2D382E343236383330313732353338373537452D342C2241445F59223A302E3030323534363431353636343235353631392C2241445F5A223A2D302E33323834353439373133313334373635362C2254656D70447370223A302C22537461747573223A302C2243616C69625374617465223A312C22536967416D70496E76616C6964223A307D7D, 138 
05-22 07:20:53.448   544   544 D commservice260303: Push Message into SendPool fn=1901658112
05-22 07:20:53.448   544   544 D commservice260303: ComProtocolLibSend2Cluster::send2ClusterRaw fn=1901658112 , len=339
05-22 07:20:53.448   544   544 D commservice260303: sendCmdToPort :339!!!
05-22 07:20:53.448   544   544 D commservice260303: send Cmd To Port ++++5AA5014F8A01000059716A0F93557B22636F6D6D616E64223A7B226964223A22696D755F737461747573222C22737562223A22227D2C22636F6E74656E74223A7B2254696D655374616D70223A313737393430353635333434372C224672616D65436F756E746572223A32323432342C2247445F58223A2D302E30303932333838383031323736363833382C2247445F59223A302E3030373731323234343035363136353231382C2247445F5A223A302E30313736333832343138373231393134332C2241445F58223A2D382E343236383330313732353338373537452D342C2241445F59223A302E3030323534363431353636343235353631392C2241445F5A223A2D302E33323834353439373133313334373635362C2254656D70447370223A302C22537461747573223A302C2243616C69625374617465223A312C22536967416D70496E76616C6964223A307D7D4206
05-22 07:20:53.448   544   544 D commservice260303: bufferevent_write retrun value = 0
05-22 07:20:53.448   291  1491 D EvsDriver: Delivered 0xb400007b2f47ca30 as id 0
05-22 07:20:53.448  1137  1150 D evsmanagerd: /dev/video4 forwarded the buffer #0 to 0xb4000071fa019690 from 0xb4000071fa01b7d0
05-22 07:20:53.448   544   567 D commservice260303: client datas send succeed,send finish
05-22 07:20:53.449  2981  3178 D Sentinelmode_1.2.5.13_alpha: <SentryImuClusterFgeSender>imu_status sent to Linux, frame=22424, tsNs=938418, tsMs=1779405653447, intervalMs=42, ad=(-8.42683E-4,0.0025464157,-0.32845497), gd=(-0.00923888,0.007712244,0.017638242)
05-22 07:20:53.451   291  1135 D EvsDriver: doneWithFrame
05-22 07:20:53.451   573   573 I SpiService: fgesysctrl_getGPIO_status success val=0
05-22 07:20:53.460  2981  3177 I SentryImuMcuAngleSender: 179.92415rollDeg
05-22 07:20:53.460  2981  3177 I SentryImuMcuAngleSender: 1,0,0
05-22 07:20:53.465   573   573 I SpiService: fgesysctrl_getGPIO_status success val=1
05-22 07:20:53.465  3735  3735 D NSLogUtils_MainActivity: progress->92665
05-22 07:20:53.471   573   573 I SpiService: fgesysctrl_getGPIO_status success val=1
05-22 07:20:53.472   824   824 D SurfaceFlinger: unisoc-graphics, commit has frameMissed:2, vysncId:435900
05-22 07:20:53.476   573   573 I SpiService: fgesysctrl_getGPIO_status success val=1
05-22 07:20:53.478   964  1804 D [OMXB]  : usingANWBuffer: handle:0xebd442c0, format:1, w:1920, h:1080
05-22 07:20:53.480  2981  3177 I SentryImuMcuAngleSender: 179.92415rollDeg
05-22 07:20:53.481  2981  3177 I SentryImuMcuAngleSender: 1,0,0
05-22 07:20:53.481   573   573 I SpiService: fgesysctrl_getGPIO_status success val=1
05-22 07:20:53.483   291  1491 D EvsDriver: forwardFrame
05-22 07:20:53.484   291  1491 D EvsDriver: Delivered 0xb400007b2f47ca30 as id 0
05-22 07:20:53.484  1137  1150 D evsmanagerd: /dev/video4 forwarded the buffer #0 to 0xb4000071fa019690 from 0xb4000071fa01b7d0
05-22 07:20:53.486   291  1135 D EvsDriver: doneWithFrame
05-22 07:20:53.487   573   573 I SpiService: fgesysctrl_getGPIO_status success val=1
05-22 07:20:53.488   544   544 D commservice260303: msg.id = 1028,0
05-22 07:20:53.488   544   544 D commservice260303: i = 170, msgid = 8A000404
05-22 07:20:53.488   544   544 D commservice260303: msgid = -1979710460,did=138
05-22 07:20:53.488   544   544 D commservice260303: CommProtocolLibCmdBaseI2C::dataproc {"command":{"id":"imu_status","sub":""},"content":{"TimeStamp":1779405653488,"FrameCounter":22425,"GD_X":-0.007558800280094147,"GD_Y":0.008245917037129402,"GD_Z":0.017485838383436203,"AD_X":-0.002675198018550873,"AD_Y":1.0703969746828079E-4,"AD_Z":-0.33028602600097656,"TempDsp":0,"Status":0,"CalibState":1,"SigAmpInvalid":0}},-1979710460
05-22 07:20:53.488   544   544 D commservice260303: send2Cluster len:326, 7B22636F6D6D616E64223A7B226964223A22696D755F737461747573222C22737562223A22227D2C22636F6E74656E74223A7B2254696D655374616D70223A313737393430353635333438382C224672616D65436F756E746572223A32323432352C2247445F58223A2D302E3030373535383830303238303039343134372C2247445F59223A302E3030383234353931373033373132393430322C2247445F5A223A302E3031373438353833383338333433363230332C2241445F58223A2D302E3030323637353139383031383535303837332C2241445F59223A312E30373033393639373436383238303739452D342C2241445F5A223A2D302E33333032383630323630303039373635362C2254656D70447370223A302C22537461747573223A302C2243616C69625374617465223A312C22536967416D70496E76616C6964223A307D7D, 138 
05-22 07:20:53.488   544   544 D commservice260303: Push Message into SendPool fn=1918435328
05-22 07:20:53.488   544   544 D commservice260303: ComProtocolLibSend2Cluster::send2ClusterRaw fn=1918435328 , len=342
05-22 07:20:53.488   544   544 D commservice260303: sendCmdToPort :342!!!
05-22 07:20:53.489   544   544 D commservice260303: send Cmd To Port ++++5AA501528A01000059726A0F93557B22636F6D6D616E64223A7B226964223A22696D755F737461747573222C22737562223A22227D2C22636F6E74656E74223A7B2254696D655374616D70223A313737393430353635333438382C224672616D65436F756E746572223A32323432352C2247445F58223A2D302E3030373535383830303238303039343134372C2247445F59223A302E3030383234353931373033373132393430322C2247445F5A223A302E3031373438353833383338333433363230332C2241445F58223A2D302E3030323637353139383031383535303837332C2241445F59223A312E30373033393639373436383238303739452D342C2241445F5A223A2D302E33333032383630323630303039373635362C2254656D70447370223A302C22537461747573223A302C2243616C69625374617465223A312C22536967416D70496E76616C6964223A307D7D67BD
05-22 07:20:53.489   544   544 D commservice260303: bufferevent_write retrun value = 0
05-22 07:20:53.489   544   567 D commservice260303: client datas send succeed,send finish
05-22 07:20:53.489   824   824 D SurfaceFlinger: unisoc-graphics, commit has frameMissed:2, vysncId:435915
05-22 07:20:53.490  2981  3178 D Sentinelmode_1.2.5.13_alpha: <SentryImuClusterFgeSender>imu_status sent to Linux, frame=22425, tsNs=938455, tsMs=1779405653488, intervalMs=40, ad=(-0.002675198,1.070397E-4,-0.33028603), gd=(-0.0075588003,0.008245917,0.017485838)
05-22 07:20:53.492   573   573 I SpiService: fgesysctrl_getGPIO_status success val=0
05-22 07:20:53.495   276   300 I rvcservice: t.code = 3, t.value = 0
05-22 07:20:53.501  2981  3177 I SentryImuMcuAngleSender: 179.92413rollDeg
05-22 07:20:53.502  2981  3177 I SentryImuMcuAngleSender: 1,0,0
05-22 07:20:53.505   486   580 I mcuc    : rev,n=1,6AA6811252000A89002C01040911123456A1
05-22 07:20:53.505  1091  1116 I tboxmids_ap: [2026-05-22 07:20:53.505] [MCU RX] src=MCU dst=ZMQ len=10 type=BINARY data=00 08 2C 01 04 09 11 12 34 56 
05-22 07:20:53.505   824   824 D SurfaceFlinger: unisoc-graphics, commit has frameMissed:2, vysncId:435923
05-22 07:20:53.506   344   361 D automotive.vehicle@2.0-adayo-datacomm-mcu: MCUDatacomm sendMessageFromVehicle prop: 0x89, areaId: 0x0, status: 0x2c, timestamp: 0x1
05-22 07:20:53.506   344   361 D automotive.vehicle@2.0-adayo-datacomm-mcu: MCUDatacomm 1sendMessageFromVehicle ---> type = 12 
05-22 07:20:53.506   573   573 I SpiService: fgesysctrl_getGPIO_status success val=1
05-22 07:20:53.506  1026  1026 I MyAppLog: [2026-05-22 07:20:53.506 I tboxap mcuCommTboxmidsRecvCb:96] [Mcu] [mcuCommTboxmidsRecvCb] recv from tboxmids, size:10
05-22 07:20:53.506  1026  1026 I MyAppLog: [2026-05-22 07:20:53.506 I tboxap mcuCommTboxmidsRecvCb:97] [Mcu] [tboxmids -> tboxap]: :00 08 2C 01 04 09 11 12 34 56
05-22 07:20:53.506  1026  1026 W MyAppLog: [2026-05-22 07:20:53.506 W tboxap mcuYadiFrameParse:831] [Mcu] [mcuYadiFrameParse] cmd:0911(MCU_VHL_DYNAMIC_DATA_IND) payload too short:5 < 54
