05-22 07:20:54.793  2981  3178 D Sentinelmode_1.2.5.13_alpha: <SentryImuClusterFgeSender>imu_status sent to Linux, frame=22457, tsNs=939765, tsMs=1779405654791, intervalMs=41, ad=(-0.003951885,-0.0023449436,-0.32967567), gd=(-0.008551764,0.007788186,0.017332913)
05-22 06:39:28.534   573   573 D spi_rst_gpio_get_output: GPIO 145 value: 1
05-22 06:39:28.534   573   573 D spidev_ioctl: gpio status=1)
05-22 07:20:54.796   573   573 I SpiService: fgesysctrl_getGPIO_status success val=1
05-22 07:20:54.797   276   300 I rvcservice: t.code = 1, t.value = -106140
05-22 06:39:28.539   573   573 D spi_rst_gpio_get_output: GPIO 145 value: 1
05-22 06:39:28.539   573   573 D spidev_ioctl: gpio status=1)
05-22 07:20:54.801   573   573 I SpiService: fgesysctrl_getGPIO_status success val=1
05-22 06:39:28.544   573   573 D spi_rst_gpio_get_output: GPIO 145 value: 1
05-22 06:39:28.544   573   573 D spidev_ioctl: gpio status=1)
05-22 07:20:54.803   964  1804 D [OMXB]  : usingANWBuffer: handle:0xebd430e0, format:1, w:1920, h:1080
05-22 07:20:54.807   573   573 I SpiService: fgesysctrl_getGPIO_status success val=0
05-22 07:20:54.807   486   579 I mcuc    : send SPI:6AA6010A3500F80901BE04010981020101000000000000000000000000000000000000000000000000000000000000000000000000000000000000000000000000000000000000000000000000000000000000000000000000000000000000000000000000000000000000000000000000000000000000000000000000000000000000000000000000000000000000000000000000000000000000000000000000000000000000000000000000000000000000000000000000000000000000000000000000000000000000000000000000000000000000000000000000000000000000000000000000000000000000000000000000000000000000000000006D
05-22 07:20:54.807  2981  3177 I SentryImuMcuAngleSender: 179.93448rollDeg
05-22 07:20:54.807  2981  3177 I SentryImuMcuAngleSender: 1,0,0
05-22 07:20:54.809   737   737 D Telecom : Logging: START_SESSION
05-22 07:20:54.809   737   737 D Telecom : Logging: END_SESSION (dur: 0 ms): TSI.iIMC@GiM
05-22 07:20:54.809   737   737 D Telecom : Logging: START_SESSION
05-22 07:20:54.809   737   737 D Telecom : Logging: END_SESSION (dur: 0 ms): TSI.iISMC(a)@GiQ
05-22 07:20:54.809   737   737 D ResponseStatsTracker: notification:+15m39s589ms; event=<updated>, pkg=com.neusoft.btmusic, usr=0
05-22 07:20:54.809   737   737 D Telecom : Logging: START_SESSION
05-22 07:20:54.810   737   737 D Telecom : Logging: END_SESSION (dur: 0 ms): TSI.gDDP@GiU
05-22 07:20:54.810   737   737 D Telecom : Logging: START_SESSION
05-22 07:20:54.810   737   737 D Telecom : Logging: END_SESSION (dur: 0 ms): TSI.gDDP@GiY
05-22 07:20:54.810   737   737 D Telecom : Logging: START_SESSION
05-22 07:20:54.810   737   737 D Telecom : Logging: END_SESSION (dur: 0 ms): TSI.gDDP@Gic
05-22 07:20:54.810   737   737 D Telecom : Logging: START_SESSION
05-22 07:20:54.810   737   737 D Telecom : Logging: END_SESSION (dur: 0 ms): TSI.gDDP@Gig
05-22 07:20:54.810   737   737 D NotificationService: 0|com.neusoft.btmusic|8001|null|1000: updating permissions
05-22 07:20:54.810   737   737 D NotificationService: 0|com.neusoft.btmusic|8001|null|1000: updating permissions
05-22 07:20:54.810   737   737 D NotificationService: 0|com.neusoft.btmusic|8001|null|1000: updating permissions
05-22 07:20:54.810   737   737 D NotificationService: 0|com.neusoft.btmusic|8001|null|1000: updating permissions
05-22 07:20:54.810   737   737 D NotificationService: 0|com.neusoft.btmusic|8001|null|1000: updating permissions
05-22 07:20:54.810   737   737 D NotificationService: 0|com.neusoft.btmusic|8001|null|1000: updating permissions
05-22 06:39:28.550   573   573 D spi_rst_gpio_get_output: GPIO 145 value: 0
05-22 06:39:28.550   573   573 D spidev_ioctl: gpio status=0)
05-22 07:20:54.812   737  1616 D PowerController.AppState: - updateNotification() E -
05-22 07:20:54.813  1812  1812 I ExtAssistant: POSTED 0|com.neusoft.btmusic|8001|null|1000
05-22 07:20:54.813  1517  1517 D CarNotificationListener: onNotificationPosted: StatusBarNotification(pkg=com.neusoft.btmusic user=UserHandle{0} id=8001 tag=null key=0|com.neusoft.btmusic|8001|null|1000: Notification(channel=media_playback_channel shortcut=null contentView=null vibrate=null sound=null defaults=0x0 flags=0x6a color=0x00000000 category=transport groupKey=silent actions=3 vis=PUBLIC))
05-22 07:20:54.813  1517  1517 D CarNotificationListener: Is incoming notification a group summary?: false
05-22 07:20:54.813  1517  1517 D NavBarFragment: onShow: AlertEntry:StatusBarNotification(pkg=com.neusoft.btmusic user=UserHandle{0} id=8001 tag=null key=0|com.neusoft.btmusic|8001|null|1000: Notification(channel=media_playback_channel shortcut=null contentView=null vibrate=null sound=null defaults=0x0 flags=0x6a color=0x00000000 category=transport groupKey=silent actions=3 vis=PUBLIC))
05-22 07:20:54.813  1517  1517 D NavBarFragment: bindMediaActions: action[0] title=Previous, intent=PendingIntent{8ecb29: android.os.BinderProxy@beb4470}
05-22 07:20:54.813  1517  1517 D NavBarFragment: bindMediaActions: action[1] title=Pause, intent=PendingIntent{9692eae: android.os.BinderProxy@b332c26}
05-22 07:20:54.813  1517  1517 D NavBarFragment: bindMediaActions: action[2] title=Next, intent=PendingIntent{696144f: android.os.BinderProxy@d0c76b3}
05-22 07:20:54.813  1517  1517 D NavBarFragment: bindMediaActions: previous=0, playPause=1, next=2, key=0|com.neusoft.btmusic|8001|null|1000
05-22 07:20:54.814  1517  1517 D NavBarFragment: updateMediaInfo: title=Top Barry：, text=Wish u never-TF_ING张子墨/Top Barry, pkg=com.neusoft.btmusic
05-22 07:20:54.817   291  1491 D EvsDriver: forwardFrame
05-22 07:20:54.820  2981  2981 I Sentinelmode_1.2.5.13_alpha: <SentinelCarServiceManager>sensorType:291504647
05-22 07:20:54.820   573   573 I SpiService: fgesysctrl_getGPIO_status success val=1
05-22 07:20:54.820  1137  1150 D evsmanagerd: /dev/video4 forwarded the buffer #0 to 0xb4000071fa019690 from 0xb4000071fa01b7d0
05-22 07:20:54.821   291  1135 D EvsDriver: doneWithFrame
05-22 07:20:54.821   291  1491 D EvsDriver: Delivered 0xb400007b2f47ca30 as id 0
05-22 06:39:28.564   573   573 D spi_rst_gpio_get_output: GPIO 145 value: 1
05-22 06:39:28.564   573   573 D spidev_ioctl: gpio status=1)
05-22 07:20:54.826   573   573 I SpiService: fgesysctrl_getGPIO_status success val=1
05-22 07:20:54.829  2981  3177 I SentryImuMcuAngleSender: 179.93103rollDeg
05-22 06:39:28.569   573   573 D spi_rst_gpio_get_output: GPIO 145 value: 1
05-22 07:20:54.829  2981  3177 I SentryImuMcuAngleSender: 1,0,0
05-22 07:20:54.831   573   573 I SpiService: fgesysctrl_getGPIO_status success val=1
05-22 07:20:54.833   544   544 D commservice260303: msg.id = 1028,0
05-22 07:20:54.833   544   544 D commservice260303: i = 170, msgid = 8A000404
05-22 07:20:54.833   544   544 D commservice260303: msgid = -1979710460,did=138
05-22 07:20:54.833   544   544 D commservice260303: CommProtocolLibCmdBaseI2C::dataproc {"command":{"id":"imu_status","sub":""},"content":{"TimeStamp":1779405654832,"FrameCounter":22458,"GD_X":-0.009391804225742817,"GD_Y":0.007482858840376139,"GD_Z":0.017332913354039192,"AD_X":-0.0015145465731620789,"AD_Y":-0.001122145913541317,"AD_Z":-0.32906532287597656,"TempDsp":0,"Status":0,"CalibState":1,"SigAmpInvalid":0}},-1979710460
05-22 07:20:54.833   544   544 D commservice260303: send2Cluster len:327, 7B22636F6D6D616E64223A7B226964223A22696D755F737461747573222C22737562223A22227D2C22636F6E74656E74223A7B2254696D655374616D70223A313737393430353635343833322C224672616D65436F756E746572223A32323435382C2247445F58223A2D302E3030393339313830343232353734323831372C2247445F59223A302E3030373438323835383834303337363133392C2247445F5A223A302E3031373333323931333335343033393139322C2241445F58223A2D302E303031353134353436353733313632303738392C2241445F59223A2D302E3030313132323134353931333534313331372C2241445F5A223A2D302E33323930363533323238373539373635362C2254656D70447370223A302C22537461747573223A302C2243616C69625374617465223A312C22536967416D70496E76616C6964223A307D7D, 138 
05-22 07:20:54.833   544   544 D commservice260303: Push Message into SendPool fn=-1806106624
05-22 07:20:54.833   544   544 D commservice260303: ComProtocolLibSend2Cluster::send2ClusterRaw fn=-1806106624 , len=343
05-22 07:20:54.834   544   544 D commservice260303: sendCmdToPort :343!!!
05-22 07:20:54.834   544   544 D commservice260303: send Cmd To Port ++++5AA501538A01000059946A0F93567B22636F6D6D616E64223A7B226964223A22696D755F737461747573222C22737562223A22227D2C22636F6E74656E74223A7B2254696D655374616D70223A313737393430353635343833322C224672616D65436F756E746572223A32323435382C2247445F58223A2D302E3030393339313830343232353734323831372C2247445F59223A302E3030373438323835383834303337363133392C2247445F5A223A302E3031373333323931333335343033393139322C2241445F58223A2D302E303031353134353436353733313632303738392C2241445F59223A2D302E3030313132323134353931333534313331372C2241445F5A223A2D302E33323930363533323238373539373635362C2254656D70447370223A302C22537461747573223A302C2243616C69625374617465223A312C22536967416D70496E76616C6964223A307D7D30A9
05-22 06:39:28.569   573   573 D spidev_ioctl: gpio status=1)
05-22 06:39:28.575   573   573 D spi_rst_gpio_get_output: GPIO 145 value: 1
05-22 07:20:54.834   544   544 D commservice260303: bufferevent_write retrun value = 0
05-22 06:39:28.575   573   573 D spidev_ioctl: gpio status=1)
05-22 07:20:54.834   544   567 D commservice260303: client datas send succeed,send finish
05-22 07:20:54.835  2981  3178 D Sentinelmode_1.2.5.13_alpha: <SentryImuClusterFgeSender>imu_status sent to Linux, frame=22458, tsNs=939802, tsMs=1779405654832, intervalMs=41, ad=(-0.0015145466,-0.0011221459,-0.32906532), gd=(-0.009391804,0.007482859,0.017332913)
05-22 07:20:54.837   573   573 I SpiService: fgesysctrl_getGPIO_status success val=1
05-22 06:39:28.580   573   573 D spi_rst_gpio_get_output: GPIO 145 value: 1
05-22 06:39:28.580   573   573 D spidev_ioctl: gpio status=1)
05-22 07:20:54.843   573   573 I SpiService: fgesysctrl_getGPIO_status success val=0
05-22 06:39:28.586   573   573 D spi_rst_gpio_get_output: GPIO 145 value: 0
05-22 06:39:28.586   573   573 D spidev_ioctl: gpio status=0)
05-22 07:20:54.848   291  1491 D EvsDriver: forwardFrame
05-22 07:20:54.848   964  1804 D [OMXB]  : usingANWBuffer: handle:0xebd43710, format:1, w:1920, h:1080
05-22 07:20:54.849  2981  3177 I SentryImuMcuAngleSender: 179.91727rollDeg
05-22 07:20:54.849  2981  3177 I SentryImuMcuAngleSender: 1,0,0
05-22 07:20:54.850   291  1491 D EvsDriver: Delivered 0xb400007b2f47ca30 as id 0
05-22 07:20:54.850  1137  1150 D evsmanagerd: /dev/video4 forwarded the buffer #0 to 0xb4000071fa019690 from 0xb4000071fa01b7d0
05-22 07:20:54.855   291  1135 D EvsDriver: doneWithFrame
05-22 07:20:54.855   486   580 I mcuc    : rev,n=1,6AA6820A350002090133
05-22 07:20:54.857   573   573 I SpiService: fgesysctrl_getGPIO_status success val=1
05-22 06:39:28.601   573   573 D spi_rst_gpio_get_output: GPIO 145 value: 1
05-22 06:39:28.601   573   573 D spidev_ioctl: gpio status=1)
05-22 07:20:54.863   573   573 I SpiService: fgesysctrl_getGPIO_status success val=1
05-22 06:39:28.606   573   573 D spi_rst_gpio_get_output: GPIO 145 value: 1
05-22 06:39:28.606   573   573 D spidev_ioctl: gpio status=1)
05-22 07:20:54.869   573   573 I SpiService: fgesysctrl_getGPIO_status success val=1
05-22 06:39:28.612   573   573 D spi_rst_gpio_get_output: GPIO 145 value: 1
05-22 06:39:28.612   573   573 D spidev_ioctl: gpio status=1)
05-22 07:20:54.870  2981  3177 I SentryImuMcuAngleSender: 179.91727rollDeg
05-22 07:20:54.870  2981  3177 I SentryImuMcuAngleSender: 1,0,0
05-22 07:20:54.874   544   544 D commservice260303: msg.id = 1028,0
05-22 07:20:54.874   544   544 D commservice260303: i = 170, msgid = 8A000404
05-22 07:20:54.874   544   544 D commservice260303: msgid = -1979710460,did=138
05-22 07:20:54.874   544   544 D commservice260303: CommProtocolLibCmdBaseI2C::dataproc {"command":{"id":"imu_status","sub":""},"content":{"TimeStamp":1779405654873,"FrameCounter":22459,"GD_X":-0.009467746131122112,"GD_Y":0.0067952219396829605,"GD_Z":0.017715223133563995,"AD_X":-0.003954574465751648,"AD_Y":0.001315409317612648,"AD_Z":-0.33089542388916016,"TempDsp":0,"Status":0,"CalibState":1,"SigAmpInvalid":0}},-1979710460
05-22 07:20:54.874   544   544 D commservice260303: send2Cluster len:326, 7B22636F6D6D616E64223A7B226964223A22696D755F737461747573222C22737562223A22227D2C22636F6E74656E74223A7B2254696D655374616D70223A313737393430353635343837332C224672616D65436F756E746572223A32323435392C2247445F58223A2D302E3030393436373734363133313132323131322C2247445F59223A302E303036373935323231393339363832393630352C2247445F5A223A302E3031373731353232333133333536333939352C2241445F58223A2D302E3030333935343537343436353735313634382C2241445F59223A302E3030313331353430393331373631323634382C2241445F5A223A2D302E33333038393534323338383931363031362C2254656D70447370223A302C22537461747573223A302C2243616C69625374617465223A312C22536967416D70496E76616C6964223A307D7D, 138 
05-22 07:20:54.874   544   544 D commservice260303: Push Message into SendPool fn=-1789329408
05-22 07:20:54.875   544   544 D commservice260303: ComProtocolLibSend2Cluster::send2ClusterRaw fn=-1789329408 , len=342
05-22 07:20:54.875   544   544 D commservice260303: sendCmdToPort :342!!!
05-22 07:20:54.875   544   544 D commservice260303: send Cmd To Port ++++5AA501528A01000059956A0F93567B22636F6D6D616E64223A7B226964223A22696D755F737461747573222C22737562223A22227D2C22636F6E74656E74223A7B2254696D655374616D70223A313737393430353635343837332C224672616D65436F756E746572223A32323435392C2247445F58223A2D302E3030393436373734363133313132323131322C2247445F59223A302E303036373935323231393339363832393630352C2247445F5A223A302E3031373731353232333133333536333939352C2241445F58223A2D302E3030333935343537343436353735313634382C2241445F59223A302E3030313331353430393331373631323634382C2241445F5A223A2D302E33333038393534323338383931363031362C2254656D70447370223A302C22537461747573223A302C2243616C69625374617465223A312C22536967416D70496E76616C6964223A307D7DA5C4
05-22 07:20:54.875   544   544 D commservice260303: bufferevent_write retrun value = 0
05-22 07:20:54.875   544   567 D commservice260303: client datas send succeed,send finish
05-22 07:20:54.876  2981  3178 D Sentinelmode_1.2.5.13_alpha: <SentryImuClusterFgeSender>imu_status sent to Linux, frame=22459, tsNs=939836, tsMs=1779405654873, intervalMs=41, ad=(-0.0039545745,0.0013154093,-0.33089542), gd=(-0.009467746,0.006795222,0.017715223)
05-22 07:20:54.876   573   573 I SpiService: fgesysctrl_getGPIO_status success val=1
05-22 06:39:28.618   573   573 D spi_rst_gpio_get_output: GPIO 145 value: 1
05-22 06:39:28.618   573   573 D spidev_ioctl: gpio status=1)
05-22 07:20:54.881   573   573 I SpiService: fgesysctrl_getGPIO_status success val=1
05-22 06:39:28.625   573   573 D spi_rst_gpio_get_output: GPIO 145 value: 1
05-22 06:39:28.625   573   573 D spidev_ioctl: gpio status=1)
05-22 07:20:54.885   291  1491 D EvsDriver: forwardFrame
05-22 07:20:54.886   291  1491 D EvsDriver: Delivered 0xb400007b2f47ca30 as id 0
05-22 07:20:54.887  1137  1150 D evsmanagerd: /dev/video4 forwarded the buffer #0 to 0xb4000071fa019690 from 0xb4000071fa01b7d0
05-22 07:20:54.887   573   573 I SpiService: fgesysctrl_getGPIO_status success val=0
05-22 06:39:28.631   573   573 D spi_rst_gpio_get_output: GPIO 145 value: 0
05-22 06:39:28.631   573   573 D spidev_ioctl: gpio status=0)
05-22 07:20:54.890  2981  3177 I SentryImuMcuAngleSender: 179.91725rollDeg
05-22 07:20:54.890  2981  3177 I SentryImuMcuAngleSender: 1,0,0
05-22 07:20:54.891   291  1135 D EvsDriver: doneWithFrame
05-22 07:20:54.898   276   300 I rvcservice: t.code = 3, t.value = 0
05-22 07:20:54.903   573   573 I SpiService: fgesysctrl_getGPIO_status success val=1
05-22 06:39:28.647   573   573 D spi_rst_gpio_get_output: GPIO 145 value: 1
05-22 06:39:28.647   573   573 D spidev_ioctl: gpio status=1)
05-22 07:20:54.909   573   573 I SpiService: fgesysctrl_getGPIO_status success val=1
05-22 06:39:28.653   573   573 D spi_rst_gpio_get_output: GPIO 145 value: 1
05-22 06:39:28.653   573   573 D spidev_ioctl: gpio status=1)
05-22 07:20:54.910   291  1491 D EvsDriver: forwardFrame
05-22 07:20:54.911  2981  3177 I SentryImuMcuAngleSender: 179.92415rollDeg
05-22 07:20:54.911   291  1491 D EvsDriver: Delivered 0xb400007b2f47ca30 as id 0
05-22 07:20:54.911  2981  3177 I SentryImuMcuAngleSender: 1,0,0
05-22 07:20:54.912  1137  1150 D evsmanagerd: /dev/video4 forwarded the buffer #0 to 0xb4000071fa019690 from 0xb4000071fa01b7d0
05-22 07:20:54.913   291  1135 D EvsDriver: doneWithFrame
05-22 07:20:54.914   544   544 D commservice260303: msg.id = 1028,0
05-22 07:20:54.915   544   544 D commservice260303: i = 170, msgid = 8A000404
05-22 07:20:54.915   544   544 D commservice260303: msgid = -1979710460,did=138
05-22 07:20:54.915   544   544 D commservice260303: CommProtocolLibCmdBaseI2C::dataproc {"command":{"id":"imu_status","sub":""},"content":{"TimeStamp":1779405654914,"FrameCounter":22460,"GD_X":-0.009621189907193184,"GD_Y":0.007558800280094147,"GD_Z":0.017715223133563995,"AD_X":-0.002737097442150116,"AD_Y":9.599234908819199E-5,"AD_Z":-0.33089542388916016,"TempDsp":0,"Status":0,"CalibState":1,"SigAmpInvalid":0}},-1979710460
05-22 07:20:54.915   737   737 D Telecom : Logging: START_SESSION
05-22 07:20:54.915   544   544 D commservice260303: send2Cluster len:325, 7B22636F6D6D616E64223A7B226964223A22696D755F737461747573222C22737562223A22227D2C22636F6E74656E74223A7B2254696D655374616D70223A313737393430353635343931342C224672616D65436F756E746572223A32323436302C2247445F58223A2D302E3030393632313138393930373139333138342C2247445F59223A302E3030373535383830303238303039343134372C2247445F5A223A302E3031373731353232333133333536333939352C2241445F58223A2D302E3030323733373039373434323135303131362C2241445F59223A392E353939323334393038383139313939452D352C2241445F5A223A2D302E33333038393534323338383931363031362C2254656D70447370223A302C22537461747573223A302C2243616C69625374617465223A312C22536967416D70496E76616C6964223A307D7D, 138 
05-22 07:20:54.915   544   544 D commservice260303: Push Message into SendPool fn=-1772552192
05-22 07:20:54.915   544   544 D commservice260303: ComProtocolLibSend2Cluster::send2ClusterRaw fn=-1772552192 , len=341
05-22 07:20:54.915   573   573 I SpiService: fgesysctrl_getGPIO_status success val=1
05-22 07:20:54.915   544   544 D commservice260303: sendCmdToPort :341!!!
05-22 07:20:54.915   737   737 D Telecom : Logging: END_SESSION (dur: 0 ms): TSI.iIMC@Gik
05-22 07:20:54.915   544   544 D commservice260303: send Cmd To Port ++++5AA501518A01000059966A0F93567B22636F6D6D616E64223A7B226964223A22696D755F737461747573222C22737562223A22227D2C22636F6E74656E74223A7B2254696D655374616D70223A313737393430353635343931342C224672616D65436F756E746572223A32323436302C2247445F58223A2D302E3030393632313138393930373139333138342C2247445F59223A302E3030373535383830303238303039343134372C2247445F5A223A302E3031373731353232333133333536333939352C2241445F58223A2D302E3030323733373039373434323135303131362C2241445F59223A392E353939323334393038383139313939452D352C2241445F5A223A2D302E33333038393534323338383931363031362C2254656D70447370223A302C22537461747573223A302C2243616C69625374617465223A312C22536967416D70496E76616C6964223A307D7D79F3
05-22 07:20:54.915   544   544 D commservice260303: bufferevent_write retrun value = 0
05-22 07:20:54.915   737   737 D Telecom : Logging: START_SESSION
05-22 07:20:54.915   544   567 D commservice260303: client datas send succeed,send finish
05-22 07:20:54.916   737   737 D Telecom : Logging: END_SESSION (dur: 0 ms): TSI.iISMC(a)@Gio
05-22 07:20:54.916  2981  3178 D Sentinelmode_1.2.5.13_alpha: <SentryImuClusterFgeSender>imu_status sent to Linux, frame=22460, tsNs=939890, tsMs=1779405654914, intervalMs=41, ad=(-0.0027370974,9.599235E-5,-0.33089542), gd=(-0.00962119,0.0075588003,0.017715223)
05-22 07:20:54.916   737   737 D ResponseStatsTracker: notification:+15m39s695ms; event=<updated>, pkg=com.neusoft.btmusic, usr=0
05-22 07:20:54.916   737   737 D Telecom : Logging: START_SESSION
05-22 07:20:54.917   737   737 D Telecom : Logging: END_SESSION (dur: 1 ms): TSI.gDDP@Gis
05-22 07:20:54.917   737   737 D Telecom : Logging: START_SESSION
05-22 07:20:54.917   737   737 D Telecom : Logging: END_SESSION (dur: 0 ms): TSI.gDDP@Giw
05-22 07:20:54.917   737   737 D Telecom : Logging: START_SESSION
05-22 07:20:54.917   737   737 D Telecom : Logging: END_SESSION (dur: 0 ms): TSI.gDDP@Gi0
05-22 07:20:54.918   737   737 D Telecom : Logging: START_SESSION
05-22 06:39:28.658   573   573 D spi_rst_gpio_get_output: GPIO 145 value: 1
05-22 06:39:28.658   573   573 D spidev_ioctl: gpio status=1)
05-22 07:20:54.918   737   737 D Telecom : Logging: END_SESSION (dur: 0 ms): TSI.gDDP@Gi4
05-22 07:20:54.918   737   737 D NotificationService: 0|com.neusoft.btmusic|8001|null|1000: updating permissions
05-22 07:20:54.919   737   737 D NotificationService: 0|com.neusoft.btmusic|8001|null|1000: updating permissions
05-22 07:20:54.919   737   737 D NotificationService: 0|com.neusoft.btmusic|8001|null|1000: updating permissions
05-22 07:20:54.919   737   737 D NotificationService: 0|com.neusoft.btmusic|8001|null|1000: updating permissions
05-22 07:20:54.919   737   737 D NotificationService: 0|com.neusoft.btmusic|8001|null|1000: updating permissions
05-22 07:20:54.919   737   737 D NotificationService: 0|com.neusoft.btmusic|8001|null|1000: updating permissions
05-22 07:20:54.921   573   573 I SpiService: fgesysctrl_getGPIO_status success val=1
05-22 07:20:54.922   737  1616 D PowerController.AppState: - updateNotification() E -
05-22 07:20:54.923  1812  1812 I ExtAssistant: POSTED 0|com.neusoft.btmusic|8001|null|1000
05-22 07:20:54.923  1517  1517 D CarNotificationListener: onNotificationPosted: StatusBarNotification(pkg=com.neusoft.btmusic user=UserHandle{0} id=8001 tag=null key=0|com.neusoft.btmusic|8001|null|1000: Notification(channel=media_playback_channel shortcut=null contentView=null vibrate=null sound=null defaults=0x0 flags=0x6a color=0x00000000 category=transport groupKey=silent actions=3 vis=PUBLIC))
05-22 07:20:54.923  1517  1517 D CarNotificationListener: Is incoming notification a group summary?: false
05-22 06:39:28.664   573   573 D spi_rst_gpio_get_output: GPIO 145 value: 1
05-22 06:39:28.664   573   573 D spidev_ioctl: gpio status=1)
05-22 07:20:54.924  1517  1517 D NavBarFragment: onShow: AlertEntry:StatusBarNotification(pkg=com.neusoft.btmusic user=UserHandle{0} id=8001 tag=null key=0|com.neusoft.btmusic|8001|null|1000: Notification(channel=media_playback_channel shortcut=null contentView=null vibrate=null sound=null defaults=0x0 flags=0x6a color=0x00000000 category=transport groupKey=silent actions=3 vis=PUBLIC))
05-22 07:20:54.924  1517  1517 D NavBarFragment: bindMediaActions: action[0] title=Previous, intent=PendingIntent{c30e7dc: android.os.BinderProxy@beb4470}
05-22 07:20:54.924  1517  1517 D NavBarFragment: bindMediaActions: action[1] title=Pause, intent=PendingIntent{79ff0e5: android.os.BinderProxy@b332c26}
05-22 07:20:54.924  1517  1517 D NavBarFragment: bindMediaActions: action[2] title=Next, intent=PendingIntent{9d87ba: android.os.BinderProxy@d0c76b3}
05-22 07:20:54.925  1517  1517 D NavBarFragment: bindMediaActions: previous=0, playPause=1, next=2, key=0|com.neusoft.btmusic|8001|null|1000
05-22 07:20:54.925  1517  1517 D NavBarFragment: updateMediaInfo: title=Top Barry：, text=Wish u never-TF_ING张子墨/Top Barry, pkg=com.neusoft.btmusic
05-22 07:20:54.926   565   599 I Sensors : 230 AccelSensor: x:-0.106750,y:0.015249,z:-10.136371
05-22 07:20:54.926   544   544 W commservice260303: [FgeComService::getAQConnectStatus:378]
05-22 07:20:54.926   544   544 W commservice260303: [mcuCommFunctionTcp::getAQConnectStatus:406] 1
05-22 07:20:54.926   573   573 I SpiService: fgesysctrl_getGPIO_status success val=0
05-22 07:20:54.927   544   544 W commservice260303: [FgeComService::getAQConnectStatus:380] status:1
05-22 07:20:54.927  2109  2109 E ivicomm_CommManager: getA2lConnectStatus aqConnectStatus:1
05-22 07:20:54.927  2109  2109 D ivicomm_ConnectStateManager: notifyState newState=1curState=1
05-22 06:39:28.670   573   573 D spi_rst_gpio_get_output: GPIO 145 value: 0
05-22 06:39:28.670   573   573 D spidev_ioctl: gpio status=0)
05-22 07:20:54.931   824   824 D SurfaceFlinger: unisoc-graphics, commit has frameMissed:2, vysncId:436336
05-22 07:20:54.936  2981  3177 I SentryImuMcuAngleSender: 179.92415rollDeg
05-22 07:20:54.936   737   737 D Telecom : Logging: START_SESSION
05-22 07:20:54.936  2981  3177 I SentryImuMcuAngleSender: 1,0,0
05-22 07:20:54.936   737   737 D Telecom : Logging: END_SESSION (dur: 0 ms): TSI.iIMC@Gi8
05-22 07:20:54.937   737   737 D Telecom : Logging: START_SESSION
05-22 07:20:54.937   737   737 D Telecom : Logging: END_SESSION (dur: 0 ms): TSI.iISMC(a)@GjA
05-22 07:20:54.937   737   737 D ResponseStatsTracker: notification:+15m39s716ms; event=<updated>, pkg=com.neusoft.btmusic, usr=0
05-22 07:20:54.938   737   737 D Telecom : Logging: START_SESSION
05-22 07:20:54.938   737   737 D Telecom : Logging: END_SESSION (dur: 0 ms): TSI.gDDP@GjE
05-22 07:20:54.938   737   737 D Telecom : Logging: START_SESSION
05-22 07:20:54.938   737   737 D Telecom : Logging: END_SESSION (dur: 0 ms): TSI.gDDP@GjI
05-22 07:20:54.938   737   737 D Telecom : Logging: START_SESSION
05-22 07:20:54.939   737   737 D Telecom : Logging: END_SESSION (dur: 0 ms): TSI.gDDP@GjM
05-22 07:20:54.939   737   737 D Telecom : Logging: START_SESSION
05-22 07:20:54.939   737   737 D Telecom : Logging: END_SESSION (dur: 0 ms): TSI.gDDP@GjQ
05-22 07:20:54.939   737   737 D NotificationService: 0|com.neusoft.btmusic|8001|null|1000: updating permissions
05-22 07:20:54.940   964  1804 D [OMXB]  : usingANWBuffer: handle:0xebd43500, format:1, w:1920, h:1080
05-22 07:20:54.940   737   737 D NotificationService: 0|com.neusoft.btmusic|8001|null|1000: updating permissions
05-22 07:20:54.940   737   737 D NotificationService: 0|com.neusoft.btmusic|8001|null|1000: updating permissions
05-22 07:20:54.940   737   737 D NotificationService: 0|com.neusoft.btmusic|8001|null|1000: updating permissions
05-22 07:20:54.940   486   580 I mcuc    : rev,n=1,6AA681125D006B8900540600030A40000000004000000000400000000040000000004000000000400000400000000000000000000000000000000000010000000000000000000000000000000000000000000000000000000000000000000000000000000000000000000000000000000000F4
05-22 07:20:54.940   737   737 D NotificationService: 0|com.neusoft.btmusic|8001|null|1000: updating permissions
05-22 07:20:54.940   344   361 D automotive.vehicle@2.0-adayo-datacomm-mcu: MCUDatacomm sendMessageFromVehicle prop: 0x89, areaId: 0x0, status: 0x54, timestamp: 0x6
05-22 07:20:54.940   737   737 D NotificationService: 0|com.neusoft.btmusic|8001|null|1000: updating permissions
05-22 07:20:54.941   344   361 D automotive.vehicle@2.0-adayo-datacomm-mcu: MCUDatacomm 1sendMessageFromVehicle ---> type = 3 
05-22 07:20:54.941   344   361 D automotive.vehicle@2.0-adayo-func-bcm: sendMessageFromVehicle sendMessageFromVehicle
05-22 07:20:54.941   344   511 D automotive.vehicle@2.0-adayo-func-bcm: jjfan1 ______procotolSize :38
05-22 07:20:54.941   344   511 D automotive.vehicle@2.0-adayo-func-bcm: BCMFunc sendMessageFromVehicle_l dataType: 12,mByte=7,propid=0x2140006b
05-22 07:20:54.941   344   511 D automotive.vehicle@2.0-adayo-func-bcm: BCMFunc sendMessageFromVehicle_l msgBuff[7]=0x40,start:0,len:6,temp:6,
05-22 07:20:54.941   344   511 D automotive.vehicle@2.0-adayo-func-bcm: BCMFunc sendMessageFromVehicle_l prop: 0x2140006b ,areaId: 0x0  SPLITE_BIT_DATA_INTEGER : 0
05-22 07:20:54.941   344   511 D automotive.vehicle@2.0-adayo-func-bcm: BCMFunc sendMessageFromVehicle_l id:557842539, area:0 not report! 
05-22 07:20:54.941   344   511 D automotive.vehicle@2.0-adayo-func-bcm: BCMFunc sendMessageFromVehicle_l dataType: 12,mByte=7,propid=0x2140006c
05-22 07:20:54.941   573   573 I SpiService: fgesysctrl_getGPIO_status success val=1
05-22 07:20:54.941   344   511 D automotive.vehicle@2.0-adayo-func-bcm: BCMFunc sendMessageFromVehicle_l msgBuff[7]=0x40,start:6,len:2,temp:2,
05-22 07:20:54.941   344   511 D automotive.vehicle@2.0-adayo-func-bcm: BCMFunc sendMessageFromVehicle_l prop: 0x2140006c ,areaId: 0x0  SPLITE_BIT_DATA_INTEGER : 1
05-22 07:20:54.941   344   511 D automotive.vehicle@2.0-adayo-func-bcm: BCMFunc sendMessageFromVehicle_l id:557842540, area:0 not report! 
05-22 07:20:54.942   344   511 D automotive.vehicle@2.0-adayo-func-bcm: BCMFunc sendMessageFromVehicle_l dataType: 12,mByte=11,propid=0x2140004a
05-22 06:39:28.685   573   573 D spi_rst_gpio_get_output: GPIO 145 value: 1
05-22 06:39:28.685   573   573 D spidev_ioctl: gpio status=1)
05-22 07:20:54.942   344   511 D automotive.vehicle@2.0-adayo-func-bcm: BCMFunc sendMessageFromVehicle_l msgBuff[11]=0x0,start:0,len:32,temp:8,
05-22 07:20:54.942   344   511 D automotive.vehicle@2.0-adayo-func-bcm: BCMFunc sendMessageFromVehicle_l msgBuff[10]=0x0,start:0,len:24,temp:8,
05-22 07:20:54.942   344   511 D automotive.vehicle@2.0-adayo-func-bcm: BCMFunc sendMessageFromVehicle_l msgBuff[9]=0x0,start:0,len:16,temp:8,
05-22 07:20:54.942   344   511 D automotive.vehicle@2.0-adayo-func-bcm: BCMFunc sendMessageFromVehicle_l msgBuff[8]=0x0,start:0,len:8,temp:8,
05-22 07:20:54.942   344   511 D automotive.vehicle@2.0-adayo-func-bcm: BCMFunc sendMessageFromVehicle_l prop: 0x2140004a ,areaId: 0x0  SPLITE_BIT_DATA_INTEGER : 0
05-22 07:20:54.942   344   511 D automotive.vehicle@2.0-adayo-func-bcm: BCMFunc sendMessageFromVehicle_l id:557842506, area:0 not report! 
05-22 07:20:54.942   344   511 D automotive.vehicle@2.0-adayo-func-bcm: BCMFunc sendMessageFromVehicle_l dataType: 12,mByte=12,propid=0x2140006d
05-22 07:20:54.942   344   511 D automotive.vehicle@2.0-adayo-func-bcm: BCMFunc sendMessageFromVehicle_l msgBuff[12]=0x40,start:0,len:6,temp:6,
05-22 07:20:54.942   344   511 D automotive.vehicle@2.0-adayo-func-bcm: BCMFunc sendMessageFromVehicle_l prop: 0x2140006d ,areaId: 0x0  SPLITE_BIT_DATA_INTEGER : 0
05-22 07:20:54.942   344   511 D automotive.vehicle@2.0-adayo-func-bcm: BCMFunc sendMessageFromVehicle_l id:557842541, area:0 not report! 
05-22 07:20:54.942   344   511 D automotive.vehicle@2.0-adayo-func-bcm: BCMFunc sendMessageFromVehicle_l dataType: 12,mByte=12,propid=0x2140006e
05-22 07:20:54.942   344   511 D automotive.vehicle@2.0-adayo-func-bcm: BCMFunc sendMessageFromVehicle_l msgBuff[12]=0x40,start:6,len:2,temp:2,
05-22 07:20:54.943   344   511 D automotive.vehicle@2.0-adayo-func-bcm: BCMFunc sendMessageFromVehicle_l prop: 0x2140006e ,areaId: 0x0  SPLITE_BIT_DATA_INTEGER : 1
05-22 07:20:54.943   344   511 D automotive.vehicle@2.0-adayo-func-bcm: BCMFunc sendMessageFromVehicle_l id:557842542, area:0 not report! 
05-22 07:20:54.943   344   511 D automotive.vehicle@2.0-adayo-func-bcm: BCMFunc sendMessageFromVehicle_l dataType: 12,mByte=16,propid=0x21600040
05-22 07:20:54.943   344   511 D automotive.vehicle@2.0-adayo-func-bcm: BCMFunc sendMessageFromVehicle_l msgBuff[16]=0x0,start:0,len:32,temp:8,
05-22 07:20:54.943   344   511 D automotive.vehicle@2.0-adayo-func-bcm: BCMFunc sendMessageFromVehicle_l msgBuff[15]=0x0,start:0,len:24,temp:8,
05-22 07:20:54.943   344   511 D automotive.vehicle@2.0-adayo-func-bcm: BCMFunc sendMessageFromVehicle_l msgBuff[14]=0x0,start:0,len:16,temp:8,
05-22 07:20:54.943   344   511 D automotive.vehicle@2.0-adayo-func-bcm: BCMFunc sendMessageFromVehicle_l msgBuff[13]=0x0,start:0,len:8,temp:8,
05-22 07:20:54.943   344   511 D automotive.vehicle@2.0-adayo-func-bcm: BCMFunc sendMessageFromVehicle_l prop: 0x21600040 , SPLITE_BIT_DATA_INTEGER1 data:0
05-22 07:20:54.943   344   511 D automotive.vehicle@2.0-adayo-func-bcm: BCMFunc sendMessageFromVehicle_l prop: 0x21600040 , SPLITE_BIT_DATA_INTEGER4 procotol.calc[0]:0.100000,procotol.calc[1]:0.000000
05-22 07:20:54.943   344   511 D automotive.vehicle@2.0-adayo-func-bcm: BCMFunc sendMessageFromVehicle_l prop: 0x21600040 ,areaId: 0x0  SPLITE_BIT_DATA_INTEGER : 0.000000,calc[0]:0.100000,calc[1]:0.000000
05-22 07:20:54.943   737  1616 D PowerController.AppState: - updateNotification() E -
05-22 07:20:54.943   344   511 D automotive.vehicle@2.0-adayo-func-bcm: BCMFunc sendMessageFromVehicle_l id:559939648, area:0 not report! 
05-22 07:20:54.943   344   511 D automotive.vehicle@2.0-adayo-func-bcm: BCMFunc sendMessageFromVehicle_l dataType: 12,mByte=17,propid=0x2140006f
05-22 07:20:54.943   344   511 D automotive.vehicle@2.0-adayo-func-bcm: BCMFunc sendMessageFromVehicle_l msgBuff[17]=0x40,start:0,len:6,temp:6,
05-22 07:20:54.943   344   511 D automotive.vehicle@2.0-adayo-func-bcm: BCMFunc sendMessageFromVehicle_l prop: 0x2140006f ,areaId: 0x0  SPLITE_BIT_DATA_INTEGER : 0
05-22 07:20:54.944   344   511 D automotive.vehicle@2.0-adayo-func-bcm: BCMFunc sendMessageFromVehicle_l id:557842543, area:0 not report! 
05-22 07:20:54.944   344   511 D automotive.vehicle@2.0-adayo-func-bcm: BCMFunc sendMessageFromVehicle_l dataType: 12,mByte=17,propid=0x21400070
05-22 07:20:54.944   344   511 D automotive.vehicle@2.0-adayo-func-bcm: BCMFunc sendMessageFromVehicle_l msgBuff[17]=0x40,start:6,len:2,temp:2,
05-22 07:20:54.944   344   511 D automotive.vehicle@2.0-adayo-func-bcm: BCMFunc sendMessageFromVehicle_l prop: 0x21400070 ,areaId: 0x0  SPLITE_BIT_DATA_INTEGER : 1
05-22 07:20:54.944   344   511 D automotive.vehicle@2.0-adayo-func-bcm: BCMFunc sendMessageFromVehicle_l id:557842544, area:0 not report! 
05-22 07:20:54.944   344   511 D automotive.vehicle@2.0-adayo-func-bcm: BCMFunc sendMessageFromVehicle_l dataType: 12,mByte=21,propid=0x2160004c
05-22 07:20:54.944   344   511 D automotive.vehicle@2.0-adayo-func-bcm: BCMFunc sendMessageFromVehicle_l msgBuff[21]=0x0,start:0,len:32,temp:8,
05-22 07:20:54.944   344   511 D automotive.vehicle@2.0-adayo-func-bcm: BCMFunc sendMessageFromVehicle_l msgBuff[20]=0x0,start:0,len:24,temp:8,
05-22 07:20:54.944   344   511 D automotive.vehicle@2.0-adayo-func-bcm: BCMFunc sendMessageFromVehicle_l msgBuff[19]=0x0,start:0,len:16,temp:8,
05-22 07:20:54.944   344   511 D automotive.vehicle@2.0-adayo-func-bcm: BCMFunc sendMessageFromVehicle_l msgBuff[18]=0x0,start:0,len:8,temp:8,
05-22 07:20:54.945   344   511 D automotive.vehicle@2.0-adayo-func-bcm: BCMFunc sendMessageFromVehicle_l prop: 0x2160004c , SPLITE_BIT_DATA_INTEGER1 data:0
05-22 07:20:54.945   344   511 D automotive.vehicle@2.0-adayo-func-bcm: BCMFunc sendMessageFromVehicle_l prop: 0x2160004c , SPLITE_BIT_DATA_INTEGER4 procotol.calc[0]:0.100000,procotol.calc[1]:0.000000
05-22 07:20:54.945   344   511 D automotive.vehicle@2.0-adayo-func-bcm: BCMFunc sendMessageFromVehicle_l prop: 0x2160004c ,areaId: 0x0  SPLITE_BIT_DATA_INTEGER : 0.000000,calc[0]:0.100000,calc[1]:0.000000
05-22 07:20:54.945   344   511 D automotive.vehicle@2.0-adayo-func-bcm: BCMFunc sendMessageFromVehicle_l id:559939660, area:0 not report! 
05-22 07:20:54.945   344   511 D automotive.vehicle@2.0-adayo-func-bcm: BCMFunc sendMessageFromVehicle_l dataType: 12,mByte=22,propid=0x21400071
05-22 07:20:54.945   344   511 D automotive.vehicle@2.0-adayo-func-bcm: BCMFunc sendMessageFromVehicle_l msgBuff[22]=0x40,start:0,len:6,temp:6,
05-22 07:20:54.945   344   511 D automotive.vehicle@2.0-adayo-func-bcm: BCMFunc sendMessageFromVehicle_l prop: 0x21400071 ,areaId: 0x0  SPLITE_BIT_DATA_INTEGER : 0
05-22 07:20:54.945   344   511 D automotive.vehicle@2.0-adayo-func-bcm: BCMFunc sendMessageFromVehicle_l id:557842545, area:0 not report! 
05-22 07:20:54.945   344   511 D automotive.vehicle@2.0-adayo-func-bcm: BCMFunc sendMessageFromVehicle_l dataType: 12,mByte=22,propid=0x21400072
05-22 07:20:54.945   344   511 D automotive.vehicle@2.0-adayo-func-bcm: BCMFunc sendMessageFromVehicle_l msgBuff[22]=0x40,start:6,len:2,temp:2,
05-22 07:20:54.945   344   511 D automotive.vehicle@2.0-adayo-func-bcm: BCMFunc sendMessageFromVehicle_l prop: 0x21400072 ,areaId: 0x0  SPLITE_BIT_DATA_INTEGER : 1
05-22 07:20:54.945   344   511 D automotive.vehicle@2.0-adayo-func-bcm: BCMFunc sendMessageFromVehicle_l id:557842546, area:0 not report! 
05-22 07:20:54.945   344   511 D automotive.vehicle@2.0-adayo-func-bcm: BCMFunc sendMessageFromVehicle_l dataType: 12,mByte=24,propid=0x21400050
05-22 07:20:54.945   344   511 D automotive.vehicle@2.0-adayo-func-bcm: BCMFunc sendMessageFromVehicle_l msgBuff[24]=0x0,start:0,len:16,temp:8,
05-22 07:20:54.946   344   511 D automotive.vehicle@2.0-adayo-func-bcm: BCMFunc sendMessageFromVehicle_l msgBuff[23]=0x0,start:0,len:8,temp:8,
05-22 07:20:54.946   344   511 D automotive.vehicle@2.0-adayo-func-bcm: BCMFunc sendMessageFromVehicle_l prop: 0x21400050 ,areaId: 0x0  SPLITE_BIT_DATA_INTEGER : 0
05-22 07:20:54.946   344   511 D automotive.vehicle@2.0-adayo-func-bcm: BCMFunc sendMessageFromVehicle_l id:557842512, area:0 not report! 
05-22 07:20:54.946  1812  1812 I ExtAssistant: POSTED 0|com.neusoft.btmusic|8001|null|1000
05-22 07:20:54.946   344   511 D automotive.vehicle@2.0-adayo-func-bcm: BCMFunc sendMessageFromVehicle_l dataType: 12,mByte=25,propid=0x21400051
05-22 07:20:54.946   344   511 D automotive.vehicle@2.0-adayo-func-bcm: BCMFunc sendMessageFromVehicle_l msgBuff[25]=0x0,start:0,len:8,temp:8,
05-22 07:20:54.946   344   511 D automotive.vehicle@2.0-adayo-func-bcm: BCMFunc sendMessageFromVehicle_l prop: 0x21400051 ,areaId: 0x0  SPLITE_BIT_DATA_INTEGER : 0
05-22 07:20:54.946   344   511 D automotive.vehicle@2.0-adayo-func-bcm: BCMFunc sendMessageFromVehicle_l id:557842513, area:0 not report! 
05-22 07:20:54.946   344   511 D automotive.vehicle@2.0-adayo-func-bcm: BCMFunc sendMessageFromVehicle_l dataType: 12,mByte=26,propid=0x21400052
05-22 07:20:54.946   344   511 D automotive.vehicle@2.0-adayo-func-bcm: BCMFunc sendMessageFromVehicle_l msgBuff[26]=0x0,start:0,len:8,temp:8,
05-22 07:20:54.946   344   511 D automotive.vehicle@2.0-adayo-func-bcm: BCMFunc sendMessageFromVehicle_l prop: 0x21400052 ,areaId: 0x0  SPLITE_BIT_DATA_INTEGER : 0
05-22 07:20:54.946   344   511 D automotive.vehicle@2.0-adayo-func-bcm: BCMFunc sendMessageFromVehicle_l id:557842514, area:0 not report! 
05-22 07:20:54.946   344   511 D automotive.vehicle@2.0-adayo-func-bcm: BCMFunc sendMessageFromVehicle_l dataType: 12,mByte=27,propid=0x21400073
05-22 07:20:54.946   344   511 D automotive.vehicle@2.0-adayo-func-bcm: BCMFunc sendMessageFromVehicle_l msgBuff[27]=0x40,start:0,len:6,temp:6,
05-22 07:20:54.946   344   511 D automotive.vehicle@2.0-adayo-func-bcm: BCMFunc sendMessageFromVehicle_l prop: 0x21400073 ,areaId: 0x0  SPLITE_BIT_DATA_INTEGER : 0
05-22 07:20:54.947   344   511 D automotive.vehicle@2.0-adayo-func-bcm: BCMFunc sendMessageFromVehicle_l id:557842547, area:0 not report! 
05-22 07:20:54.947   344   511 D automotive.vehicle@2.0-adayo-func-bcm: BCMFunc sendMessageFromVehicle_l dataType: 12,mByte=27,propid=0x21400074
05-22 06:39:28.690   573   573 D spi_rst_gpio_get_output: GPIO 145 value: 1
05-22 06:39:28.690   573   573 D spidev_ioctl: gpio status=1)
05-22 07:20:54.947   344   511 D automotive.vehicle@2.0-adayo-func-bcm: BCMFunc sendMessageFromVehicle_l msgBuff[27]=0x40,start:6,len:2,temp:2,
05-22 07:20:54.947   344   511 D automotive.vehicle@2.0-adayo-func-bcm: BCMFunc sendMessageFromVehicle_l prop: 0x21400074 ,areaId: 0x0  SPLITE_BIT_DATA_INTEGER : 1
05-22 07:20:54.947   344   511 D automotive.vehicle@2.0-adayo-func-bcm: BCMFunc sendMessageFromVehicle_l id:557842548, area:0 not report! 
05-22 07:20:54.947   344   511 D automotive.vehicle@2.0-adayo-func-bcm: BCMFunc sendMessageFromVehicle_l dataType: 12,mByte=29,propid=0x21400053
05-22 07:20:54.947   573   573 I SpiService: fgesysctrl_getGPIO_status success val=1
05-22 07:20:54.947   344   511 D automotive.vehicle@2.0-adayo-func-bcm: BCMFunc sendMessageFromVehicle_l msgBuff[29]=0x0,start:0,len:16,temp:8,
05-22 07:20:54.947   344   511 D automotive.vehicle@2.0-adayo-func-bcm: BCMFunc sendMessageFromVehicle_l msgBuff[28]=0x0,start:0,len:8,temp:8,
05-22 07:20:54.947   344   511 D automotive.vehicle@2.0-adayo-func-bcm: BCMFunc sendMessageFromVehicle_l prop: 0x21400053 ,areaId: 0x0  SPLITE_BIT_DATA_INTEGER : 0
05-22 07:20:54.947   344   511 D automotive.vehicle@2.0-adayo-func-bcm: BCMFunc sendMessageFromVehicle_l id:557842515, area:0 not report! 
05-22 07:20:54.947   824   824 D SurfaceFlinger: unisoc-graphics, commit has frameMissed:2, vysncId:436351
05-22 07:20:54.947   344   511 D automotive.vehicle@2.0-adayo-func-bcm: BCMFunc sendMessageFromVehicle_l dataType: 12,mByte=30,propid=0x21400054
05-22 07:20:54.947   344   511 D automotive.vehicle@2.0-adayo-func-bcm: BCMFunc sendMessageFromVehicle_l msgBuff[30]=0x0,start:0,len:8,temp:8,
05-22 07:20:54.947   344   511 D automotive.vehicle@2.0-adayo-func-bcm: BCMFunc sendMessageFromVehicle_l prop: 0x21400054 ,areaId: 0x0  SPLITE_BIT_DATA_INTEGER : 0
05-22 07:20:54.947   344   511 D automotive.vehicle@2.0-adayo-func-bcm: BCMFunc sendMessageFromVehicle_l id:557842516, area:0 not report! 
05-22 07:20:54.948   344   511 D automotive.vehicle@2.0-adayo-func-bcm: BCMFunc sendMessageFromVehicle_l dataType: 12,mByte=31,propid=0x21400055
05-22 07:20:54.948   344   511 D automotive.vehicle@2.0-adayo-func-bcm: BCMFunc sendMessageFromVehicle_l msgBuff[31]=0x0,start:0,len:8,temp:8,
05-22 07:20:54.948   344   511 D automotive.vehicle@2.0-adayo-func-bcm: BCMFunc sendMessageFromVehicle_l prop: 0x21400055 ,areaId: 0x0  SPLITE_BIT_DATA_INTEGER : 0
05-22 07:20:54.948   344   511 D automotive.vehicle@2.0-adayo-func-bcm: BCMFunc sendMessageFromVehicle_l id:557842517, area:0 not report! 
05-22 07:20:54.948   344   511 D automotive.vehicle@2.0-adayo-func-bcm: BCMFunc sendMessageFromVehicle_l dataType: 12,mByte=32,propid=0x21400075
05-22 07:20:54.948  1517  1517 D CarNotificationListener: onNotificationPosted: StatusBarNotification(pkg=com.neusoft.btmusic user=UserHandle{0} id=8001 tag=null key=0|com.neusoft.btmusic|8001|null|1000: Notification(channel=media_playback_channel shortcut=null contentView=null vibrate=null sound=null defaults=0x0 flags=0x6a color=0x00000000 category=transport groupKey=silent actions=3 vis=PUBLIC))
05-22 07:20:54.948   344   511 D automotive.vehicle@2.0-adayo-func-bcm: BCMFunc sendMessageFromVehicle_l msgBuff[32]=0x40,start:0,len:6,temp:6,
05-22 07:20:54.948  1517  1517 D CarNotificationListener: Is incoming notification a group summary?: false
05-22 07:20:54.948   344   511 D automotive.vehicle@2.0-adayo-func-bcm: BCMFunc sendMessageFromVehicle_l prop: 0x21400075 ,areaId: 0x0  SPLITE_BIT_DATA_INTEGER : 0
05-22 07:20:54.948   344   511 D automotive.vehicle@2.0-adayo-func-bcm: BCMFunc sendMessageFromVehicle_l id:557842549, area:0 not report! 
05-22 07:20:54.948   344   511 D automotive.vehicle@2.0-adayo-func-bcm: BCMFunc sendMessageFromVehicle_l dataType: 12,mByte=32,propid=0x21400076
05-22 07:20:54.948   344   511 D automotive.vehicle@2.0-adayo-func-bcm: BCMFunc sendMessageFromVehicle_l msgBuff[32]=0x40,start:6,len:2,temp:2,
05-22 07:20:54.948   344   511 D automotive.vehicle@2.0-adayo-func-bcm: BCMFunc sendMessageFromVehicle_l prop: 0x21400076 ,areaId: 0x0  SPLITE_BIT_DATA_INTEGER : 1
05-22 07:20:54.948   344   511 D automotive.vehicle@2.0-adayo-func-bcm: BCMFunc sendMessageFromVehicle_l id:557842550, area:0 not report! 
05-22 07:20:54.948   344   511 D automotive.vehicle@2.0-adayo-func-bcm: BCMFunc sendMessageFromVehicle_l dataType: 12,mByte=34,propid=0x2140004b
05-22 07:20:54.948   344   511 D automotive.vehicle@2.0-adayo-func-bcm: BCMFunc sendMessageFromVehicle_l msgBuff[34]=0x0,start:0,len:16,temp:8,
05-22 07:20:54.948   344   511 D automotive.vehicle@2.0-adayo-func-bcm: BCMFunc sendMessageFromVehicle_l msgBuff[33]=0x0,start:0,len:8,temp:8,
05-22 07:20:54.948   344   511 D automotive.vehicle@2.0-adayo-func-bcm: BCMFunc sendMessageFromVehicle_l prop: 0x2140004b ,areaId: 0x0  SPLITE_BIT_DATA_INTEGER : 0
05-22 07:20:54.948   344   511 D automotive.vehicle@2.0-adayo-func-bcm: BCMFunc sendMessageFromVehicle_l id:557842507, area:0 not report! 
05-22 07:20:54.948   344   511 D automotive.vehicle@2.0-adayo-func-bcm: BCMFunc sendMessageFromVehicle_l dataType: 12,mByte=35,propid=0x21400077
05-22 07:20:54.948   344   511 D automotive.vehicle@2.0-adayo-func-bcm: BCMFunc sendMessageFromVehicle_l msgBuff[35]=0x40,start:0,len:6,temp:6,
05-22 07:20:54.948   344   511 D automotive.vehicle@2.0-adayo-func-bcm: BCMFunc sendMessageFromVehicle_l prop: 0x21400077 ,areaId: 0x0  SPLITE_BIT_DATA_INTEGER : 0
05-22 07:20:54.949   344   511 D automotive.vehicle@2.0-adayo-func-bcm: BCMFunc sendMessageFromVehicle_l id:557842551, area:0 not report! 
05-22 07:20:54.949  1517  1517 D NavBarFragment: onShow: AlertEntry:StatusBarNotification(pkg=com.neusoft.btmusic user=UserHandle{0} id=8001 tag=null key=0|com.neusoft.btmusic|8001|null|1000: Notification(channel=media_playback_channel shortcut=null contentView=null vibrate=null sound=null defaults=0x0 flags=0x6a color=0x00000000 category=transport groupKey=silent actions=3 vis=PUBLIC))
05-22 07:20:54.949   344   511 D automotive.vehicle@2.0-adayo-func-bcm: BCMFunc sendMessageFromVehicle_l dataType: 12,mByte=35,propid=0x21400078
05-22 07:20:54.949   344   511 D automotive.vehicle@2.0-adayo-func-bcm: BCMFunc sendMessageFromVehicle_l msgBuff[35]=0x40,start:6,len:2,temp:2,
05-22 07:20:54.949   344   511 D automotive.vehicle@2.0-adayo-func-bcm: BCMFunc sendMessageFromVehicle_l prop: 0x21400078 ,areaId: 0x0  SPLITE_BIT_DATA_INTEGER : 1
05-22 07:20:54.949  1517  1517 D NavBarFragment: bindMediaActions: action[0] title=Previous, intent=PendingIntent{649a66b: android.os.BinderProxy@beb4470}
05-22 07:20:54.949   344   511 D automotive.vehicle@2.0-adayo-func-bcm: BCMFunc sendMessageFromVehicle_l id:557842552, area:0 not report! 
05-22 07:20:54.949   344   511 D automotive.vehicle@2.0-adayo-func-bcm: BCMFunc sendMessageFromVehicle_l dataType: 12,mByte=37,propid=0x2140004c
05-22 07:20:54.949  1517  1517 D NavBarFragment: bindMediaActions: action[1] title=Pause, intent=PendingIntent{fd2a5c8: android.os.BinderProxy@b332c26}
05-22 07:20:54.949   291  1491 D EvsDriver: forwardFrame
05-22 07:20:54.949   344   511 D automotive.vehicle@2.0-adayo-func-bcm: BCMFunc sendMessageFromVehicle_l msgBuff[37]=0x0,start:0,len:16,temp:8,
05-22 07:20:54.949  1517  1517 D NavBarFragment: bindMediaActions: action[2] title=Next, intent=PendingIntent{be3b661: android.os.BinderProxy@d0c76b3}
05-22 07:20:54.949   344   511 D automotive.vehicle@2.0-adayo-func-bcm: BCMFunc sendMessageFromVehicle_l msgBuff[36]=0x0,start:0,len:8,temp:8,
05-22 07:20:54.949   344   511 D automotive.vehicle@2.0-adayo-func-bcm: BCMFunc sendMessageFromVehicle_l prop: 0x2140004c ,areaId: 0x0  SPLITE_BIT_DATA_INTEGER : 0
05-22 07:20:54.949  1517  1517 D NavBarFragment: bindMediaActions: previous=0, playPause=1, next=2, key=0|com.neusoft.btmusic|8001|null|1000
05-22 07:20:54.949   344   511 D automotive.vehicle@2.0-adayo-func-bcm: BCMFunc sendMessageFromVehicle_l id:557842508, area:0 not report! 
05-22 07:20:54.949   344   511 D automotive.vehicle@2.0-adayo-func-bcm: BCMFunc sendMessageFromVehicle_l dataType: 12,mByte=38,propid=0x2140009b
05-22 07:20:54.949   344   511 D automotive.vehicle@2.0-adayo-func-bcm: BCMFunc sendMessageFromVehicle_l msgBuff[38]=0x0,start:0,len:8,temp:8,
05-22 07:20:54.949   344   511 D automotive.vehicle@2.0-adayo-func-bcm: BCMFunc sendMessageFromVehicle_l prop: 0x2140009b ,areaId: 0x0  SPLITE_BIT_DATA_INTEGER : 0
05-22 07:20:54.949   344   511 D automotive.vehicle@2.0-adayo-func-bcm: BCMFunc sendMessageFromVehicle_l id:557842587, area:0 not report! 
05-22 07:20:54.949   344   511 D automotive.vehicle@2.0-adayo-func-bcm: BCMFunc sendMessageFromVehicle_l dataType: 12,mByte=39,propid=0x2140009c
05-22 07:20:54.949   344   511 D automotive.vehicle@2.0-adayo-func-bcm: BCMFunc sendMessageFromVehicle_l msgBuff[39]=0x0,start:0,len:8,temp:8,
05-22 07:20:54.949   344   511 D automotive.vehicle@2.0-adayo-func-bcm: BCMFunc sendMessageFromVehicle_l prop: 0x2140009c ,areaId: 0x0  SPLITE_BIT_DATA_INTEGER : 0
05-22 07:20:54.949   344   511 D automotive.vehicle@2.0-adayo-func-bcm: BCMFunc sendMessageFromVehicle_l id:557842588, area:0 not report! 
05-22 07:20:54.949   344   511 D automotive.vehicle@2.0-adayo-func-bcm: BCMFunc sendMessageFromVehicle_l dataType: 12,mByte=40,propid=0x2140009d
05-22 07:20:54.949   344   511 D automotive.vehicle@2.0-adayo-func-bcm: BCMFunc sendMessageFromVehicle_l msgBuff[40]=0x0,start:0,len:8,temp:8,
05-22 07:20:54.949   344   511 D automotive.vehicle@2.0-adayo-func-bcm: BCMFunc sendMessageFromVehicle_l prop: 0x2140009d ,areaId: 0x0  SPLITE_BIT_DATA_INTEGER : 0
05-22 07:20:54.949   344   511 D automotive.vehicle@2.0-adayo-func-bcm: BCMFunc sendMessageFromVehicle_l id:557842589, area:0 not report! 
05-22 07:20:54.949   344   511 D automotive.vehicle@2.0-adayo-func-bcm: BCMFunc sendMessageFromVehicle_l dataType: 12,mByte=41,propid=0x2140009e
05-22 07:20:54.949  1517  1517 D NavBarFragment: updateMediaInfo: title=Top Barry：, text=Wish u never-TF_ING张子墨/Top Barry, pkg=com.neusoft.btmusic
05-22 07:20:54.949   344   511 D automotive.vehicle@2.0-adayo-func-bcm: BCMFunc sendMessageFromVehicle_l msgBuff[41]=0x0,start:0,len:8,temp:8,
05-22 07:20:54.949   344   511 D automotive.vehicle@2.0-adayo-func-bcm: BCMFunc sendMessageFromVehicle_l prop: 0x2140009e ,areaId: 0x0  SPLITE_BIT_DATA_INTEGER : 0
05-22 07:20:54.949   344   511 D automotive.vehicle@2.0-adayo-func-bcm: BCMFunc sendMessageFromVehicle_l id:557842590, area:0 not report! 
05-22 07:20:54.949   344   511 D automotive.vehicle@2.0-adayo-func-bcm: BCMFunc sendMessageFromVehicle_l dataType: 12,mByte=43,propid=0x2160009f
05-22 07:20:54.949   344   511 D automotive.vehicle@2.0-adayo-func-bcm: BCMFunc sendMessageFromVehicle_l msgBuff[43]=0x0,start:0,len:16,temp:8,
05-22 07:20:54.949   344   511 D automotive.vehicle@2.0-adayo-func-bcm: BCMFunc sendMessageFromVehicle_l msgBuff[42]=0x0,start:0,len:8,temp:8,
05-22 07:20:54.950   344   511 D automotive.vehicle@2.0-adayo-func-bcm: BCMFunc sendMessageFromVehicle_l prop: 0x2160009f , SPLITE_BIT_DATA_INTEGER1 data:0
