05-22 07:20:52.587   947 16784 D resolv  : GetAddrInfoHandler::run: {0 262144 0 983040 10081 0}
05-22 07:20:52.587   947 16784 D resolv  : resolv_getaddrinfo: explore_fqdn(): ai_family=0 ai_socktype=1 ai_protocol=6
05-22 07:20:52.588   573   573 I SpiService: fgesysctrl_getGPIO_status success val=1
05-22 06:39:26.331   573   573 D spi_rst_gpio_get_output: GPIO 145 value: 1
05-22 06:39:26.331   573   573 D spidev_ioctl: gpio status=1)
05-22 07:20:52.590  3901  4122 D ConfigManager: configFile not found, configFileName = account_config.json key = errorMsg
05-22 07:20:52.591  3901  4122 D ConfigManager: configFile not found, configFileName = account_config.json key = pollingIntervalRateBackground
05-22 07:20:52.591  3901  4122 D ConfigManager: configFile not found, configFileName = account_config.json key = getRefreshContractPollingInterval
05-22 07:20:52.593   276   300 I rvcservice: t.code = 3, t.value = 0
05-22 07:20:52.594   565   599 I Sensors : 230 GyroSensor: x:-0.010079,y:0.007024,z:0.017944
05-22 07:20:52.595   573   573 I SpiService: fgesysctrl_getGPIO_status success val=1
05-22 07:20:52.595   964  1804 D [OMXB]  : usingANWBuffer: handle:0xebd42ed0, format:1, w:1920, h:1080
05-22 07:20:52.597   544   544 D commservice260303: msg.id = 1028,0
05-22 07:20:52.597   544   544 D commservice260303: i = 170, msgid = 8A000404
05-22 07:20:52.597   544   544 D commservice260303: msgid = -1979710460,did=138
05-22 07:20:52.597   544   544 D commservice260303: CommProtocolLibCmdBaseI2C::dataproc {"command":{"id":"imu_status","sub":""},"content":{"TimeStamp":1779405652596,"FrameCounter":22403,"GD_X":-0.010078920982778072,"GD_Y":0.007024087477475405,"GD_Z":0.017944088205695152,"AD_X":-0.004492230713367462,"AD_Y":7.322961464524269E-4,"AD_Z":-0.33211612701416016,"TempDsp":0,"Status":0,"CalibState":1,"SigAmpInvalid":0}},-1979710460
05-22 07:20:52.597   544   544 D commservice260303: send2Cluster len:325, 7B22636F6D6D616E64223A7B226964223A22696D755F737461747573222C22737562223A22227D2C22636F6E74656E74223A7B2254696D655374616D70223A313737393430353635323539362C224672616D65436F756E746572223A32323430332C2247445F58223A2D302E3031303037383932303938323737383037322C2247445F59223A302E3030373032343038373437373437353430352C2247445F5A223A302E3031373934343038383230353639353135322C2241445F58223A2D302E3030343439323233303731333336373436322C2241445F59223A372E333232393631343634353234323639452D342C2241445F5A223A2D302E33333231313631323730313431363031362C2254656D70447370223A302C22537461747573223A302C2243616C69625374617465223A312C22536967416D70496E76616C6964223A307D7D, 138 
05-22 07:20:52.597   544   544 D commservice260303: Push Message into SendPool fn=1549336576
05-22 07:20:52.597   544   544 D commservice260303: ComProtocolLibSend2Cluster::send2ClusterRaw fn=1549336576 , len=341
05-22 06:39:26.338   573   573 D spi_rst_gpio_get_output: GPIO 145 value: 1
05-22 07:20:52.597   544   544 D commservice260303: sendCmdToPort :341!!!
05-22 07:20:52.597   544   544 D commservice260303: send Cmd To Port ++++5AA501518A010000595C6A0F93547B22636F6D6D616E64223A7B226964223A22696D755F737461747573222C22737562223A22227D2C22636F6E74656E74223A7B2254696D655374616D70223A313737393430353635323539362C224672616D65436F756E746572223A32323430332C2247445F58223A2D302E3031303037383932303938323737383037322C2247445F59223A302E3030373032343038373437373437353430352C2247445F5A223A302E3031373934343038383230353639353135322C2241445F58223A2D302E3030343439323233303731333336373436322C2241445F59223A372E333232393631343634353234323639452D342C2241445F5A223A2D302E33333231313631323730313431363031362C2254656D70447370223A302C22537461747573223A302C2243616C69625374617465223A312C22536967416D70496E76616C6964223A307D7DD06E
05-22 07:20:52.597   544   544 D commservice260303: bufferevent_write retrun value = 0
05-22 06:39:26.338   573   573 D spidev_ioctl: gpio status=1)
05-22 07:20:52.598   544   567 D commservice260303: client datas send succeed,send finish
05-22 07:20:52.598  2981  3178 D Sentinelmode_1.2.5.13_alpha: <SentryImuClusterFgeSender>imu_status sent to Linux, frame=22403, tsNs=937575, tsMs=1779405652596, intervalMs=40, ad=(-0.0044922307,7.3229615E-4,-0.33211613), gd=(-0.010078921,0.0070240875,0.017944088)
05-22 07:20:52.600   573   573 I SpiService: fgesysctrl_getGPIO_status success val=1
05-22 06:39:26.343   573   573 D spi_rst_gpio_get_output: GPIO 145 value: 1
05-22 06:39:26.343   573   573 D spidev_ioctl: gpio status=1)
05-22 07:20:52.602  2981  3177 I SentryImuMcuAngleSender: 179.92072rollDeg
05-22 07:20:52.603  2981  3177 I SentryImuMcuAngleSender: 1,0,0
05-22 07:20:52.605   573   573 I SpiService: fgesysctrl_getGPIO_status success val=1
05-22 06:39:26.349   573   573 D spi_rst_gpio_get_output: GPIO 145 value: 1
05-22 06:39:26.349   573   573 D spidev_ioctl: gpio status=1)
05-22 07:20:52.611   573   573 I SpiService: fgesysctrl_getGPIO_status success val=1
05-22 07:20:52.612   291  1491 D EvsDriver: forwardFrame
05-22 07:20:52.613   291  1491 D EvsDriver: Delivered 0xb400007b2f47ca30 as id 0
05-22 07:20:52.613  1137  1137 D evsmanagerd: /dev/video4 forwarded the buffer #0 to 0xb4000071fa019690 from 0xb4000071fa01b7d0
05-22 06:39:26.354   573   573 D spi_rst_gpio_get_output: GPIO 145 value: 1
05-22 06:39:26.354   573   573 D spidev_ioctl: gpio status=1)
05-22 07:20:52.614   291  1135 D EvsDriver: doneWithFrame
05-22 07:20:52.616   573   573 I SpiService: fgesysctrl_getGPIO_status success val=0
05-22 06:39:26.359   573   573 D spi_rst_gpio_get_output: GPIO 145 value: 0
05-22 06:39:26.359   573   573 D spidev_ioctl: gpio status=0)
05-22 07:20:52.623  2981  3177 I SentryImuMcuAngleSender: 179.92416rollDeg
05-22 07:20:52.623  2981  3177 I SentryImuMcuAngleSender: 1,0,0
05-22 07:20:52.625   486   580 I mcuc    : rev,n=1,6AA6820A300002090138
05-22 07:20:52.630   573   573 I SpiService: fgesysctrl_getGPIO_status success val=1
05-22 06:39:26.373   573   573 D spi_rst_gpio_get_output: GPIO 145 value: 1
05-22 06:39:26.373   573   573 D spidev_ioctl: gpio status=1)
05-22 07:20:52.635   573   573 I SpiService: fgesysctrl_getGPIO_status success val=1
05-22 07:20:52.637   544   544 D commservice260303: msg.id = 1028,0
05-22 07:20:52.637   544   544 D commservice260303: i = 170, msgid = 8A000404
05-22 06:39:26.378   573   573 D spi_rst_gpio_get_output: GPIO 145 value: 1
05-22 07:20:52.637   544   544 D commservice260303: msgid = -1979710460,did=138
05-22 07:20:52.637   544   544 D commservice260303: CommProtocolLibCmdBaseI2C::dataproc {"command":{"id":"imu_status","sub":""},"content":{"TimeStamp":1779405652637,"FrameCounter":22404,"GD_X":-0.009010015055537224,"GD_Y":0.0073299347423017025,"GD_Z":0.01779116503894329,"AD_X":-0.0026630237698554993,"AD_Y":1.2245681136846542E-4,"AD_Z":-0.33333492279052734,"TempDsp":0,"Status":0,"CalibState":1,"SigAmpInvalid":0}},-1979710460
05-22 07:20:52.637   544   544 D commservice260303: send2Cluster len:327, 7B22636F6D6D616E64223A7B226964223A22696D755F737461747573222C22737562223A22227D2C22636F6E74656E74223A7B2254696D655374616D70223A313737393430353635323633372C224672616D65436F756E746572223A32323430342C2247445F58223A2D302E3030393031303031353035353533373232342C2247445F59223A302E303037333239393334373432333031373032352C2247445F5A223A302E30313737393131363530333839343332392C2241445F58223A2D302E303032363633303233373639383535343939332C2241445F59223A312E32323435363831313336383436353432452D342C2241445F5A223A2D302E33333333333439323237393035323733342C2254656D70447370223A302C22537461747573223A302C2243616C69625374617465223A312C22536967416D70496E76616C6964223A307D7D, 138 
05-22 07:20:52.637   544   544 D commservice260303: Push Message into SendPool fn=1566113792
05-22 07:20:52.637   544   544 D commservice260303: ComProtocolLibSend2Cluster::send2ClusterRaw fn=1566113792 , len=343
05-22 07:20:52.638   544   544 D commservice260303: sendCmdToPort :343!!!
05-22 07:20:52.638   544   544 D commservice260303: send Cmd To Port ++++5AA501538A010000595D6A0F93547B22636F6D6D616E64223A7B226964223A22696D755F737461747573222C22737562223A22227D2C22636F6E74656E74223A7B2254696D655374616D70223A313737393430353635323633372C224672616D65436F756E746572223A32323430342C2247445F58223A2D302E3030393031303031353035353533373232342C2247445F59223A302E303037333239393334373432333031373032352C2247445F5A223A302E30313737393131363530333839343332392C2241445F58223A2D302E303032363633303233373639383535343939332C2241445F59223A312E32323435363831313336383436353432452D342C2241445F5A223A2D302E33333333333439323237393035323733342C2254656D70447370223A302C22537461747573223A302C2243616C69625374617465223A312C22536967416D70496E76616C6964223A307D7D073B
05-22 07:20:52.638   544   544 D commservice260303: bufferevent_write retrun value = 0
05-22 07:20:52.638   544   567 D commservice260303: client datas send succeed,send finish
05-22 07:20:52.638  2981  3178 D Sentinelmode_1.2.5.13_alpha: <SentryImuClusterFgeSender>imu_status sent to Linux, frame=22404, tsNs=937611, tsMs=1779405652637, intervalMs=40, ad=(-0.0026630238,1.2245681E-4,-0.33333492), gd=(-0.009010015,0.0073299347,0.017791165)
05-22 06:39:26.378   573   573 D spidev_ioctl: gpio status=1)
05-22 07:20:52.640   573   573 I SpiService: fgesysctrl_getGPIO_status success val=1
05-22 06:39:26.384   573   573 D spi_rst_gpio_get_output: GPIO 145 value: 1
05-22 06:39:26.384   573   573 D spidev_ioctl: gpio status=1)
05-22 07:20:52.643  2981  3177 I SentryImuMcuAngleSender: 179.92416rollDeg
05-22 07:20:52.644  2981  3177 I SentryImuMcuAngleSender: 1,0,0
05-22 07:20:52.646   573   573 I SpiService: fgesysctrl_getGPIO_status success val=1
05-22 07:20:52.648   291  1491 D EvsDriver: forwardFrame
05-22 07:20:52.648   737   737 D Telecom : Logging: START_SESSION
05-22 07:20:52.649   737   737 D Telecom : Logging: END_SESSION (dur: 0 ms): TSI.iIMC@Gf8
05-22 07:20:52.649   737   737 D Telecom : Logging: START_SESSION
05-22 07:20:52.649   291  1491 D EvsDriver: Delivered 0xb400007b2f47ca30 as id 0
05-22 07:20:52.649   964  1804 D [OMXB]  : usingANWBuffer: handle:0xebd42f80, format:1, w:1920, h:1080
05-22 07:20:52.649  1137  1137 D evsmanagerd: /dev/video4 forwarded the buffer #0 to 0xb4000071fa019690 from 0xb4000071fa01b7d0
05-22 07:20:52.650   737   737 D Telecom : Logging: END_SESSION (dur: 0 ms): TSI.iISMC(a)@GgA
05-22 07:20:52.650   737   737 D ResponseStatsTracker: notification:+15m37s429ms; event=<updated>, pkg=com.neusoft.btmusic, usr=0
05-22 06:39:26.389   573   573 D spi_rst_gpio_get_output: GPIO 145 value: 1
05-22 06:39:26.389   573   573 D spidev_ioctl: gpio status=1)
05-22 07:20:52.650   737   737 D Telecom : Logging: START_SESSION
05-22 07:20:52.650   737   737 D Telecom : Logging: END_SESSION (dur: 0 ms): TSI.gDDP@GgE
05-22 07:20:52.651   737   737 D Telecom : Logging: START_SESSION
05-22 07:20:52.651   737   737 D Telecom : Logging: END_SESSION (dur: 0 ms): TSI.gDDP@GgI
05-22 07:20:52.651   737   737 D Telecom : Logging: START_SESSION
05-22 07:20:52.651   737   737 D Telecom : Logging: END_SESSION (dur: 0 ms): TSI.gDDP@GgM
05-22 07:20:52.651   737   737 D Telecom : Logging: START_SESSION
05-22 07:20:52.651   737   737 D Telecom : Logging: END_SESSION (dur: 0 ms): TSI.gDDP@GgQ
05-22 07:20:52.651   573   573 I SpiService: fgesysctrl_getGPIO_status success val=1
05-22 07:20:52.652   737   737 D NotificationService: 0|com.neusoft.btmusic|8001|null|1000: updating permissions
05-22 07:20:52.652   737   737 D NotificationService: 0|com.neusoft.btmusic|8001|null|1000: updating permissions
05-22 07:20:52.652   737   737 D NotificationService: 0|com.neusoft.btmusic|8001|null|1000: updating permissions
05-22 07:20:52.652   291  1135 D EvsDriver: doneWithFrame
05-22 07:20:52.652   737   737 D NotificationService: 0|com.neusoft.btmusic|8001|null|1000: updating permissions
05-22 07:20:52.652   737   737 D NotificationService: 0|com.neusoft.btmusic|8001|null|1000: updating permissions
05-22 07:20:52.652   737   737 D NotificationService: 0|com.neusoft.btmusic|8001|null|1000: updating permissions
05-22 07:20:52.654   737  1616 D PowerController.AppState: - updateNotification() E -
05-22 07:20:52.654  1517  1517 D CarNotificationListener: onNotificationPosted: StatusBarNotification(pkg=com.neusoft.btmusic user=UserHandle{0} id=8001 tag=null key=0|com.neusoft.btmusic|8001|null|1000: Notification(channel=media_playback_channel shortcut=null contentView=null vibrate=null sound=null defaults=0x0 flags=0x6a color=0x00000000 category=transport groupKey=silent actions=3 vis=PUBLIC))
05-22 06:39:26.395   573   573 D spi_rst_gpio_get_output: GPIO 145 value: 1
05-22 07:20:52.654  1517  1517 D CarNotificationListener: Is incoming notification a group summary?: false
05-22 06:39:26.395   573   573 D spidev_ioctl: gpio status=1)
05-22 07:20:52.655  1517  1517 D NavBarFragment: onShow: AlertEntry:StatusBarNotification(pkg=com.neusoft.btmusic user=UserHandle{0} id=8001 tag=null key=0|com.neusoft.btmusic|8001|null|1000: Notification(channel=media_playback_channel shortcut=null contentView=null vibrate=null sound=null defaults=0x0 flags=0x6a color=0x00000000 category=transport groupKey=silent actions=3 vis=PUBLIC))
05-22 07:20:52.655  1517  1517 D NavBarFragment: bindMediaActions: action[0] title=Previous, intent=PendingIntent{82ebc03: android.os.BinderProxy@beb4470}
05-22 07:20:52.655  1517  1517 D NavBarFragment: bindMediaActions: action[1] title=Pause, intent=PendingIntent{6812780: android.os.BinderProxy@b332c26}
05-22 07:20:52.655  1517  1517 D NavBarFragment: bindMediaActions: action[2] title=Next, intent=PendingIntent{c0701b9: android.os.BinderProxy@d0c76b3}
05-22 07:20:52.655  1517  1517 D NavBarFragment: bindMediaActions: previous=0, playPause=1, next=2, key=0|com.neusoft.btmusic|8001|null|1000
05-22 07:20:52.655  1517  1517 D NavBarFragment: updateMediaInfo: title=还有你给我的痛, text=Wish u never-TF_ING张子墨/Top Barry, pkg=com.neusoft.btmusic
05-22 07:20:52.656  1812  1812 I ExtAssistant: POSTED 0|com.neusoft.btmusic|8001|null|1000
05-22 07:20:52.657   573   573 I SpiService: fgesysctrl_getGPIO_status success val=1
05-22 06:39:26.400   573   573 D spi_rst_gpio_get_output: GPIO 145 value: 1
05-22 06:39:26.400   573   573 D spidev_ioctl: gpio status=1)
05-22 07:20:52.658   824   824 D SurfaceFlinger: unisoc-graphics, commit has frameMissed:2, vysncId:435701
05-22 07:20:52.662   573   573 I SpiService: fgesysctrl_getGPIO_status success val=0
05-22 07:20:52.664  2981  3177 I SentryImuMcuAngleSender: 179.91727rollDeg
05-22 07:20:52.664  2981  3177 I SentryImuMcuAngleSender: 1,0,0
05-22 07:20:52.665   737   737 D Telecom : Logging: START_SESSION
05-22 07:20:52.665   737   737 D Telecom : Logging: END_SESSION (dur: 0 ms): TSI.iIMC@GgU
05-22 07:20:52.666   737   737 D Telecom : Logging: START_SESSION
05-22 07:20:52.666   737   737 D Telecom : Logging: END_SESSION (dur: 0 ms): TSI.iISMC(a)@GgY
05-22 07:20:52.666   737   737 D ResponseStatsTracker: notification:+15m37s445ms; event=<updated>, pkg=com.neusoft.btmusic, usr=0
05-22 07:20:52.666   737   737 D Telecom : Logging: START_SESSION
05-22 07:20:52.666   737   737 D Telecom : Logging: END_SESSION (dur: 0 ms): TSI.gDDP@Ggc
05-22 07:20:52.666   737   737 D Telecom : Logging: START_SESSION
05-22 07:20:52.666   737   737 D Telecom : Logging: END_SESSION (dur: 0 ms): TSI.gDDP@Ggg
05-22 07:20:52.666   737   737 D Telecom : Logging: START_SESSION
05-22 07:20:52.666   737   737 D Telecom : Logging: END_SESSION (dur: 0 ms): TSI.gDDP@Ggk
05-22 07:20:52.666   737   737 D Telecom : Logging: START_SESSION
05-22 07:20:52.667   737   737 D Telecom : Logging: END_SESSION (dur: 0 ms): TSI.gDDP@Ggo
05-22 07:20:52.667   737   737 D NotificationService: 0|com.neusoft.btmusic|8001|null|1000: updating permissions
05-22 07:20:52.667   737   737 D NotificationService: 0|com.neusoft.btmusic|8001|null|1000: updating permissions
05-22 07:20:52.667   737   737 D NotificationService: 0|com.neusoft.btmusic|8001|null|1000: updating permissions
05-22 07:20:52.667   737   737 D NotificationService: 0|com.neusoft.btmusic|8001|null|1000: updating permissions
05-22 07:20:52.667   737   737 D NotificationService: 0|com.neusoft.btmusic|8001|null|1000: updating permissions
05-22 07:20:52.667   737   737 D NotificationService: 0|com.neusoft.btmusic|8001|null|1000: updating permissions
05-22 07:20:52.668   737  1616 D PowerController.AppState: - updateNotification() E -
05-22 07:20:52.669  1517  1517 D CarNotificationListener: onNotificationPosted: StatusBarNotification(pkg=com.neusoft.btmusic user=UserHandle{0} id=8001 tag=null key=0|com.neusoft.btmusic|8001|null|1000: Notification(channel=media_playback_channel shortcut=null contentView=null vibrate=null sound=null defaults=0x0 flags=0x6a color=0x00000000 category=transport groupKey=silent actions=3 vis=PUBLIC))
05-22 07:20:52.669  1517  1517 D CarNotificationListener: Is incoming notification a group summary?: false
05-22 07:20:52.669  1812  1812 I ExtAssistant: POSTED 0|com.neusoft.btmusic|8001|null|1000
05-22 07:20:52.669  1517  1517 D NavBarFragment: onShow: AlertEntry:StatusBarNotification(pkg=com.neusoft.btmusic user=UserHandle{0} id=8001 tag=null key=0|com.neusoft.btmusic|8001|null|1000: Notification(channel=media_playback_channel shortcut=null contentView=null vibrate=null sound=null defaults=0x0 flags=0x6a color=0x00000000 category=transport groupKey=silent actions=3 vis=PUBLIC))
05-22 07:20:52.669  1517  1517 D NavBarFragment: bindMediaActions: action[0] title=Previous, intent=PendingIntent{f9849fe: android.os.BinderProxy@beb4470}
05-22 07:20:52.669  1517  1517 D NavBarFragment: bindMediaActions: action[1] title=Pause, intent=PendingIntent{2d7155f: android.os.BinderProxy@b332c26}
05-22 07:20:52.669  1517  1517 D NavBarFragment: bindMediaActions: action[2] title=Next, intent=PendingIntent{4913bac: android.os.BinderProxy@d0c76b3}
05-22 07:20:52.669  1517  1517 D NavBarFragment: bindMediaActions: previous=0, playPause=1, next=2, key=0|com.neusoft.btmusic|8001|null|1000
05-22 07:20:52.669  1517  1517 D NavBarFragment: updateMediaInfo: title=还有你给我的痛, text=Wish u never-TF_ING张子墨/Top Barry, pkg=com.neusoft.btmusic
05-22 06:39:26.406   573   573 D spi_rst_gpio_get_output: GPIO 145 value: 0
05-22 06:39:26.406   573   573 D spidev_ioctl: gpio status=0)
05-22 07:20:52.676   573   573 I SpiService: fgesysctrl_getGPIO_status success val=1
05-22 07:20:52.677   824   824 D SurfaceFlinger: unisoc-graphics, commit has frameMissed:2, vysncId:435716
05-22 06:39:26.420   573   573 D spi_rst_gpio_get_output: GPIO 145 value: 1
05-22 06:39:26.420   573   573 D spidev_ioctl: gpio status=1)
05-22 07:20:52.679   544   544 D commservice260303: msg.id = 1028,0
05-22 07:20:52.679   544   544 D commservice260303: i = 170, msgid = 8A000404
05-22 07:20:52.679   544   544 D commservice260303: msgid = -1979710460,did=138
05-22 07:20:52.679   544   544 D commservice260303: CommProtocolLibCmdBaseI2C::dataproc {"command":{"id":"imu_status","sub":""},"content":{"TimeStamp":1779405652678,"FrameCounter":22405,"GD_X":-0.009161898866295815,"GD_Y":0.007405876647680998,"GD_Z":0.01763824187219143,"AD_X":-0.0014447420835494995,"AD_Y":0.0013406677171587944,"AD_Z":-0.32967567443847656,"TempDsp":0,"Status":0,"CalibState":1,"SigAmpInvalid":0}},-1979710460
05-22 07:20:52.679   544   544 D commservice260303: send2Cluster len:326, 7B22636F6D6D616E64223A7B226964223A22696D755F737461747573222C22737562223A22227D2C22636F6E74656E74223A7B2254696D655374616D70223A313737393430353635323637382C224672616D65436F756E746572223A32323430352C2247445F58223A2D302E3030393136313839383836363239353831352C2247445F59223A302E3030373430353837363634373638303939382C2247445F5A223A302E30313736333832343138373231393134332C2241445F58223A2D302E303031343434373432303833353439343939352C2241445F59223A302E303031333430363637373137313538373934342C2241445F5A223A2D302E33323936373536373434333834373635362C2254656D70447370223A302C22537461747573223A302C2243616C69625374617465223A312C22536967416D70496E76616C6964223A307D7D, 138 
05-22 07:20:52.679   544   544 D commservice260303: Push Message into SendPool fn=1582891008
05-22 07:20:52.679   544   544 D commservice260303: ComProtocolLibSend2Cluster::send2ClusterRaw fn=1582891008 , len=342
05-22 07:20:52.679   544   544 D commservice260303: sendCmdToPort :342!!!
05-22 07:20:52.679   544   544 D commservice260303: send Cmd To Port ++++5AA501528A010000595E6A0F93547B22636F6D6D616E64223A7B226964223A22696D755F737461747573222C22737562223A22227D2C22636F6E74656E74223A7B2254696D655374616D70223A313737393430353635323637382C224672616D65436F756E746572223A32323430352C2247445F58223A2D302E3030393136313839383836363239353831352C2247445F59223A302E3030373430353837363634373638303939382C2247445F5A223A302E30313736333832343138373231393134332C2241445F58223A2D302E303031343434373432303833353439343939352C2241445F59223A302E303031333430363637373137313538373934342C2241445F5A223A2D302E33323936373536373434333834373635362C2254656D70447370223A302C22537461747573223A302C2243616C69625374617465223A312C22536967416D70496E76616C6964223A307D7D8B49
05-22 07:20:52.679   544   544 D commservice260303: bufferevent_write retrun value = 0
05-22 07:20:52.679   544   567 D commservice260303: client datas send succeed,send finish
05-22 07:20:52.679  2981  3178 D Sentinelmode_1.2.5.13_alpha: <SentryImuClusterFgeSender>imu_status sent to Linux, frame=22405, tsNs=937647, tsMs=1779405652678, intervalMs=41, ad=(-0.0014447421,0.0013406677,-0.32967567), gd=(-0.009161899,0.0074058766,0.017638242)
05-22 07:20:52.682   573   573 I SpiService: fgesysctrl_getGPIO_status success val=1
05-22 07:20:52.684   291  1491 D EvsDriver: forwardFrame
05-22 06:39:26.425   573   573 D spi_rst_gpio_get_output: GPIO 145 value: 1
05-22 06:39:26.425   573   573 D spidev_ioctl: gpio status=1)
05-22 07:20:52.685   291  1491 D EvsDriver: Delivered 0xb400007b2f47ca30 as id 0
05-22 07:20:52.685  2981  3177 I SentryImuMcuAngleSender: 179.91725rollDeg
05-22 07:20:52.686  1137  1137 D evsmanagerd: /dev/video4 forwarded the buffer #0 to 0xb4000071fa019690 from 0xb4000071fa01b7d0
05-22 07:20:52.686  2981  3177 I SentryImuMcuAngleSender: 1,0,0
05-22 07:20:52.688   573   573 I SpiService: fgesysctrl_getGPIO_status success val=1
05-22 07:20:52.688   291  1135 D EvsDriver: doneWithFrame
05-22 07:20:52.689   544   567 D commservice260303: recv len:75, 5AA5004706000000056D6A0F93547B22636F6D6D616E64223A7B226964223A226473695F6C7578222C22737562223A22227D2C22636F6E74656E74223A7B2276616C7565223A307D7DD151 from server
05-22 07:20:52.689   544  3079 D commservice260303: mcuDataAnalyzeHandle templen:75,len:75,pos:0, 5AA5004706000000056D6A0F93547B22636F6D6D616E64223A7B226964223A226473695F6C7578222C22737562223A22227D2C22636F6E74656E74223A7B2276616C7565223A307D7DD151 
05-22 07:20:52.690   544  3079 I commservice260303: checksumCal = 53585
05-22 07:20:52.690   544  3079 D commservice260303: CommProtocolLibCmdBaseC2I::dataproc {"command":{"id":"dsi_lux","sub":""},"content":{"value":0}},6
05-22 06:39:26.431   573   573 D spi_rst_gpio_get_output: GPIO 145 value: 1
05-22 06:39:26.431   573   573 D spidev_ioctl: gpio status=1)
05-22 07:20:52.687   544   544 I auditd  : type=1400 audit(0.0:4852): avc: denied { call } for comm="android.hardwar" scontext=u:r:hal_fgecomservice_default:s0 tcontext=u:r:platform_app:s0:c512,c768 tclass=binder permissive=1
05-22 07:20:52.687   544   544 I android.hardwar: type=1400 audit(0.0:4852): avc: denied { call } for scontext=u:r:hal_fgecomservice_default:s0 tcontext=u:r:platform_app:s0:c512,c768 tclass=binder permissive=1
05-22 07:20:52.693   276   300 I rvcservice: t.code = 0, t.value = 12200
05-22 06:39:26.437   573   573 D spi_rst_gpio_get_output: GPIO 145 value: 1
05-22 06:39:26.437   573   573 D spidev_ioctl: gpio status=1)
05-22 06:39:26.437     1     1 I init    : starting service 'trace_kernel'...
05-22 06:39:26.441 16785 16785 W audit   : audit_lost=2533 audit_rate_limit=5 audit_backlog_limit=64
05-22 06:39:26.441 16785 16785 E audit   : rate limit exceeded
05-22 07:20:52.698   978  1040 I ThermalCvtGovernor: soc(default) curTemp: 87958 tripTemp: 95000 setPollingDelay: 4000
05-22 07:20:52.699   573   573 I SpiService: fgesysctrl_getGPIO_status success val=1
05-22 06:39:26.442   573   573 D spi_rst_gpio_get_output: GPIO 145 value: 1
05-22 06:39:26.442   573   573 D spidev_ioctl: gpio status=1)
05-22 07:20:52.704   544   722 I commservice260303: [mcuCommFunctionTcp::ProtocolCheckConnectTimeOutProc:613] keyID:256,tcpEvent:5,tcpcount:0,heartbeat:1,noHeartBeatNumber:0,endispatch:0,strState:0
05-22 07:20:52.704   544   722 D commservice260303: ProtocolCheckConnectTimeOutProc,629,clear heartbeat
05-22 07:20:52.704   573   573 I SpiService: fgesysctrl_getGPIO_status success val=1
05-22 06:39:26.448   573   573 D spi_rst_gpio_get_output: GPIO 145 value: 1
05-22 06:39:26.448   573   573 D spidev_ioctl: gpio status=1)
05-22 07:20:52.706  2981  3177 I SentryImuMcuAngleSender: 179.93103rollDeg
05-22 07:20:52.707  2981  3177 I SentryImuMcuAngleSender: 1,0,0
05-22 07:20:52.710   573   573 I SpiService: fgesysctrl_getGPIO_status success val=0
05-22 06:39:26.453   573   573 D spi_rst_gpio_get_output: GPIO 145 value: 0
05-22 06:39:26.453   573   573 D spidev_ioctl: gpio status=0)
05-22 07:20:52.714   291  1491 D EvsDriver: forwardFrame
05-22 07:20:52.716   291  1491 D EvsDriver: Delivered 0xb400007b2f47ca30 as id 0
05-22 07:20:52.716  1137  1137 D evsmanagerd: /dev/video4 forwarded the buffer #0 to 0xb4000071fa019690 from 0xb4000071fa01b7d0
05-22 07:20:52.717   291  1135 D EvsDriver: doneWithFrame
05-22 07:20:52.719   544   544 D commservice260303: msg.id = 1028,1
05-22 07:20:52.719   544   544 D commservice260303: i = 170, msgid = 8A000404
05-22 07:20:52.719   544   544 D commservice260303: msgid = -1979710460,did=138
05-22 07:20:52.719   544   544 D commservice260303: CommProtocolLibCmdBaseI2C::dataproc {"command":{"id":"imu_status","sub":""},"content":{"TimeStamp":1779405652718,"FrameCounter":22406,"GD_X":-0.009161898866295815,"GD_Y":0.007712244056165218,"GD_Z":0.017485838383436203,"AD_X":-0.0020579248666763306,"AD_Y":-0.0010968055576086044,"AD_Z":-0.32906532287597656,"TempDsp":0,"Status":0,"CalibState":1,"SigAmpInvalid":0}},-1979710460
05-22 07:20:52.720   544   544 D commservice260303: send2Cluster len:328, 7B22636F6D6D616E64223A7B226964223A22696D755F737461747573222C22737562223A22227D2C22636F6E74656E74223A7B2254696D655374616D70223A313737393430353635323731382C224672616D65436F756E746572223A32323430362C2247445F58223A2D302E3030393136313839383836363239353831352C2247445F59223A302E3030373731323234343035363136353231382C2247445F5A223A302E3031373438353833383338333433363230332C2241445F58223A2D302E303032303537393234383636363736333330362C2241445F59223A2D302E303031303936383035353537363038363034342C2241445F5A223A2D302E33323930363533323238373539373635362C2254656D70447370223A302C22537461747573223A302C2243616C69625374617465223A312C22536967416D70496E76616C6964223A307D7D, 138 
05-22 07:20:52.720   544   544 D commservice260303: Push Message into SendPool fn=1599668224
05-22 07:20:52.720   544   544 D commservice260303: ComProtocolLibSend2Cluster::send2ClusterRaw fn=1599668224 , len=344
05-22 07:20:52.720   544   544 D commservice260303: sendCmdToPort :344!!!
05-22 07:20:52.720   544   544 D commservice260303: send Cmd To Port ++++5AA501548A010000595F6A0F93547B22636F6D6D616E64223A7B226964223A22696D755F737461747573222C22737562223A22227D2C22636F6E74656E74223A7B2254696D655374616D70223A313737393430353635323731382C224672616D65436F756E746572223A32323430362C2247445F58223A2D302E3030393136313839383836363239353831352C2247445F59223A302E3030373731323234343035363136353231382C2247445F5A223A302E3031373438353833383338333433363230332C2241445F58223A2D302E303032303537393234383636363736333330362C2241445F59223A2D302E303031303936383035353537363038363034342C2241445F5A223A2D302E33323930363533323238373539373635362C2254656D70447370223A302C22537461747573223A302C2243616C69625374617465223A312C22536967416D70496E76616C6964223A307D7D6A35
05-22 07:20:52.720   544   544 D commservice260303: bufferevent_write retrun value = 0
05-22 07:20:52.720   544   567 D commservice260303: client datas send succeed,send finish
05-22 07:20:52.721  2981  3178 D Sentinelmode_1.2.5.13_alpha: <SentryImuClusterFgeSender>imu_status sent to Linux, frame=22406, tsNs=937683, tsMs=1779405652718, intervalMs=42, ad=(-0.0020579249,-0.0010968056,-0.32906532), gd=(-0.009161899,0.007712244,0.017485838)
05-22 07:20:52.722 16786 16786 I ADAYO_LOG_TRACE_KERNEL: execute start
05-22 07:20:52.724   573   573 I SpiService: fgesysctrl_getGPIO_status success val=1
05-22 06:39:26.467   573   573 D spi_rst_gpio_get_output: GPIO 145 value: 1
05-22 06:39:26.467   573   573 D spidev_ioctl: gpio status=1)
05-22 07:20:52.727  2981  3177 I SentryImuMcuAngleSender: 179.93103rollDeg
05-22 07:20:52.727  2981  3177 I SentryImuMcuAngleSender: 1,0,0
05-22 07:20:52.729   573   573 I SpiService: fgesysctrl_getGPIO_status success val=1
05-22 06:39:26.473   573   573 D spi_rst_gpio_get_output: GPIO 145 value: 1
05-22 06:39:26.473   573   573 D spidev_ioctl: gpio status=1)
05-22 07:20:52.735   573   573 I SpiService: fgesysctrl_getGPIO_status success val=1
05-22 06:39:26.478   573   573 D spi_rst_gpio_get_output: GPIO 145 value: 1
05-22 06:39:26.478   573   573 D spidev_ioctl: gpio status=1)
05-22 07:20:52.740   573   573 I SpiService: fgesysctrl_getGPIO_status success val=1
05-22 06:39:26.484   573   573 D spi_rst_gpio_get_output: GPIO 145 value: 1
05-22 06:39:26.484   573   573 D spidev_ioctl: gpio status=1)
05-22 07:20:52.744   964  1804 D [OMXB]  : usingANWBuffer: handle:0xebd44b00, format:1, w:1920, h:1080
05-22 07:20:52.746   573   573 I SpiService: fgesysctrl_getGPIO_status success val=1
05-22 07:20:52.746 16788 16788 I ADAYO_LOG_TRACE_KERNEL: executing
05-22 07:20:52.747  2981  3177 I SentryImuMcuAngleSender: 179.91725rollDeg
05-22 07:20:52.748  2981  3177 I SentryImuMcuAngleSender: 1,0,0
05-22 07:20:52.749   291  1491 D EvsDriver: forwardFrame
05-22 06:39:26.489   573   573 D spi_rst_gpio_get_output: GPIO 145 value: 1
05-22 06:39:26.489   573   573 D spidev_ioctl: gpio status=1)
05-22 07:20:52.750   291  1491 D EvsDriver: Delivered 0xb400007b2f47ca30 as id 0
05-22 07:20:52.751  1137  1137 D evsmanagerd: /dev/video4 forwarded the buffer #0 to 0xb4000071fa019690 from 0xb4000071fa01b7d0
05-22 07:20:52.751   573   573 I SpiService: fgesysctrl_getGPIO_status success val=0
05-22 07:20:52.753   291  1135 D EvsDriver: doneWithFrame
05-22 06:39:26.495   573   573 D spi_rst_gpio_get_output: GPIO 145 value: 0
05-22 06:39:26.495   573   573 D spidev_ioctl: gpio status=0)
05-22 07:20:52.755   565   565 I Sensors : 230 AccelSensor: x:-0.106140,y:0.014639,z:-10.135150
05-22 07:20:52.760   544   544 D commservice260303: msg.id = 1028,0
05-22 07:20:52.760   544   544 D commservice260303: i = 170, msgid = 8A000404
05-22 07:20:52.761   544   544 D commservice260303: msgid = -1979710460,did=138
05-22 07:20:52.761   544   544 D commservice260303: CommProtocolLibCmdBaseI2C::dataproc {"command":{"id":"imu_status","sub":""},"content":{"TimeStamp":1779405652760,"FrameCounter":22407,"GD_X":-0.0097730727866292,"GD_Y":0.0073299347423017025,"GD_Z":0.01756177842617035,"AD_X":-0.001448512077331543,"AD_Y":0.0013416595757007599,"AD_Z":-0.32906532287597656,"TempDsp":0,"Status":0,"CalibState":1,"SigAmpInvalid":0}},-1979710460
05-22 07:20:52.761   544   544 D commservice260303: send2Cluster len:324, 7B22636F6D6D616E64223A7B226964223A22696D755F737461747573222C22737562223A22227D2C22636F6E74656E74223A7B2254696D655374616D70223A313737393430353635323736302C224672616D65436F756E746572223A32323430372C2247445F58223A2D302E303039373733303732373836363239322C2247445F59223A302E303037333239393334373432333031373032352C2247445F5A223A302E30313735363137373834323631373033352C2241445F58223A2D302E3030313434383531323037373333313534332C2241445F59223A302E303031333431363539353735373030373539392C2241445F5A223A2D302E33323930363533323238373539373635362C2254656D70447370223A302C22537461747573223A302C2243616C69625374617465223A312C22536967416D70496E76616C6964223A307D7D, 138 
05-22 07:20:52.761   544   544 D commservice260303: Push Message into SendPool fn=1616445440
05-22 07:20:52.761   544   544 D commservice260303: ComProtocolLibSend2Cluster::send2ClusterRaw fn=1616445440 , len=340
05-22 07:20:52.761   544   544 D commservice260303: sendCmdToPort :340!!!
05-22 07:20:52.761   544   544 D commservice260303: send Cmd To Port ++++5AA501508A01000059606A0F93547B22636F6D6D616E64223A7B226964223A22696D755F737461747573222C22737562223A22227D2C22636F6E74656E74223A7B2254696D655374616D70223A313737393430353635323736302C224672616D65436F756E746572223A32323430372C2247445F58223A2D302E303039373733303732373836363239322C2247445F59223A302E303037333239393334373432333031373032352C2247445F5A223A302E30313735363137373834323631373033352C2241445F58223A2D302E3030313434383531323037373333313534332C2241445F59223A302E303031333431363539353735373030373539392C2241445F5A223A2D302E33323930363533323238373539373635362C2254656D70447370223A302C22537461747573223A302C2243616C69625374617465223A312C22536967416D70496E76616C6964223A307D7DA4F8
05-22 07:20:52.762   544   544 D commservice260303: bufferevent_write retrun value = 0
05-22 07:20:52.762   544   567 D commservice260303: client datas send succeed,send finish
05-22 07:20:52.763  2981  3178 D Sentinelmode_1.2.5.13_alpha: <SentryImuClusterFgeSender>imu_status sent to Linux, frame=22407, tsNs=937737, tsMs=1779405652760, intervalMs=42, ad=(-0.0014485121,0.0013416596,-0.32906532), gd=(-0.009773073,0.0073299347,0.017561778)
05-22 07:20:52.766   573   573 I SpiService: fgesysctrl_getGPIO_status success val=1
05-22 07:20:52.769  2981  3177 I SentryImuMcuAngleSender: 179.91725rollDeg
05-22 07:20:52.769  2981  3177 I SentryImuMcuAngleSender: 1,0,0
05-22 06:39:26.509   573   573 D spi_rst_gpio_get_output: GPIO 145 value: 1
05-22 06:39:26.509   573   573 D spidev_ioctl: gpio status=1)
05-22 07:20:52.771   573   573 I SpiService: fgesysctrl_getGPIO_status success val=1
05-22 07:20:52.772  1026  1026 D MyAppLog: [2026-05-22 07:20:52.771 D tboxap tsp_WorkMachineProc:1086] [Tsp] [tsp_WorkMachineProc]TSP_WORK_LOGIN NOW !!!!
05-22 06:39:26.514   573   573 D spi_rst_gpio_get_output: GPIO 145 value: 1
05-22 06:39:26.514   573   573 D spidev_ioctl: gpio status=1)
05-22 07:20:52.776   291  1491 D EvsDriver: forwardFrame
05-22 07:20:52.776 16790 16790 I ADAYO_LOG_TRACE_KERNEL: collect_root_path:/mnt/log_data
05-22 07:20:52.777   573   573 I SpiService: fgesysctrl_getGPIO_status success val=1
05-22 07:20:52.777   291  1491 D EvsDriver: Delivered 0xb400007b2f47ca30 as id 0
05-22 07:20:52.777  1137  1137 D evsmanagerd: /dev/video4 forwarded the buffer #0 to 0xb4000071fa019690 from 0xb4000071fa01b7d0
05-22 06:39:26.520   573   573 D spi_rst_gpio_get_output: GPIO 145 value: 1
05-22 06:39:26.520   573   573 D spidev_ioctl: gpio status=1)
05-22 07:20:52.780   291  1135 D EvsDriver: doneWithFrame
05-22 07:20:52.782   573   573 I SpiService: fgesysctrl_getGPIO_status success val=1
05-22 06:39:26.525   573   573 D spi_rst_gpio_get_output: GPIO 145 value: 1
05-22 06:39:26.525   573   573 D spidev_ioctl: gpio status=1)
05-22 07:20:52.788   573   573 I SpiService: fgesysctrl_getGPIO_status success val=0
05-22 06:39:26.531   573   573 D spi_rst_gpio_get_output: GPIO 145 value: 0
05-22 06:39:26.531   573   573 D spidev_ioctl: gpio status=0)
05-22 07:20:52.790  2981  3177 I SentryImuMcuAngleSender: 179.93103rollDeg
05-22 07:20:52.791  2981  3177 I SentryImuMcuAngleSender: 1,0,0
05-22 07:20:52.792   565   599 I Sensors : 230 GyroSensor: x:-0.008781,y:0.007712,z:0.018020
05-22 07:20:52.794   276   300 I rvcservice: t.code = 3, t.value = 0
05-22 07:20:52.791 16791 16791 I auditd  : type=1400 audit(0.0:4860): avc: denied { getattr } for comm="mkdir" path="/mnt/log_data" dev="vda93" ino=2 scontext=u:r:toolbox:s0 tcontext=u:object_r:log_data_file:s0 tclass=dir permissive=1
05-22 07:20:52.791 16791 16791 I mkdir   : type=1400 audit(0.0:4860): avc: denied { getattr } for path="/mnt/log_data" dev="vda93" ino=2 scontext=u:r:toolbox:s0 tcontext=u:object_r:log_data_file:s0 tclass=dir permissive=1
05-22 07:20:52.799   544   544 D commservice260303: msg.id = 1028,1
05-22 07:20:52.800   544   544 D commservice260303: i = 170, msgid = 8A000404
05-22 07:20:52.800   544   544 D commservice260303: msgid = -1979710460,did=138
05-22 07:20:52.800   544   544 D commservice260303: CommProtocolLibCmdBaseI2C::dataproc {"command":{"id":"imu_status","sub":""},"content":{"TimeStamp":1779405652799,"FrameCounter":22408,"GD_X":-0.008781149983406067,"GD_Y":0.007712244056165218,"GD_Z":0.018020030111074448,"AD_X":-0.0038890019059181213,"AD_Y":-4.8636551946401596E-4,"AD_Z":-0.33272457122802734,"TempDsp":0,"Status":0,"CalibState":1,"SigAmpInvalid":0}},-1979710460
05-22 07:20:52.800   544   544 D commservice260303: send2Cluster len:328, 7B22636F6D6D616E64223A7B226964223A22696D755F737461747573222C22737562223A22227D2C22636F6E74656E74223A7B2254696D655374616D70223A313737393430353635323739392C224672616D65436F756E746572223A32323430382C2247445F58223A2D302E3030383738313134393938333430363036372C2247445F59223A302E3030373731323234343035363136353231382C2247445F5A223A302E3031383032303033303131313037343434382C2241445F58223A2D302E303033383839303031393035393138313231332C2241445F59223A2D342E38363336353531393436343031353936452D342C2241445F5A223A2D302E33333237323435373132323830323733342C2254656D70447370223A302C22537461747573223A302C2243616C69625374617465223A312C22536967416D70496E76616C6964223A307D7D, 138 
05-22 07:20:52.800   544   544 D commservice260303: Push Message into SendPool fn=1633222656
05-22 07:20:52.800   544   544 D commservice260303: ComProtocolLibSend2Cluster::send2ClusterRaw fn=1633222656 , len=344
05-22 07:20:52.800   544   544 D commservice260303: sendCmdToPort :344!!!
05-22 07:20:52.800   544   544 D commservice260303: send Cmd To Port ++++5AA501548A01000059616A0F93547B22636F6D6D616E64223A7B226964223A22696D755F737461747573222C22737562223A22227D2C22636F6E74656E74223A7B2254696D655374616D70223A313737393430353635323739392C224672616D65436F756E746572223A32323430382C2247445F58223A2D302E3030383738313134393938333430363036372C2247445F59223A302E3030373731323234343035363136353231382C2247445F5A223A302E3031383032303033303131313037343434382C2241445F58223A2D302E303033383839303031393035393138313231332C2241445F59223A2D342E38363336353531393436343031353936452D342C2241445F5A223A2D302E33333237323435373132323830323733342C2254656D70447370223A302C22537461747573223A302C2243616C69625374617465223A312C22536967416D70496E76616C6964223A307D7DBFF0
05-22 07:20:52.800   544   544 D commservice260303: bufferevent_write retrun value = 0
05-22 07:20:52.800   544   567 D commservice260303: client datas send succeed,send finish
05-22 07:20:52.801  2981  3178 D Sentinelmode_1.2.5.13_alpha: <SentryImuClusterFgeSender>imu_status sent to Linux, frame=22408, tsNs=937774, tsMs=1779405652799, intervalMs=38, ad=(-0.003889002,-4.8636552E-4,-0.33272457), gd=(-0.00878115,0.007712244,0.01802003)
05-22 06:39:26.545   573   573 D spi_rst_gpio_get_output: GPIO 145 value: 1
05-22 06:39:26.545   573   573 D spidev_ioctl: gpio status=1)
05-22 07:20:52.801   573   573 I SpiService: fgesysctrl_getGPIO_status success val=1
05-22 07:20:52.804   964  1804 D [OMXB]  : usingANWBuffer: handle:0xebd43710, format:1, w:1920, h:1080
05-22 07:20:52.807   573   573 I SpiService: fgesysctrl_getGPIO_status success val=1
05-22 06:39:26.550   573   573 D spi_rst_gpio_get_output: GPIO 145 value: 1
05-22 06:39:26.550   573   573 D spidev_ioctl: gpio status=1)
05-22 07:20:52.810  1026  1026 D MyAppLog: [2026-05-22 07:20:52.810 D tboxap gpsMcuDataAnalyze:471] [Gps] [gpsMcuDataAnalyze]:$GNRMC,232052.000,V,,,,,,,210526,120.0,E,N,V*47
05-22 07:20:52.810  1026  1026 D MyAppLog: 
05-22 07:20:52.810  1026  1026 D MyAppLog: [2026-05-22 07:20:52.810 D tboxap gpsMcuDataAnalyze:556] [Gps] stGps.stat:0, latitude:0 , longtitude:0,sped:0,direction:0
05-22 07:20:52.811   824   824 D SurfaceFlinger: unisoc-graphics, commit has frameMissed:2, vysncId:435742
05-22 07:20:52.811  2981  3177 I SentryImuMcuAngleSender: 179.92415rollDeg
05-22 07:20:52.812  2981  3177 I SentryImuMcuAngleSender: 1,0,0
05-22 07:20:52.812   573   573 I SpiService: fgesysctrl_getGPIO_status success val=1
05-22 06:39:26.556   573   573 D spi_rst_gpio_get_output: GPIO 145 value: 1
05-22 06:39:26.556   573   573 D spidev_ioctl: gpio status=1)
05-22 07:20:52.816   291  1491 D EvsDriver: forwardFrame
05-22 07:20:52.817   291  1491 D EvsDriver: Delivered 0xb400007b2f47ca30 as id 0
05-22 07:20:52.817  1137  1137 D evsmanagerd: /dev/video4 forwarded the buffer #0 to 0xb4000071fa019690 from 0xb4000071fa01b7d0
05-22 07:20:52.818   573   573 I SpiService: fgesysctrl_getGPIO_status success val=1
05-22 07:20:52.818   291  1135 D EvsDriver: doneWithFrame
05-22 06:39:26.561   573   573 D spi_rst_gpio_get_output: GPIO 145 value: 1
05-22 06:39:26.561   573   573 D spidev_ioctl: gpio status=1)
05-22 07:20:52.823   573   573 I SpiService: fgesysctrl_getGPIO_status success val=1
05-22 06:39:26.566   573   573 D spi_rst_gpio_get_output: GPIO 145 value: 1
05-22 07:20:52.826   558  1141 I gps_hdbd: [gps_upgrade_thread 3506]Enter
05-22 06:39:26.567   573   573 D spidev_ioctl: gpio status=1)
05-22 07:20:52.826   558  1141 I gps_hdbd: [gps_upgrade_thread 3535] sys.gps.update:0 ,file:not ,upgrate_ing:0
05-22 07:20:52.828   824   824 D SurfaceFlinger: unisoc-graphics, commit has frameMissed:2, vysncId:435750
05-22 07:20:52.828   573   573 I SpiService: fgesysctrl_getGPIO_status success val=0
05-22 06:39:26.572   573   573 D spi_rst_gpio_get_output: GPIO 145 value: 0
05-22 06:39:26.572   573   573 D spidev_ioctl: gpio status=0)
05-22 07:20:52.832  2981  3177 I SentryImuMcuAngleSender: 179.92757rollDeg
05-22 07:20:52.832  2981  3177 I SentryImuMcuAngleSender: 1,0,0
05-22 07:20:52.831 16794 16794 I auditd  : type=1400 audit(0.0:4861): avc: denied { search } for comm="chown" name="/" dev="vda93" ino=2 scontext=u:r:toolbox:s0 tcontext=u:object_r:log_data_file:s0 tclass=dir permissive=1
05-22 07:20:52.831 16794 16794 I chown   : type=1400 audit(0.0:4861): avc: denied { search } for name="/" dev="vda93" ino=2 scontext=u:r:toolbox:s0 tcontext=u:object_r:log_data_file:s0 tclass=dir permissive=1
05-22 07:20:52.831 16794 16794 I auditd  : type=1400 audit(0.0:4862): avc: denied { read } for comm="chown" name="AndroidLog" dev="vda93" ino=65537 scontext=u:r:toolbox:s0 tcontext=u:object_r:log_data_file:s0 tclass=dir permissive=1
05-22 07:20:52.831 16794 16794 I chown   : type=1400 audit(0.0:4862): avc: denied { read } for name="AndroidLog" dev="vda93" ino=65537 scontext=u:r:toolbox:s0 tcontext=u:object_r:log_data_file:s0 tclass=dir permissive=1
05-22 07:20:52.831 16794 16794 I auditd  : type=1400 audit(0.0:4863): avc: denied { open } for comm="chown" path="/mnt/log_data/AndroidLog" dev="vda93" ino=65537 scontext=u:r:toolbox:s0 tcontext=u:object_r:log_data_file:s0 tclass=dir permissive=1
05-22 07:20:52.831 16794 16794 I chown   : type=1400 audit(0.0:4863): avc: denied { open } for path="/mnt/log_data/AndroidLog" dev="vda93" ino=65537 scontext=u:r:toolbox:s0 tcontext=u:object_r:log_data_file:s0 tclass=dir permissive=1
05-22 07:20:52.831 16794 16794 I auditd  : type=1400 audit(0.0:4864): avc: denied { getattr } for comm="chown" path="/mnt/log_data/AndroidLog/logcat/logcat_2026_05_22_07_20_48_919-2.txt" dev="vda93" ino=65546 scontext=u:r:toolbox:s0 tcontext=u:object_r:log_data_file:s0 tclass=file permissive=1
05-22 07:20:52.831 16794 16794 I chown   : type=1400 audit(0.0:4864): avc: denied { getattr } for path="/mnt/log_data/AndroidLog/logcat/logcat_2026_05_22_07_20_48_919-2.txt" dev="vda93" ino=65546 scontext=u:r:toolbox:s0 tcontext=u:object_r:log_data_file:s0 tclass=file permissive=1
05-22 07:20:52.839   544   544 D commservice260303: msg.id = 1028,0
05-22 07:20:52.839   544   544 D commservice260303: i = 170, msgid = 8A000404
05-22 07:20:52.839   544   544 D commservice260303: msgid = -1979710460,did=138
05-22 07:20:52.839   544   544 D commservice260303: CommProtocolLibCmdBaseI2C::dataproc {"command":{"id":"imu_status","sub":""},"content":{"TimeStamp":1779405652839,"FrameCounter":22409,"GD_X":-0.0085517643019557,"GD_Y":0.007024087477475405,"GD_Z":0.01763824187219143,"AD_X":-0.0032798349857330322,"AD_Y":-4.855925217270851E-4,"AD_Z":-0.32662487030029297,"TempDsp":0,"Status":0,"CalibState":1,"SigAmpInvalid":0}},-1979710460
05-22 07:20:52.839   544   544 D commservice260303: send2Cluster len:324, 7B22636F6D6D616E64223A7B226964223A22696D755F737461747573222C22737562223A22227D2C22636F6E74656E74223A7B2254696D655374616D70223A313737393430353635323833392C224672616D65436F756E746572223A32323430392C2247445F58223A2D302E303038353531373634333031393535372C2247445F59223A302E3030373032343038373437373437353430352C2247445F5A223A302E30313736333832343138373231393134332C2241445F58223A2D302E303033323739383334393835373333303332322C2241445F59223A2D342E383535393235323137323730383531452D342C2241445F5A223A2D302E33323636323438373033303032393239372C2254656D70447370223A302C22537461747573223A302C2243616C69625374617465223A312C22536967416D70496E76616C6964223A307D7D, 138 
05-22 07:20:52.839   544   544 D commservice260303: Push Message into SendPool fn=1649999872
05-22 07:20:52.839   544   544 D commservice260303: ComProtocolLibSend2Cluster::send2ClusterRaw fn=1649999872 , len=340
05-22 07:20:52.839   544   544 D commservice260303: sendCmdToPort :340!!!
05-22 07:20:52.839   544   544 D commservice260303: send Cmd To Port ++++5AA501508A01000059626A0F93547B22636F6D6D616E64223A7B226964223A22696D755F737461747573222C22737562223A22227D2C22636F6E74656E74223A7B2254696D655374616D70223A313737393430353635323833392C224672616D65436F756E746572223A32323430392C2247445F58223A2D302E303038353531373634333031393535372C2247445F59223A302E3030373032343038373437373437353430352C2247445F5A223A302E30313736333832343138373231393134332C2241445F58223A2D302E303033323739383334393835373333303332322C2241445F59223A2D342E383535393235323137323730383531452D342C2241445F5A223A2D302E33323636323438373033303032393239372C2254656D70447370223A302C22537461747573223A302C2243616C69625374617465223A312C22536967416D70496E76616C6964223A307D7DA129
05-22 07:20:52.839   544   544 D commservice260303: bufferevent_write retrun value = 0
05-22 07:20:52.840   544   567 D commservice260303: client datas send succeed,send finish
05-22 07:20:52.840  2981  3178 D Sentinelmode_1.2.5.13_alpha: <SentryImuClusterFgeSender>imu_status sent to Linux, frame=22409, tsNs=937809, tsMs=1779405652839, intervalMs=39, ad=(-0.003279835,-4.8559252E-4,-0.32662487), gd=(-0.008551764,0.0070240875,0.017638242)
05-22 07:20:52.842   573   573 I SpiService: fgesysctrl_getGPIO_status success val=1
05-22 06:39:26.586   573   573 D spi_rst_gpio_get_output: GPIO 145 value: 1
05-22 06:39:26.586   573   573 D spidev_ioctl: gpio status=1)
05-22 07:20:52.847   573   573 I SpiService: fgesysctrl_getGPIO_status success val=1
05-22 06:39:26.591   573   573 D spi_rst_gpio_get_output: GPIO 145 value: 1
05-22 06:39:26.591   573   573 D spidev_ioctl: gpio status=1)
05-22 06:39:26.596   573   573 D spi_rst_gpio_get_output: GPIO 145 value: 1
05-22 06:39:26.596   573   573 D spidev_ioctl: gpio status=1)
05-22 06:39:26.602   573   573 D spi_rst_gpio_get_output: GPIO 145 value: 1
05-22 06:39:26.602   573   573 D spidev_ioctl: gpio status=1)
05-22 07:20:52.850   291  1491 D EvsDriver: forwardFrame
05-22 07:20:52.853   573   573 I SpiService: fgesysctrl_getGPIO_status success val=1
05-22 07:20:52.855   291  1491 D EvsDriver: Delivered 0xb400007b2f47ca30 as id 0
05-22 07:20:52.855  1137  1137 D evsmanagerd: /dev/video4 forwarded the buffer #0 to 0xb4000071fa019690 from 0xb4000071fa01b7d0
05-22 07:20:52.858  2981  3177 I SentryImuMcuAngleSender: 179.92412rollDeg
05-22 07:20:52.858  2981  3177 I SentryImuMcuAngleSender: 1,0,0
05-22 07:20:52.859   573   573 I SpiService: fgesysctrl_getGPIO_status success val=1
05-22 07:20:52.861   291  1135 D EvsDriver: doneWithFrame
05-22 07:20:52.865   573   573 I SpiService: fgesysctrl_getGPIO_status success val=1
05-22 06:39:26.608   573   573 D spi_rst_gpio_get_output: GPIO 145 value: 1
05-22 06:39:26.608   573   573 D spidev_ioctl: gpio status=1)
05-22 07:20:52.871   573   573 I SpiService: fgesysctrl_getGPIO_status success val=0
05-22 06:39:26.614   573   573 D spi_rst_gpio_get_output: GPIO 145 value: 0
05-22 06:39:26.614   573   573 D spidev_ioctl: gpio status=0)
05-22 07:20:52.876   964  1804 D [OMXB]  : usingANWBuffer: handle:0xebd42a00, format:1, w:1920, h:1080
05-22 07:20:52.878  2981  3177 I SentryImuMcuAngleSender: 179.9276rollDeg
05-22 07:20:52.878  2981  3177 I SentryImuMcuAngleSender: 1,0,0
05-22 07:20:52.880   544   544 D commservice260303: msg.id = 1028,1
05-22 07:20:52.881   544   544 D commservice260303: i = 170, msgid = 8A000404
05-22 07:20:52.881   544   544 D commservice260303: msgid = -1979710460,did=138
05-22 07:20:52.881   544   544 D commservice260303: CommProtocolLibCmdBaseI2C::dataproc {"command":{"id":"imu_status","sub":""},"content":{"TimeStamp":1779405652879,"FrameCounter":22410,"GD_X":-0.0097730727866292,"GD_Y":0.007482858840376139,"GD_Z":0.017485838383436203,"AD_X":-0.005718022584915161,"AD_Y":-4.8482324928045273E-4,"AD_Z":-0.32967567443847656,"TempDsp":0,"Status":0,"CalibState":1,"SigAmpInvalid":0}},-1979710460
05-22 07:20:52.881   544   544 D commservice260303: send2Cluster len:325, 7B22636F6D6D616E64223A7B226964223A22696D755F737461747573222C22737562223A22227D2C22636F6E74656E74223A7B2254696D655374616D70223A313737393430353635323837392C224672616D65436F756E746572223A32323431302C2247445F58223A2D302E303039373733303732373836363239322C2247445F59223A302E3030373438323835383834303337363133392C2247445F5A223A302E3031373438353833383338333433363230332C2241445F58223A2D302E3030353731383032323538343931353136312C2241445F59223A2D342E38343832333234393238303435323733452D342C2241445F5A223A2D302E33323936373536373434333834373635362C2254656D70447370223A302C22537461747573223A302C2243616C69625374617465223A312C22536967416D70496E76616C6964223A307D7D, 138 
