05-22 06:39:24.181   573   573 D spi_rst_gpio_get_output: GPIO 145 value: 1
05-22 06:39:24.181   573   573 D spidev_ioctl: gpio status=1)
05-22 07:20:50.443   573   573 I SpiService: fgesysctrl_getGPIO_status success val=1
05-22 06:39:24.186   573   573 D spi_rst_gpio_get_output: GPIO 145 value: 1
05-22 06:39:24.186   573   573 D spidev_ioctl: gpio status=1)
05-22 07:20:50.447   291  1491 D EvsDriver: forwardFrame
05-22 07:20:50.447  2981  3177 I SentryImuMcuAngleSender: 179.92418rollDeg
05-22 07:20:50.447  2981  3177 I SentryImuMcuAngleSender: 1,0,0
05-22 07:20:50.448   291  1491 D EvsDriver: Delivered 0xb400007b2f47ca30 as id 0
05-22 07:20:50.448  1137  1150 D evsmanagerd: /dev/video4 forwarded the buffer #0 to 0xb4000071fa019690 from 0xb4000071fa01b7d0
05-22 07:20:50.448   573   573 I SpiService: fgesysctrl_getGPIO_status success val=1
05-22 06:39:24.191   573   573 D spi_rst_gpio_get_output: GPIO 145 value: 1
05-22 06:39:24.191   573   573 D spidev_ioctl: gpio status=1)
05-22 07:20:50.451   291  1135 D EvsDriver: doneWithFrame
05-22 07:20:50.453   573   573 I SpiService: fgesysctrl_getGPIO_status success val=1
05-22 06:39:24.197   573   573 D spi_rst_gpio_get_output: GPIO 145 value: 1
05-22 06:39:24.197   573   573 D spidev_ioctl: gpio status=1)
05-22 07:20:50.455   824   824 D SurfaceFlinger: unisoc-graphics, commit has frameMissed:2, vysncId:435136
05-22 07:20:50.459   573   573 I SpiService: fgesysctrl_getGPIO_status success val=0
05-22 06:39:24.202   573   573 D spi_rst_gpio_get_output: GPIO 145 value: 0
05-22 06:39:24.202   573   573 D spidev_ioctl: gpio status=0)
05-22 07:20:50.468  2981  3177 I SentryImuMcuAngleSender: 179.92416rollDeg
05-22 07:20:50.468  2981  3177 I SentryImuMcuAngleSender: 1,0,0
05-22 07:20:50.472   544   544 D commservice260303: msg.id = 1028,0
05-22 07:20:50.472   544   544 D commservice260303: i = 170, msgid = 8A000404
05-22 07:20:50.472   544   544 D commservice260303: msgid = -1979710460,did=138
05-22 07:20:50.472   544   544 D commservice260303: CommProtocolLibCmdBaseI2C::dataproc {"command":{"id":"imu_status","sub":""},"content":{"TimeStamp":1779405650471,"FrameCounter":22351,"GD_X":-0.009467746131122112,"GD_Y":0.007864127866923809,"GD_Z":0.017715223133563995,"AD_X":-0.0026731491088867188,"AD_Y":1.3569369912147522E-4,"AD_Z":-0.33211612701416016,"TempDsp":0,"Status":0,"CalibState":1,"SigAmpInvalid":0}},-1979710460
05-22 07:20:50.472   544   544 D commservice260303: send2Cluster len:327, 7B22636F6D6D616E64223A7B226964223A22696D755F737461747573222C22737562223A22227D2C22636F6E74656E74223A7B2254696D655374616D70223A313737393430353635303437312C224672616D65436F756E746572223A32323335312C2247445F58223A2D302E3030393436373734363133313132323131322C2247445F59223A302E3030373836343132373836363932333830392C2247445F5A223A302E3031373731353232333133333536333939352C2241445F58223A2D302E303032363733313439313038383836373138382C2241445F59223A312E33353639333639393132313437353232452D342C2241445F5A223A2D302E33333231313631323730313431363031362C2254656D70447370223A302C22537461747573223A302C2243616C69625374617465223A312C22536967416D70496E76616C6964223A307D7D, 138 
05-22 07:20:50.472   544   544 D commservice260303: Push Message into SendPool fn=660144128
05-22 07:20:50.472   544   544 D commservice260303: ComProtocolLibSend2Cluster::send2ClusterRaw fn=660144128 , len=343
05-22 07:20:50.472   544   544 D commservice260303: sendCmdToPort :343!!!
05-22 07:20:50.472   544   544 D commservice260303: send Cmd To Port ++++5AA501538A01000059276A0F93527B22636F6D6D616E64223A7B226964223A22696D755F737461747573222C22737562223A22227D2C22636F6E74656E74223A7B2254696D655374616D70223A313737393430353635303437312C224672616D65436F756E746572223A32323335312C2247445F58223A2D302E3030393436373734363133313132323131322C2247445F59223A302E3030373836343132373836363932333830392C2247445F5A223A302E3031373731353232333133333536333939352C2241445F58223A2D302E303032363733313439313038383836373138382C2241445F59223A312E33353639333639393132313437353232452D342C2241445F5A223A2D302E33333231313631323730313431363031362C2254656D70447370223A302C22537461747573223A302C2243616C69625374617465223A312C22536967416D70496E76616C6964223A307D7D9878
05-22 07:20:50.472   573   573 I SpiService: fgesysctrl_getGPIO_status success val=1
05-22 07:20:50.473   544   544 D commservice260303: bufferevent_write retrun value = 0
05-22 07:20:50.473   544   567 D commservice260303: client datas send succeed,send finish
05-22 07:20:50.473  2981  3178 D Sentinelmode_1.2.5.13_alpha: <SentryImuClusterFgeSender>imu_status sent to Linux, frame=22351, tsNs=935442, tsMs=1779405650471, intervalMs=40, ad=(-0.002673149,1.356937E-4,-0.33211613), gd=(-0.009467746,0.007864128,0.017715223)
05-22 06:39:24.216   573   573 D spi_rst_gpio_get_output: GPIO 145 value: 1
05-22 06:39:24.216   573   573 D spidev_ioctl: gpio status=1)
05-22 07:20:50.478   573   573 I SpiService: fgesysctrl_getGPIO_status success val=1
05-22 06:39:24.221   573   573 D spi_rst_gpio_get_output: GPIO 145 value: 1
05-22 06:39:24.221   573   573 D spidev_ioctl: gpio status=1)
05-22 07:20:50.482   291  1491 D EvsDriver: forwardFrame
05-22 07:20:50.483   291  1491 D EvsDriver: Delivered 0xb400007b2f47ca30 as id 0
05-22 07:20:50.483  1137  1150 D evsmanagerd: /dev/video4 forwarded the buffer #0 to 0xb4000071fa019690 from 0xb4000071fa01b7d0
05-22 07:20:50.483   573   573 I SpiService: fgesysctrl_getGPIO_status success val=1
05-22 06:39:24.227   573   573 D spi_rst_gpio_get_output: GPIO 145 value: 1
05-22 06:39:24.227   573   573 D spidev_ioctl: gpio status=1)
05-22 07:20:50.486   291  1135 D EvsDriver: doneWithFrame
05-22 07:20:50.488   276   300 I rvcservice: t.code = 3, t.value = 0
05-22 07:20:50.488  2981  3177 I SentryImuMcuAngleSender: 179.92416rollDeg
05-22 07:20:50.488   573   573 I SpiService: fgesysctrl_getGPIO_status success val=1
05-22 07:20:50.489  2981  3177 I SentryImuMcuAngleSender: 1,0,0
05-22 06:39:24.232   573   573 D spi_rst_gpio_get_output: GPIO 145 value: 1
05-22 06:39:24.232   573   573 D spidev_ioctl: gpio status=1)
05-22 06:39:24.238   573   573 D spi_rst_gpio_get_output: GPIO 145 value: 1
05-22 06:39:24.238   573   573 D spidev_ioctl: gpio status=1)
05-22 07:20:50.494   573   573 I SpiService: fgesysctrl_getGPIO_status success val=1
05-22 07:20:50.500   573   573 I SpiService: fgesysctrl_getGPIO_status success val=0
05-22 06:39:24.243   573   573 D spi_rst_gpio_get_output: GPIO 145 value: 0
05-22 06:39:24.244   573   573 D spidev_ioctl: gpio status=0)
05-22 07:20:50.505   824   824 D SurfaceFlinger: unisoc-graphics, commit has frameMissed:2, vysncId:435146
05-22 07:20:50.509  2981  3177 I SentryImuMcuAngleSender: 179.90347rollDeg
05-22 07:20:50.509  2981  3177 I SentryImuMcuAngleSender: 1,0,0
05-22 07:20:50.512   544   544 D commservice260303: msg.id = 1028,0
05-22 07:20:50.512   544   544 D commservice260303: i = 170, msgid = 8A000404
05-22 07:20:50.512   544   544 D commservice260303: msgid = -1979710460,did=138
05-22 07:20:50.512   544   544 D commservice260303: CommProtocolLibCmdBaseI2C::dataproc {"command":{"id":"imu_status","sub":""},"content":{"TimeStamp":1779405650512,"FrameCounter":22352,"GD_X":-0.009161898866295815,"GD_Y":0.007101069670170546,"GD_Z":0.017944088205695152,"AD_X":-0.0014552474021911621,"AD_Y":0.003794102929532528,"AD_Z":-0.33211612701416016,"TempDsp":0,"Status":0,"CalibState":1,"SigAmpInvalid":0}},-1979710460
05-22 07:20:50.512   544   544 D commservice260303: send2Cluster len:326, 7B22636F6D6D616E64223A7B226964223A22696D755F737461747573222C22737562223A22227D2C22636F6E74656E74223A7B2254696D655374616D70223A313737393430353635303531322C224672616D65436F756E746572223A32323335322C2247445F58223A2D302E3030393136313839383836363239353831352C2247445F59223A302E3030373130313036393637303137303534362C2247445F5A223A302E3031373934343038383230353639353135322C2241445F58223A2D302E303031343535323437343032313931313632312C2241445F59223A302E3030333739343130323932393533323532382C2241445F5A223A2D302E33333231313631323730313431363031362C2254656D70447370223A302C22537461747573223A302C2243616C69625374617465223A312C22536967416D70496E76616C6964223A307D7D, 138 
05-22 07:20:50.512   544   544 D commservice260303: Push Message into SendPool fn=676921344
05-22 07:20:50.512   544   544 D commservice260303: ComProtocolLibSend2Cluster::send2ClusterRaw fn=676921344 , len=342
05-22 07:20:50.512   544   544 D commservice260303: sendCmdToPort :342!!!
05-22 07:20:50.512   544   544 D commservice260303: send Cmd To Port ++++5AA501528A01000059286A0F93527B22636F6D6D616E64223A7B226964223A22696D755F737461747573222C22737562223A22227D2C22636F6E74656E74223A7B2254696D655374616D70223A313737393430353635303531322C224672616D65436F756E746572223A32323335322C2247445F58223A2D302E3030393136313839383836363239353831352C2247445F59223A302E3030373130313036393637303137303534362C2247445F5A223A302E3031373934343038383230353639353135322C2241445F58223A2D302E303031343535323437343032313931313632312C2241445F59223A302E3030333739343130323932393533323532382C2241445F5A223A2D302E33333231313631323730313431363031362C2254656D70447370223A302C22537461747573223A302C2243616C69625374617465223A312C22536967416D70496E76616C6964223A307D7DD637
05-22 07:20:50.513   544   544 D commservice260303: bufferevent_write retrun value = 0
05-22 07:20:50.513   544   567 D commservice260303: client datas send succeed,send finish
05-22 07:20:50.513  2981  3178 D Sentinelmode_1.2.5.13_alpha: <SentryImuClusterFgeSender>imu_status sent to Linux, frame=22352, tsNs=935476, tsMs=1779405650512, intervalMs=40, ad=(-0.0014552474,0.003794103,-0.33211613), gd=(-0.009161899,0.0071010697,0.017944088)
05-22 07:20:50.514   573   573 I SpiService: fgesysctrl_getGPIO_status success val=1
05-22 07:20:50.515   291  1491 D EvsDriver: forwardFrame
05-22 07:20:50.516   291  1491 D EvsDriver: Delivered 0xb400007b2f47ca30 as id 0
05-22 07:20:50.516  1137  1150 D evsmanagerd: /dev/video4 forwarded the buffer #0 to 0xb4000071fa019690 from 0xb4000071fa01b7d0
05-22 07:20:50.517   291  1135 D EvsDriver: doneWithFrame
05-22 06:39:24.258   573   573 D spi_rst_gpio_get_output: GPIO 145 value: 1
05-22 06:39:24.258   573   573 D spidev_ioctl: gpio status=1)
05-22 07:20:50.519   573   573 I SpiService: fgesysctrl_getGPIO_status success val=1
05-22 07:20:50.522   824   824 D SurfaceFlinger: unisoc-graphics, commit has frameMissed:2, vysncId:435154
05-22 06:39:24.263   573   573 D spi_rst_gpio_get_output: GPIO 145 value: 1
05-22 06:39:24.263   573   573 D spidev_ioctl: gpio status=1)
05-22 07:20:50.525   573   573 I SpiService: fgesysctrl_getGPIO_status success val=1
05-22 06:39:24.268   573   573 D spi_rst_gpio_get_output: GPIO 145 value: 1
05-22 06:39:24.268   573   573 D spidev_ioctl: gpio status=1)
05-22 07:20:50.529   964  1804 D [OMXB]  : usingANWBuffer: handle:0xebd44580, format:1, w:1920, h:1080
05-22 07:20:50.530  2981  3177 I SentryImuMcuAngleSender: 179.90346rollDeg
05-22 07:20:50.530  2981  3177 I SentryImuMcuAngleSender: 1,0,0
05-22 07:20:50.530   573   573 I SpiService: fgesysctrl_getGPIO_status success val=1
05-22 06:39:24.274   573   573 D spi_rst_gpio_get_output: GPIO 145 value: 1
05-22 06:39:24.274   573   573 D spidev_ioctl: gpio status=1)
05-22 07:20:50.535   573   573 I SpiService: fgesysctrl_getGPIO_status success val=0
05-22 06:39:24.279   573   573 D spi_rst_gpio_get_output: GPIO 145 value: 0
05-22 06:39:24.279   573   573 D spidev_ioctl: gpio status=0)
05-22 07:20:50.540   824   824 D SurfaceFlinger: unisoc-graphics, commit has frameMissed:2, vysncId:435155
05-22 07:20:50.542   477  1275 I dvr_service_: [EncoderHandler::runMediaThread] runMediaThread started:1,state:0, cam2:started:1,state:0, lastSwitch:1, mIsMuxerStart:0,format:0,is_str_ing:0
05-22 07:20:50.542   477  1278 I dvr_service_: [runShortMediaThread:297] cameraId:1 medias:0,audios:0,stateAudio:0,mShortState:0,warnEvent:0,state:0
05-22 07:20:50.549   477  1277 I dvr_service_: [runShortMediaThread:297] cameraId:0 medias:300,audios:0,stateAudio:0,mShortState:0,warnEvent:0,state:0
05-22 07:20:50.549   573   573 I SpiService: fgesysctrl_getGPIO_status success val=1
05-22 06:39:24.292   573   573 D spi_rst_gpio_get_output: GPIO 145 value: 1
05-22 06:39:24.293   573   573 D spidev_ioctl: gpio status=1)
05-22 07:20:50.550   291  1491 D EvsDriver: forwardFrame
05-22 07:20:50.551  2981  3177 I SentryImuMcuAngleSender: 179.91725rollDeg
05-22 07:20:50.551  2981  3177 I SentryImuMcuAngleSender: 1,0,0
05-22 07:20:50.551   291  1491 D EvsDriver: Delivered 0xb400007b2f47ca30 as id 0
05-22 07:20:50.551  1137  1150 D evsmanagerd: /dev/video4 forwarded the buffer #0 to 0xb4000071fa019690 from 0xb4000071fa01b7d0
05-22 07:20:50.553   544   544 D commservice260303: msg.id = 1028,0
05-22 07:20:50.553   544   544 D commservice260303: i = 170, msgid = 8A000404
05-22 07:20:50.553   544   544 D commservice260303: msgid = -1979710460,did=138
05-22 07:20:50.553   544   544 D commservice260303: CommProtocolLibCmdBaseI2C::dataproc {"command":{"id":"imu_status","sub":""},"content":{"TimeStamp":1779405650553,"FrameCounter":22353,"GD_X":-0.009621189907193184,"GD_Y":0.007634742185473442,"GD_Z":0.017944088205695152,"AD_X":-0.0038947314023971558,"AD_Y":0.0013492060825228691,"AD_Z":-0.32967567443847656,"TempDsp":0,"Status":0,"CalibState":1,"SigAmpInvalid":0}},-1979710460
05-22 07:20:50.553   544   544 D commservice260303: send2Cluster len:327, 7B22636F6D6D616E64223A7B226964223A22696D755F737461747573222C22737562223A22227D2C22636F6E74656E74223A7B2254696D655374616D70223A313737393430353635303535332C224672616D65436F756E746572223A32323335332C2247445F58223A2D302E3030393632313138393930373139333138342C2247445F59223A302E3030373633343734323138353437333434322C2247445F5A223A302E3031373934343038383230353639353135322C2241445F58223A2D302E303033383934373331343032333937313535382C2241445F59223A302E303031333439323036303832353232383639312C2241445F5A223A2D302E33323936373536373434333834373635362C2254656D70447370223A302C22537461747573223A302C2243616C69625374617465223A312C22536967416D70496E76616C6964223A307D7D, 138 
05-22 07:20:50.553   544   544 D commservice260303: Push Message into SendPool fn=693698560
05-22 07:20:50.553   544   544 D commservice260303: ComProtocolLibSend2Cluster::send2ClusterRaw fn=693698560 , len=343
05-22 07:20:50.554   544   544 D commservice260303: sendCmdToPort :343!!!
05-22 07:20:50.554   544   544 D commservice260303: send Cmd To Port ++++5AA501538A01000059296A0F93527B22636F6D6D616E64223A7B226964223A22696D755F737461747573222C22737562223A22227D2C22636F6E74656E74223A7B2254696D655374616D70223A313737393430353635303535332C224672616D65436F756E746572223A32323335332C2247445F58223A2D302E3030393632313138393930373139333138342C2247445F59223A302E3030373633343734323138353437333434322C2247445F5A223A302E3031373934343038383230353639353135322C2241445F58223A2D302E303033383934373331343032333937313535382C2241445F59223A302E303031333439323036303832353232383639312C2241445F5A223A2D302E33323936373536373434333834373635362C2254656D70447370223A302C22537461747573223A302C2243616C69625374617465223A312C22536967416D70496E76616C6964223A307D7DF544
05-22 07:20:50.554   544   544 D commservice260303: bufferevent_write retrun value = 0
05-22 07:20:50.554   544   567 D commservice260303: client datas send succeed,send finish
05-22 07:20:50.554  2981  3178 D Sentinelmode_1.2.5.13_alpha: <SentryImuClusterFgeSender>imu_status sent to Linux, frame=22353, tsNs=935529, tsMs=1779405650553, intervalMs=41, ad=(-0.0038947314,0.0013492061,-0.32967567), gd=(-0.00962119,0.007634742,0.017944088)
05-22 07:20:50.554   573   573 I SpiService: fgesysctrl_getGPIO_status success val=1
05-22 07:20:50.555   291  1135 D EvsDriver: doneWithFrame
05-22 06:39:24.298   573   573 D spi_rst_gpio_get_output: GPIO 145 value: 1
05-22 06:39:24.298   573   573 D spidev_ioctl: gpio status=1)
05-22 07:20:50.559  1026  1026 D MyAppLog: [2026-05-22 07:20:50.559 D tboxap tsp_WorkMachineProc:1086] [Tsp] [tsp_WorkMachineProc]TSP_WORK_LOGIN NOW !!!!
05-22 07:20:50.560   573   573 I SpiService: fgesysctrl_getGPIO_status success val=1
05-22 06:39:24.303   573   573 D spi_rst_gpio_get_output: GPIO 145 value: 1
05-22 06:39:24.303   573   573 D spidev_ioctl: gpio status=1)
05-22 07:20:50.565   573   573 I SpiService: fgesysctrl_getGPIO_status success val=1
05-22 06:39:24.309   573   573 D spi_rst_gpio_get_output: GPIO 145 value: 1
05-22 06:39:24.309   573   573 D spidev_ioctl: gpio status=1)
05-22 07:20:50.571   573   573 I SpiService: fgesysctrl_getGPIO_status success val=1
05-22 07:20:50.571  2981  3177 I SentryImuMcuAngleSender: 179.9138rollDeg
05-22 07:20:50.571  2981  3177 I SentryImuMcuAngleSender: 1,0,0
05-22 06:39:24.314   573   573 D spi_rst_gpio_get_output: GPIO 145 value: 1
05-22 06:39:24.314   573   573 D spidev_ioctl: gpio status=1)
05-22 07:20:50.576   573   573 I SpiService: fgesysctrl_getGPIO_status success val=1
05-22 06:39:24.319   573   573 D spi_rst_gpio_get_output: GPIO 145 value: 1
05-22 06:39:24.319   573   573 D spidev_ioctl: gpio status=1)
05-22 07:20:50.581   573   573 I SpiService: fgesysctrl_getGPIO_status success val=0
05-22 06:39:24.325   573   573 D spi_rst_gpio_get_output: GPIO 145 value: 0
05-22 06:39:24.325   573   573 D spidev_ioctl: gpio status=0)
05-22 07:20:50.586   565   599 I Sensors : 230 AccelSensor: x:-0.106750,y:0.016470,z:-10.135760
05-22 07:20:50.587   291  1491 D EvsDriver: forwardFrame
05-22 07:20:50.588   291  1491 D EvsDriver: Delivered 0xb400007b2f47ca30 as id 0
05-22 07:20:50.588   276   300 I rvcservice: t.code = 0, t.value = 0
05-22 07:20:50.588  1137  1150 D evsmanagerd: /dev/video4 forwarded the buffer #0 to 0xb4000071fa019690 from 0xb4000071fa01b7d0
05-22 07:20:50.591  2981  3177 I SentryImuMcuAngleSender: 179.9069rollDeg
05-22 07:20:50.591  2981  3177 I SentryImuMcuAngleSender: 1,0,0
05-22 07:20:50.592   291  1135 D EvsDriver: doneWithFrame
05-22 07:20:50.593   964  1804 D [OMXB]  : usingANWBuffer: handle:0xebd442c0, format:1, w:1920, h:1080
05-22 07:20:50.595   544   544 D commservice260303: msg.id = 1028,0
05-22 07:20:50.595   544   544 D commservice260303: i = 170, msgid = 8A000404
05-22 07:20:50.595   544   544 D commservice260303: msgid = -1979710460,did=138
05-22 07:20:50.595   544   544 D commservice260303: CommProtocolLibCmdBaseI2C::dataproc {"command":{"id":"imu_status","sub":""},"content":{"TimeStamp":1779405650594,"FrameCounter":22354,"GD_X":-0.0097730727866292,"GD_Y":0.007177011109888554,"GD_Z":0.017944088205695152,"AD_X":-0.002066589891910553,"AD_Y":0.003177303820848465,"AD_Z":-0.32967567443847656,"TempDsp":0,"Status":0,"CalibState":1,"SigAmpInvalid":0}},-1979710460
05-22 07:20:50.596   544   544 D commservice260303: send2Cluster len:323, 7B22636F6D6D616E64223A7B226964223A22696D755F737461747573222C22737562223A22227D2C22636F6E74656E74223A7B2254696D655374616D70223A313737393430353635303539342C224672616D65436F756E746572223A32323335342C2247445F58223A2D302E303039373733303732373836363239322C2247445F59223A302E3030373137373031313130393838383535342C2247445F5A223A302E3031373934343038383230353639353135322C2241445F58223A2D302E3030323036363538393839313931303535332C2241445F59223A302E3030333137373330333832303834383436352C2241445F5A223A2D302E33323936373536373434333834373635362C2254656D70447370223A302C22537461747573223A302C2243616C69625374617465223A312C22536967416D70496E76616C6964223A307D7D, 138 
05-22 07:20:50.596   544   544 D commservice260303: Push Message into SendPool fn=710475776
05-22 07:20:50.596   544   544 D commservice260303: ComProtocolLibSend2Cluster::send2ClusterRaw fn=710475776 , len=339
05-22 07:20:50.596   573   573 I SpiService: fgesysctrl_getGPIO_status success val=1
05-22 07:20:50.596   544   544 D commservice260303: sendCmdToPort :339!!!
05-22 07:20:50.596   544   544 D commservice260303: send Cmd To Port ++++5AA5014F8A010000592A6A0F93527B22636F6D6D616E64223A7B226964223A22696D755F737461747573222C22737562223A22227D2C22636F6E74656E74223A7B2254696D655374616D70223A313737393430353635303539342C224672616D65436F756E746572223A32323335342C2247445F58223A2D302E303039373733303732373836363239322C2247445F59223A302E3030373137373031313130393838383535342C2247445F5A223A302E3031373934343038383230353639353135322C2241445F58223A2D302E3030323036363538393839313931303535332C2241445F59223A302E3030333137373330333832303834383436352C2241445F5A223A2D302E33323936373536373434333834373635362C2254656D70447370223A302C22537461747573223A302C2243616C69625374617465223A312C22536967416D70496E76616C6964223A307D7DE697
05-22 07:20:50.596   544   544 D commservice260303: bufferevent_write retrun value = 0
05-22 07:20:50.596   544   567 D commservice260303: client datas send succeed,send finish
05-22 07:20:50.596  2981  3178 D Sentinelmode_1.2.5.13_alpha: <SentryImuClusterFgeSender>imu_status sent to Linux, frame=22354, tsNs=935568, tsMs=1779405650594, intervalMs=42, ad=(-0.00206659,0.0031773038,-0.32967567), gd=(-0.009773073,0.007177011,0.017944088)
05-22 06:39:24.339   573   573 D spi_rst_gpio_get_output: GPIO 145 value: 1
05-22 06:39:24.339   573   573 D spidev_ioctl: gpio status=1)
05-22 07:20:50.601   573   573 I SpiService: fgesysctrl_getGPIO_status success val=1
05-22 06:39:24.344   573   573 D spi_rst_gpio_get_output: GPIO 145 value: 1
05-22 06:39:24.344   573   573 D spidev_ioctl: gpio status=1)
05-22 07:20:50.606   573   573 I SpiService: fgesysctrl_getGPIO_status success val=1
05-22 06:39:24.350   573   573 D spi_rst_gpio_get_output: GPIO 145 value: 1
05-22 06:39:24.350   573   573 D spidev_ioctl: gpio status=1)
05-22 07:20:50.611  2981  3177 I SentryImuMcuAngleSender: 179.90346rollDeg
05-22 07:20:50.612  2981  3177 I SentryImuMcuAngleSender: 1,0,0
05-22 07:20:50.612   573   573 I SpiService: fgesysctrl_getGPIO_status success val=1
05-22 06:39:24.355   573   573 D spi_rst_gpio_get_output: GPIO 145 value: 1
05-22 06:39:24.355   573   573 D spidev_ioctl: gpio status=1)
05-22 07:20:50.616   291  1491 D EvsDriver: forwardFrame
05-22 07:20:50.617   291  1491 D EvsDriver: Delivered 0xb400007b2f47ca30 as id 0
05-22 06:39:24.360   573   573 D spi_rst_gpio_get_output: GPIO 145 value: 1
05-22 06:39:24.360   573   573 D spidev_ioctl: gpio status=1)
05-22 07:20:50.617  1137  1150 D evsmanagerd: /dev/video4 forwarded the buffer #0 to 0xb4000071fa019690 from 0xb4000071fa01b7d0
05-22 07:20:50.617   573   573 I SpiService: fgesysctrl_getGPIO_status success val=1
05-22 07:20:50.617   291  1135 D EvsDriver: doneWithFrame
05-22 07:20:50.620   565   599 I Sensors : 230 GyroSensor: x:-0.009697,y:0.007330,z:0.017867
05-22 07:20:50.622   573   573 I SpiService: fgesysctrl_getGPIO_status success val=0
05-22 06:39:24.366   573   573 D spi_rst_gpio_get_output: GPIO 145 value: 0
05-22 06:39:24.366   573   573 D spidev_ioctl: gpio status=0)
05-22 07:20:50.633  2981  3177 I SentryImuMcuAngleSender: 179.91034rollDeg
05-22 07:20:50.633  2981  3177 I SentryImuMcuAngleSender: 1,0,0
05-22 07:20:50.635   544   544 D commservice260303: msg.id = 1028,0
05-22 07:20:50.635   544   544 D commservice260303: i = 170, msgid = 8A000404
05-22 07:20:50.635   544   544 D commservice260303: msgid = -1979710460,did=138
05-22 07:20:50.635   544   544 D commservice260303: CommProtocolLibCmdBaseI2C::dataproc {"command":{"id":"imu_status","sub":""},"content":{"TimeStamp":1779405650634,"FrameCounter":22355,"GD_X":-0.00969713181257248,"GD_Y":0.0073299347423017025,"GD_Z":0.017867106944322586,"AD_X":-0.0020680129528045654,"AD_Y":0.0025636879727244377,"AD_Z":-0.32906532287597656,"TempDsp":0,"Status":0,"CalibState":1,"SigAmpInvalid":0}},-1979710460
05-22 07:20:50.635   544   544 D commservice260303: send2Cluster len:327, 7B22636F6D6D616E64223A7B226964223A22696D755F737461747573222C22737562223A22227D2C22636F6E74656E74223A7B2254696D655374616D70223A313737393430353635303633342C224672616D65436F756E746572223A32323335352C2247445F58223A2D302E30303936393731333138313235373234382C2247445F59223A302E303037333239393334373432333031373032352C2247445F5A223A302E3031373836373130363934343332323538362C2241445F58223A2D302E303032303638303132393532383034353635342C2241445F59223A302E303032353633363837393732373234343337372C2241445F5A223A2D302E33323930363533323238373539373635362C2254656D70447370223A302C22537461747573223A302C2243616C69625374617465223A312C22536967416D70496E76616C6964223A307D7D, 138 
05-22 07:20:50.635   544   544 D commservice260303: Push Message into SendPool fn=727252992
05-22 07:20:50.635   544   544 D commservice260303: ComProtocolLibSend2Cluster::send2ClusterRaw fn=727252992 , len=343
05-22 07:20:50.635   544   544 D commservice260303: sendCmdToPort :343!!!
05-22 07:20:50.635   544   544 D commservice260303: send Cmd To Port ++++5AA501538A010000592B6A0F93527B22636F6D6D616E64223A7B226964223A22696D755F737461747573222C22737562223A22227D2C22636F6E74656E74223A7B2254696D655374616D70223A313737393430353635303633342C224672616D65436F756E746572223A32323335352C2247445F58223A2D302E30303936393731333138313235373234382C2247445F59223A302E303037333239393334373432333031373032352C2247445F5A223A302E3031373836373130363934343332323538362C2241445F58223A2D302E303032303638303132393532383034353635342C2241445F59223A302E303032353633363837393732373234343337372C2241445F5A223A2D302E33323930363533323238373539373635362C2254656D70447370223A302C22537461747573223A302C2243616C69625374617465223A312C22536967416D70496E76616C6964223A307D7D3432
05-22 07:20:50.635   544   544 D commservice260303: bufferevent_write retrun value = 0
05-22 07:20:50.635   544   567 D commservice260303: client datas send succeed,send finish
05-22 07:20:50.636  2981  3178 D Sentinelmode_1.2.5.13_alpha: <SentryImuClusterFgeSender>imu_status sent to Linux, frame=22355, tsNs=935602, tsMs=1779405650634, intervalMs=40, ad=(-0.002068013,0.002563688,-0.32906532), gd=(-0.009697132,0.0073299347,0.017867107)
05-22 07:20:50.636   573   573 I SpiService: fgesysctrl_getGPIO_status success val=1
05-22 06:39:24.380   573   573 D spi_rst_gpio_get_output: GPIO 145 value: 1
05-22 06:39:24.380   573   573 D spidev_ioctl: gpio status=1)
05-22 07:20:50.642   573   573 I SpiService: fgesysctrl_getGPIO_status success val=1
05-22 07:20:50.642   964  1804 D [OMXB]  : usingANWBuffer: handle:0xebd42740, format:1, w:1920, h:1080
05-22 07:20:50.644  1091  1133 D tboxmids_ap: Frame Size: 12
05-22 07:20:50.644  1091  1133 D tboxmids_ap: Hex Data:
05-22 07:20:50.644  1091  1133 D tboxmids_ap: 09 
05-22 07:20:50.644  1091  1133 D tboxmids_ap: 01 
05-22 07:20:50.644  1091  1133 D tboxmids_ap: 00 
05-22 07:20:50.644  1091  1133 D tboxmids_ap: 08 
05-22 07:20:50.644  1091  1133 D tboxmids_ap: B9 
05-22 07:20:50.645  1091  1133 D tboxmids_ap: 04 
05-22 07:20:50.645  1091  1133 D tboxmids_ap: 01 
05-22 07:20:50.645  1091  1133 D tboxmids_ap: 09 
05-22 07:20:50.645  1091  1133 D tboxmids_ap: 81 
05-22 07:20:50.645  1091  1133 D tboxmids_ap: 02 
05-22 07:20:50.645  1091  1133 D tboxmids_ap: 01 
05-22 07:20:50.645  1091  1133 D tboxmids_ap: 01 
05-22 07:20:50.645  1091  1133 D tboxmids_ap: 
05-22 07:20:50.645  1091  1133 D tboxmids_ap: Hex Data end 
05-22 07:20:50.645  1026  1026 I MyAppLog: [2026-05-22 07:20:50.644 I tboxap mcuSendYadiTransfer:195] [Mcu] [mcuYadiSend]: :00 08 B9 04 01 09 81 02 01 01
05-22 06:39:24.385   573   573 D spi_rst_gpio_get_output: GPIO 145 value: 1
05-22 06:39:24.385   573   573 D spidev_ioctl: gpio status=1)
05-22 07:20:50.647   573   573 I SpiService: fgesysctrl_getGPIO_status success val=1
05-22 07:20:50.648   486   581 I mcuc    : start timer OK = 2602 
05-22 06:39:24.390   573   573 D spi_rst_gpio_get_output: GPIO 145 value: 1
05-22 06:39:24.390   573   573 D spidev_ioctl: gpio status=1)
05-22 07:20:50.652   573   573 I SpiService: fgesysctrl_getGPIO_status success val=1
05-22 07:20:50.653   291  1491 D EvsDriver: forwardFrame
05-22 06:39:24.396   573   573 D spi_rst_gpio_get_output: GPIO 145 value: 1
05-22 06:39:24.396   573   573 D spidev_ioctl: gpio status=1)
05-22 07:20:50.654  2981  3177 I SentryImuMcuAngleSender: 179.91034rollDeg
05-22 07:20:50.654   291  1491 D EvsDriver: Delivered 0xb400007b2f47ca30 as id 0
05-22 07:20:50.654  1137  1150 D evsmanagerd: /dev/video4 forwarded the buffer #0 to 0xb4000071fa019690 from 0xb4000071fa01b7d0
05-22 07:20:50.654  2981  3177 I SentryImuMcuAngleSender: 1,0,0
05-22 07:20:50.656   291  1135 D EvsDriver: doneWithFrame
05-22 07:20:50.658   573   573 I SpiService: fgesysctrl_getGPIO_status success val=1
05-22 07:20:50.658   824   824 D SurfaceFlinger: unisoc-graphics, commit has frameMissed:2, vysncId:435173
05-22 06:39:24.401   573   573 D spi_rst_gpio_get_output: GPIO 145 value: 1
05-22 06:39:24.401   573   573 D spidev_ioctl: gpio status=1)
05-22 07:20:50.663   573   573 I SpiService: fgesysctrl_getGPIO_status success val=0
05-22 07:20:50.664   486   579 I mcuc    : send SPI:6AA6010A2A00F80901B904010981020101000000000000000000000000000000000000000000000000000000000000000000000000000000000000000000000000000000000000000000000000000000000000000000000000000000000000000000000000000000000000000000000000000000000000000000000000000000000000000000000000000000000000000000000000000000000000000000000000000000000000000000000000000000000000000000000000000000000000000000000000000000000000000000000000000000000000000000000000000000000000000000000000000000000000000000000000000000000000000000007D
05-22 06:39:24.407   573   573 D spi_rst_gpio_get_output: GPIO 145 value: 0
05-22 06:39:24.407   573   573 D spidev_ioctl: gpio status=0)
05-22 07:20:50.674  2981  3177 I SentryImuMcuAngleSender: 179.91035rollDeg
05-22 07:20:50.674  2981  3177 I SentryImuMcuAngleSender: 1,0,0
05-22 07:20:50.675   824   824 D SurfaceFlinger: unisoc-graphics, commit has frameMissed:2, vysncId:435181
05-22 07:20:50.676   544   567 D commservice260303: recv len:75, 5AA5004706000000056A6A0F93527B22636F6D6D616E64223A7B226964223A226473695F6C7578222C22737562223A22227D2C22636F6E74656E74223A7B2276616C7565223A307D7D416C from server
05-22 07:20:50.676   544  3079 D commservice260303: mcuDataAnalyzeHandle templen:75,len:75,pos:0, 5AA5004706000000056A6A0F93527B22636F6D6D616E64223A7B226964223A226473695F6C7578222C22737562223A22227D2C22636F6E74656E74223A7B2276616C7565223A307D7D416C 
05-22 07:20:50.676   544  3079 I commservice260303: checksumCal = 16748
05-22 07:20:50.676   544  3079 D commservice260303: CommProtocolLibCmdBaseC2I::dataproc {"command":{"id":"dsi_lux","sub":""},"content":{"value":0}},6
05-22 07:20:50.676   544  3079 D commservice260303: mcuCommMessageManager::notifyMsgToClient hwbinder OK
05-22 07:20:50.676   544   544 D commservice260303: msg.id = 1028,1
05-22 07:20:50.676   544   544 D commservice260303: i = 170, msgid = 8A000404
05-22 07:20:50.676   544  3079 D commservice260303: mcuCommMessageManager::notifyMsgToClient hwbinder OK
05-22 07:20:50.677   544  3079 D commservice260303: McuProtocolLibSend2Service::send2Service ret=1
05-22 07:20:50.677   544   544 D commservice260303: msgid = -1979710460,did=138
05-22 07:20:50.677   544   544 D commservice260303: CommProtocolLibCmdBaseI2C::dataproc {"command":{"id":"imu_status","sub":""},"content":{"TimeStamp":1779405650675,"FrameCounter":22356,"GD_X":-0.009621189907193184,"GD_Y":0.007634742185473442,"GD_Z":0.01779116503894329,"AD_X":-0.001459561288356781,"AD_Y":0.0025610756129026413,"AD_Z":-0.33089542388916016,"TempDsp":0,"Status":0,"CalibState":1,"SigAmpInvalid":0}},-1979710460
05-22 07:20:50.677   544   544 D commservice260303: send2Cluster len:325, 7B22636F6D6D616E64223A7B226964223A22696D755F737461747573222C22737562223A22227D2C22636F6E74656E74223A7B2254696D655374616D70223A313737393430353635303637352C224672616D65436F756E746572223A32323335362C2247445F58223A2D302E3030393632313138393930373139333138342C2247445F59223A302E3030373633343734323138353437333434322C2247445F5A223A302E30313737393131363530333839343332392C2241445F58223A2D302E3030313435393536313238383335363738312C2241445F59223A302E303032353631303735363132393032363431332C2241445F5A223A2D302E33333038393534323338383931363031362C2254656D70447370223A302C22537461747573223A302C2243616C69625374617465223A312C22536967416D70496E76616C6964223A307D7D, 138 
05-22 07:20:50.677   544   544 D commservice260303: Push Message into SendPool fn=744030208
05-22 07:20:50.677   544   544 D commservice260303: ComProtocolLibSend2Cluster::send2ClusterRaw fn=744030208 , len=341
05-22 07:20:50.677   544   544 D commservice260303: sendCmdToPort :341!!!
05-22 07:20:50.677  2109  2467 D ivicomm_CommManager: fgeComServiceCallback: {"command":{"id":"dsi_lux","sub":""},"content":{"value":0}}
05-22 07:20:50.677   544   544 D commservice260303: send Cmd To Port ++++5AA501518A010000592C6A0F93527B22636F6D6D616E64223A7B226964223A22696D755F737461747573222C22737562223A22227D2C22636F6E74656E74223A7B2254696D655374616D70223A313737393430353635303637352C224672616D65436F756E746572223A32323335362C2247445F58223A2D302E3030393632313138393930373139333138342C2247445F59223A302E3030373633343734323138353437333434322C2247445F5A223A302E30313737393131363530333839343332392C2241445F58223A2D302E3030313435393536313238383335363738312C2241445F59223A302E303032353631303735363132393032363431332C2241445F5A223A2D302E33333038393534323338383931363031362C2254656D70447370223A302C22537461747573223A302C2243616C69625374617465223A312C22536967416D70496E76616C6964223A307D7DBF23
05-22 07:20:50.678   573   573 I SpiService: fgesysctrl_getGPIO_status success val=1
05-22 07:20:50.678  2109  2467 D ivicomm_CallbackManager: registerCallback DSI_LUX: {"value":0} mCommStateCallbackMap size:5
05-22 07:20:50.678   544   544 D commservice260303: bufferevent_write retrun value = 0
05-22 07:20:50.678   544   567 D commservice260303: client datas send succeed,send finish
05-22 07:20:50.678  2981  3178 D Sentinelmode_1.2.5.13_alpha: <SentryImuClusterFgeSender>imu_status sent to Linux, frame=22356, tsNs=935638, tsMs=1779405650675, intervalMs=42, ad=(-0.0014595613,0.0025610756,-0.33089542), gd=(-0.00962119,0.007634742,0.017791165)
05-22 07:20:50.681  1774  2680 D NSLogUtils_VehicleService: L2A comm state: id=dsi_lux, value=0
05-22 06:39:24.421   573   573 D spi_rst_gpio_get_output: GPIO 145 value: 1
05-22 06:39:24.421   573   573 D spidev_ioctl: gpio status=1)
05-22 07:20:50.681  1517  2855 D sysUI_SystemSettingsControllerService: [binder:1517_4] - onCommState: commandID = dsi_lux; value = 0
05-22 07:20:50.683   573   573 I SpiService: fgesysctrl_getGPIO_status success val=1
05-22 07:20:50.685   291  1491 D EvsDriver: forwardFrame
05-22 06:39:24.426   573   573 D spi_rst_gpio_get_output: GPIO 145 value: 1
05-22 06:39:24.426   573   573 D spidev_ioctl: gpio status=1)
05-22 07:20:50.686   291  1491 D EvsDriver: Delivered 0xb400007b2f47ca30 as id 0
05-22 07:20:50.687  1137  1150 D evsmanagerd: /dev/video4 forwarded the buffer #0 to 0xb4000071fa019690 from 0xb4000071fa01b7d0
05-22 07:20:50.689   276   300 I rvcservice: t.code = 3, t.value = 0
05-22 07:20:50.689   573   573 I SpiService: fgesysctrl_getGPIO_status success val=1
05-22 07:20:50.689   291  1135 D EvsDriver: doneWithFrame
05-22 06:39:24.432   573   573 D spi_rst_gpio_get_output: GPIO 145 value: 1
05-22 06:39:24.432   573   573 D spidev_ioctl: gpio status=1)
05-22 07:20:50.694   573   573 I SpiService: fgesysctrl_getGPIO_status success val=1
05-22 07:20:50.694  2981  3177 I SentryImuMcuAngleSender: 179.93793rollDeg
05-22 07:20:50.695  2981  3177 I SentryImuMcuAngleSender: 1,0,0
05-22 06:39:24.438   573   573 D spi_rst_gpio_get_output: GPIO 145 value: 1
05-22 06:39:24.438   573   573 D spidev_ioctl: gpio status=1)
05-22 07:20:50.700   573   573 I SpiService: fgesysctrl_getGPIO_status success val=1
05-22 06:39:24.443   573   573 D spi_rst_gpio_get_output: GPIO 145 value: 1
05-22 06:39:24.443   573   573 D spidev_ioctl: gpio status=1)
05-22 07:20:50.704   544   722 I commservice260303: [mcuCommFunctionTcp::ProtocolCheckConnectTimeOutProc:613] keyID:256,tcpEvent:5,tcpcount:0,heartbeat:1,noHeartBeatNumber:0,endispatch:0,strState:0
05-22 07:20:50.704   544   722 D commservice260303: ProtocolCheckConnectTimeOutProc,629,clear heartbeat
05-22 07:20:50.705   573   573 I SpiService: fgesysctrl_getGPIO_status success val=0
05-22 06:39:24.449   573   573 D spi_rst_gpio_get_output: GPIO 145 value: 0
05-22 06:39:24.449   573   573 D spidev_ioctl: gpio status=0)
05-22 07:20:50.710   964  1804 D [OMXB]  : usingANWBuffer: handle:0xebd43c90, format:1, w:1920, h:1080
05-22 07:20:50.710  3735  3735 D NSLogUtils_MainActivity: progress->89876
05-22 07:20:50.713   291  1491 D EvsDriver: forwardFrame
05-22 07:20:50.714   291  1491 D EvsDriver: Delivered 0xb400007b2f47ca30 as id 0
05-22 07:20:50.714  1137  1150 D evsmanagerd: /dev/video4 forwarded the buffer #0 to 0xb4000071fa019690 from 0xb4000071fa01b7d0
05-22 07:20:50.715  2981  3177 I SentryImuMcuAngleSender: 179.93103rollDeg
05-22 07:20:50.715  2981  3177 I SentryImuMcuAngleSender: 1,0,0
05-22 07:20:50.715   291  1135 D EvsDriver: doneWithFrame
05-22 07:20:50.716   486   580 I mcuc    : rev,n=1,6AA6820A2A000209013E
05-22 07:20:50.719   544   544 D commservice260303: msg.id = 1028,0
05-22 07:20:50.719   544   544 D commservice260303: i = 170, msgid = 8A000404
05-22 07:20:50.719   544   544 D commservice260303: msgid = -1979710460,did=138
05-22 07:20:50.719   544   544 D commservice260303: CommProtocolLibCmdBaseI2C::dataproc {"command":{"id":"imu_status","sub":""},"content":{"TimeStamp":1779405650718,"FrameCounter":22357,"GD_X":-0.009544207714498043,"GD_Y":0.007788185961544514,"GD_Z":0.01779116503894329,"AD_X":-0.004508502781391144,"AD_Y":-0.0010947957634925842,"AD_Z":-0.32845497131347656,"TempDsp":0,"Status":0,"CalibState":1,"SigAmpInvalid":0}},-1979710460
05-22 07:20:50.719   544   544 D commservice260303: send2Cluster len:326, 7B22636F6D6D616E64223A7B226964223A22696D755F737461747573222C22737562223A22227D2C22636F6E74656E74223A7B2254696D655374616D70223A313737393430353635303731382C224672616D65436F756E746572223A32323335372C2247445F58223A2D302E3030393534343230373731343439383034332C2247445F59223A302E3030373738383138353936313534343531342C2247445F5A223A302E30313737393131363530333839343332392C2241445F58223A2D302E3030343530383530323738313339313134342C2241445F59223A2D302E303031303934373935373633343932353834322C2241445F5A223A2D302E33323834353439373133313334373635362C2254656D70447370223A302C22537461747573223A302C2243616C69625374617465223A312C22536967416D70496E76616C6964223A307D7D, 138 
05-22 07:20:50.719   544   544 D commservice260303: Push Message into SendPool fn=760807424
05-22 07:20:50.719   544   544 D commservice260303: ComProtocolLibSend2Cluster::send2ClusterRaw fn=760807424 , len=342
05-22 07:20:50.719   544   544 D commservice260303: sendCmdToPort :342!!!
05-22 07:20:50.719   544   544 D commservice260303: send Cmd To Port ++++5AA501528A010000592D6A0F93527B22636F6D6D616E64223A7B226964223A22696D755F737461747573222C22737562223A22227D2C22636F6E74656E74223A7B2254696D655374616D70223A313737393430353635303731382C224672616D65436F756E746572223A32323335372C2247445F58223A2D302E3030393534343230373731343439383034332C2247445F59223A302E3030373738383138353936313534343531342C2247445F5A223A302E30313737393131363530333839343332392C2241445F58223A2D302E3030343530383530323738313339313134342C2241445F59223A2D302E303031303934373935373633343932353834322C2241445F5A223A2D302E33323834353439373133313334373635362C2254656D70447370223A302C22537461747573223A302C2243616C69625374617465223A312C22536967416D70496E76616C6964223A307D7DC0E2
05-22 07:20:50.719   544   544 D commservice260303: bufferevent_write retrun value = 0
05-22 07:20:50.719   544   567 D commservice260303: client datas send succeed,send finish
05-22 07:20:50.720  2981  3178 D Sentinelmode_1.2.5.13_alpha: <SentryImuClusterFgeSender>imu_status sent to Linux, frame=22357, tsNs=935692, tsMs=1779405650718, intervalMs=42, ad=(-0.004508503,-0.0010947958,-0.32845497), gd=(-0.009544208,0.007788186,0.017791165)
05-22 07:20:50.721   573   573 I SpiService: fgesysctrl_getGPIO_status success val=1
05-22 06:39:24.465   573   573 D spi_rst_gpio_get_output: GPIO 145 value: 1
05-22 06:39:24.465   573   573 D spidev_ioctl: gpio status=1)
05-22 07:20:50.719 16763 16763 I auditd  : type=1400 audit(0.0:4840): avc: denied { append } for comm="logcat" path="/mnt/log_data/AndroidLog/logcat/logcat_2026_05_22_07_20_48_919-2.txt" dev="vda93" ino=65546 scontext=u:r:logpersist:s0 tcontext=u:object_r:log_data_file:s0 tclass=file permissive=1
05-22 07:20:50.719 16763 16763 I logcat  : type=1400 audit(0.0:4840): avc: denied { append } for path="/mnt/log_data/AndroidLog/logcat/logcat_2026_05_22_07_20_48_919-2.txt" dev="vda93" ino=65546 scontext=u:r:logpersist:s0 tcontext=u:object_r:log_data_file:s0 tclass=file permissive=1
05-22 07:20:50.727   573   573 I SpiService: fgesysctrl_getGPIO_status success val=1
05-22 06:39:24.470   573   573 D spi_rst_gpio_get_output: GPIO 145 value: 1
05-22 06:39:24.470   573   573 D spidev_ioctl: gpio status=1)
05-22 07:20:50.732   573   573 I SpiService: fgesysctrl_getGPIO_status success val=1
05-22 07:20:50.733  1528  2272 D CarStorageMonitoringService: about to send android.car.storagemonitoring.EXCESSIVE_IO
05-22 06:39:24.476   573   573 D spi_rst_gpio_get_output: GPIO 145 value: 1
05-22 06:39:24.476   573   573 D spidev_ioctl: gpio status=1)
05-22 07:20:50.733  1528  2272 W CarStorageMonitoringService: sending android.car.storagemonitoring.EXCESSIVE_IO
05-22 07:20:50.734  1528  2272 W ContextImpl: Calling a method in the system process without a qualified user: android.app.ContextImpl.sendBroadcast:1204 android.content.ContextWrapper.sendBroadcast:505 android.content.ContextWrapper.sendBroadcast:505 android.content.ContextWrapper.sendBroadcast:505 com.android.car.CarStorageMonitoringService.sendExcessiveIoBroadcast:322 
05-22 07:20:50.735   737 16015 D BroadcastQueue: Add broadcast <BroadcastRecord{47a9616 u0 android.car.storagemonitoring.EXCESSIVE_IO}> into [ordered | foreground], pending size 0
05-22 07:20:50.735   737 16015 D BroadcastQueue: Header is BroadcastRecord{47a9616 u0 android.car.storagemonitoring.EXCESSIVE_IO} now
05-22 07:20:50.735  2981  3177 I SentryImuMcuAngleSender: 179.92412rollDeg
05-22 07:20:50.735   737   737 D JobScheduler.Quota: Processing event 31 for <0>com.google.android.car.defaultstoragemonitoringcompanionapp
05-22 07:20:50.735  2981  3177 I SentryImuMcuAngleSender: 1,0,0
05-22 07:20:50.737   737  1616 D PowerController.AppState: - reportAppProcStateInfo() E -
05-22 07:20:50.737   737   737 D JobScheduler: pending queue: 0 jobs.
05-22 07:20:50.737   737   737 D JobScheduler.Concurrency: Pending queue: 
05-22 07:20:50.737   737  1619 D PowerController.RecogA: handleMessage(MSG_REPORT_EVENT)
05-22 07:20:50.738 14489 14489 D ExcessiveIoIntentReceiver: excessive I/O activity detected.
05-22 07:20:50.738   573   573 I SpiService: fgesysctrl_getGPIO_status success val=1
05-22 07:20:50.739   737 16015 D BroadcastQueue: Finished with ordered broadcast BroadcastRecord{47a9616 u0 android.car.storagemonitoring.EXCESSIVE_IO} receivers:([ResolveInfo{cf0cb97 com.google.android.car.defaultstoragemonitoringcompanionapp/.ExcessiveIoIntentReceiver m=0x0}]) take 3ms in [foreground], remains -1
05-22 07:20:50.741   737   737 D JobScheduler: pending queue: 0 jobs.
05-22 07:20:50.741   737   737 D JobScheduler.Concurrency: Pending queue: 
05-22 07:20:50.742   824   824 D SurfaceFlinger: unisoc-graphics, commit has frameMissed:2, vysncId:435198
05-22 06:39:24.481   573   573 D spi_rst_gpio_get_output: GPIO 145 value: 1
05-22 06:39:24.481   573   573 D spidev_ioctl: gpio status=1)
05-22 07:20:50.744   573   573 I SpiService: fgesysctrl_getGPIO_status success val=0
05-22 06:39:24.487   573   573 D spi_rst_gpio_get_output: GPIO 145 value: 0
05-22 06:39:24.487   573   573 D spidev_ioctl: gpio status=0)
05-22 07:20:50.748   291  1491 D EvsDriver: forwardFrame
05-22 07:20:50.750   291  1491 D EvsDriver: Delivered 0xb400007b2f47ca30 as id 0
05-22 07:20:50.751  1137  1150 D evsmanagerd: /dev/video4 forwarded the buffer #0 to 0xb4000071fa019690 from 0xb4000071fa01b7d0
05-22 07:20:50.754   291  1135 D EvsDriver: doneWithFrame
05-22 07:20:50.756  2981  3177 I SentryImuMcuAngleSender: 179.92412rollDeg
05-22 07:20:50.756  2981  3177 I SentryImuMcuAngleSender: 1,0,0
05-22 07:20:50.751   477   477 I auditd  : type=1400 audit(0.0:4841): avc: denied { call } for comm="CameraHelper" scontext=u:r:adayo_dvr_service:s0 tcontext=u:r:mediacodec:s0 tclass=binder permissive=1
05-22 07:20:50.751   477   477 I CameraHelper: type=1400 audit(0.0:4841): avc: denied { call } for scontext=u:r:adayo_dvr_service:s0 tcontext=u:r:mediacodec:s0 tclass=binder permissive=1
05-22 07:20:50.751   477   477 I auditd  : type=1400 audit(0.0:4842): avc: denied { use } for comm="CameraHelper" path="anon_inode:sync_file" dev="anon_inodefs" ino=14085 scontext=u:r:mediacodec:s0 tcontext=u:r:adayo_dvr_service:s0 tclass=fd permissive=1
05-22 07:20:50.759   544   544 D commservice260303: msg.id = 1028,0
05-22 07:20:50.759   544   544 D commservice260303: i = 170, msgid = 8A000404
05-22 07:20:50.759   544   544 D commservice260303: msgid = -1979710460,did=138
05-22 07:20:50.759   544   544 D commservice260303: CommProtocolLibCmdBaseI2C::dataproc {"command":{"id":"imu_status","sub":""},"content":{"TimeStamp":1779405650758,"FrameCounter":22358,"GD_X":-0.010001938790082932,"GD_Y":0.00801705103367567,"GD_Z":0.017867106944322586,"AD_X":-0.0051167309284210205,"AD_Y":1.2490898370742798E-4,"AD_Z":-0.32723522186279297,"TempDsp":0,"Status":0,"CalibState":1,"SigAmpInvalid":0}},-1979710460
05-22 07:20:50.759   544   544 D commservice260303: send2Cluster len:326, 7B22636F6D6D616E64223A7B226964223A22696D755F737461747573222C22737562223A22227D2C22636F6E74656E74223A7B2254696D655374616D70223A313737393430353635303735382C224672616D65436F756E746572223A32323335382C2247445F58223A2D302E3031303030313933383739303038323933322C2247445F59223A302E30303830313730353130333336373536372C2247445F5A223A302E3031373836373130363934343332323538362C2241445F58223A2D302E303035313136373330393238343231303230352C2241445F59223A312E32343930383938333730373432373938452D342C2241445F5A223A2D302E33323732333532323138363237393239372C2254656D70447370223A302C22537461747573223A302C2243616C69625374617465223A312C22536967416D70496E76616C6964223A307D7D, 138 
05-22 07:20:50.759   544   544 D commservice260303: Push Message into SendPool fn=777584640
05-22 07:20:50.759   544   544 D commservice260303: ComProtocolLibSend2Cluster::send2ClusterRaw fn=777584640 , len=342
05-22 07:20:50.759   544   544 D commservice260303: sendCmdToPort :342!!!
05-22 07:20:50.759   544   544 D commservice260303: send Cmd To Port ++++5AA501528A010000592E6A0F93527B22636F6D6D616E64223A7B226964223A22696D755F737461747573222C22737562223A22227D2C22636F6E74656E74223A7B2254696D655374616D70223A313737393430353635303735382C224672616D65436F756E746572223A32323335382C2247445F58223A2D302E3031303030313933383739303038323933322C2247445F59223A302E30303830313730353130333336373536372C2247445F5A223A302E3031373836373130363934343332323538362C2241445F58223A2D302E303035313136373330393238343231303230352C2241445F59223A312E32343930383938333730373432373938452D342C2241445F5A223A2D302E33323732333532323138363237393239372C2254656D70447370223A302C22537461747573223A302C2243616C69625374617465223A312C22536967416D70496E76616C6964223A307D7D5E52
05-22 07:20:50.759   544   544 D commservice260303: bufferevent_write retrun value = 0
05-22 07:20:50.759   544   567 D commservice260303: client datas send succeed,send finish
05-22 07:20:50.760  2981  3178 D Sentinelmode_1.2.5.13_alpha: <SentryImuClusterFgeSender>imu_status sent to Linux, frame=22358, tsNs=935727, tsMs=1779405650758, intervalMs=40, ad=(-0.005116731,1.2490898E-4,-0.32723522), gd=(-0.010001939,0.008017051,0.017867107)
05-22 07:20:50.760  1026  1026 D MyAppLog: [2026-05-22 07:20:50.760 D tboxap tsp_WorkMachineProc:1086] [Tsp] [tsp_WorkMachineProc]TSP_WORK_LOGIN NOW !!!!
05-22 07:20:50.761   824   824 D SurfaceFlinger: unisoc-graphics, commit has frameMissed:2, vysncId:435213
05-22 07:20:50.763   573   573 I SpiService: fgesysctrl_getGPIO_status success val=1
05-22 06:39:24.506   573   573 D spi_rst_gpio_get_output: GPIO 145 value: 1
05-22 06:39:24.506   573   573 D spidev_ioctl: gpio status=1)
05-22 07:20:50.768   573   573 I SpiService: fgesysctrl_getGPIO_status success val=1
05-22 06:39:24.512   573   573 D spi_rst_gpio_get_output: GPIO 145 value: 1
05-22 06:39:24.512   573   573 D spidev_ioctl: gpio status=1)
05-22 07:20:50.773   964  1804 D [OMXB]  : usingANWBuffer: handle:0xebd42a00, format:1, w:1920, h:1080
05-22 07:20:50.774   573   573 I SpiService: fgesysctrl_getGPIO_status success val=1
05-22 07:20:50.777  2981  3177 I SentryImuMcuAngleSender: 179.91724rollDeg
05-22 07:20:50.777  2981  3177 I SentryImuMcuAngleSender: 1,0,0
05-22 06:39:24.517   573   573 D spi_rst_gpio_get_output: GPIO 145 value: 1
05-22 06:39:24.517   573   573 D spidev_ioctl: gpio status=1)
05-22 07:20:50.778   824   824 D SurfaceFlinger: unisoc-graphics, commit has frameMissed:2, vysncId:435214
05-22 07:20:50.779   573   573 I SpiService: fgesysctrl_getGPIO_status success val=1
05-22 07:20:50.781   565   599 I Sensors : 230 AccelSensor: x:-0.109190,y:0.015859,z:-10.134541
05-22 06:39:24.523   573   573 D spi_rst_gpio_get_output: GPIO 145 value: 1
05-22 06:39:24.523   573   573 D spidev_ioctl: gpio status=1)
05-22 07:20:50.785   291  1491 D EvsDriver: forwardFrame
05-22 07:20:50.785   573   573 I SpiService: fgesysctrl_getGPIO_status success val=0
05-22 06:39:24.528   573   573 D spi_rst_gpio_get_output: GPIO 145 value: 0
05-22 06:39:24.528   573   573 D spidev_ioctl: gpio status=0)
05-22 07:20:50.786   291  1491 D EvsDriver: Delivered 0xb400007b2f47ca30 as id 0
05-22 07:20:50.786  1137  1150 D evsmanagerd: /dev/video4 forwarded the buffer #0 to 0xb4000071fa019690 from 0xb4000071fa01b7d0
05-22 07:20:50.789   276   300 I rvcservice: t.code = 4, t.value = 0
05-22 07:20:50.790   291  1135 D EvsDriver: doneWithFrame
05-22 07:20:50.797  2981  3177 I SentryImuMcuAngleSender: 179.91034rollDeg
05-22 07:20:50.797  2981  3177 I SentryImuMcuAngleSender: 1,0,0
05-22 07:20:50.799   573   573 I SpiService: fgesysctrl_getGPIO_status success val=1
