05-22 07:20:49.220  1517  1517 D NavBarFragment: onShow: AlertEntry:StatusBarNotification(pkg=com.neusoft.btmusic user=UserHandle{0} id=8001 tag=null key=0|com.neusoft.btmusic|8001|null|1000: Notification(channel=media_playback_channel shortcut=null contentView=null vibrate=null sound=null defaults=0x0 flags=0x6a color=0x00000000 category=transport groupKey=silent actions=3 vis=PUBLIC))
05-22 07:20:49.220  1517  1517 D NavBarFragment: bindMediaActions: action[0] title=Previous, intent=PendingIntent{f4e8a50: android.os.BinderProxy@beb4470}
05-22 07:20:49.220  1517  1517 D NavBarFragment: bindMediaActions: action[1] title=Pause, intent=PendingIntent{c757449: android.os.BinderProxy@b332c26}
05-22 07:20:49.220  1517  1517 D NavBarFragment: bindMediaActions: action[2] title=Next, intent=PendingIntent{e6f14e: android.os.BinderProxy@d0c76b3}
05-22 07:20:49.220  1517  1517 D NavBarFragment: bindMediaActions: previous=0, playPause=1, next=2, key=0|com.neusoft.btmusic|8001|null|1000
05-22 07:20:49.220  1517  1517 D NavBarFragment: updateMediaInfo: title=还有你给我的痛, text=Wish u never-TF_ING张子墨/Top Barry, pkg=com.neusoft.btmusic
05-22 07:20:49.221   573   573 I SpiService: fgesysctrl_getGPIO_status success val=1
05-22 07:20:49.222   558  1606 I gps_hdbd: Received: '$GPGSV,1,1,01,199,42,165,,1*60
'
05-22 07:20:49.223  1026  1026 D MyAppLog: [2026-05-22 07:20:49.222 D tboxap gspDataAnalyze:346] [Gps] rev gps data:$GPGSV,1,1,01,199,42,165,,1*60
05-22 07:20:49.223  1026  1026 D MyAppLog: [2026-05-22 07:20:49.222 D tboxap gpsCommTboxmidsRecvCb:66] [Gps] [gpsCommTboxmidsRecvCb] gps nmea updated:$GPGSV,1,1,01,199,42,165,,1*60
05-22 07:20:49.223  1026  1026 D MyAppLog: 
05-22 06:39:23.234     1     1 I libprocessgroup: Successfully killed process cgroup uid 0 pid 13257 in 6ms
05-22 07:20:49.223   947 16732 D resolv  : GetAddrInfoHandler::run: {0 262144 0 983040 10081 0}
05-22 07:20:49.487  1137  1137 I auditd  : type=1400 audit(0.0:4818): avc: denied { call } for comm="binder:1137_1" scontext=u:r:evsmanagerd:s0 tcontext=u:r:adayo_dvr_service:s0 tclass=binder permissive=1
05-22 07:20:49.487  1137  1137 I binder:1137_1: type=1400 audit(0.0:4818): avc: denied { call } for scontext=u:r:evsmanagerd:s0 tcontext=u:r:adayo_dvr_service:s0 tclass=binder permissive=1
05-22 07:20:49.224   947 16732 D resolv  : resolv_getaddrinfo: explore_fqdn(): ai_family=0 ai_socktype=1 ai_protocol=6
05-22 07:20:49.224   947 16733 D resolv  : resolv_getaddrinfo: explore_fqdn(): ai_family=0 ai_socktype=1 ai_protocol=6
05-22 07:20:49.227   573   573 I SpiService: fgesysctrl_getGPIO_status success val=1
05-22 07:20:49.227   558  1606 I gps_hdbd: Received: '$GAGSV,1,1,00,7*73
'
05-22 07:20:49.229  1026  1026 D MyAppLog: [2026-05-22 07:20:49.228 D tboxap gspDataAnalyze:346] [Gps] rev gps data:$GAGSV,1,1,00,7*73
05-22 07:20:49.229  1026  1026 D MyAppLog: [2026-05-22 07:20:49.228 D tboxap gpsCommTboxmidsRecvCb:66] [Gps] [gpsCommTboxmidsRecvCb] gps nmea updated:$GAGSV,1,1,00,7*73
05-22 07:20:49.229  1026  1026 D MyAppLog: 
05-22 07:20:49.232   573   573 I SpiService: fgesysctrl_getGPIO_status success val=1
05-22 07:20:49.233   558  1606 I gps_hdbd: Received: '$GNRMC,232049.000,V,,,,,,,210526,120.0,E,N,V*4D
'
05-22 07:20:49.234   558  1606 I gps_hdbd: RMC : CALL gnss_sv_status_cb, view_in_sat <1>
05-22 07:20:49.234   558  1606 I gps_hdbd: [reportSvStatus]--->PLATFORM_BSP::Enter
05-22 07:20:49.234   824   824 D SurfaceFlinger: unisoc-graphics, commit has frameMissed:2, vysncId:434806
05-22 07:20:49.234  1026  1026 D MyAppLog: [2026-05-22 07:20:49.234 D tboxap gspDataAnalyze:346] [Gps] rev gps data:$GNRMC,232049.000,V,,,,,,,210526,120.0,E,N,V*4D
05-22 07:20:49.234  1026  1026 D MyAppLog: [2026-05-22 07:20:49.234 D tboxap Real_GPS_Command_Process:293] [Gps] GPS_INFOR_IF_COMPLETED 0f
05-22 07:20:49.234  1026  1026 D MyAppLog: [2026-05-22 07:20:49.234 D tboxap gpsCommDataCb:143] [Gps] [gpsCommDataCb] datacb
05-22 07:20:49.234  1026  1026 W MyAppLog: [2026-05-22 07:20:49.234 W tboxap gpsSyncGpsInfoToDm:263] [Gps] [gpsSyncGpsInfoToDm] fix=0 mode=49 alt=0.00 sat=0 hdop=0.00 pdop=0.00 vdop=0.00
05-22 07:20:49.235  1026  1026 D MyAppLog: [2026-05-22 07:20:49.234 D tboxap gpsIpcInfoCallBack:161] [Gps] [gpsIpcInfoCallBack] gpsIpcInfoCallBack in
05-22 07:20:49.235  1026  1026 D MyAppLog: [2026-05-22 07:20:49.234 D tboxap gpsIpcInfoCallBack:168] [Gps] [gpsIpcInfoCallBack] gps ipc init gpsIpcInfoCallBack = 0x64d0daa0fc
05-22 07:20:49.235  1026  1026 D MyAppLog: [2026-05-22 07:20:49.234 D tboxap gpsIpcInfoCallBack:176] [Gps] [gpsIpcInfoCallBack] gpsIpcInfoCallBack 44 out
05-22 07:20:49.235  1026  1026 D MyAppLog: [2026-05-22 07:20:49.234 D tboxap gpsCommTboxmidsRecvCb:66] [Gps] [gpsCommTboxmidsRecvCb] gps nmea updated:$GNRMC,232049.000,V,,,,,,,210526,120.0,E,N,V*4D
05-22 07:20:49.235  1026  1026 D MyAppLog: 
05-22 07:20:49.235  1026  1026 D MyAppLog: [2026-05-22 07:20:49.234 D tboxap GpsIpcInfoHandler:133] [Gps] [GpsIpcInfoHandler]  time 
05-22 07:20:49.236  2981  3177 I SentryImuMcuAngleSender: 179.94482rollDeg
05-22 07:20:49.236  2981  3177 I SentryImuMcuAngleSender: 1,0,0
05-22 07:20:49.237   558  1606 I gps_hdbd: hy abnormal deal:hy_cnr30_satellite_cnt=0
05-22 07:20:49.237   558  1606 D gps_hdbd: hy abnormal deal:hy_fixStatus_fail_count=0
05-22 07:20:49.238   573   573 I SpiService: fgesysctrl_getGPIO_status success val=1
05-22 07:20:49.238   558  1606 I gps_hdbd: Received: '$GNZDA,232049.000,21,05,2026,00,00*46
'
05-22 07:20:49.239   558  1606 I gps_hdbd: Received: '$GNGST,232049.000,,,,,,,*59
'
05-22 07:20:49.239  1026  1026 D MyAppLog: [2026-05-22 07:20:49.239 D tboxap gspDataAnalyze:346] [Gps] rev gps data:$GNZDA,232049.000,21,05,2026,00,00*46
05-22 07:20:49.239  1026  1026 D MyAppLog: [2026-05-22 07:20:49.239 D tboxap gpsCommTboxmidsRecvCb:66] [Gps] [gpsCommTboxmidsRecvCb] gps nmea updated:$GNZDA,232049.000,21,05,2026,00,00*46
05-22 07:20:49.239  1026  1026 D MyAppLog: 
05-22 07:20:49.239   565   599 I Sensors : 230 GyroSensor: x:-0.008704,y:0.007941,z:0.017562
05-22 07:20:49.243   573   573 I SpiService: fgesysctrl_getGPIO_status success val=0
05-22 07:20:49.244   291  1491 D EvsDriver: forwardFrame
05-22 07:20:49.245   291  1491 D EvsDriver: Delivered 0xb400007b2f47ca30 as id 0
05-22 07:20:49.245  1137  1150 D evsmanagerd: /dev/video4 forwarded the buffer #0 to 0xb4000071fa019690 from 0xb4000071fa01b7d0
05-22 07:20:49.247   964  1804 D [OMXB]  : usingANWBuffer: handle:0xebd43be0, format:1, w:1920, h:1080
05-22 07:20:49.249   291  1135 D EvsDriver: doneWithFrame
05-22 07:20:49.250  2981  3170 D SVR_MNG_SvrMngProxy: getServer: mSvrManger is null
05-22 07:20:49.250  2981  3170 D SVR_MNG_SvrMngProxy: getNewStub: 
05-22 07:20:49.250  2981  3170 D SVR_MNG_SvrMngProxy: getNewStub: getSvrManagerService start
05-22 07:20:49.252   824   824 D SurfaceFlinger: unisoc-graphics, commit has frameMissed:2, vysncId:434821
05-22 07:20:49.252  2981  3170 D SVR_MNG_SvrMngProxy: getNewStub: getSvrManagerService end
05-22 07:20:49.252  2981  3170 D SVR_MNG_SvrMngProxy: getServer: svrMngService doesn't start
05-22 07:20:49.255   544   544 D commservice260303: msg.id = 1028,0
05-22 07:20:49.256   544   544 D commservice260303: i = 170, msgid = 8A000404
05-22 07:20:49.256   544   544 D commservice260303: msgid = -1979710460,did=138
05-22 07:20:49.256   544   544 D commservice260303: CommProtocolLibCmdBaseI2C::dataproc {"command":{"id":"imu_status","sub":""},"content":{"TimeStamp":1779405649255,"FrameCounter":22321,"GD_X":-0.008704167790710926,"GD_Y":0.00794111005961895,"GD_Z":0.01756177842617035,"AD_X":-0.006320051848888397,"AD_Y":-0.0010824073106050491,"AD_Z":-0.33211612701416016,"TempDsp":0,"Status":0,"CalibState":1,"SigAmpInvalid":0}},-1979710460
05-22 07:20:49.256   544   544 D commservice260303: send2Cluster len:325, 7B22636F6D6D616E64223A7B226964223A22696D755F737461747573222C22737562223A22227D2C22636F6E74656E74223A7B2254696D655374616D70223A313737393430353634393235352C224672616D65436F756E746572223A32323332312C2247445F58223A2D302E3030383730343136373739303731303932362C2247445F59223A302E30303739343131313030353936313839352C2247445F5A223A302E30313735363137373834323631373033352C2241445F58223A2D302E3030363332303035313834383838383339372C2241445F59223A2D302E303031303832343037333130363035303439312C2241445F5A223A2D302E33333231313631323730313431363031362C2254656D70447370223A302C22537461747573223A302C2243616C69625374617465223A312C22536967416D70496E76616C6964223A307D7D, 138 
05-22 07:20:49.256   544   544 D commservice260303: Push Message into SendPool fn=140050432
05-22 07:20:49.256   544   544 D commservice260303: ComProtocolLibSend2Cluster::send2ClusterRaw fn=140050432 , len=341
05-22 07:20:49.256   544   544 D commservice260303: sendCmdToPort :341!!!
05-22 07:20:49.256   544   544 D commservice260303: send Cmd To Port ++++5AA501518A01000059086A0F93517B22636F6D6D616E64223A7B226964223A22696D755F737461747573222C22737562223A22227D2C22636F6E74656E74223A7B2254696D655374616D70223A313737393430353634393235352C224672616D65436F756E746572223A32323332312C2247445F58223A2D302E3030383730343136373739303731303932362C2247445F59223A302E30303739343131313030353936313839352C2247445F5A223A302E30313735363137373834323631373033352C2241445F58223A2D302E3030363332303035313834383838383339372C2241445F59223A2D302E303031303832343037333130363035303439312C2241445F5A223A2D302E33333231313631323730313431363031362C2254656D70447370223A302C22537461747573223A302C2243616C69625374617465223A312C22536967416D70496E76616C6964223A307D7D647E
05-22 07:20:49.256   544   544 D commservice260303: bufferevent_write retrun value = 0
05-22 07:20:49.256   544   567 D commservice260303: client datas send succeed,send finish
05-22 07:20:49.256  2981  3178 D Sentinelmode_1.2.5.13_alpha: <SentryImuClusterFgeSender>imu_status sent to Linux, frame=22321, tsNs=934221, tsMs=1779405649255, intervalMs=42, ad=(-0.006320052,-0.0010824073,-0.33211613), gd=(-0.008704168,0.00794111,0.017561778)
05-22 07:20:49.256  2981  3177 I SentryImuMcuAngleSender: 179.93105rollDeg
05-22 07:20:49.257  2981  3177 I SentryImuMcuAngleSender: 1,0,0
05-22 07:20:49.257   573   573 I SpiService: fgesysctrl_getGPIO_status success val=1
05-22 07:20:49.262   558  1606 I gps_hdbd: Received: '$GNINS,1,1,TYPE,I,V,232049.000,917200,FUS,-5,0,0,0,MOT,V,1,PATT,0.00,0.00,0.00,VEL,0.000,0.000,0.000,POS,39.9999846247,115.9999771395,108.489,IIA,1,0.00,0.00,0.00,BGA,0.44,-0.52,-1.01,0.000,0.000,0.000,IGA,0,-1,-1,0,-1,99,VG,16c2ff1*0C
'
05-22 07:20:49.263   573   573 I SpiService: fgesysctrl_getGPIO_status success val=1
05-22 07:20:49.267   558  1606 I gps_hdbd: Received: '$GNINS,CARSPEED,ADR_STATUS,0,Pulse_count,0,1,0,0,917200,9172,0.000,0.000,0.000*06
'
05-22 07:20:49.268   573   573 I SpiService: fgesysctrl_getGPIO_status success val=1
05-22 07:20:49.268   824   824 D SurfaceFlinger: unisoc-graphics, commit has frameMissed:2, vysncId:434822
05-22 07:20:49.273   558  1606 I gps_hdbd: Received: '$GNTXT,04,01,04,INS,V,1,,,,FLG,1,000000,1,0,1,0,0,Con,0*71
'
05-22 07:20:49.273   573   573 I SpiService: fgesysctrl_getGPIO_status success val=1
05-22 07:20:49.277  2981  3177 I SentryImuMcuAngleSender: 179.93105rollDeg
05-22 07:20:49.277  2981  3177 I SentryImuMcuAngleSender: 1,0,0
05-22 07:20:49.278   573   573 I SpiService: fgesysctrl_getGPIO_status success val=1
05-22 07:20:49.279   558  1606 I gps_hdbd: Received: '$GNTXT,INSTALL,0.00,0.00,0.00,0.00,0.00,0.00,0*20
'
05-22 07:20:49.280   291  1491 D EvsDriver: forwardFrame
05-22 07:20:49.281   291  1491 D EvsDriver: Delivered 0xb400007b2f47ca30 as id 0
05-22 07:20:49.281  1137  1150 D evsmanagerd: /dev/video4 forwarded the buffer #0 to 0xb4000071fa019690 from 0xb4000071fa01b7d0
05-22 07:20:49.284   573   573 I SpiService: fgesysctrl_getGPIO_status success val=0
05-22 07:20:49.284   291  1135 D EvsDriver: doneWithFrame
05-22 07:20:49.286   276   300 I rvcservice: t.code = 3, t.value = 0
05-22 07:20:49.286   558  1606 I gps_hdbd: nmea_cs <0> != calc_cs <49>, return -1
05-22 07:20:49.297   544   544 D commservice260303: msg.id = 1028,0
05-22 07:20:49.297   544   544 D commservice260303: i = 170, msgid = 8A000404
05-22 07:20:49.297   544   544 D commservice260303: msgid = -1979710460,did=138
05-22 07:20:49.297   544   544 D commservice260303: CommProtocolLibCmdBaseI2C::dataproc {"command":{"id":"imu_status","sub":""},"content":{"TimeStamp":1779405649295,"FrameCounter":22322,"GD_X":-0.009544207714498043,"GD_Y":0.007177011109888554,"GD_Z":0.01763824187219143,"AD_X":-0.005098223686218262,"AD_Y":1.3560708612203598E-4,"AD_Z":-0.33333492279052734,"TempDsp":0,"Status":0,"CalibState":1,"SigAmpInvalid":0}},-1979710460
05-22 07:20:49.297   544   544 D commservice260303: send2Cluster len:325, 7B22636F6D6D616E64223A7B226964223A22696D755F737461747573222C22737562223A22227D2C22636F6E74656E74223A7B2254696D655374616D70223A313737393430353634393239352C224672616D65436F756E746572223A32323332322C2247445F58223A2D302E3030393534343230373731343439383034332C2247445F59223A302E3030373137373031313130393838383535342C2247445F5A223A302E30313736333832343138373231393134332C2241445F58223A2D302E3030353039383232333638363231383236322C2241445F59223A312E33353630373038363132323033353938452D342C2241445F5A223A2D302E33333333333439323237393035323733342C2254656D70447370223A302C22537461747573223A302C2243616C69625374617465223A312C22536967416D70496E76616C6964223A307D7D, 138 
05-22 07:20:49.297   544   544 D commservice260303: Push Message into SendPool fn=156827648
05-22 07:20:49.297   544   544 D commservice260303: ComProtocolLibSend2Cluster::send2ClusterRaw fn=156827648 , len=341
05-22 07:20:49.297   544   544 D commservice260303: sendCmdToPort :341!!!
05-22 07:20:49.297   544   544 D commservice260303: send Cmd To Port ++++5AA501518A01000059096A0F93517B22636F6D6D616E64223A7B226964223A22696D755F737461747573222C22737562223A22227D2C22636F6E74656E74223A7B2254696D655374616D70223A313737393430353634393239352C224672616D65436F756E746572223A32323332322C2247445F58223A2D302E3030393534343230373731343439383034332C2247445F59223A302E3030373137373031313130393838383535342C2247445F5A223A302E30313736333832343138373231393134332C2241445F58223A2D302E3030353039383232333638363231383236322C2241445F59223A312E33353630373038363132323033353938452D342C2241445F5A223A2D302E33333333333439323237393035323733342C2254656D70447370223A302C22537461747573223A302C2243616C69625374617465223A312C22536967416D70496E76616C6964223A307D7DD24C
05-22 07:20:49.297   544   544 D commservice260303: bufferevent_write retrun value = 0
05-22 07:20:49.297   544   567 D commservice260303: client datas send succeed,send finish
05-22 07:20:49.297  2981  3177 I SentryImuMcuAngleSender: 179.92416rollDeg
05-22 07:20:49.297  2981  3177 I SentryImuMcuAngleSender: 1,0,0
05-22 07:20:49.298  2981  3178 D Sentinelmode_1.2.5.13_alpha: <SentryImuClusterFgeSender>imu_status sent to Linux, frame=22322, tsNs=934275, tsMs=1779405649295, intervalMs=41, ad=(-0.0050982237,1.3560709E-4,-0.33333492), gd=(-0.009544208,0.007177011,0.017638242)
05-22 07:20:49.298   573   573 I SpiService: fgesysctrl_getGPIO_status success val=1
05-22 07:20:49.304   573   573 I SpiService: fgesysctrl_getGPIO_status success val=1
05-22 07:20:49.309   573   573 I SpiService: fgesysctrl_getGPIO_status success val=1
05-22 07:20:49.314   291  1491 D EvsDriver: forwardFrame
05-22 07:20:49.315   573   573 I SpiService: fgesysctrl_getGPIO_status success val=1
05-22 07:20:49.316   291  1491 D EvsDriver: Delivered 0xb400007b2f47ca30 as id 0
05-22 07:20:49.316  1137  1150 D evsmanagerd: /dev/video4 forwarded the buffer #0 to 0xb4000071fa019690 from 0xb4000071fa01b7d0
05-22 07:20:49.316   477  1243 I dvr_service_: [myNum:0][onFrameReceived] Received Surface:1 0
05-22 07:20:49.316   291  1135 D EvsDriver: doneWithFrame
05-22 07:20:49.319  2981  3177 I SentryImuMcuAngleSender: 179.93108rollDeg
05-22 07:20:49.319  2981  3177 I SentryImuMcuAngleSender: 1,0,0
05-22 07:20:49.320   824   824 D SurfaceFlinger: unisoc-graphics, commit has frameMissed:2, vysncId:434832
05-22 07:20:49.321   573   573 I SpiService: fgesysctrl_getGPIO_status success val=0
05-22 07:20:49.324   964  1804 D [OMXB]  : usingANWBuffer: handle:0xebd427f0, format:1, w:1920, h:1080
05-22 07:20:49.325   344  1855 D DefaultVehicleHal: setProperty setValues start
05-22 07:20:49.325   344  1855 D 2026-5-19:FakeVehicleHardware: setProperty FakeVehicleHardware  ID: 0x11500f31
05-22 07:20:49.325   344  1855 D 2026-5-19:FakeVehicleHardware: setProperty id:0x11500f31,value:934307
05-22 07:20:49.325   344  1855 D DefaultVehicleHal: setProperty setValues end
05-22 07:20:49.326   344   356 D 2026-5-19:FakeVehicleHardware: setProperty FakeVehicleHardware  setValue START
05-22 07:20:49.326   344   356 D 2026-5-19:FakeVehicleHardware: setProperty FakeVehicleHardware  setValue end
05-22 07:20:49.335   573   573 I SpiService: fgesysctrl_getGPIO_status success val=1
05-22 07:20:49.337   824   824 D SurfaceFlinger: unisoc-graphics, commit has frameMissed:2, vysncId:434840
05-22 07:20:49.338   544   544 D commservice260303: msg.id = 1028,0
05-22 07:20:49.338   544   544 D commservice260303: i = 170, msgid = 8A000404
05-22 07:20:49.338   544   544 D commservice260303: msgid = -1979710460,did=138
05-22 07:20:49.338   544   544 D commservice260303: CommProtocolLibCmdBaseI2C::dataproc {"command":{"id":"imu_status","sub":""},"content":{"TimeStamp":1779405649338,"FrameCounter":22323,"GD_X":-0.010001938790082932,"GD_Y":0.006872204132378101,"GD_Z":0.017332913354039192,"AD_X":-0.0026588067412376404,"AD_Y":-0.002301560714840889,"AD_Z":-0.33333492279052734,"TempDsp":0,"Status":0,"CalibState":1,"SigAmpInvalid":0}},-1979710460
05-22 07:20:49.338   544   544 D commservice260303: send2Cluster len:327, 7B22636F6D6D616E64223A7B226964223A22696D755F737461747573222C22737562223A22227D2C22636F6E74656E74223A7B2254696D655374616D70223A313737393430353634393333382C224672616D65436F756E746572223A32323332332C2247445F58223A2D302E3031303030313933383739303038323933322C2247445F59223A302E3030363837323230343133323337383130312C2247445F5A223A302E3031373333323931333335343033393139322C2241445F58223A2D302E303032363538383036373431323337363430342C2241445F59223A2D302E3030323330313536303731343834303838392C2241445F5A223A2D302E33333333333439323237393035323733342C2254656D70447370223A302C22537461747573223A302C2243616C69625374617465223A312C22536967416D70496E76616C6964223A307D7D, 138 
05-22 07:20:49.338   544   544 D commservice260303: Push Message into SendPool fn=173604864
05-22 07:20:49.338   544   544 D commservice260303: ComProtocolLibSend2Cluster::send2ClusterRaw fn=173604864 , len=343
05-22 07:20:49.338   544   544 D commservice260303: sendCmdToPort :343!!!
05-22 07:20:49.339   544   544 D commservice260303: send Cmd To Port ++++5AA501538A010000590A6A0F93517B22636F6D6D616E64223A7B226964223A22696D755F737461747573222C22737562223A22227D2C22636F6E74656E74223A7B2254696D655374616D70223A313737393430353634393333382C224672616D65436F756E746572223A32323332332C2247445F58223A2D302E3031303030313933383739303038323933322C2247445F59223A302E3030363837323230343133323337383130312C2247445F5A223A302E3031373333323931333335343033393139322C2241445F58223A2D302E303032363538383036373431323337363430342C2241445F59223A2D302E3030323330313536303731343834303838392C2241445F5A223A2D302E33333333333439323237393035323733342C2254656D70447370223A302C22537461747573223A302C2243616C69625374617465223A312C22536967416D70496E76616C6964223A307D7D8DD3
05-22 07:20:49.339   544   544 D commservice260303: bufferevent_write retrun value = 0
05-22 07:20:49.339   544   567 D commservice260303: client datas send succeed,send finish
05-22 07:20:49.339  2981  3178 D Sentinelmode_1.2.5.13_alpha: <SentryImuClusterFgeSender>imu_status sent to Linux, frame=22323, tsNs=934310, tsMs=1779405649338, intervalMs=42, ad=(-0.0026588067,-0.0023015607,-0.33333492), gd=(-0.010001939,0.006872204,0.017332913)
05-22 07:20:49.339  2981  3177 I SentryImuMcuAngleSender: 179.93796rollDeg
05-22 07:20:49.339  2981  3177 I SentryImuMcuAngleSender: 1,0,0
05-22 07:20:49.340   573   573 I SpiService: fgesysctrl_getGPIO_status success val=1
05-22 07:20:49.345   573   573 I SpiService: fgesysctrl_getGPIO_status success val=1
05-22 07:20:49.348   291  1491 D EvsDriver: forwardFrame
05-22 07:20:49.349   291  1491 D EvsDriver: Delivered 0xb400007b2f47ca30 as id 0
05-22 07:20:49.350  1137  1150 D evsmanagerd: /dev/video4 forwarded the buffer #0 to 0xb4000071fa019690 from 0xb4000071fa01b7d0
05-22 07:20:49.351   573   573 I SpiService: fgesysctrl_getGPIO_status success val=1
05-22 07:20:49.351  1026  1026 D MyAppLog: [2026-05-22 07:20:49.351 D tboxap tsp_WorkMachineProc:1086] [Tsp] [tsp_WorkMachineProc]TSP_WORK_LOGIN NOW !!!!
05-22 07:20:49.352   291  1135 D EvsDriver: doneWithFrame
05-22 07:20:49.353   824   824 D SurfaceFlinger: unisoc-graphics, commit has frameMissed:2, vysncId:434841
05-22 07:20:49.357   573   573 I SpiService: fgesysctrl_getGPIO_status success val=1
05-22 07:20:49.360  2981  3177 I SentryImuMcuAngleSender: 179.94139rollDeg
05-22 07:20:49.361  2981  3177 I SentryImuMcuAngleSender: 1,0,0
05-22 07:20:49.362   573   573 I SpiService: fgesysctrl_getGPIO_status success val=1
05-22 07:20:49.367  2981  3177 I SentryImuMcuAngleSender: [4, 18, 1, 0, 0],5
05-22 07:20:49.367  2981  3177 I McuCommManager: mcuCommSendcmd [4, 18, 1, 0, 0]
05-22 07:20:49.368   573   573 I SpiService: fgesysctrl_getGPIO_status success val=0
05-22 07:20:49.368  2981  3177 I SentryImuMcuAngleSender: true
05-22 07:20:49.368  2981  3177 W Sentinelmode_1.2.5.13_alpha: <SentryImuMcuAngleSender>MCU IMU send interval abnormal: 1000ms
05-22 07:20:49.376   344   510 W automotive.vehicle@2.0-adayo-func-bcm: BCMFunc sendMessageFromClient_l sendMessage prop: 0x11500f31 not in table
05-22 07:20:49.379   544   544 D commservice260303: msg.id = 1028,0
05-22 07:20:49.379   544   544 D commservice260303: i = 170, msgid = 8A000404
05-22 07:20:49.379   544   544 D commservice260303: msgid = -1979710460,did=138
05-22 07:20:49.379   544   544 D commservice260303: CommProtocolLibCmdBaseI2C::dataproc {"command":{"id":"imu_status","sub":""},"content":{"TimeStamp":1779405649379,"FrameCounter":22324,"GD_X":-0.009010015055537224,"GD_Y":0.007788185961544514,"GD_Z":0.01756177842617035,"AD_X":-0.002659901976585388,"AD_Y":-0.0035163704305887222,"AD_Z":-0.33211612701416016,"TempDsp":0,"Status":0,"CalibState":1,"SigAmpInvalid":0}},-1979710460
05-22 07:20:49.380   544   544 D commservice260303: send2Cluster len:326, 7B22636F6D6D616E64223A7B226964223A22696D755F737461747573222C22737562223A22227D2C22636F6E74656E74223A7B2254696D655374616D70223A313737393430353634393337392C224672616D65436F756E746572223A32323332342C2247445F58223A2D302E3030393031303031353035353533373232342C2247445F59223A302E3030373738383138353936313534343531342C2247445F5A223A302E30313735363137373834323631373033352C2241445F58223A2D302E3030323635393930313937363538353338382C2241445F59223A2D302E303033353136333730343330353838373232322C2241445F5A223A2D302E33333231313631323730313431363031362C2254656D70447370223A302C22537461747573223A302C2243616C69625374617465223A312C22536967416D70496E76616C6964223A307D7D, 138 
05-22 07:20:49.380   544   544 D commservice260303: Push Message into SendPool fn=190382080
05-22 07:20:49.380   544   544 D commservice260303: ComProtocolLibSend2Cluster::send2ClusterRaw fn=190382080 , len=342
05-22 07:20:49.380   544   544 D commservice260303: sendCmdToPort :342!!!
05-22 07:20:49.380   544   544 D commservice260303: send Cmd To Port ++++5AA501528A010000590B6A0F93517B22636F6D6D616E64223A7B226964223A22696D755F737461747573222C22737562223A22227D2C22636F6E74656E74223A7B2254696D655374616D70223A313737393430353634393337392C224672616D65436F756E746572223A32323332342C2247445F58223A2D302E3030393031303031353035353533373232342C2247445F59223A302E3030373738383138353936313534343531342C2247445F5A223A302E30313735363137373834323631373033352C2241445F58223A2D302E3030323635393930313937363538353338382C2241445F59223A2D302E303033353136333730343330353838373232322C2241445F5A223A2D302E33333231313631323730313431363031362C2254656D70447370223A302C22537461747573223A302C2243616C69625374617465223A312C22536967416D70496E76616C6964223A307D7DC6EB
05-22 07:20:49.380   544   544 D commservice260303: bufferevent_write retrun value = 0
05-22 07:20:49.380   544   567 D commservice260303: client datas send succeed,send finish
05-22 07:20:49.380  2981  3178 D Sentinelmode_1.2.5.13_alpha: <SentryImuClusterFgeSender>imu_status sent to Linux, frame=22324, tsNs=934346, tsMs=1779405649379, intervalMs=41, ad=(-0.002659902,-0.0035163704,-0.33211613), gd=(-0.009010015,0.007788186,0.017561778)
05-22 07:20:49.381  2981  3177 I SentryImuMcuAngleSender: 179.94484rollDeg
05-22 07:20:49.381  2981  3177 I SentryImuMcuAngleSender: 1,0,0
05-22 07:20:49.381   573   573 I SpiService: fgesysctrl_getGPIO_status success val=1
05-22 07:20:49.386   276   300 I rvcservice: t.code = 0, t.value = 0
05-22 07:20:49.387   573   573 I SpiService: fgesysctrl_getGPIO_status success val=1
05-22 07:20:49.390   291  1491 D EvsDriver: forwardFrame
05-22 07:20:49.392   573   573 I SpiService: fgesysctrl_getGPIO_status success val=1
05-22 07:20:49.393  1137  1150 D evsmanagerd: /dev/video4 forwarded the buffer #0 to 0xb4000071fa019690 from 0xb4000071fa01b7d0
05-22 07:20:49.393   291  1491 D EvsDriver: Delivered 0xb400007b2f47ca30 as id 0
05-22 07:20:49.398   291  1135 D EvsDriver: doneWithFrame
05-22 07:20:49.398   573   573 I SpiService: fgesysctrl_getGPIO_status success val=1
05-22 07:20:49.400   565   599 I Sensors : 230 AccelSensor: x:-0.107360,y:0.013420,z:-10.136980
05-22 07:20:49.401   964  1804 D [OMXB]  : usingANWBuffer: handle:0xebd433a0, format:1, w:1920, h:1080
05-22 07:20:49.401  2981  3177 I SentryImuMcuAngleSender: 179.92415rollDeg
05-22 07:20:49.401  2981  3177 I SentryImuMcuAngleSender: 1,0,0
05-22 07:20:49.403   824   824 D SurfaceFlinger: unisoc-graphics, commit has frameMissed:2, vysncId:434851
05-22 07:20:49.403   573   573 I SpiService: fgesysctrl_getGPIO_status success val=1
05-22 07:20:49.409   573   573 I SpiService: fgesysctrl_getGPIO_status success val=0
05-22 07:20:49.409   486   579 I mcuc    : send SPI:6AA6000A2500050412010000B5
05-22 07:20:49.411   291  1491 D EvsDriver: forwardFrame
05-22 07:20:49.412   291  1491 D EvsDriver: Delivered 0xb400007b2f47ca30 as id 0
05-22 07:20:49.412  1137  1150 D evsmanagerd: /dev/video4 forwarded the buffer #0 to 0xb4000071fa019690 from 0xb4000071fa01b7d0
05-22 07:20:49.413   291  1135 D EvsDriver: doneWithFrame
05-22 07:20:49.420   544   544 D commservice260303: msg.id = 1028,0
05-22 07:20:49.420   824   824 D SurfaceFlinger: unisoc-graphics, commit has frameMissed:2, vysncId:434859
05-22 07:20:49.420   544   544 D commservice260303: i = 170, msgid = 8A000404
05-22 07:20:49.420   544   544 D commservice260303: msgid = -1979710460,did=138
05-22 07:20:49.420   544   544 D commservice260303: CommProtocolLibCmdBaseI2C::dataproc {"command":{"id":"imu_status","sub":""},"content":{"TimeStamp":1779405649419,"FrameCounter":22325,"GD_X":-0.00923888012766838,"GD_Y":0.007864127866923809,"GD_Z":0.017485838383436203,"AD_X":-0.0026615187525749207,"AD_Y":0.0013633565977215767,"AD_Z":-0.32967567443847656,"TempDsp":0,"Status":0,"CalibState":1,"SigAmpInvalid":0}},-1979710460
05-22 07:20:49.420   544   544 D commservice260303: send2Cluster len:326, 7B22636F6D6D616E64223A7B226964223A22696D755F737461747573222C22737562223A22227D2C22636F6E74656E74223A7B2254696D655374616D70223A313737393430353634393431392C224672616D65436F756E746572223A32323332352C2247445F58223A2D302E30303932333838383031323736363833382C2247445F59223A302E3030373836343132373836363932333830392C2247445F5A223A302E3031373438353833383338333433363230332C2241445F58223A2D302E303032363631353138373532353734393230372C2241445F59223A302E303031333633333536353937373231353736372C2241445F5A223A2D302E33323936373536373434333834373635362C2254656D70447370223A302C22537461747573223A302C2243616C69625374617465223A312C22536967416D70496E76616C6964223A307D7D, 138 
05-22 07:20:49.420   544   544 D commservice260303: Push Message into SendPool fn=207159296
05-22 07:20:49.420   544   544 D commservice260303: ComProtocolLibSend2Cluster::send2ClusterRaw fn=207159296 , len=342
05-22 07:20:49.420   544   544 D commservice260303: sendCmdToPort :342!!!
05-22 07:20:49.420   544   544 D commservice260303: send Cmd To Port ++++5AA501528A010000590C6A0F93517B22636F6D6D616E64223A7B226964223A22696D755F737461747573222C22737562223A22227D2C22636F6E74656E74223A7B2254696D655374616D70223A313737393430353634393431392C224672616D65436F756E746572223A32323332352C2247445F58223A2D302E30303932333838383031323736363833382C2247445F59223A302E3030373836343132373836363932333830392C2247445F5A223A302E3031373438353833383338333433363230332C2241445F58223A2D302E303032363631353138373532353734393230372C2241445F59223A302E303031333633333536353937373231353736372C2241445F5A223A2D302E33323936373536373434333834373635362C2254656D70447370223A302C22537461747573223A302C2243616C69625374617465223A312C22536967416D70496E76616C6964223A307D7D174F
05-22 07:20:49.420   544   544 D commservice260303: bufferevent_write retrun value = 0
05-22 07:20:49.420   544   567 D commservice260303: client datas send succeed,send finish
05-22 07:20:49.420  2981  3178 D Sentinelmode_1.2.5.13_alpha: <SentryImuClusterFgeSender>imu_status sent to Linux, frame=22325, tsNs=934400, tsMs=1779405649419, intervalMs=40, ad=(-0.0026615188,0.0013633566,-0.32967567), gd=(-0.00923888,0.007864128,0.017485838)
05-22 07:20:49.421  2981  3177 I SentryImuMcuAngleSender: 179.91725rollDeg
05-22 07:20:49.421  2981  3177 I SentryImuMcuAngleSender: 1,0,0
05-22 07:20:49.423   573   573 I SpiService: fgesysctrl_getGPIO_status success val=1
05-22 07:20:49.428   573   573 I SpiService: fgesysctrl_getGPIO_status success val=1
05-22 07:20:49.433   573   573 I SpiService: fgesysctrl_getGPIO_status success val=1
05-22 07:20:49.436   565   599 I Sensors : 230 GyroSensor: x:-0.009086,y:0.008017,z:0.017486
05-22 07:20:49.438   573   573 I SpiService: fgesysctrl_getGPIO_status success val=1
05-22 07:20:49.439   824   824 D SurfaceFlinger: unisoc-graphics, commit has frameMissed:2, vysncId:434860
05-22 07:20:49.442  2981  3177 I SentryImuMcuAngleSender: 179.9276rollDeg
05-22 07:20:49.443  2981  3177 I SentryImuMcuAngleSender: 1,0,0
05-22 07:20:49.444   573   573 I SpiService: fgesysctrl_getGPIO_status success val=0
05-22 07:20:49.446   291  1491 D EvsDriver: forwardFrame
05-22 07:20:49.452   291  1491 D EvsDriver: Delivered 0xb400007b2f47ca30 as id 0
05-22 07:20:49.452  1137  1150 D evsmanagerd: /dev/video4 forwarded the buffer #0 to 0xb4000071fa019690 from 0xb4000071fa01b7d0
05-22 07:20:49.459   573   573 I SpiService: fgesysctrl_getGPIO_status success val=1
05-22 07:20:49.460  2203  9727 I ADAYO_LOG_: execute(CmdFunc.java:99)logcat execute command finally : [logcat -b all -c]
05-22 07:20:49.461  2203  9727 I ADAYO_LOG_: execute(CmdFunc.java:117)logcatexecute command end, errorMsg: , and status: 0: 
05-22 07:20:49.463   291  1135 D EvsDriver: doneWithFrame
05-22 07:20:49.463  2981  3177 I SentryImuMcuAngleSender: 179.9276rollDeg
05-22 07:20:49.463  2981  3177 I SentryImuMcuAngleSender: 1,0,0
05-22 07:20:49.464   544   544 D commservice260303: msg.id = 1028,0
05-22 07:20:49.464   544   544 D commservice260303: i = 170, msgid = 8A000404
05-22 07:20:49.464   544   544 D commservice260303: msgid = -1979710460,did=138
05-22 07:20:49.464   544   544 D commservice260303: CommProtocolLibCmdBaseI2C::dataproc {"command":{"id":"imu_status","sub":""},"content":{"TimeStamp":1779405649461,"FrameCounter":22326,"GD_X":-0.00908595696091652,"GD_Y":0.00801705103367567,"GD_Z":0.017485838383436203,"AD_X":-0.0026620477437973022,"AD_Y":-4.6563521027565E-4,"AD_Z":-0.32967567443847656,"TempDsp":0,"Status":0,"CalibState":1,"SigAmpInvalid":0}},-1979710460
05-22 07:20:49.464   544   544 D commservice260303: send2Cluster len:323, 7B22636F6D6D616E64223A7B226964223A22696D755F737461747573222C22737562223A22227D2C22636F6E74656E74223A7B2254696D655374616D70223A313737393430353634393436312C224672616D65436F756E746572223A32323332362C2247445F58223A2D302E30303930383539353639363039313635322C2247445F59223A302E30303830313730353130333336373536372C2247445F5A223A302E3031373438353833383338333433363230332C2241445F58223A2D302E303032363632303437373433373937333032322C2241445F59223A2D342E36353633353231303237353635452D342C2241445F5A223A2D302E33323936373536373434333834373635362C2254656D70447370223A302C22537461747573223A302C2243616C69625374617465223A312C22536967416D70496E76616C6964223A307D7D, 138 
05-22 07:20:49.464   544   544 D commservice260303: Push Message into SendPool fn=223936512
05-22 07:20:49.464   544   544 D commservice260303: ComProtocolLibSend2Cluster::send2ClusterRaw fn=223936512 , len=339
05-22 07:20:49.464   544   544 D commservice260303: sendCmdToPort :339!!!
05-22 07:20:49.465   544   544 D commservice260303: send Cmd To Port ++++5AA5014F8A010000590D6A0F93517B22636F6D6D616E64223A7B226964223A22696D755F737461747573222C22737562223A22227D2C22636F6E74656E74223A7B2254696D655374616D70223A313737393430353634393436312C224672616D65436F756E746572223A32323332362C2247445F58223A2D302E30303930383539353639363039313635322C2247445F59223A302E30303830313730353130333336373536372C2247445F5A223A302E3031373438353833383338333433363230332C2241445F58223A2D302E303032363632303437373433373937333032322C2241445F59223A2D342E36353633353231303237353635452D342C2241445F5A223A2D302E33323936373536373434333834373635362C2254656D70447370223A302C22537461747573223A302C2243616C69625374617465223A312C22536967416D70496E76616C6964223A307D7DE081
05-22 07:20:49.465   544   544 D commservice260303: bufferevent_write retrun value = 0
05-22 07:20:49.465   544   567 D commservice260303: client datas send succeed,send finish
05-22 07:20:49.465   573   573 I SpiService: fgesysctrl_getGPIO_status success val=1
05-22 07:20:49.465  2981  3178 D Sentinelmode_1.2.5.13_alpha: <SentryImuClusterFgeSender>imu_status sent to Linux, frame=22326, tsNs=934417, tsMs=1779405649461, intervalMs=45, ad=(-0.0026620477,-4.656352E-4,-0.32967567), gd=(-0.009085957,0.008017051,0.017485838)
05-22 07:20:49.467   964  1804 D [OMXB]  : usingANWBuffer: handle:0xebd44c60, format:1, w:1920, h:1080
05-22 07:20:49.471   573   573 I SpiService: fgesysctrl_getGPIO_status success val=1
05-22 07:20:49.476   573   573 I SpiService: fgesysctrl_getGPIO_status success val=1
05-22 07:20:49.479   291  1491 D EvsDriver: forwardFrame
05-22 07:20:49.482   573   573 I SpiService: fgesysctrl_getGPIO_status success val=1
05-22 07:20:49.483  2981  3177 I SentryImuMcuAngleSender: 179.94482rollDeg
05-22 07:20:49.483  2981  3177 I SentryImuMcuAngleSender: 1,0,0
05-22 07:20:49.486   276   300 I rvcservice: t.code = 3, t.value = 0
05-22 07:20:49.487   573   573 I SpiService: fgesysctrl_getGPIO_status success val=0
05-22 07:20:49.489   824   824 D SurfaceFlinger: unisoc-graphics, commit has frameMissed:2, vysncId:434870
05-22 07:20:49.490  1137  1150 D evsmanagerd: /dev/video4 forwarded the buffer #0 to 0xb4000071fa019690 from 0xb4000071fa01b7d0
05-22 07:20:49.493   291  1491 D EvsDriver: Delivered 0xb400007b2f47ca30 as id 0
05-22 07:20:49.495   291  1135 D EvsDriver: doneWithFrame
05-22 07:20:49.497   964  1804 D [OMXB]  : usingANWBuffer: handle:0xebd42ed0, format:1, w:1920, h:1080
05-22 07:20:49.500   486   580 I mcuc    : rev,n=1,6AA681123F000A89002101040921123456AF
05-22 07:20:49.501  1091  1116 I tboxmids_ap: [2026-05-22 07:20:49.501] [MCU RX] src=MCU dst=ZMQ len=10 type=BINARY data=00 08 21 01 04 09 21 12 34 56 
05-22 07:20:49.501   344   361 D automotive.vehicle@2.0-adayo-datacomm-mcu: MCUDatacomm sendMessageFromVehicle prop: 0x89, areaId: 0x0, status: 0x21, timestamp: 0x1
05-22 07:20:49.507  2203  2203 I auditd  : type=1400 audit(0.0:4819): avc: denied { write } for comm="CACHEABLE" name="logcat" dev="vda93" ino=65538 scontext=u:r:system_app:s0 tcontext=u:object_r:log_data_file:s0 tclass=dir permissive=1
05-22 07:20:49.507  2203  2203 I CACHEABLE: type=1400 audit(0.0:4819): avc: denied { write } for name="logcat" dev="vda93" ino=65538 scontext=u:r:system_app:s0 tcontext=u:object_r:log_data_file:s0 tclass=dir permissive=1
05-22 07:20:49.507  2203  2203 I auditd  : type=1400 audit(0.0:4820): avc: denied { add_name } for comm="CACHEABLE" name="logcat_2026_05_22_07_20_48_918-1.zip" scontext=u:r:system_app:s0 tcontext=u:object_r:log_data_file:s0 tclass=dir permissive=1
05-22 07:20:49.507  2203  2203 I CACHEABLE: type=1400 audit(0.0:4820): avc: denied { add_name } for name="logcat_2026_05_22_07_20_48_918-1.zip" scontext=u:r:system_app:s0 tcontext=u:object_r:log_data_file:s0 tclass=dir permissive=1
05-22 07:20:49.507  2203  2203 I auditd  : type=1400 audit(0.0:4821): avc: denied { create } for comm="CACHEABLE" name="logcat_2026_05_22_07_20_48_918-1.zip" scontext=u:r:system_app:s0 tcontext=u:object_r:log_data_file:s0 tclass=file permissive=1
05-22 07:20:49.507  2203  2203 I CACHEABLE: type=1400 audit(0.0:4821): avc: denied { create } for name="logcat_2026_05_22_07_20_48_918-1.zip" scontext=u:r:system_app:s0 tcontext=u:object_r:log_data_file:s0 tclass=file permissive=1
05-22 07:20:49.501  1026  1026 I MyAppLog: [2026-05-22 07:20:49.501 I tboxap mcuCommTboxmidsRecvCb:96] [Mcu] [mcuCommTboxmidsRecvCb] recv from tboxmids, size:10
05-22 07:20:49.502  1026  1026 I MyAppLog: [2026-05-22 07:20:49.501 I tboxap mcuCommTboxmidsRecvCb:97] [Mcu] [tboxmids -> tboxap]: :00 08 21 01 04 09 21 12 34 56
05-22 07:20:49.502  1026  1026 I MyAppLog: [2026-05-22 07:20:49.501 I tboxap mcuPtlParseData:969] [Mcu] [Mcu  Parse]: (cmd):0921 (param):0921123456
05-22 07:20:49.502  1026  1026 D MyAppLog: [2026-05-22 07:20:49.501 D tboxap mcuCommCbHandel:1009] [Mcu] [Mcu  Rev]: (cmd):0921 (param value):123456
05-22 07:20:49.502  1026  1026 W MyAppLog: [2026-05-22 07:20:49.501 W tboxap mcuParamDataRevPack:897] [Mcu] mcuParamDataRevPack start pack data!!!
05-22 07:20:49.502   573   573 I SpiService: fgesysctrl_getGPIO_status success val=1
05-22 07:20:49.502  1026  1026 W MyAppLog: [2026-05-22 07:20:49.501 W tboxap mcuHandleFaultCodeInd:1185] [Mcu] [mcuHandleFaultCodeInd] recv 0x0921 fault count:18 stored:2 firstCode:0x34
05-22 07:20:49.502  1026  1026 I MyAppLog: [2026-05-22 07:20:49.501 I tboxap mcuSendYadiTransfer:195] [Mcu] [mcuYadiSend]: :00 06 B7 04 01 09 A1 01
05-22 07:20:49.502  1026  1026 D MyAppLog: [2026-05-22 07:20:49.501 D tboxap SendMsgBufEvent:298] [System] [SendMsgBufEvent] send message(msg:0x0037, size:2)
05-22 07:20:49.502  1026  1026 D MyAppLog: [2026-05-22 07:20:49.501 D tboxap SysMainEventHandler:1090] [System] [SysMainEventHandler] recv message(msg:0x0037, size:2)
05-22 07:20:49.502  1026  1026 W MyAppLog: [2026-05-22 07:20:49.501 W tboxap tsp_ExternalEvent:80] [Tsp] [tsp_ExternalEvent] recv ExternalEvent = 55, size:2
05-22 07:20:49.502  1091  1133 D tboxmids_ap: Frame Size: 10
05-22 07:20:49.502  1091  1133 D tboxmids_ap: Hex Data:
05-22 07:20:49.502  1091  1133 D tboxmids_ap: 09 
05-22 07:20:49.502  1091  1133 D tboxmids_ap: 01 
05-22 07:20:49.502  1091  1133 D tboxmids_ap: 00 
05-22 07:20:49.502  1091  1133 D tboxmids_ap: 06 
05-22 07:20:49.502  1091  1133 D tboxmids_ap: B7 
05-22 07:20:49.502  1091  1133 D tboxmids_ap: 04 
05-22 07:20:49.502  1091  1133 D tboxmids_ap: 01 
05-22 07:20:49.502  1091  1133 D tboxmids_ap: 09 
05-22 07:20:49.502  1091  1133 D tboxmids_ap: A1 
05-22 07:20:49.503  1091  1133 D tboxmids_ap: 01 
05-22 07:20:49.503  1091  1133 D tboxmids_ap: 
05-22 07:20:49.503  1091  1133 D tboxmids_ap: Hex Data end 
05-22 07:20:49.503   544   544 D commservice260303: msg.id = 1028,0
05-22 07:20:49.503   544   544 D commservice260303: i = 170, msgid = 8A000404
05-22 07:20:49.503   544   544 D commservice260303: msgid = -1979710460,did=138
05-22 07:20:49.503   544   544 D commservice260303: CommProtocolLibCmdBaseI2C::dataproc {"command":{"id":"imu_status","sub":""},"content":{"TimeStamp":1779405649503,"FrameCounter":22327,"GD_X":-0.009010015055537224,"GD_Y":0.0073299347423017025,"GD_Z":0.01756177842617035,"AD_X":-8.363053202629089E-4,"AD_Y":-0.0035079335793852806,"AD_Z":-0.33028602600097656,"TempDsp":0,"Status":0,"CalibState":1,"SigAmpInvalid":0}},-1979710460
05-22 07:20:49.503   544   544 D commservice260303: send2Cluster len:327, 7B22636F6D6D616E64223A7B226964223A22696D755F737461747573222C22737562223A22227D2C22636F6E74656E74223A7B2254696D655374616D70223A313737393430353634393530332C224672616D65436F756E746572223A32323332372C2247445F58223A2D302E3030393031303031353035353533373232342C2247445F59223A302E303037333239393334373432333031373032352C2247445F5A223A302E30313735363137373834323631373033352C2241445F58223A2D382E333633303533323032363239303839452D342C2241445F59223A2D302E303033353037393333353739333835323830362C2241445F5A223A2D302E33333032383630323630303039373635362C2254656D70447370223A302C22537461747573223A302C2243616C69625374617465223A312C22536967416D70496E76616C6964223A307D7D, 138 
05-22 07:20:49.503   544   544 D commservice260303: Push Message into SendPool fn=240713728
05-22 07:20:49.504   544   544 D commservice260303: ComProtocolLibSend2Cluster::send2ClusterRaw fn=240713728 , len=343
05-22 07:20:49.504   544   544 D commservice260303: sendCmdToPort :343!!!
05-22 07:20:49.504   544   544 D commservice260303: send Cmd To Port ++++5AA501538A010000590E6A0F93517B22636F6D6D616E64223A7B226964223A22696D755F737461747573222C22737562223A22227D2C22636F6E74656E74223A7B2254696D655374616D70223A313737393430353634393530332C224672616D65436F756E746572223A32323332372C2247445F58223A2D302E3030393031303031353035353533373232342C2247445F59223A302E303037333239393334373432333031373032352C2247445F5A223A302E30313735363137373834323631373033352C2241445F58223A2D382E333633303533323032363239303839452D342C2241445F59223A2D302E303033353037393333353739333835323830362C2241445F5A223A2D302E33333032383630323630303039373635362C2254656D70447370223A302C22537461747573223A302C2243616C69625374617465223A312C22536967416D70496E76616C6964223A307D7D92CE
05-22 07:20:49.504   544   544 D commservice260303: bufferevent_write retrun value = 0
05-22 07:20:49.504   544   567 D commservice260303: client datas send succeed,send finish
05-22 07:20:49.504  2981  3178 D Sentinelmode_1.2.5.13_alpha: <SentryImuClusterFgeSender>imu_status sent to Linux, frame=22327, tsNs=934473, tsMs=1779405649503, intervalMs=39, ad=(-8.363053E-4,-0.0035079336,-0.33028603), gd=(-0.009010015,0.0073299347,0.017561778)
05-22 07:20:49.504  2981  3177 I SentryImuMcuAngleSender: 179.94482rollDeg
05-22 07:20:49.504  2981  3177 I SentryImuMcuAngleSender: 1,0,0
05-22 07:20:49.505   486   581 I mcuc    : start timer OK = 2598 
05-22 07:20:49.506   824   824 D SurfaceFlinger: unisoc-graphics, commit has frameMissed:2, vysncId:434878
05-22 07:20:49.506  3735  3735 D NSLogUtils_MainActivity: progress->88690
05-22 07:20:49.507   573   573 I SpiService: fgesysctrl_getGPIO_status success val=1
05-22 07:20:49.509  2203  9727 I ADAYO_LOG_: executeSaveLogcat_l(LogcatFunc.java:186)path:/mnt/log_data/AndroidLog/logcat/logcat_2026_05_22_07_20_48_919-2.txt
05-22 07:20:49.511   291  1491 D EvsDriver: forwardFrame
05-22 07:20:49.512   573   573 I SpiService: fgesysctrl_getGPIO_status success val=1
05-22 07:20:49.512  1137  1150 D evsmanagerd: /dev/video4 forwarded the buffer #0 to 0xb4000071fa019690 from 0xb4000071fa01b7d0
05-22 07:20:49.513  2203  9727 I ADAYO_LOG_: executeSaveLogcat_l(LogcatFunc.java:189)COLLECT_INT_START
05-22 07:20:49.513   291  1491 D EvsDriver: Delivered 0xb400007b2f47ca30 as id 0
05-22 07:20:49.513  2203  9727 I ADAYO_LOG_: startZip(LogcatFunc.java:393)logcat file is zip packing, zipFilePath: /mnt/log_data/AndroidLog/logcat/logcat_2026_05_22_07_20_48_918-1.zip
05-22 07:20:49.513  2203  9727 I ADAYO_LOG_: startZip(LogcatFunc.java:396)isOpenEncrypt: false
05-22 07:20:49.514   291  1135 D EvsDriver: doneWithFrame
05-22 07:20:49.518   573   573 I SpiService: fgesysctrl_getGPIO_status success val=1
05-22 07:20:49.522   824   824 D SurfaceFlinger: unisoc-graphics, commit has frameMissed:2, vysncId:434879
05-22 07:20:49.523   573   573 I SpiService: fgesysctrl_getGPIO_status success val=1
05-22 07:20:49.524  2981  3177 I SentryImuMcuAngleSender: 179.9276rollDeg
05-22 07:20:49.525  2981  3177 I SentryImuMcuAngleSender: 1,0,0
05-22 07:20:49.528   573   573 I SpiService: fgesysctrl_getGPIO_status success val=0
05-22 07:20:49.529   486   579 I mcuc    : send SPI:6AA602123F00028900226AA6010A2600F80901B7040109A10100000000000000000000000000000000000000000000000000000000000000000000000000000000000000000000000000000000000000000000000000000000000000000000000000000000000000000000000000000000000000000000000000000000000000000000000000000000000000000000000000000000000000000000000000000000000000000000000000000000000000000000000000000000000000000000000000000000000000000000000000000000000000000000000000000000000000000000000000000000000000000000000000000000000000000000000000000000000000000000000066
05-22 07:20:49.535  1091  1133 D tboxmids_ap: Frame Size: 12
05-22 07:20:49.535  1091  1133 D tboxmids_ap: Hex Data:
05-22 07:20:49.535  1091  1133 D tboxmids_ap: 09 
05-22 07:20:49.535  1091  1133 D tboxmids_ap: 01 
05-22 07:20:49.535  1091  1133 D tboxmids_ap: 00 
05-22 07:20:49.535  1091  1133 D tboxmids_ap: 08 
05-22 07:20:49.535  1091  1133 D tboxmids_ap: B8 
05-22 07:20:49.535  1091  1133 D tboxmids_ap: 04 
05-22 07:20:49.535  1091  1133 D tboxmids_ap: 01 
05-22 07:20:49.535  1026  1026 I MyAppLog: [2026-05-22 07:20:49.535 I tboxap mcuSendYadiTransfer:195] [Mcu] [mcuYadiSend]: :00 08 B8 04 01 09 81 02 01 01
05-22 07:20:49.535  1091  1133 D tboxmids_ap: 09 
05-22 07:20:49.535  1091  1133 D tboxmids_ap: 81 
05-22 07:20:49.536  1091  1133 D tboxmids_ap: 02 
05-22 07:20:49.536  1091  1133 D tboxmids_ap: 01 
05-22 07:20:49.536  1091  1133 D tboxmids_ap: 01 
05-22 07:20:49.536  1091  1133 D tboxmids_ap: 
05-22 07:20:49.536  1091  1133 D tboxmids_ap: Hex Data end 
05-22 07:20:49.539   486   581 I mcuc    : start timer OK = 2599 
05-22 07:20:49.539 16740 16740 I ADAYO_LOG_TRACE_LOGCAT: execute start
05-22 07:20:49.542   573   573 I SpiService: fgesysctrl_getGPIO_status success val=1
05-22 07:20:49.543   544   544 D commservice260303: msg.id = 1028,1
05-22 07:20:49.544   544   544 D commservice260303: i = 170, msgid = 8A000404
05-22 07:20:49.544   544   544 D commservice260303: msgid = -1979710460,did=138
05-22 07:20:49.544   544   544 D commservice260303: CommProtocolLibCmdBaseI2C::dataproc {"command":{"id":"imu_status","sub":""},"content":{"TimeStamp":1779405649543,"FrameCounter":22328,"GD_X":-0.009621189907193184,"GD_Y":0.007405876647680998,"GD_Z":0.018020030111074448,"AD_X":-2.3092329502105713E-4,"AD_Y":0.002590199001133442,"AD_Z":-0.32967567443847656,"TempDsp":0,"Status":0,"CalibState":1,"SigAmpInvalid":0}},-1979710460
05-22 07:20:49.544   544   544 D commservice260303: send2Cluster len:326, 7B22636F6D6D616E64223A7B226964223A22696D755F737461747573222C22737562223A22227D2C22636F6E74656E74223A7B2254696D655374616D70223A313737393430353634393534332C224672616D65436F756E746572223A32323332382C2247445F58223A2D302E3030393632313138393930373139333138342C2247445F59223A302E3030373430353837363634373638303939382C2247445F5A223A302E3031383032303033303131313037343434382C2241445F58223A2D322E33303932333239353032313035373133452D342C2241445F59223A302E3030323539303139393030313133333434322C2241445F5A223A2D302E33323936373536373434333834373635362C2254656D70447370223A302C22537461747573223A302C2243616C69625374617465223A312C22536967416D70496E76616C6964223A307D7D, 138 
05-22 07:20:49.544   544   544 D commservice260303: Push Message into SendPool fn=257490944
05-22 07:20:49.544   544   544 D commservice260303: ComProtocolLibSend2Cluster::send2ClusterRaw fn=257490944 , len=342
05-22 07:20:49.544   544   544 D commservice260303: sendCmdToPort :342!!!
05-22 07:20:49.544   544   544 D commservice260303: send Cmd To Port ++++5AA501528A010000590F6A0F93517B22636F6D6D616E64223A7B226964223A22696D755F737461747573222C22737562223A22227D2C22636F6E74656E74223A7B2254696D655374616D70223A313737393430353634393534332C224672616D65436F756E746572223A32323332382C2247445F58223A2D302E3030393632313138393930373139333138342C2247445F59223A302E3030373430353837363634373638303939382C2247445F5A223A302E3031383032303033303131313037343434382C2241445F58223A2D322E33303932333239353032313035373133452D342C2241445F59223A302E3030323539303139393030313133333434322C2241445F5A223A2D302E33323936373536373434333834373635362C2254656D70447370223A302C22537461747573223A302C2243616C69625374617465223A312C22536967416D70496E76616C6964223A307D7DCA1C
05-22 07:20:49.544   544   544 D commservice260303: bufferevent_write retrun value = 0
05-22 07:20:49.544   544   567 D commservice260303: client datas send succeed,send finish
05-22 07:20:49.545  2981  3178 D Sentinelmode_1.2.5.13_alpha: <SentryImuClusterFgeSender>imu_status sent to Linux, frame=22328, tsNs=934509, tsMs=1779405649543, intervalMs=40, ad=(-2.309233E-4,0.002590199,-0.32967567), gd=(-0.00962119,0.0074058766,0.01802003)
05-22 07:20:49.545  2981  3177 I SentryImuMcuAngleSender: 179.91724rollDeg
05-22 07:20:49.545  2981  3177 I SentryImuMcuAngleSender: 1,0,0
05-22 07:20:49.546   291  1491 D EvsDriver: forwardFrame
05-22 07:20:49.548   291  1491 D EvsDriver: Delivered 0xb400007b2f47ca30 as id 0
05-22 07:20:49.548   573   573 I SpiService: fgesysctrl_getGPIO_status success val=1
05-22 07:20:49.548  1137  1150 D evsmanagerd: /dev/video4 forwarded the buffer #0 to 0xb4000071fa019690 from 0xb4000071fa01b7d0
05-22 07:20:49.550   291  1135 D EvsDriver: doneWithFrame
05-22 07:20:49.552  1026  1026 D MyAppLog: [2026-05-22 07:20:49.552 D tboxap tsp_WorkMachineProc:1086] [Tsp] [tsp_WorkMachineProc]TSP_WORK_LOGIN NOW !!!!
05-22 07:20:49.553   573   573 I SpiService: fgesysctrl_getGPIO_status success val=1
05-22 07:20:49.559   573   573 I SpiService: fgesysctrl_getGPIO_status success val=1
05-22 07:20:49.564   573   573 I SpiService: fgesysctrl_getGPIO_status success val=1
05-22 07:20:49.566  2981  3177 I SentryImuMcuAngleSender: 179.92067rollDeg
05-22 07:20:49.566  2981  3177 I SentryImuMcuAngleSender: 1,0,0
