05-22 07:20:56.299   544   567 D commservice260303: client datas send succeed,send finish
05-22 07:20:56.300   573   573 I SpiService: fgesysctrl_getGPIO_status success val=1
05-22 07:20:56.300  2981  3178 D Sentinelmode_1.2.5.13_alpha: <SentryImuClusterFgeSender>imu_status sent to Linux, frame=22494, tsNs=941274, tsMs=1779405656297, intervalMs=42, ad=(-0.0051951036,-0.0017339494,-0.33089542), gd=(-0.009010015,0.007788186,0.017408855)
05-22 07:20:56.301   276   300 I rvcservice: t.code = 2, t.value = 10135761
05-22 06:39:30.043   573   573 D spi_rst_gpio_get_output: GPIO 145 value: 1
05-22 06:39:30.043   573   573 D spidev_ioctl: gpio status=1)
05-22 07:20:56.305   573   573 I SpiService: fgesysctrl_getGPIO_status success val=1
05-22 06:39:30.049   573   573 D spi_rst_gpio_get_output: GPIO 145 value: 1
05-22 06:39:30.049   573   573 D spidev_ioctl: gpio status=1)
05-22 07:20:56.308   565   599 I Sensors : 230 AccelSensor: x:-0.109800,y:0.013420,z:-10.136980
05-22 07:20:56.311   573   573 I SpiService: fgesysctrl_getGPIO_status success val=0
05-22 06:39:30.054   573   573 D spi_rst_gpio_get_output: GPIO 145 value: 0
05-22 06:39:30.054   573   573 D spidev_ioctl: gpio status=0)
05-22 07:20:56.314 11323 11374 D ANWStack: [    941296][ANWBT] >>Avctp_L2cap_Data_Ind_Cb
05-22 07:20:56.314 11323 11374 D ANWStack: 
05-22 07:20:56.314 11323 11374 D ANWStack: [    941296][ANWBT] AVCTP Message Length = 157
05-22 07:20:56.314 11323 11374 D ANWStack: [    941296][ANWBT] Receive AVCTP_SINGLE_PACKET
05-22 07:20:56.314 11323 11374 D ANW_AVRCP: (11323|0xD12C8CB0)[AVRCP] [**AVRCP**] 0xc2 0x110e
05-22 07:20:56.314 11323 11374 D ANW_AVRCP: (11323|0xD12C8CB0)[AVRCP] opcode match 0x0
05-22 07:20:56.314 11323 11374 D ANW_AVRCP: 
05-22 07:20:56.314 11323 11374 D ANW_AVRCP: (11323|0xD12C8CB0)[AVRCP] subopcode match 0x20, update ctype 0x1->0xc
05-22 07:20:56.314 11323 11374 D ANW_AVRCP: 
05-22 07:20:56.314 11323 11374 D ANW_AVRCP: (11323|0xD12C8CB0)[AVRCP] AVRCP_Packet_Parser Response
05-22 07:20:56.314 11323 11374 D ANW_AVRCP: 
05-22 07:20:56.314 11323 11374 D ANW_AVRCP: (11323|0xD12C8CB0)[AVRCP] AVRCP_Get_Element_Attributes_RSP_Handler
05-22 07:20:56.315 11323 11374 D ANW_AVRCP: (11323|0xD12C8CB0)[AVRCP] num of attributes: 8
05-22 07:20:56.315 11323 11374 D ANW_AVRCP: 
05-22 07:20:56.315 11323 11374 D ANWAPI  : (11323|0xD12C8CB0)[BTAPI] connmgr_find_by_handle pData = 0xb4000078d2e60eb0,7
05-22 07:20:56.315 11323 11374 D ANWAPI  : (11323|0xD12C8CB0)[BTAPI] AVRCP_GET_ELEMENT_ATTRIBUTES
05-22 07:20:56.315 11323 11374 D ANWAPI  : (11323|0xD12C8CB0)[BTAPI] connmgr_find_by_handle pData = 0xb4000078d2e60eb0,7
05-22 07:20:56.315 11323 11374 D ANWAPI  : (11323|0xD12C8CB0)[BTAPI] media attrib id(1)
05-22 07:20:56.315 11323 11374 D ANWAPI  : (11323|0xD12C8CB0)[BTAPI] MediaAttr_MediaTitle 12 106
05-22 07:20:56.315 11323 11374 D ANWAPI  : (11323|0xD12C8CB0)[BTAPI] connmgr_find_by_handle pData = 0xb4000078d2e60eb0,7
05-22 07:20:56.315 11323 11374 D ANWAPI  : (11323|0xD12C8CB0)[BTAPI] media attrib id(2)
05-22 07:20:56.315 11323 11374 D ANWAPI  : (11323|0xD12C8CB0)[BTAPI] MediaAttr_ArtistName 38 106
05-22 07:20:56.315 11323 11374 D ANWAPI  : (11323|0xD12C8CB0)[BTAPI] connmgr_find_by_handle pData = 0xb4000078d2e60eb0,7
05-22 07:20:56.315 11323 11374 D ANWAPI  : (11323|0xD12C8CB0)[BTAPI] media attrib id(3)
05-22 07:20:56.315 11323 11374 D ANWAPI  : (11323|0xD12C8CB0)[BTAPI] MediaAttr_AlbumName 12 106
05-22 07:20:56.315 11323 11374 D ANWAPI  : (11323|0xD12C8CB0)[BTAPI] connmgr_find_by_handle pData = 0xb4000078d2e60eb0,7
05-22 07:20:56.315 11323 11374 D ANWAPI  : (11323|0xD12C8CB0)[BTAPI] media attrib id(4)
05-22 07:20:56.315 11323 11374 D ANWAPI  : (11323|0xD12C8CB0)[BTAPI] MediaAttr_MediaNum 2 106
05-22 07:20:56.315   291  1491 D EvsDriver: forwardFrame
05-22 07:20:56.315 11323 11374 D ANWAPI  : (11323|0xD12C8CB0)[BTAPI] connmgr_find_by_handle pData = 0xb4000078d2e60eb0,7
05-22 07:20:56.315 11323 11374 D ANWAPI  : (11323|0xD12C8CB0)[BTAPI] media attrib id(5)
05-22 07:20:56.315 11323 11374 D ANWAPI  : (11323|0xD12C8CB0)[BTAPI] MediaAttr_TotalMediaNum 2 106
05-22 07:20:56.315 11323 11374 D ANWAPI  : (11323|0xD12C8CB0)[BTAPI] connmgr_find_by_handle pData = 0xb4000078d2e60eb0,7
05-22 07:20:56.316 11323 11374 D ANWAPI  : (11323|0xD12C8CB0)[BTAPI] media attrib id(6)
05-22 07:20:56.316 11323 11374 D ANWAPI  : (11323|0xD12C8CB0)[BTAPI] MediaAttr_Genre 0 106
05-22 07:20:56.316 11323 11374 D ANWAPI  : (11323|0xD12C8CB0)[BTAPI] connmgr_find_by_handle pData = 0xb4000078d2e60eb0,7
05-22 07:20:56.316 11323 11374 D ANWAPI  : (11323|0xD12C8CB0)[BTAPI] media attrib id(7)
05-22 07:20:56.316 11323 11374 D ANWAPI  : (11323|0xD12C8CB0)[BTAPI] MediaAttr_PlayingTimeMs 6 106
05-22 07:20:56.316 11323 11374 D ANWAPI  : (11323|0xD12C8CB0)[BTAPI] connmgr_find_by_handle pData = 0xb4000078d2e60eb0,7
05-22 07:20:56.316 11323 11374 D ANWAPI  : (11323|0xD12C8CB0)[BTAPI] media attrib id(8)
05-22 07:20:56.316 11323 11374 D ANWAPI  : (11323|0xD12C8CB0)[BTAPI] MediaAttr_CoverArt 7 106 0
05-22 07:20:56.316 11323 11374 D ANWAPI  : (11323|0xD12C8CB0)[BTAPI] connmgr_find_by_handle pData = 0xb4000078d2e60eb0,7
05-22 07:20:56.316 11323 11374 D ANWAPI  : (11323|0xD12C8CB0)[BTAPI] AVRCP_GET_ELEMENT_ATTRIBUTES_FINISH
05-22 07:20:56.316 11323 11374 D ANWAPI  : (11323|0xD12C8CB0)[BTAPI] btsdk_avrcp_post_songdetails
05-22 07:20:56.316 11323 11374 D ANWAPI  : (11323|0xD12C8CB0)[BTAPI] *BT_CB_Dispatch
05-22 07:20:56.316 11323 11374 D ANWAPI  : (11323|0xD12C8CB0)[BTAPI] *****SDK callback(0x405)
05-22 07:20:56.316 11323 11374 D ANWAPI  : (11323|0xD12C8CB0)[BTAPI] SDK***** [1c:11:2f:7c:1d:68]
05-22 07:20:56.316 11323 11374 D ANWAPI  : (11323|0xD12C8CB0)[BTAPI] btsdk_exec_apicb start
05-22 07:20:56.316 11323 11374 D ANWAPI  : (11323|0xD12C8CB0)[BTAPI] Up: AvrcpMsgHandler receive[1C:11:2F:7C:1D:68], Get Device ID(0)
05-22 07:20:56.316 11323 11374 D ANWAPI  : 
05-22 07:20:56.316 11323 11374 D ANWAPI  : (11323|0xD12C8CB0)[BTAPI] Up: AnWBT_AVRCP_CURRENT_SONG_DETAIL_IND(6)
05-22 07:20:56.316 11323 11374 D ANWAPI  : 
05-22 07:20:56.316 11323 11374 D ANWAPI  : (11323|0xD12C8CB0)[BTAPI] MediaTitle   : Top Barry：
05-22 07:20:56.316 11323 11374 D ANWAPI  : 
05-22 07:20:56.316 11323 11374 D ANWAPI  : (11323|0xD12C8CB0)[BTAPI] PlayingTimeMs: 169130
05-22 07:20:56.316 11323 11374 D ANWAPI  : 
05-22 07:20:56.317   291  1491 D EvsDriver: Delivered 0xb400007b2f47ca30 as id 0
05-22 07:20:56.317  1137  1150 D evsmanagerd: /dev/video4 forwarded the buffer #0 to 0xb4000071fa019690 from 0xb4000071fa01b7d0
05-22 07:20:56.316 11323 11374 D ANWAPI  : (11323|0xD12C8CB0)[BTAPI] AlbumName    : Wish u never
05-22 07:20:56.316 11323 11374 D ANWAPI  : 
05-22 07:20:56.317 11323 11374 D ANWAPI  : (11323|0xD12C8CB0)[BTAPI] ArtistName   : Wish u never-TF_ING张子墨/Top Barry
05-22 07:20:56.317 11323 11374 D ANWAPI  : 
05-22 07:20:56.317   477  1243 I dvr_service_: [myNum:0][onFrameReceived] Received Surface:1 0
05-22 07:20:56.317 11323 11374 D ANWAPI  : (11323|0xD12C8CB0)[BTAPI] MediaNum     : 10
05-22 07:20:56.317 11323 11374 D ANWAPI  : 
05-22 07:20:56.318 11323 11374 D ANWAPI  : (11323|0xD12C8CB0)[BTAPI] TotalMediaNum: 16
05-22 07:20:56.318 11323 11374 D ANWAPI  : 
05-22 07:20:56.318 11323 11374 D ANWAPI  : (11323|0xD12C8CB0)[BTAPI] BipHandle: 0000004)
05-22 07:20:56.318 11323 11374 D ANWAPI  : 
05-22 07:20:56.318  2981  3177 I SentryImuMcuAngleSender: 179.92415rollDeg
05-22 07:20:56.318  2981  3177 I SentryImuMcuAngleSender: 1,0,0
05-22 07:20:56.318 11323 11374 D ANWAPI  : (11323|0xD12C8CB0)[BTAPI] inform track changed cb, num_attr:7
05-22 07:20:56.318 11323 11374 D ANWAPI  : 
05-22 07:20:56.318   291  1135 D EvsDriver: doneWithFrame
05-22 07:20:56.318 11323 11374 I ANW bt_btif: inform_track_changed_cb: HAL bt_rc_ctrl_callbacks->track_changed_cb
05-22 07:20:56.318 11323 11374 I BluetoothAvrcpControllerJni: btavrcp_track_changed_callback
05-22 07:20:56.318 11323 11374 D AvrcpControllerService: onTrackChanged
05-22 07:20:56.319 11323 11374 D AvrcpItem.Builder: 3 = Wish u never
05-22 07:20:56.319 11323 11374 D AvrcpItem.Builder: 2 = Wish u never-TF_ING张子墨/Top Barry
05-22 07:20:56.319 11323 11374 D AvrcpItem.Builder: 1 = Top Barry：
05-22 07:20:56.319 11323 11374 D AvrcpItem.Builder: 4 = 10
05-22 07:20:56.319 11323 11374 D AvrcpItem.Builder: 5 = 16
05-22 07:20:56.319 11323 11374 D AvrcpItem.Builder: 7 = 169130
05-22 07:20:56.319 11323 11374 D AvrcpItem.Builder: 8 = 0000004
05-22 07:20:56.319 11323 11374 D ANWAPI  : (11323|0xD12C8CB0)[BTAPI] Up: per 1.5S get ID3 information
05-22 07:20:56.319 11323 11374 D ANWAPI  : 
05-22 07:20:56.319 11323 11374 D ANWAPI  : (11323|0xD12C8CB0)[BTAPI] AVRCP_Cancel_Auto_Get_ID3(0)
05-22 07:20:56.319 11323 11374 D ANWAPI  : 
05-22 07:20:56.319 11323 11374 D ANWAPI  : (11323|0xD12C8CB0)[BTAPI] btsdk_exec_apicb end
05-22 07:20:56.319 11323 13102 D AvrcpControllerStateMachine: Avrcp.GetFolderList processMessage 205
05-22 07:20:56.320 11323 13102 D AvrcpControllerStateMachine: Avrcp.ConnectedAvrcpController processMessage 205
05-22 07:20:56.320 11323 13102 D AvrcpCoverArtManager: Download Image - device: 1C:11:2F:7C:1D:68, Handle: f96953bf-c884-437d-b50c-aff79b193da3
05-22 07:20:56.320 11323 13102 D avrcpcontroller.BipRequest: GetImageProperties - handle: 0000004
05-22 07:20:56.320 11323 13102 D AvrcpCoverArtProvider: getImageUri -> content://com.android.bluetooth.avrcpcontroller.AvrcpCoverArtProvider?device=1C%3A11%3A2F%3A7C%3A1D%3A68&uuid=f96953bf-c884-437d-b50c-aff79b193da3
05-22 07:20:56.320 11323 13102 D BluetoothMediaBrowserService: trackChanged setMetadata=AvrcpItem{mUuid=87d2d31f-b1d4-4f2e-9d93-8db273862750, mUid=0, mItemType=3, mType=0, mDisplayableName=null, mTitle=Top Barry： mPlayingTime=169130 mTrack=10/16, mPlayable=false, mBrowsable=false, mCoverArtHandle=0000004, mImageUuid=f96953bf-c884-437d-b50c-aff79b193da3, mImageUrinull}
05-22 07:20:56.322 11323 13102 D AvrcpControllerStateMachine: removeUnusedArtwork(f96953bf-c884-437d-b50c-aff79b193da3)
05-22 07:20:56.322 11323 13102 D AvrcpControllerStateMachine: removeUnusedArtworkFromBrowseTree()
05-22 07:20:56.322  3735  3735 I NSLogUtils_BtMusicModel: onMetadataChanged metadata: android.media.MediaMetadata@94198280
05-22 07:20:56.322  3735  3735 D NSLogUtils_BtMusicModel: onMetadataChanged ====> musicTitle：Top Barry： ,singerText：169130 ,duration：169130 ,albumArtUri：null
05-22 07:20:56.322  3735  3735 I NSLogUtils_BtMusicModel: onMetadataChanged =====> title: Top Barry：,descriptionChar: MUSIC_SOURCE_BT,iconBitmap: null,iconUri: null,mediaId: null,subtitle: Wish u never-TF_ING张子墨/Top Barry
05-22 07:20:56.324  3735  3735 I NSLogUtils_BtMusicModel: musicChange metaData: android.media.MediaMetadata@94198280
05-22 07:20:56.324  3735  3735 I NSLogUtils_BtMusicModel: musicChange title: Top Barry：,artist: Wish u never-TF_ING张子墨/Top Barry,duration: 169130,album: Wish u never,albumArtUri: null
05-22 07:20:56.328   573   573 I SpiService: fgesysctrl_getGPIO_status success val=1
05-22 06:39:30.071   573   573 D spi_rst_gpio_get_output: GPIO 145 value: 1
05-22 06:39:30.071   573   573 D spidev_ioctl: gpio status=1)
05-22 07:20:56.334   573   573 I SpiService: fgesysctrl_getGPIO_status success val=1
05-22 07:20:56.337   824   824 D SurfaceFlinger: unisoc-graphics, commit has frameMissed:2, vysncId:436710
05-22 06:39:30.077   573   573 D spi_rst_gpio_get_output: GPIO 145 value: 1
05-22 06:39:30.077   573   573 D spidev_ioctl: gpio status=1)
05-22 07:20:56.338   544   544 D commservice260303: msg.id = 1028,1
05-22 07:20:56.338   544   544 D commservice260303: i = 170, msgid = 8A000404
05-22 07:20:56.338   544   544 D commservice260303: msgid = -1979710460,did=138
05-22 07:20:56.339   544   544 D commservice260303: CommProtocolLibCmdBaseI2C::dataproc {"command":{"id":"imu_status","sub":""},"content":{"TimeStamp":1779405656338,"FrameCounter":22495,"GD_X":-0.0097730727866292,"GD_Y":0.007024087477475405,"GD_Z":0.01779116503894329,"AD_X":-0.004583172500133514,"AD_Y":0.0019244570285081863,"AD_Z":-0.32845497131347656,"TempDsp":0,"Status":0,"CalibState":1,"SigAmpInvalid":0}},-1979710460
05-22 07:20:56.339  2981  3177 I SentryImuMcuAngleSender: 179.91379rollDeg
05-22 07:20:56.339   544   544 D commservice260303: send2Cluster len:323, 7B22636F6D6D616E64223A7B226964223A22696D755F737461747573222C22737562223A22227D2C22636F6E74656E74223A7B2254696D655374616D70223A313737393430353635363333382C224672616D65436F756E746572223A32323439352C2247445F58223A2D302E303039373733303732373836363239322C2247445F59223A302E3030373032343038373437373437353430352C2247445F5A223A302E30313737393131363530333839343332392C2241445F58223A2D302E3030343538333137323530303133333531342C2241445F59223A302E303031393234343537303238353038313836332C2241445F5A223A2D302E33323834353439373133313334373635362C2254656D70447370223A302C22537461747573223A302C2243616C69625374617465223A312C22536967416D70496E76616C6964223A307D7D, 138 
05-22 07:20:56.339  2981  3177 I SentryImuMcuAngleSender: 1,0,0
05-22 07:20:56.339   544   544 D commservice260303: Push Message into SendPool fn=-1168572416
05-22 07:20:56.339   544   544 D commservice260303: ComProtocolLibSend2Cluster::send2ClusterRaw fn=-1168572416 , len=339
05-22 07:20:56.339   544   544 D commservice260303: sendCmdToPort :339!!!
05-22 07:20:56.339   544   544 D commservice260303: send Cmd To Port ++++5AA5014F8A01000059BA6A0F93587B22636F6D6D616E64223A7B226964223A22696D755F737461747573222C22737562223A22227D2C22636F6E74656E74223A7B2254696D655374616D70223A313737393430353635363333382C224672616D65436F756E746572223A32323439352C2247445F58223A2D302E303039373733303732373836363239322C2247445F59223A302E3030373032343038373437373437353430352C2247445F5A223A302E30313737393131363530333839343332392C2241445F58223A2D302E3030343538333137323530303133333531342C2241445F59223A302E303031393234343537303238353038313836332C2241445F5A223A2D302E33323834353439373133313334373635362C2254656D70447370223A302C22537461747573223A302C2243616C69625374617465223A312C22536967416D70496E76616C6964223A307D7D3B34
05-22 07:20:56.339   544   544 D commservice260303: bufferevent_write retrun value = 0
05-22 07:20:56.339   544   567 D commservice260303: client datas send succeed,send finish
05-22 07:20:56.339   573   573 I SpiService: fgesysctrl_getGPIO_status success val=1
05-22 07:20:56.339  2981  3178 D Sentinelmode_1.2.5.13_alpha: <SentryImuClusterFgeSender>imu_status sent to Linux, frame=22495, tsNs=941308, tsMs=1779405656338, intervalMs=39, ad=(-0.0045831725,0.001924457,-0.32845497), gd=(-0.009773073,0.0070240875,0.017791165)
05-22 06:39:30.083   573   573 D spi_rst_gpio_get_output: GPIO 145 value: 1
05-22 06:39:30.083   573   573 D spidev_ioctl: gpio status=1)
05-22 07:20:56.343   291  1491 D EvsDriver: forwardFrame
05-22 07:20:56.344   565   599 I Sensors : 230 GyroSensor: x:-0.008933,y:0.007864,z:0.018096
05-22 07:20:56.345   291  1491 D EvsDriver: Delivered 0xb400007b2f47ca30 as id 0
05-22 07:20:56.345   573   573 I SpiService: fgesysctrl_getGPIO_status success val=1
05-22 07:20:56.345  1137  1150 D evsmanagerd: /dev/video4 forwarded the buffer #0 to 0xb4000071fa019690 from 0xb4000071fa01b7d0
05-22 06:39:30.089   573   573 D spi_rst_gpio_get_output: GPIO 145 value: 1
05-22 06:39:30.089   573   573 D spidev_ioctl: gpio status=1)
05-22 07:20:56.350   291  1135 D EvsDriver: doneWithFrame
05-22 07:20:56.351   573   573 I SpiService: fgesysctrl_getGPIO_status success val=1
05-22 06:39:30.094   573   573 D spi_rst_gpio_get_output: GPIO 145 value: 1
05-22 06:39:30.094   573   573 D spidev_ioctl: gpio status=1)
05-22 07:20:56.354   824   824 D SurfaceFlinger: unisoc-graphics, commit has frameMissed:2, vysncId:436718
05-22 07:20:56.356   573   573 I SpiService: fgesysctrl_getGPIO_status success val=0
05-22 06:39:30.100   573   573 D spi_rst_gpio_get_output: GPIO 145 value: 0
05-22 06:39:30.100   573   573 D spidev_ioctl: gpio status=0)
05-22 07:20:56.360  2981  3177 I SentryImuMcuAngleSender: 179.91724rollDeg
05-22 07:20:56.360  2981  3177 I SentryImuMcuAngleSender: 1,0,0
05-22 07:20:56.360   964  1804 D [OMXB]  : usingANWBuffer: handle:0xebd44c60, format:1, w:1920, h:1080
05-22 07:20:56.371   824   824 D SurfaceFlinger: unisoc-graphics, commit has frameMissed:2, vysncId:436719
05-22 07:20:56.371   573   573 I SpiService: fgesysctrl_getGPIO_status success val=1
05-22 06:39:30.115   573   573 D spi_rst_gpio_get_output: GPIO 145 value: 1
05-22 06:39:30.115   573   573 D spidev_ioctl: gpio status=1)
05-22 07:20:56.374  2981  3177 I SentryImuMcuAngleSender: [4, 18, 1, 0, 0],5
05-22 07:20:56.374  2981  3177 I McuCommManager: mcuCommSendcmd [4, 18, 1, 0, 0]
05-22 07:20:56.375  2981  3177 I SentryImuMcuAngleSender: true
05-22 07:20:56.375  2981  3177 W Sentinelmode_1.2.5.13_alpha: <SentryImuMcuAngleSender>MCU IMU send interval abnormal: 1001ms
05-22 07:20:56.377   573   573 I SpiService: fgesysctrl_getGPIO_status success val=1
05-22 06:39:30.120   573   573 D spi_rst_gpio_get_output: GPIO 145 value: 1
05-22 06:39:30.120   573   573 D spidev_ioctl: gpio status=1)
05-22 07:20:56.378   544   544 D commservice260303: msg.id = 1028,0
05-22 07:20:56.378   544   544 D commservice260303: i = 170, msgid = 8A000404
05-22 07:20:56.378   544   544 D commservice260303: msgid = -1979710460,did=138
05-22 07:20:56.378   544   544 D commservice260303: CommProtocolLibCmdBaseI2C::dataproc {"command":{"id":"imu_status","sub":""},"content":{"TimeStamp":1779405656377,"FrameCounter":22496,"GD_X":-0.008322898298501968,"GD_Y":0.007712244056165218,"GD_Z":0.017715223133563995,"AD_X":-0.003971569240093231,"AD_Y":-5.152830854058266E-4,"AD_Z":-0.32662487030029297,"TempDsp":0,"Status":0,"CalibState":1,"SigAmpInvalid":0}},-1979710460
05-22 07:20:56.378   544   544 D commservice260303: send2Cluster len:326, 7B22636F6D6D616E64223A7B226964223A22696D755F737461747573222C22737562223A22227D2C22636F6E74656E74223A7B2254696D655374616D70223A313737393430353635363337372C224672616D65436F756E746572223A32323439362C2247445F58223A2D302E3030383332323839383239383530313936382C2247445F59223A302E3030373731323234343035363136353231382C2247445F5A223A302E3031373731353232333133333536333939352C2241445F58223A2D302E3030333937313536393234303039333233312C2241445F59223A2D352E313532383330383534303538323636452D342C2241445F5A223A2D302E33323636323438373033303032393239372C2254656D70447370223A302C22537461747573223A302C2243616C69625374617465223A312C22536967416D70496E76616C6964223A307D7D, 138 
05-22 07:20:56.379   544   544 D commservice260303: Push Message into SendPool fn=-1151795200
05-22 07:20:56.379   544   544 D commservice260303: ComProtocolLibSend2Cluster::send2ClusterRaw fn=-1151795200 , len=342
05-22 07:20:56.379   544   544 D commservice260303: sendCmdToPort :342!!!
05-22 07:20:56.379   544   544 D commservice260303: send Cmd To Port ++++5AA501528A01000059BB6A0F93587B22636F6D6D616E64223A7B226964223A22696D755F737461747573222C22737562223A22227D2C22636F6E74656E74223A7B2254696D655374616D70223A313737393430353635363337372C224672616D65436F756E746572223A32323439362C2247445F58223A2D302E3030383332323839383239383530313936382C2247445F59223A302E3030373731323234343035363136353231382C2247445F5A223A302E3031373731353232333133333536333939352C2241445F58223A2D302E3030333937313536393234303039333233312C2241445F59223A2D352E313532383330383534303538323636452D342C2241445F5A223A2D302E33323636323438373033303032393239372C2254656D70447370223A302C22537461747573223A302C2243616C69625374617465223A312C22536967416D70496E76616C6964223A307D7D02A4
05-22 07:20:56.379   544   544 D commservice260303: bufferevent_write retrun value = 0
05-22 07:20:56.379   544   567 D commservice260303: client datas send succeed,send finish
05-22 07:20:56.379  2981  3178 D Sentinelmode_1.2.5.13_alpha: <SentryImuClusterFgeSender>imu_status sent to Linux, frame=22496, tsNs=941344, tsMs=1779405656377, intervalMs=40, ad=(-0.0039715692,-5.152831E-4,-0.32662487), gd=(-0.008322898,0.007712244,0.017715223)
05-22 07:20:56.379   291  1491 D EvsDriver: forwardFrame
05-22 07:20:56.380  2981  3177 I SentryImuMcuAngleSender: 179.92757rollDeg
05-22 07:20:56.380  2981  3177 I SentryImuMcuAngleSender: 1,0,0
05-22 07:20:56.381  1137  1150 D evsmanagerd: /dev/video4 forwarded the buffer #0 to 0xb4000071fa019690 from 0xb4000071fa01b7d0
05-22 07:20:56.381   291  1491 D EvsDriver: Delivered 0xb400007b2f47ca30 as id 0
05-22 07:20:56.383   573   573 I SpiService: fgesysctrl_getGPIO_status success val=1
05-22 06:39:30.126   573   573 D spi_rst_gpio_get_output: GPIO 145 value: 1
05-22 06:39:30.126   573   573 D spidev_ioctl: gpio status=1)
05-22 07:20:56.386  3735  3735 D NSLogUtils_MainActivity: progress->95549
05-22 07:20:56.386   291  1135 D EvsDriver: doneWithFrame
05-22 06:39:30.132   573   573 D spi_rst_gpio_get_output: GPIO 145 value: 1
05-22 06:39:30.132   573   573 D spidev_ioctl: gpio status=1)
05-22 07:20:56.388   573   573 I SpiService: fgesysctrl_getGPIO_status success val=1
05-22 07:20:56.393  1026  1026 D MyAppLog: [2026-05-22 07:20:56.392 D tboxap tsp_WorkMachineProc:1086] [Tsp] [tsp_WorkMachineProc]TSP_WORK_LOGIN NOW !!!!
05-22 07:20:56.394   573   573 I SpiService: fgesysctrl_getGPIO_status success val=0
05-22 07:20:56.394   486   579 I mcuc    : send SPI:6AA6000A3A00050412010000A0
05-22 06:39:30.137   573   573 D spi_rst_gpio_get_output: GPIO 145 value: 0
05-22 06:39:30.137   573   573 D spidev_ioctl: gpio status=0)
05-22 07:20:56.401  2981  3177 I SentryImuMcuAngleSender: 179.92413rollDeg
05-22 07:20:56.401   276   300 I rvcservice: t.code = 3, t.value = 0
05-22 07:20:56.401  2981  3177 I SentryImuMcuAngleSender: 1,0,0
05-22 07:20:56.410   573   573 I SpiService: fgesysctrl_getGPIO_status success val=1
05-22 07:20:56.411   291  1491 D EvsDriver: forwardFrame
05-22 06:39:30.153   573   573 D spi_rst_gpio_get_output: GPIO 145 value: 1
05-22 06:39:30.153   573   573 D spidev_ioctl: gpio status=1)
05-22 07:20:56.413   291  1491 D EvsDriver: Delivered 0xb400007b2f47ca30 as id 0
05-22 07:20:56.413  1137  1150 D evsmanagerd: /dev/video4 forwarded the buffer #0 to 0xb4000071fa019690 from 0xb4000071fa01b7d0
05-22 07:20:56.414   291  1135 D EvsDriver: doneWithFrame
05-22 07:20:56.415   573   573 I SpiService: fgesysctrl_getGPIO_status success val=1
05-22 06:39:30.159   573   573 D spi_rst_gpio_get_output: GPIO 145 value: 1
05-22 06:39:30.159   573   573 D spidev_ioctl: gpio status=1)
05-22 07:20:56.418   964  1804 D [OMXB]  : usingANWBuffer: handle:0xebd43660, format:1, w:1920, h:1080
05-22 07:20:56.419   544   544 D commservice260303: msg.id = 1028,0
05-22 07:20:56.419   544   544 D commservice260303: i = 170, msgid = 8A000404
05-22 07:20:56.419   544   544 D commservice260303: msgid = -1979710460,did=138
05-22 07:20:56.419   544   544 D commservice260303: CommProtocolLibCmdBaseI2C::dataproc {"command":{"id":"imu_status","sub":""},"content":{"TimeStamp":1779405656418,"FrameCounter":22497,"GD_X":-0.009544207714498043,"GD_Y":0.007864127866923809,"GD_Z":0.017332913354039192,"AD_X":-0.0027525052428245544,"AD_Y":0.001924026757478714,"AD_Z":-0.32845497131347656,"TempDsp":0,"Status":0,"CalibState":1,"SigAmpInvalid":0}},-1979710460
05-22 07:20:56.419   544   544 D commservice260303: send2Cluster len:326, 7B22636F6D6D616E64223A7B226964223A22696D755F737461747573222C22737562223A22227D2C22636F6E74656E74223A7B2254696D655374616D70223A313737393430353635363431382C224672616D65436F756E746572223A32323439372C2247445F58223A2D302E3030393534343230373731343439383034332C2247445F59223A302E3030373836343132373836363932333830392C2247445F5A223A302E3031373333323931333335343033393139322C2241445F58223A2D302E303032373532353035323432383234353534342C2241445F59223A302E3030313932343032363735373437383731342C2241445F5A223A2D302E33323834353439373133313334373635362C2254656D70447370223A302C22537461747573223A302C2243616C69625374617465223A312C22536967416D70496E76616C6964223A307D7D, 138 
05-22 07:20:56.419   544   544 D commservice260303: Push Message into SendPool fn=-1135017984
05-22 07:20:56.419   544   544 D commservice260303: ComProtocolLibSend2Cluster::send2ClusterRaw fn=-1135017984 , len=342
05-22 07:20:56.419   544   544 D commservice260303: sendCmdToPort :342!!!
05-22 07:20:56.419   544   544 D commservice260303: send Cmd To Port ++++5AA501528A01000059BC6A0F93587B22636F6D6D616E64223A7B226964223A22696D755F737461747573222C22737562223A22227D2C22636F6E74656E74223A7B2254696D655374616D70223A313737393430353635363431382C224672616D65436F756E746572223A32323439372C2247445F58223A2D302E3030393534343230373731343439383034332C2247445F59223A302E3030373836343132373836363932333830392C2247445F5A223A302E3031373333323931333335343033393139322C2241445F58223A2D302E303032373532353035323432383234353534342C2241445F59223A302E3030313932343032363735373437383731342C2241445F5A223A2D302E33323834353439373133313334373635362C2254656D70447370223A302C22537461747573223A302C2243616C69625374617465223A312C22536967416D70496E76616C6964223A307D7D9103
05-22 07:20:56.419   544   544 D commservice260303: bufferevent_write retrun value = 0
05-22 07:20:56.419   544   567 D commservice260303: client datas send succeed,send finish
05-22 07:20:56.419  2981  3178 D Sentinelmode_1.2.5.13_alpha: <SentryImuClusterFgeSender>imu_status sent to Linux, frame=22497, tsNs=941397, tsMs=1779405656418, intervalMs=40, ad=(-0.0027525052,0.0019240268,-0.32845497), gd=(-0.009544208,0.007864128,0.017332913)
05-22 07:20:56.421   573   573 I SpiService: fgesysctrl_getGPIO_status success val=1
05-22 07:20:56.421   824   824 D SurfaceFlinger: unisoc-graphics, commit has frameMissed:2, vysncId:436743
05-22 07:20:56.421  2981  3177 I SentryImuMcuAngleSender: 179.91379rollDeg
05-22 07:20:56.421  2981  3177 I SentryImuMcuAngleSender: 1,0,0
05-22 06:39:30.164   573   573 D spi_rst_gpio_get_output: GPIO 145 value: 1
05-22 06:39:30.164   573   573 D spidev_ioctl: gpio status=1)
05-22 07:20:56.426   573   573 I SpiService: fgesysctrl_getGPIO_status success val=1
05-22 06:39:30.169   573   573 D spi_rst_gpio_get_output: GPIO 145 value: 1
05-22 06:39:30.169   573   573 D spidev_ioctl: gpio status=1)
05-22 07:20:56.431   573   573 I SpiService: fgesysctrl_getGPIO_status success val=1
05-22 07:20:56.433  1026  1026 D MyAppLog: [2026-05-22 07:20:56.432 D tboxap gpsMcuDataAnalyze:471] [Gps] [gpsMcuDataAnalyze]:$GNRMC,232056.000,V,,,,,,,210526,120.0,E,N,V*43
05-22 07:20:56.433  1026  1026 D MyAppLog: 
05-22 07:20:56.433  1026  1026 D MyAppLog: [2026-05-22 07:20:56.432 D tboxap gpsMcuDataAnalyze:556] [Gps] stGps.stat:0, latitude:0 , longtitude:0,sped:0,direction:0
05-22 06:39:30.175   573   573 D spi_rst_gpio_get_output: GPIO 145 value: 1
05-22 06:39:30.175   573   573 D spidev_ioctl: gpio status=1)
05-22 07:20:56.436   573   573 I SpiService: fgesysctrl_getGPIO_status success val=1
05-22 06:39:30.180   573   573 D spi_rst_gpio_get_output: GPIO 145 value: 1
05-22 06:39:30.180   573   573 D spidev_ioctl: gpio status=1)
05-22 07:20:56.440   824   824 D SurfaceFlinger: unisoc-graphics, commit has frameMissed:2, vysncId:436751
05-22 07:20:56.441  2981  3177 I SentryImuMcuAngleSender: 179.91035rollDeg
05-22 07:20:56.441  2981  3177 I SentryImuMcuAngleSender: 1,0,0
05-22 07:20:56.442   573   573 I SpiService: fgesysctrl_getGPIO_status success val=0
05-22 06:39:30.185   573   573 D spi_rst_gpio_get_output: GPIO 145 value: 0
05-22 06:39:30.185   573   573 D spidev_ioctl: gpio status=0)
05-22 07:20:56.446   291  1491 D EvsDriver: forwardFrame
05-22 07:20:56.448   291  1491 D EvsDriver: Delivered 0xb400007b2f47ca30 as id 0
05-22 07:20:56.448  1137  1150 D evsmanagerd: /dev/video4 forwarded the buffer #0 to 0xb4000071fa019690 from 0xb4000071fa01b7d0
05-22 07:20:56.450   291  1135 D EvsDriver: doneWithFrame
05-22 07:20:56.455   573   573 I SpiService: fgesysctrl_getGPIO_status success val=1
05-22 06:39:30.199   573   573 D spi_rst_gpio_get_output: GPIO 145 value: 1
05-22 06:39:30.199   573   573 D spidev_ioctl: gpio status=1)
05-22 07:20:56.458  1658  2861 D DDSService-EngineInit: <<<engineDoAuth>>>
05-22 07:20:56.458  1658  2861 W DL-DDS-USER_I_DDS: doAuth
05-22 07:20:56.458  1658  2861 I DL-DDS-Agent: restartAuth, type:DDS-doAuth
05-22 07:20:56.459  1658  2861 D DDSService-EngineInit: startAuthTimer()
05-22 07:20:56.459  1658 16418 D DL-DDS-AI-auth_AuthNode:  topic =  local_auth.start
05-22 07:20:56.459  1658 16418 D DL-DDS-AI-auth_AuthProxy:  doAuth... 242893710
05-22 07:20:56.459  1658 16418 D DL-DDS-AI-auth_AuthProxyImpl: doAuth()
05-22 07:20:56.459  1658 16418 I DL-AIMagnus:  mContext  com.aispeech.lyra.daemon.DaemonApplication@e5bab1
05-22 07:20:56.459  1658 16418 I DL-AISpeech:  mContext  com.aispeech.lyra.daemon.DaemonApplication@e5bab1
05-22 07:20:56.459   544   544 D commservice260303: msg.id = 1028,0
05-22 07:20:56.459   544   544 D commservice260303: i = 170, msgid = 8A000404
05-22 07:20:56.459  1658 16418 D DL-AIProfile: profile no exist
05-22 07:20:56.459   544   544 D commservice260303: msgid = -1979710460,did=138
05-22 07:20:56.459  1658 16418 W DL-AIProfile: profile content is null
05-22 07:20:56.459   544   544 D commservice260303: CommProtocolLibCmdBaseI2C::dataproc {"command":{"id":"imu_status","sub":""},"content":{"TimeStamp":1779405656459,"FrameCounter":22498,"GD_X":-0.009314822033047676,"GD_Y":0.00794111005961895,"GD_Z":0.017867106944322586,"AD_X":-0.003971263766288757,"AD_Y":0.0025316933169960976,"AD_Z":-0.33028602600097656,"TempDsp":0,"Status":0,"CalibState":1,"SigAmpInvalid":0}},-1979710460
05-22 07:20:56.459  1658 16418 I DL-AIMagnus:  mContext  com.aispeech.lyra.daemon.DaemonApplication@e5bab1
05-22 07:20:56.459  1658 16418 I DL-AISpeech:  mContext  com.aispeech.lyra.daemon.DaemonApplication@e5bab1
05-22 07:20:56.459   544   544 D commservice260303: send2Cluster len:325, 7B22636F6D6D616E64223A7B226964223A22696D755F737461747573222C22737562223A22227D2C22636F6E74656E74223A7B2254696D655374616D70223A313737393430353635363435392C224672616D65436F756E746572223A32323439382C2247445F58223A2D302E3030393331343832323033333034373637362C2247445F59223A302E30303739343131313030353936313839352C2247445F5A223A302E3031373836373130363934343332323538362C2241445F58223A2D302E3030333937313236333736363238383735372C2241445F59223A302E303032353331363933333136393936303937362C2241445F5A223A2D302E33333032383630323630303039373635362C2254656D70447370223A302C22537461747573223A302C2243616C69625374617465223A312C22536967416D70496E76616C6964223A307D7D, 138 
05-22 07:20:56.460   544   544 D commservice260303: Push Message into SendPool fn=-1118240768
05-22 07:20:56.460  1658 16418 W DL-DUILiteSDK:  doAuth: b.a.ja.a.a.for@a92a0ee
05-22 07:20:56.460   544   544 D commservice260303: ComProtocolLibSend2Cluster::send2ClusterRaw fn=-1118240768 , len=341
05-22 07:20:56.460   544   544 D commservice260303: sendCmdToPort :341!!!
05-22 07:20:56.460   544   544 D commservice260303: send Cmd To Port ++++5AA501518A01000059BD6A0F93587B22636F6D6D616E64223A7B226964223A22696D755F737461747573222C22737562223A22227D2C22636F6E74656E74223A7B2254696D655374616D70223A313737393430353635363435392C224672616D65436F756E746572223A32323439382C2247445F58223A2D302E3030393331343832323033333034373637362C2247445F59223A302E30303739343131313030353936313839352C2247445F5A223A302E3031373836373130363934343332323538362C2241445F58223A2D302E3030333937313236333736363238383735372C2241445F59223A302E303032353331363933333136393936303937362C2241445F5A223A2D302E33333032383630323630303039373635362C2254656D70447370223A302C22537461747573223A302C2243616C69625374617465223A312C22536967416D70496E76616C6964223A307D7D3E08
05-22 07:20:56.460  1658 16418 D DL-DUILiteSDK:  user set config:  DUILiteConfig{authTimeout=5000, updateTrailProfileToOnlineProfile=true, deviceProfileDirPath='null', cacheUploadMaxNumber=100, threadAffinity=0, uploadAudioLevel=0, uploadAudioPath='null', uploadAudioDelayTime=300000, localSaveAudioPath=null, uploadUrl='https://carbrain.aispeech.com', authServer='https://auth.duiopen.com', intervalTime=100, audioSourceType=0, audioRecorderType=6, maxVolumeMode=false, extraParameter={DEVICE_NAME=88E034BB57F8}, apiKey='867a0e114c7b6131bb4cea0b69f1e117', productId='279634510', productKey='73b8af74ccdfd6be5cb8f41a90bd23cd', productSecret='5674b9d0e7a8e7a8fd2719d65b3d954f', monitorUploadEnable=true, logEnable=false, logFilePath='null', authRetryTimesForNetworkErr=0, callbackInThread=true, echoConfig=null, maxMessageQueueSize=0, useSystemDns=true, buildModel=null, sspeSoName=, magnusRuntimeConfig=null, netConfig=null, authConfig=AuthConfig{authTimeout=5000, authServer='https://auth.dui.ai', deviceProfileDirPath='/data/user_de/0/com.aispeech.lyra.daemon/files/dds', offlineProfileName='null', updateTrailProfileToOnlineProfile=true, customDeviceId='null', licenceId='null', customDeviceName='88E034BB57F8', type=ONLINE, encryptCustomDeviceName=false, privateAuth=false, useCustomAndroidId=false, ignoreLogin=false, loadMacAddress=true, loadAndroidID=true, loadSerial=true, loadApplicationLabel=true, loadApplicationVersion=true, loadBuildDevice=true, loadBuildManufacture=true, loadBuildModel=true, loadBuildSdkInt=true, loadDisplayMatrix=true, loadPackageName=true}, uploadConfig=null, RecorderConfig=null}
05-22 07:20:56.460   544   544 D commservice260303: bufferevent_write retrun value = 0
05-22 07:20:56.460  1658 16418 D DL-DUILiteSDK: AIEchoConfig is null
05-22 06:39:30.204   573   573 D spi_rst_gpio_get_output: GPIO 145 value: 1
05-22 06:39:30.204   573   573 D spidev_ioctl: gpio status=1)
05-22 07:20:56.460   544   567 D commservice260303: client datas send succeed,send finish
05-22 07:20:56.460  1658 16418 I DL-AIMagnus:  mContext  com.aispeech.lyra.daemon.DaemonApplication@e5bab1
05-22 07:20:56.460  1658 16418 I DL-AISpeech:  mContext  com.aispeech.lyra.daemon.DaemonApplication@e5bab1
05-22 07:20:56.460  1658 16418 I DL-AIMagnus:  mContext  com.aispeech.lyra.daemon.DaemonApplication@e5bab1
05-22 07:20:56.460  2981  3178 D Sentinelmode_1.2.5.13_alpha: <SentryImuClusterFgeSender>imu_status sent to Linux, frame=22498, tsNs=941433, tsMs=1779405656459, intervalMs=41, ad=(-0.0039712638,0.0025316933,-0.33028603), gd=(-0.009314822,0.00794111,0.017867107)
05-22 07:20:56.460  1658 16418 D DL-AIProfile: profile no exist
05-22 07:20:56.460  1658 16418 W DL-AIProfile: profile content is null
05-22 07:20:56.460  1658 16418 D DL-AIProfile: profile no exist
05-22 07:20:56.460  1658 16418 W DL-AIProfile: profile content is null
05-22 07:20:56.460  1658 16418 D DL-DUILiteSDK:  SdkVersion: 
05-22 07:20:56.460  1658 16418 D DL-DUILiteSDK:  sdk_version:3.14.4-MagnusCore
05-22 07:20:56.460  1658 16418 D DL-DUILiteSDK: commit:b62948f4
05-22 07:20:56.460  1658 16418 D DL-DUILiteSDK: branchName:origin/magnus-master
05-22 07:20:56.460  1658 16418 D DL-DUILiteSDK: build_date:2026-04-30 10:47:40 
05-22 07:20:56.460  1658 16418 D DL-DUILiteSDK:  CoreVersion:
05-22 07:20:56.460  1658 16418 D DL-DUILiteSDK:   AISpeech DUILite SDK V1.72.1 Release(6a3554e3)
05-22 07:20:56.460  1658 16418 D DL-DUILiteSDK:  TYPE: COMMON.2025.03
05-22 07:20:56.460  1658 16418 D DL-DUILiteSDK:  MODULES: speexenc
05-22 07:20:56.460  1658 16418 D DL-DUILiteSDK:  WTK_CORE_VERSION: v1.1.30
05-22 07:20:56.460  1658 16418 D DL-DUILiteSDK:  ASR_VERSION: v1.3.10
05-22 07:20:56.460  1658 16418 D DL-DUILiteSDK:  VAD_VERSION: v1.3.18
05-22 07:20:56.460  1658 16418 D DL-DUILiteSDK:  ASRPP_VERSION: v1.0.25
05-22 07:20:56.460  1658 16418 D DL-DUILiteSDK:  VPRINT_VERSION: v1.3.32
05-22 07:20:56.460  1658 16418 D DL-DUILiteSDK:  LOCAL_WAKEUP_VERSION: v1.6.40
05-22 07:20:56.460  1658 16418 D DL-DUILiteSDK:  TTS_VERSION: v2.1.65
05-22 07:20:56.460  1658 16418 D DL-DUILiteSDK:  MDS_VERSION: v2.70.0.30
05-22 07:20:56.460  1658 16418 D DL-DUILiteSDK:  SSPE_VERSION: v2.0.0.165
05-22 07:20:56.460  1658 16418 D DL-DUILiteSDK:  DECISION_VERSION: v1.0.0
05-22 07:20:56.460  1658 16418 D DL-DUILiteSDK:  NETWORK_VERSION: v1.0.0
05-22 07:20:56.460  1658 16418 D DL-DUILiteSDK:  SEMANTIC_NAVI_VERSION: v2.1.0
05-22 07:20:56.460  1658 16418 D DL-DUILiteSDK:  SEMANTIC_DUI_VERSION: v2.1.0
05-22 07:20:56.460  1658 16418 D DL-DUILiteSDK:  SEMANTIC_BCD_VERSION: v2.2.0
05-22 07:20:56.460  1658 16418 D DL-DUILiteSDK:  INFO OVER
05-22 07:20:56.460  1658 16418 D DL-DUILiteSDK:  
05-22 07:20:56.461  1658 16446 D DL-TAffinity: checkThreadAffinity
05-22 07:20:56.461  1658 16446 D DL-TAffinity:  SET_THREAD_AFFINITY ret: -1 , engine =  2147483647
05-22 07:20:56.461  1658 16446 D DL-TAffinity:  SET_THREAD_AFFINITY  cpuId =  0 , engine =  2147483647
05-22 07:20:56.461  1658 16446 D DL-DUILiteSDK: do auth 
05-22 07:20:56.461   573   573 I SpiService: fgesysctrl_getGPIO_status success val=1
05-22 07:20:56.461  1658 16446 D DL-AuthUtil:  customDeviceId is  88E034BB57F8
05-22 07:20:56.461  1658 16446 D DL-AuthProxy: new auth type
05-22 07:20:56.462  1658 16446 D DL-AuthProxy:  apiKey is ok locally AIProfile{mConfig=AIAuthConfig{productId='279634510', productKey='73b8af74ccdfd6be5cb8f41a90bd23cd', productSecret='5674b9d0e7a8e7a8fd2719d65b3d954f', apiKey='867a0e114c7b6131bb4cea0b69f1e117', customDeviceId='null', customDeviceName='88E034BB57F8', deviceNameType='null', customSHA256='null', buildModel='null', profilePath='/data/user_de/0/com.aispeech.lyra.daemon/files/dds', offlineProfileName='null', authServer='https://auth.dui.ai', registerPath='/auth/device/register', loginPath='/auth/device/login', verifyPath='/auth/apikey/verify', needReplaceProfile=true, needReplaceProfile=false, authTimeout=5000, deviceInfoMap={sdkVersion=3.14.4-MagnusCore, sdkName=duilite_android}, ignoreLogin=false, licenceId=null, licenceId=null, useCheckProductId=false}, mAuthType=ONLINE, mDeviceName='null', mDeviceSecret='null'}
05-22 07:20:56.462  1658 16446 D DL-AIProfile: profile no exist
05-22 07:20:56.462  1658 16446 W DL-AIProfile: profile content is null
05-22 07:20:56.462  1658 16446 I DL-AuthProxy:  handleRetProfileState  state.isValid() false
05-22 07:20:56.462  2981  3177 I SentryImuMcuAngleSender: 179.91035rollDeg
05-22 07:20:56.462  2981  3177 I SentryImuMcuAngleSender: 1,0,0
05-22 07:20:56.462  1658 16446 D DL-AuthProxy:  delete useless profile ret =  true
05-22 07:20:56.462  1658 16446 D DL-AuthProxy: startMaxSpeechTimerTask
05-22 07:20:56.462  1658 16446 D DL-AuthProxy: cancelTimeoutTimerTask
05-22 07:20:56.463  1658 16446 D DL-AuthProxy:  auth-connect-timeout:  5000 ms
05-22 07:20:56.463  1658 16446 D DL-AuthUtil:  appendUrl is  https://auth.dui.ai/auth/apikey/verify?apikey=867a0e114c7b6131bb4cea0b69f1e117&package=com.aispeech.lyra.daemon&signatuerSha256=C8:A2:E9:BC:CF:59:7C:2F:B6:DC:66:BE:E2:93:FC:13:F2:FC:47:EC:77:BC:6B:2B:0D:52:C1:1F:51:19:2A:B8&buildVariant=release
05-22 07:20:56.463  1658 16446 D DL-HttpImpl: GET beforehttps://auth.dui.ai/auth/apikey/verify?apikey=867a0e114c7b6131bb4cea0b69f1e117&package=com.aispeech.lyra.daemon&signatuerSha256=C8:A2:E9:BC:CF:59:7C:2F:B6:DC:66:BE:E2:93:FC:13:F2:FC:47:EC:77:BC:6B:2B:0D:52:C1:1F:51:19:2A:B8&buildVariant=release
05-22 07:20:56.463  1658 16446 W DL-HttpUtil: privateAuthParam: https://auth.dui.ai/auth/apikey/verify?apikey=867a0e114c7b6131bb4cea0b69f1e117&package=com.aispeech.lyra.daemon&signatuerSha256=C8:A2:E9:BC:CF:59:7C:2F:B6:DC:66:BE:E2:93:FC:13:F2:FC:47:EC:77:BC:6B:2B:0D:52:C1:1F:51:19:2A:B8&buildVariant=release, param：null
05-22 07:20:56.463  1658 16446 D DL-HttpImpl: GET endhttps://auth.dui.ai/auth/apikey/verify?apikey=867a0e114c7b6131bb4cea0b69f1e117&package=com.aispeech.lyra.daemon&signatuerSha256=C8:A2:E9:BC:CF:59:7C:2F:B6:DC:66:BE:E2:93:FC:13:F2:FC:47:EC:77:BC:6B:2B:0D:52:C1:1F:51:19:2A:B8&buildVariant=release
05-22 07:20:56.465   947 16835 D resolv  : GetAddrInfoHandler::run: {0 786432 0 983040 1000 0}
05-22 07:20:56.465   947 16835 D resolv  : resolv_getaddrinfo: explore_fqdn(): ai_family=0 ai_socktype=1 ai_protocol=6
05-22 07:20:56.466  1658 16448 D DL-AuthProxy: cancelTimeoutTimerTask
05-22 07:20:56.466   573   573 I SpiService: fgesysctrl_getGPIO_status success val=1
05-22 07:20:56.466  1658 16448 D DL-AuthProxy:  verify onFailure 
05-22 07:20:56.466  1658 16448 D DL-AuthProxy:  getOfflineEngine()  
05-22 07:20:56.466  1658 16448 D DL-AuthProxy:  onFailure:  Unable to resolve host "auth.dui.ai": No address associated with hostname
05-22 07:20:56.467  1658 16448 W DL-DUILiteSDK:  error mListener: b.a.ja.a.a.for@a92a0ee
05-22 07:20:56.467  1658 16448 D DL-AuthUtil:  customDeviceId is  88E034BB57F8
05-22 07:20:56.468  1658 16448 E DL-DUILiteSDK:  auth fail， authFailTimes=  0
05-22 07:20:56.468  1658 16448 E DL-DUI-Auth: ==================================================
05-22 07:20:56.468  1658 16448 E DL-DUI-Auth: ====================授权失败=======================
05-22 07:20:56.468  1658 16448 E DL-DUI-Auth: ============apk 版本 -> release
05-22 07:20:56.468  1658 16448 E DL-DUI-Auth: ============apk SHA256-> C8:A2:E9:BC:CF:59:7C:2F:B6:DC:66:BE:E2:93:FC:13:F2:FC:47:EC:77:BC:6B:2B:0D:52:C1:1F:51:19:2A:B8
05-22 07:20:56.468  1658 16448 E DL-DUI-Auth: ============apk packageName -> com.aispeech.lyra.daemon
05-22 07:20:56.468  1658 16448 E DL-DUI-Auth: ============errorId -> 070601
05-22 07:20:56.468  1658 16448 E DL-DUI-Auth: ============errorInfo -> network abnormal, can not connect to auth server
05-22 07:20:56.468  1658 16448 E DL-DUI-Auth: ==================================================
05-22 07:20:56.468  1658 16448 I DL-DDS-AI-auth_AuthProxy:  auth onFailure errCode =  070601 , errorInfo =  network abnormal, can not connect to auth server 242893710
05-22 07:20:56.468  1658 16448 E DL-DDS-AI-auth_AuthProxyImpl: auth error
05-22 07:20:56.469  1658 16422 D DL-DDS-Agent: onInnerThreadMessage topic = local_auth.finish
05-22 07:20:56.469  1658 16422 D DL-DDS-Agent: observer.onMessage topic = local_auth.finish
05-22 07:20:56.469  1658 16422 D DL-DDS-DDS:  agent: local_auth.finish ddsInitListener = com.aispeech.speech.EngineAuthInitialize@38591eb ddsAuthListener = com.aispeech.speech.EngineAuthInitialize@38591eb
05-22 07:20:56.469  1658 16422 E DL-DDS-DDS:  checkInitId mInitId 3c0b3ecd280846d5878724d88e5968b3 initId 3c0b3ecd280846d5878724d88e5968b3
05-22 06:39:30.210   573   573 D spi_rst_gpio_get_output: GPIO 145 value: 1
05-22 06:39:30.210   573   573 D spidev_ioctl: gpio status=1)
05-22 07:20:56.469  1658 16422 E DL-DDS-DDS: ==================================================
05-22 07:20:56.469  1658 16422 E DL-DDS-DDS: ====================授权失败=======================
05-22 07:20:56.469  1658 16422 E DL-DDS-DDS: =============apk 版本 -> release
05-22 07:20:56.469  1658 16422 E DL-DDS-DDS: ============apk SHA256-> C8:A2:E9:BC:CF:59:7C:2F:B6:DC:66:BE:E2:93:FC:13:F2:FC:47:EC:77:BC:6B:2B:0D:52:C1:1F:51:19:2A:B8
05-22 07:20:56.469  1658 16422 E DL-DDS-DDS: ============apk packageName -> com.aispeech.lyra.daemon
05-22 07:20:56.469  1658 16422 E DL-DDS-DDS: ============errorId -> 070601
05-22 07:20:56.469  1658 16422 E DL-DDS-DDS: ============errorInfo -> Network abnormal, can not connect to auth server
05-22 07:20:56.469  1658 16422 E DL-DDS-DDS: ==================================================
05-22 07:20:56.469  1658 16422 E DDSService-EngineInit: onAuthFailed: 070601, error:Network abnormal, can not connect to auth server
05-22 07:20:56.469  1658 16422 D DDSService-EngineInit: stopAuthTimer()
05-22 07:20:56.469  1658 16422 W AIN-DuiSpeechHawk: setAuthSucceed with: authSucceed = false
05-22 07:20:56.469  1658 16422 W AIN-DuiSpeechHawk: tryReady: false	false	false
05-22 07:20:56.469  1658 16422 W AIN-DuiSpeechHawk: tryTransformReady: speech not ready, waiting for it
05-22 07:20:56.469  1658 16422 D DDSService: onEngineInitFailed: 070601, error: Network abnormal, can not connect to auth server
05-22 07:20:56.470  1658 16422 W DL-DDS-USER_O_DDS:  ddsAuthListener.onAuthFailed result = 070601
05-22 07:20:56.470  1658  2861 W DDSService: synLogLvlOnAuth openDebug:0
05-22 07:20:56.470  1658 16422 D DL-DDS-AI-CheckCrashUtil: authDDSFailed called
05-22 07:20:56.470  1658  2861 D AIN-DDSService: isQrAuth() is=false
05-22 07:20:56.470  1658 16422 I DL-DDS-AI-CheckCrashUtil:  putCount = 0
05-22 07:20:56.470  1658  2861 D AIN-DDSService: engineInitFailed error: {"errCode":"070601","error":"Network abnormal, can not connect to auth server"}
05-22 07:20:56.470  1658 16422 W DL-DDS-USER_O_DDS:  ddsAuthListener.onAuthFailed result = 070601
05-22 07:20:56.470  1658  2861 D AIN-ServiceHub: getService with: name = service_detect_guard
05-22 07:20:56.470  1658 16422 D DL-DDS-Agent: observer.onMessage topic = local_auth.finish, end...
05-22 07:20:56.470  1658  2861 D AIN-DDSService: isQrAuth() is=false
05-22 07:20:56.470  1658  2861 D DDSService: mAuthFailedInfo: 语音授权失败，请检查网络
05-22 07:20:56.470  1658  2861 D AIN-DDSService: isQrAuth() is=false
05-22 07:20:56.470  1658  2861 D AIN-DDSService: engineInitFailed else !!!
05-22 07:20:56.470  1658  2861 E AIN-DDSService: delayRetryAuth delay:5000
05-22 07:20:56.472   573   573 I SpiService: fgesysctrl_getGPIO_status success val=1
05-22 06:39:30.215   573   573 D spi_rst_gpio_get_output: GPIO 145 value: 1
05-22 06:39:30.215   573   573 D spidev_ioctl: gpio status=1)
05-22 07:20:56.477   573   573 I SpiService: fgesysctrl_getGPIO_status success val=1
05-22 06:39:30.220   573   573 D spi_rst_gpio_get_output: GPIO 145 value: 1
05-22 06:39:30.220   573   573 D spidev_ioctl: gpio status=1)
05-22 07:20:56.481   291  1491 D EvsDriver: forwardFrame
05-22 07:20:56.483  2981  3177 I SentryImuMcuAngleSender: 179.91724rollDeg
05-22 07:20:56.483   573   573 I SpiService: fgesysctrl_getGPIO_status success val=1
05-22 07:20:56.483  2981  3177 I SentryImuMcuAngleSender: 1,0,0
05-22 07:20:56.483   291  1491 D EvsDriver: Delivered 0xb400007b2f47ca30 as id 0
05-22 07:20:56.484  1137  1150 D evsmanagerd: /dev/video4 forwarded the buffer #0 to 0xb4000071fa019690 from 0xb4000071fa01b7d0
05-22 06:39:30.226   573   573 D spi_rst_gpio_get_output: GPIO 145 value: 1
05-22 06:39:30.226   573   573 D spidev_ioctl: gpio status=1)
05-22 07:20:56.487   291  1135 D EvsDriver: doneWithFrame
05-22 07:20:56.488   573   573 I SpiService: fgesysctrl_getGPIO_status success val=0
05-22 07:20:56.489   964  1804 D [OMXB]  : usingANWBuffer: handle:0xebd414b0, format:1, w:1920, h:1080
05-22 07:20:56.489   824   824 D SurfaceFlinger: unisoc-graphics, commit has frameMissed:2, vysncId:436761
05-22 06:39:30.232   573   573 D spi_rst_gpio_get_output: GPIO 145 value: 0
05-22 06:39:30.232   573   573 D spidev_ioctl: gpio status=0)
05-22 07:20:56.500   544   544 D commservice260303: msg.id = 1028,0
05-22 07:20:56.500   544   544 D commservice260303: i = 170, msgid = 8A000404
05-22 07:20:56.500   544   544 D commservice260303: msgid = -1979710460,did=138
05-22 07:20:56.501   544   544 D commservice260303: CommProtocolLibCmdBaseI2C::dataproc {"command":{"id":"imu_status","sub":""},"content":{"TimeStamp":1779405656500,"FrameCounter":22499,"GD_X":-0.00923888012766838,"GD_Y":0.00794111005961895,"GD_Z":0.01763824187219143,"AD_X":-9.232908487319946E-4,"AD_Y":0.0013101398944854736,"AD_Z":-0.32845497131347656,"TempDsp":0,"Status":0,"CalibState":1,"SigAmpInvalid":0}},-1979710460
05-22 07:20:56.501   544   544 D commservice260303: send2Cluster len:323, 7B22636F6D6D616E64223A7B226964223A22696D755F737461747573222C22737562223A22227D2C22636F6E74656E74223A7B2254696D655374616D70223A313737393430353635363530302C224672616D65436F756E746572223A32323439392C2247445F58223A2D302E30303932333838383031323736363833382C2247445F59223A302E30303739343131313030353936313839352C2247445F5A223A302E30313736333832343138373231393134332C2241445F58223A2D392E323332393038343837333139393436452D342C2241445F59223A302E303031333130313339383934343835343733362C2241445F5A223A2D302E33323834353439373133313334373635362C2254656D70447370223A302C22537461747573223A302C2243616C69625374617465223A312C22536967416D70496E76616C6964223A307D7D, 138 
05-22 07:20:56.501   544   544 D commservice260303: Push Message into SendPool fn=-1101463552
05-22 07:20:56.501   544   544 D commservice260303: ComProtocolLibSend2Cluster::send2ClusterRaw fn=-1101463552 , len=339
05-22 07:20:56.501   544   544 D commservice260303: sendCmdToPort :339!!!
05-22 07:20:56.501   544   544 D commservice260303: send Cmd To Port ++++5AA5014F8A01000059BE6A0F93587B22636F6D6D616E64223A7B226964223A22696D755F737461747573222C22737562223A22227D2C22636F6E74656E74223A7B2254696D655374616D70223A313737393430353635363530302C224672616D65436F756E746572223A32323439392C2247445F58223A2D302E30303932333838383031323736363833382C2247445F59223A302E30303739343131313030353936313839352C2247445F5A223A302E30313736333832343138373231393134332C2241445F58223A2D392E323332393038343837333139393436452D342C2241445F59223A302E303031333130313339383934343835343733362C2241445F5A223A2D302E33323834353439373133313334373635362C2254656D70447370223A302C22537461747573223A302C2243616C69625374617465223A312C22536967416D70496E76616C6964223A307D7DBDD4
05-22 07:20:56.501   276   300 I rvcservice: t.code = 0, t.value = 14639
05-22 07:20:56.501   544   544 D commservice260303: bufferevent_write retrun value = 0
05-22 07:20:56.501   544   567 D commservice260303: client datas send succeed,send finish
05-22 07:20:56.501  2981  3178 D Sentinelmode_1.2.5.13_alpha: <SentryImuClusterFgeSender>imu_status sent to Linux, frame=22499, tsNs=941469, tsMs=1779405656500, intervalMs=41, ad=(-9.2329085E-4,0.0013101399,-0.32845497), gd=(-0.00923888,0.00794111,0.017638242)
05-22 07:20:56.502   573   573 I SpiService: fgesysctrl_getGPIO_status success val=1
05-22 07:20:56.503  2981  3177 I SentryImuMcuAngleSender: 179.91724rollDeg
05-22 07:20:56.504  2981  3177 I SentryImuMcuAngleSender: 1,0,0
05-22 07:20:56.505   824   824 D SurfaceFlinger: unisoc-graphics, commit has frameMissed:2, vysncId:436769
05-22 06:39:30.245   573   573 D spi_rst_gpio_get_output: GPIO 145 value: 1
05-22 07:20:56.506   565   565 I Sensors : 230 AccelSensor: x:-0.104310,y:0.014639,z:-10.134541
05-22 06:39:30.245   573   573 D spidev_ioctl: gpio status=1)
05-22 07:20:56.508   573   573 I SpiService: fgesysctrl_getGPIO_status success val=1
05-22 06:39:30.251   573   573 D spi_rst_gpio_get_output: GPIO 145 value: 1
05-22 06:39:30.251   573   573 D spidev_ioctl: gpio status=1)
05-22 07:20:56.513   573   573 I SpiService: fgesysctrl_getGPIO_status success val=1
