05-22 07:20:53.506  1026  1026 W MyAppLog: [2026-05-22 07:20:53.506 W tboxap mcuPtlParseData:961] [Mcu] [mcuPtlParseData] invalid yadi frame, len:10
05-22 07:20:53.507   486   580 I mcuc    : rev,n=2,6AA6811253000B8300E00000000000000000AC
05-22 07:20:53.507   344   361 D automotive.vehicle@2.0-adayo-datacomm-mcu: MCUDatacomm sendMessageFromVehicle prop: 0x83, areaId: 0x0, status: 0x0, timestamp: 0x0
05-22 07:20:53.508   344   361 D automotive.vehicle@2.0-adayo-datacomm-mcu: MCUDatacomm 1sendMessageFromVehicle ---> type = 7 
05-22 07:20:53.508   344   361 I automotive.vehicle@2.0-adayo-func-mcu: MCUFunc :sendMessageFromVehicle  msgBuff[0] = 131 
05-22 07:20:53.508   344   361 I automotive.vehicle@2.0-adayo-func-mcu: MCUFunc :sendMessageFromVehicle  msgBuff[1] = 0 
05-22 07:20:53.508   344   361 I automotive.vehicle@2.0-adayo-func-mcu: MCUFunc :sendMessageFromVehicle  msgBuff[2] = 0 
05-22 07:20:53.508   344   361 I automotive.vehicle@2.0-adayo-func-mcu: MCUFunc :sendMessageFromVehicle  msgBuff[3] = 0 
05-22 07:20:53.508   344   361 I automotive.vehicle@2.0-adayo-func-mcu: MCUFunc :sendMessageFromVehicle  msgBuff[4] = 3 
05-22 07:20:53.508   344   361 I automotive.vehicle@2.0-adayo-func-mcu: MCUFunc :sendMessageFromVehicle  msgBuff[5] = 1 
05-22 07:20:53.508   344   361 I automotive.vehicle@2.0-adayo-func-mcu: MCUFunc :sendMessageFromVehicle  msgBuff[6] = 0 
05-22 07:20:53.508   344   361 I automotive.vehicle@2.0-adayo-func-mcu: MCUFunc :sendMessageFromVehicle  msgBuff[7] = 0 
05-22 07:20:53.508   344   361 I automotive.vehicle@2.0-adayo-func-mcu: MCUFunc :sendMessageFromVehicle  msgBuff[8] = 0 
05-22 07:20:53.508   344   361 I automotive.vehicle@2.0-adayo-func-mcu: MCUFunc :sendMessageFromVehicle  msgBuff[9] = 0 
05-22 07:20:53.508   344   361 I automotive.vehicle@2.0-adayo-func-mcu: MCUFunc :sendMessageFromVehicle  msgBuff[10] = 0 
05-22 07:20:53.508   344   361 I automotive.vehicle@2.0-adayo-func-mcu: MCUFunc :sendMessageFromVehicle  msgBuff[11] = 0 
05-22 07:20:53.508   344   361 I automotive.vehicle@2.0-adayo-func-mcu: MCUFunc :sendMessageFromVehicle  msgBuff[12] = 0 
05-22 07:20:53.508   344   361 I automotive.vehicle@2.0-adayo-func-mcu: MCUFunc :sendMessageFromVehicle  msgBuff[13] = 0 
05-22 07:20:53.508   344   361 I automotive.vehicle@2.0-adayo-func-mcu: MCUFunc :sendMessageFromVehicle  msgBuff[14] = 0 
05-22 07:20:53.508   344   361 I automotive.vehicle@2.0-adayo-func-mcu: MCUFunc :sendMessageFromVehicle  msgBuff[15] = 0 
05-22 07:20:53.508   344   361 I automotive.vehicle@2.0-adayo-func-mcu: MCUFunc :sendMessageFromVehicle  msgBuff[16] = 0 
05-22 07:20:53.509   486   580 I mcuc    : rev,n=3,6AA681125400038415007D
05-22 07:20:53.511   573   573 I SpiService: fgesysctrl_getGPIO_status success val=1
05-22 07:20:53.511   486   580 I mcuc    : rev,n=4,6AA681125500918305000055000000B00000000000000001000100003B006AB1FD44B26B016AFD625B6B00D5FE6B00B2170642FE2E1100000000040000B3000000000000000000000000000000B44500000000000300000000000000AA000000E40701010000000000000000BB07052307EA0516000008009F022F01CC000000000000000000000000000000B500000000000000000000008E
05-22 07:20:53.512   344   361 D automotive.vehicle@2.0-adayo-datacomm-mcu: MCUDatacomm sendMessageFromVehicle prop: 0x83, areaId: 0x5, status: 0x0, timestamp: 0x0
05-22 07:20:53.512   344   361 D automotive.vehicle@2.0-adayo-datacomm-mcu: MCUDatacomm 1sendMessageFromVehicle ---> type = 7 
05-22 07:20:53.512   344   361 I automotive.vehicle@2.0-adayo-func-mcu: MCUFunc :sendMessageFromVehicle  msgBuff[0] = 131 
05-22 07:20:53.512   344   361 I automotive.vehicle@2.0-adayo-func-mcu: MCUFunc :sendMessageFromVehicle  msgBuff[1] = 5 
05-22 07:20:53.512   344   361 I automotive.vehicle@2.0-adayo-func-mcu: MCUFunc :sendMessageFromVehicle  msgBuff[2] = 0 
05-22 07:20:53.512   344   361 I automotive.vehicle@2.0-adayo-func-mcu: MCUFunc :sendMessageFromVehicle  msgBuff[3] = 0 
05-22 07:20:53.512   344   361 I automotive.vehicle@2.0-adayo-func-mcu: MCUFunc :sendMessageFromVehicle  msgBuff[4] = 85 
05-22 07:20:53.512   344   361 I automotive.vehicle@2.0-adayo-func-mcu: MCUFunc :sendMessageFromVehicle  msgBuff[5] = 0 
05-22 07:20:53.514   486   580 I mcuc    : rev,n=5,6AA6811256009D8B30029801020403A00000000100000100000101002101A100000000003B000202000002020000A200002801B711028000038000048000A305BBAA06B70C070000080000000000A4000000000000000000000101000700A5020000000A0102000200FF0100A699DD01010101010000000101010000000A0A0A0000010101040402020000000000000000000000000000000000000000000000000000EECE
05-22 07:20:53.517   573   573 I SpiService: fgesysctrl_getGPIO_status success val=1
05-22 07:20:53.521   291  1491 D EvsDriver: forwardFrame
05-22 07:20:53.522   573   573 I SpiService: fgesysctrl_getGPIO_status success val=1
05-22 07:20:53.522  1137  1150 D evsmanagerd: /dev/video4 forwarded the buffer #0 to 0xb4000071fa019690 from 0xb4000071fa01b7d0
05-22 07:20:53.522   291  1491 D EvsDriver: Delivered 0xb400007b2f47ca30 as id 0
05-22 07:20:53.523  2981  3177 I SentryImuMcuAngleSender: 179.93102rollDeg
05-22 07:20:53.523  2981  3177 I SentryImuMcuAngleSender: 1,0,0
05-22 07:20:53.525   291  1135 D EvsDriver: doneWithFrame
05-22 07:20:53.527   573   573 I SpiService: fgesysctrl_getGPIO_status success val=1
05-22 07:20:53.529   544   544 D commservice260303: msg.id = 1028,0
05-22 07:20:53.529   544   544 D commservice260303: i = 170, msgid = 8A000404
05-22 07:20:53.529   544   544 D commservice260303: msgid = -1979710460,did=138
05-22 07:20:53.529   544   544 D commservice260303: CommProtocolLibCmdBaseI2C::dataproc {"command":{"id":"imu_status","sub":""},"content":{"TimeStamp":1779405653529,"FrameCounter":22426,"GD_X":-0.01038424763828516,"GD_Y":0.007864127866923809,"GD_Z":0.016951125115156174,"AD_X":-0.0026725605130195618,"AD_Y":-0.0011101383715867996,"AD_Z":-0.3260164260864258,"TempDsp":0,"Status":0,"CalibState":1,"SigAmpInvalid":0}},-1979710460
05-22 07:20:53.529   544   544 D commservice260303: send2Cluster len:326, 7B22636F6D6D616E64223A7B226964223A22696D755F737461747573222C22737562223A22227D2C22636F6E74656E74223A7B2254696D655374616D70223A313737393430353635333532392C224672616D65436F756E746572223A32323432362C2247445F58223A2D302E30313033383432343736333832383531362C2247445F59223A302E3030373836343132373836363932333830392C2247445F5A223A302E3031363935313132353131353135363137342C2241445F58223A2D302E303032363732353630353133303139353631382C2241445F59223A2D302E303031313130313338333731353836373939362C2241445F5A223A2D302E333236303136343236303836343235382C2254656D70447370223A302C22537461747573223A302C2243616C69625374617465223A312C22536967416D70496E76616C6964223A307D7D, 138 
05-22 07:20:53.529   544   544 D commservice260303: Push Message into SendPool fn=1935212544
05-22 07:20:53.529   544   544 D commservice260303: ComProtocolLibSend2Cluster::send2ClusterRaw fn=1935212544 , len=342
05-22 07:20:53.530   544   544 D commservice260303: sendCmdToPort :342!!!
05-22 07:20:53.530   544   544 D commservice260303: send Cmd To Port ++++5AA501528A01000059736A0F93557B22636F6D6D616E64223A7B226964223A22696D755F737461747573222C22737562223A22227D2C22636F6E74656E74223A7B2254696D655374616D70223A313737393430353635333532392C224672616D65436F756E746572223A32323432362C2247445F58223A2D302E30313033383432343736333832383531362C2247445F59223A302E3030373836343132373836363932333830392C2247445F5A223A302E3031363935313132353131353135363137342C2241445F58223A2D302E303032363732353630353133303139353631382C2241445F59223A2D302E303031313130313338333731353836373939362C2241445F5A223A2D302E333236303136343236303836343235382C2254656D70447370223A302C22537461747573223A302C2243616C69625374617465223A312C22536967416D70496E76616C6964223A307D7D4FC3
05-22 07:20:53.530   544   544 D commservice260303: bufferevent_write retrun value = 0
05-22 07:20:53.530   544   567 D commservice260303: client datas send succeed,send finish
05-22 07:20:53.530  2981  3178 D Sentinelmode_1.2.5.13_alpha: <SentryImuClusterFgeSender>imu_status sent to Linux, frame=22426, tsNs=938509, tsMs=1779405653529, intervalMs=41, ad=(-0.0026725605,-0.0011101384,-0.32601643), gd=(-0.010384248,0.007864128,0.016951125)
05-22 07:20:53.533   573   573 I SpiService: fgesysctrl_getGPIO_status success val=0
05-22 07:20:53.533   486   579 I mcuc    : send SPI:6AA6021252000289000F6AA602125300028300146AA602125400028415FD6AA6021255000283050D6AA602125600028B30D9
05-22 07:20:53.540 11323 11374 D ANW_AVRCP: (11323|0xD12C8CB0)[AVRCP] API getPlayStatusTimerHandler
05-22 07:20:53.540 11323 11374 D ANW_AVRCP: (11323|0xD12C8CB0)[AVRCP] API AVRCP_GetPlayStatus
05-22 07:20:53.540 11323 11374 D ANWStack: [    938522][ANWBT] <<Avctp_Send_Message 0/1:
05-22 07:20:53.540 11323 11374 D ANWStack: 
05-22 07:20:53.541 11323 11374 D ANWStack: [    938523][ANWBT] L2CAP: L2_RetrieveHandle called, cid=0x82
05-22 07:20:53.541 11323 11374 D ANWStack: 
05-22 07:20:53.543  2981  3177 I SentryImuMcuAngleSender: 179.93102rollDeg
05-22 07:20:53.543  2981  3177 I SentryImuMcuAngleSender: 1,0,0
05-22 07:20:53.544   964  1804 D [OMXB]  : usingANWBuffer: handle:0xebd430e0, format:1, w:1920, h:1080
05-22 07:20:53.545   565   565 I Sensors : 230 AccelSensor: x:-0.107360,y:0.013420,z:-10.132101
05-22 07:20:53.546   291  1491 D EvsDriver: forwardFrame
05-22 07:20:53.547   573   573 I SpiService: fgesysctrl_getGPIO_status success val=1
05-22 07:20:53.547   291  1491 D EvsDriver: Delivered 0xb400007b2f47ca30 as id 0
05-22 07:20:53.547  1137  1150 D evsmanagerd: /dev/video4 forwarded the buffer #0 to 0xb4000071fa019690 from 0xb4000071fa01b7d0
05-22 07:20:53.549   477  1278 I dvr_service_: [runShortMediaThread:297] cameraId:1 medias:0,audios:0,stateAudio:0,mShortState:0,warnEvent:0,state:0
05-22 07:20:53.551   291  1135 D EvsDriver: doneWithFrame
05-22 07:20:53.552   573   573 I SpiService: fgesysctrl_getGPIO_status success val=1
05-22 07:20:53.555   477  1277 I dvr_service_: [runShortMediaThread:297] cameraId:0 medias:300,audios:0,stateAudio:0,mShortState:0,warnEvent:0,state:0
05-22 07:20:53.558   573   573 I SpiService: fgesysctrl_getGPIO_status success val=1
05-22 07:20:53.563   573   573 I SpiService: fgesysctrl_getGPIO_status success val=1
05-22 07:20:53.564  2981  3177 I SentryImuMcuAngleSender: 179.92412rollDeg
05-22 07:20:53.564  2981  3177 I SentryImuMcuAngleSender: 1,0,0
05-22 07:20:53.568   573   573 I SpiService: fgesysctrl_getGPIO_status success val=1
05-22 07:20:53.570   544   544 D commservice260303: msg.id = 1028,0
05-22 07:20:53.570   544   544 D commservice260303: i = 170, msgid = 8A000404
05-22 07:20:53.570   544   544 D commservice260303: msgid = -1979710460,did=138
05-22 07:20:53.570   544   544 D commservice260303: CommProtocolLibCmdBaseI2C::dataproc {"command":{"id":"imu_status","sub":""},"content":{"TimeStamp":1779405653569,"FrameCounter":22427,"GD_X":-0.0097730727866292,"GD_Y":0.007405876647680998,"GD_Z":0.01779116503894329,"AD_X":-0.0026735737919807434,"AD_Y":0.0013281414285302162,"AD_Z":-0.32723522186279297,"TempDsp":0,"Status":0,"CalibState":1,"SigAmpInvalid":0}},-1979710460
05-22 07:20:53.570   544   544 D commservice260303: send2Cluster len:324, 7B22636F6D6D616E64223A7B226964223A22696D755F737461747573222C22737562223A22227D2C22636F6E74656E74223A7B2254696D655374616D70223A313737393430353635333536392C224672616D65436F756E746572223A32323432372C2247445F58223A2D302E303039373733303732373836363239322C2247445F59223A302E3030373430353837363634373638303939382C2247445F5A223A302E30313737393131363530333839343332392C2241445F58223A2D302E303032363733353733373931393830373433342C2241445F59223A302E303031333238313431343238353330323136322C2241445F5A223A2D302E33323732333532323138363237393239372C2254656D70447370223A302C22537461747573223A302C2243616C69625374617465223A312C22536967416D70496E76616C6964223A307D7D, 138 
05-22 07:20:53.570   544   544 D commservice260303: Push Message into SendPool fn=1951989760
05-22 07:20:53.570   544   544 D commservice260303: ComProtocolLibSend2Cluster::send2ClusterRaw fn=1951989760 , len=340
05-22 07:20:53.570   544   544 D commservice260303: sendCmdToPort :340!!!
05-22 07:20:53.570   544   544 D commservice260303: send Cmd To Port ++++5AA501508A01000059746A0F93557B22636F6D6D616E64223A7B226964223A22696D755F737461747573222C22737562223A22227D2C22636F6E74656E74223A7B2254696D655374616D70223A313737393430353635333536392C224672616D65436F756E746572223A32323432372C2247445F58223A2D302E303039373733303732373836363239322C2247445F59223A302E3030373430353837363634373638303939382C2247445F5A223A302E30313737393131363530333839343332392C2241445F58223A2D302E303032363733353733373931393830373433342C2241445F59223A302E303031333238313431343238353330323136322C2241445F5A223A2D302E33323732333532323138363237393239372C2254656D70447370223A302C22537461747573223A302C2243616C69625374617465223A312C22536967416D70496E76616C6964223A307D7DD324
05-22 07:20:53.570   544   544 D commservice260303: bufferevent_write retrun value = 0
05-22 07:20:53.570   544   567 D commservice260303: client datas send succeed,send finish
05-22 07:20:53.571  2981  3178 D Sentinelmode_1.2.5.13_alpha: <SentryImuClusterFgeSender>imu_status sent to Linux, frame=22427, tsNs=938546, tsMs=1779405653569, intervalMs=40, ad=(-0.0026735738,0.0013281414,-0.32723522), gd=(-0.009773073,0.0074058766,0.017791165)
05-22 07:20:53.574   573   573 I SpiService: fgesysctrl_getGPIO_status success val=0
05-22 07:20:53.576  1026  1026 D MyAppLog: [2026-05-22 07:20:53.575 D tboxap tsp_WorkMachineProc:1086] [Tsp] [tsp_WorkMachineProc]TSP_WORK_LOGIN NOW !!!!
05-22 07:20:53.580   565   565 I Sensors : 230 GyroSensor: x:-0.009239,y:0.007559,z:0.017944
05-22 07:20:53.581   291  1491 D EvsDriver: forwardFrame
05-22 07:20:53.582   291  1491 D EvsDriver: Delivered 0xb400007b2f47ca30 as id 0
05-22 07:20:53.582  1137  1150 D evsmanagerd: /dev/video4 forwarded the buffer #0 to 0xb4000071fa019690 from 0xb4000071fa01b7d0
05-22 07:20:53.586   291  1135 D EvsDriver: doneWithFrame
05-22 07:20:53.586  2981  3177 I SentryImuMcuAngleSender: 179.92415rollDeg
05-22 07:20:53.587  2981  3177 I SentryImuMcuAngleSender: 1,0,0
05-22 07:20:53.588  3901  4099 D ConfigManager: configFile not found, configFileName = account_config.json key = openForceCheck
05-22 07:20:53.588  3901  4099 D ConfigManager: configFile not found, configFileName = account_config.json key = showForceCheckFailToast
05-22 07:20:53.588   573   573 I SpiService: fgesysctrl_getGPIO_status success val=1
05-22 07:20:53.588  3901  4099 D ConfigManager: configFile not found, configFileName = account_config.json key = accountUrlWitheList
05-22 07:20:53.593   964  1804 D [OMXB]  : usingANWBuffer: handle:0xebd42740, format:1, w:1920, h:1080
05-22 07:20:53.594   573   573 I SpiService: fgesysctrl_getGPIO_status success val=1
05-22 07:20:53.595   276   300 I rvcservice: t.code = 1, t.value = -107360
05-22 07:20:53.599   573   573 I SpiService: fgesysctrl_getGPIO_status success val=1
05-22 06:39:27.343   573   573 D spidev_ioctl: gpio status=1)
05-22 07:20:53.604   573   573 I SpiService: fgesysctrl_getGPIO_status success val=1
05-22 07:20:53.606 11323 11374 D ANWAPI  : (11323|0xD12C8CB0)[BTAPI] AnwhciEventCallback 19 1
05-22 07:20:53.607  2981  3177 I SentryImuMcuAngleSender: 179.92413rollDeg
05-22 07:20:53.607  2981  3177 I SentryImuMcuAngleSender: 1,0,0
05-22 07:20:53.610   573   573 I SpiService: fgesysctrl_getGPIO_status success val=1
05-22 07:20:53.612   544   544 D commservice260303: msg.id = 1028,1
05-22 07:20:53.612   544   544 D commservice260303: i = 170, msgid = 8A000404
05-22 07:20:53.612   544   544 D commservice260303: msgid = -1979710460,did=138
05-22 07:20:53.612   544   544 D commservice260303: CommProtocolLibCmdBaseI2C::dataproc {"command":{"id":"imu_status","sub":""},"content":{"TimeStamp":1779405653609,"FrameCounter":22428,"GD_X":-0.008245917037129402,"GD_Y":0.007788185961544514,"GD_Z":0.017944088205695152,"AD_X":-0.0032841041684150696,"AD_Y":1.0924320667982101E-4,"AD_Z":-0.32845497131347656,"TempDsp":0,"Status":0,"CalibState":1,"SigAmpInvalid":0}},-1979710460
05-22 07:20:53.612   544   544 D commservice260303: send2Cluster len:327, 7B22636F6D6D616E64223A7B226964223A22696D755F737461747573222C22737562223A22227D2C22636F6E74656E74223A7B2254696D655374616D70223A313737393430353635333630392C224672616D65436F756E746572223A32323432382C2247445F58223A2D302E3030383234353931373033373132393430322C2247445F59223A302E3030373738383138353936313534343531342C2247445F5A223A302E3031373934343038383230353639353135322C2241445F58223A2D302E303033323834313034313638343135303639362C2241445F59223A312E30393234333230363637393832313031452D342C2241445F5A223A2D302E33323834353439373133313334373635362C2254656D70447370223A302C22537461747573223A302C2243616C69625374617465223A312C22536967416D70496E76616C6964223A307D7D, 138 
05-22 07:20:53.612 11323 11374 D ANWStack: [    938594][ANWBT] >>Avctp_L2cap_Data_Ind_Cb
05-22 07:20:53.612 11323 11374 D ANWStack: 
05-22 07:20:53.612   544   544 D commservice260303: Push Message into SendPool fn=1968766976
05-22 07:20:53.612 11323 11374 D ANWStack: [    938594][ANWBT] AVCTP Message Length = 22
05-22 07:20:53.612   544   544 D commservice260303: ComProtocolLibSend2Cluster::send2ClusterRaw fn=1968766976 , len=343
05-22 07:20:53.612 11323 11374 D ANWStack: [    938594][ANWBT] Receive AVCTP_SINGLE_PACKET
05-22 07:20:53.612   544   544 D commservice260303: sendCmdToPort :343!!!
05-22 07:20:53.612 11323 11374 D ANW_AVRCP: (11323|0xD12C8CB0)[AVRCP] [**AVRCP**] 0x72 0x110e
05-22 07:20:53.612 11323 11374 D ANW_AVRCP: (11323|0xD12C8CB0)[AVRCP] opcode match 0x0
05-22 07:20:53.612 11323 11374 D ANW_AVRCP: 
05-22 07:20:53.612   544   544 D commservice260303: send Cmd To Port ++++5AA501538A01000059756A0F93557B22636F6D6D616E64223A7B226964223A22696D755F737461747573222C22737562223A22227D2C22636F6E74656E74223A7B2254696D655374616D70223A313737393430353635333630392C224672616D65436F756E746572223A32323432382C2247445F58223A2D302E3030383234353931373033373132393430322C2247445F59223A302E3030373738383138353936313534343531342C2247445F5A223A302E3031373934343038383230353639353135322C2241445F58223A2D302E303033323834313034313638343135303639362C2241445F59223A312E30393234333230363637393832313031452D342C2241445F5A223A2D302E33323834353439373133313334373635362C2254656D70447370223A302C22537461747573223A302C2243616C69625374617465223A312C22536967416D70496E76616C6964223A307D7D186E
05-22 07:20:53.612 11323 11374 D ANW_AVRCP: (11323|0xD12C8CB0)[AVRCP] subopcode match 0x30, update ctype 0x1->0xc
05-22 07:20:53.612 11323 11374 D ANW_AVRCP: 
05-22 07:20:53.612 11323 11374 D ANW_AVRCP: (11323|0xD12C8CB0)[AVRCP] AVRCP_Packet_Parser Response
05-22 07:20:53.612 11323 11374 D ANW_AVRCP: 
05-22 07:20:53.612   544   544 D commservice260303: bufferevent_write retrun value = 0
05-22 07:20:53.612 11323 11374 D ANW_AVRCP: (11323|0xD12C8CB0)[AVRCP] AVRCP_Get_Play_Status_RSP_Handler 92786/169130 1
05-22 07:20:53.612 11323 11374 D ANWAPI  : (11323|0xD12C8CB0)[BTAPI] connmgr_find_by_handle pData = 0xb4000078d2e60eb0,7
05-22 07:20:53.612   544   567 D commservice260303: client datas send succeed,send finish
05-22 07:20:53.612 11323 11374 D ANWAPI  : (11323|0xD12C8CB0)[BTAPI] ===BTAPI_MallocIdxMsg 1030 16
05-22 07:20:53.612 11323 11374 D ANWAPI  : (11323|0xD12C8CB0)[BTAPI] *BT_CB_Dispatch
05-22 07:20:53.612 11323 11374 D ANWAPI  : (11323|0xD12C8CB0)[BTAPI] *****SDK callback(0x406)
05-22 07:20:53.612 11323 11374 D ANWAPI  : (11323|0xD12C8CB0)[BTAPI] SDK***** [1c:11:2f:7c:1d:68]
05-22 07:20:53.612 11323 11374 D ANWAPI  : (11323|0xD12C8CB0)[BTAPI] btsdk_exec_apicb start
05-22 07:20:53.612 11323 11374 D ANWAPI  : (11323|0xD12C8CB0)[BTAPI] Up: AvrcpMsgHandler receive[1C:11:2F:7C:1D:68], Get Device ID(0)
05-22 07:20:53.612 11323 11374 D ANWAPI  : 
05-22 07:20:53.612 11323 11374 D ANWAPI  : (11323|0xD12C8CB0)[BTAPI] Up: AnWBT_AVRCP_CURRENT_PLAY_STATUS_IND
05-22 07:20:53.612 11323 11374 D ANWAPI  : 
05-22 07:20:53.612 11323 11374 D ANWAPI  : (11323|0xD12C8CB0)[BTAPI] songLengthMs     =169130
05-22 07:20:53.612 11323 11374 D ANWAPI  : 
05-22 07:20:53.613 11323 11374 D ANWAPI  : (11323|0xD12C8CB0)[BTAPI] songPositionMs   =92786
05-22 07:20:53.613 11323 11374 D ANWAPI  : 
05-22 07:20:53.613 11323 11374 I ANW bt_btif: AvrcpMsgHandler: HAL bt_rc_ctrl_callbacks->play_position_changed_cb
05-22 07:20:53.613 11323 11374 I BluetoothAvrcpControllerJni: btavrcp_play_position_changed_callback
05-22 07:20:53.613 11323 11374 D AvrcpControllerService: onPlayPositionChanged pos 92786
05-22 07:20:53.613 11323 11374 D ANWAPI  : (11323|0xD12C8CB0)[BTAPI] currentPlayStatus=1
05-22 07:20:53.613 11323 11374 D ANWAPI  : 
05-22 07:20:53.613 11323 11374 I ANW bt_btif: AvrcpMsgHandler: HAL bt_rc_ctrl_callbacks->play_status_changed_cb
05-22 07:20:53.613 11323 11374 I BluetoothAvrcpControllerJni: btavrcp_play_status_changed_callback
05-22 07:20:53.613 11323 13102 D AvrcpControllerStateMachine: Avrcp.ConnectedAvrcpController processMessage 206
05-22 07:20:53.613 11323 11374 D AvrcpControllerService: onPlayStatusChanged 1
05-22 07:20:53.613  2981  3178 D Sentinelmode_1.2.5.13_alpha: <SentryImuClusterFgeSender>imu_status sent to Linux, frame=22428, tsNs=938580, tsMs=1779405653609, intervalMs=43, ad=(-0.0032841042,1.0924321E-4,-0.32845497), gd=(-0.008245917,0.007788186,0.017944088)
05-22 07:20:53.613 11323 13102 D AvrcpPlayer: getPlayBackState state 3 time 92786
05-22 07:20:53.613 11323 11374 D ANWAPI  : (11323|0xD12C8CB0)[BTAPI] btsdk_exec_apicb end
05-22 07:20:53.615 11323 13102 D BluetoothMediaBrowserService: notifyChanged PlaybackStatePlaybackState {state=3, position=92786, buffered position=0, speed=1.0, updated=938595, actions=2375735, error code=0, error message=null, custom actions=[], active item id=9}
05-22 07:20:53.615   573   573 I SpiService: fgesysctrl_getGPIO_status success val=0
05-22 07:20:53.616 11323 13102 D AvrcpControllerStateMachine: Avrcp.ConnectedAvrcpController processMessage 207
05-22 07:20:53.616 11323 13102 D AvrcpPlayer: getPlayBackState state 3 time 92789
05-22 07:20:53.616 11323 13102 D BluetoothMediaBrowserService: notifyChanged PlaybackStatePlaybackState {state=3, position=92789, buffered position=0, speed=1.0, updated=938598, actions=2375735, error code=0, error message=null, custom actions=[], active item id=9}
05-22 07:20:53.616  3735  3735 I NSLogUtils_BtMusicModel: onPlaybackStateChanged state: PlaybackState {state=3, position=92786, buffered position=0, speed=1.0, updated=938595, actions=2375735, custom actions=[], active item id=9, error=null} mIsBCallInCall=false
05-22 07:20:53.616 11323 13102 D AvrcpControllerStateMachine: Avrcp.ConnectedAvrcpController shouldRequestFocus() true
05-22 07:20:53.617   291  1491 D EvsDriver: forwardFrame
05-22 07:20:53.618  3735  3735 I NSLogUtils_BtMusicModel: musicChange metaData: android.media.MediaMetadata@4f012bdc
05-22 07:20:53.618  3735  3735 I NSLogUtils_BtMusicModel: musicChange title: 还有你给我的痛,artist: Wish u never-TF_ING张子墨/Top Barry,duration: 169130,album: Wish u never,albumArtUri: null
05-22 07:20:53.618   291  1491 D EvsDriver: Delivered 0xb400007b2f47ca30 as id 0
05-22 07:20:53.618  3735  3735 D NSLogUtils_MediaForegroundService: updateNotification isPlaying=true title=还有你给我的痛 text=Wish u never-TF_ING张子墨/Top Barry
05-22 07:20:53.619  1137  1150 D evsmanagerd: /dev/video4 forwarded the buffer #0 to 0xb4000071fa019690 from 0xb4000071fa01b7d0
05-22 07:20:53.621  3735  3735 D NSLogUtils_BluetoothPlayerService: mPlaybackStateObserver isConnected: true
05-22 07:20:53.621  2981  2981 I Sentinelmode_1.2.5.13_alpha: <SentinelCarServiceManager>sensorType:291504647
05-22 07:20:53.621  3735  3735 D NSLogUtils_BluetoothPlayerService: played trigger application focus
05-22 07:20:53.621   291  1135 D EvsDriver: doneWithFrame
05-22 07:20:53.621  3735  3735 D NSLogUtils_SourceChangeManager: getCurrentSourceWithoutDefaultValue source: MUSIC_SOURCE_BT
05-22 07:20:53.621  3735  3735 D NSLogUtils_SourceChangeManager: setCurrentSource new source: MUSIC_SOURCE_BT ,currentSource: MUSIC_SOURCE_BT
05-22 07:20:53.621  3735  3735 E NSLogUtils_SourceChangeManager: setCurrentSource error, because currentSource is the same as source
05-22 07:20:53.621  3735  3735 D NSLogUtils_MainActivity: progress->92794
05-22 07:20:53.622   737   737 D NotificationService: EnqueueNotificationRunnable.run for: 0|com.neusoft.btmusic|8001|null|1000
05-22 07:20:53.622   737   737 I notification_enqueue: [1000,3735,com.neusoft.btmusic,8001,NULL,0,Notification(channel=media_playback_channel shortcut=null contentView=null vibrate=null sound=null defaults=0x0 flags=0x4a color=0x00000000 category=transport groupKey=silent actions=3 vis=PUBLIC),1]
05-22 07:20:53.623 11323 11323 D MediaPlayerList: sendMediaUpdate
05-22 07:20:53.623 11323 11323 I MediaPlayerList: sendMediaUpdate: Creating a one item queue for a player with no queue
05-22 07:20:53.623 11323 11323 D MediaPlayerList: sendMediaUpdate state=PlaybackState {state=3, position=92791, buffered position=0, speed=1.0, updated=938605, actions=566, custom actions=[], active item id=-1, error=null}
05-22 07:20:53.624 11323 11323 D AvrcpTargetService: onMediaUpdated: track_changed=false state=true queue=false
05-22 07:20:53.624 11323 11323 D AvrcpNativeInterface: sendMediaUpdate: metadata=false playStatus=true queue=false
05-22 07:20:53.624 11323 11323 D AvrcpTargetJni: sendMediaUpdateNative
05-22 07:20:53.624 11323 11323 I droid.bluetooth: run avrcp SendMediaUpdate, AnW
05-22 07:20:53.624 11323 11323 D ANWAPI  : (11323|0x2B6584F8)[BTAPI] Handle_Hal_Callback, callback_type(9)
05-22 07:20:53.624 11323 11374 I droid.bluetooth: run doGetPlaystatus, AnW
05-22 07:20:53.624 11323 11374 D AvrcpTargetJni: getCurrentPlayStatus
05-22 07:20:53.624 11323 11374 D AvrcpNativeInterface: getPlayStatus
05-22 07:20:53.624  1812  1812 I ExtAssistant: ENQUEUED 0|com.neusoft.btmusic|8001|null|1000 on media_playback_channel
05-22 07:20:53.624 11323 11374 D ANWAPI  : (11323|0xD12C8CB0)[BTAPI] BT Addres is NULL , checking which array is connected
05-22 07:20:53.624 11323 11374 D ANWAPI  : 
05-22 07:20:53.624 11323 11374 D ANWAPI  : (11323|0xD12C8CB0)[BTAPI] SPPMIN(0)SPPMAX(0)
05-22 07:20:53.624 11323 11374 D ANWAPI  : 
05-22 07:20:53.624 11323 11374 D ANWAPI  : (11323|0xD12C8CB0)[BTAPI] In Three Step Get Device ID(0)
05-22 07:20:53.624 11323 11374 D ANWAPI  : 
05-22 07:20:53.624 11323 11374 D ANWAPI  : (11323|0xD12C8CB0)[BTAPI] run Get_ID_By_AVRCPTarget_SpecialState(4)
05-22 07:20:53.624 11323 11374 D ANWAPI  : 
05-22 07:20:53.625  1812  2664 D ExtAssistant: Creating Adjustment for 0|com.neusoft.btmusic|8001|null|1000, with 0 actions, and 0 replies.
05-22 07:20:53.627  3735  3735 I NSLogUtils_BtMusicModel: onPlaybackStateChanged state: PlaybackState {state=3, position=92789, buffered position=0, speed=1.0, updated=938598, actions=2375735, custom actions=[], active item id=9, error=null} mIsBCallInCall=false
05-22 07:20:53.627  2981  3177 I SentryImuMcuAngleSender: 179.91724rollDeg
05-22 07:20:53.627  2981  3177 I SentryImuMcuAngleSender: 1,0,0
05-22 07:20:53.628  3735  3735 I NSLogUtils_BtMusicModel: musicChange metaData: android.media.MediaMetadata@4f012bdc
05-22 07:20:53.628  3735  3735 I NSLogUtils_BtMusicModel: musicChange title: 还有你给我的痛,artist: Wish u never-TF_ING张子墨/Top Barry,duration: 169130,album: Wish u never,albumArtUri: null
05-22 07:20:53.629  3735  3735 D NSLogUtils_MediaForegroundService: updateNotification isPlaying=true title=还有你给我的痛 text=Wish u never-TF_ING张子墨/Top Barry
05-22 07:20:53.630   573   573 I SpiService: fgesysctrl_getGPIO_status success val=1
05-22 07:20:53.630 11323 11323 W AudioMediaPlayerWrapper: onPlaybackStateChanged(): com.neusoft.btmusic tried to update with no new data
05-22 07:20:53.633   737   737 D NotificationService: EnqueueNotificationRunnable.run for: 0|com.neusoft.btmusic|8001|null|1000
05-22 07:20:53.633   737   737 I notification_enqueue: [1000,3735,com.neusoft.btmusic,8001,NULL,0,Notification(channel=media_playback_channel shortcut=null contentView=null vibrate=null sound=null defaults=0x0 flags=0x4a color=0x00000000 category=transport groupKey=silent actions=3 vis=PUBLIC),1]
05-22 07:20:53.633  3735  3735 D NSLogUtils_BluetoothPlayerService: mPlaybackStateObserver isConnected: true
05-22 07:20:53.633  3735  3735 D NSLogUtils_BluetoothPlayerService: played trigger application focus
05-22 07:20:53.634  3735  3735 D NSLogUtils_SourceChangeManager: getCurrentSourceWithoutDefaultValue source: MUSIC_SOURCE_BT
05-22 07:20:53.634  3735  3735 D NSLogUtils_SourceChangeManager: setCurrentSource new source: MUSIC_SOURCE_BT ,currentSource: MUSIC_SOURCE_BT
05-22 07:20:53.634  3735  3735 E NSLogUtils_SourceChangeManager: setCurrentSource error, because currentSource is the same as source
05-22 07:20:53.634  3735  3735 D NSLogUtils_MainActivity: progress->92807
05-22 07:20:53.635  1812  1812 I ExtAssistant: ENQUEUED 0|com.neusoft.btmusic|8001|null|1000 on media_playback_channel
05-22 07:20:53.635   573   573 I SpiService: fgesysctrl_getGPIO_status success val=1
05-22 07:20:53.635  1812  2664 D ExtAssistant: Creating Adjustment for 0|com.neusoft.btmusic|8001|null|1000, with 0 actions, and 0 replies.
05-22 07:20:53.640   573   573 I SpiService: fgesysctrl_getGPIO_status success val=1
05-22 07:20:53.641   964  1804 D [OMXB]  : usingANWBuffer: handle:0xebd43500, format:1, w:1920, h:1080
05-22 07:20:53.642   291  1491 D EvsDriver: forwardFrame
05-22 07:20:53.643   291  1491 D EvsDriver: Delivered 0xb400007b2f47ca30 as id 0
05-22 07:20:53.645  1137  1150 D evsmanagerd: /dev/video4 forwarded the buffer #0 to 0xb4000071fa019690 from 0xb4000071fa01b7d0
05-22 07:20:53.646   573   573 I SpiService: fgesysctrl_getGPIO_status success val=1
05-22 07:20:53.647  2981  3177 I SentryImuMcuAngleSender: 179.91034rollDeg
05-22 07:20:53.647  2981  3177 I SentryImuMcuAngleSender: 1,0,0
05-22 07:20:53.648   291  1135 D EvsDriver: doneWithFrame
05-22 07:20:53.651   544   544 D commservice260303: msg.id = 1028,0
05-22 07:20:53.651   544   544 D commservice260303: i = 170, msgid = 8A000404
05-22 07:20:53.651   544   544 D commservice260303: msgid = -1979710460,did=138
05-22 07:20:53.651   544   544 D commservice260303: CommProtocolLibCmdBaseI2C::dataproc {"command":{"id":"imu_status","sub":""},"content":{"TimeStamp":1779405653650,"FrameCounter":22429,"GD_X":-0.0085517643019557,"GD_Y":0.007712244056165218,"GD_Z":0.018095972016453743,"AD_X":-0.0014555379748344421,"AD_Y":0.0025471877306699753,"AD_Z":-0.32845497131347656,"TempDsp":0,"Status":0,"CalibState":1,"SigAmpInvalid":0}},-1979710460
05-22 07:20:53.651   544   544 D commservice260303: send2Cluster len:325, 7B22636F6D6D616E64223A7B226964223A22696D755F737461747573222C22737562223A22227D2C22636F6E74656E74223A7B2254696D655374616D70223A313737393430353635333635302C224672616D65436F756E746572223A32323432392C2247445F58223A2D302E303038353531373634333031393535372C2247445F59223A302E3030373731323234343035363136353231382C2247445F5A223A302E3031383039353937323031363435333734332C2241445F58223A2D302E303031343535353337393734383334343432312C2241445F59223A302E303032353437313837373330363639393735332C2241445F5A223A2D302E33323834353439373133313334373635362C2254656D70447370223A302C22537461747573223A302C2243616C69625374617465223A312C22536967416D70496E76616C6964223A307D7D, 138 
05-22 07:20:53.651   544   544 D commservice260303: Push Message into SendPool fn=1985544192
05-22 07:20:53.651   544   544 D commservice260303: ComProtocolLibSend2Cluster::send2ClusterRaw fn=1985544192 , len=341
05-22 07:20:53.651   544   544 D commservice260303: sendCmdToPort :341!!!
05-22 07:20:53.651   544   544 D commservice260303: send Cmd To Port ++++5AA501518A01000059766A0F93557B22636F6D6D616E64223A7B226964223A22696D755F737461747573222C22737562223A22227D2C22636F6E74656E74223A7B2254696D655374616D70223A313737393430353635333635302C224672616D65436F756E746572223A32323432392C2247445F58223A2D302E303038353531373634333031393535372C2247445F59223A302E3030373731323234343035363136353231382C2247445F5A223A302E3031383039353937323031363435333734332C2241445F58223A2D302E303031343535353337393734383334343432312C2241445F59223A302E303032353437313837373330363639393735332C2241445F5A223A2D302E33323834353439373133313334373635362C2254656D70447370223A302C22537461747573223A302C2243616C69625374617465223A312C22536967416D70496E76616C6964223A307D7D8BD2
05-22 07:20:53.651   544   544 D commservice260303: bufferevent_write retrun value = 0
05-22 07:20:53.651   544   567 D commservice260303: client datas send succeed,send finish
05-22 07:20:53.651   573   573 I SpiService: fgesysctrl_getGPIO_status success val=1
05-22 07:20:53.651  2981  3178 D Sentinelmode_1.2.5.13_alpha: <SentryImuClusterFgeSender>imu_status sent to Linux, frame=22429, tsNs=938616, tsMs=1779405653650, intervalMs=38, ad=(-0.001455538,0.0025471877,-0.32845497), gd=(-0.008551764,0.007712244,0.018095972)
05-22 07:20:53.657   573   573 I SpiService: fgesysctrl_getGPIO_status success val=0
05-22 07:20:53.658   824   824 D SurfaceFlinger: unisoc-graphics, commit has frameMissed:2, vysncId:435963
05-22 07:20:53.661  1091  1133 D tboxmids_ap: Frame Size: 12
05-22 07:20:53.661  1026  1026 I MyAppLog: [2026-05-22 07:20:53.660 I tboxap mcuSendYadiTransfer:195] [Mcu] [mcuYadiSend]: :00 08 BD 04 01 09 81 02 01 01
05-22 07:20:53.661  1091  1133 D tboxmids_ap: Hex Data:
05-22 07:20:53.661  1091  1133 D tboxmids_ap: 09 
05-22 07:20:53.661  1091  1133 D tboxmids_ap: 01 
05-22 07:20:53.661  1091  1133 D tboxmids_ap: 00 
05-22 07:20:53.661  1091  1133 D tboxmids_ap: 08 
05-22 07:20:53.661  1091  1133 D tboxmids_ap: BD 
05-22 07:20:53.661  1091  1133 D tboxmids_ap: 04 
05-22 07:20:53.661  1091  1133 D tboxmids_ap: 01 
05-22 07:20:53.661  1091  1133 D tboxmids_ap: 09 
05-22 07:20:53.661  1091  1133 D tboxmids_ap: 81 
05-22 07:20:53.661  1091  1133 D tboxmids_ap: 02 
05-22 07:20:53.661  1091  1133 D tboxmids_ap: 01 
05-22 07:20:53.661  1091  1133 D tboxmids_ap: 01 
05-22 07:20:53.661  1091  1133 D tboxmids_ap: 
05-22 07:20:53.661  1091  1133 D tboxmids_ap: Hex Data end 
05-22 07:20:53.664   486   581 I mcuc    : start timer OK = 2610 
05-22 07:20:53.668  2981  3177 I SentryImuMcuAngleSender: 179.92413rollDeg
05-22 07:20:53.668  2981  3177 I SentryImuMcuAngleSender: 1,0,0
05-22 07:20:53.671   573   573 I SpiService: fgesysctrl_getGPIO_status success val=1
05-22 07:20:53.675   824   824 D SurfaceFlinger: unisoc-graphics, commit has frameMissed:2, vysncId:435978
05-22 07:20:53.676   573   573 I SpiService: fgesysctrl_getGPIO_status success val=1
05-22 07:20:53.677   291  1491 D EvsDriver: forwardFrame
05-22 07:20:53.678   291  1491 D EvsDriver: Delivered 0xb400007b2f47ca30 as id 0
05-22 07:20:53.678  1137  1150 D evsmanagerd: /dev/video4 forwarded the buffer #0 to 0xb4000071fa019690 from 0xb4000071fa01b7d0
05-22 07:20:53.681   291  1135 D EvsDriver: doneWithFrame
05-22 07:20:53.682   573   573 I SpiService: fgesysctrl_getGPIO_status success val=1
05-22 07:20:53.687   573   573 I SpiService: fgesysctrl_getGPIO_status success val=1
05-22 07:20:53.688  2981  3177 I SentryImuMcuAngleSender: 179.93103rollDeg
05-22 07:20:53.688  2981  3177 I SentryImuMcuAngleSender: 1,0,0
05-22 07:20:53.693   573   573 I SpiService: fgesysctrl_getGPIO_status success val=1
05-22 07:20:53.693   544   544 D commservice260303: msg.id = 1028,0
05-22 06:39:27.436   573   573 D spi_rst_gpio_get_output: GPIO 145 value: 1
05-22 07:20:53.693   544   544 D commservice260303: i = 170, msgid = 8A000404
05-22 06:39:27.436   573   573 D spidev_ioctl: gpio status=1)
05-22 07:20:53.693   544   544 D commservice260303: msgid = -1979710460,did=138
05-22 07:20:53.693   544   544 D commservice260303: CommProtocolLibCmdBaseI2C::dataproc {"command":{"id":"imu_status","sub":""},"content":{"TimeStamp":1779405653693,"FrameCounter":22430,"GD_X":-0.00801705103367567,"GD_Y":0.007712244056165218,"GD_Z":0.01763824187219143,"AD_X":-2.4078786373138428E-4,"AD_Y":-0.0011097872629761696,"AD_Z":-0.32845497131347656,"TempDsp":0,"Status":0,"CalibState":1,"SigAmpInvalid":0}},-1979710460
05-22 07:20:53.694   544   544 D commservice260303: send2Cluster len:326, 7B22636F6D6D616E64223A7B226964223A22696D755F737461747573222C22737562223A22227D2C22636F6E74656E74223A7B2254696D655374616D70223A313737393430353635333639332C224672616D65436F756E746572223A32323433302C2247445F58223A2D302E30303830313730353130333336373536372C2247445F59223A302E3030373731323234343035363136353231382C2247445F5A223A302E30313736333832343138373231393134332C2241445F58223A2D322E34303738373836333733313338343238452D342C2241445F59223A2D302E303031313039373837323632393736313639362C2241445F5A223A2D302E33323834353439373133313334373635362C2254656D70447370223A302C22537461747573223A302C2243616C69625374617465223A312C22536967416D70496E76616C6964223A307D7D, 138 
05-22 07:20:53.694   544   544 D commservice260303: Push Message into SendPool fn=2002321408
05-22 07:20:53.694   544   544 D commservice260303: ComProtocolLibSend2Cluster::send2ClusterRaw fn=2002321408 , len=342
05-22 07:20:53.694   544   544 D commservice260303: sendCmdToPort :342!!!
05-22 07:20:53.694   544   544 D commservice260303: send Cmd To Port ++++5AA501528A01000059776A0F93557B22636F6D6D616E64223A7B226964223A22696D755F737461747573222C22737562223A22227D2C22636F6E74656E74223A7B2254696D655374616D70223A313737393430353635333639332C224672616D65436F756E746572223A32323433302C2247445F58223A2D302E30303830313730353130333336373536372C2247445F59223A302E3030373731323234343035363136353231382C2247445F5A223A302E30313736333832343138373231393134332C2241445F58223A2D322E34303738373836333733313338343238452D342C2241445F59223A2D302E303031313039373837323632393736313639362C2241445F5A223A2D302E33323834353439373133313334373635362C2254656D70447370223A302C22537461747573223A302C2243616C69625374617465223A312C22536967416D70496E76616C6964223A307D7DA1F8
05-22 07:20:53.694   544   544 D commservice260303: bufferevent_write retrun value = 0
05-22 07:20:53.694   544   567 D commservice260303: client datas send succeed,send finish
05-22 07:20:53.694  2981  3178 D Sentinelmode_1.2.5.13_alpha: <SentryImuClusterFgeSender>imu_status sent to Linux, frame=22430, tsNs=938670, tsMs=1779405653693, intervalMs=43, ad=(-2.4078786E-4,-0.0011097873,-0.32845497), gd=(-0.008017051,0.007712244,0.017638242)
05-22 07:20:53.696   276   300 I rvcservice: t.code = 3, t.value = 0
05-22 07:20:53.698   573   573 I SpiService: fgesysctrl_getGPIO_status success val=0
05-22 07:20:53.699   486   579 I mcuc    : send SPI:6AA6010A3200F80901BD040109810201010000000000000000000000000000000000000000000000000000000000000000000000000000000000000000000000000000000000000000000000000000000000000000000000000000000000000000000000000000000000000000000000000000000000000000000000000000000000000000000000000000000000000000000000000000000000000000000000000000000000000000000000000000000000000000000000000000000000000000000000000000000000000000000000000000000000000000000000000000000000000000000000000000000000000000000000000000000000000000000071
05-22 07:20:53.700   964  1804 D [OMXB]  : usingANWBuffer: handle:0xebd43c90, format:1, w:1920, h:1080
05-22 07:20:53.702   260   260 D libvintf: HalManifest::getHidlTransport(framework): Cannot find android.hardware.usb@1.0::IUsb/default
05-22 07:20:53.702   260   260 D libvintf: HalManifest::getHidlTransport(device): Cannot find android.hardware.usb@1.0::IUsb/default
05-22 07:20:53.702   260   260 I hwservicemanager: getTransport: Cannot find entry android.hardware.usb@1.0::IUsb/default in either framework or device VINTF manifest.
05-22 07:20:53.702  2626  2832 E ExtUsbManager: UsbHalController: android.hardware.usb.V1_0.IUsb getService failed!
05-22 07:20:53.702  2626  2832 E ExtUsbManager: java.util.NoSuchElementException
05-22 07:20:53.702  2626  2832 E ExtUsbManager: 	at android.os.HwBinder.getService(Native Method)
05-22 07:20:53.702  2626  2832 E ExtUsbManager: 	at android.os.HwBinder.getService(HwBinder.java:81)
05-22 07:20:53.702  2626  2832 E ExtUsbManager: 	at android.hardware.usb.V1_0.IUsb.getService(IUsb.java:74)
05-22 07:20:53.702  2626  2832 E ExtUsbManager: 	at android.hardware.usb.V1_0.IUsb.getService(IUsb.java:84)
05-22 07:20:53.702  2626  2832 E ExtUsbManager: 	at ts.car.usb.UsbHalController.createService(UsbHalController.java:37)
05-22 07:20:53.702  2626  2832 E ExtUsbManager: 	at ts.car.usb.UsbHalController.createService(UsbHalController.java:18)
05-22 07:20:53.702  2626  2832 E ExtUsbManager: 	at ts.car.usb.utils.AutoServiceConnector4Hidl.autoConnect(AutoServiceConnector4Hidl.java:47)
05-22 07:20:53.702  2626  2832 E ExtUsbManager: 	at ts.car.usb.utils.AutoServiceConnector4Hidl$$ExternalSyntheticLambda0.run(Unknown Source:2)
05-22 07:20:53.702  2626  2832 E ExtUsbManager: 	at android.os.Handler.handleCallback(Handler.java:942)
05-22 07:20:53.702  2626  2832 E ExtUsbManager: 	at android.os.Handler.dispatchMessage(Handler.java:99)
05-22 07:20:53.702  2626  2832 E ExtUsbManager: 	at android.os.Looper.loopOnce(Looper.java:201)
05-22 07:20:53.702  2626  2832 E ExtUsbManager: 	at android.os.Looper.loop(Looper.java:288)
05-22 07:20:53.702  2626  2832 E ExtUsbManager: 	at android.os.HandlerThread.run(HandlerThread.java:67)
05-22 07:20:53.709  2981  3177 I SentryImuMcuAngleSender: 179.93103rollDeg
05-22 07:20:53.709  2981  3177 I SentryImuMcuAngleSender: 1,0,0
05-22 07:20:53.712   260   260 D libvintf: HalManifest::getHidlTransport(framework): Cannot find vendor.ts.usbext@1.0::IUsbext/default
05-22 07:20:53.712   260   260 D libvintf: HalManifest::getHidlTransport(device): Cannot find vendor.ts.usbext@1.0::IUsbext/default
05-22 07:20:53.712   260   260 I hwservicemanager: getTransport: Cannot find entry vendor.ts.usbext@1.0::IUsbext/default in either framework or device VINTF manifest.
05-22 07:20:53.712  2626  2832 E ExtUsbManager: UsbHalExtController: vendor.ts.usbext.V1_0.IUsbext getService failed!
05-22 07:20:53.712  2626  2832 E ExtUsbManager: java.util.NoSuchElementException
05-22 07:20:53.712  2626  2832 E ExtUsbManager: 	at android.os.HwBinder.getService(Native Method)
05-22 07:20:53.712  2626  2832 E ExtUsbManager: 	at android.os.HwBinder.getService(HwBinder.java:81)
05-22 07:20:53.712  2626  2832 E ExtUsbManager: 	at vendor.ts.usbext.V1_0.IUsbext.getService(IUsbext.java:74)
05-22 07:20:53.712  2626  2832 E ExtUsbManager: 	at vendor.ts.usbext.V1_0.IUsbext.getService(IUsbext.java:84)
05-22 07:20:53.712  2626  2832 E ExtUsbManager: 	at ts.car.usb.UsbHalExtController.createService(UsbHalExtController.java:37)
05-22 07:20:53.712  2626  2832 E ExtUsbManager: 	at ts.car.usb.UsbHalExtController.createService(UsbHalExtController.java:18)
05-22 07:20:53.712  2626  2832 E ExtUsbManager: 	at ts.car.usb.utils.AutoServiceConnector4Hidl.autoConnect(AutoServiceConnector4Hidl.java:47)
05-22 07:20:53.712  2626  2832 E ExtUsbManager: 	at ts.car.usb.utils.AutoServiceConnector4Hidl$$ExternalSyntheticLambda0.run(Unknown Source:2)
05-22 07:20:53.712  2626  2832 E ExtUsbManager: 	at android.os.Handler.handleCallback(Handler.java:942)
05-22 07:20:53.712  2626  2832 E ExtUsbManager: 	at android.os.Handler.dispatchMessage(Handler.java:99)
05-22 07:20:53.712  2626  2832 E ExtUsbManager: 	at android.os.Looper.loopOnce(Looper.java:201)
05-22 07:20:53.712  2626  2832 E ExtUsbManager: 	at android.os.Looper.loop(Looper.java:288)
05-22 07:20:53.712  2626  2832 E ExtUsbManager: 	at android.os.HandlerThread.run(HandlerThread.java:67)
05-22 06:39:27.457   573   573 D spi_rst_gpio_get_output: GPIO 145 value: 1
05-22 07:20:53.714   573   573 I SpiService: fgesysctrl_getGPIO_status success val=1
05-22 07:20:53.714   260   260 D libvintf: HalManifest::getHidlTransport(framework): Cannot find android.hardware.usb.gadget@1.0::IUsbGadget/default
05-22 07:20:53.714   260   260 D libvintf: HalManifest::getHidlTransport(device): Cannot find android.hardware.usb.gadget@1.0::IUsbGadget/default
05-22 07:20:53.714   260   260 I hwservicemanager: getTransport: Cannot find entry android.hardware.usb.gadget@1.0::IUsbGadget/default in either framework or device VINTF manifest.
05-22 07:20:53.715  2626  2832 E ExtUsbManager: UsbGadgetController: android.hardware.usb.gadget.V1_0.IUsbGadget getService failed!
05-22 07:20:53.715  2626  2832 E ExtUsbManager: java.util.NoSuchElementException
05-22 07:20:53.715  2626  2832 E ExtUsbManager: 	at android.os.HwBinder.getService(Native Method)
05-22 07:20:53.715  2626  2832 E ExtUsbManager: 	at android.os.HwBinder.getService(HwBinder.java:81)
05-22 07:20:53.715  2626  2832 E ExtUsbManager: 	at android.hardware.usb.gadget.V1_0.IUsbGadget.getService(IUsbGadget.java:74)
05-22 07:20:53.715  2626  2832 E ExtUsbManager: 	at android.hardware.usb.gadget.V1_0.IUsbGadget.getService(IUsbGadget.java:84)
05-22 07:20:53.715  2626  2832 E ExtUsbManager: 	at ts.car.usb.UsbGadgetController.createService(UsbGadgetController.java:36)
05-22 07:20:53.715  2626  2832 E ExtUsbManager: 	at ts.car.usb.UsbGadgetController.createService(UsbGadgetController.java:17)
05-22 07:20:53.715  2626  2832 E ExtUsbManager: 	at ts.car.usb.utils.AutoServiceConnector4Hidl.autoConnect(AutoServiceConnector4Hidl.java:47)
05-22 07:20:53.715  2626  2832 E ExtUsbManager: 	at ts.car.usb.utils.AutoServiceConnector4Hidl$$ExternalSyntheticLambda0.run(Unknown Source:2)
05-22 07:20:53.715  2626  2832 E ExtUsbManager: 	at android.os.Handler.handleCallback(Handler.java:942)
05-22 07:20:53.715  2626  2832 E ExtUsbManager: 	at android.os.Handler.dispatchMessage(Handler.java:99)
05-22 07:20:53.715  2626  2832 E ExtUsbManager: 	at android.os.Looper.loopOnce(Looper.java:201)
05-22 07:20:53.715  2626  2832 E ExtUsbManager: 	at android.os.Looper.loop(Looper.java:288)
05-22 07:20:53.715  2626  2832 E ExtUsbManager: 	at android.os.HandlerThread.run(HandlerThread.java:67)
05-22 07:20:53.716   291  1491 D EvsDriver: forwardFrame
05-22 07:20:53.719  1137  1150 D evsmanagerd: /dev/video4 forwarded the buffer #0 to 0xb4000071fa019690 from 0xb4000071fa01b7d0
05-22 07:20:53.719   291  1491 D EvsDriver: Delivered 0xb400007b2f47ca30 as id 0
05-22 07:20:53.719   544  3080 D commservice260303: send heart beat package to Cluster
05-22 07:20:53.719   544  3080 D commservice260303: send2Cluster len:40, 7B22636F6D6D616E64223A7B226964223A22686561727462656174222C22737562223A22227D7D0A, 129 
05-22 07:20:53.719   544  3080 D commservice260303: Push Message into SendPool fn=2019098624
05-22 07:20:53.719   544  3080 D commservice260303: ComProtocolLibSend2Cluster::send2ClusterRaw fn=2019098624 , len=56
05-22 07:20:53.719   291  1135 D EvsDriver: doneWithFrame
05-22 07:20:53.719   544  3080 D commservice260303: sendCmdToPort :56!!!
05-22 07:20:53.719   544  3080 D commservice260303: send Cmd To Port ++++5AA500348101000059786A0F93557B22636F6D6D616E64223A7B226964223A22686561727462656174222C22737562223A22227D7D0A6E9C
05-22 07:20:53.720   544  3080 D commservice260303: bufferevent_write retrun value = 0
05-22 07:20:53.720   573   573 I SpiService: fgesysctrl_getGPIO_status success val=1
05-22 07:20:53.720   544   567 D commservice260303: client datas send succeed,send finish
05-22 06:39:27.463   573   573 D spidev_ioctl: gpio status=1)
05-22 07:20:53.722   544   567 D commservice260303: recv len:91, 5AA5005701000000056E6A0F93557B22636F6D6D616E64223A7B226964223A22686561727462656174222C22737562223A22227D2C22726573706F6E65223A7B22636F6465223A302C226D657373616765223A226F6B227D7DC85E from server
05-22 07:20:53.722   544  3079 D commservice260303: mcuDataAnalyzeHandle templen:91,len:91,pos:0, 5AA5005701000000056E6A0F93557B22636F6D6D616E64223A7B226964223A22686561727462656174222C22737562223A22227D2C22726573706F6E65223A7B22636F6465223A302C226D657373616765223A226F6B227D7DC85E 
05-22 07:20:53.722   544  3079 I commservice260303: checksumCal = 51294
05-22 07:20:53.722   544  3079 D commservice260303: Protocol_C2I_Commservice::dataproc {"command":{"id":"heartbeat","sub":""},"respone":{"code":0,"message":"ok"}},1
05-22 07:20:53.722   544  3079 D commservice260303: Protocol_C2I_Commservice::dataproc Receive a heartbeat command from Cluster, setTcpHeartbeat = EID_UID_HEARTBEAT
05-22 07:20:53.725   573   573 I SpiService: fgesysctrl_getGPIO_status success val=1
05-22 06:39:27.469   573   573 D spidev_ioctl: gpio status=1)
05-22 07:20:53.729  2981  3177 I SentryImuMcuAngleSender: 179.92415rollDeg
05-22 07:20:53.729  2981  3177 I SentryImuMcuAngleSender: 1,0,0
05-22 07:20:53.731   573   573 I SpiService: fgesysctrl_getGPIO_status success val=1
05-22 07:20:53.732   544   544 D commservice260303: msg.id = 1028,0
05-22 07:20:53.732   544   544 D commservice260303: i = 170, msgid = 8A000404
05-22 07:20:53.732   544   544 D commservice260303: msgid = -1979710460,did=138
05-22 07:20:53.732   544   544 D commservice260303: CommProtocolLibCmdBaseI2C::dataproc {"command":{"id":"imu_status","sub":""},"content":{"TimeStamp":1779405653731,"FrameCounter":22431,"GD_X":-0.010690094903111458,"GD_Y":0.00801705103367567,"GD_Z":0.01763824187219143,"AD_X":-0.0026823654770851135,"AD_Y":1.1069048196077347E-4,"AD_Z":-0.33028602600097656,"TempDsp":0,"Status":0,"CalibState":1,"SigAmpInvalid":0}},-1979710460
05-22 07:20:53.732   544   544 D commservice260303: send2Cluster len:325, 7B22636F6D6D616E64223A7B226964223A22696D755F737461747573222C22737562223A22227D2C22636F6E74656E74223A7B2254696D655374616D70223A313737393430353635333733312C224672616D65436F756E746572223A32323433312C2247445F58223A2D302E3031303639303039343930333131313435382C2247445F59223A302E30303830313730353130333336373536372C2247445F5A223A302E30313736333832343138373231393134332C2241445F58223A2D302E303032363832333635343737303835313133352C2241445F59223A312E31303639303438313936303737333437452D342C2241445F5A223A2D302E33333032383630323630303039373635362C2254656D70447370223A302C22537461747573223A302C2243616C69625374617465223A312C22536967416D70496E76616C6964223A307D7D, 138 
05-22 07:20:53.732   544   544 D commservice260303: Push Message into SendPool fn=2035875840
05-22 07:20:53.732   544   544 D commservice260303: ComProtocolLibSend2Cluster::send2ClusterRaw fn=2035875840 , len=341
05-22 07:20:53.732   544   544 D commservice260303: sendCmdToPort :341!!!
