05-22 07:20:51.139   544   544 D commservice260303: send Cmd To Port ++++5AA501528A01000059376A0F93537B22636F6D6D616E64223A7B226964223A22696D755F737461747573222C22737562223A22227D2C22636F6E74656E74223A7B2254696D655374616D70223A313737393430353635313133382C224672616D65436F756E746572223A32323336372C2247445F58223A2D302E3030393534343230373731343439383034332C2247445F59223A302E3030373438323835383834303337363133392C2247445F5A223A302E3031373934343038383230353639353135322C2241445F58223A2D302E3030323636353639313037373730393139382C2241445F59223A2D342E373437393139373338323932363934452D342C2241445F5A223A2D302E33323738343535373334323532393239372C2254656D70447370223A302C22537461747573223A302C2243616C69625374617465223A312C22536967416D70496E76616C6964223A307D7D7740
05-22 07:20:51.139   544   544 D commservice260303: bufferevent_write retrun value = 0
05-22 07:20:51.139   544   567 D commservice260303: client datas send succeed,send finish
05-22 07:20:51.140  2981  3178 D Sentinelmode_1.2.5.13_alpha: <SentryImuClusterFgeSender>imu_status sent to Linux, frame=22367, tsNs=936105, tsMs=1779405651138, intervalMs=40, ad=(-0.002665691,-4.7479197E-4,-0.32784557), gd=(-0.009544208,0.007482859,0.017944088)
05-22 06:39:24.882   573   573 D spi_rst_gpio_get_output: GPIO 145 value: 1
05-22 06:39:24.882   573   573 D spidev_ioctl: gpio status=1)
05-22 07:20:51.144   573   573 I SpiService: fgesysctrl_getGPIO_status success val=1
05-22 06:39:24.887   573   573 D spi_rst_gpio_get_output: GPIO 145 value: 1
05-22 06:39:24.887   573   573 D spidev_ioctl: gpio status=1)
05-22 07:20:51.147  2981  3177 I SentryImuMcuAngleSender: 179.92412rollDeg
05-22 07:20:51.147  2981  3177 I SentryImuMcuAngleSender: 1,0,0
05-22 07:20:51.149   573   573 I SpiService: fgesysctrl_getGPIO_status success val=1
05-22 06:39:24.893   573   573 D spi_rst_gpio_get_output: GPIO 145 value: 1
05-22 06:39:24.893   573   573 D spidev_ioctl: gpio status=1)
05-22 07:20:51.150   824   824 D SurfaceFlinger: unisoc-graphics, commit has frameMissed:2, vysncId:435289
05-22 07:20:51.153   291  1491 D EvsDriver: forwardFrame
05-22 07:20:51.154   291  1491 D EvsDriver: Delivered 0xb400007b2f47ca30 as id 0
05-22 07:20:51.154  1137  1150 D evsmanagerd: /dev/video4 forwarded the buffer #0 to 0xb4000071fa019690 from 0xb4000071fa01b7d0
05-22 07:20:51.155   573   573 I SpiService: fgesysctrl_getGPIO_status success val=1
05-22 06:39:24.898   573   573 D spi_rst_gpio_get_output: GPIO 145 value: 1
05-22 06:39:24.898   573   573 D spidev_ioctl: gpio status=1)
05-22 07:20:51.157   291  1135 D EvsDriver: doneWithFrame
05-22 07:20:51.160   573   573 I SpiService: fgesysctrl_getGPIO_status success val=1
05-22 06:39:24.904   573   573 D spi_rst_gpio_get_output: GPIO 145 value: 1
05-22 06:39:24.904   573   573 D spidev_ioctl: gpio status=1)
05-22 07:20:51.162  1026  1026 D MyAppLog: [2026-05-22 07:20:51.162 D tboxap tsp_WorkMachineProc:1086] [Tsp] [tsp_WorkMachineProc]TSP_WORK_LOGIN NOW !!!!
05-22 07:20:51.166   573   573 I SpiService: fgesysctrl_getGPIO_status success val=0
05-22 07:20:51.167   824   824 D SurfaceFlinger: unisoc-graphics, commit has frameMissed:2, vysncId:435297
05-22 07:20:51.167  2981  3177 I SentryImuMcuAngleSender: 179.91724rollDeg
05-22 07:20:51.167  2981  3177 I SentryImuMcuAngleSender: 1,0,0
05-22 06:39:24.909   573   573 D spi_rst_gpio_get_output: GPIO 145 value: 0
05-22 06:39:24.909   573   573 D spidev_ioctl: gpio status=0)
05-22 07:20:51.176   565   565 I Sensors : 230 AccelSensor: x:-0.107970,y:0.015249,z:-10.136980
05-22 06:39:24.917     0     0 W         : c6 [    C6] Irq_monitor:Irq                                           IPI[1]occur        7794 times interval 1028 ms
05-22 07:20:51.179   544   544 D commservice260303: msg.id = 1028,0
05-22 07:20:51.179   544   544 D commservice260303: i = 170, msgid = 8A000404
05-22 07:20:51.179   544   544 D commservice260303: msgid = -1979710460,did=138
05-22 07:20:51.179   544   544 D commservice260303: CommProtocolLibCmdBaseI2C::dataproc {"command":{"id":"imu_status","sub":""},"content":{"TimeStamp":1779405651178,"FrameCounter":22368,"GD_X":-0.009544207714498043,"GD_Y":0.007405876647680998,"GD_Z":0.01817295327782631,"AD_X":-0.0032756105065345764,"AD_Y":0.001963692717254162,"AD_Z":-0.33089542388916016,"TempDsp":0,"Status":0,"CalibState":1,"SigAmpInvalid":0}},-1979710460
05-22 07:20:51.179   544   544 D commservice260303: send2Cluster len:325, 7B22636F6D6D616E64223A7B226964223A22696D755F737461747573222C22737562223A22227D2C22636F6E74656E74223A7B2254696D655374616D70223A313737393430353635313137382C224672616D65436F756E746572223A32323336382C2247445F58223A2D302E3030393534343230373731343439383034332C2247445F59223A302E3030373430353837363634373638303939382C2247445F5A223A302E30313831373239353332373738323633312C2241445F58223A2D302E303033323735363130353036353334353736342C2241445F59223A302E3030313936333639323731373235343136322C2241445F5A223A2D302E33333038393534323338383931363031362C2254656D70447370223A302C22537461747573223A302C2243616C69625374617465223A312C22536967416D70496E76616C6964223A307D7D, 138 
05-22 07:20:51.179   544   544 D commservice260303: Push Message into SendPool fn=945356800
05-22 07:20:51.179   544   544 D commservice260303: ComProtocolLibSend2Cluster::send2ClusterRaw fn=945356800 , len=341
05-22 07:20:51.179   544   544 D commservice260303: sendCmdToPort :341!!!
05-22 07:20:51.179   544   544 D commservice260303: send Cmd To Port ++++5AA501518A01000059386A0F93537B22636F6D6D616E64223A7B226964223A22696D755F737461747573222C22737562223A22227D2C22636F6E74656E74223A7B2254696D655374616D70223A313737393430353635313137382C224672616D65436F756E746572223A32323336382C2247445F58223A2D302E3030393534343230373731343439383034332C2247445F59223A302E3030373430353837363634373638303939382C2247445F5A223A302E30313831373239353332373738323633312C2241445F58223A2D302E303033323735363130353036353334353736342C2241445F59223A302E3030313936333639323731373235343136322C2241445F5A223A2D302E33333038393534323338383931363031362C2254656D70447370223A302C22537461747573223A302C2243616C69625374617465223A312C22536967416D70496E76616C6964223A307D7D0E4E
05-22 07:20:51.180   573   573 I SpiService: fgesysctrl_getGPIO_status success val=1
05-22 07:20:51.180   544   544 D commservice260303: bufferevent_write retrun value = 0
05-22 07:20:51.180   544   567 D commservice260303: client datas send succeed,send finish
05-22 07:20:51.180  2981  3178 D Sentinelmode_1.2.5.13_alpha: <SentryImuClusterFgeSender>imu_status sent to Linux, frame=22368, tsNs=936158, tsMs=1779405651178, intervalMs=40, ad=(-0.0032756105,0.0019636927,-0.33089542), gd=(-0.009544208,0.0074058766,0.018172953)
05-22 06:39:24.923   573   573 D spi_rst_gpio_get_output: GPIO 145 value: 1
05-22 06:39:24.923   573   573 D spidev_ioctl: gpio status=1)
05-22 07:20:51.184   291  1491 D EvsDriver: forwardFrame
05-22 07:20:51.185   291  1491 D EvsDriver: Delivered 0xb400007b2f47ca30 as id 0
05-22 07:20:51.185  1137  1150 D evsmanagerd: /dev/video4 forwarded the buffer #0 to 0xb4000071fa019690 from 0xb4000071fa01b7d0
05-22 07:20:51.185   573   573 I SpiService: fgesysctrl_getGPIO_status success val=1
05-22 06:39:24.929   573   573 D spi_rst_gpio_get_output: GPIO 145 value: 1
05-22 06:39:24.929   573   573 D spidev_ioctl: gpio status=1)
05-22 07:20:51.187  2981  3177 I SentryImuMcuAngleSender: 179.9138rollDeg
05-22 07:20:51.187  2981  3177 I SentryImuMcuAngleSender: 1,0,0
05-22 07:20:51.188   964  1804 D [OMXB]  : usingANWBuffer: handle:0xebd42ed0, format:1, w:1920, h:1080
05-22 07:20:51.190   291  1135 D EvsDriver: doneWithFrame
05-22 07:20:51.190   276   300 I rvcservice: t.code = 3, t.value = 0
05-22 07:20:51.191   573   573 I SpiService: fgesysctrl_getGPIO_status success val=1
05-22 06:39:24.934   573   573 D spi_rst_gpio_get_output: GPIO 145 value: 1
05-22 06:39:24.934   573   573 D spidev_ioctl: gpio status=1)
05-22 07:20:51.196   573   573 I SpiService: fgesysctrl_getGPIO_status success val=1
05-22 06:39:24.940   573   573 D spi_rst_gpio_get_output: GPIO 145 value: 1
05-22 06:39:24.940   573   573 D spidev_ioctl: gpio status=1)
05-22 07:20:51.202   573   573 I SpiService: fgesysctrl_getGPIO_status success val=1
05-22 06:39:24.945   573   573 D spi_rst_gpio_get_output: GPIO 145 value: 1
05-22 06:39:24.945   573   573 D spidev_ioctl: gpio status=1)
05-22 07:20:51.206   558  1606 I gps_hdbd: Received: '$GNGGA,232051.000,,,,,0,00,,,M,,M,,*61
'
05-22 07:20:51.207  1026  1026 D MyAppLog: [2026-05-22 07:20:51.207 D tboxap gspDataAnalyze:346] [Gps] rev gps data:$GNGGA,232051.000,,,,,0,00,,,M,,M,,*61
05-22 07:20:51.207  2981  3177 I SentryImuMcuAngleSender: 179.91037rollDeg
05-22 07:20:51.207  1026  1026 D MyAppLog: [2026-05-22 07:20:51.207 D tboxap gpsCommTboxmidsRecvCb:66] [Gps] [gpsCommTboxmidsRecvCb] gps nmea updated:$GNGGA,232051.000,,,,,0,00,,,M,,M,,*61
05-22 07:20:51.207  1026  1026 D MyAppLog: 
05-22 07:20:51.207  2981  3177 I SentryImuMcuAngleSender: 1,0,0
05-22 07:20:51.210   558  1606 I gps_hdbd: Received: '$GNGSA,A,1,,,,,,,,,,,,,,,,1*1D
'
05-22 07:20:51.210   573   573 I SpiService: fgesysctrl_getGPIO_status success val=0
05-22 07:20:51.211   558  1606 I gps_hdbd: Received: '$GNGSA,A,1,,,,,,,,,,,,,,,,3*1F
'
05-22 07:20:51.211  1026  1026 D MyAppLog: [2026-05-22 07:20:51.211 D tboxap gspDataAnalyze:346] [Gps] rev gps data:$GNGSA,A,1,,,,,,,,,,,,,,,,1*1D
05-22 07:20:51.212  1026  1026 D MyAppLog: [2026-05-22 07:20:51.211 D tboxap gpsCommTboxmidsRecvCb:66] [Gps] [gpsCommTboxmidsRecvCb] gps nmea updated:$GNGSA,A,1,,,,,,,,,,,,,,,,1*1D
05-22 07:20:51.212  1026  1026 D MyAppLog: 
05-22 07:20:51.212  1026  1026 D MyAppLog: [2026-05-22 07:20:51.211 D tboxap gspDataAnalyze:346] [Gps] rev gps data:$GNGSA,A,1,,,,,,,,,,,,,,,,3*1F
05-22 07:20:51.212  1026  1026 D MyAppLog: [2026-05-22 07:20:51.211 D tboxap gpsCommTboxmidsRecvCb:66] [Gps] [gpsCommTboxmidsRecvCb] gps nmea updated:$GNGSA,A,1,,,,,,,,,,,,,,,,3*1F
05-22 07:20:51.212  1026  1026 D MyAppLog: 
05-22 06:39:24.954   573   573 D spi_rst_gpio_get_output: GPIO 145 value: 0
05-22 06:39:24.954   573   573 D spidev_ioctl: gpio status=0)
05-22 07:20:51.214  3735  3735 D NSLogUtils_MainActivity: progress->90380
05-22 07:20:51.216   558  1606 I gps_hdbd: Received: '$GNGSA,A,1,,,,,,,,,,,,,,,,4*18
'
05-22 07:20:51.216   558  1606 I gps_hdbd: Received: '$BDGSV,1,1,00,1*75
'
05-22 07:20:51.217   565   565 I Sensors : 230 GyroSensor: x:-0.008933,y:0.008399,z:0.018325
05-22 07:20:51.219  1026  1026 D MyAppLog: [2026-05-22 07:20:51.217 D tboxap gspDataAnalyze:346] [Gps] rev gps data:$GNGSA,A,1,,,,,,,,,,,,,,,,4*18
05-22 07:20:51.219  1026  1026 D MyAppLog: [2026-05-22 07:20:51.217 D tboxap gpsCommTboxmidsRecvCb:66] [Gps] [gpsCommTboxmidsRecvCb] gps nmea updated:$GNGSA,A,1,,,,,,,,,,,,,,,,4*18
05-22 07:20:51.219  1026  1026 D MyAppLog: 
05-22 07:20:51.219  1026  1026 D MyAppLog: [2026-05-22 07:20:51.217 D tboxap gspDataAnalyze:346] [Gps] rev gps data:$BDGSV,1,1,00,1*75
05-22 07:20:51.219  1026  1026 D MyAppLog: [2026-05-22 07:20:51.217 D tboxap gpsCommTboxmidsRecvCb:66] [Gps] [gpsCommTboxmidsRecvCb] gps nmea updated:$BDGSV,1,1,00,1*75
05-22 07:20:51.219  1026  1026 D MyAppLog: 
05-22 07:20:51.220   291  1491 D EvsDriver: forwardFrame
05-22 07:20:51.222   291  1491 D EvsDriver: Delivered 0xb400007b2f47ca30 as id 0
05-22 07:20:51.222   558  1606 I gps_hdbd: Received: '$GPGSV,1,1,01,199,42,165,,1*60
'
05-22 07:20:51.222  1137  1150 D evsmanagerd: /dev/video4 forwarded the buffer #0 to 0xb4000071fa019690 from 0xb4000071fa01b7d0
05-22 07:20:51.223   544   544 D commservice260303: msg.id = 1028,0
05-22 07:20:51.223   291  1135 D EvsDriver: doneWithFrame
05-22 07:20:51.223   544   544 D commservice260303: i = 170, msgid = 8A000404
05-22 07:20:51.223   544   544 D commservice260303: msgid = -1979710460,did=138
05-22 07:20:51.223   544   544 D commservice260303: CommProtocolLibCmdBaseI2C::dataproc {"command":{"id":"imu_status","sub":""},"content":{"TimeStamp":1779405651222,"FrameCounter":22369,"GD_X":-0.009391804225742817,"GD_Y":0.0073299347423017025,"GD_Z":0.018248895183205605,"AD_X":-0.0038844719529151917,"AD_Y":0.0025726258754730225,"AD_Z":-0.33211612701416016,"TempDsp":0,"Status":0,"CalibState":1,"SigAmpInvalid":0}},-1979710460
05-22 07:20:51.223   544   544 D commservice260303: send2Cluster len:328, 7B22636F6D6D616E64223A7B226964223A22696D755F737461747573222C22737562223A22227D2C22636F6E74656E74223A7B2254696D655374616D70223A313737393430353635313232322C224672616D65436F756E746572223A32323336392C2247445F58223A2D302E3030393339313830343232353734323831372C2247445F59223A302E303037333239393334373432333031373032352C2247445F5A223A302E3031383234383839353138333230353630352C2241445F58223A2D302E303033383834343731393532393135313931372C2241445F59223A302E303032353732363235383735343733303232352C2241445F5A223A2D302E33333231313631323730313431363031362C2254656D70447370223A302C22537461747573223A302C2243616C69625374617465223A312C22536967416D70496E76616C6964223A307D7D, 138 
05-22 07:20:51.223   544   544 D commservice260303: Push Message into SendPool fn=962134016
05-22 07:20:51.223   544   544 D commservice260303: ComProtocolLibSend2Cluster::send2ClusterRaw fn=962134016 , len=344
05-22 07:20:51.224   544   544 D commservice260303: sendCmdToPort :344!!!
05-22 07:20:51.224   544   544 D commservice260303: send Cmd To Port ++++5AA501548A01000059396A0F93537B22636F6D6D616E64223A7B226964223A22696D755F737461747573222C22737562223A22227D2C22636F6E74656E74223A7B2254696D655374616D70223A313737393430353635313232322C224672616D65436F756E746572223A32323336392C2247445F58223A2D302E3030393339313830343232353734323831372C2247445F59223A302E303037333239393334373432333031373032352C2247445F5A223A302E3031383234383839353138333230353630352C2241445F58223A2D302E303033383834343731393532393135313931372C2241445F59223A302E303032353732363235383735343733303232352C2241445F5A223A2D302E33333231313631323730313431363031362C2254656D70447370223A302C22537461747573223A302C2243616C69625374617465223A312C22536967416D70496E76616C6964223A307D7D78D7
05-22 07:20:51.224   544   544 D commservice260303: bufferevent_write retrun value = 0
05-22 07:20:51.224   544   567 D commservice260303: client datas send succeed,send finish
05-22 07:20:51.224  2981  3178 D Sentinelmode_1.2.5.13_alpha: <SentryImuClusterFgeSender>imu_status sent to Linux, frame=22369, tsNs=936179, tsMs=1779405651222, intervalMs=44, ad=(-0.003884472,0.0025726259,-0.33211613), gd=(-0.009391804,0.0073299347,0.018248895)
05-22 07:20:51.224   573   573 I SpiService: fgesysctrl_getGPIO_status success val=1
05-22 07:20:51.226   558  1606 I gps_hdbd: Received: '$GAGSV,1,1,00,7*73
'
05-22 07:20:51.227  1026  1026 D MyAppLog: [2026-05-22 07:20:51.226 D tboxap gspDataAnalyze:346] [Gps] rev gps data:$GPGSV,1,1,01,199,42,165,,1*60
05-22 07:20:51.227  1026  1026 D MyAppLog: [2026-05-22 07:20:51.226 D tboxap gpsCommTboxmidsRecvCb:66] [Gps] [gpsCommTboxmidsRecvCb] gps nmea updated:$GPGSV,1,1,01,199,42,165,,1*60
05-22 07:20:51.227  1026  1026 D MyAppLog: 
05-22 07:20:51.227  1026  1026 D MyAppLog: [2026-05-22 07:20:51.226 D tboxap gspDataAnalyze:346] [Gps] rev gps data:$GAGSV,1,1,00,7*73
05-22 07:20:51.227  1026  1026 D MyAppLog: [2026-05-22 07:20:51.226 D tboxap gpsCommTboxmidsRecvCb:66] [Gps] [gpsCommTboxmidsRecvCb] gps nmea updated:$GAGSV,1,1,00,7*73
05-22 07:20:51.227  1026  1026 D MyAppLog: 
05-22 06:39:24.968   573   573 D spi_rst_gpio_get_output: GPIO 145 value: 1
05-22 06:39:24.968   573   573 D spidev_ioctl: gpio status=1)
05-22 07:20:51.228  2981  2981 I Sentinelmode_1.2.5.13_alpha: <SentinelCarServiceManager>sensorType:291504647
05-22 07:20:51.228   558  1606 I gps_hdbd: Received: '$GNRMC,232051.000,V,,,,,,,210526,120.0,E,N,V*44
'
05-22 07:20:51.228   558  1606 I gps_hdbd: RMC : CALL gnss_sv_status_cb, view_in_sat <1>
05-22 07:20:51.228   558  1606 I gps_hdbd: [reportSvStatus]--->PLATFORM_BSP::Enter
05-22 07:20:51.228   558  1606 I gps_hdbd: hy abnormal deal:hy_cnr30_satellite_cnt=0
05-22 07:20:51.228   558  1606 D gps_hdbd: hy abnormal deal:hy_fixStatus_fail_count=0
05-22 07:20:51.229  2981  3177 I SentryImuMcuAngleSender: 179.90349rollDeg
05-22 07:20:51.229  2981  3177 I SentryImuMcuAngleSender: 1,0,0
05-22 07:20:51.229  1026  1026 D MyAppLog: [2026-05-22 07:20:51.228 D tboxap gspDataAnalyze:346] [Gps] rev gps data:$GNRMC,232051.000,V,,,,,,,210526,120.0,E,N,V*44
05-22 07:20:51.229  1026  1026 D MyAppLog: [2026-05-22 07:20:51.228 D tboxap Real_GPS_Command_Process:293] [Gps] GPS_INFOR_IF_COMPLETED 0f
05-22 07:20:51.229  1026  1026 D MyAppLog: [2026-05-22 07:20:51.228 D tboxap gpsCommDataCb:143] [Gps] [gpsCommDataCb] datacb
05-22 07:20:51.229  1026  1026 W MyAppLog: [2026-05-22 07:20:51.229 W tboxap gpsSyncGpsInfoToDm:263] [Gps] [gpsSyncGpsInfoToDm] fix=0 mode=49 alt=0.00 sat=0 hdop=0.00 pdop=0.00 vdop=0.00
05-22 07:20:51.229  1026  1026 D MyAppLog: [2026-05-22 07:20:51.229 D tboxap gpsIpcInfoCallBack:161] [Gps] [gpsIpcInfoCallBack] gpsIpcInfoCallBack in
05-22 07:20:51.230  1026  1026 D MyAppLog: [2026-05-22 07:20:51.229 D tboxap gpsIpcInfoCallBack:168] [Gps] [gpsIpcInfoCallBack] gps ipc init gpsIpcInfoCallBack = 0x64d0daa0fc
05-22 07:20:51.230  1026  1026 D MyAppLog: [2026-05-22 07:20:51.229 D tboxap gpsIpcInfoCallBack:176] [Gps] [gpsIpcInfoCallBack] gpsIpcInfoCallBack 44 out
05-22 07:20:51.230   573   573 I SpiService: fgesysctrl_getGPIO_status success val=1
05-22 07:20:51.230  1026  1026 D MyAppLog: [2026-05-22 07:20:51.229 D tboxap gpsCommTboxmidsRecvCb:66] [Gps] [gpsCommTboxmidsRecvCb] gps nmea updated:$GNRMC,232051.000,V,,,,,,,210526,120.0,E,N,V*44
05-22 07:20:51.230  1026  1026 D MyAppLog: 
05-22 07:20:51.230  1026  1026 D MyAppLog: [2026-05-22 07:20:51.229 D tboxap GpsIpcInfoHandler:133] [Gps] [GpsIpcInfoHandler]  time 
05-22 07:20:51.233   558  1606 I gps_hdbd: Received: '$GNZDA,232051.000,21,05,2026,00,00*4F
'
05-22 06:39:24.973   573   573 D spi_rst_gpio_get_output: GPIO 145 value: 1
05-22 06:39:24.973   573   573 D spidev_ioctl: gpio status=1)
05-22 07:20:51.234   964  1804 D [OMXB]  : usingANWBuffer: handle:0xebd42f80, format:1, w:1920, h:1080
05-22 07:20:51.234 11323 11374 D ANW_AVRCP: (11323|0xD12C8CB0)[AVRCP] API getPlayStatusTimerHandler
05-22 07:20:51.235  1026  1026 D MyAppLog: [2026-05-22 07:20:51.234 D tboxap gspDataAnalyze:346] [Gps] rev gps data:$GNZDA,232051.000,21,05,2026,00,00*4F
05-22 07:20:51.235   573   573 I SpiService: fgesysctrl_getGPIO_status success val=1
05-22 07:20:51.235 11323 11374 D ANW_AVRCP: (11323|0xD12C8CB0)[AVRCP] API AVRCP_GetPlayStatus
05-22 07:20:51.235  1026  1026 D MyAppLog: [2026-05-22 07:20:51.234 D tboxap gpsCommTboxmidsRecvCb:66] [Gps] [gpsCommTboxmidsRecvCb] gps nmea updated:$GNZDA,232051.000,21,05,2026,00,00*4F
05-22 07:20:51.235  1026  1026 D MyAppLog: 
05-22 07:20:51.235 11323 11374 D ANWStack: [    936217][ANWBT] <<Avctp_Send_Message 0/1:
05-22 07:20:51.235 11323 11374 D ANWStack: 
05-22 07:20:51.235   824   824 D SurfaceFlinger: unisoc-graphics, commit has frameMissed:2, vysncId:435314
05-22 07:20:51.235 11323 11374 D ANWStack: [    936217][ANWBT] L2CAP: L2_RetrieveHandle called, cid=0x82
05-22 07:20:51.235 11323 11374 D ANWStack: 
05-22 06:39:24.979   573   573 D spi_rst_gpio_get_output: GPIO 145 value: 1
05-22 06:39:24.979   573   573 D spidev_ioctl: gpio status=1)
05-22 07:20:51.239   558  1606 I gps_hdbd: Received: '$GNGST,232051.000,,,,,,,*50
'
05-22 07:20:51.241   573   573 I SpiService: fgesysctrl_getGPIO_status success val=1
05-22 06:39:24.984   573   573 D spi_rst_gpio_get_output: GPIO 145 value: 1
05-22 06:39:24.984   573   573 D spidev_ioctl: gpio status=1)
05-22 07:20:51.245   291  1491 D EvsDriver: forwardFrame
05-22 07:20:51.246   291  1491 D EvsDriver: Delivered 0xb400007b2f47ca30 as id 0
05-22 07:20:51.246   573   573 I SpiService: fgesysctrl_getGPIO_status success val=1
05-22 07:20:51.246  1137  1150 D evsmanagerd: /dev/video4 forwarded the buffer #0 to 0xb4000071fa019690 from 0xb4000071fa01b7d0
05-22 07:20:51.249   291  1135 D EvsDriver: doneWithFrame
05-22 06:39:24.990   573   573 D spi_rst_gpio_get_output: GPIO 145 value: 1
05-22 07:20:51.249  2981  3177 I SentryImuMcuAngleSender: 179.89656rollDeg
05-22 07:20:51.250  2981  3177 I SentryImuMcuAngleSender: 1,0,0
05-22 06:39:24.990   573   573 D spidev_ioctl: gpio status=1)
05-22 07:20:51.252   573   573 I SpiService: fgesysctrl_getGPIO_status success val=0
05-22 07:20:51.252   824   824 D SurfaceFlinger: unisoc-graphics, commit has frameMissed:2, vysncId:435322
05-22 06:39:24.995   573   573 D spi_rst_gpio_get_output: GPIO 145 value: 0
05-22 06:39:24.995   573   573 D spidev_ioctl: gpio status=0)
05-22 07:20:51.257   558  1606 I gps_hdbd: Received: '$GNINS,1,1,TYPE,I,V,232051.000,919200,FUS,-14,0,0,0,MOT,V,1,PATT,0.00,0.00,0.00,VEL,0.000,0.000,0.000,POS,39.9999846247,115.9999771395,108.489,IIA,1,0.00,0.00,0.00,BGA,0.44,-0.52,-1.01,0.000,0.000,0.000,IGA,0,-1,-1,0,-1,99,VG,16c2ff1*3B
'
05-22 07:20:51.257  2981  3170 D SVR_MNG_SvrMngProxy: getServer: mSvrManger is null
05-22 07:20:51.257  2981  3170 D SVR_MNG_SvrMngProxy: getNewStub: 
05-22 07:20:51.257  2981  3170 D SVR_MNG_SvrMngProxy: getNewStub: getSvrManagerService start
05-22 07:20:51.258  2981  3170 D SVR_MNG_SvrMngProxy: getNewStub: getSvrManagerService end
05-22 07:20:51.258  2981  3170 D SVR_MNG_SvrMngProxy: getServer: svrMngService doesn't start
05-22 07:20:51.261   544   544 D commservice260303: msg.id = 1028,1
05-22 07:20:51.262   544   544 D commservice260303: i = 170, msgid = 8A000404
05-22 07:20:51.262   544   544 D commservice260303: msgid = -1979710460,did=138
05-22 07:20:51.262   544   544 D commservice260303: CommProtocolLibCmdBaseI2C::dataproc {"command":{"id":"imu_status","sub":""},"content":{"TimeStamp":1779405651261,"FrameCounter":22370,"GD_X":-0.009010015055537224,"GD_Y":0.008398840203881264,"GD_Z":0.017867106944322586,"AD_X":-0.005103029310703278,"AD_Y":0.0050087254494428635,"AD_Z":-0.33089542388916016,"TempDsp":0,"Status":0,"CalibState":1,"SigAmpInvalid":0}},-1979710460
05-22 07:20:51.262   544   544 D commservice260303: send2Cluster len:326, 7B22636F6D6D616E64223A7B226964223A22696D755F737461747573222C22737562223A22227D2C22636F6E74656E74223A7B2254696D655374616D70223A313737393430353635313236312C224672616D65436F756E746572223A32323337302C2247445F58223A2D302E3030393031303031353035353533373232342C2247445F59223A302E3030383339383834303230333838313236342C2247445F5A223A302E3031373836373130363934343332323538362C2241445F58223A2D302E3030353130333032393331303730333237382C2241445F59223A302E303035303038373235343439343432383633352C2241445F5A223A2D302E33333038393534323338383931363031362C2254656D70447370223A302C22537461747573223A302C2243616C69625374617465223A312C22536967416D70496E76616C6964223A307D7D, 138 
05-22 07:20:51.262   544   544 D commservice260303: Push Message into SendPool fn=978911232
05-22 07:20:51.262   544   544 D commservice260303: ComProtocolLibSend2Cluster::send2ClusterRaw fn=978911232 , len=342
05-22 07:20:51.262   544   544 D commservice260303: sendCmdToPort :342!!!
05-22 07:20:51.262   544   544 D commservice260303: send Cmd To Port ++++5AA501528A010000593A6A0F93537B22636F6D6D616E64223A7B226964223A22696D755F737461747573222C22737562223A22227D2C22636F6E74656E74223A7B2254696D655374616D70223A313737393430353635313236312C224672616D65436F756E746572223A32323337302C2247445F58223A2D302E3030393031303031353035353533373232342C2247445F59223A302E3030383339383834303230333838313236342C2247445F5A223A302E3031373836373130363934343332323538362C2241445F58223A2D302E3030353130333032393331303730333237382C2241445F59223A302E303035303038373235343439343432383633352C2241445F5A223A2D302E33333038393534323338383931363031362C2254656D70447370223A302C22537461747573223A302C2243616C69625374617465223A312C22536967416D70496E76616C6964223A307D7DC680
05-22 07:20:51.262   544   544 D commservice260303: bufferevent_write retrun value = 0
05-22 07:20:51.262   544   567 D commservice260303: client datas send succeed,send finish
05-22 07:20:51.263  2981  3178 D Sentinelmode_1.2.5.13_alpha: <SentryImuClusterFgeSender>imu_status sent to Linux, frame=22370, tsNs=936216, tsMs=1779405651261, intervalMs=39, ad=(-0.0051030293,0.0050087254,-0.33089542), gd=(-0.009010015,0.00839884,0.017867107)
05-22 07:20:51.266   573   573 I SpiService: fgesysctrl_getGPIO_status success val=1
05-22 07:20:51.267   486   580 I mcuc    : rev,n=1,6AA6811248001B8900500600030E3031323334353637383941424344454647000C44E1
05-22 07:20:51.268   344   361 D automotive.vehicle@2.0-adayo-datacomm-mcu: MCUDatacomm sendMessageFromVehicle prop: 0x89, areaId: 0x0, status: 0x50, timestamp: 0x6
05-22 07:20:51.268   344   361 D automotive.vehicle@2.0-adayo-datacomm-mcu: MCUDatacomm 1sendMessageFromVehicle ---> type = 3 
05-22 07:20:51.268   344   361 D automotive.vehicle@2.0-adayo-func-bcm: sendMessageFromVehicle sendMessageFromVehicle
05-22 06:39:25.009   573   573 D spi_rst_gpio_get_output: GPIO 145 value: 1
05-22 07:20:51.268   558  1606 I gps_hdbd: Received: '$GNINS,CARSPEED,ADR_STATUS,0,Pulse_count,0,1,0,0,919200,9192,0.000,0.000,0.000*06
'
05-22 06:39:25.009   573   573 D spidev_ioctl: gpio status=1)
05-22 07:20:51.268   344   511 D automotive.vehicle@2.0-adayo-func-bcm: BCMFunc sendMessageFromVehicle_l dataType: 13,mByte=7,propid=0x2110001a
05-22 07:20:51.268   344   511 D automotive.vehicle@2.0-adayo-func-bcm: BCMFunc VEHICLE_VIN_CODE111 0x2110001a 
05-22 07:20:51.268   344   511 E automotive.vehicle@2.0-adayo-func-bcm: byteArrayToASCIIString, index 7 hex: 30, ascii: 0
05-22 07:20:51.268   344   511 E automotive.vehicle@2.0-adayo-func-bcm: byteArrayToASCIIString, index 8 hex: 31, ascii: 01
05-22 07:20:51.268   344   511 E automotive.vehicle@2.0-adayo-func-bcm: byteArrayToASCIIString, index 9 hex: 32, ascii: 012
05-22 07:20:51.268   344   511 E automotive.vehicle@2.0-adayo-func-bcm: byteArrayToASCIIString, index 10 hex: 33, ascii: 0123
05-22 07:20:51.268   344   511 E automotive.vehicle@2.0-adayo-func-bcm: byteArrayToASCIIString, index 11 hex: 34, ascii: 01234
05-22 07:20:51.268   344   511 E automotive.vehicle@2.0-adayo-func-bcm: byteArrayToASCIIString, index 12 hex: 35, ascii: 012345
05-22 07:20:51.268   344   511 E automotive.vehicle@2.0-adayo-func-bcm: byteArrayToASCIIString, index 13 hex: 36, ascii: 0123456
05-22 07:20:51.268   344   511 E automotive.vehicle@2.0-adayo-func-bcm: byteArrayToASCIIString, index 14 hex: 37, ascii: 01234567
05-22 07:20:51.268   344   511 E automotive.vehicle@2.0-adayo-func-bcm: byteArrayToASCIIString, index 15 hex: 38, ascii: 012345678
05-22 07:20:51.268   344   511 E automotive.vehicle@2.0-adayo-func-bcm: byteArrayToASCIIString, index 16 hex: 39, ascii: 0123456789
05-22 07:20:51.268   344   511 E automotive.vehicle@2.0-adayo-func-bcm: byteArrayToASCIIString, index 17 hex: 41, ascii: 0123456789A
05-22 07:20:51.268   344   511 E automotive.vehicle@2.0-adayo-func-bcm: byteArrayToASCIIString, index 18 hex: 42, ascii: 0123456789AB
05-22 07:20:51.268   344   511 E automotive.vehicle@2.0-adayo-func-bcm: byteArrayToASCIIString, index 19 hex: 43, ascii: 0123456789ABC
05-22 07:20:51.268   344   511 E automotive.vehicle@2.0-adayo-func-bcm: byteArrayToASCIIString, index 20 hex: 44, ascii: 0123456789ABCD
05-22 07:20:51.268   344   511 E automotive.vehicle@2.0-adayo-func-bcm: byteArrayToASCIIString, index 21 hex: 45, ascii: 0123456789ABCDE
05-22 07:20:51.268   344   511 E automotive.vehicle@2.0-adayo-func-bcm: byteArrayToASCIIString, index 22 hex: 46, ascii: 0123456789ABCDEF
05-22 07:20:51.268   344   511 E automotive.vehicle@2.0-adayo-func-bcm: byteArrayToASCIIString, index 23 hex: 47, ascii: 0123456789ABCDEFG
05-22 07:20:51.268   344   511 D automotive.vehicle@2.0-adayo-func-bcm: BCMFunc VEHICLE_VIN_CODE222 0x2110001a ,value:0123456789ABCDEFG
05-22 07:20:51.268   344   511 D automotive.vehicle@2.0-adayo-func-bcm: BCMFunc sendMessageFromVehicle_l id:554696730, area:0 not report! 
05-22 07:20:51.269   824   824 D SurfaceFlinger: unisoc-graphics, commit has frameMissed:2, vysncId:435330
05-22 07:20:51.270  2981  3177 I SentryImuMcuAngleSender: 179.89656rollDeg
05-22 07:20:51.270  2981  3177 I SentryImuMcuAngleSender: 1,0,0
05-22 07:20:51.271   573   573 I SpiService: fgesysctrl_getGPIO_status success val=1
05-22 07:20:51.274   558  1606 I gps_hdbd: Received: '$GNTXT,04,01,04,INS,V,1,,,,FLG,1,000000,1,0,1,0,0,Con,0*71
'
05-22 07:20:51.274   558  1606 I gps_hdbd: Received: '$GNTXT,INSTALL,0.00,0.00,0.00,0.00,0.00,0.00,0*20
'
05-22 06:39:25.015   573   573 D spi_rst_gpio_get_output: GPIO 145 value: 1
05-22 06:39:25.015   573   573 D spidev_ioctl: gpio status=1)
05-22 07:20:51.276   573   573 I SpiService: fgesysctrl_getGPIO_status success val=1
05-22 06:39:25.020   573   573 D spi_rst_gpio_get_output: GPIO 145 value: 1
05-22 06:39:25.020   573   573 D spidev_ioctl: gpio status=1)
05-22 07:20:51.278 11323 11374 D ANWAPI  : (11323|0xD12C8CB0)[BTAPI] AnwhciEventCallback 19 1
05-22 07:20:51.282   291  1491 D EvsDriver: forwardFrame
05-22 07:20:51.282   573   573 I SpiService: fgesysctrl_getGPIO_status success val=1
05-22 07:20:51.283   291  1491 D EvsDriver: Delivered 0xb400007b2f47ca30 as id 0
05-22 07:20:51.283  1137  1150 D evsmanagerd: /dev/video4 forwarded the buffer #0 to 0xb4000071fa019690 from 0xb4000071fa01b7d0
05-22 06:39:25.025   573   573 D spi_rst_gpio_get_output: GPIO 145 value: 1
05-22 06:39:25.025   573   573 D spidev_ioctl: gpio status=1)
05-22 07:20:51.287   291  1135 D EvsDriver: doneWithFrame
05-22 07:20:51.288   573   573 I SpiService: fgesysctrl_getGPIO_status success val=1
05-22 06:39:25.031   573   573 D spi_rst_gpio_get_output: GPIO 145 value: 1
05-22 07:20:51.290  2981  3177 I SentryImuMcuAngleSender: 179.92415rollDeg
05-22 06:39:25.031   573   573 D spidev_ioctl: gpio status=1)
05-22 07:20:51.290  2981  3177 I SentryImuMcuAngleSender: 1,0,0
05-22 07:20:51.290   276   300 I rvcservice: t.code = 2, t.value = 10136980
05-22 07:20:51.293   573   573 I SpiService: fgesysctrl_getGPIO_status success val=0
05-22 06:39:25.037   573   573 D spi_rst_gpio_get_output: GPIO 145 value: 0
05-22 06:39:25.037   573   573 D spidev_ioctl: gpio status=0)
05-22 07:20:51.294   486   579 I mcuc    : send SPI:6AA60212480002890019
05-22 07:20:51.302   964  1804 D [OMXB]  : usingANWBuffer: handle:0xebd43710, format:1, w:1920, h:1080
05-22 07:20:51.305   544   544 D commservice260303: msg.id = 1028,0
05-22 07:20:51.305   544   544 D commservice260303: i = 170, msgid = 8A000404
05-22 07:20:51.305   544   544 D commservice260303: msgid = -1979710460,did=138
05-22 07:20:51.305   544   544 D commservice260303: CommProtocolLibCmdBaseI2C::dataproc {"command":{"id":"imu_status","sub":""},"content":{"TimeStamp":1779405651304,"FrameCounter":22371,"GD_X":-0.008781149983406067,"GD_Y":0.007558800280094147,"GD_Z":0.018095972016453743,"AD_X":-0.003882467746734619,"AD_Y":1.272261142730713E-4,"AD_Z":-0.32967567443847656,"TempDsp":0,"Status":0,"CalibState":1,"SigAmpInvalid":0}},-1979710460
05-22 07:20:51.305   544   544 D commservice260303: send2Cluster len:325, 7B22636F6D6D616E64223A7B226964223A22696D755F737461747573222C22737562223A22227D2C22636F6E74656E74223A7B2254696D655374616D70223A313737393430353635313330342C224672616D65436F756E746572223A32323337312C2247445F58223A2D302E3030383738313134393938333430363036372C2247445F59223A302E3030373535383830303238303039343134372C2247445F5A223A302E3031383039353937323031363435333734332C2241445F58223A2D302E3030333838323436373734363733343631392C2241445F59223A312E323732323631313432373330373133452D342C2241445F5A223A2D302E33323936373536373434333834373635362C2254656D70447370223A302C22537461747573223A302C2243616C69625374617465223A312C22536967416D70496E76616C6964223A307D7D, 138 
05-22 07:20:51.305   544   544 D commservice260303: Push Message into SendPool fn=995688448
05-22 07:20:51.305   544   544 D commservice260303: ComProtocolLibSend2Cluster::send2ClusterRaw fn=995688448 , len=341
05-22 07:20:51.305   544   544 D commservice260303: sendCmdToPort :341!!!
05-22 07:20:51.305   544   544 D commservice260303: send Cmd To Port ++++5AA501518A010000593B6A0F93537B22636F6D6D616E64223A7B226964223A22696D755F737461747573222C22737562223A22227D2C22636F6E74656E74223A7B2254696D655374616D70223A313737393430353635313330342C224672616D65436F756E746572223A32323337312C2247445F58223A2D302E3030383738313134393938333430363036372C2247445F59223A302E3030373535383830303238303039343134372C2247445F5A223A302E3031383039353937323031363435333734332C2241445F58223A2D302E3030333838323436373734363733343631392C2241445F59223A312E323732323631313432373330373133452D342C2241445F5A223A2D302E33323936373536373434333834373635362C2254656D70447370223A302C22537461747573223A302C2243616C69625374617465223A312C22536967416D70496E76616C6964223A307D7D0EDE
05-22 07:20:51.305   544   544 D commservice260303: bufferevent_write retrun value = 0
05-22 07:20:51.305   544   567 D commservice260303: client datas send succeed,send finish
05-22 07:20:51.306  2981  3178 D Sentinelmode_1.2.5.13_alpha: <SentryImuClusterFgeSender>imu_status sent to Linux, frame=22371, tsNs=936268, tsMs=1779405651304, intervalMs=43, ad=(-0.0038824677,1.2722611E-4,-0.32967567), gd=(-0.00878115,0.0075588003,0.018095972)
05-22 07:20:51.308   573   573 I SpiService: fgesysctrl_getGPIO_status success val=1
05-22 07:20:51.309   291  1491 D EvsDriver: forwardFrame
05-22 06:39:25.051   573   573 D spi_rst_gpio_get_output: GPIO 145 value: 1
05-22 06:39:25.051   573   573 D spidev_ioctl: gpio status=1)
05-22 07:20:51.310  2981  3177 I SentryImuMcuAngleSender: 179.93448rollDeg
05-22 07:20:51.310  2981  3177 I SentryImuMcuAngleSender: 1,0,0
05-22 07:20:51.310   291  1491 D EvsDriver: Delivered 0xb400007b2f47ca30 as id 0
05-22 07:20:51.310  1137  1150 D evsmanagerd: /dev/video4 forwarded the buffer #0 to 0xb4000071fa019690 from 0xb4000071fa01b7d0
05-22 07:20:51.311   477  1243 I dvr_service_: [myNum:0][onFrameReceived] Received Surface:1 0
05-22 07:20:51.311   291  1135 D EvsDriver: doneWithFrame
05-22 07:20:51.313   573   573 I SpiService: fgesysctrl_getGPIO_status success val=1
05-22 06:39:25.056   573   573 D spi_rst_gpio_get_output: GPIO 145 value: 1
05-22 06:39:25.056   573   573 D spidev_ioctl: gpio status=1)
05-22 07:20:51.317 11323 11374 D ANWStack: [    936299][ANWBT] >>Avctp_L2cap_Data_Ind_Cb
05-22 07:20:51.317 11323 11374 D ANWStack: 
05-22 07:20:51.317 11323 11374 D ANWStack: [    936299][ANWBT] AVCTP Message Length = 22
05-22 07:20:51.317 11323 11374 D ANWStack: [    936299][ANWBT] Receive AVCTP_SINGLE_PACKET
05-22 07:20:51.317 11323 11374 D ANW_AVRCP: (11323|0xD12C8CB0)[AVRCP] [**AVRCP**] 0x32 0x110e
05-22 07:20:51.317 11323 11374 D ANW_AVRCP: (11323|0xD12C8CB0)[AVRCP] opcode match 0x0
05-22 07:20:51.317 11323 11374 D ANW_AVRCP: 
05-22 07:20:51.317 11323 11374 D ANW_AVRCP: (11323|0xD12C8CB0)[AVRCP] subopcode match 0x30, update ctype 0x1->0xc
05-22 07:20:51.317 11323 11374 D ANW_AVRCP: 
05-22 07:20:51.317 11323 11374 D ANW_AVRCP: (11323|0xD12C8CB0)[AVRCP] AVRCP_Packet_Parser Response
05-22 07:20:51.317 11323 11374 D ANW_AVRCP: 
05-22 07:20:51.317 11323 11374 D ANW_AVRCP: (11323|0xD12C8CB0)[AVRCP] AVRCP_Get_Play_Status_RSP_Handler 90508/169130 1
05-22 07:20:51.317 11323 11374 D ANWAPI  : (11323|0xD12C8CB0)[BTAPI] connmgr_find_by_handle pData = 0xb4000078d2e60eb0,7
05-22 07:20:51.317 11323 11374 D ANWAPI  : (11323|0xD12C8CB0)[BTAPI] ===BTAPI_MallocIdxMsg 1030 16
05-22 07:20:51.317 11323 11374 D ANWAPI  : (11323|0xD12C8CB0)[BTAPI] *BT_CB_Dispatch
05-22 07:20:51.317 11323 11374 D ANWAPI  : (11323|0xD12C8CB0)[BTAPI] *****SDK callback(0x406)
05-22 07:20:51.317 11323 11374 D ANWAPI  : (11323|0xD12C8CB0)[BTAPI] SDK***** [1c:11:2f:7c:1d:68]
05-22 07:20:51.317 11323 11374 D ANWAPI  : (11323|0xD12C8CB0)[BTAPI] btsdk_exec_apicb start
05-22 07:20:51.317 11323 11374 D ANWAPI  : (11323|0xD12C8CB0)[BTAPI] Up: AvrcpMsgHandler receive[1C:11:2F:7C:1D:68], Get Device ID(0)
05-22 07:20:51.317 11323 11374 D ANWAPI  : 
05-22 07:20:51.317 11323 11374 D ANWAPI  : (11323|0xD12C8CB0)[BTAPI] Up: AnWBT_AVRCP_CURRENT_PLAY_STATUS_IND
05-22 07:20:51.317 11323 11374 D ANWAPI  : 
05-22 07:20:51.317 11323 11374 D ANWAPI  : (11323|0xD12C8CB0)[BTAPI] songLengthMs     =169130
05-22 07:20:51.317 11323 11374 D ANWAPI  : 
05-22 07:20:51.317 11323 11374 D ANWAPI  : (11323|0xD12C8CB0)[BTAPI] songPositionMs   =90508
05-22 07:20:51.317 11323 11374 D ANWAPI  : 
05-22 07:20:51.317 11323 11374 I ANW bt_btif: AvrcpMsgHandler: HAL bt_rc_ctrl_callbacks->play_position_changed_cb
05-22 07:20:51.317 11323 11374 I BluetoothAvrcpControllerJni: btavrcp_play_position_changed_callback
05-22 07:20:51.318 11323 11374 D AvrcpControllerService: onPlayPositionChanged pos 90508
05-22 07:20:51.318 11323 11374 D ANWAPI  : (11323|0xD12C8CB0)[BTAPI] currentPlayStatus=1
05-22 07:20:51.318 11323 11374 D ANWAPI  : 
05-22 07:20:51.318 11323 11374 I ANW bt_btif: AvrcpMsgHandler: HAL bt_rc_ctrl_callbacks->play_status_changed_cb
05-22 07:20:51.318 11323 11374 I BluetoothAvrcpControllerJni: btavrcp_play_status_changed_callback
05-22 07:20:51.318 11323 11374 D AvrcpControllerService: onPlayStatusChanged 1
05-22 07:20:51.318 11323 11374 D ANWAPI  : (11323|0xD12C8CB0)[BTAPI] btsdk_exec_apicb end
05-22 07:20:51.318 11323 13102 D AvrcpControllerStateMachine: Avrcp.GetFolderList processMessage 206
05-22 07:20:51.318 11323 13102 D AvrcpControllerStateMachine: Avrcp.ConnectedAvrcpController processMessage 206
05-22 07:20:51.318 11323 13102 D AvrcpPlayer: getPlayBackState state 3 time 90508
05-22 07:20:51.318 11323 13102 D BluetoothMediaBrowserService: notifyChanged PlaybackStatePlaybackState {state=3, position=90508, buffered position=0, speed=1.0, updated=936300, actions=2375735, error code=0, error message=null, custom actions=[], active item id=9}
05-22 07:20:51.318   573   573 I SpiService: fgesysctrl_getGPIO_status success val=1
05-22 07:20:51.319 11323 13102 D AvrcpControllerStateMachine: Avrcp.GetFolderList processMessage 207
05-22 07:20:51.319 11323 13102 D AvrcpControllerStateMachine: Avrcp.ConnectedAvrcpController processMessage 207
05-22 07:20:51.319 11323 13102 D AvrcpPlayer: getPlayBackState state 3 time 90509
05-22 07:20:51.319 11323 13102 D BluetoothMediaBrowserService: notifyChanged PlaybackStatePlaybackState {state=3, position=90509, buffered position=0, speed=1.0, updated=936301, actions=2375735, error code=0, error message=null, custom actions=[], active item id=9}
05-22 07:20:51.319  3735  3735 I NSLogUtils_BtMusicModel: onPlaybackStateChanged state: PlaybackState {state=3, position=90508, buffered position=0, speed=1.0, updated=936300, actions=2375735, custom actions=[], active item id=9, error=null} mIsBCallInCall=false
05-22 07:20:51.320  3735  3735 I NSLogUtils_BtMusicModel: musicChange metaData: android.media.MediaMetadata@992ba02d
05-22 07:20:51.320  3735  3735 I NSLogUtils_BtMusicModel: musicChange title: 还有你给我的痛,artist: Wish u never-TF_ING张子墨/Top Barry,duration: 169130,album: Wish u never,albumArtUri: null
05-22 07:20:51.320  3735  3735 D NSLogUtils_MediaForegroundService: updateNotification isPlaying=true title=还有你给我的痛 text=Wish u never-TF_ING张子墨/Top Barry
05-22 07:20:51.321 11323 13102 D AvrcpControllerStateMachine: Avrcp.ConnectedAvrcpController shouldRequestFocus() true
05-22 06:39:25.062   573   573 D spi_rst_gpio_get_output: GPIO 145 value: 1
05-22 06:39:25.062   573   573 D spidev_ioctl: gpio status=1)
05-22 07:20:51.322 11323 11323 D MediaPlayerList: sendMediaUpdate
05-22 07:20:51.322 11323 11323 I MediaPlayerList: sendMediaUpdate: Creating a one item queue for a player with no queue
05-22 07:20:51.322 11323 11323 D MediaPlayerList: sendMediaUpdate state=PlaybackState {state=3, position=90510, buffered position=0, speed=1.0, updated=936304, actions=566, custom actions=[], active item id=-1, error=null}
05-22 07:20:51.323 11323 11323 D AvrcpTargetService: onMediaUpdated: track_changed=false state=true queue=false
05-22 07:20:51.323 11323 11323 D AvrcpNativeInterface: sendMediaUpdate: metadata=false playStatus=true queue=false
05-22 07:20:51.323 11323 11323 D AvrcpTargetJni: sendMediaUpdateNative
05-22 07:20:51.323 11323 11323 I droid.bluetooth: run avrcp SendMediaUpdate, AnW
05-22 07:20:51.323 11323 11323 D ANWAPI  : (11323|0x2B6584F8)[BTAPI] Handle_Hal_Callback, callback_type(9)
05-22 07:20:51.323 11323 11374 I droid.bluetooth: run doGetPlaystatus, AnW
05-22 07:20:51.323 11323 11374 D AvrcpTargetJni: getCurrentPlayStatus
05-22 07:20:51.323 11323 11374 D AvrcpNativeInterface: getPlayStatus
05-22 07:20:51.323 11323 11374 D ANWAPI  : (11323|0xD12C8CB0)[BTAPI] BT Addres is NULL , checking which array is connected
05-22 07:20:51.323 11323 11374 D ANWAPI  : 
05-22 07:20:51.323 11323 11374 D ANWAPI  : (11323|0xD12C8CB0)[BTAPI] SPPMIN(0)SPPMAX(0)
05-22 07:20:51.323 11323 11374 D ANWAPI  : 
05-22 07:20:51.323 11323 11374 D ANWAPI  : (11323|0xD12C8CB0)[BTAPI] In Three Step Get Device ID(0)
05-22 07:20:51.323 11323 11374 D ANWAPI  : 
05-22 07:20:51.323 11323 11374 D ANWAPI  : (11323|0xD12C8CB0)[BTAPI] run Get_ID_By_AVRCPTarget_SpecialState(4)
05-22 07:20:51.323 11323 11374 D ANWAPI  : 
05-22 07:20:51.324   573   573 I SpiService: fgesysctrl_getGPIO_status success val=1
05-22 07:20:51.325   737   737 D NotificationService: EnqueueNotificationRunnable.run for: 0|com.neusoft.btmusic|8001|null|1000
05-22 07:20:51.325  3735  3735 D NSLogUtils_BluetoothPlayerService: mPlaybackStateObserver isConnected: true
05-22 07:20:51.325   737   737 I notification_enqueue: [1000,3735,com.neusoft.btmusic,8001,NULL,0,Notification(channel=media_playback_channel shortcut=null contentView=null vibrate=null sound=null defaults=0x0 flags=0x4a color=0x00000000 category=transport groupKey=silent actions=3 vis=PUBLIC),1]
05-22 07:20:51.325  3735  3735 D NSLogUtils_BluetoothPlayerService: played trigger application focus
05-22 07:20:51.325  3735  3735 D NSLogUtils_SourceChangeManager: getCurrentSourceWithoutDefaultValue source: MUSIC_SOURCE_BT
05-22 07:20:51.325  3735  3735 D NSLogUtils_SourceChangeManager: setCurrentSource new source: MUSIC_SOURCE_BT ,currentSource: MUSIC_SOURCE_BT
05-22 07:20:51.325  3735  3735 E NSLogUtils_SourceChangeManager: setCurrentSource error, because currentSource is the same as source
05-22 06:39:25.067   573   573 D spi_rst_gpio_get_output: GPIO 145 value: 1
05-22 06:39:25.067   573   573 D spidev_ioctl: gpio status=1)
05-22 07:20:51.325  3735  3735 D NSLogUtils_MainActivity: progress->90515
05-22 07:20:51.327  1812  1812 I ExtAssistant: ENQUEUED 0|com.neusoft.btmusic|8001|null|1000 on media_playback_channel
05-22 07:20:51.328  1812  2664 D ExtAssistant: Creating Adjustment for 0|com.neusoft.btmusic|8001|null|1000, with 0 actions, and 0 replies.
05-22 07:20:51.329   573   573 I SpiService: fgesysctrl_getGPIO_status success val=1
05-22 06:39:25.073   573   573 D spi_rst_gpio_get_output: GPIO 145 value: 1
05-22 06:39:25.073   573   573 D spidev_ioctl: gpio status=1)
05-22 07:20:51.330  2981  3177 I SentryImuMcuAngleSender: 179.92413rollDeg
05-22 07:20:51.330  2981  3177 I SentryImuMcuAngleSender: 1,0,0
05-22 07:20:51.335   573   573 I SpiService: fgesysctrl_getGPIO_status success val=0
05-22 07:20:51.337   824   824 D SurfaceFlinger: unisoc-graphics, commit has frameMissed:2, vysncId:435347
05-22 06:39:25.078   573   573 D spi_rst_gpio_get_output: GPIO 145 value: 0
05-22 06:39:25.078   573   573 D spidev_ioctl: gpio status=0)
05-22 07:20:51.339  3735  3735 I NSLogUtils_BtMusicModel: onPlaybackStateChanged state: PlaybackState {state=3, position=90509, buffered position=0, speed=1.0, updated=936301, actions=2375735, custom actions=[], active item id=9, error=null} mIsBCallInCall=false
05-22 07:20:51.341  3735  3735 I NSLogUtils_BtMusicModel: musicChange metaData: android.media.MediaMetadata@992ba02d
05-22 07:20:51.341  3735  3735 I NSLogUtils_BtMusicModel: musicChange title: 还有你给我的痛,artist: Wish u never-TF_ING张子墨/Top Barry,duration: 169130,album: Wish u never,albumArtUri: null
05-22 07:20:51.342  3735  3735 D NSLogUtils_MediaForegroundService: updateNotification isPlaying=true title=还有你给我的痛 text=Wish u never-TF_ING张子墨/Top Barry
05-22 07:20:51.343 11323 11323 W AudioMediaPlayerWrapper: onPlaybackStateChanged(): com.neusoft.btmusic tried to update with no new data
05-22 07:20:51.344   291  1491 D EvsDriver: forwardFrame
05-22 07:20:51.346   291  1491 D EvsDriver: Delivered 0xb400007b2f47ca30 as id 0
05-22 07:20:51.346  1137  1150 D evsmanagerd: /dev/video4 forwarded the buffer #0 to 0xb4000071fa019690 from 0xb4000071fa01b7d0
05-22 07:20:51.346   544   544 D commservice260303: msg.id = 1028,1
05-22 07:20:51.346   544   544 D commservice260303: i = 170, msgid = 8A000404
05-22 07:20:51.346   544   544 D commservice260303: msgid = -1979710460,did=138
05-22 07:20:51.346   544   544 D commservice260303: CommProtocolLibCmdBaseI2C::dataproc {"command":{"id":"imu_status","sub":""},"content":{"TimeStamp":1779405651345,"FrameCounter":22372,"GD_X":-0.008474782109260559,"GD_Y":0.007405876647680998,"GD_Z":0.017332913354039192,"AD_X":-2.260655164718628E-4,"AD_Y":0.0019573690369725227,"AD_Z":-0.33089542388916016,"TempDsp":0,"Status":0,"CalibState":1,"SigAmpInvalid":0}},-1979710460
05-22 07:20:51.347   544   544 D commservice260303: send2Cluster len:326, 7B22636F6D6D616E64223A7B226964223A22696D755F737461747573222C22737562223A22227D2C22636F6E74656E74223A7B2254696D655374616D70223A313737393430353635313334352C224672616D65436F756E746572223A32323337322C2247445F58223A2D302E3030383437343738323130393236303535392C2247445F59223A302E3030373430353837363634373638303939382C2247445F5A223A302E3031373333323931333335343033393139322C2241445F58223A2D322E323630363535313634373138363238452D342C2241445F59223A302E303031393537333639303336393732353232372C2241445F5A223A2D302E33333038393534323338383931363031362C2254656D70447370223A302C22537461747573223A302C2243616C69625374617465223A312C22536967416D70496E76616C6964223A307D7D, 138 
05-22 07:20:51.347   544   544 D commservice260303: Push Message into SendPool fn=1012465664
05-22 07:20:51.347   544   544 D commservice260303: ComProtocolLibSend2Cluster::send2ClusterRaw fn=1012465664 , len=342
05-22 07:20:51.343   544   544 I auditd  : type=1400 audit(0.0:4844): avc: denied { write } for comm="android.hardwar" path="socket:[48598]" dev="sockfs" ino=48598 scontext=u:r:hal_fgecomservice_default:s0 tcontext=u:r:hal_fgecomservice_default:s0 tclass=vsock_socket permissive=1
05-22 07:20:51.343   544   544 I android.hardwar: type=1400 audit(0.0:4844): avc: denied { write } for path="socket:[48598]" dev="sockfs" ino=48598 scontext=u:r:hal_fgecomservice_default:s0 tcontext=u:r:hal_fgecomservice_default:s0 tclass=vsock_socket permissive=1
05-22 06:39:25.092   573   573 D spi_rst_gpio_get_output: GPIO 145 value: 1
05-22 06:39:25.092   573   573 D spidev_ioctl: gpio status=1)
05-22 07:20:51.347   544   544 D commservice260303: sendCmdToPort :342!!!
05-22 07:20:51.347   544   544 D commservice260303: send Cmd To Port ++++5AA501528A010000593C6A0F93537B22636F6D6D616E64223A7B226964223A22696D755F737461747573222C22737562223A22227D2C22636F6E74656E74223A7B2254696D655374616D70223A313737393430353635313334352C224672616D65436F756E746572223A32323337322C2247445F58223A2D302E3030383437343738323130393236303535392C2247445F59223A302E3030373430353837363634373638303939382C2247445F5A223A302E3031373333323931333335343033393139322C2241445F58223A2D322E323630363535313634373138363238452D342C2241445F59223A302E303031393537333639303336393732353232372C2241445F5A223A2D302E33333038393534323338383931363031362C2254656D70447370223A302C22537461747573223A302C2243616C69625374617465223A312C22536967416D70496E76616C6964223A307D7DE030
05-22 07:20:51.348   544   544 D commservice260303: bufferevent_write retrun value = 0
05-22 07:20:51.348   544   567 D commservice260303: client datas send succeed,send finish
05-22 07:20:51.349   573   573 I SpiService: fgesysctrl_getGPIO_status success val=1
05-22 07:20:51.349  2981  3178 D Sentinelmode_1.2.5.13_alpha: <SentryImuClusterFgeSender>imu_status sent to Linux, frame=22372, tsNs=936320, tsMs=1779405651345, intervalMs=42, ad=(-2.2606552E-4,0.001957369,-0.33089542), gd=(-0.008474782,0.0074058766,0.017332913)
05-22 07:20:51.349   291  1135 D EvsDriver: doneWithFrame
05-22 07:20:51.350   737   737 D NotificationService: EnqueueNotificationRunnable.run for: 0|com.neusoft.btmusic|8001|null|1000
05-22 07:20:51.350   737   737 I notification_enqueue: [1000,3735,com.neusoft.btmusic,8001,NULL,0,Notification(channel=media_playback_channel shortcut=null contentView=null vibrate=null sound=null defaults=0x0 flags=0x4a color=0x00000000 category=transport groupKey=silent actions=3 vis=PUBLIC),1]
05-22 07:20:51.350  2981  3177 I SentryImuMcuAngleSender: 179.9138rollDeg
05-22 07:20:51.350  3735  3735 D NSLogUtils_BluetoothPlayerService: mPlaybackStateObserver isConnected: true
05-22 07:20:51.350  2981  3177 I SentryImuMcuAngleSender: 1,0,0
05-22 07:20:51.350  3735  3735 D NSLogUtils_BluetoothPlayerService: played trigger application focus
05-22 07:20:51.351  3735  3735 D NSLogUtils_SourceChangeManager: getCurrentSourceWithoutDefaultValue source: MUSIC_SOURCE_BT
05-22 07:20:51.351  3735  3735 D NSLogUtils_SourceChangeManager: setCurrentSource new source: MUSIC_SOURCE_BT ,currentSource: MUSIC_SOURCE_BT
05-22 07:20:51.351  3735  3735 E NSLogUtils_SourceChangeManager: setCurrentSource error, because currentSource is the same as source
05-22 07:20:51.351  3735  3735 D NSLogUtils_MainActivity: progress->90541
05-22 07:20:51.353  1812  1812 I ExtAssistant: ENQUEUED 0|com.neusoft.btmusic|8001|null|1000 on media_playback_channel
05-22 07:20:51.354   824   824 D SurfaceFlinger: unisoc-graphics, commit has frameMissed:2, vysncId:435355
05-22 07:20:51.354   573   573 I SpiService: fgesysctrl_getGPIO_status success val=1
05-22 07:20:51.354  1812  2664 D ExtAssistant: Creating Adjustment for 0|com.neusoft.btmusic|8001|null|1000, with 0 actions, and 0 replies.
05-22 06:39:25.097   573   573 D spi_rst_gpio_get_output: GPIO 145 value: 1
05-22 06:39:25.097   573   573 D spidev_ioctl: gpio status=1)
05-22 07:20:51.359   573   573 I SpiService: fgesysctrl_getGPIO_status success val=1
05-22 06:39:25.103   573   573 D spi_rst_gpio_get_output: GPIO 145 value: 1
