05-22 06:39:25.103   573   573 D spidev_ioctl: gpio status=1)
05-22 07:20:51.363  1026  1026 D MyAppLog: [2026-05-22 07:20:51.363 D tboxap tsp_WorkMachineProc:1086] [Tsp] [tsp_WorkMachineProc]TSP_WORK_LOGIN NOW !!!!
05-22 07:20:51.365   573   573 I SpiService: fgesysctrl_getGPIO_status success val=1
05-22 06:39:25.108   573   573 D spi_rst_gpio_get_output: GPIO 145 value: 1
05-22 06:39:25.108   573   573 D spidev_ioctl: gpio status=1)
05-22 07:20:51.369  2981  3177 I SentryImuMcuAngleSender: [4, 18, 1, 0, 0],5
05-22 07:20:51.369  2981  3177 I McuCommManager: mcuCommSendcmd [4, 18, 1, 0, 0]
05-22 07:20:51.370  2981  3177 I SentryImuMcuAngleSender: true
05-22 07:20:51.370  2981  3177 W Sentinelmode_1.2.5.13_alpha: <SentryImuMcuAngleSender>MCU IMU send interval abnormal: 1001ms
05-22 07:20:51.370  2981  3177 I SentryImuMcuAngleSender: 179.9207rollDeg
05-22 07:20:51.370  2981  3177 I SentryImuMcuAngleSender: 1,0,0
05-22 07:20:51.370   573   573 I SpiService: fgesysctrl_getGPIO_status success val=1
05-22 07:20:51.374   565   565 I Sensors : 230 AccelSensor: x:-0.107360,y:0.014639,z:-10.136980
05-22 06:39:25.113   573   573 D spi_rst_gpio_get_output: GPIO 145 value: 1
05-22 06:39:25.114   573   573 D spidev_ioctl: gpio status=1)
05-22 07:20:51.375   291  1491 D EvsDriver: forwardFrame
05-22 07:20:51.376   573   573 I SpiService: fgesysctrl_getGPIO_status success val=0
05-22 07:20:51.376   486   579 I mcuc    : send SPI:6AA6000A2B00050412010000AF
05-22 07:20:51.377   291  1491 D EvsDriver: Delivered 0xb400007b2f47ca30 as id 0
05-22 07:20:51.377  1137  1150 D evsmanagerd: /dev/video4 forwarded the buffer #0 to 0xb4000071fa019690 from 0xb4000071fa01b7d0
05-22 06:39:25.119   573   573 D spi_rst_gpio_get_output: GPIO 145 value: 0
05-22 06:39:25.119   573   573 D spidev_ioctl: gpio status=0)
05-22 07:20:51.383   291  1135 D EvsDriver: doneWithFrame
05-22 07:20:51.386   544   544 D commservice260303: msg.id = 1028,0
05-22 07:20:51.386   544   544 D commservice260303: i = 170, msgid = 8A000404
05-22 07:20:51.386   544   544 D commservice260303: msgid = -1979710460,did=138
05-22 07:20:51.386   544   544 D commservice260303: CommProtocolLibCmdBaseI2C::dataproc {"command":{"id":"imu_status","sub":""},"content":{"TimeStamp":1779405651386,"FrameCounter":22373,"GD_X":-0.008092992939054966,"GD_Y":0.0072539933025836945,"GD_Z":0.0183248370885849,"AD_X":-0.002667665481567383,"AD_Y":0.0013463925570249557,"AD_Z":-0.33089542388916016,"TempDsp":0,"Status":0,"CalibState":1,"SigAmpInvalid":0}},-1979710460
05-22 07:20:51.386   544   544 D commservice260303: send2Cluster len:325, 7B22636F6D6D616E64223A7B226964223A22696D755F737461747573222C22737562223A22227D2C22636F6E74656E74223A7B2254696D655374616D70223A313737393430353635313338362C224672616D65436F756E746572223A32323337332C2247445F58223A2D302E3030383039323939323933393035343936362C2247445F59223A302E303037323533393933333032353833363934352C2247445F5A223A302E303138333234383337303838353834392C2241445F58223A2D302E3030323636373636353438313536373338332C2241445F59223A302E303031333436333932353537303234393535372C2241445F5A223A2D302E33333038393534323338383931363031362C2254656D70447370223A302C22537461747573223A302C2243616C69625374617465223A312C22536967416D70496E76616C6964223A307D7D, 138 
05-22 07:20:51.386   544   544 D commservice260303: Push Message into SendPool fn=1029242880
05-22 07:20:51.386   544   544 D commservice260303: ComProtocolLibSend2Cluster::send2ClusterRaw fn=1029242880 , len=341
05-22 07:20:51.386   544   544 D commservice260303: sendCmdToPort :341!!!
05-22 07:20:51.386   544   544 D commservice260303: send Cmd To Port ++++5AA501518A010000593D6A0F93537B22636F6D6D616E64223A7B226964223A22696D755F737461747573222C22737562223A22227D2C22636F6E74656E74223A7B2254696D655374616D70223A313737393430353635313338362C224672616D65436F756E746572223A32323337332C2247445F58223A2D302E3030383039323939323933393035343936362C2247445F59223A302E303037323533393933333032353833363934352C2247445F5A223A302E303138333234383337303838353834392C2241445F58223A2D302E3030323636373636353438313536373338332C2241445F59223A302E303031333436333932353537303234393535372C2241445F5A223A2D302E33333038393534323338383931363031362C2254656D70447370223A302C22537461747573223A302C2243616C69625374617465223A312C22536967416D70496E76616C6964223A307D7DD5EC
05-22 07:20:51.387   544   544 D commservice260303: bufferevent_write retrun value = 0
05-22 07:20:51.387   544   567 D commservice260303: client datas send succeed,send finish
05-22 07:20:51.387  2981  3178 D Sentinelmode_1.2.5.13_alpha: <SentryImuClusterFgeSender>imu_status sent to Linux, frame=22373, tsNs=936355, tsMs=1779405651386, intervalMs=39, ad=(-0.0026676655,0.0013463926,-0.33089542), gd=(-0.008092993,0.0072539933,0.018324837)
05-22 07:20:51.390   573   573 I SpiService: fgesysctrl_getGPIO_status success val=1
05-22 07:20:51.391   276   300 I rvcservice: t.code = 3, t.value = 0
05-22 07:20:51.391  2981  3177 I SentryImuMcuAngleSender: 179.91727rollDeg
05-22 07:20:51.391  2981  3177 I SentryImuMcuAngleSender: 1,0,0
05-22 07:20:51.391   964  1804 D [OMXB]  : usingANWBuffer: handle:0xebd43500, format:1, w:1920, h:1080
05-22 06:39:25.133   573   573 D spi_rst_gpio_get_output: GPIO 145 value: 1
05-22 06:39:25.133   573   573 D spidev_ioctl: gpio status=1)
05-22 07:20:51.391   486   580 I mcuc    : rev,n=1,6AA6811249000A89002501040900123456C2
05-22 07:20:51.391  1091  1116 I tboxmids_ap: [2026-05-22 07:20:51.391] [MCU RX] src=MCU dst=ZMQ len=10 type=BINARY data=00 08 25 01 04 09 00 12 34 56 
05-22 07:20:51.391   344   361 D automotive.vehicle@2.0-adayo-datacomm-mcu: MCUDatacomm sendMessageFromVehicle prop: 0x89, areaId: 0x0, status: 0x25, timestamp: 0x1
05-22 07:20:51.391   344   361 D automotive.vehicle@2.0-adayo-datacomm-mcu: MCUDatacomm 1sendMessageFromVehicle ---> type = 12 
05-22 07:20:51.392  1026  1026 I MyAppLog: [2026-05-22 07:20:51.392 I tboxap mcuCommTboxmidsRecvCb:96] [Mcu] [mcuCommTboxmidsRecvCb] recv from tboxmids, size:10
05-22 07:20:51.392  1026  1026 I MyAppLog: [2026-05-22 07:20:51.392 I tboxap mcuCommTboxmidsRecvCb:97] [Mcu] [tboxmids -> tboxap]: :00 08 25 01 04 09 00 12 34 56
05-22 07:20:51.392  1026  1026 I MyAppLog: [2026-05-22 07:20:51.392 I tboxap mcuPtlParseData:969] [Mcu] [Mcu  Parse]: (cmd):0900 (param):0900123456
05-22 07:20:51.393  1026  1026 D MyAppLog: [2026-05-22 07:20:51.392 D tboxap mcuCommCbHandel:1009] [Mcu] [Mcu  Rev]: (cmd):0900 (param value):123456
05-22 07:20:51.393  1026  1026 W MyAppLog: [2026-05-22 07:20:51.392 W tboxap mcuParamDataRevPack:897] [Mcu] mcuParamDataRevPack start pack data!!!
05-22 07:20:51.393  1026  1026 I MyAppLog: [2026-05-22 07:20:51.392 I tboxap MCU_HANDSHAKE_IND_McuInd:296] [Mcu] [MCU_HANDSHAKE_IND_McuInd] wakeReason:0x12 -> loginReason:0x08
05-22 07:20:51.393  1026  1026 W MyAppLog: [2026-05-22 07:20:51.392 W tboxap mcuHandleHandshakeInd:991] [Mcu] [mcuHandleHandshakeInd] recv 0x0900 handshake response wakeReason:0x12 protoVer:0x34
05-22 07:20:51.395   573   573 I SpiService: fgesysctrl_getGPIO_status success val=1
05-22 06:39:25.139   573   573 D spi_rst_gpio_get_output: GPIO 145 value: 1
05-22 06:39:25.139   573   573 D spidev_ioctl: gpio status=1)
05-22 07:20:51.401   573   573 I SpiService: fgesysctrl_getGPIO_status success val=1
05-22 06:39:25.144   573   573 D spi_rst_gpio_get_output: GPIO 145 value: 1
05-22 06:39:25.144   573   573 D spidev_ioctl: gpio status=1)
05-22 07:20:51.406   573   573 I SpiService: fgesysctrl_getGPIO_status success val=1
05-22 07:20:51.409   565   565 I Sensors : 230 GyroSensor: x:-0.009621,y:0.006719,z:0.017944
05-22 06:39:25.149   573   573 D spi_rst_gpio_get_output: GPIO 145 value: 1
05-22 06:39:25.149   573   573 D spidev_ioctl: gpio status=1)
05-22 07:20:51.411  2981  3177 I SentryImuMcuAngleSender: 179.91035rollDeg
05-22 07:20:51.411  2981  3177 I SentryImuMcuAngleSender: 1,0,0
05-22 07:20:51.411   573   573 I SpiService: fgesysctrl_getGPIO_status success val=1
05-22 06:39:25.155   573   573 D spi_rst_gpio_get_output: GPIO 145 value: 1
05-22 06:39:25.155   573   573 D spidev_ioctl: gpio status=1)
05-22 07:20:51.417   573   573 I SpiService: fgesysctrl_getGPIO_status success val=0
05-22 07:20:51.417   486   579 I mcuc    : send SPI:6AA60212490002890018
05-22 06:39:25.160   573   573 D spi_rst_gpio_get_output: GPIO 145 value: 0
05-22 06:39:25.160   573   573 D spidev_ioctl: gpio status=0)
05-22 07:20:51.420   291  1491 D EvsDriver: forwardFrame
05-22 07:20:51.422   291  1491 D EvsDriver: Delivered 0xb400007b2f47ca30 as id 0
05-22 07:20:51.422  1137  1150 D evsmanagerd: /dev/video4 forwarded the buffer #0 to 0xb4000071fa019690 from 0xb4000071fa01b7d0
05-22 07:20:51.423   291  1135 D EvsDriver: doneWithFrame
05-22 07:20:51.427   544   544 D commservice260303: msg.id = 1028,0
05-22 07:20:51.427   544   544 D commservice260303: i = 170, msgid = 8A000404
05-22 07:20:51.427   544   544 D commservice260303: msgid = -1979710460,did=138
05-22 07:20:51.427   544   544 D commservice260303: CommProtocolLibCmdBaseI2C::dataproc {"command":{"id":"imu_status","sub":""},"content":{"TimeStamp":1779405651426,"FrameCounter":22374,"GD_X":-0.009621189907193184,"GD_Y":0.00671876035630703,"GD_Z":0.017944088205695152,"AD_X":-0.0032778456807136536,"AD_Y":0.002563886344432831,"AD_Z":-0.33089542388916016,"TempDsp":0,"Status":0,"CalibState":1,"SigAmpInvalid":0}},-1979710460
05-22 07:20:51.427   544   544 D commservice260303: send2Cluster len:325, 7B22636F6D6D616E64223A7B226964223A22696D755F737461747573222C22737562223A22227D2C22636F6E74656E74223A7B2254696D655374616D70223A313737393430353635313432362C224672616D65436F756E746572223A32323337342C2247445F58223A2D302E3030393632313138393930373139333138342C2247445F59223A302E30303637313837363033353633303730332C2247445F5A223A302E3031373934343038383230353639353135322C2241445F58223A2D302E303033323737383435363830373133363533362C2241445F59223A302E3030323536333838363334343433323833312C2241445F5A223A2D302E33333038393534323338383931363031362C2254656D70447370223A302C22537461747573223A302C2243616C69625374617465223A312C22536967416D70496E76616C6964223A307D7D, 138 
05-22 07:20:51.427   544   544 D commservice260303: Push Message into SendPool fn=1046020096
05-22 07:20:51.427   544   544 D commservice260303: ComProtocolLibSend2Cluster::send2ClusterRaw fn=1046020096 , len=341
05-22 07:20:51.427   544   544 D commservice260303: sendCmdToPort :341!!!
05-22 07:20:51.427   544   544 D commservice260303: send Cmd To Port ++++5AA501518A010000593E6A0F93537B22636F6D6D616E64223A7B226964223A22696D755F737461747573222C22737562223A22227D2C22636F6E74656E74223A7B2254696D655374616D70223A313737393430353635313432362C224672616D65436F756E746572223A32323337342C2247445F58223A2D302E3030393632313138393930373139333138342C2247445F59223A302E30303637313837363033353633303730332C2247445F5A223A302E3031373934343038383230353639353135322C2241445F58223A2D302E303033323737383435363830373133363533362C2241445F59223A302E3030323536333838363334343433323833312C2241445F5A223A2D302E33333038393534323338383931363031362C2254656D70447370223A302C22537461747573223A302C2243616C69625374617465223A312C22536967416D70496E76616C6964223A307D7DAC16
05-22 07:20:51.427   544   544 D commservice260303: bufferevent_write retrun value = 0
05-22 07:20:51.428   544   567 D commservice260303: client datas send succeed,send finish
05-22 07:20:51.428  2981  3178 D Sentinelmode_1.2.5.13_alpha: <SentryImuClusterFgeSender>imu_status sent to Linux, frame=22374, tsNs=936391, tsMs=1779405651426, intervalMs=41, ad=(-0.0032778457,0.0025638863,-0.33089542), gd=(-0.00962119,0.0067187604,0.017944088)
05-22 07:20:51.432  2981  3177 I SentryImuMcuAngleSender: 179.91727rollDeg
05-22 07:20:51.432  2981  3177 I SentryImuMcuAngleSender: 1,0,0
05-22 07:20:51.432   573   573 I SpiService: fgesysctrl_getGPIO_status success val=1
05-22 06:39:25.176   573   573 D spi_rst_gpio_get_output: GPIO 145 value: 1
05-22 06:39:25.176   573   573 D spidev_ioctl: gpio status=1)
05-22 07:20:51.436   964  1804 D [OMXB]  : usingANWBuffer: handle:0xebd446e0, format:1, w:1920, h:1080
05-22 07:20:51.438  1658  2861 D DDSService-EngineInit: <<<engineDoAuth>>>
05-22 07:20:51.439   573   573 I SpiService: fgesysctrl_getGPIO_status success val=1
05-22 07:20:51.439  1658  2861 W DL-DDS-USER_I_DDS: doAuth
05-22 07:20:51.439  1658  2861 I DL-DDS-Agent: restartAuth, type:DDS-doAuth
05-22 07:20:51.439  1658  2861 D DDSService-EngineInit: startAuthTimer()
05-22 07:20:51.439  1658 16418 D DL-DDS-AI-auth_AuthNode:  topic =  local_auth.start
05-22 07:20:51.439  1658 16418 D DL-DDS-AI-auth_AuthProxy:  doAuth... 242893710
05-22 07:20:51.439  1658 16418 D DL-DDS-AI-auth_AuthProxyImpl: doAuth()
05-22 07:20:51.440  1658 16418 I DL-AIMagnus:  mContext  com.aispeech.lyra.daemon.DaemonApplication@e5bab1
05-22 07:20:51.440  1658 16418 I DL-AISpeech:  mContext  com.aispeech.lyra.daemon.DaemonApplication@e5bab1
05-22 07:20:51.440  1658 16418 D DL-AIProfile: profile no exist
05-22 07:20:51.440  1658 16418 W DL-AIProfile: profile content is null
05-22 07:20:51.440  1658 16418 I DL-AIMagnus:  mContext  com.aispeech.lyra.daemon.DaemonApplication@e5bab1
05-22 07:20:51.440  1658 16418 I DL-AISpeech:  mContext  com.aispeech.lyra.daemon.DaemonApplication@e5bab1
05-22 07:20:51.440  1658 16418 W DL-DUILiteSDK:  doAuth: b.a.ja.a.a.for@fd7fd33
05-22 07:20:51.440  1658 16418 D DL-DUILiteSDK:  user set config:  DUILiteConfig{authTimeout=5000, updateTrailProfileToOnlineProfile=true, deviceProfileDirPath='null', cacheUploadMaxNumber=100, threadAffinity=0, uploadAudioLevel=0, uploadAudioPath='null', uploadAudioDelayTime=300000, localSaveAudioPath=null, uploadUrl='https://carbrain.aispeech.com', authServer='https://auth.duiopen.com', intervalTime=100, audioSourceType=0, audioRecorderType=6, maxVolumeMode=false, extraParameter={DEVICE_NAME=88E034BB57F8}, apiKey='867a0e114c7b6131bb4cea0b69f1e117', productId='279634510', productKey='73b8af74ccdfd6be5cb8f41a90bd23cd', productSecret='5674b9d0e7a8e7a8fd2719d65b3d954f', monitorUploadEnable=true, logEnable=false, logFilePath='null', authRetryTimesForNetworkErr=0, callbackInThread=true, echoConfig=null, maxMessageQueueSize=0, useSystemDns=true, buildModel=null, sspeSoName=, magnusRuntimeConfig=null, netConfig=null, authConfig=AuthConfig{authTimeout=5000, authServer='https://auth.dui.ai', deviceProfileDirPath='/data/user_de/0/com.aispeech.lyra.daemon/files/dds', offlineProfileName='null', updateTrailProfileToOnlineProfile=true, customDeviceId='null', licenceId='null', customDeviceName='88E034BB57F8', type=ONLINE, encryptCustomDeviceName=false, privateAuth=false, useCustomAndroidId=false, ignoreLogin=false, loadMacAddress=true, loadAndroidID=true, loadSerial=true, loadApplicationLabel=true, loadApplicationVersion=true, loadBuildDevice=true, loadBuildManufacture=true, loadBuildModel=true, loadBuildSdkInt=true, loadDisplayMatrix=true, loadPackageName=true}, uploadConfig=null, RecorderConfig=null}
05-22 07:20:51.441  1658 16418 D DL-DUILiteSDK: AIEchoConfig is null
05-22 07:20:51.441  1658 16418 I DL-AIMagnus:  mContext  com.aispeech.lyra.daemon.DaemonApplication@e5bab1
05-22 07:20:51.441  1658 16418 I DL-AISpeech:  mContext  com.aispeech.lyra.daemon.DaemonApplication@e5bab1
05-22 07:20:51.441  1658 16418 I DL-AIMagnus:  mContext  com.aispeech.lyra.daemon.DaemonApplication@e5bab1
05-22 07:20:51.441  1658 16418 D DL-AIProfile: profile no exist
05-22 07:20:51.441  1658 16418 W DL-AIProfile: profile content is null
05-22 07:20:51.441  1658 16418 D DL-AIProfile: profile no exist
05-22 06:39:25.182   573   573 D spi_rst_gpio_get_output: GPIO 145 value: 1
05-22 06:39:25.182   573   573 D spidev_ioctl: gpio status=1)
05-22 07:20:51.441  1658 16418 W DL-AIProfile: profile content is null
05-22 07:20:51.441  1658 16418 D DL-DUILiteSDK:  SdkVersion: 
05-22 07:20:51.441  1658 16418 D DL-DUILiteSDK:  sdk_version:3.14.4-MagnusCore
05-22 07:20:51.441  1658 16418 D DL-DUILiteSDK: commit:b62948f4
05-22 07:20:51.441  1658 16418 D DL-DUILiteSDK: branchName:origin/magnus-master
05-22 07:20:51.441  1658 16418 D DL-DUILiteSDK: build_date:2026-04-30 10:47:40 
05-22 07:20:51.441  1658 16418 D DL-DUILiteSDK:  CoreVersion:
05-22 07:20:51.441  1658 16418 D DL-DUILiteSDK:   AISpeech DUILite SDK V1.72.1 Release(6a3554e3)
05-22 07:20:51.441  1658 16418 D DL-DUILiteSDK:  TYPE: COMMON.2025.03
05-22 07:20:51.441  1658 16418 D DL-DUILiteSDK:  MODULES: speexenc
05-22 07:20:51.441  1658 16418 D DL-DUILiteSDK:  WTK_CORE_VERSION: v1.1.30
05-22 07:20:51.441  1658 16418 D DL-DUILiteSDK:  ASR_VERSION: v1.3.10
05-22 07:20:51.441  1658 16418 D DL-DUILiteSDK:  VAD_VERSION: v1.3.18
05-22 07:20:51.441  1658 16418 D DL-DUILiteSDK:  ASRPP_VERSION: v1.0.25
05-22 07:20:51.441  1658 16418 D DL-DUILiteSDK:  VPRINT_VERSION: v1.3.32
05-22 07:20:51.441  1658 16418 D DL-DUILiteSDK:  LOCAL_WAKEUP_VERSION: v1.6.40
05-22 07:20:51.441  1658 16418 D DL-DUILiteSDK:  TTS_VERSION: v2.1.65
05-22 07:20:51.441  1658 16418 D DL-DUILiteSDK:  MDS_VERSION: v2.70.0.30
05-22 07:20:51.441  1658 16418 D DL-DUILiteSDK:  SSPE_VERSION: v2.0.0.165
05-22 07:20:51.441  1658 16418 D DL-DUILiteSDK:  DECISION_VERSION: v1.0.0
05-22 07:20:51.441  1658 16418 D DL-DUILiteSDK:  NETWORK_VERSION: v1.0.0
05-22 07:20:51.441  1658 16418 D DL-DUILiteSDK:  SEMANTIC_NAVI_VERSION: v2.1.0
05-22 07:20:51.441  1658 16418 D DL-DUILiteSDK:  SEMANTIC_DUI_VERSION: v2.1.0
05-22 07:20:51.441  1658 16418 D DL-DUILiteSDK:  SEMANTIC_BCD_VERSION: v2.2.0
05-22 07:20:51.441  1658 16418 D DL-DUILiteSDK:  INFO OVER
05-22 07:20:51.441  1658 16418 D DL-DUILiteSDK:  
05-22 07:20:51.442  1658 16446 D DL-TAffinity: checkThreadAffinity
05-22 07:20:51.442  1658 16446 D DL-TAffinity:  SET_THREAD_AFFINITY ret: -1 , engine =  2147483647
05-22 07:20:51.442  1658 16446 D DL-TAffinity:  SET_THREAD_AFFINITY  cpuId =  0 , engine =  2147483647
05-22 07:20:51.442  1658 16446 D DL-DUILiteSDK: do auth 
05-22 07:20:51.442  1658 16446 D DL-AuthUtil:  customDeviceId is  88E034BB57F8
05-22 07:20:51.442  1658 16446 D DL-AuthProxy: new auth type
05-22 07:20:51.442  1658 16446 D DL-AuthProxy:  apiKey is ok locally AIProfile{mConfig=AIAuthConfig{productId='279634510', productKey='73b8af74ccdfd6be5cb8f41a90bd23cd', productSecret='5674b9d0e7a8e7a8fd2719d65b3d954f', apiKey='867a0e114c7b6131bb4cea0b69f1e117', customDeviceId='null', customDeviceName='88E034BB57F8', deviceNameType='null', customSHA256='null', buildModel='null', profilePath='/data/user_de/0/com.aispeech.lyra.daemon/files/dds', offlineProfileName='null', authServer='https://auth.dui.ai', registerPath='/auth/device/register', loginPath='/auth/device/login', verifyPath='/auth/apikey/verify', needReplaceProfile=true, needReplaceProfile=false, authTimeout=5000, deviceInfoMap={sdkVersion=3.14.4-MagnusCore, sdkName=duilite_android}, ignoreLogin=false, licenceId=null, licenceId=null, useCheckProductId=false}, mAuthType=ONLINE, mDeviceName='null', mDeviceSecret='null'}
05-22 07:20:51.442  1658 16446 D DL-AIProfile: profile no exist
05-22 07:20:51.442  1658 16446 W DL-AIProfile: profile content is null
05-22 07:20:51.443  1658 16446 I DL-AuthProxy:  handleRetProfileState  state.isValid() false
05-22 07:20:51.443  1658 16446 D DL-AuthProxy:  delete useless profile ret =  true
05-22 07:20:51.443  1658 16446 D DL-AuthProxy: startMaxSpeechTimerTask
05-22 07:20:51.443  1658 16446 D DL-AuthProxy: cancelTimeoutTimerTask
05-22 07:20:51.444   573   573 I SpiService: fgesysctrl_getGPIO_status success val=1
05-22 07:20:51.444   291  1491 D EvsDriver: forwardFrame
05-22 07:20:51.444  1658 16446 D DL-AuthProxy:  auth-connect-timeout:  5000 ms
05-22 07:20:51.445  1658 16446 D DL-AuthUtil:  appendUrl is  https://auth.dui.ai/auth/apikey/verify?apikey=867a0e114c7b6131bb4cea0b69f1e117&package=com.aispeech.lyra.daemon&signatuerSha256=C8:A2:E9:BC:CF:59:7C:2F:B6:DC:66:BE:E2:93:FC:13:F2:FC:47:EC:77:BC:6B:2B:0D:52:C1:1F:51:19:2A:B8&buildVariant=release
05-22 07:20:51.445  1658 16446 D DL-HttpImpl: GET beforehttps://auth.dui.ai/auth/apikey/verify?apikey=867a0e114c7b6131bb4cea0b69f1e117&package=com.aispeech.lyra.daemon&signatuerSha256=C8:A2:E9:BC:CF:59:7C:2F:B6:DC:66:BE:E2:93:FC:13:F2:FC:47:EC:77:BC:6B:2B:0D:52:C1:1F:51:19:2A:B8&buildVariant=release
05-22 07:20:51.445   291  1491 D EvsDriver: Delivered 0xb400007b2f47ca30 as id 0
05-22 07:20:51.445  1658 16446 W DL-HttpUtil: privateAuthParam: https://auth.dui.ai/auth/apikey/verify?apikey=867a0e114c7b6131bb4cea0b69f1e117&package=com.aispeech.lyra.daemon&signatuerSha256=C8:A2:E9:BC:CF:59:7C:2F:B6:DC:66:BE:E2:93:FC:13:F2:FC:47:EC:77:BC:6B:2B:0D:52:C1:1F:51:19:2A:B8&buildVariant=release, param：null
05-22 07:20:51.445  1658 16446 D DL-HttpImpl: GET endhttps://auth.dui.ai/auth/apikey/verify?apikey=867a0e114c7b6131bb4cea0b69f1e117&package=com.aispeech.lyra.daemon&signatuerSha256=C8:A2:E9:BC:CF:59:7C:2F:B6:DC:66:BE:E2:93:FC:13:F2:FC:47:EC:77:BC:6B:2B:0D:52:C1:1F:51:19:2A:B8&buildVariant=release
05-22 07:20:51.445  1137  1150 D evsmanagerd: /dev/video4 forwarded the buffer #0 to 0xb4000071fa019690 from 0xb4000071fa01b7d0
05-22 06:39:25.187   573   573 D spi_rst_gpio_get_output: GPIO 145 value: 1
05-22 06:39:25.187   573   573 D spidev_ioctl: gpio status=1)
05-22 07:20:51.446   477  1275 I dvr_service_: [EncoderHandler::runMediaThread] runMediaThread started:1,state:0, cam2:started:1,state:0, lastSwitch:1, mIsMuxerStart:0,format:0,is_str_ing:0
05-22 07:20:51.449  1091  1133 D tboxmids_ap: Frame Size: 12
05-22 07:20:51.449  1091  1133 D tboxmids_ap: Hex Data:
05-22 07:20:51.449  1091  1133 D tboxmids_ap: 09 
05-22 07:20:51.449  1091  1133 D tboxmids_ap: 01 
05-22 07:20:51.449  1091  1133 D tboxmids_ap: 00 
05-22 07:20:51.449  1091  1133 D tboxmids_ap: 08 
05-22 07:20:51.449  1091  1133 D tboxmids_ap: BA 
05-22 07:20:51.449  1091  1133 D tboxmids_ap: 04 
05-22 07:20:51.449  1091  1133 D tboxmids_ap: 01 
05-22 07:20:51.449  1091  1133 D tboxmids_ap: 09 
05-22 07:20:51.449  1091  1133 D tboxmids_ap: 81 
05-22 07:20:51.449  1091  1133 D tboxmids_ap: 02 
05-22 07:20:51.449  1091  1133 D tboxmids_ap: 01 
05-22 07:20:51.449  1091  1133 D tboxmids_ap: 01 
05-22 07:20:51.449  1091  1133 D tboxmids_ap: 
05-22 07:20:51.449  1091  1133 D tboxmids_ap: Hex Data end 
05-22 07:20:51.450   947 16775 D resolv  : GetAddrInfoHandler::run: {0 786432 0 983040 1000 0}
05-22 07:20:51.450   573   573 I SpiService: fgesysctrl_getGPIO_status success val=1
05-22 07:20:51.450   947 16775 D resolv  : resolv_getaddrinfo: explore_fqdn(): ai_family=0 ai_socktype=1 ai_protocol=6
05-22 07:20:51.450   291  1135 D EvsDriver: doneWithFrame
05-22 07:20:51.451  1026  1026 I MyAppLog: [2026-05-22 07:20:51.448 I tboxap mcuMainPeriodic100msTask:572] [Mcu] [mcuMainPeriodic100msTask] MCU version not ready, send 0x0981 item 0x01 retry:1
05-22 07:20:51.451  1026  1026 I MyAppLog: [2026-05-22 07:20:51.448 I tboxap mcuSendYadiTransfer:195] [Mcu] [mcuYadiSend]: :00 08 BA 04 01 09 81 02 01 01
05-22 07:20:51.451  1658 16448 D DL-AuthProxy: cancelTimeoutTimerTask
05-22 07:20:51.451  1658 16448 D DL-AuthProxy:  verify onFailure 
05-22 07:20:51.451  1658 16448 D DL-AuthProxy:  getOfflineEngine()  
05-22 07:20:51.451  1658 16448 D DL-AuthProxy:  onFailure:  Unable to resolve host "auth.dui.ai": No address associated with hostname
05-22 07:20:51.452  1658 16448 W DL-DUILiteSDK:  error mListener: b.a.ja.a.a.for@fd7fd33
05-22 07:20:51.452  1658 16448 D DL-AuthUtil:  customDeviceId is  88E034BB57F8
05-22 07:20:51.452  1658 16448 D DL-AuthUtil:  getDeviceId() encryptCustomDeviceName=  false
05-22 07:20:51.452  2981  3177 I SentryImuMcuAngleSender: 179.91724rollDeg
05-22 07:20:51.453  2981  3177 I SentryImuMcuAngleSender: 1,0,0
05-22 07:20:51.453  1658 16448 E DL-DUILiteSDK:  auth fail， authFailTimes=  0
05-22 07:20:51.453  1658 16448 E DL-DUI-Auth: ==================================================
05-22 07:20:51.453  1658 16448 E DL-DUI-Auth: ====================授权失败=======================
05-22 07:20:51.453  1658 16448 E DL-DUI-Auth: ============apk 版本 -> release
05-22 07:20:51.453  1658 16448 E DL-DUI-Auth: ============apk SHA256-> C8:A2:E9:BC:CF:59:7C:2F:B6:DC:66:BE:E2:93:FC:13:F2:FC:47:EC:77:BC:6B:2B:0D:52:C1:1F:51:19:2A:B8
05-22 07:20:51.453  1658 16448 E DL-DUI-Auth: ============apk packageName -> com.aispeech.lyra.daemon
05-22 07:20:51.453  1658 16448 E DL-DUI-Auth: ============errorId -> 070601
05-22 07:20:51.453  1658 16448 E DL-DUI-Auth: ============errorInfo -> network abnormal, can not connect to auth server
05-22 07:20:51.453  1658 16448 E DL-DUI-Auth: ==================================================
05-22 07:20:51.453  1658 16448 I DL-DDS-AI-auth_AuthProxy:  auth onFailure errCode =  070601 , errorInfo =  network abnormal, can not connect to auth server 242893710
05-22 07:20:51.453  1658 16448 E DL-DDS-AI-auth_AuthProxyImpl: auth error
05-22 07:20:51.453  1658 16422 D DL-DDS-Agent: onInnerThreadMessage topic = local_auth.finish
05-22 07:20:51.453  1658 16422 D DL-DDS-Agent: observer.onMessage topic = local_auth.finish
05-22 07:20:51.453  1658 16422 D DL-DDS-DDS:  agent: local_auth.finish ddsInitListener = com.aispeech.speech.EngineAuthInitialize@38591eb ddsAuthListener = com.aispeech.speech.EngineAuthInitialize@38591eb
05-22 07:20:51.454  1658 16422 E DL-DDS-DDS:  checkInitId mInitId 3c0b3ecd280846d5878724d88e5968b3 initId 3c0b3ecd280846d5878724d88e5968b3
05-22 06:39:25.193   573   573 D spi_rst_gpio_get_output: GPIO 145 value: 1
05-22 07:20:51.454   486   581 I mcuc    : start timer OK = 2604 
05-22 06:39:25.193   573   573 D spidev_ioctl: gpio status=1)
05-22 07:20:51.454  1658 16422 E DL-DDS-DDS: ==================================================
05-22 07:20:51.454  1658 16422 E DL-DDS-DDS: ====================授权失败=======================
05-22 07:20:51.454  1658 16422 E DL-DDS-DDS: =============apk 版本 -> release
05-22 07:20:51.454  1658 16422 E DL-DDS-DDS: ============apk SHA256-> C8:A2:E9:BC:CF:59:7C:2F:B6:DC:66:BE:E2:93:FC:13:F2:FC:47:EC:77:BC:6B:2B:0D:52:C1:1F:51:19:2A:B8
05-22 07:20:51.454  1658 16422 E DL-DDS-DDS: ============apk packageName -> com.aispeech.lyra.daemon
05-22 07:20:51.454  1658 16422 E DL-DDS-DDS: ============errorId -> 070601
05-22 07:20:51.454  1658 16422 E DL-DDS-DDS: ============errorInfo -> Network abnormal, can not connect to auth server
05-22 07:20:51.454  1658 16422 E DL-DDS-DDS: ==================================================
05-22 07:20:51.454  1658 16422 E DDSService-EngineInit: onAuthFailed: 070601, error:Network abnormal, can not connect to auth server
05-22 07:20:51.454  1658 16422 D DDSService-EngineInit: stopAuthTimer()
05-22 07:20:51.454  1658 16422 W AIN-DuiSpeechHawk: setAuthSucceed with: authSucceed = false
05-22 07:20:51.454  1658 16422 W AIN-DuiSpeechHawk: tryReady: false	false	false
05-22 07:20:51.454  1658 16422 W AIN-DuiSpeechHawk: tryTransformReady: speech not ready, waiting for it
05-22 07:20:51.454  1658 16422 D DDSService: onEngineInitFailed: 070601, error: Network abnormal, can not connect to auth server
05-22 07:20:51.454  1658 16422 W DL-DDS-USER_O_DDS:  ddsAuthListener.onAuthFailed result = 070601
05-22 07:20:51.454  1658  2861 W DDSService: synLogLvlOnAuth openDebug:0
05-22 07:20:51.454  1658  2861 D AIN-DDSService: isQrAuth() is=false
05-22 07:20:51.455  1658  2861 D AIN-DDSService: engineInitFailed error: {"errCode":"070601","error":"Network abnormal, can not connect to auth server"}
05-22 07:20:51.455  1658  2861 D AIN-ServiceHub: getService with: name = service_detect_guard
05-22 07:20:51.455  1658  2861 D AIN-DDSService: isQrAuth() is=false
05-22 07:20:51.455  1658  2861 D DDSService: mAuthFailedInfo: 语音授权失败，请检查网络
05-22 07:20:51.455  1658  2861 D AIN-DDSService: isQrAuth() is=false
05-22 07:20:51.455  1658  2861 D AIN-DDSService: engineInitFailed else !!!
05-22 07:20:51.455  1658  2861 E AIN-DDSService: delayRetryAuth delay:5000
05-22 07:20:51.455   573   573 I SpiService: fgesysctrl_getGPIO_status success val=0
05-22 07:20:51.455  1658 16422 D DL-DDS-AI-CheckCrashUtil: authDDSFailed called
05-22 07:20:51.455   486   579 I mcuc    : send SPI:6AA6010A2C00F80901BA04010981020101000000000000000000000000000000000000000000000000000000000000000000000000000000000000000000000000000000000000000000000000000000000000000000000000000000000000000000000000000000000000000000000000000000000000000000000000000000000000000000000000000000000000000000000000000000000000000000000000000000000000000000000000000000000000000000000000000000000000000000000000000000000000000000000000000000000000000000000000000000000000000000000000000000000000000000000000000000000000000000007A
05-22 07:20:51.455  1658 16422 I DL-DDS-AI-CheckCrashUtil:  putCount = 0
05-22 06:39:25.199   573   573 D spi_rst_gpio_get_output: GPIO 145 value: 0
05-22 06:39:25.199   573   573 D spidev_ioctl: gpio status=0)
05-22 07:20:51.462  1658 16422 W DL-DDS-USER_O_DDS:  ddsAuthListener.onAuthFailed result = 070601
05-22 07:20:51.462  1658 16422 D DL-DDS-Agent: observer.onMessage topic = local_auth.finish, end...
05-22 07:20:51.467   544   544 D commservice260303: msg.id = 1028,1
05-22 07:20:51.467   544   544 D commservice260303: i = 170, msgid = 8A000404
05-22 07:20:51.467   544   544 D commservice260303: msgid = -1979710460,did=138
05-22 07:20:51.467   544   544 D commservice260303: CommProtocolLibCmdBaseI2C::dataproc {"command":{"id":"imu_status","sub":""},"content":{"TimeStamp":1779405651466,"FrameCounter":22375,"GD_X":-0.00862822588533163,"GD_Y":0.00794111005961895,"GD_Z":0.01763824187219143,"AD_X":-0.0026669055223464966,"AD_Y":-0.0010953759774565697,"AD_Z":-0.32662487030029297,"TempDsp":0,"Status":0,"CalibState":1,"SigAmpInvalid":0}},-1979710460
05-22 07:20:51.467   544   544 D commservice260303: send2Cluster len:325, 7B22636F6D6D616E64223A7B226964223A22696D755F737461747573222C22737562223A22227D2C22636F6E74656E74223A7B2254696D655374616D70223A313737393430353635313436362C224672616D65436F756E746572223A32323337352C2247445F58223A2D302E30303836323832323538383533333136332C2247445F59223A302E30303739343131313030353936313839352C2247445F5A223A302E30313736333832343138373231393134332C2241445F58223A2D302E303032363636393035353232333436343936362C2241445F59223A2D302E303031303935333735393737343536353639372C2241445F5A223A2D302E33323636323438373033303032393239372C2254656D70447370223A302C22537461747573223A302C2243616C69625374617465223A312C22536967416D70496E76616C6964223A307D7D, 138 
05-22 07:20:51.467   544   544 D commservice260303: Push Message into SendPool fn=1062797312
05-22 07:20:51.467   544   544 D commservice260303: ComProtocolLibSend2Cluster::send2ClusterRaw fn=1062797312 , len=341
05-22 07:20:51.467   544   544 D commservice260303: sendCmdToPort :341!!!
05-22 07:20:51.467   544   544 D commservice260303: send Cmd To Port ++++5AA501518A010000593F6A0F93537B22636F6D6D616E64223A7B226964223A22696D755F737461747573222C22737562223A22227D2C22636F6E74656E74223A7B2254696D655374616D70223A313737393430353635313436362C224672616D65436F756E746572223A32323337352C2247445F58223A2D302E30303836323832323538383533333136332C2247445F59223A302E30303739343131313030353936313839352C2247445F5A223A302E30313736333832343138373231393134332C2241445F58223A2D302E303032363636393035353232333436343936362C2241445F59223A2D302E303031303935333735393737343536353639372C2241445F5A223A2D302E33323636323438373033303032393239372C2254656D70447370223A302C22537461747573223A302C2243616C69625374617465223A312C22536967416D70496E76616C6964223A307D7D8ABE
05-22 07:20:51.468   544   544 D commservice260303: bufferevent_write retrun value = 0
05-22 07:20:51.468   544   567 D commservice260303: client datas send succeed,send finish
05-22 07:20:51.468  2981  3178 D Sentinelmode_1.2.5.13_alpha: <SentryImuClusterFgeSender>imu_status sent to Linux, frame=22375, tsNs=936445, tsMs=1779405651466, intervalMs=40, ad=(-0.0026669055,-0.001095376,-0.32662487), gd=(-0.008628226,0.00794111,0.017638242)
05-22 07:20:51.469   573   573 I SpiService: fgesysctrl_getGPIO_status success val=1
05-22 07:20:51.469   486   580 I mcuc    : rev,n=1,6AA681124A000A89002601040920123456A0
05-22 06:39:25.213   573   573 D spi_rst_gpio_get_output: GPIO 145 value: 1
05-22 06:39:25.213   573   573 D spidev_ioctl: gpio status=1)
05-22 07:20:51.470  1091  1116 I tboxmids_ap: [2026-05-22 07:20:51.469] [MCU RX] src=MCU dst=ZMQ len=10 type=BINARY data=00 08 26 01 04 09 20 12 34 56 
05-22 07:20:51.470   344   361 D automotive.vehicle@2.0-adayo-datacomm-mcu: MCUDatacomm sendMessageFromVehicle prop: 0x89, areaId: 0x0, status: 0x26, timestamp: 0x1
05-22 07:20:51.470   344   361 D automotive.vehicle@2.0-adayo-datacomm-mcu: MCUDatacomm 1sendMessageFromVehicle ---> type = 12 
05-22 07:20:51.471  1026  1026 I MyAppLog: [2026-05-22 07:20:51.470 I tboxap mcuCommTboxmidsRecvCb:96] [Mcu] [mcuCommTboxmidsRecvCb] recv from tboxmids, size:10
05-22 07:20:51.471  1026  1026 I MyAppLog: [2026-05-22 07:20:51.470 I tboxap mcuCommTboxmidsRecvCb:97] [Mcu] [tboxmids -> tboxap]: :00 08 26 01 04 09 20 12 34 56
05-22 07:20:51.471  1091  1133 D tboxmids_ap: Frame Size: 10
05-22 07:20:51.471  1091  1133 D tboxmids_ap: Hex Data:
05-22 07:20:51.471  1091  1133 D tboxmids_ap: 09 
05-22 07:20:51.471  1091  1133 D tboxmids_ap: 01 
05-22 07:20:51.471  1026  1026 I MyAppLog: [2026-05-22 07:20:51.470 I tboxap mcuPtlParseData:969] [Mcu] [Mcu  Parse]: (cmd):0920 (param):0920123456
05-22 07:20:51.471  1091  1133 D tboxmids_ap: 00 
05-22 07:20:51.471  1091  1133 D tboxmids_ap: 06 
05-22 07:20:51.471  1091  1133 D tboxmids_ap: BB 
05-22 07:20:51.471  1091  1133 D tboxmids_ap: 04 
05-22 07:20:51.471  1026  1026 D MyAppLog: [2026-05-22 07:20:51.470 D tboxap mcuCommCbHandel:1009] [Mcu] [Mcu  Rev]: (cmd):0920 (param value):123456
05-22 07:20:51.471  1091  1133 D tboxmids_ap: 01 
05-22 07:20:51.471  1091  1133 D tboxmids_ap: 09 
05-22 07:20:51.471  1091  1133 D tboxmids_ap: A0 
05-22 07:20:51.471  1091  1133 D tboxmids_ap: 01 
05-22 07:20:51.471  1026  1026 W MyAppLog: [2026-05-22 07:20:51.470 W tboxap mcuParamDataRevPack:897] [Mcu] mcuParamDataRevPack start pack data!!!
05-22 07:20:51.471  1091  1133 D tboxmids_ap: 
05-22 07:20:51.471  1091  1133 D tboxmids_ap: Hex Data end 
05-22 07:20:51.471  1026  1026 W MyAppLog: [2026-05-22 07:20:51.470 W tboxap mcuHandleTrigAlarmInd:1149] [Mcu] [mcuHandleTrigAlarmInd] trig alarm rpt, msgId:0x0200 alarmType:0x12 12VBatt:0x34
05-22 07:20:51.471  1026  1026 I MyAppLog: [2026-05-22 07:20:51.470 I tboxap mcuSendYadiTransfer:195] [Mcu] [mcuYadiSend]: :00 06 BB 04 01 09 A0 01
05-22 07:20:51.472  1026  1026 D MyAppLog: [2026-05-22 07:20:51.470 D tboxap SendMsgBufEvent:298] [System] [SendMsgBufEvent] send message(msg:0x003d, size:4)
05-22 07:20:51.472  1026  1026 D MyAppLog: [2026-05-22 07:20:51.471 D tboxap SysMainEventHandler:1090] [System] [SysMainEventHandler] recv message(msg:0x003d, size:4)
05-22 07:20:51.472  1026  1026 W MyAppLog: [2026-05-22 07:20:51.471 W tboxap tsp_ExternalEvent:80] [Tsp] [tsp_ExternalEvent] recv ExternalEvent = 61, size:4
05-22 07:20:51.472  1026  1026 D MyAppLog: [2026-05-22 07:20:51.471 D tboxap tsp_EventSend:261] [Tsp] [tsp_EventSend] Tx msg Creat :283 , size:4 (adr :b6023a30)!!
05-22 07:20:51.472  1026  1026 D MyAppLog: [2026-05-22 07:20:51.471 D tboxap tsp_EventSend:265] [Tsp] [tsp_EventSend] TX tspCmdMsg.MsgSize:4
05-22 07:20:51.472  1026  1026 I MyAppLog: [2026-05-22 07:20:51.471 I tboxap tsp_EventSend:270] [Tsp] [tsp_EventSend] TX tspCmdMsg.MsgID:011b size:4
05-22 07:20:51.472  1026  1026 D MyAppLog: [2026-05-22 07:20:51.471 D tboxap tsp_EventQueueWrite:115] [Tsp] [tsp_EventQueueWrite] sizeof(16) pTmp:8601d930  
05-22 07:20:51.472  1026  1026 D MyAppLog: [2026-05-22 07:20:51.471 D tboxap tsp_EventProceHandel:305] [Tsp] [tsp_EventProceHandel] rx msg :011b , size:4!!
05-22 07:20:51.472  1026  1026 D MyAppLog: [2026-05-22 07:20:51.471 D tboxap tsp_EventProceHandel:309] [Tsp] [tsp_EventProceHandel] RX stMessage.MsgSize:4
05-22 07:20:51.473  1026  1026 D MyAppLog: [2026-05-22 07:20:51.471 D tboxap tsp_EventToCmd:108] [Tsp] [tsp_EventToCmd] event:0x011b -> cmd:4009 size:4
05-22 07:20:51.473  1026  1026 W MyAppLog: [2026-05-22 07:20:51.471 W tboxap tsp_PackTrigAlarm_Yadi:438] [Tsp] [tsp_PackTrigAlarm_Yadi] trig alarm parsed msgId:0x0200 alarmType:0x12 battAlarm:0x34
05-22 07:20:51.473  1026  1026 I MyAppLog: [2026-05-22 07:20:51.471 I tboxap tsp_TrigAlarmPacket_Yadi:1059] [Tsp] [TrigAlarm rawData]: :02 00 12 34
05-22 07:20:51.473  1026  1026 I MyAppLog: [2026-05-22 07:20:51.471 I tboxap tsp_TrigAlarmPacket_Yadi:1075] [Tsp] [TrigAlarm addCrc]: :02 00 12 34 DA 00 00 00 00 00 00 00 00 00 FF 01
05-22 07:20:51.473  1026  1026 I MyAppLog: [2026-05-22 07:20:51.471 I tboxap tsp_TrigAlarmPacket_Yadi:1084] [Tsp] [TrigAlarm doneAes]: :66 30 8E 45 01 36 1B B4 9F 78 15 05 8D CE 15 F9
05-22 07:20:51.473  1026  1026 I MyAppLog: [2026-05-22 07:20:51.471 I tboxap tsp_pack_frame_Yadi:1240] [Tsp] Login data pack and encrypt completed ! BodySize = 16! 
05-22 07:20:51.473  2981  3177 I SentryImuMcuAngleSender: 179.93102rollDeg
05-22 07:20:51.473  1026  1026 I MyAppLog: [2026-05-22 07:20:51.471 I tboxap tsp_pack_frame_Yadi:1353] [Tsp] [DataMsgLen]: :00 04
05-22 07:20:51.473  2981  3177 I SentryImuMcuAngleSender: 1,0,0
05-22 07:20:51.474  1026  1026 I MyAppLog: [2026-05-22 07:20:51.471 I tboxap tsp_pack_frame_Yadi:1380] [Tsp] [FrameData]: :AA FF 00 2E 08 61 48 40 40 12 48 14 1A 05 16 07 14 33 10 01 28 03 01 01 00 04 66 30 8E 45 01 36 1B B4 9F 78 15 05 8D CE 15 F9 0A 44 0D 0A
05-22 07:20:51.474  1026  1026 I MyAppLog: [2026-05-22 07:20:51.471 I tboxap tsp_PackTrigAlarm_Yadi:442] [Tsp] TrigAlarmFrame init complet, frame size:46!!!
05-22 07:20:51.474  1026  1026 E MyAppLog: [2026-05-22 07:20:51.471 E tboxap tsp_FifoWrite:319] [Tsp] tsp_FifoWrite FIFO is full when to be written!
05-22 07:20:51.474   486   581 I mcuc    : start timer OK = 2605 
05-22 07:20:51.474  1026  1026 D MyAppLog: [2026-05-22 07:20:51.471 D tboxap tsp_EventProceHandel:316] [Tsp] [tsp_EventProceHandel] stMessage.pMsgBuf free ok adr(b6023a30)!!
05-22 07:20:51.475   573   573 I SpiService: fgesysctrl_getGPIO_status success val=1
05-22 06:39:25.218   573   573 D spi_rst_gpio_get_output: GPIO 145 value: 1
05-22 06:39:25.218   573   573 D spidev_ioctl: gpio status=1)
05-22 06:39:25.220 16419 16419 I iowait  : 61   11    6    0    0    0    0    0    0    0    0    0
05-22 07:20:51.477   291  1491 D EvsDriver: forwardFrame
05-22 07:20:51.479   291  1491 D EvsDriver: Delivered 0xb400007b2f47ca30 as id 0
05-22 07:20:51.479  1137  1150 D evsmanagerd: /dev/video4 forwarded the buffer #0 to 0xb4000071fa019690 from 0xb4000071fa01b7d0
05-22 07:20:51.480   573   573 I SpiService: fgesysctrl_getGPIO_status success val=1
05-22 06:39:25.223   573   573 D spi_rst_gpio_get_output: GPIO 145 value: 1
05-22 06:39:25.223   573   573 D spidev_ioctl: gpio status=1)
05-22 06:39:25.229   573   573 D spi_rst_gpio_get_output: GPIO 145 value: 1
05-22 06:39:25.229   573   573 D spidev_ioctl: gpio status=1)
05-22 07:20:51.481  1026  1026 D MyAppLog: [2026-05-22 07:20:51.481 D tboxap tsp_EventQueueRead:150] [Tsp] [tsp_EventQueueRead] read:21, write:21  Num:0!!
05-22 07:20:51.482   291  1135 D EvsDriver: doneWithFrame
05-22 07:20:51.485   573   573 I SpiService: fgesysctrl_getGPIO_status success val=1
05-22 07:20:51.491   573   573 I SpiService: fgesysctrl_getGPIO_status success val=1
05-22 07:20:51.491   276   300 I rvcservice: t.code = 0, t.value = 14639
05-22 06:39:25.234   573   573 D spi_rst_gpio_get_output: GPIO 145 value: 1
05-22 06:39:25.234   573   573 D spidev_ioctl: gpio status=1)
05-22 07:20:51.496   573   573 I SpiService: fgesysctrl_getGPIO_status success val=0
05-22 07:20:51.496   486   579 I mcuc    : send SPI:6AA602124A00028900176AA6010A2D00F80901BB040109A0010000000000000000000000000000000000000000000000000000000000000000000000000000000000000000000000000000000000000000000000000000000000000000000000000000000000000000000000000000000000000000000000000000000000000000000000000000000000000000000000000000000000000000000000000000000000000000000000000000000000000000000000000000000000000000000000000000000000000000000000000000000000000000000000000000000000000000000000000000000000000000000000000000000000000000000000000000000000000000000000005C
05-22 06:39:25.240   573   573 D spi_rst_gpio_get_output: GPIO 145 value: 0
05-22 06:39:25.240   573   573 D spidev_ioctl: gpio status=0)
05-22 07:20:51.500  2981  3177 I SentryImuMcuAngleSender: 179.94481rollDeg
05-22 07:20:51.500  2981  3177 I SentryImuMcuAngleSender: 1,0,0
05-22 07:20:51.506   824   824 D SurfaceFlinger: unisoc-graphics, commit has frameMissed:2, vysncId:435396
05-22 07:20:51.508   544   544 D commservice260303: msg.id = 1028,0
05-22 07:20:51.508   544   544 D commservice260303: i = 170, msgid = 8A000404
05-22 07:20:51.508   544   544 D commservice260303: msgid = -1979710460,did=138
05-22 07:20:51.508   544   544 D commservice260303: CommProtocolLibCmdBaseI2C::dataproc {"command":{"id":"imu_status","sub":""},"content":{"TimeStamp":1779405651507,"FrameCounter":22376,"GD_X":-0.00969713181257248,"GD_Y":0.007634742185473442,"GD_Z":0.017715223133563995,"AD_X":-0.0032777711749076843,"AD_Y":-0.002311679534614086,"AD_Z":-0.3254070281982422,"TempDsp":0,"Status":0,"CalibState":1,"SigAmpInvalid":0}},-1979710460
05-22 07:20:51.508   544   544 D commservice260303: send2Cluster len:325, 7B22636F6D6D616E64223A7B226964223A22696D755F737461747573222C22737562223A22227D2C22636F6E74656E74223A7B2254696D655374616D70223A313737393430353635313530372C224672616D65436F756E746572223A32323337362C2247445F58223A2D302E30303936393731333138313235373234382C2247445F59223A302E3030373633343734323138353437333434322C2247445F5A223A302E3031373731353232333133333536333939352C2241445F58223A2D302E303033323737373731313734393037363834332C2241445F59223A2D302E3030323331313637393533343631343038362C2241445F5A223A2D302E333235343037303238313938323432322C2254656D70447370223A302C22537461747573223A302C2243616C69625374617465223A312C22536967416D70496E76616C6964223A307D7D, 138 
05-22 07:20:51.508   544   544 D commservice260303: Push Message into SendPool fn=1079574528
05-22 07:20:51.508   544   544 D commservice260303: ComProtocolLibSend2Cluster::send2ClusterRaw fn=1079574528 , len=341
05-22 07:20:51.508   544   544 D commservice260303: sendCmdToPort :341!!!
05-22 07:20:51.508   544   544 D commservice260303: send Cmd To Port ++++5AA501518A01000059406A0F93537B22636F6D6D616E64223A7B226964223A22696D755F737461747573222C22737562223A22227D2C22636F6E74656E74223A7B2254696D655374616D70223A313737393430353635313530372C224672616D65436F756E746572223A32323337362C2247445F58223A2D302E30303936393731333138313235373234382C2247445F59223A302E3030373633343734323138353437333434322C2247445F5A223A302E3031373731353232333133333536333939352C2241445F58223A2D302E303033323737373731313734393037363834332C2241445F59223A2D302E3030323331313637393533343631343038362C2241445F5A223A2D302E333235343037303238313938323432322C2254656D70447370223A302C22537461747573223A302C2243616C69625374617465223A312C22536967416D70496E76616C6964223A307D7DBF79
05-22 07:20:51.509   544   544 D commservice260303: bufferevent_write retrun value = 0
05-22 07:20:51.509   544   567 D commservice260303: client datas send succeed,send finish
05-22 07:20:51.509  2981  3178 D Sentinelmode_1.2.5.13_alpha: <SentryImuClusterFgeSender>imu_status sent to Linux, frame=22376, tsNs=936482, tsMs=1779405651507, intervalMs=41, ad=(-0.0032777712,-0.0023116795,-0.32540703), gd=(-0.009697132,0.007634742,0.017715223)
05-22 07:20:51.510   486   580 I mcuc    : rev,n=1,6AA6820A2C000209013C
05-22 07:20:51.511   573   573 I SpiService: fgesysctrl_getGPIO_status success val=1
05-22 06:39:25.254   573   573 D spi_rst_gpio_get_output: GPIO 145 value: 1
05-22 06:39:25.254   573   573 D spidev_ioctl: gpio status=1)
05-22 07:20:51.514   291  1491 D EvsDriver: forwardFrame
05-22 07:20:51.516   573   573 I SpiService: fgesysctrl_getGPIO_status success val=1
05-22 07:20:51.516   291  1491 D EvsDriver: Delivered 0xb400007b2f47ca30 as id 0
05-22 07:20:51.516  1137  1150 D evsmanagerd: /dev/video4 forwarded the buffer #0 to 0xb4000071fa019690 from 0xb4000071fa01b7d0
05-22 06:39:25.260   573   573 D spi_rst_gpio_get_output: GPIO 145 value: 1
05-22 07:20:51.518   291  1135 D EvsDriver: doneWithFrame
05-22 06:39:25.260   573   573 D spidev_ioctl: gpio status=1)
05-22 07:20:51.520  2981  3177 I SentryImuMcuAngleSender: 179.91032rollDeg
05-22 07:20:51.520  2981  3177 I SentryImuMcuAngleSender: 1,0,0
05-22 07:20:51.522   573   573 I SpiService: fgesysctrl_getGPIO_status success val=1
05-22 07:20:51.523   824   824 D SurfaceFlinger: unisoc-graphics, commit has frameMissed:2, vysncId:435404
05-22 06:39:25.266   573   573 D spi_rst_gpio_get_output: GPIO 145 value: 1
05-22 06:39:25.266   573   573 D spidev_ioctl: gpio status=1)
05-22 07:20:51.527   737   737 D Telecom : Logging: START_SESSION
05-22 07:20:51.527   737   737 D Telecom : Logging: END_SESSION (dur: 0 ms): TSI.iIMC@GfM
05-22 07:20:51.528   737   737 D Telecom : Logging: START_SESSION
05-22 07:20:51.528   573   573 I SpiService: fgesysctrl_getGPIO_status success val=1
05-22 07:20:51.528   737   737 D Telecom : Logging: END_SESSION (dur: 0 ms): TSI.iISMC(a)@GfQ
05-22 07:20:51.528   737   737 D ResponseStatsTracker: notification:+15m36s307ms; event=<updated>, pkg=com.neusoft.btmusic, usr=0
05-22 07:20:51.528   737   737 D Telecom : Logging: START_SESSION
05-22 07:20:51.529   737   737 D Telecom : Logging: END_SESSION (dur: 0 ms): TSI.gDDP@GfU
05-22 07:20:51.529   737   737 D Telecom : Logging: START_SESSION
05-22 07:20:51.529   737   737 D Telecom : Logging: END_SESSION (dur: 0 ms): TSI.gDDP@GfY
05-22 07:20:51.529   737   737 D Telecom : Logging: START_SESSION
05-22 07:20:51.529   737   737 D Telecom : Logging: END_SESSION (dur: 0 ms): TSI.gDDP@Gfc
05-22 07:20:51.529   737   737 D Telecom : Logging: START_SESSION
05-22 06:39:25.271   573   573 D spi_rst_gpio_get_output: GPIO 145 value: 1
05-22 06:39:25.271   573   573 D spidev_ioctl: gpio status=1)
05-22 07:20:51.530   737   737 D Telecom : Logging: END_SESSION (dur: 1 ms): TSI.gDDP@Gfg
05-22 07:20:51.531   737   737 D NotificationService: 0|com.neusoft.btmusic|8001|null|1000: updating permissions
05-22 07:20:51.531   737   737 D NotificationService: 0|com.neusoft.btmusic|8001|null|1000: updating permissions
05-22 07:20:51.531   737   737 D NotificationService: 0|com.neusoft.btmusic|8001|null|1000: updating permissions
05-22 07:20:51.531   737   737 D NotificationService: 0|com.neusoft.btmusic|8001|null|1000: updating permissions
05-22 07:20:51.532   737   737 D NotificationService: 0|com.neusoft.btmusic|8001|null|1000: updating permissions
05-22 07:20:51.532   737   737 D NotificationService: 0|com.neusoft.btmusic|8001|null|1000: updating permissions
05-22 07:20:51.533   573   573 I SpiService: fgesysctrl_getGPIO_status success val=1
05-22 06:39:25.277   573   573 D spi_rst_gpio_get_output: GPIO 145 value: 1
05-22 06:39:25.277   573   573 D spidev_ioctl: gpio status=1)
05-22 07:20:51.534  1517  1517 D CarNotificationListener: onNotificationPosted: StatusBarNotification(pkg=com.neusoft.btmusic user=UserHandle{0} id=8001 tag=null key=0|com.neusoft.btmusic|8001|null|1000: Notification(channel=media_playback_channel shortcut=null contentView=null vibrate=null sound=null defaults=0x0 flags=0x6a color=0x00000000 category=transport groupKey=silent actions=3 vis=PUBLIC))
05-22 07:20:51.534  1517  1517 D CarNotificationListener: Is incoming notification a group summary?: false
05-22 07:20:51.534  1517  1517 D NavBarFragment: onShow: AlertEntry:StatusBarNotification(pkg=com.neusoft.btmusic user=UserHandle{0} id=8001 tag=null key=0|com.neusoft.btmusic|8001|null|1000: Notification(channel=media_playback_channel shortcut=null contentView=null vibrate=null sound=null defaults=0x0 flags=0x6a color=0x00000000 category=transport groupKey=silent actions=3 vis=PUBLIC))
05-22 07:20:51.534  1517  1517 D NavBarFragment: bindMediaActions: action[0] title=Previous, intent=PendingIntent{2926381: android.os.BinderProxy@beb4470}
05-22 07:20:51.534  1517  1517 D NavBarFragment: bindMediaActions: action[1] title=Pause, intent=PendingIntent{96bdc26: android.os.BinderProxy@b332c26}
05-22 07:20:51.535   964  1804 D [OMXB]  : usingANWBuffer: handle:0xebd43450, format:1, w:1920, h:1080
05-22 07:20:51.535  1517  1517 D NavBarFragment: bindMediaActions: action[2] title=Next, intent=PendingIntent{b648067: android.os.BinderProxy@d0c76b3}
05-22 07:20:51.535  1517  1517 D NavBarFragment: bindMediaActions: previous=0, playPause=1, next=2, key=0|com.neusoft.btmusic|8001|null|1000
05-22 07:20:51.535   737  1616 D PowerController.AppState: - updateNotification() E -
05-22 07:20:51.535  1517  1517 D NavBarFragment: updateMediaInfo: title=还有你给我的痛, text=Wish u never-TF_ING张子墨/Top Barry, pkg=com.neusoft.btmusic
05-22 07:20:51.536  1812  1812 I ExtAssistant: POSTED 0|com.neusoft.btmusic|8001|null|1000
05-22 07:20:51.539   573   573 I SpiService: fgesysctrl_getGPIO_status success val=0
05-22 07:20:51.540   824   824 D SurfaceFlinger: unisoc-graphics, commit has frameMissed:2, vysncId:435405
05-22 07:20:51.543  2981  3177 I SentryImuMcuAngleSender: 179.90344rollDeg
05-22 07:20:51.543  2981  3177 I SentryImuMcuAngleSender: 1,0,0
05-22 06:39:25.282   573   573 D spi_rst_gpio_get_output: GPIO 145 value: 0
05-22 06:39:25.282   573   573 D spidev_ioctl: gpio status=0)
05-22 07:20:51.548   544   544 D commservice260303: msg.id = 1028,1
05-22 07:20:51.548   544   544 D commservice260303: i = 170, msgid = 8A000404
05-22 07:20:51.548   544   544 D commservice260303: msgid = -1979710460,did=138
05-22 07:20:51.548   544   544 D commservice260303: CommProtocolLibCmdBaseI2C::dataproc {"command":{"id":"imu_status","sub":""},"content":{"TimeStamp":1779405651548,"FrameCounter":22377,"GD_X":-0.009391804225742817,"GD_Y":0.0072539933025836945,"GD_Z":0.017867106944322586,"AD_X":-0.0026677995920181274,"AD_Y":0.003785005770623684,"AD_Z":-0.32845497131347656,"TempDsp":0,"Status":0,"CalibState":1,"SigAmpInvalid":0}},-1979710460
