05-22 07:20:57.091  3735  3735 E NSLogUtils_SourceChangeManager: setCurrentSource error, because currentSource is the same as source
05-22 07:20:57.091  3735  3735 D NSLogUtils_MainActivity: progress->96234
05-22 07:20:57.091   737   737 D NotificationService: EnqueueNotificationRunnable.run for: 0|com.neusoft.btmusic|8001|null|1000
05-22 07:20:57.092   737   737 I notification_enqueue: [1000,3735,com.neusoft.btmusic,8001,NULL,0,Notification(channel=media_playback_channel shortcut=null contentView=null vibrate=null sound=null defaults=0x0 flags=0x4a color=0x00000000 category=transport groupKey=silent actions=3 vis=PUBLIC),1]
05-22 07:20:57.092   573   573 I SpiService: fgesysctrl_getGPIO_status success val=0
05-22 07:20:57.093   486   579 I mcuc    : send SPI:6AA602126800028900F9
05-22 06:39:30.836   573   573 D spi_rst_gpio_get_output: GPIO 145 value: 0
05-22 06:39:30.836   573   573 D spidev_ioctl: gpio status=0)
05-22 07:20:57.096  1812  1812 I ExtAssistant: ENQUEUED 0|com.neusoft.btmusic|8001|null|1000 on media_playback_channel
05-22 07:20:57.098   565   599 I Sensors : 230 AccelSensor: x:-0.109190,y:0.014639,z:-10.135150
05-22 07:20:57.098  2981  3177 I SentryImuMcuAngleSender: 179.92415rollDeg
05-22 07:20:57.098  2981  3177 I SentryImuMcuAngleSender: 1,0,0
05-22 07:20:57.102  1812  2664 D ExtAssistant: Creating Adjustment for 0|com.neusoft.btmusic|8001|null|1000, with 0 actions, and 0 replies.
05-22 07:20:57.103   276   300 I rvcservice: t.code = 3, t.value = 0
05-22 07:20:57.106   544   544 D commservice260303: msg.id = 1028,0
05-22 07:20:57.106   544   544 D commservice260303: i = 170, msgid = 8A000404
05-22 07:20:57.106   544   544 D commservice260303: msgid = -1979710460,did=138
05-22 07:20:57.106   544   544 D commservice260303: CommProtocolLibCmdBaseI2C::dataproc {"command":{"id":"imu_status","sub":""},"content":{"TimeStamp":1779405657105,"FrameCounter":22514,"GD_X":-0.008857090957462788,"GD_Y":0.0073299347423017025,"GD_Z":0.017408855259418488,"AD_X":-0.004604212939739227,"AD_Y":0.0013465788215398788,"AD_Z":-0.32906532287597656,"TempDsp":0,"Status":0,"CalibState":1,"SigAmpInvalid":0}},-1979710460
05-22 07:20:57.106   544   544 D commservice260303: send2Cluster len:327, 7B22636F6D6D616E64223A7B226964223A22696D755F737461747573222C22737562223A22227D2C22636F6E74656E74223A7B2254696D655374616D70223A313737393430353635373130352C224672616D65436F756E746572223A32323531342C2247445F58223A2D302E3030383835373039303935373436323738382C2247445F59223A302E303037333239393334373432333031373032352C2247445F5A223A302E3031373430383835353235393431383438382C2241445F58223A2D302E3030343630343231323933393733393232372C2241445F59223A302E303031333436353738383231353339383738382C2241445F5A223A2D302E33323930363533323238373539373635362C2254656D70447370223A302C22537461747573223A302C2243616C69625374617465223A312C22536967416D70496E76616C6964223A307D7D, 138 
05-22 07:20:57.106   573   573 I SpiService: fgesysctrl_getGPIO_status success val=1
05-22 07:20:57.106   544   544 D commservice260303: Push Message into SendPool fn=-849805312
05-22 07:20:57.107   544   544 D commservice260303: ComProtocolLibSend2Cluster::send2ClusterRaw fn=-849805312 , len=343
05-22 07:20:57.107   544   544 D commservice260303: sendCmdToPort :343!!!
05-22 07:20:57.107   544   544 D commservice260303: send Cmd To Port ++++5AA501538A01000059CD6A0F93597B22636F6D6D616E64223A7B226964223A22696D755F737461747573222C22737562223A22227D2C22636F6E74656E74223A7B2254696D655374616D70223A313737393430353635373130352C224672616D65436F756E746572223A32323531342C2247445F58223A2D302E3030383835373039303935373436323738382C2247445F59223A302E303037333239393334373432333031373032352C2247445F5A223A302E3031373430383835353235393431383438382C2241445F58223A2D302E3030343630343231323933393733393232372C2241445F59223A302E303031333436353738383231353339383738382C2241445F5A223A2D302E33323930363533323238373539373635362C2254656D70447370223A302C22537461747573223A302C2243616C69625374617465223A312C22536967416D70496E76616C6964223A307D7DDE61
05-22 07:20:57.107   544   544 D commservice260303: bufferevent_write retrun value = 0
05-22 07:20:57.107   544   567 D commservice260303: client datas send succeed,send finish
05-22 07:20:57.107  2981  3178 D Sentinelmode_1.2.5.13_alpha: <SentryImuClusterFgeSender>imu_status sent to Linux, frame=22514, tsNs=942079, tsMs=1779405657105, intervalMs=40, ad=(-0.004604213,0.0013465788,-0.32906532), gd=(-0.008857091,0.0073299347,0.017408855)
05-22 06:39:30.850   573   573 D spi_rst_gpio_get_output: GPIO 145 value: 1
05-22 06:39:30.850   573   573 D spidev_ioctl: gpio status=1)
05-22 07:20:57.112   573   573 I SpiService: fgesysctrl_getGPIO_status success val=1
05-22 06:39:30.855   573   573 D spi_rst_gpio_get_output: GPIO 145 value: 1
05-22 06:39:30.855   573   573 D spidev_ioctl: gpio status=1)
05-22 07:20:57.115   291  1491 D EvsDriver: forwardFrame
05-22 07:20:57.117   573   573 I SpiService: fgesysctrl_getGPIO_status success val=1
05-22 07:20:57.118   291  1491 D EvsDriver: Delivered 0xb400007b2f47ca30 as id 0
05-22 06:39:30.861   573   573 D spi_rst_gpio_get_output: GPIO 145 value: 1
05-22 07:20:57.118  1137  1150 D evsmanagerd: /dev/video4 forwarded the buffer #0 to 0xb4000071fa019690 from 0xb4000071fa01b7d0
05-22 06:39:30.861   573   573 D spidev_ioctl: gpio status=1)
05-22 07:20:57.119  2981  3177 I SentryImuMcuAngleSender: 179.92415rollDeg
05-22 07:20:57.119   291  1135 D EvsDriver: doneWithFrame
05-22 07:20:57.119  2981  3177 I SentryImuMcuAngleSender: 1,0,0
05-22 07:20:57.122   964  1804 D [OMXB]  : usingANWBuffer: handle:0xebd40170, format:1, w:1920, h:1080
05-22 07:20:57.123   573   573 I SpiService: fgesysctrl_getGPIO_status success val=1
05-22 06:39:30.867   573   573 D spi_rst_gpio_get_output: GPIO 145 value: 1
05-22 06:39:30.867   573   573 D spidev_ioctl: gpio status=1)
05-22 07:20:57.129   573   573 I SpiService: fgesysctrl_getGPIO_status success val=1
05-22 06:39:30.872   573   573 D spi_rst_gpio_get_output: GPIO 145 value: 1
05-22 06:39:30.872   573   573 D spidev_ioctl: gpio status=1)
05-22 07:20:57.133   565   599 I Sensors : 230 GyroSensor: x:-0.008628,y:0.007330,z:0.017791
05-22 07:20:57.134   573   573 I SpiService: fgesysctrl_getGPIO_status success val=0
05-22 06:39:30.877   573   573 D spi_rst_gpio_get_output: GPIO 145 value: 0
05-22 06:39:30.877   573   573 D spidev_ioctl: gpio status=0)
05-22 07:20:57.139  2981  3177 I SentryImuMcuAngleSender: 179.92415rollDeg
05-22 07:20:57.140  2981  3177 I SentryImuMcuAngleSender: 1,0,0
05-22 07:20:57.143   291  1491 D EvsDriver: forwardFrame
05-22 07:20:57.145   291  1491 D EvsDriver: Delivered 0xb400007b2f47ca30 as id 0
05-22 07:20:57.145  1137  1150 D evsmanagerd: /dev/video4 forwarded the buffer #0 to 0xb4000071fa019690 from 0xb4000071fa01b7d0
05-22 07:20:57.148   573   573 I SpiService: fgesysctrl_getGPIO_status success val=1
05-22 07:20:57.148   544   544 D commservice260303: msg.id = 1028,0
05-22 07:20:57.148   544   544 D commservice260303: i = 170, msgid = 8A000404
05-22 07:20:57.148   544   544 D commservice260303: msgid = -1979710460,did=138
05-22 07:20:57.148   544   544 D commservice260303: CommProtocolLibCmdBaseI2C::dataproc {"command":{"id":"imu_status","sub":""},"content":{"TimeStamp":1779405657147,"FrameCounter":22515,"GD_X":-0.00862822588533163,"GD_Y":0.0073299347423017025,"GD_Z":0.01779116503894329,"AD_X":-0.005212739109992981,"AD_Y":1.276591792702675E-4,"AD_Z":-0.33089542388916016,"TempDsp":0,"Status":0,"CalibState":1,"SigAmpInvalid":0}},-1979710460
05-22 07:20:57.149   544   544 D commservice260303: send2Cluster len:324, 7B22636F6D6D616E64223A7B226964223A22696D755F737461747573222C22737562223A22227D2C22636F6E74656E74223A7B2254696D655374616D70223A313737393430353635373134372C224672616D65436F756E746572223A32323531352C2247445F58223A2D302E30303836323832323538383533333136332C2247445F59223A302E303037333239393334373432333031373032352C2247445F5A223A302E30313737393131363530333839343332392C2241445F58223A2D302E3030353231323733393130393939323938312C2241445F59223A312E323736353931373932373032363735452D342C2241445F5A223A2D302E33333038393534323338383931363031362C2254656D70447370223A302C22537461747573223A302C2243616C69625374617465223A312C22536967416D70496E76616C6964223A307D7D, 138 
05-22 07:20:57.149   544   544 D commservice260303: Push Message into SendPool fn=-833028096
05-22 07:20:57.149   544   544 D commservice260303: ComProtocolLibSend2Cluster::send2ClusterRaw fn=-833028096 , len=340
05-22 07:20:57.149   544   544 D commservice260303: sendCmdToPort :340!!!
05-22 07:20:57.149   291  1135 D EvsDriver: doneWithFrame
05-22 07:20:57.149   544   544 D commservice260303: send Cmd To Port ++++5AA501508A01000059CE6A0F93597B22636F6D6D616E64223A7B226964223A22696D755F737461747573222C22737562223A22227D2C22636F6E74656E74223A7B2254696D655374616D70223A313737393430353635373134372C224672616D65436F756E746572223A32323531352C2247445F58223A2D302E30303836323832323538383533333136332C2247445F59223A302E303037333239393334373432333031373032352C2247445F5A223A302E30313737393131363530333839343332392C2241445F58223A2D302E3030353231323733393130393939323938312C2241445F59223A312E323736353931373932373032363735452D342C2241445F5A223A2D302E33333038393534323338383931363031362C2254656D70447370223A302C22537461747573223A302C2243616C69625374617465223A312C22536967416D70496E76616C6964223A307D7D8754
05-22 06:39:30.892   573   573 D spi_rst_gpio_get_output: GPIO 145 value: 1
05-22 06:39:30.892   573   573 D spidev_ioctl: gpio status=1)
05-22 07:20:57.151   544   544 D commservice260303: bufferevent_write retrun value = 0
05-22 07:20:57.151   544   567 D commservice260303: client datas send succeed,send finish
05-22 07:20:57.151  2981  3178 D Sentinelmode_1.2.5.13_alpha: <SentryImuClusterFgeSender>imu_status sent to Linux, frame=22515, tsNs=942115, tsMs=1779405657147, intervalMs=44, ad=(-0.005212739,1.2765918E-4,-0.33089542), gd=(-0.008628226,0.0073299347,0.017791165)
05-22 07:20:57.154   573   573 I SpiService: fgesysctrl_getGPIO_status success val=1
05-22 06:39:30.897   573   573 D spi_rst_gpio_get_output: GPIO 145 value: 1
05-22 06:39:30.897   573   573 D spidev_ioctl: gpio status=1)
05-22 07:20:57.160   573   573 I SpiService: fgesysctrl_getGPIO_status success val=1
05-22 07:20:57.161  2981  3177 I SentryImuMcuAngleSender: 179.9138rollDeg
05-22 07:20:57.161  2981  3177 I SentryImuMcuAngleSender: 1,0,0
05-22 06:39:30.903   573   573 D spi_rst_gpio_get_output: GPIO 145 value: 1
05-22 06:39:30.903   573   573 D spidev_ioctl: gpio status=1)
05-22 07:20:57.165   573   573 I SpiService: fgesysctrl_getGPIO_status success val=1
05-22 06:39:30.909   573   573 D spi_rst_gpio_get_output: GPIO 145 value: 1
05-22 06:39:30.909   573   573 D spidev_ioctl: gpio status=1)
05-22 07:20:57.170   964  1804 D [OMXB]  : usingANWBuffer: handle:0xebd43be0, format:1, w:1920, h:1080
05-22 07:20:57.171   573   573 I SpiService: fgesysctrl_getGPIO_status success val=1
05-22 06:39:30.914   573   573 D spi_rst_gpio_get_output: GPIO 145 value: 1
05-22 06:39:30.914   573   573 D spidev_ioctl: gpio status=1)
05-22 07:20:57.175   291  1491 D EvsDriver: forwardFrame
05-22 07:20:57.176   573   573 I SpiService: fgesysctrl_getGPIO_status success val=0
05-22 07:20:57.177   291  1491 D EvsDriver: Delivered 0xb400007b2f47ca30 as id 0
05-22 07:20:57.177  1137  1150 D evsmanagerd: /dev/video4 forwarded the buffer #0 to 0xb4000071fa019690 from 0xb4000071fa01b7d0
05-22 06:39:30.919   573   573 D spi_rst_gpio_get_output: GPIO 145 value: 0
05-22 06:39:30.920   573   573 D spidev_ioctl: gpio status=0)
05-22 07:20:57.182  2981  3177 I SentryImuMcuAngleSender: 179.91725rollDeg
05-22 07:20:57.182  2981  3177 I SentryImuMcuAngleSender: 1,0,0
05-22 07:20:57.183   291  1135 D EvsDriver: doneWithFrame
05-22 07:20:57.188   544   544 D commservice260303: msg.id = 1028,0
05-22 07:20:57.188   544   544 D commservice260303: i = 170, msgid = 8A000404
05-22 07:20:57.188   544   544 D commservice260303: msgid = -1979710460,did=138
05-22 07:20:57.188   544   544 D commservice260303: CommProtocolLibCmdBaseI2C::dataproc {"command":{"id":"imu_status","sub":""},"content":{"TimeStamp":1779405657187,"FrameCounter":22516,"GD_X":-0.00969713181257248,"GD_Y":0.008245917037129402,"GD_Z":0.017485838383436203,"AD_X":-0.003383062779903412,"AD_Y":1.2636743485927582E-4,"AD_Z":-0.32845497131347656,"TempDsp":0,"Status":0,"CalibState":1,"SigAmpInvalid":0}},-1979710460
05-22 07:20:57.188   544   544 D commservice260303: send2Cluster len:325, 7B22636F6D6D616E64223A7B226964223A22696D755F737461747573222C22737562223A22227D2C22636F6E74656E74223A7B2254696D655374616D70223A313737393430353635373138372C224672616D65436F756E746572223A32323531362C2247445F58223A2D302E30303936393731333138313235373234382C2247445F59223A302E3030383234353931373033373132393430322C2247445F5A223A302E3031373438353833383338333433363230332C2241445F58223A2D302E3030333338333036323737393930333431322C2241445F59223A312E32363336373433343835393237353832452D342C2241445F5A223A2D302E33323834353439373133313334373635362C2254656D70447370223A302C22537461747573223A302C2243616C69625374617465223A312C22536967416D70496E76616C6964223A307D7D, 138 
05-22 07:20:57.188   544   544 D commservice260303: Push Message into SendPool fn=-816250880
05-22 07:20:57.188   544   544 D commservice260303: ComProtocolLibSend2Cluster::send2ClusterRaw fn=-816250880 , len=341
05-22 07:20:57.189   544   544 D commservice260303: sendCmdToPort :341!!!
05-22 07:20:57.189   544   544 D commservice260303: send Cmd To Port ++++5AA501518A01000059CF6A0F93597B22636F6D6D616E64223A7B226964223A22696D755F737461747573222C22737562223A22227D2C22636F6E74656E74223A7B2254696D655374616D70223A313737393430353635373138372C224672616D65436F756E746572223A32323531362C2247445F58223A2D302E30303936393731333138313235373234382C2247445F59223A302E3030383234353931373033373132393430322C2247445F5A223A302E3031373438353833383338333433363230332C2241445F58223A2D302E3030333338333036323737393930333431322C2241445F59223A312E32363336373433343835393237353832452D342C2241445F5A223A2D302E33323834353439373133313334373635362C2254656D70447370223A302C22537461747573223A302C2243616C69625374617465223A312C22536967416D70496E76616C6964223A307D7DD235
05-22 07:20:57.189   486   580 I mcuc    : rev,n=1,6AA681126900918305000055000000B00000000000000001000100003B426CB16744FB6C6C6C6762C36C6BD8D16C6CB21E1D43473C3F00000000040000B3000000000000000000000000000000B44500000000000300000000000000AA000000E40701010000000000000000BB07052307EA0516000008009F022F01CC000000000000000000000000000000B50000000000000000000000F0
05-22 07:20:57.189   544   544 D commservice260303: bufferevent_write retrun value = 0
05-22 07:20:57.189   544   567 D commservice260303: client datas send succeed,send finish
05-22 07:20:57.189   344   361 D automotive.vehicle@2.0-adayo-datacomm-mcu: MCUDatacomm sendMessageFromVehicle prop: 0x83, areaId: 0x5, status: 0x0, timestamp: 0x0
05-22 07:20:57.189   344   361 D automotive.vehicle@2.0-adayo-datacomm-mcu: MCUDatacomm 1sendMessageFromVehicle ---> type = 7 
05-22 07:20:57.189   344   361 I automotive.vehicle@2.0-adayo-func-mcu: MCUFunc :sendMessageFromVehicle  msgBuff[0] = 131 
05-22 07:20:57.189   344   361 I automotive.vehicle@2.0-adayo-func-mcu: MCUFunc :sendMessageFromVehicle  msgBuff[1] = 5 
05-22 07:20:57.189   344   361 I automotive.vehicle@2.0-adayo-func-mcu: MCUFunc :sendMessageFromVehicle  msgBuff[2] = 0 
05-22 07:20:57.189   344   361 I automotive.vehicle@2.0-adayo-func-mcu: MCUFunc :sendMessageFromVehicle  msgBuff[3] = 0 
05-22 07:20:57.189   344   361 I automotive.vehicle@2.0-adayo-func-mcu: MCUFunc :sendMessageFromVehicle  msgBuff[4] = 85 
05-22 07:20:57.189   344   361 I automotive.vehicle@2.0-adayo-func-mcu: MCUFunc :sendMessageFromVehicle  msgBuff[5] = 0 
05-22 07:20:57.190  2981  3178 D Sentinelmode_1.2.5.13_alpha: <SentryImuClusterFgeSender>imu_status sent to Linux, frame=22516, tsNs=942169, tsMs=1779405657187, intervalMs=39, ad=(-0.0033830628,1.2636743E-4,-0.32845497), gd=(-0.009697132,0.008245917,0.017485838)
05-22 07:20:57.190   573   573 I SpiService: fgesysctrl_getGPIO_status success val=1
05-22 06:39:30.934   573   573 D spi_rst_gpio_get_output: GPIO 145 value: 1
05-22 06:39:30.934   573   573 D spidev_ioctl: gpio status=1)
05-22 07:20:57.196   573   573 I SpiService: fgesysctrl_getGPIO_status success val=1
05-22 06:39:30.939   573   573 D spi_rst_gpio_get_output: GPIO 145 value: 1
05-22 06:39:30.939   573   573 D spidev_ioctl: gpio status=1)
05-22 07:20:57.199  1026  1026 D MyAppLog: [2026-05-22 07:20:57.199 D tboxap tsp_WorkMachineProc:1086] [Tsp] [tsp_WorkMachineProc]TSP_WORK_LOGIN NOW !!!!
05-22 07:20:57.201   573   573 I SpiService: fgesysctrl_getGPIO_status success val=1
05-22 06:39:30.944   573   573 D spi_rst_gpio_get_output: GPIO 145 value: 1
05-22 06:39:30.944   573   573 D spidev_ioctl: gpio status=1)
05-22 07:20:57.203  2981  3177 I SentryImuMcuAngleSender: 179.92413rollDeg
05-22 07:20:57.203  2981  3177 I SentryImuMcuAngleSender: 1,0,0
05-22 07:20:57.203   558  1606 I gps_hdbd: Received: '$GNGGA,232057.000,,,,,0,00,,,M,,M,,*67
'
05-22 07:20:57.203   276   300 I rvcservice: t.code = 4, t.value = 0
05-22 07:20:57.204  1026  1026 D MyAppLog: [2026-05-22 07:20:57.203 D tboxap gspDataAnalyze:346] [Gps] rev gps data:$GNGGA,232057.000,,,,,0,00,,,M,,M,,*67
05-22 07:20:57.204  1026  1026 D MyAppLog: [2026-05-22 07:20:57.204 D tboxap gpsCommTboxmidsRecvCb:66] [Gps] [gpsCommTboxmidsRecvCb] gps nmea updated:$GNGGA,232057.000,,,,,0,00,,,M,,M,,*67
05-22 07:20:57.204  1026  1026 D MyAppLog: 
05-22 07:20:57.206   573   573 I SpiService: fgesysctrl_getGPIO_status success val=1
05-22 07:20:57.208   558  1606 I gps_hdbd: Received: '$GNGSA,A,1,,,,,,,,,,,,,,,,1*1D
'
05-22 07:20:57.209  1026  1026 D MyAppLog: [2026-05-22 07:20:57.209 D tboxap gspDataAnalyze:346] [Gps] rev gps data:$GNGSA,A,1,,,,,,,,,,,,,,,,1*1D
05-22 07:20:57.209  1026  1026 D MyAppLog: [2026-05-22 07:20:57.209 D tboxap gpsCommTboxmidsRecvCb:66] [Gps] [gpsCommTboxmidsRecvCb] gps nmea updated:$GNGSA,A,1,,,,,,,,,,,,,,,,1*1D
05-22 07:20:57.209  1026  1026 D MyAppLog: 
05-22 06:39:30.950   573   573 D spi_rst_gpio_get_output: GPIO 145 value: 1
05-22 06:39:30.950   573   573 D spidev_ioctl: gpio status=1)
05-22 07:20:57.212   573   573 I SpiService: fgesysctrl_getGPIO_status success val=1
05-22 07:20:57.214   558  1606 I gps_hdbd: Received: '$GNGSA,A,1,,,,,,,,,,,,,,,,3*1F
'
05-22 07:20:57.214   291  1491 D EvsDriver: forwardFrame
05-22 07:20:57.215   558  1606 I gps_hdbd: Received: '$GNGSA,A,1,,,,,,,,,,,,,,,,4*18
'
05-22 07:20:57.215  1026  1026 D MyAppLog: [2026-05-22 07:20:57.215 D tboxap gspDataAnalyze:346] [Gps] rev gps data:$GNGSA,A,1,,,,,,,,,,,,,,,,3*1F
05-22 07:20:57.215   558  1606 I gps_hdbd: Received: '$BDGSV,1,1,00,1*75
'
05-22 07:20:57.215  1026  1026 D MyAppLog: [2026-05-22 07:20:57.215 D tboxap gpsCommTboxmidsRecvCb:66] [Gps] [gpsCommTboxmidsRecvCb] gps nmea updated:$GNGSA,A,1,,,,,,,,,,,,,,,,3*1F
05-22 07:20:57.215  1026  1026 D MyAppLog: 
05-22 07:20:57.216  1026  1026 D MyAppLog: [2026-05-22 07:20:57.215 D tboxap gspDataAnalyze:346] [Gps] rev gps data:$GNGSA,A,1,,,,,,,,,,,,,,,,4*18
05-22 07:20:57.216  1026  1026 D MyAppLog: [2026-05-22 07:20:57.215 D tboxap gpsCommTboxmidsRecvCb:66] [Gps] [gpsCommTboxmidsRecvCb] gps nmea updated:$GNGSA,A,1,,,,,,,,,,,,,,,,4*18
05-22 07:20:57.216  1026  1026 D MyAppLog: 
05-22 07:20:57.216  1026  1026 D MyAppLog: [2026-05-22 07:20:57.216 D tboxap gspDataAnalyze:346] [Gps] rev gps data:$BDGSV,1,1,00,1*75
05-22 07:20:57.216  1026  1026 D MyAppLog: [2026-05-22 07:20:57.216 D tboxap gpsCommTboxmidsRecvCb:66] [Gps] [gpsCommTboxmidsRecvCb] gps nmea updated:$BDGSV,1,1,00,1*75
05-22 07:20:57.216  1026  1026 D MyAppLog: 
05-22 07:20:57.217   291  1491 D EvsDriver: Delivered 0xb400007b2f47ca30 as id 0
05-22 07:20:57.217  1137  1150 D evsmanagerd: /dev/video4 forwarded the buffer #0 to 0xb4000071fa019690 from 0xb4000071fa01b7d0
05-22 07:20:57.217   573   573 I SpiService: fgesysctrl_getGPIO_status success val=0
05-22 07:20:57.217   486   579 I mcuc    : send SPI:6AA602126900028305F9
05-22 07:20:57.219   291  1135 D EvsDriver: doneWithFrame
05-22 07:20:57.220   558  1606 I gps_hdbd: Received: '$GPGSV,1,1,01,199,42,165,,1*60
'
05-22 07:20:57.220   558  1606 I gps_hdbd: Received: '$GAGSV,1,1,00,7*73
'
05-22 07:20:57.221  1026  1026 D MyAppLog: [2026-05-22 07:20:57.221 D tboxap gspDataAnalyze:346] [Gps] rev gps data:$GPGSV,1,1,01,199,42,165,,1*60
05-22 07:20:57.221  1026  1026 D MyAppLog: [2026-05-22 07:20:57.221 D tboxap gpsCommTboxmidsRecvCb:66] [Gps] [gpsCommTboxmidsRecvCb] gps nmea updated:$GPGSV,1,1,01,199,42,165,,1*60
05-22 07:20:57.221  1026  1026 D MyAppLog: 
05-22 07:20:57.221  1026  1026 D MyAppLog: [2026-05-22 07:20:57.221 D tboxap gspDataAnalyze:346] [Gps] rev gps data:$GAGSV,1,1,00,7*73
05-22 07:20:57.221  1026  1026 D MyAppLog: [2026-05-22 07:20:57.221 D tboxap gpsCommTboxmidsRecvCb:66] [Gps] [gpsCommTboxmidsRecvCb] gps nmea updated:$GAGSV,1,1,00,7*73
05-22 07:20:57.221  1026  1026 D MyAppLog: 
05-22 06:39:30.955   573   573 D spi_rst_gpio_get_output: GPIO 145 value: 1
05-22 06:39:30.955   573   573 D spidev_ioctl: gpio status=1)
05-22 06:39:30.961   573   573 D spi_rst_gpio_get_output: GPIO 145 value: 0
05-22 06:39:30.961   573   573 D spidev_ioctl: gpio status=0)
05-22 07:20:57.223  2981  3177 I SentryImuMcuAngleSender: 179.93448rollDeg
05-22 07:20:57.223  2981  3177 I SentryImuMcuAngleSender: 1,0,0
05-22 07:20:57.228   544   544 D commservice260303: msg.id = 1028,0
05-22 07:20:57.228   544   544 D commservice260303: i = 170, msgid = 8A000404
05-22 07:20:57.228   544   544 D commservice260303: msgid = -1979710460,did=138
05-22 07:20:57.229   544   544 D commservice260303: CommProtocolLibCmdBaseI2C::dataproc {"command":{"id":"imu_status","sub":""},"content":{"TimeStamp":1779405657228,"FrameCounter":22517,"GD_X":-0.009010015055537224,"GD_Y":0.007634742185473442,"GD_Z":0.017944088205695152,"AD_X":-0.005211241543292999,"AD_Y":-0.0010906700044870377,"AD_Z":-0.32723522186279297,"TempDsp":0,"Status":0,"CalibState":1,"SigAmpInvalid":0}},-1979710460
05-22 07:20:57.229   544   544 D commservice260303: send2Cluster len:327, 7B22636F6D6D616E64223A7B226964223A22696D755F737461747573222C22737562223A22227D2C22636F6E74656E74223A7B2254696D655374616D70223A313737393430353635373232382C224672616D65436F756E746572223A32323531372C2247445F58223A2D302E3030393031303031353035353533373232342C2247445F59223A302E3030373633343734323138353437333434322C2247445F5A223A302E3031373934343038383230353639353135322C2241445F58223A2D302E3030353231313234313534333239323939392C2241445F59223A2D302E303031303930363730303034343837303337372C2241445F5A223A2D302E33323732333532323138363237393239372C2254656D70447370223A302C22537461747573223A302C2243616C69625374617465223A312C22536967416D70496E76616C6964223A307D7D, 138 
05-22 07:20:57.229   544   544 D commservice260303: Push Message into SendPool fn=-799473664
05-22 07:20:57.229   544   544 D commservice260303: ComProtocolLibSend2Cluster::send2ClusterRaw fn=-799473664 , len=343
05-22 07:20:57.229   544   544 D commservice260303: sendCmdToPort :343!!!
05-22 07:20:57.229   544   544 D commservice260303: send Cmd To Port ++++5AA501538A01000059D06A0F93597B22636F6D6D616E64223A7B226964223A22696D755F737461747573222C22737562223A22227D2C22636F6E74656E74223A7B2254696D655374616D70223A313737393430353635373232382C224672616D65436F756E746572223A32323531372C2247445F58223A2D302E3030393031303031353035353533373232342C2247445F59223A302E3030373633343734323138353437333434322C2247445F5A223A302E3031373934343038383230353639353135322C2241445F58223A2D302E3030353231313234313534333239323939392C2241445F59223A2D302E303031303930363730303034343837303337372C2241445F5A223A2D302E33323732333532323138363237393239372C2254656D70447370223A302C22537461747573223A302C2243616C69625374617465223A312C22536967416D70496E76616C6964223A307D7D7D48
05-22 07:20:57.229   544   544 D commservice260303: bufferevent_write retrun value = 0
05-22 07:20:57.229   544   567 D commservice260303: client datas send succeed,send finish
05-22 07:20:57.231  2981  3178 D Sentinelmode_1.2.5.13_alpha: <SentryImuClusterFgeSender>imu_status sent to Linux, frame=22517, tsNs=942208, tsMs=1779405657228, intervalMs=39, ad=(-0.0052112415,-0.00109067,-0.32723522), gd=(-0.009010015,0.007634742,0.017944088)
05-22 07:20:57.232   573   573 I SpiService: fgesysctrl_getGPIO_status success val=1
05-22 07:20:57.232   558  1606 I gps_hdbd: Received: '$GNRMC,232057.000,V,,,,,,,210526,120.0,E,N,V*42
'
05-22 07:20:57.232   558  1606 I gps_hdbd: RMC : CALL gnss_sv_status_cb, view_in_sat <1>
05-22 07:20:57.232   558  1606 I gps_hdbd: [reportSvStatus]--->PLATFORM_BSP::Enter
05-22 07:20:57.232   558  1606 I gps_hdbd: hy abnormal deal:hy_cnr30_satellite_cnt=0
05-22 07:20:57.232   558  1606 D gps_hdbd: hy abnormal deal:hy_fixStatus_fail_count=0
05-22 07:20:57.233   558  1606 I gps_hdbd: Received: '$GNZDA,232057.000,21,05,2026,00,00*49
'
05-22 07:20:57.233  1026  1026 D MyAppLog: [2026-05-22 07:20:57.232 D tboxap gspDataAnalyze:346] [Gps] rev gps data:$GNRMC,232057.000,V,,,,,,,210526,120.0,E,N,V*42
05-22 07:20:57.233  1026  1026 D MyAppLog: [2026-05-22 07:20:57.232 D tboxap Real_GPS_Command_Process:293] [Gps] GPS_INFOR_IF_COMPLETED 0f
05-22 06:39:30.975   573   573 D spi_rst_gpio_get_output: GPIO 145 value: 1
05-22 06:39:30.975   573   573 D spidev_ioctl: gpio status=1)
05-22 07:20:57.233  1026  1026 D MyAppLog: [2026-05-22 07:20:57.232 D tboxap gpsCommDataCb:143] [Gps] [gpsCommDataCb] datacb
05-22 07:20:57.233  1026  1026 W MyAppLog: [2026-05-22 07:20:57.233 W tboxap gpsSyncGpsInfoToDm:263] [Gps] [gpsSyncGpsInfoToDm] fix=0 mode=49 alt=0.00 sat=0 hdop=0.00 pdop=0.00 vdop=0.00
05-22 07:20:57.233  1026  1026 D MyAppLog: [2026-05-22 07:20:57.233 D tboxap gpsIpcInfoCallBack:161] [Gps] [gpsIpcInfoCallBack] gpsIpcInfoCallBack in
05-22 07:20:57.234  1026  1026 D MyAppLog: [2026-05-22 07:20:57.233 D tboxap gpsIpcInfoCallBack:168] [Gps] [gpsIpcInfoCallBack] gps ipc init gpsIpcInfoCallBack = 0x64d0daa0fc
05-22 07:20:57.234  1026  1026 D MyAppLog: [2026-05-22 07:20:57.233 D tboxap gpsIpcInfoCallBack:176] [Gps] [gpsIpcInfoCallBack] gpsIpcInfoCallBack 44 out
05-22 07:20:57.234  1026  1026 D MyAppLog: [2026-05-22 07:20:57.233 D tboxap gpsCommTboxmidsRecvCb:66] [Gps] [gpsCommTboxmidsRecvCb] gps nmea updated:$GNRMC,232057.000,V,,,,,,,210526,120.0,E,N,V*42
05-22 07:20:57.234  1026  1026 D MyAppLog: 
05-22 07:20:57.234  1026  1026 D MyAppLog: [2026-05-22 07:20:57.233 D tboxap GpsIpcInfoHandler:133] [Gps] [GpsIpcInfoHandler]  time 
05-22 07:20:57.234  1026  1026 D MyAppLog: [2026-05-22 07:20:57.234 D tboxap gspDataAnalyze:346] [Gps] rev gps data:$GNZDA,232057.000,21,05,2026,00,00*49
05-22 07:20:57.234  1026  1026 D MyAppLog: [2026-05-22 07:20:57.234 D tboxap gpsCommTboxmidsRecvCb:66] [Gps] [gpsCommTboxmidsRecvCb] gps nmea updated:$GNZDA,232057.000,21,05,2026,00,00*49
05-22 07:20:57.234  1026  1026 D MyAppLog: 
05-22 07:20:57.237   573   573 I SpiService: fgesysctrl_getGPIO_status success val=1
05-22 07:20:57.238   558  1606 I gps_hdbd: Received: '$GNGST,232057.000,,,,,,,*56
'
05-22 06:39:30.980   573   573 D spi_rst_gpio_get_output: GPIO 145 value: 1
05-22 06:39:30.980   573   573 D spidev_ioctl: gpio status=1)
05-22 07:20:57.242   573   573 I SpiService: fgesysctrl_getGPIO_status success val=1
05-22 07:20:57.243  2981  3177 I SentryImuMcuAngleSender: 179.93102rollDeg
05-22 07:20:57.243  2981  3177 I SentryImuMcuAngleSender: 1,0,0
05-22 06:39:30.986   573   573 D spi_rst_gpio_get_output: GPIO 145 value: 1
05-22 06:39:30.986   573   573 D spidev_ioctl: gpio status=1)
05-22 07:20:57.248   573   573 I SpiService: fgesysctrl_getGPIO_status success val=1
05-22 06:39:30.991   573   573 D spi_rst_gpio_get_output: GPIO 145 value: 1
05-22 06:39:30.991   573   573 D spidev_ioctl: gpio status=1)
05-22 07:20:57.251   964  1804 D [OMXB]  : usingANWBuffer: handle:0xebd43df0, format:1, w:1920, h:1080
05-22 07:20:57.252   291  1491 D EvsDriver: forwardFrame
05-22 07:20:57.252   824   824 D SurfaceFlinger: unisoc-graphics, commit has frameMissed:2, vysncId:436954
05-22 07:20:57.253   573   573 I SpiService: fgesysctrl_getGPIO_status success val=1
05-22 06:39:30.997   573   573 D spi_rst_gpio_get_output: GPIO 145 value: 1
05-22 06:39:30.997   573   573 D spidev_ioctl: gpio status=1)
05-22 07:20:57.255   291  1491 D EvsDriver: Delivered 0xb400007b2f47ca30 as id 0
05-22 07:20:57.255  1137  1150 D evsmanagerd: /dev/video4 forwarded the buffer #0 to 0xb4000071fa019690 from 0xb4000071fa01b7d0
05-22 07:20:57.255   558  1606 I gps_hdbd: Received: '$GNINS,1,1,TYPE,I,V,232057.000,925200,FUS,-3,0,0,0,MOT,V,1,PATT,0.00,0.00,0.00,VEL,0.000,0.000,0.000,POS,39.9999846247,115.9999771395,108.489,IIA,1,0.00,0.00,0.00,BGA,0.44,-0.52,-1.01,0.000,0.000,0.000,IGA,0,-1,-1,0,-1,99,VG,16c2ff1*04
'
05-22 07:20:57.258   291  1135 D EvsDriver: doneWithFrame
05-22 07:20:57.259   573   573 I SpiService: fgesysctrl_getGPIO_status success val=0
05-22 06:39:31.002   573   573 D spi_rst_gpio_get_output: GPIO 145 value: 0
05-22 06:39:31.002   573   573 D spidev_ioctl: gpio status=0)
05-22 07:20:57.263  2981  3177 I SentryImuMcuAngleSender: 179.93102rollDeg
05-22 07:20:57.264  2981  3177 I SentryImuMcuAngleSender: 1,0,0
05-22 07:20:57.266   558  1606 I gps_hdbd: Received: '$GNINS,CARSPEED,ADR_STATUS,0,Pulse_count,0,1,0,0,925200,9252,0.000,0.000,0.000*06
'
05-22 07:20:57.267   737   737 D Telecom : Logging: START_SESSION
05-22 07:20:57.267   737   737 D Telecom : Logging: END_SESSION (dur: 0 ms): TSI.iIMC@GkE
05-22 07:20:57.267   737   737 D Telecom : Logging: START_SESSION
05-22 07:20:57.267   737   737 D Telecom : Logging: END_SESSION (dur: 0 ms): TSI.iISMC(a)@GkI
05-22 07:20:57.267   737   737 D ResponseStatsTracker: notification:+15m42s48ms; event=<updated>, pkg=com.neusoft.btmusic, usr=0
05-22 07:20:57.268   737   737 D Telecom : Logging: START_SESSION
05-22 07:20:57.268   737   737 D Telecom : Logging: END_SESSION (dur: 0 ms): TSI.gDDP@GkM
05-22 07:20:57.268   737   737 D Telecom : Logging: START_SESSION
05-22 07:20:57.268   737   737 D Telecom : Logging: END_SESSION (dur: 0 ms): TSI.gDDP@GkQ
05-22 07:20:57.268   737   737 D Telecom : Logging: START_SESSION
05-22 07:20:57.268   737   737 D Telecom : Logging: END_SESSION (dur: 0 ms): TSI.gDDP@GkU
05-22 07:20:57.268   737   737 D Telecom : Logging: START_SESSION
05-22 07:20:57.268   737   737 D Telecom : Logging: END_SESSION (dur: 0 ms): TSI.gDDP@GkY
05-22 07:20:57.268   737   737 D NotificationService: 0|com.neusoft.btmusic|8001|null|1000: updating permissions
05-22 07:20:57.268   737   737 D NotificationService: 0|com.neusoft.btmusic|8001|null|1000: updating permissions
05-22 07:20:57.268   737   737 D NotificationService: 0|com.neusoft.btmusic|8001|null|1000: updating permissions
05-22 07:20:57.269   737   737 D NotificationService: 0|com.neusoft.btmusic|8001|null|1000: updating permissions
05-22 07:20:57.269   544   544 D commservice260303: msg.id = 1028,0
05-22 07:20:57.269   737   737 D NotificationService: 0|com.neusoft.btmusic|8001|null|1000: updating permissions
05-22 07:20:57.269   544   544 D commservice260303: i = 170, msgid = 8A000404
05-22 07:20:57.269   737   737 D NotificationService: 0|com.neusoft.btmusic|8001|null|1000: updating permissions
05-22 07:20:57.269   544   544 D commservice260303: msgid = -1979710460,did=138
05-22 07:20:57.269   544   544 D commservice260303: CommProtocolLibCmdBaseI2C::dataproc {"command":{"id":"imu_status","sub":""},"content":{"TimeStamp":1779405657268,"FrameCounter":22518,"GD_X":-0.009010015055537224,"GD_Y":0.007634742185473442,"GD_Z":0.017944088205695152,"AD_X":-0.005211241543292999,"AD_Y":-0.0010906700044870377,"AD_Z":-0.32723522186279297,"TempDsp":0,"Status":0,"CalibState":1,"SigAmpInvalid":0}},-1979710460
05-22 07:20:57.269   824   824 D SurfaceFlinger: unisoc-graphics, commit has frameMissed:2, vysncId:436962
05-22 07:20:57.269   544   544 D commservice260303: send2Cluster len:327, 7B22636F6D6D616E64223A7B226964223A22696D755F737461747573222C22737562223A22227D2C22636F6E74656E74223A7B2254696D655374616D70223A313737393430353635373236382C224672616D65436F756E746572223A32323531382C2247445F58223A2D302E3030393031303031353035353533373232342C2247445F59223A302E3030373633343734323138353437333434322C2247445F5A223A302E3031373934343038383230353639353135322C2241445F58223A2D302E3030353231313234313534333239323939392C2241445F59223A2D302E303031303930363730303034343837303337372C2241445F5A223A2D302E33323732333532323138363237393239372C2254656D70447370223A302C22537461747573223A302C2243616C69625374617465223A312C22536967416D70496E76616C6964223A307D7D, 138 
05-22 07:20:57.270   544   544 D commservice260303: Push Message into SendPool fn=-782696448
05-22 07:20:57.270   544   544 D commservice260303: ComProtocolLibSend2Cluster::send2ClusterRaw fn=-782696448 , len=343
05-22 07:20:57.270   544   544 D commservice260303: sendCmdToPort :343!!!
05-22 07:20:57.270   544   544 D commservice260303: send Cmd To Port ++++5AA501538A01000059D16A0F93597B22636F6D6D616E64223A7B226964223A22696D755F737461747573222C22737562223A22227D2C22636F6E74656E74223A7B2254696D655374616D70223A313737393430353635373236382C224672616D65436F756E746572223A32323531382C2247445F58223A2D302E3030393031303031353035353533373232342C2247445F59223A302E3030373633343734323138353437333434322C2247445F5A223A302E3031373934343038383230353639353135322C2241445F58223A2D302E3030353231313234313534333239323939392C2241445F59223A2D302E303031303930363730303034343837303337372C2241445F5A223A2D302E33323732333532323138363237393239372C2254656D70447370223A302C22537461747573223A302C2243616C69625374617465223A312C22536967416D70496E76616C6964223A307D7D6E46
05-22 07:20:57.270   544   544 D commservice260303: bufferevent_write retrun value = 0
05-22 07:20:57.270   544   567 D commservice260303: client datas send succeed,send finish
05-22 07:20:57.270   737  1616 D PowerController.AppState: - updateNotification() E -
05-22 07:20:57.271  2981  3178 D Sentinelmode_1.2.5.13_alpha: <SentryImuClusterFgeSender>imu_status sent to Linux, frame=22518, tsNs=942208, tsMs=1779405657268, intervalMs=42, ad=(-0.0052112415,-0.00109067,-0.32723522), gd=(-0.009010015,0.007634742,0.017944088)
05-22 07:20:57.271  1517  1517 D CarNotificationListener: onNotificationPosted: StatusBarNotification(pkg=com.neusoft.btmusic user=UserHandle{0} id=8001 tag=null key=0|com.neusoft.btmusic|8001|null|1000: Notification(channel=media_playback_channel shortcut=null contentView=null vibrate=null sound=null defaults=0x0 flags=0x6a color=0x00000000 category=transport groupKey=silent actions=3 vis=PUBLIC))
05-22 07:20:57.271  1517  1517 D CarNotificationListener: Is incoming notification a group summary?: false
05-22 07:20:57.271  1812  1812 I ExtAssistant: POSTED 0|com.neusoft.btmusic|8001|null|1000
05-22 07:20:57.271  1517  1517 D NavBarFragment: onShow: AlertEntry:StatusBarNotification(pkg=com.neusoft.btmusic user=UserHandle{0} id=8001 tag=null key=0|com.neusoft.btmusic|8001|null|1000: Notification(channel=media_playback_channel shortcut=null contentView=null vibrate=null sound=null defaults=0x0 flags=0x6a color=0x00000000 category=transport groupKey=silent actions=3 vis=PUBLIC))
05-22 07:20:57.272  1517  1517 D NavBarFragment: bindMediaActions: action[0] title=Previous, intent=PendingIntent{b5665e0: android.os.BinderProxy@beb4470}
05-22 07:20:57.272  1517  1517 D NavBarFragment: bindMediaActions: action[1] title=Pause, intent=PendingIntent{213d099: android.os.BinderProxy@b332c26}
05-22 07:20:57.272  1517  1517 D NavBarFragment: bindMediaActions: action[2] title=Next, intent=PendingIntent{b549f5e: android.os.BinderProxy@d0c76b3}
05-22 07:20:57.272  1517  1517 D NavBarFragment: bindMediaActions: previous=0, playPause=1, next=2, key=0|com.neusoft.btmusic|8001|null|1000
05-22 07:20:57.272  1517  1517 D NavBarFragment: updateMediaInfo: title=Top Barry：, text=Wish u never-TF_ING张子墨/Top Barry, pkg=com.neusoft.btmusic
05-22 07:20:57.272   558  1606 I gps_hdbd: Received: '$GNTXT,04,01,04,INS,V,1,,,,FLG,1,000000,1,0,1,0,0,Con,0*71
'
05-22 07:20:57.273   558  1606 I gps_hdbd: Received: '$GNTXT,INSTALL,0.00,0.00,0.00,0.00,0.00,0.00,0*20
'
05-22 07:20:57.273   573   573 I SpiService: fgesysctrl_getGPIO_status success val=1
05-22 06:39:31.016   573   573 D spi_rst_gpio_get_output: GPIO 145 value: 1
05-22 06:39:31.016   573   573 D spidev_ioctl: gpio status=1)
05-22 07:20:57.275  2981  3170 D SVR_MNG_SvrMngProxy: getServer: mSvrManger is null
05-22 07:20:57.275  2981  3170 D SVR_MNG_SvrMngProxy: getNewStub: 
05-22 07:20:57.275  2981  3170 D SVR_MNG_SvrMngProxy: getNewStub: getSvrManagerService start
05-22 07:20:57.276  2981  3170 D SVR_MNG_SvrMngProxy: getNewStub: getSvrManagerService end
05-22 07:20:57.276  2981  3170 D SVR_MNG_SvrMngProxy: getServer: svrMngService doesn't start
05-22 07:20:57.278   573   573 I SpiService: fgesysctrl_getGPIO_status success val=1
05-22 07:20:57.278   291  1491 D EvsDriver: forwardFrame
05-22 07:20:57.280  1137  1150 D evsmanagerd: /dev/video4 forwarded the buffer #0 to 0xb4000071fa019690 from 0xb4000071fa01b7d0
05-22 07:20:57.280   291  1491 D EvsDriver: Delivered 0xb400007b2f47ca30 as id 0
05-22 06:39:31.021   573   573 D spi_rst_gpio_get_output: GPIO 145 value: 1
05-22 06:39:31.021   573   573 D spidev_ioctl: gpio status=1)
05-22 07:20:57.283   573   573 I SpiService: fgesysctrl_getGPIO_status success val=1
05-22 07:20:57.284   291  1135 D EvsDriver: doneWithFrame
05-22 07:20:57.284  2981  3177 I SentryImuMcuAngleSender: 179.91724rollDeg
05-22 07:20:57.284  2981  3177 I SentryImuMcuAngleSender: 1,0,0
05-22 07:20:57.286   824   824 D SurfaceFlinger: unisoc-graphics, commit has frameMissed:2, vysncId:436963
05-22 06:39:31.027   573   573 D spi_rst_gpio_get_output: GPIO 145 value: 1
05-22 06:39:31.027   573   573 D spidev_ioctl: gpio status=1)
05-22 07:20:57.289   573   573 I SpiService: fgesysctrl_getGPIO_status success val=1
05-22 06:39:31.032   573   573 D spi_rst_gpio_get_output: GPIO 145 value: 1
05-22 06:39:31.032   573   573 D spidev_ioctl: gpio status=1)
05-22 07:20:57.294   573   573 I SpiService: fgesysctrl_getGPIO_status success val=1
05-22 07:20:57.295   737   737 D Telecom : Logging: START_SESSION
05-22 07:20:57.295   565   599 I Sensors : 230 AccelSensor: x:-0.107360,y:0.010980,z:-10.133320
05-22 07:20:57.296   737   737 D Telecom : Logging: END_SESSION (dur: 1 ms): TSI.iIMC@Gkc
05-22 07:20:57.296   737   737 D Telecom : Logging: START_SESSION
05-22 07:20:57.296   737   737 D Telecom : Logging: END_SESSION (dur: 0 ms): TSI.iISMC(a)@Gkg
05-22 07:20:57.297   737   737 D ResponseStatsTracker: notification:+15m42s73ms; event=<updated>, pkg=com.neusoft.btmusic, usr=0
05-22 07:20:57.297   737   737 D Telecom : Logging: START_SESSION
05-22 07:20:57.297   737   737 D Telecom : Logging: END_SESSION (dur: 0 ms): TSI.gDDP@Gkk
05-22 06:39:31.037   573   573 D spi_rst_gpio_get_output: GPIO 145 value: 1
05-22 06:39:31.037   573   573 D spidev_ioctl: gpio status=1)
05-22 07:20:57.298   737   737 D Telecom : Logging: START_SESSION
05-22 07:20:57.298   737   737 D Telecom : Logging: END_SESSION (dur: 0 ms): TSI.gDDP@Gko
05-22 07:20:57.298   737   737 D Telecom : Logging: START_SESSION
05-22 07:20:57.298   737   737 D Telecom : Logging: END_SESSION (dur: 0 ms): TSI.gDDP@Gks
05-22 07:20:57.298   737   737 D Telecom : Logging: START_SESSION
05-22 07:20:57.298   737   737 D Telecom : Logging: END_SESSION (dur: 0 ms): TSI.gDDP@Gkw
05-22 07:20:57.299   737   737 D NotificationService: 0|com.neusoft.btmusic|8001|null|1000: updating permissions
05-22 07:20:57.299   737   737 D NotificationService: 0|com.neusoft.btmusic|8001|null|1000: updating permissions
05-22 07:20:57.299   737   737 D NotificationService: 0|com.neusoft.btmusic|8001|null|1000: updating permissions
05-22 07:20:57.299   737   737 D NotificationService: 0|com.neusoft.btmusic|8001|null|1000: updating permissions
05-22 07:20:57.299   737   737 D NotificationService: 0|com.neusoft.btmusic|8001|null|1000: updating permissions
05-22 07:20:57.299   573   573 I SpiService: fgesysctrl_getGPIO_status success val=0
05-22 07:20:57.300   737   737 D NotificationService: 0|com.neusoft.btmusic|8001|null|1000: updating permissions
05-22 06:39:31.043   573   573 D spi_rst_gpio_get_output: GPIO 145 value: 0
05-22 06:39:31.043   573   573 D spidev_ioctl: gpio status=0)
05-22 07:20:57.303  1812  1812 I ExtAssistant: POSTED 0|com.neusoft.btmusic|8001|null|1000
05-22 07:20:57.303  1517  1517 D CarNotificationListener: onNotificationPosted: StatusBarNotification(pkg=com.neusoft.btmusic user=UserHandle{0} id=8001 tag=null key=0|com.neusoft.btmusic|8001|null|1000: Notification(channel=media_playback_channel shortcut=null contentView=null vibrate=null sound=null defaults=0x0 flags=0x6a color=0x00000000 category=transport groupKey=silent actions=3 vis=PUBLIC))
05-22 07:20:57.303  1517  1517 D CarNotificationListener: Is incoming notification a group summary?: false
05-22 07:20:57.303  1517  1517 D NavBarFragment: onShow: AlertEntry:StatusBarNotification(pkg=com.neusoft.btmusic user=UserHandle{0} id=8001 tag=null key=0|com.neusoft.btmusic|8001|null|1000: Notification(channel=media_playback_channel shortcut=null contentView=null vibrate=null sound=null defaults=0x0 flags=0x6a color=0x00000000 category=transport groupKey=silent actions=3 vis=PUBLIC))
05-22 07:20:57.303  1517  1517 D NavBarFragment: bindMediaActions: action[0] title=Previous, intent=PendingIntent{c4aaf3f: android.os.BinderProxy@beb4470}
05-22 07:20:57.304  1517  1517 D NavBarFragment: bindMediaActions: action[1] title=Pause, intent=PendingIntent{6ec000c: android.os.BinderProxy@b332c26}
05-22 07:20:57.304  1517  1517 D NavBarFragment: bindMediaActions: action[2] title=Next, intent=PendingIntent{fc7dd55: android.os.BinderProxy@d0c76b3}
05-22 07:20:57.304  1517  1517 D NavBarFragment: bindMediaActions: previous=0, playPause=1, next=2, key=0|com.neusoft.btmusic|8001|null|1000
05-22 07:20:57.304  1517  1517 D NavBarFragment: updateMediaInfo: title=Top Barry：, text=Wish u never-TF_ING张子墨/Top Barry, pkg=com.neusoft.btmusic
05-22 07:20:57.304   737  1616 D PowerController.AppState: - updateNotification() E -
05-22 07:20:57.305   276   300 I rvcservice: t.code = 3, t.value = 0
05-22 07:20:57.307  2981  3177 I SentryImuMcuAngleSender: 179.93791rollDeg
05-22 07:20:57.307  2981  3177 I SentryImuMcuAngleSender: 1,0,0
05-22 07:20:57.309   544   544 D commservice260303: msg.id = 1028,0
05-22 07:20:57.309   544   544 D commservice260303: i = 170, msgid = 8A000404
05-22 07:20:57.309   544   544 D commservice260303: msgid = -1979710460,did=138
05-22 07:20:57.309   544   544 D commservice260303: CommProtocolLibCmdBaseI2C::dataproc {"command":{"id":"imu_status","sub":""},"content":{"TimeStamp":1779405657308,"FrameCounter":22519,"GD_X":-0.008933032862842083,"GD_Y":0.007712244056165218,"GD_Z":0.017867106944322586,"AD_X":-0.0027720406651496887,"AD_Y":-0.0023098159581422806,"AD_Z":-0.32723522186279297,"TempDsp":0,"Status":0,"CalibState":1,"SigAmpInvalid":0}},-1979710460
05-22 07:20:57.309   544   544 D commservice260303: send2Cluster len:328, 7B22636F6D6D616E64223A7B226964223A22696D755F737461747573222C22737562223A22227D2C22636F6E74656E74223A7B2254696D655374616D70223A313737393430353635373330382C224672616D65436F756E746572223A32323531392C2247445F58223A2D302E3030383933333033323836323834323038332C2247445F59223A302E3030373731323234343035363136353231382C2247445F5A223A302E3031373836373130363934343332323538362C2241445F58223A2D302E303032373732303430363635313439363838372C2241445F59223A2D302E303032333039383135393538313432323830362C2241445F5A223A2D302E33323732333532323138363237393239372C2254656D70447370223A302C22537461747573223A302C2243616C69625374617465223A312C22536967416D70496E76616C6964223A307D7D, 138 
05-22 07:20:57.309   544   544 D commservice260303: Push Message into SendPool fn=-765919232
05-22 07:20:57.310   544   544 D commservice260303: ComProtocolLibSend2Cluster::send2ClusterRaw fn=-765919232 , len=344
05-22 07:20:57.310   544   544 D commservice260303: sendCmdToPort :344!!!
05-22 07:20:57.310   544   544 D commservice260303: send Cmd To Port ++++5AA501548A01000059D26A0F93597B22636F6D6D616E64223A7B226964223A22696D755F737461747573222C22737562223A22227D2C22636F6E74656E74223A7B2254696D655374616D70223A313737393430353635373330382C224672616D65436F756E746572223A32323531392C2247445F58223A2D302E3030383933333033323836323834323038332C2247445F59223A302E3030373731323234343035363136353231382C2247445F5A223A302E3031373836373130363934343332323538362C2241445F58223A2D302E303032373732303430363635313439363838372C2241445F59223A2D302E303032333039383135393538313432323830362C2241445F5A223A2D302E33323732333532323138363237393239372C2254656D70447370223A302C22537461747573223A302C2243616C69625374617465223A312C22536967416D70496E76616C6964223A307D7D4C8F
05-22 07:20:57.310   544   544 D commservice260303: bufferevent_write retrun value = 0
05-22 07:20:57.310   544   567 D commservice260303: client datas send succeed,send finish
05-22 07:20:57.310  2981  3178 D Sentinelmode_1.2.5.13_alpha: <SentryImuClusterFgeSender>imu_status sent to Linux, frame=22519, tsNs=942277, tsMs=1779405657308, intervalMs=39, ad=(-0.0027720407,-0.002309816,-0.32723522), gd=(-0.008933033,0.007712244,0.017867107)
05-22 07:20:57.313   573   573 I SpiService: fgesysctrl_getGPIO_status success val=1
05-22 06:39:31.057   573   573 D spi_rst_gpio_get_output: GPIO 145 value: 1
05-22 06:39:31.057   573   573 D spidev_ioctl: gpio status=1)
05-22 07:20:57.314   291  1491 D EvsDriver: forwardFrame
05-22 07:20:57.316   291  1491 D EvsDriver: Delivered 0xb400007b2f47ca30 as id 0
05-22 07:20:57.316  1137  1150 D evsmanagerd: /dev/video4 forwarded the buffer #0 to 0xb4000071fa019690 from 0xb4000071fa01b7d0
05-22 07:20:57.316   477  1243 I dvr_service_: [myNum:0][onFrameReceived] Received Surface:1 0
05-22 07:20:57.317   291  1135 D EvsDriver: doneWithFrame
05-22 07:20:57.318   573   573 I SpiService: fgesysctrl_getGPIO_status success val=1
05-22 06:39:31.062   573   573 D spi_rst_gpio_get_output: GPIO 145 value: 1
05-22 06:39:31.062   573   573 D spidev_ioctl: gpio status=1)
05-22 06:39:31.065     0     0 W         : c6 [    C6] Irq_monitor:Irq                                           IPI[1]occur        8057 times interval 1032 ms
05-22 07:20:57.324   573   573 I SpiService: fgesysctrl_getGPIO_status success val=1
05-22 06:39:31.067   573   573 D spi_rst_gpio_get_output: GPIO 145 value: 1
05-22 06:39:31.067   573   573 D spidev_ioctl: gpio status=1)
05-22 07:20:57.328  2981  3177 I SentryImuMcuAngleSender: 179.92412rollDeg
05-22 07:20:57.328  2981  3177 I SentryImuMcuAngleSender: 1,0,0
05-22 07:20:57.329   573   573 I SpiService: fgesysctrl_getGPIO_status success val=1
05-22 06:39:31.073   573   573 D spi_rst_gpio_get_output: GPIO 145 value: 1
05-22 06:39:31.073   573   573 D spidev_ioctl: gpio status=1)
05-22 07:20:57.331   565   599 I Sensors : 230 GyroSensor: x:-0.009239,y:0.007941,z:0.017104
05-22 07:20:57.331   964  1804 D [OMXB]  : usingANWBuffer: handle:0xebd442c0, format:1, w:1920, h:1080
05-22 07:20:57.334   573   573 I SpiService: fgesysctrl_getGPIO_status success val=1
05-22 06:39:31.078   573   573 D spi_rst_gpio_get_output: GPIO 145 value: 1
05-22 06:39:31.078   573   573 D spidev_ioctl: gpio status=1)
05-22 07:20:57.340   573   573 I SpiService: fgesysctrl_getGPIO_status success val=0
05-22 06:39:31.083   573   573 D spi_rst_gpio_get_output: GPIO 145 value: 0
05-22 06:39:31.083   573   573 D spidev_ioctl: gpio status=0)
05-22 07:20:57.348  2981  3177 I SentryImuMcuAngleSender: 179.91034rollDeg
05-22 07:20:57.348  2981  3177 I SentryImuMcuAngleSender: 1,0,0
05-22 07:20:57.349   544   544 D commservice260303: msg.id = 1028,0
05-22 07:20:57.349   544   544 D commservice260303: i = 170, msgid = 8A000404
05-22 07:20:57.349   544   544 D commservice260303: msgid = -1979710460,did=138
05-22 07:20:57.349   544   544 D commservice260303: CommProtocolLibCmdBaseI2C::dataproc {"command":{"id":"imu_status","sub":""},"content":{"TimeStamp":1779405657348,"FrameCounter":22520,"GD_X":-0.00923888012766838,"GD_Y":0.00794111005961895,"GD_Z":0.017104048281908035,"AD_X":-3.3539533615112305E-4,"AD_Y":0.0025686491280794144,"AD_Z":-0.32784557342529297,"TempDsp":0,"Status":0,"CalibState":1,"SigAmpInvalid":0}},-1979710460
05-22 07:20:57.349   544   544 D commservice260303: send2Cluster len:325, 7B22636F6D6D616E64223A7B226964223A22696D755F737461747573222C22737562223A22227D2C22636F6E74656E74223A7B2254696D655374616D70223A313737393430353635373334382C224672616D65436F756E746572223A32323532302C2247445F58223A2D302E30303932333838383031323736363833382C2247445F59223A302E30303739343131313030353936313839352C2247445F5A223A302E3031373130343034383238313930383033352C2241445F58223A2D332E33353339353333363135313132333035452D342C2241445F59223A302E303032353638363439313238303739343134342C2241445F5A223A2D302E33323738343535373334323532393239372C2254656D70447370223A302C22537461747573223A302C2243616C69625374617465223A312C22536967416D70496E76616C6964223A307D7D, 138 
05-22 07:20:57.349   544   544 D commservice260303: Push Message into SendPool fn=-749142016
05-22 07:20:57.349   544   544 D commservice260303: ComProtocolLibSend2Cluster::send2ClusterRaw fn=-749142016 , len=341
05-22 07:20:57.349   544   544 D commservice260303: sendCmdToPort :341!!!
05-22 07:20:57.349   544   544 D commservice260303: send Cmd To Port ++++5AA501518A01000059D36A0F93597B22636F6D6D616E64223A7B226964223A22696D755F737461747573222C22737562223A22227D2C22636F6E74656E74223A7B2254696D655374616D70223A313737393430353635373334382C224672616D65436F756E746572223A32323532302C2247445F58223A2D302E30303932333838383031323736363833382C2247445F59223A302E30303739343131313030353936313839352C2247445F5A223A302E3031373130343034383238313930383033352C2241445F58223A2D332E33353339353333363135313132333035452D342C2241445F59223A302E303032353638363439313238303739343134342C2241445F5A223A2D302E33323738343535373334323532393239372C2254656D70447370223A302C22537461747573223A302C2243616C69625374617465223A312C22536967416D70496E76616C6964223A307D7D7F83
