05-22 07:20:52.881   544   544 D commservice260303: Push Message into SendPool fn=1666777088
05-22 07:20:52.881   544   544 D commservice260303: ComProtocolLibSend2Cluster::send2ClusterRaw fn=1666777088 , len=341
05-22 07:20:52.881   544   544 D commservice260303: sendCmdToPort :341!!!
05-22 07:20:52.881   544   544 D commservice260303: send Cmd To Port ++++5AA501518A01000059636A0F93547B22636F6D6D616E64223A7B226964223A22696D755F737461747573222C22737562223A22227D2C22636F6E74656E74223A7B2254696D655374616D70223A313737393430353635323837392C224672616D65436F756E746572223A32323431302C2247445F58223A2D302E303039373733303732373836363239322C2247445F59223A302E3030373438323835383834303337363133392C2247445F5A223A302E3031373438353833383338333433363230332C2241445F58223A2D302E3030353731383032323538343931353136312C2241445F59223A2D342E38343832333234393238303435323733452D342C2241445F5A223A2D302E33323936373536373434333834373635362C2254656D70447370223A302C22537461747573223A302C2243616C69625374617465223A312C22536967416D70496E76616C6964223A307D7D1191
05-22 07:20:52.881   544   544 D commservice260303: bufferevent_write retrun value = 0
05-22 07:20:52.881   544   567 D commservice260303: client datas send succeed,send finish
05-22 07:20:52.882  2981  3178 D Sentinelmode_1.2.5.13_alpha: <SentryImuClusterFgeSender>imu_status sent to Linux, frame=22410, tsNs=937845, tsMs=1779405652879, intervalMs=42, ad=(-0.0057180226,-4.8482325E-4,-0.32967567), gd=(-0.009773073,0.007482859,0.017485838)
05-22 07:20:52.884   291  1491 D EvsDriver: forwardFrame
05-22 07:20:52.886   573   573 I SpiService: fgesysctrl_getGPIO_status success val=1
05-22 07:20:52.886   291  1491 D EvsDriver: Delivered 0xb400007b2f47ca30 as id 0
05-22 07:20:52.886  1137  1137 D evsmanagerd: /dev/video4 forwarded the buffer #0 to 0xb4000071fa019690 from 0xb4000071fa01b7d0
05-22 06:39:26.629   573   573 D spi_rst_gpio_get_output: GPIO 145 value: 1
05-22 06:39:26.629   573   573 D spidev_ioctl: gpio status=1)
05-22 07:20:52.889   291  1135 D EvsDriver: doneWithFrame
05-22 07:20:52.891   573   573 I SpiService: fgesysctrl_getGPIO_status success val=1
05-22 07:20:52.894   276   300 I rvcservice: t.code = 7, t.value = 937683
05-22 06:39:26.635   573   573 D spi_rst_gpio_get_output: GPIO 145 value: 1
05-22 06:39:26.635   573   573 D spidev_ioctl: gpio status=1)
05-22 07:20:52.896   824   824 D SurfaceFlinger: unisoc-graphics, commit has frameMissed:2, vysncId:435760
05-22 07:20:52.897   573   573 I SpiService: fgesysctrl_getGPIO_status success val=1
05-22 06:39:26.640   573   573 D spi_rst_gpio_get_output: GPIO 145 value: 1
05-22 06:39:26.640   573   573 D spidev_ioctl: gpio status=1)
05-22 07:20:52.899  2981  3177 I SentryImuMcuAngleSender: 179.91037rollDeg
05-22 07:20:52.899  2981  3177 I SentryImuMcuAngleSender: 1,0,0
05-22 07:20:52.902   573   573 I SpiService: fgesysctrl_getGPIO_status success val=1
05-22 06:39:26.645   573   573 D spi_rst_gpio_get_output: GPIO 145 value: 1
05-22 06:39:26.645   573   573 D spidev_ioctl: gpio status=1)
05-22 07:20:52.907   573   573 I SpiService: fgesysctrl_getGPIO_status success val=1
05-22 06:39:26.651   573   573 D spi_rst_gpio_get_output: GPIO 145 value: 1
05-22 06:39:26.651   573   573 D spidev_ioctl: gpio status=1)
05-22 07:20:52.912   573   573 I SpiService: fgesysctrl_getGPIO_status success val=0
05-22 07:20:52.913   824   824 D SurfaceFlinger: unisoc-graphics, commit has frameMissed:2, vysncId:435761
05-22 06:39:26.656   573   573 D spi_rst_gpio_get_output: GPIO 145 value: 0
05-22 06:39:26.656   573   573 D spidev_ioctl: gpio status=0)
05-22 07:20:52.919   291  1491 D EvsDriver: forwardFrame
05-22 07:20:52.921   544   544 W commservice260303: [FgeComService::getAQConnectStatus:378]
05-22 07:20:52.921   544   544 W commservice260303: [mcuCommFunctionTcp::getAQConnectStatus:406] 1
05-22 07:20:52.921   544   544 W commservice260303: [FgeComService::getAQConnectStatus:380] status:1
05-22 07:20:52.921   291  1491 D EvsDriver: Delivered 0xb400007b2f47ca30 as id 0
05-22 07:20:52.921  1137  1137 D evsmanagerd: /dev/video4 forwarded the buffer #0 to 0xb4000071fa019690 from 0xb4000071fa01b7d0
05-22 07:20:52.921  2109  2109 E ivicomm_CommManager: getA2lConnectStatus aqConnectStatus:1
05-22 07:20:52.921   291  1135 D EvsDriver: doneWithFrame
05-22 07:20:52.922   544   544 D commservice260303: msg.id = 1028,0
05-22 07:20:52.922   544   544 D commservice260303: i = 170, msgid = 8A000404
05-22 07:20:52.922   544   544 D commservice260303: msgid = -1979710460,did=138
05-22 07:20:52.922  2981  3177 I SentryImuMcuAngleSender: 179.88971rollDeg
05-22 07:20:52.922   544   544 D commservice260303: CommProtocolLibCmdBaseI2C::dataproc {"command":{"id":"imu_status","sub":""},"content":{"TimeStamp":1779405652921,"FrameCounter":22411,"GD_X":-0.008245917037129402,"GD_Y":0.008322898298501968,"GD_Z":0.017867106944322586,"AD_X":-0.0026669949293136597,"AD_Y":0.006217483431100845,"AD_Z":-0.33394527435302734,"TempDsp":0,"Status":0,"CalibState":1,"SigAmpInvalid":0}},-1979710460
05-22 07:20:52.922  2981  3177 I SentryImuMcuAngleSender: 1,0,0
05-22 07:20:52.922   544   544 D commservice260303: send2Cluster len:326, 7B22636F6D6D616E64223A7B226964223A22696D755F737461747573222C22737562223A22227D2C22636F6E74656E74223A7B2254696D655374616D70223A313737393430353635323932312C224672616D65436F756E746572223A32323431312C2247445F58223A2D302E3030383234353931373033373132393430322C2247445F59223A302E3030383332323839383239383530313936382C2247445F5A223A302E3031373836373130363934343332323538362C2241445F58223A2D302E303032363636393934393239333133363539372C2241445F59223A302E3030363231373438333433313130303834352C2241445F5A223A2D302E33333339343532373433353330323733342C2254656D70447370223A302C22537461747573223A302C2243616C69625374617465223A312C22536967416D70496E76616C6964223A307D7D, 138 
05-22 07:20:52.922   544   544 D commservice260303: Push Message into SendPool fn=1683554304
05-22 07:20:52.922   544   544 D commservice260303: ComProtocolLibSend2Cluster::send2ClusterRaw fn=1683554304 , len=342
05-22 07:20:52.922   544   544 D commservice260303: sendCmdToPort :342!!!
05-22 07:20:52.922   544   544 D commservice260303: send Cmd To Port ++++5AA501528A01000059646A0F93547B22636F6D6D616E64223A7B226964223A22696D755F737461747573222C22737562223A22227D2C22636F6E74656E74223A7B2254696D655374616D70223A313737393430353635323932312C224672616D65436F756E746572223A32323431312C2247445F58223A2D302E3030383234353931373033373132393430322C2247445F59223A302E3030383332323839383239383530313936382C2247445F5A223A302E3031373836373130363934343332323538362C2241445F58223A2D302E303032363636393934393239333133363539372C2241445F59223A302E3030363231373438333433313130303834352C2241445F5A223A2D302E33333339343532373433353330323733342C2254656D70447370223A302C22537461747573223A302C2243616C69625374617465223A312C22536967416D70496E76616C6964223A307D7D5375
05-22 07:20:52.922   544   544 D commservice260303: bufferevent_write retrun value = 0
05-22 07:20:52.922   544   567 D commservice260303: client datas send succeed,send finish
05-22 07:20:52.923  2109  2109 D ivicomm_ConnectStateManager: notifyState newState=1curState=1
05-22 07:20:52.923  2981  3178 D Sentinelmode_1.2.5.13_alpha: <SentryImuClusterFgeSender>imu_status sent to Linux, frame=22411, tsNs=937899, tsMs=1779405652921, intervalMs=41, ad=(-0.002666995,0.0062174834,-0.33394527), gd=(-0.008245917,0.008322898,0.017867107)
05-22 07:20:52.926   573   573 I SpiService: fgesysctrl_getGPIO_status success val=1
05-22 06:39:26.670   573   573 D spi_rst_gpio_get_output: GPIO 145 value: 1
05-22 06:39:26.670   573   573 D spidev_ioctl: gpio status=1)
05-22 07:20:52.932   573   573 I SpiService: fgesysctrl_getGPIO_status success val=1
05-22 06:39:26.675   573   573 D spi_rst_gpio_get_output: GPIO 145 value: 1
05-22 06:39:26.675   573   573 D spidev_ioctl: gpio status=1)
05-22 07:20:52.937   573   573 I SpiService: fgesysctrl_getGPIO_status success val=1
05-22 06:39:26.681   573   573 D spi_rst_gpio_get_output: GPIO 145 value: 1
05-22 06:39:26.681   573   573 D spidev_ioctl: gpio status=1)
05-22 07:20:52.942  2981  3177 I SentryImuMcuAngleSender: 179.90347rollDeg
05-22 07:20:52.943  2981  3177 I SentryImuMcuAngleSender: 1,0,0
05-22 07:20:52.943   573   573 I SpiService: fgesysctrl_getGPIO_status success val=1
05-22 06:39:26.686   573   573 D spi_rst_gpio_get_output: GPIO 145 value: 1
05-22 06:39:26.686   573   573 D spidev_ioctl: gpio status=1)
05-22 07:20:52.946   291  1491 D EvsDriver: forwardFrame
05-22 07:20:52.948   573   573 I SpiService: fgesysctrl_getGPIO_status success val=0
05-22 07:20:52.948   291  1491 D EvsDriver: Delivered 0xb400007b2f47ca30 as id 0
05-22 07:20:52.948  1137  1137 D evsmanagerd: /dev/video4 forwarded the buffer #0 to 0xb4000071fa019690 from 0xb4000071fa01b7d0
05-22 06:39:26.692   573   573 D spi_rst_gpio_get_output: GPIO 145 value: 0
05-22 06:39:26.692   573   573 D spidev_ioctl: gpio status=0)
05-22 07:20:52.953   291  1135 D EvsDriver: doneWithFrame
05-22 07:20:52.953   565   565 I Sensors : 230 AccelSensor: x:-0.111020,y:0.014030,z:-10.137590
05-22 07:20:52.961   544   544 D commservice260303: msg.id = 1028,0
05-22 07:20:52.961   544   544 D commservice260303: i = 170, msgid = 8A000404
05-22 07:20:52.961   544   544 D commservice260303: msgid = -1979710460,did=138
05-22 07:20:52.961   544   544 D commservice260303: CommProtocolLibCmdBaseI2C::dataproc {"command":{"id":"imu_status","sub":""},"content":{"TimeStamp":1779405652961,"FrameCounter":22412,"GD_X":-0.00923888012766838,"GD_Y":0.00794111005961895,"GD_Z":0.01756177842617035,"AD_X":-0.00632534921169281,"AD_Y":7.254350930452347E-4,"AD_Z":-0.33150577545166016,"TempDsp":0,"Status":0,"CalibState":1,"SigAmpInvalid":0}},-1979710460
05-22 07:20:52.962   544   544 D commservice260303: send2Cluster len:321, 7B22636F6D6D616E64223A7B226964223A22696D755F737461747573222C22737562223A22227D2C22636F6E74656E74223A7B2254696D655374616D70223A313737393430353635323936312C224672616D65436F756E746572223A32323431322C2247445F58223A2D302E30303932333838383031323736363833382C2247445F59223A302E30303739343131313030353936313839352C2247445F5A223A302E30313735363137373834323631373033352C2241445F58223A2D302E30303633323533343932313136393238312C2241445F59223A372E323534333530393330343532333437452D342C2241445F5A223A2D302E33333135303537373534353136363031362C2254656D70447370223A302C22537461747573223A302C2243616C69625374617465223A312C22536967416D70496E76616C6964223A307D7D, 138 
05-22 07:20:52.962   544   544 D commservice260303: Push Message into SendPool fn=1700331520
05-22 07:20:52.962   544   544 D commservice260303: ComProtocolLibSend2Cluster::send2ClusterRaw fn=1700331520 , len=337
05-22 07:20:52.962   544   544 D commservice260303: sendCmdToPort :337!!!
05-22 07:20:52.962   544   544 D commservice260303: send Cmd To Port ++++5AA5014D8A01000059656A0F93547B22636F6D6D616E64223A7B226964223A22696D755F737461747573222C22737562223A22227D2C22636F6E74656E74223A7B2254696D655374616D70223A313737393430353635323936312C224672616D65436F756E746572223A32323431322C2247445F58223A2D302E30303932333838383031323736363833382C2247445F59223A302E30303739343131313030353936313839352C2247445F5A223A302E30313735363137373834323631373033352C2241445F58223A2D302E30303633323533343932313136393238312C2241445F59223A372E323534333530393330343532333437452D342C2241445F5A223A2D302E33333135303537373534353136363031362C2254656D70447370223A302C22537461747573223A302C2243616C69625374617465223A312C22536967416D70496E76616C6964223A307D7D8A63
05-22 07:20:52.962   544   544 D commservice260303: bufferevent_write retrun value = 0
05-22 07:20:52.962   544   567 D commservice260303: client datas send succeed,send finish
05-22 07:20:52.962  2981  3178 D Sentinelmode_1.2.5.13_alpha: <SentryImuClusterFgeSender>imu_status sent to Linux, frame=22412, tsNs=937935, tsMs=1779405652961, intervalMs=39, ad=(-0.006325349,7.254351E-4,-0.33150578), gd=(-0.00923888,0.00794111,0.017561778)
05-22 07:20:52.963  2981  3177 I SentryImuMcuAngleSender: 179.9207rollDeg
05-22 07:20:52.963  2981  3177 I SentryImuMcuAngleSender: 1,0,0
05-22 07:20:52.964   573   573 I SpiService: fgesysctrl_getGPIO_status success val=1
05-22 07:20:52.964   824   824 D SurfaceFlinger: unisoc-graphics, commit has frameMissed:2, vysncId:435778
05-22 07:20:52.965  3735  3735 D NSLogUtils_MainActivity: progress->92164
05-22 06:39:26.708   573   573 D spi_rst_gpio_get_output: GPIO 145 value: 1
05-22 06:39:26.708   573   573 D spidev_ioctl: gpio status=1)
05-22 07:20:52.966   964  1804 D [OMXB]  : usingANWBuffer: handle:0xebd446e0, format:1, w:1920, h:1080
05-22 07:20:52.970   573   573 I SpiService: fgesysctrl_getGPIO_status success val=1
05-22 07:20:52.973  1026  1026 D MyAppLog: [2026-05-22 07:20:52.972 D tboxap tsp_WorkMachineProc:1086] [Tsp] [tsp_WorkMachineProc]TSP_WORK_LOGIN NOW !!!!
05-22 06:39:26.713   573   573 D spi_rst_gpio_get_output: GPIO 145 value: 1
05-22 06:39:26.713   573   573 D spidev_ioctl: gpio status=1)
05-22 07:20:52.976   573   573 I SpiService: fgesysctrl_getGPIO_status success val=1
05-22 06:39:26.719   573   573 D spi_rst_gpio_get_output: GPIO 145 value: 1
05-22 06:39:26.719   573   573 D spidev_ioctl: gpio status=1)
05-22 07:20:52.981   573   573 I SpiService: fgesysctrl_getGPIO_status success val=1
05-22 06:39:26.725   573   573 D spi_rst_gpio_get_output: GPIO 145 value: 1
05-22 06:39:26.725   573   573 D spidev_ioctl: gpio status=1)
05-22 07:20:52.981   824   824 D SurfaceFlinger: unisoc-graphics, commit has frameMissed:2, vysncId:435786
05-22 07:20:52.984  2981  3177 I SentryImuMcuAngleSender: 179.91035rollDeg
05-22 07:20:52.984  2981  3177 I SentryImuMcuAngleSender: 1,0,0
05-22 07:20:52.984   577   613 D vendor.sprd.hardware.aprd-service: GPS Get GPSver failed No such file or directory
05-22 07:20:52.984   291  1491 D EvsDriver: forwardFrame
05-22 07:20:52.984   577   613 D vendor.sprd.hardware.aprd-service: GE xmlDoc is NULL, may not set GPS on.
05-22 07:20:52.986   291  1491 D EvsDriver: Delivered 0xb400007b2f47ca30 as id 0
05-22 07:20:52.986  1137  1137 D evsmanagerd: /dev/video4 forwarded the buffer #0 to 0xb4000071fa019690 from 0xb4000071fa01b7d0
05-22 07:20:52.987   573   573 I SpiService: fgesysctrl_getGPIO_status success val=1
05-22 07:20:52.989   565   599 I Sensors : 230 GyroSensor: x:-0.007406,y:0.007254,z:0.018020
05-22 06:39:26.730   573   573 D spi_rst_gpio_get_output: GPIO 145 value: 1
05-22 06:39:26.731   573   573 D spidev_ioctl: gpio status=1)
05-22 07:20:52.990   291  1135 D EvsDriver: doneWithFrame
05-22 07:20:52.993   573   573 I SpiService: fgesysctrl_getGPIO_status success val=0
05-22 06:39:26.736   573   573 D spi_rst_gpio_get_output: GPIO 145 value: 0
05-22 06:39:26.736   573   573 D spidev_ioctl: gpio status=0)
05-22 07:20:52.994   276   300 I rvcservice: t.code = 3, t.value = 0
05-22 07:20:52.998   824   824 D SurfaceFlinger: unisoc-graphics, commit has frameMissed:2, vysncId:435794
05-22 07:20:53.002   544   544 D commservice260303: msg.id = 1028,0
05-22 07:20:53.002   544   544 D commservice260303: i = 170, msgid = 8A000404
05-22 07:20:53.002   544   544 D commservice260303: msgid = -1979710460,did=138
05-22 07:20:53.002   544   544 D commservice260303: CommProtocolLibCmdBaseI2C::dataproc {"command":{"id":"imu_status","sub":""},"content":{"TimeStamp":1779405653001,"FrameCounter":22413,"GD_X":-0.007405876647680998,"GD_Y":0.0072539933025836945,"GD_Z":0.018020030111074448,"AD_X":-0.0051021575927734375,"AD_Y":0.003162248060107231,"AD_Z":-0.32845497131347656,"TempDsp":0,"Status":0,"CalibState":1,"SigAmpInvalid":0}},-1979710460
05-22 07:20:53.002   544   544 D commservice260303: send2Cluster len:327, 7B22636F6D6D616E64223A7B226964223A22696D755F737461747573222C22737562223A22227D2C22636F6E74656E74223A7B2254696D655374616D70223A313737393430353635333030312C224672616D65436F756E746572223A32323431332C2247445F58223A2D302E3030373430353837363634373638303939382C2247445F59223A302E303037323533393933333032353833363934352C2247445F5A223A302E3031383032303033303131313037343434382C2241445F58223A2D302E303035313032313537353932373733343337352C2241445F59223A302E3030333136323234383036303130373233312C2241445F5A223A2D302E33323834353439373133313334373635362C2254656D70447370223A302C22537461747573223A302C2243616C69625374617465223A312C22536967416D70496E76616C6964223A307D7D, 138 
05-22 07:20:53.002   544   544 D commservice260303: Push Message into SendPool fn=1717108736
05-22 07:20:53.003   544   544 D commservice260303: ComProtocolLibSend2Cluster::send2ClusterRaw fn=1717108736 , len=343
05-22 07:20:53.003   544   544 D commservice260303: sendCmdToPort :343!!!
05-22 07:20:53.003   544   544 D commservice260303: send Cmd To Port ++++5AA501538A01000059666A0F93557B22636F6D6D616E64223A7B226964223A22696D755F737461747573222C22737562223A22227D2C22636F6E74656E74223A7B2254696D655374616D70223A313737393430353635333030312C224672616D65436F756E746572223A32323431332C2247445F58223A2D302E3030373430353837363634373638303939382C2247445F59223A302E303037323533393933333032353833363934352C2247445F5A223A302E3031383032303033303131313037343434382C2241445F58223A2D302E303035313032313537353932373733343337352C2241445F59223A302E3030333136323234383036303130373233312C2241445F5A223A2D302E33323834353439373133313334373635362C2254656D70447370223A302C22537461747573223A302C2243616C69625374617465223A312C22536967416D70496E76616C6964223A307D7D4B1E
05-22 07:20:53.003   544   544 D commservice260303: bufferevent_write retrun value = 0
05-22 07:20:53.003   544   567 D commservice260303: client datas send succeed,send finish
05-22 07:20:53.003  2981  3178 D Sentinelmode_1.2.5.13_alpha: <SentryImuClusterFgeSender>imu_status sent to Linux, frame=22413, tsNs=937971, tsMs=1779405653001, intervalMs=41, ad=(-0.0051021576,0.003162248,-0.32845497), gd=(-0.0074058766,0.0072539933,0.01802003)
05-22 07:20:53.004  2981  3177 I SentryImuMcuAngleSender: 179.90689rollDeg
05-22 07:20:53.004  2981  3177 I SentryImuMcuAngleSender: 1,0,0
05-22 07:20:53.008   486   580 I mcuc    : rev,n=1,6AA681124F000A8900290104093012345688
05-22 07:20:53.008   573   573 I SpiService: fgesysctrl_getGPIO_status success val=1
05-22 07:20:53.008  1091  1116 I tboxmids_ap: [2026-05-22 07:20:53.008] [MCU RX] src=MCU dst=ZMQ len=10 type=BINARY data=00 08 29 01 04 09 30 12 34 56 
05-22 07:20:53.008   344   361 D automotive.vehicle@2.0-adayo-datacomm-mcu: MCUDatacomm sendMessageFromVehicle prop: 0x89, areaId: 0x0, status: 0x29, timestamp: 0x1
05-22 07:20:53.008   344   361 D automotive.vehicle@2.0-adayo-datacomm-mcu: MCUDatacomm 1sendMessageFromVehicle ---> type = 12 
05-22 06:39:26.751   573   573 D spi_rst_gpio_get_output: GPIO 145 value: 1
05-22 06:39:26.751   573   573 D spidev_ioctl: gpio status=1)
05-22 07:20:53.010  1026  1026 I MyAppLog: [2026-05-22 07:20:53.009 I tboxap mcuCommTboxmidsRecvCb:96] [Mcu] [mcuCommTboxmidsRecvCb] recv from tboxmids, size:10
05-22 07:20:53.010  1026  1026 I MyAppLog: [2026-05-22 07:20:53.009 I tboxap mcuCommTboxmidsRecvCb:97] [Mcu] [tboxmids -> tboxap]: :00 08 29 01 04 09 30 12 34 56
05-22 07:20:53.010  1026  1026 W MyAppLog: [2026-05-22 07:20:53.009 W tboxap mcuYadiFrameParse:831] [Mcu] [mcuYadiFrameParse] cmd:0930(MCU_REMOTE_CTRL_RSP_IND) payload too short:5 < 8
05-22 07:20:53.010  1026  1026 W MyAppLog: [2026-05-22 07:20:53.009 W tboxap mcuPtlParseData:961] [Mcu] [mcuPtlParseData] invalid yadi frame, len:10
05-22 07:20:53.010   291  1491 D EvsDriver: forwardFrame
05-22 07:20:53.012   291  1491 D EvsDriver: Delivered 0xb400007b2f47ca30 as id 0
05-22 07:20:53.012  1137  1137 D evsmanagerd: /dev/video4 forwarded the buffer #0 to 0xb4000071fa019690 from 0xb4000071fa01b7d0
05-22 07:20:53.013   291  1135 D EvsDriver: doneWithFrame
05-22 07:20:53.014   573   573 I SpiService: fgesysctrl_getGPIO_status success val=1
05-22 07:20:53.014  1658  2866 D AIN-HttpHealthPolicy: call() called start, host=www.weibo.com
05-22 07:20:53.016   947 16808 D resolv  : GetAddrInfoHandler::run: {0 786432 0 983040 1000 0}
05-22 07:20:53.017   947 16808 D resolv  : resolv_getaddrinfo: explore_fqdn(): ai_family=0 ai_socktype=1 ai_protocol=6
05-22 06:39:26.757   573   573 D spi_rst_gpio_get_output: GPIO 145 value: 1
05-22 06:39:26.757   573   573 D spidev_ioctl: gpio status=1)
05-22 07:20:53.018  2203  2203 I ADAYO_LOG_: handleMessage(UsbFunc.java:352)copyQnx = 2
05-22 07:20:53.019  2203  2203 I ADAYO_LOG_: handleMessage(UsbFunc.java:404)copyState = 2
05-22 07:20:53.019   573   573 I SpiService: fgesysctrl_getGPIO_status success val=1
05-22 06:39:26.763   573   573 D spi_rst_gpio_get_output: GPIO 145 value: 1
05-22 06:39:26.763   573   573 D spidev_ioctl: gpio status=1)
05-22 06:39:26.769   573   573 D spi_rst_gpio_get_output: GPIO 145 value: 1
05-22 06:39:26.769   573   573 D spidev_ioctl: gpio status=1)
05-22 07:20:53.025   573   573 I SpiService: fgesysctrl_getGPIO_status success val=1
05-22 07:20:53.025  1658  2866 W AIN-HttpHealthPolicy: call() called error, host=www.weibo.com, err_msg=Unable to resolve host "www.weibo.com": No address associated with hostname
05-22 07:20:53.026  1658  2865 D AIN-PingWorker: updateHost: result=true,host=www.weibo.com,delay=-1
05-22 07:20:53.026  1658  2865 D AIN-NetCheckerOutputer: onWeak
05-22 07:20:53.026  1658  2865 D AIN-ServiceHub: getService with: name = service_tracker
05-22 07:20:53.028  2981  3177 I SentryImuMcuAngleSender: 179.92412rollDeg
05-22 07:20:53.029  2981  3177 I SentryImuMcuAngleSender: 1,0,0
05-22 07:20:53.031   573   573 I SpiService: fgesysctrl_getGPIO_status success val=0
05-22 07:20:53.032   486   579 I mcuc    : send SPI:6AA602124F0002890012
05-22 06:39:26.774   573   573 D spi_rst_gpio_get_output: GPIO 145 value: 0
05-22 06:39:26.775   573   573 D spidev_ioctl: gpio status=0)
05-22 07:20:53.041  1517  1517 E sysUI_NavBarFragment: [main] - SysUIConfig.icCarServiceConnected：false
05-22 07:20:53.042   544   544 D commservice260303: msg.id = 1028,1
05-22 07:20:53.043   544   544 D commservice260303: i = 170, msgid = 8A000404
05-22 07:20:53.043   544   544 D commservice260303: msgid = -1979710460,did=138
05-22 07:20:53.043   544   544 D commservice260303: CommProtocolLibCmdBaseI2C::dataproc {"command":{"id":"imu_status","sub":""},"content":{"TimeStamp":1779405653042,"FrameCounter":22414,"GD_X":-0.00923888012766838,"GD_Y":0.0073299347423017025,"GD_Z":0.01763824187219143,"AD_X":-0.0014429092407226562,"AD_Y":-0.00110593531280756,"AD_Z":-0.32723522186279297,"TempDsp":0,"Status":0,"CalibState":1,"SigAmpInvalid":0}},-1979710460
05-22 07:20:53.043   544   544 D commservice260303: send2Cluster len:325, 7B22636F6D6D616E64223A7B226964223A22696D755F737461747573222C22737562223A22227D2C22636F6E74656E74223A7B2254696D655374616D70223A313737393430353635333034322C224672616D65436F756E746572223A32323431342C2247445F58223A2D302E30303932333838383031323736363833382C2247445F59223A302E303037333239393334373432333031373032352C2247445F5A223A302E30313736333832343138373231393134332C2241445F58223A2D302E303031343432393039323430373232363536322C2241445F59223A2D302E30303131303539333533313238303735362C2241445F5A223A2D302E33323732333532323138363237393239372C2254656D70447370223A302C22537461747573223A302C2243616C69625374617465223A312C22536967416D70496E76616C6964223A307D7D, 138 
05-22 07:20:53.043   544   544 D commservice260303: Push Message into SendPool fn=1733885952
05-22 07:20:53.043   544   544 D commservice260303: ComProtocolLibSend2Cluster::send2ClusterRaw fn=1733885952 , len=341
05-22 07:20:53.043   544   544 D commservice260303: sendCmdToPort :341!!!
05-22 07:20:53.043   544   544 D commservice260303: send Cmd To Port ++++5AA501518A01000059676A0F93557B22636F6D6D616E64223A7B226964223A22696D755F737461747573222C22737562223A22227D2C22636F6E74656E74223A7B2254696D655374616D70223A313737393430353635333034322C224672616D65436F756E746572223A32323431342C2247445F58223A2D302E30303932333838383031323736363833382C2247445F59223A302E303037333239393334373432333031373032352C2247445F5A223A302E30313736333832343138373231393134332C2241445F58223A2D302E303031343432393039323430373232363536322C2241445F59223A2D302E30303131303539333533313238303735362C2241445F5A223A2D302E33323732333532323138363237393239372C2254656D70447370223A302C22537461747573223A302C2243616C69625374617465223A312C22536967416D70496E76616C6964223A307D7D562A
05-22 07:20:53.044   544   544 D commservice260303: bufferevent_write retrun value = 0
05-22 07:20:53.044   544   567 D commservice260303: client datas send succeed,send finish
05-22 07:20:53.044  2981  3178 D Sentinelmode_1.2.5.13_alpha: <SentryImuClusterFgeSender>imu_status sent to Linux, frame=22414, tsNs=938006, tsMs=1779405653042, intervalMs=41, ad=(-0.0014429092,-0.0011059353,-0.32723522), gd=(-0.00923888,0.0073299347,0.017638242)
05-22 06:39:26.786     0     0 I         : c1 [    C1] io insert-issue:  241    5    3    0    0    0    0    0    0    0    0    0
05-22 06:39:26.786     0     0 I         : c1 [    C1] |_i2i    others[  8- 8192ms]:  241    5    3    0    0    0    0    0    0    0    0    0
05-22 06:39:26.786     0     0 I         : c1 [    C1] io issue-comp:  172   23   41   13    0    0    0    0    0    0    0    0
05-22 06:39:26.786     0     0 I         : c1 [    C1] |_i2c    others[  8- 8192ms]:  172   23   41   13    0    0    0    0    0    0    0    0
05-22 07:20:53.046   964  1804 D [OMXB]  : usingANWBuffer: handle:0xebd44210, format:1, w:1920, h:1080
05-22 07:20:53.047   573   573 I SpiService: fgesysctrl_getGPIO_status success val=1
05-22 07:20:53.048   291  1491 D EvsDriver: forwardFrame
05-22 07:20:53.049  2981  3177 I SentryImuMcuAngleSender: 179.92068rollDeg
05-22 07:20:53.049  2981  3177 I SentryImuMcuAngleSender: 1,0,0
05-22 06:39:26.790   573   573 D spi_rst_gpio_get_output: GPIO 145 value: 1
05-22 06:39:26.790   573   573 D spidev_ioctl: gpio status=1)
05-22 07:20:53.050   291  1491 D EvsDriver: Delivered 0xb400007b2f47ca30 as id 0
05-22 07:20:53.050  1137  1137 D evsmanagerd: /dev/video4 forwarded the buffer #0 to 0xb4000071fa019690 from 0xb4000071fa01b7d0
05-22 07:20:53.052   573   573 I SpiService: fgesysctrl_getGPIO_status success val=1
05-22 06:39:26.796   573   573 D spi_rst_gpio_get_output: GPIO 145 value: 1
05-22 06:39:26.796   573   573 D spidev_ioctl: gpio status=1)
05-22 07:20:53.055   291  1135 D EvsDriver: doneWithFrame
05-22 07:20:53.058   573   573 I SpiService: fgesysctrl_getGPIO_status success val=1
05-22 06:39:26.802   573   573 D spi_rst_gpio_get_output: GPIO 145 value: 1
05-22 06:39:26.802   573   573 D spidev_ioctl: gpio status=1)
05-22 07:20:53.064   573   573 I SpiService: fgesysctrl_getGPIO_status success val=1
05-22 07:20:53.065   577   612 D vendor.sprd.hardware.aprd-service: WCN Get CP2Ver failed
05-22 07:20:53.065   577   612 D vendor.sprd.hardware.aprd-service: WCNInfoThread::GetVer
05-22 07:20:53.065   577   612 D vendor.sprd.hardware.aprd-service: WCNcmdReqRsp: waiting for server wcnd
05-22 06:39:26.807   573   573 D spi_rst_gpio_get_output: GPIO 145 value: 1
05-22 06:39:26.807   573   573 D spidev_ioctl: gpio status=1)
05-22 07:20:53.066  2343  2378 D WCND    : wcnd got 12 from accept
05-22 07:20:53.066  2343  2378 D WCND    : Socket client fd = 5, max fd = 12
05-22 07:20:53.066  2343  2378 D WCND    : process_active_socket_client_fd: active client fd is 12
05-22 07:20:53.067  2343  2378 D WCND    : wcnd_runcommand : argv :  at+spatgetcp2info
05-22 07:20:53.067  2343  2378 E wcn_vendor: open(/sys/class/misc/wcn/devices/sw_ver) for read failed: No such file or directory (2)
05-22 07:20:53.067  2343  2378 D WCND    : Reply Socket : FAIL Unknown
05-22 07:20:53.067  2343  2378 D WCND    : Socket client fd = 5, max fd = 12
05-22 07:20:53.067   577   612 D vendor.sprd.hardware.aprd-service: WCNcmdReqRsp: get 13 bytes FAIL Unknown
05-22 07:20:53.067   577   612 D vendor.sprd.hardware.aprd-service: wcn AT+spatgetcp2info, ret=0, rsp:FAIL Unknown
05-22 07:20:53.068  2343  2378 D WCND    : process_active_socket_client_fd: active client fd is 12
05-22 07:20:53.068  2343  2378 D WCND    : Client socket fd : 12 closed
05-22 07:20:53.068  2343  2378 D WCND    : Socket client fd = 5, max fd = 11
05-22 07:20:53.069  2981  3177 I SentryImuMcuAngleSender: 179.91724rollDeg
05-22 07:20:53.069  2981  3177 I SentryImuMcuAngleSender: 1,0,0
05-22 07:20:53.069   737  1618 E SSense.fps: We could not find the file :/sys/class/display/dispc0/frame_count
05-22 07:20:53.070   573   573 I SpiService: fgesysctrl_getGPIO_status success val=1
05-22 06:39:26.813   573   573 D spi_rst_gpio_get_output: GPIO 145 value: 1
05-22 06:39:26.813   573   573 D spidev_ioctl: gpio status=1)
05-22 07:20:53.076   573   573 I SpiService: fgesysctrl_getGPIO_status success val=0
05-22 06:39:26.819   573   573 D spi_rst_gpio_get_output: GPIO 145 value: 0
05-22 06:39:26.819   573   573 D spidev_ioctl: gpio status=0)
05-22 07:20:53.083   544   544 D commservice260303: msg.id = 1028,1
05-22 07:20:53.083   544   544 D commservice260303: i = 170, msgid = 8A000404
05-22 07:20:53.083   544   544 D commservice260303: msgid = -1979710460,did=138
05-22 07:20:53.083   544   544 D commservice260303: CommProtocolLibCmdBaseI2C::dataproc {"command":{"id":"imu_status","sub":""},"content":{"TimeStamp":1779405653082,"FrameCounter":22415,"GD_X":-0.009314822033047676,"GD_Y":0.007482858840376139,"GD_Z":0.017255932092666626,"AD_X":-0.002666473388671875,"AD_Y":0.0013314196839928627,"AD_Z":-0.32967567443847656,"TempDsp":0,"Status":0,"CalibState":1,"SigAmpInvalid":0}},-1979710460
05-22 07:20:53.083   544   544 D commservice260303: send2Cluster len:326, 7B22636F6D6D616E64223A7B226964223A22696D755F737461747573222C22737562223A22227D2C22636F6E74656E74223A7B2254696D655374616D70223A313737393430353635333038322C224672616D65436F756E746572223A32323431352C2247445F58223A2D302E3030393331343832323033333034373637362C2247445F59223A302E3030373438323835383834303337363133392C2247445F5A223A302E3031373235353933323039323636363632362C2241445F58223A2D302E3030323636363437333338383637313837352C2241445F59223A302E303031333331343139363833393932383632372C2241445F5A223A2D302E33323936373536373434333834373635362C2254656D70447370223A302C22537461747573223A302C2243616C69625374617465223A312C22536967416D70496E76616C6964223A307D7D, 138 
05-22 07:20:53.083   544   544 D commservice260303: Push Message into SendPool fn=1750663168
05-22 07:20:53.083   544   544 D commservice260303: ComProtocolLibSend2Cluster::send2ClusterRaw fn=1750663168 , len=342
05-22 07:20:53.083   544   544 D commservice260303: sendCmdToPort :342!!!
05-22 07:20:53.083   544   544 D commservice260303: send Cmd To Port ++++5AA501528A01000059686A0F93557B22636F6D6D616E64223A7B226964223A22696D755F737461747573222C22737562223A22227D2C22636F6E74656E74223A7B2254696D655374616D70223A313737393430353635333038322C224672616D65436F756E746572223A32323431352C2247445F58223A2D302E3030393331343832323033333034373637362C2247445F59223A302E3030373438323835383834303337363133392C2247445F5A223A302E3031373235353933323039323636363632362C2241445F58223A2D302E3030323636363437333338383637313837352C2241445F59223A302E303031333331343139363833393932383632372C2241445F5A223A2D302E33323936373536373434333834373635362C2254656D70447370223A302C22537461747573223A302C2243616C69625374617465223A312C22536967416D70496E76616C6964223A307D7DA37A
05-22 07:20:53.084   544   544 D commservice260303: bufferevent_write retrun value = 0
05-22 07:20:53.084   544   567 D commservice260303: client datas send succeed,send finish
05-22 07:20:53.084  2981  3178 D Sentinelmode_1.2.5.13_alpha: <SentryImuClusterFgeSender>imu_status sent to Linux, frame=22415, tsNs=938060, tsMs=1779405653082, intervalMs=40, ad=(-0.0026664734,0.0013314197,-0.32967567), gd=(-0.009314822,0.007482859,0.017255932)
05-22 07:20:53.084   291  1491 D EvsDriver: forwardFrame
05-22 07:20:53.086   291  1491 D EvsDriver: Delivered 0xb400007b2f47ca30 as id 0
05-22 07:20:53.086  1137  1137 D evsmanagerd: /dev/video4 forwarded the buffer #0 to 0xb4000071fa019690 from 0xb4000071fa01b7d0
05-22 07:20:53.090  2981  3177 I SentryImuMcuAngleSender: 179.91725rollDeg
05-22 07:20:53.090   573   573 I SpiService: fgesysctrl_getGPIO_status success val=1
05-22 07:20:53.090  2981  3177 I SentryImuMcuAngleSender: 1,0,0
05-22 07:20:53.091   291  1135 D EvsDriver: doneWithFrame
05-22 06:39:26.834   573   573 D spi_rst_gpio_get_output: GPIO 145 value: 1
05-22 06:39:26.834   573   573 D spidev_ioctl: gpio status=1)
05-22 07:20:53.094   276   300 I rvcservice: t.code = 3, t.value = 0
05-22 07:20:53.096   573   573 I SpiService: fgesysctrl_getGPIO_status success val=1
05-22 06:39:26.839   573   573 D spi_rst_gpio_get_output: GPIO 145 value: 1
05-22 06:39:26.839   573   573 D spidev_ioctl: gpio status=1)
05-22 07:20:53.101   573   573 I SpiService: fgesysctrl_getGPIO_status success val=1
05-22 06:39:26.845   573   573 D spi_rst_gpio_get_output: GPIO 145 value: 1
05-22 06:39:26.845   573   573 D spidev_ioctl: gpio status=1)
05-22 07:20:53.105   964  1804 D [OMXB]  : usingANWBuffer: handle:0xebd43450, format:1, w:1920, h:1080
05-22 07:20:53.106   573   573 I SpiService: fgesysctrl_getGPIO_status success val=1
05-22 07:20:53.109   291  1491 D EvsDriver: forwardFrame
05-22 07:20:53.109   291  1491 D EvsDriver: Delivered 0xb400007b2f47ca30 as id 0
05-22 06:39:26.850   573   573 D spi_rst_gpio_get_output: GPIO 145 value: 1
05-22 06:39:26.850   573   573 D spidev_ioctl: gpio status=1)
05-22 06:39:26.855   573   573 D spidev_ioctl: gpio status=1)
05-22 07:20:53.114   558  1606 I gps_hdbd: nmea_cs <0> != calc_cs <e>, return -1
05-22 07:20:53.117   573   573 I SpiService: fgesysctrl_getGPIO_status success val=0
05-22 06:39:26.861   573   573 D spi_rst_gpio_get_output: GPIO 145 value: 0
05-22 06:39:26.861   573   573 D spidev_ioctl: gpio status=0)
05-22 07:20:53.123   544   544 D commservice260303: msg.id = 1028,0
05-22 07:20:53.123   544   544 D commservice260303: i = 170, msgid = 8A000404
05-22 07:20:53.123   544   544 D commservice260303: msgid = -1979710460,did=138
05-22 07:20:53.123   544   544 D commservice260303: CommProtocolLibCmdBaseI2C::dataproc {"command":{"id":"imu_status","sub":""},"content":{"TimeStamp":1779405653123,"FrameCounter":22416,"GD_X":-0.008857090957462788,"GD_Y":0.007634742185473442,"GD_Z":0.01717999018728733,"AD_X":-2.2923201322555542E-4,"AD_Y":-0.0017159022390842438,"AD_Z":-0.32723522186279297,"TempDsp":0,"Status":0,"CalibState":1,"SigAmpInvalid":0}},-1979710460
05-22 07:20:53.123   544   544 D commservice260303: send2Cluster len:327, 7B22636F6D6D616E64223A7B226964223A22696D755F737461747573222C22737562223A22227D2C22636F6E74656E74223A7B2254696D655374616D70223A313737393430353635333132332C224672616D65436F756E746572223A32323431362C2247445F58223A2D302E3030383835373039303935373436323738382C2247445F59223A302E3030373633343734323138353437333434322C2247445F5A223A302E30313731373939393031383732383733332C2241445F58223A2D322E32393233323031333232353535353432452D342C2241445F59223A2D302E303031373135393032323339303834323433382C2241445F5A223A2D302E33323732333532323138363237393239372C2254656D70447370223A302C22537461747573223A302C2243616C69625374617465223A312C22536967416D70496E76616C6964223A307D7D, 138 
05-22 07:20:53.123   544   544 D commservice260303: Push Message into SendPool fn=1767440384
05-22 07:20:53.123   544   544 D commservice260303: ComProtocolLibSend2Cluster::send2ClusterRaw fn=1767440384 , len=343
05-22 07:20:53.123   544   544 D commservice260303: sendCmdToPort :343!!!
05-22 07:20:53.123   544   544 D commservice260303: send Cmd To Port ++++5AA501538A01000059696A0F93557B22636F6D6D616E64223A7B226964223A22696D755F737461747573222C22737562223A22227D2C22636F6E74656E74223A7B2254696D655374616D70223A313737393430353635333132332C224672616D65436F756E746572223A32323431362C2247445F58223A2D302E3030383835373039303935373436323738382C2247445F59223A302E3030373633343734323138353437333434322C2247445F5A223A302E30313731373939393031383732383733332C2241445F58223A2D322E32393233323031333232353535353432452D342C2241445F59223A2D302E303031373135393032323339303834323433382C2241445F5A223A2D302E33323732333532323138363237393239372C2254656D70447370223A302C22537461747573223A302C2243616C69625374617465223A312C22536967416D70496E76616C6964223A307D7D0165
05-22 07:20:53.124   544   544 D commservice260303: bufferevent_write retrun value = 0
05-22 07:20:53.124   544   567 D commservice260303: client datas send succeed,send finish
05-22 07:20:53.124  2981  3178 D Sentinelmode_1.2.5.13_alpha: <SentryImuClusterFgeSender>imu_status sent to Linux, frame=22416, tsNs=938096, tsMs=1779405653123, intervalMs=40, ad=(-2.2923201E-4,-0.0017159022,-0.32723522), gd=(-0.008857091,0.007634742,0.01717999)
05-22 07:20:53.131   573   573 I SpiService: fgesysctrl_getGPIO_status success val=1
05-22 07:20:53.132  2981  3177 I SentryImuMcuAngleSender: 179.93446rollDeg
05-22 07:20:53.132  2981  3177 I SentryImuMcuAngleSender: 1,0,0
05-22 06:39:26.874   573   573 D spi_rst_gpio_get_output: GPIO 145 value: 1
05-22 06:39:26.874   573   573 D spidev_ioctl: gpio status=1)
05-22 07:20:53.137   573   573 I SpiService: fgesysctrl_getGPIO_status success val=1
05-22 06:39:26.880   573   573 D spi_rst_gpio_get_output: GPIO 145 value: 1
05-22 06:39:26.880   573   573 D spidev_ioctl: gpio status=1)
05-22 07:20:53.142   573   573 I SpiService: fgesysctrl_getGPIO_status success val=1
05-22 07:20:53.146   291  1491 D EvsDriver: forwardFrame
05-22 07:20:53.147   291  1491 D EvsDriver: Delivered 0xb400007b2f47ca30 as id 0
05-22 07:20:53.147  1137  1150 D evsmanagerd: /dev/video4 forwarded the buffer #0 to 0xb4000071fa019690 from 0xb4000071fa01b7d0
05-22 07:20:53.148   573   573 I SpiService: fgesysctrl_getGPIO_status success val=1
05-22 07:20:53.149   291  1135 D EvsDriver: doneWithFrame
05-22 07:20:53.150   964  1804 D [OMXB]  : usingANWBuffer: handle:0xebd427f0, format:1, w:1920, h:1080
05-22 06:39:26.891   573   573 D spi_rst_gpio_get_output: GPIO 145 value: 1
05-22 07:20:53.150   824   824 D SurfaceFlinger: unisoc-graphics, commit has frameMissed:2, vysncId:435828
05-22 07:20:53.151   565   565 I Sensors : 230 AccelSensor: x:-0.109190,y:0.017080,z:-10.133320
05-22 07:20:53.153  2981  3177 I SentryImuMcuAngleSender: 179.90343rollDeg
05-22 07:20:53.153  2981  3177 I SentryImuMcuAngleSender: 1,0,0
05-22 07:20:53.153   573   573 I SpiService: fgesysctrl_getGPIO_status success val=0
05-22 06:39:26.897   573   573 D spidev_ioctl: gpio status=0)
05-22 07:20:53.164   544   544 D commservice260303: msg.id = 1028,0
05-22 07:20:53.164   544   544 D commservice260303: i = 170, msgid = 8A000404
05-22 07:20:53.164   544   544 D commservice260303: msgid = -1979710460,did=138
05-22 07:20:53.164   544   544 D commservice260303: CommProtocolLibCmdBaseI2C::dataproc {"command":{"id":"imu_status","sub":""},"content":{"TimeStamp":1779405653164,"FrameCounter":22417,"GD_X":-0.00908595696091652,"GD_Y":0.008169975131750107,"GD_Z":0.017867106944322586,"AD_X":-0.004499226808547974,"AD_Y":0.0037713125348091125,"AD_Z":-0.32723522186279297,"TempDsp":0,"Status":0,"CalibState":1,"SigAmpInvalid":0}},-1979710460
05-22 07:20:53.165   544   544 D commservice260303: send2Cluster len:325, 7B22636F6D6D616E64223A7B226964223A22696D755F737461747573222C22737562223A22227D2C22636F6E74656E74223A7B2254696D655374616D70223A313737393430353635333136342C224672616D65436F756E746572223A32323431372C2247445F58223A2D302E30303930383539353639363039313635322C2247445F59223A302E3030383136393937353133313735303130372C2247445F5A223A302E3031373836373130363934343332323538362C2241445F58223A2D302E3030343439393232363830383534373937342C2241445F59223A302E303033373731333132353334383039313132352C2241445F5A223A2D302E33323732333532323138363237393239372C2254656D70447370223A302C22537461747573223A302C2243616C69625374617465223A312C22536967416D70496E76616C6964223A307D7D, 138 
05-22 07:20:53.165   544   544 D commservice260303: Push Message into SendPool fn=1784217600
05-22 07:20:53.165   544   544 D commservice260303: ComProtocolLibSend2Cluster::send2ClusterRaw fn=1784217600 , len=341
05-22 07:20:53.165   544   544 D commservice260303: sendCmdToPort :341!!!
05-22 07:20:53.165   544   544 D commservice260303: send Cmd To Port ++++5AA501518A010000596A6A0F93557B22636F6D6D616E64223A7B226964223A22696D755F737461747573222C22737562223A22227D2C22636F6E74656E74223A7B2254696D655374616D70223A313737393430353635333136342C224672616D65436F756E746572223A32323431372C2247445F58223A2D302E30303930383539353639363039313635322C2247445F59223A302E3030383136393937353133313735303130372C2247445F5A223A302E3031373836373130363934343332323538362C2241445F58223A2D302E3030343439393232363830383534373937342C2241445F59223A302E303033373731333132353334383039313132352C2241445F5A223A2D302E33323732333532323138363237393239372C2254656D70447370223A302C22537461747573223A302C2243616C69625374617465223A312C22536967416D70496E76616C6964223A307D7DC24D
05-22 07:20:53.165   544   544 D commservice260303: bufferevent_write retrun value = 0
05-22 07:20:53.165   544   567 D commservice260303: client datas send succeed,send finish
05-22 07:20:53.165  2981  3178 D Sentinelmode_1.2.5.13_alpha: <SentryImuClusterFgeSender>imu_status sent to Linux, frame=22417, tsNs=938132, tsMs=1779405653164, intervalMs=41, ad=(-0.004499227,0.0037713125,-0.32723522), gd=(-0.009085957,0.008169975,0.017867107)
05-22 07:20:53.167   824   824 D SurfaceFlinger: unisoc-graphics, commit has frameMissed:2, vysncId:435836
05-22 07:20:53.168   573   573 I SpiService: fgesysctrl_getGPIO_status success val=1
05-22 07:20:53.173   573   573 I SpiService: fgesysctrl_getGPIO_status success val=1
05-22 07:20:53.174  2981  3177 I SentryImuMcuAngleSender: 179.91377rollDeg
05-22 07:20:53.174  2981  3177 I SentryImuMcuAngleSender: 1,0,0
05-22 07:20:53.174  1026  1026 D MyAppLog: [2026-05-22 07:20:53.174 D tboxap tsp_WorkMachineProc:1086] [Tsp] [tsp_WorkMachineProc]TSP_WORK_LOGIN NOW !!!!
05-22 07:20:53.179   573   573 I SpiService: fgesysctrl_getGPIO_status success val=1
05-22 07:20:53.182   291  1491 D EvsDriver: forwardFrame
05-22 07:20:53.183  1137  1150 D evsmanagerd: /dev/video4 forwarded the buffer #0 to 0xb4000071fa019690 from 0xb4000071fa01b7d0
05-22 07:20:53.183   291  1491 D EvsDriver: Delivered 0xb400007b2f47ca30 as id 0
05-22 07:20:53.183   824   824 D SurfaceFlinger: unisoc-graphics, commit has frameMissed:2, vysncId:435837
05-22 07:20:53.184   573   573 I SpiService: fgesysctrl_getGPIO_status success val=1
05-22 07:20:53.186   291  1135 D EvsDriver: doneWithFrame
05-22 07:20:53.186   565   599 I Sensors : 230 GyroSensor: x:-0.008399,y:0.007024,z:0.017333
05-22 07:20:53.189   573   573 I SpiService: fgesysctrl_getGPIO_status success val=1
05-22 07:20:53.194  2981  3177 I SentryImuMcuAngleSender: 179.91725rollDeg
05-22 07:20:53.194  2981  3177 I SentryImuMcuAngleSender: 1,0,0
05-22 07:20:53.194   573   573 I SpiService: fgesysctrl_getGPIO_status success val=0
05-22 07:20:53.195   276   300 I rvcservice: t.code = 0, t.value = 0
05-22 07:20:53.203   558  1606 I gps_hdbd: Received: '$GNGGA,232053.000,,,,,0,00,,,M,,M,,*63
'
05-22 07:20:53.204  1026  1026 D MyAppLog: [2026-05-22 07:20:53.204 D tboxap gspDataAnalyze:346] [Gps] rev gps data:$GNGGA,232053.000,,,,,0,00,,,M,,M,,*63
05-22 07:20:53.204  1026  1026 D MyAppLog: [2026-05-22 07:20:53.204 D tboxap gpsCommTboxmidsRecvCb:66] [Gps] [gpsCommTboxmidsRecvCb] gps nmea updated:$GNGGA,232053.000,,,,,0,00,,,M,,M,,*63
05-22 07:20:53.204  1026  1026 D MyAppLog: 
05-22 07:20:53.206   544   544 D commservice260303: msg.id = 1028,0
05-22 07:20:53.206   544   544 D commservice260303: i = 170, msgid = 8A000404
05-22 07:20:53.206   544   544 D commservice260303: msgid = -1979710460,did=138
05-22 07:20:53.206   544   544 D commservice260303: CommProtocolLibCmdBaseI2C::dataproc {"command":{"id":"imu_status","sub":""},"content":{"TimeStamp":1779405653205,"FrameCounter":22418,"GD_X":-0.008398840203881264,"GD_Y":0.007024087477475405,"GD_Z":0.017332913354039192,"AD_X":-0.0020600929856300354,"AD_Y":0.0013288762420415878,"AD_Z":-0.33028602600097656,"TempDsp":0,"Status":0,"CalibState":1,"SigAmpInvalid":0}},-1979710460
05-22 07:20:53.206   544   544 D commservice260303: send2Cluster len:327, 7B22636F6D6D616E64223A7B226964223A22696D755F737461747573222C22737562223A22227D2C22636F6E74656E74223A7B2254696D655374616D70223A313737393430353635333230352C224672616D65436F756E746572223A32323431382C2247445F58223A2D302E3030383339383834303230333838313236342C2247445F59223A302E3030373032343038373437373437353430352C2247445F5A223A302E3031373333323931333335343033393139322C2241445F58223A2D302E303032303630303932393835363330303335342C2241445F59223A302E303031333238383736323432303431353837382C2241445F5A223A2D302E33333032383630323630303039373635362C2254656D70447370223A302C22537461747573223A302C2243616C69625374617465223A312C22536967416D70496E76616C6964223A307D7D, 138 
05-22 07:20:53.206   544   544 D commservice260303: Push Message into SendPool fn=1800994816
05-22 07:20:53.206   544   544 D commservice260303: ComProtocolLibSend2Cluster::send2ClusterRaw fn=1800994816 , len=343
05-22 07:20:53.206   544   544 D commservice260303: sendCmdToPort :343!!!
05-22 07:20:53.207   544   544 D commservice260303: send Cmd To Port ++++5AA501538A010000596B6A0F93557B22636F6D6D616E64223A7B226964223A22696D755F737461747573222C22737562223A22227D2C22636F6E74656E74223A7B2254696D655374616D70223A313737393430353635333230352C224672616D65436F756E746572223A32323431382C2247445F58223A2D302E3030383339383834303230333838313236342C2247445F59223A302E3030373032343038373437373437353430352C2247445F5A223A302E3031373333323931333335343033393139322C2241445F58223A2D302E303032303630303932393835363330303335342C2241445F59223A302E303031333238383736323432303431353837382C2241445F5A223A2D302E33333032383630323630303039373635362C2254656D70447370223A302C22537461747573223A302C2243616C69625374617465223A312C22536967416D70496E76616C6964223A307D7DD7BD
05-22 07:20:53.207   544   544 D commservice260303: bufferevent_write retrun value = 0
05-22 07:20:53.207   544   567 D commservice260303: client datas send succeed,send finish
05-22 07:20:53.207  2981  3178 D Sentinelmode_1.2.5.13_alpha: <SentryImuClusterFgeSender>imu_status sent to Linux, frame=22418, tsNs=938168, tsMs=1779405653205, intervalMs=42, ad=(-0.002060093,0.0013288762,-0.33028603), gd=(-0.00839884,0.0070240875,0.017332913)
05-22 07:20:53.208   573   573 I SpiService: fgesysctrl_getGPIO_status success val=1
05-22 07:20:53.209   558  1606 I gps_hdbd: Received: '$GNGSA,A,1,,,,,,,,,,,,,,,,1*1D
'
05-22 07:20:53.210  1026  1026 D MyAppLog: [2026-05-22 07:20:53.209 D tboxap gspDataAnalyze:346] [Gps] rev gps data:$GNGSA,A,1,,,,,,,,,,,,,,,,1*1D
05-22 07:20:53.210  1026  1026 D MyAppLog: [2026-05-22 07:20:53.209 D tboxap gpsCommTboxmidsRecvCb:66] [Gps] [gpsCommTboxmidsRecvCb] gps nmea updated:$GNGSA,A,1,,,,,,,,,,,,,,,,1*1D
05-22 07:20:53.210  1026  1026 D MyAppLog: 
05-22 07:20:53.213   291  1491 D EvsDriver: forwardFrame
05-22 07:20:53.214   573   573 I SpiService: fgesysctrl_getGPIO_status success val=1
05-22 07:20:53.214   558  1606 I gps_hdbd: Received: '$GNGSA,A,1,,,,,,,,,,,,,,,,3*1F
'
05-22 07:20:53.214  2981  3177 I SentryImuMcuAngleSender: 179.92416rollDeg
05-22 07:20:53.215  2981  3177 I SentryImuMcuAngleSender: 1,0,0
05-22 07:20:53.215   558  1606 I gps_hdbd: Received: '$GNGSA,A,1,,,,,,,,,,,,,,,,4*18
'
05-22 07:20:53.215   291  1491 D EvsDriver: Delivered 0xb400007b2f47ca30 as id 0
05-22 07:20:53.215  1137  1150 D evsmanagerd: /dev/video4 forwarded the buffer #0 to 0xb4000071fa019690 from 0xb4000071fa01b7d0
05-22 07:20:53.215  1026  1026 D MyAppLog: [2026-05-22 07:20:53.215 D tboxap gspDataAnalyze:346] [Gps] rev gps data:$GNGSA,A,1,,,,,,,,,,,,,,,,3*1F
05-22 07:20:53.215  1026  1026 D MyAppLog: [2026-05-22 07:20:53.215 D tboxap gpsCommTboxmidsRecvCb:66] [Gps] [gpsCommTboxmidsRecvCb] gps nmea updated:$GNGSA,A,1,,,,,,,,,,,,,,,,3*1F
05-22 07:20:53.215  1026  1026 D MyAppLog: 
05-22 07:20:53.215   558  1606 I gps_hdbd: Received: '$BDGSV,1,1,00,1*75
'
05-22 07:20:53.216   291  1135 D EvsDriver: doneWithFrame
05-22 07:20:53.216  1026  1026 D MyAppLog: [2026-05-22 07:20:53.215 D tboxap gspDataAnalyze:346] [Gps] rev gps data:$GNGSA,A,1,,,,,,,,,,,,,,,,4*18
05-22 07:20:53.216  1026  1026 D MyAppLog: [2026-05-22 07:20:53.215 D tboxap gpsCommTboxmidsRecvCb:66] [Gps] [gpsCommTboxmidsRecvCb] gps nmea updated:$GNGSA,A,1,,,,,,,,,,,,,,,,4*18
05-22 07:20:53.216  1026  1026 D MyAppLog: 
05-22 07:20:53.216  1026  1026 D MyAppLog: [2026-05-22 07:20:53.216 D tboxap gspDataAnalyze:346] [Gps] rev gps data:$BDGSV,1,1,00,1*75
05-22 07:20:53.217  1026  1026 D MyAppLog: [2026-05-22 07:20:53.216 D tboxap gpsCommTboxmidsRecvCb:66] [Gps] [gpsCommTboxmidsRecvCb] gps nmea updated:$BDGSV,1,1,00,1*75
05-22 07:20:53.217  1026  1026 D MyAppLog: 
05-22 07:20:53.219   573   573 I SpiService: fgesysctrl_getGPIO_status success val=1
05-22 07:20:53.220   558  1606 I gps_hdbd: Received: '$GPGSV,1,1,01,199,42,165,,1*60
'
05-22 07:20:53.220   558  1606 I gps_hdbd: Received: '$GAGSV,1,1,00,7*73
'
05-22 07:20:53.221  1026  1026 D MyAppLog: [2026-05-22 07:20:53.221 D tboxap gspDataAnalyze:346] [Gps] rev gps data:$GPGSV,1,1,01,199,42,165,,1*60
05-22 07:20:53.221  1026  1026 D MyAppLog: [2026-05-22 07:20:53.221 D tboxap gpsCommTboxmidsRecvCb:66] [Gps] [gpsCommTboxmidsRecvCb] gps nmea updated:$GPGSV,1,1,01,199,42,165,,1*60
05-22 07:20:53.221  1026  1026 D MyAppLog: 
05-22 07:20:53.222  1026  1026 D MyAppLog: [2026-05-22 07:20:53.221 D tboxap gspDataAnalyze:346] [Gps] rev gps data:$GAGSV,1,1,00,7*73
05-22 07:20:53.222  1026  1026 D MyAppLog: [2026-05-22 07:20:53.221 D tboxap gpsCommTboxmidsRecvCb:66] [Gps] [gpsCommTboxmidsRecvCb] gps nmea updated:$GAGSV,1,1,00,7*73
05-22 07:20:53.222  1026  1026 D MyAppLog: 
05-22 07:20:53.225   573   573 I SpiService: fgesysctrl_getGPIO_status success val=1
05-22 07:20:53.230   573   573 I SpiService: fgesysctrl_getGPIO_status success val=1
05-22 07:20:53.231   558  1606 I gps_hdbd: Received: '$GNRMC,232053.000,V,,,,,,,210526,120.0,E,N,V*46
'
05-22 07:20:53.231   558  1606 I gps_hdbd: RMC : CALL gnss_sv_status_cb, view_in_sat <1>
05-22 07:20:53.231   558  1606 I gps_hdbd: [reportSvStatus]--->PLATFORM_BSP::Enter
