05-22 06:39:31.392   573   573 D spi_rst_gpio_get_output: GPIO 145 value: 1
05-22 06:39:31.392   573   573 D spidev_ioctl: gpio status=1)
05-22 07:20:57.654   573   573 I SpiService: fgesysctrl_getGPIO_status success val=1
05-22 07:20:57.654  2981  3177 I SentryImuMcuAngleSender: 179.91034rollDeg
05-22 07:20:57.654  2981  3177 I SentryImuMcuAngleSender: 1,0,0
05-22 06:39:31.397   573   573 D spi_rst_gpio_get_output: GPIO 145 value: 1
05-22 06:39:31.397   573   573 D spidev_ioctl: gpio status=1)
05-22 07:20:57.659   824   824 D SurfaceFlinger: unisoc-graphics, commit has frameMissed:2, vysncId:437071
05-22 07:20:57.659   573   573 I SpiService: fgesysctrl_getGPIO_status success val=1
05-22 06:39:31.403   573   573 D spi_rst_gpio_get_output: GPIO 145 value: 1
05-22 06:39:31.403   573   573 D spidev_ioctl: gpio status=1)
05-22 07:20:57.664   573   573 I SpiService: fgesysctrl_getGPIO_status success val=1
05-22 06:39:31.408   573   573 D spi_rst_gpio_get_output: GPIO 145 value: 1
05-22 06:39:31.408   573   573 D spidev_ioctl: gpio status=1)
05-22 07:20:57.670   573   573 I SpiService: fgesysctrl_getGPIO_status success val=0
05-22 07:20:57.672   544   544 D commservice260303: msg.id = 1028,0
05-22 07:20:57.672   544   544 D commservice260303: i = 170, msgid = 8A000404
05-22 07:20:57.672   544   544 D commservice260303: msgid = -1979710460,did=138
05-22 07:20:57.672   544   544 D commservice260303: CommProtocolLibCmdBaseI2C::dataproc {"command":{"id":"imu_status","sub":""},"content":{"TimeStamp":1779405657672,"FrameCounter":22528,"GD_X":-0.009621189907193184,"GD_Y":0.007864127866923809,"GD_Z":0.018248895183205605,"AD_X":-0.002775140106678009,"AD_Y":0.002555279992520809,"AD_Z":-0.32845497131347656,"TempDsp":0,"Status":0,"CalibState":1,"SigAmpInvalid":0}},-1979710460
05-22 07:20:57.672   544   544 D commservice260303: send2Cluster len:325, 7B22636F6D6D616E64223A7B226964223A22696D755F737461747573222C22737562223A22227D2C22636F6E74656E74223A7B2254696D655374616D70223A313737393430353635373637322C224672616D65436F756E746572223A32323532382C2247445F58223A2D302E3030393632313138393930373139333138342C2247445F59223A302E3030373836343132373836363932333830392C2247445F5A223A302E3031383234383839353138333230353630352C2241445F58223A2D302E3030323737353134303130363637383030392C2241445F59223A302E3030323535353237393939323532303830392C2241445F5A223A2D302E33323834353439373133313334373635362C2254656D70447370223A302C22537461747573223A302C2243616C69625374617465223A312C22536967416D70496E76616C6964223A307D7D, 138 
05-22 07:20:57.672   544   544 D commservice260303: Push Message into SendPool fn=-614924288
05-22 07:20:57.672   544   544 D commservice260303: ComProtocolLibSend2Cluster::send2ClusterRaw fn=-614924288 , len=341
05-22 07:20:57.672   544   544 D commservice260303: sendCmdToPort :341!!!
05-22 07:20:57.672   544   544 D commservice260303: send Cmd To Port ++++5AA501518A01000059DB6A0F93597B22636F6D6D616E64223A7B226964223A22696D755F737461747573222C22737562223A22227D2C22636F6E74656E74223A7B2254696D655374616D70223A313737393430353635373637322C224672616D65436F756E746572223A32323532382C2247445F58223A2D302E3030393632313138393930373139333138342C2247445F59223A302E3030373836343132373836363932333830392C2247445F5A223A302E3031383234383839353138333230353630352C2241445F58223A2D302E3030323737353134303130363637383030392C2241445F59223A302E3030323535353237393939323532303830392C2241445F5A223A2D302E33323834353439373133313334373635362C2254656D70447370223A302C22537461747573223A302C2243616C69625374617465223A312C22536967416D70496E76616C6964223A307D7D50BF
05-22 07:20:57.672   544   544 D commservice260303: bufferevent_write retrun value = 0
05-22 07:20:57.673   544   567 D commservice260303: client datas send succeed,send finish
05-22 07:20:57.673  2981  3178 D Sentinelmode_1.2.5.13_alpha: <SentryImuClusterFgeSender>imu_status sent to Linux, frame=22528, tsNs=942635, tsMs=1779405657672, intervalMs=40, ad=(-0.00277514,0.00255528,-0.32845497), gd=(-0.00962119,0.007864128,0.018248895)
05-22 06:39:31.413   573   573 D spi_rst_gpio_get_output: GPIO 145 value: 0
05-22 06:39:31.413   573   573 D spidev_ioctl: gpio status=0)
05-22 07:20:57.674  2981  3177 I SentryImuMcuAngleSender: 179.90344rollDeg
05-22 07:20:57.674  2981  3177 I SentryImuMcuAngleSender: 1,0,0
05-22 07:20:57.683   573   573 I SpiService: fgesysctrl_getGPIO_status success val=1
05-22 07:20:57.685   291  1491 D EvsDriver: forwardFrame
05-22 06:39:31.427   573   573 D spi_rst_gpio_get_output: GPIO 145 value: 1
05-22 06:39:31.427   573   573 D spidev_ioctl: gpio status=1)
05-22 07:20:57.686   291  1491 D EvsDriver: Delivered 0xb400007b2f47ca30 as id 0
05-22 07:20:57.686  1137  1137 D evsmanagerd: /dev/video4 forwarded the buffer #0 to 0xb4000071fa019690 from 0xb4000071fa01b7d0
05-22 07:20:57.688   291  1135 D EvsDriver: doneWithFrame
05-22 07:20:57.689   573   573 I SpiService: fgesysctrl_getGPIO_status success val=1
05-22 06:39:31.432   573   573 D spi_rst_gpio_get_output: GPIO 145 value: 1
05-22 06:39:31.432   573   573 D spidev_ioctl: gpio status=1)
05-22 07:20:57.692   565   565 I Sensors : 230 AccelSensor: x:-0.103700,y:0.017080,z:-10.134541
05-22 07:20:57.694  2981  3177 I SentryImuMcuAngleSender: 179.90344rollDeg
05-22 07:20:57.694  2981  3177 I SentryImuMcuAngleSender: 1,0,0
05-22 07:20:57.695   573   573 I SpiService: fgesysctrl_getGPIO_status success val=1
05-22 07:20:57.695   544   567 D commservice260303: recv len:75, 5AA500470600000005746A0F93597B22636F6D6D616E64223A7B226964223A226473695F6C7578222C22737562223A22227D2C22636F6E74656E74223A7B2276616C7565223A307D7D5534 from server
05-22 07:20:57.695   544  3079 D commservice260303: mcuDataAnalyzeHandle templen:75,len:75,pos:0, 5AA500470600000005746A0F93597B22636F6D6D616E64223A7B226964223A226473695F6C7578222C22737562223A22227D2C22636F6E74656E74223A7B2276616C7565223A307D7D5534 
05-22 07:20:57.695   544  3079 I commservice260303: checksumCal = 21812
05-22 07:20:57.695   544  3079 D commservice260303: CommProtocolLibCmdBaseC2I::dataproc {"command":{"id":"dsi_lux","sub":""},"content":{"value":0}},6
05-22 07:20:57.695   544  3079 D commservice260303: mcuCommMessageManager::notifyMsgToClient hwbinder OK
05-22 07:20:57.695   544  3079 D commservice260303: mcuCommMessageManager::notifyMsgToClient hwbinder OK
05-22 07:20:57.695   544  3079 D commservice260303: McuProtocolLibSend2Service::send2Service ret=1
05-22 07:20:57.695  2109  2467 D ivicomm_CommManager: fgeComServiceCallback: {"command":{"id":"dsi_lux","sub":""},"content":{"value":0}}
05-22 07:20:57.695  2109  2467 D ivicomm_CallbackManager: registerCallback DSI_LUX: {"value":0} mCommStateCallbackMap size:5
05-22 07:20:57.696  1774  1810 D NSLogUtils_VehicleService: L2A comm state: id=dsi_lux, value=0
05-22 07:20:57.696  1517  2855 D sysUI_SystemSettingsControllerService: [binder:1517_4] - onCommState: commandID = dsi_lux; value = 0
05-22 06:39:31.438   573   573 D spi_rst_gpio_get_output: GPIO 145 value: 1
05-22 06:39:31.438   573   573 D spidev_ioctl: gpio status=1)
05-22 07:20:57.700   573   573 I SpiService: fgesysctrl_getGPIO_status success val=1
05-22 06:39:31.441     1     1 I init    : starting service 'trace_kernel'...
05-22 06:39:31.444   573   573 D spi_rst_gpio_get_output: GPIO 145 value: 1
05-22 06:39:31.444   573   573 D spidev_ioctl: gpio status=1)
05-22 07:20:57.699 16842 16842 I auditd  : type=1400 audit(0.0:4879): avc: denied { execute_no_trans } for comm="init" path="/system/bin/sh" dev="dm-6" ino=8786769 scontext=u:r:init:s0 tcontext=u:object_r:shell_exec:s0 tclass=file permissive=1
05-22 07:20:57.699 16842 16842 I init    : type=1400 audit(0.0:4879): avc: denied { execute_no_trans } for path="/system/bin/sh" dev="dm-6" ino=8786769 scontext=u:r:init:s0 tcontext=u:object_r:shell_exec:s0 tclass=file permissive=1
05-22 07:20:57.705   276   300 I rvcservice: t.code = 3, t.value = 0
05-22 07:20:57.706   573   573 I SpiService: fgesysctrl_getGPIO_status success val=1
05-22 07:20:57.706   260   260 D libvintf: HalManifest::getHidlTransport(framework): Cannot find android.hardware.usb@1.0::IUsb/default
05-22 07:20:57.706   260   260 D libvintf: HalManifest::getHidlTransport(device): Cannot find android.hardware.usb@1.0::IUsb/default
05-22 07:20:57.706   260   260 I hwservicemanager: getTransport: Cannot find entry android.hardware.usb@1.0::IUsb/default in either framework or device VINTF manifest.
05-22 07:20:57.707  2626  2832 E ExtUsbManager: UsbHalController: android.hardware.usb.V1_0.IUsb getService failed!
05-22 07:20:57.707  2626  2832 E ExtUsbManager: java.util.NoSuchElementException
05-22 07:20:57.707  2626  2832 E ExtUsbManager: 	at android.os.HwBinder.getService(Native Method)
05-22 07:20:57.707  2626  2832 E ExtUsbManager: 	at android.os.HwBinder.getService(HwBinder.java:81)
05-22 07:20:57.707  2626  2832 E ExtUsbManager: 	at android.hardware.usb.V1_0.IUsb.getService(IUsb.java:74)
05-22 07:20:57.707  2626  2832 E ExtUsbManager: 	at android.hardware.usb.V1_0.IUsb.getService(IUsb.java:84)
05-22 07:20:57.707  2626  2832 E ExtUsbManager: 	at ts.car.usb.UsbHalController.createService(UsbHalController.java:37)
05-22 07:20:57.707  2626  2832 E ExtUsbManager: 	at ts.car.usb.UsbHalController.createService(UsbHalController.java:18)
05-22 07:20:57.707  2626  2832 E ExtUsbManager: 	at ts.car.usb.utils.AutoServiceConnector4Hidl.autoConnect(AutoServiceConnector4Hidl.java:47)
05-22 07:20:57.707  2626  2832 E ExtUsbManager: 	at ts.car.usb.utils.AutoServiceConnector4Hidl$$ExternalSyntheticLambda0.run(Unknown Source:2)
05-22 07:20:57.707  2626  2832 E ExtUsbManager: 	at android.os.Handler.handleCallback(Handler.java:942)
05-22 07:20:57.707  2626  2832 E ExtUsbManager: 	at android.os.Handler.dispatchMessage(Handler.java:99)
05-22 07:20:57.707  2626  2832 E ExtUsbManager: 	at android.os.Looper.loopOnce(Looper.java:201)
05-22 07:20:57.707  2626  2832 E ExtUsbManager: 	at android.os.Looper.loop(Looper.java:288)
05-22 07:20:57.707  2626  2832 E ExtUsbManager: 	at android.os.HandlerThread.run(HandlerThread.java:67)
05-22 07:20:57.709   291  1491 D EvsDriver: forwardFrame
05-22 06:39:31.449   573   573 D spi_rst_gpio_get_output: GPIO 145 value: 1
05-22 06:39:31.449   573   573 D spidev_ioctl: gpio status=1)
05-22 07:20:57.711   573   573 I SpiService: fgesysctrl_getGPIO_status success val=0
05-22 07:20:57.712   291  1491 D EvsDriver: Delivered 0xb400007b2f47ca30 as id 0
05-22 07:20:57.712  1137  1137 D evsmanagerd: /dev/video4 forwarded the buffer #0 to 0xb4000071fa019690 from 0xb4000071fa01b7d0
05-22 07:20:57.712   964  1804 D [OMXB]  : usingANWBuffer: handle:0xebd44c60, format:1, w:1920, h:1080
05-22 07:20:57.712   291  1135 D EvsDriver: doneWithFrame
05-22 06:39:31.455   573   573 D spi_rst_gpio_get_output: GPIO 145 value: 0
05-22 06:39:31.455   573   573 D spidev_ioctl: gpio status=0)
05-22 07:20:57.713   544   544 D commservice260303: msg.id = 1028,1
05-22 07:20:57.713   544   544 D commservice260303: i = 170, msgid = 8A000404
05-22 07:20:57.713   544   544 D commservice260303: msgid = -1979710460,did=138
05-22 07:20:57.713   544   544 D commservice260303: CommProtocolLibCmdBaseI2C::dataproc {"command":{"id":"imu_status","sub":""},"content":{"TimeStamp":1779405657712,"FrameCounter":22529,"GD_X":-0.008704167790710926,"GD_Y":0.007788185961544514,"GD_Z":0.017715223133563995,"AD_X":2.6863813400268555E-4,"AD_Y":0.0013301288709044456,"AD_Z":-0.32723522186279297,"TempDsp":0,"Status":0,"CalibState":1,"SigAmpInvalid":0}},-1979710460
05-22 07:20:57.713   544   544 D commservice260303: send2Cluster len:326, 7B22636F6D6D616E64223A7B226964223A22696D755F737461747573222C22737562223A22227D2C22636F6E74656E74223A7B2254696D655374616D70223A313737393430353635373731322C224672616D65436F756E746572223A32323532392C2247445F58223A2D302E3030383730343136373739303731303932362C2247445F59223A302E3030373738383138353936313534343531342C2247445F5A223A302E3031373731353232333133333536333939352C2241445F58223A322E36383633383133343030323638353535452D342C2241445F59223A302E303031333330313238383730393034343435362C2241445F5A223A2D302E33323732333532323138363237393239372C2254656D70447370223A302C22537461747573223A302C2243616C69625374617465223A312C22536967416D70496E76616C6964223A307D7D, 138 
05-22 07:20:57.713   544   544 D commservice260303: Push Message into SendPool fn=-598147072
05-22 07:20:57.713   544   544 D commservice260303: ComProtocolLibSend2Cluster::send2ClusterRaw fn=-598147072 , len=342
05-22 07:20:57.713   544   544 D commservice260303: sendCmdToPort :342!!!
05-22 07:20:57.714   544   544 D commservice260303: send Cmd To Port ++++5AA501528A01000059DC6A0F93597B22636F6D6D616E64223A7B226964223A22696D755F737461747573222C22737562223A22227D2C22636F6E74656E74223A7B2254696D655374616D70223A313737393430353635373731322C224672616D65436F756E746572223A32323532392C2247445F58223A2D302E3030383730343136373739303731303932362C2247445F59223A302E3030373738383138353936313534343531342C2247445F5A223A302E3031373731353232333133333536333939352C2241445F58223A322E36383633383133343030323638353535452D342C2241445F59223A302E303031333330313238383730393034343435362C2241445F5A223A2D302E33323732333532323138363237393239372C2254656D70447370223A302C22537461747573223A302C2243616C69625374617465223A312C22536967416D70496E76616C6964223A307D7D2DE2
05-22 07:20:57.714   544   544 D commservice260303: bufferevent_write retrun value = 0
05-22 07:20:57.714   544   567 D commservice260303: client datas send succeed,send finish
05-22 07:20:57.714  2981  3178 D Sentinelmode_1.2.5.13_alpha: <SentryImuClusterFgeSender>imu_status sent to Linux, frame=22529, tsNs=942690, tsMs=1779405657712, intervalMs=41, ad=(2.6863813E-4,0.0013301289,-0.32723522), gd=(-0.008704168,0.007788186,0.017715223)
05-22 07:20:57.714   260   260 D libvintf: HalManifest::getHidlTransport(framework): Cannot find vendor.ts.usbext@1.0::IUsbext/default
05-22 07:20:57.714   260   260 D libvintf: HalManifest::getHidlTransport(device): Cannot find vendor.ts.usbext@1.0::IUsbext/default
05-22 07:20:57.714   260   260 I hwservicemanager: getTransport: Cannot find entry vendor.ts.usbext@1.0::IUsbext/default in either framework or device VINTF manifest.
05-22 07:20:57.715  2981  3177 I SentryImuMcuAngleSender: 179.91724rollDeg
05-22 07:20:57.715  2626  2832 E ExtUsbManager: UsbHalExtController: vendor.ts.usbext.V1_0.IUsbext getService failed!
05-22 07:20:57.715  2626  2832 E ExtUsbManager: java.util.NoSuchElementException
05-22 07:20:57.715  2626  2832 E ExtUsbManager: 	at android.os.HwBinder.getService(Native Method)
05-22 07:20:57.715  2626  2832 E ExtUsbManager: 	at android.os.HwBinder.getService(HwBinder.java:81)
05-22 07:20:57.715  2626  2832 E ExtUsbManager: 	at vendor.ts.usbext.V1_0.IUsbext.getService(IUsbext.java:74)
05-22 07:20:57.715  2626  2832 E ExtUsbManager: 	at vendor.ts.usbext.V1_0.IUsbext.getService(IUsbext.java:84)
05-22 07:20:57.715  2626  2832 E ExtUsbManager: 	at ts.car.usb.UsbHalExtController.createService(UsbHalExtController.java:37)
05-22 07:20:57.715  2626  2832 E ExtUsbManager: 	at ts.car.usb.UsbHalExtController.createService(UsbHalExtController.java:18)
05-22 07:20:57.715  2626  2832 E ExtUsbManager: 	at ts.car.usb.utils.AutoServiceConnector4Hidl.autoConnect(AutoServiceConnector4Hidl.java:47)
05-22 07:20:57.715  2626  2832 E ExtUsbManager: 	at ts.car.usb.utils.AutoServiceConnector4Hidl$$ExternalSyntheticLambda0.run(Unknown Source:2)
05-22 07:20:57.715  2626  2832 E ExtUsbManager: 	at android.os.Handler.handleCallback(Handler.java:942)
05-22 07:20:57.715  2626  2832 E ExtUsbManager: 	at android.os.Handler.dispatchMessage(Handler.java:99)
05-22 07:20:57.715  2626  2832 E ExtUsbManager: 	at android.os.Looper.loopOnce(Looper.java:201)
05-22 07:20:57.715  2626  2832 E ExtUsbManager: 	at android.os.Looper.loop(Looper.java:288)
05-22 07:20:57.715  2626  2832 E ExtUsbManager: 	at android.os.HandlerThread.run(HandlerThread.java:67)
05-22 07:20:57.715  2981  3177 I SentryImuMcuAngleSender: 1,0,0
05-22 07:20:57.717   260   260 D libvintf: HalManifest::getHidlTransport(framework): Cannot find android.hardware.usb.gadget@1.0::IUsbGadget/default
05-22 07:20:57.717   260   260 D libvintf: HalManifest::getHidlTransport(device): Cannot find android.hardware.usb.gadget@1.0::IUsbGadget/default
05-22 07:20:57.717   260   260 I hwservicemanager: getTransport: Cannot find entry android.hardware.usb.gadget@1.0::IUsbGadget/default in either framework or device VINTF manifest.
05-22 07:20:57.718  2626  2832 E ExtUsbManager: UsbGadgetController: android.hardware.usb.gadget.V1_0.IUsbGadget getService failed!
05-22 07:20:57.718  2626  2832 E ExtUsbManager: java.util.NoSuchElementException
05-22 07:20:57.718  2626  2832 E ExtUsbManager: 	at android.os.HwBinder.getService(Native Method)
05-22 07:20:57.718  2626  2832 E ExtUsbManager: 	at android.os.HwBinder.getService(HwBinder.java:81)
05-22 07:20:57.718  2626  2832 E ExtUsbManager: 	at android.hardware.usb.gadget.V1_0.IUsbGadget.getService(IUsbGadget.java:74)
05-22 07:20:57.718  2626  2832 E ExtUsbManager: 	at android.hardware.usb.gadget.V1_0.IUsbGadget.getService(IUsbGadget.java:84)
05-22 07:20:57.718  2626  2832 E ExtUsbManager: 	at ts.car.usb.UsbGadgetController.createService(UsbGadgetController.java:36)
05-22 07:20:57.718  2626  2832 E ExtUsbManager: 	at ts.car.usb.UsbGadgetController.createService(UsbGadgetController.java:17)
05-22 07:20:57.718  2626  2832 E ExtUsbManager: 	at ts.car.usb.utils.AutoServiceConnector4Hidl.autoConnect(AutoServiceConnector4Hidl.java:47)
05-22 07:20:57.718  2626  2832 E ExtUsbManager: 	at ts.car.usb.utils.AutoServiceConnector4Hidl$$ExternalSyntheticLambda0.run(Unknown Source:2)
05-22 07:20:57.718  2626  2832 E ExtUsbManager: 	at android.os.Handler.handleCallback(Handler.java:942)
05-22 07:20:57.718  2626  2832 E ExtUsbManager: 	at android.os.Handler.dispatchMessage(Handler.java:99)
05-22 07:20:57.718  2626  2832 E ExtUsbManager: 	at android.os.Looper.loopOnce(Looper.java:201)
05-22 07:20:57.718  2626  2832 E ExtUsbManager: 	at android.os.Looper.loop(Looper.java:288)
05-22 07:20:57.718  2626  2832 E ExtUsbManager: 	at android.os.HandlerThread.run(HandlerThread.java:67)
05-22 07:20:57.719   544  3080 D commservice260303: send heart beat package to Cluster
05-22 07:20:57.719   544  3080 D commservice260303: send2Cluster len:40, 7B22636F6D6D616E64223A7B226964223A22686561727462656174222C22737562223A22227D7D0A, 129 
05-22 07:20:57.719   544  3080 D commservice260303: Push Message into SendPool fn=-581369856
05-22 07:20:57.719   544  3080 D commservice260303: ComProtocolLibSend2Cluster::send2ClusterRaw fn=-581369856 , len=56
05-22 07:20:57.719   544  3080 D commservice260303: sendCmdToPort :56!!!
05-22 07:20:57.719   544  3080 D commservice260303: send Cmd To Port ++++5AA500348101000059DD6A0F93597B22636F6D6D616E64223A7B226964223A22686561727462656174222C22737562223A22227D7D0A6540
05-22 07:20:57.720   544  3080 D commservice260303: bufferevent_write retrun value = 0
05-22 07:20:57.720   544   567 D commservice260303: client datas send succeed,send finish
05-22 07:20:57.722   544   567 D commservice260303: recv len:91, 5AA500570100000005756A0F93597B22636F6D6D616E64223A7B226964223A22686561727462656174222C22737562223A22227D2C22726573706F6E65223A7B22636F6465223A302C226D657373616765223A226F6B227D7D9DBC from server
05-22 07:20:57.722   544  3079 D commservice260303: mcuDataAnalyzeHandle templen:91,len:91,pos:0, 5AA500570100000005756A0F93597B22636F6D6D616E64223A7B226964223A22686561727462656174222C22737562223A22227D2C22726573706F6E65223A7B22636F6465223A302C226D657373616765223A226F6B227D7D9DBC 
05-22 07:20:57.722   544  3079 I commservice260303: checksumCal = 40380
05-22 07:20:57.722   544  3079 D commservice260303: Protocol_C2I_Commservice::dataproc {"command":{"id":"heartbeat","sub":""},"respone":{"code":0,"message":"ok"}},1
05-22 07:20:57.722   544  3079 D commservice260303: Protocol_C2I_Commservice::dataproc Receive a heartbeat command from Cluster, setTcpHeartbeat = EID_UID_HEARTBEAT
05-22 07:20:57.725 16843 16843 I ADAYO_LOG_TRACE_KERNEL: execute start
05-22 07:20:57.725   565   565 I Sensors : 230 GyroSensor: x:-0.008552,y:0.007406,z:0.017867
05-22 07:20:57.726   573   573 I SpiService: fgesysctrl_getGPIO_status success val=1
05-22 06:39:31.469   573   573 D spi_rst_gpio_get_output: GPIO 145 value: 1
05-22 06:39:31.469   573   573 D spidev_ioctl: gpio status=1)
05-22 07:20:57.727 16844 16844 I auditd  : type=1400 audit(0.0:4880): avc: denied { write } for comm="getprop" path="pipe:[318622]" dev="pipefs" ino=318622 scontext=u:r:toolbox:s0 tcontext=u:r:init:s0 tclass=fifo_file permissive=1
05-22 07:20:57.727 16844 16844 I getprop : type=1400 audit(0.0:4880): avc: denied { write } for path="pipe:[318622]" dev="pipefs" ino=318622 scontext=u:r:toolbox:s0 tcontext=u:r:init:s0 tclass=fifo_file permissive=1
05-22 07:20:57.731   573   573 I SpiService: fgesysctrl_getGPIO_status success val=1
05-22 06:39:31.475   573   573 D spi_rst_gpio_get_output: GPIO 145 value: 1
05-22 06:39:31.475   573   573 D spidev_ioctl: gpio status=1)
05-22 07:20:57.735  2981  3177 I SentryImuMcuAngleSender: 179.92412rollDeg
05-22 07:20:57.735  2981  3177 I SentryImuMcuAngleSender: 1,0,0
05-22 07:20:57.737   573   573 I SpiService: fgesysctrl_getGPIO_status success val=1
05-22 06:39:31.480   573   573 D spi_rst_gpio_get_output: GPIO 145 value: 1
05-22 06:39:31.480   573   573 D spidev_ioctl: gpio status=1)
05-22 07:20:57.735 16844 16844 I auditd  : type=1400 audit(0.0:4881): avc: denied { getattr } for comm="getprop" path="pipe:[318622]" dev="pipefs" ino=318622 scontext=u:r:toolbox:s0 tcontext=u:r:init:s0 tclass=fifo_file permissive=1
05-22 07:20:57.735 16844 16844 I getprop : type=1400 audit(0.0:4881): avc: denied { getattr } for path="pipe:[318622]" dev="pipefs" ino=318622 scontext=u:r:toolbox:s0 tcontext=u:r:init:s0 tclass=fifo_file permissive=1
05-22 07:20:57.743   573   573 I SpiService: fgesysctrl_getGPIO_status success val=1
05-22 07:20:57.743   964  1804 D [OMXB]  : usingANWBuffer: handle:0xebd43660, format:1, w:1920, h:1080
05-22 07:20:57.744   824   824 D SurfaceFlinger: unisoc-graphics, commit has frameMissed:2, vysncId:437089
05-22 06:39:31.486   573   573 D spi_rst_gpio_get_output: GPIO 145 value: 1
05-22 06:39:31.486   573   573 D spidev_ioctl: gpio status=1)
05-22 07:20:57.747   291  1491 D EvsDriver: forwardFrame
05-22 07:20:57.748   573   573 I SpiService: fgesysctrl_getGPIO_status success val=0
05-22 07:20:57.749   291  1491 D EvsDriver: Delivered 0xb400007b2f47ca30 as id 0
05-22 07:20:57.749  1137  1137 D evsmanagerd: /dev/video4 forwarded the buffer #0 to 0xb4000071fa019690 from 0xb4000071fa01b7d0
05-22 06:39:31.492   573   573 D spi_rst_gpio_get_output: GPIO 145 value: 0
05-22 06:39:31.492   573   573 D spidev_ioctl: gpio status=0)
05-22 07:20:57.751   291  1135 D EvsDriver: doneWithFrame
05-22 07:20:57.753   544   544 D commservice260303: msg.id = 1028,1
05-22 07:20:57.753   544   544 D commservice260303: i = 170, msgid = 8A000404
05-22 07:20:57.753   544   544 D commservice260303: msgid = -1979710460,did=138
05-22 07:20:57.753   544   544 D commservice260303: CommProtocolLibCmdBaseI2C::dataproc {"command":{"id":"imu_status","sub":""},"content":{"TimeStamp":1779405657752,"FrameCounter":22530,"GD_X":-0.008704167790710926,"GD_Y":0.0073299347423017025,"GD_Z":0.01779116503894329,"AD_X":-0.0027830228209495544,"AD_Y":0.001329784281551838,"AD_Z":-0.32723522186279297,"TempDsp":0,"Status":0,"CalibState":1,"SigAmpInvalid":0}},-1979710460
05-22 07:20:57.753   544   544 D commservice260303: send2Cluster len:326, 7B22636F6D6D616E64223A7B226964223A22696D755F737461747573222C22737562223A22227D2C22636F6E74656E74223A7B2254696D655374616D70223A313737393430353635373735322C224672616D65436F756E746572223A32323533302C2247445F58223A2D302E3030383730343136373739303731303932362C2247445F59223A302E303037333239393334373432333031373032352C2247445F5A223A302E30313737393131363530333839343332392C2241445F58223A2D302E303032373833303232383230393439353534342C2241445F59223A302E3030313332393738343238313535313833382C2241445F5A223A2D302E33323732333532323138363237393239372C2254656D70447370223A302C22537461747573223A302C2243616C69625374617465223A312C22536967416D70496E76616C6964223A307D7D, 138 
05-22 07:20:57.753   544   544 D commservice260303: Push Message into SendPool fn=-564592640
05-22 07:20:57.753   544   544 D commservice260303: ComProtocolLibSend2Cluster::send2ClusterRaw fn=-564592640 , len=342
05-22 07:20:57.753   544   544 D commservice260303: sendCmdToPort :342!!!
05-22 07:20:57.754   544   544 D commservice260303: send Cmd To Port ++++5AA501528A01000059DE6A0F93597B22636F6D6D616E64223A7B226964223A22696D755F737461747573222C22737562223A22227D2C22636F6E74656E74223A7B2254696D655374616D70223A313737393430353635373735322C224672616D65436F756E746572223A32323533302C2247445F58223A2D302E3030383730343136373739303731303932362C2247445F59223A302E303037333239393334373432333031373032352C2247445F5A223A302E30313737393131363530333839343332392C2241445F58223A2D302E303032373833303232383230393439353534342C2241445F59223A302E3030313332393738343238313535313833382C2241445F5A223A2D302E33323732333532323138363237393239372C2254656D70447370223A302C22537461747573223A302C2243616C69625374617465223A312C22536967416D70496E76616C6964223A307D7DCA45
05-22 07:20:57.754   544   544 D commservice260303: bufferevent_write retrun value = 0
05-22 07:20:57.754   544   567 D commservice260303: client datas send succeed,send finish
05-22 07:20:57.754  2981  3178 D Sentinelmode_1.2.5.13_alpha: <SentryImuClusterFgeSender>imu_status sent to Linux, frame=22530, tsNs=942725, tsMs=1779405657752, intervalMs=40, ad=(-0.0027830228,0.0013297843,-0.32723522), gd=(-0.008704168,0.0073299347,0.017791165)
05-22 07:20:57.755  2981  3177 I SentryImuMcuAngleSender: 179.91724rollDeg
05-22 07:20:57.755  2981  3177 I SentryImuMcuAngleSender: 1,0,0
05-22 07:20:57.755 16845 16845 I ADAYO_LOG_TRACE_KERNEL: executing
05-22 07:20:57.761   824   824 D SurfaceFlinger: unisoc-graphics, commit has frameMissed:2, vysncId:437097
05-22 07:20:57.762   573   573 I SpiService: fgesysctrl_getGPIO_status success val=1
05-22 06:39:31.506   573   573 D spi_rst_gpio_get_output: GPIO 145 value: 1
05-22 06:39:31.506   573   573 D spidev_ioctl: gpio status=1)
05-22 07:20:57.768   573   573 I SpiService: fgesysctrl_getGPIO_status success val=1
05-22 06:39:31.511   573   573 D spi_rst_gpio_get_output: GPIO 145 value: 1
05-22 06:39:31.511   573   573 D spidev_ioctl: gpio status=1)
05-22 07:20:57.773   573   573 I SpiService: fgesysctrl_getGPIO_status success val=1
05-22 06:39:31.516   573   573 D spi_rst_gpio_get_output: GPIO 145 value: 1
05-22 06:39:31.516   573   573 D spidev_ioctl: gpio status=1)
05-22 07:20:57.775  2981  3177 I SentryImuMcuAngleSender: 179.91034rollDeg
05-22 07:20:57.775  2981  3177 I SentryImuMcuAngleSender: 1,0,0
05-22 07:20:57.775   477  1275 I dvr_service_: [EncoderHandler::runMediaThread] runMediaThread started:1,state:0, cam2:started:1,state:0, lastSwitch:1, mIsMuxerStart:0,format:0,is_str_ing:0
05-22 07:20:57.778   824   824 D SurfaceFlinger: unisoc-graphics, commit has frameMissed:2, vysncId:437098
05-22 07:20:57.778   573   573 I SpiService: fgesysctrl_getGPIO_status success val=1
05-22 07:20:57.779 16847 16847 I ADAYO_LOG_TRACE_KERNEL: collect_root_path:/mnt/log_data
05-22 06:39:31.522   573   573 D spi_rst_gpio_get_output: GPIO 145 value: 1
05-22 06:39:31.522   573   573 D spidev_ioctl: gpio status=1)
05-22 07:20:57.783  1091  1133 D tboxmids_ap: Frame Size: 12
05-22 07:20:57.783  1091  1133 D tboxmids_ap: Hex Data:
05-22 07:20:57.783  1091  1133 D tboxmids_ap: 09 
05-22 07:20:57.783  1026  1026 I MyAppLog: [2026-05-22 07:20:57.783 I tboxap mcuSendYadiTransfer:195] [Mcu] [mcuYadiSend]: :00 08 C3 04 01 09 81 02 01 01
05-22 07:20:57.783  1091  1133 D tboxmids_ap: 01 
05-22 07:20:57.783  1091  1133 D tboxmids_ap: 00 
05-22 07:20:57.783  1091  1133 D tboxmids_ap: 08 
05-22 07:20:57.783  1091  1133 D tboxmids_ap: C3 
05-22 07:20:57.783  1091  1133 D tboxmids_ap: 04 
05-22 07:20:57.783  1091  1133 D tboxmids_ap: 01 
05-22 07:20:57.783  1091  1133 D tboxmids_ap: 09 
05-22 07:20:57.783  1091  1133 D tboxmids_ap: 81 
05-22 07:20:57.783  1091  1133 D tboxmids_ap: 02 
05-22 07:20:57.783  1091  1133 D tboxmids_ap: 01 
05-22 07:20:57.783  1091  1133 D tboxmids_ap: 01 
05-22 07:20:57.783  1091  1133 D tboxmids_ap: 
05-22 07:20:57.783  1091  1133 D tboxmids_ap: Hex Data end 
05-22 07:20:57.783   291  1491 D EvsDriver: forwardFrame
05-22 07:20:57.784   573   573 I SpiService: fgesysctrl_getGPIO_status success val=1
05-22 07:20:57.785   291  1491 D EvsDriver: Delivered 0xb400007b2f47ca30 as id 0
05-22 07:20:57.785  1137  1137 D evsmanagerd: /dev/video4 forwarded the buffer #0 to 0xb4000071fa019690 from 0xb4000071fa01b7d0
05-22 06:39:31.527   573   573 D spi_rst_gpio_get_output: GPIO 145 value: 1
05-22 06:39:31.527   573   573 D spidev_ioctl: gpio status=1)
05-22 07:20:57.786   486   581 I mcuc    : start timer OK = 2622 
05-22 07:20:57.788   291  1135 D EvsDriver: doneWithFrame
05-22 07:20:57.789   573   573 I SpiService: fgesysctrl_getGPIO_status success val=0
05-22 07:20:57.789   486   579 I mcuc    : send SPI:6AA6010A3E00F80901C304010981020101000000000000000000000000000000000000000000000000000000000000000000000000000000000000000000000000000000000000000000000000000000000000000000000000000000000000000000000000000000000000000000000000000000000000000000000000000000000000000000000000000000000000000000000000000000000000000000000000000000000000000000000000000000000000000000000000000000000000000000000000000000000000000000000000000000000000000000000000000000000000000000000000000000000000000000000000000000000000000000005F
05-22 06:39:31.532   573   573 D spi_rst_gpio_get_output: GPIO 145 value: 0
05-22 06:39:31.533   573   573 D spidev_ioctl: gpio status=0)
05-22 07:20:57.794   544   544 D commservice260303: msg.id = 1028,1
05-22 07:20:57.794   544   544 D commservice260303: i = 170, msgid = 8A000404
05-22 07:20:57.794   544   544 D commservice260303: msgid = -1979710460,did=138
05-22 07:20:57.794   544   544 D commservice260303: CommProtocolLibCmdBaseI2C::dataproc {"command":{"id":"imu_status","sub":""},"content":{"TimeStamp":1779405657793,"FrameCounter":22531,"GD_X":-0.00862822588533163,"GD_Y":0.0072539933025836945,"GD_Z":0.018020030111074448,"AD_X":-0.004611976444721222,"AD_Y":0.002547668293118477,"AD_Z":-0.33089542388916016,"TempDsp":0,"Status":0,"CalibState":1,"SigAmpInvalid":0}},-1979710460
05-22 07:20:57.795   544   544 D commservice260303: send2Cluster len:325, 7B22636F6D6D616E64223A7B226964223A22696D755F737461747573222C22737562223A22227D2C22636F6E74656E74223A7B2254696D655374616D70223A313737393430353635373739332C224672616D65436F756E746572223A32323533312C2247445F58223A2D302E30303836323832323538383533333136332C2247445F59223A302E303037323533393933333032353833363934352C2247445F5A223A302E3031383032303033303131313037343434382C2241445F58223A2D302E3030343631313937363434343732313232322C2241445F59223A302E3030323534373636383239333131383437372C2241445F5A223A2D302E33333038393534323338383931363031362C2254656D70447370223A302C22537461747573223A302C2243616C69625374617465223A312C22536967416D70496E76616C6964223A307D7D, 138 
05-22 07:20:57.795   544   544 D commservice260303: Push Message into SendPool fn=-547815424
05-22 07:20:57.795   544   544 D commservice260303: ComProtocolLibSend2Cluster::send2ClusterRaw fn=-547815424 , len=341
05-22 07:20:57.795   544   544 D commservice260303: sendCmdToPort :341!!!
05-22 07:20:57.795   544   544 D commservice260303: send Cmd To Port ++++5AA501518A01000059DF6A0F93597B22636F6D6D616E64223A7B226964223A22696D755F737461747573222C22737562223A22227D2C22636F6E74656E74223A7B2254696D655374616D70223A313737393430353635373739332C224672616D65436F756E746572223A32323533312C2247445F58223A2D302E30303836323832323538383533333136332C2247445F59223A302E303037323533393933333032353833363934352C2247445F5A223A302E3031383032303033303131313037343434382C2241445F58223A2D302E3030343631313937363434343732313232322C2241445F59223A302E3030323534373636383239333131383437372C2241445F5A223A2D302E33333038393534323338383931363031362C2254656D70447370223A302C22537461747573223A302C2243616C69625374617465223A312C22536967416D70496E76616C6964223A307D7D796C
05-22 07:20:57.795   544   544 D commservice260303: bufferevent_write retrun value = 0
05-22 07:20:57.796   544   567 D commservice260303: client datas send succeed,send finish
05-22 07:20:57.796  2981  3177 I SentryImuMcuAngleSender: 179.91035rollDeg
05-22 07:20:57.796  2981  3177 I SentryImuMcuAngleSender: 1,0,0
05-22 07:20:57.796  2981  3178 D Sentinelmode_1.2.5.13_alpha: <SentryImuClusterFgeSender>imu_status sent to Linux, frame=22531, tsNs=942760, tsMs=1779405657793, intervalMs=42, ad=(-0.0046119764,0.0025476683,-0.33089542), gd=(-0.008628226,0.0072539933,0.01802003)
05-22 07:20:57.787 16848 16848 I auditd  : type=1400 audit(0.0:4882): avc: denied { getattr } for comm="mkdir" path="/mnt/log_data" dev="vda93" ino=2 scontext=u:r:toolbox:s0 tcontext=u:object_r:log_data_file:s0 tclass=dir permissive=1
05-22 07:20:57.787 16848 16848 I mkdir   : type=1400 audit(0.0:4882): avc: denied { getattr } for path="/mnt/log_data" dev="vda93" ino=2 scontext=u:r:toolbox:s0 tcontext=u:object_r:log_data_file:s0 tclass=dir permissive=1
05-22 07:20:57.802  1026  1026 D MyAppLog: [2026-05-22 07:20:57.801 D tboxap tsp_WorkMachineProc:1086] [Tsp] [tsp_WorkMachineProc]TSP_WORK_LOGIN NOW !!!!
05-22 07:20:57.803   573   573 I SpiService: fgesysctrl_getGPIO_status success val=1
05-22 06:39:31.547   573   573 D spi_rst_gpio_get_output: GPIO 145 value: 1
05-22 06:39:31.547   573   573 D spidev_ioctl: gpio status=1)
05-22 07:20:57.806   276   300 I rvcservice: t.code = 4, t.value = 0
05-22 07:20:57.808   573   573 I SpiService: fgesysctrl_getGPIO_status success val=1
05-22 06:39:31.552   573   573 D spi_rst_gpio_get_output: GPIO 145 value: 1
05-22 06:39:31.552   573   573 D spidev_ioctl: gpio status=1)
05-22 07:20:57.814   573   573 I SpiService: fgesysctrl_getGPIO_status success val=1
05-22 07:20:57.816  2981  3177 I SentryImuMcuAngleSender: 179.92067rollDeg
05-22 07:20:57.816  2981  3177 I SentryImuMcuAngleSender: 1,0,0
05-22 06:39:31.557   573   573 D spi_rst_gpio_get_output: GPIO 145 value: 1
05-22 06:39:31.557   573   573 D spidev_ioctl: gpio status=1)
05-22 07:20:57.818   291  1491 D EvsDriver: forwardFrame
05-22 07:20:57.819   573   573 I SpiService: fgesysctrl_getGPIO_status success val=1
05-22 07:20:57.820   291  1491 D EvsDriver: Delivered 0xb400007b2f47ca30 as id 0
05-22 07:20:57.820  1137  1137 D evsmanagerd: /dev/video4 forwarded the buffer #0 to 0xb4000071fa019690 from 0xb4000071fa01b7d0
05-22 07:20:57.821   291  1135 D EvsDriver: doneWithFrame
05-22 06:39:31.563   573   573 D spi_rst_gpio_get_output: GPIO 145 value: 1
05-22 06:39:31.563   573   573 D spidev_ioctl: gpio status=1)
05-22 07:20:57.825   573   573 I SpiService: fgesysctrl_getGPIO_status success val=1
05-22 06:39:31.568   573   573 D spi_rst_gpio_get_output: GPIO 145 value: 1
05-22 06:39:31.568   573   573 D spidev_ioctl: gpio status=1)
05-22 07:20:57.828   824   824 D SurfaceFlinger: unisoc-graphics, commit has frameMissed:2, vysncId:437108
05-22 07:20:57.830   573   573 I SpiService: fgesysctrl_getGPIO_status success val=0
05-22 06:39:31.574   573   573 D spi_rst_gpio_get_output: GPIO 145 value: 0
05-22 06:39:31.574   573   573 D spidev_ioctl: gpio status=0)
05-22 07:20:57.834   544   544 D commservice260303: msg.id = 1028,0
05-22 07:20:57.834   544   544 D commservice260303: i = 170, msgid = 8A000404
05-22 07:20:57.834   544   544 D commservice260303: msgid = -1979710460,did=138
05-22 07:20:57.834   544   544 D commservice260303: CommProtocolLibCmdBaseI2C::dataproc {"command":{"id":"imu_status","sub":""},"content":{"TimeStamp":1779405657833,"FrameCounter":22532,"GD_X":-0.009467746131122112,"GD_Y":0.007482858840376139,"GD_Z":0.018401820212602615,"AD_X":-0.004001930356025696,"AD_Y":0.0031555136665701866,"AD_Z":-0.32723522186279297,"TempDsp":0,"Status":0,"CalibState":1,"SigAmpInvalid":0}},-1979710460
05-22 07:20:57.834   544   544 D commservice260303: send2Cluster len:326, 7B22636F6D6D616E64223A7B226964223A22696D755F737461747573222C22737562223A22227D2C22636F6E74656E74223A7B2254696D655374616D70223A313737393430353635373833332C224672616D65436F756E746572223A32323533322C2247445F58223A2D302E3030393436373734363133313132323131322C2247445F59223A302E3030373438323835383834303337363133392C2247445F5A223A302E3031383430313832303231323630323631352C2241445F58223A2D302E3030343030313933303335363032353639362C2241445F59223A302E303033313535353133363636353730313836362C2241445F5A223A2D302E33323732333532323138363237393239372C2254656D70447370223A302C22537461747573223A302C2243616C69625374617465223A312C22536967416D70496E76616C6964223A307D7D, 138 
05-22 07:20:57.834   544   544 D commservice260303: Push Message into SendPool fn=-531038208
05-22 07:20:57.834   544   544 D commservice260303: ComProtocolLibSend2Cluster::send2ClusterRaw fn=-531038208 , len=342
05-22 07:20:57.834   544   544 D commservice260303: sendCmdToPort :342!!!
05-22 07:20:57.834   544   544 D commservice260303: send Cmd To Port ++++5AA501528A01000059E06A0F93597B22636F6D6D616E64223A7B226964223A22696D755F737461747573222C22737562223A22227D2C22636F6E74656E74223A7B2254696D655374616D70223A313737393430353635373833332C224672616D65436F756E746572223A32323533322C2247445F58223A2D302E3030393436373734363133313132323131322C2247445F59223A302E3030373438323835383834303337363133392C2247445F5A223A302E3031383430313832303231323630323631352C2241445F58223A2D302E3030343030313933303335363032353639362C2241445F59223A302E303033313535353133363636353730313836362C2241445F5A223A2D302E33323732333532323138363237393239372C2254656D70447370223A302C22537461747573223A302C2243616C69625374617465223A312C22536967416D70496E76616C6964223A307D7DDFB0
05-22 07:20:57.834   544   544 D commservice260303: bufferevent_write retrun value = 0
05-22 07:20:57.834   544   567 D commservice260303: client datas send succeed,send finish
05-22 07:20:57.835  2981  3178 D Sentinelmode_1.2.5.13_alpha: <SentryImuClusterFgeSender>imu_status sent to Linux, frame=22532, tsNs=942815, tsMs=1779405657833, intervalMs=39, ad=(-0.0040019304,0.0031555137,-0.32723522), gd=(-0.009467746,0.007482859,0.01840182)
05-22 07:20:57.837  2981  3177 I SentryImuMcuAngleSender: 179.90688rollDeg
05-22 07:20:57.837  2981  3177 I SentryImuMcuAngleSender: 1,0,0
05-22 07:20:57.835 16852 16852 I auditd  : type=1400 audit(0.0:4883): avc: denied { search } for comm="chown" name="/" dev="vda93" ino=2 scontext=u:r:toolbox:s0 tcontext=u:object_r:log_data_file:s0 tclass=dir permissive=1
05-22 06:39:31.585 16852 16852 W audit   : audit_lost=2554 audit_rate_limit=5 audit_backlog_limit=64
05-22 06:39:31.585 16852 16852 E audit   : rate limit exceeded
05-22 06:39:31.588   573   573 D spidev_ioctl: gpio status=1)
05-22 07:20:57.847   824   824 D SurfaceFlinger: unisoc-graphics, commit has frameMissed:2, vysncId:437116
05-22 07:20:57.850   573   573 I SpiService: fgesysctrl_getGPIO_status success val=1
05-22 06:39:31.593   573   573 D spi_rst_gpio_get_output: GPIO 145 value: 1
05-22 06:39:31.593   573   573 D spidev_ioctl: gpio status=1)
05-22 07:20:57.850   291  1491 D EvsDriver: forwardFrame
05-22 07:20:57.852  1137  1137 D evsmanagerd: /dev/video4 forwarded the buffer #0 to 0xb4000071fa019690 from 0xb4000071fa01b7d0
05-22 07:20:57.852   291  1491 D EvsDriver: Delivered 0xb400007b2f47ca30 as id 0
05-22 07:20:57.853 11323 11374 D ANWAPI  : (11323|0xD12C8CB0)[BTAPI] BT Addres is NULL , checking which array is connected
05-22 07:20:57.853 11323 11374 D ANWAPI  : 
05-22 07:20:57.853 11323 11374 D ANWAPI  : (11323|0xD12C8CB0)[BTAPI] SPPMIN(0)SPPMAX(0)
05-22 07:20:57.853 11323 11374 D ANWAPI  : 
05-22 07:20:57.854 11323 11374 D ANWAPI  : (11323|0xD12C8CB0)[BTAPI] In Three Step Get Device ID(0)
05-22 07:20:57.854 11323 11374 D ANWAPI  : 
05-22 07:20:57.854 11323 11374 D ANWAPI  : (11323|0xD12C8CB0)[BTAPI] AVRCP_Connected ID(0), state(4)
05-22 07:20:57.854 11323 11374 D ANWAPI  : 
05-22 07:20:57.854 11323 11374 D ANWAPI  : (11323|0xD12C8CB0)[BTAPI] in Get_ID3, Get Device ID(0)
05-22 07:20:57.854 11323 11374 D ANWAPI  : 
05-22 07:20:57.854 11323 11374 D ANWAPI  : (11323|0xD12C8CB0)[BTAPI] AVRCP_Auto_Get_ID3
05-22 07:20:57.854 11323 11374 D ANWAPI  : 
05-22 07:20:57.854 11323 11374 D ANWAPI  : (11323|0xD12C8CB0)[BTAPI] SDK >>>>AnWBT_AVRCP_GetSongDetail
05-22 07:20:57.854 11323 11374 D ANWAPI  : (11323|0xD12C8CB0)[BTAPI] SDK <<<<AnWBT_AVRCP_GetSongDetail 0
05-22 07:20:57.854 11323 11374 D ANWAPI  : (11323|0xD12C8CB0)[BTAPI] >>>>_anwbt_AVRCP_GetSongDetail
05-22 07:20:57.854 11323 11374 D ANWAPI  : (11323|0xD12C8CB0)[BTAPI] btsdk_avrcp_GetElementAttributes
05-22 07:20:57.854 11323 11374 D ANW_AVRCP: (11323|0xD12C8CB0)[AVRCP] API AVRCP_GetElementAttributes attMask=0x0
05-22 07:20:57.854 11323 11374 D ANWStack: [    942836][ANWBT] <<Avctp_Send_Message 0/1:
05-22 07:20:57.854 11323 11374 D ANWStack: 
05-22 07:20:57.854 11323 11374 D ANWStack: [    942836][ANWBT] L2CAP: L2_RetrieveHandle called, cid=0x82
05-22 07:20:57.854 11323 11374 D ANWStack: 
05-22 07:20:57.854 11323 11374 D ANWAPI  : (11323|0xD12C8CB0)[BTAPI] ===BTAPI_MallocIdxMsg 1029 980
05-22 07:20:57.854 11323 11374 D ANWAPI  : (11323|0xD12C8CB0)[BTAPI] <<<<_anwbt_AVRCP_GetSongDetail 0
05-22 07:20:57.855   573   573 I SpiService: fgesysctrl_getGPIO_status success val=1
05-22 07:20:57.855   291  1135 D EvsDriver: doneWithFrame
05-22 07:20:57.856   964  1804 D [OMXB]  : usingANWBuffer: handle:0xebd414b0, format:1, w:1920, h:1080
05-22 06:39:31.598   573   573 D spi_rst_gpio_get_output: GPIO 145 value: 1
05-22 06:39:31.598   573   573 D spidev_ioctl: gpio status=1)
05-22 07:20:57.859  2981  3177 I SentryImuMcuAngleSender: 179.91724rollDeg
05-22 07:20:57.859  2981  3177 I SentryImuMcuAngleSender: 1,0,0
05-22 07:20:57.860   573   573 I SpiService: fgesysctrl_getGPIO_status success val=1
05-22 06:39:31.604   573   573 D spi_rst_gpio_get_output: GPIO 145 value: 1
05-22 06:39:31.604   573   573 D spidev_ioctl: gpio status=1)
05-22 07:20:57.863   824   824 D SurfaceFlinger: unisoc-graphics, commit has frameMissed:2, vysncId:437117
05-22 07:20:57.866   573   573 I SpiService: fgesysctrl_getGPIO_status success val=1
05-22 06:39:31.610   573   573 D spi_rst_gpio_get_output: GPIO 145 value: 1
05-22 06:39:31.610   573   573 D spidev_ioctl: gpio status=1)
05-22 07:20:57.872   573   573 I SpiService: fgesysctrl_getGPIO_status success val=0
05-22 06:39:31.615   573   573 D spi_rst_gpio_get_output: GPIO 145 value: 0
05-22 06:39:31.615   573   573 D spidev_ioctl: gpio status=0)
05-22 07:20:57.874   544   544 D commservice260303: msg.id = 1028,0
05-22 07:20:57.874   544   544 D commservice260303: i = 170, msgid = 8A000404
05-22 07:20:57.874   544   544 D commservice260303: msgid = -1979710460,did=138
05-22 07:20:57.874   544   544 D commservice260303: CommProtocolLibCmdBaseI2C::dataproc {"command":{"id":"imu_status","sub":""},"content":{"TimeStamp":1779405657874,"FrameCounter":22533,"GD_X":-0.009161898866295815,"GD_Y":0.006948145572096109,"GD_Z":0.017715223133563995,"AD_X":-0.005220264196395874,"AD_Y":-0.002333143725991249,"AD_Z":-0.32723522186279297,"TempDsp":0,"Status":0,"CalibState":1,"SigAmpInvalid":0}},-1979710460
05-22 07:20:57.875   544   544 D commservice260303: send2Cluster len:326, 7B22636F6D6D616E64223A7B226964223A22696D755F737461747573222C22737562223A22227D2C22636F6E74656E74223A7B2254696D655374616D70223A313737393430353635373837342C224672616D65436F756E746572223A32323533332C2247445F58223A2D302E3030393136313839383836363239353831352C2247445F59223A302E3030363934383134353537323039363130392C2247445F5A223A302E3031373731353232333133333536333939352C2241445F58223A2D302E3030353232303236343139363339353837342C2241445F59223A2D302E3030323333333134333732353939313234392C2241445F5A223A2D302E33323732333532323138363237393239372C2254656D70447370223A302C22537461747573223A302C2243616C69625374617465223A312C22536967416D70496E76616C6964223A307D7D, 138 
05-22 07:20:57.875   544   544 D commservice260303: Push Message into SendPool fn=-514260992
05-22 07:20:57.875   544   544 D commservice260303: ComProtocolLibSend2Cluster::send2ClusterRaw fn=-514260992 , len=342
05-22 07:20:57.875   544   544 D commservice260303: sendCmdToPort :342!!!
05-22 07:20:57.875   544   544 D commservice260303: send Cmd To Port ++++5AA501528A01000059E16A0F93597B22636F6D6D616E64223A7B226964223A22696D755F737461747573222C22737562223A22227D2C22636F6E74656E74223A7B2254696D655374616D70223A313737393430353635373837342C224672616D65436F756E746572223A32323533332C2247445F58223A2D302E3030393136313839383836363239353831352C2247445F59223A302E3030363934383134353537323039363130392C2247445F5A223A302E3031373731353232333133333536333939352C2241445F58223A2D302E3030353232303236343139363339353837342C2241445F59223A2D302E3030323333333134333732353939313234392C2241445F5A223A2D302E33323732333532323138363237393239372C2254656D70447370223A302C22537461747573223A302C2243616C69625374617465223A312C22536967416D70496E76616C6964223A307D7D77E9
05-22 07:20:57.875   544   544 D commservice260303: bufferevent_write retrun value = 0
05-22 07:20:57.875   544   567 D commservice260303: client datas send succeed,send finish
05-22 07:20:57.876  2981  3178 D Sentinelmode_1.2.5.13_alpha: <SentryImuClusterFgeSender>imu_status sent to Linux, frame=22533, tsNs=942851, tsMs=1779405657874, intervalMs=41, ad=(-0.005220264,-0.0023331437,-0.32723522), gd=(-0.009161899,0.0069481456,0.017715223)
05-22 07:20:57.880  2981  3177 I SentryImuMcuAngleSender: 179.93791rollDeg
05-22 07:20:57.880  2981  3177 I SentryImuMcuAngleSender: 1,0,0
05-22 07:20:57.881   291  1491 D EvsDriver: forwardFrame
05-22 07:20:57.884   291  1491 D EvsDriver: Delivered 0xb400007b2f47ca30 as id 0
05-22 07:20:57.884  1137  1137 D evsmanagerd: /dev/video4 forwarded the buffer #0 to 0xb4000071fa019690 from 0xb4000071fa01b7d0
05-22 07:20:57.887   573   573 I SpiService: fgesysctrl_getGPIO_status success val=1
05-22 07:20:57.888   565   599 I Sensors : 230 AccelSensor: x:-0.107970,y:0.010980,z:-10.133320
05-22 07:20:57.889   291  1135 D EvsDriver: doneWithFrame
05-22 06:39:31.630   573   573 D spi_rst_gpio_get_output: GPIO 145 value: 1
05-22 06:39:31.630   573   573 D spidev_ioctl: gpio status=1)
05-22 07:20:57.893   573   573 I SpiService: fgesysctrl_getGPIO_status success val=1
05-22 06:39:31.636   573   573 D spi_rst_gpio_get_output: GPIO 145 value: 1
05-22 06:39:31.636   573   573 D spidev_ioctl: gpio status=1)
05-22 07:20:57.898   573   573 I SpiService: fgesysctrl_getGPIO_status success val=1
05-22 07:20:57.901  2981  3177 I SentryImuMcuAngleSender: 179.93791rollDeg
05-22 07:20:57.901  2981  3177 I SentryImuMcuAngleSender: 1,0,0
05-22 06:39:31.642   573   573 D spi_rst_gpio_get_output: GPIO 145 value: 1
05-22 06:39:31.642   573   573 D spidev_ioctl: gpio status=1)
05-22 07:20:57.904   573   573 I SpiService: fgesysctrl_getGPIO_status success val=1
05-22 06:39:31.648   573   573 D spi_rst_gpio_get_output: GPIO 145 value: 1
05-22 06:39:31.648   573   573 D spidev_ioctl: gpio status=1)
05-22 07:20:57.906   276   300 I rvcservice: t.code = 3, t.value = 0
05-22 07:20:57.910   573   573 I SpiService: fgesysctrl_getGPIO_status success val=1
05-22 06:39:31.653   573   573 D spi_rst_gpio_get_output: GPIO 145 value: 1
05-22 06:39:31.653   573   573 D spidev_ioctl: gpio status=1)
05-22 07:20:57.915   544   544 D commservice260303: msg.id = 1028,0
05-22 07:20:57.915   544   544 D commservice260303: i = 170, msgid = 8A000404
05-22 07:20:57.915   544   544 D commservice260303: msgid = -1979710460,did=138
05-22 07:20:57.915   544   544 D commservice260303: CommProtocolLibCmdBaseI2C::dataproc {"command":{"id":"imu_status","sub":""},"content":{"TimeStamp":1779405657914,"FrameCounter":22534,"GD_X":-0.009544207714498043,"GD_Y":0.007024087477475405,"GD_Z":0.017485838383436203,"AD_X":-3.426969051361084E-4,"AD_Y":0.0013271356001496315,"AD_Z":-0.32723522186279297,"TempDsp":0,"Status":0,"CalibState":1,"SigAmpInvalid":0}},-1979710460
05-22 07:20:57.916   544   544 D commservice260303: send2Cluster len:326, 7B22636F6D6D616E64223A7B226964223A22696D755F737461747573222C22737562223A22227D2C22636F6E74656E74223A7B2254696D655374616D70223A313737393430353635373931342C224672616D65436F756E746572223A32323533342C2247445F58223A2D302E3030393534343230373731343439383034332C2247445F59223A302E3030373032343038373437373437353430352C2247445F5A223A302E3031373438353833383338333433363230332C2241445F58223A2D332E343236393639303531333631303834452D342C2241445F59223A302E303031333237313335363030313439363331352C2241445F5A223A2D302E33323732333532323138363237393239372C2254656D70447370223A302C22537461747573223A302C2243616C69625374617465223A312C22536967416D70496E76616C6964223A307D7D, 138 
05-22 07:20:57.916   544   544 D commservice260303: Push Message into SendPool fn=-497483776
05-22 07:20:57.916   544   544 D commservice260303: ComProtocolLibSend2Cluster::send2ClusterRaw fn=-497483776 , len=342
05-22 07:20:57.916   544   544 D commservice260303: sendCmdToPort :342!!!
05-22 07:20:57.916   573   573 I SpiService: fgesysctrl_getGPIO_status success val=0
05-22 07:20:57.916   544   544 D commservice260303: send Cmd To Port ++++5AA501528A01000059E26A0F93597B22636F6D6D616E64223A7B226964223A22696D755F737461747573222C22737562223A22227D2C22636F6E74656E74223A7B2254696D655374616D70223A313737393430353635373931342C224672616D65436F756E746572223A32323533342C2247445F58223A2D302E3030393534343230373731343439383034332C2247445F59223A302E3030373032343038373437373437353430352C2247445F5A223A302E3031373438353833383338333433363230332C2241445F58223A2D332E343236393639303531333631303834452D342C2241445F59223A302E303031333237313335363030313439363331352C2241445F5A223A2D302E33323732333532323138363237393239372C2254656D70447370223A302C22537461747573223A302C2243616C69625374617465223A312C22536967416D70496E76616C6964223A307D7D97B3
05-22 07:20:57.916   544   544 D commservice260303: bufferevent_write retrun value = 0
