05-22 07:20:56.866   544   544 D commservice260303: send2Cluster len:325, 7B22636F6D6D616E64223A7B226964223A22696D755F737461747573222C22737562223A22227D2C22636F6E74656E74223A7B2254696D655374616D70223A313737393430353635363836352C224672616D65436F756E746572223A32323530382C2247445F58223A2D302E3030393436373734363133313132323131322C2247445F59223A302E3030373438323835383834303337363133392C2247445F5A223A302E3031373836373130363934343332323538362C2241445F58223A2D392E343335313931373530353236343238452D342C2241445F59223A2D302E30303233323831333937323937393738342C2241445F5A223A2D302E33323936373536373434333834373635362C2254656D70447370223A302C22537461747573223A302C2243616C69625374617465223A312C22536967416D70496E76616C6964223A307D7D, 138 
05-22 07:20:56.866   544   544 D commservice260303: Push Message into SendPool fn=-950468608
05-22 07:20:56.866   544   544 D commservice260303: ComProtocolLibSend2Cluster::send2ClusterRaw fn=-950468608 , len=341
05-22 07:20:56.866   544   544 D commservice260303: sendCmdToPort :341!!!
05-22 07:20:56.866   544   544 D commservice260303: send Cmd To Port ++++5AA501518A01000059C76A0F93587B22636F6D6D616E64223A7B226964223A22696D755F737461747573222C22737562223A22227D2C22636F6E74656E74223A7B2254696D655374616D70223A313737393430353635363836352C224672616D65436F756E746572223A32323530382C2247445F58223A2D302E3030393436373734363133313132323131322C2247445F59223A302E3030373438323835383834303337363133392C2247445F5A223A302E3031373836373130363934343332323538362C2241445F58223A2D392E343335313931373530353236343238452D342C2241445F59223A2D302E30303233323831333937323937393738342C2241445F5A223A2D302E33323936373536373434333834373635362C2254656D70447370223A302C22537461747573223A302C2243616C69625374617465223A312C22536967416D70496E76616C6964223A307D7D1263
05-22 07:20:56.866   544   544 D commservice260303: bufferevent_write retrun value = 0
05-22 07:20:56.866   544   567 D commservice260303: client datas send succeed,send finish
05-22 07:20:56.867  2981  3178 D Sentinelmode_1.2.5.13_alpha: <SentryImuClusterFgeSender>imu_status sent to Linux, frame=22508, tsNs=941828, tsMs=1779405656865, intervalMs=41, ad=(-9.435192E-4,-0.0023281397,-0.32967567), gd=(-0.009467746,0.007482859,0.017867107)
05-22 07:20:56.870   573   573 I SpiService: fgesysctrl_getGPIO_status success val=1
05-22 07:20:56.871   477  1275 I dvr_service_: [EncoderHandler::runMediaThread] runMediaThread started:1,state:0, cam2:started:1,state:0, lastSwitch:1, mIsMuxerStart:0,format:0,is_str_ing:0
05-22 06:39:30.614   573   573 D spi_rst_gpio_get_output: GPIO 145 value: 1
05-22 06:39:30.614   573   573 D spidev_ioctl: gpio status=1)
05-22 07:20:56.874  2981  3177 I SentryImuMcuAngleSender: 179.94481rollDeg
05-22 07:20:56.874  2981  3177 I SentryImuMcuAngleSender: 1,0,0
05-22 07:20:56.876   573   573 I SpiService: fgesysctrl_getGPIO_status success val=1
05-22 06:39:30.619   573   573 D spi_rst_gpio_get_output: GPIO 145 value: 1
05-22 06:39:30.619   573   573 D spidev_ioctl: gpio status=1)
05-22 07:20:56.880   291  1491 D EvsDriver: forwardFrame
05-22 07:20:56.881   573   573 I SpiService: fgesysctrl_getGPIO_status success val=1
05-22 06:39:30.625   573   573 D spi_rst_gpio_get_output: GPIO 145 value: 1
05-22 06:39:30.625   573   573 D spidev_ioctl: gpio status=1)
05-22 07:20:56.883   291  1491 D EvsDriver: Delivered 0xb400007b2f47ca30 as id 0
05-22 07:20:56.883  1137  1150 D evsmanagerd: /dev/video4 forwarded the buffer #0 to 0xb4000071fa019690 from 0xb4000071fa01b7d0
05-22 07:20:56.886   291  1135 D EvsDriver: doneWithFrame
05-22 07:20:56.887   573   573 I SpiService: fgesysctrl_getGPIO_status success val=1
05-22 07:20:56.888  3735  3735 D NSLogUtils_MainActivity: progress->96051
05-22 06:39:30.630   573   573 D spi_rst_gpio_get_output: GPIO 145 value: 1
05-22 06:39:30.630   573   573 D spidev_ioctl: gpio status=1)
05-22 07:20:56.892   573   573 I SpiService: fgesysctrl_getGPIO_status success val=0
05-22 06:39:30.636   573   573 D spi_rst_gpio_get_output: GPIO 145 value: 0
05-22 06:39:30.636   573   573 D spidev_ioctl: gpio status=0)
05-22 07:20:56.894  2981  3177 I SentryImuMcuAngleSender: 179.94482rollDeg
05-22 07:20:56.894  2981  3177 I SentryImuMcuAngleSender: 1,0,0
05-22 07:20:56.898   964  1804 D [OMXB]  : usingANWBuffer: handle:0xebd44210, format:1, w:1920, h:1080
05-22 07:20:56.900   565   565 I Sensors : 230 AccelSensor: x:-0.106140,y:0.012809,z:-10.135760
05-22 07:20:56.902   276   300 I rvcservice: t.code = 3, t.value = 0
05-22 07:20:56.906   486   580 I mcuc    : rev,n=1,6AA6811266000A8900320104092012345678
05-22 07:20:56.906  1091  1116 I tboxmids_ap: [2026-05-22 07:20:56.906] [MCU RX] src=MCU dst=ZMQ len=10 type=BINARY data=00 08 32 01 04 09 20 12 34 56 
05-22 07:20:56.906   344   361 D automotive.vehicle@2.0-adayo-datacomm-mcu: MCUDatacomm sendMessageFromVehicle prop: 0x89, areaId: 0x0, status: 0x32, timestamp: 0x1
05-22 07:20:56.906   344   361 D automotive.vehicle@2.0-adayo-datacomm-mcu: MCUDatacomm 1sendMessageFromVehicle ---> type = 12 
05-22 07:20:56.906   573   573 I SpiService: fgesysctrl_getGPIO_status success val=1
05-22 07:20:56.906   544   544 D commservice260303: msg.id = 1028,0
05-22 07:20:56.907   544   544 D commservice260303: i = 170, msgid = 8A000404
05-22 07:20:56.907   544   544 D commservice260303: msgid = -1979710460,did=138
05-22 07:20:56.907  1091  1133 D tboxmids_ap: Frame Size: 10
05-22 07:20:56.907  1026  1026 I MyAppLog: [2026-05-22 07:20:56.906 I tboxap mcuCommTboxmidsRecvCb:96] [Mcu] [mcuCommTboxmidsRecvCb] recv from tboxmids, size:10
05-22 07:20:56.907  1091  1133 D tboxmids_ap: Hex Data:
05-22 07:20:56.907  1091  1133 D tboxmids_ap: 09 
05-22 07:20:56.907   544   544 D commservice260303: CommProtocolLibCmdBaseI2C::dataproc {"command":{"id":"imu_status","sub":""},"content":{"TimeStamp":1779405656906,"FrameCounter":22509,"GD_X":-0.008398840203881264,"GD_Y":0.00794111005961895,"GD_Z":0.017408855259418488,"AD_X":-0.0015566200017929077,"AD_Y":-4.930691793560982E-4,"AD_Z":-0.32967567443847656,"TempDsp":0,"Status":0,"CalibState":1,"SigAmpInvalid":0}},-1979710460
05-22 07:20:56.907  1026  1026 I MyAppLog: [2026-05-22 07:20:56.906 I tboxap mcuCommTboxmidsRecvCb:97] [Mcu] [tboxmids -> tboxap]: :00 08 32 01 04 09 20 12 34 56
05-22 07:20:56.907  1091  1133 D tboxmids_ap: 01 
05-22 07:20:56.907  1091  1133 D tboxmids_ap: 00 
05-22 07:20:56.907  1091  1133 D tboxmids_ap: 06 
05-22 07:20:56.907  1091  1133 D tboxmids_ap: C2 
05-22 07:20:56.907  1026  1026 I MyAppLog: [2026-05-22 07:20:56.906 I tboxap mcuPtlParseData:969] [Mcu] [Mcu  Parse]: (cmd):0920 (param):0920123456
05-22 07:20:56.907  1091  1133 D tboxmids_ap: 04 
05-22 07:20:56.907  1091  1133 D tboxmids_ap: 01 
05-22 07:20:56.907  1091  1133 D tboxmids_ap: 09 
05-22 07:20:56.907  1026  1026 D MyAppLog: [2026-05-22 07:20:56.906 D tboxap mcuCommCbHandel:1009] [Mcu] [Mcu  Rev]: (cmd):0920 (param value):123456
05-22 07:20:56.907   544   544 D commservice260303: send2Cluster len:326, 7B22636F6D6D616E64223A7B226964223A22696D755F737461747573222C22737562223A22227D2C22636F6E74656E74223A7B2254696D655374616D70223A313737393430353635363930362C224672616D65436F756E746572223A32323530392C2247445F58223A2D302E3030383339383834303230333838313236342C2247445F59223A302E30303739343131313030353936313839352C2247445F5A223A302E3031373430383835353235393431383438382C2241445F58223A2D302E303031353536363230303031373932393037372C2241445F59223A2D342E393330363931373933353630393832452D342C2241445F5A223A2D302E33323936373536373434333834373635362C2254656D70447370223A302C22537461747573223A302C2243616C69625374617465223A312C22536967416D70496E76616C6964223A307D7D, 138 
05-22 07:20:56.907  1091  1133 D tboxmids_ap: A0 
05-22 07:20:56.907  1091  1133 D tboxmids_ap: 01 
05-22 07:20:56.907  1091  1133 D tboxmids_ap: 
05-22 07:20:56.907  1091  1133 D tboxmids_ap: Hex Data end 
05-22 07:20:56.907  1026  1026 W MyAppLog: [2026-05-22 07:20:56.907 W tboxap mcuParamDataRevPack:897] [Mcu] mcuParamDataRevPack start pack data!!!
05-22 07:20:56.907   544   544 D commservice260303: Push Message into SendPool fn=-933691392
05-22 07:20:56.907   544   544 D commservice260303: ComProtocolLibSend2Cluster::send2ClusterRaw fn=-933691392 , len=342
05-22 07:20:56.907  1026  1026 W MyAppLog: [2026-05-22 07:20:56.907 W tboxap mcuHandleTrigAlarmInd:1149] [Mcu] [mcuHandleTrigAlarmInd] trig alarm rpt, msgId:0x0200 alarmType:0x12 12VBatt:0x34
05-22 07:20:56.907   544   544 D commservice260303: sendCmdToPort :342!!!
05-22 07:20:56.907  1026  1026 I MyAppLog: [2026-05-22 07:20:56.907 I tboxap mcuSendYadiTransfer:195] [Mcu] [mcuYadiSend]: :00 06 C2 04 01 09 A0 01
05-22 07:20:56.907  1026  1026 D MyAppLog: [2026-05-22 07:20:56.907 D tboxap SendMsgBufEvent:298] [System] [SendMsgBufEvent] send message(msg:0x003d, size:4)
05-22 07:20:56.908   544   544 D commservice260303: send Cmd To Port ++++5AA501528A01000059C86A0F93587B22636F6D6D616E64223A7B226964223A22696D755F737461747573222C22737562223A22227D2C22636F6E74656E74223A7B2254696D655374616D70223A313737393430353635363930362C224672616D65436F756E746572223A32323530392C2247445F58223A2D302E3030383339383834303230333838313236342C2247445F59223A302E30303739343131313030353936313839352C2247445F5A223A302E3031373430383835353235393431383438382C2241445F58223A2D302E303031353536363230303031373932393037372C2241445F59223A2D342E393330363931373933353630393832452D342C2241445F5A223A2D302E33323936373536373434333834373635362C2254656D70447370223A302C22537461747573223A302C2243616C69625374617465223A312C22536967416D70496E76616C6964223A307D7DDEC1
05-22 07:20:56.908   544   544 D commservice260303: bufferevent_write retrun value = 0
05-22 07:20:56.908   544   567 D commservice260303: client datas send succeed,send finish
05-22 07:20:56.908  1026  1026 D MyAppLog: [2026-05-22 07:20:56.908 D tboxap SysMainEventHandler:1090] [System] [SysMainEventHandler] recv message(msg:0x003d, size:4)
05-22 07:20:56.908  1026  1026 W MyAppLog: [2026-05-22 07:20:56.908 W tboxap tsp_ExternalEvent:80] [Tsp] [tsp_ExternalEvent] recv ExternalEvent = 61, size:4
05-22 07:20:56.908  1026  1026 D MyAppLog: [2026-05-22 07:20:56.908 D tboxap tsp_EventSend:261] [Tsp] [tsp_EventSend] Tx msg Creat :283 , size:4 (adr :b6023a30)!!
05-22 07:20:56.908  1026  1026 D MyAppLog: [2026-05-22 07:20:56.908 D tboxap tsp_EventSend:265] [Tsp] [tsp_EventSend] TX tspCmdMsg.MsgSize:4
05-22 07:20:56.908  1026  1026 I MyAppLog: [2026-05-22 07:20:56.908 I tboxap tsp_EventSend:270] [Tsp] [tsp_EventSend] TX tspCmdMsg.MsgID:011b size:4
05-22 07:20:56.908  1026  1026 D MyAppLog: [2026-05-22 07:20:56.908 D tboxap tsp_EventQueueWrite:115] [Tsp] [tsp_EventQueueWrite] sizeof(16) pTmp:8601d950  
05-22 07:20:56.908  2981  3178 D Sentinelmode_1.2.5.13_alpha: <SentryImuClusterFgeSender>imu_status sent to Linux, frame=22509, tsNs=941881, tsMs=1779405656906, intervalMs=41, ad=(-0.00155662,-4.930692E-4,-0.32967567), gd=(-0.00839884,0.00794111,0.017408855)
05-22 07:20:56.909  1026  1026 D MyAppLog: [2026-05-22 07:20:56.908 D tboxap tsp_EventProceHandel:305] [Tsp] [tsp_EventProceHandel] rx msg :011b , size:4!!
05-22 07:20:56.909  1026  1026 D MyAppLog: [2026-05-22 07:20:56.908 D tboxap tsp_EventProceHandel:309] [Tsp] [tsp_EventProceHandel] RX stMessage.MsgSize:4
05-22 07:20:56.909  1026  1026 D MyAppLog: [2026-05-22 07:20:56.908 D tboxap tsp_EventToCmd:108] [Tsp] [tsp_EventToCmd] event:0x011b -> cmd:4009 size:4
05-22 07:20:56.909  1026  1026 W MyAppLog: [2026-05-22 07:20:56.908 W tboxap tsp_PackTrigAlarm_Yadi:438] [Tsp] [tsp_PackTrigAlarm_Yadi] trig alarm parsed msgId:0x0200 alarmType:0x12 battAlarm:0x34
05-22 07:20:56.909  1026  1026 I MyAppLog: [2026-05-22 07:20:56.908 I tboxap tsp_TrigAlarmPacket_Yadi:1059] [Tsp] [TrigAlarm rawData]: :02 00 12 34
05-22 07:20:56.909  1026  1026 I MyAppLog: [2026-05-22 07:20:56.908 I tboxap tsp_TrigAlarmPacket_Yadi:1075] [Tsp] [TrigAlarm addCrc]: :02 00 12 34 DA 00 00 00 00 00 00 00 00 00 FF 01
05-22 07:20:56.909  1026  1026 I MyAppLog: [2026-05-22 07:20:56.908 I tboxap tsp_TrigAlarmPacket_Yadi:1084] [Tsp] [TrigAlarm doneAes]: :66 30 8E 45 01 36 1B B4 9F 78 15 05 8D CE 15 F9
05-22 07:20:56.909  1026  1026 I MyAppLog: [2026-05-22 07:20:56.908 I tboxap tsp_pack_frame_Yadi:1240] [Tsp] Login data pack and encrypt completed ! BodySize = 16! 
05-22 07:20:56.909  1026  1026 I MyAppLog: [2026-05-22 07:20:56.908 I tboxap tsp_pack_frame_Yadi:1353] [Tsp] [DataMsgLen]: :00 04
05-22 07:20:56.909  1026  1026 I MyAppLog: [2026-05-22 07:20:56.908 I tboxap tsp_pack_frame_Yadi:1380] [Tsp] [FrameData]: :AA FF 00 2E 08 61 48 40 40 12 48 14 1A 05 16 07 14 38 10 01 28 03 01 01 00 04 66 30 8E 45 01 36 1B B4 9F 78 15 05 8D CE 15 F9 0A 49 0D 0A
05-22 07:20:56.909  1026  1026 I MyAppLog: [2026-05-22 07:20:56.908 I tboxap tsp_PackTrigAlarm_Yadi:442] [Tsp] TrigAlarmFrame init complet, frame size:46!!!
05-22 07:20:56.909  1026  1026 E MyAppLog: [2026-05-22 07:20:56.908 E tboxap tsp_FifoWrite:319] [Tsp] tsp_FifoWrite FIFO is full when to be written!
05-22 07:20:56.909  1026  1026 D MyAppLog: [2026-05-22 07:20:56.908 D tboxap tsp_EventProceHandel:316] [Tsp] [tsp_EventProceHandel] stMessage.pMsgBuf free ok adr(b6023a30)!!
05-22 06:39:30.650   573   573 D spi_rst_gpio_get_output: GPIO 145 value: 1
05-22 06:39:30.650   573   573 D spidev_ioctl: gpio status=1)
05-22 07:20:56.910   486   581 I mcuc    : start timer OK = 2620 
05-22 07:20:56.912   573   573 I SpiService: fgesysctrl_getGPIO_status success val=1
05-22 06:39:30.655   573   573 D spi_rst_gpio_get_output: GPIO 145 value: 1
05-22 06:39:30.655   573   573 D spidev_ioctl: gpio status=1)
05-22 07:20:56.915  2981  3177 I SentryImuMcuAngleSender: 179.9276rollDeg
05-22 07:20:56.915  2981  3177 I SentryImuMcuAngleSender: 1,0,0
05-22 07:20:56.917   573   573 I SpiService: fgesysctrl_getGPIO_status success val=1
05-22 06:39:30.660   573   573 D spi_rst_gpio_get_output: GPIO 145 value: 1
05-22 06:39:30.660   573   573 D spidev_ioctl: gpio status=1)
05-22 07:20:56.919  1026  1026 D MyAppLog: [2026-05-22 07:20:56.919 D tboxap tsp_EventQueueRead:150] [Tsp] [tsp_EventQueueRead] read:23, write:23  Num:0!!
05-22 07:20:56.921   291  1491 D EvsDriver: forwardFrame
05-22 07:20:56.923   573   573 I SpiService: fgesysctrl_getGPIO_status success val=1
05-22 07:20:56.923   291  1491 D EvsDriver: Delivered 0xb400007b2f47ca30 as id 0
05-22 07:20:56.923  1137  1150 D evsmanagerd: /dev/video4 forwarded the buffer #0 to 0xb4000071fa019690 from 0xb4000071fa01b7d0
05-22 07:20:56.924   291  1135 D EvsDriver: doneWithFrame
05-22 06:39:30.666   573   573 D spi_rst_gpio_get_output: GPIO 145 value: 1
05-22 06:39:30.666   573   573 D spidev_ioctl: gpio status=1)
05-22 07:20:56.928   573   573 I SpiService: fgesysctrl_getGPIO_status success val=0
05-22 07:20:56.929   486   579 I mcuc    : send SPI:6AA602126600028900FB6AA6010A3C00F80901C2040109A00100000000000000000000000000000000000000000000000000000000000000000000000000000000000000000000000000000000000000000000000000000000000000000000000000000000000000000000000000000000000000000000000000000000000000000000000000000000000000000000000000000000000000000000000000000000000000000000000000000000000000000000000000000000000000000000000000000000000000000000000000000000000000000000000000000000000000000000000000000000000000000000000000000000000000000000000000000000000000000000000046
05-22 07:20:56.930   544   544 W commservice260303: [FgeComService::getAQConnectStatus:378]
05-22 07:20:56.930   544   544 W commservice260303: [mcuCommFunctionTcp::getAQConnectStatus:406] 1
05-22 07:20:56.930   544   544 W commservice260303: [FgeComService::getAQConnectStatus:380] status:1
05-22 07:20:56.930  2109  2109 E ivicomm_CommManager: getA2lConnectStatus aqConnectStatus:1
05-22 06:39:30.672   573   573 D spi_rst_gpio_get_output: GPIO 145 value: 0
05-22 06:39:30.672   573   573 D spidev_ioctl: gpio status=0)
05-22 07:20:56.930  2109  2109 D ivicomm_ConnectStateManager: notifyState newState=1curState=1
05-22 07:20:56.935  2981  3177 I SentryImuMcuAngleSender: 179.91035rollDeg
05-22 07:20:56.935  2981  3177 I SentryImuMcuAngleSender: 1,0,0
05-22 07:20:56.936   565   599 I Sensors : 230 GyroSensor: x:-0.008323,y:0.007559,z:0.017409
05-22 07:20:56.943   573   573 I SpiService: fgesysctrl_getGPIO_status success val=1
05-22 06:39:30.687   573   573 D spi_rst_gpio_get_output: GPIO 145 value: 1
05-22 06:39:30.687   573   573 D spidev_ioctl: gpio status=1)
05-22 07:20:56.946   544   544 D commservice260303: msg.id = 1028,0
05-22 07:20:56.946   544   544 D commservice260303: i = 170, msgid = 8A000404
05-22 07:20:56.946   544   544 D commservice260303: msgid = -1979710460,did=138
05-22 07:20:56.946   544   544 D commservice260303: CommProtocolLibCmdBaseI2C::dataproc {"command":{"id":"imu_status","sub":""},"content":{"TimeStamp":1779405656945,"FrameCounter":22510,"GD_X":-0.008322898298501968,"GD_Y":0.007558800280094147,"GD_Z":0.017408855259418488,"AD_X":-0.005826182663440704,"AD_Y":0.0025543682277202606,"AD_Z":-0.33089542388916016,"TempDsp":0,"Status":0,"CalibState":1,"SigAmpInvalid":0}},-1979710460
05-22 07:20:56.946   544   544 D commservice260303: send2Cluster len:326, 7B22636F6D6D616E64223A7B226964223A22696D755F737461747573222C22737562223A22227D2C22636F6E74656E74223A7B2254696D655374616D70223A313737393430353635363934352C224672616D65436F756E746572223A32323531302C2247445F58223A2D302E3030383332323839383239383530313936382C2247445F59223A302E3030373535383830303238303039343134372C2247445F5A223A302E3031373430383835353235393431383438382C2241445F58223A2D302E3030353832363138323636333434303730342C2241445F59223A302E303032353534333638323237373230323630362C2241445F5A223A2D302E33333038393534323338383931363031362C2254656D70447370223A302C22537461747573223A302C2243616C69625374617465223A312C22536967416D70496E76616C6964223A307D7D, 138 
05-22 07:20:56.946   544   544 D commservice260303: Push Message into SendPool fn=-916914176
05-22 07:20:56.946   544   544 D commservice260303: ComProtocolLibSend2Cluster::send2ClusterRaw fn=-916914176 , len=342
05-22 07:20:56.946   544   544 D commservice260303: sendCmdToPort :342!!!
05-22 07:20:56.947   544   544 D commservice260303: send Cmd To Port ++++5AA501528A01000059C96A0F93587B22636F6D6D616E64223A7B226964223A22696D755F737461747573222C22737562223A22227D2C22636F6E74656E74223A7B2254696D655374616D70223A313737393430353635363934352C224672616D65436F756E746572223A32323531302C2247445F58223A2D302E3030383332323839383239383530313936382C2247445F59223A302E3030373535383830303238303039343134372C2247445F5A223A302E3031373430383835353235393431383438382C2241445F58223A2D302E3030353832363138323636333434303730342C2241445F59223A302E303032353534333638323237373230323630362C2241445F5A223A2D302E33333038393534323338383931363031362C2254656D70447370223A302C22537461747573223A302C2243616C69625374617465223A312C22536967416D70496E76616C6964223A307D7D95DD
05-22 07:20:56.947   544   544 D commservice260303: bufferevent_write retrun value = 0
05-22 07:20:56.947   544   567 D commservice260303: client datas send succeed,send finish
05-22 07:20:56.947  2981  3178 D Sentinelmode_1.2.5.13_alpha: <SentryImuClusterFgeSender>imu_status sent to Linux, frame=22510, tsNs=941918, tsMs=1779405656945, intervalMs=39, ad=(-0.0058261827,0.0025543682,-0.33089542), gd=(-0.008322898,0.0075588003,0.017408855)
05-22 06:39:30.692   573   573 D spi_rst_gpio_get_output: GPIO 145 value: 1
05-22 06:39:30.692   573   573 D spidev_ioctl: gpio status=1)
05-22 07:20:56.948   291  1491 D EvsDriver: forwardFrame
05-22 07:20:56.949   573   573 I SpiService: fgesysctrl_getGPIO_status success val=1
05-22 07:20:56.950   291  1491 D EvsDriver: Delivered 0xb400007b2f47ca30 as id 0
05-22 07:20:56.950  1137  1150 D evsmanagerd: /dev/video4 forwarded the buffer #0 to 0xb4000071fa019690 from 0xb4000071fa01b7d0
05-22 07:20:56.950 11323 11374 D ANW_AVRCP: (11323|0xD12C8CB0)[AVRCP] API getPlayStatusTimerHandler
05-22 07:20:56.950 11323 11374 D ANW_AVRCP: (11323|0xD12C8CB0)[AVRCP] API AVRCP_GetPlayStatus
05-22 07:20:56.951 11323 11374 D ANWStack: [    941933][ANWBT] <<Avctp_Send_Message 0/1:
05-22 07:20:56.951 11323 11374 D ANWStack: 
05-22 07:20:56.951 11323 11374 D ANWStack: [    941933][ANWBT] L2CAP: L2_RetrieveHandle called, cid=0x82
05-22 07:20:56.951 11323 11374 D ANWStack: 
05-22 07:20:56.951   964  1804 D [OMXB]  : usingANWBuffer: handle:0xebd42a00, format:1, w:1920, h:1080
05-22 07:20:56.954   558  1606 I gps_hdbd: nmea_cs <0> != calc_cs <e5>, return -1
05-22 07:20:56.954   291  1135 D EvsDriver: doneWithFrame
05-22 07:20:56.955   573   573 I SpiService: fgesysctrl_getGPIO_status success val=1
05-22 07:20:56.956  2981  3177 I SentryImuMcuAngleSender: 179.92415rollDeg
05-22 07:20:56.956  2981  3177 I SentryImuMcuAngleSender: 1,0,0
05-22 06:39:30.698   573   573 D spi_rst_gpio_get_output: GPIO 145 value: 1
05-22 06:39:30.698   573   573 D spidev_ioctl: gpio status=1)
05-22 07:20:56.960   573   573 I SpiService: fgesysctrl_getGPIO_status success val=1
05-22 06:39:30.704   573   573 D spi_rst_gpio_get_output: GPIO 145 value: 1
05-22 06:39:30.704   573   573 D spidev_ioctl: gpio status=1)
05-22 07:20:56.966   573   573 I SpiService: fgesysctrl_getGPIO_status success val=1
05-22 06:39:30.710   573   573 D spi_rst_gpio_get_output: GPIO 145 value: 1
05-22 06:39:30.710   573   573 D spidev_ioctl: gpio status=1)
05-22 07:20:56.972   573   573 I SpiService: fgesysctrl_getGPIO_status success val=0
05-22 06:39:30.715   573   573 D spi_rst_gpio_get_output: GPIO 145 value: 0
05-22 06:39:30.715   573   573 D spidev_ioctl: gpio status=0)
05-22 07:20:56.976  2981  3177 I SentryImuMcuAngleSender: 179.93793rollDeg
05-22 07:20:56.976  2981  3177 I SentryImuMcuAngleSender: 1,0,0
05-22 07:20:56.979 11323 11374 D ANWAPI  : (11323|0xD12C8CB0)[BTAPI] AnwhciEventCallback 19 1
05-22 07:20:56.983   486   580 I mcuc    : rev,n=1,6AA6820A3C000209012C
05-22 07:20:56.984   291  1491 D EvsDriver: forwardFrame
05-22 07:20:56.985   486   580 I mcuc    : rev,n=2,6AA6811267000A8900330104090312345693
05-22 07:20:56.986  1091  1116 I tboxmids_ap: [2026-05-22 07:20:56.986] [MCU RX] src=MCU dst=ZMQ len=10 type=BINARY data=00 08 33 01 04 09 03 12 34 56 
05-22 07:20:56.986   344   361 D automotive.vehicle@2.0-adayo-datacomm-mcu: MCUDatacomm sendMessageFromVehicle prop: 0x89, areaId: 0x0, status: 0x33, timestamp: 0x1
05-22 07:20:56.986   344   361 D automotive.vehicle@2.0-adayo-datacomm-mcu: MCUDatacomm 1sendMessageFromVehicle ---> type = 12 
05-22 07:20:56.986   291  1491 D EvsDriver: Delivered 0xb400007b2f47ca30 as id 0
05-22 07:20:56.986  1137  1150 D evsmanagerd: /dev/video4 forwarded the buffer #0 to 0xb4000071fa019690 from 0xb4000071fa01b7d0
05-22 07:20:56.986   544   544 D commservice260303: msg.id = 1028,0
05-22 07:20:56.987   544   544 D commservice260303: i = 170, msgid = 8A000404
05-22 07:20:56.987   544   544 D commservice260303: msgid = -1979710460,did=138
05-22 07:20:56.987   544   544 D commservice260303: CommProtocolLibCmdBaseI2C::dataproc {"command":{"id":"imu_status","sub":""},"content":{"TimeStamp":1779405656986,"FrameCounter":22511,"GD_X":-0.008704167790710926,"GD_Y":0.0073299347423017025,"GD_Z":0.017867106944322586,"AD_X":-0.0046036019921302795,"AD_Y":-0.0023233070969581604,"AD_Z":-0.32967567443847656,"TempDsp":0,"Status":0,"CalibState":1,"SigAmpInvalid":0}},-1979710460
05-22 07:20:56.987   544   544 D commservice260303: send2Cluster len:329, 7B22636F6D6D616E64223A7B226964223A22696D755F737461747573222C22737562223A22227D2C22636F6E74656E74223A7B2254696D655374616D70223A313737393430353635363938362C224672616D65436F756E746572223A32323531312C2247445F58223A2D302E3030383730343136373739303731303932362C2247445F59223A302E303037333239393334373432333031373032352C2247445F5A223A302E3031373836373130363934343332323538362C2241445F58223A2D302E303034363033363031393932313330323739352C2241445F59223A2D302E303032333233333037303936393538313630342C2241445F5A223A2D302E33323936373536373434333834373635362C2254656D70447370223A302C22537461747573223A302C2243616C69625374617465223A312C22536967416D70496E76616C6964223A307D7D, 138 
05-22 07:20:56.987   544   544 D commservice260303: Push Message into SendPool fn=-900136960
05-22 07:20:56.987   544   544 D commservice260303: ComProtocolLibSend2Cluster::send2ClusterRaw fn=-900136960 , len=345
05-22 07:20:56.987   544   544 D commservice260303: sendCmdToPort :345!!!
05-22 07:20:56.987   544   544 D commservice260303: send Cmd To Port ++++5AA501558A01000059CA6A0F93587B22636F6D6D616E64223A7B226964223A22696D755F737461747573222C22737562223A22227D2C22636F6E74656E74223A7B2254696D655374616D70223A313737393430353635363938362C224672616D65436F756E746572223A32323531312C2247445F58223A2D302E3030383730343136373739303731303932362C2247445F59223A302E303037333239393334373432333031373032352C2247445F5A223A302E3031373836373130363934343332323538362C2241445F58223A2D302E303034363033363031393932313330323739352C2241445F59223A2D302E303032333233333037303936393538313630342C2241445F5A223A2D302E33323936373536373434333834373635362C2254656D70447370223A302C22537461747573223A302C2243616C69625374617465223A312C22536967416D70496E76616C6964223A307D7DB049
05-22 07:20:56.987   544   544 D commservice260303: bufferevent_write retrun value = 0
05-22 07:20:56.988   544   567 D commservice260303: client datas send succeed,send finish
05-22 07:20:56.988  2981  3178 D Sentinelmode_1.2.5.13_alpha: <SentryImuClusterFgeSender>imu_status sent to Linux, frame=22511, tsNs=941954, tsMs=1779405656986, intervalMs=41, ad=(-0.004603602,-0.002323307,-0.32967567), gd=(-0.008704168,0.0073299347,0.017867107)
05-22 07:20:56.988   573   573 I SpiService: fgesysctrl_getGPIO_status success val=1
05-22 07:20:56.988  1026  1026 I MyAppLog: [2026-05-22 07:20:56.987 I tboxap mcuCommTboxmidsRecvCb:96] [Mcu] [mcuCommTboxmidsRecvCb] recv from tboxmids, size:10
05-22 07:20:56.989  1026  1026 I MyAppLog: [2026-05-22 07:20:56.987 I tboxap mcuCommTboxmidsRecvCb:97] [Mcu] [tboxmids -> tboxap]: :00 08 33 01 04 09 03 12 34 56
05-22 07:20:56.989  1026  1026 I MyAppLog: [2026-05-22 07:20:56.987 I tboxap mcuPtlParseData:969] [Mcu] [Mcu  Parse]: (cmd):0903 (param):0903123456
05-22 07:20:56.989  1026  1026 D MyAppLog: [2026-05-22 07:20:56.988 D tboxap mcuCommCbHandel:1009] [Mcu] [Mcu  Rev]: (cmd):0903 (param value):123456
05-22 07:20:56.989  1026  1026 W MyAppLog: [2026-05-22 07:20:56.988 W tboxap mcuParamDataRevPack:897] [Mcu] mcuParamDataRevPack start pack data!!!
05-22 07:20:56.989  1026  1026 W MyAppLog: [2026-05-22 07:20:56.988 W tboxap mcuHandlePowerResultInd:1102] [Mcu] [mcuHandlePowerResultInd] recv 0x0903 power result type:0x12 result:0x34
05-22 06:39:30.731   573   573 D spi_rst_gpio_get_output: GPIO 145 value: 1
05-22 06:39:30.732   573   573 D spidev_ioctl: gpio status=1)
05-22 07:20:56.991   291  1135 D EvsDriver: doneWithFrame
05-22 07:20:56.994   573   573 I SpiService: fgesysctrl_getGPIO_status success val=1
05-22 07:20:56.996  2981  3177 I SentryImuMcuAngleSender: 179.95174rollDeg
05-22 07:20:56.996  2981  3177 I SentryImuMcuAngleSender: 1,0,0
05-22 07:20:56.997  1026  1026 D MyAppLog: [2026-05-22 07:20:56.996 D tboxap tsp_WorkMachineProc:1086] [Tsp] [tsp_WorkMachineProc]TSP_WORK_LOGIN NOW !!!!
05-22 07:20:56.997   824   824 D SurfaceFlinger: unisoc-graphics, commit has frameMissed:2, vysncId:436881
05-22 06:39:30.737   573   573 D spi_rst_gpio_get_output: GPIO 145 value: 1
05-22 06:39:30.737   573   573 D spidev_ioctl: gpio status=1)
05-22 07:20:57.000   573   573 I SpiService: fgesysctrl_getGPIO_status success val=1
05-22 07:20:57.001   964  1804 D [OMXB]  : usingANWBuffer: handle:0xebd446e0, format:1, w:1920, h:1080
05-22 06:39:30.743   573   573 D spi_rst_gpio_get_output: GPIO 145 value: 1
05-22 06:39:30.743   573   573 D spidev_ioctl: gpio status=1)
05-22 07:20:57.002   276   300 I rvcservice: t.code = 0, t.value = 0
05-22 06:39:30.749   573   573 D spi_rst_gpio_get_output: GPIO 145 value: 1
05-22 06:39:30.749   573   573 D spidev_ioctl: gpio status=1)
05-22 07:20:57.006   573   573 I SpiService: fgesysctrl_getGPIO_status success val=1
05-22 07:20:57.009   291  1491 D EvsDriver: forwardFrame
05-22 07:20:57.010   291  1491 D EvsDriver: Delivered 0xb400007b2f47ca30 as id 0
05-22 07:20:57.010  1137  1150 D evsmanagerd: /dev/video4 forwarded the buffer #0 to 0xb4000071fa019690 from 0xb4000071fa01b7d0
05-22 07:20:57.011   291  1135 D EvsDriver: doneWithFrame
05-22 07:20:57.011   573   573 I SpiService: fgesysctrl_getGPIO_status success val=1
05-22 06:39:30.755   573   573 D spi_rst_gpio_get_output: GPIO 145 value: 1
05-22 06:39:30.755   573   573 D spidev_ioctl: gpio status=1)
05-22 07:20:57.014   824   824 D SurfaceFlinger: unisoc-graphics, commit has frameMissed:2, vysncId:436889
05-22 07:20:57.017   573   573 I SpiService: fgesysctrl_getGPIO_status success val=0
05-22 07:20:57.017  2981  3177 I SentryImuMcuAngleSender: 179.94484rollDeg
05-22 07:20:57.017   486   579 I mcuc    : send SPI:6AA602126700028900FA
05-22 07:20:57.017  2981  3177 I SentryImuMcuAngleSender: 1,0,0
05-22 06:39:30.760   573   573 D spi_rst_gpio_get_output: GPIO 145 value: 0
05-22 06:39:30.760   573   573 D spidev_ioctl: gpio status=0)
05-22 07:20:57.022  2203  2203 I ADAYO_LOG_: handleMessage(UsbFunc.java:352)copyQnx = 2
05-22 07:20:57.023  2203  2203 I ADAYO_LOG_: handleMessage(UsbFunc.java:404)copyState = 2
05-22 07:20:57.026   544   544 D commservice260303: msg.id = 1028,1
05-22 07:20:57.026   544   544 D commservice260303: i = 170, msgid = 8A000404
05-22 07:20:57.026   544   544 D commservice260303: msgid = -1979710460,did=138
05-22 07:20:57.026   544   544 D commservice260303: CommProtocolLibCmdBaseI2C::dataproc {"command":{"id":"imu_status","sub":""},"content":{"TimeStamp":1779405657025,"FrameCounter":22512,"GD_X":-0.0097730727866292,"GD_Y":0.006948145572096109,"GD_Z":0.017408855259418488,"AD_X":-0.0033844783902168274,"AD_Y":-0.003536958247423172,"AD_Z":-0.33089542388916016,"TempDsp":0,"Status":0,"CalibState":1,"SigAmpInvalid":0}},-1979710460
05-22 07:20:57.026   544   544 D commservice260303: send2Cluster len:325, 7B22636F6D6D616E64223A7B226964223A22696D755F737461747573222C22737562223A22227D2C22636F6E74656E74223A7B2254696D655374616D70223A313737393430353635373032352C224672616D65436F756E746572223A32323531322C2247445F58223A2D302E303039373733303732373836363239322C2247445F59223A302E3030363934383134353537323039363130392C2247445F5A223A302E3031373430383835353235393431383438382C2241445F58223A2D302E303033333834343738333930323136383237342C2241445F59223A2D302E3030333533363935383234373432333137322C2241445F5A223A2D302E33333038393534323338383931363031362C2254656D70447370223A302C22537461747573223A302C2243616C69625374617465223A312C22536967416D70496E76616C6964223A307D7D, 138 
05-22 07:20:57.026   544   544 D commservice260303: Push Message into SendPool fn=-883359744
05-22 07:20:57.026   544   544 D commservice260303: ComProtocolLibSend2Cluster::send2ClusterRaw fn=-883359744 , len=341
05-22 07:20:57.026   544   544 D commservice260303: sendCmdToPort :341!!!
05-22 07:20:57.026   544   544 D commservice260303: send Cmd To Port ++++5AA501518A01000059CB6A0F93597B22636F6D6D616E64223A7B226964223A22696D755F737461747573222C22737562223A22227D2C22636F6E74656E74223A7B2254696D655374616D70223A313737393430353635373032352C224672616D65436F756E746572223A32323531322C2247445F58223A2D302E303039373733303732373836363239322C2247445F59223A302E3030363934383134353537323039363130392C2247445F5A223A302E3031373430383835353235393431383438382C2241445F58223A2D302E303033333834343738333930323136383237342C2241445F59223A2D302E3030333533363935383234373432333137322C2241445F5A223A2D302E33333038393534323338383931363031362C2254656D70447370223A302C22537461747573223A302C2243616C69625374617465223A312C22536967416D70496E76616C6964223A307D7D6962
05-22 07:20:57.027   544   544 D commservice260303: bufferevent_write retrun value = 0
05-22 07:20:57.027   544   567 D commservice260303: client datas send succeed,send finish
05-22 07:20:57.027  2981  3178 D Sentinelmode_1.2.5.13_alpha: <SentryImuClusterFgeSender>imu_status sent to Linux, frame=22512, tsNs=941990, tsMs=1779405657025, intervalMs=39, ad=(-0.0033844784,-0.0035369582,-0.33089542), gd=(-0.009773073,0.0069481456,0.017408855)
05-22 07:20:57.031   824   824 D SurfaceFlinger: unisoc-graphics, commit has frameMissed:2, vysncId:436890
05-22 07:20:57.032   573   573 I SpiService: fgesysctrl_getGPIO_status success val=1
05-22 06:39:30.775   573   573 D spi_rst_gpio_get_output: GPIO 145 value: 1
05-22 06:39:30.775   573   573 D spidev_ioctl: gpio status=1)
05-22 07:20:57.037   573   573 I SpiService: fgesysctrl_getGPIO_status success val=1
05-22 06:39:30.781   573   573 D spi_rst_gpio_get_output: GPIO 145 value: 1
05-22 07:20:57.037  2981  3177 I SentryImuMcuAngleSender: 179.93794rollDeg
05-22 06:39:30.781   573   573 D spidev_ioctl: gpio status=1)
05-22 07:20:57.037  2981  3177 I SentryImuMcuAngleSender: 1,0,0
05-22 07:20:57.038  1026  1026 D MyAppLog: [2026-05-22 07:20:57.037 D tboxap gpsMcuDataAnalyze:471] [Gps] [gpsMcuDataAnalyze]:$GNRMC,232056.000,V,,,,,,,210526,120.0,E,N,V*43
05-22 07:20:57.038  1026  1026 D MyAppLog: 
05-22 07:20:57.038  1026  1026 D MyAppLog: [2026-05-22 07:20:57.037 D tboxap gpsMcuDataAnalyze:556] [Gps] stGps.stat:0, latitude:0 , longtitude:0,sped:0,direction:0
05-22 07:20:57.042   573   573 I SpiService: fgesysctrl_getGPIO_status success val=1
05-22 07:20:57.043 11323 11374 D ANWStack: [    942025][ANWBT] >>Avctp_L2cap_Data_Ind_Cb
05-22 07:20:57.043 11323 11374 D ANWStack: 
05-22 07:20:57.043 11323 11374 D ANWStack: [    942025][ANWBT] AVCTP Message Length = 22
05-22 07:20:57.043 11323 11374 D ANWStack: [    942025][ANWBT] Receive AVCTP_SINGLE_PACKET
05-22 07:20:57.043 11323 11374 D ANW_AVRCP: (11323|0xD12C8CB0)[AVRCP] [**AVRCP**] 0xd2 0x110e
05-22 06:39:30.786   573   573 D spi_rst_gpio_get_output: GPIO 145 value: 1
05-22 07:20:57.043 11323 11374 D ANW_AVRCP: (11323|0xD12C8CB0)[AVRCP] opcode match 0x0
05-22 07:20:57.043 11323 11374 D ANW_AVRCP: 
05-22 06:39:30.786   573   573 D spidev_ioctl: gpio status=1)
05-22 07:20:57.043 11323 11374 D ANW_AVRCP: (11323|0xD12C8CB0)[AVRCP] subopcode match 0x30, update ctype 0x1->0xc
05-22 07:20:57.043 11323 11374 D ANW_AVRCP: 
05-22 07:20:57.043 11323 11374 D ANW_AVRCP: (11323|0xD12C8CB0)[AVRCP] AVRCP_Packet_Parser Response
05-22 07:20:57.043 11323 11374 D ANW_AVRCP: 
05-22 07:20:57.044 11323 11374 D ANW_AVRCP: (11323|0xD12C8CB0)[AVRCP] AVRCP_Get_Play_Status_RSP_Handler 96190/169130 1
05-22 07:20:57.044 11323 11374 D ANWAPI  : (11323|0xD12C8CB0)[BTAPI] connmgr_find_by_handle pData = 0xb4000078d2e60eb0,7
05-22 07:20:57.044 11323 11374 D ANWAPI  : (11323|0xD12C8CB0)[BTAPI] ===BTAPI_MallocIdxMsg 1030 16
05-22 07:20:57.044 11323 11374 D ANWAPI  : (11323|0xD12C8CB0)[BTAPI] *BT_CB_Dispatch
05-22 07:20:57.044 11323 11374 D ANWAPI  : (11323|0xD12C8CB0)[BTAPI] *****SDK callback(0x406)
05-22 07:20:57.044 11323 11374 D ANWAPI  : (11323|0xD12C8CB0)[BTAPI] SDK***** [1c:11:2f:7c:1d:68]
05-22 07:20:57.044 11323 11374 D ANWAPI  : (11323|0xD12C8CB0)[BTAPI] btsdk_exec_apicb start
05-22 07:20:57.044 11323 11374 D ANWAPI  : (11323|0xD12C8CB0)[BTAPI] Up: AvrcpMsgHandler receive[1C:11:2F:7C:1D:68], Get Device ID(0)
05-22 07:20:57.044 11323 11374 D ANWAPI  : 
05-22 07:20:57.044 11323 11374 D ANWAPI  : (11323|0xD12C8CB0)[BTAPI] Up: AnWBT_AVRCP_CURRENT_PLAY_STATUS_IND
05-22 07:20:57.044 11323 11374 D ANWAPI  : 
05-22 07:20:57.044 11323 11374 D ANWAPI  : (11323|0xD12C8CB0)[BTAPI] songLengthMs     =169130
05-22 07:20:57.044 11323 11374 D ANWAPI  : 
05-22 07:20:57.044 11323 11374 D ANWAPI  : (11323|0xD12C8CB0)[BTAPI] songPositionMs   =96190
05-22 07:20:57.044 11323 11374 D ANWAPI  : 
05-22 07:20:57.044 11323 11374 I ANW bt_btif: AvrcpMsgHandler: HAL bt_rc_ctrl_callbacks->play_position_changed_cb
05-22 06:39:30.791   573   573 D spi_rst_gpio_get_output: GPIO 145 value: 1
05-22 06:39:30.791   573   573 D spidev_ioctl: gpio status=1)
05-22 07:20:57.044 11323 11374 I BluetoothAvrcpControllerJni: btavrcp_play_position_changed_callback
05-22 06:39:30.797   573   573 D spi_rst_gpio_get_output: GPIO 145 value: 1
05-22 06:39:30.797   573   573 D spidev_ioctl: gpio status=1)
05-22 07:20:57.044 11323 11374 D AvrcpControllerService: onPlayPositionChanged pos 96190
05-22 07:20:57.044   291  1491 D EvsDriver: forwardFrame
05-22 07:20:57.044 11323 11374 D ANWAPI  : (11323|0xD12C8CB0)[BTAPI] currentPlayStatus=1
05-22 07:20:57.044 11323 11374 D ANWAPI  : 
05-22 07:20:57.044 11323 11374 I ANW bt_btif: AvrcpMsgHandler: HAL bt_rc_ctrl_callbacks->play_status_changed_cb
05-22 07:20:57.044 11323 11374 I BluetoothAvrcpControllerJni: btavrcp_play_status_changed_callback
05-22 07:20:57.044 11323 11374 D AvrcpControllerService: onPlayStatusChanged 1
05-22 07:20:57.045 11323 11374 D ANWAPI  : (11323|0xD12C8CB0)[BTAPI] btsdk_exec_apicb end
05-22 07:20:57.045  1517  1517 E sysUI_NavBarFragment: [main] - SysUIConfig.icCarServiceConnected：false
05-22 07:20:57.045  1658  2866 D AIN-HttpHealthPolicy: call() called start, host=weixin.qq.com
05-22 07:20:57.046   291  1491 D EvsDriver: Delivered 0xb400007b2f47ca30 as id 0
05-22 07:20:57.047  1137  1150 D evsmanagerd: /dev/video4 forwarded the buffer #0 to 0xb4000071fa019690 from 0xb4000071fa01b7d0
05-22 07:20:57.047 11323 13102 D AvrcpControllerStateMachine: Avrcp.GetFolderList processMessage 206
05-22 07:20:57.047 11323 13102 D AvrcpControllerStateMachine: Avrcp.ConnectedAvrcpController processMessage 206
05-22 07:20:57.047 11323 13102 D AvrcpPlayer: getPlayBackState state 3 time 96190
05-22 07:20:57.047 11323 13102 D BluetoothMediaBrowserService: notifyChanged PlaybackStatePlaybackState {state=3, position=96190, buffered position=0, speed=1.0, updated=942029, actions=2375735, error code=0, error message=null, custom actions=[], active item id=9}
05-22 07:20:57.047   947 16840 D resolv  : GetAddrInfoHandler::run: {0 786432 0 983040 1000 0}
05-22 06:39:30.803   573   573 D spi_rst_gpio_get_output: GPIO 145 value: 0
05-22 07:20:57.048   573   573 I SpiService: fgesysctrl_getGPIO_status success val=1
05-22 07:20:57.049   947 16840 D resolv  : resolv_getaddrinfo: explore_fqdn(): ai_family=0 ai_socktype=1 ai_protocol=6
05-22 07:20:57.052   291  1135 D EvsDriver: doneWithFrame
05-22 07:20:57.053  3735  3735 I NSLogUtils_BtMusicModel: onPlaybackStateChanged state: PlaybackState {state=3, position=96190, buffered position=0, speed=1.0, updated=942029, actions=2375735, custom actions=[], active item id=9, error=null} mIsBCallInCall=false
05-22 07:20:57.053 11323 13102 D AvrcpControllerStateMachine: Avrcp.GetFolderList processMessage 207
05-22 07:20:57.053 11323 13102 D AvrcpControllerStateMachine: Avrcp.ConnectedAvrcpController processMessage 207
05-22 07:20:57.053 11323 13102 D AvrcpPlayer: getPlayBackState state 3 time 96196
05-22 07:20:57.054   573   573 I SpiService: fgesysctrl_getGPIO_status success val=1
05-22 07:20:57.055  3735  3735 I NSLogUtils_BtMusicModel: musicChange metaData: android.media.MediaMetadata@94198280
05-22 07:20:57.055 11323 13102 D BluetoothMediaBrowserService: notifyChanged PlaybackStatePlaybackState {state=3, position=96196, buffered position=0, speed=1.0, updated=942035, actions=2375735, error code=0, error message=null, custom actions=[], active item id=9}
05-22 07:20:57.055  3735  3735 I NSLogUtils_BtMusicModel: musicChange title: Top Barry：,artist: Wish u never-TF_ING张子墨/Top Barry,duration: 169130,album: Wish u never,albumArtUri: null
05-22 07:20:57.056  3735  3735 D NSLogUtils_MediaForegroundService: updateNotification isPlaying=true title=Top Barry： text=Wish u never-TF_ING张子墨/Top Barry
05-22 07:20:57.058  1658  2866 W AIN-HttpHealthPolicy: call() called error, host=weixin.qq.com, err_msg=Unable to resolve host "weixin.qq.com": No address associated with hostname
05-22 07:20:57.058  2981  3177 I SentryImuMcuAngleSender: 179.94484rollDeg
05-22 07:20:57.058  2981  3177 I SentryImuMcuAngleSender: 1,0,0
05-22 07:20:57.058  1658  2865 D AIN-PingWorker: updateHost: result=true,host=weixin.qq.com,delay=-1
05-22 07:20:57.058  1658  2865 D AIN-NetCheckerOutputer: onWeak
05-22 07:20:57.059  1658  2865 D AIN-ServiceHub: getService with: name = service_tracker
05-22 07:20:57.059   573   573 I SpiService: fgesysctrl_getGPIO_status success val=0
05-22 07:20:57.064 11323 13102 D AvrcpControllerStateMachine: Avrcp.ConnectedAvrcpController shouldRequestFocus() true
05-22 06:39:30.803   573   573 D spidev_ioctl: gpio status=0)
05-22 07:20:57.066   737   737 D NotificationService: EnqueueNotificationRunnable.run for: 0|com.neusoft.btmusic|8001|null|1000
05-22 07:20:57.066  3735  3735 D NSLogUtils_BluetoothPlayerService: mPlaybackStateObserver isConnected: true
05-22 07:20:57.066  3735  3735 D NSLogUtils_BluetoothPlayerService: played trigger application focus
05-22 07:20:57.066   737   737 I notification_enqueue: [1000,3735,com.neusoft.btmusic,8001,NULL,0,Notification(channel=media_playback_channel shortcut=null contentView=null vibrate=null sound=null defaults=0x0 flags=0x4a color=0x00000000 category=transport groupKey=silent actions=3 vis=PUBLIC),1]
05-22 07:20:57.066   544   544 D commservice260303: msg.id = 1028,0
05-22 07:20:57.066  3735  3735 D NSLogUtils_SourceChangeManager: getCurrentSourceWithoutDefaultValue source: MUSIC_SOURCE_BT
05-22 07:20:57.066   544   544 D commservice260303: i = 170, msgid = 8A000404
05-22 07:20:57.066  3735  3735 D NSLogUtils_SourceChangeManager: setCurrentSource new source: MUSIC_SOURCE_BT ,currentSource: MUSIC_SOURCE_BT
05-22 07:20:57.066   544   544 D commservice260303: msgid = -1979710460,did=138
05-22 07:20:57.066  3735  3735 E NSLogUtils_SourceChangeManager: setCurrentSource error, because currentSource is the same as source
05-22 07:20:57.066   544   544 D commservice260303: CommProtocolLibCmdBaseI2C::dataproc {"command":{"id":"imu_status","sub":""},"content":{"TimeStamp":1779405657065,"FrameCounter":22513,"GD_X":-0.008781149983406067,"GD_Y":0.007558800280094147,"GD_Z":0.017867106944322586,"AD_X":-0.002775624394416809,"AD_Y":-0.001701926812529564,"AD_Z":-0.32967567443847656,"TempDsp":0,"Status":0,"CalibState":1,"SigAmpInvalid":0}},-1979710460
05-22 07:20:57.067  3735  3735 D NSLogUtils_MainActivity: progress->96210
05-22 07:20:57.067   544   544 D commservice260303: send2Cluster len:326, 7B22636F6D6D616E64223A7B226964223A22696D755F737461747573222C22737562223A22227D2C22636F6E74656E74223A7B2254696D655374616D70223A313737393430353635373036352C224672616D65436F756E746572223A32323531332C2247445F58223A2D302E3030383738313134393938333430363036372C2247445F59223A302E3030373535383830303238303039343134372C2247445F5A223A302E3031373836373130363934343332323538362C2241445F58223A2D302E3030323737353632343339343431363830392C2241445F59223A2D302E3030313730313932363831323532393536342C2241445F5A223A2D302E33323936373536373434333834373635362C2254656D70447370223A302C22537461747573223A302C2243616C69625374617465223A312C22536967416D70496E76616C6964223A307D7D, 138 
05-22 07:20:57.067   544   544 D commservice260303: Push Message into SendPool fn=-866582528
05-22 07:20:57.067   544   544 D commservice260303: ComProtocolLibSend2Cluster::send2ClusterRaw fn=-866582528 , len=342
05-22 07:20:57.067   544   544 D commservice260303: sendCmdToPort :342!!!
05-22 07:20:57.067   544   544 D commservice260303: send Cmd To Port ++++5AA501528A01000059CC6A0F93597B22636F6D6D616E64223A7B226964223A22696D755F737461747573222C22737562223A22227D2C22636F6E74656E74223A7B2254696D655374616D70223A313737393430353635373036352C224672616D65436F756E746572223A32323531332C2247445F58223A2D302E3030383738313134393938333430363036372C2247445F59223A302E3030373535383830303238303039343134372C2247445F5A223A302E3031373836373130363934343332323538362C2241445F58223A2D302E3030323737353632343339343431363830392C2241445F59223A2D302E3030313730313932363831323532393536342C2241445F5A223A2D302E33323936373536373434333834373635362C2254656D70447370223A302C22537461747573223A302C2243616C69625374617465223A312C22536967416D70496E76616C6964223A307D7D6D7C
05-22 07:20:57.067   544   544 D commservice260303: bufferevent_write retrun value = 0
05-22 07:20:57.067   544   567 D commservice260303: client datas send succeed,send finish
05-22 07:20:57.067  2981  3178 D Sentinelmode_1.2.5.13_alpha: <SentryImuClusterFgeSender>imu_status sent to Linux, frame=22513, tsNs=942044, tsMs=1779405657065, intervalMs=40, ad=(-0.0027756244,-0.0017019268,-0.32967567), gd=(-0.00878115,0.0075588003,0.017867107)
05-22 07:20:57.068  1812  1812 I ExtAssistant: ENQUEUED 0|com.neusoft.btmusic|8001|null|1000 on media_playback_channel
05-22 07:20:57.069  1812  2664 D ExtAssistant: Creating Adjustment for 0|com.neusoft.btmusic|8001|null|1000, with 0 actions, and 0 replies.
05-22 07:20:57.070 11323 11323 D MediaPlayerList: sendMediaUpdate
05-22 07:20:57.070 11323 11323 I MediaPlayerList: sendMediaUpdate: Creating a one item queue for a player with no queue
05-22 07:20:57.070 11323 11323 D MediaPlayerList: sendMediaUpdate state=PlaybackState {state=3, position=96204, buffered position=0, speed=1.0, updated=942051, actions=566, custom actions=[], active item id=-1, error=null}
05-22 07:20:57.070 11323 11323 D AvrcpTargetService: onMediaUpdated: track_changed=false state=true queue=false
05-22 07:20:57.070 11323 11323 D AvrcpNativeInterface: sendMediaUpdate: metadata=false playStatus=true queue=false
05-22 07:20:57.070 11323 11323 D AvrcpTargetJni: sendMediaUpdateNative
05-22 07:20:57.070 11323 11323 I droid.bluetooth: run avrcp SendMediaUpdate, AnW
05-22 07:20:57.070 11323 11323 D ANWAPI  : (11323|0x2B6584F8)[BTAPI] Handle_Hal_Callback, callback_type(9)
05-22 07:20:57.070 11323 11374 I droid.bluetooth: run doGetPlaystatus, AnW
05-22 07:20:57.070 11323 11374 D AvrcpTargetJni: getCurrentPlayStatus
05-22 07:20:57.070 11323 11374 D AvrcpNativeInterface: getPlayStatus
05-22 07:20:57.071 11323 11374 D ANWAPI  : (11323|0xD12C8CB0)[BTAPI] BT Addres is NULL , checking which array is connected
05-22 07:20:57.071 11323 11374 D ANWAPI  : 
05-22 07:20:57.071 11323 11374 D ANWAPI  : (11323|0xD12C8CB0)[BTAPI] SPPMIN(0)SPPMAX(0)
05-22 07:20:57.071 11323 11374 D ANWAPI  : 
05-22 07:20:57.071 11323 11374 D ANWAPI  : (11323|0xD12C8CB0)[BTAPI] In Three Step Get Device ID(0)
05-22 07:20:57.071 11323 11374 D ANWAPI  : 
05-22 07:20:57.071 11323 11374 D ANWAPI  : (11323|0xD12C8CB0)[BTAPI] run Get_ID_By_AVRCPTarget_SpecialState(4)
05-22 07:20:57.071 11323 11374 D ANWAPI  : 
05-22 07:20:57.074   964  1804 D [OMXB]  : usingANWBuffer: handle:0xebd43450, format:1, w:1920, h:1080
05-22 07:20:57.075   486   580 I mcuc    : rev,n=1,6AA6811268000A8900340104091212345682
05-22 07:20:57.075  1091  1116 I tboxmids_ap: [2026-05-22 07:20:57.075] [MCU RX] src=MCU dst=ZMQ len=10 type=BINARY data=00 08 34 01 04 09 12 12 34 56 
05-22 07:20:57.075   344   361 D automotive.vehicle@2.0-adayo-datacomm-mcu: MCUDatacomm sendMessageFromVehicle prop: 0x89, areaId: 0x0, status: 0x34, timestamp: 0x1
05-22 07:20:57.075   573   573 I SpiService: fgesysctrl_getGPIO_status success val=1
05-22 07:20:57.075   344   361 D automotive.vehicle@2.0-adayo-datacomm-mcu: MCUDatacomm 1sendMessageFromVehicle ---> type = 12 
05-22 07:20:57.076  1026  1026 I MyAppLog: [2026-05-22 07:20:57.075 I tboxap mcuCommTboxmidsRecvCb:96] [Mcu] [mcuCommTboxmidsRecvCb] recv from tboxmids, size:10
05-22 07:20:57.076  1026  1026 I MyAppLog: [2026-05-22 07:20:57.075 I tboxap mcuCommTboxmidsRecvCb:97] [Mcu] [tboxmids -> tboxap]: :00 08 34 01 04 09 12 12 34 56
05-22 07:20:57.076  1026  1026 W MyAppLog: [2026-05-22 07:20:57.075 W tboxap mcuYadiFrameParse:831] [Mcu] [mcuYadiFrameParse] cmd:0912(MCU_MAIN_BATT_DYNAMIC_IND) payload too short:5 < 36
05-22 07:20:57.076  1026  1026 W MyAppLog: [2026-05-22 07:20:57.075 W tboxap mcuPtlParseData:961] [Mcu] [mcuPtlParseData] invalid yadi frame, len:10
05-22 06:39:30.819   573   573 D spi_rst_gpio_get_output: GPIO 145 value: 1
05-22 06:39:30.819   573   573 D spidev_ioctl: gpio status=1)
05-22 07:20:57.077   291  1491 D EvsDriver: forwardFrame
05-22 07:20:57.078  2981  3177 I SentryImuMcuAngleSender: 179.93448rollDeg
05-22 07:20:57.078  2981  3177 I SentryImuMcuAngleSender: 1,0,0
05-22 07:20:57.079   291  1491 D EvsDriver: Delivered 0xb400007b2f47ca30 as id 0
05-22 07:20:57.079  1137  1150 D evsmanagerd: /dev/video4 forwarded the buffer #0 to 0xb4000071fa019690 from 0xb4000071fa01b7d0
05-22 07:20:57.081   573   573 I SpiService: fgesysctrl_getGPIO_status success val=1
05-22 06:39:30.824   573   573 D spi_rst_gpio_get_output: GPIO 145 value: 1
05-22 07:20:57.082   291  1135 D EvsDriver: doneWithFrame
05-22 06:39:30.824   573   573 D spidev_ioctl: gpio status=1)
05-22 07:20:57.085  3735  3735 I NSLogUtils_BtMusicModel: onPlaybackStateChanged state: PlaybackState {state=3, position=96196, buffered position=0, speed=1.0, updated=942035, actions=2375735, custom actions=[], active item id=9, error=null} mIsBCallInCall=false
05-22 07:20:57.086   573   573 I SpiService: fgesysctrl_getGPIO_status success val=1
05-22 07:20:57.087  3735  3735 I NSLogUtils_BtMusicModel: musicChange metaData: android.media.MediaMetadata@94198280
05-22 07:20:57.088  3735  3735 I NSLogUtils_BtMusicModel: musicChange title: Top Barry：,artist: Wish u never-TF_ING张子墨/Top Barry,duration: 169130,album: Wish u never,albumArtUri: null
05-22 07:20:57.088  3735  3735 D NSLogUtils_MediaForegroundService: updateNotification isPlaying=true title=Top Barry： text=Wish u never-TF_ING张子墨/Top Barry
05-22 07:20:57.089 11323 11323 W AudioMediaPlayerWrapper: onPlaybackStateChanged(): com.neusoft.btmusic tried to update with no new data
05-22 06:39:30.829   573   573 D spi_rst_gpio_get_output: GPIO 145 value: 1
05-22 06:39:30.829   573   573 D spidev_ioctl: gpio status=1)
05-22 07:20:57.091  3735  3735 D NSLogUtils_BluetoothPlayerService: mPlaybackStateObserver isConnected: true
05-22 07:20:57.091  3735  3735 D NSLogUtils_BluetoothPlayerService: played trigger application focus
05-22 07:20:57.091  3735  3735 D NSLogUtils_SourceChangeManager: getCurrentSourceWithoutDefaultValue source: MUSIC_SOURCE_BT
05-22 07:20:57.091  3735  3735 D NSLogUtils_SourceChangeManager: setCurrentSource new source: MUSIC_SOURCE_BT ,currentSource: MUSIC_SOURCE_BT
