01-30 10:35:57.491  9391  9440 D ANWAPI  : (9391|0x85AB6CB0)[BTAPI] anwbt_ble_le_discoveryHandler
01-30 10:35:57.491  9391  9440 D ANWAPI  : 
01-30 10:35:57.491  9391  9440 D ANWAPI  : (9391|0x85AB6CB0)[BTAPI] anwbt_ble_le_discoveryHandler newDevice=0xb400fa3d7dab349a,status=0,idx=255,scanLen=0,len=31,RSSI[-80]
01-30 10:35:57.491  9391  9440 D ANWAPI  : (9391|0x85AB6CB0)[BTAPI] AnWBT_BLE_GetFirstRandomAddr start,btaddr=[0x4a:0x91:0x65:0xc:0xc1:0x9],addrType=1
01-30 10:35:57.491  9391  9440 D ANWAPI  : (9391|0x85AB6CB0)[BTAPI] AnWBT_BLE_GetFirstRandomAddr end,btaddr=[0x4a:0x91:0x65:0xc:0xc1:0x9]
01-30 10:35:57.491  9391  9440 D ANWAPI  : (9391|0x85AB6CB0)[BTAPI] send_BLE_discoveryHandler_Message event type: 0x3
01-30 10:35:57.491  9391  9440 D ANWAPI  : 
01-30 10:35:57.491  9391  9440 D ANW bt_btif: send_BLE_discoveryHandler_Message cod is 0x000000
01-30 10:35:57.491  9391  9440 D ANW bt_btif: btif_storage_add_remote_device, AnW
01-30 10:35:57.491  9391  9440 D ANW bt_btif: in, bd addr:09:c1:0c:65:91:4a, prop type:255, len:6
01-30 10:35:57.491  9391  9440 D ANW bt_btif: btif_in_fetch_bonded_device, AnW
01-30 10:35:57.491  9391  9440 D ANW bt_btif: btif_in_fetch_bonded_ble_device Found a LE device: 09:c1:0c:65:91:4a
01-30 10:35:57.491  9391  9440 D ANW bt_btif: btif_storage_get_remote_addr_type, AnW
01-30 10:35:57.491  9391  9440 D ANW bt_btif: btif_in_fetch_bonded_ble_device, AnW key_not_found
01-30 10:35:57.491  9391  9440 D ANW bt_btif: Remote device:09:c1:0c:65:91:4a, no link key or ble key found
01-30 10:35:57.491  9391  9440 D ANW bt_btif: in, bd addr:09:c1:0c:65:91:4a, prop type:5, len:4
01-30 10:35:57.491  9391  9440 D ANW bt_btif: btif_in_fetch_bonded_device, AnW
01-30 10:35:57.491  9391  9440 D ANW bt_btif: btif_in_fetch_bonded_ble_device Found a LE device: 09:c1:0c:65:91:4a
01-30 10:35:57.491  9391  9440 D ANW bt_btif: btif_storage_get_remote_addr_type, AnW
01-30 10:35:57.491  9391  9440 D ANW bt_btif: btif_in_fetch_bonded_ble_device, AnW key_not_found
01-30 10:35:57.491  9391  9440 D ANW bt_btif: Remote device:09:c1:0c:65:91:4a, no link key or ble key found
01-30 10:35:57.491  9391  9440 D ANW bt_btif: in, bd addr:09:c1:0c:65:91:4a, prop type:11, len:1
01-30 10:35:57.491  9391  9440 D ANW bt_btif: btif_in_fetch_bonded_device, AnW
01-30 10:35:57.491  9391  9440 D ANW bt_btif: btif_in_fetch_bonded_ble_device Found a LE device: 09:c1:0c:65:91:4a
01-30 10:35:57.491  9391  9440 D ANW bt_btif: btif_storage_get_remote_addr_type, AnW
01-30 10:35:57.491  9391  9440 D ANW bt_btif: btif_in_fetch_bonded_ble_device, AnW key_not_found
01-30 10:35:57.491  9391  9440 D ANW bt_btif: Remote device:09:c1:0c:65:91:4a, no link key or ble key found
01-30 10:35:57.491  9391  9440 D ANW bt_btif: btif_storage_set_remote_addr_type, AnW
01-30 10:35:57.491  9391  9440 I ANW bt_btif: onScanResult, address_type=1, primary_phy= 0, secondary_phy=0, ad size= 31
01-30 10:35:57.491  9391  9440 I ANW bt_btif: onScanResult: HAL bt_gatt_callbacks->scanner->scan_result_cb
01-30 10:35:57.493   652  2032 I audio_hw_streamer: 569 capture_thread_loop: select [ch 8 -> ch 4] [15360 -> 7680] bytes data 
01-30 10:35:57.501  9391  9440 D ANWStack: [    234040][ANWBT] HCI Rx: LE Meta Event, HCI_evLEADVERTISINGREPORT, subevent_code=0x2 Num_Reports=1
01-30 10:35:57.501  9391  9440 D ANWStack: 
01-30 10:35:57.501  9391  9440 D ANWAPI  : (9391|0x85AB6CB0)[BTAPI] AnwhciEventCallback 62 2
01-30 10:35:57.501  9391  9440 D ANWAPI  : (9391|0x85AB6CB0)[BTAPI] btsdk_le_DiscoveryCallback eventtype[3]
01-30 10:35:57.501  9391  9440 D ANWAPI  : (9391|0x85AB6CB0)[BTAPI] anwbt_ble_le_discoveryHandler
01-30 10:35:57.501  9391  9440 D ANWAPI  : 
01-30 10:35:57.501  9391  9440 D ANWAPI  : (9391|0x85AB6CB0)[BTAPI] anwbt_ble_le_discoveryHandler newDevice=0xb400fa3d7dab349a,status=0,idx=255,scanLen=0,len=31,RSSI[-81]
01-30 10:35:57.501  9391  9440 D ANWAPI  : (9391|0x85AB6CB0)[BTAPI] AnWBT_BLE_GetFirstRandomAddr start,btaddr=[0x1a:0xb2:0x49:0x7d:0x23:0x17],addrType=1
01-30 10:35:57.501  9391  9440 D ANWAPI  : (9391|0x85AB6CB0)[BTAPI] AnWBT_BLE_GetFirstRandomAddr end,btaddr=[0x1a:0xb2:0x49:0x7d:0x23:0x17]
01-30 10:35:57.501  9391  9440 D ANWAPI  : (9391|0x85AB6CB0)[BTAPI] send_BLE_discoveryHandler_Message event type: 0x3
01-30 10:35:57.501  9391  9440 D ANWAPI  : 
01-30 10:35:57.501  9391  9440 D ANW bt_btif: send_BLE_discoveryHandler_Message cod is 0x000000
01-30 10:35:57.502  9391  9440 D ANW bt_btif: btif_storage_add_remote_device, AnW
01-30 10:35:57.502  9391  9440 D ANW bt_btif: in, bd addr:17:23:7d:49:b2:1a, prop type:255, len:6
01-30 10:35:57.502  9391  9440 D ANW bt_btif: btif_in_fetch_bonded_device, AnW
01-30 10:35:57.502  9391  9440 D ANW bt_btif: btif_in_fetch_bonded_ble_device Found a LE device: 17:23:7d:49:b2:1a
01-30 10:35:57.502  9391  9440 D ANW bt_btif: btif_storage_get_remote_addr_type, AnW
01-30 10:35:57.502  9391  9440 D ANW bt_btif: btif_in_fetch_bonded_ble_device, AnW key_not_found
01-30 10:35:57.502  9391  9440 D ANW bt_btif: Remote device:17:23:7d:49:b2:1a, no link key or ble key found
01-30 10:35:57.502  9391  9440 D ANW bt_btif: in, bd addr:17:23:7d:49:b2:1a, prop type:5, len:4
01-30 10:35:57.502  9391  9440 D ANW bt_btif: btif_in_fetch_bonded_device, AnW
01-30 10:35:57.502  9391  9440 D ANW bt_btif: btif_in_fetch_bonded_ble_device Found a LE device: 17:23:7d:49:b2:1a
01-30 10:35:57.502  9391  9440 D ANW bt_btif: btif_storage_get_remote_addr_type, AnW
01-30 10:35:57.502  9391  9440 D ANW bt_btif: btif_in_fetch_bonded_ble_device, AnW key_not_found
01-30 10:35:57.502  9391  9440 D ANW bt_btif: Remote device:17:23:7d:49:b2:1a, no link key or ble key found
01-30 10:35:57.502  9391  9440 D ANW bt_btif: in, bd addr:17:23:7d:49:b2:1a, prop type:11, len:1
01-30 10:35:57.502  9391  9440 D ANW bt_btif: btif_in_fetch_bonded_device, AnW
01-30 10:35:57.502  9391  9440 D ANW bt_btif: btif_in_fetch_bonded_ble_device Found a LE device: 17:23:7d:49:b2:1a
01-30 10:35:57.502  9391  9440 D ANW bt_btif: btif_storage_get_remote_addr_type, AnW
01-30 10:35:57.502  9391  9440 D ANW bt_btif: btif_in_fetch_bonded_ble_device, AnW key_not_found
01-30 10:35:57.502  9391  9440 D ANW bt_btif: Remote device:17:23:7d:49:b2:1a, no link key or ble key found
01-30 10:35:57.502  9391  9440 D ANW bt_btif: btif_storage_set_remote_addr_type, AnW
01-30 10:35:57.502  9391  9440 I ANW bt_btif: onScanResult, address_type=1, primary_phy= 0, secondary_phy=0, ad size= 31
01-30 10:35:57.502  9391  9440 I ANW bt_btif: onScanResult: HAL bt_gatt_callbacks->scanner->scan_result_cb
01-30 10:35:57.506  9391  9440 D ANWStack: [    234046][ANWBT] HCI Rx: LE Meta Event, HCI_evLEADVERTISINGREPORT, subevent_code=0x2 Num_Reports=1
01-30 10:35:57.506  9391  9440 D ANWStack: 
01-30 10:35:57.507  9391  9440 D ANWAPI  : (9391|0x85AB6CB0)[BTAPI] AnwhciEventCallback 62 2
01-30 10:35:57.507  9391  9440 D ANWAPI  : (9391|0x85AB6CB0)[BTAPI] btsdk_le_DiscoveryCallback eventtype[3]
01-30 10:35:57.507  9391  9440 D ANWAPI  : (9391|0x85AB6CB0)[BTAPI] anwbt_ble_le_discoveryHandler
01-30 10:35:57.507  9391  9440 D ANWAPI  : 
01-30 10:35:57.507  9391  9440 D ANWAPI  : (9391|0x85AB6CB0)[BTAPI] anwbt_ble_le_discoveryHandler newDevice=0xb400fa3d7dab349a,status=0,idx=255,scanLen=0,len=31,RSSI[-69]
01-30 10:35:57.507  9391  9440 D ANWAPI  : (9391|0x85AB6CB0)[BTAPI] AnWBT_BLE_GetFirstRandomAddr start,btaddr=[0xca:0x96:0x2a:0x46:0xf2:0x28],addrType=1
01-30 10:35:57.507  9391  9440 D ANWAPI  : (9391|0x85AB6CB0)[BTAPI] AnWBT_BLE_GetFirstRandomAddr end,btaddr=[0xca:0x96:0x2a:0x46:0xf2:0x28]
01-30 10:35:57.507  9391  9440 D ANWAPI  : (9391|0x85AB6CB0)[BTAPI] send_BLE_discoveryHandler_Message event type: 0x3
01-30 10:35:57.507  9391  9440 D ANWAPI  : 
01-30 10:35:57.507  9391  9440 D ANW bt_btif: send_BLE_discoveryHandler_Message cod is 0x000000
01-30 10:35:57.507  9391  9440 D ANW bt_btif: btif_storage_add_remote_device, AnW
01-30 10:35:57.507  9391  9440 D ANW bt_btif: in, bd addr:28:f2:46:2a:96:ca, prop type:255, len:6
01-30 10:35:57.507  9391  9440 D ANW bt_btif: btif_in_fetch_bonded_device, AnW
01-30 10:35:57.507  9391  9440 D ANW bt_btif: btif_in_fetch_bonded_ble_device Found a LE device: 28:f2:46:2a:96:ca
01-30 10:35:57.507  9391  9440 D ANW bt_btif: btif_storage_get_remote_addr_type, AnW
01-30 10:35:57.507  9391  9440 D ANW bt_btif: btif_in_fetch_bonded_ble_device, AnW key_not_found
01-30 10:35:57.507  9391  9440 D ANW bt_btif: Remote device:28:f2:46:2a:96:ca, no link key or ble key found
01-30 10:35:57.507  9391  9440 D ANW bt_btif: in, bd addr:28:f2:46:2a:96:ca, prop type:5, len:4
01-30 10:35:57.507  9391  9440 D ANW bt_btif: btif_in_fetch_bonded_device, AnW
01-30 10:35:57.507  9391  9440 D ANW bt_btif: btif_in_fetch_bonded_ble_device Found a LE device: 28:f2:46:2a:96:ca
01-30 10:35:57.507  9391  9440 D ANW bt_btif: btif_storage_get_remote_addr_type, AnW
01-30 10:35:57.507  9391  9440 D ANW bt_btif: btif_in_fetch_bonded_ble_device, AnW key_not_found
01-30 10:35:57.507  9391  9440 D ANW bt_btif: Remote device:28:f2:46:2a:96:ca, no link key or ble key found
01-30 10:35:57.507  9391  9440 D ANW bt_btif: in, bd addr:28:f2:46:2a:96:ca, prop type:11, len:1
01-30 10:35:57.507  9391  9440 D ANW bt_btif: btif_in_fetch_bonded_device, AnW
01-30 10:35:57.507  9391  9440 D ANW bt_btif: btif_in_fetch_bonded_ble_device Found a LE device: 28:f2:46:2a:96:ca
01-30 10:35:57.507  9391  9440 D ANW bt_btif: btif_storage_get_remote_addr_type, AnW
01-30 10:35:57.507  9391  9440 D ANW bt_btif: btif_in_fetch_bonded_ble_device, AnW key_not_found
01-30 10:35:57.507  9391  9440 D ANW bt_btif: Remote device:28:f2:46:2a:96:ca, no link key or ble key found
01-30 10:35:57.507  9391  9440 D ANW bt_btif: btif_storage_set_remote_addr_type, AnW
01-30 10:35:57.507  9391  9440 I ANW bt_btif: onScanResult, address_type=1, primary_phy= 0, secondary_phy=0, ad size= 31
01-30 10:35:57.507  9391  9440 I ANW bt_btif: onScanResult: HAL bt_gatt_callbacks->scanner->scan_result_cb
01-30 10:35:57.513   652  2032 I audio_hw_streamer: 569 capture_thread_loop: select [ch 8 -> ch 4] [15360 -> 7680] bytes data 
01-30 10:35:57.524  9391  9440 D ANWStack: [    234063][ANWBT] HCI Rx: LE Meta Event, HCI_evLEADVERTISINGREPORT, subevent_code=0x2 Num_Reports=1
01-30 10:35:57.524  9391  9440 D ANWStack: 
01-30 10:35:57.524  9391  9440 D ANWAPI  : (9391|0x85AB6CB0)[BTAPI] AnwhciEventCallback 62 2
01-30 10:35:57.524  9391  9440 D ANWAPI  : (9391|0x85AB6CB0)[BTAPI] btsdk_le_DiscoveryCallback eventtype[3]
01-30 10:35:57.524  9391  9440 D ANWAPI  : (9391|0x85AB6CB0)[BTAPI] anwbt_ble_le_discoveryHandler
01-30 10:35:57.524  9391  9440 D ANWAPI  : 
01-30 10:35:57.524  9391  9440 D ANWAPI  : (9391|0x85AB6CB0)[BTAPI] anwbt_ble_le_discoveryHandler newDevice=0xb400fa3d7dab349a,status=0,idx=255,scanLen=0,len=31,RSSI[-71]
01-30 10:35:57.524  9391  9440 D ANWAPI  : (9391|0x85AB6CB0)[BTAPI] AnWBT_BLE_GetFirstRandomAddr start,btaddr=[0xd9:0x87:0x18:0xfb:0x50:0x21],addrType=1
01-30 10:35:57.524  9391  9440 D ANWAPI  : (9391|0x85AB6CB0)[BTAPI] AnWBT_BLE_GetFirstRandomAddr end,btaddr=[0xd9:0x87:0x18:0xfb:0x50:0x21]
01-30 10:35:57.524  9391  9440 D ANWAPI  : (9391|0x85AB6CB0)[BTAPI] send_BLE_discoveryHandler_Message event type: 0x3
01-30 10:35:57.524  9391  9440 D ANWAPI  : 
01-30 10:35:57.524  9391  9440 D ANW bt_btif: send_BLE_discoveryHandler_Message cod is 0x000000
01-30 10:35:57.524  9391  9440 D ANW bt_btif: btif_storage_add_remote_device, AnW
01-30 10:35:57.524  9391  9440 D ANW bt_btif: in, bd addr:21:50:fb:18:87:d9, prop type:255, len:6
01-30 10:35:57.524  9391  9440 D ANW bt_btif: btif_in_fetch_bonded_device, AnW
01-30 10:35:57.524  9391  9440 D ANW bt_btif: btif_in_fetch_bonded_ble_device Found a LE device: 21:50:fb:18:87:d9
01-30 10:35:57.524  9391  9440 D ANW bt_btif: btif_storage_get_remote_addr_type, AnW
01-30 10:35:57.524  9391  9440 D ANW bt_btif: btif_in_fetch_bonded_ble_device, AnW key_not_found
01-30 10:35:57.524  9391  9440 D ANW bt_btif: Remote device:21:50:fb:18:87:d9, no link key or ble key found
01-30 10:35:57.524  9391  9440 D ANW bt_btif: in, bd addr:21:50:fb:18:87:d9, prop type:5, len:4
01-30 10:35:57.524  9391  9440 D ANW bt_btif: btif_in_fetch_bonded_device, AnW
01-30 10:35:57.524  9391  9440 D ANW bt_btif: btif_in_fetch_bonded_ble_device Found a LE device: 21:50:fb:18:87:d9
01-30 10:35:57.524  9391  9440 D ANW bt_btif: btif_storage_get_remote_addr_type, AnW
01-30 10:35:57.524  9391  9440 D ANW bt_btif: btif_in_fetch_bonded_ble_device, AnW key_not_found
01-30 10:35:57.524  9391  9440 D ANW bt_btif: Remote device:21:50:fb:18:87:d9, no link key or ble key found
01-30 10:35:57.524  9391  9440 D ANW bt_btif: in, bd addr:21:50:fb:18:87:d9, prop type:11, len:1
01-30 10:35:57.524  9391  9440 D ANW bt_btif: btif_in_fetch_bonded_device, AnW
01-30 10:35:57.524  9391  9440 D ANW bt_btif: btif_in_fetch_bonded_ble_device Found a LE device: 21:50:fb:18:87:d9
01-30 10:35:57.524  9391  9440 D ANW bt_btif: btif_storage_get_remote_addr_type, AnW
01-30 10:35:57.524  9391  9440 D ANW bt_btif: btif_in_fetch_bonded_ble_device, AnW key_not_found
01-30 10:35:57.524  9391  9440 D ANW bt_btif: Remote device:21:50:fb:18:87:d9, no link key or ble key found
01-30 10:35:57.524  9391  9440 D ANW bt_btif: btif_storage_set_remote_addr_type, AnW
01-30 10:35:57.524  9391  9440 I ANW bt_btif: onScanResult, address_type=1, primary_phy= 0, secondary_phy=0, ad size= 31
01-30 10:35:57.525  9391  9440 I ANW bt_btif: onScanResult: HAL bt_gatt_callbacks->scanner->scan_result_cb
01-30 10:35:57.533   652  2032 I audio_hw_streamer: 569 capture_thread_loop: select [ch 8 -> ch 4] [15360 -> 7680] bytes data 
01-30 10:35:57.544   584  1266 E WifiHAL : Invalid data received from driver
01-30 10:35:57.553   652  2032 I audio_hw_streamer: 569 capture_thread_loop: select [ch 8 -> ch 4] [15360 -> 7680] bytes data 
01-30 10:35:57.568 12832 12832 D ModeService: onCreate and start init
01-30 10:35:57.569 12832 12832 D FawServiceManager: FawvwServiceManager Constructor function
01-30 10:35:57.571 12832 12832 D FawServiceManager: getFawvwManager service name is :power_service
01-30 10:35:57.573   652  2032 I audio_hw_streamer: 569 capture_thread_loop: select [ch 8 -> ch 4] [15360 -> 7680] bytes data 
01-30 10:35:57.579 12832 12832 I ModeService: onLifecycleChanged: car service connected.
01-30 10:35:57.584 12832 12832 D FawServiceManager: getFawvwManager service name is :persistence_service
01-30 10:35:57.584 12832 12832 D FawPersistenceServiceManager: FawPersistenceServiceManager construct,package name iscom.fawvw.intelligentmodeservice
01-30 10:35:57.585 12832 12832 W ContextImpl: Calling a method in the system process without a qualified user: android.app.ContextImpl.bindService:1988 android.content.ContextWrapper.bindService:861 android.car.Car.startCarService:2807 android.car.Car.createCar:2118 com.fawvw.intelligentmodeservice.ModeService.initCarConnection:89 
01-30 10:35:57.593   652  2032 I audio_hw_streamer: 569 capture_thread_loop: select [ch 8 -> ch 4] [15360 -> 7680] bytes data 
01-30 10:35:57.608  1279  1329 D CAR.DIAGNOSTIC: Entry - Type: 0x01, ServiceId: 0x4004, InstanceId: 0x0001, MajorVersion: 0x01FFFFFF, TTL: 0
01-30 10:35:57.608  1279  1326 D CAR.DIAGNOSTIC: Entry - Type: 0x01, ServiceId: 0x4004, InstanceId: 0x0001, MajorVersion: 0x01FFFFFF, TTL: 0
01-30 10:35:57.608  1279  1324 D CAR.DIAGNOSTIC: Entry - Type: 0x01, ServiceId: 0x4004, InstanceId: 0x0001, MajorVersion: 0x01FFFFFF, TTL: 0
01-30 10:35:57.608  1279  1329 D CAR.DIAGNOSTIC: Entry - Type: 0x01, ServiceId: 0x4001, InstanceId: 0x0001, MajorVersion: 0x01FFFFFF, TTL: 0
01-30 10:35:57.608  1279  1324 D CAR.DIAGNOSTIC: Entry - Type: 0x01, ServiceId: 0x4001, InstanceId: 0x0001, MajorVersion: 0x01FFFFFF, TTL: 0
01-30 10:35:57.608  1279  1326 D CAR.DIAGNOSTIC: Entry - Type: 0x01, ServiceId: 0x4001, InstanceId: 0x0001, MajorVersion: 0x01FFFFFF, TTL: 0
01-30 10:35:57.613   652  2032 I audio_hw_streamer: 569 capture_thread_loop: select [ch 8 -> ch 4] [15360 -> 7680] bytes data 
01-30 10:35:57.618   851  2748 I WifiService: getVerboseLoggingLevel uid=1000
01-30 10:35:57.626   644   707 I mcuc    : sd Uart data : 6AA60208400002920220
01-30 10:35:57.631   644   707 I mcuc    : rev uart=2212,len=18, data : 6AA6810840000A9202000700000000000092
01-30 10:35:57.631   644   707 I mcuc    : sd Uart data : 6AA6020841000292021F
01-30 10:35:57.631   396   396 D adayocomadapter-ParseProtocolFunc: printRaWMsg Name[MCUToUPstream recv] len[10] data[92020007000000000000]
01-30 10:35:57.631   396   396 D adayocomadapter-CommunicationManager: onUpstreamback   member[0] dataLength[7] timePoint[234170]
01-30 10:35:57.631   396   396 D adayocomadapter-ParseProtocolFunc: printRaWMsg Name[onUpstreamback] len[7] data[07000000000000]
01-30 10:35:57.631   396   452 D adayocomadapter-UpstreamHandler: processBeforePacket upSreamtProcessTimePoint[234170] 
01-30 10:35:57.631   396   452 D adayocomadapter-UpstreamHandler: processPacket UPSTREAM_QUEUE_DATA_TIMEOUT
01-30 10:35:57.631   396   452 D adayocomadapter-ParseProtocolFunc: parseCommonIPCLBytes Processing tableNumber[7]
01-30 10:35:57.631   396   452 D adayocomadapter-ParseProtocolFunc: parseCommonIPCLBytes Processing tablename[Table-7] tableSize[7]
01-30 10:35:57.631   396   452 D adayocomadapter-ParseProtocolFunc: printRaWMsg Name[byteStream recv] len[7] data[07000000000000]
01-30 10:35:57.631   396   452 D adayocomadapter-ParseProtocolFunc: printRaWMsg Name[IPCLtoVHAL] len[6] data[214020530000]
01-30 10:35:57.631   396   452 D adayocomadapter-ParseProtocolFunc: printRaWMsg Name[IPCLtoVHAL] len[6] data[214020A00000]
01-30 10:35:57.631   396   452 D adayocomadapter-ParseProtocolFunc: printRaWMsg Name[IPCLtoVHAL] len[6] data[214021310000]
01-30 10:35:57.631   396   452 D adayocomadapter-ParseProtocolFunc: printRaWMsg Name[IPCLtoVHAL] len[6] data[214020A20000]
01-30 10:35:57.631   396   452 D adayocomadapter-ParseProtocolFunc: printRaWMsg Name[IPCLtoVHAL] len[6] data[214020A40000]
01-30 10:35:57.631   396   452 D adayocomadapter-ParseProtocolFunc: printRaWMsg Name[IPCLtoVHAL] len[6] data[214021CE0000]
01-30 10:35:57.631   396   452 D adayocomadapter-CommunicationManager: onUpstreamReceive mPropertyId 0x21402053
01-30 10:35:57.631   396   452 D adayocomadapter-CommunicationManager: convertBytesToInt32Memcpy  0
01-30 10:35:57.631   396   452 I vw-vhal : notifyVehicleProperty, propId = 0x21402053, data = {status: 2, int32Values: [0]}
01-30 10:35:57.632   396   452 I vw-vhal : CanSignalsAdapter::notifyVehicleProperty: solvedValue = {.timestamp = 234171166359, .areaId = 0, .prop = 557850707, .status = AVAILABLE, .value = {.int32Values = [1]{0}, .floatValues = [0]{}, .int64Values = [0]{}, .bytes = [0]{}, .stringValue = ""}}
01-30 10:35:57.632   396   452 I VehiclePropertyStore: begin to write value to Store: {.timestamp = 234171166359, .areaId = 0, .prop = 557850707, .status = AVAILABLE, .value = {.int32Values = [1]{0}, .floatValues = [0]{}, .int64Values = [0]{}, .bytes = [0]{}, .stringValue = ""}}
01-30 10:35:57.632   396   452 I DefaultVehicleHal_v2_0: DefaultVehicleHal::onPropertyValue, value:{.timestamp = 234171166359, .areaId = 0, .prop = 557850707, .status = AVAILABLE, .value = {.int32Values = [1]{0}, .floatValues = [0]{}, .int64Values = [0]{}, .bytes = [0]{}, .stringValue = ""}}
01-30 10:35:57.632   396   452 I VehiclePropertyStore: begin to write value to Store: {.timestamp = 234171166359, .areaId = 0, .prop = 557850707, .status = AVAILABLE, .value = {.int32Values = [1]{0}, .floatValues = [0]{}, .int64Values = [0]{}, .bytes = [0]{}, .stringValue = ""}}
01-30 10:35:57.632   396   452 D adayocomadapter-CommunicationManager: onUpstreamReceive mPropertyId 0x21402053
01-30 10:35:57.632   396   452 D adayocomadapter-CommunicationManager: onUpstreamReceive mPropertyId 0x214020a0
01-30 10:35:57.632   396   452 D adayocomadapter-CommunicationManager: convertBytesToInt32Memcpy  0
01-30 10:35:57.632   396   452 I vw-vhal : notifyVehicleProperty, propId = 0x214020a0, data = {status: 2, int32Values: [0]}
01-30 10:35:57.632   396   452 I vw-vhal : CanSignalsAdapter::notifyVehicleProperty: solvedValue = {.timestamp = 234171393026, .areaId = 0, .prop = 557850784, .status = AVAILABLE, .value = {.int32Values = [1]{0}, .floatValues = [0]{}, .int64Values = [0]{}, .bytes = [0]{}, .stringValue = ""}}
01-30 10:35:57.632   396   452 I VehiclePropertyStore: begin to write value to Store: {.timestamp = 234171393026, .areaId = 0, .prop = 557850784, .status = AVAILABLE, .value = {.int32Values = [1]{0}, .floatValues = [0]{}, .int64Values = [0]{}, .bytes = [0]{}, .stringValue = ""}}
01-30 10:35:57.632   396   452 I DefaultVehicleHal_v2_0: DefaultVehicleHal::onPropertyValue, value:{.timestamp = 234171393026, .areaId = 0, .prop = 557850784, .status = AVAILABLE, .value = {.int32Values = [1]{0}, .floatValues = [0]{}, .int64Values = [0]{}, .bytes = [0]{}, .stringValue = ""}}
01-30 10:35:57.632   396   452 I VehiclePropertyStore: begin to write value to Store: {.timestamp = 234171393026, .areaId = 0, .prop = 557850784, .status = AVAILABLE, .value = {.int32Values = [1]{0}, .floatValues = [0]{}, .int64Values = [0]{}, .bytes = [0]{}, .stringValue = ""}}
01-30 10:35:57.632   396   452 D adayocomadapter-CommunicationManager: onUpstreamReceive mPropertyId 0x214020a0
01-30 10:35:57.632   396   452 D adayocomadapter-CommunicationManager: onUpstreamReceive mPropertyId 0x21402131
01-30 10:35:57.632   396   452 D adayocomadapter-CommunicationManager: convertBytesToInt32Memcpy  0
01-30 10:35:57.632   396   452 I vw-vhal : notifyVehicleProperty, propId = 0x21402131, data = {status: 2, int32Values: [0]}
01-30 10:35:57.632   396   452 I vw-vhal : CanSignalsAdapter::notifyVehicleProperty: solvedValue = {.timestamp = 234171706359, .areaId = 0, .prop = 557850929, .status = AVAILABLE, .value = {.int32Values = [1]{0}, .floatValues = [0]{}, .int64Values = [0]{}, .bytes = [0]{}, .stringValue = ""}}
01-30 10:35:57.632   396   452 I VehiclePropertyStore: begin to write value to Store: {.timestamp = 234171706359, .areaId = 0, .prop = 557850929, .status = AVAILABLE, .value = {.int32Values = [1]{0}, .floatValues = [0]{}, .int64Values = [0]{}, .bytes = [0]{}, .stringValue = ""}}
01-30 10:35:57.632   396   452 I DefaultVehicleHal_v2_0: DefaultVehicleHal::onPropertyValue, value:{.timestamp = 234171706359, .areaId = 0, .prop = 557850929, .status = AVAILABLE, .value = {.int32Values = [1]{0}, .floatValues = [0]{}, .int64Values = [0]{}, .bytes = [0]{}, .stringValue = ""}}
01-30 10:35:57.632   396   452 I VehiclePropertyStore: begin to write value to Store: {.timestamp = 234171706359, .areaId = 0, .prop = 557850929, .status = AVAILABLE, .value = {.int32Values = [1]{0}, .floatValues = [0]{}, .int64Values = [0]{}, .bytes = [0]{}, .stringValue = ""}}
01-30 10:35:57.632   396   452 D adayocomadapter-CommunicationManager: onUpstreamReceive mPropertyId 0x21402131
01-30 10:35:57.632   396   452 D adayocomadapter-CommunicationManager: onUpstreamReceive mPropertyId 0x214020a2
01-30 10:35:57.632   396   452 D adayocomadapter-CommunicationManager: convertBytesToInt32Memcpy  0
01-30 10:35:57.632   396   452 I vw-vhal : notifyVehicleProperty, propId = 0x214020a2, data = {status: 2, int32Values: [0]}
01-30 10:35:57.632   396   452 I vw-vhal : CanSignalsAdapter::notifyVehicleProperty: solvedValue = {.timestamp = 234171882693, .areaId = 0, .prop = 557850786, .status = AVAILABLE, .value = {.int32Values = [1]{0}, .floatValues = [0]{}, .int64Values = [0]{}, .bytes = [0]{}, .stringValue = ""}}
01-30 10:35:57.632   396   452 I VehiclePropertyStore: begin to write value to Store: {.timestamp = 234171882693, .areaId = 0, .prop = 557850786, .status = AVAILABLE, .value = {.int32Values = [1]{0}, .floatValues = [0]{}, .int64Values = [0]{}, .bytes = [0]{}, .stringValue = ""}}
01-30 10:35:57.632   396   452 I DefaultVehicleHal_v2_0: DefaultVehicleHal::onPropertyValue, value:{.timestamp = 234171882693, .areaId = 0, .prop = 557850786, .status = AVAILABLE, .value = {.int32Values = [1]{0}, .floatValues = [0]{}, .int64Values = [0]{}, .bytes = [0]{}, .stringValue = ""}}
01-30 10:35:57.632   396   452 I VehiclePropertyStore: begin to write value to Store: {.timestamp = 234171882693, .areaId = 0, .prop = 557850786, .status = AVAILABLE, .value = {.int32Values = [1]{0}, .floatValues = [0]{}, .int64Values = [0]{}, .bytes = [0]{}, .stringValue = ""}}
01-30 10:35:57.632   396   452 D adayocomadapter-CommunicationManager: onUpstreamReceive mPropertyId 0x214020a2
01-30 10:35:57.632   396   452 D adayocomadapter-CommunicationManager: onUpstreamReceive mPropertyId 0x214020a4
01-30 10:35:57.632   396   452 D adayocomadapter-CommunicationManager: convertBytesToInt32Memcpy  0
01-30 10:35:57.632   396   452 I vw-vhal : notifyVehicleProperty, propId = 0x214020a4, data = {status: 2, int32Values: [0]}
01-30 10:35:57.632   396   452 I vw-vhal : CanSignalsAdapter::notifyVehicleProperty: solvedValue = {.timestamp = 234172095359, .areaId = 0, .prop = 557850788, .status = AVAILABLE, .value = {.int32Values = [1]{0}, .floatValues = [0]{}, .int64Values = [0]{}, .bytes = [0]{}, .stringValue = ""}}
01-30 10:35:57.632   396   452 I VehiclePropertyStore: begin to write value to Store: {.timestamp = 234172095359, .areaId = 0, .prop = 557850788, .status = AVAILABLE, .value = {.int32Values = [1]{0}, .floatValues = [0]{}, .int64Values = [0]{}, .bytes = [0]{}, .stringValue = ""}}
01-30 10:35:57.633   396   452 I DefaultVehicleHal_v2_0: DefaultVehicleHal::onPropertyValue, value:{.timestamp = 234172095359, .areaId = 0, .prop = 557850788, .status = AVAILABLE, .value = {.int32Values = [1]{0}, .floatValues = [0]{}, .int64Values = [0]{}, .bytes = [0]{}, .stringValue = ""}}
01-30 10:35:57.633   396   452 I VehiclePropertyStore: begin to write value to Store: {.timestamp = 234172095359, .areaId = 0, .prop = 557850788, .status = AVAILABLE, .value = {.int32Values = [1]{0}, .floatValues = [0]{}, .int64Values = [0]{}, .bytes = [0]{}, .stringValue = ""}}
01-30 10:35:57.633   396   452 D adayocomadapter-CommunicationManager: onUpstreamReceive mPropertyId 0x214020a4
01-30 10:35:57.633   396   452 D adayocomadapter-CommunicationManager: onUpstreamReceive mPropertyId 0x214021ce
01-30 10:35:57.633   396   452 D adayocomadapter-CommunicationManager: convertBytesToInt32Memcpy  0
01-30 10:35:57.633   396   452 I vw-vhal : notifyVehicleProperty, propId = 0x214021ce, data = {status: 2, int32Values: [0]}
01-30 10:35:57.633   396   452 I vw-vhal : CanSignalsAdapter::notifyVehicleProperty: solvedValue = {.timestamp = 234172272026, .areaId = 0, .prop = 557851086, .status = AVAILABLE, .value = {.int32Values = [1]{0}, .floatValues = [0]{}, .int64Values = [0]{}, .bytes = [0]{}, .stringValue = ""}}
01-30 10:35:57.633   396   452 I VehiclePropertyStore: begin to write value to Store: {.timestamp = 234172272026, .areaId = 0, .prop = 557851086, .status = AVAILABLE, .value = {.int32Values = [1]{0}, .floatValues = [0]{}, .int64Values = [0]{}, .bytes = [0]{}, .stringValue = ""}}
01-30 10:35:57.633   396   452 I DefaultVehicleHal_v2_0: DefaultVehicleHal::onPropertyValue, value:{.timestamp = 234172272026, .areaId = 0, .prop = 557851086, .status = AVAILABLE, .value = {.int32Values = [1]{0}, .floatValues = [0]{}, .int64Values = [0]{}, .bytes = [0]{}, .stringValue = ""}}
01-30 10:35:57.633   396   452 I VehiclePropertyStore: begin to write value to Store: {.timestamp = 234172272026, .areaId = 0, .prop = 557851086, .status = AVAILABLE, .value = {.int32Values = [1]{0}, .floatValues = [0]{}, .int64Values = [0]{}, .bytes = [0]{}, .stringValue = ""}}
01-30 10:35:57.633   396   452 D adayocomadapter-CommunicationManager: onUpstreamReceive mPropertyId 0x214021ce
01-30 10:35:57.633   652  2032 I audio_hw_streamer: 569 capture_thread_loop: select [ch 8 -> ch 4] [15360 -> 7680] bytes data 
01-30 10:35:57.635 12832 12832 D CompatibilityChangeReporter: Compat change id reported: 263076149; UID 1000; state: ENABLED
01-30 10:35:57.636   644   707 I mcuc    : rev uart=2213,len=29, data : 6AA681084100159202001300FE00FE00FE000000000000000000000080
01-30 10:35:57.637   396   396 D adayocomadapter-ParseProtocolFunc: printRaWMsg Name[MCUToUPstream recv] len[21] data[9202001300FE00FE00FE0000000000000000000000]
01-30 10:35:57.637   396   396 D adayocomadapter-CommunicationManager: onUpstreamback   member[0] dataLength[18] timePoint[234176]
01-30 10:35:57.637   396   396 D adayocomadapter-ParseProtocolFunc: printRaWMsg Name[onUpstreamback] len[18] data[1300FE00FE00FE0000000000000000000000]
01-30 10:35:57.637   396   452 D adayocomadapter-UpstreamHandler: processBeforePacket upSreamtProcessTimePoint[234176] 
01-30 10:35:57.637   396   452 D adayocomadapter-UpstreamHandler: processPacket UPSTREAM_QUEUE_DATA_TIMEOUT
01-30 10:35:57.637   396   452 D adayocomadapter-ParseProtocolFunc: parseCommonIPCLBytes Processing tableNumber[19]
01-30 10:35:57.637   396   452 D adayocomadapter-ParseProtocolFunc: parseCommonIPCLBytes Processing tablename[Table-19] tableSize[18]
01-30 10:35:57.637   396   452 D adayocomadapter-ParseProtocolFunc: printRaWMsg Name[byteStream recv] len[18] data[1300FE00FE00FE0000000000000000000000]
01-30 10:35:57.637   396   452 D adayocomadapter-ParseProtocolFunc: printRaWMsg Name[IPCLtoVHAL] len[6] data[214010280000]
01-30 10:35:57.637   396   452 D adayocomadapter-ParseProtocolFunc: printRaWMsg Name[IPCLtoVHAL] len[6] data[2140102900FE]
01-30 10:35:57.637   396   452 D adayocomadapter-ParseProtocolFunc: printRaWMsg Name[IPCLtoVHAL] len[6] data[2140102E0000]
01-30 10:35:57.637   396   452 D adayocomadapter-ParseProtocolFunc: printRaWMsg Name[IPCLtoVHAL] len[6] data[2140102B0000]
01-30 10:35:57.637   396   452 D adayocomadapter-ParseProtocolFunc: printRaWMsg Name[IPCLtoVHAL] len[6] data[2140104C0000]
01-30 10:35:57.637   396   452 D adayocomadapter-ParseProtocolFunc: printRaWMsg Name[IPCLtoVHAL] len[6] data[2140102C00FE]
01-30 10:35:57.637   396   452 D adayocomadapter-ParseProtocolFunc: printRaWMsg Name[IPCLtoVHAL] len[7] data[21402007000000]
01-30 10:35:57.637   396   452 D adayocomadapter-ParseProtocolFunc: printRaWMsg Name[IPCLtoVHAL] len[6] data[2140102F00FE]
01-30 10:35:57.637   396   452 D adayocomadapter-ParseProtocolFunc: printRaWMsg Name[IPCLtoVHAL] len[6] data[214010310000]
01-30 10:35:57.637   396   452 D adayocomadapter-ParseProtocolFunc: printRaWMsg Name[IPCLtoVHAL] len[7] data[21402022000000]
01-30 10:35:57.637   396   452 D adayocomadapter-ParseProtocolFunc: printRaWMsg Name[IPCLtoVHAL] len[9] data[214020230000000000]
01-30 10:35:57.637   396   452 D adayocomadapter-ParseProtocolFunc: printRaWMsg Name[IPCLtoVHAL] len[6] data[2140104D0000]
01-30 10:35:57.637   396   452 D adayocomadapter-CommunicationManager: onUpstreamReceive mPropertyId 0x21401028
01-30 10:35:57.637   396   452 D adayocomadapter-CommunicationManager: convertBytesToInt32Memcpy  0
01-30 10:35:57.637   396   452 I vw-vhal : notifyVehicleProperty, propId = 0x21401028, data = {status: 2, int32Values: [0]}
01-30 10:35:57.637   396   452 I vw-vhal : CanSignalsAdapter::notifyVehicleProperty: solvedValue = {.timestamp = 234176695359, .areaId = 0, .prop = 557846568, .status = AVAILABLE, .value = {.int32Values = [1]{0}, .floatValues = [0]{}, .int64Values = [0]{}, .bytes = [0]{}, .stringValue = ""}}
01-30 10:35:57.637   396   452 I VehiclePropertyStore: begin to write value to Store: {.timestamp = 234176695359, .areaId = 0, .prop = 557846568, .status = AVAILABLE, .value = {.int32Values = [1]{0}, .floatValues = [0]{}, .int64Values = [0]{}, .bytes = [0]{}, .stringValue = ""}}
01-30 10:35:57.637   396   452 I DefaultVehicleHal_v2_0: DefaultVehicleHal::onPropertyValue, value:{.timestamp = 234176695359, .areaId = 0, .prop = 557846568, .status = AVAILABLE, .value = {.int32Values = [1]{0}, .floatValues = [0]{}, .int64Values = [0]{}, .bytes = [0]{}, .stringValue = ""}}
01-30 10:35:57.637   396   452 I VehiclePropertyStore: begin to write value to Store: {.timestamp = 234176695359, .areaId = 0, .prop = 557846568, .status = AVAILABLE, .value = {.int32Values = [1]{0}, .floatValues = [0]{}, .int64Values = [0]{}, .bytes = [0]{}, .stringValue = ""}}
01-30 10:35:57.637   396   452 D adayocomadapter-CommunicationManager: onUpstreamReceive mPropertyId 0x21401028
01-30 10:35:57.637   396   452 D adayocomadapter-CommunicationManager: onUpstreamReceive mPropertyId 0x21401029
01-30 10:35:57.637   396   452 D adayocomadapter-CommunicationManager: convertBytesToInt32Memcpy  254
01-30 10:35:57.637   396   452 I vw-vhal : notifyVehicleProperty, propId = 0x21401029, data = {status: 2, int32Values: [254]}
01-30 10:35:57.637   396   452 I vw-vhal : CanSignalsAdapter::notifyVehicleProperty: solvedValue = {.timestamp = 234176914693, .areaId = 0, .prop = 557846569, .status = AVAILABLE, .value = {.int32Values = [1]{254}, .floatValues = [0]{}, .int64Values = [0]{}, .bytes = [0]{}, .stringValue = ""}}
01-30 10:35:57.637   396   452 I VehiclePropertyStore: begin to write value to Store: {.timestamp = 234176914693, .areaId = 0, .prop = 557846569, .status = AVAILABLE, .value = {.int32Values = [1]{254}, .floatValues = [0]{}, .int64Values = [0]{}, .bytes = [0]{}, .stringValue = ""}}
01-30 10:35:57.637   396   452 I DefaultVehicleHal_v2_0: DefaultVehicleHal::onPropertyValue, value:{.timestamp = 234176914693, .areaId = 0, .prop = 557846569, .status = AVAILABLE, .value = {.int32Values = [1]{254}, .floatValues = [0]{}, .int64Values = [0]{}, .bytes = [0]{}, .stringValue = ""}}
01-30 10:35:57.637   396   452 I VehiclePropertyStore: begin to write value to Store: {.timestamp = 234176914693, .areaId = 0, .prop = 557846569, .status = AVAILABLE, .value = {.int32Values = [1]{254}, .floatValues = [0]{}, .int64Values = [0]{}, .bytes = [0]{}, .stringValue = ""}}
01-30 10:35:57.637   396   452 D adayocomadapter-CommunicationManager: onUpstreamReceive mPropertyId 0x21401029
01-30 10:35:57.637   396   452 D adayocomadapter-CommunicationManager: onUpstreamReceive mPropertyId 0x2140102e
01-30 10:35:57.637   396   452 D adayocomadapter-CommunicationManager: convertBytesToInt32Memcpy  0
01-30 10:35:57.637   396   452 I vw-vhal : notifyVehicleProperty, propId = 0x2140102e, data = {status: 2, int32Values: [0]}
01-30 10:35:57.637   396   452 I vw-vhal : CanSignalsAdapter::notifyVehicleProperty: solvedValue = {.timestamp = 234177104359, .areaId = 0, .prop = 557846574, .status = AVAILABLE, .value = {.int32Values = [1]{0}, .floatValues = [0]{}, .int64Values = [0]{}, .bytes = [0]{}, .stringValue = ""}}
01-30 10:35:57.637   396   452 I VehiclePropertyStore: begin to write value to Store: {.timestamp = 234177104359, .areaId = 0, .prop = 557846574, .status = AVAILABLE, .value = {.int32Values = [1]{0}, .floatValues = [0]{}, .int64Values = [0]{}, .bytes = [0]{}, .stringValue = ""}}
01-30 10:35:57.638   396   452 I DefaultVehicleHal_v2_0: DefaultVehicleHal::onPropertyValue, value:{.timestamp = 234177104359, .areaId = 0, .prop = 557846574, .status = AVAILABLE, .value = {.int32Values = [1]{0}, .floatValues = [0]{}, .int64Values = [0]{}, .bytes = [0]{}, .stringValue = ""}}
01-30 10:35:57.638   396   452 I VehiclePropertyStore: begin to write value to Store: {.timestamp = 234177104359, .areaId = 0, .prop = 557846574, .status = AVAILABLE, .value = {.int32Values = [1]{0}, .floatValues = [0]{}, .int64Values = [0]{}, .bytes = [0]{}, .stringValue = ""}}
01-30 10:35:57.638   396   452 D adayocomadapter-CommunicationManager: onUpstreamReceive mPropertyId 0x2140102e
01-30 10:35:57.638   396   452 D adayocomadapter-CommunicationManager: onUpstreamReceive mPropertyId 0x2140102b
01-30 10:35:57.638   396   452 D adayocomadapter-CommunicationManager: convertBytesToInt32Memcpy  0
01-30 10:35:57.638   396   452 I vw-vhal : notifyVehicleProperty, propId = 0x2140102b, data = {status: 2, int32Values: [0]}
01-30 10:35:57.638   396   452 I vw-vhal : CanSignalsAdapter::notifyVehicleProperty: solvedValue = {.timestamp = 234177288026, .areaId = 0, .prop = 557846571, .status = AVAILABLE, .value = {.int32Values = [1]{0}, .floatValues = [0]{}, .int64Values = [0]{}, .bytes = [0]{}, .stringValue = ""}}
01-30 10:35:57.638   396   452 I VehiclePropertyStore: begin to write value to Store: {.timestamp = 234177288026, .areaId = 0, .prop = 557846571, .status = AVAILABLE, .value = {.int32Values = [1]{0}, .floatValues = [0]{}, .int64Values = [0]{}, .bytes = [0]{}, .stringValue = ""}}
01-30 10:35:57.638   396   452 I DefaultVehicleHal_v2_0: DefaultVehicleHal::onPropertyValue, value:{.timestamp = 234177288026, .areaId = 0, .prop = 557846571, .status = AVAILABLE, .value = {.int32Values = [1]{0}, .floatValues = [0]{}, .int64Values = [0]{}, .bytes = [0]{}, .stringValue = ""}}
01-30 10:35:57.638   396   452 I VehiclePropertyStore: begin to write value to Store: {.timestamp = 234177288026, .areaId = 0, .prop = 557846571, .status = AVAILABLE, .value = {.int32Values = [1]{0}, .floatValues = [0]{}, .int64Values = [0]{}, .bytes = [0]{}, .stringValue = ""}}
01-30 10:35:57.638   396   452 D adayocomadapter-CommunicationManager: onUpstreamReceive mPropertyId 0x2140102b
01-30 10:35:57.638   396   452 D adayocomadapter-CommunicationManager: onUpstreamReceive mPropertyId 0x2140104c
01-30 10:35:57.638   396   452 D adayocomadapter-CommunicationManager: convertBytesToInt32Memcpy  0
01-30 10:35:57.638   396   452 I vw-vhal : notifyVehicleProperty, propId = 0x2140104c, data = {status: 2, int32Values: [0]}
01-30 10:35:57.638   396   452 I vw-vhal : CanSignalsAdapter::notifyVehicleProperty: solvedValue = {.timestamp = 234177463359, .areaId = 0, .prop = 557846604, .status = AVAILABLE, .value = {.int32Values = [1]{0}, .floatValues = [0]{}, .int64Values = [0]{}, .bytes = [0]{}, .stringValue = ""}}
01-30 10:35:57.638   396   452 I VehiclePropertyStore: begin to write value to Store: {.timestamp = 234177463359, .areaId = 0, .prop = 557846604, .status = AVAILABLE, .value = {.int32Values = [1]{0}, .floatValues = [0]{}, .int64Values = [0]{}, .bytes = [0]{}, .stringValue = ""}}
01-30 10:35:57.638   396   452 I DefaultVehicleHal_v2_0: DefaultVehicleHal::onPropertyValue, value:{.timestamp = 234177463359, .areaId = 0, .prop = 557846604, .status = AVAILABLE, .value = {.int32Values = [1]{0}, .floatValues = [0]{}, .int64Values = [0]{}, .bytes = [0]{}, .stringValue = ""}}
01-30 10:35:57.638   396   452 I VehiclePropertyStore: begin to write value to Store: {.timestamp = 234177463359, .areaId = 0, .prop = 557846604, .status = AVAILABLE, .value = {.int32Values = [1]{0}, .floatValues = [0]{}, .int64Values = [0]{}, .bytes = [0]{}, .stringValue = ""}}
01-30 10:35:57.638   396   452 D adayocomadapter-CommunicationManager: onUpstreamReceive mPropertyId 0x2140104c
01-30 10:35:57.638   396   452 D adayocomadapter-CommunicationManager: onUpstreamReceive mPropertyId 0x2140102c
01-30 10:35:57.638   396   452 D adayocomadapter-CommunicationManager: convertBytesToInt32Memcpy  254
01-30 10:35:57.638   396   452 I vw-vhal : notifyVehicleProperty, propId = 0x2140102c, data = {status: 2, int32Values: [254]}
01-30 10:35:57.638   396   452 I vw-vhal : CanSignalsAdapter::notifyVehicleProperty: solvedValue = {.timestamp = 234177634693, .areaId = 0, .prop = 557846572, .status = AVAILABLE, .value = {.int32Values = [1]{254}, .floatValues = [0]{}, .int64Values = [0]{}, .bytes = [0]{}, .stringValue = ""}}
01-30 10:35:57.638   396   452 I VehiclePropertyStore: begin to write value to Store: {.timestamp = 234177634693, .areaId = 0, .prop = 557846572, .status = AVAILABLE, .value = {.int32Values = [1]{254}, .floatValues = [0]{}, .int64Values = [0]{}, .bytes = [0]{}, .stringValue = ""}}
01-30 10:35:57.638   396   452 I DefaultVehicleHal_v2_0: DefaultVehicleHal::onPropertyValue, value:{.timestamp = 234177634693, .areaId = 0, .prop = 557846572, .status = AVAILABLE, .value = {.int32Values = [1]{254}, .floatValues = [0]{}, .int64Values = [0]{}, .bytes = [0]{}, .stringValue = ""}}
01-30 10:35:57.638   396   452 I VehiclePropertyStore: begin to write value to Store: {.timestamp = 234177634693, .areaId = 0, .prop = 557846572, .status = AVAILABLE, .value = {.int32Values = [1]{254}, .floatValues = [0]{}, .int64Values = [0]{}, .bytes = [0]{}, .stringValue = ""}}
01-30 10:35:57.638   396   452 D adayocomadapter-CommunicationManager: onUpstreamReceive mPropertyId 0x2140102c
01-30 10:35:57.638   396   452 D adayocomadapter-CommunicationManager: onUpstreamReceive mPropertyId 0x21402007
01-30 10:35:57.638   396   452 D adayocomadapter-CommunicationManager: convertBytesToInt32Memcpy  0
01-30 10:35:57.638   396   452 I vw-vhal : notifyVehicleProperty, propId = 0x21402007, data = {status: 2, int32Values: [0]}
01-30 10:35:57.638   396   452 I vw-vhal : CanSignalsAdapter::notifyVehicleProperty: solvedValue = {.timestamp = 234177808693, .areaId = 0, .prop = 557850631, .status = AVAILABLE, .value = {.int32Values = [1]{0}, .floatValues = [0]{}, .int64Values = [0]{}, .bytes = [0]{}, .stringValue = ""}}
01-30 10:35:57.638   396   452 I VehiclePropertyStore: begin to write value to Store: {.timestamp = 234177808693, .areaId = 0, .prop = 557850631, .status = AVAILABLE, .value = {.int32Values = [1]{0}, .floatValues = [0]{}, .int64Values = [0]{}, .bytes = [0]{}, .stringValue = ""}}
01-30 10:35:57.638   584  1266 E WifiHAL : Invalid data received from driver
01-30 10:35:57.638   396   452 I DefaultVehicleHal_v2_0: DefaultVehicleHal::onPropertyValue, value:{.timestamp = 234177808693, .areaId = 0, .prop = 557850631, .status = AVAILABLE, .value = {.int32Values = [1]{0}, .floatValues = [0]{}, .int64Values = [0]{}, .bytes = [0]{}, .stringValue = ""}}
01-30 10:35:57.638   584  1266 E WifiHAL : Invalid data received from driver
01-30 10:35:57.638   396   452 I VehiclePropertyStore: begin to write value to Store: {.timestamp = 234177808693, .areaId = 0, .prop = 557850631, .status = AVAILABLE, .value = {.int32Values = [1]{0}, .floatValues = [0]{}, .int64Values = [0]{}, .bytes = [0]{}, .stringValue = ""}}
01-30 10:35:57.638   396   452 D adayocomadapter-CommunicationManager: onUpstreamReceive mPropertyId 0x21402007
01-30 10:35:57.638   396   452 D adayocomadapter-CommunicationManager: onUpstreamReceive mPropertyId 0x2140102f
01-30 10:35:57.638   396   452 D adayocomadapter-CommunicationManager: convertBytesToInt32Memcpy  254
01-30 10:35:57.638   584  1266 E WifiHAL : Invalid data received from driver
01-30 10:35:57.638   396   452 I vw-vhal : notifyVehicleProperty, propId = 0x2140102f, data = {status: 2, int32Values: [254]}
01-30 10:35:57.638   584  1266 E WifiHAL : Invalid data received from driver
01-30 10:35:57.638   396   452 I vw-vhal : CanSignalsAdapter::notifyVehicleProperty: solvedValue = {.timestamp = 234177987359, .areaId = 0, .prop = 557846575, .status = AVAILABLE, .value = {.int32Values = [1]{254}, .floatValues = [0]{}, .int64Values = [0]{}, .bytes = [0]{}, .stringValue = ""}}
01-30 10:35:57.638   396   452 I VehiclePropertyStore: begin to write value to Store: {.timestamp = 234177987359, .areaId = 0, .prop = 557846575, .status = AVAILABLE, .value = {.int32Values = [1]{254}, .floatValues = [0]{}, .int64Values = [0]{}, .bytes = [0]{}, .stringValue = ""}}
01-30 10:35:57.638   396   452 I DefaultVehicleHal_v2_0: DefaultVehicleHal::onPropertyValue, value:{.timestamp = 234177987359, .areaId = 0, .prop = 557846575, .status = AVAILABLE, .value = {.int32Values = [1]{254}, .floatValues = [0]{}, .int64Values = [0]{}, .bytes = [0]{}, .stringValue = ""}}
01-30 10:35:57.638   396   452 I VehiclePropertyStore: begin to write value to Store: {.timestamp = 234177987359, .areaId = 0, .prop = 557846575, .status = AVAILABLE, .value = {.int32Values = [1]{254}, .floatValues = [0]{}, .int64Values = [0]{}, .bytes = [0]{}, .stringValue = ""}}
01-30 10:35:57.638   396   452 D adayocomadapter-CommunicationManager: onUpstreamReceive mPropertyId 0x2140102f
01-30 10:35:57.638   396   452 D adayocomadapter-CommunicationManager: onUpstreamReceive mPropertyId 0x21401031
01-30 10:35:57.638   584  1266 E WifiHAL : Invalid data received from driver
01-30 10:35:57.638   396   452 D adayocomadapter-CommunicationManager: convertBytesToInt32Memcpy  0
01-30 10:35:57.639   396   452 I vw-vhal : notifyVehicleProperty, propId = 0x21401031, data = {status: 2, int32Values: [0]}
01-30 10:35:57.639   584  1266 E WifiHAL : Invalid data received from driver
01-30 10:35:57.639   396   452 I vw-vhal : CanSignalsAdapter::notifyVehicleProperty: solvedValue = {.timestamp = 234178175693, .areaId = 0, .prop = 557846577, .status = AVAILABLE, .value = {.int32Values = [1]{0}, .floatValues = [0]{}, .int64Values = [0]{}, .bytes = [0]{}, .stringValue = ""}}
01-30 10:35:57.639   396   452 I VehiclePropertyStore: begin to write value to Store: {.timestamp = 234178175693, .areaId = 0, .prop = 557846577, .status = AVAILABLE, .value = {.int32Values = [1]{0}, .floatValues = [0]{}, .int64Values = [0]{}, .bytes = [0]{}, .stringValue = ""}}
01-30 10:35:57.639   396   452 I DefaultVehicleHal_v2_0: DefaultVehicleHal::onPropertyValue, value:{.timestamp = 234178175693, .areaId = 0, .prop = 557846577, .status = AVAILABLE, .value = {.int32Values = [1]{0}, .floatValues = [0]{}, .int64Values = [0]{}, .bytes = [0]{}, .stringValue = ""}}
01-30 10:35:57.639   396   452 I VehiclePropertyStore: begin to write value to Store: {.timestamp = 234178175693, .areaId = 0, .prop = 557846577, .status = AVAILABLE, .value = {.int32Values = [1]{0}, .floatValues = [0]{}, .int64Values = [0]{}, .bytes = [0]{}, .stringValue = ""}}
01-30 10:35:57.639   396   452 D adayocomadapter-CommunicationManager: onUpstreamReceive mPropertyId 0x21401031
01-30 10:35:57.639   584  1266 E WifiHAL : Invalid data received from driver
01-30 10:35:57.639   396   452 D adayocomadapter-CommunicationManager: onUpstreamReceive mPropertyId 0x21402022
01-30 10:35:57.639   396   452 D adayocomadapter-CommunicationManager: convertBytesToInt32Memcpy  0
01-30 10:35:57.639   396   452 I vw-vhal : notifyVehicleProperty, propId = 0x21402022, data = {status: 2, int32Values: [0]}
01-30 10:35:57.639   396   452 I vw-vhal : CanSignalsAdapter::notifyVehicleProperty: solvedValue = {.timestamp = 234178354359, .areaId = 0, .prop = 557850658, .status = AVAILABLE, .value = {.int32Values = [1]{0}, .floatValues = [0]{}, .int64Values = [0]{}, .bytes = [0]{}, .stringValue = ""}}
01-30 10:35:57.639   396   452 I VehiclePropertyStore: begin to write value to Store: {.timestamp = 234178354359, .areaId = 0, .prop = 557850658, .status = AVAILABLE, .value = {.int32Values = [1]{0}, .floatValues = [0]{}, .int64Values = [0]{}, .bytes = [0]{}, .stringValue = ""}}
01-30 10:35:57.639   396   452 I DefaultVehicleHal_v2_0: DefaultVehicleHal::onPropertyValue, value:{.timestamp = 234178354359, .areaId = 0, .prop = 557850658, .status = AVAILABLE, .value = {.int32Values = [1]{0}, .floatValues = [0]{}, .int64Values = [0]{}, .bytes = [0]{}, .stringValue = ""}}
01-30 10:35:57.639   396   452 I VehiclePropertyStore: begin to write value to Store: {.timestamp = 234178354359, .areaId = 0, .prop = 557850658, .status = AVAILABLE, .value = {.int32Values = [1]{0}, .floatValues = [0]{}, .int64Values = [0]{}, .bytes = [0]{}, .stringValue = ""}}
01-30 10:35:57.639   396   452 D adayocomadapter-CommunicationManager: onUpstreamReceive mPropertyId 0x21402022
01-30 10:35:57.639   396   452 D adayocomadapter-CommunicationManager: onUpstreamReceive mPropertyId 0x21402023
01-30 10:35:57.639   396   452 D adayocomadapter-CommunicationManager: convertBytesToInt32Memcpy  0
01-30 10:35:57.639   396   452 I vw-vhal : notifyVehicleProperty, propId = 0x21402023, data = {status: 2, int32Values: [0]}
01-30 10:35:57.639   396   452 I vw-vhal : CanSignalsAdapter::notifyVehicleProperty: solvedValue = {.timestamp = 234178541026, .areaId = 0, .prop = 557850659, .status = AVAILABLE, .value = {.int32Values = [1]{0}, .floatValues = [0]{}, .int64Values = [0]{}, .bytes = [0]{}, .stringValue = ""}}
01-30 10:35:57.639   396   452 I VehiclePropertyStore: begin to write value to Store: {.timestamp = 234178541026, .areaId = 0, .prop = 557850659, .status = AVAILABLE, .value = {.int32Values = [1]{0}, .floatValues = [0]{}, .int64Values = [0]{}, .bytes = [0]{}, .stringValue = ""}}
01-30 10:35:57.639   396   452 I DefaultVehicleHal_v2_0: DefaultVehicleHal::onPropertyValue, value:{.timestamp = 234178541026, .areaId = 0, .prop = 557850659, .status = AVAILABLE, .value = {.int32Values = [1]{0}, .floatValues = [0]{}, .int64Values = [0]{}, .bytes = [0]{}, .stringValue = ""}}
01-30 10:35:57.639   396   452 I VehiclePropertyStore: begin to write value to Store: {.timestamp = 234178541026, .areaId = 0, .prop = 557850659, .status = AVAILABLE, .value = {.int32Values = [1]{0}, .floatValues = [0]{}, .int64Values = [0]{}, .bytes = [0]{}, .stringValue = ""}}
01-30 10:35:57.639   396   452 D adayocomadapter-CommunicationManager: onUpstreamReceive mPropertyId 0x21402023
01-30 10:35:57.639   396   452 D adayocomadapter-CommunicationManager: onUpstreamReceive mPropertyId 0x2140104d
01-30 10:35:57.639   396   452 D adayocomadapter-CommunicationManager: convertBytesToInt32Memcpy  0
01-30 10:35:57.639   396   452 I vw-vhal : notifyVehicleProperty, propId = 0x2140104d, data = {status: 2, int32Values: [0]}
01-30 10:35:57.639   396   452 I vw-vhal : CanSignalsAdapter::notifyVehicleProperty: solvedValue = {.timestamp = 234178720359, .areaId = 0, .prop = 557846605, .status = AVAILABLE, .value = {.int32Values = [1]{0}, .floatValues = [0]{}, .int64Values = [0]{}, .bytes = [0]{}, .stringValue = ""}}
01-30 10:35:57.639   396   452 I VehiclePropertyStore: begin to write value to Store: {.timestamp = 234178720359, .areaId = 0, .prop = 557846605, .status = AVAILABLE, .value = {.int32Values = [1]{0}, .floatValues = [0]{}, .int64Values = [0]{}, .bytes = [0]{}, .stringValue = ""}}
01-30 10:35:57.639   396   452 I DefaultVehicleHal_v2_0: DefaultVehicleHal::onPropertyValue, value:{.timestamp = 234178720359, .areaId = 0, .prop = 557846605, .status = AVAILABLE, .value = {.int32Values = [1]{0}, .floatValues = [0]{}, .int64Values = [0]{}, .bytes = [0]{}, .stringValue = ""}}
