01-30 10:35:58.191  9391  9440 D ANWAPI  : (9391|0x85AB6CB0)[BTAPI] anwbt_find_carplay_support find iphone carplay uuid2(0)
01-30 10:35:58.191  9391  9440 D ANWAPI  : (9391|0x85AB6CB0)[BTAPI] carplay_support[0]servicesSupported[0x7c]
01-30 10:35:58.191  9391  9440 D ANWStack: [    234730][ANWBT] prh_mgr_release_inquiry_entry will be called
01-30 10:35:58.191  9391  9440 D ANWStack: 
01-30 10:35:58.191  9391  9440 D ANWAPI  : (9391|0x85AB6CB0)[BTAPI] *BT_CB_Dispatch
01-30 10:35:58.191  9391  9440 D ANWAPI  : (9391|0x85AB6CB0)[BTAPI] *****SDK callback(0x90)
01-30 10:35:58.191  9391  9440 D ANWAPI  : (9391|0x85AB6CB0)[BTAPI] SDK***** [ac:45:ef:ea:0d:48][-269873848]
01-30 10:35:58.191  9391  9440 D ANWAPI  : (9391|0x85AB6CB0)[BTAPI] *****SDK AnWBT_NEW_DEVICE_FOUND_IND
01-30 10:35:58.191  9391  9440 D ANWAPI  : (9391|0x85AB6CB0)[BTAPI] *****SDK AnWBT_NEW_DEVICE_FOUND_IND_2(6)(0x48,0x0d,0xea,0xef,0x45,0xac) carplay_support:(0)
01-30 10:35:58.191  9391  9440 D ANWAPI  : (9391|0x85AB6CB0)[BTAPI] btsdk_exec_apicb start
01-30 10:35:58.191  9391  9440 D ANWAPI  : (9391|0x85AB6CB0)[BTAPI] Up: Msg receive[AC:45:EF:EA:0D:48]
01-30 10:35:58.191  9391  9440 D ANWAPI  : 
01-30 10:35:58.191  9391  9440 D ANWAPI  : (9391|0x85AB6CB0)[BTAPI] Up: APP << API:MsgHandler receive 0x90
01-30 10:35:58.191  9391  9440 D ANWAPI  : 
01-30 10:35:58.191  9391  9440 D ANWAPI  : (9391|0x85AB6CB0)[BTAPI] Up: AnWBT_NEW_DEVICE_FOUND_IND
01-30 10:35:58.191  9391  9440 D ANWAPI  : 
01-30 10:35:58.191  9391  9440 D ANWAPI  : (9391|0x85AB6CB0)[BTAPI] [0x48, 0x0d, 0xea, 0xef, 0x45, 0xac]
01-30 10:35:58.191  9391  9440 D ANWAPI  : 
01-30 10:35:58.191  9391  9440 D ANWAPI  : (9391|0x85AB6CB0)[BTAPI] carplay_support[0]servicesSupported[0x124]flag(0)
01-30 10:35:58.191  9391  9440 D ANWAPI  : (9391|0x85AB6CB0)[BTAPI] Up: AnWBT_NEW_DEVICE_FOUND_IND,name[LIWENZHE]
01-30 10:35:58.191  9391  9440 D ANW bt_btif: MsgHandler cod is 0x2a410c
01-30 10:35:58.191  9391  9440 D ANWAPI  : (9391|0x85AB6CB0)[BTAPI] servicesSupported(0x7c)
01-30 10:35:58.191  9391  9440 D ANWAPI  : (9391|0x85AB6CB0)[BTAPI] AnW_BT_HFP_HF_Support_Check 0x7c
01-30 10:35:58.191  9391  9440 D ANWAPI  : (9391|0x85AB6CB0)[BTAPI] AnW_BT_HFP_HF_Support_Check can't support hfp hf
01-30 10:35:58.191  9391  9440 D ANWAPI  : (9391|0x85AB6CB0)[BTAPI] AnW_BT_HFP_AG_Support_Check 0x7c
01-30 10:35:58.191  9391  9440 D ANWAPI  : (9391|0x85AB6CB0)[BTAPI] AnW_BT_HFP_AG_Support_Check support hfp ag
01-30 10:35:58.191  9391  9440 D ANWAPI  : (9391|0x85AB6CB0)[BTAPI] AnW_BT_A2DP_Source_Support_Check 0x7c
01-30 10:35:58.191  9391  9440 D ANWAPI  : (9391|0x85AB6CB0)[BTAPI] AnW_BT_A2DP_Source_Support_Check support a2dp source
01-30 10:35:58.191  9391  9440 D ANWAPI  : (9391|0x85AB6CB0)[BTAPI] AnW_BT_A2DP_Sink_Support_Check 0x7c
01-30 10:35:58.191  9391  9440 D ANWAPI  : (9391|0x85AB6CB0)[BTAPI] AnW_BT_A2DP_Sink_Support_Check support a2dp sink
01-30 10:35:58.191  9391  9440 D ANWAPI  : (9391|0x85AB6CB0)[BTAPI] AnW_BT_AVRCP_TG_Support_Check 0x7c
01-30 10:35:58.191  9391  9440 D ANWAPI  : (9391|0x85AB6CB0)[BTAPI] AnW_BT_AVRCP_TG_Support_Check support avrcp tg
01-30 10:35:58.191  9391  9440 D ANWAPI  : (9391|0x85AB6CB0)[BTAPI] AnW_BT_PBAP_PSE_Support_Check 0x7c
01-30 10:35:58.191  9391  9440 D ANWAPI  : (9391|0x85AB6CB0)[BTAPI] AnW_BT_PBAP_PSE_Support_Check can't support pbap pse
01-30 10:35:58.191  9391  9440 D ANWAPI  : (9391|0x85AB6CB0)[BTAPI] AnW_BT_HSPAG_Support_Check 0x7c
01-30 10:35:58.191  9391  9440 D ANWAPI  : (9391|0x85AB6CB0)[BTAPI] AnW_BT_HSPAG_Support_Check can't support hspag
01-30 10:35:58.191  9391  9440 D ANWAPI  : (9391|0x85AB6CB0)[BTAPI] AnW_BT_HID_Support_Check 0x7c
01-30 10:35:58.191  9391  9440 D ANWAPI  : (9391|0x85AB6CB0)[BTAPI] AnW_BT_HID_Support_Check can't support device
01-30 10:35:58.191  9391  9440 D ANWAPI  : (9391|0x85AB6CB0)[BTAPI] AnW_BT_IAP2_Support_Check 0x7c
01-30 10:35:58.191  9391  9440 D ANWAPI  : (9391|0x85AB6CB0)[BTAPI] AnW_BT_IAP2_Support_Check can't support device
01-30 10:35:58.191  9391  9440 D ANWAPI  : (9391|0x85AB6CB0)[BTAPI] AnW_BT_Carplay_Support_Check 0x7c
01-30 10:35:58.191  9391  9440 D ANWAPI  : (9391|0x85AB6CB0)[BTAPI] AnW_BT_Carplay_Support_Check can't support device
01-30 10:35:58.191  9391  9440 D ANWAPI  : (9391|0x85AB6CB0)[BTAPI] num_uuids(4)
01-30 10:35:58.191  9391  9440 D ANWAPI  : (9391|0x85AB6CB0)[BTAPI] up_remote_device_uuid_128_length(64)
01-30 10:35:58.191  9391  9440 D ANW bt_btif: btif_storage_add_remote_device, AnW
01-30 10:35:58.191  9391  9440 D ANW bt_btif: in, bd addr:ac:45:ef:ea:0d:48, prop type:255, len:6
01-30 10:35:58.191  9391  9440 D ANW bt_btif: btif_in_fetch_bonded_device, AnW
01-30 10:35:58.191  9391  9440 D ANW bt_btif: btif_in_fetch_bonded_ble_device, return
01-30 10:35:58.191  9391  9440 D ANW bt_btif: Remote device:ac:45:ef:ea:0d:48, no link key or ble key found
01-30 10:35:58.191  9391  9440 D ANW bt_btif: in, bd addr:ac:45:ef:ea:0d:48, prop type:1, len:8
01-30 10:35:58.191  9391  9440 D ANW bt_btif: btif_in_fetch_bonded_device, AnW
01-30 10:35:58.192  9391  9440 D ANW bt_btif: btif_in_fetch_bonded_ble_device, return
01-30 10:35:58.192  9391  9440 D ANW bt_btif: Remote device:ac:45:ef:ea:0d:48, no link key or ble key found
01-30 10:35:58.192  9391  9440 D ANW bt_btif: in, bd addr:ac:45:ef:ea:0d:48, prop type:4, len:4
01-30 10:35:58.192  9391  9440 D ANW bt_btif: btif_in_fetch_bonded_device, AnW
01-30 10:35:58.192  9391  9440 D ANW bt_btif: btif_in_fetch_bonded_ble_device, return
01-30 10:35:58.192  9391  9440 D ANW bt_btif: Remote device:ac:45:ef:ea:0d:48, no link key or ble key found
01-30 10:35:58.192  9391  9440 D ANW bt_btif: in, bd addr:ac:45:ef:ea:0d:48, prop type:5, len:4
01-30 10:35:58.192  9391  9440 D ANW bt_btif: btif_in_fetch_bonded_device, AnW
01-30 10:35:58.192  9391  9440 D ANW bt_btif: btif_has_ble_keys, AnW ac:45:ef:ea:0d:48
01-30 10:35:58.192  9391  9440 I bt_btif_config: run btif_config_exist
01-30 10:35:58.192  9391  9440 D ANW bt_btif: Remote device:ac:45:ef:ea:0d:48, no link key or ble key found
01-30 10:35:58.192 12903 12903 I gentmodeservice: Using CollectorTypeCC GC.
01-30 10:35:58.192  9391  9440 D ANW bt_btif: in, bd addr:ac:45:ef:ea:0d:48, prop type:11, len:1
01-30 10:35:58.192  9391  9440 D ANW bt_btif: btif_in_fetch_bonded_device, AnW
01-30 10:35:58.192  9391  9440 D ANW bt_btif: btif_has_ble_keys, AnW ac:45:ef:ea:0d:48
01-30 10:35:58.192  9391  9440 I bt_btif_config: run btif_config_exist
01-30 10:35:58.192  9391  9440 D ANW bt_btif: Remote device:ac:45:ef:ea:0d:48, no link key or ble key found
01-30 10:35:58.192  9391  9440 D ANW bt_btif: in, bd addr:ac:45:ef:ea:0d:48, prop type:3, len:64
01-30 10:35:58.192  9391  9440 D ANW bt_btif: btif_in_fetch_bonded_device, AnW
01-30 10:35:58.192  9391  9440 D ANW bt_btif: btif_has_ble_keys, AnW ac:45:ef:ea:0d:48
01-30 10:35:58.192  9391  9440 I bt_btif_config: run btif_config_exist
01-30 10:35:58.192  9391  9440 D ANW bt_btif: Remote device:ac:45:ef:ea:0d:48, no link key or ble key found
01-30 10:35:58.192  9391  9440 D ANW bt_btif: btif_storage_set_remote_addr_type, AnW
01-30 10:35:58.192  9391  9440 I ANW bt_btif: MsgHandler: HAL bt_hal_cbacks->device_found_cb
01-30 10:35:58.193   652  2032 I audio_hw_streamer: 569 capture_thread_loop: select [ch 8 -> ch 4] [15360 -> 7680] bytes data 
01-30 10:35:58.195 12903 12903 D gentmodeservice: Received session metadata: 7629194842442192249
01-30 10:35:58.199 12903 12903 E gentmodeservice: Not starting debugger since process cannot load the jdwp agent.
01-30 10:35:58.204  9391  9440 I BluetoothAdapterService: sendUuidsInternal: Received service discovery UUIDs for device XX:XX:XX:XX:0D:48
01-30 10:35:58.204  9391  9440 D BluetoothAdapterService: index=0uuid=0000111f-0000-1000-8000-00805f9b34fb
01-30 10:35:58.204  9391  9440 D BluetoothAdapterService: index=1uuid=0000110a-0000-1000-8000-00805f9b34fb
01-30 10:35:58.204  9391  9440 D BluetoothAdapterService: index=2uuid=0000110b-0000-1000-8000-00805f9b34fb
01-30 10:35:58.204  9391  9440 D BluetoothAdapterService: index=3uuid=0000110c-0000-1000-8000-00805f9b34fb
01-30 10:35:58.213   652  2032 I audio_hw_streamer: 569 capture_thread_loop: select [ch 8 -> ch 4] [15360 -> 7680] bytes data 
01-30 10:35:58.213  9391  9440 D ANWAPI  : (9391|0x85AB6CB0)[BTAPI] btsdk_exec_apicb end
01-30 10:35:58.218   851  1825 I am_proc_bound: [0,12903,com.fawvw.intelligentmodeservice]
01-30 10:35:58.219 12863 12863 I CarPlay_Service: onReceive(BluetoothEventDetect.java:379)[onReceive]action:android.bluetooth.device.action.UUID
01-30 10:35:58.221 12863 12863 I CarPlay_Service: onReceive(BluetoothEventDetect.java:389)get uuids
01-30 10:35:58.221  2310  3752 D DEBUG   : CNetworkDetectEngine::NetworkDetect Start 9
01-30 10:35:58.221 12863 12863 I CarPlay_Service: startSppiAPConnect(BluetoothEventDetect.java:882)[startSppiAPConnect]
01-30 10:35:58.223   644   708 I mcuc    : sd Uart data : 6AA60000D70002060120
01-30 10:35:58.225  9391  9433 I anw_bt_btif: get_connection_state, AnW
01-30 10:35:58.225  9391  9433 I ANW bt_btif: do_get_connect_state
01-30 10:35:58.225  9391  9433 D ANWAPI  : (9391|0x8C1D8CB0)[BTAPI] SPPMIN(0)SPPMAX(1)
01-30 10:35:58.225  9391  9433 D ANWAPI  : 
01-30 10:35:58.225  9391  9433 D ANWAPI  : (9391|0x8C1D8CB0)[BTAPI] SPPMIN(0)SPPMAX(0)
01-30 10:35:58.225  9391  9433 D ANWAPI  : 
01-30 10:35:58.225  9391  9433 D ANWAPI  : (9391|0x8C1D8CB0)[BTAPI] Filling New BT Addrss in index[1] , addr is:[
01-30 10:35:58.226  9391  9433 D ANWAPI  : (9391|0x8C1D8CB0)[BTAPI] 0x48 
01-30 10:35:58.226  9391  9433 D ANWAPI  : (9391|0x8C1D8CB0)[BTAPI] 0xd 
01-30 10:35:58.226  9391  9433 D ANWAPI  : (9391|0x8C1D8CB0)[BTAPI] 0xea 
01-30 10:35:58.226  9391  9433 D ANWAPI  : (9391|0x8C1D8CB0)[BTAPI] 0xef 
01-30 10:35:58.226  9391  9433 D ANWAPI  : (9391|0x8C1D8CB0)[BTAPI] 0x45 
01-30 10:35:58.226  9391  9433 D ANWAPI  : (9391|0x8C1D8CB0)[BTAPI] 0xac 
01-30 10:35:58.226  9391  9433 D ANWAPI  : (9391|0x8C1D8CB0)[BTAPI] ]
01-30 10:35:58.226  9391  9433 D ANWAPI  : 
01-30 10:35:58.226  9391  9433 D ANWAPI  : (9391|0x8C1D8CB0)[BTAPI] SPPMIN(0)SPPMAX(0)
01-30 10:35:58.226  9391  9433 D ANWAPI  : 
01-30 10:35:58.226  9391  9433 I anw_bt_btif: get_connection_state, AnW state 0
01-30 10:35:58.227   644   707 I mcuc    : sd Uart data : 6AA6020846000292021A
01-30 10:35:58.228 12903 12903 D CompatibilityChangeReporter: Compat change id reported: 171979766; UID 1000; state: ENABLED
01-30 10:35:58.229  8648  8648 D LocalBluetoothProfileManager: Current Profiles[]
01-30 10:35:58.229 12903 12903 D CompatibilityChangeReporter: Compat change id reported: 242716250; UID 1000; state: ENABLED
01-30 10:35:58.229  8648  8648 D LocalBluetoothProfileManager: New Profiles[HEADSET_CLIENT, A2DPSink]
01-30 10:35:58.229  8648  8648 D CachedBluetoothDevice: updating profiles for XX:XX:XX:XX:0D:48
01-30 10:35:58.230 12863 12863 I CarPlay_Service: startSppiAPConnect(BluetoothEventDetect.java:898)[startSppiAPConnect]connect = false
01-30 10:35:58.230 12863 12863 I CarPlay_Service: startSppiAPConnect(BluetoothEventDetect.java:900)[startSppiAPConnect]!device.isConnected()
01-30 10:35:58.232  2310 11279 D TrafficStats: tagSocket(95) with statsTag=0xffffffff, statsUid=-1
01-30 10:35:58.232   644   707 I mcuc    : rev uart=2218,len=60, data : 6AA681084600349202001800320000000012FF3F01FF01FF01FF01FF01FF01F40003FF03FF03FF03FF03FF03FF03FF03FF03FF03FF03FF03FF0700BB
01-30 10:35:58.233   396   396 D adayocomadapter-ParseProtocolFunc: printRaWMsg Name[MCUToUPstream recv] len[52] data[9202001800320000000012FF3F01FF01FF01FF01FF01FF01F40003FF03FF03FF03FF03FF03FF03FF03FF03FF03FF03FF03FF0700]
01-30 10:35:58.233   396   396 D adayocomadapter-CommunicationManager: onUpstreamback   member[0] dataLength[49] timePoint[234772]
01-30 10:35:58.233   396   396 D adayocomadapter-ParseProtocolFunc: printRaWMsg Name[onUpstreamback] len[49] data[1800320000000012FF3F01FF01FF01FF01FF01FF01F40003FF03FF03FF03FF03FF03FF03FF03FF03FF03FF03FF03FF0700]
01-30 10:35:58.233   396   452 D adayocomadapter-UpstreamHandler: processBeforePacket upSreamtProcessTimePoint[234772] 
01-30 10:35:58.233   396   452 D adayocomadapter-UpstreamHandler: processPacket UPSTREAM_QUEUE_DATA_TIMEOUT
01-30 10:35:58.233   396   452 D adayocomadapter-ParseProtocolFunc: parseCommonIPCLBytes Processing tableNumber[24]
01-30 10:35:58.233   396   452 D adayocomadapter-ParseProtocolFunc: parseCommonIPCLBytes Processing tablename[Table-24] tableSize[49]
01-30 10:35:58.233   396   452 D adayocomadapter-ParseProtocolFunc: printRaWMsg Name[byteStream recv] len[49] data[1800320000000012FF3F01FF01FF01FF01FF01FF01F40003FF03FF03FF03FF03FF03FF03FF03FF03FF03FF03FF03FF0700]
01-30 10:35:58.233   396   452 D adayocomadapter-ParseProtocolFunc: printRaWMsg Name[IPCLtoVHAL] len[8] data[2141211D0112FF3F]
01-30 10:35:58.233   396   452 D adayocomadapter-ParseProtocolFunc: printRaWMsg Name[IPCLtoVHAL] len[7] data[2140207A0003FF]
01-30 10:35:58.233   396   452 D adayocomadapter-ParseProtocolFunc: printRaWMsg Name[IPCLtoVHAL] len[6] data[214020D30000]
01-30 10:35:58.233   396   452 D adayocomadapter-ParseProtocolFunc: printRaWMsg Name[IPCLtoVHAL] len[6] data[214020CB0032]
01-30 10:35:58.233   396   452 D adayocomadapter-ParseProtocolFunc: printRaWMsg Name[IPCLtoVHAL] len[7] data[2140203C0001FF]
01-30 10:35:58.233   396   452 D adayocomadapter-ParseProtocolFunc: printRaWMsg Name[IPCLtoVHAL] len[6] data[214020C90000]
01-30 10:35:58.233   396   452 D adayocomadapter-ParseProtocolFunc: printRaWMsg Name[IPCLtoVHAL] len[6] data[214020CF0000]
01-30 10:35:58.233   396   452 D adayocomadapter-ParseProtocolFunc: printRaWMsg Name[IPCLtoVHAL] len[7] data[214020400001FF]
01-30 10:35:58.233   396   452 D adayocomadapter-ParseProtocolFunc: printRaWMsg Name[IPCLtoVHAL] len[6] data[214020D10000]
01-30 10:35:58.233   396   452 D adayocomadapter-ParseProtocolFunc: printRaWMsg Name[IPCLtoVHAL] len[7] data[214020440001FF]
01-30 10:35:58.233   396   452 D adayocomadapter-ParseProtocolFunc: printRaWMsg Name[IPCLtoVHAL] len[6] data[214020D50000]
01-30 10:35:58.233   396   452 D adayocomadapter-ParseProtocolFunc: printRaWMsg Name[IPCLtoVHAL] len[7] data[214020380001FF]
01-30 10:35:58.233   396   452 D adayocomadapter-ParseProtocolFunc: printRaWMsg Name[IPCLtoVHAL] len[7] data[2140207D0003FF]
01-30 10:35:58.233   396   452 D adayocomadapter-ParseProtocolFunc: printRaWMsg Name[IPCLtoVHAL] len[7] data[2140207F0003FF]
01-30 10:35:58.233   396   452 D adayocomadapter-ParseProtocolFunc: printRaWMsg Name[IPCLtoVHAL] len[6] data[214020520000]
01-30 10:35:58.234   396   452 D adayocomadapter-ParseProtocolFunc: printRaWMsg Name[IPCLtoVHAL] len[7] data[214020810003FF]
01-30 10:35:58.234   396   452 D adayocomadapter-ParseProtocolFunc: printRaWMsg Name[IPCLtoVHAL] len[7] data[214020800003FF]
01-30 10:35:58.234   396   452 D adayocomadapter-ParseProtocolFunc: printRaWMsg Name[IPCLtoVHAL] len[7] data[214020510001F4]
01-30 10:35:58.234   396   452 D adayocomadapter-ParseProtocolFunc: printRaWMsg Name[IPCLtoVHAL] len[7] data[2140207B0003FF]
01-30 10:35:58.234   396   452 D adayocomadapter-ParseProtocolFunc: printRaWMsg Name[IPCLtoVHAL] len[7] data[2140204C0001FF]
01-30 10:35:58.234   396   452 D adayocomadapter-ParseProtocolFunc: printRaWMsg Name[IPCLtoVHAL] len[7] data[2140207C0003FF]
01-30 10:35:58.234   396   452 D adayocomadapter-ParseProtocolFunc: printRaWMsg Name[IPCLtoVHAL] len[7] data[2140207E0003FF]
01-30 10:35:58.234   396   452 D adayocomadapter-ParseProtocolFunc: printRaWMsg Name[IPCLtoVHAL] len[7] data[214020820003FF]
01-30 10:35:58.234   396   452 D adayocomadapter-ParseProtocolFunc: printRaWMsg Name[IPCLtoVHAL] len[7] data[214020830003FF]
01-30 10:35:58.234   396   452 D adayocomadapter-ParseProtocolFunc: printRaWMsg Name[IPCLtoVHAL] len[7] data[214020840003FF]
01-30 10:35:58.234   396   452 D adayocomadapter-ParseProtocolFunc: printRaWMsg Name[IPCLtoVHAL] len[7] data[214020850003FF]
01-30 10:35:58.234   396   452 D adayocomadapter-ParseProtocolFunc: printRaWMsg Name[IPCLtoVHAL] len[6] data[2140220A0007]
01-30 10:35:58.234   396   452 D adayocomadapter-ParseProtocolFunc: printRaWMsg Name[IPCLtoVHAL] len[6] data[214021E60000]
01-30 10:35:58.234   396   452 D adayocomadapter-CommunicationManager: onUpstreamReceive mPropertyId 0x2141211d
01-30 10:35:58.234   396   452 I vw-vhal : notifyVehicleProperty, propId = 0x2141211d, data = {status: 2, int32Values: [18, 255, 63]}
01-30 10:35:58.234   396   452 I vw-vhal : CanSignalsAdapter::notifyVehicleProperty: solvedValue = {.timestamp = 234773450026, .areaId = 0, .prop = 557916445, .status = AVAILABLE, .value = {.int32Values = [3]{18, 255, 63}, .floatValues = [0]{}, .int64Values = [0]{}, .bytes = [0]{}, .stringValue = ""}}
01-30 10:35:58.234   396   452 I VehiclePropertyStore: begin to write value to Store: {.timestamp = 234773450026, .areaId = 0, .prop = 557916445, .status = AVAILABLE, .value = {.int32Values = [3]{18, 255, 63}, .floatValues = [0]{}, .int64Values = [0]{}, .bytes = [0]{}, .stringValue = ""}}
01-30 10:35:58.234   396   452 I DefaultVehicleHal_v2_0: DefaultVehicleHal::onPropertyValue, value:{.timestamp = 234773450026, .areaId = 0, .prop = 557916445, .status = AVAILABLE, .value = {.int32Values = [3]{18, 255, 63}, .floatValues = [0]{}, .int64Values = [0]{}, .bytes = [0]{}, .stringValue = ""}}
01-30 10:35:58.234   396   452 I VehiclePropertyStore: begin to write value to Store: {.timestamp = 234773450026, .areaId = 0, .prop = 557916445, .status = AVAILABLE, .value = {.int32Values = [3]{18, 255, 63}, .floatValues = [0]{}, .int64Values = [0]{}, .bytes = [0]{}, .stringValue = ""}}
01-30 10:35:58.234   396   452 D adayocomadapter-CommunicationManager: onUpstreamReceive mPropertyId 0x2141211d
01-30 10:35:58.234   396   452 D adayocomadapter-CommunicationManager: onUpstreamReceive mPropertyId 0x2140207a
01-30 10:35:58.234   396   452 D adayocomadapter-CommunicationManager: convertBytesToInt32Memcpy  1023
01-30 10:35:58.234   396   452 I vw-vhal : notifyVehicleProperty, propId = 0x2140207a, data = {status: 2, int32Values: [1023]}
01-30 10:35:58.234   396   452 I vw-vhal : CanSignalsAdapter::notifyVehicleProperty: solvedValue = {.timestamp = 234773673026, .areaId = 0, .prop = 557850746, .status = AVAILABLE, .value = {.int32Values = [1]{1023}, .floatValues = [0]{}, .int64Values = [0]{}, .bytes = [0]{}, .stringValue = ""}}
01-30 10:35:58.234   396   452 I VehiclePropertyStore: begin to write value to Store: {.timestamp = 234773673026, .areaId = 0, .prop = 557850746, .status = AVAILABLE, .value = {.int32Values = [1]{1023}, .floatValues = [0]{}, .int64Values = [0]{}, .bytes = [0]{}, .stringValue = ""}}
01-30 10:35:58.234   396   452 I DefaultVehicleHal_v2_0: DefaultVehicleHal::onPropertyValue, value:{.timestamp = 234773673026, .areaId = 0, .prop = 557850746, .status = AVAILABLE, .value = {.int32Values = [1]{1023}, .floatValues = [0]{}, .int64Values = [0]{}, .bytes = [0]{}, .stringValue = ""}}
01-30 10:35:58.234   396   452 I VehiclePropertyStore: begin to write value to Store: {.timestamp = 234773673026, .areaId = 0, .prop = 557850746, .status = AVAILABLE, .value = {.int32Values = [1]{1023}, .floatValues = [0]{}, .int64Values = [0]{}, .bytes = [0]{}, .stringValue = ""}}
01-30 10:35:58.234   396   452 D adayocomadapter-CommunicationManager: onUpstreamReceive mPropertyId 0x2140207a
01-30 10:35:58.234   396   452 D adayocomadapter-CommunicationManager: onUpstreamReceive mPropertyId 0x214020d3
01-30 10:35:58.234   396   452 D adayocomadapter-CommunicationManager: convertBytesToInt32Memcpy  0
01-30 10:35:58.234   396   452 I vw-vhal : notifyVehicleProperty, propId = 0x214020d3, data = {status: 2, int32Values: [0]}
01-30 10:35:58.234   396   452 I vw-vhal : CanSignalsAdapter::notifyVehicleProperty: solvedValue = {.timestamp = 234773855359, .areaId = 0, .prop = 557850835, .status = AVAILABLE, .value = {.int32Values = [1]{0}, .floatValues = [0]{}, .int64Values = [0]{}, .bytes = [0]{}, .stringValue = ""}}
01-30 10:35:58.234   396   452 I VehiclePropertyStore: begin to write value to Store: {.timestamp = 234773855359, .areaId = 0, .prop = 557850835, .status = AVAILABLE, .value = {.int32Values = [1]{0}, .floatValues = [0]{}, .int64Values = [0]{}, .bytes = [0]{}, .stringValue = ""}}
01-30 10:35:58.234   396   452 I DefaultVehicleHal_v2_0: DefaultVehicleHal::onPropertyValue, value:{.timestamp = 234773855359, .areaId = 0, .prop = 557850835, .status = AVAILABLE, .value = {.int32Values = [1]{0}, .floatValues = [0]{}, .int64Values = [0]{}, .bytes = [0]{}, .stringValue = ""}}
01-30 10:35:58.234   396   452 I VehiclePropertyStore: begin to write value to Store: {.timestamp = 234773855359, .areaId = 0, .prop = 557850835, .status = AVAILABLE, .value = {.int32Values = [1]{0}, .floatValues = [0]{}, .int64Values = [0]{}, .bytes = [0]{}, .stringValue = ""}}
01-30 10:35:58.234   396   452 D adayocomadapter-CommunicationManager: onUpstreamReceive mPropertyId 0x214020d3
01-30 10:35:58.234   396   452 D adayocomadapter-CommunicationManager: onUpstreamReceive mPropertyId 0x214020cb
01-30 10:35:58.234   396   452 D adayocomadapter-CommunicationManager: convertBytesToInt32Memcpy  50
01-30 10:35:58.234   396   452 I vw-vhal : notifyVehicleProperty, propId = 0x214020cb, data = {status: 2, int32Values: [50]}
01-30 10:35:58.234   396   452 I vw-vhal : CanSignalsAdapter::notifyVehicleProperty: solvedValue = {.timestamp = 234774038693, .areaId = 0, .prop = 557850827, .status = AVAILABLE, .value = {.int32Values = [1]{50}, .floatValues = [0]{}, .int64Values = [0]{}, .bytes = [0]{}, .stringValue = ""}}
01-30 10:35:58.234   396   452 I VehiclePropertyStore: begin to write value to Store: {.timestamp = 234774038693, .areaId = 0, .prop = 557850827, .status = AVAILABLE, .value = {.int32Values = [1]{50}, .floatValues = [0]{}, .int64Values = [0]{}, .bytes = [0]{}, .stringValue = ""}}
01-30 10:35:58.234   396   452 I DefaultVehicleHal_v2_0: DefaultVehicleHal::onPropertyValue, value:{.timestamp = 234774038693, .areaId = 0, .prop = 557850827, .status = AVAILABLE, .value = {.int32Values = [1]{50}, .floatValues = [0]{}, .int64Values = [0]{}, .bytes = [0]{}, .stringValue = ""}}
01-30 10:35:58.234   396   452 I VehiclePropertyStore: begin to write value to Store: {.timestamp = 234774038693, .areaId = 0, .prop = 557850827, .status = AVAILABLE, .value = {.int32Values = [1]{50}, .floatValues = [0]{}, .int64Values = [0]{}, .bytes = [0]{}, .stringValue = ""}}
01-30 10:35:58.234   396   452 D adayocomadapter-CommunicationManager: onUpstreamReceive mPropertyId 0x214020cb
01-30 10:35:58.235   396   452 D adayocomadapter-CommunicationManager: onUpstreamReceive mPropertyId 0x2140203c
01-30 10:35:58.235   396   452 D adayocomadapter-CommunicationManager: convertBytesToInt32Memcpy  511
01-30 10:35:58.235   396   452 I vw-vhal : notifyVehicleProperty, propId = 0x2140203c, data = {status: 2, int32Values: [511]}
01-30 10:35:58.235   396   452 I vw-vhal : CanSignalsAdapter::notifyVehicleProperty: solvedValue = {.timestamp = 234774212026, .areaId = 0, .prop = 557850684, .status = AVAILABLE, .value = {.int32Values = [1]{511}, .floatValues = [0]{}, .int64Values = [0]{}, .bytes = [0]{}, .stringValue = ""}}
01-30 10:35:58.235   396   452 I VehiclePropertyStore: begin to write value to Store: {.timestamp = 234774212026, .areaId = 0, .prop = 557850684, .status = AVAILABLE, .value = {.int32Values = [1]{511}, .floatValues = [0]{}, .int64Values = [0]{}, .bytes = [0]{}, .stringValue = ""}}
01-30 10:35:58.235   396   452 I DefaultVehicleHal_v2_0: DefaultVehicleHal::onPropertyValue, value:{.timestamp = 234774212026, .areaId = 0, .prop = 557850684, .status = AVAILABLE, .value = {.int32Values = [1]{511}, .floatValues = [0]{}, .int64Values = [0]{}, .bytes = [0]{}, .stringValue = ""}}
01-30 10:35:58.235   396   452 I VehiclePropertyStore: begin to write value to Store: {.timestamp = 234774212026, .areaId = 0, .prop = 557850684, .status = AVAILABLE, .value = {.int32Values = [1]{511}, .floatValues = [0]{}, .int64Values = [0]{}, .bytes = [0]{}, .stringValue = ""}}
01-30 10:35:58.235   396   452 D adayocomadapter-CommunicationManager: onUpstreamReceive mPropertyId 0x2140203c
01-30 10:35:58.235   396   452 D adayocomadapter-CommunicationManager: onUpstreamReceive mPropertyId 0x214020c9
01-30 10:35:58.235   396   452 D adayocomadapter-CommunicationManager: convertBytesToInt32Memcpy  0
01-30 10:35:58.235   396   452 I vw-vhal : notifyVehicleProperty, propId = 0x214020c9, data = {status: 2, int32Values: [0]}
01-30 10:35:58.235   396   452 I vw-vhal : CanSignalsAdapter::notifyVehicleProperty: solvedValue = {.timestamp = 234774391026, .areaId = 0, .prop = 557850825, .status = AVAILABLE, .value = {.int32Values = [1]{0}, .floatValues = [0]{}, .int64Values = [0]{}, .bytes = [0]{}, .stringValue = ""}}
01-30 10:35:58.235   396   452 I VehiclePropertyStore: begin to write value to Store: {.timestamp = 234774391026, .areaId = 0, .prop = 557850825, .status = AVAILABLE, .value = {.int32Values = [1]{0}, .floatValues = [0]{}, .int64Values = [0]{}, .bytes = [0]{}, .stringValue = ""}}
01-30 10:35:58.235   396   452 I DefaultVehicleHal_v2_0: DefaultVehicleHal::onPropertyValue, value:{.timestamp = 234774391026, .areaId = 0, .prop = 557850825, .status = AVAILABLE, .value = {.int32Values = [1]{0}, .floatValues = [0]{}, .int64Values = [0]{}, .bytes = [0]{}, .stringValue = ""}}
01-30 10:35:58.235   396   452 I VehiclePropertyStore: begin to write value to Store: {.timestamp = 234774391026, .areaId = 0, .prop = 557850825, .status = AVAILABLE, .value = {.int32Values = [1]{0}, .floatValues = [0]{}, .int64Values = [0]{}, .bytes = [0]{}, .stringValue = ""}}
01-30 10:35:58.235   396   452 D adayocomadapter-CommunicationManager: onUpstreamReceive mPropertyId 0x214020c9
01-30 10:35:58.235   396   452 D adayocomadapter-CommunicationManager: onUpstreamReceive mPropertyId 0x214020cf
01-30 10:35:58.235   396   452 D adayocomadapter-CommunicationManager: convertBytesToInt32Memcpy  0
01-30 10:35:58.235   396   452 I vw-vhal : notifyVehicleProperty, propId = 0x214020cf, data = {status: 2, int32Values: [0]}
01-30 10:35:58.235   396   452 I vw-vhal : CanSignalsAdapter::notifyVehicleProperty: solvedValue = {.timestamp = 234774558026, .areaId = 0, .prop = 557850831, .status = AVAILABLE, .value = {.int32Values = [1]{0}, .floatValues = [0]{}, .int64Values = [0]{}, .bytes = [0]{}, .stringValue = ""}}
01-30 10:35:58.235   396   452 I VehiclePropertyStore: begin to write value to Store: {.timestamp = 234774558026, .areaId = 0, .prop = 557850831, .status = AVAILABLE, .value = {.int32Values = [1]{0}, .floatValues = [0]{}, .int64Values = [0]{}, .bytes = [0]{}, .stringValue = ""}}
01-30 10:35:58.235   396   452 I DefaultVehicleHal_v2_0: DefaultVehicleHal::onPropertyValue, value:{.timestamp = 234774558026, .areaId = 0, .prop = 557850831, .status = AVAILABLE, .value = {.int32Values = [1]{0}, .floatValues = [0]{}, .int64Values = [0]{}, .bytes = [0]{}, .stringValue = ""}}
01-30 10:35:58.235   396   452 I VehiclePropertyStore: begin to write value to Store: {.timestamp = 234774558026, .areaId = 0, .prop = 557850831, .status = AVAILABLE, .value = {.int32Values = [1]{0}, .floatValues = [0]{}, .int64Values = [0]{}, .bytes = [0]{}, .stringValue = ""}}
01-30 10:35:58.235   851   851 D ResponseStatsTracker: notification:+3m54s571ms; event=<updated>, pkg=com.adayo.carplay, usr=0
01-30 10:35:58.235   396   452 D adayocomadapter-CommunicationManager: onUpstreamReceive mPropertyId 0x214020cf
01-30 10:35:58.235   396   452 D adayocomadapter-CommunicationManager: onUpstreamReceive mPropertyId 0x21402040
01-30 10:35:58.235   396   452 D adayocomadapter-CommunicationManager: convertBytesToInt32Memcpy  511
01-30 10:35:58.235   396   452 I vw-vhal : notifyVehicleProperty, propId = 0x21402040, data = {status: 2, int32Values: [511]}
01-30 10:35:58.235   396   452 I vw-vhal : CanSignalsAdapter::notifyVehicleProperty: solvedValue = {.timestamp = 234774731026, .areaId = 0, .prop = 557850688, .status = AVAILABLE, .value = {.int32Values = [1]{511}, .floatValues = [0]{}, .int64Values = [0]{}, .bytes = [0]{}, .stringValue = ""}}
01-30 10:35:58.235   396   452 I VehiclePropertyStore: begin to write value to Store: {.timestamp = 234774731026, .areaId = 0, .prop = 557850688, .status = AVAILABLE, .value = {.int32Values = [1]{511}, .floatValues = [0]{}, .int64Values = [0]{}, .bytes = [0]{}, .stringValue = ""}}
01-30 10:35:58.235   396   452 I DefaultVehicleHal_v2_0: DefaultVehicleHal::onPropertyValue, value:{.timestamp = 234774731026, .areaId = 0, .prop = 557850688, .status = AVAILABLE, .value = {.int32Values = [1]{511}, .floatValues = [0]{}, .int64Values = [0]{}, .bytes = [0]{}, .stringValue = ""}}
01-30 10:35:58.235   396   452 I VehiclePropertyStore: begin to write value to Store: {.timestamp = 234774731026, .areaId = 0, .prop = 557850688, .status = AVAILABLE, .value = {.int32Values = [1]{511}, .floatValues = [0]{}, .int64Values = [0]{}, .bytes = [0]{}, .stringValue = ""}}
01-30 10:35:58.235   396   452 D adayocomadapter-CommunicationManager: onUpstreamReceive mPropertyId 0x21402040
01-30 10:35:58.235   396   452 D adayocomadapter-CommunicationManager: onUpstreamReceive mPropertyId 0x214020d1
01-30 10:35:58.235   396   452 D adayocomadapter-CommunicationManager: convertBytesToInt32Memcpy  0
01-30 10:35:58.235   396   452 I vw-vhal : notifyVehicleProperty, propId = 0x214020d1, data = {status: 2, int32Values: [0]}
01-30 10:35:58.235   396   452 I vw-vhal : CanSignalsAdapter::notifyVehicleProperty: solvedValue = {.timestamp = 234774898693, .areaId = 0, .prop = 557850833, .status = AVAILABLE, .value = {.int32Values = [1]{0}, .floatValues = [0]{}, .int64Values = [0]{}, .bytes = [0]{}, .stringValue = ""}}
01-30 10:35:58.235   396   452 I VehiclePropertyStore: begin to write value to Store: {.timestamp = 234774898693, .areaId = 0, .prop = 557850833, .status = AVAILABLE, .value = {.int32Values = [1]{0}, .floatValues = [0]{}, .int64Values = [0]{}, .bytes = [0]{}, .stringValue = ""}}
01-30 10:35:58.235   396   452 I DefaultVehicleHal_v2_0: DefaultVehicleHal::onPropertyValue, value:{.timestamp = 234774898693, .areaId = 0, .prop = 557850833, .status = AVAILABLE, .value = {.int32Values = [1]{0}, .floatValues = [0]{}, .int64Values = [0]{}, .bytes = [0]{}, .stringValue = ""}}
01-30 10:35:58.235   396   452 I VehiclePropertyStore: begin to write value to Store: {.timestamp = 234774898693, .areaId = 0, .prop = 557850833, .status = AVAILABLE, .value = {.int32Values = [1]{0}, .floatValues = [0]{}, .int64Values = [0]{}, .bytes = [0]{}, .stringValue = ""}}
01-30 10:35:58.235   396   452 D adayocomadapter-CommunicationManager: onUpstreamReceive mPropertyId 0x214020d1
01-30 10:35:58.235   396   452 D adayocomadapter-CommunicationManager: onUpstreamReceive mPropertyId 0x21402044
01-30 10:35:58.235   396   452 D adayocomadapter-CommunicationManager: convertBytesToInt32Memcpy  511
01-30 10:35:58.235   396   452 I vw-vhal : notifyVehicleProperty, propId = 0x21402044, data = {status: 2, int32Values: [511]}
01-30 10:35:58.235   396   452 I vw-vhal : CanSignalsAdapter::notifyVehicleProperty: solvedValue = {.timestamp = 234775078026, .areaId = 0, .prop = 557850692, .status = AVAILABLE, .value = {.int32Values = [1]{511}, .floatValues = [0]{}, .int64Values = [0]{}, .bytes = [0]{}, .stringValue = ""}}
01-30 10:35:58.235   396   452 I VehiclePropertyStore: begin to write value to Store: {.timestamp = 234775078026, .areaId = 0, .prop = 557850692, .status = AVAILABLE, .value = {.int32Values = [1]{511}, .floatValues = [0]{}, .int64Values = [0]{}, .bytes = [0]{}, .stringValue = ""}}
01-30 10:35:58.235   396   452 I DefaultVehicleHal_v2_0: DefaultVehicleHal::onPropertyValue, value:{.timestamp = 234775078026, .areaId = 0, .prop = 557850692, .status = AVAILABLE, .value = {.int32Values = [1]{511}, .floatValues = [0]{}, .int64Values = [0]{}, .bytes = [0]{}, .stringValue = ""}}
01-30 10:35:58.236   396   452 I VehiclePropertyStore: begin to write value to Store: {.timestamp = 234775078026, .areaId = 0, .prop = 557850692, .status = AVAILABLE, .value = {.int32Values = [1]{511}, .floatValues = [0]{}, .int64Values = [0]{}, .bytes = [0]{}, .stringValue = ""}}
01-30 10:35:58.236   396   452 D adayocomadapter-CommunicationManager: onUpstreamReceive mPropertyId 0x21402044
01-30 10:35:58.236   396   452 D adayocomadapter-CommunicationManager: onUpstreamReceive mPropertyId 0x214020d5
01-30 10:35:58.236   396   452 D adayocomadapter-CommunicationManager: convertBytesToInt32Memcpy  0
01-30 10:35:58.236   396   452 I vw-vhal : notifyVehicleProperty, propId = 0x214020d5, data = {status: 2, int32Values: [0]}
01-30 10:35:58.236   396   452 I vw-vhal : CanSignalsAdapter::notifyVehicleProperty: solvedValue = {.timestamp = 234775246359, .areaId = 0, .prop = 557850837, .status = AVAILABLE, .value = {.int32Values = [1]{0}, .floatValues = [0]{}, .int64Values = [0]{}, .bytes = [0]{}, .stringValue = ""}}
01-30 10:35:58.236   396   452 I VehiclePropertyStore: begin to write value to Store: {.timestamp = 234775246359, .areaId = 0, .prop = 557850837, .status = AVAILABLE, .value = {.int32Values = [1]{0}, .floatValues = [0]{}, .int64Values = [0]{}, .bytes = [0]{}, .stringValue = ""}}
01-30 10:35:58.236   396   452 I DefaultVehicleHal_v2_0: DefaultVehicleHal::onPropertyValue, value:{.timestamp = 234775246359, .areaId = 0, .prop = 557850837, .status = AVAILABLE, .value = {.int32Values = [1]{0}, .floatValues = [0]{}, .int64Values = [0]{}, .bytes = [0]{}, .stringValue = ""}}
01-30 10:35:58.236   396   452 I VehiclePropertyStore: begin to write value to Store: {.timestamp = 234775246359, .areaId = 0, .prop = 557850837, .status = AVAILABLE, .value = {.int32Values = [1]{0}, .floatValues = [0]{}, .int64Values = [0]{}, .bytes = [0]{}, .stringValue = ""}}
01-30 10:35:58.236   396   452 D adayocomadapter-CommunicationManager: onUpstreamReceive mPropertyId 0x214020d5
01-30 10:35:58.236   396   452 D adayocomadapter-CommunicationManager: onUpstreamReceive mPropertyId 0x21402038
01-30 10:35:58.236   396   452 D adayocomadapter-CommunicationManager: convertBytesToInt32Memcpy  511
01-30 10:35:58.236   396   452 I vw-vhal : notifyVehicleProperty, propId = 0x21402038, data = {status: 2, int32Values: [511]}
01-30 10:35:58.236   396   452 I vw-vhal : CanSignalsAdapter::notifyVehicleProperty: solvedValue = {.timestamp = 234775421026, .areaId = 0, .prop = 557850680, .status = AVAILABLE, .value = {.int32Values = [1]{511}, .floatValues = [0]{}, .int64Values = [0]{}, .bytes = [0]{}, .stringValue = ""}}
01-30 10:35:58.236   396   452 I VehiclePropertyStore: begin to write value to Store: {.timestamp = 234775421026, .areaId = 0, .prop = 557850680, .status = AVAILABLE, .value = {.int32Values = [1]{511}, .floatValues = [0]{}, .int64Values = [0]{}, .bytes = [0]{}, .stringValue = ""}}
01-30 10:35:58.236   396   452 I DefaultVehicleHal_v2_0: DefaultVehicleHal::onPropertyValue, value:{.timestamp = 234775421026, .areaId = 0, .prop = 557850680, .status = AVAILABLE, .value = {.int32Values = [1]{511}, .floatValues = [0]{}, .int64Values = [0]{}, .bytes = [0]{}, .stringValue = ""}}
01-30 10:35:58.236   396   452 I VehiclePropertyStore: begin to write value to Store: {.timestamp = 234775421026, .areaId = 0, .prop = 557850680, .status = AVAILABLE, .value = {.int32Values = [1]{511}, .floatValues = [0]{}, .int64Values = [0]{}, .bytes = [0]{}, .stringValue = ""}}
01-30 10:35:58.236   396   452 D adayocomadapter-CommunicationManager: onUpstreamReceive mPropertyId 0x21402038
01-30 10:35:58.236   396   452 D adayocomadapter-CommunicationManager: onUpstreamReceive mPropertyId 0x2140207d
01-30 10:35:58.236   396   452 D adayocomadapter-CommunicationManager: convertBytesToInt32Memcpy  1023
01-30 10:35:58.236   396   452 I vw-vhal : notifyVehicleProperty, propId = 0x2140207d, data = {status: 2, int32Values: [1023]}
01-30 10:35:58.236   396   452 I vw-vhal : CanSignalsAdapter::notifyVehicleProperty: solvedValue = {.timestamp = 234775600026, .areaId = 0, .prop = 557850749, .status = AVAILABLE, .value = {.int32Values = [1]{1023}, .floatValues = [0]{}, .int64Values = [0]{}, .bytes = [0]{}, .stringValue = ""}}
01-30 10:35:58.236   396   452 I VehiclePropertyStore: begin to write value to Store: {.timestamp = 234775600026, .areaId = 0, .prop = 557850749, .status = AVAILABLE, .value = {.int32Values = [1]{1023}, .floatValues = [0]{}, .int64Values = [0]{}, .bytes = [0]{}, .stringValue = ""}}
01-30 10:35:58.236   396   452 I DefaultVehicleHal_v2_0: DefaultVehicleHal::onPropertyValue, value:{.timestamp = 234775600026, .areaId = 0, .prop = 557850749, .status = AVAILABLE, .value = {.int32Values = [1]{1023}, .floatValues = [0]{}, .int64Values = [0]{}, .bytes = [0]{}, .stringValue = ""}}
01-30 10:35:58.236   396   452 I VehiclePropertyStore: begin to write value to Store: {.timestamp = 234775600026, .areaId = 0, .prop = 557850749, .status = AVAILABLE, .value = {.int32Values = [1]{1023}, .floatValues = [0]{}, .int64Values = [0]{}, .bytes = [0]{}, .stringValue = ""}}
01-30 10:35:58.236   396   452 D adayocomadapter-CommunicationManager: onUpstreamReceive mPropertyId 0x2140207d
01-30 10:35:58.236   396   452 D adayocomadapter-CommunicationManager: onUpstreamReceive mPropertyId 0x2140207f
01-30 10:35:58.236   396   452 D adayocomadapter-CommunicationManager: convertBytesToInt32Memcpy  1023
01-30 10:35:58.236   396   452 I vw-vhal : notifyVehicleProperty, propId = 0x2140207f, data = {status: 2, int32Values: [1023]}
01-30 10:35:58.236   396   452 I vw-vhal : CanSignalsAdapter::notifyVehicleProperty: solvedValue = {.timestamp = 234775767693, .areaId = 0, .prop = 557850751, .status = AVAILABLE, .value = {.int32Values = [1]{1023}, .floatValues = [0]{}, .int64Values = [0]{}, .bytes = [0]{}, .stringValue = ""}}
01-30 10:35:58.236   396   452 I VehiclePropertyStore: begin to write value to Store: {.timestamp = 234775767693, .areaId = 0, .prop = 557850751, .status = AVAILABLE, .value = {.int32Values = [1]{1023}, .floatValues = [0]{}, .int64Values = [0]{}, .bytes = [0]{}, .stringValue = ""}}
01-30 10:35:58.236   396   452 I DefaultVehicleHal_v2_0: DefaultVehicleHal::onPropertyValue, value:{.timestamp = 234775767693, .areaId = 0, .prop = 557850751, .status = AVAILABLE, .value = {.int32Values = [1]{1023}, .floatValues = [0]{}, .int64Values = [0]{}, .bytes = [0]{}, .stringValue = ""}}
01-30 10:35:58.236   396   452 I VehiclePropertyStore: begin to write value to Store: {.timestamp = 234775767693, .areaId = 0, .prop = 557850751, .status = AVAILABLE, .value = {.int32Values = [1]{1023}, .floatValues = [0]{}, .int64Values = [0]{}, .bytes = [0]{}, .stringValue = ""}}
01-30 10:35:58.236   396   452 D adayocomadapter-CommunicationManager: onUpstreamReceive mPropertyId 0x2140207f
01-30 10:35:58.236   396   452 D adayocomadapter-CommunicationManager: onUpstreamReceive mPropertyId 0x21402052
01-30 10:35:58.236   396   452 D adayocomadapter-CommunicationManager: convertBytesToInt32Memcpy  0
01-30 10:35:58.236   396   452 I vw-vhal : notifyVehicleProperty, propId = 0x21402052, data = {status: 2, int32Values: [0]}
01-30 10:35:58.236   396   452 I vw-vhal : CanSignalsAdapter::notifyVehicleProperty: solvedValue = {.timestamp = 234775943026, .areaId = 0, .prop = 557850706, .status = AVAILABLE, .value = {.int32Values = [1]{0}, .floatValues = [0]{}, .int64Values = [0]{}, .bytes = [0]{}, .stringValue = ""}}
01-30 10:35:58.236   396   452 I VehiclePropertyStore: begin to write value to Store: {.timestamp = 234775943026, .areaId = 0, .prop = 557850706, .status = AVAILABLE, .value = {.int32Values = [1]{0}, .floatValues = [0]{}, .int64Values = [0]{}, .bytes = [0]{}, .stringValue = ""}}
01-30 10:35:58.236   396   452 I DefaultVehicleHal_v2_0: DefaultVehicleHal::onPropertyValue, value:{.timestamp = 234775943026, .areaId = 0, .prop = 557850706, .status = AVAILABLE, .value = {.int32Values = [1]{0}, .floatValues = [0]{}, .int64Values = [0]{}, .bytes = [0]{}, .stringValue = ""}}
01-30 10:35:58.236   396   452 I VehiclePropertyStore: begin to write value to Store: {.timestamp = 234775943026, .areaId = 0, .prop = 557850706, .status = AVAILABLE, .value = {.int32Values = [1]{0}, .floatValues = [0]{}, .int64Values = [0]{}, .bytes = [0]{}, .stringValue = ""}}
01-30 10:35:58.236   396   452 D adayocomadapter-CommunicationManager: onUpstreamReceive mPropertyId 0x21402052
01-30 10:35:58.236   396   452 D adayocomadapter-CommunicationManager: onUpstreamReceive mPropertyId 0x21402081
01-30 10:35:58.236   396   452 D adayocomadapter-CommunicationManager: convertBytesToInt32Memcpy  1023
01-30 10:35:58.236   396   452 I vw-vhal : notifyVehicleProperty, propId = 0x21402081, data = {status: 2, int32Values: [1023]}
01-30 10:35:58.237   396   452 I vw-vhal : CanSignalsAdapter::notifyVehicleProperty: solvedValue = {.timestamp = 234776145693, .areaId = 0, .prop = 557850753, .status = AVAILABLE, .value = {.int32Values = [1]{1023}, .floatValues = [0]{}, .int64Values = [0]{}, .bytes = [0]{}, .stringValue = ""}}
01-30 10:35:58.237   396   452 I VehiclePropertyStore: begin to write value to Store: {.timestamp = 234776145693, .areaId = 0, .prop = 557850753, .status = AVAILABLE, .value = {.int32Values = [1]{1023}, .floatValues = [0]{}, .int64Values = [0]{}, .bytes = [0]{}, .stringValue = ""}}
01-30 10:35:58.237   396   452 I DefaultVehicleHal_v2_0: DefaultVehicleHal::onPropertyValue, value:{.timestamp = 234776145693, .areaId = 0, .prop = 557850753, .status = AVAILABLE, .value = {.int32Values = [1]{1023}, .floatValues = [0]{}, .int64Values = [0]{}, .bytes = [0]{}, .stringValue = ""}}
01-30 10:35:58.237   396   452 I VehiclePropertyStore: begin to write value to Store: {.timestamp = 234776145693, .areaId = 0, .prop = 557850753, .status = AVAILABLE, .value = {.int32Values = [1]{1023}, .floatValues = [0]{}, .int64Values = [0]{}, .bytes = [0]{}, .stringValue = ""}}
01-30 10:35:58.237   396   452 D adayocomadapter-CommunicationManager: onUpstreamReceive mPropertyId 0x21402081
01-30 10:35:58.237   396   452 D adayocomadapter-CommunicationManager: onUpstreamReceive mPropertyId 0x21402080
01-30 10:35:58.237   396   452 D adayocomadapter-CommunicationManager: convertBytesToInt32Memcpy  1023
01-30 10:35:58.237   396   452 I vw-vhal : notifyVehicleProperty, propId = 0x21402080, data = {status: 2, int32Values: [1023]}
01-30 10:35:58.237   396   452 I vw-vhal : CanSignalsAdapter::notifyVehicleProperty: solvedValue = {.timestamp = 234776332359, .areaId = 0, .prop = 557850752, .status = AVAILABLE, .value = {.int32Values = [1]{1023}, .floatValues = [0]{}, .int64Values = [0]{}, .bytes = [0]{}, .stringValue = ""}}
01-30 10:35:58.237   396   452 I VehiclePropertyStore: begin to write value to Store: {.timestamp = 234776332359, .areaId = 0, .prop = 557850752, .status = AVAILABLE, .value = {.int32Values = [1]{1023}, .floatValues = [0]{}, .int64Values = [0]{}, .bytes = [0]{}, .stringValue = ""}}
01-30 10:35:58.237   396   452 I DefaultVehicleHal_v2_0: DefaultVehicleHal::onPropertyValue, value:{.timestamp = 234776332359, .areaId = 0, .prop = 557850752, .status = AVAILABLE, .value = {.int32Values = [1]{1023}, .floatValues = [0]{}, .int64Values = [0]{}, .bytes = [0]{}, .stringValue = ""}}
01-30 10:35:58.237   396   452 I VehiclePropertyStore: begin to write value to Store: {.timestamp = 234776332359, .areaId = 0, .prop = 557850752, .status = AVAILABLE, .value = {.int32Values = [1]{1023}, .floatValues = [0]{}, .int64Values = [0]{}, .bytes = [0]{}, .stringValue = ""}}
01-30 10:35:58.237   396   452 D adayocomadapter-CommunicationManager: onUpstreamReceive mPropertyId 0x21402080
01-30 10:35:58.237   396   452 D adayocomadapter-CommunicationManager: onUpstreamReceive mPropertyId 0x21402051
01-30 10:35:58.237   396   452 D adayocomadapter-CommunicationManager: convertBytesToInt32Memcpy  500
01-30 10:35:58.237   396   452 I vw-vhal : notifyVehicleProperty, propId = 0x21402051, data = {status: 2, int32Values: [500]}
01-30 10:35:58.237   396   452 I vw-vhal : CanSignalsAdapter::notifyVehicleProperty: solvedValue = {.timestamp = 234776502693, .areaId = 0, .prop = 557850705, .status = AVAILABLE, .value = {.int32Values = [1]{500}, .floatValues = [0]{}, .int64Values = [0]{}, .bytes = [0]{}, .stringValue = ""}}
01-30 10:35:58.237   396   452 I VehiclePropertyStore: begin to write value to Store: {.timestamp = 234776502693, .areaId = 0, .prop = 557850705, .status = AVAILABLE, .value = {.int32Values = [1]{500}, .floatValues = [0]{}, .int64Values = [0]{}, .bytes = [0]{}, .stringValue = ""}}
01-30 10:35:58.237   396   452 I DefaultVehicleHal_v2_0: DefaultVehicleHal::onPropertyValue, value:{.timestamp = 234776502693, .areaId = 0, .prop = 557850705, .status = AVAILABLE, .value = {.int32Values = [1]{500}, .floatValues = [0]{}, .int64Values = [0]{}, .bytes = [0]{}, .stringValue = ""}}
01-30 10:35:58.237   396   452 I VehiclePropertyStore: begin to write value to Store: {.timestamp = 234776502693, .areaId = 0, .prop = 557850705, .status = AVAILABLE, .value = {.int32Values = [1]{500}, .floatValues = [0]{}, .int64Values = [0]{}, .bytes = [0]{}, .stringValue = ""}}
01-30 10:35:58.237   396   452 D adayocomadapter-CommunicationManager: onUpstreamReceive mPropertyId 0x21402051
01-30 10:35:58.237   396   452 D adayocomadapter-CommunicationManager: onUpstreamReceive mPropertyId 0x2140207b
01-30 10:35:58.237   396   452 D adayocomadapter-CommunicationManager: convertBytesToInt32Memcpy  1023
01-30 10:35:58.237   396   452 I vw-vhal : notifyVehicleProperty, propId = 0x2140207b, data = {status: 2, int32Values: [1023]}
01-30 10:35:58.237   396   452 I vw-vhal : CanSignalsAdapter::notifyVehicleProperty: solvedValue = {.timestamp = 234776682693, .areaId = 0, .prop = 557850747, .status = AVAILABLE, .value = {.int32Values = [1]{1023}, .floatValues = [0]{}, .int64Values = [0]{}, .bytes = [0]{}, .stringValue = ""}}
01-30 10:35:58.237   396   452 I VehiclePropertyStore: begin to write value to Store: {.timestamp = 234776682693, .areaId = 0, .prop = 557850747, .status = AVAILABLE, .value = {.int32Values = [1]{1023}, .floatValues = [0]{}, .int64Values = [0]{}, .bytes = [0]{}, .stringValue = ""}}
01-30 10:35:58.237   396   452 I DefaultVehicleHal_v2_0: DefaultVehicleHal::onPropertyValue, value:{.timestamp = 234776682693, .areaId = 0, .prop = 557850747, .status = AVAILABLE, .value = {.int32Values = [1]{1023}, .floatValues = [0]{}, .int64Values = [0]{}, .bytes = [0]{}, .stringValue = ""}}
01-30 10:35:58.237   396   452 I VehiclePropertyStore: begin to write value to Store: {.timestamp = 234776682693, .areaId = 0, .prop = 557850747, .status = AVAILABLE, .value = {.int32Values = [1]{1023}, .floatValues = [0]{}, .int64Values = [0]{}, .bytes = [0]{}, .stringValue = ""}}
01-30 10:35:58.237   396   452 D adayocomadapter-CommunicationManager: onUpstreamReceive mPropertyId 0x2140207b
01-30 10:35:58.237   396   452 D adayocomadapter-CommunicationManager: onUpstreamReceive mPropertyId 0x2140204c
01-30 10:35:58.237   396   452 D adayocomadapter-CommunicationManager: convertBytesToInt32Memcpy  511
01-30 10:35:58.237   396   452 I vw-vhal : notifyVehicleProperty, propId = 0x2140204c, data = {status: 2, int32Values: [511]}
01-30 10:35:58.237   396   452 I vw-vhal : CanSignalsAdapter::notifyVehicleProperty: solvedValue = {.timestamp = 234776859693, .areaId = 0, .prop = 557850700, .status = AVAILABLE, .value = {.int32Values = [1]{511}, .floatValues = [0]{}, .int64Values = [0]{}, .bytes = [0]{}, .stringValue = ""}}
01-30 10:35:58.237   396   452 I VehiclePropertyStore: begin to write value to Store: {.timestamp = 234776859693, .areaId = 0, .prop = 557850700, .status = AVAILABLE, .value = {.int32Values = [1]{511}, .floatValues = [0]{}, .int64Values = [0]{}, .bytes = [0]{}, .stringValue = ""}}
01-30 10:35:58.237   396   452 I DefaultVehicleHal_v2_0: DefaultVehicleHal::onPropertyValue, value:{.timestamp = 234776859693, .areaId = 0, .prop = 557850700, .status = AVAILABLE, .value = {.int32Values = [1]{511}, .floatValues = [0]{}, .int64Values = [0]{}, .bytes = [0]{}, .stringValue = ""}}
01-30 10:35:58.237   396   452 I VehiclePropertyStore: begin to write value to Store: {.timestamp = 234776859693, .areaId = 0, .prop = 557850700, .status = AVAILABLE, .value = {.int32Values = [1]{511}, .floatValues = [0]{}, .int64Values = [0]{}, .bytes = [0]{}, .stringValue = ""}}
01-30 10:35:58.237   396   452 D adayocomadapter-CommunicationManager: onUpstreamReceive mPropertyId 0x2140204c
01-30 10:35:58.237   396   452 D adayocomadapter-CommunicationManager: onUpstreamReceive mPropertyId 0x2140207c
01-30 10:35:58.237   396   452 D adayocomadapter-CommunicationManager: convertBytesToInt32Memcpy  1023
01-30 10:35:58.237   396   452 I vw-vhal : notifyVehicleProperty, propId = 0x2140207c, data = {status: 2, int32Values: [1023]}
01-30 10:35:58.237   396   452 I vw-vhal : CanSignalsAdapter::notifyVehicleProperty: solvedValue = {.timestamp = 234777025693, .areaId = 0, .prop = 557850748, .status = AVAILABLE, .value = {.int32Values = [1]{1023}, .floatValues = [0]{}, .int64Values = [0]{}, .bytes = [0]{}, .stringValue = ""}}
01-30 10:35:58.237   396   452 I VehiclePropertyStore: begin to write value to Store: {.timestamp = 234777025693, .areaId = 0, .prop = 557850748, .status = AVAILABLE, .value = {.int32Values = [1]{1023}, .floatValues = [0]{}, .int64Values = [0]{}, .bytes = [0]{}, .stringValue = ""}}
01-30 10:35:58.237   396   452 I DefaultVehicleHal_v2_0: DefaultVehicleHal::onPropertyValue, value:{.timestamp = 234777025693, .areaId = 0, .prop = 557850748, .status = AVAILABLE, .value = {.int32Values = [1]{1023}, .floatValues = [0]{}, .int64Values = [0]{}, .bytes = [0]{}, .stringValue = ""}}
01-30 10:35:58.237   396   452 I VehiclePropertyStore: begin to write value to Store: {.timestamp = 234777025693, .areaId = 0, .prop = 557850748, .status = AVAILABLE, .value = {.int32Values = [1]{1023}, .floatValues = [0]{}, .int64Values = [0]{}, .bytes = [0]{}, .stringValue = ""}}
01-30 10:35:58.237   396   452 D adayocomadapter-CommunicationManager: onUpstreamReceive mPropertyId 0x2140207c
01-30 10:35:58.237   396   452 D adayocomadapter-CommunicationManager: onUpstreamReceive mPropertyId 0x2140207e
