01-30 10:35:55.801   582 12498 D resolv  : res_cache_add_stats_sample_locked: adding sample to stats, next = 17, count = 64
01-30 10:35:55.801   582 12498 D resolv  : res_nsend: got answer:
01-30 10:35:55.801   582 12498 D resolv  : answer_getTTL: TTL = 0
01-30 10:35:55.801   582 12498 D resolv  : cache_dump_mru_locked: MRU LIST ( 0): 
01-30 10:35:55.801   582 12498 I resolv  : doQuery: rcode=3, ancount=0, return value=45
01-30 10:35:55.805  1464  2814 D NetworkMonitor/106/wlan0: isDataStall: result=0, consecutive dns timeout count=4
01-30 10:35:55.809 12753 12753 I ADAYO_NETWORK_PING: PING 192.168.16.4 (192.168.16.4) from 192.168.16.3 vlan_16: 56(84) bytes of data.
01-30 10:35:55.809 12753 12753 I ADAYO_NETWORK_PING: 64 bytes from 192.168.16.4: icmp_seq=1 ttl=64 time=0.654 ms
01-30 10:35:55.809 12753 12753 I ADAYO_NETWORK_PING: 
01-30 10:35:55.809 12753 12753 I ADAYO_NETWORK_PING: --- 192.168.16.4 ping statistics ---
01-30 10:35:55.809 12753 12753 I ADAYO_NETWORK_PING: 1 packets transmitted, 1 received, 0% packet loss, time 0ms
01-30 10:35:55.809 12753 12753 I ADAYO_NETWORK_PING: rtt min/avg/max/mdev = 0.654/0.654/0.654/0.000 ms
01-30 10:35:55.813   652  2032 I audio_hw_streamer: 569 capture_thread_loop: select [ch 8 -> ch 4] [15360 -> 7680] bytes data 
01-30 10:35:55.815 12720 12720 I CarPlayServerProxy: CarPlayProxy versionCode: 6 versionName: 0.0.2_3054 buildDate: 20220919_1718
01-30 10:35:55.833   652  2032 I audio_hw_streamer: 569 capture_thread_loop: select [ch 8 -> ch 4] [15360 -> 7680] bytes data 
01-30 10:35:55.833 12720 12720 D CompatibilityChangeReporter: Compat change id reported: 263076149; UID 1000; state: DISABLED
01-30 10:35:55.848 12720 12720 D CarPlay_Service: <init>(CarPlayService.java:1104)LoadJson:Information{LockedBootStartService=true, BootStartService=true, configPath='/system/etc/adayo/carplay/CarPlayJniProxyConfig.json', deviceId='null', siriPrewarmTime=-600, connectOperatingBT=false, connectionMode=0, audioBufferSize=200, recordBufferSize=25000, videoBufferSize=150, decoderAsync=false, audioSteamType=AudioStreamType{VOICE_CALL=StreamInfo{streamType=0, usage='2', contentType='1', audioSource=-1, focusType=1, playusage=2}, RING=StreamInfo{streamType=2, usage='6', contentType='1', audioSource=-1, focusType=1, playusage=6}, MUSIC=StreamInfo{streamType=3, usage='1', contentType='2', audioSource=-1, focusType=0, playusage=1}, ALARM=StreamInfo{streamType=11, usage='13', contentType='1', audioSource=-1, focusType=2, playusage=12}, TTS=StreamInfo{streamType=17, usage='11', contentType='2', audioSource=-1, focusType=2, playusage=18}}, recordStreamType=RecordStreamType{MIC=StreamInfo{streamType=1, usage='2', contentType='1', audioSource=1, focusType=1, playusage=-1}, VOICE_CALL=StreamInfo{streamType=1, usage='2', contentType='1', audioSource=1, focusType=1, playusage=-1}, TTS=StreamInfo{streamType=1, usage='2', contentType='1', audioSource=10, focusType=1, playusage=-1}}, dataBaseInfo=DataBaseInfo{name='historyDevices.db', count=10000}, ituTestParam=ITUTestParam{playerParams=null, recorderParams=null}, dealWithBluetooth=false, muteCanWakeUp=true, transCanWakeUp=true, coverAnswerToFlash=true, carCallEndCarPlay=false, standbySendToPhone=true, dealWithMute=false, dealWithPhoneMode=false, dealWithBackCar=false, noDealWithRouteGuidance=false, minBufferScale=2, dealWithPASCD=true, supportsEnhancedSiriVoice=true, dealWithVR=false, testConnectFail=false, testConnectWifiFail=false, testScreenError=false}
01-30 10:35:55.848 12720 12720 D CarPlay_Service: onCreate(CarPlayService.java:1125)onCreate
01-30 10:35:55.848 12720 12720 I CarPlay_Service: printVersion(CarPlayService.java:1117)CarPlay Server Application VersionCode:149 VersionName:2.2.8_5119 BuildDate:20220919_1718
01-30 10:35:55.849 12720 12720 D DeviceMoblileNative: load PhoneDetectJni lib start
01-30 10:35:55.850   582 12760 I resolv  : GetAddrInfoHandler::run: {106 262250 106 983146 10066 0}
01-30 10:35:55.851   582 12760 D resolv  : resolv_getaddrinfo: explore_fqdn(): ai_family=0 ai_socktype=1 ai_protocol=6
01-30 10:35:55.851   582 12761 D resolv  : doQuery: (1, 28)
01-30 10:35:55.851   582 12761 I resolv  : res_nmkquery: (QUERY, IN, AAAA)
01-30 10:35:55.851   582 12761 D resolv  : res_nsend
01-30 10:35:55.851   582 12761 D resolv  : resolv_cache_lookup: lookup
01-30 10:35:55.851   582 12761 D resolv  : resolv_cache_lookup: NOT IN CACHE
01-30 10:35:55.851   582 12761 D resolv  : resolv_populate_res_for_net: netid=106
01-30 10:35:55.851 12720 12720 D DeviceMoblileNative: load PhoneDetectJni  lib ended
01-30 10:35:55.851   582 12761 D resolv  : res_stats_usable_server: NS stats: S 46 + E 0 + T 18 + I 0 = 64, rtt = 531, min_samples = 8
01-30 10:35:55.851   582 12761 D resolv  : res_stats_usable_server: success rate 71
01-30 10:35:55.851 12720 12720 D PhoneDetectJni: MoblieDviceInitJni OK.
01-30 10:35:55.851   582 12761 D resolv  : res_nsend: Querying server (# 1) address = 192.168.137.1:53
01-30 10:35:55.852 12720 12720 D CarPlay_Service: start(UsbConnectionCtrl.java:123)start
01-30 10:35:55.852   582 12761 D resolv  : send_dg: new DG socket
01-30 10:35:55.852 12720 12720 E CarPlay_Service: start(UsbConnectionCtrl.java:141) start prefix + observer.getDevicePath() start:DEVPATH=/devices/virtual/carplay_dev/carplay_dev
01-30 10:35:55.852 12720 12720 E CarPlay_Service: start(UsbConnectionCtrl.java:143) start prefix + observer.getDevicePath() end :DEVPATH=
01-30 10:35:55.852   582 12761 D resolv  : get_timeout: using timeout of 5000 msec
01-30 10:35:55.852   582 12762 D resolv  : doQuery: (1, 1)
01-30 10:35:55.852   582 12761 D resolv  : retrying_poll: 46 retrying_poll
01-30 10:35:55.852   582 12762 I resolv  : res_nmkquery: (QUERY, IN, A)
01-30 10:35:55.852   582 12762 D resolv  : res_nsend
01-30 10:35:55.852   582 12762 D resolv  : resolv_cache_lookup: lookup
01-30 10:35:55.852   582 12762 D resolv  : resolv_cache_lookup: NOT IN CACHE
01-30 10:35:55.852   582 12762 D resolv  : resolv_populate_res_for_net: netid=106
01-30 10:35:55.852 12720 12720 E CarPlay_Service: start(UsbConnectionCtrl.java:141) start prefix + observer.getDevicePath() start:DEVPATH=/devices/platform/soc/a600000.ssusb/a600000.dwc3/xhci-hcd
01-30 10:35:55.853 12720 12720 E CarPlay_Service: start(UsbConnectionCtrl.java:143) start prefix + observer.getDevicePath() end :DEVPATH=
01-30 10:35:55.853 12720 12720 E CarPlay_Service: start(UsbConnectionCtrl.java:141) start prefix + observer.getDevicePath() start:DEVPATH=/devices/virtual/carplay/carplay
01-30 10:35:55.853 12720 12720 E CarPlay_Service: start(UsbConnectionCtrl.java:143) start prefix + observer.getDevicePath() end :DEVPATH=
01-30 10:35:55.853 12720 12720 E CarPlay_Service: start(UsbConnectionCtrl.java:141) start prefix + observer.getDevicePath() start:DEVPATH=/devices/virtual/misc/iap2_device
01-30 10:35:55.853 12720 12720 E CarPlay_Service: start(UsbConnectionCtrl.java:143) start prefix + observer.getDevicePath() end :DEVPATH=
01-30 10:35:55.853   652  2032 I audio_hw_streamer: 569 capture_thread_loop: select [ch 8 -> ch 4] [15360 -> 7680] bytes data 
01-30 10:35:55.853 12720 12720 E CarPlay_Service: start(UsbConnectionCtrl.java:141) start prefix + observer.getDevicePath() start:DEVPATH=/devices/virtual/eap_dev/eap0
01-30 10:35:55.853 12720 12763 E AndroidRuntime: FATAL EXCEPTION: UEventObserver
01-30 10:35:55.853 12720 12763 E AndroidRuntime: Process: com.adayo.carplay, PID: 12720
01-30 10:35:55.853 12720 12763 E AndroidRuntime: java.lang.RuntimeException: Unable to open socket for UEventObserver
01-30 10:35:55.853 12720 12763 E AndroidRuntime: 	at android.os.UEventObserver.nativeSetup(Native Method)
01-30 10:35:55.853 12720 12763 E AndroidRuntime: 	at android.os.UEventObserver.-$$Nest$smnativeSetup(Unknown Source:0)
01-30 10:35:55.853 12720 12763 E AndroidRuntime: 	at android.os.UEventObserver$UEventThread.run(UEventObserver.java:186)
01-30 10:35:55.853 12720 12720 E CarPlay_Service: start(UsbConnectionCtrl.java:143) start prefix + observer.getDevicePath() end :DEVPATH=
01-30 10:35:55.853 12720 12720 E CarPlay_Service: start(UsbConnectionCtrl.java:141) start prefix + observer.getDevicePath() start:DEVPATH=/devices/platform/soc/e6590000.usb/gadget/sound
01-30 10:35:55.853 12720 12720 E CarPlay_Service: start(UsbConnectionCtrl.java:143) start prefix + observer.getDevicePath() end :DEVPATH=
01-30 10:35:55.854   851  2689 I am_crash: [12720,0,com.adayo.carplay,550026829,java.lang.RuntimeException,Unable to open socket for UEventObserver,UEventObserver.java,-2,0]
01-30 10:35:55.855   582 12762 D resolv  : res_stats_usable_server: NS stats: S 46 + E 0 + T 18 + I 0 = 64, rtt = 531, min_samples = 8
01-30 10:35:55.855   582 12762 D resolv  : res_stats_usable_server: success rate 71
01-30 10:35:55.855   582 12762 D resolv  : res_nsend: Querying server (# 1) address = 192.168.137.1:53
01-30 10:35:55.856   582 12762 D resolv  : send_dg: new DG socket
01-30 10:35:55.856   582 12762 D resolv  : get_timeout: using timeout of 5000 msec
01-30 10:35:55.856   582 12762 D resolv  : retrying_poll: 47 retrying_poll
01-30 10:35:55.857   851  2689 I SdException: eventType = crash, processName = com.adayo.carplay
01-30 10:35:55.858   584  1266 E WifiHAL : Invalid data received from driver
01-30 10:35:55.858   851  2689 I SdException: data = crash|12720|com.adayo.carplay
01-30 10:35:55.860 12720 12720 D CarPlayDeviceDatabase: Journal mode set to: wal
01-30 10:35:55.862 12720 12720 D CarPlay_Service: initKeyCodeMap(KeyEventAdapterImpl.java:331)initKeyCodeMap in  ---
01-30 10:35:55.863 12720 12720 D CarPlay_Service: initKeyCodeMap(KeyEventAdapterImpl.java:343)initKeyCodeMap out  ---
01-30 10:35:55.863 12720 12720 D CarPlay_Service: initKeyStateMap(KeyEventAdapterImpl.java:323)initKeyStateMap in  ---
01-30 10:35:55.863 12720 12720 D CarPlay_Service: initKeyStateMap(KeyEventAdapterImpl.java:327)initKeyStateMap out  ---
01-30 10:35:55.863 11580 12616 W adbd    : timed out while waiting for FUNCTIONFS_BIND, trying again
01-30 10:35:55.863 11580 12616 I adbd    : UsbFfs: connection terminated: monitor thread finished
01-30 10:35:55.864 11580 11580 I adbd    : UsbFfs: already offline
01-30 10:35:55.864 11580 11580 I adbd    : destroying transport UsbFfs
01-30 10:35:55.864 11580 11580 I adbd    : UsbFfsConnection being destroyed
01-30 10:35:55.869 12720 12720 I CarPlay_Service: onLifecycleChanged(KeyEventAdapterImpl.java:359)onLifecycleChanged: car service connected
01-30 10:35:55.870 12720 12720 W ContextImpl: Calling a method in the system process without a qualified user: android.app.ContextImpl.bindService:1988 android.content.ContextWrapper.bindService:861 android.car.Car.startCarService:2807 android.car.Car.createCar:2118 com.adayo.carplayadapter.master.KeyEventAdapterImpl.init:355 
01-30 10:35:55.873   652  2032 I audio_hw_streamer: 569 capture_thread_loop: select [ch 8 -> ch 4] [15360 -> 7680] bytes data 
01-30 10:35:55.873  1279  2932 D CAR.INPUT: addCnsCarInputListener...
01-30 10:35:55.874  1279  2932 D CAR.INPUT: addCnsCarInputListener...
01-30 10:35:55.874  1279  2932 D CAR.INPUT: addCnsCarInputListener...
01-30 10:35:55.875 12720 12720 I CarPlay_Service: init(KeyEventAdapterImpl.java:371)init mediaKey: 0, callKey: 0, voiceKey: 0
01-30 10:35:55.878 12720 12720 D navi-libSdk-J01-NaviSdk: NaviSdk: 
01-30 10:35:55.879 12720 12720 D navi-libSdk-J01-Sdk: init: naviSDK
01-30 10:35:55.879 12720 12720 D navi-libSdk-J01-Sdk: init: action-,mRetryBindTimeMillTime-2000,version2025.02.27.101.01,mApplication-null
01-30 10:35:55.880 12720 12720 D navi-libSdk-J01-Sdk: isServiceConnected: false
01-30 10:35:55.880 12720 12720 D navi-libSdk-J01-Sdk: bindService: 
01-30 10:35:55.880 12720 12720 W ContextImpl: Calling a method in the system process without a qualified user: android.app.ContextImpl.bindService:1988 android.content.ContextWrapper.bindService:861 com.faw.navi.libsdk.base.Sdk.bindService:186 com.faw.navi.libsdk.base.Sdk.init:146 com.faw.navi.libsdk.base.Sdk.init:108 
01-30 10:35:55.884 12720 12720 D navi-libSdk-J01-Sdk: bindService: connected-true,packageName-com.adayo.carplay,pid-12720,action-
01-30 10:35:55.884 12720 12720 D navi-libSdk-J01-NaviSdk: registerNaviStatusChangeCallback: callback-com.adayo.carplayadapter.master.SystemAdapterImpl$1@c03fc12,getProxy()-null
01-30 10:35:55.884 12720 12720 D navi-libSdk-J01-Sdk: isServiceConnected: false
01-30 10:35:55.885 12720 12720 W ContextImpl: Calling a method in the system process without a qualified user: android.app.ContextImpl.bindService:1988 android.content.ContextWrapper.bindService:861 com.cns.android.datacollect.DataCollectManager.bindService:270 com.cns.android.datacollect.DataCollectManager.init:117 com.adayo.carplayadapter.master.CarPlayAdapterManager.init:416 
01-30 10:35:55.887 12720 12720 D DataCollectManager: doBindSceneService...
01-30 10:35:55.887 12720 12720 D DataCollectManager: registerManagerServiceConnection
01-30 10:35:55.887 12720 12720 D DataCollectManager: wait for connection ready
01-30 10:35:55.887 12720 12720 I PermissionManager: Register init listener,  init completed: false
01-30 10:35:55.890  2344  2572 I PermissionServerManager: ┌────────────────────────────────────────────────────────────────┐
01-30 10:35:55.890  2344  2572 I PermissionServerManager: │[10:35:55.890][binder:2344_4][registerPermissionSwitchListener:43]│
01-30 10:35:55.890  2344  2572 I PermissionServerManager: │ com.adayo.carplay register permission callback.                │
01-30 10:35:55.890  2344  2572 I PermissionServerManager: └────────────────────────────────────────────────────────────────┘
01-30 10:35:55.891 12720 12720 D PermissionClientProxy: peekService available
01-30 10:35:55.891  1513  2257 D TboxNetworkManager: tboxNetworkbinder=null
01-30 10:35:55.891 12720 12720 I CarPlay_Service: onManagerServiceConnect(CarPlayAdapterManager.java:454)onManagerServiceConnect
01-30 10:35:55.891 12720 12720 I PermissionManager: registerPermissionInitCompletedListener
01-30 10:35:55.892  2344 12766 D PermissionServerManager: ┌─────────────────────────────────────────────────────────────────────────────┐
01-30 10:35:55.892  2344 12766 D PermissionServerManager: │[10:35:55.891][InitStatusNotify-][lambda$registerPermissionSwitchListener$0:50]│
01-30 10:35:55.892  2344 12766 D PermissionServerManager: │ Init already completed                                                      │
01-30 10:35:55.892  2344 12766 D PermissionServerManager: │ notifying for registered package: com.adayo.carplay.                        │
01-30 10:35:55.892  2344 12766 D PermissionServerManager: └─────────────────────────────────────────────────────────────────────────────┘
01-30 10:35:55.892 12720 12748 D PermissionResponseDispatcher: listener exists, onInitStatusChanged: 1
01-30 10:35:55.893 12720 12748 I PermissionManager: Init status changed: 1, completed: true
01-30 10:35:55.893 12720 12748 I PermissionManager: Callback to com.adayo.carplayInit status changed: 1
01-30 10:35:55.893 12720 12748 I CarPlay_Service: onInitStatusChanged(CarPlayAdapterManager.java:468)onInitStatusChanged i: 1
01-30 10:35:55.893   652  2032 I audio_hw_streamer: 569 capture_thread_loop: select [ch 8 -> ch 4] [15360 -> 7680] bytes data 
01-30 10:35:55.902   851  1060 D NotificationService: PostNotification: Started
01-30 10:35:55.903 12720 12720 D CarPlay_Service: init(EventHandle.java:96)EventHandle init
01-30 10:35:55.903 12720 12720 D DeviceManager: init() called with: context = [com.adayo.carplay.service.CarPlayService@e7c8d86]
01-30 10:35:55.905   851   851 D NotificationService: EnqueueNotificationRunnable.run for: 0|com.adayo.carplay|1|null|1000
01-30 10:35:55.905 12720 12720 D CarPlay_Service: setLocationCallback(MFiClientApi.java:158)setLocationCallback
01-30 10:35:55.905 12720 12720 D CarPlay_Service: setPhoneInfoCallback(MFiClientApi.java:172)setPhoneInfoCallback
01-30 10:35:55.905   851   851 I notification_enqueue: [1000,12720,com.adayo.carplay,1,NULL,0,Notification(channel=carplay_channel shortcut=null contentView=null vibrate=null sound=null defaults=0x0 flags=0x840 color=0x00000000 vis=PRIVATE),0]
01-30 10:35:55.905 12720 12768 I MFiClientProxy: loadLibrary start
01-30 10:35:55.907  1728  1728 I ExtAssistant: ENQUEUED 0|com.adayo.carplay|1|null|1000 on carplay_channel
01-30 10:35:55.907  1728  2728 D ExtAssistant: Creating Adjustment for 0|com.adayo.carplay|1|null|1000, with 0 actions, and 0 replies.
01-30 10:35:55.911 12720 12769 I CarPlay_Service: requestCertificateData(MFiClientApiImpl.java:164)requestCertificateData
01-30 10:35:55.911 12720 12769 D CarPlay_Service: onRequestCertificateData(CPRemoteCallBackMgr.java:135) onRequestCertificateData
01-30 10:35:55.912 12720 12769 D CarPlay_Service: getSerialNumber(CarPlayAdapterBase.java:324)serialNumber encrypt--->:null
01-30 10:35:55.912 12720 12769 D CarPlay_Service == CarPlayServer: init(LoadJson.java:27)configPath:/system/etc/adayo/carplay/CarPlayServerConfig.json
01-30 10:35:55.913   652  2032 I audio_hw_streamer: 569 capture_thread_loop: select [ch 8 -> ch 4] [15360 -> 7680] bytes data 
01-30 10:35:55.914 12720 12720 E CarPlay_Service: crashDetect(CarPlayService.java:1333)property = true
01-30 10:35:55.916 12720 12768 I MFiClientProxy: loadLibrary ended
01-30 10:35:55.916 12720 12720 D CarPlay_Service: getBootUpCarPlayMac(CarPlaySDKAdapter.java:1617)[getBootUpCarPlayMac]btMacLastBoot encrypt--->:none
01-30 10:35:55.916 12720 12720 D CarPlay_Service: getHistoryDevices(CarPlayAdapterStates.java:553)getHistoryDevices sdkAdapter
01-30 10:35:55.916 12720 12768 I libbasic: klee_log_loadconfig_path path/system/etc/adayo/mfi/BasicLogConfig.json key=libmficlientjni initState=0
01-30 10:35:55.918 12720 12720 I CarPlay_Service: getBootUpCarPlayMac(CarPlaySDKAdapter.java:1627)new device:the size of historyCpDevices is zero, connect bt.
01-30 10:35:55.918 12720 12720 D CarPlay_Service: getBootUpCarPlayMac(CarPlaySDKAdapter.java:1652)[getBootUpCarPlayMac]ret encrypt--->:none
01-30 10:35:55.918 12720 12720 D CarPlay_Service: crashDetect(CarPlayService.java:1337)[crashDetect]property:true getBootUpCarPlayMac = none
01-30 10:35:55.919 12720 12720 D CarPlay_Service: getBootUpCarPlayMac(CarPlaySDKAdapter.java:1617)[getBootUpCarPlayMac]btMacLastBoot encrypt--->:none
01-30 10:35:55.919 12720 12720 D CarPlay_Service: getHistoryDevices(CarPlayAdapterStates.java:553)getHistoryDevices sdkAdapter
01-30 10:35:55.919 12720 12768 I libbasic: klee_log_loadconfig_path path/system/etc/adayo/basiclog/BasicLogConfig.json key=libmficlient initState=1
01-30 10:35:55.919 12720 12768 E libbasic: klee_log_loadconfig_path error =-1 
01-30 10:35:55.919 12720 12720 I CarPlay_Service: getBootUpCarPlayMac(CarPlaySDKAdapter.java:1627)new device:the size of historyCpDevices is zero, connect bt.
01-30 10:35:55.919 12720 12720 D CarPlay_Service: getBootUpCarPlayMac(CarPlaySDKAdapter.java:1652)[getBootUpCarPlayMac]ret encrypt--->:none
01-30 10:35:55.920 12720 12768 E libbasic: klee_log_loadparam error = -1 
01-30 10:35:55.920 12720 12768 I libmficlient: [MFiClient.cpp][483]Enter 
01-30 10:35:55.920 12720 12768 I libmfi_ipcsocket: [MFiIPCSession_Socket.cpp][122]Enter socketid=0 
01-30 10:35:55.921 12720 12768 I libmfi_ipcsocket: [MFiIPCSession_Socket.cpp][134]Leave socketid=0 
01-30 10:35:55.921 12720 12768 I libmficlient: [MFiClient.cpp][505]Leave 
01-30 10:35:55.921 12720 12720 D CarPlay_Service: <init>(VehicleConfig.java:41)[VehicleConfig]
01-30 10:35:55.921 12720 12771 I libmfi_ipcsocket: [MFiIPCSession_Socket.cpp][89]session 0xb400fa3d6daef570 
01-30 10:35:55.921 12720 12771 I libmfi_ipcsocket: [MFiIPCSession_Socket.cpp][92]=============================Start ConnectServerThread id [0] ==================================== 
01-30 10:35:55.921 12720 12720 D CarPlay_Service: getProjectConfig(VehicleConfig.java:65)[getProjectConfig] Global 14:40
01-30 10:35:55.921 12720 12771 I libmfi_ipcsocket: [MFiIPCSession_Socket.cpp][158]m_socketid =-1 
01-30 10:35:55.921 12720 12771 E libmfi_ipcsocket: [MFiIPCSession_Socket.cpp][159]###[ERROR] 0  
01-30 10:35:55.921 12720 12720 D CarPlay_Service: getProjectConfig(VehicleConfig.java:73)[getProjectConfig] strVehicleNameID:none,strDisplay:none
01-30 10:35:55.922 12720 12720 I CarPlay_Service: getProjectConfig(VehicleConfig.java:84)[getProjectConfig]strVehicleNameID=null
01-30 10:35:55.922 12720 12720 I CarPlay_Service: getProjectConfig(VehicleConfig.java:94)[getProjectConfig]display=null
01-30 10:35:55.922 12720 12720 D CarPlay_Service: getProjectConfig(VehicleConfig.java:96)[getProjectConfig] vehicleNameID:0,display:0
01-30 10:35:55.922 12720 12720 D CarPlay_Service: getProjectConfig(VehicleConfig.java:101)[getProjectConfig]configTable.length:7
01-30 10:35:55.922 12720 12720 D CarPlay_Service: getProjectConfig(VehicleConfig.java:112)[getProjectConfig]configRet:1
01-30 10:35:55.922 12720 12720 D CarPlay_Service: onCreate(CarPlayService.java:1159)onCreate() appleDevice:Wired{CurrentMode=0, AppleVendorID='5ac', AskSupportCarPlay=true, SupportRollBackIap=false, SupportCarPlayStatus=false, NotifyUnSupport=true, ObserverUEvent=[ObserverUEvent{PortMode=0, DevicePath='/devices/virtual/carplay_dev/carplay_dev', HIDPath='/dev/usb/hid_dev_otg', SoundCardIndex='-1'}, ObserverUEvent{PortMode=2, DevicePath='/devices/platform/soc/a600000.ssusb/a600000.dwc3/xhci-hcd', HIDPath='/dev/usb/hid_dev_otg', SoundCardIndex='1'}, ObserverUEvent{PortMode=0, DevicePath='/devices/virtual/carplay/carplay', HIDPath='null', SoundCardIndex='-1'}, ObserverUEvent{PortMode=0, DevicePath='/devices/virtual/misc/iap2_device', HIDPath='null', SoundCardIndex='-1'}, ObserverUEvent{PortMode=0, DevicePath='/devices/virtual/eap_dev/eap0', HIDPath='null', SoundCardIndex='-1'}, ObserverUEvent{PortMode=0, DevicePath='/devices/platform/soc/e6590000.usb/gadget/sound', HIDPath='null', SoundCardIndex='-1'}], Modes={1=0, 2=3, 3=2, 4=1}, SwitchNone={sys.usb.config=none}, SwitchCarPlay={usb.carplay.state=in, sys.usb.config=ncm}, SwitchCarBit={usb.carplay.state=in, sys.usb.config=mfi_iap2,mfi_carbit_eap,mfi_uac1,mfi_hid}, SwitchCarLife={usb.carplay.state=in, sys.usb.config=eap_carlife}, SwitchHost={usb.carplay.state=out}, USBReset={usb.carplay.state=reset}, ac8xEnable=null, ac8xRoleSwitch=null}
01-30 10:35:55.925 12720 12769 D CarPlay_Service == CarPlayServer: init(LoadJson.java:39)config parse end,Config{Logger=Logger{LogFileSavePath='null', ShowLineNumber=true, Tag='CarPlayServer', ShowFileName=true, LogLevel=2}, Information=Information{LockedBootStartService=true, BootStartService=true, configPath='/system/etc/adayo/carplay/CarPlayJniProxyConfig.json', deviceId='null', siriPrewarmTime=-600, connectOperatingBT=false, connectionMode=0, audioBufferSize=200, recordBufferSize=25000, videoBufferSize=150, decoderAsync=false, audioSteamType=AudioStreamType{VOICE_CALL=StreamInfo{streamType=0, usage='2', contentType='1', audioSource=-1, focusType=1, playusage=2}, RING=StreamInfo{streamType=2, usage='6', contentType='1', audioSource=-1, focusType=1, playusage=6}, MUSIC=StreamInfo{streamType=3, usage='1', contentType='2', audioSource=-1, focusType=0, playusage=1}, ALARM=StreamInfo{streamType=11, usage='13', contentType='1', audioSource=-1, focusType=2, playusage=12}, TTS=StreamInfo{streamType=17, usage='11', contentType='2', audioSource=-1, focusType=2, playusage=18}}, recordStreamType=RecordStreamType{MIC=StreamInfo{streamType=1, usage='2', contentType='1', audioSource=1, focusType=1, playusage=-1}, VOICE_CALL=StreamInfo{streamType=1, usage='2', contentType='1', audioSource=1, focusType=1, playusage=-1}, TTS=StreamInfo{streamType=1, usage='2', contentType='1', audioSource=10, focusType=1, playusage=-1}}, dataBaseInfo=DataBaseInfo{name='historyDevices.db', count=10000}, ituTestParam=ITUTestParam{playerParams=null, recorderParams=null}, dealWithBluetooth=false, muteCanWakeUp=true, transCanWakeUp=true, coverAnswerToFlash=true, carCallEndCarPlay=false, standbySendToPhone=true, dealWithMute=false, dealWithPhoneMode=false, dealWithBackCar=false, noDealWithRouteGuidance=false, minBufferScale=2, dealWithPASCD=true, supportsEnhancedSiriVoice=true, dealWithVR=false, testConnectFail=false, testConnectWifiFail=false, testScreenError=false}, Wireless=Wireless{setupWiFiOnServerCreate=false, setupBTOnServerCreate=false, startApCloseWifi=false, startApWhenBTConnect=true, Hotspot=Hotspot{SSID='CarPlayAP', PreShareKey='a88888888', apChannel=149, apChannel24=6, AuthAlgorithms=0, KeyManagement=2}}}
01-30 10:35:55.925 12720 12769 D CarPlay_Service: run(CarPlayService.java:1063)deviceId:null
01-30 10:35:55.926 12720 12769 D CarPlay_Service: getWlanAddress(CarPlayAdapterManager.java:199)getWlanAddress
01-30 10:35:55.929   584   592 E WifiHAL : wifi_get_link_stats: requestResponse Error:-3
01-30 10:35:55.930   851  1202 E WifiStaIfaceAidlImpl: getLinkLayerStats failed with service-specific exception: android.os.ServiceSpecificException:  (code 4)
01-30 10:35:55.931   584  1266 E WifiHAL : Invalid data received from driver
01-30 10:35:55.933   652  2032 I audio_hw_streamer: 569 capture_thread_loop: select [ch 8 -> ch 4] [15360 -> 7680] bytes data 
01-30 10:35:55.933   584  1266 E WifiHAL : Invalid data received from driver
01-30 10:35:55.933   584  1266 E WifiHAL : Invalid data received from driver
01-30 10:35:55.933   584  1266 E WifiHAL : Invalid data received from driver
01-30 10:35:55.934   584  1266 E WifiHAL : Invalid data received from driver
01-30 10:35:55.934   851  1202 D WifiClientModeImpl[14046:wlan0]: updateLinkLayerStatsRssiSpeedFrequencyCapabilities rssi=-38 TxLinkspeed=1 freq=2412 RxLinkSpeed=36
01-30 10:35:55.935   851  1202 D WifiDataStall: tx tput in kbps: 49000
01-30 10:35:55.935   851  1202 D WifiDataStall: rx tput in kbps: 49000
01-30 10:35:55.935   851  1202 D WifiThroughputPredictor:  utilization (BssLoad) -1 utilization (LLStats) 80 isBluetoothConnected: false final utilization: 80
01-30 10:35:55.936   851  1202 D WifiThroughputPredictor:  airTime20: 175 airTime: 175
01-30 10:35:55.936   851  1202 D WifiThroughputPredictor:  BW: 0 RSSI: -38 Nss: 1 Mode: 4 symDur: 3600 snrDb 42 bitPerTone: 5000 rate: 72 throughput: 49
01-30 10:35:55.936   851  1202 D WifiThroughputPredictor:  utilization (BssLoad) -1 utilization (LLStats) 80 isBluetoothConnected: false final utilization: 80
01-30 10:35:55.936   851  1202 D WifiThroughputPredictor:  airTime20: 175 airTime: 175
01-30 10:35:55.936   851  1202 D WifiThroughputPredictor:  BW: 0 RSSI: -38 Nss: 1 Mode: 4 symDur: 3600 snrDb 42 bitPerTone: 5000 rate: 72 throughput: 49
01-30 10:35:55.937   851  1202 D WifiScoreCard: BSSID update SIGNAL_POLL ID: 2130010193 SSID: "542ikun", BSSID: 2a:0c:50:4b:6e:dc, MAC: 88:e0:34:b2:92:0f, IP: /192.168.137.240, Security type: 2, Supplicant state: COMPLETED, Wi-Fi standard: 4, RSSI: -38, Link speed: 1Mbps, Tx Link speed: 1Mbps, Max Supported Tx Link speed: 72Mbps, Rx Link speed: 36Mbps, Max Supported Rx Link speed: 72Mbps, Frequency: 2412MHz, Net ID: 0, Metered hint: false, score: 60, isUsable: true, CarrierMerged: false, SubscriptionId: -1, IsPrimary: 1, Trusted: true, Restricted: false, Ephemeral: false, OEM paid: false, OEM private: false, OSU AP: false, FQDN: <none>, Provider friendly name: <none>, Requesting package name: <none>"542ikun"wpa2-pskMLO Information: , Is TID-To-Link negotiation supported by the AP: false, AP MLD Address: <none>, AP MLO Link Id: <none>, AP MLO Affiliated links: <none>
01-30 10:35:55.937   851  1202 D WifiScoreCard: txRate: 32 txSpeed: 1
01-30 10:35:55.937   851  1202 D WifiScoreCard: network update SIGNAL_POLL "542ikun" ID: 1821906961 RSSI -38 txSpeed 1
01-30 10:35:55.937   851  1202 D WifiClientModeImpl[14046:wlan0]:  ClientModeImpl$L2ConnectedState screen=on 1 0 "542ikun" 2a:0c:50:4b:6e:dc rssi=-38 f=2412 sc=60 link=1 tx=31.2, 0.0, 0.0 rx=33.5 bcn=0 [on:0 tx:0 rx:0 period:3011] from screen [on:0 period:214029985] score=60
01-30 10:35:55.940   851   851 D ResponseStatsTracker: notification:+3m52s276ms; event=<posted>, pkg=com.adayo.carplay, usr=0
01-30 10:35:55.941   851   851 I sysui_multi_action: [757,1501,758,1,793,202,794,0,795,202,796,1,806,com.adayo.carplay,857,carplay_channel,858,2,947,0,1500,0,1688,1]
01-30 10:35:55.941   851   851 I sysui_multi_action: [757,804,799,note_interruptive,801,0,802,1]
01-30 10:35:55.942   706   722 D sde     : [SDE::CatchJE]  Debug: CatchJE end
01-30 10:35:55.942   706   722 D sde     : [SDE::removeFile]  Debug: removeFile index = 25_
01-30 10:35:55.943 12720 12769 D CarPlay_Service: getWlanAddress(CarPlayAdapterManager.java:205)networkInterface.getName()eth0.111
01-30 10:35:55.943 12720 12769 D CarPlay_Service: getWlanAddress(CarPlayAdapterManager.java:205)networkInterface.getName()lo
01-30 10:35:55.943 12720 12769 D CarPlay_Service: getWlanAddress(CarPlayAdapterManager.java:205)networkInterface.getName()eth0.116
01-30 10:35:55.943   706   722 D sde     : [SDE::removeFile]  Debug: remove : /data/sde/25_crash_7830_com.fawvw.intelligentmodeservice_20260128_053403.zip
01-30 10:35:55.943 12720 12769 D CarPlay_Service: getWlanAddress(CarPlayAdapterManager.java:205)networkInterface.getName()eth0.115
01-30 10:35:55.943   706   722 D sde     : [SDE::zipArchiveFolder]  Debug: zippath = /data/sde/25_crash_12243_com.fawvw.intelligentmodeservice_20260130_103555.zip 
01-30 10:35:55.943 12720 12769 D CarPlay_Service: getWlanAddress(CarPlayAdapterManager.java:205)networkInterface.getName()eth0.114
01-30 10:35:55.943 12720 12769 D CarPlay_Service: getWlanAddress(CarPlayAdapterManager.java:205)networkInterface.getName()eth0.113
01-30 10:35:55.943 12720 12769 D CarPlay_Service: getWlanAddress(CarPlayAdapterManager.java:205)networkInterface.getName()tunl0
01-30 10:35:55.943 12720 12769 D CarPlay_Service: getWlanAddress(CarPlayAdapterManager.java:205)networkInterface.getName()vlan_11
01-30 10:35:55.943 12720 12769 D CarPlay_Service: getWlanAddress(CarPlayAdapterManager.java:205)networkInterface.getName()eth1.116
01-30 10:35:55.943 12720 12769 D CarPlay_Service: getWlanAddress(CarPlayAdapterManager.java:205)networkInterface.getName()vlan_14
01-30 10:35:55.943 12720 12769 D CarPlay_Service: getWlanAddress(CarPlayAdapterManager.java:205)networkInterface.getName()vlan_13
01-30 10:35:55.943 12720 12769 D CarPlay_Service: getWlanAddress(CarPlayAdapterManager.java:205)networkInterface.getName()wlan1
01-30 10:35:55.943   851   851 D NotificationService: 0|com.adayo.carplay|1|null|1000: updating permissions
01-30 10:35:55.944   851   851 D NotificationService: 0|com.adayo.carplay|1|null|1000: updating permissions
01-30 10:35:55.945   851   851 D NotificationService: 0|com.adayo.carplay|1|null|1000: updating permissions
01-30 10:35:55.945   851   851 D NotificationService: 0|com.adayo.carplay|1|null|1000: updating permissions
01-30 10:35:55.946   851   851 D NotificationService: 0|com.adayo.carplay|1|null|1000: updating permissions
01-30 10:35:55.946   851   851 D NotificationService: 0|com.adayo.carplay|1|null|1000: updating permissions
01-30 10:35:55.946   851   851 D NotificationService: 0|com.adayo.carplay|1|null|1000: updating permissions
01-30 10:35:55.947   851  1149 D JobScheduler.Quota: Processing event 12 for <0>com.adayo.carplay
01-30 10:35:55.947   851  1149 D JobScheduler.Quota: debits overflowed by -15000
01-30 10:35:55.947   851   851 I NotificationHistory: History disabled for user 0
01-30 10:35:55.947   851   851 W NotificationHistory: Attempted to add notif for locked/gone/disabled user 0
01-30 10:35:55.949   644   707 I mcuc    : sd Uart data : 6AA6020835000292022B
01-30 10:35:55.949 12720 12769 I CarPlay_Service: getWlanAddress(CarPlayAdapterManager.java:222)deviceId encrypt---> DA:27:21:C6:1D:13
01-30 10:35:55.950  1728  1728 I ExtAssistant: POSTED 0|com.adayo.carplay|1|null|1000
01-30 10:35:55.952   851   851 D NotificationService: PostNotification: Finished in 215 ms
01-30 10:35:55.952  2766  2766 D J01Launcher_Notification: onNotificationPosted
01-30 10:35:55.953   652  2032 I audio_hw_streamer: 569 capture_thread_loop: select [ch 8 -> ch 4] [15360 -> 7680] bytes data 
01-30 10:35:55.954   644   707 I mcuc    : rev uart=2201,len=20, data : 6AA6810835000C9202000800000000000000009A
01-30 10:35:55.954   644   707 I mcuc    : sd Uart data : 6AA6020836000292022A
01-30 10:35:55.954   396   396 D adayocomadapter-ParseProtocolFunc: printRaWMsg Name[MCUToUPstream recv] len[12] data[920200080000000000000000]
01-30 10:35:55.954   396   396 D adayocomadapter-CommunicationManager: onUpstreamback   member[0] dataLength[9] timePoint[232493]
01-30 10:35:55.954   396   396 D adayocomadapter-ParseProtocolFunc: printRaWMsg Name[onUpstreamback] len[9] data[080000000000000000]
01-30 10:35:55.954   396   452 D adayocomadapter-UpstreamHandler: processBeforePacket upSreamtProcessTimePoint[232494] 
01-30 10:35:55.954   396   452 D adayocomadapter-UpstreamHandler: processPacket UPSTREAM_QUEUE_DATA_TIMEOUT
01-30 10:35:55.954   396   452 D adayocomadapter-ParseProtocolFunc: parseCommonIPCLBytes Processing tableNumber[8]
01-30 10:35:55.954   396   452 D adayocomadapter-ParseProtocolFunc: parseCommonIPCLBytes Processing tablename[Table-8] tableSize[9]
01-30 10:35:55.954   396   452 D adayocomadapter-ParseProtocolFunc: printRaWMsg Name[byteStream recv] len[9] data[080000000000000000]
01-30 10:35:55.954   396   452 D adayocomadapter-ParseProtocolFunc: printRaWMsg Name[IPCLtoVHAL] len[7] data[2141208F010000]
01-30 10:35:55.954   396   452 D adayocomadapter-ParseProtocolFunc: printRaWMsg Name[IPCLtoVHAL] len[7] data[21412090010000]
01-30 10:35:55.955   396   452 D adayocomadapter-ParseProtocolFunc: printRaWMsg Name[IPCLtoVHAL] len[7] data[21412091010000]
01-30 10:35:55.955   396   452 D adayocomadapter-ParseProtocolFunc: printRaWMsg Name[IPCLtoVHAL] len[7] data[21412092010000]
01-30 10:35:55.955   396   452 D adayocomadapter-CommunicationManager: onUpstreamReceive mPropertyId 0x2141208f
01-30 10:35:55.955   396   452 I vw-vhal : notifyVehicleProperty, propId = 0x2141208f, data = {status: 2, int32Values: [0, 0]}
01-30 10:35:55.955   396   452 I vw-vhal : CanSignalsAdapter::notifyVehicleProperty: solvedValue = {.timestamp = 232494269026, .areaId = 0, .prop = 557916303, .status = AVAILABLE, .value = {.int32Values = [2]{0, 0}, .floatValues = [0]{}, .int64Values = [0]{}, .bytes = [0]{}, .stringValue = ""}}
01-30 10:35:55.955   396   452 I VehiclePropertyStore: begin to write value to Store: {.timestamp = 232494269026, .areaId = 0, .prop = 557916303, .status = AVAILABLE, .value = {.int32Values = [2]{0, 0}, .floatValues = [0]{}, .int64Values = [0]{}, .bytes = [0]{}, .stringValue = ""}}
01-30 10:35:55.955   396   452 I DefaultVehicleHal_v2_0: DefaultVehicleHal::onPropertyValue, value:{.timestamp = 232494269026, .areaId = 0, .prop = 557916303, .status = AVAILABLE, .value = {.int32Values = [2]{0, 0}, .floatValues = [0]{}, .int64Values = [0]{}, .bytes = [0]{}, .stringValue = ""}}
01-30 10:35:55.955   396   452 I VehiclePropertyStore: begin to write value to Store: {.timestamp = 232494269026, .areaId = 0, .prop = 557916303, .status = AVAILABLE, .value = {.int32Values = [2]{0, 0}, .floatValues = [0]{}, .int64Values = [0]{}, .bytes = [0]{}, .stringValue = ""}}
01-30 10:35:55.955   396   452 D adayocomadapter-CommunicationManager: onUpstreamReceive mPropertyId 0x2141208f
01-30 10:35:55.955   396   452 D adayocomadapter-CommunicationManager: onUpstreamReceive mPropertyId 0x21412090
01-30 10:35:55.955   396   452 I vw-vhal : notifyVehicleProperty, propId = 0x21412090, data = {status: 2, int32Values: [0, 0]}
01-30 10:35:55.955   396   452 I vw-vhal : CanSignalsAdapter::notifyVehicleProperty: solvedValue = {.timestamp = 232494484359, .areaId = 0, .prop = 557916304, .status = AVAILABLE, .value = {.int32Values = [2]{0, 0}, .floatValues = [0]{}, .int64Values = [0]{}, .bytes = [0]{}, .stringValue = ""}}
01-30 10:35:55.955   396   452 I VehiclePropertyStore: begin to write value to Store: {.timestamp = 232494484359, .areaId = 0, .prop = 557916304, .status = AVAILABLE, .value = {.int32Values = [2]{0, 0}, .floatValues = [0]{}, .int64Values = [0]{}, .bytes = [0]{}, .stringValue = ""}}
01-30 10:35:55.955   396   452 I DefaultVehicleHal_v2_0: DefaultVehicleHal::onPropertyValue, value:{.timestamp = 232494484359, .areaId = 0, .prop = 557916304, .status = AVAILABLE, .value = {.int32Values = [2]{0, 0}, .floatValues = [0]{}, .int64Values = [0]{}, .bytes = [0]{}, .stringValue = ""}}
01-30 10:35:55.955   396   452 I VehiclePropertyStore: begin to write value to Store: {.timestamp = 232494484359, .areaId = 0, .prop = 557916304, .status = AVAILABLE, .value = {.int32Values = [2]{0, 0}, .floatValues = [0]{}, .int64Values = [0]{}, .bytes = [0]{}, .stringValue = ""}}
01-30 10:35:55.955   396   452 D adayocomadapter-CommunicationManager: onUpstreamReceive mPropertyId 0x21412090
01-30 10:35:55.955   396   452 D adayocomadapter-CommunicationManager: onUpstreamReceive mPropertyId 0x21412091
01-30 10:35:55.955   396   452 I vw-vhal : notifyVehicleProperty, propId = 0x21412091, data = {status: 2, int32Values: [0, 0]}
01-30 10:35:55.955   396   452 I vw-vhal : CanSignalsAdapter::notifyVehicleProperty: solvedValue = {.timestamp = 232494687359, .areaId = 0, .prop = 557916305, .status = AVAILABLE, .value = {.int32Values = [2]{0, 0}, .floatValues = [0]{}, .int64Values = [0]{}, .bytes = [0]{}, .stringValue = ""}}
01-30 10:35:55.955   396   452 I VehiclePropertyStore: begin to write value to Store: {.timestamp = 232494687359, .areaId = 0, .prop = 557916305, .status = AVAILABLE, .value = {.int32Values = [2]{0, 0}, .floatValues = [0]{}, .int64Values = [0]{}, .bytes = [0]{}, .stringValue = ""}}
01-30 10:35:55.955   396   452 I DefaultVehicleHal_v2_0: DefaultVehicleHal::onPropertyValue, value:{.timestamp = 232494687359, .areaId = 0, .prop = 557916305, .status = AVAILABLE, .value = {.int32Values = [2]{0, 0}, .floatValues = [0]{}, .int64Values = [0]{}, .bytes = [0]{}, .stringValue = ""}}
01-30 10:35:55.955   396   452 I VehiclePropertyStore: begin to write value to Store: {.timestamp = 232494687359, .areaId = 0, .prop = 557916305, .status = AVAILABLE, .value = {.int32Values = [2]{0, 0}, .floatValues = [0]{}, .int64Values = [0]{}, .bytes = [0]{}, .stringValue = ""}}
01-30 10:35:55.955   396   452 D adayocomadapter-CommunicationManager: onUpstreamReceive mPropertyId 0x21412091
01-30 10:35:55.955   396   452 D adayocomadapter-CommunicationManager: onUpstreamReceive mPropertyId 0x21412092
01-30 10:35:55.955   396   452 I vw-vhal : notifyVehicleProperty, propId = 0x21412092, data = {status: 2, int32Values: [0, 0]}
01-30 10:35:55.955   396   452 I vw-vhal : CanSignalsAdapter::notifyVehicleProperty: solvedValue = {.timestamp = 232494891359, .areaId = 0, .prop = 557916306, .status = AVAILABLE, .value = {.int32Values = [2]{0, 0}, .floatValues = [0]{}, .int64Values = [0]{}, .bytes = [0]{}, .stringValue = ""}}
01-30 10:35:55.955   396   452 I VehiclePropertyStore: begin to write value to Store: {.timestamp = 232494891359, .areaId = 0, .prop = 557916306, .status = AVAILABLE, .value = {.int32Values = [2]{0, 0}, .floatValues = [0]{}, .int64Values = [0]{}, .bytes = [0]{}, .stringValue = ""}}
01-30 10:35:55.955   396   452 I DefaultVehicleHal_v2_0: DefaultVehicleHal::onPropertyValue, value:{.timestamp = 232494891359, .areaId = 0, .prop = 557916306, .status = AVAILABLE, .value = {.int32Values = [2]{0, 0}, .floatValues = [0]{}, .int64Values = [0]{}, .bytes = [0]{}, .stringValue = ""}}
01-30 10:35:55.955   396   452 I VehiclePropertyStore: begin to write value to Store: {.timestamp = 232494891359, .areaId = 0, .prop = 557916306, .status = AVAILABLE, .value = {.int32Values = [2]{0, 0}, .floatValues = [0]{}, .int64Values = [0]{}, .bytes = [0]{}, .stringValue = ""}}
01-30 10:35:55.955   396   452 D adayocomadapter-CommunicationManager: onUpstreamReceive mPropertyId 0x21412092
01-30 10:35:55.955 12720 12769 D CarPlay_Service: getSerialNumberAdpter(CarPlayAdapterManager.java:193)str encrypt--->:DA:27:21:C6:1D:13
01-30 10:35:55.956 12720 12769 D CarPlay_Service: getSerialNumber(CarPlayAdapterBase.java:324)serialNumber encrypt--->:DA:27:21:C6:1D:13
01-30 10:35:55.956  1513  2260 D TboxNetworkManager: tboxNetworkbinder=null
01-30 10:35:55.957 11580 11584 I adbd    : opening control endpoint /dev/usb-ffs/adb/ep0
01-30 10:35:55.957   584  1266 E WifiHAL : Invalid data received from driver
01-30 10:35:55.958 11580 11584 I adbd    : UsbFfsConnection constructed
01-30 10:35:55.958 11580 12772 I adbd    : UsbFfs-monitor thread spawned
01-30 10:35:55.959   644   707 I mcuc    : rev uart=2202,len=57, data : 6AA681083600319202001200001E1E00000000000000000000000000000000000000000000000000000000000000000000000000000000002E
01-30 10:35:55.960   396   396 D adayocomadapter-ParseProtocolFunc: printRaWMsg Name[MCUToUPstream recv] len[49] data[9202001200001E1E0000000000000000000000000000000000000000000000000000000000000000000000000000000000]
01-30 10:35:55.960   396   396 D adayocomadapter-CommunicationManager: onUpstreamback   member[0] dataLength[46] timePoint[232499]
01-30 10:35:55.960   396   396 D adayocomadapter-ParseProtocolFunc: printRaWMsg Name[onUpstreamback] len[46] data[1200001E1E0000000000000000000000000000000000000000000000000000000000000000000000000000000000]
01-30 10:35:55.960   396   452 D adayocomadapter-UpstreamHandler: processBeforePacket upSreamtProcessTimePoint[232499] 
01-30 10:35:55.960   396   452 D adayocomadapter-UpstreamHandler: processPacket UPSTREAM_QUEUE_DATA_TIMEOUT
01-30 10:35:55.960   396   452 D adayocomadapter-ParseProtocolFunc: parseCommonIPCLBytes Processing tableNumber[18]
01-30 10:35:55.960   396   452 D adayocomadapter-ParseProtocolFunc: parseCommonIPCLBytes Processing tablename[Table-18] tableSize[46]
01-30 10:35:55.960   396   452 D adayocomadapter-ParseProtocolFunc: printRaWMsg Name[byteStream recv] len[46] data[1200001E1E0000000000000000000000000000000000000000000000000000000000000000000000000000000000]
01-30 10:35:55.960   396   452 D adayocomadapter-ParseProtocolFunc: printRaWMsg Name[IPCLtoVHAL] len[6] data[214010020000]
01-30 10:35:55.960   396   452 D adayocomadapter-ParseProtocolFunc: printRaWMsg Name[IPCLtoVHAL] len[6] data[2140101A0000]
01-30 10:35:55.960   396   452 D adayocomadapter-ParseProtocolFunc: printRaWMsg Name[IPCLtoVHAL] len[6] data[2140100E0000]
01-30 10:35:55.960   396   452 D adayocomadapter-ParseProtocolFunc: printRaWMsg Name[IPCLtoVHAL] len[6] data[214021DD0000]
01-30 10:35:55.960   396   452 D adayocomadapter-ParseProtocolFunc: printRaWMsg Name[IPCLtoVHAL] len[6] data[2140103C0000]
01-30 10:35:55.960   396   452 D adayocomadapter-ParseProtocolFunc: printRaWMsg Name[IPCLtoVHAL] len[6] data[2140101E0000]
01-30 10:35:55.960   396   452 D adayocomadapter-ParseProtocolFunc: printRaWMsg Name[IPCLtoVHAL] len[6] data[214010350000]
01-30 10:35:55.960   396   452 D adayocomadapter-ParseProtocolFunc: printRaWMsg Name[IPCLtoVHAL] len[6] data[214022040000]
01-30 10:35:55.960   396   452 D adayocomadapter-ParseProtocolFunc: printRaWMsg Name[IPCLtoVHAL] len[6] data[214010120000]
01-30 10:35:55.960   396   452 D adayocomadapter-ParseProtocolFunc: printRaWMsg Name[IPCLtoVHAL] len[6] data[214010140000]
01-30 10:35:55.960   396   452 D adayocomadapter-ParseProtocolFunc: printRaWMsg Name[IPCLtoVHAL] len[6] data[214010430000]
01-30 10:35:55.960   396   452 D adayocomadapter-ParseProtocolFunc: printRaWMsg Name[IPCLtoVHAL] len[6] data[214010420000]
01-30 10:35:55.960   396   452 D adayocomadapter-ParseProtocolFunc: printRaWMsg Name[IPCLtoVHAL] len[6] data[214010160000]
01-30 10:35:55.960   396   452 D adayocomadapter-ParseProtocolFunc: printRaWMsg Name[IPCLtoVHAL] len[6] data[2140101C0000]
01-30 10:35:55.960   396   452 D adayocomadapter-ParseProtocolFunc: printRaWMsg Name[IPCLtoVHAL] len[6] data[214010330000]
01-30 10:35:55.960   396   452 D adayocomadapter-ParseProtocolFunc: printRaWMsg Name[IPCLtoVHAL] len[6] data[214010040000]
01-30 10:35:55.960   396   452 D adayocomadapter-ParseProtocolFunc: printRaWMsg Name[IPCLtoVHAL] len[6] data[214010200000]
01-30 10:35:55.960   396   452 D adayocomadapter-ParseProtocolFunc: printRaWMsg Name[IPCLtoVHAL] len[6] data[214021620000]
01-30 10:35:55.960   396   452 D adayocomadapter-ParseProtocolFunc: printRaWMsg Name[IPCLtoVHAL] len[6] data[214010370000]
01-30 10:35:55.960   396   452 D adayocomadapter-ParseProtocolFunc: printRaWMsg Name[IPCLtoVHAL] len[6] data[21401008001E]
01-30 10:35:55.960   396   452 D adayocomadapter-ParseProtocolFunc: printRaWMsg Name[IPCLtoVHAL] len[6] data[214010220000]
01-30 10:35:55.960   396   452 D adayocomadapter-ParseProtocolFunc: printRaWMsg Name[IPCLtoVHAL] len[6] data[214021640000]
01-30 10:35:55.960   396   452 D adayocomadapter-ParseProtocolFunc: printRaWMsg Name[IPCLtoVHAL] len[6] data[214010390000]
01-30 10:35:55.960   396   452 D adayocomadapter-ParseProtocolFunc: printRaWMsg Name[IPCLtoVHAL] len[6] data[214021D90000]
01-30 10:35:55.960   396   452 D adayocomadapter-ParseProtocolFunc: printRaWMsg Name[IPCLtoVHAL] len[6] data[214010240000]
01-30 10:35:55.960   396   452 D adayocomadapter-ParseProtocolFunc: printRaWMsg Name[IPCLtoVHAL] len[6] data[2140103B0000]
01-30 10:35:55.960   396   452 D adayocomadapter-ParseProtocolFunc: printRaWMsg Name[IPCLtoVHAL] len[6] data[2140100C001E]
01-01 08:03:53.679 11584 11584 I         : read descriptors
01-01 08:03:53.679 11584 11584 I         : read strings
01-30 10:35:55.961   396   452 D adayocomadapter-ParseProtocolFunc: printRaWMsg Name[IPCLtoVHAL] len[6] data[214021DB0000]
01-30 10:35:55.961   396   452 D adayocomadapter-ParseProtocolFunc: printRaWMsg Name[IPCLtoVHAL] len[6] data[214010260000]
01-30 10:35:55.961   396   452 D adayocomadapter-ParseProtocolFunc: printRaWMsg Name[IPCLtoVHAL] len[6] data[214021680000]
01-30 10:35:55.961   396   452 D adayocomadapter-ParseProtocolFunc: printRaWMsg Name[IPCLtoVHAL] len[6] data[2140103E0000]
01-30 10:35:55.961   396   452 D adayocomadapter-ParseProtocolFunc: printRaWMsg Name[IPCLtoVHAL] len[6] data[2140216A0000]
01-30 10:35:55.961   396   452 D adayocomadapter-ParseProtocolFunc: printRaWMsg Name[IPCLtoVHAL] len[6] data[2140216E0000]
01-30 10:35:55.961   396   452 D adayocomadapter-ParseProtocolFunc: printRaWMsg Name[IPCLtoVHAL] len[6] data[214021700000]
01-30 10:35:55.961   396   452 D adayocomadapter-ParseProtocolFunc: printRaWMsg Name[IPCLtoVHAL] len[6] data[214021720000]
01-30 10:35:55.961   396   452 D adayocomadapter-ParseProtocolFunc: printRaWMsg Name[IPCLtoVHAL] len[6] data[214021740000]
01-30 10:35:55.961   396   452 D adayocomadapter-ParseProtocolFunc: printRaWMsg Name[IPCLtoVHAL] len[6] data[214021760000]
01-30 10:35:55.961   396   452 D adayocomadapter-ParseProtocolFunc: printRaWMsg Name[IPCLtoVHAL] len[6] data[214021780000]
01-30 10:35:55.961   396   452 D adayocomadapter-ParseProtocolFunc: printRaWMsg Name[IPCLtoVHAL] len[6] data[2140205E0000]
01-30 10:35:55.961   396   452 D adayocomadapter-ParseProtocolFunc: printRaWMsg Name[IPCLtoVHAL] len[6] data[2140217A0000]
01-30 10:35:55.961   396   452 D adayocomadapter-ParseProtocolFunc: printRaWMsg Name[IPCLtoVHAL] len[6] data[214022070000]
01-30 10:35:55.961   396   452 D adayocomadapter-ParseProtocolFunc: printRaWMsg Name[IPCLtoVHAL] len[6] data[2140217C0000]
01-30 10:35:55.961   396   452 D adayocomadapter-ParseProtocolFunc: printRaWMsg Name[IPCLtoVHAL] len[6] data[214021DF0000]
01-30 10:35:55.961   396   452 D adayocomadapter-CommunicationManager: onUpstreamReceive mPropertyId 0x21401002
01-30 10:35:55.961   396   452 D adayocomadapter-CommunicationManager: convertBytesToInt32Memcpy  0
01-30 10:35:55.961   396   452 I vw-vhal : notifyVehicleProperty, propId = 0x21401002, data = {status: 2, int32Values: [0]}
01-30 10:35:55.961   396   452 I vw-vhal : CanSignalsAdapter::notifyVehicleProperty: solvedValue = {.timestamp = 232500574359, .areaId = 0, .prop = 557846530, .status = AVAILABLE, .value = {.int32Values = [1]{0}, .floatValues = [0]{}, .int64Values = [0]{}, .bytes = [0]{}, .stringValue = ""}}
01-30 10:35:55.961   396   452 I VehiclePropertyStore: begin to write value to Store: {.timestamp = 232500574359, .areaId = 0, .prop = 557846530, .status = AVAILABLE, .value = {.int32Values = [1]{0}, .floatValues = [0]{}, .int64Values = [0]{}, .bytes = [0]{}, .stringValue = ""}}
01-30 10:35:55.961   396   452 I DefaultVehicleHal_v2_0: DefaultVehicleHal::onPropertyValue, value:{.timestamp = 232500574359, .areaId = 0, .prop = 557846530, .status = AVAILABLE, .value = {.int32Values = [1]{0}, .floatValues = [0]{}, .int64Values = [0]{}, .bytes = [0]{}, .stringValue = ""}}
01-30 10:35:55.961   396   452 I VehiclePropertyStore: begin to write value to Store: {.timestamp = 232500574359, .areaId = 0, .prop = 557846530, .status = AVAILABLE, .value = {.int32Values = [1]{0}, .floatValues = [0]{}, .int64Values = [0]{}, .bytes = [0]{}, .stringValue = ""}}
01-30 10:35:55.961   396   452 D adayocomadapter-CommunicationManager: onUpstreamReceive mPropertyId 0x21401002
01-30 10:35:55.961   396   452 D adayocomadapter-CommunicationManager: onUpstreamReceive mPropertyId 0x2140101a
01-30 10:35:55.961   396   452 D adayocomadapter-CommunicationManager: convertBytesToInt32Memcpy  0
01-30 10:35:55.961   396   452 I vw-vhal : notifyVehicleProperty, propId = 0x2140101a, data = {status: 2, int32Values: [0]}
01-30 10:35:55.961   396   452 I vw-vhal : CanSignalsAdapter::notifyVehicleProperty: solvedValue = {.timestamp = 232500802026, .areaId = 0, .prop = 557846554, .status = AVAILABLE, .value = {.int32Values = [1]{0}, .floatValues = [0]{}, .int64Values = [0]{}, .bytes = [0]{}, .stringValue = ""}}
01-30 10:35:55.961   396   452 I VehiclePropertyStore: begin to write value to Store: {.timestamp = 232500802026, .areaId = 0, .prop = 557846554, .status = AVAILABLE, .value = {.int32Values = [1]{0}, .floatValues = [0]{}, .int64Values = [0]{}, .bytes = [0]{}, .stringValue = ""}}
