01-30 10:35:54.273   652  2032 I audio_hw_streamer: 569 capture_thread_loop: select [ch 8 -> ch 4] [15360 -> 7680] bytes data 
01-30 10:35:54.276   851  1202 D WifiNetworkSelector: Current connected network: 0
01-30 10:35:54.276   851  1202 D WifiNetworkSelector: wlan0: Current connected network already sufficient. Skip network selection.
01-30 10:35:54.282   851  2748 I WifiService: getSupportedFeatures uid=1000 returns 19d81dcfca8b01d
01-30 10:35:54.285 12468 12468 I CarPlayServerProxy: CarPlayProxy versionCode: 6 versionName: 0.0.2_3054 buildDate: 20220919_1718
01-30 10:35:54.285  8648 11527 I WifiTracker: Fetched scan results: [SSID: "DEEPAL", BSSID: 50:c3:a2:b8:2b:7f, capabilities: [WPA2-PSK-CCMP][RSN-PSK+SAE-CCMP][ESS][MFPC], level: -65, frequency: 5180, timestamp: 229421712, distance: ?(cm), distanceSd: ?(cm), passpoint: no, ChannelBandwidth: 2, centerFreq0: 5210, centerFreq1: 0, standard: 11ac, 80211mcResponder: is not supported, Radio Chain Infos: [RadioChainInfo: id=0, level=-68, RadioChainInfo: id=1, level=-69], interface name: wlan0, SSID: "AndroidAP_8024", BSSID: 0e:81:8b:e2:4e:54, capabilities: [WPA2-PSK-CCMP][RSN-PSK+SAE-CCMP][ESS][MFPC], level: -58, frequency: 5180, timestamp: 229423187, distance: ?(cm), distanceSd: ?(cm), passpoint: no, ChannelBandwidth: 2, centerFreq0: 5210, centerFreq1: 0, standard: 11ac, 80211mcResponder: is not supported, Radio Chain Infos: [RadioChainInfo: id=0, level=-59, RadioChainInfo: id=1, level=-65], interface name: wlan0, SSID: "TP-LINK_85AA", BSSID: 14:d8:64:d7:85:ac, capabilities: [WPA2-PSK-CCMP][RSN-PSK-CCMP][WPA-PSK-CCMP][ESS], level: -68, frequency: 5180, timestamp: 229428761, distance: ?(cm), distanceSd: ?(cm), passpoint: no, ChannelBandwidth: 3, centerFreq0: 5210, centerFreq1: 5250, standard: 11ax, 80211mcResponder: is not supported, Radio Chain Infos: [RadioChainInfo: id=0, level=-69, RadioChainInfo: id=1, level=-76], interface name: wlan0, SSID: "TP-LINK_21E6", BSSID: 04:f9:f8:36:21:e8, capabilities: [WPA2-PSK-CCMP][RSN-PSK-CCMP][WPA-PSK-CCMP][ESS], level: -82, frequency: 5200, timestamp: 229566204, distance: ?(cm), distanceSd: ?(cm), passpoint: no, ChannelBandwidth: 3, centerFreq0: 5210, centerFreq1: 5250, standard: 11ax, 80211mcResponder: is not supported, Radio Chain Infos: [RadioChainInfo: id=0, level=-83, RadioChainInfo: id=1, level=-87], interface name: wlan0, SSID: "542ikun", BSSID: 2a:0c:50:4b:6e:dc, capabilities: [WPA2-PSK-CCMP][RSN-PSK-CCMP][ESS][WPS], level: -38, frequency: 2412, timestamp: 230036178, distance: ?(cm), distanceSd: ?(cm), passpoint: no, ChannelBandwidth: 0, centerFreq0: 2412, centerFreq1: 0, standard: 11ax, 80211mcResponder: is not supported, Radio Chain Infos: [RadioChainInfo: id=0, level=-38], interface name: wlan0, SSID: "FX_2001", BSSID: 50:c3:a2:54:fd:7b, capabilities: [WPA2-PSK-CCMP][RSN-PSK-CCMP][ESS], level: -94, frequency: 5745, timestamp: 230405279, distance: ?(cm), distanceSd: ?(cm), passpoint: no, ChannelBandwidth: 1, centerFreq0: 5755, centerFreq1: 0, standard: 11ac, 80211mcResponder: is not supported, Radio Chain Infos: [RadioChainInfo: id=0, level=-95, RadioChainInfo: id=1, level=-102], interface name: wlan0, SSID: "Beijingnclfh", BSSID: 66:0c:2f:be:62:cb, capabilities: [WPA2-PSK-CCMP][RSN-PSK-CCMP][ESS], level: -88, frequency: 5745, timestamp: 230399858, distance: ?(cm), distanceSd: ?(cm), passpoint: no, ChannelBandwidth: 2, centerFreq0: 5775, centerFreq1: 0, standard: 11ac, 80211mcResponder: is not supported, Radio Chain Infos: [RadioChainInfo: id=0, level=-90, RadioChainInfo: id=1, level=-91], interface name: wlan0, SSID: "DEEPAL", BSSID: a4:04:50:6e:0c:8a, capabilities: [WPA2-PSK-CCMP][RSN-PSK+SAE-CCMP][ESS][MFPC], level: -91, frequency: 5745, timestamp: 230585046, distance: ?(cm), distanceSd: ?(cm), passpoint: no, ChannelBandwidth: 2, centerFreq0: 5775, centerFreq1: 0, standard: 11ac, 80211mcResponder: is not supported, Radio Chain Infos: [RadioChainInfo: id=0, level=-98, RadioChainInfo: id=1, level=-92], interface name: wlan0, SSID: , BSSID: 5c:7d:ae:61:9f:98, capabilities: [RSN-SAE-CCMP][ESS][MFPR][MFPC], level: -87, frequency: 5745, timestamp: 228898542, distance: ?(cm), distanceSd: ?(cm), passpoint: no, ChannelBandwidth: 2, centerFreq0: 5775, centerFreq1: 0, standard: 11ax, 80211mcResponder: is not supported, Radio Chain Infos: [RadioChainInfo: id=0, level=-88, RadioChainInfo: id=1, level=-92], interface name: wlan0, SSID: "AndroidAP_1063", BSSID: 12:dc:2f:4d:84:e1, capabilities: [WPA2-PSK-CCMP][RSN-PSK+SAE-CCMP][ESS][MFPC], level: -64, frequency: 5180, timestamp: 229448322, distance: ?(cm), distanceSd: ?(cm), passpoint: no, ChannelBandwidth: 2, centerFreq0: 5210, centerFreq1: 0, s
01-30 10:35:54.288   851  2748 I WifiService: getConfiguredNetworks uid=1000
01-30 10:35:54.293   652  2032 I audio_hw_streamer: 569 capture_thread_loop: select [ch 8 -> ch 4] [15360 -> 7680] bytes data 
01-30 10:35:54.293  9391  9440 D ANWStack: [    230832][ANWBT] HCI Rx: RemoteNameComplete event, status=0x04 (Page Timeout(0x04)), bdaddr=50:C3:A2:35:2B:7E, RemoteName=""
01-30 10:35:54.293  9391  9440 D ANWStack: 
01-30 10:35:54.294  9391  9440 D ANWAPI  : (9391|0x85AB6CB0)[BTAPI] AnwhciEventCallback 7 4
01-30 10:35:54.294  9391  9440 D ANWStack: [    230833][ANWBT] HCI_evREMOTENAMEREQUESTCOMPLETE received..........
01-30 10:35:54.294  9391  9440 D ANWStack: 
01-30 10:35:54.294  9391  9440 D ANWStack: [    230833][ANWBT] HCI_evREMOTENAMEREQUESTCOMPLETE: ++++++++++++++
01-30 10:35:54.294  9391  9440 D ANWStack: [    230833][ANWBT] HCI_evREMOTENAMEREQUESTCOMPLETE: ++++++++++++++
01-30 10:35:54.294  9391  9440 D ANWStack: [    230833][ANWBT] HCI: Sending HCI_RemoteNameRequest command, bdaddr=0x382A8B052307, pageScanRepet=0x1, pageScanMode=0x0, clockOffset=0x9C43
01-30 10:35:54.294  9391  9440 D ANWStack: [    230833][ANWBT] HCI Rx: CommandStatus event for RemoteNameRequest, numCommandPackets=0x1, status=0x00 (Success)
01-30 10:35:54.294  9391  9440 D ANWStack: 
01-30 10:35:54.294  9391  9440 D ANWAPI  : (9391|0x85AB6CB0)[BTAPI] AnwhciEventCallback 15 0
01-30 10:35:54.300  9391  9440 D ANWStack: [    230839][ANWBT] HCI Rx: LE Meta Event, HCI_evLEADVERTISINGREPORT, subevent_code=0x2 Num_Reports=1
01-30 10:35:54.300  9391  9440 D ANWStack: 
01-30 10:35:54.300  9391  9440 D ANWAPI  : (9391|0x85AB6CB0)[BTAPI] AnwhciEventCallback 62 2
01-30 10:35:54.300  9391  9440 D ANWAPI  : (9391|0x85AB6CB0)[BTAPI] btsdk_le_DiscoveryCallback eventtype[3]
01-30 10:35:54.300  9391  9440 D ANWAPI  : (9391|0x85AB6CB0)[BTAPI] anwbt_ble_le_discoveryHandler
01-30 10:35:54.300  9391  9440 D ANWAPI  : 
01-30 10:35:54.300  9391  9440 D ANWAPI  : (9391|0x85AB6CB0)[BTAPI] anwbt_ble_le_discoveryHandler newDevice=0xb400fa3d7dab349a,status=0,idx=255,scanLen=0,len=31,RSSI[-81]
01-30 10:35:54.300  9391  9440 D ANWAPI  : (9391|0x85AB6CB0)[BTAPI] AnWBT_BLE_GetFirstRandomAddr start,btaddr=[0xb2:0x22:0x7c:0xa6:0xde:0x5],addrType=1
01-30 10:35:54.300  9391  9440 D ANWAPI  : (9391|0x85AB6CB0)[BTAPI] AnWBT_BLE_GetFirstRandomAddr end,btaddr=[0xb2:0x22:0x7c:0xa6:0xde:0x5]
01-30 10:35:54.301  9391  9440 D ANWAPI  : (9391|0x85AB6CB0)[BTAPI] send_BLE_discoveryHandler_Message event type: 0x3
01-30 10:35:54.301  9391  9440 D ANWAPI  : 
01-30 10:35:54.301  9391  9440 D ANW bt_btif: send_BLE_discoveryHandler_Message cod is 0x000000
01-30 10:35:54.301  9391  9440 D ANW bt_btif: btif_storage_add_remote_device, AnW
01-30 10:35:54.301  9391  9440 D ANW bt_btif: in, bd addr:05:de:a6:7c:22:b2, prop type:255, len:6
01-30 10:35:54.301  9391  9440 D ANW bt_btif: btif_in_fetch_bonded_device, AnW
01-30 10:35:54.301  9391  9440 D ANW bt_btif: btif_in_fetch_bonded_ble_device Found a LE device: 05:de:a6:7c:22:b2
01-30 10:35:54.301  9391  9440 D ANW bt_btif: btif_storage_get_remote_addr_type, AnW
01-30 10:35:54.301  9391  9440 D ANW bt_btif: btif_in_fetch_bonded_ble_device, AnW key_not_found
01-30 10:35:54.301  9391  9440 D ANW bt_btif: Remote device:05:de:a6:7c:22:b2, no link key or ble key found
01-30 10:35:54.301  9391  9440 D ANW bt_btif: in, bd addr:05:de:a6:7c:22:b2, prop type:5, len:4
01-30 10:35:54.301  9391  9440 D ANW bt_btif: btif_in_fetch_bonded_device, AnW
01-30 10:35:54.301  9391  9440 D ANW bt_btif: btif_in_fetch_bonded_ble_device Found a LE device: 05:de:a6:7c:22:b2
01-30 10:35:54.301  9391  9440 D ANW bt_btif: btif_storage_get_remote_addr_type, AnW
01-30 10:35:54.301  9391  9440 D ANW bt_btif: btif_in_fetch_bonded_ble_device, AnW key_not_found
01-30 10:35:54.301  9391  9440 D ANW bt_btif: Remote device:05:de:a6:7c:22:b2, no link key or ble key found
01-30 10:35:54.301  9391  9440 D ANW bt_btif: in, bd addr:05:de:a6:7c:22:b2, prop type:11, len:1
01-30 10:35:54.301  9391  9440 D ANW bt_btif: btif_in_fetch_bonded_device, AnW
01-30 10:35:54.301  9391  9440 D ANW bt_btif: btif_in_fetch_bonded_ble_device Found a LE device: 05:de:a6:7c:22:b2
01-30 10:35:54.301  9391  9440 D ANW bt_btif: btif_storage_get_remote_addr_type, AnW
01-30 10:35:54.301  9391  9440 D ANW bt_btif: btif_in_fetch_bonded_ble_device, AnW key_not_found
01-30 10:35:54.302  9391  9440 D ANW bt_btif: Remote device:05:de:a6:7c:22:b2, no link key or ble key found
01-30 10:35:54.302  9391  9440 D ANW bt_btif: btif_storage_set_remote_addr_type, AnW
01-30 10:35:54.302  9391  9440 I ANW bt_btif: onScanResult, address_type=1, primary_phy= 0, secondary_phy=0, ad size= 31
01-30 10:35:54.302  9391  9440 I ANW bt_btif: onScanResult: HAL bt_gatt_callbacks->scanner->scan_result_cb
01-30 10:35:54.302  9391  9440 D ANWStack: [    230841][ANWBT] HCI Rx: LE Meta Event, HCI_evLEADVERTISINGREPORT, subevent_code=0x2 Num_Reports=1
01-30 10:35:54.302  9391  9440 D ANWStack: 
01-30 10:35:54.302  9391  9440 D ANWAPI  : (9391|0x85AB6CB0)[BTAPI] AnwhciEventCallback 62 2
01-30 10:35:54.302  9391  9440 D ANWAPI  : (9391|0x85AB6CB0)[BTAPI] btsdk_le_DiscoveryCallback eventtype[3]
01-30 10:35:54.302  9391  9440 D ANWAPI  : (9391|0x85AB6CB0)[BTAPI] anwbt_ble_le_discoveryHandler
01-30 10:35:54.302  9391  9440 D ANWAPI  : 
01-30 10:35:54.302  9391  9440 D ANWAPI  : (9391|0x85AB6CB0)[BTAPI] anwbt_ble_le_discoveryHandler newDevice=0xb400fa3d7dab349a,status=0,idx=255,scanLen=0,len=31,RSSI[-69]
01-30 10:35:54.302  9391  9440 D ANWAPI  : (9391|0x85AB6CB0)[BTAPI] AnWBT_BLE_GetFirstRandomAddr start,btaddr=[0xd9:0x87:0x18:0xfb:0x50:0x21],addrType=1
01-30 10:35:54.302  9391  9440 D ANWAPI  : (9391|0x85AB6CB0)[BTAPI] AnWBT_BLE_GetFirstRandomAddr end,btaddr=[0xd9:0x87:0x18:0xfb:0x50:0x21]
01-30 10:35:54.302  9391  9440 D ANWAPI  : (9391|0x85AB6CB0)[BTAPI] send_BLE_discoveryHandler_Message event type: 0x3
01-30 10:35:54.302  9391  9440 D ANWAPI  : 
01-30 10:35:54.302  9391  9440 D ANW bt_btif: send_BLE_discoveryHandler_Message cod is 0x000000
01-30 10:35:54.302  9391  9440 D ANW bt_btif: btif_storage_add_remote_device, AnW
01-30 10:35:54.302  9391  9440 D ANW bt_btif: in, bd addr:21:50:fb:18:87:d9, prop type:255, len:6
01-30 10:35:54.302  9391  9440 D ANW bt_btif: btif_in_fetch_bonded_device, AnW
01-30 10:35:54.302  9391  9440 D ANW bt_btif: btif_in_fetch_bonded_ble_device Found a LE device: 21:50:fb:18:87:d9
01-30 10:35:54.302  9391  9440 D ANW bt_btif: btif_storage_get_remote_addr_type, AnW
01-30 10:35:54.302  9391  9440 D ANW bt_btif: btif_in_fetch_bonded_ble_device, AnW key_not_found
01-30 10:35:54.302  9391  9440 D ANW bt_btif: Remote device:21:50:fb:18:87:d9, no link key or ble key found
01-30 10:35:54.302  9391  9440 D ANW bt_btif: in, bd addr:21:50:fb:18:87:d9, prop type:5, len:4
01-30 10:35:54.302  9391  9440 D ANW bt_btif: btif_in_fetch_bonded_device, AnW
01-30 10:35:54.302  9391  9440 D ANW bt_btif: btif_in_fetch_bonded_ble_device Found a LE device: 21:50:fb:18:87:d9
01-30 10:35:54.302  9391  9440 D ANW bt_btif: btif_storage_get_remote_addr_type, AnW
01-30 10:35:54.302  9391  9440 D ANW bt_btif: btif_in_fetch_bonded_ble_device, AnW key_not_found
01-30 10:35:54.302  9391  9440 D ANW bt_btif: Remote device:21:50:fb:18:87:d9, no link key or ble key found
01-30 10:35:54.302  9391  9440 D ANW bt_btif: in, bd addr:21:50:fb:18:87:d9, prop type:11, len:1
01-30 10:35:54.302  9391  9440 D ANW bt_btif: btif_in_fetch_bonded_device, AnW
01-30 10:35:54.302  9391  9440 D ANW bt_btif: btif_in_fetch_bonded_ble_device Found a LE device: 21:50:fb:18:87:d9
01-30 10:35:54.302  9391  9440 D ANW bt_btif: btif_storage_get_remote_addr_type, AnW
01-30 10:35:54.303  9391  9440 D ANW bt_btif: btif_in_fetch_bonded_ble_device, AnW key_not_found
01-30 10:35:54.303  9391  9440 D ANW bt_btif: Remote device:21:50:fb:18:87:d9, no link key or ble key found
01-30 10:35:54.303  9391  9440 D ANW bt_btif: btif_storage_set_remote_addr_type, AnW
01-30 10:35:54.303  9391  9440 I ANW bt_btif: onScanResult, address_type=1, primary_phy= 0, secondary_phy=0, ad size= 31
01-30 10:35:54.303  9391  9440 I ANW bt_btif: onScanResult: HAL bt_gatt_callbacks->scanner->scan_result_cb
01-30 10:35:54.304 12468 12468 D CompatibilityChangeReporter: Compat change id reported: 263076149; UID 1000; state: DISABLED
01-30 10:35:54.313   652  2032 I audio_hw_streamer: 569 capture_thread_loop: select [ch 8 -> ch 4] [15360 -> 7680] bytes data 
01-30 10:35:54.313   706   722 D sde     : [SDE::CatchJE]  Debug: CatchJE end
01-30 10:35:54.313   706   722 D sde     : [SDE::removeFile]  Debug: removeFile index = 20_
01-30 10:35:54.314   706   722 D sde     : [SDE::removeFile]  Debug: remove : /data/sde/20_crash_7721_com.adayo.carplay_20260128_053401.zip
01-30 10:35:54.314   706   722 D sde     : [SDE::zipArchiveFolder]  Debug: zippath = /data/sde/20_crash_11944_com.adayo.carplay_20260130_103554.zip 
01-30 10:35:54.320 12468 12468 D CarPlay_Service: <init>(CarPlayService.java:1104)LoadJson:Information{LockedBootStartService=true, BootStartService=true, configPath='/system/etc/adayo/carplay/CarPlayJniProxyConfig.json', deviceId='null', siriPrewarmTime=-600, connectOperatingBT=false, connectionMode=0, audioBufferSize=200, recordBufferSize=25000, videoBufferSize=150, decoderAsync=false, audioSteamType=AudioStreamType{VOICE_CALL=StreamInfo{streamType=0, usage='2', contentType='1', audioSource=-1, focusType=1, playusage=2}, RING=StreamInfo{streamType=2, usage='6', contentType='1', audioSource=-1, focusType=1, playusage=6}, MUSIC=StreamInfo{streamType=3, usage='1', contentType='2', audioSource=-1, focusType=0, playusage=1}, ALARM=StreamInfo{streamType=11, usage='13', contentType='1', audioSource=-1, focusType=2, playusage=12}, TTS=StreamInfo{streamType=17, usage='11', contentType='2', audioSource=-1, focusType=2, playusage=18}}, recordStreamType=RecordStreamType{MIC=StreamInfo{streamType=1, usage='2', contentType='1', audioSource=1, focusType=1, playusage=-1}, VOICE_CALL=StreamInfo{streamType=1, usage='2', contentType='1', audioSource=1, focusType=1, playusage=-1}, TTS=StreamInfo{streamType=1, usage='2', contentType='1', audioSource=10, focusType=1, playusage=-1}}, dataBaseInfo=DataBaseInfo{name='historyDevices.db', count=10000}, ituTestParam=ITUTestParam{playerParams=null, recorderParams=null}, dealWithBluetooth=false, muteCanWakeUp=true, transCanWakeUp=true, coverAnswerToFlash=true, carCallEndCarPlay=false, standbySendToPhone=true, dealWithMute=false, dealWithPhoneMode=false, dealWithBackCar=false, noDealWithRouteGuidance=false, minBufferScale=2, dealWithPASCD=true, supportsEnhancedSiriVoice=true, dealWithVR=false, testConnectFail=false, testConnectWifiFail=false, testScreenError=false}
01-30 10:35:54.320 12468 12468 D CarPlay_Service: onCreate(CarPlayService.java:1125)onCreate
01-30 10:35:54.321 12468 12468 I CarPlay_Service: printVersion(CarPlayService.java:1117)CarPlay Server Application VersionCode:149 VersionName:2.2.8_5119 BuildDate:20220919_1718
01-30 10:35:54.321 12468 12468 D DeviceMoblileNative: load PhoneDetectJni lib start
01-30 10:35:54.322 12502 12502 I ADAYO_LOG_TRACE_LOGCAT: file_path:/la_log/vendor/fawvw/log/android/logcat/main.txt
01-30 10:35:54.324 12468 12468 D DeviceMoblileNative: load PhoneDetectJni  lib ended
01-30 10:35:54.324 12468 12468 D PhoneDetectJni: MoblieDviceInitJni OK.
01-30 10:35:54.325 12468 12468 D CarPlay_Service: start(UsbConnectionCtrl.java:123)start
01-30 10:35:54.325 12468 12468 E CarPlay_Service: start(UsbConnectionCtrl.java:141) start prefix + observer.getDevicePath() start:DEVPATH=/devices/virtual/carplay_dev/carplay_dev
01-30 10:35:54.325 12468 12468 E CarPlay_Service: start(UsbConnectionCtrl.java:143) start prefix + observer.getDevicePath() end :DEVPATH=
01-30 10:35:54.326 12468 12468 E CarPlay_Service: start(UsbConnectionCtrl.java:141) start prefix + observer.getDevicePath() start:DEVPATH=/devices/platform/soc/a600000.ssusb/a600000.dwc3/xhci-hcd
01-30 10:35:54.322 12468 12468 I auditd  : type=1400 audit(0.0:18093): avc:  denied  { create } for  comm="UEventObserver" scontext=u:r:system_app:s0 tcontext=u:r:system_app:s0 tclass=netlink_kobject_uevent_socket permissive=0
01-30 10:35:54.322 12468 12468 W UEventObserver: type=1400 audit(0.0:18093): avc:  denied  { create } for  scontext=u:r:system_app:s0 tcontext=u:r:system_app:s0 tclass=netlink_kobject_uevent_socket permissive=0
01-30 10:35:54.326 12468 12468 E CarPlay_Service: start(UsbConnectionCtrl.java:143) start prefix + observer.getDevicePath() end :DEVPATH=
01-30 10:35:54.326 12468 12468 E CarPlay_Service: start(UsbConnectionCtrl.java:141) start prefix + observer.getDevicePath() start:DEVPATH=/devices/virtual/carplay/carplay
01-30 10:35:54.326 12468 12468 E CarPlay_Service: start(UsbConnectionCtrl.java:143) start prefix + observer.getDevicePath() end :DEVPATH=
01-30 10:35:54.327 12468 12468 E CarPlay_Service: start(UsbConnectionCtrl.java:141) start prefix + observer.getDevicePath() start:DEVPATH=/devices/virtual/misc/iap2_device
01-30 10:35:54.327 12468 12468 E CarPlay_Service: start(UsbConnectionCtrl.java:143) start prefix + observer.getDevicePath() end :DEVPATH=
01-30 10:35:54.327 12468 12468 E CarPlay_Service: start(UsbConnectionCtrl.java:141) start prefix + observer.getDevicePath() start:DEVPATH=/devices/virtual/eap_dev/eap0
01-30 10:35:54.327 12468 12468 E CarPlay_Service: start(UsbConnectionCtrl.java:143) start prefix + observer.getDevicePath() end :DEVPATH=
01-30 10:35:54.327 12468 12504 E AndroidRuntime: FATAL EXCEPTION: UEventObserver
01-30 10:35:54.327 12468 12504 E AndroidRuntime: Process: com.adayo.carplay, PID: 12468
01-30 10:35:54.327 12468 12504 E AndroidRuntime: java.lang.RuntimeException: Unable to open socket for UEventObserver
01-30 10:35:54.327 12468 12504 E AndroidRuntime: 	at android.os.UEventObserver.nativeSetup(Native Method)
01-30 10:35:54.327 12468 12504 E AndroidRuntime: 	at android.os.UEventObserver.-$$Nest$smnativeSetup(Unknown Source:0)
01-30 10:35:54.327 12468 12504 E AndroidRuntime: 	at android.os.UEventObserver$UEventThread.run(UEventObserver.java:186)
01-30 10:35:54.328 12468 12468 E CarPlay_Service: start(UsbConnectionCtrl.java:141) start prefix + observer.getDevicePath() start:DEVPATH=/devices/platform/soc/e6590000.usb/gadget/sound
01-30 10:35:54.328 12468 12468 E CarPlay_Service: start(UsbConnectionCtrl.java:143) start prefix + observer.getDevicePath() end :DEVPATH=
01-30 10:35:54.330   851  8317 I am_crash: [12468,0,com.adayo.carplay,550026829,java.lang.RuntimeException,Unable to open socket for UEventObserver,UEventObserver.java,-2,0]
01-30 10:35:54.330   851  8317 I SdException: eventType = crash, processName = com.adayo.carplay
01-30 10:35:54.331   851  8317 I SdException: data = crash|12468|com.adayo.carplay
01-30 10:35:54.333   652  2032 I audio_hw_streamer: 569 capture_thread_loop: select [ch 8 -> ch 4] [15360 -> 7680] bytes data 
01-30 10:35:54.344   706   722 D sde     : [SDE::zipArchiveFolder]  Debug: property_set persist.sde.last.number success
01-30 10:35:54.344 12468 12468 D CarPlayDeviceDatabase: Journal mode set to: wal
01-30 10:35:54.345   706   722 D sde     : [SDE::deleteFolder]  Debug: deleteFolder :data/sde/crash_11944_com.adayo.carplay_20260130_103554
01-30 10:35:54.345   706   706 D sde     : [SDE::socket_listen]  Debug: Accept_fd 5
01-30 10:35:54.345   706   706 D sde     : [SDE::socket_listen]  Debug: receive msg from client : crash|12087|com.adayo.carplay
01-30 10:35:54.345   706   706 D sde     : [SDE::socket_listen]  Debug: Accept_fd 5
01-30 10:35:54.345   706   706 D sde     : [SDE::socket_listen]  Debug: receive msg from client : crash|12143|com.fawvw.intelligentmodeservice
01-30 10:35:54.345   706   706 D sde     : [SDE::socket_listen]  Debug: Accept_fd 5
01-30 10:35:54.345   706   706 D sde     : [SDE::socket_listen]  Debug: receive msg from client : crash|12189|com.adayo.carplay
01-30 10:35:54.345   706   706 D sde     : [SDE::socket_listen]  Debug: Accept_fd 5
01-30 10:35:54.346   706   706 D sde     : [SDE::socket_listen]  Debug: receive msg from client : crash|12243|com.fawvw.intelligentmodeservice
01-30 10:35:54.346   706   706 D sde     : [SDE::socket_listen]  Debug: Accept_fd 5
01-30 10:35:54.346   706   706 D sde     : [SDE::socket_listen]  Debug: receive msg from client : crash|12285|com.adayo.carplay
01-30 10:35:54.346   851  1853 I SdException: disconnecting...
01-30 10:35:54.346   706   706 D sde     : [SDE::socket_listen]  Debug: Accept_fd 5
01-30 10:35:54.346   706   706 D sde     : [SDE::socket_listen]  Debug: receive msg from client : crash|12334|com.fawvw.intelligentmodeservice
01-30 10:35:54.346   706   706 D sde     : [SDE::socket_listen]  Debug: Accept_fd 5
01-30 10:35:54.346   706   706 D sde     : [SDE::socket_listen]  Debug: receive msg from client : crash|12370|com.adayo.carplay
01-30 10:35:54.346   706   706 D sde     : [SDE::socket_listen]  Debug: Accept_fd 5
01-30 10:35:54.346   706   706 D sde     : [SDE::socket_listen]  Debug: receive msg from client : crash|12436|com.fawvw.intelligentmodeservice
01-30 10:35:54.346   706   722 D sde     : [SDE::hasEnoughSpace]  Debug: avaiPercent = 89, limitPercent = 90
01-30 10:35:54.346   706   722 D sde     : [SDE::CreateFolder]  Debug: CreateFolder type :crash ,pid :12037, package :com.fawvw.intelligentmodeservice ,tombstone :
01-30 10:35:54.346   706   722 D sde     : [SDE::CreateFolder]  Debug: logpath : data/sde/crash_12037_com.fawvw.intelligentmodeservice_20260130_103554
01-30 10:35:54.346   706   722 D sde     : [SDE::CollectExceptionMessage]  Debug: CreateFolder = data/sde/crash_12037_com.fawvw.intelligentmodeservice_20260130_103554 
01-30 10:35:54.346   706   722 D sde     : [SDE::CatchLog]  Debug: CatchLog : crash,data/sde/crash_12037_com.fawvw.intelligentmodeservice_20260130_103554
01-30 10:35:54.346   706   722 D sde     : [SDE::CatchJE]  Debug: CatchJE data/sde/crash_12037_com.fawvw.intelligentmodeservice_20260130_103554
01-30 10:35:54.347   851  1853 W ActivityManager: Process com.fawvw.intelligentmodeservice has crashed too many times, killing! Reason: crashed quickly
01-30 10:35:54.347   851  1853 I am_process_crashed_too_much: [0,com.fawvw.intelligentmodeservice,1000]
01-30 10:35:54.350 12468 12468 D CarPlay_Service: initKeyCodeMap(KeyEventAdapterImpl.java:331)initKeyCodeMap in  ---
01-30 10:35:54.350   584  1266 E WifiHAL : Invalid data received from driver
01-30 10:35:54.350   706   706 D sde     : [SDE::socket_listen]  Debug: Accept_fd 5
01-30 10:35:54.350 12468 12468 D CarPlay_Service: initKeyCodeMap(KeyEventAdapterImpl.java:343)initKeyCodeMap out  ---
01-30 10:35:54.351 12468 12468 D CarPlay_Service: initKeyStateMap(KeyEventAdapterImpl.java:323)initKeyStateMap in  ---
01-30 10:35:54.351   706   706 D sde     : [SDE::socket_listen]  Debug: receive msg from client : crash|12468|com.adayo.carplay
01-30 10:35:54.351   851  8317 I SdException: disconnecting...
01-30 10:35:54.352 12468 12468 D CarPlay_Service: initKeyStateMap(KeyEventAdapterImpl.java:327)initKeyStateMap out  ---
01-30 10:35:54.353   652  2032 I audio_hw_streamer: 569 capture_thread_loop: select [ch 8 -> ch 4] [15360 -> 7680] bytes data 
01-30 10:35:54.354   851  8317 W ActivityManager: Process com.adayo.carplay has crashed too many times, killing! Reason: crashed quickly
01-30 10:35:54.354   851  8317 I am_process_crashed_too_much: [0,com.adayo.carplay,1000]
01-30 10:35:54.357   851  1853 I sysui_multi_action: [757,316,758,4,759,-1]
01-30 10:35:54.358 12436 12436 I Process : Sending signal. PID: 12436 SIG: 9
01-30 10:35:54.362 12468 12468 I CarPlay_Service: onLifecycleChanged(KeyEventAdapterImpl.java:359)onLifecycleChanged: car service connected
01-30 10:35:54.363   851  8317 I sysui_multi_action: [757,316,758,4,759,-1]
01-30 10:35:54.364 12468 12504 I Process : Sending signal. PID: 12468 SIG: 9
01-30 10:35:54.373   652  2032 I audio_hw_streamer: 569 capture_thread_loop: select [ch 8 -> ch 4] [15360 -> 7680] bytes data 
01-30 10:35:54.391  1513  2257 D TboxNetworkManager: tboxNetworkbinder=null
01-30 10:35:54.393 12507 12507 I ADAYO_LOG_TRACE_LOGCAT: folder_size:
01-30 10:35:54.393   652  2032 I audio_hw_streamer: 569 capture_thread_loop: select [ch 8 -> ch 4] [15360 -> 7680] bytes data 
01-30 10:35:54.393  1371  3094 E FawPowerService: vehicleCallbackList onCallbackDied callback: vendor.fawvw.fawsystemserver.fawvwpower.IVehicleModeListener$Stub$Proxy@498ae84 ,packageName : com.fawvw.intelligentmodeservice
01-30 10:35:54.394   851  8317 I ActivityManager: Process com.fawvw.intelligentmodeservice (pid 12436) has died: pers PER 
01-30 10:35:54.395   568   568 I Zygote  : Process 12436 exited due to signal 9 (Killed)
01-30 10:35:54.395   851  8317 I am_proc_died: [0,12436,com.fawvw.intelligentmodeservice,-800,0]
01-30 10:35:54.396   851  8317 W ActivityManager: Scheduling restart of crashed service com.fawvw.intelligentmodeservice/.ModeService in 0ms for persistent
01-30 10:35:54.396   851  8317 I am_schedule_service_restart: [0,com.fawvw.intelligentmodeservice/.ModeService,0]
01-30 10:35:54.396   851  1063 I libprocessgroup: Successfully killed process cgroup uid 1000 pid 12436 in 0ms
01-30 10:35:54.398   568   568 I Zygote  : Process 12468 exited due to signal 9 (Killed)
01-30 10:35:54.400   851  8317 W ActivityManager: Re-adding persistent process ProcessRecord{68110fb 12436:com.fawvw.intelligentmodeservice/1000}
01-30 10:35:54.404   851  8317 D CompatibilityChangeReporter: Compat change id reported: 135634846; UID 1000; state: DISABLED
01-30 10:35:54.404   851  8317 D CompatibilityChangeReporter: Compat change id reported: 177438394; UID 1000; state: DISABLED
01-30 10:35:54.404   851  8317 D CompatibilityChangeReporter: Compat change id reported: 135772972; UID 1000; state: DISABLED
01-30 10:35:54.405   851  8317 D CompatibilityChangeReporter: Compat change id reported: 135754954; UID 1000; state: ENABLED
01-30 10:35:54.408   851  1423 I ActivityManager: Process com.adayo.carplay (pid 12468) has died: pers PER 
01-30 10:35:54.408   851  1423 I am_proc_died: [0,12468,com.adayo.carplay,-800,0]
01-30 10:35:54.411   851  1854 I WifiService: getMatchingPasspointConfigurations uid=1000
01-30 10:35:54.413   652  2032 I audio_hw_streamer: 569 capture_thread_loop: select [ch 8 -> ch 4] [15360 -> 7680] bytes data 
01-30 10:35:54.413   851  1063 I libprocessgroup: Successfully killed process cgroup uid 1000 pid 12468 in 4ms
01-30 10:35:54.422   851  8317 I WifiService: getMatchingOsuProviders uid=1000
01-30 10:35:54.423   851  1423 W ActivityManager: Scheduling restart of crashed service com.adayo.carplay/.service.CarPlayService in 0ms for persistent
01-30 10:35:54.423   851  1423 I am_schedule_service_restart: [0,com.adayo.carplay/.service.CarPlayService,0]
01-30 10:35:54.424   851  1423 W ActivityManager: Re-adding persistent process ProcessRecord{7c8ce39 12468:com.adayo.carplay/1000}
01-30 10:35:54.425   851  8317 I WifiService: getMatchingPasspointConfigsForOsuProviders uid=1000
01-30 10:35:54.425   851   851 D ResponseStatsTracker: notification:+3m50s759ms; event=<posted>, pkg=com.adayo.carplay, usr=0
01-30 10:35:54.425   851   851 I sysui_multi_action: [757,1501,758,1,793,204,794,0,795,204,796,1,806,com.adayo.carplay,857,carplay_channel,858,2,947,0,1500,0,1688,1]
01-30 10:35:54.425   851   851 I sysui_multi_action: [757,804,799,note_interruptive,801,0,802,1]
01-30 10:35:54.427   568   568 D Zygote  : Forked child process 12512
01-30 10:35:54.428   851   851 D NotificationService: 0|com.adayo.carplay|1|null|1000: updating permissions
01-30 10:35:54.429   851   851 D NotificationService: 0|com.adayo.carplay|1|null|1000: updating permissions
01-30 10:35:54.430   851   851 D NotificationService: 0|com.adayo.carplay|1|null|1000: updating permissions
01-30 10:35:54.430   851   851 D NotificationService: 0|com.adayo.carplay|1|null|1000: updating permissions
01-30 10:35:54.430   851   851 D NotificationService: 0|com.adayo.carplay|1|null|1000: updating permissions
01-30 10:35:54.431   851   851 D NotificationService: 0|com.adayo.carplay|1|null|1000: updating permissions
01-30 10:35:54.431   851   851 D NotificationService: 0|com.adayo.carplay|1|null|1000: updating permissions
01-30 10:35:54.432   851  1149 D JobScheduler.Quota: Processing event 31 for <0>com.fawvw.intelligentmodeservice
01-30 10:35:54.433   851  1149 D JobScheduler.Quota: Processing event 12 for <0>com.adayo.carplay
01-30 10:35:54.433   851  1061 I am_proc_start: [0,12512,1000,com.fawvw.intelligentmodeservice,restart,com.fawvw.intelligentmodeservice]
01-30 10:35:54.433   851  1149 D JobScheduler.Quota: debits overflowed by -15000
01-30 10:35:54.433   851  1061 I ActivityManager: Start proc 12512:com.fawvw.intelligentmodeservice/1000 for restart com.fawvw.intelligentmodeservice
01-30 10:35:54.434   652  2032 I audio_hw_streamer: 569 capture_thread_loop: select [ch 8 -> ch 4] [15360 -> 7680] bytes data 
01-30 10:35:54.437   851   902 I system_server: Background young concurrent copying GC freed 1445879(49MB) AllocSpace objects, 38(1196KB) LOS objects, 66% free, 25MB/75MB, paused 874us,194us total 181.385ms
01-30 10:35:54.437   851   851 I NotificationHistory: History disabled for user 0
01-30 10:35:54.437   851   851 W NotificationHistory: Attempted to add notif for locked/gone/disabled user 0
01-30 10:35:54.439   851   851 D NotificationService: PostNotification: Finished in 219 ms
01-30 10:35:54.440   851   851 I notification_cancel: [1000,0,com.adayo.carplay,1,NULL,0,0,0,8,NULL]
01-30 10:35:54.440  2766  2766 D J01Launcher_Notification: onNotificationPosted
01-30 10:35:54.441   851   851 D ResponseStatsTracker: notification:+3m50s970ms; event=<cancelled>, pkg=com.adayo.carplay, usr=0
01-30 10:35:54.442   851   851 I sysui_multi_action: [757,128,758,5,759,8,793,220,794,0,795,220,796,1,806,com.adayo.carplay,857,carplay_channel,858,2,947,0,1500,16,1688,1]
01-30 10:35:54.442   851   851 I notification_canceled: [0|com.adayo.carplay|1|null|1000,8,220,220,0,-1,-1,NULL]
01-30 10:35:54.443  1728  1728 I ExtAssistant: POSTED 0|com.adayo.carplay|1|null|1000
01-30 10:35:54.444   851   851 D NotificationService: 0|com.adayo.carplay|1|null|1000: updating permissions
01-30 10:35:54.445  2766  2766 D J01Launcher_Notification: onNotificationRemoved
01-30 10:35:54.448   851   903 W JavaBinder: BinderProxy is being destroyed but the application did not call unlinkToDeath to unlink all of its death recipients beforehand.  Releasing leaked death recipient: com.android.server.am.ActivityManagerService$15
01-30 10:35:54.448   851   903 I BpBinder: onLastStrongRef automatically unlinking death recipients: 
01-30 10:35:54.448   851   903 W JavaBinder: BinderProxy is being destroyed but the application did not call unlinkToDeath to unlink all of its death recipients beforehand.  Releasing leaked death recipient: com.android.server.am.ActivityManagerService$15
01-30 10:35:54.448   851   903 I BpBinder: onLastStrongRef automatically unlinking death recipients: 
01-30 10:35:54.449   584  1266 E WifiHAL : Invalid data received from driver
01-30 10:35:54.449   584  1266 E WifiHAL : Invalid data received from driver
01-30 10:35:54.449   584  1266 E WifiHAL : Invalid data received from driver
01-30 10:35:54.449   584  1266 E WifiHAL : Invalid data received from driver
01-30 10:35:54.449   584  1266 E WifiHAL : Invalid data received from driver
01-30 10:35:54.449   584  1266 E WifiHAL : Invalid data received from driver
01-30 10:35:54.449   584  1266 E WifiHAL : Invalid data received from driver
01-30 10:35:54.452   851  1149 D JobScheduler.Quota: Processing event 31 for <0>com.adayo.carplay
01-30 10:35:54.453   652  2032 I audio_hw_streamer: 569 capture_thread_loop: select [ch 8 -> ch 4] [15360 -> 7680] bytes data 
01-30 10:35:54.456  1513  2260 D TboxNetworkManager: tboxNetworkbinder=null
01-30 10:35:54.457  3942  4446 E NetProxyJNI: getNetworkTraffic up: 56,down:45
01-30 10:35:54.457  3942  4446 I TboxServiceManager: 上下行类型变化 type:0
01-30 10:35:54.457  3942  4446 I TboxServiceStatusMonitor: onNetworkTrafficChange type: 0
01-30 10:35:54.459  1464 12520 D TrafficStats: tagSocket(54) with statsTag=0xffffff81, statsUid=-1
01-30 10:35:54.459   568   568 D Zygote  : Forked child process 12521
01-30 10:35:54.460   851  1061 I am_proc_start: [0,12521,1000,com.adayo.carplay,restart,com.adayo.carplay]
01-30 10:35:54.461   851  1061 I ActivityManager: Start proc 12521:com.adayo.carplay/1000 for restart com.adayo.carplay
01-30 10:35:54.466  1464 12520 D TrafficStats: tagSocket(54) with statsTag=0xffffff81, statsUid=-1
01-30 10:35:54.466   644   707 I mcuc    : sd Uart data : 6AA6020823000292023D
01-30 10:35:54.469 12512 12512 I gentmodeservice: Using CollectorTypeCC GC.
01-30 10:35:54.471   644   707 I mcuc    : rev uart=2183,len=18, data : 6AA6810823000A92020007000000000000AF
01-30 10:35:54.471   644   707 I mcuc    : sd Uart data : 6AA6020824000292023C
01-30 10:35:54.472 12521 12521 I m.adayo.carplay: Using CollectorTypeCC GC.
01-30 10:35:54.472   396   396 D adayocomadapter-ParseProtocolFunc: printRaWMsg Name[MCUToUPstream recv] len[10] data[92020007000000000000]
01-30 10:35:54.472   396   396 D adayocomadapter-CommunicationManager: onUpstreamback   member[0] dataLength[7] timePoint[231011]
01-30 10:35:54.472   396   396 D adayocomadapter-ParseProtocolFunc: printRaWMsg Name[onUpstreamback] len[7] data[07000000000000]
01-30 10:35:54.472   396   452 D adayocomadapter-UpstreamHandler: processBeforePacket upSreamtProcessTimePoint[231011] 
01-30 10:35:54.472   396   452 D adayocomadapter-UpstreamHandler: processPacket UPSTREAM_QUEUE_DATA_TIMEOUT
01-30 10:35:54.472   396   452 D adayocomadapter-ParseProtocolFunc: parseCommonIPCLBytes Processing tableNumber[7]
01-30 10:35:54.472   396   452 D adayocomadapter-ParseProtocolFunc: parseCommonIPCLBytes Processing tablename[Table-7] tableSize[7]
01-30 10:35:54.472   396   452 D adayocomadapter-ParseProtocolFunc: printRaWMsg Name[byteStream recv] len[7] data[07000000000000]
01-30 10:35:54.472   396   452 D adayocomadapter-ParseProtocolFunc: printRaWMsg Name[IPCLtoVHAL] len[6] data[214020530000]
01-30 10:35:54.473   396   452 D adayocomadapter-ParseProtocolFunc: printRaWMsg Name[IPCLtoVHAL] len[6] data[214020A00000]
01-30 10:35:54.473   396   452 D adayocomadapter-ParseProtocolFunc: printRaWMsg Name[IPCLtoVHAL] len[6] data[214021310000]
01-30 10:35:54.473   396   452 D adayocomadapter-ParseProtocolFunc: printRaWMsg Name[IPCLtoVHAL] len[6] data[214020A20000]
01-30 10:35:54.473   396   452 D adayocomadapter-ParseProtocolFunc: printRaWMsg Name[IPCLtoVHAL] len[6] data[214020A40000]
01-30 10:35:54.473   396   452 D adayocomadapter-ParseProtocolFunc: printRaWMsg Name[IPCLtoVHAL] len[6] data[214021CE0000]
01-30 10:35:54.473   396   452 D adayocomadapter-CommunicationManager: onUpstreamReceive mPropertyId 0x21402053
01-30 10:35:54.473   396   452 D adayocomadapter-CommunicationManager: convertBytesToInt32Memcpy  0
01-30 10:35:54.473   396   452 I vw-vhal : notifyVehicleProperty, propId = 0x21402053, data = {status: 2, int32Values: [0]}
01-30 10:35:54.473   396   452 I vw-vhal : CanSignalsAdapter::notifyVehicleProperty: solvedValue = {.timestamp = 231012365692, .areaId = 0, .prop = 557850707, .status = AVAILABLE, .value = {.int32Values = [1]{0}, .floatValues = [0]{}, .int64Values = [0]{}, .bytes = [0]{}, .stringValue = ""}}
01-30 10:35:54.473   396   452 I VehiclePropertyStore: begin to write value to Store: {.timestamp = 231012365692, .areaId = 0, .prop = 557850707, .status = AVAILABLE, .value = {.int32Values = [1]{0}, .floatValues = [0]{}, .int64Values = [0]{}, .bytes = [0]{}, .stringValue = ""}}
01-30 10:35:54.473   396   452 I DefaultVehicleHal_v2_0: DefaultVehicleHal::onPropertyValue, value:{.timestamp = 231012365692, .areaId = 0, .prop = 557850707, .status = AVAILABLE, .value = {.int32Values = [1]{0}, .floatValues = [0]{}, .int64Values = [0]{}, .bytes = [0]{}, .stringValue = ""}}
01-30 10:35:54.473   396   452 I VehiclePropertyStore: begin to write value to Store: {.timestamp = 231012365692, .areaId = 0, .prop = 557850707, .status = AVAILABLE, .value = {.int32Values = [1]{0}, .floatValues = [0]{}, .int64Values = [0]{}, .bytes = [0]{}, .stringValue = ""}}
01-30 10:35:54.473   396   452 D adayocomadapter-CommunicationManager: onUpstreamReceive mPropertyId 0x21402053
01-30 10:35:54.473   396   452 D adayocomadapter-CommunicationManager: onUpstreamReceive mPropertyId 0x214020a0
01-30 10:35:54.473   396   452 D adayocomadapter-CommunicationManager: convertBytesToInt32Memcpy  0
01-30 10:35:54.473   396   452 I vw-vhal : notifyVehicleProperty, propId = 0x214020a0, data = {status: 2, int32Values: [0]}
01-30 10:35:54.473   396   452 I vw-vhal : CanSignalsAdapter::notifyVehicleProperty: solvedValue = {.timestamp = 231012619026, .areaId = 0, .prop = 557850784, .status = AVAILABLE, .value = {.int32Values = [1]{0}, .floatValues = [0]{}, .int64Values = [0]{}, .bytes = [0]{}, .stringValue = ""}}
01-30 10:35:54.473   396   452 I VehiclePropertyStore: begin to write value to Store: {.timestamp = 231012619026, .areaId = 0, .prop = 557850784, .status = AVAILABLE, .value = {.int32Values = [1]{0}, .floatValues = [0]{}, .int64Values = [0]{}, .bytes = [0]{}, .stringValue = ""}}
01-30 10:35:54.473   396   452 I DefaultVehicleHal_v2_0: DefaultVehicleHal::onPropertyValue, value:{.timestamp = 231012619026, .areaId = 0, .prop = 557850784, .status = AVAILABLE, .value = {.int32Values = [1]{0}, .floatValues = [0]{}, .int64Values = [0]{}, .bytes = [0]{}, .stringValue = ""}}
01-30 10:35:54.473   396   452 I VehiclePropertyStore: begin to write value to Store: {.timestamp = 231012619026, .areaId = 0, .prop = 557850784, .status = AVAILABLE, .value = {.int32Values = [1]{0}, .floatValues = [0]{}, .int64Values = [0]{}, .bytes = [0]{}, .stringValue = ""}}
01-30 10:35:54.473   396   452 D adayocomadapter-CommunicationManager: onUpstreamReceive mPropertyId 0x214020a0
01-30 10:35:54.473   396   452 D adayocomadapter-CommunicationManager: onUpstreamReceive mPropertyId 0x21402131
01-30 10:35:54.473   396   452 D adayocomadapter-CommunicationManager: convertBytesToInt32Memcpy  0
01-30 10:35:54.473   396   452 I vw-vhal : notifyVehicleProperty, propId = 0x21402131, data = {status: 2, int32Values: [0]}
01-30 10:35:54.473   396   452 I vw-vhal : CanSignalsAdapter::notifyVehicleProperty: solvedValue = {.timestamp = 231012855026, .areaId = 0, .prop = 557850929, .status = AVAILABLE, .value = {.int32Values = [1]{0}, .floatValues = [0]{}, .int64Values = [0]{}, .bytes = [0]{}, .stringValue = ""}}
01-30 10:35:54.473   396   452 I VehiclePropertyStore: begin to write value to Store: {.timestamp = 231012855026, .areaId = 0, .prop = 557850929, .status = AVAILABLE, .value = {.int32Values = [1]{0}, .floatValues = [0]{}, .int64Values = [0]{}, .bytes = [0]{}, .stringValue = ""}}
01-30 10:35:54.473   396   452 I DefaultVehicleHal_v2_0: DefaultVehicleHal::onPropertyValue, value:{.timestamp = 231012855026, .areaId = 0, .prop = 557850929, .status = AVAILABLE, .value = {.int32Values = [1]{0}, .floatValues = [0]{}, .int64Values = [0]{}, .bytes = [0]{}, .stringValue = ""}}
01-30 10:35:54.473   396   452 I VehiclePropertyStore: begin to write value to Store: {.timestamp = 231012855026, .areaId = 0, .prop = 557850929, .status = AVAILABLE, .value = {.int32Values = [1]{0}, .floatValues = [0]{}, .int64Values = [0]{}, .bytes = [0]{}, .stringValue = ""}}
01-30 10:35:54.473   396   452 D adayocomadapter-CommunicationManager: onUpstreamReceive mPropertyId 0x21402131
01-30 10:35:54.473   396   452 D adayocomadapter-CommunicationManager: onUpstreamReceive mPropertyId 0x214020a2
01-30 10:35:54.473   396   452 D adayocomadapter-CommunicationManager: convertBytesToInt32Memcpy  0
01-30 10:35:54.473   396   452 I vw-vhal : notifyVehicleProperty, propId = 0x214020a2, data = {status: 2, int32Values: [0]}
01-30 10:35:54.473   396   452 I vw-vhal : CanSignalsAdapter::notifyVehicleProperty: solvedValue = {.timestamp = 231013097692, .areaId = 0, .prop = 557850786, .status = AVAILABLE, .value = {.int32Values = [1]{0}, .floatValues = [0]{}, .int64Values = [0]{}, .bytes = [0]{}, .stringValue = ""}}
01-30 10:35:54.474   396   452 I VehiclePropertyStore: begin to write value to Store: {.timestamp = 231013097692, .areaId = 0, .prop = 557850786, .status = AVAILABLE, .value = {.int32Values = [1]{0}, .floatValues = [0]{}, .int64Values = [0]{}, .bytes = [0]{}, .stringValue = ""}}
01-30 10:35:54.474   396   452 I DefaultVehicleHal_v2_0: DefaultVehicleHal::onPropertyValue, value:{.timestamp = 231013097692, .areaId = 0, .prop = 557850786, .status = AVAILABLE, .value = {.int32Values = [1]{0}, .floatValues = [0]{}, .int64Values = [0]{}, .bytes = [0]{}, .stringValue = ""}}
01-30 10:35:54.474   396   452 I VehiclePropertyStore: begin to write value to Store: {.timestamp = 231013097692, .areaId = 0, .prop = 557850786, .status = AVAILABLE, .value = {.int32Values = [1]{0}, .floatValues = [0]{}, .int64Values = [0]{}, .bytes = [0]{}, .stringValue = ""}}
01-30 10:35:54.474   396   452 D adayocomadapter-CommunicationManager: onUpstreamReceive mPropertyId 0x214020a2
01-30 10:35:54.474   396   452 D adayocomadapter-CommunicationManager: onUpstreamReceive mPropertyId 0x214020a4
01-30 10:35:54.474   396   452 D adayocomadapter-CommunicationManager: convertBytesToInt32Memcpy  0
01-30 10:35:54.474   396   452 I vw-vhal : notifyVehicleProperty, propId = 0x214020a4, data = {status: 2, int32Values: [0]}
01-30 10:35:54.474   396   452 I vw-vhal : CanSignalsAdapter::notifyVehicleProperty: solvedValue = {.timestamp = 231013305692, .areaId = 0, .prop = 557850788, .status = AVAILABLE, .value = {.int32Values = [1]{0}, .floatValues = [0]{}, .int64Values = [0]{}, .bytes = [0]{}, .stringValue = ""}}
01-30 10:35:54.474   396   452 I VehiclePropertyStore: begin to write value to Store: {.timestamp = 231013305692, .areaId = 0, .prop = 557850788, .status = AVAILABLE, .value = {.int32Values = [1]{0}, .floatValues = [0]{}, .int64Values = [0]{}, .bytes = [0]{}, .stringValue = ""}}
01-30 10:35:54.474   396   452 I DefaultVehicleHal_v2_0: DefaultVehicleHal::onPropertyValue, value:{.timestamp = 231013305692, .areaId = 0, .prop = 557850788, .status = AVAILABLE, .value = {.int32Values = [1]{0}, .floatValues = [0]{}, .int64Values = [0]{}, .bytes = [0]{}, .stringValue = ""}}
01-30 10:35:54.474   396   452 I VehiclePropertyStore: begin to write value to Store: {.timestamp = 231013305692, .areaId = 0, .prop = 557850788, .status = AVAILABLE, .value = {.int32Values = [1]{0}, .floatValues = [0]{}, .int64Values = [0]{}, .bytes = [0]{}, .stringValue = ""}}
01-30 10:35:54.474   396   452 D adayocomadapter-CommunicationManager: onUpstreamReceive mPropertyId 0x214020a4
01-30 10:35:54.474   396   452 D adayocomadapter-CommunicationManager: onUpstreamReceive mPropertyId 0x214021ce
01-30 10:35:54.474   396   452 D adayocomadapter-CommunicationManager: convertBytesToInt32Memcpy  0
01-30 10:35:54.474   396   452 I vw-vhal : notifyVehicleProperty, propId = 0x214021ce, data = {status: 2, int32Values: [0]}
01-30 10:35:54.474   396   452 I vw-vhal : CanSignalsAdapter::notifyVehicleProperty: solvedValue = {.timestamp = 231013531026, .areaId = 0, .prop = 557851086, .status = AVAILABLE, .value = {.int32Values = [1]{0}, .floatValues = [0]{}, .int64Values = [0]{}, .bytes = [0]{}, .stringValue = ""}}
01-30 10:35:54.474   396   452 I VehiclePropertyStore: begin to write value to Store: {.timestamp = 231013531026, .areaId = 0, .prop = 557851086, .status = AVAILABLE, .value = {.int32Values = [1]{0}, .floatValues = [0]{}, .int64Values = [0]{}, .bytes = [0]{}, .stringValue = ""}}
01-30 10:35:54.474   396   452 I DefaultVehicleHal_v2_0: DefaultVehicleHal::onPropertyValue, value:{.timestamp = 231013531026, .areaId = 0, .prop = 557851086, .status = AVAILABLE, .value = {.int32Values = [1]{0}, .floatValues = [0]{}, .int64Values = [0]{}, .bytes = [0]{}, .stringValue = ""}}
01-30 10:35:54.474   396   452 I VehiclePropertyStore: begin to write value to Store: {.timestamp = 231013531026, .areaId = 0, .prop = 557851086, .status = AVAILABLE, .value = {.int32Values = [1]{0}, .floatValues = [0]{}, .int64Values = [0]{}, .bytes = [0]{}, .stringValue = ""}}
01-30 10:35:54.474   396   452 D adayocomadapter-CommunicationManager: onUpstreamReceive mPropertyId 0x214021ce
01-30 10:35:54.474 12521 12521 D m.adayo.carplay: Received session metadata: 9065942615530636423
01-30 10:35:54.476   652  2032 I audio_hw_streamer: 569 capture_thread_loop: select [ch 8 -> ch 4] [15360 -> 7680] bytes data 
01-30 10:35:54.476   582 12526 I resolv  : ResNSendHandler::run: 0 / {101 983141 101 983141 1073 1}
01-30 10:35:54.477   582 12526 D resolv  : resolv_populate_res_for_net: netid=101
01-30 10:35:54.478   582 12526 D resolv  : res_nsend
01-30 10:35:54.478   582 12526 D resolv  : resolv_cache_lookup: lookup
01-30 10:35:54.478   582 12526 D resolv  : resolv_cache_lookup: NOT IN CACHE
01-30 10:35:54.478   582 12526 D resolv  : resolv_populate_res_for_net: netid=101
01-30 10:35:54.478 12521 12521 E m.adayo.carplay: Not starting debugger since process cannot load the jdwp agent.
01-30 10:35:54.478   582 12526 D resolv  : res_stats_usable_server: NS stats: S 0 + E 0 + T 12 + I 0 = 12, rtt = -1, min_samples = 8
01-30 10:35:54.478   582 12526 D resolv  : res_stats_usable_server: success rate 0
01-30 10:35:54.478   582 12526 I resolv  : res_stats_usable_server: too many resolution errors, ignoring server
01-30 10:35:54.478   582 12526 D resolv  : res_stats_usable_server: NS stats: S 0 + E 0 + T 12 + I 0 = 12, rtt = -1, min_samples = 8
01-30 10:35:54.478   582 12526 D resolv  : res_stats_usable_server: success rate 0
01-30 10:35:54.478   582 12526 I resolv  : res_stats_usable_server: too many resolution errors, ignoring server
01-30 10:35:54.478   582 12526 D resolv  : res_nsend: Querying server (# 1) address = 114.114.114.114:53
01-30 10:35:54.479   582 12526 D resolv  : send_dg: new DG socket
01-30 10:35:54.479   582 12526 D resolv  : get_timeout: using timeout of 5000 msec
01-30 10:35:54.479   582 12526 D resolv  : retrying_poll: 60 retrying_poll
01-30 10:35:54.479   644   707 I mcuc    : rev uart=2184,len=29, data : 6AA681082400159202001300FE00FE00FE00000000000000000000009D
01-30 10:35:54.480   396   396 D adayocomadapter-ParseProtocolFunc: printRaWMsg Name[MCUToUPstream recv] len[21] data[9202001300FE00FE00FE0000000000000000000000]
01-30 10:35:54.480   396   396 D adayocomadapter-CommunicationManager: onUpstreamback   member[0] dataLength[18] timePoint[231019]
01-30 10:35:54.480   396   396 D adayocomadapter-ParseProtocolFunc: printRaWMsg Name[onUpstreamback] len[18] data[1300FE00FE00FE0000000000000000000000]
01-30 10:35:54.480   396   452 D adayocomadapter-UpstreamHandler: processBeforePacket upSreamtProcessTimePoint[231019] 
01-30 10:35:54.480   396   452 D adayocomadapter-UpstreamHandler: processPacket UPSTREAM_QUEUE_DATA_TIMEOUT
01-30 10:35:54.480   396   452 D adayocomadapter-ParseProtocolFunc: parseCommonIPCLBytes Processing tableNumber[19]
01-30 10:35:54.480   396   452 D adayocomadapter-ParseProtocolFunc: parseCommonIPCLBytes Processing tablename[Table-19] tableSize[18]
01-30 10:35:54.480 12512 12512 D gentmodeservice: Received session metadata: 2104657638177680967
01-30 10:35:54.480   396   452 D adayocomadapter-ParseProtocolFunc: printRaWMsg Name[byteStream recv] len[18] data[1300FE00FE00FE0000000000000000000000]
01-30 10:35:54.480   396   452 D adayocomadapter-ParseProtocolFunc: printRaWMsg Name[IPCLtoVHAL] len[6] data[214010280000]
01-30 10:35:54.480   396   452 D adayocomadapter-ParseProtocolFunc: printRaWMsg Name[IPCLtoVHAL] len[6] data[2140102900FE]
01-30 10:35:54.480   396   452 D adayocomadapter-ParseProtocolFunc: printRaWMsg Name[IPCLtoVHAL] len[6] data[2140102E0000]
01-30 10:35:54.480   396   452 D adayocomadapter-ParseProtocolFunc: printRaWMsg Name[IPCLtoVHAL] len[6] data[2140102B0000]
01-30 10:35:54.480   396   452 D adayocomadapter-ParseProtocolFunc: printRaWMsg Name[IPCLtoVHAL] len[6] data[2140104C0000]
01-30 10:35:54.480   396   452 D adayocomadapter-ParseProtocolFunc: printRaWMsg Name[IPCLtoVHAL] len[6] data[2140102C00FE]
01-30 10:35:54.480   396   452 D adayocomadapter-ParseProtocolFunc: printRaWMsg Name[IPCLtoVHAL] len[7] data[21402007000000]
01-30 10:35:54.480   396   452 D adayocomadapter-ParseProtocolFunc: printRaWMsg Name[IPCLtoVHAL] len[6] data[2140102F00FE]
01-30 10:35:54.480   396   452 D adayocomadapter-ParseProtocolFunc: printRaWMsg Name[IPCLtoVHAL] len[6] data[214010310000]
01-30 10:35:54.480   396   452 D adayocomadapter-ParseProtocolFunc: printRaWMsg Name[IPCLtoVHAL] len[7] data[21402022000000]
01-30 10:35:54.480   396   452 D adayocomadapter-ParseProtocolFunc: printRaWMsg Name[IPCLtoVHAL] len[9] data[214020230000000000]
01-30 10:35:54.480   396   452 D adayocomadapter-ParseProtocolFunc: printRaWMsg Name[IPCLtoVHAL] len[6] data[2140104D0000]
01-30 10:35:54.480   396   452 D adayocomadapter-CommunicationManager: onUpstreamReceive mPropertyId 0x21401028
01-30 10:35:54.480   396   452 D adayocomadapter-CommunicationManager: convertBytesToInt32Memcpy  0
01-30 10:35:54.480   396   452 I vw-vhal : notifyVehicleProperty, propId = 0x21401028, data = {status: 2, int32Values: [0]}
