01-30 10:35:54.633   396   452 I DefaultVehicleHal_v2_0: DefaultVehicleHal::onPropertyValue, value:{.timestamp = 231172299359, .areaId = 0, .prop = 557850933, .status = AVAILABLE, .value = {.int32Values = [1]{0}, .floatValues = [0]{}, .int64Values = [0]{}, .bytes = [0]{}, .stringValue = ""}}
01-30 10:35:54.633   396   452 I VehiclePropertyStore: begin to write value to Store: {.timestamp = 231172299359, .areaId = 0, .prop = 557850933, .status = AVAILABLE, .value = {.int32Values = [1]{0}, .floatValues = [0]{}, .int64Values = [0]{}, .bytes = [0]{}, .stringValue = ""}}
01-30 10:35:54.633   396   452 D adayocomadapter-CommunicationManager: onUpstreamReceive mPropertyId 0x21402135
01-30 10:35:54.633   396   452 D adayocomadapter-CommunicationManager: onUpstreamReceive mPropertyId 0x21402136
01-30 10:35:54.633   396   452 D adayocomadapter-CommunicationManager: convertBytesToInt32Memcpy  0
01-30 10:35:54.633   396   452 I vw-vhal : notifyVehicleProperty, propId = 0x21402136, data = {status: 2, int32Values: [0]}
01-30 10:35:54.633   396   452 I vw-vhal : CanSignalsAdapter::notifyVehicleProperty: solvedValue = {.timestamp = 231172494026, .areaId = 0, .prop = 557850934, .status = AVAILABLE, .value = {.int32Values = [1]{0}, .floatValues = [0]{}, .int64Values = [0]{}, .bytes = [0]{}, .stringValue = ""}}
01-30 10:35:54.633   396   452 I VehiclePropertyStore: begin to write value to Store: {.timestamp = 231172494026, .areaId = 0, .prop = 557850934, .status = AVAILABLE, .value = {.int32Values = [1]{0}, .floatValues = [0]{}, .int64Values = [0]{}, .bytes = [0]{}, .stringValue = ""}}
01-30 10:35:54.633   396   452 I DefaultVehicleHal_v2_0: DefaultVehicleHal::onPropertyValue, value:{.timestamp = 231172494026, .areaId = 0, .prop = 557850934, .status = AVAILABLE, .value = {.int32Values = [1]{0}, .floatValues = [0]{}, .int64Values = [0]{}, .bytes = [0]{}, .stringValue = ""}}
01-30 10:35:54.633   652  2032 I audio_hw_streamer: 569 capture_thread_loop: select [ch 8 -> ch 4] [15360 -> 7680] bytes data 
01-30 10:35:54.633   396   452 I VehiclePropertyStore: begin to write value to Store: {.timestamp = 231172494026, .areaId = 0, .prop = 557850934, .status = AVAILABLE, .value = {.int32Values = [1]{0}, .floatValues = [0]{}, .int64Values = [0]{}, .bytes = [0]{}, .stringValue = ""}}
01-30 10:35:54.633   396   452 D adayocomadapter-CommunicationManager: onUpstreamReceive mPropertyId 0x21402136
01-30 10:35:54.633   396   452 D adayocomadapter-CommunicationManager: onUpstreamReceive mPropertyId 0x21402137
01-30 10:35:54.633   396   452 D adayocomadapter-CommunicationManager: convertBytesToInt32Memcpy  0
01-30 10:35:54.633   396   452 I vw-vhal : notifyVehicleProperty, propId = 0x21402137, data = {status: 2, int32Values: [0]}
01-30 10:35:54.633   396   452 I vw-vhal : CanSignalsAdapter::notifyVehicleProperty: solvedValue = {.timestamp = 231172749692, .areaId = 0, .prop = 557850935, .status = AVAILABLE, .value = {.int32Values = [1]{0}, .floatValues = [0]{}, .int64Values = [0]{}, .bytes = [0]{}, .stringValue = ""}}
01-30 10:35:54.633   396   452 I VehiclePropertyStore: begin to write value to Store: {.timestamp = 231172749692, .areaId = 0, .prop = 557850935, .status = AVAILABLE, .value = {.int32Values = [1]{0}, .floatValues = [0]{}, .int64Values = [0]{}, .bytes = [0]{}, .stringValue = ""}}
01-30 10:35:54.633   396   452 I DefaultVehicleHal_v2_0: DefaultVehicleHal::onPropertyValue, value:{.timestamp = 231172749692, .areaId = 0, .prop = 557850935, .status = AVAILABLE, .value = {.int32Values = [1]{0}, .floatValues = [0]{}, .int64Values = [0]{}, .bytes = [0]{}, .stringValue = ""}}
01-30 10:35:54.633   396   452 I VehiclePropertyStore: begin to write value to Store: {.timestamp = 231172749692, .areaId = 0, .prop = 557850935, .status = AVAILABLE, .value = {.int32Values = [1]{0}, .floatValues = [0]{}, .int64Values = [0]{}, .bytes = [0]{}, .stringValue = ""}}
01-30 10:35:54.633   396   452 D adayocomadapter-CommunicationManager: onUpstreamReceive mPropertyId 0x21402137
01-30 10:35:54.637  1561  1561 I ADAYO_LOG_: handleMessage(UsbFunc.java:411)copyQnx = 0
01-30 10:35:54.637  1561  1561 I ADAYO_LOG_: handleMessage(UsbFunc.java:430)copyState = 2
01-30 10:35:54.637   644   707 I mcuc    : rev uart=2187,len=23, data : 6AA6810827000F92020015646464640000000000000008
01-30 10:35:54.637   644   707 I mcuc    : sd Uart data : 6AA60208280002920238
01-30 10:35:54.637   396   396 D adayocomadapter-ParseProtocolFunc: printRaWMsg Name[MCUToUPstream recv] len[15] data[920200156464646400000000000000]
01-30 10:35:54.637   396   396 D adayocomadapter-CommunicationManager: onUpstreamback   member[0] dataLength[12] timePoint[231177]
01-30 10:35:54.637   396   396 D adayocomadapter-ParseProtocolFunc: printRaWMsg Name[onUpstreamback] len[12] data[156464646400000000000000]
01-30 10:35:54.637   396   452 D adayocomadapter-UpstreamHandler: processBeforePacket upSreamtProcessTimePoint[231177] 
01-30 10:35:54.638   396   452 D adayocomadapter-UpstreamHandler: processPacket UPSTREAM_QUEUE_DATA_TIMEOUT
01-30 10:35:54.638   396   452 D adayocomadapter-ParseProtocolFunc: parseCommonIPCLBytes Processing tableNumber[21]
01-30 10:35:54.638   396   452 D adayocomadapter-ParseProtocolFunc: parseCommonIPCLBytes Processing tablename[Table-21] tableSize[12]
01-30 10:35:54.638   396   452 D adayocomadapter-ParseProtocolFunc: printRaWMsg Name[byteStream recv] len[12] data[156464646400000000000000]
01-30 10:35:54.638   396   452 D adayocomadapter-ParseProtocolFunc: printRaWMsg Name[IPCLtoVHAL] len[6] data[2140208B0064]
01-30 10:35:54.638   396   452 D adayocomadapter-ParseProtocolFunc: printRaWMsg Name[IPCLtoVHAL] len[6] data[214021930000]
01-30 10:35:54.638   396   452 D adayocomadapter-ParseProtocolFunc: printRaWMsg Name[IPCLtoVHAL] len[6] data[2140208C0064]
01-30 10:35:54.638   396   452 D adayocomadapter-ParseProtocolFunc: printRaWMsg Name[IPCLtoVHAL] len[6] data[214021940000]
01-30 10:35:54.638   396   452 D adayocomadapter-ParseProtocolFunc: printRaWMsg Name[IPCLtoVHAL] len[6] data[2140208D0064]
01-30 10:35:54.638   396   452 D adayocomadapter-ParseProtocolFunc: printRaWMsg Name[IPCLtoVHAL] len[6] data[214021950000]
01-30 10:35:54.638   396   452 D adayocomadapter-ParseProtocolFunc: printRaWMsg Name[IPCLtoVHAL] len[6] data[214021920000]
01-30 10:35:54.638   396   452 D adayocomadapter-ParseProtocolFunc: printRaWMsg Name[IPCLtoVHAL] len[6] data[2140208A0064]
01-30 10:35:54.638   396   452 D adayocomadapter-ParseProtocolFunc: printRaWMsg Name[IPCLtoVHAL] len[6] data[214021960000]
01-30 10:35:54.638   396   452 D adayocomadapter-ParseProtocolFunc: printRaWMsg Name[IPCLtoVHAL] len[6] data[214021970000]
01-30 10:35:54.638   396   452 D adayocomadapter-ParseProtocolFunc: printRaWMsg Name[IPCLtoVHAL] len[6] data[214021990000]
01-30 10:35:54.638   396   452 D adayocomadapter-CommunicationManager: onUpstreamReceive mPropertyId 0x2140208b
01-30 10:35:54.638   396   452 D adayocomadapter-CommunicationManager: convertBytesToInt32Memcpy  100
01-30 10:35:54.638   396   452 I vw-vhal : notifyVehicleProperty, propId = 0x2140208b, data = {status: 2, int32Values: [100]}
01-30 10:35:54.638   396   452 I vw-vhal : CanSignalsAdapter::notifyVehicleProperty: solvedValue = {.timestamp = 231177505692, .areaId = 0, .prop = 557850763, .status = AVAILABLE, .value = {.int32Values = [1]{100}, .floatValues = [0]{}, .int64Values = [0]{}, .bytes = [0]{}, .stringValue = ""}}
01-30 10:35:54.638   396   452 I VehiclePropertyStore: begin to write value to Store: {.timestamp = 231177505692, .areaId = 0, .prop = 557850763, .status = AVAILABLE, .value = {.int32Values = [1]{100}, .floatValues = [0]{}, .int64Values = [0]{}, .bytes = [0]{}, .stringValue = ""}}
01-30 10:35:54.638   396   452 I DefaultVehicleHal_v2_0: DefaultVehicleHal::onPropertyValue, value:{.timestamp = 231177505692, .areaId = 0, .prop = 557850763, .status = AVAILABLE, .value = {.int32Values = [1]{100}, .floatValues = [0]{}, .int64Values = [0]{}, .bytes = [0]{}, .stringValue = ""}}
01-30 10:35:54.638   396   452 I VehiclePropertyStore: begin to write value to Store: {.timestamp = 231177505692, .areaId = 0, .prop = 557850763, .status = AVAILABLE, .value = {.int32Values = [1]{100}, .floatValues = [0]{}, .int64Values = [0]{}, .bytes = [0]{}, .stringValue = ""}}
01-30 10:35:54.638   396   452 D adayocomadapter-CommunicationManager: onUpstreamReceive mPropertyId 0x2140208b
01-30 10:35:54.638   396   452 D adayocomadapter-CommunicationManager: onUpstreamReceive mPropertyId 0x21402193
01-30 10:35:54.638   396   452 D adayocomadapter-CommunicationManager: convertBytesToInt32Memcpy  0
01-30 10:35:54.638   396   452 I vw-vhal : notifyVehicleProperty, propId = 0x21402193, data = {status: 2, int32Values: [0]}
01-30 10:35:54.638   396   452 I vw-vhal : CanSignalsAdapter::notifyVehicleProperty: solvedValue = {.timestamp = 231177800692, .areaId = 0, .prop = 557851027, .status = AVAILABLE, .value = {.int32Values = [1]{0}, .floatValues = [0]{}, .int64Values = [0]{}, .bytes = [0]{}, .stringValue = ""}}
01-30 10:35:54.638   396   452 I VehiclePropertyStore: begin to write value to Store: {.timestamp = 231177800692, .areaId = 0, .prop = 557851027, .status = AVAILABLE, .value = {.int32Values = [1]{0}, .floatValues = [0]{}, .int64Values = [0]{}, .bytes = [0]{}, .stringValue = ""}}
01-30 10:35:54.638   396   452 I DefaultVehicleHal_v2_0: DefaultVehicleHal::onPropertyValue, value:{.timestamp = 231177800692, .areaId = 0, .prop = 557851027, .status = AVAILABLE, .value = {.int32Values = [1]{0}, .floatValues = [0]{}, .int64Values = [0]{}, .bytes = [0]{}, .stringValue = ""}}
01-30 10:35:54.638   396   452 I VehiclePropertyStore: begin to write value to Store: {.timestamp = 231177800692, .areaId = 0, .prop = 557851027, .status = AVAILABLE, .value = {.int32Values = [1]{0}, .floatValues = [0]{}, .int64Values = [0]{}, .bytes = [0]{}, .stringValue = ""}}
01-30 10:35:54.638   396   452 D adayocomadapter-CommunicationManager: onUpstreamReceive mPropertyId 0x21402193
01-30 10:35:54.638   396   452 D adayocomadapter-CommunicationManager: onUpstreamReceive mPropertyId 0x2140208c
01-30 10:35:54.638   396   452 D adayocomadapter-CommunicationManager: convertBytesToInt32Memcpy  100
01-30 10:35:54.638   396   452 I vw-vhal : notifyVehicleProperty, propId = 0x2140208c, data = {status: 2, int32Values: [100]}
01-30 10:35:54.638   396   452 I vw-vhal : CanSignalsAdapter::notifyVehicleProperty: solvedValue = {.timestamp = 231177995359, .areaId = 0, .prop = 557850764, .status = AVAILABLE, .value = {.int32Values = [1]{100}, .floatValues = [0]{}, .int64Values = [0]{}, .bytes = [0]{}, .stringValue = ""}}
01-30 10:35:54.638   396   452 I VehiclePropertyStore: begin to write value to Store: {.timestamp = 231177995359, .areaId = 0, .prop = 557850764, .status = AVAILABLE, .value = {.int32Values = [1]{100}, .floatValues = [0]{}, .int64Values = [0]{}, .bytes = [0]{}, .stringValue = ""}}
01-30 10:35:54.638   396   452 I DefaultVehicleHal_v2_0: DefaultVehicleHal::onPropertyValue, value:{.timestamp = 231177995359, .areaId = 0, .prop = 557850764, .status = AVAILABLE, .value = {.int32Values = [1]{100}, .floatValues = [0]{}, .int64Values = [0]{}, .bytes = [0]{}, .stringValue = ""}}
01-30 10:35:54.638   396   452 I VehiclePropertyStore: begin to write value to Store: {.timestamp = 231177995359, .areaId = 0, .prop = 557850764, .status = AVAILABLE, .value = {.int32Values = [1]{100}, .floatValues = [0]{}, .int64Values = [0]{}, .bytes = [0]{}, .stringValue = ""}}
01-30 10:35:54.638   396   452 D adayocomadapter-CommunicationManager: onUpstreamReceive mPropertyId 0x2140208c
01-30 10:35:54.638   396   452 D adayocomadapter-CommunicationManager: onUpstreamReceive mPropertyId 0x21402194
01-30 10:35:54.639   396   452 D adayocomadapter-CommunicationManager: convertBytesToInt32Memcpy  0
01-30 10:35:54.639   396   452 I vw-vhal : notifyVehicleProperty, propId = 0x21402194, data = {status: 2, int32Values: [0]}
01-30 10:35:54.639   396   452 I vw-vhal : CanSignalsAdapter::notifyVehicleProperty: solvedValue = {.timestamp = 231178193692, .areaId = 0, .prop = 557851028, .status = AVAILABLE, .value = {.int32Values = [1]{0}, .floatValues = [0]{}, .int64Values = [0]{}, .bytes = [0]{}, .stringValue = ""}}
01-30 10:35:54.639   396   452 I VehiclePropertyStore: begin to write value to Store: {.timestamp = 231178193692, .areaId = 0, .prop = 557851028, .status = AVAILABLE, .value = {.int32Values = [1]{0}, .floatValues = [0]{}, .int64Values = [0]{}, .bytes = [0]{}, .stringValue = ""}}
01-30 10:35:54.639   396   452 I DefaultVehicleHal_v2_0: DefaultVehicleHal::onPropertyValue, value:{.timestamp = 231178193692, .areaId = 0, .prop = 557851028, .status = AVAILABLE, .value = {.int32Values = [1]{0}, .floatValues = [0]{}, .int64Values = [0]{}, .bytes = [0]{}, .stringValue = ""}}
01-30 10:35:54.639   396   452 I VehiclePropertyStore: begin to write value to Store: {.timestamp = 231178193692, .areaId = 0, .prop = 557851028, .status = AVAILABLE, .value = {.int32Values = [1]{0}, .floatValues = [0]{}, .int64Values = [0]{}, .bytes = [0]{}, .stringValue = ""}}
01-30 10:35:54.639   396   452 D adayocomadapter-CommunicationManager: onUpstreamReceive mPropertyId 0x21402194
01-30 10:35:54.639   396   452 D adayocomadapter-CommunicationManager: onUpstreamReceive mPropertyId 0x2140208d
01-30 10:35:54.639   396   452 D adayocomadapter-CommunicationManager: convertBytesToInt32Memcpy  100
01-30 10:35:54.639   396   452 I vw-vhal : notifyVehicleProperty, propId = 0x2140208d, data = {status: 2, int32Values: [100]}
01-30 10:35:54.639   396   452 I vw-vhal : CanSignalsAdapter::notifyVehicleProperty: solvedValue = {.timestamp = 231178367359, .areaId = 0, .prop = 557850765, .status = AVAILABLE, .value = {.int32Values = [1]{100}, .floatValues = [0]{}, .int64Values = [0]{}, .bytes = [0]{}, .stringValue = ""}}
01-30 10:35:54.639   396   452 I VehiclePropertyStore: begin to write value to Store: {.timestamp = 231178367359, .areaId = 0, .prop = 557850765, .status = AVAILABLE, .value = {.int32Values = [1]{100}, .floatValues = [0]{}, .int64Values = [0]{}, .bytes = [0]{}, .stringValue = ""}}
01-30 10:35:54.639   396   452 I DefaultVehicleHal_v2_0: DefaultVehicleHal::onPropertyValue, value:{.timestamp = 231178367359, .areaId = 0, .prop = 557850765, .status = AVAILABLE, .value = {.int32Values = [1]{100}, .floatValues = [0]{}, .int64Values = [0]{}, .bytes = [0]{}, .stringValue = ""}}
01-30 10:35:54.639   396   452 I VehiclePropertyStore: begin to write value to Store: {.timestamp = 231178367359, .areaId = 0, .prop = 557850765, .status = AVAILABLE, .value = {.int32Values = [1]{100}, .floatValues = [0]{}, .int64Values = [0]{}, .bytes = [0]{}, .stringValue = ""}}
01-30 10:35:54.639   396   452 D adayocomadapter-CommunicationManager: onUpstreamReceive mPropertyId 0x2140208d
01-30 10:35:54.639   396   452 D adayocomadapter-CommunicationManager: onUpstreamReceive mPropertyId 0x21402195
01-30 10:35:54.639   396   452 D adayocomadapter-CommunicationManager: convertBytesToInt32Memcpy  0
01-30 10:35:54.639   396   452 I vw-vhal : notifyVehicleProperty, propId = 0x21402195, data = {status: 2, int32Values: [0]}
01-30 10:35:54.639   396   452 I vw-vhal : CanSignalsAdapter::notifyVehicleProperty: solvedValue = {.timestamp = 231178542026, .areaId = 0, .prop = 557851029, .status = AVAILABLE, .value = {.int32Values = [1]{0}, .floatValues = [0]{}, .int64Values = [0]{}, .bytes = [0]{}, .stringValue = ""}}
01-30 10:35:54.639   396   452 I VehiclePropertyStore: begin to write value to Store: {.timestamp = 231178542026, .areaId = 0, .prop = 557851029, .status = AVAILABLE, .value = {.int32Values = [1]{0}, .floatValues = [0]{}, .int64Values = [0]{}, .bytes = [0]{}, .stringValue = ""}}
01-30 10:35:54.639   396   452 I DefaultVehicleHal_v2_0: DefaultVehicleHal::onPropertyValue, value:{.timestamp = 231178542026, .areaId = 0, .prop = 557851029, .status = AVAILABLE, .value = {.int32Values = [1]{0}, .floatValues = [0]{}, .int64Values = [0]{}, .bytes = [0]{}, .stringValue = ""}}
01-30 10:35:54.639   396   452 I VehiclePropertyStore: begin to write value to Store: {.timestamp = 231178542026, .areaId = 0, .prop = 557851029, .status = AVAILABLE, .value = {.int32Values = [1]{0}, .floatValues = [0]{}, .int64Values = [0]{}, .bytes = [0]{}, .stringValue = ""}}
01-30 10:35:54.639   396   452 D adayocomadapter-CommunicationManager: onUpstreamReceive mPropertyId 0x21402195
01-30 10:35:54.639   396   452 D adayocomadapter-CommunicationManager: onUpstreamReceive mPropertyId 0x21402192
01-30 10:35:54.639   396   452 D adayocomadapter-CommunicationManager: convertBytesToInt32Memcpy  0
01-30 10:35:54.639   396   452 I vw-vhal : notifyVehicleProperty, propId = 0x21402192, data = {status: 2, int32Values: [0]}
01-30 10:35:54.639   396   452 I vw-vhal : CanSignalsAdapter::notifyVehicleProperty: solvedValue = {.timestamp = 231178732026, .areaId = 0, .prop = 557851026, .status = AVAILABLE, .value = {.int32Values = [1]{0}, .floatValues = [0]{}, .int64Values = [0]{}, .bytes = [0]{}, .stringValue = ""}}
01-30 10:35:54.639   396   452 I VehiclePropertyStore: begin to write value to Store: {.timestamp = 231178732026, .areaId = 0, .prop = 557851026, .status = AVAILABLE, .value = {.int32Values = [1]{0}, .floatValues = [0]{}, .int64Values = [0]{}, .bytes = [0]{}, .stringValue = ""}}
01-30 10:35:54.639   396   452 I DefaultVehicleHal_v2_0: DefaultVehicleHal::onPropertyValue, value:{.timestamp = 231178732026, .areaId = 0, .prop = 557851026, .status = AVAILABLE, .value = {.int32Values = [1]{0}, .floatValues = [0]{}, .int64Values = [0]{}, .bytes = [0]{}, .stringValue = ""}}
01-30 10:35:54.639   396   452 I VehiclePropertyStore: begin to write value to Store: {.timestamp = 231178732026, .areaId = 0, .prop = 557851026, .status = AVAILABLE, .value = {.int32Values = [1]{0}, .floatValues = [0]{}, .int64Values = [0]{}, .bytes = [0]{}, .stringValue = ""}}
01-30 10:35:54.639   706   722 D sde     : [SDE::CatchJE]  Debug: CatchJE end
01-30 10:35:54.639   396   452 D adayocomadapter-CommunicationManager: onUpstreamReceive mPropertyId 0x21402192
01-30 10:35:54.639   396   452 D adayocomadapter-CommunicationManager: onUpstreamReceive mPropertyId 0x2140208a
01-30 10:35:54.639   396   452 D adayocomadapter-CommunicationManager: convertBytesToInt32Memcpy  100
01-30 10:35:54.639   396   452 I vw-vhal : notifyVehicleProperty, propId = 0x2140208a, data = {status: 2, int32Values: [100]}
01-30 10:35:54.639   396   452 I vw-vhal : CanSignalsAdapter::notifyVehicleProperty: solvedValue = {.timestamp = 231178919692, .areaId = 0, .prop = 557850762, .status = AVAILABLE, .value = {.int32Values = [1]{100}, .floatValues = [0]{}, .int64Values = [0]{}, .bytes = [0]{}, .stringValue = ""}}
01-30 10:35:54.639   396   452 I VehiclePropertyStore: begin to write value to Store: {.timestamp = 231178919692, .areaId = 0, .prop = 557850762, .status = AVAILABLE, .value = {.int32Values = [1]{100}, .floatValues = [0]{}, .int64Values = [0]{}, .bytes = [0]{}, .stringValue = ""}}
01-30 10:35:54.639   396   452 I DefaultVehicleHal_v2_0: DefaultVehicleHal::onPropertyValue, value:{.timestamp = 231178919692, .areaId = 0, .prop = 557850762, .status = AVAILABLE, .value = {.int32Values = [1]{100}, .floatValues = [0]{}, .int64Values = [0]{}, .bytes = [0]{}, .stringValue = ""}}
01-30 10:35:54.639   396   452 I VehiclePropertyStore: begin to write value to Store: {.timestamp = 231178919692, .areaId = 0, .prop = 557850762, .status = AVAILABLE, .value = {.int32Values = [1]{100}, .floatValues = [0]{}, .int64Values = [0]{}, .bytes = [0]{}, .stringValue = ""}}
01-30 10:35:54.639   396   452 D adayocomadapter-CommunicationManager: onUpstreamReceive mPropertyId 0x2140208a
01-30 10:35:54.639   396   452 D adayocomadapter-CommunicationManager: onUpstreamReceive mPropertyId 0x21402196
01-30 10:35:54.639   396   452 D adayocomadapter-CommunicationManager: convertBytesToInt32Memcpy  0
01-30 10:35:54.639   396   452 I vw-vhal : notifyVehicleProperty, propId = 0x21402196, data = {status: 2, int32Values: [0]}
01-30 10:35:54.639   396   452 I vw-vhal : CanSignalsAdapter::notifyVehicleProperty: solvedValue = {.timestamp = 231179097359, .areaId = 0, .prop = 557851030, .status = AVAILABLE, .value = {.int32Values = [1]{0}, .floatValues = [0]{}, .int64Values = [0]{}, .bytes = [0]{}, .stringValue = ""}}
01-30 10:35:54.639   706   722 D sde     : [SDE::removeFile]  Debug: removeFile index = 21_
01-30 10:35:54.639   396   452 I VehiclePropertyStore: begin to write value to Store: {.timestamp = 231179097359, .areaId = 0, .prop = 557851030, .status = AVAILABLE, .value = {.int32Values = [1]{0}, .floatValues = [0]{}, .int64Values = [0]{}, .bytes = [0]{}, .stringValue = ""}}
01-30 10:35:54.640   396   452 I DefaultVehicleHal_v2_0: DefaultVehicleHal::onPropertyValue, value:{.timestamp = 231179097359, .areaId = 0, .prop = 557851030, .status = AVAILABLE, .value = {.int32Values = [1]{0}, .floatValues = [0]{}, .int64Values = [0]{}, .bytes = [0]{}, .stringValue = ""}}
01-30 10:35:54.640   396   452 I VehiclePropertyStore: begin to write value to Store: {.timestamp = 231179097359, .areaId = 0, .prop = 557851030, .status = AVAILABLE, .value = {.int32Values = [1]{0}, .floatValues = [0]{}, .int64Values = [0]{}, .bytes = [0]{}, .stringValue = ""}}
01-30 10:35:54.640   396   452 D adayocomadapter-CommunicationManager: onUpstreamReceive mPropertyId 0x21402196
01-30 10:35:54.640   396   452 D adayocomadapter-CommunicationManager: onUpstreamReceive mPropertyId 0x21402197
01-30 10:35:54.640   396   452 D adayocomadapter-CommunicationManager: convertBytesToInt32Memcpy  0
01-30 10:35:54.640   396   452 I vw-vhal : notifyVehicleProperty, propId = 0x21402197, data = {status: 2, int32Values: [0]}
01-30 10:35:54.640   396   452 I vw-vhal : CanSignalsAdapter::notifyVehicleProperty: solvedValue = {.timestamp = 231179275359, .areaId = 0, .prop = 557851031, .status = AVAILABLE, .value = {.int32Values = [1]{0}, .floatValues = [0]{}, .int64Values = [0]{}, .bytes = [0]{}, .stringValue = ""}}
01-30 10:35:54.640   396   452 I VehiclePropertyStore: begin to write value to Store: {.timestamp = 231179275359, .areaId = 0, .prop = 557851031, .status = AVAILABLE, .value = {.int32Values = [1]{0}, .floatValues = [0]{}, .int64Values = [0]{}, .bytes = [0]{}, .stringValue = ""}}
01-30 10:35:54.640   396   452 I DefaultVehicleHal_v2_0: DefaultVehicleHal::onPropertyValue, value:{.timestamp = 231179275359, .areaId = 0, .prop = 557851031, .status = AVAILABLE, .value = {.int32Values = [1]{0}, .floatValues = [0]{}, .int64Values = [0]{}, .bytes = [0]{}, .stringValue = ""}}
01-30 10:35:54.640   396   452 I VehiclePropertyStore: begin to write value to Store: {.timestamp = 231179275359, .areaId = 0, .prop = 557851031, .status = AVAILABLE, .value = {.int32Values = [1]{0}, .floatValues = [0]{}, .int64Values = [0]{}, .bytes = [0]{}, .stringValue = ""}}
01-30 10:35:54.640   396   452 D adayocomadapter-CommunicationManager: onUpstreamReceive mPropertyId 0x21402197
01-30 10:35:54.640   396   452 D adayocomadapter-CommunicationManager: onUpstreamReceive mPropertyId 0x21402199
01-30 10:35:54.640   396   452 D adayocomadapter-CommunicationManager: convertBytesToInt32Memcpy  0
01-30 10:35:54.640   396   452 I vw-vhal : notifyVehicleProperty, propId = 0x21402199, data = {status: 2, int32Values: [0]}
01-30 10:35:54.640   396   452 I vw-vhal : CanSignalsAdapter::notifyVehicleProperty: solvedValue = {.timestamp = 231179454692, .areaId = 0, .prop = 557851033, .status = AVAILABLE, .value = {.int32Values = [1]{0}, .floatValues = [0]{}, .int64Values = [0]{}, .bytes = [0]{}, .stringValue = ""}}
01-30 10:35:54.640   396   452 I VehiclePropertyStore: begin to write value to Store: {.timestamp = 231179454692, .areaId = 0, .prop = 557851033, .status = AVAILABLE, .value = {.int32Values = [1]{0}, .floatValues = [0]{}, .int64Values = [0]{}, .bytes = [0]{}, .stringValue = ""}}
01-30 10:35:54.640   396   452 I DefaultVehicleHal_v2_0: DefaultVehicleHal::onPropertyValue, value:{.timestamp = 231179454692, .areaId = 0, .prop = 557851033, .status = AVAILABLE, .value = {.int32Values = [1]{0}, .floatValues = [0]{}, .int64Values = [0]{}, .bytes = [0]{}, .stringValue = ""}}
01-30 10:35:54.640   396   452 I VehiclePropertyStore: begin to write value to Store: {.timestamp = 231179454692, .areaId = 0, .prop = 557851033, .status = AVAILABLE, .value = {.int32Values = [1]{0}, .floatValues = [0]{}, .int64Values = [0]{}, .bytes = [0]{}, .stringValue = ""}}
01-30 10:35:54.640   396   452 D adayocomadapter-CommunicationManager: onUpstreamReceive mPropertyId 0x21402199
01-30 10:35:54.642   644   707 I mcuc    : rev uart=2188,len=14, data : 6AA681082800069202001A00009B
01-30 10:35:54.643   396   396 D adayocomadapter-ParseProtocolFunc: printRaWMsg Name[MCUToUPstream recv] len[6] data[9202001A0000]
01-30 10:35:54.643   396   396 D adayocomadapter-CommunicationManager: onUpstreamback   member[0] dataLength[3] timePoint[231182]
01-30 10:35:54.643   396   396 D adayocomadapter-ParseProtocolFunc: printRaWMsg Name[onUpstreamback] len[3] data[1A0000]
01-30 10:35:54.643   396   452 D adayocomadapter-UpstreamHandler: processBeforePacket upSreamtProcessTimePoint[231182] 
01-30 10:35:54.643   396   452 D adayocomadapter-UpstreamHandler: processPacket UPSTREAM_QUEUE_DATA_TIMEOUT
01-30 10:35:54.643   396   452 D adayocomadapter-ParseProtocolFunc: parseCommonIPCLBytes Processing tableNumber[26]
01-30 10:35:54.643   396   452 D adayocomadapter-ParseProtocolFunc: parseCommonIPCLBytes Processing tablename[Table-26] tableSize[3]
01-30 10:35:54.643   396   452 D adayocomadapter-ParseProtocolFunc: printRaWMsg Name[byteStream recv] len[3] data[1A0000]
01-30 10:35:54.643   396   452 D adayocomadapter-ParseProtocolFunc: printRaWMsg Name[IPCLtoVHAL] len[6] data[214021C90000]
01-30 10:35:54.643   396   452 D adayocomadapter-ParseProtocolFunc: printRaWMsg Name[IPCLtoVHAL] len[6] data[214022060000]
01-30 10:35:54.643   396   452 D adayocomadapter-CommunicationManager: onUpstreamReceive mPropertyId 0x214021c9
01-30 10:35:54.643   396   452 D adayocomadapter-CommunicationManager: convertBytesToInt32Memcpy  0
01-30 10:35:54.643   396   452 I vw-vhal : notifyVehicleProperty, propId = 0x214021c9, data = {status: 2, int32Values: [0]}
01-30 10:35:54.643   396   452 I vw-vhal : CanSignalsAdapter::notifyVehicleProperty: solvedValue = {.timestamp = 231182583692, .areaId = 0, .prop = 557851081, .status = AVAILABLE, .value = {.int32Values = [1]{0}, .floatValues = [0]{}, .int64Values = [0]{}, .bytes = [0]{}, .stringValue = ""}}
01-30 10:35:54.643   396   452 I VehiclePropertyStore: begin to write value to Store: {.timestamp = 231182583692, .areaId = 0, .prop = 557851081, .status = AVAILABLE, .value = {.int32Values = [1]{0}, .floatValues = [0]{}, .int64Values = [0]{}, .bytes = [0]{}, .stringValue = ""}}
01-30 10:35:54.643   396   452 I DefaultVehicleHal_v2_0: DefaultVehicleHal::onPropertyValue, value:{.timestamp = 231182583692, .areaId = 0, .prop = 557851081, .status = AVAILABLE, .value = {.int32Values = [1]{0}, .floatValues = [0]{}, .int64Values = [0]{}, .bytes = [0]{}, .stringValue = ""}}
01-30 10:35:54.643   396   452 I VehiclePropertyStore: begin to write value to Store: {.timestamp = 231182583692, .areaId = 0, .prop = 557851081, .status = AVAILABLE, .value = {.int32Values = [1]{0}, .floatValues = [0]{}, .int64Values = [0]{}, .bytes = [0]{}, .stringValue = ""}}
01-30 10:35:54.643   396   452 D adayocomadapter-CommunicationManager: onUpstreamReceive mPropertyId 0x214021c9
01-30 10:35:54.643   396   452 D adayocomadapter-CommunicationManager: onUpstreamReceive mPropertyId 0x21402206
01-30 10:35:54.643   396   452 D adayocomadapter-CommunicationManager: convertBytesToInt32Memcpy  0
01-30 10:35:54.643   396   452 I vw-vhal : notifyVehicleProperty, propId = 0x21402206, data = {status: 2, int32Values: [0]}
01-30 10:35:54.643   396   452 I vw-vhal : CanSignalsAdapter::notifyVehicleProperty: solvedValue = {.timestamp = 231182791026, .areaId = 0, .prop = 557851142, .status = AVAILABLE, .value = {.int32Values = [1]{0}, .floatValues = [0]{}, .int64Values = [0]{}, .bytes = [0]{}, .stringValue = ""}}
01-30 10:35:54.643   396   452 I VehiclePropertyStore: begin to write value to Store: {.timestamp = 231182791026, .areaId = 0, .prop = 557851142, .status = AVAILABLE, .value = {.int32Values = [1]{0}, .floatValues = [0]{}, .int64Values = [0]{}, .bytes = [0]{}, .stringValue = ""}}
01-30 10:35:54.643   396   452 I DefaultVehicleHal_v2_0: DefaultVehicleHal::onPropertyValue, value:{.timestamp = 231182791026, .areaId = 0, .prop = 557851142, .status = AVAILABLE, .value = {.int32Values = [1]{0}, .floatValues = [0]{}, .int64Values = [0]{}, .bytes = [0]{}, .stringValue = ""}}
01-30 10:35:54.643   396   452 I VehiclePropertyStore: begin to write value to Store: {.timestamp = 231182791026, .areaId = 0, .prop = 557851142, .status = AVAILABLE, .value = {.int32Values = [1]{0}, .floatValues = [0]{}, .int64Values = [0]{}, .bytes = [0]{}, .stringValue = ""}}
01-30 10:35:54.643   396   452 D adayocomadapter-CommunicationManager: onUpstreamReceive mPropertyId 0x21402206
01-30 10:35:54.653 12521 12521 I CarPlayServerProxy: CarPlayProxy versionCode: 6 versionName: 0.0.2_3054 buildDate: 20220919_1718
01-30 10:35:54.653   652  2032 I audio_hw_streamer: 569 capture_thread_loop: select [ch 8 -> ch 4] [15360 -> 7680] bytes data 
01-30 10:35:54.660   584  1266 E WifiHAL : Invalid data received from driver
01-30 10:35:54.665   706   722 D sde     : [SDE::removeFile]  Debug: remove : /data/sde/21_crash_7727_com.fawvw.intelligentmodeservice_20260128_053401.zip
01-30 10:35:54.665   706   722 D sde     : [SDE::zipArchiveFolder]  Debug: zippath = /data/sde/21_crash_12037_com.fawvw.intelligentmodeservice_20260130_103554.zip 
01-30 10:35:54.667 12521 12521 D CompatibilityChangeReporter: Compat change id reported: 263076149; UID 1000; state: DISABLED
01-30 10:35:54.667   851  1825 I WifiService: getVerboseLoggingLevel uid=1000
01-30 10:35:54.669   582 12553 D resolv  : retrying_poll: 62 retrying_poll returning 1
01-30 10:35:54.669   582 12553 I resolv  : res_nsend: used send_dg 63 terrno: 0
01-30 10:35:54.669   582 12553 D resolv  : res_stats_set_sample: rcode = 0, sec = 162
01-30 10:35:54.669   582 12553 D resolv  : res_cache_add_stats_sample_locked: adding sample to stats, next = 12, count = 12
01-30 10:35:54.669   582 12553 D resolv  : res_nsend: got answer:
01-30 10:35:54.669   582 12553 D resolv  : answer_getTTL: TTL = 294
01-30 10:35:54.669   582 12553 D resolv  : _cache_add_p: entry 2 added (count=2)
01-30 10:35:54.669   582 12553 D resolv  : cache_dump_mru_locked: MRU LIST ( 2):  2 1
01-30 10:35:54.670  1464  1464 D TrafficStats: tagSocket(64) with statsTag=0xffffffff, statsUid=-1
01-30 10:35:54.673   652  2032 I audio_hw_streamer: 569 capture_thread_loop: select [ch 8 -> ch 4] [15360 -> 7680] bytes data 
01-30 10:35:54.674  1464 12549 D NetworkMonitor/102/vlan_00: PROBE_DNS connectivitycheck.gstatic.com 182ms OK 120.253.253.34
01-30 10:35:54.675  1464 12549 D NetworkMonitor/102/vlan_00: isCaptivePortal: isSuccessful()=true isPortal()=false RedirectUrl=null isPartialConnectivity()=false Time=185ms
01-30 10:35:54.677   851  1214 D ConnectivityService: [102 ETHERNET] validation passed
01-30 10:35:54.677   851  1214 I ConnectivityService: Update capabilities for net 102 : +VALIDATED
01-30 10:35:54.677   851  1214 I ConnectivityService: Update score for net 102 : +EVER_VALIDATED+IS_VALIDATED
01-30 10:35:54.679   851  1214 I biao    : nai=NetworkAgentInfo{network{106}  handle{458672230413}  ni{WIFI CONNECTED extra: } created=2026-01-27T21:33:03.161Z Score(Policies : TRANSPORT_PRIMARY&EVER_EVALUATED&IS_UNMETERED&EVER_VALIDATED&IS_VALIDATED ; KeepConnected : 0)  created 30095 firstValidated 34104 lastValidated 34104  lp{{InterfaceName: wlan0 LinkAddresses: [ 192.168.137.240/24,fe80::a9a1:c71:d532:9b6a/64 ] DnsAddresses: [ /192.168.137.1 ] Domains: mshome.net MTU: 0 ServerAddress: /192.168.137.1 TcpBufferSizes: 524288,1048576,2097152,262144,524288,1048576 Routes: [ fe80::/64 -> :: wlan0 mtu 0,192.168.137.0/24 -> 0.0.0.0 wlan0 mtu 0,0.0.0.0/0 -> 192.168.137.1 wlan0 mtu 0 ]}}  nc{[ Transports: WIFI Capabilities: NOT_METERED&INTERNET&NOT_RESTRICTED&TRUSTED&NOT_VPN&VALIDATED&NOT_ROAMING&FOREGROUND&NOT_CONGESTED&NOT_SUSPENDED&NOT_VCN_MANAGED LinkUpBandwidth>=12000Kbps LinkDnBandwidth>=30000Kbps Specifier: <WifiNetworkAgentSpecifier [WifiConfiguration=, SSID="542ikun", BSSID=2a:0c:50:4b:6e:dc, band=1, mMatchLocalOnlySpecifiers=false]> TransportInfo: <SSID: "542ikun", BSSID: 2a:0c:50:4b:6e:dc, MAC: 88:e0:34:b2:92:0f, IP: /192.168.137.240, Security type: 2, Supplicant state: COMPLETED, Wi-Fi standard: 4, RSSI: -36, Link speed: 2Mbps, Tx Link speed: 2Mbps, Max Supported Tx Link speed: 72Mbps, Rx Link speed: 13Mbps, Max Supported Rx Link speed: 72Mbps, Frequency: 2412MHz, Net ID: 0, Metered hint: false, score: 60, isUsable: true, CarrierMerged: false, SubscriptionId: -1, IsPrimary: 1, Trusted: true, Restricted: false, Ephemeral: false, OEM paid: false, OEM private: false, OSU AP: false, FQDN: <none>, Provider friendly name: <none>, Requesting package name: <none>"542ikun"wpa2-pskMLO Information: , Is TID-To-Link negotiation supported by the AP: false, AP MLD Address: <none>, AP MLO Link Id: <none>, AP MLO Affiliated links: <none>> SignalStrength: -36 OwnerUid: 1000 AdminUids: [1000] SSID: "542ikun" UnderlyingNetworks: Null]}  factorySerialNumber=4}
01-30 10:35:54.680   851  1214 I biao    : nai=NetworkAgentInfo{network{103}  handle{445787328525}  ni{Ethernet CONNECTED extra: 36:7c:7c:00:00:03} created=2026-01-27T21:32:54.884Z Score(Policies : EVER_EVALUATED&EVER_VALIDATED&IS_VALIDATED ; KeepConnected : 0)  created 17843 firstValidated 196910 lastValidated 196910  lp{{InterfaceName: vlan_07 LinkAddresses: [ fe80::e293:d76e:175e:9820/64,192.168.7.3/24 ] DnsAddresses: [ /114.114.114.114,/8.8.8.8 ] Domains: null MTU: 0 TcpBufferSizes: 524288,1048576,3145728,524288,1048576,2097152 Routes: [ fe80::/64 -> :: vlan_07 mtu 0,192.168.7.0/24 -> 0.0.0.0 vlan_07 mtu 0,0.0.0.0/0 -> 192.168.7.4 vlan_07 mtu 0 ]}}  nc{[ Transports: ETHERNET Capabilities: INTERNET&NOT_RESTRICTED&TRUSTED&NOT_VPN&VALIDATED&NOT_ROAMING&FOREGROUND&NOT_CONGESTED&NOT_SUSPENDED&NOT_VCN_MANAGED LinkUpBandwidth>=100000Kbps LinkDnBandwidth>=100000Kbps Specifier: <EthernetNetworkSpecifier (vlan_07)> UnderlyingNetworks: Null]}  factorySerialNumber=1}
01-30 10:35:54.680   851  1214 I ConnectivityService: notDefaultVlan=vlan_15
01-30 10:35:54.680   851  1214 D ConnectivityService: vlan_07 and vlan_09 not add bestNetwork
01-30 10:35:54.680   851  1214 I ConnectivityService: notDefaultVlan=vlan_01
01-30 10:35:54.680   851  1214 D ConnectivityService: vlan_07 and vlan_09 not add bestNetwork
01-30 10:35:54.681   851  1214 I ConnectivityService: notDefaultVlan=vlan_00
01-30 10:35:54.681   851  1214 D ConnectivityService: vlan_07 and vlan_09 not add bestNetwork
01-30 10:35:54.681   851  1214 I ConnectivityService: notDefaultVlan=vlan_16
01-30 10:35:54.681   851  1214 D ConnectivityService: vlan_07 and vlan_09 not add bestNetwork
01-30 10:35:54.681   851  1214 I ConnectivityService: notDefaultVlan=vlan_08
01-30 10:35:54.681   851  1214 D ConnectivityService: vlan_07 and vlan_09 not add bestNetwork
01-30 10:35:54.683   851  1214 D NetworkRanker: mightBeat: isEth && mCoExist return true
01-30 10:35:54.678 12460 12460 I auditd  : type=1400 audit(0.0:18094): avc:  denied  { read } for  comm="sh" name="/" dev="dm-0" ino=60 scontext=u:r:trace_logcat:s0 tcontext=u:object_r:rootfs:s0 tclass=dir permissive=0
01-30 10:35:54.678 12460 12460 W sh      : type=1400 audit(0.0:18094): avc:  denied  { read } for  name="/" dev="dm-0" ino=60 scontext=u:r:trace_logcat:s0 tcontext=u:object_r:rootfs:s0 tclass=dir permissive=0
01-30 10:35:54.683   851  1214 D NetworkRanker: mightBeat: isEth && mCoExist return true
01-30 10:35:54.683   851  1214 D NetworkRanker: mightBeat: isEth && mCoExist return true
01-30 10:35:54.683   851  1214 D NetworkRanker: mightBeat: isEth && mCoExist return true
01-30 10:35:54.683   851  1214 D NetworkRanker: mightBeat: isEth && mCoExist return true
01-30 10:35:54.683 12521 12521 D CarPlay_Service: <init>(CarPlayService.java:1104)LoadJson:Information{LockedBootStartService=true, BootStartService=true, configPath='/system/etc/adayo/carplay/CarPlayJniProxyConfig.json', deviceId='null', siriPrewarmTime=-600, connectOperatingBT=false, connectionMode=0, audioBufferSize=200, recordBufferSize=25000, videoBufferSize=150, decoderAsync=false, audioSteamType=AudioStreamType{VOICE_CALL=StreamInfo{streamType=0, usage='2', contentType='1', audioSource=-1, focusType=1, playusage=2}, RING=StreamInfo{streamType=2, usage='6', contentType='1', audioSource=-1, focusType=1, playusage=6}, MUSIC=StreamInfo{streamType=3, usage='1', contentType='2', audioSource=-1, focusType=0, playusage=1}, ALARM=StreamInfo{streamType=11, usage='13', contentType='1', audioSource=-1, focusType=2, playusage=12}, TTS=StreamInfo{streamType=17, usage='11', contentType='2', audioSource=-1, focusType=2, playusage=18}}, recordStreamType=RecordStreamType{MIC=StreamInfo{streamType=1, usage='2', contentType='1', audioSource=1, focusType=1, playusage=-1}, VOICE_CALL=StreamInfo{streamType=1, usage='2', contentType='1', audioSource=1, focusType=1, playusage=-1}, TTS=StreamInfo{streamType=1, usage='2', contentType='1', audioSource=10, focusType=1, playusage=-1}}, dataBaseInfo=DataBaseInfo{name='historyDevices.db', count=10000}, ituTestParam=ITUTestParam{playerParams=null, recorderParams=null}, dealWithBluetooth=false, muteCanWakeUp=true, transCanWakeUp=true, coverAnswerToFlash=true, carCallEndCarPlay=false, standbySendToPhone=true, dealWithMute=false, dealWithPhoneMode=false, dealWithBackCar=false, noDealWithRouteGuidance=false, minBufferScale=2, dealWithPASCD=true, supportsEnhancedSiriVoice=true, dealWithVR=false, testConnectFail=false, testConnectWifiFail=false, testScreenError=false}
01-30 10:35:54.683 12521 12521 D CarPlay_Service: onCreate(CarPlayService.java:1125)onCreate
01-30 10:35:54.684 12521 12521 I CarPlay_Service: printVersion(CarPlayService.java:1117)CarPlay Server Application VersionCode:149 VersionName:2.2.8_5119 BuildDate:20220919_1718
01-30 10:35:54.684 12521 12521 D DeviceMoblileNative: load PhoneDetectJni lib start
01-30 10:35:54.685   851  1214 D ConnectivityService: sending notification CALLBACK_AVAILABLE for NetworkRequest [ LISTEN id=16, [ Capabilities: INTERNET&NOT_RESTRICTED&TRUSTED&VALIDATED&NOT_VCN_MANAGED Uid: 1000 RequestorUid: 1000 RequestorPkg: android UnderlyingNetworks: Null] ]
01-30 10:35:54.685   851  1045 D GnssNetworkConnectivityHandler: Network connected/capabilities updated. Available networks count: 6
01-30 10:35:54.686   851  1045 D NetworkPolicy: Blocked state of 1000: {blocked=NONE,allowed=RESTRICTED_MODE_PERMISSIONS,effective=NONE}
01-30 10:35:54.687   851  1045 I GnssNetworkConnectivityHandler: updateNetworkState, state=CLOSED, connected=true, network=102, capabilities=[ Transports: ETHERNET Capabilities: INTERNET&NOT_RESTRICTED&TRUSTED&NOT_VPN&VALIDATED&NOT_ROAMING&FOREGROUND&NOT_CONGESTED&NOT_SUSPENDED&NOT_VCN_MANAGED LinkUpBandwidth>=100000Kbps LinkDnBandwidth>=100000Kbps Specifier: <EthernetNetworkSpecifier (vlan_00)> UnderlyingNetworks: Null], availableNetworkCount: 6
01-30 10:35:54.687 12521 12521 D DeviceMoblileNative: load PhoneDetectJni  lib ended
01-30 10:35:54.687 12521 12521 D PhoneDetectJni: MoblieDviceInitJni OK.
01-30 10:35:54.688 12521 12521 D CarPlay_Service: start(UsbConnectionCtrl.java:123)start
01-30 10:35:54.688 12521 12521 E CarPlay_Service: start(UsbConnectionCtrl.java:141) start prefix + observer.getDevicePath() start:DEVPATH=/devices/virtual/carplay_dev/carplay_dev
01-30 10:35:54.688 12521 12521 E CarPlay_Service: start(UsbConnectionCtrl.java:143) start prefix + observer.getDevicePath() end :DEVPATH=
01-30 10:35:54.688   666   666 D AGnssRil: updateNetworkState_2_0 networkAttributes: {.networkHandle = 441492361229, .isConnected = 1, .capabilities = NOT_ROAMING (0x2), .apn = "36:7c:7c:00:00:03"}
01-30 10:35:54.688 12521 12521 E CarPlay_Service: start(UsbConnectionCtrl.java:141) start prefix + observer.getDevicePath() start:DEVPATH=/devices/platform/soc/a600000.ssusb/a600000.dwc3/xhci-hcd
01-30 10:35:54.688 12521 12521 E CarPlay_Service: start(UsbConnectionCtrl.java:143) start prefix + observer.getDevicePath() end :DEVPATH=
01-30 10:35:54.689 12521 12521 E CarPlay_Service: start(UsbConnectionCtrl.java:141) start prefix + observer.getDevicePath() start:DEVPATH=/devices/virtual/carplay/carplay
01-30 10:35:54.689 12521 12521 E CarPlay_Service: start(UsbConnectionCtrl.java:143) start prefix + observer.getDevicePath() end :DEVPATH=
01-30 10:35:54.689   851  1214 D ConnectivityService: sending notification CALLBACK_AVAILABLE for NetworkRequest [ LISTEN id=45, [ Capabilities: INTERNET&NOT_RESTRICTED&TRUSTED&NOT_VPN&VALIDATED&NOT_VCN_MANAGED Uid: 10066 RequestorUid: 10066 RequestorPkg: com.fawvw.vehicle.navi.j01app UnderlyingNetworks: Null] ]
01-30 10:35:54.689 12521 12521 E CarPlay_Service: start(UsbConnectionCtrl.java:141) start prefix + observer.getDevicePath() start:DEVPATH=/devices/virtual/misc/iap2_device
01-30 10:35:54.689 12521 12521 E CarPlay_Service: start(UsbConnectionCtrl.java:143) start prefix + observer.getDevicePath() end :DEVPATH=
01-30 10:35:54.689 12521 12521 E CarPlay_Service: start(UsbConnectionCtrl.java:141) start prefix + observer.getDevicePath() start:DEVPATH=/devices/virtual/eap_dev/eap0
01-30 10:35:54.689 12521 12521 E CarPlay_Service: start(UsbConnectionCtrl.java:143) start prefix + observer.getDevicePath() end :DEVPATH=
01-30 10:35:54.689 12521 12521 E CarPlay_Service: start(UsbConnectionCtrl.java:141) start prefix + observer.getDevicePath() start:DEVPATH=/devices/platform/soc/e6590000.usb/gadget/sound
01-30 10:35:54.689 12521 12521 E CarPlay_Service: start(UsbConnectionCtrl.java:143) start prefix + observer.getDevicePath() end :DEVPATH=
01-30 10:35:54.690 12512 12512 D CompatibilityChangeReporter: Compat change id reported: 263076149; UID 1000; state: ENABLED
01-30 10:35:54.691 12521 12568 E AndroidRuntime: FATAL EXCEPTION: UEventObserver
01-30 10:35:54.691 12521 12568 E AndroidRuntime: Process: com.adayo.carplay, PID: 12521
01-30 10:35:54.691 12521 12568 E AndroidRuntime: java.lang.RuntimeException: Unable to open socket for UEventObserver
01-30 10:35:54.691 12521 12568 E AndroidRuntime: 	at android.os.UEventObserver.nativeSetup(Native Method)
01-30 10:35:54.691 12521 12568 E AndroidRuntime: 	at android.os.UEventObserver.-$$Nest$smnativeSetup(Unknown Source:0)
01-30 10:35:54.691 12521 12568 E AndroidRuntime: 	at android.os.UEventObserver$UEventThread.run(UEventObserver.java:186)
01-30 10:35:54.692 12403 12403 I [fawvw_sslctx_config]: start binder IPC thread pool in so
01-30 10:35:54.692 12403 12403 I [fawvw_sslctx_config]: lib version: 1.0.0, cert type: 1 
01-30 10:35:54.692 12403 12403 I [fawvw_sslctx_config]: start to find crt file with prefix: faw_vw_pkiagent_ca_ivi_
01-30 10:35:54.692 12403 12403 E [fawvw_sslctx_config]: cannot open cert directory: /mnt/cert_package/pkiagent/crts
01-30 10:35:54.692 12403 12403 E [fawvw_sslctx_config]: no ca cert found
01-01 08:03:52.410 12568 12568 W audit   : audit_lost=16972 audit_rate_limit=5 audit_backlog_limit=64
01-01 08:03:52.410 12568 12568 E audit   : rate limit exceeded
01-30 10:35:54.693  2310  3019 I bdtts-NetworkCallback: onAvailable network =102 , networkCapabilities =[ Transports: ETHERNET Capabilities: INTERNET&NOT_RESTRICTED&TRUSTED&NOT_VPN&VALIDATED&NOT_ROAMING&FOREGROUND&NOT_CONGESTED&NOT_SUSPENDED&NOT_VCN_MANAGED LinkUpBandwidth>=100000Kbps LinkDnBandwidth>=100000Kbps Specifier: <EthernetNetworkSpecifier (vlan_00)> UnderlyingNetworks: Null]
01-30 10:35:54.693  2310  3019 I bdtts-NetworkCallback: checkNetworkCapabilities network =102 , netWorkIdSet = [106, 100, 105, 103, 104, 102]
01-30 10:35:54.693   652  2032 I audio_hw_streamer: 569 capture_thread_loop: select [ch 8 -> ch 4] [15360 -> 7680] bytes data 
01-30 10:35:54.694   851  1825 I am_crash: [12521,0,com.adayo.carplay,550026829,java.lang.RuntimeException,Unable to open socket for UEventObserver,UEventObserver.java,-2,0]
01-30 10:35:54.694   851  1214 D NetworkRanker: mightBeat: isEth && mCoExist return true
01-30 10:35:54.694   851  1214 D NetworkRanker: mightBeat: isEth && mCoExist return true
01-30 10:35:54.694   851  1214 D NetworkRanker: mightBeat: isEth && mCoExist return true
01-30 10:35:54.694   851  1214 D NetworkRanker: mightBeat: isEth && mCoExist return true
01-30 10:35:54.695   851  1214 D NetworkRanker: mightBeat: isEth && mCoExist return true
01-30 10:35:54.695   851  1214 D NetworkRanker: mightBeat: isEth && mCoExist return true
01-30 10:35:54.695   851  1214 D NetworkRanker: mightBeat: isEth && mCoExist return true
01-30 10:35:54.695   851  1214 D NetworkRanker: mightBeat: isEth && mCoExist return true
01-30 10:35:54.695   851  1214 D NetworkRanker: mightBeat: isEth && mCoExist return true
01-30 10:35:54.695   851  1214 D NetworkRanker: mightBeat: isEth && mCoExist return true
01-30 10:35:54.696   851  1214 D NetworkRanker: mightBeat: isEth && mCoExist return true
01-30 10:35:54.696   851  1214 D NetworkRanker: mightBeat: isEth && mCoExist return true
01-30 10:35:54.696   851  1214 D NetworkRanker: mightBeat: isEth && mCoExist return true
01-30 10:35:54.696   851  1214 D NetworkRanker: mightBeat: isEth && mCoExist return true
01-30 10:35:54.696   851  1214 D NetworkRanker: mightBeat: isEth && mCoExist return true
01-30 10:35:54.696   851  1214 D NetworkRanker: mightBeat: isEth && mCoExist return true
01-30 10:35:54.696   851  1214 D NetworkRanker: mightBeat: isEth && mCoExist return true
01-30 10:35:54.697   851  1214 D NetworkRanker: mightBeat: isEth && mCoExist return true
01-30 10:35:54.697   851  1214 D NetworkRanker: mightBeat: isEth && mCoExist return true
01-30 10:35:54.697   851  1214 D NetworkRanker: mightBeat: isEth && mCoExist return true
01-30 10:35:54.697   851  1825 I SdException: eventType = crash, processName = com.adayo.carplay
01-30 10:35:54.697   851  1214 D NetworkRanker: mightBeat: isEth && mCoExist return true
01-30 10:35:54.697   851  1825 I SdException: data = crash|12521|com.adayo.carplay
01-30 10:35:54.697   851  1214 D NetworkRanker: mightBeat: isEth && mCoExist return true
01-30 10:35:54.697   851  1214 D NetworkRanker: mightBeat: isEth && mCoExist return true
01-30 10:35:54.698   851  1214 D NetworkRanker: mightBeat: isEth && mCoExist return true
01-30 10:35:54.698   851  1214 D NetworkRanker: mightBeat: isEth && mCoExist return true
01-30 10:35:54.698   851  1825 I SdException: disconnecting...
01-30 10:35:54.698   851  1214 D NetworkRanker: mightBeat: isEth && mCoExist return true
01-30 10:35:54.698   851  1214 D NetworkRanker: mightBeat: isEth && mCoExist return true
01-30 10:35:54.698   851  1214 D NetworkRanker: mightBeat: isEth && mCoExist return true
01-30 10:35:54.698   851  1214 D NetworkRanker: mightBeat: isEth && mCoExist return true
01-30 10:35:54.698   851  1214 D NetworkRanker: mightBeat: isEth && mCoExist return true
01-30 10:35:54.699   851  1214 D NetworkRanker: mightBeat: isEth && mCoExist return true
01-30 10:35:54.700   851  1825 W ActivityManager: Process com.adayo.carplay has crashed too many times, killing! Reason: crashed quickly
01-30 10:35:54.700   851  1825 I am_process_crashed_too_much: [0,com.adayo.carplay,1000]
01-30 10:35:54.700   851  1214 D NetworkRanker: mightBeat: isEth && mCoExist return true
01-30 10:35:54.700   851  1214 D NetworkRanker: mightBeat: isEth && mCoExist return true
01-30 10:35:54.701   851  1214 D NetworkRanker: mightBeat: isEth && mCoExist return true
01-30 10:35:54.701   851  1214 D NetworkRanker: mightBeat: isEth && mCoExist return true
01-30 10:35:54.701   851  1214 D NetworkRanker: mightBeat: isEth && mCoExist return true
01-30 10:35:54.701 12521 12521 D CarPlayDeviceDatabase: Journal mode set to: wal
01-30 10:35:54.701   851  8317 D NetworkPolicy: Blocked state of 10066: {blocked=NONE,allowed=FOREGROUND|TOP|METERED_FOREGROUND,effective=NONE}
01-30 10:35:54.701   851  1214 D NetworkRanker: mightBeat: isEth && mCoExist return true
01-30 10:35:54.701   851  1214 D NetworkRanker: mightBeat: isEth && mCoExist return true
01-30 10:35:54.702  2310  3019 D bdtts-NetworkCallback: NETWORK NAME: ether
01-30 10:35:54.702  2310  3019 D bdtts-MultiModeSynthesizer: wakeupPreload notify
01-30 10:35:54.702  2310  3019 D bdtts-NetworkCallback: onLinkPropertiesChanged
01-30 10:35:54.703   851  1214 D NetworkRanker: mightBeat: isEth && mCoExist return true
01-30 10:35:54.703   851  1214 D NetworkRanker: mightBeat: isEth && mCoExist return true
01-30 10:35:54.703   851  1214 D NetworkRanker: mightBeat: isEth && mCoExist return true
01-30 10:35:54.703   851  1214 D NetworkRanker: mightBeat: isEth && mCoExist return true
01-30 10:35:54.703   851  1214 D NetworkRanker: mightBeat: isEth && mCoExist return true
01-30 10:35:54.703   851  1214 D NetworkRanker: mightBeat: isEth && mCoExist return true
01-30 10:35:54.703   851  1214 D NetworkRanker: mightBeat: isEth && mCoExist return true
01-30 10:35:54.703   851  1214 D NetworkRanker: mightBeat: isEth && mCoExist return true
01-30 10:35:54.704   851  1214 D NetworkRanker: mightBeat: isEth && mCoExist return true
01-30 10:35:54.704   851  1214 D NetworkRanker: mightBeat: isEth && mCoExist return true
01-30 10:35:54.704   851  1214 D NetworkRanker: mightBeat: isEth && mCoExist return true
01-30 10:35:54.704 12521 12521 D CarPlay_Service: initKeyCodeMap(KeyEventAdapterImpl.java:331)initKeyCodeMap in  ---
01-30 10:35:54.704   851  1214 D NetworkRanker: mightBeat: isEth && mCoExist return true
01-30 10:35:54.704   851  1214 D NetworkRanker: mightBeat: isEth && mCoExist return true
01-30 10:35:54.704   851  1214 D NetworkRanker: mightBeat: isEth && mCoExist return true
01-30 10:35:54.704 12521 12521 D CarPlay_Service: initKeyCodeMap(KeyEventAdapterImpl.java:343)initKeyCodeMap out  ---
