01-30 10:35:53.451  1583  2174 D CarPropertyManager: setProperty, propertyId: 0x2141400f, areaId: 0x0, class: class [Ljava.lang.Integer;, val: [Ljava.lang.Integer;@b0dc5
01-30 10:35:53.452  1279  2173 D CarPropertyService: mSyncGetSetPropertyOpCount: 1
01-30 10:35:53.453   396   396 I DefaultVehicleHal_v2_0: DefaultVehicleHal::set, current value:{.timestamp = 0, .areaId = 0, .prop = 557924367, .status = AVAILABLE, .value = {.int32Values = [1]{0}, .floatValues = [0]{}, .int64Values = [0]{}, .bytes = [0]{}, .stringValue = ""}}
01-30 10:35:53.453   396   396 I DefaultVehicleHalServer: onSetProperty(0x2141400f)
01-30 10:35:53.453   396   396 D vw-vhal : CanSignalsAdapter::setVehicleProperty: propValue = {.timestamp = 0, .areaId = 0, .prop = 557924367, .status = AVAILABLE, .value = {.int32Values = [4]{0, 32, 32, 32}, .floatValues = [0]{}, .int64Values = [0]{}, .bytes = [0]{}, .stringValue = ""}}
01-30 10:35:53.453   396   396 D vw-vhal : CanSignalsAdapter::setVehicleProperty: propId = 0x2141400f, data = {status: 0, int32Values: [0, 32, 32, 32]}
01-30 10:35:53.453   396   396 D adayocomadapter-CommunicationManager: setProperty id=[557924367]
01-30 10:35:53.453   396   396 D adayocomadapter-CommunicationManager: writeValue id=[557924367]
01-30 10:35:53.453   652  2032 I audio_hw_streamer: 569 capture_thread_loop: select [ch 8 -> ch 4] [15360 -> 7680] bytes data 
01-30 10:35:53.453   396   396 D adayocomadapter-VehiclePropertyStore: writeValue id=[557924367]
01-30 10:35:53.453   396   396 D adayocomadapter-CommunicationManager: sendToDownstream mPropertyId 0x2141400f
01-30 10:35:53.453   396   396 D adayocomadapter-ParseProtocolFunc: printRaWMsg Name[sendToDownstream] len[4] data[00000000]
01-30 10:35:53.453   396   396 D adayocomadapter-ParseProtocolFunc: printRaWMsg Name[sendToDownstream] len[4] data[2141400F]
01-30 10:35:53.453   396   396 D adayocomadapter-ParseProtocolFunc: printRaWMsg Name[sendToDownstream] len[8] data[2141400F00202020]
01-30 10:35:53.453   396   396 D adayocomadapter-CommunicationManager: sendToDownstream ret[0]   member[130] dataLength[4] timePoint[229992] 
01-30 10:35:53.453   396   396 D adayocomadapter-ParseProtocolFunc: printRaWMsg Name[sendToDownstream] len[8] data[2141400F00202020]
01-30 10:35:53.453   396   396 D adayocomadapter-CommunicationManager: sendToDownstream  000 mPropertyId[0x557924367]  
01-30 10:35:53.453   396   704 D adayocomadapter-DownstreamHandler: processBeforePacket downSreamtProcessTimePoint[229992] 
01-30 10:35:53.453   396   704 D adayocomadapter-DownstreamHandler: DownstreamHandler processPacket 
01-30 10:35:53.453   396   704 D adayocomadapter-DownstreamHandler: DownstreamHandler processPacket valueIndex 0x2141400f
01-30 10:35:53.453   396   704 D adayocomadapter-DownstreamHandler: DownstreamHandler processPacket 0002
01-30 10:35:53.453   396   704 D adayocomadapter-DownstreamHandler: DownstreamHandler processPacket sendMCUData2 
01-30 10:35:53.453   396   704 D adayocomadapter-CommunicationManager: sendMCUData 
01-30 10:35:53.453  1279  2173 D CarPropertyService: mSyncGetSetPropertyOpCount: 0
01-30 10:35:53.453   396   704 D adayocomadapter-MCUInterfaceHandler: sendToMCU start
01-30 10:35:53.454   644   708 I mcuc    : sd Uart data : 6AA60100D2000B1202022141400F00202020FB
01-30 10:35:53.454   396   704 D adayocomadapter-ParseProtocolFunc: printRaWMsg Name[sendToMCU] len[11] data[1202022141400F00202020]
01-30 10:35:53.454  1583  2174 I CCarServiceManager: CarServiceManager->t()102:link:0     ---32:pool-2-thread-2
01-30 10:35:53.454  1583  2174 D CarPropertyManager: setProperty, propertyId: 0x2141400b, areaId: 0x0, class: class [Ljava.lang.Integer;, val: [Ljava.lang.Integer;@e45131a
01-30 10:35:53.455   584  1266 E WifiHAL : Invalid data received from driver
01-30 10:35:53.455  1279  2173 D CarPropertyService: mSyncGetSetPropertyOpCount: 1
01-30 10:35:53.455   396   396 I DefaultVehicleHal_v2_0: DefaultVehicleHal::set, current value:{.timestamp = 0, .areaId = 0, .prop = 557924363, .status = AVAILABLE, .value = {.int32Values = [1]{0}, .floatValues = [0]{}, .int64Values = [0]{}, .bytes = [0]{}, .stringValue = ""}}
01-30 10:35:53.456   396   396 I DefaultVehicleHalServer: onSetProperty(0x2141400b)
01-30 10:35:53.456   396   396 D vw-vhal : CanSignalsAdapter::setVehicleProperty: propValue = {.timestamp = 0, .areaId = 0, .prop = 557924363, .status = AVAILABLE, .value = {.int32Values = [4]{0, 32, 32, 32}, .floatValues = [0]{}, .int64Values = [0]{}, .bytes = [0]{}, .stringValue = ""}}
01-30 10:35:53.456   396   396 D vw-vhal : CanSignalsAdapter::setVehicleProperty: propId = 0x2141400b, data = {status: 0, int32Values: [0, 32, 32, 32]}
01-30 10:35:53.456   396   396 D adayocomadapter-CommunicationManager: setProperty id=[557924363]
01-30 10:35:53.456   396   396 D adayocomadapter-CommunicationManager: writeValue id=[557924363]
01-30 10:35:53.456   396   396 D adayocomadapter-VehiclePropertyStore: writeValue id=[557924363]
01-30 10:35:53.456   396   396 D adayocomadapter-CommunicationManager: sendToDownstream mPropertyId 0x2141400b
01-30 10:35:53.456   396   396 D adayocomadapter-ParseProtocolFunc: printRaWMsg Name[sendToDownstream] len[4] data[00000000]
01-30 10:35:53.456   396   396 D adayocomadapter-ParseProtocolFunc: printRaWMsg Name[sendToDownstream] len[4] data[2141400B]
01-30 10:35:53.456   396   396 D adayocomadapter-ParseProtocolFunc: printRaWMsg Name[sendToDownstream] len[8] data[2141400B00202020]
01-30 10:35:53.456   396   396 D adayocomadapter-CommunicationManager: sendToDownstream ret[0]   member[130] dataLength[4] timePoint[229995] 
01-30 10:35:53.456   396   396 D adayocomadapter-ParseProtocolFunc: printRaWMsg Name[sendToDownstream] len[8] data[2141400B00202020]
01-30 10:35:53.456  1513  2260 D TboxNetworkManager: tboxNetworkbinder=null
01-30 10:35:53.456   396   396 D adayocomadapter-CommunicationManager: sendToDownstream  000 mPropertyId[0x557924363]  
01-30 10:35:53.456   396   704 D adayocomadapter-DownstreamHandler: processBeforePacket downSreamtProcessTimePoint[229996] 
01-30 10:35:53.456   396   704 D adayocomadapter-DownstreamHandler: DownstreamHandler processPacket 
01-30 10:35:53.456   396   704 D adayocomadapter-DownstreamHandler: DownstreamHandler processPacket valueIndex 0x2141400b
01-30 10:35:53.456   396   704 D adayocomadapter-DownstreamHandler: DownstreamHandler processPacket 0002
01-30 10:35:53.456   396   704 D adayocomadapter-DownstreamHandler: DownstreamHandler processPacket sendMCUData2 
01-30 10:35:53.457   396   704 D adayocomadapter-CommunicationManager: sendMCUData 
01-30 10:35:53.457   396   704 D adayocomadapter-MCUInterfaceHandler: sendToMCU start
01-30 10:35:53.457   396   704 D adayocomadapter-ParseProtocolFunc: printRaWMsg Name[sendToMCU] len[11] data[1202022141400B00202020]
01-30 10:35:53.457  1279  2173 D CarPropertyService: mSyncGetSetPropertyOpCount: 0
01-30 10:35:53.457  1583  2174 I CCarServiceManager: CarServiceManager->t()201:temp:0     ---32:pool-2-thread-2
01-30 10:35:53.457  1583  2174 I CCarServiceManager: CarServiceManager->t()291:version:0     ---32:pool-2-thread-2
01-30 10:35:53.458  1583  2174 D CarPropertyManager: setProperty, propertyId: 0x2141400d, areaId: 0x0, class: class [Ljava.lang.Integer;, val: [Ljava.lang.Integer;@f573e4b
01-30 10:35:53.458  1279  2173 D CarPropertyService: mSyncGetSetPropertyOpCount: 1
01-30 10:35:53.459   396   396 I DefaultVehicleHal_v2_0: DefaultVehicleHal::set, current value:{.timestamp = 0, .areaId = 0, .prop = 557924365, .status = AVAILABLE, .value = {.int32Values = [1]{0}, .floatValues = [0]{}, .int64Values = [0]{}, .bytes = [0]{}, .stringValue = ""}}
01-30 10:35:53.459   396   396 I DefaultVehicleHalServer: onSetProperty(0x2141400d)
01-30 10:35:53.459   396   396 D vw-vhal : CanSignalsAdapter::setVehicleProperty: propValue = {.timestamp = 0, .areaId = 0, .prop = 557924365, .status = AVAILABLE, .value = {.int32Values = [18]{32, 32, 32, 32, 32, 32, 32, 32, 32, 32, 32, 32, 32, 32, 32, 32, 32, 32}, .floatValues = [0]{}, .int64Values = [0]{}, .bytes = [0]{}, .stringValue = ""}}
01-30 10:35:53.459   396   396 D vw-vhal : CanSignalsAdapter::setVehicleProperty: propId = 0x2141400d, data = {status: 0, int32Values: [32, 32, 32, 32, 32, 32, 32, 32, 32, 32, 32, 32, 32, 32, 32, 32, 32, 32]}
01-30 10:35:53.459   396   396 D adayocomadapter-CommunicationManager: setProperty id=[557924365]
01-30 10:35:53.459   396   396 D adayocomadapter-CommunicationManager: writeValue id=[557924365]
01-30 10:35:53.459   396   396 D adayocomadapter-VehiclePropertyStore: writeValue id=[557924365]
01-30 10:35:53.459   396   396 D adayocomadapter-CommunicationManager: sendToDownstream mPropertyId 0x2141400d
01-30 10:35:53.459   396   396 D adayocomadapter-ParseProtocolFunc: printRaWMsg Name[sendToDownstream] len[4] data[00000000]
01-30 10:35:53.459   396   396 D adayocomadapter-ParseProtocolFunc: printRaWMsg Name[sendToDownstream] len[4] data[2141400D]
01-30 10:35:53.459   396   396 D adayocomadapter-ParseProtocolFunc: printRaWMsg Name[sendToDownstream] len[22] data[2141400D202020202020202020202020202020202020]
01-30 10:35:53.459   396   396 D adayocomadapter-CommunicationManager: sendToDownstream ret[0]   member[130] dataLength[18] timePoint[229999] 
01-30 10:35:53.459   396   396 D adayocomadapter-ParseProtocolFunc: printRaWMsg Name[sendToDownstream] len[22] data[2141400D202020202020202020202020202020202020]
01-30 10:35:53.460   396   396 D adayocomadapter-CommunicationManager: sendToDownstream  000 mPropertyId[0x557924365]  
01-30 10:35:53.460   396   704 D adayocomadapter-DownstreamHandler: processBeforePacket downSreamtProcessTimePoint[229999] 
01-30 10:35:53.460   396   704 D adayocomadapter-DownstreamHandler: DownstreamHandler processPacket 
01-30 10:35:53.460   396   704 D adayocomadapter-DownstreamHandler: DownstreamHandler processPacket valueIndex 0x2141400d
01-30 10:35:53.460   396   704 D adayocomadapter-DownstreamHandler: DownstreamHandler processPacket 0002
01-30 10:35:53.460   396   704 D adayocomadapter-DownstreamHandler: DownstreamHandler processPacket sendMCUData2 
01-30 10:35:53.460   396   704 D adayocomadapter-CommunicationManager: sendMCUData 
01-30 10:35:53.460   396   704 D adayocomadapter-MCUInterfaceHandler: sendToMCU start
01-30 10:35:53.460  1279  2173 D CarPropertyService: mSyncGetSetPropertyOpCount: 0
01-30 10:35:53.460   396   704 D adayocomadapter-ParseProtocolFunc: printRaWMsg Name[sendToMCU] len[25] data[1202022141400D202020202020202020202020202020202020]
--------- beginning of kernel
01-01 08:03:51.176   700   700 E [schedu][0xdb56e95][02:35:53.454990] qcn7605: [700:E:WMI] is_service_enabled_tlv: Service id 371 but WMI ext2 service bitmap is NULL
01-30 10:35:53.464   644   708 I mcuc    : file = hardware/interfaces/fgemcucomm/1.0/default/mcucomm/src/mcuCommFunctionTimer.cpp, function = startTimer  start timer OK = 210 
01-30 10:35:53.472   644   707 I mcuc    : file = hardware/interfaces/fgemcucomm/1.0/default/mcucomm/src/mcuCommFunctionTimer.cpp, func = stopTimer  stop timer = 210 
01-30 10:35:53.472   644   707 I mcuc    : rev uart=2175,len=10, data : 6AA68200D20002120296
01-30 10:35:53.473   652  2032 I audio_hw_streamer: 569 capture_thread_loop: select [ch 8 -> ch 4] [15360 -> 7680] bytes data 
01-30 10:35:53.474   644   708 I mcuc    : sd Uart data : 6AA60100D3000B1202022141400B00202020FE
01-30 10:35:53.493   652  2032 I audio_hw_streamer: 569 capture_thread_loop: select [ch 8 -> ch 4] [15360 -> 7680] bytes data 
01-30 10:35:53.502   584  1266 E WifiHAL : Invalid data received from driver
01-30 10:35:53.503   644   707 I mcuc    : sd Uart data : 6AA602081E0002920242
01-30 10:35:53.508   644   707 I mcuc    : rev uart=2176,len=18, data : 6AA681081E000A9202000D000000000000AE
01-30 10:35:53.508   396   396 D adayocomadapter-ParseProtocolFunc: printRaWMsg Name[MCUToUPstream recv] len[10] data[9202000D000000000000]
01-30 10:35:53.508   396   396 D adayocomadapter-CommunicationManager: onUpstreamback   member[0] dataLength[7] timePoint[230048]
01-30 10:35:53.508   396   396 D adayocomadapter-ParseProtocolFunc: printRaWMsg Name[onUpstreamback] len[7] data[0D000000000000]
01-30 10:35:53.508   644   708 I mcuc    : file = hardware/interfaces/fgemcucomm/1.0/default/mcucomm/src/mcuCommFunctionTimer.cpp, function = startTimer  start timer OK = 211 
01-30 10:35:53.508   396   452 D adayocomadapter-UpstreamHandler: processBeforePacket upSreamtProcessTimePoint[230048] 
01-30 10:35:53.509   396   452 D adayocomadapter-UpstreamHandler: processPacket UPSTREAM_QUEUE_DATA_TIMEOUT
01-30 10:35:53.509   396   452 D adayocomadapter-ParseProtocolFunc: parseCommonIPCLBytes Processing tableNumber[13]
01-30 10:35:53.509   396   452 D adayocomadapter-ParseProtocolFunc: parseCommonIPCLBytes Processing tablename[Table-13] tableSize[7]
01-30 10:35:53.509   396   452 D adayocomadapter-ParseProtocolFunc: printRaWMsg Name[byteStream recv] len[7] data[0D000000000000]
01-30 10:35:53.509   396   452 D adayocomadapter-ParseProtocolFunc: printRaWMsg Name[IPCLtoVHAL] len[6] data[214020BB0000]
01-30 10:35:53.509   396   452 D adayocomadapter-ParseProtocolFunc: printRaWMsg Name[IPCLtoVHAL] len[6] data[214020E30000]
01-30 10:35:53.509   396   452 D adayocomadapter-ParseProtocolFunc: printRaWMsg Name[IPCLtoVHAL] len[6] data[214020C70000]
01-30 10:35:53.509   396   452 D adayocomadapter-ParseProtocolFunc: printRaWMsg Name[IPCLtoVHAL] len[6] data[214020DD0000]
01-30 10:35:53.509   396   452 D adayocomadapter-ParseProtocolFunc: printRaWMsg Name[IPCLtoVHAL] len[6] data[214020DF0000]
01-30 10:35:53.509   396   452 D adayocomadapter-ParseProtocolFunc: printRaWMsg Name[IPCLtoVHAL] len[6] data[214020E40000]
01-30 10:35:53.509   396   452 D adayocomadapter-CommunicationManager: onUpstreamReceive mPropertyId 0x214020bb
01-30 10:35:53.509   396   452 D adayocomadapter-CommunicationManager: convertBytesToInt32Memcpy  0
01-30 10:35:53.509   396   452 I vw-vhal : notifyVehicleProperty, propId = 0x214020bb, data = {status: 2, int32Values: [0]}
01-30 10:35:53.509   396   452 I vw-vhal : CanSignalsAdapter::notifyVehicleProperty: solvedValue = {.timestamp = 230048459359, .areaId = 0, .prop = 557850811, .status = AVAILABLE, .value = {.int32Values = [1]{0}, .floatValues = [0]{}, .int64Values = [0]{}, .bytes = [0]{}, .stringValue = ""}}
01-30 10:35:53.509   396   452 I VehiclePropertyStore: begin to write value to Store: {.timestamp = 230048459359, .areaId = 0, .prop = 557850811, .status = AVAILABLE, .value = {.int32Values = [1]{0}, .floatValues = [0]{}, .int64Values = [0]{}, .bytes = [0]{}, .stringValue = ""}}
01-30 10:35:53.509   396   452 I DefaultVehicleHal_v2_0: DefaultVehicleHal::onPropertyValue, value:{.timestamp = 230048459359, .areaId = 0, .prop = 557850811, .status = AVAILABLE, .value = {.int32Values = [1]{0}, .floatValues = [0]{}, .int64Values = [0]{}, .bytes = [0]{}, .stringValue = ""}}
01-30 10:35:53.509   396   452 I VehiclePropertyStore: begin to write value to Store: {.timestamp = 230048459359, .areaId = 0, .prop = 557850811, .status = AVAILABLE, .value = {.int32Values = [1]{0}, .floatValues = [0]{}, .int64Values = [0]{}, .bytes = [0]{}, .stringValue = ""}}
01-30 10:35:53.509   396   452 D adayocomadapter-CommunicationManager: onUpstreamReceive mPropertyId 0x214020bb
01-30 10:35:53.509   396   452 D adayocomadapter-CommunicationManager: onUpstreamReceive mPropertyId 0x214020e3
01-30 10:35:53.509   396   452 D adayocomadapter-CommunicationManager: convertBytesToInt32Memcpy  0
01-30 10:35:53.509   396   452 I vw-vhal : notifyVehicleProperty, propId = 0x214020e3, data = {status: 2, int32Values: [0]}
01-30 10:35:53.509   396   452 I vw-vhal : CanSignalsAdapter::notifyVehicleProperty: solvedValue = {.timestamp = 230048673359, .areaId = 0, .prop = 557850851, .status = AVAILABLE, .value = {.int32Values = [1]{0}, .floatValues = [0]{}, .int64Values = [0]{}, .bytes = [0]{}, .stringValue = ""}}
01-30 10:35:53.509   396   452 I VehiclePropertyStore: begin to write value to Store: {.timestamp = 230048673359, .areaId = 0, .prop = 557850851, .status = AVAILABLE, .value = {.int32Values = [1]{0}, .floatValues = [0]{}, .int64Values = [0]{}, .bytes = [0]{}, .stringValue = ""}}
01-30 10:35:53.509   396   452 I DefaultVehicleHal_v2_0: DefaultVehicleHal::onPropertyValue, value:{.timestamp = 230048673359, .areaId = 0, .prop = 557850851, .status = AVAILABLE, .value = {.int32Values = [1]{0}, .floatValues = [0]{}, .int64Values = [0]{}, .bytes = [0]{}, .stringValue = ""}}
01-30 10:35:53.509   396   452 I VehiclePropertyStore: begin to write value to Store: {.timestamp = 230048673359, .areaId = 0, .prop = 557850851, .status = AVAILABLE, .value = {.int32Values = [1]{0}, .floatValues = [0]{}, .int64Values = [0]{}, .bytes = [0]{}, .stringValue = ""}}
01-30 10:35:53.509   396   452 D adayocomadapter-CommunicationManager: onUpstreamReceive mPropertyId 0x214020e3
01-30 10:35:53.509   396   452 D adayocomadapter-CommunicationManager: onUpstreamReceive mPropertyId 0x214020c7
01-30 10:35:53.509   396   452 D adayocomadapter-CommunicationManager: convertBytesToInt32Memcpy  0
01-30 10:35:53.509   396   452 I vw-vhal : notifyVehicleProperty, propId = 0x214020c7, data = {status: 2, int32Values: [0]}
01-30 10:35:53.509   396   452 I vw-vhal : CanSignalsAdapter::notifyVehicleProperty: solvedValue = {.timestamp = 230048859359, .areaId = 0, .prop = 557850823, .status = AVAILABLE, .value = {.int32Values = [1]{0}, .floatValues = [0]{}, .int64Values = [0]{}, .bytes = [0]{}, .stringValue = ""}}
01-30 10:35:53.509   396   452 I VehiclePropertyStore: begin to write value to Store: {.timestamp = 230048859359, .areaId = 0, .prop = 557850823, .status = AVAILABLE, .value = {.int32Values = [1]{0}, .floatValues = [0]{}, .int64Values = [0]{}, .bytes = [0]{}, .stringValue = ""}}
01-30 10:35:53.509   396   452 I DefaultVehicleHal_v2_0: DefaultVehicleHal::onPropertyValue, value:{.timestamp = 230048859359, .areaId = 0, .prop = 557850823, .status = AVAILABLE, .value = {.int32Values = [1]{0}, .floatValues = [0]{}, .int64Values = [0]{}, .bytes = [0]{}, .stringValue = ""}}
01-30 10:35:53.509   396   452 I VehiclePropertyStore: begin to write value to Store: {.timestamp = 230048859359, .areaId = 0, .prop = 557850823, .status = AVAILABLE, .value = {.int32Values = [1]{0}, .floatValues = [0]{}, .int64Values = [0]{}, .bytes = [0]{}, .stringValue = ""}}
01-30 10:35:53.509   396   452 D adayocomadapter-CommunicationManager: onUpstreamReceive mPropertyId 0x214020c7
01-30 10:35:53.509   396   452 D adayocomadapter-CommunicationManager: onUpstreamReceive mPropertyId 0x214020dd
01-30 10:35:53.509   396   452 D adayocomadapter-CommunicationManager: convertBytesToInt32Memcpy  0
01-30 10:35:53.509   396   452 I vw-vhal : notifyVehicleProperty, propId = 0x214020dd, data = {status: 2, int32Values: [0]}
01-30 10:35:53.509   396   452 I vw-vhal : CanSignalsAdapter::notifyVehicleProperty: solvedValue = {.timestamp = 230049040692, .areaId = 0, .prop = 557850845, .status = AVAILABLE, .value = {.int32Values = [1]{0}, .floatValues = [0]{}, .int64Values = [0]{}, .bytes = [0]{}, .stringValue = ""}}
01-30 10:35:53.509   396   452 I VehiclePropertyStore: begin to write value to Store: {.timestamp = 230049040692, .areaId = 0, .prop = 557850845, .status = AVAILABLE, .value = {.int32Values = [1]{0}, .floatValues = [0]{}, .int64Values = [0]{}, .bytes = [0]{}, .stringValue = ""}}
01-30 10:35:53.509   396   452 I DefaultVehicleHal_v2_0: DefaultVehicleHal::onPropertyValue, value:{.timestamp = 230049040692, .areaId = 0, .prop = 557850845, .status = AVAILABLE, .value = {.int32Values = [1]{0}, .floatValues = [0]{}, .int64Values = [0]{}, .bytes = [0]{}, .stringValue = ""}}
01-30 10:35:53.509   396   452 I VehiclePropertyStore: begin to write value to Store: {.timestamp = 230049040692, .areaId = 0, .prop = 557850845, .status = AVAILABLE, .value = {.int32Values = [1]{0}, .floatValues = [0]{}, .int64Values = [0]{}, .bytes = [0]{}, .stringValue = ""}}
01-30 10:35:53.510   396   452 D adayocomadapter-CommunicationManager: onUpstreamReceive mPropertyId 0x214020dd
01-30 10:35:53.510   396   452 D adayocomadapter-CommunicationManager: onUpstreamReceive mPropertyId 0x214020df
01-30 10:35:53.510   396   452 D adayocomadapter-CommunicationManager: convertBytesToInt32Memcpy  0
01-30 10:35:53.510   396   452 I vw-vhal : notifyVehicleProperty, propId = 0x214020df, data = {status: 2, int32Values: [0]}
01-30 10:35:53.510   396   452 I vw-vhal : CanSignalsAdapter::notifyVehicleProperty: solvedValue = {.timestamp = 230049220359, .areaId = 0, .prop = 557850847, .status = AVAILABLE, .value = {.int32Values = [1]{0}, .floatValues = [0]{}, .int64Values = [0]{}, .bytes = [0]{}, .stringValue = ""}}
01-30 10:35:53.510   396   452 I VehiclePropertyStore: begin to write value to Store: {.timestamp = 230049220359, .areaId = 0, .prop = 557850847, .status = AVAILABLE, .value = {.int32Values = [1]{0}, .floatValues = [0]{}, .int64Values = [0]{}, .bytes = [0]{}, .stringValue = ""}}
01-30 10:35:53.510   396   452 I DefaultVehicleHal_v2_0: DefaultVehicleHal::onPropertyValue, value:{.timestamp = 230049220359, .areaId = 0, .prop = 557850847, .status = AVAILABLE, .value = {.int32Values = [1]{0}, .floatValues = [0]{}, .int64Values = [0]{}, .bytes = [0]{}, .stringValue = ""}}
01-30 10:35:53.510   396   452 I VehiclePropertyStore: begin to write value to Store: {.timestamp = 230049220359, .areaId = 0, .prop = 557850847, .status = AVAILABLE, .value = {.int32Values = [1]{0}, .floatValues = [0]{}, .int64Values = [0]{}, .bytes = [0]{}, .stringValue = ""}}
01-30 10:35:53.510   396   452 D adayocomadapter-CommunicationManager: onUpstreamReceive mPropertyId 0x214020df
01-30 10:35:53.510   396   452 D adayocomadapter-CommunicationManager: onUpstreamReceive mPropertyId 0x214020e4
01-30 10:35:53.510   396   452 D adayocomadapter-CommunicationManager: convertBytesToInt32Memcpy  0
01-30 10:35:53.510   396   452 I vw-vhal : notifyVehicleProperty, propId = 0x214020e4, data = {status: 2, int32Values: [0]}
01-30 10:35:53.510   396   452 I vw-vhal : CanSignalsAdapter::notifyVehicleProperty: solvedValue = {.timestamp = 230049397025, .areaId = 0, .prop = 557850852, .status = AVAILABLE, .value = {.int32Values = [1]{0}, .floatValues = [0]{}, .int64Values = [0]{}, .bytes = [0]{}, .stringValue = ""}}
01-30 10:35:53.510   396   452 I VehiclePropertyStore: begin to write value to Store: {.timestamp = 230049397025, .areaId = 0, .prop = 557850852, .status = AVAILABLE, .value = {.int32Values = [1]{0}, .floatValues = [0]{}, .int64Values = [0]{}, .bytes = [0]{}, .stringValue = ""}}
01-30 10:35:53.510   396   452 I DefaultVehicleHal_v2_0: DefaultVehicleHal::onPropertyValue, value:{.timestamp = 230049397025, .areaId = 0, .prop = 557850852, .status = AVAILABLE, .value = {.int32Values = [1]{0}, .floatValues = [0]{}, .int64Values = [0]{}, .bytes = [0]{}, .stringValue = ""}}
01-30 10:35:53.510   396   452 I VehiclePropertyStore: begin to write value to Store: {.timestamp = 230049397025, .areaId = 0, .prop = 557850852, .status = AVAILABLE, .value = {.int32Values = [1]{0}, .floatValues = [0]{}, .int64Values = [0]{}, .bytes = [0]{}, .stringValue = ""}}
01-30 10:35:53.510   396   452 D adayocomadapter-CommunicationManager: onUpstreamReceive mPropertyId 0x214020e4
01-30 10:35:53.513   652  2032 I audio_hw_streamer: 569 capture_thread_loop: select [ch 8 -> ch 4] [15360 -> 7680] bytes data 
01-30 10:35:53.519   644   708 I mcuc    : sd Uart data : 6AA60100D400191202022141400D2020202020202020202020202020202020200D
01-30 10:35:53.522   644   707 I mcuc    : file = hardware/interfaces/fgemcucomm/1.0/default/mcucomm/src/mcuCommFunctionTimer.cpp, func = stopTimer  stop timer = 211 
01-30 10:35:53.522   644   707 I mcuc    : rev uart=2177,len=10, data : 6AA68200D30002120295
01-30 10:35:53.528   644   708 I mcuc    : file = hardware/interfaces/fgemcucomm/1.0/default/mcucomm/src/mcuCommFunctionTimer.cpp, function = startTimer  start timer OK = 212 
01-30 10:35:53.533   652  2032 I audio_hw_streamer: 569 capture_thread_loop: select [ch 8 -> ch 4] [15360 -> 7680] bytes data 
01-30 10:35:53.542   644   707 I mcuc    : file = hardware/interfaces/fgemcucomm/1.0/default/mcucomm/src/mcuCommFunctionTimer.cpp, func = stopTimer  stop timer = 212 
01-30 10:35:53.542   644   707 I mcuc    : rev uart=2178,len=10, data : 6AA68200D40002120294
01-30 10:35:53.553   652  2032 I audio_hw_streamer: 569 capture_thread_loop: select [ch 8 -> ch 4] [15360 -> 7680] bytes data 
01-30 10:35:53.564   584  1266 E WifiHAL : Invalid data received from driver
01-30 10:35:53.564   584  1266 E WifiHAL : Invalid data received from driver
01-30 10:35:53.564   584  1266 E WifiHAL : Invalid data received from driver
01-30 10:35:53.564   584  1266 E WifiHAL : Invalid data received from driver
01-30 10:35:53.564   584  1266 E WifiHAL : Invalid data received from driver
01-30 10:35:53.564   584  1266 E WifiHAL : Invalid data received from driver
01-30 10:35:53.564   584  1266 E WifiHAL : Invalid data received from driver
01-30 10:35:53.573   652  2032 I audio_hw_streamer: 569 capture_thread_loop: select [ch 8 -> ch 4] [15360 -> 7680] bytes data 
01-30 10:35:53.593   652  2032 I audio_hw_streamer: 569 capture_thread_loop: select [ch 8 -> ch 4] [15360 -> 7680] bytes data 
01-30 10:35:53.605  1279  1326 D CAR.DIAGNOSTIC: Entry - Type: 0x01, ServiceId: 0x4004, InstanceId: 0x0001, MajorVersion: 0x01FFFFFF, TTL: 0
01-30 10:35:53.605  1279  1324 D CAR.DIAGNOSTIC: Entry - Type: 0x01, ServiceId: 0x4004, InstanceId: 0x0001, MajorVersion: 0x01FFFFFF, TTL: 0
01-30 10:35:53.605  1279  1324 D CAR.DIAGNOSTIC: Entry - Type: 0x01, ServiceId: 0x4001, InstanceId: 0x0001, MajorVersion: 0x01FFFFFF, TTL: 0
01-30 10:35:53.605  1279  1326 D CAR.DIAGNOSTIC: Entry - Type: 0x01, ServiceId: 0x4001, InstanceId: 0x0001, MajorVersion: 0x01FFFFFF, TTL: 0
01-30 10:35:53.605  1279  1329 D CAR.DIAGNOSTIC: Entry - Type: 0x01, ServiceId: 0x4004, InstanceId: 0x0001, MajorVersion: 0x01FFFFFF, TTL: 0
01-30 10:35:53.605  1279  1329 D CAR.DIAGNOSTIC: Entry - Type: 0x01, ServiceId: 0x4001, InstanceId: 0x0001, MajorVersion: 0x01FFFFFF, TTL: 0
01-30 10:35:53.613   652  2032 I audio_hw_streamer: 569 capture_thread_loop: select [ch 8 -> ch 4] [15360 -> 7680] bytes data 
01-30 10:35:53.615   584  1266 E WifiHAL : Invalid data received from driver
01-30 10:35:53.633   652  2032 I audio_hw_streamer: 569 capture_thread_loop: select [ch 8 -> ch 4] [15360 -> 7680] bytes data 
01-30 10:35:53.653   652  2032 I audio_hw_streamer: 569 capture_thread_loop: select [ch 8 -> ch 4] [15360 -> 7680] bytes data 
01-30 10:35:53.665 12370 12396 I CarPlay_Service: requestCertificateData(MFiClientApiImpl.java:164)requestCertificateData
01-30 10:35:53.665 12370 12396 D CarPlay_Service: onRequestCertificateData(CPRemoteCallBackMgr.java:135) onRequestCertificateData
01-30 10:35:53.665 12370 12396 D CarPlay_Service: getSerialNumber(CarPlayAdapterBase.java:324)serialNumber encrypt--->:DA:27:21:C6:1D:13
01-30 10:35:53.673   652  2032 I audio_hw_streamer: 569 capture_thread_loop: select [ch 8 -> ch 4] [15360 -> 7680] bytes data 
01-30 10:35:53.690 12403 12403 I [fawvw_sslctx_config]: start binder IPC thread pool in so
01-30 10:35:53.690 12403 12403 I [fawvw_sslctx_config]: lib version: 1.0.0, cert type: 1 
01-30 10:35:53.690 12403 12403 I [fawvw_sslctx_config]: start to find crt file with prefix: faw_vw_pkiagent_ca_ivi_
01-30 10:35:53.690 12403 12403 E [fawvw_sslctx_config]: cannot open cert directory: /mnt/cert_package/pkiagent/crts
01-30 10:35:53.690 12403 12403 E [fawvw_sslctx_config]: no ca cert found
01-30 10:35:53.686 12403 12403 I auditd  : type=1400 audit(0.0:18090): avc:  denied  { search } for  comm="fota_master" name="/" dev="mmcblk0p6" ino=2 scontext=u:r:ota_init_shell:s0 tcontext=u:object_r:mnt_cert_package:s0 tclass=dir permissive=0
01-30 10:35:53.686 12403 12403 W fota_master: type=1400 audit(0.0:18090): avc:  denied  { search } for  name="/" dev="mmcblk0p6" ino=2 scontext=u:r:ota_init_shell:s0 tcontext=u:object_r:mnt_cert_package:s0 tclass=dir permissive=0
01-30 10:35:53.693   652  2032 I audio_hw_streamer: 569 capture_thread_loop: select [ch 8 -> ch 4] [15360 -> 7680] bytes data 
01-30 10:35:53.703   584  1266 E WifiHAL : Invalid data received from driver
01-30 10:35:53.704   584  1266 E WifiHAL : Invalid data received from driver
01-30 10:35:53.704   584  1266 E WifiHAL : Invalid data received from driver
01-30 10:35:53.704   584  1266 E WifiHAL : Invalid data received from driver
01-30 10:35:53.704   584  1266 E WifiHAL : Invalid data received from driver
01-30 10:35:53.704   584  1266 E WifiHAL : Invalid data received from driver
01-30 10:35:53.704   584  1266 E WifiHAL : Invalid data received from driver
01-30 10:35:53.713   652  2032 I audio_hw_streamer: 569 capture_thread_loop: select [ch 8 -> ch 4] [15360 -> 7680] bytes data 
01-30 10:35:53.733   652  2032 I audio_hw_streamer: 569 capture_thread_loop: select [ch 8 -> ch 4] [15360 -> 7680] bytes data 
01-30 10:35:53.747 11580 12414 W adbd    : timed out while waiting for FUNCTIONFS_BIND, trying again
01-30 10:35:53.747 11580 12414 I adbd    : UsbFfs: connection terminated: monitor thread finished
01-30 10:35:53.747 11580 11580 I adbd    : UsbFfs: already offline
01-30 10:35:53.747 11580 11580 I adbd    : destroying transport UsbFfs
01-30 10:35:53.747 11580 11580 I adbd    : UsbFfsConnection being destroyed
01-30 10:35:53.753   652  2032 I audio_hw_streamer: 569 capture_thread_loop: select [ch 8 -> ch 4] [15360 -> 7680] bytes data 
01-30 10:35:53.773   652  2032 I audio_hw_streamer: 569 capture_thread_loop: select [ch 8 -> ch 4] [15360 -> 7680] bytes data 
01-30 10:35:53.789 11580 11584 I adbd    : opening control endpoint /dev/usb-ffs/adb/ep0
01-30 10:35:53.789 11580 11584 I adbd    : UsbFfsConnection constructed
01-30 10:35:53.792 11580 12431 I adbd    : UsbFfs-monitor thread spawned
01-01 08:03:51.510 11584 11584 I         : read strings
01-01 08:03:51.512     1     1 I init    : Command 'symlink /config/usb_gadget/g1/functions/ffs.adb /config/usb_gadget/g1/configs/b.1/f1' action=sys.usb.config=adb && sys.usb.configfs=1 && sys.usb.ffs.ready=1 (/system/etc/init/hw/init.usb.configfs.rc:22) took 0ms and failed: symlink() failed: File exists
01-01 08:03:51.514     1     1 I init    : processing action (sys.usb.config=adb && sys.usb.configfs=1 && sys.usb.ffs.ready=1) from (/vendor/etc/init/init.x9hp_ms.usb.rc:72)
01-30 10:35:53.793   652  2032 I audio_hw_streamer: 569 capture_thread_loop: select [ch 8 -> ch 4] [15360 -> 7680] bytes data 
01-30 10:35:53.803   644   707 I mcuc    : sd Uart data : 6AA602081F0002800A4B
01-30 10:35:53.808   644   707 I mcuc    : rev uart=2179,len=13, data : 6AA681081F0005800A030000C6
01-30 10:35:53.808   396   396 D adayocomadapter-ParseProtocolFunc: printRaWMsg Name[MCUToUPstream recv] len[4] data[800A0300]
01-30 10:35:53.808   396   396 D adayocomadapter-CommunicationManager: onUpstreamback   member[7] dataLength[2] timePoint[230347]
01-30 10:35:53.808   396   396 D adayocomadapter-ParseProtocolFunc: printRaWMsg Name[onUpstreamback] len[2] data[0300]
01-30 10:35:53.808   396   452 D adayocomadapter-UpstreamHandler: processBeforePacket upSreamtProcessTimePoint[230347] 
01-30 10:35:53.808   396   452 D adayocomadapter-ParseProtocolFunc: parseGeneralIPCLBytes Processing tablename[Table-0] tableSize[2]
01-30 10:35:53.808   396   452 D adayocomadapter-ParseProtocolFunc: printRaWMsg Name[byteStream recv] len[2] data[0300]
01-30 10:35:53.808   396   452 D adayocomadapter-ParseProtocolFunc: printRaWMsg Name[IPCLtoVHAL] len[6] data[314010020000]
01-30 10:35:53.808   396   452 D adayocomadapter-ParseProtocolFunc: printRaWMsg Name[IPCLtoVHAL] len[6] data[314010010003]
01-30 10:35:53.808   396   452 D adayocomadapter-CommunicationManager: onUpstreamReceive mPropertyId 0x31401002
01-30 10:35:53.808   396   452 D adayocomadapter-CommunicationManager: convertBytesToInt32Memcpy  0
01-30 10:35:53.808   396   452 I vw-vhal : notifyVehicleProperty, propId = 0x31401002, data = {status: 2, int32Values: [0]}
01-30 10:35:53.808   396   452 I vw-vhal : CanSignalsAdapter::notifyVehicleProperty: solvedValue = {.timestamp = 230348096692, .areaId = 0, .prop = 826281986, .status = AVAILABLE, .value = {.int32Values = [1]{0}, .floatValues = [0]{}, .int64Values = [0]{}, .bytes = [0]{}, .stringValue = ""}}
01-30 10:35:53.809   396   452 I VehiclePropertyStore: begin to write value to Store: {.timestamp = 230348096692, .areaId = 0, .prop = 826281986, .status = AVAILABLE, .value = {.int32Values = [1]{0}, .floatValues = [0]{}, .int64Values = [0]{}, .bytes = [0]{}, .stringValue = ""}}
01-30 10:35:53.809   396   452 I DefaultVehicleHal_v2_0: DefaultVehicleHal::onPropertyValue, value:{.timestamp = 230348096692, .areaId = 0, .prop = 826281986, .status = AVAILABLE, .value = {.int32Values = [1]{0}, .floatValues = [0]{}, .int64Values = [0]{}, .bytes = [0]{}, .stringValue = ""}}
01-30 10:35:53.809   396   452 I VehiclePropertyStore: begin to write value to Store: {.timestamp = 230348096692, .areaId = 0, .prop = 826281986, .status = AVAILABLE, .value = {.int32Values = [1]{0}, .floatValues = [0]{}, .int64Values = [0]{}, .bytes = [0]{}, .stringValue = ""}}
01-30 10:35:53.809   396   452 D adayocomadapter-CommunicationManager: onUpstreamReceive mPropertyId 0x31401002
01-30 10:35:53.809   396   452 D adayocomadapter-CommunicationManager: onUpstreamReceive mPropertyId 0x31401001
01-30 10:35:53.809   396   452 D adayocomadapter-CommunicationManager: convertBytesToInt32Memcpy  3
01-30 10:35:53.809   396   452 I vw-vhal : notifyVehicleProperty, propId = 0x31401001, data = {status: 2, int32Values: [3]}
01-30 10:35:53.809   396   452 I vw-vhal : CanSignalsAdapter::notifyVehicleProperty: solvedValue = {.timestamp = 230348342692, .areaId = 0, .prop = 826281985, .status = AVAILABLE, .value = {.int32Values = [1]{3}, .floatValues = [0]{}, .int64Values = [0]{}, .bytes = [0]{}, .stringValue = ""}}
01-30 10:35:53.809   396   452 I VehiclePropertyStore: begin to write value to Store: {.timestamp = 230348342692, .areaId = 0, .prop = 826281985, .status = AVAILABLE, .value = {.int32Values = [1]{3}, .floatValues = [0]{}, .int64Values = [0]{}, .bytes = [0]{}, .stringValue = ""}}
01-30 10:35:53.809   396   452 I DefaultVehicleHal_v2_0: DefaultVehicleHal::onPropertyValue, value:{.timestamp = 230348342692, .areaId = 0, .prop = 826281985, .status = AVAILABLE, .value = {.int32Values = [1]{3}, .floatValues = [0]{}, .int64Values = [0]{}, .bytes = [0]{}, .stringValue = ""}}
01-30 10:35:53.809   396   452 I VehiclePropertyStore: begin to write value to Store: {.timestamp = 230348342692, .areaId = 0, .prop = 826281985, .status = AVAILABLE, .value = {.int32Values = [1]{3}, .floatValues = [0]{}, .int64Values = [0]{}, .bytes = [0]{}, .stringValue = ""}}
01-30 10:35:53.809   396   452 D adayocomadapter-CommunicationManager: onUpstreamReceive mPropertyId 0x31401001
01-30 10:35:53.813   652  2032 I audio_hw_streamer: 569 capture_thread_loop: select [ch 8 -> ch 4] [15360 -> 7680] bytes data 
01-30 10:35:53.814   706   722 D sde     : [SDE::zipArchiveFolder]  Debug: property_set persist.sde.last.number success
01-30 10:35:53.822   706   722 D sde     : [SDE::deleteFolder]  Debug: deleteFolder :data/sde/crash_11800_com.adayo.carplay_20260130_103551
01-30 10:35:53.823   584  1266 E WifiHAL : Invalid data received from driver
01-30 10:35:53.823   706   722 D sde     : [SDE::hasEnoughSpace]  Debug: avaiPercent = 89, limitPercent = 90
01-30 10:35:53.823   706   706 D sde     : [SDE::socket_listen]  Debug: Accept_fd 5
01-30 10:35:53.823   706   722 D sde     : [SDE::CreateFolder]  Debug: CreateFolder type :crash ,pid :11877, package :com.fawvw.intelligentmodeservice ,tombstone :
01-30 10:35:53.823   706   706 D sde     : [SDE::socket_listen]  Debug: receive msg from client : crash|11944|com.adayo.carplay
01-30 10:35:53.823   706   722 D sde     : [SDE::CreateFolder]  Debug: logpath : data/sde/crash_11877_com.fawvw.intelligentmodeservice_20260130_103553
01-30 10:35:53.823   851  2834 I SdException: disconnecting...
01-30 10:35:53.823   706   722 D sde     : [SDE::CollectExceptionMessage]  Debug: CreateFolder = data/sde/crash_11877_com.fawvw.intelligentmodeservice_20260130_103553 
01-30 10:35:53.823   706   722 D sde     : [SDE::CatchLog]  Debug: CatchLog : crash,data/sde/crash_11877_com.fawvw.intelligentmodeservice_20260130_103553
01-30 10:35:53.823   706   722 D sde     : [SDE::CatchJE]  Debug: CatchJE data/sde/crash_11877_com.fawvw.intelligentmodeservice_20260130_103553
01-30 10:35:53.824   851  2834 W ActivityManager: Process com.fawvw.intelligentmodeservice has crashed too many times, killing! Reason: crashed quickly
01-30 10:35:53.825   851  2834 I am_process_crashed_too_much: [0,com.fawvw.intelligentmodeservice,1000]
01-30 10:35:53.827   851  2834 I sysui_multi_action: [757,316,758,4,759,-1]
01-30 10:35:53.827 12334 12334 I Process : Sending signal. PID: 12334 SIG: 9
01-30 10:35:53.833   652  2032 I audio_hw_streamer: 569 capture_thread_loop: select [ch 8 -> ch 4] [15360 -> 7680] bytes data 
01-30 10:35:53.851   851  1853 I ActivityManager: Process com.fawvw.intelligentmodeservice (pid 12334) has died: pers PER 
01-30 10:35:53.851   851  1853 I am_proc_died: [0,12334,com.fawvw.intelligentmodeservice,-800,0]
01-30 10:35:53.851  1371  1400 E FawPowerService: vehicleCallbackList onCallbackDied callback: vendor.fawvw.fawsystemserver.fawvwpower.IVehicleModeListener$Stub$Proxy@57ec831 ,packageName : com.fawvw.intelligentmodeservice
01-30 10:35:53.852   568   568 I Zygote  : Process 12334 exited due to signal 9 (Killed)
01-30 10:35:53.852   851  1853 W ActivityManager: Scheduling restart of crashed service com.fawvw.intelligentmodeservice/.ModeService in 0ms for persistent
01-30 10:35:53.852   851  1853 I am_schedule_service_restart: [0,com.fawvw.intelligentmodeservice/.ModeService,0]
01-30 10:35:53.853   851  1853 W ActivityManager: Re-adding persistent process ProcessRecord{68110fb 12334:com.fawvw.intelligentmodeservice/1000}
01-30 10:35:53.853   652  2032 I audio_hw_streamer: 569 capture_thread_loop: select [ch 8 -> ch 4] [15360 -> 7680] bytes data 
01-30 10:35:53.855   851  1853 D CompatibilityChangeReporter: Compat change id reported: 135634846; UID 1000; state: DISABLED
01-30 10:35:53.855   851  1853 D CompatibilityChangeReporter: Compat change id reported: 177438394; UID 1000; state: DISABLED
01-30 10:35:53.855   851  1853 D CompatibilityChangeReporter: Compat change id reported: 135772972; UID 1000; state: DISABLED
01-30 10:35:53.855   851  1853 D CompatibilityChangeReporter: Compat change id reported: 135754954; UID 1000; state: ENABLED
01-30 10:35:53.856   851  1063 I libprocessgroup: Successfully killed process cgroup uid 1000 pid 12334 in 5ms
01-30 10:35:53.860   851  1149 D JobScheduler.Quota: Processing event 31 for <0>com.fawvw.intelligentmodeservice
01-30 10:35:53.871   568   568 D Zygote  : Forked child process 12436
01-30 10:35:53.872   851  1061 I am_proc_start: [0,12436,1000,com.fawvw.intelligentmodeservice,restart,com.fawvw.intelligentmodeservice]
01-30 10:35:53.872   851  1061 I ActivityManager: Start proc 12436:com.fawvw.intelligentmodeservice/1000 for restart com.fawvw.intelligentmodeservice
01-30 10:35:53.873   652  2032 I audio_hw_streamer: 569 capture_thread_loop: select [ch 8 -> ch 4] [15360 -> 7680] bytes data 
01-30 10:35:53.891  1513  2257 D TboxNetworkManager: tboxNetworkbinder=null
01-30 10:35:53.893   652  2032 I audio_hw_streamer: 569 capture_thread_loop: select [ch 8 -> ch 4] [15360 -> 7680] bytes data 
01-30 10:35:53.904   644   707 I mcuc    : sd Uart data : 6AA60208200002920240
01-30 10:35:53.909   584  1266 E WifiHAL : Invalid data received from driver
01-30 10:35:53.910   644   707 I mcuc    : rev uart=2180,len=14, data : 6AA681082000069202000B0000B2
01-30 10:35:53.910   644   707 I mcuc    : sd Uart data : 6AA6020821000292023F
01-30 10:35:53.910   396   396 D adayocomadapter-ParseProtocolFunc: printRaWMsg Name[MCUToUPstream recv] len[6] data[9202000B0000]
01-30 10:35:53.910   396   396 D adayocomadapter-CommunicationManager: onUpstreamback   member[0] dataLength[3] timePoint[230449]
01-30 10:35:53.910   396   396 D adayocomadapter-ParseProtocolFunc: printRaWMsg Name[onUpstreamback] len[3] data[0B0000]
01-30 10:35:53.910   396   452 D adayocomadapter-UpstreamHandler: processBeforePacket upSreamtProcessTimePoint[230449] 
01-30 10:35:53.910   396   452 D adayocomadapter-UpstreamHandler: processPacket UPSTREAM_QUEUE_DATA_TIMEOUT
01-30 10:35:53.910   396   452 D adayocomadapter-ParseProtocolFunc: parseCommonIPCLBytes Processing tableNumber[11]
01-30 10:35:53.910   396   452 D adayocomadapter-ParseProtocolFunc: parseCommonIPCLBytes Processing tablename[Table-11] tableSize[3]
01-30 10:35:53.910   396   452 D adayocomadapter-ParseProtocolFunc: printRaWMsg Name[byteStream recv] len[3] data[0B0000]
01-30 10:35:53.910   396   452 D adayocomadapter-ParseProtocolFunc: printRaWMsg Name[IPCLtoVHAL] len[7] data[2140200B000000]
01-30 10:35:53.910   396   452 D adayocomadapter-CommunicationManager: onUpstreamReceive mPropertyId 0x2140200b
01-30 10:35:53.910   396   452 D adayocomadapter-CommunicationManager: convertBytesToInt32Memcpy  0
01-30 10:35:53.910   396   452 I vw-vhal : notifyVehicleProperty, propId = 0x2140200b, data = {status: 2, int32Values: [0]}
01-30 10:35:53.910   396   452 I vw-vhal : CanSignalsAdapter::notifyVehicleProperty: solvedValue = {.timestamp = 230449919026, .areaId = 0, .prop = 557850635, .status = AVAILABLE, .value = {.int32Values = [1]{0}, .floatValues = [0]{}, .int64Values = [0]{}, .bytes = [0]{}, .stringValue = ""}}
01-30 10:35:53.910   396   452 I VehiclePropertyStore: begin to write value to Store: {.timestamp = 230449919026, .areaId = 0, .prop = 557850635, .status = AVAILABLE, .value = {.int32Values = [1]{0}, .floatValues = [0]{}, .int64Values = [0]{}, .bytes = [0]{}, .stringValue = ""}}
01-30 10:35:53.910   396   452 I DefaultVehicleHal_v2_0: DefaultVehicleHal::onPropertyValue, value:{.timestamp = 230449919026, .areaId = 0, .prop = 557850635, .status = AVAILABLE, .value = {.int32Values = [1]{0}, .floatValues = [0]{}, .int64Values = [0]{}, .bytes = [0]{}, .stringValue = ""}}
01-30 10:35:53.910   396   452 I VehiclePropertyStore: begin to write value to Store: {.timestamp = 230449919026, .areaId = 0, .prop = 557850635, .status = AVAILABLE, .value = {.int32Values = [1]{0}, .floatValues = [0]{}, .int64Values = [0]{}, .bytes = [0]{}, .stringValue = ""}}
01-30 10:35:53.910   396   452 D adayocomadapter-CommunicationManager: onUpstreamReceive mPropertyId 0x2140200b
01-30 10:35:53.913   652  2032 I audio_hw_streamer: 569 capture_thread_loop: select [ch 8 -> ch 4] [15360 -> 7680] bytes data 
01-30 10:35:53.915   644   707 I mcuc    : rev uart=2181,len=19, data : 6AA6810821000B9202000F00000000000000A8
01-30 10:35:53.916   396   396 D adayocomadapter-ParseProtocolFunc: printRaWMsg Name[MCUToUPstream recv] len[11] data[9202000F00000000000000]
01-30 10:35:53.916   396   396 D adayocomadapter-CommunicationManager: onUpstreamback   member[0] dataLength[8] timePoint[230455]
01-30 10:35:53.916   396   396 D adayocomadapter-ParseProtocolFunc: printRaWMsg Name[onUpstreamback] len[8] data[0F00000000000000]
01-30 10:35:53.916   396   452 D adayocomadapter-UpstreamHandler: processBeforePacket upSreamtProcessTimePoint[230455] 
01-30 10:35:53.916   396   452 D adayocomadapter-UpstreamHandler: processPacket UPSTREAM_QUEUE_DATA_TIMEOUT
01-30 10:35:53.916   396   452 D adayocomadapter-ParseProtocolFunc: parseCommonIPCLBytes Processing tableNumber[15]
01-30 10:35:53.916   396   452 D adayocomadapter-ParseProtocolFunc: parseCommonIPCLBytes Processing tablename[Table-15] tableSize[8]
01-30 10:35:53.916   396   452 D adayocomadapter-ParseProtocolFunc: printRaWMsg Name[byteStream recv] len[8] data[0F00000000000000]
01-30 10:35:53.916   396   452 D adayocomadapter-ParseProtocolFunc: printRaWMsg Name[IPCLtoVHAL] len[6] data[214020F30000]
01-30 10:35:53.916   396   452 D adayocomadapter-ParseProtocolFunc: printRaWMsg Name[IPCLtoVHAL] len[6] data[214020F40000]
01-30 10:35:53.916   396   452 D adayocomadapter-ParseProtocolFunc: printRaWMsg Name[IPCLtoVHAL] len[6] data[214020F50000]
01-30 10:35:53.916   396   452 D adayocomadapter-ParseProtocolFunc: printRaWMsg Name[IPCLtoVHAL] len[6] data[214020F60000]
01-30 10:35:53.916   396   452 D adayocomadapter-ParseProtocolFunc: printRaWMsg Name[IPCLtoVHAL] len[6] data[214020F70000]
01-30 10:35:53.916   396   452 D adayocomadapter-ParseProtocolFunc: printRaWMsg Name[IPCLtoVHAL] len[6] data[214020F80000]
01-30 10:35:53.916   396   452 D adayocomadapter-ParseProtocolFunc: printRaWMsg Name[IPCLtoVHAL] len[6] data[214020F90000]
01-30 10:35:53.916   396   452 D adayocomadapter-CommunicationManager: onUpstreamReceive mPropertyId 0x214020f3
01-30 10:35:53.916   396   452 D adayocomadapter-CommunicationManager: convertBytesToInt32Memcpy  0
01-30 10:35:53.916   396   452 I vw-vhal : notifyVehicleProperty, propId = 0x214020f3, data = {status: 2, int32Values: [0]}
01-30 10:35:53.916   396   452 I vw-vhal : CanSignalsAdapter::notifyVehicleProperty: solvedValue = {.timestamp = 230455721692, .areaId = 0, .prop = 557850867, .status = AVAILABLE, .value = {.int32Values = [1]{0}, .floatValues = [0]{}, .int64Values = [0]{}, .bytes = [0]{}, .stringValue = ""}}
01-30 10:35:53.916   396   452 I VehiclePropertyStore: begin to write value to Store: {.timestamp = 230455721692, .areaId = 0, .prop = 557850867, .status = AVAILABLE, .value = {.int32Values = [1]{0}, .floatValues = [0]{}, .int64Values = [0]{}, .bytes = [0]{}, .stringValue = ""}}
01-30 10:35:53.916   396   452 I DefaultVehicleHal_v2_0: DefaultVehicleHal::onPropertyValue, value:{.timestamp = 230455721692, .areaId = 0, .prop = 557850867, .status = AVAILABLE, .value = {.int32Values = [1]{0}, .floatValues = [0]{}, .int64Values = [0]{}, .bytes = [0]{}, .stringValue = ""}}
01-30 10:35:53.916   396   452 I VehiclePropertyStore: begin to write value to Store: {.timestamp = 230455721692, .areaId = 0, .prop = 557850867, .status = AVAILABLE, .value = {.int32Values = [1]{0}, .floatValues = [0]{}, .int64Values = [0]{}, .bytes = [0]{}, .stringValue = ""}}
01-30 10:35:53.916   396   452 D adayocomadapter-CommunicationManager: onUpstreamReceive mPropertyId 0x214020f3
01-30 10:35:53.916   396   452 D adayocomadapter-CommunicationManager: onUpstreamReceive mPropertyId 0x214020f4
01-30 10:35:53.916   396   452 D adayocomadapter-CommunicationManager: convertBytesToInt32Memcpy  0
01-30 10:35:53.916   396   452 I vw-vhal : notifyVehicleProperty, propId = 0x214020f4, data = {status: 2, int32Values: [0]}
01-30 10:35:53.916   396   452 I vw-vhal : CanSignalsAdapter::notifyVehicleProperty: solvedValue = {.timestamp = 230455957692, .areaId = 0, .prop = 557850868, .status = AVAILABLE, .value = {.int32Values = [1]{0}, .floatValues = [0]{}, .int64Values = [0]{}, .bytes = [0]{}, .stringValue = ""}}
01-30 10:35:53.916   396   452 I VehiclePropertyStore: begin to write value to Store: {.timestamp = 230455957692, .areaId = 0, .prop = 557850868, .status = AVAILABLE, .value = {.int32Values = [1]{0}, .floatValues = [0]{}, .int64Values = [0]{}, .bytes = [0]{}, .stringValue = ""}}
01-30 10:35:53.916   396   452 I DefaultVehicleHal_v2_0: DefaultVehicleHal::onPropertyValue, value:{.timestamp = 230455957692, .areaId = 0, .prop = 557850868, .status = AVAILABLE, .value = {.int32Values = [1]{0}, .floatValues = [0]{}, .int64Values = [0]{}, .bytes = [0]{}, .stringValue = ""}}
01-30 10:35:53.916   396   452 I VehiclePropertyStore: begin to write value to Store: {.timestamp = 230455957692, .areaId = 0, .prop = 557850868, .status = AVAILABLE, .value = {.int32Values = [1]{0}, .floatValues = [0]{}, .int64Values = [0]{}, .bytes = [0]{}, .stringValue = ""}}
01-30 10:35:53.916   396   452 D adayocomadapter-CommunicationManager: onUpstreamReceive mPropertyId 0x214020f4
01-30 10:35:53.916   396   452 D adayocomadapter-CommunicationManager: onUpstreamReceive mPropertyId 0x214020f5
01-30 10:35:53.916   396   452 D adayocomadapter-CommunicationManager: convertBytesToInt32Memcpy  0
01-30 10:35:53.917   396   452 I vw-vhal : notifyVehicleProperty, propId = 0x214020f5, data = {status: 2, int32Values: [0]}
01-30 10:35:53.917   396   452 I vw-vhal : CanSignalsAdapter::notifyVehicleProperty: solvedValue = {.timestamp = 230456182692, .areaId = 0, .prop = 557850869, .status = AVAILABLE, .value = {.int32Values = [1]{0}, .floatValues = [0]{}, .int64Values = [0]{}, .bytes = [0]{}, .stringValue = ""}}
01-30 10:35:53.917   396   452 I VehiclePropertyStore: begin to write value to Store: {.timestamp = 230456182692, .areaId = 0, .prop = 557850869, .status = AVAILABLE, .value = {.int32Values = [1]{0}, .floatValues = [0]{}, .int64Values = [0]{}, .bytes = [0]{}, .stringValue = ""}}
01-30 10:35:53.917   396   452 I DefaultVehicleHal_v2_0: DefaultVehicleHal::onPropertyValue, value:{.timestamp = 230456182692, .areaId = 0, .prop = 557850869, .status = AVAILABLE, .value = {.int32Values = [1]{0}, .floatValues = [0]{}, .int64Values = [0]{}, .bytes = [0]{}, .stringValue = ""}}
01-30 10:35:53.917   396   452 I VehiclePropertyStore: begin to write value to Store: {.timestamp = 230456182692, .areaId = 0, .prop = 557850869, .status = AVAILABLE, .value = {.int32Values = [1]{0}, .floatValues = [0]{}, .int64Values = [0]{}, .bytes = [0]{}, .stringValue = ""}}
01-30 10:35:53.917   396   452 D adayocomadapter-CommunicationManager: onUpstreamReceive mPropertyId 0x214020f5
01-30 10:35:53.917   396   452 D adayocomadapter-CommunicationManager: onUpstreamReceive mPropertyId 0x214020f6
01-30 10:35:53.917   396   452 D adayocomadapter-CommunicationManager: convertBytesToInt32Memcpy  0
01-30 10:35:53.917   396   452 I vw-vhal : notifyVehicleProperty, propId = 0x214020f6, data = {status: 2, int32Values: [0]}
