01-30 10:35:58.951   396   452 D adayocomadapter-CommunicationManager: onUpstreamReceive mPropertyId 0x21402245
01-30 10:35:58.951   396   452 D adayocomadapter-CommunicationManager: convertBytesToInt32Memcpy  0
01-30 10:35:58.951   396   452 I vw-vhal : notifyVehicleProperty, propId = 0x21402245, data = {status: 2, int32Values: [0]}
01-30 10:35:58.951   396   452 I vw-vhal : CanSignalsAdapter::notifyVehicleProperty: solvedValue = {.timestamp = 235491083359, .areaId = 0, .prop = 557851205, .status = AVAILABLE, .value = {.int32Values = [1]{0}, .floatValues = [0]{}, .int64Values = [0]{}, .bytes = [0]{}, .stringValue = ""}}
01-30 10:35:58.951   396   452 I VehiclePropertyStore: begin to write value to Store: {.timestamp = 235491083359, .areaId = 0, .prop = 557851205, .status = AVAILABLE, .value = {.int32Values = [1]{0}, .floatValues = [0]{}, .int64Values = [0]{}, .bytes = [0]{}, .stringValue = ""}}
01-30 10:35:58.952   396   452 I DefaultVehicleHal_v2_0: DefaultVehicleHal::onPropertyValue, value:{.timestamp = 235491083359, .areaId = 0, .prop = 557851205, .status = AVAILABLE, .value = {.int32Values = [1]{0}, .floatValues = [0]{}, .int64Values = [0]{}, .bytes = [0]{}, .stringValue = ""}}
01-30 10:35:58.952   396   452 I VehiclePropertyStore: begin to write value to Store: {.timestamp = 235491083359, .areaId = 0, .prop = 557851205, .status = AVAILABLE, .value = {.int32Values = [1]{0}, .floatValues = [0]{}, .int64Values = [0]{}, .bytes = [0]{}, .stringValue = ""}}
01-30 10:35:58.952   396   452 D adayocomadapter-CommunicationManager: onUpstreamReceive mPropertyId 0x21402245
01-30 10:35:58.952   396   452 D adayocomadapter-CommunicationManager: onUpstreamReceive mPropertyId 0x21402246
01-30 10:35:58.952   396   452 D adayocomadapter-CommunicationManager: convertBytesToInt32Memcpy  0
01-30 10:35:58.952   396   452 I vw-vhal : notifyVehicleProperty, propId = 0x21402246, data = {status: 2, int32Values: [0]}
01-30 10:35:58.952   396   452 I vw-vhal : CanSignalsAdapter::notifyVehicleProperty: solvedValue = {.timestamp = 235491270026, .areaId = 0, .prop = 557851206, .status = AVAILABLE, .value = {.int32Values = [1]{0}, .floatValues = [0]{}, .int64Values = [0]{}, .bytes = [0]{}, .stringValue = ""}}
01-30 10:35:58.952   396   452 I VehiclePropertyStore: begin to write value to Store: {.timestamp = 235491270026, .areaId = 0, .prop = 557851206, .status = AVAILABLE, .value = {.int32Values = [1]{0}, .floatValues = [0]{}, .int64Values = [0]{}, .bytes = [0]{}, .stringValue = ""}}
01-30 10:35:58.952   396   452 I DefaultVehicleHal_v2_0: DefaultVehicleHal::onPropertyValue, value:{.timestamp = 235491270026, .areaId = 0, .prop = 557851206, .status = AVAILABLE, .value = {.int32Values = [1]{0}, .floatValues = [0]{}, .int64Values = [0]{}, .bytes = [0]{}, .stringValue = ""}}
01-30 10:35:58.952   396   452 I VehiclePropertyStore: begin to write value to Store: {.timestamp = 235491270026, .areaId = 0, .prop = 557851206, .status = AVAILABLE, .value = {.int32Values = [1]{0}, .floatValues = [0]{}, .int64Values = [0]{}, .bytes = [0]{}, .stringValue = ""}}
01-30 10:35:58.952   396   452 D adayocomadapter-CommunicationManager: onUpstreamReceive mPropertyId 0x21402246
01-30 10:35:58.952   396   452 D adayocomadapter-CommunicationManager: onUpstreamReceive mPropertyId 0x21402247
01-30 10:35:58.952   396   452 D adayocomadapter-CommunicationManager: convertBytesToInt32Memcpy  0
01-30 10:35:58.952   396   452 I vw-vhal : notifyVehicleProperty, propId = 0x21402247, data = {status: 2, int32Values: [0]}
01-30 10:35:58.952   396   452 I vw-vhal : CanSignalsAdapter::notifyVehicleProperty: solvedValue = {.timestamp = 235491437693, .areaId = 0, .prop = 557851207, .status = AVAILABLE, .value = {.int32Values = [1]{0}, .floatValues = [0]{}, .int64Values = [0]{}, .bytes = [0]{}, .stringValue = ""}}
01-30 10:35:58.952   396   452 I VehiclePropertyStore: begin to write value to Store: {.timestamp = 235491437693, .areaId = 0, .prop = 557851207, .status = AVAILABLE, .value = {.int32Values = [1]{0}, .floatValues = [0]{}, .int64Values = [0]{}, .bytes = [0]{}, .stringValue = ""}}
01-30 10:35:58.952   396   452 I DefaultVehicleHal_v2_0: DefaultVehicleHal::onPropertyValue, value:{.timestamp = 235491437693, .areaId = 0, .prop = 557851207, .status = AVAILABLE, .value = {.int32Values = [1]{0}, .floatValues = [0]{}, .int64Values = [0]{}, .bytes = [0]{}, .stringValue = ""}}
01-30 10:35:58.952   396   452 I VehiclePropertyStore: begin to write value to Store: {.timestamp = 235491437693, .areaId = 0, .prop = 557851207, .status = AVAILABLE, .value = {.int32Values = [1]{0}, .floatValues = [0]{}, .int64Values = [0]{}, .bytes = [0]{}, .stringValue = ""}}
01-30 10:35:58.952   396   452 D adayocomadapter-CommunicationManager: onUpstreamReceive mPropertyId 0x21402247
01-30 10:35:58.952   396   452 D adayocomadapter-CommunicationManager: onUpstreamReceive mPropertyId 0x21402248
01-30 10:35:58.952   396   452 D adayocomadapter-CommunicationManager: convertBytesToInt32Memcpy  0
01-30 10:35:58.952   396   452 I vw-vhal : notifyVehicleProperty, propId = 0x21402248, data = {status: 2, int32Values: [0]}
01-30 10:35:58.952   396   452 I vw-vhal : CanSignalsAdapter::notifyVehicleProperty: solvedValue = {.timestamp = 235491606359, .areaId = 0, .prop = 557851208, .status = AVAILABLE, .value = {.int32Values = [1]{0}, .floatValues = [0]{}, .int64Values = [0]{}, .bytes = [0]{}, .stringValue = ""}}
01-30 10:35:58.952   396   452 I VehiclePropertyStore: begin to write value to Store: {.timestamp = 235491606359, .areaId = 0, .prop = 557851208, .status = AVAILABLE, .value = {.int32Values = [1]{0}, .floatValues = [0]{}, .int64Values = [0]{}, .bytes = [0]{}, .stringValue = ""}}
01-30 10:35:58.952   396   452 I DefaultVehicleHal_v2_0: DefaultVehicleHal::onPropertyValue, value:{.timestamp = 235491606359, .areaId = 0, .prop = 557851208, .status = AVAILABLE, .value = {.int32Values = [1]{0}, .floatValues = [0]{}, .int64Values = [0]{}, .bytes = [0]{}, .stringValue = ""}}
01-30 10:35:58.952   396   452 I VehiclePropertyStore: begin to write value to Store: {.timestamp = 235491606359, .areaId = 0, .prop = 557851208, .status = AVAILABLE, .value = {.int32Values = [1]{0}, .floatValues = [0]{}, .int64Values = [0]{}, .bytes = [0]{}, .stringValue = ""}}
01-30 10:35:58.952   396   452 D adayocomadapter-CommunicationManager: onUpstreamReceive mPropertyId 0x21402248
01-30 10:35:58.952   396   452 D adayocomadapter-CommunicationManager: onUpstreamReceive mPropertyId 0x21402249
01-30 10:35:58.952   396   452 D adayocomadapter-CommunicationManager: convertBytesToInt32Memcpy  0
01-30 10:35:58.952   396   452 I vw-vhal : notifyVehicleProperty, propId = 0x21402249, data = {status: 2, int32Values: [0]}
01-30 10:35:58.952   396   452 I vw-vhal : CanSignalsAdapter::notifyVehicleProperty: solvedValue = {.timestamp = 235491781359, .areaId = 0, .prop = 557851209, .status = AVAILABLE, .value = {.int32Values = [1]{0}, .floatValues = [0]{}, .int64Values = [0]{}, .bytes = [0]{}, .stringValue = ""}}
01-30 10:35:58.952   396   452 I VehiclePropertyStore: begin to write value to Store: {.timestamp = 235491781359, .areaId = 0, .prop = 557851209, .status = AVAILABLE, .value = {.int32Values = [1]{0}, .floatValues = [0]{}, .int64Values = [0]{}, .bytes = [0]{}, .stringValue = ""}}
01-30 10:35:58.952   396   452 I DefaultVehicleHal_v2_0: DefaultVehicleHal::onPropertyValue, value:{.timestamp = 235491781359, .areaId = 0, .prop = 557851209, .status = AVAILABLE, .value = {.int32Values = [1]{0}, .floatValues = [0]{}, .int64Values = [0]{}, .bytes = [0]{}, .stringValue = ""}}
01-30 10:35:58.952   396   452 I VehiclePropertyStore: begin to write value to Store: {.timestamp = 235491781359, .areaId = 0, .prop = 557851209, .status = AVAILABLE, .value = {.int32Values = [1]{0}, .floatValues = [0]{}, .int64Values = [0]{}, .bytes = [0]{}, .stringValue = ""}}
01-30 10:35:58.952   396   452 D adayocomadapter-CommunicationManager: onUpstreamReceive mPropertyId 0x21402249
01-30 10:35:58.952   396   452 D adayocomadapter-CommunicationManager: onUpstreamReceive mPropertyId 0x2140224b
01-30 10:35:58.952   396   452 D adayocomadapter-CommunicationManager: convertBytesToInt32Memcpy  0
01-30 10:35:58.952   396   452 I vw-vhal : notifyVehicleProperty, propId = 0x2140224b, data = {status: 2, int32Values: [0]}
01-30 10:35:58.952   396   452 I vw-vhal : CanSignalsAdapter::notifyVehicleProperty: solvedValue = {.timestamp = 235491958693, .areaId = 0, .prop = 557851211, .status = AVAILABLE, .value = {.int32Values = [1]{0}, .floatValues = [0]{}, .int64Values = [0]{}, .bytes = [0]{}, .stringValue = ""}}
01-30 10:35:58.952   396   452 I VehiclePropertyStore: begin to write value to Store: {.timestamp = 235491958693, .areaId = 0, .prop = 557851211, .status = AVAILABLE, .value = {.int32Values = [1]{0}, .floatValues = [0]{}, .int64Values = [0]{}, .bytes = [0]{}, .stringValue = ""}}
01-30 10:35:58.952   396   452 I DefaultVehicleHal_v2_0: DefaultVehicleHal::onPropertyValue, value:{.timestamp = 235491958693, .areaId = 0, .prop = 557851211, .status = AVAILABLE, .value = {.int32Values = [1]{0}, .floatValues = [0]{}, .int64Values = [0]{}, .bytes = [0]{}, .stringValue = ""}}
01-30 10:35:58.952   396   452 I VehiclePropertyStore: begin to write value to Store: {.timestamp = 235491958693, .areaId = 0, .prop = 557851211, .status = AVAILABLE, .value = {.int32Values = [1]{0}, .floatValues = [0]{}, .int64Values = [0]{}, .bytes = [0]{}, .stringValue = ""}}
01-30 10:35:58.952   396   452 D adayocomadapter-CommunicationManager: onUpstreamReceive mPropertyId 0x2140224b
01-30 10:35:58.952   396   452 D adayocomadapter-CommunicationManager: onUpstreamReceive mPropertyId 0x2140224d
01-30 10:35:58.952   396   452 D adayocomadapter-CommunicationManager: convertBytesToInt32Memcpy  0
01-30 10:35:58.953   396   452 I vw-vhal : notifyVehicleProperty, propId = 0x2140224d, data = {status: 2, int32Values: [0]}
01-30 10:35:58.953   396   452 I vw-vhal : CanSignalsAdapter::notifyVehicleProperty: solvedValue = {.timestamp = 235492175693, .areaId = 0, .prop = 557851213, .status = AVAILABLE, .value = {.int32Values = [1]{0}, .floatValues = [0]{}, .int64Values = [0]{}, .bytes = [0]{}, .stringValue = ""}}
01-30 10:35:58.953   396   452 I VehiclePropertyStore: begin to write value to Store: {.timestamp = 235492175693, .areaId = 0, .prop = 557851213, .status = AVAILABLE, .value = {.int32Values = [1]{0}, .floatValues = [0]{}, .int64Values = [0]{}, .bytes = [0]{}, .stringValue = ""}}
01-30 10:35:58.953   396   452 I DefaultVehicleHal_v2_0: DefaultVehicleHal::onPropertyValue, value:{.timestamp = 235492175693, .areaId = 0, .prop = 557851213, .status = AVAILABLE, .value = {.int32Values = [1]{0}, .floatValues = [0]{}, .int64Values = [0]{}, .bytes = [0]{}, .stringValue = ""}}
01-30 10:35:58.953   396   452 I VehiclePropertyStore: begin to write value to Store: {.timestamp = 235492175693, .areaId = 0, .prop = 557851213, .status = AVAILABLE, .value = {.int32Values = [1]{0}, .floatValues = [0]{}, .int64Values = [0]{}, .bytes = [0]{}, .stringValue = ""}}
01-30 10:35:58.953   396   452 D adayocomadapter-CommunicationManager: onUpstreamReceive mPropertyId 0x2140224d
01-30 10:35:58.953   396   452 D adayocomadapter-CommunicationManager: onUpstreamReceive mPropertyId 0x2140224f
01-30 10:35:58.953   396   452 D adayocomadapter-CommunicationManager: convertBytesToInt32Memcpy  0
01-30 10:35:58.953   396   452 I vw-vhal : notifyVehicleProperty, propId = 0x2140224f, data = {status: 2, int32Values: [0]}
01-30 10:35:58.953   396   452 I vw-vhal : CanSignalsAdapter::notifyVehicleProperty: solvedValue = {.timestamp = 235492351359, .areaId = 0, .prop = 557851215, .status = AVAILABLE, .value = {.int32Values = [1]{0}, .floatValues = [0]{}, .int64Values = [0]{}, .bytes = [0]{}, .stringValue = ""}}
01-30 10:35:58.953   396   452 I VehiclePropertyStore: begin to write value to Store: {.timestamp = 235492351359, .areaId = 0, .prop = 557851215, .status = AVAILABLE, .value = {.int32Values = [1]{0}, .floatValues = [0]{}, .int64Values = [0]{}, .bytes = [0]{}, .stringValue = ""}}
01-30 10:35:58.953   396   452 I DefaultVehicleHal_v2_0: DefaultVehicleHal::onPropertyValue, value:{.timestamp = 235492351359, .areaId = 0, .prop = 557851215, .status = AVAILABLE, .value = {.int32Values = [1]{0}, .floatValues = [0]{}, .int64Values = [0]{}, .bytes = [0]{}, .stringValue = ""}}
01-30 10:35:58.953   396   452 I VehiclePropertyStore: begin to write value to Store: {.timestamp = 235492351359, .areaId = 0, .prop = 557851215, .status = AVAILABLE, .value = {.int32Values = [1]{0}, .floatValues = [0]{}, .int64Values = [0]{}, .bytes = [0]{}, .stringValue = ""}}
01-30 10:35:58.953   396   452 D adayocomadapter-CommunicationManager: onUpstreamReceive mPropertyId 0x2140224f
01-30 10:35:58.953   396   452 D adayocomadapter-CommunicationManager: onUpstreamReceive mPropertyId 0x21402251
01-30 10:35:58.953   396   452 D adayocomadapter-CommunicationManager: convertBytesToInt32Memcpy  0
01-30 10:35:58.953   396   452 I vw-vhal : notifyVehicleProperty, propId = 0x21402251, data = {status: 2, int32Values: [0]}
01-30 10:35:58.953   396   452 I vw-vhal : CanSignalsAdapter::notifyVehicleProperty: solvedValue = {.timestamp = 235492524026, .areaId = 0, .prop = 557851217, .status = AVAILABLE, .value = {.int32Values = [1]{0}, .floatValues = [0]{}, .int64Values = [0]{}, .bytes = [0]{}, .stringValue = ""}}
01-30 10:35:58.953   396   452 I VehiclePropertyStore: begin to write value to Store: {.timestamp = 235492524026, .areaId = 0, .prop = 557851217, .status = AVAILABLE, .value = {.int32Values = [1]{0}, .floatValues = [0]{}, .int64Values = [0]{}, .bytes = [0]{}, .stringValue = ""}}
01-30 10:35:58.953   396   452 I DefaultVehicleHal_v2_0: DefaultVehicleHal::onPropertyValue, value:{.timestamp = 235492524026, .areaId = 0, .prop = 557851217, .status = AVAILABLE, .value = {.int32Values = [1]{0}, .floatValues = [0]{}, .int64Values = [0]{}, .bytes = [0]{}, .stringValue = ""}}
01-30 10:35:58.953   396   452 I VehiclePropertyStore: begin to write value to Store: {.timestamp = 235492524026, .areaId = 0, .prop = 557851217, .status = AVAILABLE, .value = {.int32Values = [1]{0}, .floatValues = [0]{}, .int64Values = [0]{}, .bytes = [0]{}, .stringValue = ""}}
01-30 10:35:58.953   396   452 D adayocomadapter-CommunicationManager: onUpstreamReceive mPropertyId 0x21402251
01-30 10:35:58.953   396   452 D adayocomadapter-CommunicationManager: onUpstreamReceive mPropertyId 0x21402253
01-30 10:35:58.953   396   452 D adayocomadapter-CommunicationManager: convertBytesToInt32Memcpy  0
01-30 10:35:58.953   396   452 I vw-vhal : notifyVehicleProperty, propId = 0x21402253, data = {status: 2, int32Values: [0]}
01-30 10:35:58.953   396   452 I vw-vhal : CanSignalsAdapter::notifyVehicleProperty: solvedValue = {.timestamp = 235492707359, .areaId = 0, .prop = 557851219, .status = AVAILABLE, .value = {.int32Values = [1]{0}, .floatValues = [0]{}, .int64Values = [0]{}, .bytes = [0]{}, .stringValue = ""}}
01-30 10:35:58.953   396   452 I VehiclePropertyStore: begin to write value to Store: {.timestamp = 235492707359, .areaId = 0, .prop = 557851219, .status = AVAILABLE, .value = {.int32Values = [1]{0}, .floatValues = [0]{}, .int64Values = [0]{}, .bytes = [0]{}, .stringValue = ""}}
01-30 10:35:58.953   396   452 I DefaultVehicleHal_v2_0: DefaultVehicleHal::onPropertyValue, value:{.timestamp = 235492707359, .areaId = 0, .prop = 557851219, .status = AVAILABLE, .value = {.int32Values = [1]{0}, .floatValues = [0]{}, .int64Values = [0]{}, .bytes = [0]{}, .stringValue = ""}}
01-30 10:35:58.953   396   452 I VehiclePropertyStore: begin to write value to Store: {.timestamp = 235492707359, .areaId = 0, .prop = 557851219, .status = AVAILABLE, .value = {.int32Values = [1]{0}, .floatValues = [0]{}, .int64Values = [0]{}, .bytes = [0]{}, .stringValue = ""}}
01-30 10:35:58.953   396   452 D adayocomadapter-CommunicationManager: onUpstreamReceive mPropertyId 0x21402253
01-30 10:35:58.953   396   452 D adayocomadapter-CommunicationManager: onUpstreamReceive mPropertyId 0x21402254
01-30 10:35:58.953   396   452 D adayocomadapter-CommunicationManager: convertBytesToInt32Memcpy  0
01-30 10:35:58.953   396   452 I vw-vhal : notifyVehicleProperty, propId = 0x21402254, data = {status: 2, int32Values: [0]}
01-30 10:35:58.953   396   452 I vw-vhal : CanSignalsAdapter::notifyVehicleProperty: solvedValue = {.timestamp = 235492891693, .areaId = 0, .prop = 557851220, .status = AVAILABLE, .value = {.int32Values = [1]{0}, .floatValues = [0]{}, .int64Values = [0]{}, .bytes = [0]{}, .stringValue = ""}}
01-30 10:35:58.953   396   452 I VehiclePropertyStore: begin to write value to Store: {.timestamp = 235492891693, .areaId = 0, .prop = 557851220, .status = AVAILABLE, .value = {.int32Values = [1]{0}, .floatValues = [0]{}, .int64Values = [0]{}, .bytes = [0]{}, .stringValue = ""}}
01-30 10:35:58.953   396   452 I DefaultVehicleHal_v2_0: DefaultVehicleHal::onPropertyValue, value:{.timestamp = 235492891693, .areaId = 0, .prop = 557851220, .status = AVAILABLE, .value = {.int32Values = [1]{0}, .floatValues = [0]{}, .int64Values = [0]{}, .bytes = [0]{}, .stringValue = ""}}
01-30 10:35:58.953   396   452 I VehiclePropertyStore: begin to write value to Store: {.timestamp = 235492891693, .areaId = 0, .prop = 557851220, .status = AVAILABLE, .value = {.int32Values = [1]{0}, .floatValues = [0]{}, .int64Values = [0]{}, .bytes = [0]{}, .stringValue = ""}}
01-30 10:35:58.953   396   452 D adayocomadapter-CommunicationManager: onUpstreamReceive mPropertyId 0x21402254
01-30 10:35:58.954   652  2032 I audio_hw_streamer: 569 capture_thread_loop: select [ch 8 -> ch 4] [15360 -> 7680] bytes data 
01-30 10:35:58.956  1513  2260 D TboxNetworkManager: tboxNetworkbinder=null
01-30 10:35:58.958   706   722 D sde     : [SDE::zipArchiveFolder]  Debug: property_set persist.sde.last.number success
01-30 10:35:58.959   706   722 D sde     : [SDE::deleteFolder]  Debug: deleteFolder :data/sde/crash_12577_com.adayo.carplay_20260130_103558
01-30 10:35:58.960   706   706 D sde     : [SDE::socket_listen]  Debug: Accept_fd 5
01-30 10:35:58.960   706   706 D sde     : [SDE::socket_listen]  Debug: receive msg from client : crash|12626|com.adayo.carplay
01-30 10:35:58.960   706   706 D sde     : [SDE::socket_listen]  Debug: Accept_fd 5
01-30 10:35:58.960   706   706 D sde     : [SDE::socket_listen]  Debug: receive msg from client : crash|12629|com.fawvw.intelligentmodeservice
01-30 10:35:58.960   706   706 D sde     : [SDE::socket_listen]  Debug: Accept_fd 5
01-30 10:35:58.960   706   706 D sde     : [SDE::socket_listen]  Debug: receive msg from client : crash|12672|com.adayo.carplay
01-30 10:35:58.960   706   706 D sde     : [SDE::socket_listen]  Debug: Accept_fd 5
01-30 10:35:58.960   706   706 D sde     : [SDE::socket_listen]  Debug: receive msg from client : crash|12675|com.fawvw.intelligentmodeservice
01-30 10:35:58.960   706   706 D sde     : [SDE::socket_listen]  Debug: Accept_fd 5
01-30 10:35:58.960   706   706 D sde     : [SDE::socket_listen]  Debug: receive msg from client : crash|12720|com.adayo.carplay
01-30 10:35:58.960   706   706 D sde     : [SDE::socket_listen]  Debug: Accept_fd 5
01-30 10:35:58.960   851  2748 I SdException: disconnecting...
01-30 10:35:58.960   706   706 D sde     : [SDE::socket_listen]  Debug: receive msg from client : crash|12832|com.fawvw.intelligentmodeservice
01-30 10:35:58.960   851  1856 I SdException: disconnecting...
01-30 10:35:58.960   706   706 D sde     : [SDE::socket_listen]  Debug: Accept_fd 5
01-30 10:35:58.960   706   706 D sde     : [SDE::socket_listen]  Debug: receive msg from client : crash|12863|com.adayo.carplay
01-30 10:35:58.960   706   706 D sde     : [SDE::socket_listen]  Debug: Accept_fd 5
01-30 10:35:58.960   706   706 D sde     : [SDE::socket_listen]  Debug: receive msg from client : crash|12903|com.fawvw.intelligentmodeservice
01-30 10:35:58.960   706   706 D sde     : [SDE::socket_listen]  Debug: Accept_fd 5
01-30 10:35:58.960   706   706 D sde     : [SDE::socket_listen]  Debug: receive msg from client : crash|12941|com.adayo.carplay
01-30 10:35:58.961   706   722 D sde     : [SDE::hasEnoughSpace]  Debug: avaiPercent = 89, limitPercent = 90
01-30 10:35:58.961   584  1266 E WifiHAL : Invalid data received from driver
01-30 10:35:58.961   706   722 D sde     : [SDE::CreateFolder]  Debug: CreateFolder type :crash ,pid :12580, package :com.fawvw.intelligentmodeservice ,tombstone :
01-30 10:35:58.961   706   722 D sde     : [SDE::CreateFolder]  Debug: logpath : data/sde/crash_12580_com.fawvw.intelligentmodeservice_20260130_103558
01-30 10:35:58.961   706   722 D sde     : [SDE::CollectExceptionMessage]  Debug: CreateFolder = data/sde/crash_12580_com.fawvw.intelligentmodeservice_20260130_103558 
01-30 10:35:58.961   706   722 D sde     : [SDE::CatchLog]  Debug: CatchLog : crash,data/sde/crash_12580_com.fawvw.intelligentmodeservice_20260130_103558
01-30 10:35:58.961   706   722 D sde     : [SDE::CatchJE]  Debug: CatchJE data/sde/crash_12580_com.fawvw.intelligentmodeservice_20260130_103558
01-30 10:35:58.962   851  1856 W ActivityManager: Process com.adayo.carplay has crashed too many times, killing! Reason: crashed quickly
01-30 10:35:58.962   851  1856 I am_process_crashed_too_much: [0,com.adayo.carplay,1000]
01-30 10:35:58.964   851  1856 I sysui_multi_action: [757,316,758,4,759,-1]
01-30 10:35:58.964   851  2748 W ActivityManager: Process com.fawvw.intelligentmodeservice has crashed too many times, killing! Reason: crashed quickly
01-30 10:35:58.965   851  2748 I am_process_crashed_too_much: [0,com.fawvw.intelligentmodeservice,1000]
01-30 10:35:58.965 12941 12965 I Process : Sending signal. PID: 12941 SIG: 9
01-30 10:35:58.967   851  2748 I sysui_multi_action: [757,316,758,4,759,-1]
01-30 10:35:58.967 12903 12903 I Process : Sending signal. PID: 12903 SIG: 9
01-30 10:35:58.973   652  2032 I audio_hw_streamer: 569 capture_thread_loop: select [ch 8 -> ch 4] [15360 -> 7680] bytes data 
01-30 10:35:58.977  1279  1340 W libc    : Access denied finding property "service.bootanim.exit"
01-30 10:35:58.974  1279  1279 I auditd  : type=1400 audit(0.0:18598): avc:  denied  { read } for  comm="CarPopupManagem" name="u:object_r:bootanim_system_prop:s0" dev="tmpfs" ino=100 scontext=u:r:carservice_app:s0 tcontext=u:object_r:bootanim_system_prop:s0 tclass=file permissive=0
01-30 10:35:58.974  1279  1279 W CarPopupManagem: type=1400 audit(0.0:18598): avc:  denied  { read } for  name="u:object_r:bootanim_system_prop:s0" dev="tmpfs" ino=100 scontext=u:r:carservice_app:s0 tcontext=u:object_r:bootanim_system_prop:s0 tclass=file permissive=0
01-30 10:35:58.977  1279  1340 I CarPopupManagementService: VIN popup delayed, waiting for boot animation exit.
01-30 10:35:58.992  1371  3094 E FawPowerService: vehicleCallbackList onCallbackDied callback: vendor.fawvw.fawsystemserver.fawvwpower.IVehicleModeListener$Stub$Proxy@2b56852 ,packageName : com.fawvw.intelligentmodeservice
01-30 10:35:58.992   851  2748 I ActivityManager: Process com.fawvw.intelligentmodeservice (pid 12903) has died: pers PER 
01-30 10:35:58.993   851  2748 I am_proc_died: [0,12903,com.fawvw.intelligentmodeservice,-800,0]
01-30 10:35:58.993   652  2032 I audio_hw_streamer: 569 capture_thread_loop: select [ch 8 -> ch 4] [15360 -> 7680] bytes data 
01-30 10:35:58.994   568   568 I Zygote  : Process 12903 exited due to signal 9 (Killed)
01-30 10:35:58.995   851  2748 W ActivityManager: Scheduling restart of crashed service com.fawvw.intelligentmodeservice/.ModeService in 0ms for persistent
01-30 10:35:58.995   851  2748 I am_schedule_service_restart: [0,com.fawvw.intelligentmodeservice/.ModeService,0]
01-30 10:35:58.996   851  2748 W ActivityManager: Re-adding persistent process ProcessRecord{68110fb 12903:com.fawvw.intelligentmodeservice/1000}
01-30 10:35:58.997  1279  1324 D CAR.DIAGNOSTIC: Entry - Type: 0x01, ServiceId: 0x2061, InstanceId: 0x0001, MajorVersion: 0x01FFFFFF, TTL: 0
01-30 10:35:58.997  1279  1326 D CAR.DIAGNOSTIC: Entry - Type: 0x01, ServiceId: 0x2061, InstanceId: 0x0001, MajorVersion: 0x01FFFFFF, TTL: 0
01-30 10:35:58.997  1279  1324 W CAR.DIAGNOSTIC: Not enough data for option indices: needed 64, remaining 32
01-30 10:35:58.997  1279  1329 D CAR.DIAGNOSTIC: Entry - Type: 0x01, ServiceId: 0x2061, InstanceId: 0x0001, MajorVersion: 0x01FFFFFF, TTL: 0
01-30 10:35:58.997  1279  1329 W CAR.DIAGNOSTIC: Not enough data for option indices: needed 64, remaining 32
01-30 10:35:58.998  2344  2572 W PermissionServerManager: ┌──────────────────────────────────────────────────────────────────────────────────────────────────────────────────────────────────────┐
01-30 10:35:58.998  2344  2572 W PermissionServerManager: │[10:35:58.996][binder:2344_4][lambda$registerPermissionSwitchListener$1$com-fawvw-mw-permission-business-ipc-PermissionServerManager:60]│
01-30 10:35:58.998  2344  2572 W PermissionServerManager: │ Binder is dead for package: com.adayo.carplay, removing callback.                                                                    │
01-30 10:35:58.998  2344  2572 W PermissionServerManager: └──────────────────────────────────────────────────────────────────────────────────────────────────────────────────────────────────────┘
01-30 10:35:58.994 12977 12977 I auditd  : type=1400 audit(0.0:18599): avc:  denied  { read } for  comm="pgrep" scontext=u:r:ota_init_shell:s0 tcontext=u:r:vendor_init:s0 tclass=file permissive=0
01-30 10:35:58.998   568   568 I Zygote  : Process 12941 exited due to signal 9 (Killed)
01-30 10:35:58.994 12977 12977 W pgrep   : type=1400 audit(0.0:18599): avc:  denied  { read } for  scontext=u:r:ota_init_shell:s0 tcontext=u:r:vendor_init:s0 tclass=file permissive=0
01-30 10:35:58.998  1279  1326 W CAR.DIAGNOSTIC: Not enough data for option indices: needed 64, remaining 32
01-30 10:35:58.994 12977 12977 I auditd  : type=1400 audit(0.0:18600): avc:  denied  { read } for  comm="pgrep" scontext=u:r:ota_init_shell:s0 tcontext=u:r:ueventd:s0 tclass=file permissive=0
01-30 10:35:58.994 12977 12977 W pgrep   : type=1400 audit(0.0:18600): avc:  denied  { read } for  scontext=u:r:ota_init_shell:s0 tcontext=u:r:ueventd:s0 tclass=file permissive=0
01-30 10:35:58.994 12977 12977 I auditd  : type=1400 audit(0.0:18601): avc:  denied  { read } for  comm="pgrep" scontext=u:r:ota_init_shell:s0 tcontext=u:r:prng_seeder:s0 tclass=file permissive=0
01-30 10:35:58.994 12977 12977 W pgrep   : type=1400 audit(0.0:18601): avc:  denied  { read } for  scontext=u:r:ota_init_shell:s0 tcontext=u:r:prng_seeder:s0 tclass=file permissive=0
01-30 10:35:58.994 12977 12977 I auditd  : type=1400 audit(0.0:18602): avc:  denied  { read } for  comm="pgrep" scontext=u:r:ota_init_shell:s0 tcontext=u:r:sdcvd:s0 tclass=file permissive=0
01-30 10:35:58.994 12977 12977 W pgrep   : type=1400 audit(0.0:18602): avc:  denied  { read } for  scontext=u:r:ota_init_shell:s0 tcontext=u:r:sdcvd:s0 tclass=file permissive=0
01-30 10:35:58.999  1602 10685 I CarPlayServerProxy: binderDied ,iCarPlayProxy :com.adayo.carplay.proxy.ICarPlayProxy$Stub$Proxy@e854de0
01-30 10:35:58.999  1602  1602 I CarPlayServerProxy: onServiceDisconnected: 
01-30 10:35:58.999  1602 10685 I CarPlayServerProxy: connectToServer: 
01-30 10:35:58.999  1602  1602 D v251013.1_CM_CarPlayCM: onServiceDisConnected
01-30 10:35:58.999  1602  1602 E CarPlayServerProxy: checkConnect: is disconnect try connect, isConnect = false, iCarPlayProxy = null
01-30 10:35:58.999  1602  1602 I CarPlayServerProxy: connectToServer: 
01-30 10:35:59.000  1602 10685 W ContextImpl: Calling a method in the system process without a qualified user: android.app.ContextImpl.bindService:1988 android.content.ContextWrapper.bindService:861 com.adayo.carplay.proxy.CarPlayProxy.connectToServer:125 com.adayo.carplay.proxy.CarPlayProxy.access$200:21 com.adayo.carplay.proxy.CarPlayProxy$1.binderDied:41 
01-30 10:35:59.000  1602  1602 W ContextImpl: Calling a method in the system process without a qualified user: android.app.ContextImpl.bindService:1988 android.content.ContextWrapper.bindService:861 com.adayo.carplay.proxy.CarPlayProxy.connectToServer:125 com.adayo.carplay.proxy.CarPlayProxy.checkConnect:133 com.adayo.carplay.proxy.CarPlayProxy.unregisterCpListener:365 
01-30 10:35:59.001   851  1063 I libprocessgroup: Successfully killed process cgroup uid 1000 pid 12903 in 7ms
01-30 10:35:59.002   851  2748 D CompatibilityChangeReporter: Compat change id reported: 135634846; UID 1000; state: DISABLED
01-30 10:35:59.003   851  2748 D CompatibilityChangeReporter: Compat change id reported: 177438394; UID 1000; state: DISABLED
01-30 10:35:59.003   851  2748 D CompatibilityChangeReporter: Compat change id reported: 135772972; UID 1000; state: DISABLED
01-30 10:35:59.003   851  2748 D CompatibilityChangeReporter: Compat change id reported: 135754954; UID 1000; state: ENABLED
01-30 10:35:59.007   851  2748 W ProcessStats: Tracking association SourceState{fe1e17f com.android.car.dialer/1000 Fgs #1536} whose proc state 3 is better than process ProcessState{a439e7d com.fawvw.mw.infotainmentbridge/10063 pkg=com.fawvw.mw.infotainmentbridge} proc state 5 (35 skipped)
01-30 10:35:59.008   851  1149 D JobScheduler.Quota: Processing event 31 for <0>com.fawvw.intelligentmodeservice
01-30 10:35:59.011   851  2689 I ActivityManager: Process com.adayo.carplay (pid 12941) has died: pers PER 
01-30 10:35:59.012   851  1063 I libprocessgroup: Successfully killed process cgroup uid 1000 pid 12941 in 0ms
01-30 10:35:59.012   851  2689 I am_proc_died: [0,12941,com.adayo.carplay,-800,0]
01-30 10:35:59.013   652  2032 I audio_hw_streamer: 569 capture_thread_loop: select [ch 8 -> ch 4] [15360 -> 7680] bytes data 
01-30 10:35:59.019   851  2689 W ActivityManager: Scheduling restart of crashed service com.adayo.carplay/.service.CarPlayService in 0ms for persistent
01-30 10:35:59.019   851  2689 I am_schedule_service_restart: [0,com.adayo.carplay/.service.CarPlayService,0]
01-30 10:35:59.020   568   568 D Zygote  : Forked child process 12981
01-30 10:35:59.021   851  2689 W ActivityManager: Re-adding persistent process ProcessRecord{7c8ce39 12941:com.adayo.carplay/1000}
01-30 10:35:59.027   851  1061 I dvm_lock_sample: [system_server,1,ActivityManager:procStart,6,ProcessList.java,2079,void com.android.server.am.ProcessList.lambda$handleProcessStart$1(com.android.server.am.ProcessRecord, java.lang.String, int[], int, int, int, java.lang.String, java.lang.String, java.lang.String, long),ActivityManagerService.java,1590,void com.android.server.am.ActivityManagerService$AppDeathRecipient.binderDied(),1]
01-30 10:35:59.028   851  1061 I am_proc_start: [0,12981,1000,com.fawvw.intelligentmodeservice,restart,com.fawvw.intelligentmodeservice]
01-30 10:35:59.028   851  1061 I ActivityManager: Start proc 12981:com.fawvw.intelligentmodeservice/1000 for restart com.fawvw.intelligentmodeservice
01-30 10:35:59.029   851   851 I notification_cancel: [1000,0,com.adayo.carplay,1,NULL,0,0,0,8,NULL]
01-30 10:35:59.030   851  1149 D JobScheduler.Quota: Processing event 31 for <0>com.adayo.carplay
01-30 10:35:59.031   851   851 D ResponseStatsTracker: notification:+3m55s567ms; event=<cancelled>, pkg=com.adayo.carplay, usr=0
01-30 10:35:59.031   851   851 I sysui_multi_action: [757,128,758,5,759,8,793,328,794,0,795,328,796,1,806,com.adayo.carplay,857,carplay_channel,858,2,947,0,1500,125,1688,1]
01-30 10:35:59.031   851   851 I notification_canceled: [0|com.adayo.carplay|1|null|1000,8,328,328,0,-1,-1,NULL]
01-30 10:35:59.033   652  2032 I audio_hw_streamer: 569 capture_thread_loop: select [ch 8 -> ch 4] [15360 -> 7680] bytes data 
01-30 10:35:59.035   851   851 D NotificationService: 0|com.adayo.carplay|1|null|1000: updating permissions
01-30 10:35:59.036  2766  2766 D J01Launcher_Notification: onNotificationRemoved
01-30 10:35:59.037   851   851 I NotificationService: Cannot find enqueued record for key: 0|com.adayo.carplay|1|null|1000
01-30 10:35:59.037   851   851 D NotificationService: PostNotification: Abandoned after 204 ms
01-30 10:35:59.043   568   568 D Zygote  : Forked child process 12984
01-30 10:35:59.044   851  1061 I am_proc_start: [0,12984,1000,com.adayo.carplay,restart,com.adayo.carplay]
01-30 10:35:59.044   851  1061 I ActivityManager: Start proc 12984:com.adayo.carplay/1000 for restart com.adayo.carplay
01-30 10:35:59.053   652  2032 I audio_hw_streamer: 569 capture_thread_loop: select [ch 8 -> ch 4] [15360 -> 7680] bytes data 
01-30 10:35:59.064   584  1266 E WifiHAL : Invalid data received from driver
01-30 10:35:59.068 12984 12984 I m.adayo.carplay: Using CollectorTypeCC GC.
01-30 10:35:59.068 12981 12981 I gentmodeservice: Using CollectorTypeCC GC.
01-30 10:35:59.071 12981 12981 D gentmodeservice: Received session metadata: 1969569059203814449
01-30 10:35:59.072 12984 12984 D m.adayo.carplay: Received session metadata: 6825791322699780298
01-30 10:35:59.073   652  2032 I audio_hw_streamer: 569 capture_thread_loop: select [ch 8 -> ch 4] [15360 -> 7680] bytes data 
01-30 10:35:59.074 12981 12981 E gentmodeservice: Not starting debugger since process cannot load the jdwp agent.
01-30 10:35:59.076 12984 12984 E m.adayo.carplay: Not starting debugger since process cannot load the jdwp agent.
01-30 10:35:59.081   851  1047 D NotificationService: handleSavePolicyFile
01-30 10:35:59.087   851  1047 I commit_sys_config_file: [notification-policy,222117]
01-30 10:35:59.088   851  1856 I am_proc_bound: [0,12981,com.fawvw.intelligentmodeservice]
01-30 10:35:59.091   851  2689 I am_proc_bound: [0,12984,com.adayo.carplay]
01-30 10:35:59.092 12981 12981 D CompatibilityChangeReporter: Compat change id reported: 171979766; UID 1000; state: ENABLED
01-30 10:35:59.093 12981 12981 D CompatibilityChangeReporter: Compat change id reported: 242716250; UID 1000; state: ENABLED
01-30 10:35:59.093   652  2032 I audio_hw_streamer: 569 capture_thread_loop: select [ch 8 -> ch 4] [15360 -> 7680] bytes data 
01-30 10:35:59.095   652  2028 I audio_hw_x9: 1051 in_read: mic_flag bit was checked twice! 
01-30 10:35:59.095 12984 12984 D CompatibilityChangeReporter: Compat change id reported: 171979766; UID 1000; state: DISABLED
01-30 10:35:59.096 12984 12984 D CompatibilityChangeReporter: Compat change id reported: 242716250; UID 1000; state: DISABLED
01-30 10:35:59.105 12981 12981 D nativeloader: Configuring clns-shared-7 for other apk /system_ext/app/IntelligentModeService/IntelligentModeService.apk. target_sdk_version=34, uses_libraries=, library_path=/system_ext/app/IntelligentModeService/lib/arm64:/system_ext/app/IntelligentModeService/IntelligentModeService.apk!/lib/arm64-v8a:/system/lib64:/system_ext/lib64, permitted_path=/data:/mnt/expand:/data/user/0/com.fawvw.intelligentmodeservice:/system_ext/app/IntelligentModeService:/system/lib64:/system_ext/lib64
01-30 10:35:59.110 11580 12897 W adbd    : timed out while waiting for FUNCTIONFS_BIND, trying again
01-30 10:35:59.110 11580 12897 I adbd    : UsbFfs: connection terminated: monitor thread finished
01-30 10:35:59.110 11580 11580 I adbd    : UsbFfs: already offline
01-30 10:35:59.110 11580 11580 I adbd    : destroying transport UsbFfs
01-30 10:35:59.110 11580 11580 I adbd    : UsbFfsConnection being destroyed
01-30 10:35:59.112 12984 12984 D nativeloader: Configuring clns-shared-7 for other apk /system/app/CarPlay/CarPlay.apk. target_sdk_version=30, uses_libraries=, library_path=/system/app/CarPlay/lib/arm64:/system/app/CarPlay/CarPlay.apk!/lib/arm64-v8a:/system/lib64:/system_ext/lib64, permitted_path=/data:/mnt/expand:/data/user/0/com.adayo.carplay:/system/app/CarPlay:/system/lib64:/system_ext/lib64
01-30 10:35:59.113   652  2032 I audio_hw_streamer: 569 capture_thread_loop: select [ch 8 -> ch 4] [15360 -> 7680] bytes data 
01-30 10:35:59.128   644   707 I mcuc    : sd Uart data : 6AA6020853000292020D
01-30 10:35:59.130   851  2689 D NetworkPolicy: Blocked state of 10066: {blocked=NONE,allowed=FOREGROUND|TOP|METERED_FOREGROUND,effective=NONE}
01-30 10:35:59.133   652  2032 I audio_hw_streamer: 569 capture_thread_loop: select [ch 8 -> ch 4] [15360 -> 7680] bytes data 
01-30 10:35:59.133   644   707 I mcuc    : rev uart=2232,len=20, data : 6AA6810853000C9202000800000000000000007C
01-30 10:35:59.134   644   707 I mcuc    : sd Uart data : 6AA6020854000292020C
01-30 10:35:59.134   396   396 D adayocomadapter-ParseProtocolFunc: printRaWMsg Name[MCUToUPstream recv] len[12] data[920200080000000000000000]
01-30 10:35:59.134   396   396 D adayocomadapter-CommunicationManager: onUpstreamback   member[0] dataLength[9] timePoint[235673]
01-30 10:35:59.134   396   396 D adayocomadapter-ParseProtocolFunc: printRaWMsg Name[onUpstreamback] len[9] data[080000000000000000]
01-30 10:35:59.134   396   452 D adayocomadapter-UpstreamHandler: processBeforePacket upSreamtProcessTimePoint[235673] 
01-30 10:35:59.134   396   452 D adayocomadapter-UpstreamHandler: processPacket UPSTREAM_QUEUE_DATA_TIMEOUT
01-30 10:35:59.134   396   452 D adayocomadapter-ParseProtocolFunc: parseCommonIPCLBytes Processing tableNumber[8]
01-30 10:35:59.134   396   452 D adayocomadapter-ParseProtocolFunc: parseCommonIPCLBytes Processing tablename[Table-8] tableSize[9]
01-30 10:35:59.134   396   452 D adayocomadapter-ParseProtocolFunc: printRaWMsg Name[byteStream recv] len[9] data[080000000000000000]
01-30 10:35:59.134   396   452 D adayocomadapter-ParseProtocolFunc: printRaWMsg Name[IPCLtoVHAL] len[7] data[2141208F010000]
01-30 10:35:59.134   396   452 D adayocomadapter-ParseProtocolFunc: printRaWMsg Name[IPCLtoVHAL] len[7] data[21412090010000]
01-30 10:35:59.134   396   452 D adayocomadapter-ParseProtocolFunc: printRaWMsg Name[IPCLtoVHAL] len[7] data[21412091010000]
01-30 10:35:59.134   396   452 D adayocomadapter-ParseProtocolFunc: printRaWMsg Name[IPCLtoVHAL] len[7] data[21412092010000]
01-30 10:35:59.134   396   452 D adayocomadapter-CommunicationManager: onUpstreamReceive mPropertyId 0x2141208f
01-30 10:35:59.134   396   452 I vw-vhal : notifyVehicleProperty, propId = 0x2141208f, data = {status: 2, int32Values: [0, 0]}
01-30 10:35:59.134   396   452 I vw-vhal : CanSignalsAdapter::notifyVehicleProperty: solvedValue = {.timestamp = 235674001693, .areaId = 0, .prop = 557916303, .status = AVAILABLE, .value = {.int32Values = [2]{0, 0}, .floatValues = [0]{}, .int64Values = [0]{}, .bytes = [0]{}, .stringValue = ""}}
01-30 10:35:59.134   396   452 I VehiclePropertyStore: begin to write value to Store: {.timestamp = 235674001693, .areaId = 0, .prop = 557916303, .status = AVAILABLE, .value = {.int32Values = [2]{0, 0}, .floatValues = [0]{}, .int64Values = [0]{}, .bytes = [0]{}, .stringValue = ""}}
01-30 10:35:59.134   396   452 I DefaultVehicleHal_v2_0: DefaultVehicleHal::onPropertyValue, value:{.timestamp = 235674001693, .areaId = 0, .prop = 557916303, .status = AVAILABLE, .value = {.int32Values = [2]{0, 0}, .floatValues = [0]{}, .int64Values = [0]{}, .bytes = [0]{}, .stringValue = ""}}
01-30 10:35:59.134   396   452 I VehiclePropertyStore: begin to write value to Store: {.timestamp = 235674001693, .areaId = 0, .prop = 557916303, .status = AVAILABLE, .value = {.int32Values = [2]{0, 0}, .floatValues = [0]{}, .int64Values = [0]{}, .bytes = [0]{}, .stringValue = ""}}
01-30 10:35:59.135   396   452 D adayocomadapter-CommunicationManager: onUpstreamReceive mPropertyId 0x2141208f
01-30 10:35:59.135   396   452 D adayocomadapter-CommunicationManager: onUpstreamReceive mPropertyId 0x21412090
01-30 10:35:59.135   396   452 I vw-vhal : notifyVehicleProperty, propId = 0x21412090, data = {status: 2, int32Values: [0, 0]}
01-30 10:35:59.135   396   452 I vw-vhal : CanSignalsAdapter::notifyVehicleProperty: solvedValue = {.timestamp = 235674214693, .areaId = 0, .prop = 557916304, .status = AVAILABLE, .value = {.int32Values = [2]{0, 0}, .floatValues = [0]{}, .int64Values = [0]{}, .bytes = [0]{}, .stringValue = ""}}
01-30 10:35:59.135   396   452 I VehiclePropertyStore: begin to write value to Store: {.timestamp = 235674214693, .areaId = 0, .prop = 557916304, .status = AVAILABLE, .value = {.int32Values = [2]{0, 0}, .floatValues = [0]{}, .int64Values = [0]{}, .bytes = [0]{}, .stringValue = ""}}
01-30 10:35:59.135   396   452 I DefaultVehicleHal_v2_0: DefaultVehicleHal::onPropertyValue, value:{.timestamp = 235674214693, .areaId = 0, .prop = 557916304, .status = AVAILABLE, .value = {.int32Values = [2]{0, 0}, .floatValues = [0]{}, .int64Values = [0]{}, .bytes = [0]{}, .stringValue = ""}}
01-30 10:35:59.135   396   452 I VehiclePropertyStore: begin to write value to Store: {.timestamp = 235674214693, .areaId = 0, .prop = 557916304, .status = AVAILABLE, .value = {.int32Values = [2]{0, 0}, .floatValues = [0]{}, .int64Values = [0]{}, .bytes = [0]{}, .stringValue = ""}}
01-30 10:35:59.135   396   452 D adayocomadapter-CommunicationManager: onUpstreamReceive mPropertyId 0x21412090
01-30 10:35:59.135   396   452 D adayocomadapter-CommunicationManager: onUpstreamReceive mPropertyId 0x21412091
01-30 10:35:59.135   396   452 I vw-vhal : notifyVehicleProperty, propId = 0x21412091, data = {status: 2, int32Values: [0, 0]}
01-30 10:35:59.135   396   452 I vw-vhal : CanSignalsAdapter::notifyVehicleProperty: solvedValue = {.timestamp = 235674389026, .areaId = 0, .prop = 557916305, .status = AVAILABLE, .value = {.int32Values = [2]{0, 0}, .floatValues = [0]{}, .int64Values = [0]{}, .bytes = [0]{}, .stringValue = ""}}
01-30 10:35:59.135   396   452 I VehiclePropertyStore: begin to write value to Store: {.timestamp = 235674389026, .areaId = 0, .prop = 557916305, .status = AVAILABLE, .value = {.int32Values = [2]{0, 0}, .floatValues = [0]{}, .int64Values = [0]{}, .bytes = [0]{}, .stringValue = ""}}
01-30 10:35:59.135   396   452 I DefaultVehicleHal_v2_0: DefaultVehicleHal::onPropertyValue, value:{.timestamp = 235674389026, .areaId = 0, .prop = 557916305, .status = AVAILABLE, .value = {.int32Values = [2]{0, 0}, .floatValues = [0]{}, .int64Values = [0]{}, .bytes = [0]{}, .stringValue = ""}}
01-30 10:35:59.135   396   452 I VehiclePropertyStore: begin to write value to Store: {.timestamp = 235674389026, .areaId = 0, .prop = 557916305, .status = AVAILABLE, .value = {.int32Values = [2]{0, 0}, .floatValues = [0]{}, .int64Values = [0]{}, .bytes = [0]{}, .stringValue = ""}}
01-30 10:35:59.135   396   452 D adayocomadapter-CommunicationManager: onUpstreamReceive mPropertyId 0x21412091
01-30 10:35:59.135   396   452 D adayocomadapter-CommunicationManager: onUpstreamReceive mPropertyId 0x21412092
01-30 10:35:59.135   396   452 I vw-vhal : notifyVehicleProperty, propId = 0x21412092, data = {status: 2, int32Values: [0, 0]}
01-30 10:35:59.135   396   452 I vw-vhal : CanSignalsAdapter::notifyVehicleProperty: solvedValue = {.timestamp = 235674559359, .areaId = 0, .prop = 557916306, .status = AVAILABLE, .value = {.int32Values = [2]{0, 0}, .floatValues = [0]{}, .int64Values = [0]{}, .bytes = [0]{}, .stringValue = ""}}
01-30 10:35:59.135   396   452 I VehiclePropertyStore: begin to write value to Store: {.timestamp = 235674559359, .areaId = 0, .prop = 557916306, .status = AVAILABLE, .value = {.int32Values = [2]{0, 0}, .floatValues = [0]{}, .int64Values = [0]{}, .bytes = [0]{}, .stringValue = ""}}
01-30 10:35:59.135   396   452 I DefaultVehicleHal_v2_0: DefaultVehicleHal::onPropertyValue, value:{.timestamp = 235674559359, .areaId = 0, .prop = 557916306, .status = AVAILABLE, .value = {.int32Values = [2]{0, 0}, .floatValues = [0]{}, .int64Values = [0]{}, .bytes = [0]{}, .stringValue = ""}}
01-30 10:35:59.135   396   452 I VehiclePropertyStore: begin to write value to Store: {.timestamp = 235674559359, .areaId = 0, .prop = 557916306, .status = AVAILABLE, .value = {.int32Values = [2]{0, 0}, .floatValues = [0]{}, .int64Values = [0]{}, .bytes = [0]{}, .stringValue = ""}}
01-30 10:35:59.135   396   452 D adayocomadapter-CommunicationManager: onUpstreamReceive mPropertyId 0x21412092
01-30 10:35:59.140   644   707 I mcuc    : rev uart=2233,len=57, data : 6AA681085400319202001200001E1E000000000000000000000000000000000000000000000000000000000000000000000000000000000010
01-30 10:35:59.141   396   396 D adayocomadapter-ParseProtocolFunc: printRaWMsg Name[MCUToUPstream recv] len[49] data[9202001200001E1E0000000000000000000000000000000000000000000000000000000000000000000000000000000000]
01-30 10:35:59.141   396   396 D adayocomadapter-CommunicationManager: onUpstreamback   member[0] dataLength[46] timePoint[235680]
01-30 10:35:59.141   396   396 D adayocomadapter-ParseProtocolFunc: printRaWMsg Name[onUpstreamback] len[46] data[1200001E1E0000000000000000000000000000000000000000000000000000000000000000000000000000000000]
01-30 10:35:59.141   396   452 D adayocomadapter-UpstreamHandler: processBeforePacket upSreamtProcessTimePoint[235680] 
01-30 10:35:59.141   396   452 D adayocomadapter-UpstreamHandler: processPacket UPSTREAM_QUEUE_DATA_TIMEOUT
01-30 10:35:59.141   396   452 D adayocomadapter-ParseProtocolFunc: parseCommonIPCLBytes Processing tableNumber[18]
01-30 10:35:59.141   396   452 D adayocomadapter-ParseProtocolFunc: parseCommonIPCLBytes Processing tablename[Table-18] tableSize[46]
01-30 10:35:59.141   396   452 D adayocomadapter-ParseProtocolFunc: printRaWMsg Name[byteStream recv] len[46] data[1200001E1E0000000000000000000000000000000000000000000000000000000000000000000000000000000000]
01-30 10:35:59.141   396   452 D adayocomadapter-ParseProtocolFunc: printRaWMsg Name[IPCLtoVHAL] len[6] data[214010020000]
01-30 10:35:59.141   396   452 D adayocomadapter-ParseProtocolFunc: printRaWMsg Name[IPCLtoVHAL] len[6] data[2140101A0000]
01-30 10:35:59.141   396   452 D adayocomadapter-ParseProtocolFunc: printRaWMsg Name[IPCLtoVHAL] len[6] data[2140100E0000]
01-30 10:35:59.141   396   452 D adayocomadapter-ParseProtocolFunc: printRaWMsg Name[IPCLtoVHAL] len[6] data[214021DD0000]
01-30 10:35:59.141   396   452 D adayocomadapter-ParseProtocolFunc: printRaWMsg Name[IPCLtoVHAL] len[6] data[2140103C0000]
01-30 10:35:59.141   396   452 D adayocomadapter-ParseProtocolFunc: printRaWMsg Name[IPCLtoVHAL] len[6] data[2140101E0000]
01-30 10:35:59.141   396   452 D adayocomadapter-ParseProtocolFunc: printRaWMsg Name[IPCLtoVHAL] len[6] data[214010350000]
01-30 10:35:59.141   396   452 D adayocomadapter-ParseProtocolFunc: printRaWMsg Name[IPCLtoVHAL] len[6] data[214022040000]
01-30 10:35:59.141   396   452 D adayocomadapter-ParseProtocolFunc: printRaWMsg Name[IPCLtoVHAL] len[6] data[214010120000]
01-30 10:35:59.141   396   452 D adayocomadapter-ParseProtocolFunc: printRaWMsg Name[IPCLtoVHAL] len[6] data[214010140000]
01-30 10:35:59.141   396   452 D adayocomadapter-ParseProtocolFunc: printRaWMsg Name[IPCLtoVHAL] len[6] data[214010430000]
01-30 10:35:59.141   396   452 D adayocomadapter-ParseProtocolFunc: printRaWMsg Name[IPCLtoVHAL] len[6] data[214010420000]
01-30 10:35:59.141   396   452 D adayocomadapter-ParseProtocolFunc: printRaWMsg Name[IPCLtoVHAL] len[6] data[214010160000]
01-30 10:35:59.141   396   452 D adayocomadapter-ParseProtocolFunc: printRaWMsg Name[IPCLtoVHAL] len[6] data[2140101C0000]
01-30 10:35:59.141   396   452 D adayocomadapter-ParseProtocolFunc: printRaWMsg Name[IPCLtoVHAL] len[6] data[214010330000]
01-30 10:35:59.141   396   452 D adayocomadapter-ParseProtocolFunc: printRaWMsg Name[IPCLtoVHAL] len[6] data[214010040000]
01-30 10:35:59.142   396   452 D adayocomadapter-ParseProtocolFunc: printRaWMsg Name[IPCLtoVHAL] len[6] data[214010200000]
01-30 10:35:59.142   396   452 D adayocomadapter-ParseProtocolFunc: printRaWMsg Name[IPCLtoVHAL] len[6] data[214021620000]
01-30 10:35:59.142   396   452 D adayocomadapter-ParseProtocolFunc: printRaWMsg Name[IPCLtoVHAL] len[6] data[214010370000]
01-30 10:35:59.142   396   452 D adayocomadapter-ParseProtocolFunc: printRaWMsg Name[IPCLtoVHAL] len[6] data[21401008001E]
01-30 10:35:59.142   396   452 D adayocomadapter-ParseProtocolFunc: printRaWMsg Name[IPCLtoVHAL] len[6] data[214010220000]
01-30 10:35:59.142   396   452 D adayocomadapter-ParseProtocolFunc: printRaWMsg Name[IPCLtoVHAL] len[6] data[214021640000]
01-30 10:35:59.142   396   452 D adayocomadapter-ParseProtocolFunc: printRaWMsg Name[IPCLtoVHAL] len[6] data[214010390000]
01-30 10:35:59.142   396   452 D adayocomadapter-ParseProtocolFunc: printRaWMsg Name[IPCLtoVHAL] len[6] data[214021D90000]
01-30 10:35:59.142   396   452 D adayocomadapter-ParseProtocolFunc: printRaWMsg Name[IPCLtoVHAL] len[6] data[214010240000]
01-30 10:35:59.142   396   452 D adayocomadapter-ParseProtocolFunc: printRaWMsg Name[IPCLtoVHAL] len[6] data[2140103B0000]
01-30 10:35:59.142   396   452 D adayocomadapter-ParseProtocolFunc: printRaWMsg Name[IPCLtoVHAL] len[6] data[2140100C001E]
01-30 10:35:59.142   396   452 D adayocomadapter-ParseProtocolFunc: printRaWMsg Name[IPCLtoVHAL] len[6] data[214021DB0000]
01-30 10:35:59.142   396   452 D adayocomadapter-ParseProtocolFunc: printRaWMsg Name[IPCLtoVHAL] len[6] data[214010260000]
01-30 10:35:59.142   396   452 D adayocomadapter-ParseProtocolFunc: printRaWMsg Name[IPCLtoVHAL] len[6] data[214021680000]
01-30 10:35:59.142   396   452 D adayocomadapter-ParseProtocolFunc: printRaWMsg Name[IPCLtoVHAL] len[6] data[2140103E0000]
01-30 10:35:59.142   396   452 D adayocomadapter-ParseProtocolFunc: printRaWMsg Name[IPCLtoVHAL] len[6] data[2140216A0000]
01-30 10:35:59.142   396   452 D adayocomadapter-ParseProtocolFunc: printRaWMsg Name[IPCLtoVHAL] len[6] data[2140216E0000]
01-30 10:35:59.142   396   452 D adayocomadapter-ParseProtocolFunc: printRaWMsg Name[IPCLtoVHAL] len[6] data[214021700000]
01-30 10:35:59.142   396   452 D adayocomadapter-ParseProtocolFunc: printRaWMsg Name[IPCLtoVHAL] len[6] data[214021720000]
01-30 10:35:59.142   396   452 D adayocomadapter-ParseProtocolFunc: printRaWMsg Name[IPCLtoVHAL] len[6] data[214021740000]
01-30 10:35:59.142   396   452 D adayocomadapter-ParseProtocolFunc: printRaWMsg Name[IPCLtoVHAL] len[6] data[214021760000]
01-30 10:35:59.142   396   452 D adayocomadapter-ParseProtocolFunc: printRaWMsg Name[IPCLtoVHAL] len[6] data[214021780000]
