01-30 10:35:57.751   396   452 D adayocomadapter-CommunicationManager: convertBytesToInt32Memcpy  0
01-30 10:35:57.751   396   452 I vw-vhal : notifyVehicleProperty, propId = 0x21402134, data = {status: 2, int32Values: [0]}
01-30 10:35:57.751   396   452 I vw-vhal : CanSignalsAdapter::notifyVehicleProperty: solvedValue = {.timestamp = 234290528026, .areaId = 0, .prop = 557850932, .status = AVAILABLE, .value = {.int32Values = [1]{0}, .floatValues = [0]{}, .int64Values = [0]{}, .bytes = [0]{}, .stringValue = ""}}
01-30 10:35:57.751   396   452 I VehiclePropertyStore: begin to write value to Store: {.timestamp = 234290528026, .areaId = 0, .prop = 557850932, .status = AVAILABLE, .value = {.int32Values = [1]{0}, .floatValues = [0]{}, .int64Values = [0]{}, .bytes = [0]{}, .stringValue = ""}}
01-30 10:35:57.751   396   452 I DefaultVehicleHal_v2_0: DefaultVehicleHal::onPropertyValue, value:{.timestamp = 234290528026, .areaId = 0, .prop = 557850932, .status = AVAILABLE, .value = {.int32Values = [1]{0}, .floatValues = [0]{}, .int64Values = [0]{}, .bytes = [0]{}, .stringValue = ""}}
01-30 10:35:57.751   396   452 I VehiclePropertyStore: begin to write value to Store: {.timestamp = 234290528026, .areaId = 0, .prop = 557850932, .status = AVAILABLE, .value = {.int32Values = [1]{0}, .floatValues = [0]{}, .int64Values = [0]{}, .bytes = [0]{}, .stringValue = ""}}
01-30 10:35:57.751   396   452 D adayocomadapter-CommunicationManager: onUpstreamReceive mPropertyId 0x21402134
01-30 10:35:57.751   396   452 D adayocomadapter-CommunicationManager: onUpstreamReceive mPropertyId 0x21402135
01-30 10:35:57.751   396   452 D adayocomadapter-CommunicationManager: convertBytesToInt32Memcpy  0
01-30 10:35:57.751   396   452 I vw-vhal : notifyVehicleProperty, propId = 0x21402135, data = {status: 2, int32Values: [0]}
01-30 10:35:57.751   396   452 I vw-vhal : CanSignalsAdapter::notifyVehicleProperty: solvedValue = {.timestamp = 234290764026, .areaId = 0, .prop = 557850933, .status = AVAILABLE, .value = {.int32Values = [1]{0}, .floatValues = [0]{}, .int64Values = [0]{}, .bytes = [0]{}, .stringValue = ""}}
01-30 10:35:57.751   396   452 I VehiclePropertyStore: begin to write value to Store: {.timestamp = 234290764026, .areaId = 0, .prop = 557850933, .status = AVAILABLE, .value = {.int32Values = [1]{0}, .floatValues = [0]{}, .int64Values = [0]{}, .bytes = [0]{}, .stringValue = ""}}
01-30 10:35:57.751   396   452 I DefaultVehicleHal_v2_0: DefaultVehicleHal::onPropertyValue, value:{.timestamp = 234290764026, .areaId = 0, .prop = 557850933, .status = AVAILABLE, .value = {.int32Values = [1]{0}, .floatValues = [0]{}, .int64Values = [0]{}, .bytes = [0]{}, .stringValue = ""}}
01-30 10:35:57.751   396   452 I VehiclePropertyStore: begin to write value to Store: {.timestamp = 234290764026, .areaId = 0, .prop = 557850933, .status = AVAILABLE, .value = {.int32Values = [1]{0}, .floatValues = [0]{}, .int64Values = [0]{}, .bytes = [0]{}, .stringValue = ""}}
01-30 10:35:57.751   396   452 D adayocomadapter-CommunicationManager: onUpstreamReceive mPropertyId 0x21402135
01-30 10:35:57.751   396   452 D adayocomadapter-CommunicationManager: onUpstreamReceive mPropertyId 0x21402136
01-30 10:35:57.751   396   452 D adayocomadapter-CommunicationManager: convertBytesToInt32Memcpy  0
01-30 10:35:57.751   396   452 I vw-vhal : notifyVehicleProperty, propId = 0x21402136, data = {status: 2, int32Values: [0]}
01-30 10:35:57.751   396   452 I vw-vhal : CanSignalsAdapter::notifyVehicleProperty: solvedValue = {.timestamp = 234290988026, .areaId = 0, .prop = 557850934, .status = AVAILABLE, .value = {.int32Values = [1]{0}, .floatValues = [0]{}, .int64Values = [0]{}, .bytes = [0]{}, .stringValue = ""}}
01-30 10:35:57.751   396   452 I VehiclePropertyStore: begin to write value to Store: {.timestamp = 234290988026, .areaId = 0, .prop = 557850934, .status = AVAILABLE, .value = {.int32Values = [1]{0}, .floatValues = [0]{}, .int64Values = [0]{}, .bytes = [0]{}, .stringValue = ""}}
01-30 10:35:57.751   396   452 I DefaultVehicleHal_v2_0: DefaultVehicleHal::onPropertyValue, value:{.timestamp = 234290988026, .areaId = 0, .prop = 557850934, .status = AVAILABLE, .value = {.int32Values = [1]{0}, .floatValues = [0]{}, .int64Values = [0]{}, .bytes = [0]{}, .stringValue = ""}}
01-30 10:35:57.751   396   452 I VehiclePropertyStore: begin to write value to Store: {.timestamp = 234290988026, .areaId = 0, .prop = 557850934, .status = AVAILABLE, .value = {.int32Values = [1]{0}, .floatValues = [0]{}, .int64Values = [0]{}, .bytes = [0]{}, .stringValue = ""}}
01-30 10:35:57.751   396   452 D adayocomadapter-CommunicationManager: onUpstreamReceive mPropertyId 0x21402136
01-30 10:35:57.751   396   452 D adayocomadapter-CommunicationManager: onUpstreamReceive mPropertyId 0x21402137
01-30 10:35:57.752   396   452 D adayocomadapter-CommunicationManager: convertBytesToInt32Memcpy  0
01-30 10:35:57.752   396   452 I vw-vhal : notifyVehicleProperty, propId = 0x21402137, data = {status: 2, int32Values: [0]}
01-30 10:35:57.752   396   452 I vw-vhal : CanSignalsAdapter::notifyVehicleProperty: solvedValue = {.timestamp = 234291193693, .areaId = 0, .prop = 557850935, .status = AVAILABLE, .value = {.int32Values = [1]{0}, .floatValues = [0]{}, .int64Values = [0]{}, .bytes = [0]{}, .stringValue = ""}}
01-30 10:35:57.752   396   452 I VehiclePropertyStore: begin to write value to Store: {.timestamp = 234291193693, .areaId = 0, .prop = 557850935, .status = AVAILABLE, .value = {.int32Values = [1]{0}, .floatValues = [0]{}, .int64Values = [0]{}, .bytes = [0]{}, .stringValue = ""}}
01-30 10:35:57.752   396   452 I DefaultVehicleHal_v2_0: DefaultVehicleHal::onPropertyValue, value:{.timestamp = 234291193693, .areaId = 0, .prop = 557850935, .status = AVAILABLE, .value = {.int32Values = [1]{0}, .floatValues = [0]{}, .int64Values = [0]{}, .bytes = [0]{}, .stringValue = ""}}
01-30 10:35:57.752   396   452 I VehiclePropertyStore: begin to write value to Store: {.timestamp = 234291193693, .areaId = 0, .prop = 557850935, .status = AVAILABLE, .value = {.int32Values = [1]{0}, .floatValues = [0]{}, .int64Values = [0]{}, .bytes = [0]{}, .stringValue = ""}}
01-30 10:35:57.752   396   452 D adayocomadapter-CommunicationManager: onUpstreamReceive mPropertyId 0x21402137
01-30 10:35:57.753   652  2032 I audio_hw_streamer: 569 capture_thread_loop: select [ch 8 -> ch 4] [15360 -> 7680] bytes data 
01-30 10:35:57.756   644   707 I mcuc    : rev uart=2216,len=23, data : 6AA6810844000F920200156464646400000000000000EB
01-30 10:35:57.756   396   396 D adayocomadapter-ParseProtocolFunc: printRaWMsg Name[MCUToUPstream recv] len[15] data[920200156464646400000000000000]
01-30 10:35:57.756   396   396 D adayocomadapter-CommunicationManager: onUpstreamback   member[0] dataLength[12] timePoint[234295]
01-30 10:35:57.756   396   396 D adayocomadapter-ParseProtocolFunc: printRaWMsg Name[onUpstreamback] len[12] data[156464646400000000000000]
01-30 10:35:57.756   396   452 D adayocomadapter-UpstreamHandler: processBeforePacket upSreamtProcessTimePoint[234295] 
01-30 10:35:57.756   396   452 D adayocomadapter-UpstreamHandler: processPacket UPSTREAM_QUEUE_DATA_TIMEOUT
01-30 10:35:57.756   396   452 D adayocomadapter-ParseProtocolFunc: parseCommonIPCLBytes Processing tableNumber[21]
01-30 10:35:57.756   396   452 D adayocomadapter-ParseProtocolFunc: parseCommonIPCLBytes Processing tablename[Table-21] tableSize[12]
01-30 10:35:57.756   396   452 D adayocomadapter-ParseProtocolFunc: printRaWMsg Name[byteStream recv] len[12] data[156464646400000000000000]
01-30 10:35:57.756   396   452 D adayocomadapter-ParseProtocolFunc: printRaWMsg Name[IPCLtoVHAL] len[6] data[2140208B0064]
01-30 10:35:57.756   396   452 D adayocomadapter-ParseProtocolFunc: printRaWMsg Name[IPCLtoVHAL] len[6] data[214021930000]
01-30 10:35:57.756   396   452 D adayocomadapter-ParseProtocolFunc: printRaWMsg Name[IPCLtoVHAL] len[6] data[2140208C0064]
01-30 10:35:57.756   396   452 D adayocomadapter-ParseProtocolFunc: printRaWMsg Name[IPCLtoVHAL] len[6] data[214021940000]
01-30 10:35:57.756   396   452 D adayocomadapter-ParseProtocolFunc: printRaWMsg Name[IPCLtoVHAL] len[6] data[2140208D0064]
01-30 10:35:57.756   396   452 D adayocomadapter-ParseProtocolFunc: printRaWMsg Name[IPCLtoVHAL] len[6] data[214021950000]
01-30 10:35:57.756   396   452 D adayocomadapter-ParseProtocolFunc: printRaWMsg Name[IPCLtoVHAL] len[6] data[214021920000]
01-30 10:35:57.756   396   452 D adayocomadapter-ParseProtocolFunc: printRaWMsg Name[IPCLtoVHAL] len[6] data[2140208A0064]
01-30 10:35:57.756   396   452 D adayocomadapter-ParseProtocolFunc: printRaWMsg Name[IPCLtoVHAL] len[6] data[214021960000]
01-30 10:35:57.756   396   452 D adayocomadapter-ParseProtocolFunc: printRaWMsg Name[IPCLtoVHAL] len[6] data[214021970000]
01-30 10:35:57.756   396   452 D adayocomadapter-ParseProtocolFunc: printRaWMsg Name[IPCLtoVHAL] len[6] data[214021990000]
01-30 10:35:57.756   396   452 D adayocomadapter-CommunicationManager: onUpstreamReceive mPropertyId 0x2140208b
01-30 10:35:57.756   396   452 D adayocomadapter-CommunicationManager: convertBytesToInt32Memcpy  100
01-30 10:35:57.756   396   452 I vw-vhal : notifyVehicleProperty, propId = 0x2140208b, data = {status: 2, int32Values: [100]}
01-30 10:35:57.757   396   452 I vw-vhal : CanSignalsAdapter::notifyVehicleProperty: solvedValue = {.timestamp = 234296134359, .areaId = 0, .prop = 557850763, .status = AVAILABLE, .value = {.int32Values = [1]{100}, .floatValues = [0]{}, .int64Values = [0]{}, .bytes = [0]{}, .stringValue = ""}}
01-30 10:35:57.757   396   452 I VehiclePropertyStore: begin to write value to Store: {.timestamp = 234296134359, .areaId = 0, .prop = 557850763, .status = AVAILABLE, .value = {.int32Values = [1]{100}, .floatValues = [0]{}, .int64Values = [0]{}, .bytes = [0]{}, .stringValue = ""}}
01-30 10:35:57.757   396   452 I DefaultVehicleHal_v2_0: DefaultVehicleHal::onPropertyValue, value:{.timestamp = 234296134359, .areaId = 0, .prop = 557850763, .status = AVAILABLE, .value = {.int32Values = [1]{100}, .floatValues = [0]{}, .int64Values = [0]{}, .bytes = [0]{}, .stringValue = ""}}
01-30 10:35:57.757   396   452 I VehiclePropertyStore: begin to write value to Store: {.timestamp = 234296134359, .areaId = 0, .prop = 557850763, .status = AVAILABLE, .value = {.int32Values = [1]{100}, .floatValues = [0]{}, .int64Values = [0]{}, .bytes = [0]{}, .stringValue = ""}}
01-30 10:35:57.757   396   452 D adayocomadapter-CommunicationManager: onUpstreamReceive mPropertyId 0x2140208b
01-30 10:35:57.757   396   452 D adayocomadapter-CommunicationManager: onUpstreamReceive mPropertyId 0x21402193
01-30 10:35:57.757   396   452 D adayocomadapter-CommunicationManager: convertBytesToInt32Memcpy  0
01-30 10:35:57.757   396   452 I vw-vhal : notifyVehicleProperty, propId = 0x21402193, data = {status: 2, int32Values: [0]}
01-30 10:35:57.757   396   452 I vw-vhal : CanSignalsAdapter::notifyVehicleProperty: solvedValue = {.timestamp = 234296371693, .areaId = 0, .prop = 557851027, .status = AVAILABLE, .value = {.int32Values = [1]{0}, .floatValues = [0]{}, .int64Values = [0]{}, .bytes = [0]{}, .stringValue = ""}}
01-30 10:35:57.757   396   452 I VehiclePropertyStore: begin to write value to Store: {.timestamp = 234296371693, .areaId = 0, .prop = 557851027, .status = AVAILABLE, .value = {.int32Values = [1]{0}, .floatValues = [0]{}, .int64Values = [0]{}, .bytes = [0]{}, .stringValue = ""}}
01-30 10:35:57.757   396   452 I DefaultVehicleHal_v2_0: DefaultVehicleHal::onPropertyValue, value:{.timestamp = 234296371693, .areaId = 0, .prop = 557851027, .status = AVAILABLE, .value = {.int32Values = [1]{0}, .floatValues = [0]{}, .int64Values = [0]{}, .bytes = [0]{}, .stringValue = ""}}
01-30 10:35:57.757   396   452 I VehiclePropertyStore: begin to write value to Store: {.timestamp = 234296371693, .areaId = 0, .prop = 557851027, .status = AVAILABLE, .value = {.int32Values = [1]{0}, .floatValues = [0]{}, .int64Values = [0]{}, .bytes = [0]{}, .stringValue = ""}}
01-30 10:35:57.757   396   452 D adayocomadapter-CommunicationManager: onUpstreamReceive mPropertyId 0x21402193
01-30 10:35:57.757   396   452 D adayocomadapter-CommunicationManager: onUpstreamReceive mPropertyId 0x2140208c
01-30 10:35:57.757   396   452 D adayocomadapter-CommunicationManager: convertBytesToInt32Memcpy  100
01-30 10:35:57.757   396   452 I vw-vhal : notifyVehicleProperty, propId = 0x2140208c, data = {status: 2, int32Values: [100]}
01-30 10:35:57.757   396   452 I vw-vhal : CanSignalsAdapter::notifyVehicleProperty: solvedValue = {.timestamp = 234296548026, .areaId = 0, .prop = 557850764, .status = AVAILABLE, .value = {.int32Values = [1]{100}, .floatValues = [0]{}, .int64Values = [0]{}, .bytes = [0]{}, .stringValue = ""}}
01-30 10:35:57.757   396   452 I VehiclePropertyStore: begin to write value to Store: {.timestamp = 234296548026, .areaId = 0, .prop = 557850764, .status = AVAILABLE, .value = {.int32Values = [1]{100}, .floatValues = [0]{}, .int64Values = [0]{}, .bytes = [0]{}, .stringValue = ""}}
01-30 10:35:57.757   396   452 I DefaultVehicleHal_v2_0: DefaultVehicleHal::onPropertyValue, value:{.timestamp = 234296548026, .areaId = 0, .prop = 557850764, .status = AVAILABLE, .value = {.int32Values = [1]{100}, .floatValues = [0]{}, .int64Values = [0]{}, .bytes = [0]{}, .stringValue = ""}}
01-30 10:35:57.757   396   452 I VehiclePropertyStore: begin to write value to Store: {.timestamp = 234296548026, .areaId = 0, .prop = 557850764, .status = AVAILABLE, .value = {.int32Values = [1]{100}, .floatValues = [0]{}, .int64Values = [0]{}, .bytes = [0]{}, .stringValue = ""}}
01-30 10:35:57.757   396   452 D adayocomadapter-CommunicationManager: onUpstreamReceive mPropertyId 0x2140208c
01-30 10:35:57.757   396   452 D adayocomadapter-CommunicationManager: onUpstreamReceive mPropertyId 0x21402194
01-30 10:35:57.757   396   452 D adayocomadapter-CommunicationManager: convertBytesToInt32Memcpy  0
01-30 10:35:57.757   396   452 I vw-vhal : notifyVehicleProperty, propId = 0x21402194, data = {status: 2, int32Values: [0]}
01-30 10:35:57.757   396   452 I vw-vhal : CanSignalsAdapter::notifyVehicleProperty: solvedValue = {.timestamp = 234296720693, .areaId = 0, .prop = 557851028, .status = AVAILABLE, .value = {.int32Values = [1]{0}, .floatValues = [0]{}, .int64Values = [0]{}, .bytes = [0]{}, .stringValue = ""}}
01-30 10:35:57.757   396   452 I VehiclePropertyStore: begin to write value to Store: {.timestamp = 234296720693, .areaId = 0, .prop = 557851028, .status = AVAILABLE, .value = {.int32Values = [1]{0}, .floatValues = [0]{}, .int64Values = [0]{}, .bytes = [0]{}, .stringValue = ""}}
01-30 10:35:57.757   396   452 I DefaultVehicleHal_v2_0: DefaultVehicleHal::onPropertyValue, value:{.timestamp = 234296720693, .areaId = 0, .prop = 557851028, .status = AVAILABLE, .value = {.int32Values = [1]{0}, .floatValues = [0]{}, .int64Values = [0]{}, .bytes = [0]{}, .stringValue = ""}}
01-30 10:35:57.757   396   452 I VehiclePropertyStore: begin to write value to Store: {.timestamp = 234296720693, .areaId = 0, .prop = 557851028, .status = AVAILABLE, .value = {.int32Values = [1]{0}, .floatValues = [0]{}, .int64Values = [0]{}, .bytes = [0]{}, .stringValue = ""}}
01-30 10:35:57.757   396   452 D adayocomadapter-CommunicationManager: onUpstreamReceive mPropertyId 0x21402194
01-30 10:35:57.757   396   452 D adayocomadapter-CommunicationManager: onUpstreamReceive mPropertyId 0x2140208d
01-30 10:35:57.757   396   452 D adayocomadapter-CommunicationManager: convertBytesToInt32Memcpy  100
01-30 10:35:57.757   396   452 I vw-vhal : notifyVehicleProperty, propId = 0x2140208d, data = {status: 2, int32Values: [100]}
01-30 10:35:57.757   396   452 I vw-vhal : CanSignalsAdapter::notifyVehicleProperty: solvedValue = {.timestamp = 234296898693, .areaId = 0, .prop = 557850765, .status = AVAILABLE, .value = {.int32Values = [1]{100}, .floatValues = [0]{}, .int64Values = [0]{}, .bytes = [0]{}, .stringValue = ""}}
01-30 10:35:57.757   396   452 I VehiclePropertyStore: begin to write value to Store: {.timestamp = 234296898693, .areaId = 0, .prop = 557850765, .status = AVAILABLE, .value = {.int32Values = [1]{100}, .floatValues = [0]{}, .int64Values = [0]{}, .bytes = [0]{}, .stringValue = ""}}
01-30 10:35:57.757   396   452 I DefaultVehicleHal_v2_0: DefaultVehicleHal::onPropertyValue, value:{.timestamp = 234296898693, .areaId = 0, .prop = 557850765, .status = AVAILABLE, .value = {.int32Values = [1]{100}, .floatValues = [0]{}, .int64Values = [0]{}, .bytes = [0]{}, .stringValue = ""}}
01-30 10:35:57.757   396   452 I VehiclePropertyStore: begin to write value to Store: {.timestamp = 234296898693, .areaId = 0, .prop = 557850765, .status = AVAILABLE, .value = {.int32Values = [1]{100}, .floatValues = [0]{}, .int64Values = [0]{}, .bytes = [0]{}, .stringValue = ""}}
01-30 10:35:57.757   396   452 D adayocomadapter-CommunicationManager: onUpstreamReceive mPropertyId 0x2140208d
01-30 10:35:57.757   396   452 D adayocomadapter-CommunicationManager: onUpstreamReceive mPropertyId 0x21402195
01-30 10:35:57.757   396   452 D adayocomadapter-CommunicationManager: convertBytesToInt32Memcpy  0
01-30 10:35:57.757   396   452 I vw-vhal : notifyVehicleProperty, propId = 0x21402195, data = {status: 2, int32Values: [0]}
01-30 10:35:57.757   396   452 I vw-vhal : CanSignalsAdapter::notifyVehicleProperty: solvedValue = {.timestamp = 234297068359, .areaId = 0, .prop = 557851029, .status = AVAILABLE, .value = {.int32Values = [1]{0}, .floatValues = [0]{}, .int64Values = [0]{}, .bytes = [0]{}, .stringValue = ""}}
01-30 10:35:57.757   396   452 I VehiclePropertyStore: begin to write value to Store: {.timestamp = 234297068359, .areaId = 0, .prop = 557851029, .status = AVAILABLE, .value = {.int32Values = [1]{0}, .floatValues = [0]{}, .int64Values = [0]{}, .bytes = [0]{}, .stringValue = ""}}
01-30 10:35:57.757   396   452 I DefaultVehicleHal_v2_0: DefaultVehicleHal::onPropertyValue, value:{.timestamp = 234297068359, .areaId = 0, .prop = 557851029, .status = AVAILABLE, .value = {.int32Values = [1]{0}, .floatValues = [0]{}, .int64Values = [0]{}, .bytes = [0]{}, .stringValue = ""}}
01-30 10:35:57.758   396   452 I VehiclePropertyStore: begin to write value to Store: {.timestamp = 234297068359, .areaId = 0, .prop = 557851029, .status = AVAILABLE, .value = {.int32Values = [1]{0}, .floatValues = [0]{}, .int64Values = [0]{}, .bytes = [0]{}, .stringValue = ""}}
01-30 10:35:57.758   396   452 D adayocomadapter-CommunicationManager: onUpstreamReceive mPropertyId 0x21402195
01-30 10:35:57.758   396   452 D adayocomadapter-CommunicationManager: onUpstreamReceive mPropertyId 0x21402192
01-30 10:35:57.758   396   452 D adayocomadapter-CommunicationManager: convertBytesToInt32Memcpy  0
01-30 10:35:57.758   396   452 I vw-vhal : notifyVehicleProperty, propId = 0x21402192, data = {status: 2, int32Values: [0]}
01-30 10:35:57.758   396   452 I vw-vhal : CanSignalsAdapter::notifyVehicleProperty: solvedValue = {.timestamp = 234297242693, .areaId = 0, .prop = 557851026, .status = AVAILABLE, .value = {.int32Values = [1]{0}, .floatValues = [0]{}, .int64Values = [0]{}, .bytes = [0]{}, .stringValue = ""}}
01-30 10:35:57.758   396   452 I VehiclePropertyStore: begin to write value to Store: {.timestamp = 234297242693, .areaId = 0, .prop = 557851026, .status = AVAILABLE, .value = {.int32Values = [1]{0}, .floatValues = [0]{}, .int64Values = [0]{}, .bytes = [0]{}, .stringValue = ""}}
01-30 10:35:57.758   396   452 I DefaultVehicleHal_v2_0: DefaultVehicleHal::onPropertyValue, value:{.timestamp = 234297242693, .areaId = 0, .prop = 557851026, .status = AVAILABLE, .value = {.int32Values = [1]{0}, .floatValues = [0]{}, .int64Values = [0]{}, .bytes = [0]{}, .stringValue = ""}}
01-30 10:35:57.758   396   452 I VehiclePropertyStore: begin to write value to Store: {.timestamp = 234297242693, .areaId = 0, .prop = 557851026, .status = AVAILABLE, .value = {.int32Values = [1]{0}, .floatValues = [0]{}, .int64Values = [0]{}, .bytes = [0]{}, .stringValue = ""}}
01-30 10:35:57.758   396   452 D adayocomadapter-CommunicationManager: onUpstreamReceive mPropertyId 0x21402192
01-30 10:35:57.758   396   452 D adayocomadapter-CommunicationManager: onUpstreamReceive mPropertyId 0x2140208a
01-30 10:35:57.758   396   452 D adayocomadapter-CommunicationManager: convertBytesToInt32Memcpy  100
01-30 10:35:57.758   396   452 I vw-vhal : notifyVehicleProperty, propId = 0x2140208a, data = {status: 2, int32Values: [100]}
01-30 10:35:57.758   396   452 I vw-vhal : CanSignalsAdapter::notifyVehicleProperty: solvedValue = {.timestamp = 234297428026, .areaId = 0, .prop = 557850762, .status = AVAILABLE, .value = {.int32Values = [1]{100}, .floatValues = [0]{}, .int64Values = [0]{}, .bytes = [0]{}, .stringValue = ""}}
01-30 10:35:57.758   396   452 I VehiclePropertyStore: begin to write value to Store: {.timestamp = 234297428026, .areaId = 0, .prop = 557850762, .status = AVAILABLE, .value = {.int32Values = [1]{100}, .floatValues = [0]{}, .int64Values = [0]{}, .bytes = [0]{}, .stringValue = ""}}
01-30 10:35:57.758   396   452 I DefaultVehicleHal_v2_0: DefaultVehicleHal::onPropertyValue, value:{.timestamp = 234297428026, .areaId = 0, .prop = 557850762, .status = AVAILABLE, .value = {.int32Values = [1]{100}, .floatValues = [0]{}, .int64Values = [0]{}, .bytes = [0]{}, .stringValue = ""}}
01-30 10:35:57.758   396   452 I VehiclePropertyStore: begin to write value to Store: {.timestamp = 234297428026, .areaId = 0, .prop = 557850762, .status = AVAILABLE, .value = {.int32Values = [1]{100}, .floatValues = [0]{}, .int64Values = [0]{}, .bytes = [0]{}, .stringValue = ""}}
01-30 10:35:57.758   396   452 D adayocomadapter-CommunicationManager: onUpstreamReceive mPropertyId 0x2140208a
01-30 10:35:57.758   396   452 D adayocomadapter-CommunicationManager: onUpstreamReceive mPropertyId 0x21402196
01-30 10:35:57.758   396   452 D adayocomadapter-CommunicationManager: convertBytesToInt32Memcpy  0
01-30 10:35:57.758   396   452 I vw-vhal : notifyVehicleProperty, propId = 0x21402196, data = {status: 2, int32Values: [0]}
01-30 10:35:57.758   396   452 I vw-vhal : CanSignalsAdapter::notifyVehicleProperty: solvedValue = {.timestamp = 234297610026, .areaId = 0, .prop = 557851030, .status = AVAILABLE, .value = {.int32Values = [1]{0}, .floatValues = [0]{}, .int64Values = [0]{}, .bytes = [0]{}, .stringValue = ""}}
01-30 10:35:57.758   396   452 I VehiclePropertyStore: begin to write value to Store: {.timestamp = 234297610026, .areaId = 0, .prop = 557851030, .status = AVAILABLE, .value = {.int32Values = [1]{0}, .floatValues = [0]{}, .int64Values = [0]{}, .bytes = [0]{}, .stringValue = ""}}
01-30 10:35:57.758   396   452 I DefaultVehicleHal_v2_0: DefaultVehicleHal::onPropertyValue, value:{.timestamp = 234297610026, .areaId = 0, .prop = 557851030, .status = AVAILABLE, .value = {.int32Values = [1]{0}, .floatValues = [0]{}, .int64Values = [0]{}, .bytes = [0]{}, .stringValue = ""}}
01-30 10:35:57.758   396   452 I VehiclePropertyStore: begin to write value to Store: {.timestamp = 234297610026, .areaId = 0, .prop = 557851030, .status = AVAILABLE, .value = {.int32Values = [1]{0}, .floatValues = [0]{}, .int64Values = [0]{}, .bytes = [0]{}, .stringValue = ""}}
01-30 10:35:57.758   396   452 D adayocomadapter-CommunicationManager: onUpstreamReceive mPropertyId 0x21402196
01-30 10:35:57.758   396   452 D adayocomadapter-CommunicationManager: onUpstreamReceive mPropertyId 0x21402197
01-30 10:35:57.758   396   452 D adayocomadapter-CommunicationManager: convertBytesToInt32Memcpy  0
01-30 10:35:57.758   396   452 I vw-vhal : notifyVehicleProperty, propId = 0x21402197, data = {status: 2, int32Values: [0]}
01-30 10:35:57.758   396   452 I vw-vhal : CanSignalsAdapter::notifyVehicleProperty: solvedValue = {.timestamp = 234297779693, .areaId = 0, .prop = 557851031, .status = AVAILABLE, .value = {.int32Values = [1]{0}, .floatValues = [0]{}, .int64Values = [0]{}, .bytes = [0]{}, .stringValue = ""}}
01-30 10:35:57.758   396   452 I VehiclePropertyStore: begin to write value to Store: {.timestamp = 234297779693, .areaId = 0, .prop = 557851031, .status = AVAILABLE, .value = {.int32Values = [1]{0}, .floatValues = [0]{}, .int64Values = [0]{}, .bytes = [0]{}, .stringValue = ""}}
01-30 10:35:57.758   396   452 I DefaultVehicleHal_v2_0: DefaultVehicleHal::onPropertyValue, value:{.timestamp = 234297779693, .areaId = 0, .prop = 557851031, .status = AVAILABLE, .value = {.int32Values = [1]{0}, .floatValues = [0]{}, .int64Values = [0]{}, .bytes = [0]{}, .stringValue = ""}}
01-30 10:35:57.758   396   452 I VehiclePropertyStore: begin to write value to Store: {.timestamp = 234297779693, .areaId = 0, .prop = 557851031, .status = AVAILABLE, .value = {.int32Values = [1]{0}, .floatValues = [0]{}, .int64Values = [0]{}, .bytes = [0]{}, .stringValue = ""}}
01-30 10:35:57.758   396   452 D adayocomadapter-CommunicationManager: onUpstreamReceive mPropertyId 0x21402197
01-30 10:35:57.758   396   452 D adayocomadapter-CommunicationManager: onUpstreamReceive mPropertyId 0x21402199
01-30 10:35:57.758   396   452 D adayocomadapter-CommunicationManager: convertBytesToInt32Memcpy  0
01-30 10:35:57.758   396   452 I vw-vhal : notifyVehicleProperty, propId = 0x21402199, data = {status: 2, int32Values: [0]}
01-30 10:35:57.758   396   452 I vw-vhal : CanSignalsAdapter::notifyVehicleProperty: solvedValue = {.timestamp = 234297955026, .areaId = 0, .prop = 557851033, .status = AVAILABLE, .value = {.int32Values = [1]{0}, .floatValues = [0]{}, .int64Values = [0]{}, .bytes = [0]{}, .stringValue = ""}}
01-30 10:35:57.758   396   452 I VehiclePropertyStore: begin to write value to Store: {.timestamp = 234297955026, .areaId = 0, .prop = 557851033, .status = AVAILABLE, .value = {.int32Values = [1]{0}, .floatValues = [0]{}, .int64Values = [0]{}, .bytes = [0]{}, .stringValue = ""}}
01-30 10:35:57.758   396   452 I DefaultVehicleHal_v2_0: DefaultVehicleHal::onPropertyValue, value:{.timestamp = 234297955026, .areaId = 0, .prop = 557851033, .status = AVAILABLE, .value = {.int32Values = [1]{0}, .floatValues = [0]{}, .int64Values = [0]{}, .bytes = [0]{}, .stringValue = ""}}
01-30 10:35:57.758   396   452 I VehiclePropertyStore: begin to write value to Store: {.timestamp = 234297955026, .areaId = 0, .prop = 557851033, .status = AVAILABLE, .value = {.int32Values = [1]{0}, .floatValues = [0]{}, .int64Values = [0]{}, .bytes = [0]{}, .stringValue = ""}}
01-30 10:35:57.758   396   452 D adayocomadapter-CommunicationManager: onUpstreamReceive mPropertyId 0x21402199
01-30 10:35:57.759   851  2689 I ActivityManager: Process com.adayo.carplay (pid 12720) has died: pers PER 
01-30 10:35:57.759   851  2689 I am_proc_died: [0,12720,com.adayo.carplay,-800,0]
01-30 10:35:57.759  1602  1646 I CarPlayServerProxy: binderDied ,iCarPlayProxy :com.adayo.carplay.proxy.ICarPlayProxy$Stub$Proxy@c03fc12
01-30 10:35:57.759  1602  1646 I CarPlayServerProxy: connectToServer: 
01-30 10:35:57.760  2344  2572 W PermissionServerManager: ┌──────────────────────────────────────────────────────────────────────────────────────────────────────────────────────────────────────┐
01-30 10:35:57.760  2344  2572 W PermissionServerManager: │[10:35:57.759][binder:2344_4][lambda$registerPermissionSwitchListener$1$com-fawvw-mw-permission-business-ipc-PermissionServerManager:60]│
01-30 10:35:57.760  2344  2572 W PermissionServerManager: │ Binder is dead for package: com.adayo.carplay, removing callback.                                                                    │
01-30 10:35:57.760  2344  2572 W PermissionServerManager: └──────────────────────────────────────────────────────────────────────────────────────────────────────────────────────────────────────┘
01-30 10:35:57.760   851  1063 I libprocessgroup: Successfully killed process cgroup uid 1000 pid 12720 in 0ms
01-30 10:35:57.760  1602  1602 I CarPlayServerProxy: onServiceDisconnected: 
01-30 10:35:57.761   568   568 I Zygote  : Process 12720 exited due to signal 9 (Killed)
01-30 10:35:57.761  1602  1602 D v251013.1_CM_CarPlayCM: onServiceDisConnected
01-30 10:35:57.761  1602  1602 E CarPlayServerProxy: checkConnect: is disconnect try connect, isConnect = false, iCarPlayProxy = null
01-30 10:35:57.761  1602  1602 I CarPlayServerProxy: connectToServer: 
01-30 10:35:57.762  1602  1602 W ContextImpl: Calling a method in the system process without a qualified user: android.app.ContextImpl.bindService:1988 android.content.ContextWrapper.bindService:861 com.adayo.carplay.proxy.CarPlayProxy.connectToServer:125 com.adayo.carplay.proxy.CarPlayProxy.checkConnect:133 com.adayo.carplay.proxy.CarPlayProxy.unregisterCpListener:365 
01-30 10:35:57.762  1602  1646 W ContextImpl: Calling a method in the system process without a qualified user: android.app.ContextImpl.bindService:1988 android.content.ContextWrapper.bindService:861 com.adayo.carplay.proxy.CarPlayProxy.connectToServer:125 com.adayo.carplay.proxy.CarPlayProxy.access$200:21 com.adayo.carplay.proxy.CarPlayProxy$1.binderDied:41 
01-30 10:35:57.763   851  2689 W ActivityManager: Scheduling restart of crashed service com.adayo.carplay/.service.CarPlayService in 0ms for persistent
01-30 10:35:57.763   851  2689 I am_schedule_service_restart: [0,com.adayo.carplay/.service.CarPlayService,0]
01-30 10:35:57.763   851   851 I notification_cancel: [1000,0,com.adayo.carplay,1,NULL,0,0,0,8,NULL]
01-30 10:35:57.763   851  2689 W ActivityManager: Re-adding persistent process ProcessRecord{7c8ce39 12720:com.adayo.carplay/1000}
01-30 10:35:57.765   851   851 D ResponseStatsTracker: notification:+3m54s302ms; event=<cancelled>, pkg=com.adayo.carplay, usr=0
01-30 10:35:57.765   851   851 I sysui_multi_action: [757,128,758,5,759,8,793,1862,794,0,795,1862,796,1,806,com.adayo.carplay,857,carplay_channel,858,2,947,0,1500,1862,1688,4,1689,2,1690,1]
01-30 10:35:57.765   851   851 I notification_canceled: [0|com.adayo.carplay|1|null|1000,8,1862,1862,0,-1,-1,NULL]
01-30 10:35:57.765   851  2689 D CompatibilityChangeReporter: Compat change id reported: 135634846; UID 1000; state: DISABLED
01-30 10:35:57.765   851  2689 D CompatibilityChangeReporter: Compat change id reported: 177438394; UID 1000; state: DISABLED
01-30 10:35:57.765   851  2689 D CompatibilityChangeReporter: Compat change id reported: 135772972; UID 1000; state: DISABLED
01-30 10:35:57.765   851  2689 D CompatibilityChangeReporter: Compat change id reported: 135754954; UID 1000; state: ENABLED
01-30 10:35:57.767   851   851 D NotificationService: 0|com.adayo.carplay|1|null|1000: updating permissions
01-30 10:35:57.769  2766  2766 D J01Launcher_Notification: onNotificationRemoved
01-30 10:35:57.771   851  1149 D JobScheduler.Quota: Processing event 31 for <0>com.adayo.carplay
01-30 10:35:57.773   652  2032 I audio_hw_streamer: 569 capture_thread_loop: select [ch 8 -> ch 4] [15360 -> 7680] bytes data 
01-30 10:35:57.781   568   568 D Zygote  : Forked child process 12863
01-30 10:35:57.782   851  1061 I am_proc_start: [0,12863,1000,com.adayo.carplay,restart,com.adayo.carplay]
01-30 10:35:57.782   851  1061 I ActivityManager: Start proc 12863:com.adayo.carplay/1000 for restart com.adayo.carplay
01-30 10:35:57.793   582 12789 D resolv  : retrying_poll: 51 retrying_poll returning 1
01-30 10:35:57.793   582 12789 I resolv  : res_nsend: used send_dg 45 terrno: 0
01-30 10:35:57.793   582 12789 D resolv  : res_stats_set_sample: rcode = 3, sec = 1528
01-30 10:35:57.793   582 12789 D resolv  : res_cache_add_stats_sample_locked: adding sample to stats, next = 22, count = 64
01-30 10:35:57.793   582 12789 D resolv  : res_nsend: got answer:
01-30 10:35:57.793   582 12789 D resolv  : answer_getTTL: TTL = 0
01-30 10:35:57.793   582 12789 D resolv  : cache_dump_mru_locked: MRU LIST ( 0): 
01-30 10:35:57.793   652  2032 I audio_hw_streamer: 569 capture_thread_loop: select [ch 8 -> ch 4] [15360 -> 7680] bytes data 
01-30 10:35:57.793   582 12789 I resolv  : res_nquery: rcode = (NXDOMAIN), counts = an:0 ns:0 ar:0
01-30 10:35:57.793   582 12789 D resolv  : dns_gethtbyaddr: res_nquery failed (-1)
01-30 10:35:57.793   582 12789 D resolv  : GetHostByAddrHandler::run: result failed: No address associated with hostname
01-30 10:35:57.793   582 12789 W SocketClient: write error (Broken pipe)
01-30 10:35:57.793   582 12789 W resolv  : GetHostByAddrHandler::run: Error writing DNS result to client uid 10066 pid 12319: Broken pipe
01-01 08:03:55.528   330   330 I logd    : logdr: UID=1000 GID=1000 PID=12864 n tail=0 logMask=10 pid=0 start=0ns deadline=0ns
01-30 10:35:57.813   652  2032 I audio_hw_streamer: 569 capture_thread_loop: select [ch 8 -> ch 4] [15360 -> 7680] bytes data 
01-30 10:35:57.819 12863 12863 I m.adayo.carplay: Using CollectorTypeCC GC.
01-30 10:35:57.822 12863 12863 D m.adayo.carplay: Received session metadata: 992699390679144654
01-30 10:35:57.824 12863 12863 E m.adayo.carplay: Not starting debugger since process cannot load the jdwp agent.
01-30 10:35:57.833   652  2032 I audio_hw_streamer: 569 capture_thread_loop: select [ch 8 -> ch 4] [15360 -> 7680] bytes data 
01-30 10:35:57.834   584  1266 E WifiHAL : Invalid data received from driver
01-30 10:35:57.836   851  1853 I am_proc_bound: [0,12863,com.adayo.carplay]
01-30 10:35:57.840 12863 12863 D CompatibilityChangeReporter: Compat change id reported: 171979766; UID 1000; state: DISABLED
01-30 10:35:57.840 12863 12863 D CompatibilityChangeReporter: Compat change id reported: 242716250; UID 1000; state: DISABLED
01-30 10:35:57.852 12863 12863 D nativeloader: Configuring clns-shared-7 for other apk /system/app/CarPlay/CarPlay.apk. target_sdk_version=30, uses_libraries=, library_path=/system/app/CarPlay/lib/arm64:/system/app/CarPlay/CarPlay.apk!/lib/arm64-v8a:/system/lib64:/system_ext/lib64, permitted_path=/data:/mnt/expand:/data/user/0/com.adayo.carplay:/system/app/CarPlay:/system/lib64:/system_ext/lib64
01-30 10:35:57.853   652  2032 I audio_hw_streamer: 569 capture_thread_loop: select [ch 8 -> ch 4] [15360 -> 7680] bytes data 
01-30 10:35:57.873   644   707 I mcuc    : sd Uart data : 6AA6020845000292021B
01-30 10:35:57.873   652  2032 I audio_hw_streamer: 569 capture_thread_loop: select [ch 8 -> ch 4] [15360 -> 7680] bytes data 
01-30 10:35:57.878   644   707 I mcuc    : rev uart=2217,len=14, data : 6AA681084500069202001A00007E
01-30 10:35:57.878   396   396 D adayocomadapter-ParseProtocolFunc: printRaWMsg Name[MCUToUPstream recv] len[6] data[9202001A0000]
01-30 10:35:57.879   396   396 D adayocomadapter-CommunicationManager: onUpstreamback   member[0] dataLength[3] timePoint[234418]
01-30 10:35:57.879   396   396 D adayocomadapter-ParseProtocolFunc: printRaWMsg Name[onUpstreamback] len[3] data[1A0000]
01-30 10:35:57.879   396   452 D adayocomadapter-UpstreamHandler: processBeforePacket upSreamtProcessTimePoint[234418] 
01-30 10:35:57.879   396   452 D adayocomadapter-UpstreamHandler: processPacket UPSTREAM_QUEUE_DATA_TIMEOUT
01-30 10:35:57.879   396   452 D adayocomadapter-ParseProtocolFunc: parseCommonIPCLBytes Processing tableNumber[26]
01-30 10:35:57.879   396   452 D adayocomadapter-ParseProtocolFunc: parseCommonIPCLBytes Processing tablename[Table-26] tableSize[3]
01-30 10:35:57.879   396   452 D adayocomadapter-ParseProtocolFunc: printRaWMsg Name[byteStream recv] len[3] data[1A0000]
01-30 10:35:57.879   396   452 D adayocomadapter-ParseProtocolFunc: printRaWMsg Name[IPCLtoVHAL] len[6] data[214021C90000]
01-30 10:35:57.879   396   452 D adayocomadapter-ParseProtocolFunc: printRaWMsg Name[IPCLtoVHAL] len[6] data[214022060000]
01-30 10:35:57.879   396   452 D adayocomadapter-CommunicationManager: onUpstreamReceive mPropertyId 0x214021c9
01-30 10:35:57.879   396   452 D adayocomadapter-CommunicationManager: convertBytesToInt32Memcpy  0
01-30 10:35:57.879   396   452 I vw-vhal : notifyVehicleProperty, propId = 0x214021c9, data = {status: 2, int32Values: [0]}
01-30 10:35:57.879   396   452 I vw-vhal : CanSignalsAdapter::notifyVehicleProperty: solvedValue = {.timestamp = 234418551693, .areaId = 0, .prop = 557851081, .status = AVAILABLE, .value = {.int32Values = [1]{0}, .floatValues = [0]{}, .int64Values = [0]{}, .bytes = [0]{}, .stringValue = ""}}
01-30 10:35:57.879   396   452 I VehiclePropertyStore: begin to write value to Store: {.timestamp = 234418551693, .areaId = 0, .prop = 557851081, .status = AVAILABLE, .value = {.int32Values = [1]{0}, .floatValues = [0]{}, .int64Values = [0]{}, .bytes = [0]{}, .stringValue = ""}}
01-30 10:35:57.879   396   452 I DefaultVehicleHal_v2_0: DefaultVehicleHal::onPropertyValue, value:{.timestamp = 234418551693, .areaId = 0, .prop = 557851081, .status = AVAILABLE, .value = {.int32Values = [1]{0}, .floatValues = [0]{}, .int64Values = [0]{}, .bytes = [0]{}, .stringValue = ""}}
01-30 10:35:57.879   396   452 I VehiclePropertyStore: begin to write value to Store: {.timestamp = 234418551693, .areaId = 0, .prop = 557851081, .status = AVAILABLE, .value = {.int32Values = [1]{0}, .floatValues = [0]{}, .int64Values = [0]{}, .bytes = [0]{}, .stringValue = ""}}
01-30 10:35:57.879   396   452 D adayocomadapter-CommunicationManager: onUpstreamReceive mPropertyId 0x214021c9
01-30 10:35:57.879   396   452 D adayocomadapter-CommunicationManager: onUpstreamReceive mPropertyId 0x21402206
01-30 10:35:57.879   396   452 D adayocomadapter-CommunicationManager: convertBytesToInt32Memcpy  0
01-30 10:35:57.879   396   452 I vw-vhal : notifyVehicleProperty, propId = 0x21402206, data = {status: 2, int32Values: [0]}
01-30 10:35:57.879   396   452 I vw-vhal : CanSignalsAdapter::notifyVehicleProperty: solvedValue = {.timestamp = 234418791693, .areaId = 0, .prop = 557851142, .status = AVAILABLE, .value = {.int32Values = [1]{0}, .floatValues = [0]{}, .int64Values = [0]{}, .bytes = [0]{}, .stringValue = ""}}
01-30 10:35:57.879   396   452 I VehiclePropertyStore: begin to write value to Store: {.timestamp = 234418791693, .areaId = 0, .prop = 557851142, .status = AVAILABLE, .value = {.int32Values = [1]{0}, .floatValues = [0]{}, .int64Values = [0]{}, .bytes = [0]{}, .stringValue = ""}}
01-30 10:35:57.879   396   452 I DefaultVehicleHal_v2_0: DefaultVehicleHal::onPropertyValue, value:{.timestamp = 234418791693, .areaId = 0, .prop = 557851142, .status = AVAILABLE, .value = {.int32Values = [1]{0}, .floatValues = [0]{}, .int64Values = [0]{}, .bytes = [0]{}, .stringValue = ""}}
01-30 10:35:57.879   396   452 I VehiclePropertyStore: begin to write value to Store: {.timestamp = 234418791693, .areaId = 0, .prop = 557851142, .status = AVAILABLE, .value = {.int32Values = [1]{0}, .floatValues = [0]{}, .int64Values = [0]{}, .bytes = [0]{}, .stringValue = ""}}
01-30 10:35:57.879   396   452 D adayocomadapter-CommunicationManager: onUpstreamReceive mPropertyId 0x21402206
01-30 10:35:57.882   584  1266 E WifiHAL : Invalid data received from driver
01-30 10:35:57.887 12863 12863 I CarPlay_Service: onCreate(DataHelper.java:135)onCreate: 
01-30 10:35:57.891  1513  2257 D TboxNetworkManager: tboxNetworkbinder=null
01-30 10:35:57.891   851  1060 D NotificationService: PostNotification: Started
01-30 10:35:57.892 12863 12863 D CarPlay_Service == CarPlayServer: init(LoadJson.java:27)configPath:/system/etc/adayo/carplay/CarPlayServerConfig.json
01-30 10:35:57.893   652  2032 I audio_hw_streamer: 569 capture_thread_loop: select [ch 8 -> ch 4] [15360 -> 7680] bytes data 
01-30 10:35:57.893   851   851 D NotificationService: EnqueueNotificationRunnable.run for: 0|com.adayo.carplay|1|null|1000
01-30 10:35:57.893   851   851 I notification_enqueue: [1000,12863,com.adayo.carplay,1,NULL,0,Notification(channel=carplay_channel shortcut=null contentView=null vibrate=null sound=null defaults=0x0 flags=0x860 color=0x00000000 vis=PRIVATE),0]
01-30 10:35:57.894 12863 12863 D CompatibilityChangeReporter: Compat change id reported: 247079863; UID 1000; state: DISABLED
01-30 10:35:57.895  1728  1728 I ExtAssistant: ENQUEUED 0|com.adayo.carplay|1|null|1000 on carplay_channel
01-30 10:35:57.896  1728  2728 D ExtAssistant: Creating Adjustment for 0|com.adayo.carplay|1|null|1000, with 0 actions, and 0 replies.
01-30 10:35:57.905 12863 12863 D CarPlay_Service == CarPlayServer: init(LoadJson.java:39)config parse end,Config{Logger=Logger{LogFileSavePath='null', ShowLineNumber=true, Tag='CarPlayServer', ShowFileName=true, LogLevel=2}, Information=Information{LockedBootStartService=true, BootStartService=true, configPath='/system/etc/adayo/carplay/CarPlayJniProxyConfig.json', deviceId='null', siriPrewarmTime=-600, connectOperatingBT=false, connectionMode=0, audioBufferSize=200, recordBufferSize=25000, videoBufferSize=150, decoderAsync=false, audioSteamType=AudioStreamType{VOICE_CALL=StreamInfo{streamType=0, usage='2', contentType='1', audioSource=-1, focusType=1, playusage=2}, RING=StreamInfo{streamType=2, usage='6', contentType='1', audioSource=-1, focusType=1, playusage=6}, MUSIC=StreamInfo{streamType=3, usage='1', contentType='2', audioSource=-1, focusType=0, playusage=1}, ALARM=StreamInfo{streamType=11, usage='13', contentType='1', audioSource=-1, focusType=2, playusage=12}, TTS=StreamInfo{streamType=17, usage='11', contentType='2', audioSource=-1, focusType=2, playusage=18}}, recordStreamType=RecordStreamType{MIC=StreamInfo{streamType=1, usage='2', contentType='1', audioSource=1, focusType=1, playusage=-1}, VOICE_CALL=StreamInfo{streamType=1, usage='2', contentType='1', audioSource=1, focusType=1, playusage=-1}, TTS=StreamInfo{streamType=1, usage='2', contentType='1', audioSource=10, focusType=1, playusage=-1}}, dataBaseInfo=DataBaseInfo{name='historyDevices.db', count=10000}, ituTestParam=ITUTestParam{playerParams=null, recorderParams=null}, dealWithBluetooth=false, muteCanWakeUp=true, transCanWakeUp=true, coverAnswerToFlash=true, carCallEndCarPlay=false, standbySendToPhone=true, dealWithMute=false, dealWithPhoneMode=false, dealWithBackCar=false, noDealWithRouteGuidance=false, minBufferScale=2, dealWithPASCD=true, supportsEnhancedSiriVoice=true, dealWithVR=false, testConnectFail=false, testConnectWifiFail=false, testScreenError=false}, Wireless=Wireless{setupWiFiOnServerCreate=false, setupBTOnServerCreate=false, startApCloseWifi=false, startApWhenBTConnect=true, Hotspot=Hotspot{SSID='CarPlayAP', PreShareKey='a88888888', apChannel=149, apChannel24=6, AuthAlgorithms=0, KeyManagement=2}}}
01-30 10:35:57.906 12863 12863 I PhoneDetect: LoadJson init/system/etc/adayo/carplay/PhoneDetectConfig.json
01-30 10:35:57.906   584  1266 E WifiHAL : Invalid data received from driver
01-30 10:35:57.906 12863 12863 I PhoneDetect: LoadJson init/system/etc/adayo/carplay/PhoneDetectConfig.json
01-30 10:35:57.906   584  1266 E WifiHAL : Invalid data received from driver
01-30 10:35:57.906   584  1266 E WifiHAL : Invalid data received from driver
01-30 10:35:57.906   584  1266 E WifiHAL : Invalid data received from driver
01-30 10:35:57.906   584  1266 E WifiHAL : Invalid data received from driver
01-30 10:35:57.906   584  1266 E WifiHAL : Invalid data received from driver
01-30 10:35:57.906   584  1266 E WifiHAL : Invalid data received from driver
01-30 10:35:57.912 12863 12863 I PhoneDetect: config parse end,Feature{, isCarPlayHide=false, AppleDevice=AppleDevice{Wired=Wired{CurrentMode=0, AppleVendorID='5ac', AskSupportCarPlay=true, SupportRollBackIap=false, SupportCarPlayStatus=false, NotifyUnSupport=true, ObserverUEvent=[ObserverUEvent{PortMode=0, DevicePath='/devices/virtual/carplay_dev/carplay_dev', HIDPath='/dev/usb/hid_dev_otg', SoundCardIndex='-1'}, ObserverUEvent{PortMode=2, DevicePath='/devices/platform/soc/a600000.ssusb/a600000.dwc3/xhci-hcd', HIDPath='/dev/usb/hid_dev_otg', SoundCardIndex='1'}, ObserverUEvent{PortMode=0, DevicePath='/devices/virtual/carplay/carplay', HIDPath='null', SoundCardIndex='-1'}, ObserverUEvent{PortMode=0, DevicePath='/devices/virtual/misc/iap2_device', HIDPath='null', SoundCardIndex='-1'}, ObserverUEvent{PortMode=0, DevicePath='/devices/virtual/eap_dev/eap0', HIDPath='null', SoundCardIndex='-1'}, ObserverUEvent{PortMode=0, DevicePath='/devices/platform/soc/e6590000.usb/gadget/sound', HIDPath='null', SoundCardIndex='-1'}], Modes={1=0, 2=3, 3=2, 4=1}, SwitchNone={sys.usb.config=none}, SwitchCarPlay={usb.carplay.state=in, sys.usb.config=ncm}, SwitchCarBit={usb.carplay.state=in, sys.usb.config=mfi_iap2,mfi_carbit_eap,mfi_uac1,mfi_hid}, SwitchCarLife={usb.carplay.state=in, sys.usb.config=eap_carlife}, SwitchHost={usb.carplay.state=out}, USBReset={usb.carplay.state=reset}, ac8xEnable=null, ac8xRoleSwitch=null}, Wireless=Wireless{setupWiFiOnServerCreate=false, setupBTOnServerCreate=false, startApCloseWifi=false, startApWhenBTConnect=true, Hotspot=Hotspot{SSID='CarPlayAP', PreShareKey='a88888888', apChannel=149, apChannel24=6, AuthAlgorithms=0, KeyManagement=2}}}}
01-30 10:35:57.913   652  2032 I audio_hw_streamer: 569 capture_thread_loop: select [ch 8 -> ch 4] [15360 -> 7680] bytes data 
01-30 10:35:57.914 12863 12863 D CarPlay_Service: initPlayStatus(CarPlayAdapterStates.java:468)initPlayStatus--
01-30 10:35:57.914 12863 12863 D CarPlay_Service: getDaoSession(DataHelper.java:46)openDaoSession: historyDevices.db
01-30 10:35:57.933   652  2032 I audio_hw_streamer: 569 capture_thread_loop: select [ch 8 -> ch 4] [15360 -> 7680] bytes data 
01-30 10:35:57.949 12863 12863 I CarPlayServerProxy: CarPlayProxy versionCode: 6 versionName: 0.0.2_3054 buildDate: 20220919_1718
01-30 10:35:57.953   652  2032 I audio_hw_streamer: 569 capture_thread_loop: select [ch 8 -> ch 4] [15360 -> 7680] bytes data 
01-30 10:35:57.956  1513  2260 D TboxNetworkManager: tboxNetworkbinder=null
01-30 10:35:57.962   584  1266 E WifiHAL : Invalid data received from driver
01-30 10:35:57.964 12863 12863 D CompatibilityChangeReporter: Compat change id reported: 263076149; UID 1000; state: DISABLED
01-30 10:35:57.973   652  2032 I audio_hw_streamer: 569 capture_thread_loop: select [ch 8 -> ch 4] [15360 -> 7680] bytes data 
01-30 10:35:57.970  1279  1279 I auditd  : type=1400 audit(0.0:18437): avc:  denied  { read } for  comm="CarPopupManagem" name="u:object_r:bootanim_system_prop:s0" dev="tmpfs" ino=100 scontext=u:r:carservice_app:s0 tcontext=u:object_r:bootanim_system_prop:s0 tclass=file permissive=0
01-30 10:35:57.970  1279  1279 W CarPopupManagem: type=1400 audit(0.0:18437): avc:  denied  { read } for  name="u:object_r:bootanim_system_prop:s0" dev="tmpfs" ino=100 scontext=u:r:carservice_app:s0 tcontext=u:object_r:bootanim_system_prop:s0 tclass=file permissive=0
01-30 10:35:57.976  1279  1340 W libc    : Access denied finding property "service.bootanim.exit"
01-30 10:35:57.976  1279  1340 I CarPopupManagementService: VIN popup delayed, waiting for boot animation exit.
01-30 10:35:57.976 12863 12863 D CarPlay_Service: <init>(CarPlayService.java:1104)LoadJson:Information{LockedBootStartService=true, BootStartService=true, configPath='/system/etc/adayo/carplay/CarPlayJniProxyConfig.json', deviceId='null', siriPrewarmTime=-600, connectOperatingBT=false, connectionMode=0, audioBufferSize=200, recordBufferSize=25000, videoBufferSize=150, decoderAsync=false, audioSteamType=AudioStreamType{VOICE_CALL=StreamInfo{streamType=0, usage='2', contentType='1', audioSource=-1, focusType=1, playusage=2}, RING=StreamInfo{streamType=2, usage='6', contentType='1', audioSource=-1, focusType=1, playusage=6}, MUSIC=StreamInfo{streamType=3, usage='1', contentType='2', audioSource=-1, focusType=0, playusage=1}, ALARM=StreamInfo{streamType=11, usage='13', contentType='1', audioSource=-1, focusType=2, playusage=12}, TTS=StreamInfo{streamType=17, usage='11', contentType='2', audioSource=-1, focusType=2, playusage=18}}, recordStreamType=RecordStreamType{MIC=StreamInfo{streamType=1, usage='2', contentType='1', audioSource=1, focusType=1, playusage=-1}, VOICE_CALL=StreamInfo{streamType=1, usage='2', contentType='1', audioSource=1, focusType=1, playusage=-1}, TTS=StreamInfo{streamType=1, usage='2', contentType='1', audioSource=10, focusType=1, playusage=-1}}, dataBaseInfo=DataBaseInfo{name='historyDevices.db', count=10000}, ituTestParam=ITUTestParam{playerParams=null, recorderParams=null}, dealWithBluetooth=false, muteCanWakeUp=true, transCanWakeUp=true, coverAnswerToFlash=true, carCallEndCarPlay=false, standbySendToPhone=true, dealWithMute=false, dealWithPhoneMode=false, dealWithBackCar=false, noDealWithRouteGuidance=false, minBufferScale=2, dealWithPASCD=true, supportsEnhancedSiriVoice=true, dealWithVR=false, testConnectFail=false, testConnectWifiFail=false, testScreenError=false}
01-30 10:35:57.976 12863 12863 D CarPlay_Service: onCreate(CarPlayService.java:1125)onCreate
01-30 10:35:57.977 12863 12863 I CarPlay_Service: printVersion(CarPlayService.java:1117)CarPlay Server Application VersionCode:149 VersionName:2.2.8_5119 BuildDate:20220919_1718
01-30 10:35:57.977 12863 12863 D DeviceMoblileNative: load PhoneDetectJni lib start
01-30 10:35:57.980 12863 12863 D DeviceMoblileNative: load PhoneDetectJni  lib ended
01-30 10:35:57.980 12863 12863 D PhoneDetectJni: MoblieDviceInitJni OK.
01-30 10:35:57.981 12863 12863 D CarPlay_Service: start(UsbConnectionCtrl.java:123)start
01-30 10:35:57.981 12863 12863 E CarPlay_Service: start(UsbConnectionCtrl.java:141) start prefix + observer.getDevicePath() start:DEVPATH=/devices/virtual/carplay_dev/carplay_dev
01-30 10:35:57.981 12863 12863 E CarPlay_Service: start(UsbConnectionCtrl.java:143) start prefix + observer.getDevicePath() end :DEVPATH=
01-30 10:35:57.982 12863 12863 E CarPlay_Service: start(UsbConnectionCtrl.java:141) start prefix + observer.getDevicePath() start:DEVPATH=/devices/platform/soc/a600000.ssusb/a600000.dwc3/xhci-hcd
01-30 10:35:57.982 12863 12863 E CarPlay_Service: start(UsbConnectionCtrl.java:143) start prefix + observer.getDevicePath() end :DEVPATH=
01-30 10:35:57.978 12863 12863 I auditd  : type=1400 audit(0.0:18438): avc:  denied  { create } for  comm="UEventObserver" scontext=u:r:system_app:s0 tcontext=u:r:system_app:s0 tclass=netlink_kobject_uevent_socket permissive=0
