01-30 10:35:57.028   706   722 D sde     : [SDE::CreateFolder]  Debug: logpath : data/sde/crash_12436_com.fawvw.intelligentmodeservice_20260130_103557
01-30 10:35:57.028   706   722 D sde     : [SDE::CollectExceptionMessage]  Debug: CreateFolder = data/sde/crash_12436_com.fawvw.intelligentmodeservice_20260130_103557 
01-30 10:35:57.028   706   722 D sde     : [SDE::CatchLog]  Debug: CatchLog : crash,data/sde/crash_12436_com.fawvw.intelligentmodeservice_20260130_103557
01-30 10:35:57.028   706   722 D sde     : [SDE::CatchJE]  Debug: CatchJE data/sde/crash_12436_com.fawvw.intelligentmodeservice_20260130_103557
01-30 10:35:57.033 11580 11584 I adbd    : opening control endpoint /dev/usb-ffs/adb/ep0
01-30 10:35:57.033   652  2032 I audio_hw_streamer: 569 capture_thread_loop: select [ch 8 -> ch 4] [15360 -> 7680] bytes data 
01-30 10:35:57.033 11580 11584 I adbd    : UsbFfsConnection constructed
01-30 10:35:57.034 11580 12816 I adbd    : UsbFfs-monitor thread spawned
01-30 10:35:57.040   584  1266 E WifiHAL : Invalid data received from driver
01-30 10:35:57.053   652  2032 I audio_hw_streamer: 569 capture_thread_loop: select [ch 8 -> ch 4] [15360 -> 7680] bytes data 
01-30 10:35:57.060  2310  2976 I baidu_location_client: can not request location locLegalStatus = 0 mode = 0
01-30 10:35:57.073   652  2032 I audio_hw_streamer: 569 capture_thread_loop: select [ch 8 -> ch 4] [15360 -> 7680] bytes data 
01-30 10:35:57.093   652  2032 I audio_hw_streamer: 569 capture_thread_loop: select [ch 8 -> ch 4] [15360 -> 7680] bytes data 
01-30 10:35:57.113   652  2032 I audio_hw_streamer: 569 capture_thread_loop: select [ch 8 -> ch 4] [15360 -> 7680] bytes data 
01-30 10:35:57.124   851  1825 D NetworkPolicy: Blocked state of 10066: {blocked=NONE,allowed=FOREGROUND|TOP|METERED_FOREGROUND,effective=NONE}
01-30 10:35:57.133   652  2032 I audio_hw_streamer: 569 capture_thread_loop: select [ch 8 -> ch 4] [15360 -> 7680] bytes data 
01-30 10:35:57.144   644   707 I mcuc    : sd Uart data : 6AA602083D0002920223
01-30 10:35:57.150   644   707 I mcuc    : rev uart=2209,len=14, data : 6AA681083D00069202000B000095
01-30 10:35:57.150   644   707 I mcuc    : sd Uart data : 6AA602083E0002920222
01-30 10:35:57.150   396   396 D adayocomadapter-ParseProtocolFunc: printRaWMsg Name[MCUToUPstream recv] len[6] data[9202000B0000]
01-30 10:35:57.150   396   396 D adayocomadapter-CommunicationManager: onUpstreamback   member[0] dataLength[3] timePoint[233689]
01-30 10:35:57.150   396   396 D adayocomadapter-ParseProtocolFunc: printRaWMsg Name[onUpstreamback] len[3] data[0B0000]
01-30 10:35:57.150   396   452 D adayocomadapter-UpstreamHandler: processBeforePacket upSreamtProcessTimePoint[233689] 
01-30 10:35:57.150   396   452 D adayocomadapter-UpstreamHandler: processPacket UPSTREAM_QUEUE_DATA_TIMEOUT
01-30 10:35:57.150   396   452 D adayocomadapter-ParseProtocolFunc: parseCommonIPCLBytes Processing tableNumber[11]
01-30 10:35:57.150   396   452 D adayocomadapter-ParseProtocolFunc: parseCommonIPCLBytes Processing tablename[Table-11] tableSize[3]
01-30 10:35:57.150   396   452 D adayocomadapter-ParseProtocolFunc: printRaWMsg Name[byteStream recv] len[3] data[0B0000]
01-30 10:35:57.150   396   452 D adayocomadapter-ParseProtocolFunc: printRaWMsg Name[IPCLtoVHAL] len[7] data[2140200B000000]
01-30 10:35:57.150   396   452 D adayocomadapter-CommunicationManager: onUpstreamReceive mPropertyId 0x2140200b
01-30 10:35:57.150   396   452 D adayocomadapter-CommunicationManager: convertBytesToInt32Memcpy  0
01-30 10:35:57.150   396   452 I vw-vhal : notifyVehicleProperty, propId = 0x2140200b, data = {status: 2, int32Values: [0]}
01-30 10:35:57.150   396   452 I vw-vhal : CanSignalsAdapter::notifyVehicleProperty: solvedValue = {.timestamp = 233689852359, .areaId = 0, .prop = 557850635, .status = AVAILABLE, .value = {.int32Values = [1]{0}, .floatValues = [0]{}, .int64Values = [0]{}, .bytes = [0]{}, .stringValue = ""}}
01-30 10:35:57.150   396   452 I VehiclePropertyStore: begin to write value to Store: {.timestamp = 233689852359, .areaId = 0, .prop = 557850635, .status = AVAILABLE, .value = {.int32Values = [1]{0}, .floatValues = [0]{}, .int64Values = [0]{}, .bytes = [0]{}, .stringValue = ""}}
01-30 10:35:57.150   396   452 I DefaultVehicleHal_v2_0: DefaultVehicleHal::onPropertyValue, value:{.timestamp = 233689852359, .areaId = 0, .prop = 557850635, .status = AVAILABLE, .value = {.int32Values = [1]{0}, .floatValues = [0]{}, .int64Values = [0]{}, .bytes = [0]{}, .stringValue = ""}}
01-30 10:35:57.150   396   452 I VehiclePropertyStore: begin to write value to Store: {.timestamp = 233689852359, .areaId = 0, .prop = 557850635, .status = AVAILABLE, .value = {.int32Values = [1]{0}, .floatValues = [0]{}, .int64Values = [0]{}, .bytes = [0]{}, .stringValue = ""}}
01-30 10:35:57.150   396   452 D adayocomadapter-CommunicationManager: onUpstreamReceive mPropertyId 0x2140200b
01-30 10:35:57.153   652  2032 I audio_hw_streamer: 569 capture_thread_loop: select [ch 8 -> ch 4] [15360 -> 7680] bytes data 
01-30 10:35:57.155   644   707 I mcuc    : rev uart=2210,len=19, data : 6AA681083E000B9202000F000000000000008B
01-30 10:35:57.155   396   396 D adayocomadapter-ParseProtocolFunc: printRaWMsg Name[MCUToUPstream recv] len[11] data[9202000F00000000000000]
01-30 10:35:57.155   396   396 D adayocomadapter-CommunicationManager: onUpstreamback   member[0] dataLength[8] timePoint[233694]
01-30 10:35:57.155   396   396 D adayocomadapter-ParseProtocolFunc: printRaWMsg Name[onUpstreamback] len[8] data[0F00000000000000]
01-30 10:35:57.155   396   452 D adayocomadapter-UpstreamHandler: processBeforePacket upSreamtProcessTimePoint[233694] 
01-30 10:35:57.155   396   452 D adayocomadapter-UpstreamHandler: processPacket UPSTREAM_QUEUE_DATA_TIMEOUT
01-30 10:35:57.155   396   452 D adayocomadapter-ParseProtocolFunc: parseCommonIPCLBytes Processing tableNumber[15]
01-30 10:35:57.155   396   452 D adayocomadapter-ParseProtocolFunc: parseCommonIPCLBytes Processing tablename[Table-15] tableSize[8]
01-30 10:35:57.155   396   452 D adayocomadapter-ParseProtocolFunc: printRaWMsg Name[byteStream recv] len[8] data[0F00000000000000]
01-30 10:35:57.155   396   452 D adayocomadapter-ParseProtocolFunc: printRaWMsg Name[IPCLtoVHAL] len[6] data[214020F30000]
01-30 10:35:57.155   396   452 D adayocomadapter-ParseProtocolFunc: printRaWMsg Name[IPCLtoVHAL] len[6] data[214020F40000]
01-30 10:35:57.155   396   452 D adayocomadapter-ParseProtocolFunc: printRaWMsg Name[IPCLtoVHAL] len[6] data[214020F50000]
01-30 10:35:57.155   396   452 D adayocomadapter-ParseProtocolFunc: printRaWMsg Name[IPCLtoVHAL] len[6] data[214020F60000]
01-30 10:35:57.155   396   452 D adayocomadapter-ParseProtocolFunc: printRaWMsg Name[IPCLtoVHAL] len[6] data[214020F70000]
01-30 10:35:57.155   396   452 D adayocomadapter-ParseProtocolFunc: printRaWMsg Name[IPCLtoVHAL] len[6] data[214020F80000]
01-30 10:35:57.156   396   452 D adayocomadapter-ParseProtocolFunc: printRaWMsg Name[IPCLtoVHAL] len[6] data[214020F90000]
01-30 10:35:57.156   396   452 D adayocomadapter-CommunicationManager: onUpstreamReceive mPropertyId 0x214020f3
01-30 10:35:57.156   396   452 D adayocomadapter-CommunicationManager: convertBytesToInt32Memcpy  0
01-30 10:35:57.156   396   452 I vw-vhal : notifyVehicleProperty, propId = 0x214020f3, data = {status: 2, int32Values: [0]}
01-30 10:35:57.156   396   452 I vw-vhal : CanSignalsAdapter::notifyVehicleProperty: solvedValue = {.timestamp = 233695265693, .areaId = 0, .prop = 557850867, .status = AVAILABLE, .value = {.int32Values = [1]{0}, .floatValues = [0]{}, .int64Values = [0]{}, .bytes = [0]{}, .stringValue = ""}}
01-30 10:35:57.156   396   452 I VehiclePropertyStore: begin to write value to Store: {.timestamp = 233695265693, .areaId = 0, .prop = 557850867, .status = AVAILABLE, .value = {.int32Values = [1]{0}, .floatValues = [0]{}, .int64Values = [0]{}, .bytes = [0]{}, .stringValue = ""}}
01-30 10:35:57.156   396   452 I DefaultVehicleHal_v2_0: DefaultVehicleHal::onPropertyValue, value:{.timestamp = 233695265693, .areaId = 0, .prop = 557850867, .status = AVAILABLE, .value = {.int32Values = [1]{0}, .floatValues = [0]{}, .int64Values = [0]{}, .bytes = [0]{}, .stringValue = ""}}
01-30 10:35:57.156   396   452 I VehiclePropertyStore: begin to write value to Store: {.timestamp = 233695265693, .areaId = 0, .prop = 557850867, .status = AVAILABLE, .value = {.int32Values = [1]{0}, .floatValues = [0]{}, .int64Values = [0]{}, .bytes = [0]{}, .stringValue = ""}}
01-30 10:35:57.156   396   452 D adayocomadapter-CommunicationManager: onUpstreamReceive mPropertyId 0x214020f3
01-30 10:35:57.156   396   452 D adayocomadapter-CommunicationManager: onUpstreamReceive mPropertyId 0x214020f4
01-30 10:35:57.156   396   452 D adayocomadapter-CommunicationManager: convertBytesToInt32Memcpy  0
01-30 10:35:57.156   396   452 I vw-vhal : notifyVehicleProperty, propId = 0x214020f4, data = {status: 2, int32Values: [0]}
01-30 10:35:57.156   396   452 I vw-vhal : CanSignalsAdapter::notifyVehicleProperty: solvedValue = {.timestamp = 233695489359, .areaId = 0, .prop = 557850868, .status = AVAILABLE, .value = {.int32Values = [1]{0}, .floatValues = [0]{}, .int64Values = [0]{}, .bytes = [0]{}, .stringValue = ""}}
01-30 10:35:57.156   396   452 I VehiclePropertyStore: begin to write value to Store: {.timestamp = 233695489359, .areaId = 0, .prop = 557850868, .status = AVAILABLE, .value = {.int32Values = [1]{0}, .floatValues = [0]{}, .int64Values = [0]{}, .bytes = [0]{}, .stringValue = ""}}
01-30 10:35:57.156   396   452 I DefaultVehicleHal_v2_0: DefaultVehicleHal::onPropertyValue, value:{.timestamp = 233695489359, .areaId = 0, .prop = 557850868, .status = AVAILABLE, .value = {.int32Values = [1]{0}, .floatValues = [0]{}, .int64Values = [0]{}, .bytes = [0]{}, .stringValue = ""}}
01-30 10:35:57.156   396   452 I VehiclePropertyStore: begin to write value to Store: {.timestamp = 233695489359, .areaId = 0, .prop = 557850868, .status = AVAILABLE, .value = {.int32Values = [1]{0}, .floatValues = [0]{}, .int64Values = [0]{}, .bytes = [0]{}, .stringValue = ""}}
01-30 10:35:57.156   396   452 D adayocomadapter-CommunicationManager: onUpstreamReceive mPropertyId 0x214020f4
01-30 10:35:57.156   396   452 D adayocomadapter-CommunicationManager: onUpstreamReceive mPropertyId 0x214020f5
01-30 10:35:57.156   396   452 D adayocomadapter-CommunicationManager: convertBytesToInt32Memcpy  0
01-30 10:35:57.156   396   452 I vw-vhal : notifyVehicleProperty, propId = 0x214020f5, data = {status: 2, int32Values: [0]}
01-30 10:35:57.156   396   452 I vw-vhal : CanSignalsAdapter::notifyVehicleProperty: solvedValue = {.timestamp = 233695687693, .areaId = 0, .prop = 557850869, .status = AVAILABLE, .value = {.int32Values = [1]{0}, .floatValues = [0]{}, .int64Values = [0]{}, .bytes = [0]{}, .stringValue = ""}}
01-30 10:35:57.156   396   452 I VehiclePropertyStore: begin to write value to Store: {.timestamp = 233695687693, .areaId = 0, .prop = 557850869, .status = AVAILABLE, .value = {.int32Values = [1]{0}, .floatValues = [0]{}, .int64Values = [0]{}, .bytes = [0]{}, .stringValue = ""}}
01-30 10:35:57.156   396   452 I DefaultVehicleHal_v2_0: DefaultVehicleHal::onPropertyValue, value:{.timestamp = 233695687693, .areaId = 0, .prop = 557850869, .status = AVAILABLE, .value = {.int32Values = [1]{0}, .floatValues = [0]{}, .int64Values = [0]{}, .bytes = [0]{}, .stringValue = ""}}
01-30 10:35:57.156   396   452 I VehiclePropertyStore: begin to write value to Store: {.timestamp = 233695687693, .areaId = 0, .prop = 557850869, .status = AVAILABLE, .value = {.int32Values = [1]{0}, .floatValues = [0]{}, .int64Values = [0]{}, .bytes = [0]{}, .stringValue = ""}}
01-30 10:35:57.156   396   452 D adayocomadapter-CommunicationManager: onUpstreamReceive mPropertyId 0x214020f5
01-30 10:35:57.156   396   452 D adayocomadapter-CommunicationManager: onUpstreamReceive mPropertyId 0x214020f6
01-30 10:35:57.156   396   452 D adayocomadapter-CommunicationManager: convertBytesToInt32Memcpy  0
01-30 10:35:57.156   396   452 I vw-vhal : notifyVehicleProperty, propId = 0x214020f6, data = {status: 2, int32Values: [0]}
01-30 10:35:57.156   396   452 I vw-vhal : CanSignalsAdapter::notifyVehicleProperty: solvedValue = {.timestamp = 233695888026, .areaId = 0, .prop = 557850870, .status = AVAILABLE, .value = {.int32Values = [1]{0}, .floatValues = [0]{}, .int64Values = [0]{}, .bytes = [0]{}, .stringValue = ""}}
01-30 10:35:57.156   396   452 I VehiclePropertyStore: begin to write value to Store: {.timestamp = 233695888026, .areaId = 0, .prop = 557850870, .status = AVAILABLE, .value = {.int32Values = [1]{0}, .floatValues = [0]{}, .int64Values = [0]{}, .bytes = [0]{}, .stringValue = ""}}
01-30 10:35:57.156   396   452 I DefaultVehicleHal_v2_0: DefaultVehicleHal::onPropertyValue, value:{.timestamp = 233695888026, .areaId = 0, .prop = 557850870, .status = AVAILABLE, .value = {.int32Values = [1]{0}, .floatValues = [0]{}, .int64Values = [0]{}, .bytes = [0]{}, .stringValue = ""}}
01-30 10:35:57.156   396   452 I VehiclePropertyStore: begin to write value to Store: {.timestamp = 233695888026, .areaId = 0, .prop = 557850870, .status = AVAILABLE, .value = {.int32Values = [1]{0}, .floatValues = [0]{}, .int64Values = [0]{}, .bytes = [0]{}, .stringValue = ""}}
01-30 10:35:57.156   396   452 D adayocomadapter-CommunicationManager: onUpstreamReceive mPropertyId 0x214020f6
01-30 10:35:57.156   396   452 D adayocomadapter-CommunicationManager: onUpstreamReceive mPropertyId 0x214020f7
01-30 10:35:57.156   396   452 D adayocomadapter-CommunicationManager: convertBytesToInt32Memcpy  0
01-30 10:35:57.156   396   452 I vw-vhal : notifyVehicleProperty, propId = 0x214020f7, data = {status: 2, int32Values: [0]}
01-30 10:35:57.156   396   452 I vw-vhal : CanSignalsAdapter::notifyVehicleProperty: solvedValue = {.timestamp = 233696097359, .areaId = 0, .prop = 557850871, .status = AVAILABLE, .value = {.int32Values = [1]{0}, .floatValues = [0]{}, .int64Values = [0]{}, .bytes = [0]{}, .stringValue = ""}}
01-30 10:35:57.156   396   452 I VehiclePropertyStore: begin to write value to Store: {.timestamp = 233696097359, .areaId = 0, .prop = 557850871, .status = AVAILABLE, .value = {.int32Values = [1]{0}, .floatValues = [0]{}, .int64Values = [0]{}, .bytes = [0]{}, .stringValue = ""}}
01-30 10:35:57.157   396   452 I DefaultVehicleHal_v2_0: DefaultVehicleHal::onPropertyValue, value:{.timestamp = 233696097359, .areaId = 0, .prop = 557850871, .status = AVAILABLE, .value = {.int32Values = [1]{0}, .floatValues = [0]{}, .int64Values = [0]{}, .bytes = [0]{}, .stringValue = ""}}
01-30 10:35:57.157   396   452 I VehiclePropertyStore: begin to write value to Store: {.timestamp = 233696097359, .areaId = 0, .prop = 557850871, .status = AVAILABLE, .value = {.int32Values = [1]{0}, .floatValues = [0]{}, .int64Values = [0]{}, .bytes = [0]{}, .stringValue = ""}}
01-30 10:35:57.157   396   452 D adayocomadapter-CommunicationManager: onUpstreamReceive mPropertyId 0x214020f7
01-30 10:35:57.157   396   452 D adayocomadapter-CommunicationManager: onUpstreamReceive mPropertyId 0x214020f8
01-30 10:35:57.157   396   452 D adayocomadapter-CommunicationManager: convertBytesToInt32Memcpy  0
01-30 10:35:57.157   396   452 I vw-vhal : notifyVehicleProperty, propId = 0x214020f8, data = {status: 2, int32Values: [0]}
01-30 10:35:57.157   396   452 I vw-vhal : CanSignalsAdapter::notifyVehicleProperty: solvedValue = {.timestamp = 233696280693, .areaId = 0, .prop = 557850872, .status = AVAILABLE, .value = {.int32Values = [1]{0}, .floatValues = [0]{}, .int64Values = [0]{}, .bytes = [0]{}, .stringValue = ""}}
01-30 10:35:57.157   396   452 I VehiclePropertyStore: begin to write value to Store: {.timestamp = 233696280693, .areaId = 0, .prop = 557850872, .status = AVAILABLE, .value = {.int32Values = [1]{0}, .floatValues = [0]{}, .int64Values = [0]{}, .bytes = [0]{}, .stringValue = ""}}
01-30 10:35:57.157   396   452 I DefaultVehicleHal_v2_0: DefaultVehicleHal::onPropertyValue, value:{.timestamp = 233696280693, .areaId = 0, .prop = 557850872, .status = AVAILABLE, .value = {.int32Values = [1]{0}, .floatValues = [0]{}, .int64Values = [0]{}, .bytes = [0]{}, .stringValue = ""}}
01-30 10:35:57.157   396   452 I VehiclePropertyStore: begin to write value to Store: {.timestamp = 233696280693, .areaId = 0, .prop = 557850872, .status = AVAILABLE, .value = {.int32Values = [1]{0}, .floatValues = [0]{}, .int64Values = [0]{}, .bytes = [0]{}, .stringValue = ""}}
01-30 10:35:57.157   396   452 D adayocomadapter-CommunicationManager: onUpstreamReceive mPropertyId 0x214020f8
01-30 10:35:57.157   396   452 D adayocomadapter-CommunicationManager: onUpstreamReceive mPropertyId 0x214020f9
01-30 10:35:57.157   396   452 D adayocomadapter-CommunicationManager: convertBytesToInt32Memcpy  0
01-30 10:35:57.157   396   452 I vw-vhal : notifyVehicleProperty, propId = 0x214020f9, data = {status: 2, int32Values: [0]}
01-30 10:35:57.157   396   452 I vw-vhal : CanSignalsAdapter::notifyVehicleProperty: solvedValue = {.timestamp = 233696471693, .areaId = 0, .prop = 557850873, .status = AVAILABLE, .value = {.int32Values = [1]{0}, .floatValues = [0]{}, .int64Values = [0]{}, .bytes = [0]{}, .stringValue = ""}}
01-30 10:35:57.157   396   452 I VehiclePropertyStore: begin to write value to Store: {.timestamp = 233696471693, .areaId = 0, .prop = 557850873, .status = AVAILABLE, .value = {.int32Values = [1]{0}, .floatValues = [0]{}, .int64Values = [0]{}, .bytes = [0]{}, .stringValue = ""}}
01-30 10:35:57.157   396   452 I DefaultVehicleHal_v2_0: DefaultVehicleHal::onPropertyValue, value:{.timestamp = 233696471693, .areaId = 0, .prop = 557850873, .status = AVAILABLE, .value = {.int32Values = [1]{0}, .floatValues = [0]{}, .int64Values = [0]{}, .bytes = [0]{}, .stringValue = ""}}
01-30 10:35:57.157   396   452 I VehiclePropertyStore: begin to write value to Store: {.timestamp = 233696471693, .areaId = 0, .prop = 557850873, .status = AVAILABLE, .value = {.int32Values = [1]{0}, .floatValues = [0]{}, .int64Values = [0]{}, .bytes = [0]{}, .stringValue = ""}}
01-30 10:35:57.157   396   452 D adayocomadapter-CommunicationManager: onUpstreamReceive mPropertyId 0x214020f9
01-30 10:35:57.162   584  1266 E WifiHAL : Invalid data received from driver
01-30 10:35:57.166   645   645 W libc    : Access denied finding property "cdm.rw.cam_link.status"
01-30 10:35:57.166   645   645 E fgesysctrl_hidl_hal_test1: fgesysctrl_get_signal status error ret:-1
01-30 10:35:57.166   650   809 D EvsApp  : CameraFgeSysctrl::fgesysctrlGetsignalstatus() FAIL
01-30 10:35:57.162   645   645 I auditd  : type=1400 audit(0.0:18436): avc:  denied  { read } for  comm="fgesysctrl@1.0-" name="u:object_r:sdrv_prop:s0" dev="tmpfs" ino=319 scontext=u:r:fgesysctrl:s0 tcontext=u:object_r:sdrv_prop:s0 tclass=file permissive=0
01-30 10:35:57.162   645   645 W fgesysctrl@1.0-: type=1400 audit(0.0:18436): avc:  denied  { read } for  name="u:object_r:sdrv_prop:s0" dev="tmpfs" ino=319 scontext=u:r:fgesysctrl:s0 tcontext=u:object_r:sdrv_prop:s0 tclass=file permissive=0
01-30 10:35:57.167  1583  8937 I evsservice20200311: function = notifyAppDeviceValue :ADAYO_AVM_CAMERA_SIGNAL_STATE,-1---
01-30 10:35:57.167  1583  1760 E EvsServiceManager: EvsServiceManager$a->notifyDeviceValue()29:notifyDeviceValue key：ADAYO_AVM_CAMERA_SIGNAL_STATEvalue-1     ---249:Thread-218
01-30 10:35:57.173   652  2032 I audio_hw_streamer: 569 capture_thread_loop: select [ch 8 -> ch 4] [15360 -> 7680] bytes data 
01-30 10:35:57.182   584  1266 E WifiHAL : Invalid data received from driver
01-30 10:35:57.182   584  1266 E WifiHAL : Invalid data received from driver
01-30 10:35:57.182   584  1266 E WifiHAL : Invalid data received from driver
01-30 10:35:57.182   584  1266 E WifiHAL : Invalid data received from driver
01-30 10:35:57.183   584  1266 E WifiHAL : Invalid data received from driver
01-30 10:35:57.183   584  1266 E WifiHAL : Invalid data received from driver
01-30 10:35:57.183   584  1266 E WifiHAL : Invalid data received from driver
01-30 10:35:57.183   584  1266 E WifiHAL : Invalid data received from driver
01-30 10:35:57.193   652  2032 I audio_hw_streamer: 569 capture_thread_loop: select [ch 8 -> ch 4] [15360 -> 7680] bytes data 
01-30 10:35:57.206  2526  2565 D GPS_POIManager: IncomeProcess 2364
01-30 10:35:57.206  2526  2565 W POIManager: Just Location Need request Location permission
01-30 10:35:57.207  2364  2569 E /       : Just Location request Location permission
01-30 10:35:57.213   652  2032 I audio_hw_streamer: 569 capture_thread_loop: select [ch 8 -> ch 4] [15360 -> 7680] bytes data 
01-30 10:35:57.228   584  1266 E WifiHAL : Invalid data received from driver
01-30 10:35:57.233   652  2032 I audio_hw_streamer: 569 capture_thread_loop: select [ch 8 -> ch 4] [15360 -> 7680] bytes data 
01-30 10:35:57.253   652  2032 I audio_hw_streamer: 569 capture_thread_loop: select [ch 8 -> ch 4] [15360 -> 7680] bytes data 
01-30 10:35:57.273   652  2032 I audio_hw_streamer: 569 capture_thread_loop: select [ch 8 -> ch 4] [15360 -> 7680] bytes data 
01-30 10:35:57.286   706   722 D sde     : [SDE::CatchJE]  Debug: CatchJE end
01-30 10:35:57.287   706   722 D sde     : [SDE::removeFile]  Debug: removeFile index = 29_
01-30 10:35:57.287   706   722 D sde     : [SDE::removeFile]  Debug: remove : /data/sde/29_crash_7917_com.fawvw.intelligentmodeservice_20260130_103332.zip
01-30 10:35:57.288   706   722 D sde     : [SDE::zipArchiveFolder]  Debug: zippath = /data/sde/29_crash_12436_com.fawvw.intelligentmodeservice_20260130_103557.zip 
01-30 10:35:57.293   652  2032 I audio_hw_streamer: 569 capture_thread_loop: select [ch 8 -> ch 4] [15360 -> 7680] bytes data 
01-30 10:35:57.304  2364  2569 I VehicleNaviObserver: loadCompany
01-30 10:35:57.304  2364  2979 I VehicleNaviObserver: loadHome
01-30 10:35:57.305  2526  2565 D navi-libSdk-J01-Sdk: isServiceConnected: true
01-30 10:35:57.305  2526  8938 D navi-libSdk-J01-Sdk: isServiceConnected: true
01-30 10:35:57.305  2526  2565 D GPS_IExpired: head 249650430{state=0,isHead=true,param=,incomePid=2364,method=HomeLocation,childCount=0}
01-30 10:35:57.305  2526  2565 D navi-libSdk-J01-Sdk: isServiceConnected: true
01-30 10:35:57.305  2526  2565 D navi-libSdk-J01-NaviSdk: getHomeAddress: type-0,getProxy()-com.faw.navi.libsdk.IShareDataInterface$Stub$Proxy@df7250
01-30 10:35:57.305  2526  8938 D GPS_IExpired: head 180235359{state=0,isHead=true,param=,incomePid=2364,method=CompanyLocation,childCount=0}
01-30 10:35:57.305  2526  8938 D navi-libSdk-J01-Sdk: isServiceConnected: true
01-30 10:35:57.305  2526  8938 D navi-libSdk-J01-NaviSdk: getCompanyAddress: type-0,getProxy()-com.faw.navi.libsdk.IShareDataInterface$Stub$Proxy@df7250
01-30 10:35:57.305  2310  2325 D navi-libSdk-J01-ShareDataBinder: getHomeAddress: clientPid-2526,type-0
01-30 10:35:57.305  2310  2325 D navi-libSdk-J01-ShareDataBinder: getCompanyAddress: clientPid-2526,type-0
01-30 10:35:57.306  2364  2979 I VehicleNaviObserver: loadHome >> null, do retry
01-30 10:35:57.306  2364  2569 I VehicleNaviObserver: loadCompany >> null, do retry
01-30 10:35:57.306  2526  8938 D GPS_IExpired: 180235359{state=1,isHead=true,param=,incomePid=2364,method=CompanyLocation,childCount=0} callback
01-30 10:35:57.306  2526  8938 D GPS_IExpired: 180235359{state=1,isHead=true,param=,incomePid=2364,method=CompanyLocation,childCount=0} accept and fallback 0
01-30 10:35:57.306  2526  2565 D GPS_IExpired: 249650430{state=1,isHead=true,param=,incomePid=2364,method=HomeLocation,childCount=0} callback
01-30 10:35:57.306  2526  2565 D GPS_IExpired: 249650430{state=1,isHead=true,param=,incomePid=2364,method=HomeLocation,childCount=0} accept and fallback 0
01-30 10:35:57.313   652  2032 I audio_hw_streamer: 569 capture_thread_loop: select [ch 8 -> ch 4] [15360 -> 7680] bytes data 
01-30 10:35:57.313  9391  9440 D ANWStack: [    233852][ANWBT] HCI Rx: RemoteNameComplete event, status=0x04 (Page Timeout(0x04)), bdaddr=38:2A:8B:05:23:07, RemoteName=""
01-30 10:35:57.313  9391  9440 D ANWStack: 
01-30 10:35:57.313  9391  9440 D ANWAPI  : (9391|0x85AB6CB0)[BTAPI] AnwhciEventCallback 7 4
01-30 10:35:57.313  9391  9440 D ANWStack: [    233853][ANWBT] HCI_evREMOTENAMEREQUESTCOMPLETE received..........
01-30 10:35:57.313  9391  9440 D ANWStack: 
01-30 10:35:57.313  9391  9440 D ANWStack: [    233853][ANWBT] HCI_evREMOTENAMEREQUESTCOMPLETE: ++++++++++++++
01-30 10:35:57.313  9391  9440 D ANWStack: [    233853][ANWBT] HCI_evREMOTENAMEREQUESTCOMPLETE: ++++++++++++++
01-30 10:35:57.313  9391  9440 D ANWStack: [    233853][ANWBT] Inquiry cont.@2! dev num 7, last found dev num 5
01-30 10:35:57.313  9391  9440 D ANWStack: 
01-30 10:35:57.313  9391  9440 D ANWStack: [    233853][ANWBT] HCI: Sending HCI_Inquiry command, LAP=0x9E8B33, inquiryLength=0xC, numResponses=0x0
01-30 10:35:57.314  9391  9440 D ANWStack: [    233853][ANWBT] HCI Rx: CommandStatus event for Inquiry, numCommandPackets=0x1, status=0x00 (Success)
01-30 10:35:57.314  9391  9440 D ANWStack: 
01-30 10:35:57.314  9391  9440 D ANWAPI  : (9391|0x85AB6CB0)[BTAPI] AnwhciEventCallback 15 0
01-30 10:35:57.314  9391  9440 D ANWAPI  : (9391|0x85AB6CB0)[BTAPI] LIB<<HCI:HCI_evCOMMANDSTATUS HCI_cmdINQUIRY(0)
01-30 10:35:57.314  9391  9440 D ANWAPI  : (9391|0x85AB6CB0)[BTAPI] cancel inform_inquiry_error_timer 0,cancel_process_flag = 0
01-30 10:35:57.332   584  1266 E WifiHAL : Invalid data received from driver
01-30 10:35:57.333   652  2032 I audio_hw_streamer: 569 capture_thread_loop: select [ch 8 -> ch 4] [15360 -> 7680] bytes data 
01-30 10:35:57.353   652  2032 I audio_hw_streamer: 569 capture_thread_loop: select [ch 8 -> ch 4] [15360 -> 7680] bytes data 
01-30 10:35:57.365   706   722 D sde     : [SDE::zipArchiveFolder]  Debug: property_set persist.sde.last.number success
01-30 10:35:57.366   706   722 D sde     : [SDE::deleteFolder]  Debug: deleteFolder :data/sde/crash_12436_com.fawvw.intelligentmodeservice_20260130_103557
01-30 10:35:57.366   706   722 D sde     : [SDE::hasEnoughSpace]  Debug: avaiPercent = 89, limitPercent = 90
01-30 10:35:57.366   706   706 D sde     : [SDE::socket_listen]  Debug: Accept_fd 5
01-30 10:35:57.366   706   722 D sde     : [SDE::CreateFolder]  Debug: CreateFolder type :crash ,pid :12468, package :com.adayo.carplay ,tombstone :
01-30 10:35:57.366   706   706 D sde     : [SDE::socket_listen]  Debug: receive msg from client : crash|12521|com.adayo.carplay
01-30 10:35:57.366   706   722 D sde     : [SDE::CreateFolder]  Debug: logpath : data/sde/crash_12468_com.adayo.carplay_20260130_103557
01-30 10:35:57.366   851  2748 I SdException: disconnecting...
01-30 10:35:57.366   706   722 D sde     : [SDE::CollectExceptionMessage]  Debug: CreateFolder = data/sde/crash_12468_com.adayo.carplay_20260130_103557 
01-30 10:35:57.366   706   722 D sde     : [SDE::CatchLog]  Debug: CatchLog : crash,data/sde/crash_12468_com.adayo.carplay_20260130_103557
01-30 10:35:57.366   706   722 D sde     : [SDE::CatchJE]  Debug: CatchJE data/sde/crash_12468_com.adayo.carplay_20260130_103557
01-30 10:35:57.368   851  2748 W ActivityManager: Process com.fawvw.intelligentmodeservice has crashed too many times, killing! Reason: crashed quickly
01-30 10:35:57.368   851  2748 I am_process_crashed_too_much: [0,com.fawvw.intelligentmodeservice,1000]
01-30 10:35:57.370   851  2748 I sysui_multi_action: [757,316,758,4,759,-1]
01-30 10:35:57.370 12675 12675 I Process : Sending signal. PID: 12675 SIG: 9
01-30 10:35:57.373   652  2032 I audio_hw_streamer: 569 capture_thread_loop: select [ch 8 -> ch 4] [15360 -> 7680] bytes data 
01-30 10:35:57.379  2310  2310 D SettingRepositoryBD: onStatusChange offlineData-id: 1 name: 北京 cityid 1 cityName=北京市 st: 1 size: 540046760 dsize: 201437456 usize: 0 udsize: 0 prog: 37.3 err:0 errMsg: OK
01-30 10:35:57.382  9391  9440 D ANWStack: [    233921][ANWBT] HCI Rx: LE Meta Event, HCI_evLEADVERTISINGREPORT, subevent_code=0x2 Num_Reports=1
01-30 10:35:57.382  9391  9440 D ANWStack: 
01-30 10:35:57.382  9391  9440 D ANWAPI  : (9391|0x85AB6CB0)[BTAPI] AnwhciEventCallback 62 2
01-30 10:35:57.382  9391  9440 D ANWAPI  : (9391|0x85AB6CB0)[BTAPI] btsdk_le_DiscoveryCallback eventtype[3]
01-30 10:35:57.382  9391  9440 D ANWAPI  : (9391|0x85AB6CB0)[BTAPI] anwbt_ble_le_discoveryHandler
01-30 10:35:57.382  9391  9440 D ANWAPI  : 
01-30 10:35:57.382  9391  9440 D ANWAPI  : (9391|0x85AB6CB0)[BTAPI] anwbt_ble_le_discoveryHandler newDevice=0xb400fa3d7dab349a,status=0,idx=255,scanLen=0,len=31,RSSI[-81]
01-30 10:35:57.382  9391  9440 D ANWAPI  : (9391|0x85AB6CB0)[BTAPI] AnWBT_BLE_GetFirstRandomAddr start,btaddr=[0x54:0xed:0x35:0x22:0x32:0x79],addrType=1
01-30 10:35:57.382  9391  9440 D ANWAPI  : (9391|0x85AB6CB0)[BTAPI] AnWBT_BLE_GetFirstRandomAddr end,btaddr=[0x54:0xed:0x35:0x22:0x32:0x79]
01-30 10:35:57.382  9391  9440 D ANWAPI  : (9391|0x85AB6CB0)[BTAPI] send_BLE_discoveryHandler_Message event type: 0x3
01-30 10:35:57.382  9391  9440 D ANWAPI  : 
01-30 10:35:57.382  9391  9440 D ANW bt_btif: send_BLE_discoveryHandler_Message cod is 0x000000
01-30 10:35:57.382  9391  9440 D ANW bt_btif: btif_storage_add_remote_device, AnW
01-30 10:35:57.382  9391  9440 D ANW bt_btif: in, bd addr:79:32:22:35:ed:54, prop type:255, len:6
01-30 10:35:57.382  9391  9440 D ANW bt_btif: btif_in_fetch_bonded_device, AnW
01-30 10:35:57.382  9391  9440 D ANW bt_btif: btif_in_fetch_bonded_ble_device Found a LE device: 79:32:22:35:ed:54
01-30 10:35:57.382  9391  9440 D ANW bt_btif: btif_storage_get_remote_addr_type, AnW
01-30 10:35:57.383  9391  9440 D ANW bt_btif: btif_in_fetch_bonded_ble_device, AnW key_not_found
01-30 10:35:57.383  9391  9440 D ANW bt_btif: Remote device:79:32:22:35:ed:54, no link key or ble key found
01-30 10:35:57.383  9391  9440 D ANW bt_btif: in, bd addr:79:32:22:35:ed:54, prop type:5, len:4
01-30 10:35:57.383  9391  9440 D ANW bt_btif: btif_in_fetch_bonded_device, AnW
01-30 10:35:57.383  9391  9440 D ANW bt_btif: btif_in_fetch_bonded_ble_device Found a LE device: 79:32:22:35:ed:54
01-30 10:35:57.383  9391  9440 D ANW bt_btif: btif_storage_get_remote_addr_type, AnW
01-30 10:35:57.383  9391  9440 D ANW bt_btif: btif_in_fetch_bonded_ble_device, AnW key_not_found
01-30 10:35:57.383  9391  9440 D ANW bt_btif: Remote device:79:32:22:35:ed:54, no link key or ble key found
01-30 10:35:57.383  9391  9440 D ANW bt_btif: in, bd addr:79:32:22:35:ed:54, prop type:11, len:1
01-30 10:35:57.383  9391  9440 D ANW bt_btif: btif_in_fetch_bonded_device, AnW
01-30 10:35:57.383  9391  9440 D ANW bt_btif: btif_in_fetch_bonded_ble_device Found a LE device: 79:32:22:35:ed:54
01-30 10:35:57.383  9391  9440 D ANW bt_btif: btif_storage_get_remote_addr_type, AnW
01-30 10:35:57.383  9391  9440 D ANW bt_btif: btif_in_fetch_bonded_ble_device, AnW key_not_found
01-30 10:35:57.383  9391  9440 D ANW bt_btif: Remote device:79:32:22:35:ed:54, no link key or ble key found
01-30 10:35:57.383  9391  9440 D ANW bt_btif: btif_storage_set_remote_addr_type, AnW
01-30 10:35:57.383  9391  9440 I ANW bt_btif: onScanResult, address_type=1, primary_phy= 0, secondary_phy=0, ad size= 31
01-30 10:35:57.383  9391  9440 I ANW bt_btif: onScanResult: HAL bt_gatt_callbacks->scanner->scan_result_cb
01-30 10:35:57.391  1513  2257 D TboxNetworkManager: tboxNetworkbinder=null
01-30 10:35:57.392  1371  2270 E FawPowerService: vehicleCallbackList onCallbackDied callback: vendor.fawvw.fawsystemserver.fawvwpower.IVehicleModeListener$Stub$Proxy@feaec08 ,packageName : com.fawvw.intelligentmodeservice
01-30 10:35:57.393  9391  9440 D ANWStack: [    233932][ANWBT] HCI Rx: LE Meta Event, HCI_evLEADVERTISINGREPORT, subevent_code=0x2 Num_Reports=1
01-30 10:35:57.393  9391  9440 D ANWStack: 
01-30 10:35:57.393   851  2748 I ActivityManager: Process com.fawvw.intelligentmodeservice (pid 12675) has died: pers PER 
01-30 10:35:57.393  9391  9440 D ANWAPI  : (9391|0x85AB6CB0)[BTAPI] AnwhciEventCallback 62 2
01-30 10:35:57.393  9391  9440 D ANWAPI  : (9391|0x85AB6CB0)[BTAPI] btsdk_le_DiscoveryCallback eventtype[3]
01-30 10:35:57.393   851  2748 I am_proc_died: [0,12675,com.fawvw.intelligentmodeservice,-800,0]
01-30 10:35:57.393  9391  9440 D ANWAPI  : (9391|0x85AB6CB0)[BTAPI] anwbt_ble_le_discoveryHandler
01-30 10:35:57.393  9391  9440 D ANWAPI  : 
01-30 10:35:57.393  9391  9440 D ANWAPI  : (9391|0x85AB6CB0)[BTAPI] anwbt_ble_le_discoveryHandler newDevice=0xb400fa3d7dab349a,status=0,idx=255,scanLen=0,len=31,RSSI[-69]
01-30 10:35:57.393  9391  9440 D ANWAPI  : (9391|0x85AB6CB0)[BTAPI] AnWBT_BLE_GetFirstRandomAddr start,btaddr=[0xd9:0x87:0x18:0xfb:0x50:0x21],addrType=1
01-30 10:35:57.393  9391  9440 D ANWAPI  : (9391|0x85AB6CB0)[BTAPI] AnWBT_BLE_GetFirstRandomAddr end,btaddr=[0xd9:0x87:0x18:0xfb:0x50:0x21]
01-30 10:35:57.393  9391  9440 D ANWAPI  : (9391|0x85AB6CB0)[BTAPI] send_BLE_discoveryHandler_Message event type: 0x3
01-30 10:35:57.393  9391  9440 D ANWAPI  : 
01-30 10:35:57.393   652  2032 I audio_hw_streamer: 569 capture_thread_loop: select [ch 8 -> ch 4] [15360 -> 7680] bytes data 
01-30 10:35:57.393  9391  9440 D ANW bt_btif: send_BLE_discoveryHandler_Message cod is 0x000000
01-30 10:35:57.394  9391  9440 D ANW bt_btif: btif_storage_add_remote_device, AnW
01-30 10:35:57.394  9391  9440 D ANW bt_btif: in, bd addr:21:50:fb:18:87:d9, prop type:255, len:6
01-30 10:35:57.394  9391  9440 D ANW bt_btif: btif_in_fetch_bonded_device, AnW
01-30 10:35:57.394  9391  9440 D ANW bt_btif: btif_in_fetch_bonded_ble_device Found a LE device: 21:50:fb:18:87:d9
01-30 10:35:57.394  9391  9440 D ANW bt_btif: btif_storage_get_remote_addr_type, AnW
01-30 10:35:57.394  9391  9440 D ANW bt_btif: btif_in_fetch_bonded_ble_device, AnW key_not_found
01-30 10:35:57.394  9391  9440 D ANW bt_btif: Remote device:21:50:fb:18:87:d9, no link key or ble key found
01-30 10:35:57.394  9391  9440 D ANW bt_btif: in, bd addr:21:50:fb:18:87:d9, prop type:5, len:4
01-30 10:35:57.394  9391  9440 D ANW bt_btif: btif_in_fetch_bonded_device, AnW
01-30 10:35:57.394  9391  9440 D ANW bt_btif: btif_in_fetch_bonded_ble_device Found a LE device: 21:50:fb:18:87:d9
01-30 10:35:57.394  9391  9440 D ANW bt_btif: btif_storage_get_remote_addr_type, AnW
01-30 10:35:57.394  9391  9440 D ANW bt_btif: btif_in_fetch_bonded_ble_device, AnW key_not_found
01-30 10:35:57.394  9391  9440 D ANW bt_btif: Remote device:21:50:fb:18:87:d9, no link key or ble key found
01-30 10:35:57.394  9391  9440 D ANW bt_btif: in, bd addr:21:50:fb:18:87:d9, prop type:11, len:1
01-30 10:35:57.394  9391  9440 D ANW bt_btif: btif_in_fetch_bonded_device, AnW
01-30 10:35:57.394   851  2748 W ActivityManager: Scheduling restart of crashed service com.fawvw.intelligentmodeservice/.ModeService in 0ms for persistent
01-30 10:35:57.394   851  2748 I am_schedule_service_restart: [0,com.fawvw.intelligentmodeservice/.ModeService,0]
01-30 10:35:57.394  9391  9440 D ANW bt_btif: btif_in_fetch_bonded_ble_device Found a LE device: 21:50:fb:18:87:d9
01-30 10:35:57.394  9391  9440 D ANW bt_btif: btif_storage_get_remote_addr_type, AnW
01-30 10:35:57.395  9391  9440 D ANW bt_btif: btif_in_fetch_bonded_ble_device, AnW key_not_found
01-30 10:35:57.395  9391  9440 D ANW bt_btif: Remote device:21:50:fb:18:87:d9, no link key or ble key found
01-30 10:35:57.395  9391  9440 D ANW bt_btif: btif_storage_set_remote_addr_type, AnW
01-30 10:35:57.395  9391  9440 I ANW bt_btif: onScanResult, address_type=1, primary_phy= 0, secondary_phy=0, ad size= 31
01-30 10:35:57.395  9391  9440 I ANW bt_btif: onScanResult: HAL bt_gatt_callbacks->scanner->scan_result_cb
01-30 10:35:57.395   584  1266 E WifiHAL : Invalid data received from driver
01-30 10:35:57.395   568   568 I Zygote  : Process 12675 exited due to signal 9 (Killed)
01-30 10:35:57.395   584  1266 E WifiHAL : Invalid data received from driver
01-30 10:35:57.395   851  2748 W ActivityManager: Re-adding persistent process ProcessRecord{68110fb 12675:com.fawvw.intelligentmodeservice/1000}
01-30 10:35:57.395   584  1266 E WifiHAL : Invalid data received from driver
01-30 10:35:57.396   584  1266 E WifiHAL : Invalid data received from driver
01-30 10:35:57.396   584  1266 E WifiHAL : Invalid data received from driver
01-30 10:35:57.396   584  1266 E WifiHAL : Invalid data received from driver
01-30 10:35:57.396   584  1266 E WifiHAL : Invalid data received from driver
01-30 10:35:57.398   851  2748 D CompatibilityChangeReporter: Compat change id reported: 135634846; UID 1000; state: DISABLED
01-30 10:35:57.398   851  2748 D CompatibilityChangeReporter: Compat change id reported: 177438394; UID 1000; state: DISABLED
01-30 10:35:57.398   851  2748 D CompatibilityChangeReporter: Compat change id reported: 135772972; UID 1000; state: DISABLED
01-30 10:35:57.398   851  1063 I libprocessgroup: Successfully killed process cgroup uid 1000 pid 12675 in 5ms
01-30 10:35:57.398   851  2748 D CompatibilityChangeReporter: Compat change id reported: 135754954; UID 1000; state: ENABLED
01-30 10:35:57.400   851  2748 D OomAdjuster: Not killing cached processes
01-30 10:35:57.402   851  1149 D JobScheduler.Quota: Processing event 31 for <0>com.fawvw.intelligentmodeservice
01-01 08:03:55.126   330   330 I logd    : logdr: UID=1000 GID=1000 PID=12829 n tail=0 logMask=4 pid=0 start=0ns deadline=0ns
01-30 10:35:57.406  9391  9440 D ANWStack: [    233945][ANWBT] HCI Rx: LE Meta Event, HCI_evLEADVERTISINGREPORT, subevent_code=0x2 Num_Reports=1
01-30 10:35:57.406  9391  9440 D ANWStack: 
01-30 10:35:57.406  9391  9440 D ANWAPI  : (9391|0x85AB6CB0)[BTAPI] AnwhciEventCallback 62 2
01-30 10:35:57.406  9391  9440 D ANWAPI  : (9391|0x85AB6CB0)[BTAPI] btsdk_le_DiscoveryCallback eventtype[3]
01-30 10:35:57.406  9391  9440 D ANWAPI  : (9391|0x85AB6CB0)[BTAPI] anwbt_ble_le_discoveryHandler
01-30 10:35:57.406  9391  9440 D ANWAPI  : 
01-30 10:35:57.406  9391  9440 D ANWAPI  : (9391|0x85AB6CB0)[BTAPI] anwbt_ble_le_discoveryHandler newDevice=0xb400fa3d7dab349a,status=0,idx=255,scanLen=0,len=31,RSSI[-69]
01-30 10:35:57.406  9391  9440 D ANWAPI  : (9391|0x85AB6CB0)[BTAPI] AnWBT_BLE_GetFirstRandomAddr start,btaddr=[0xca:0x96:0x2a:0x46:0xf2:0x28],addrType=1
01-30 10:35:57.406  9391  9440 D ANWAPI  : (9391|0x85AB6CB0)[BTAPI] AnWBT_BLE_GetFirstRandomAddr end,btaddr=[0xca:0x96:0x2a:0x46:0xf2:0x28]
01-30 10:35:57.406  9391  9440 D ANWAPI  : (9391|0x85AB6CB0)[BTAPI] send_BLE_discoveryHandler_Message event type: 0x3
01-30 10:35:57.406  9391  9440 D ANWAPI  : 
01-30 10:35:57.406  9391  9440 D ANW bt_btif: send_BLE_discoveryHandler_Message cod is 0x000000
01-30 10:35:57.406  9391  9440 D ANW bt_btif: btif_storage_add_remote_device, AnW
01-30 10:35:57.406  9391  9440 D ANW bt_btif: in, bd addr:28:f2:46:2a:96:ca, prop type:255, len:6
01-30 10:35:57.406  9391  9440 D ANW bt_btif: btif_in_fetch_bonded_device, AnW
01-30 10:35:57.406  9391  9440 D ANW bt_btif: btif_in_fetch_bonded_ble_device Found a LE device: 28:f2:46:2a:96:ca
01-30 10:35:57.406  9391  9440 D ANW bt_btif: btif_storage_get_remote_addr_type, AnW
01-30 10:35:57.406  9391  9440 D ANW bt_btif: btif_in_fetch_bonded_ble_device, AnW key_not_found
01-30 10:35:57.406  9391  9440 D ANW bt_btif: Remote device:28:f2:46:2a:96:ca, no link key or ble key found
01-30 10:35:57.406  9391  9440 D ANW bt_btif: in, bd addr:28:f2:46:2a:96:ca, prop type:5, len:4
01-30 10:35:57.406  9391  9440 D ANW bt_btif: btif_in_fetch_bonded_device, AnW
01-30 10:35:57.406  9391  9440 D ANW bt_btif: btif_in_fetch_bonded_ble_device Found a LE device: 28:f2:46:2a:96:ca
01-30 10:35:57.406  9391  9440 D ANW bt_btif: btif_storage_get_remote_addr_type, AnW
01-30 10:35:57.406  9391  9440 D ANW bt_btif: btif_in_fetch_bonded_ble_device, AnW key_not_found
01-30 10:35:57.406  9391  9440 D ANW bt_btif: Remote device:28:f2:46:2a:96:ca, no link key or ble key found
01-30 10:35:57.406  9391  9440 D ANW bt_btif: in, bd addr:28:f2:46:2a:96:ca, prop type:11, len:1
01-30 10:35:57.406  9391  9440 D ANW bt_btif: btif_in_fetch_bonded_device, AnW
01-30 10:35:57.406  9391  9440 D ANW bt_btif: btif_in_fetch_bonded_ble_device Found a LE device: 28:f2:46:2a:96:ca
01-30 10:35:57.406  9391  9440 D ANW bt_btif: btif_storage_get_remote_addr_type, AnW
01-30 10:35:57.406  9391  9440 D ANW bt_btif: btif_in_fetch_bonded_ble_device, AnW key_not_found
01-30 10:35:57.406  9391  9440 D ANW bt_btif: Remote device:28:f2:46:2a:96:ca, no link key or ble key found
01-30 10:35:57.406  9391  9440 D ANW bt_btif: btif_storage_set_remote_addr_type, AnW
01-30 10:35:57.407  9391  9440 I ANW bt_btif: onScanResult, address_type=1, primary_phy= 0, secondary_phy=0, ad size= 31
01-30 10:35:57.407  9391  9440 I ANW bt_btif: onScanResult: HAL bt_gatt_callbacks->scanner->scan_result_cb
01-30 10:35:57.413   652  2032 I audio_hw_streamer: 569 capture_thread_loop: select [ch 8 -> ch 4] [15360 -> 7680] bytes data 
01-30 10:35:57.415   568   568 D Zygote  : Forked child process 12832
01-30 10:35:57.416   851  1061 I am_proc_start: [0,12832,1000,com.fawvw.intelligentmodeservice,restart,com.fawvw.intelligentmodeservice]
01-30 10:35:57.416   851  1061 I ActivityManager: Start proc 12832:com.fawvw.intelligentmodeservice/1000 for restart com.fawvw.intelligentmodeservice
01-30 10:35:57.423   644   707 I mcuc    : sd Uart data : 6AA602083F0002920221
01-30 10:35:57.428   644   707 I mcuc    : rev uart=2211,len=15, data : 6AA681083F00079202000900000094
01-30 10:35:57.429   396   396 D adayocomadapter-ParseProtocolFunc: printRaWMsg Name[MCUToUPstream recv] len[7] data[92020009000000]
01-30 10:35:57.429   396   396 D adayocomadapter-CommunicationManager: onUpstreamback   member[0] dataLength[4] timePoint[233968]
01-30 10:35:57.429   396   396 D adayocomadapter-ParseProtocolFunc: printRaWMsg Name[onUpstreamback] len[4] data[09000000]
01-30 10:35:57.429   396   452 D adayocomadapter-UpstreamHandler: processBeforePacket upSreamtProcessTimePoint[233968] 
01-30 10:35:57.429   396   452 D adayocomadapter-UpstreamHandler: processPacket UPSTREAM_QUEUE_DATA_TIMEOUT
01-30 10:35:57.429   396   452 D adayocomadapter-ParseProtocolFunc: parseCommonIPCLBytes Processing tableNumber[9]
01-30 10:35:57.429   396   452 D adayocomadapter-ParseProtocolFunc: parseCommonIPCLBytes Processing tablename[Table-9] tableSize[4]
01-30 10:35:57.429   396   452 D adayocomadapter-ParseProtocolFunc: printRaWMsg Name[byteStream recv] len[4] data[09000000]
01-30 10:35:57.429   396   452 D adayocomadapter-ParseProtocolFunc: printRaWMsg Name[IPCLtoVHAL] len[6] data[214020600000]
01-30 10:35:57.429   396   452 D adayocomadapter-ParseProtocolFunc: printRaWMsg Name[IPCLtoVHAL] len[6] data[2140218D0000]
01-30 10:35:57.429   396   452 D adayocomadapter-ParseProtocolFunc: printRaWMsg Name[IPCLtoVHAL] len[6] data[214022550000]
01-30 10:35:57.429   396   452 D adayocomadapter-CommunicationManager: onUpstreamReceive mPropertyId 0x21402060
01-30 10:35:57.429   396   452 D adayocomadapter-CommunicationManager: convertBytesToInt32Memcpy  0
01-30 10:35:57.429   396   452 I vw-vhal : notifyVehicleProperty, propId = 0x21402060, data = {status: 2, int32Values: [0]}
01-30 10:35:57.429   396   452 I vw-vhal : CanSignalsAdapter::notifyVehicleProperty: solvedValue = {.timestamp = 233968784026, .areaId = 0, .prop = 557850720, .status = AVAILABLE, .value = {.int32Values = [1]{0}, .floatValues = [0]{}, .int64Values = [0]{}, .bytes = [0]{}, .stringValue = ""}}
01-30 10:35:57.429   396   452 I VehiclePropertyStore: begin to write value to Store: {.timestamp = 233968784026, .areaId = 0, .prop = 557850720, .status = AVAILABLE, .value = {.int32Values = [1]{0}, .floatValues = [0]{}, .int64Values = [0]{}, .bytes = [0]{}, .stringValue = ""}}
01-30 10:35:57.429   396   452 I DefaultVehicleHal_v2_0: DefaultVehicleHal::onPropertyValue, value:{.timestamp = 233968784026, .areaId = 0, .prop = 557850720, .status = AVAILABLE, .value = {.int32Values = [1]{0}, .floatValues = [0]{}, .int64Values = [0]{}, .bytes = [0]{}, .stringValue = ""}}
01-30 10:35:57.429   396   452 I VehiclePropertyStore: begin to write value to Store: {.timestamp = 233968784026, .areaId = 0, .prop = 557850720, .status = AVAILABLE, .value = {.int32Values = [1]{0}, .floatValues = [0]{}, .int64Values = [0]{}, .bytes = [0]{}, .stringValue = ""}}
01-30 10:35:57.429   396   452 D adayocomadapter-CommunicationManager: onUpstreamReceive mPropertyId 0x21402060
01-30 10:35:57.429   396   452 D adayocomadapter-CommunicationManager: onUpstreamReceive mPropertyId 0x2140218d
01-30 10:35:57.429   396   452 D adayocomadapter-CommunicationManager: convertBytesToInt32Memcpy  0
01-30 10:35:57.429   396   452 I vw-vhal : notifyVehicleProperty, propId = 0x2140218d, data = {status: 2, int32Values: [0]}
01-30 10:35:57.429   396   452 I vw-vhal : CanSignalsAdapter::notifyVehicleProperty: solvedValue = {.timestamp = 233969001693, .areaId = 0, .prop = 557851021, .status = AVAILABLE, .value = {.int32Values = [1]{0}, .floatValues = [0]{}, .int64Values = [0]{}, .bytes = [0]{}, .stringValue = ""}}
01-30 10:35:57.429   396   452 I VehiclePropertyStore: begin to write value to Store: {.timestamp = 233969001693, .areaId = 0, .prop = 557851021, .status = AVAILABLE, .value = {.int32Values = [1]{0}, .floatValues = [0]{}, .int64Values = [0]{}, .bytes = [0]{}, .stringValue = ""}}
01-30 10:35:57.429   396   452 I DefaultVehicleHal_v2_0: DefaultVehicleHal::onPropertyValue, value:{.timestamp = 233969001693, .areaId = 0, .prop = 557851021, .status = AVAILABLE, .value = {.int32Values = [1]{0}, .floatValues = [0]{}, .int64Values = [0]{}, .bytes = [0]{}, .stringValue = ""}}
01-30 10:35:57.429   396   452 I VehiclePropertyStore: begin to write value to Store: {.timestamp = 233969001693, .areaId = 0, .prop = 557851021, .status = AVAILABLE, .value = {.int32Values = [1]{0}, .floatValues = [0]{}, .int64Values = [0]{}, .bytes = [0]{}, .stringValue = ""}}
01-30 10:35:57.429   396   452 D adayocomadapter-CommunicationManager: onUpstreamReceive mPropertyId 0x2140218d
01-30 10:35:57.429   396   452 D adayocomadapter-CommunicationManager: onUpstreamReceive mPropertyId 0x21402255
01-30 10:35:57.429   396   452 D adayocomadapter-CommunicationManager: convertBytesToInt32Memcpy  0
01-30 10:35:57.430   396   452 I vw-vhal : notifyVehicleProperty, propId = 0x21402255, data = {status: 2, int32Values: [0]}
01-30 10:35:57.430   396   452 I vw-vhal : CanSignalsAdapter::notifyVehicleProperty: solvedValue = {.timestamp = 233969186359, .areaId = 0, .prop = 557851221, .status = AVAILABLE, .value = {.int32Values = [1]{0}, .floatValues = [0]{}, .int64Values = [0]{}, .bytes = [0]{}, .stringValue = ""}}
01-30 10:35:57.430   396   452 I VehiclePropertyStore: begin to write value to Store: {.timestamp = 233969186359, .areaId = 0, .prop = 557851221, .status = AVAILABLE, .value = {.int32Values = [1]{0}, .floatValues = [0]{}, .int64Values = [0]{}, .bytes = [0]{}, .stringValue = ""}}
01-30 10:35:57.430   396   452 I DefaultVehicleHal_v2_0: DefaultVehicleHal::onPropertyValue, value:{.timestamp = 233969186359, .areaId = 0, .prop = 557851221, .status = AVAILABLE, .value = {.int32Values = [1]{0}, .floatValues = [0]{}, .int64Values = [0]{}, .bytes = [0]{}, .stringValue = ""}}
01-30 10:35:57.430   396   452 I VehiclePropertyStore: begin to write value to Store: {.timestamp = 233969186359, .areaId = 0, .prop = 557851221, .status = AVAILABLE, .value = {.int32Values = [1]{0}, .floatValues = [0]{}, .int64Values = [0]{}, .bytes = [0]{}, .stringValue = ""}}
01-30 10:35:57.430   396   452 D adayocomadapter-CommunicationManager: onUpstreamReceive mPropertyId 0x21402255
01-30 10:35:57.433   652  2032 I audio_hw_streamer: 569 capture_thread_loop: select [ch 8 -> ch 4] [15360 -> 7680] bytes data 
01-01 08:03:55.165   330   330 I logd    : logdr: UID=1000 GID=1000 PID=12833 n tail=0 logMask=10 pid=0 start=0ns deadline=0ns
01-30 10:35:57.448 12832 12832 I gentmodeservice: Using CollectorTypeCC GC.
01-30 10:35:57.450 12832 12832 D gentmodeservice: Received session metadata: 705844113628321334
01-30 10:35:57.452   584  1266 E WifiHAL : Invalid data received from driver
01-30 10:35:57.453   652  2032 I audio_hw_streamer: 569 capture_thread_loop: select [ch 8 -> ch 4] [15360 -> 7680] bytes data 
01-30 10:35:57.453 12832 12832 E gentmodeservice: Not starting debugger since process cannot load the jdwp agent.
01-30 10:35:57.456  1513  2260 D TboxNetworkManager: tboxNetworkbinder=null
01-30 10:35:57.458 12720 12769 I CarPlay_Service: requestCertificateData(MFiClientApiImpl.java:164)requestCertificateData
01-30 10:35:57.458 12720 12769 D CarPlay_Service: onRequestCertificateData(CPRemoteCallBackMgr.java:135) onRequestCertificateData
01-30 10:35:57.458 12720 12769 D CarPlay_Service: getSerialNumber(CarPlayAdapterBase.java:324)serialNumber encrypt--->:DA:27:21:C6:1D:13
01-30 10:35:57.465   851  2748 I am_proc_bound: [0,12832,com.fawvw.intelligentmodeservice]
01-30 10:35:57.469 12832 12832 D CompatibilityChangeReporter: Compat change id reported: 171979766; UID 1000; state: ENABLED
01-30 10:35:57.470 12832 12832 D CompatibilityChangeReporter: Compat change id reported: 242716250; UID 1000; state: ENABLED
01-30 10:35:57.473   652  2032 I audio_hw_streamer: 569 capture_thread_loop: select [ch 8 -> ch 4] [15360 -> 7680] bytes data 
01-30 10:35:57.482 12832 12832 D nativeloader: Configuring clns-shared-7 for other apk /system_ext/app/IntelligentModeService/IntelligentModeService.apk. target_sdk_version=34, uses_libraries=, library_path=/system_ext/app/IntelligentModeService/lib/arm64:/system_ext/app/IntelligentModeService/IntelligentModeService.apk!/lib/arm64-v8a:/system/lib64:/system_ext/lib64, permitted_path=/data:/mnt/expand:/data/user/0/com.fawvw.intelligentmodeservice:/system_ext/app/IntelligentModeService:/system/lib64:/system_ext/lib64
01-30 10:35:57.491  9391  9440 D ANWStack: [    234030][ANWBT] HCI Rx: LE Meta Event, HCI_evLEADVERTISINGREPORT, subevent_code=0x2 Num_Reports=1
01-30 10:35:57.491  9391  9440 D ANWStack: 
01-30 10:35:57.491  9391  9440 D ANWAPI  : (9391|0x85AB6CB0)[BTAPI] AnwhciEventCallback 62 2
01-30 10:35:57.491  9391  9440 D ANWAPI  : (9391|0x85AB6CB0)[BTAPI] btsdk_le_DiscoveryCallback eventtype[3]
