01-30 10:35:55.350   396   452 D adayocomadapter-UpstreamHandler: processPacket UPSTREAM_QUEUE_DATA_TIMEOUT
01-30 10:35:55.350   396   452 D adayocomadapter-ParseProtocolFunc: parseCommonIPCLBytes Processing tableNumber[12]
01-30 10:35:55.350   396   452 D adayocomadapter-ParseProtocolFunc: parseCommonIPCLBytes Processing tablename[Table-12] tableSize[2]
01-30 10:35:55.350   396   452 D adayocomadapter-ParseProtocolFunc: printRaWMsg Name[byteStream recv] len[2] data[0C00]
01-30 10:35:55.350   396   452 D adayocomadapter-ParseProtocolFunc: printRaWMsg Name[IPCLtoVHAL] len[6] data[214021660000]
01-30 10:35:55.350   396   452 D adayocomadapter-CommunicationManager: onUpstreamReceive mPropertyId 0x21402166
01-30 10:35:55.350   396   452 D adayocomadapter-CommunicationManager: convertBytesToInt32Memcpy  0
01-30 10:35:55.350   396   452 I vw-vhal : notifyVehicleProperty, propId = 0x21402166, data = {status: 2, int32Values: [0]}
01-30 10:35:55.350   396   452 I vw-vhal : CanSignalsAdapter::notifyVehicleProperty: solvedValue = {.timestamp = 231889516692, .areaId = 0, .prop = 557850982, .status = AVAILABLE, .value = {.int32Values = [1]{0}, .floatValues = [0]{}, .int64Values = [0]{}, .bytes = [0]{}, .stringValue = ""}}
01-30 10:35:55.350   396   452 I VehiclePropertyStore: begin to write value to Store: {.timestamp = 231889516692, .areaId = 0, .prop = 557850982, .status = AVAILABLE, .value = {.int32Values = [1]{0}, .floatValues = [0]{}, .int64Values = [0]{}, .bytes = [0]{}, .stringValue = ""}}
01-30 10:35:55.350   396   452 I DefaultVehicleHal_v2_0: DefaultVehicleHal::onPropertyValue, value:{.timestamp = 231889516692, .areaId = 0, .prop = 557850982, .status = AVAILABLE, .value = {.int32Values = [1]{0}, .floatValues = [0]{}, .int64Values = [0]{}, .bytes = [0]{}, .stringValue = ""}}
01-30 10:35:55.350   396   452 I VehiclePropertyStore: begin to write value to Store: {.timestamp = 231889516692, .areaId = 0, .prop = 557850982, .status = AVAILABLE, .value = {.int32Values = [1]{0}, .floatValues = [0]{}, .int64Values = [0]{}, .bytes = [0]{}, .stringValue = ""}}
01-30 10:35:55.350   396   452 D adayocomadapter-CommunicationManager: onUpstreamReceive mPropertyId 0x21402166
01-30 10:35:55.350   851  1061 I am_proc_start: [0,12675,1000,com.fawvw.intelligentmodeservice,restart,com.fawvw.intelligentmodeservice]
01-30 10:35:55.350   851  1061 I ActivityManager: Start proc 12675:com.fawvw.intelligentmodeservice/1000 for restart com.fawvw.intelligentmodeservice
01-30 10:35:55.352   584  1266 E WifiHAL : Invalid data received from driver
01-30 10:35:55.352   584  1266 E WifiHAL : Invalid data received from driver
01-30 10:35:55.352   584  1266 E WifiHAL : Invalid data received from driver
01-30 10:35:55.352   584  1266 E WifiHAL : Invalid data received from driver
01-30 10:35:55.352   584  1266 E WifiHAL : Invalid data received from driver
01-30 10:35:55.352   584  1266 E WifiHAL : Invalid data received from driver
01-30 10:35:55.352   584  1266 E WifiHAL : Invalid data received from driver
01-30 10:35:55.353   652  2032 I audio_hw_streamer: 569 capture_thread_loop: select [ch 8 -> ch 4] [15360 -> 7680] bytes data 
01-30 10:35:55.356   644   707 I mcuc    : rev uart=2195,len=16, data : 6AA681082F00089202000E7E7E0000A2
01-30 10:35:55.356   396   396 D adayocomadapter-ParseProtocolFunc: printRaWMsg Name[MCUToUPstream recv] len[8] data[9202000E7E7E0000]
01-30 10:35:55.356   396   396 D adayocomadapter-CommunicationManager: onUpstreamback   member[0] dataLength[5] timePoint[231895]
01-30 10:35:55.356   396   396 D adayocomadapter-ParseProtocolFunc: printRaWMsg Name[onUpstreamback] len[5] data[0E7E7E0000]
01-30 10:35:55.356   396   452 D adayocomadapter-UpstreamHandler: processBeforePacket upSreamtProcessTimePoint[231895] 
01-30 10:35:55.356   396   452 D adayocomadapter-UpstreamHandler: processPacket UPSTREAM_QUEUE_DATA_TIMEOUT
01-30 10:35:55.356   396   452 D adayocomadapter-ParseProtocolFunc: parseCommonIPCLBytes Processing tableNumber[14]
01-30 10:35:55.356   396   452 D adayocomadapter-ParseProtocolFunc: parseCommonIPCLBytes Processing tablename[Table-14] tableSize[5]
01-30 10:35:55.356   396   452 D adayocomadapter-ParseProtocolFunc: printRaWMsg Name[byteStream recv] len[5] data[0E7E7E0000]
01-30 10:35:55.356   396   452 D adayocomadapter-ParseProtocolFunc: printRaWMsg Name[IPCLtoVHAL] len[6] data[214020DE007E]
01-30 10:35:55.356   396   452 D adayocomadapter-ParseProtocolFunc: printRaWMsg Name[IPCLtoVHAL] len[6] data[214020E0007E]
01-30 10:35:55.356   396   452 D adayocomadapter-ParseProtocolFunc: printRaWMsg Name[IPCLtoVHAL] len[6] data[214020E50000]
01-30 10:35:55.356   396   452 D adayocomadapter-ParseProtocolFunc: printRaWMsg Name[IPCLtoVHAL] len[6] data[214020E60000]
01-30 10:35:55.356   396   452 D adayocomadapter-CommunicationManager: onUpstreamReceive mPropertyId 0x214020de
01-30 10:35:55.356   396   452 D adayocomadapter-CommunicationManager: convertBytesToInt32Memcpy  126
01-30 10:35:55.356   396   452 I vw-vhal : notifyVehicleProperty, propId = 0x214020de, data = {status: 2, int32Values: [126]}
01-30 10:35:55.356   396   452 I vw-vhal : CanSignalsAdapter::notifyVehicleProperty: solvedValue = {.timestamp = 231896111359, .areaId = 0, .prop = 557850846, .status = AVAILABLE, .value = {.int32Values = [1]{126}, .floatValues = [0]{}, .int64Values = [0]{}, .bytes = [0]{}, .stringValue = ""}}
01-30 10:35:55.357   396   452 I VehiclePropertyStore: begin to write value to Store: {.timestamp = 231896111359, .areaId = 0, .prop = 557850846, .status = AVAILABLE, .value = {.int32Values = [1]{126}, .floatValues = [0]{}, .int64Values = [0]{}, .bytes = [0]{}, .stringValue = ""}}
01-30 10:35:55.357   396   452 I DefaultVehicleHal_v2_0: DefaultVehicleHal::onPropertyValue, value:{.timestamp = 231896111359, .areaId = 0, .prop = 557850846, .status = AVAILABLE, .value = {.int32Values = [1]{126}, .floatValues = [0]{}, .int64Values = [0]{}, .bytes = [0]{}, .stringValue = ""}}
01-30 10:35:55.357   396   452 I VehiclePropertyStore: begin to write value to Store: {.timestamp = 231896111359, .areaId = 0, .prop = 557850846, .status = AVAILABLE, .value = {.int32Values = [1]{126}, .floatValues = [0]{}, .int64Values = [0]{}, .bytes = [0]{}, .stringValue = ""}}
01-30 10:35:55.357   396   452 D adayocomadapter-CommunicationManager: onUpstreamReceive mPropertyId 0x214020de
01-30 10:35:55.357   396   452 D adayocomadapter-CommunicationManager: onUpstreamReceive mPropertyId 0x214020e0
01-30 10:35:55.357   396   452 D adayocomadapter-CommunicationManager: convertBytesToInt32Memcpy  126
01-30 10:35:55.357   396   452 I vw-vhal : notifyVehicleProperty, propId = 0x214020e0, data = {status: 2, int32Values: [126]}
01-30 10:35:55.357   396   452 I vw-vhal : CanSignalsAdapter::notifyVehicleProperty: solvedValue = {.timestamp = 231896329026, .areaId = 0, .prop = 557850848, .status = AVAILABLE, .value = {.int32Values = [1]{126}, .floatValues = [0]{}, .int64Values = [0]{}, .bytes = [0]{}, .stringValue = ""}}
01-30 10:35:55.357   396   452 I VehiclePropertyStore: begin to write value to Store: {.timestamp = 231896329026, .areaId = 0, .prop = 557850848, .status = AVAILABLE, .value = {.int32Values = [1]{126}, .floatValues = [0]{}, .int64Values = [0]{}, .bytes = [0]{}, .stringValue = ""}}
01-30 10:35:55.357   396   452 I DefaultVehicleHal_v2_0: DefaultVehicleHal::onPropertyValue, value:{.timestamp = 231896329026, .areaId = 0, .prop = 557850848, .status = AVAILABLE, .value = {.int32Values = [1]{126}, .floatValues = [0]{}, .int64Values = [0]{}, .bytes = [0]{}, .stringValue = ""}}
01-30 10:35:55.357   396   452 I VehiclePropertyStore: begin to write value to Store: {.timestamp = 231896329026, .areaId = 0, .prop = 557850848, .status = AVAILABLE, .value = {.int32Values = [1]{126}, .floatValues = [0]{}, .int64Values = [0]{}, .bytes = [0]{}, .stringValue = ""}}
01-30 10:35:55.357   396   452 D adayocomadapter-CommunicationManager: onUpstreamReceive mPropertyId 0x214020e0
01-30 10:35:55.357   396   452 D adayocomadapter-CommunicationManager: onUpstreamReceive mPropertyId 0x214020e5
01-30 10:35:55.357   396   452 D adayocomadapter-CommunicationManager: convertBytesToInt32Memcpy  0
01-30 10:35:55.357   396   452 I vw-vhal : notifyVehicleProperty, propId = 0x214020e5, data = {status: 2, int32Values: [0]}
01-30 10:35:55.357   396   452 I vw-vhal : CanSignalsAdapter::notifyVehicleProperty: solvedValue = {.timestamp = 231896512026, .areaId = 0, .prop = 557850853, .status = AVAILABLE, .value = {.int32Values = [1]{0}, .floatValues = [0]{}, .int64Values = [0]{}, .bytes = [0]{}, .stringValue = ""}}
01-30 10:35:55.357   396   452 I VehiclePropertyStore: begin to write value to Store: {.timestamp = 231896512026, .areaId = 0, .prop = 557850853, .status = AVAILABLE, .value = {.int32Values = [1]{0}, .floatValues = [0]{}, .int64Values = [0]{}, .bytes = [0]{}, .stringValue = ""}}
01-30 10:35:55.357   396   452 I DefaultVehicleHal_v2_0: DefaultVehicleHal::onPropertyValue, value:{.timestamp = 231896512026, .areaId = 0, .prop = 557850853, .status = AVAILABLE, .value = {.int32Values = [1]{0}, .floatValues = [0]{}, .int64Values = [0]{}, .bytes = [0]{}, .stringValue = ""}}
01-30 10:35:55.357   396   452 I VehiclePropertyStore: begin to write value to Store: {.timestamp = 231896512026, .areaId = 0, .prop = 557850853, .status = AVAILABLE, .value = {.int32Values = [1]{0}, .floatValues = [0]{}, .int64Values = [0]{}, .bytes = [0]{}, .stringValue = ""}}
01-30 10:35:55.357   396   452 D adayocomadapter-CommunicationManager: onUpstreamReceive mPropertyId 0x214020e5
01-30 10:35:55.357   396   452 D adayocomadapter-CommunicationManager: onUpstreamReceive mPropertyId 0x214020e6
01-30 10:35:55.357   396   452 D adayocomadapter-CommunicationManager: convertBytesToInt32Memcpy  0
01-30 10:35:55.357   396   452 I vw-vhal : notifyVehicleProperty, propId = 0x214020e6, data = {status: 2, int32Values: [0]}
01-30 10:35:55.357   396   452 I vw-vhal : CanSignalsAdapter::notifyVehicleProperty: solvedValue = {.timestamp = 231896689359, .areaId = 0, .prop = 557850854, .status = AVAILABLE, .value = {.int32Values = [1]{0}, .floatValues = [0]{}, .int64Values = [0]{}, .bytes = [0]{}, .stringValue = ""}}
01-30 10:35:55.357   396   452 I VehiclePropertyStore: begin to write value to Store: {.timestamp = 231896689359, .areaId = 0, .prop = 557850854, .status = AVAILABLE, .value = {.int32Values = [1]{0}, .floatValues = [0]{}, .int64Values = [0]{}, .bytes = [0]{}, .stringValue = ""}}
01-30 10:35:55.357   396   452 I DefaultVehicleHal_v2_0: DefaultVehicleHal::onPropertyValue, value:{.timestamp = 231896689359, .areaId = 0, .prop = 557850854, .status = AVAILABLE, .value = {.int32Values = [1]{0}, .floatValues = [0]{}, .int64Values = [0]{}, .bytes = [0]{}, .stringValue = ""}}
01-30 10:35:55.357   396   452 I VehiclePropertyStore: begin to write value to Store: {.timestamp = 231896689359, .areaId = 0, .prop = 557850854, .status = AVAILABLE, .value = {.int32Values = [1]{0}, .floatValues = [0]{}, .int64Values = [0]{}, .bytes = [0]{}, .stringValue = ""}}
01-30 10:35:55.357   396   452 D adayocomadapter-CommunicationManager: onUpstreamReceive mPropertyId 0x214020e6
01-30 10:35:55.359 12672 12672 I m.adayo.carplay: Using CollectorTypeCC GC.
01-30 10:35:55.361 12675 12675 I gentmodeservice: Using CollectorTypeCC GC.
01-30 10:35:55.361 12672 12672 D m.adayo.carplay: Received session metadata: 252846919303038472
01-30 10:35:55.363 12675 12675 D gentmodeservice: Received session metadata: 6213689704420241320
01-30 10:35:55.364 12672 12672 E m.adayo.carplay: Not starting debugger since process cannot load the jdwp agent.
01-30 10:35:55.366 12675 12675 E gentmodeservice: Not starting debugger since process cannot load the jdwp agent.
01-30 10:35:55.370   851   851 I NotificationService: Cannot find enqueued record for key: 0|com.adayo.carplay|1|null|1000
01-30 10:35:55.370   851   851 D NotificationService: PostNotification: Abandoned after 207 ms
01-30 10:35:55.373   652  2032 I audio_hw_streamer: 569 capture_thread_loop: select [ch 8 -> ch 4] [15360 -> 7680] bytes data 
01-30 10:35:55.377   851  2688 I am_proc_bound: [0,12672,com.adayo.carplay]
01-30 10:35:55.380   851  8317 I am_proc_bound: [0,12675,com.fawvw.intelligentmodeservice]
01-30 10:35:55.382 12672 12672 D CompatibilityChangeReporter: Compat change id reported: 171979766; UID 1000; state: DISABLED
01-30 10:35:55.382 12672 12672 D CompatibilityChangeReporter: Compat change id reported: 242716250; UID 1000; state: DISABLED
01-30 10:35:55.384 12675 12675 D CompatibilityChangeReporter: Compat change id reported: 171979766; UID 1000; state: ENABLED
01-30 10:35:55.384 12675 12675 D CompatibilityChangeReporter: Compat change id reported: 242716250; UID 1000; state: ENABLED
01-30 10:35:55.389  2576  7479 D okhttp.Http2: << 0x00000005     4 WINDOW_UPDATE 
01-30 10:35:55.389  2576  7479 D okhttp.Http2: << 0x00000005    55 HEADERS       END_HEADERS
01-30 10:35:55.390  2576  7479 D okhttp.Http2: << 0x00000005   351 DATA          
01-30 10:35:55.391  2576  3093 I okhttp.OkHttpClient: <-- 200 https://api-c-uat.mosc.faw-vw.com/j01/hu/setting/set-hu-language?signt=1769740552803&requestId=9eacb611-69fa-4a94-a340-73c654c52a3a&sign=3f20c7e89c1240a9c6b6592c8f3bfb39&appkey=HiVQY27x (2583ms)
01-30 10:35:55.391  2576  7479 D okhttp.Http2: << 0x00000005     0 DATA          END_STREAM
01-30 10:35:55.391  2576  3093 I okhttp.OkHttpClient: date: Fri, 30 Jan 2026 02:35:52 GMT
01-30 10:35:55.391  2576  3093 I okhttp.OkHttpClient: content-type: application/json
01-30 10:35:55.391  2576  3093 I okhttp.OkHttpClient: content-length: 351
01-30 10:35:55.391  2576  3093 I okhttp.OkHttpClient: ftb-ver: 3.0
01-30 10:35:55.391  1513  2257 D TboxNetworkManager: tboxNetworkbinder=null
01-30 10:35:55.392  2576  3093 I okhttp.OkHttpClient: {"code":"007203","data":null,"description":"Token非法","errorDetail":{"traceId":"DEFAULTcd07d591345000000229962","method":"POST","message":"Invalid Token","uri":"http://api-c-uat.mosc.faw-vw.com/j01/hu/setting/set-hu-language?signt=1769740552803&requestId=9eacb611-69fa-4a94-a340-73c654c52a3a&sign=3f20c7e89c1240a9c6b6592c8f3bfb39&appkey=HiVQY27x"}}
01-30 10:35:55.392  2576  3093 I okhttp.OkHttpClient: <-- END HTTP (351-byte body)
01-30 10:35:55.392  2576  3093 D okhttp.TaskRunner: Q10000 scheduled after   0 µs: OkHttp ConnectionPool
01-30 10:35:55.393  2576 11511 D okhttp.TaskRunner: Q10000 starting              : OkHttp ConnectionPool
01-30 10:35:55.393  2576 11511 D okhttp.TaskRunner: Q10000 run again after 300 s : OkHttp ConnectionPool
01-30 10:35:55.393  2576 11511 D okhttp.TaskRunner: Q10000 finished run in 313 µs: OkHttp ConnectionPool
01-30 10:35:55.393   652  2032 I audio_hw_streamer: 569 capture_thread_loop: select [ch 8 -> ch 4] [15360 -> 7680] bytes data 
01-30 10:35:55.396  2576  2920 I CnsMqttLanguageSyncWorker: languageSync: sync failed, retry: 5 times now...
01-30 10:35:55.398 12672 12672 D nativeloader: Configuring clns-shared-7 for other apk /system/app/CarPlay/CarPlay.apk. target_sdk_version=30, uses_libraries=, library_path=/system/app/CarPlay/lib/arm64:/system/app/CarPlay/CarPlay.apk!/lib/arm64-v8a:/system/lib64:/system_ext/lib64, permitted_path=/data:/mnt/expand:/data/user/0/com.adayo.carplay:/system/app/CarPlay:/system/lib64:/system_ext/lib64
01-30 10:35:55.398  2576  3072 I WM-WorkerWrapper: Worker result RETRY for Work [ id=a00401ba-8207-48c8-a611-25f6f0a2aa02, tags={ com.fawvw.mw.onlinecore.worker.CnsMqttLanguageSyncWorker, CnsMqttLanguageSyncWorker } ]
01-30 10:35:55.402 12675 12675 D nativeloader: Configuring clns-shared-7 for other apk /system_ext/app/IntelligentModeService/IntelligentModeService.apk. target_sdk_version=34, uses_libraries=, library_path=/system_ext/app/IntelligentModeService/lib/arm64:/system_ext/app/IntelligentModeService/IntelligentModeService.apk!/lib/arm64-v8a:/system/lib64:/system_ext/lib64, permitted_path=/data:/mnt/expand:/data/user/0/com.fawvw.intelligentmodeservice:/system_ext/app/IntelligentModeService:/system/lib64:/system_ext/lib64
01-30 10:35:55.412   851  2688 D JobScheduler: CANCEL: f145e06 #u0a62/270 com.fawvw.mw.onlinecore.mqtt/androidx.work.impl.background.systemjob.SystemJobService
01-30 10:35:55.413   652  2032 I audio_hw_streamer: 569 capture_thread_loop: select [ch 8 -> ch 4] [15360 -> 7680] bytes data 
01-30 10:35:55.413   851  2688 I JobScheduler.Time: Skipping JobStatus{9954006 HEALTH_CONNECT_DAILY_JOB:1000/254849232 @HEALTH_CONNECT_DAILY_JOB@android/com.android.server.healthconnect.HealthConnectDailyService u=0 s=1000 TIME=+11h56m30s631ms:+23h56m30s631ms CHARGING IDLE PERIODIC satisfied:0xb400003 unsatisfied:0x80000004} because delay won't make it ready.
01-30 10:35:55.414   851  2688 I JobScheduler.Time: Skipping JobStatus{a17a7f6 #u0a17/1 com.android.statementservice/androidx.work.impl.background.systemjob.SystemJobService u=0 s=10017 TIME=+1d7h40m40s377ms:none IDLE satisfied:0xb400000 unsatisfied:0x80000004} because delay won't make it ready.
01-30 10:35:55.414   851  2688 I JobScheduler.Time: Skipping JobStatus{1dc832a #u0a17/0 com.android.statementservice/androidx.work.impl.background.systemjob.SystemJobService u=0 s=10017 TIME=+1d7h40m40s297ms:none NET IDLE satisfied:0x1b400000 unsatisfied:0x80000004} because delay won't make it ready.
01-30 10:35:55.415   851  2688 I JobScheduler.Time: Skipping JobStatus{ad81a84 #1000/13254266 android/com.android.server.camera.CameraStatsJobService u=0 s=1000 TIME=+23h56m27s891ms:none IDLE satisfied:0xb400000 unsatisfied:0x80000004} because delay won't make it ready.
01-30 10:35:55.415   851  2688 I JobScheduler.Time: Skipping JobStatus{66a3f42 #1000/808 android/com.android.server.MountServiceIdler u=0 s=1000 TIME=+21h23m30s588ms:none CHARGING BATNOTLOW IDLE satisfied:0xb400003 unsatisfied:0x80000004} because delay won't make it ready.
01-30 10:35:55.415   851  2688 D JobScheduler.Time: Setting *job.delay* for: 244918
01-30 10:35:55.418   851  1149 D JobScheduler: MSG_CHECK_CHANGED_JOB_LIST
01-30 10:35:55.418   851  1149 D JobScheduler: Check changed jobs...
01-30 10:35:55.419   851  1149 D JobScheduler: maybeQueueReadyJobsForExecutionLocked: Not running anything.
01-30 10:35:55.419   851  1149 D JobScheduler: pending queue: 0 jobs.
01-30 10:35:55.419   851  1149 D JobScheduler.Concurrency: Pending queue: 
01-30 10:35:55.430   851  2688 D JobScheduler: Scheduling job: (job:271/com.fawvw.mw.onlinecore.mqtt/androidx.work.impl.background.systemjob.SystemJobService)
01-30 10:35:55.431   851  2688 D JobScheduler: SCHEDULE: 1be69c5 #u0a62/271 com.fawvw.mw.onlinecore.mqtt/androidx.work.impl.background.systemjob.SystemJobService
01-30 10:35:55.432   851  2688 D JobStore: Added job status to store: JobStatus{1be69c5 #u0a62/271 com.fawvw.mw.onlinecore.mqtt/androidx.work.impl.background.systemjob.SystemJobService u=0 s=10062 TIME=+59s968ms:none WAIT:DEV_NOT_DOZING satisfied:0x0 unsatisfied:0x8b400000}
01-30 10:35:55.433   652  2032 I audio_hw_streamer: 569 capture_thread_loop: select [ch 8 -> ch 4] [15360 -> 7680] bytes data 
01-30 10:35:55.444 12672 12672 I CarPlay_Service: onCreate(DataHelper.java:135)onCreate: 
01-30 10:35:55.448   851  1060 D NotificationService: PostNotification: Started
01-30 10:35:55.448 12672 12672 D CarPlay_Service == CarPlayServer: init(LoadJson.java:27)configPath:/system/etc/adayo/carplay/CarPlayServerConfig.json
01-30 10:35:55.450 12672 12672 D CompatibilityChangeReporter: Compat change id reported: 247079863; UID 1000; state: DISABLED
01-30 10:35:55.450   851   851 D NotificationService: EnqueueNotificationRunnable.run for: 0|com.adayo.carplay|1|null|1000
01-30 10:35:55.451   851   851 I notification_enqueue: [1000,12672,com.adayo.carplay,1,NULL,0,Notification(channel=carplay_channel shortcut=null contentView=null vibrate=null sound=null defaults=0x0 flags=0x860 color=0x00000000 vis=PRIVATE),0]
01-30 10:35:55.453  1728  1728 I ExtAssistant: ENQUEUED 0|com.adayo.carplay|1|null|1000 on carplay_channel
01-30 10:35:55.453   652  2032 I audio_hw_streamer: 569 capture_thread_loop: select [ch 8 -> ch 4] [15360 -> 7680] bytes data 
01-30 10:35:55.454  1728  2728 D ExtAssistant: Creating Adjustment for 0|com.adayo.carplay|1|null|1000, with 0 actions, and 0 replies.
01-30 10:35:55.454   584  1266 E WifiHAL : Invalid data received from driver
01-30 10:35:55.456  1513  2260 D TboxNetworkManager: tboxNetworkbinder=null
01-30 10:35:55.461 12672 12672 D CarPlay_Service == CarPlayServer: init(LoadJson.java:39)config parse end,Config{Logger=Logger{LogFileSavePath='null', ShowLineNumber=true, Tag='CarPlayServer', ShowFileName=true, LogLevel=2}, Information=Information{LockedBootStartService=true, BootStartService=true, configPath='/system/etc/adayo/carplay/CarPlayJniProxyConfig.json', deviceId='null', siriPrewarmTime=-600, connectOperatingBT=false, connectionMode=0, audioBufferSize=200, recordBufferSize=25000, videoBufferSize=150, decoderAsync=false, audioSteamType=AudioStreamType{VOICE_CALL=StreamInfo{streamType=0, usage='2', contentType='1', audioSource=-1, focusType=1, playusage=2}, RING=StreamInfo{streamType=2, usage='6', contentType='1', audioSource=-1, focusType=1, playusage=6}, MUSIC=StreamInfo{streamType=3, usage='1', contentType='2', audioSource=-1, focusType=0, playusage=1}, ALARM=StreamInfo{streamType=11, usage='13', contentType='1', audioSource=-1, focusType=2, playusage=12}, TTS=StreamInfo{streamType=17, usage='11', contentType='2', audioSource=-1, focusType=2, playusage=18}}, recordStreamType=RecordStreamType{MIC=StreamInfo{streamType=1, usage='2', contentType='1', audioSource=1, focusType=1, playusage=-1}, VOICE_CALL=StreamInfo{streamType=1, usage='2', contentType='1', audioSource=1, focusType=1, playusage=-1}, TTS=StreamInfo{streamType=1, usage='2', contentType='1', audioSource=10, focusType=1, playusage=-1}}, dataBaseInfo=DataBaseInfo{name='historyDevices.db', count=10000}, ituTestParam=ITUTestParam{playerParams=null, recorderParams=null}, dealWithBluetooth=false, muteCanWakeUp=true, transCanWakeUp=true, coverAnswerToFlash=true, carCallEndCarPlay=false, standbySendToPhone=true, dealWithMute=false, dealWithPhoneMode=false, dealWithBackCar=false, noDealWithRouteGuidance=false, minBufferScale=2, dealWithPASCD=true, supportsEnhancedSiriVoice=true, dealWithVR=false, testConnectFail=false, testConnectWifiFail=false, testScreenError=false}, Wireless=Wireless{setupWiFiOnServerCreate=false, setupBTOnServerCreate=false, startApCloseWifi=false, startApWhenBTConnect=true, Hotspot=Hotspot{SSID='CarPlayAP', PreShareKey='a88888888', apChannel=149, apChannel24=6, AuthAlgorithms=0, KeyManagement=2}}}
01-30 10:35:55.461 12672 12672 I PhoneDetect: LoadJson init/system/etc/adayo/carplay/PhoneDetectConfig.json
01-30 10:35:55.462 12672 12672 I PhoneDetect: LoadJson init/system/etc/adayo/carplay/PhoneDetectConfig.json
01-30 10:35:55.468 12672 12672 I PhoneDetect: config parse end,Feature{, isCarPlayHide=false, AppleDevice=AppleDevice{Wired=Wired{CurrentMode=0, AppleVendorID='5ac', AskSupportCarPlay=true, SupportRollBackIap=false, SupportCarPlayStatus=false, NotifyUnSupport=true, ObserverUEvent=[ObserverUEvent{PortMode=0, DevicePath='/devices/virtual/carplay_dev/carplay_dev', HIDPath='/dev/usb/hid_dev_otg', SoundCardIndex='-1'}, ObserverUEvent{PortMode=2, DevicePath='/devices/platform/soc/a600000.ssusb/a600000.dwc3/xhci-hcd', HIDPath='/dev/usb/hid_dev_otg', SoundCardIndex='1'}, ObserverUEvent{PortMode=0, DevicePath='/devices/virtual/carplay/carplay', HIDPath='null', SoundCardIndex='-1'}, ObserverUEvent{PortMode=0, DevicePath='/devices/virtual/misc/iap2_device', HIDPath='null', SoundCardIndex='-1'}, ObserverUEvent{PortMode=0, DevicePath='/devices/virtual/eap_dev/eap0', HIDPath='null', SoundCardIndex='-1'}, ObserverUEvent{PortMode=0, DevicePath='/devices/platform/soc/e6590000.usb/gadget/sound', HIDPath='null', SoundCardIndex='-1'}], Modes={1=0, 2=3, 3=2, 4=1}, SwitchNone={sys.usb.config=none}, SwitchCarPlay={usb.carplay.state=in, sys.usb.config=ncm}, SwitchCarBit={usb.carplay.state=in, sys.usb.config=mfi_iap2,mfi_carbit_eap,mfi_uac1,mfi_hid}, SwitchCarLife={usb.carplay.state=in, sys.usb.config=eap_carlife}, SwitchHost={usb.carplay.state=out}, USBReset={usb.carplay.state=reset}, ac8xEnable=null, ac8xRoleSwitch=null}, Wireless=Wireless{setupWiFiOnServerCreate=false, setupBTOnServerCreate=false, startApCloseWifi=false, startApWhenBTConnect=true, Hotspot=Hotspot{SSID='CarPlayAP', PreShareKey='a88888888', apChannel=149, apChannel24=6, AuthAlgorithms=0, KeyManagement=2}}}}
01-30 10:35:55.469 12672 12672 D CarPlay_Service: initPlayStatus(CarPlayAdapterStates.java:468)initPlayStatus--
01-30 10:35:55.469 12672 12672 D CarPlay_Service: getDaoSession(DataHelper.java:46)openDaoSession: historyDevices.db
01-30 10:35:55.473  2878  3015 D AppLog  : [2026-01-30 10:35:55][DEBUG][817295][bd_tracker_n:817295][DEFAULT][logger@237262273,Engine] start to check worker to do...
01-30 10:35:55.473   652  2032 I audio_hw_streamer: 569 capture_thread_loop: select [ch 8 -> ch 4] [15360 -> 7680] bytes data 
01-30 10:35:55.473   851  2748 D NetworkPolicy: Blocked state of 10055: {blocked=NONE,allowed=NONE,effective=NONE}
01-30 10:35:55.474  2878  3015 D AppLog  : [2026-01-30 10:35:55][DEBUG][817295][bd_tracker_n:817295][DEFAULT][logger@237262273,Sender] Sender start doWork curTs=1769740555474, curSid=517cecb4-56e4-4d02-9ade-988f8b9047d3, requestFrom=2
01-30 10:35:55.474  2878  3015 D AppLog  : [2026-01-30 10:35:55][DEBUG][817295][bd_tracker_n:817295][DATABASE][logger@237262273] DbStore pack before collect impression.
01-30 10:35:55.474   644   707 I mcuc    : sd Uart data : 6AA60208300002920230
01-30 10:35:55.476 12675 12675 D ModeService: onCreate and start init
01-30 10:35:55.477  2878  3015 D AppLog  : [2026-01-30 10:35:55][DEBUG][817295][bd_tracker_n:817295][DATABASE][logger@237262273] DbStore pack after collect impression.
01-30 10:35:55.478 12675 12675 D FawServiceManager: FawvwServiceManager Constructor function
01-30 10:35:55.479  2878  3015 D AppLog  : [2026-01-30 10:35:55][DEBUG][817295][bd_tracker_n:817295][DATABASE][logger@237262273] packCurrentData sid:517cecb4-56e4-4d02-9ade-988f8b9047d3
01-30 10:35:55.479  2878  3015 D AppLog  : [2026-01-30 10:35:55][DEBUG][817295][bd_tracker_n:817295][DATABASE][logger@237262273] session id:517cecb4-56e4-4d02-9ade-988f8b9047d3 needLaunch:false
01-30 10:35:55.479   644   707 I mcuc    : rev uart=2196,len=14, data : 6AA68108300006920200010000AC
01-30 10:35:55.479   644   707 I mcuc    : sd Uart data : 6AA6020831000292022F
01-30 10:35:55.479  2878  3015 D AppLog  : [2026-01-30 10:35:55][DEBUG][817295][bd_tracker_n:817295][DATABASE][logger@237262273] packLostData exclude sid:517cecb4-56e4-4d02-9ade-988f8b9047d3
01-30 10:35:55.480   396   396 D adayocomadapter-ParseProtocolFunc: printRaWMsg Name[MCUToUPstream recv] len[6] data[920200010000]
01-30 10:35:55.480   396   396 D adayocomadapter-CommunicationManager: onUpstreamback   member[0] dataLength[3] timePoint[232019]
01-30 10:35:55.480   396   396 D adayocomadapter-ParseProtocolFunc: printRaWMsg Name[onUpstreamback] len[3] data[010000]
01-30 10:35:55.480   396   452 D adayocomadapter-UpstreamHandler: processBeforePacket upSreamtProcessTimePoint[232019] 
01-30 10:35:55.480   396   452 D adayocomadapter-UpstreamHandler: processPacket UPSTREAM_QUEUE_DATA_TIMEOUT
01-30 10:35:55.480   396   452 D adayocomadapter-ParseProtocolFunc: parseCommonIPCLBytes Processing tableNumber[1]
01-30 10:35:55.480   396   452 D adayocomadapter-ParseProtocolFunc: parseCommonIPCLBytes Processing tablename[Table-1] tableSize[3]
01-30 10:35:55.480   396   452 D adayocomadapter-ParseProtocolFunc: printRaWMsg Name[byteStream recv] len[3] data[010000]
01-30 10:35:55.480   396   452 D adayocomadapter-ParseProtocolFunc: printRaWMsg Name[IPCLtoVHAL] len[7] data[21402048000000]
01-30 10:35:55.480   396   452 D adayocomadapter-CommunicationManager: onUpstreamReceive mPropertyId 0x21402048
01-30 10:35:55.480   396   452 D adayocomadapter-CommunicationManager: convertBytesToInt32Memcpy  0
01-30 10:35:55.480   396   452 I vw-vhal : notifyVehicleProperty, propId = 0x21402048, data = {status: 2, int32Values: [0]}
01-30 10:35:55.480   396   452 I vw-vhal : CanSignalsAdapter::notifyVehicleProperty: solvedValue = {.timestamp = 232019693359, .areaId = 0, .prop = 557850696, .status = AVAILABLE, .value = {.int32Values = [1]{0}, .floatValues = [0]{}, .int64Values = [0]{}, .bytes = [0]{}, .stringValue = ""}}
01-30 10:35:55.480   396   452 I VehiclePropertyStore: begin to write value to Store: {.timestamp = 232019693359, .areaId = 0, .prop = 557850696, .status = AVAILABLE, .value = {.int32Values = [1]{0}, .floatValues = [0]{}, .int64Values = [0]{}, .bytes = [0]{}, .stringValue = ""}}
01-30 10:35:55.480   396   452 I DefaultVehicleHal_v2_0: DefaultVehicleHal::onPropertyValue, value:{.timestamp = 232019693359, .areaId = 0, .prop = 557850696, .status = AVAILABLE, .value = {.int32Values = [1]{0}, .floatValues = [0]{}, .int64Values = [0]{}, .bytes = [0]{}, .stringValue = ""}}
01-30 10:35:55.480   396   452 I VehiclePropertyStore: begin to write value to Store: {.timestamp = 232019693359, .areaId = 0, .prop = 557850696, .status = AVAILABLE, .value = {.int32Values = [1]{0}, .floatValues = [0]{}, .int64Values = [0]{}, .bytes = [0]{}, .stringValue = ""}}
01-30 10:35:55.480   396   452 D adayocomadapter-CommunicationManager: onUpstreamReceive mPropertyId 0x21402048
01-30 10:35:55.481 12675 12675 D FawServiceManager: getFawvwManager service name is :power_service
01-30 10:35:55.481  2878  3015 D AppLog  : [2026-01-30 10:35:55][DEBUG][817295][bd_tracker_n:817295][DEFAULT][logger@237262273] Sender worked: true
01-30 10:35:55.485   644   707 I mcuc    : rev uart=2197,len=16, data : 6AA681083100089202000300000000A7
01-30 10:35:55.486   396   396 D adayocomadapter-ParseProtocolFunc: printRaWMsg Name[MCUToUPstream recv] len[8] data[9202000300000000]
01-30 10:35:55.486   396   396 D adayocomadapter-CommunicationManager: onUpstreamback   member[0] dataLength[5] timePoint[232025]
01-30 10:35:55.486   396   396 D adayocomadapter-ParseProtocolFunc: printRaWMsg Name[onUpstreamback] len[5] data[0300000000]
01-30 10:35:55.486   396   452 D adayocomadapter-UpstreamHandler: processBeforePacket upSreamtProcessTimePoint[232025] 
01-30 10:35:55.486   396   452 D adayocomadapter-UpstreamHandler: processPacket UPSTREAM_QUEUE_DATA_TIMEOUT
01-30 10:35:55.486   396   452 D adayocomadapter-ParseProtocolFunc: parseCommonIPCLBytes Processing tableNumber[3]
01-30 10:35:55.486   396   452 D adayocomadapter-ParseProtocolFunc: parseCommonIPCLBytes Processing tablename[Table-3] tableSize[5]
01-30 10:35:55.486   396   452 D adayocomadapter-ParseProtocolFunc: printRaWMsg Name[byteStream recv] len[5] data[0300000000]
01-30 10:35:55.486   396   452 D adayocomadapter-ParseProtocolFunc: printRaWMsg Name[IPCLtoVHAL] len[8] data[2141213801000000]
01-30 10:35:55.486   396   452 D adayocomadapter-ParseProtocolFunc: printRaWMsg Name[IPCLtoVHAL] len[6] data[214021D60000]
01-30 10:35:55.486   396   452 D adayocomadapter-CommunicationManager: onUpstreamReceive mPropertyId 0x21412138
01-30 10:35:55.486   396   452 I vw-vhal : notifyVehicleProperty, propId = 0x21412138, data = {status: 2, int32Values: [0, 0, 0]}
01-30 10:35:55.486   396   452 I vw-vhal : CanSignalsAdapter::notifyVehicleProperty: solvedValue = {.timestamp = 232025550359, .areaId = 0, .prop = 557916472, .status = AVAILABLE, .value = {.int32Values = [3]{0, 0, 0}, .floatValues = [0]{}, .int64Values = [0]{}, .bytes = [0]{}, .stringValue = ""}}
01-30 10:35:55.486   396   452 I VehiclePropertyStore: begin to write value to Store: {.timestamp = 232025550359, .areaId = 0, .prop = 557916472, .status = AVAILABLE, .value = {.int32Values = [3]{0, 0, 0}, .floatValues = [0]{}, .int64Values = [0]{}, .bytes = [0]{}, .stringValue = ""}}
01-30 10:35:55.486   396   452 I DefaultVehicleHal_v2_0: DefaultVehicleHal::onPropertyValue, value:{.timestamp = 232025550359, .areaId = 0, .prop = 557916472, .status = AVAILABLE, .value = {.int32Values = [3]{0, 0, 0}, .floatValues = [0]{}, .int64Values = [0]{}, .bytes = [0]{}, .stringValue = ""}}
01-30 10:35:55.486   396   452 I VehiclePropertyStore: begin to write value to Store: {.timestamp = 232025550359, .areaId = 0, .prop = 557916472, .status = AVAILABLE, .value = {.int32Values = [3]{0, 0, 0}, .floatValues = [0]{}, .int64Values = [0]{}, .bytes = [0]{}, .stringValue = ""}}
01-30 10:35:55.486   396   452 D adayocomadapter-CommunicationManager: onUpstreamReceive mPropertyId 0x21412138
01-30 10:35:55.486   396   452 D adayocomadapter-CommunicationManager: onUpstreamReceive mPropertyId 0x214021d6
01-30 10:35:55.486   396   452 D adayocomadapter-CommunicationManager: convertBytesToInt32Memcpy  0
01-30 10:35:55.486   396   452 I vw-vhal : notifyVehicleProperty, propId = 0x214021d6, data = {status: 2, int32Values: [0]}
01-30 10:35:55.486   396   452 I vw-vhal : CanSignalsAdapter::notifyVehicleProperty: solvedValue = {.timestamp = 232025778359, .areaId = 0, .prop = 557851094, .status = AVAILABLE, .value = {.int32Values = [1]{0}, .floatValues = [0]{}, .int64Values = [0]{}, .bytes = [0]{}, .stringValue = ""}}
01-30 10:35:55.486   396   452 I VehiclePropertyStore: begin to write value to Store: {.timestamp = 232025778359, .areaId = 0, .prop = 557851094, .status = AVAILABLE, .value = {.int32Values = [1]{0}, .floatValues = [0]{}, .int64Values = [0]{}, .bytes = [0]{}, .stringValue = ""}}
01-30 10:35:55.486   396   452 I DefaultVehicleHal_v2_0: DefaultVehicleHal::onPropertyValue, value:{.timestamp = 232025778359, .areaId = 0, .prop = 557851094, .status = AVAILABLE, .value = {.int32Values = [1]{0}, .floatValues = [0]{}, .int64Values = [0]{}, .bytes = [0]{}, .stringValue = ""}}
01-30 10:35:55.486   396   452 I VehiclePropertyStore: begin to write value to Store: {.timestamp = 232025778359, .areaId = 0, .prop = 557851094, .status = AVAILABLE, .value = {.int32Values = [1]{0}, .floatValues = [0]{}, .int64Values = [0]{}, .bytes = [0]{}, .stringValue = ""}}
01-30 10:35:55.486   396   452 D adayocomadapter-CommunicationManager: onUpstreamReceive mPropertyId 0x214021d6
01-30 10:35:55.487 12675 12675 I ModeService: onLifecycleChanged: car service connected.
01-30 10:35:55.491 12675 12675 D FawServiceManager: getFawvwManager service name is :persistence_service
01-30 10:35:55.492 12675 12675 D FawPersistenceServiceManager: FawPersistenceServiceManager construct,package name iscom.fawvw.intelligentmodeservice
01-30 10:35:55.493 12675 12675 W ContextImpl: Calling a method in the system process without a qualified user: android.app.ContextImpl.bindService:1988 android.content.ContextWrapper.bindService:861 android.car.Car.startCarService:2807 android.car.Car.createCar:2118 com.fawvw.intelligentmodeservice.ModeService.initCarConnection:89 
01-30 10:35:55.493   652  2032 I audio_hw_streamer: 569 capture_thread_loop: select [ch 8 -> ch 4] [15360 -> 7680] bytes data 
01-30 10:35:55.513   652  2032 I audio_hw_streamer: 569 capture_thread_loop: select [ch 8 -> ch 4] [15360 -> 7680] bytes data 
01-30 10:35:55.521 12672 12672 I CarPlayServerProxy: CarPlayProxy versionCode: 6 versionName: 0.0.2_3054 buildDate: 20220919_1718
01-30 10:35:55.524   851  2688 I WifiService: getVerboseLoggingLevel uid=1000
01-30 10:35:55.533   652  2032 I audio_hw_streamer: 569 capture_thread_loop: select [ch 8 -> ch 4] [15360 -> 7680] bytes data 
01-30 10:35:55.535 12672 12672 D CompatibilityChangeReporter: Compat change id reported: 263076149; UID 1000; state: DISABLED
01-30 10:35:55.539 12675 12675 D CompatibilityChangeReporter: Compat change id reported: 263076149; UID 1000; state: ENABLED
01-30 10:35:55.548 12672 12672 D CarPlay_Service: <init>(CarPlayService.java:1104)LoadJson:Information{LockedBootStartService=true, BootStartService=true, configPath='/system/etc/adayo/carplay/CarPlayJniProxyConfig.json', deviceId='null', siriPrewarmTime=-600, connectOperatingBT=false, connectionMode=0, audioBufferSize=200, recordBufferSize=25000, videoBufferSize=150, decoderAsync=false, audioSteamType=AudioStreamType{VOICE_CALL=StreamInfo{streamType=0, usage='2', contentType='1', audioSource=-1, focusType=1, playusage=2}, RING=StreamInfo{streamType=2, usage='6', contentType='1', audioSource=-1, focusType=1, playusage=6}, MUSIC=StreamInfo{streamType=3, usage='1', contentType='2', audioSource=-1, focusType=0, playusage=1}, ALARM=StreamInfo{streamType=11, usage='13', contentType='1', audioSource=-1, focusType=2, playusage=12}, TTS=StreamInfo{streamType=17, usage='11', contentType='2', audioSource=-1, focusType=2, playusage=18}}, recordStreamType=RecordStreamType{MIC=StreamInfo{streamType=1, usage='2', contentType='1', audioSource=1, focusType=1, playusage=-1}, VOICE_CALL=StreamInfo{streamType=1, usage='2', contentType='1', audioSource=1, focusType=1, playusage=-1}, TTS=StreamInfo{streamType=1, usage='2', contentType='1', audioSource=10, focusType=1, playusage=-1}}, dataBaseInfo=DataBaseInfo{name='historyDevices.db', count=10000}, ituTestParam=ITUTestParam{playerParams=null, recorderParams=null}, dealWithBluetooth=false, muteCanWakeUp=true, transCanWakeUp=true, coverAnswerToFlash=true, carCallEndCarPlay=false, standbySendToPhone=true, dealWithMute=false, dealWithPhoneMode=false, dealWithBackCar=false, noDealWithRouteGuidance=false, minBufferScale=2, dealWithPASCD=true, supportsEnhancedSiriVoice=true, dealWithVR=false, testConnectFail=false, testConnectWifiFail=false, testScreenError=false}
01-30 10:35:55.549 12672 12672 D CarPlay_Service: onCreate(CarPlayService.java:1125)onCreate
01-30 10:35:55.549 12672 12672 I CarPlay_Service: printVersion(CarPlayService.java:1117)CarPlay Server Application VersionCode:149 VersionName:2.2.8_5119 BuildDate:20220919_1718
01-30 10:35:55.549 12672 12672 D DeviceMoblileNative: load PhoneDetectJni lib start
01-30 10:35:55.550   584  1266 E WifiHAL : Invalid data received from driver
01-30 10:35:55.552 12672 12672 D DeviceMoblileNative: load PhoneDetectJni  lib ended
01-30 10:35:55.552 12672 12672 D PhoneDetectJni: MoblieDviceInitJni OK.
01-30 10:35:55.553 12672 12672 D CarPlay_Service: start(UsbConnectionCtrl.java:123)start
01-30 10:35:55.553 12672 12672 E CarPlay_Service: start(UsbConnectionCtrl.java:141) start prefix + observer.getDevicePath() start:DEVPATH=/devices/virtual/carplay_dev/carplay_dev
01-30 10:35:55.553 12672 12672 E CarPlay_Service: start(UsbConnectionCtrl.java:143) start prefix + observer.getDevicePath() end :DEVPATH=
01-30 10:35:55.553   652  2032 I audio_hw_streamer: 569 capture_thread_loop: select [ch 8 -> ch 4] [15360 -> 7680] bytes data 
01-30 10:35:55.553 12672 12672 E CarPlay_Service: start(UsbConnectionCtrl.java:141) start prefix + observer.getDevicePath() start:DEVPATH=/devices/platform/soc/a600000.ssusb/a600000.dwc3/xhci-hcd
01-30 10:35:55.553 12672 12672 E CarPlay_Service: start(UsbConnectionCtrl.java:143) start prefix + observer.getDevicePath() end :DEVPATH=
01-30 10:35:55.554 12672 12672 E CarPlay_Service: start(UsbConnectionCtrl.java:141) start prefix + observer.getDevicePath() start:DEVPATH=/devices/virtual/carplay/carplay
01-30 10:35:55.554 12672 12672 E CarPlay_Service: start(UsbConnectionCtrl.java:143) start prefix + observer.getDevicePath() end :DEVPATH=
01-30 10:35:55.554 12672 12672 E CarPlay_Service: start(UsbConnectionCtrl.java:141) start prefix + observer.getDevicePath() start:DEVPATH=/devices/virtual/misc/iap2_device
01-30 10:35:55.550 12672 12672 I auditd  : type=1400 audit(0.0:18101): avc:  denied  { create } for  comm="UEventObserver" scontext=u:r:system_app:s0 tcontext=u:r:system_app:s0 tclass=netlink_kobject_uevent_socket permissive=0
01-30 10:35:55.550 12672 12672 W UEventObserver: type=1400 audit(0.0:18101): avc:  denied  { create } for  scontext=u:r:system_app:s0 tcontext=u:r:system_app:s0 tclass=netlink_kobject_uevent_socket permissive=0
01-30 10:35:55.554 12672 12672 E CarPlay_Service: start(UsbConnectionCtrl.java:143) start prefix + observer.getDevicePath() end :DEVPATH=
01-30 10:35:55.554 12672 12672 E CarPlay_Service: start(UsbConnectionCtrl.java:141) start prefix + observer.getDevicePath() start:DEVPATH=/devices/virtual/eap_dev/eap0
01-30 10:35:55.554 12672 12672 E CarPlay_Service: start(UsbConnectionCtrl.java:143) start prefix + observer.getDevicePath() end :DEVPATH=
01-30 10:35:55.554 12672 12672 E CarPlay_Service: start(UsbConnectionCtrl.java:141) start prefix + observer.getDevicePath() start:DEVPATH=/devices/platform/soc/e6590000.usb/gadget/sound
01-30 10:35:55.554 12672 12672 E CarPlay_Service: start(UsbConnectionCtrl.java:143) start prefix + observer.getDevicePath() end :DEVPATH=
01-30 10:35:55.555 12675 12703 I ModeService: onPrimaryPowerEvent : 255 ,oldPowerEvent: 255
01-30 10:35:55.555 12672 12718 E AndroidRuntime: FATAL EXCEPTION: UEventObserver
01-30 10:35:55.555 12672 12718 E AndroidRuntime: Process: com.adayo.carplay, PID: 12672
01-30 10:35:55.555 12672 12718 E AndroidRuntime: java.lang.RuntimeException: Unable to open socket for UEventObserver
01-30 10:35:55.555 12672 12718 E AndroidRuntime: 	at android.os.UEventObserver.nativeSetup(Native Method)
01-30 10:35:55.555 12672 12718 E AndroidRuntime: 	at android.os.UEventObserver.-$$Nest$smnativeSetup(Unknown Source:0)
01-30 10:35:55.555 12672 12718 E AndroidRuntime: 	at android.os.UEventObserver$UEventThread.run(UEventObserver.java:186)
01-30 10:35:55.555 12675 12703 I ModeService: onSecondaryPowerEvent newPowerEvent: 255 ,oldPowerEvent: 0
01-30 10:35:55.556 12675 12703 W ModeService: handlePowerEventChange unknown power mode : 255
01-30 10:35:55.556 12675 12675 D FawPowerServiceManager: registerPowerModeListener: registered success and handlerPowerEvent : false
01-30 10:35:55.557   851  2688 I am_crash: [12672,0,com.adayo.carplay,550026829,java.lang.RuntimeException,Unable to open socket for UEventObserver,UEventObserver.java,-2,0]
01-30 10:35:55.557 12675 12675 D FawPowerServiceManager: registerVehicleModeListener: registered success
01-30 10:35:55.557 12675 12719 I ModeService: onSetVehicleMode newVehicleMode: 0 ,oldVehicleMode: 0
01-30 10:35:55.557   851  2688 I SdException: eventType = crash, processName = com.adayo.carplay
01-30 10:35:55.557   851  2688 I SdException: data = crash|12672|com.adayo.carplay
01-30 10:35:55.557 12675 12675 D AndroidRuntime: Shutting down VM
01-30 10:35:55.558   851  2688 I SdException: disconnecting...
01-30 10:35:55.558 12675 12675 E AndroidRuntime: FATAL EXCEPTION: main
01-30 10:35:55.558 12675 12675 E AndroidRuntime: Process: com.fawvw.intelligentmodeservice, PID: 12675
01-30 10:35:55.558 12675 12675 E AndroidRuntime: java.lang.NoClassDefFoundError: Failed resolution of: Lcom/fawvw/intelligentmodeservice/ModeServiceImpl;
01-30 10:35:55.558 12675 12675 E AndroidRuntime: 	at com.fawvw.intelligentmodeservice.ModeService.init(ModeService.java:81)
01-30 10:35:55.558 12675 12675 E AndroidRuntime: 	at com.fawvw.intelligentmodeservice.ModeService.onCreate(ModeService.java:69)
01-30 10:35:55.558 12675 12675 E AndroidRuntime: 	at android.app.ActivityThread.handleCreateService(ActivityThread.java:4692)
01-30 10:35:55.558 12675 12675 E AndroidRuntime: 	at android.app.ActivityThread.-$$Nest$mhandleCreateService(Unknown Source:0)
01-30 10:35:55.558 12675 12675 E AndroidRuntime: 	at android.app.ActivityThread$H.handleMessage(ActivityThread.java:2289)
01-30 10:35:55.558 12675 12675 E AndroidRuntime: 	at android.os.Handler.dispatchMessage(Handler.java:106)
01-30 10:35:55.558 12675 12675 E AndroidRuntime: 	at android.os.Looper.loopOnce(Looper.java:205)
01-30 10:35:55.558 12675 12675 E AndroidRuntime: 	at android.os.Looper.loop(Looper.java:294)
01-30 10:35:55.558 12675 12675 E AndroidRuntime: 	at android.app.ActivityThread.main(ActivityThread.java:8248)
01-30 10:35:55.558 12675 12675 E AndroidRuntime: 	at java.lang.reflect.Method.invoke(Native Method)
01-30 10:35:55.558 12675 12675 E AndroidRuntime: 	at com.android.internal.os.RuntimeInit$MethodAndArgsCaller.run(RuntimeInit.java:552)
01-30 10:35:55.558 12675 12675 E AndroidRuntime: 	at com.android.internal.os.ZygoteInit.main(ZygoteInit.java:993)
01-30 10:35:55.558 12675 12675 E AndroidRuntime: Caused by: java.lang.ClassNotFoundException: com.fawvw.intelligentmodeservice.ModeServiceImpl
01-30 10:35:55.558 12675 12675 E AndroidRuntime: 	... 12 more
01-30 10:35:55.559   851  2688 W ActivityManager: Process com.adayo.carplay has crashed too many times, killing! Reason: crashed quickly
01-30 10:35:55.559   851  2688 I am_process_crashed_too_much: [0,com.adayo.carplay,1000]
01-30 10:35:55.560 12672 12672 D CarPlayDeviceDatabase: Journal mode set to: wal
01-30 10:35:55.561   851  2748 I am_crash: [12675,0,com.fawvw.intelligentmodeservice,550026829,java.lang.ClassNotFoundException,com.fawvw.intelligentmodeservice.ModeServiceImpl,ModeService.java,81,0]
01-30 10:35:55.561   851  2688 I sysui_multi_action: [757,316,758,4,759,-1]
01-30 10:35:55.562 12672 12718 I Process : Sending signal. PID: 12672 SIG: 9
01-30 10:35:55.563   851  2748 I SdException: eventType = crash, processName = com.fawvw.intelligentmodeservice
01-30 10:35:55.563   851  2748 I SdException: data = crash|12675|com.fawvw.intelligentmodeservice
01-30 10:35:55.573   652  2032 I audio_hw_streamer: 569 capture_thread_loop: select [ch 8 -> ch 4] [15360 -> 7680] bytes data 
01-30 10:35:55.585   851  2688 I ActivityManager: Process com.adayo.carplay (pid 12672) has died: pers PER 
01-30 10:35:55.585   851  2688 I am_proc_died: [0,12672,com.adayo.carplay,-800,0]
01-30 10:35:55.585   851  1063 I libprocessgroup: Successfully killed process cgroup uid 1000 pid 12672 in 0ms
01-30 10:35:55.585   568   568 I Zygote  : Process 12672 exited due to signal 9 (Killed)
01-30 10:35:55.586   851  2688 W ActivityManager: Scheduling restart of crashed service com.adayo.carplay/.service.CarPlayService in 0ms for persistent
01-30 10:35:55.586   851  2688 I am_schedule_service_restart: [0,com.adayo.carplay/.service.CarPlayService,0]
01-30 10:35:55.586   851   851 I notification_cancel: [1000,0,com.adayo.carplay,1,NULL,0,0,0,8,NULL]
01-30 10:35:55.586   851  2688 W ActivityManager: Re-adding persistent process ProcessRecord{7c8ce39 12672:com.adayo.carplay/1000}
01-30 10:35:55.587   851   851 D ResponseStatsTracker: notification:+3m52s125ms; event=<cancelled>, pkg=com.adayo.carplay, usr=0
01-30 10:35:55.587   851   851 I sysui_multi_action: [757,128,758,5,759,8,793,138,794,0,795,138,796,1,806,com.adayo.carplay,857,carplay_channel,858,2,947,0,1500,138,1688,1]
01-30 10:35:55.587   851   851 I notification_canceled: [0|com.adayo.carplay|1|null|1000,8,138,138,0,-1,-1,NULL]
01-30 10:35:55.588   851  2688 D CompatibilityChangeReporter: Compat change id reported: 135634846; UID 1000; state: DISABLED
01-30 10:35:55.589   851  2688 D CompatibilityChangeReporter: Compat change id reported: 177438394; UID 1000; state: DISABLED
01-30 10:35:55.589   851  2688 D CompatibilityChangeReporter: Compat change id reported: 135772972; UID 1000; state: DISABLED
01-30 10:35:55.589   851  2688 D CompatibilityChangeReporter: Compat change id reported: 135754954; UID 1000; state: ENABLED
01-30 10:35:55.592   706   722 D sde     : [SDE::CatchJE]  Debug: CatchJE end
01-30 10:35:55.593   851  1149 D JobScheduler.Quota: Processing event 31 for <0>com.adayo.carplay
01-30 10:35:55.593   706   722 D sde     : [SDE::removeFile]  Debug: removeFile index = 24_
01-30 10:35:55.593   652  2032 I audio_hw_streamer: 569 capture_thread_loop: select [ch 8 -> ch 4] [15360 -> 7680] bytes data 
01-30 10:35:55.594   706   722 D sde     : [SDE::removeFile]  Debug: remove : /data/sde/24_crash_7814_com.adayo.carplay_20260128_053403.zip
01-30 10:35:55.594   706   722 D sde     : [SDE::zipArchiveFolder]  Debug: zippath = /data/sde/24_crash_12189_com.adayo.carplay_20260130_103555.zip 
01-30 10:35:55.604   568   568 D Zygote  : Forked child process 12720
01-30 10:35:55.604   851  1061 I am_proc_start: [0,12720,1000,com.adayo.carplay,restart,com.adayo.carplay]
01-30 10:35:55.605   851  1061 I ActivityManager: Start proc 12720:com.adayo.carplay/1000 for restart com.adayo.carplay
01-30 10:35:55.606  1279  1324 D CAR.DIAGNOSTIC: Entry - Type: 0x01, ServiceId: 0x4004, InstanceId: 0x0001, MajorVersion: 0x01FFFFFF, TTL: 0
01-30 10:35:55.607  1279  1326 D CAR.DIAGNOSTIC: Entry - Type: 0x01, ServiceId: 0x4004, InstanceId: 0x0001, MajorVersion: 0x01FFFFFF, TTL: 0
01-30 10:35:55.607  1279  1329 D CAR.DIAGNOSTIC: Entry - Type: 0x01, ServiceId: 0x4004, InstanceId: 0x0001, MajorVersion: 0x01FFFFFF, TTL: 0
01-30 10:35:55.607  1279  1324 D CAR.DIAGNOSTIC: Entry - Type: 0x01, ServiceId: 0x4001, InstanceId: 0x0001, MajorVersion: 0x01FFFFFF, TTL: 0
01-30 10:35:55.607  1279  1329 D CAR.DIAGNOSTIC: Entry - Type: 0x01, ServiceId: 0x4001, InstanceId: 0x0001, MajorVersion: 0x01FFFFFF, TTL: 0
01-30 10:35:55.607  1279  1326 D CAR.DIAGNOSTIC: Entry - Type: 0x01, ServiceId: 0x4001, InstanceId: 0x0001, MajorVersion: 0x01FFFFFF, TTL: 0
01-30 10:35:55.613   652  2032 I audio_hw_streamer: 569 capture_thread_loop: select [ch 8 -> ch 4] [15360 -> 7680] bytes data 
01-30 10:35:55.633   652  2032 I audio_hw_streamer: 569 capture_thread_loop: select [ch 8 -> ch 4] [15360 -> 7680] bytes data 
01-30 10:35:55.643 12720 12720 I m.adayo.carplay: Using CollectorTypeCC GC.
01-30 10:35:55.645 12720 12720 D m.adayo.carplay: Received session metadata: 2829797336380388244
01-30 10:35:55.648   706   722 D sde     : [SDE::zipArchiveFolder]  Debug: property_set persist.sde.last.number success
01-30 10:35:55.648 12720 12720 E m.adayo.carplay: Not starting debugger since process cannot load the jdwp agent.
01-30 10:35:55.648   706   722 D sde     : [SDE::deleteFolder]  Debug: deleteFolder :data/sde/crash_12189_com.adayo.carplay_20260130_103555
01-30 10:35:55.649   706   722 D sde     : [SDE::hasEnoughSpace]  Debug: avaiPercent = 89, limitPercent = 90
01-30 10:35:55.649   706   722 D sde     : [SDE::CreateFolder]  Debug: CreateFolder type :crash ,pid :12243, package :com.fawvw.intelligentmodeservice ,tombstone :
