01-30 10:35:58.489   396   452 I VehiclePropertyStore: begin to write value to Store: {.timestamp = 235028143359, .areaId = 0, .prop = 557850937, .status = AVAILABLE, .value = {.int32Values = [1]{0}, .floatValues = [0]{}, .int64Values = [0]{}, .bytes = [0]{}, .stringValue = ""}}
01-30 10:35:58.489   396   452 D adayocomadapter-CommunicationManager: onUpstreamReceive mPropertyId 0x21402139
01-30 10:35:58.489   396   452 D adayocomadapter-CommunicationManager: onUpstreamReceive mPropertyId 0x21402025
01-30 10:35:58.489   396   452 D adayocomadapter-CommunicationManager: convertBytesToInt32Memcpy  0
01-30 10:35:58.489   396   452 I vw-vhal : notifyVehicleProperty, propId = 0x21402025, data = {status: 2, int32Values: [0]}
01-30 10:35:58.489   396   452 I vw-vhal : CanSignalsAdapter::notifyVehicleProperty: solvedValue = {.timestamp = 235028317359, .areaId = 0, .prop = 557850661, .status = AVAILABLE, .value = {.int32Values = [1]{0}, .floatValues = [0]{}, .int64Values = [0]{}, .bytes = [0]{}, .stringValue = ""}}
01-30 10:35:58.489   396   452 I VehiclePropertyStore: begin to write value to Store: {.timestamp = 235028317359, .areaId = 0, .prop = 557850661, .status = AVAILABLE, .value = {.int32Values = [1]{0}, .floatValues = [0]{}, .int64Values = [0]{}, .bytes = [0]{}, .stringValue = ""}}
01-30 10:35:58.489   396   452 I DefaultVehicleHal_v2_0: DefaultVehicleHal::onPropertyValue, value:{.timestamp = 235028317359, .areaId = 0, .prop = 557850661, .status = AVAILABLE, .value = {.int32Values = [1]{0}, .floatValues = [0]{}, .int64Values = [0]{}, .bytes = [0]{}, .stringValue = ""}}
01-30 10:35:58.489   396   452 I VehiclePropertyStore: begin to write value to Store: {.timestamp = 235028317359, .areaId = 0, .prop = 557850661, .status = AVAILABLE, .value = {.int32Values = [1]{0}, .floatValues = [0]{}, .int64Values = [0]{}, .bytes = [0]{}, .stringValue = ""}}
01-30 10:35:58.489   396   452 D adayocomadapter-CommunicationManager: onUpstreamReceive mPropertyId 0x21402025
01-30 10:35:58.489   396   452 D adayocomadapter-CommunicationManager: onUpstreamReceive mPropertyId 0x21402033
01-30 10:35:58.489   396   452 D adayocomadapter-CommunicationManager: convertBytesToInt32Memcpy  16777215
01-30 10:35:58.489   396   452 I vw-vhal : notifyVehicleProperty, propId = 0x21402033, data = {status: 2, int32Values: [16777215]}
01-30 10:35:58.489   396   452 I vw-vhal : CanSignalsAdapter::notifyVehicleProperty: solvedValue = {.timestamp = 235028497359, .areaId = 0, .prop = 557850675, .status = AVAILABLE, .value = {.int32Values = [1]{16777215}, .floatValues = [0]{}, .int64Values = [0]{}, .bytes = [0]{}, .stringValue = ""}}
01-30 10:35:58.489   396   452 I VehiclePropertyStore: begin to write value to Store: {.timestamp = 235028497359, .areaId = 0, .prop = 557850675, .status = AVAILABLE, .value = {.int32Values = [1]{16777215}, .floatValues = [0]{}, .int64Values = [0]{}, .bytes = [0]{}, .stringValue = ""}}
01-30 10:35:58.489   396   452 I DefaultVehicleHal_v2_0: DefaultVehicleHal::onPropertyValue, value:{.timestamp = 235028497359, .areaId = 0, .prop = 557850675, .status = AVAILABLE, .value = {.int32Values = [1]{16777215}, .floatValues = [0]{}, .int64Values = [0]{}, .bytes = [0]{}, .stringValue = ""}}
01-30 10:35:58.489   396   452 I VehiclePropertyStore: begin to write value to Store: {.timestamp = 235028497359, .areaId = 0, .prop = 557850675, .status = AVAILABLE, .value = {.int32Values = [1]{16777215}, .floatValues = [0]{}, .int64Values = [0]{}, .bytes = [0]{}, .stringValue = ""}}
01-30 10:35:58.489   396   452 D adayocomadapter-CommunicationManager: onUpstreamReceive mPropertyId 0x21402033
01-30 10:35:58.489   396   452 D adayocomadapter-CommunicationManager: onUpstreamReceive mPropertyId 0x21402034
01-30 10:35:58.489   396   452 D adayocomadapter-CommunicationManager: convertBytesToInt32Memcpy  0
01-30 10:35:58.489   396   452 I vw-vhal : notifyVehicleProperty, propId = 0x21402034, data = {status: 2, int32Values: [0]}
01-30 10:35:58.489   396   452 I vw-vhal : CanSignalsAdapter::notifyVehicleProperty: solvedValue = {.timestamp = 235028672026, .areaId = 0, .prop = 557850676, .status = AVAILABLE, .value = {.int32Values = [1]{0}, .floatValues = [0]{}, .int64Values = [0]{}, .bytes = [0]{}, .stringValue = ""}}
01-30 10:35:58.489   396   452 I VehiclePropertyStore: begin to write value to Store: {.timestamp = 235028672026, .areaId = 0, .prop = 557850676, .status = AVAILABLE, .value = {.int32Values = [1]{0}, .floatValues = [0]{}, .int64Values = [0]{}, .bytes = [0]{}, .stringValue = ""}}
01-30 10:35:58.489   396   452 I DefaultVehicleHal_v2_0: DefaultVehicleHal::onPropertyValue, value:{.timestamp = 235028672026, .areaId = 0, .prop = 557850676, .status = AVAILABLE, .value = {.int32Values = [1]{0}, .floatValues = [0]{}, .int64Values = [0]{}, .bytes = [0]{}, .stringValue = ""}}
01-30 10:35:58.489   396   452 I VehiclePropertyStore: begin to write value to Store: {.timestamp = 235028672026, .areaId = 0, .prop = 557850676, .status = AVAILABLE, .value = {.int32Values = [1]{0}, .floatValues = [0]{}, .int64Values = [0]{}, .bytes = [0]{}, .stringValue = ""}}
01-30 10:35:58.489   396   452 D adayocomadapter-CommunicationManager: onUpstreamReceive mPropertyId 0x21402034
01-30 10:35:58.489   396   452 D adayocomadapter-CommunicationManager: onUpstreamReceive mPropertyId 0x2140218c
01-30 10:35:58.489   396   452 D adayocomadapter-CommunicationManager: convertBytesToInt32Memcpy  0
01-30 10:35:58.489   396   452 I vw-vhal : notifyVehicleProperty, propId = 0x2140218c, data = {status: 2, int32Values: [0]}
01-30 10:35:58.489   396   452 I vw-vhal : CanSignalsAdapter::notifyVehicleProperty: solvedValue = {.timestamp = 235028857026, .areaId = 0, .prop = 557851020, .status = AVAILABLE, .value = {.int32Values = [1]{0}, .floatValues = [0]{}, .int64Values = [0]{}, .bytes = [0]{}, .stringValue = ""}}
01-30 10:35:58.489   396   452 I VehiclePropertyStore: begin to write value to Store: {.timestamp = 235028857026, .areaId = 0, .prop = 557851020, .status = AVAILABLE, .value = {.int32Values = [1]{0}, .floatValues = [0]{}, .int64Values = [0]{}, .bytes = [0]{}, .stringValue = ""}}
01-30 10:35:58.489   396   452 I DefaultVehicleHal_v2_0: DefaultVehicleHal::onPropertyValue, value:{.timestamp = 235028857026, .areaId = 0, .prop = 557851020, .status = AVAILABLE, .value = {.int32Values = [1]{0}, .floatValues = [0]{}, .int64Values = [0]{}, .bytes = [0]{}, .stringValue = ""}}
01-30 10:35:58.489   396   452 I VehiclePropertyStore: begin to write value to Store: {.timestamp = 235028857026, .areaId = 0, .prop = 557851020, .status = AVAILABLE, .value = {.int32Values = [1]{0}, .floatValues = [0]{}, .int64Values = [0]{}, .bytes = [0]{}, .stringValue = ""}}
01-30 10:35:58.489   396   452 D adayocomadapter-CommunicationManager: onUpstreamReceive mPropertyId 0x2140218c
01-30 10:35:58.489   396   452 D adayocomadapter-CommunicationManager: onUpstreamReceive mPropertyId 0x2140219b
01-30 10:35:58.489   396   452 D adayocomadapter-CommunicationManager: convertBytesToInt32Memcpy  0
01-30 10:35:58.489   396   452 I vw-vhal : notifyVehicleProperty, propId = 0x2140219b, data = {status: 2, int32Values: [0]}
01-30 10:35:58.489   396   452 I vw-vhal : CanSignalsAdapter::notifyVehicleProperty: solvedValue = {.timestamp = 235029044693, .areaId = 0, .prop = 557851035, .status = AVAILABLE, .value = {.int32Values = [1]{0}, .floatValues = [0]{}, .int64Values = [0]{}, .bytes = [0]{}, .stringValue = ""}}
01-30 10:35:58.489   396   452 I VehiclePropertyStore: begin to write value to Store: {.timestamp = 235029044693, .areaId = 0, .prop = 557851035, .status = AVAILABLE, .value = {.int32Values = [1]{0}, .floatValues = [0]{}, .int64Values = [0]{}, .bytes = [0]{}, .stringValue = ""}}
01-30 10:35:58.489   396   452 I DefaultVehicleHal_v2_0: DefaultVehicleHal::onPropertyValue, value:{.timestamp = 235029044693, .areaId = 0, .prop = 557851035, .status = AVAILABLE, .value = {.int32Values = [1]{0}, .floatValues = [0]{}, .int64Values = [0]{}, .bytes = [0]{}, .stringValue = ""}}
01-30 10:35:58.489   396   452 I VehiclePropertyStore: begin to write value to Store: {.timestamp = 235029044693, .areaId = 0, .prop = 557851035, .status = AVAILABLE, .value = {.int32Values = [1]{0}, .floatValues = [0]{}, .int64Values = [0]{}, .bytes = [0]{}, .stringValue = ""}}
01-30 10:35:58.490   396   452 D adayocomadapter-CommunicationManager: onUpstreamReceive mPropertyId 0x2140219b
01-30 10:35:58.490   396   452 D adayocomadapter-CommunicationManager: onUpstreamReceive mPropertyId 0x214021a0
01-30 10:35:58.490   396   452 D adayocomadapter-CommunicationManager: convertBytesToInt32Memcpy  0
01-30 10:35:58.490   396   452 I vw-vhal : notifyVehicleProperty, propId = 0x214021a0, data = {status: 2, int32Values: [0]}
01-30 10:35:58.490   396   452 I vw-vhal : CanSignalsAdapter::notifyVehicleProperty: solvedValue = {.timestamp = 235029223026, .areaId = 0, .prop = 557851040, .status = AVAILABLE, .value = {.int32Values = [1]{0}, .floatValues = [0]{}, .int64Values = [0]{}, .bytes = [0]{}, .stringValue = ""}}
01-30 10:35:58.490   396   452 I VehiclePropertyStore: begin to write value to Store: {.timestamp = 235029223026, .areaId = 0, .prop = 557851040, .status = AVAILABLE, .value = {.int32Values = [1]{0}, .floatValues = [0]{}, .int64Values = [0]{}, .bytes = [0]{}, .stringValue = ""}}
01-30 10:35:58.490   396   452 I DefaultVehicleHal_v2_0: DefaultVehicleHal::onPropertyValue, value:{.timestamp = 235029223026, .areaId = 0, .prop = 557851040, .status = AVAILABLE, .value = {.int32Values = [1]{0}, .floatValues = [0]{}, .int64Values = [0]{}, .bytes = [0]{}, .stringValue = ""}}
01-30 10:35:58.490   396   452 I VehiclePropertyStore: begin to write value to Store: {.timestamp = 235029223026, .areaId = 0, .prop = 557851040, .status = AVAILABLE, .value = {.int32Values = [1]{0}, .floatValues = [0]{}, .int64Values = [0]{}, .bytes = [0]{}, .stringValue = ""}}
01-30 10:35:58.490   396   452 D adayocomadapter-CommunicationManager: onUpstreamReceive mPropertyId 0x214021a0
01-30 10:35:58.490   396   452 D adayocomadapter-CommunicationManager: onUpstreamReceive mPropertyId 0x214021a3
01-30 10:35:58.490   396   452 D adayocomadapter-CommunicationManager: convertBytesToInt32Memcpy  0
01-30 10:35:58.490   396   452 I vw-vhal : notifyVehicleProperty, propId = 0x214021a3, data = {status: 2, int32Values: [0]}
01-30 10:35:58.490   396   452 I vw-vhal : CanSignalsAdapter::notifyVehicleProperty: solvedValue = {.timestamp = 235029404026, .areaId = 0, .prop = 557851043, .status = AVAILABLE, .value = {.int32Values = [1]{0}, .floatValues = [0]{}, .int64Values = [0]{}, .bytes = [0]{}, .stringValue = ""}}
01-30 10:35:58.490   396   452 I VehiclePropertyStore: begin to write value to Store: {.timestamp = 235029404026, .areaId = 0, .prop = 557851043, .status = AVAILABLE, .value = {.int32Values = [1]{0}, .floatValues = [0]{}, .int64Values = [0]{}, .bytes = [0]{}, .stringValue = ""}}
01-30 10:35:58.490   396   452 I DefaultVehicleHal_v2_0: DefaultVehicleHal::onPropertyValue, value:{.timestamp = 235029404026, .areaId = 0, .prop = 557851043, .status = AVAILABLE, .value = {.int32Values = [1]{0}, .floatValues = [0]{}, .int64Values = [0]{}, .bytes = [0]{}, .stringValue = ""}}
01-30 10:35:58.490   396   452 I VehiclePropertyStore: begin to write value to Store: {.timestamp = 235029404026, .areaId = 0, .prop = 557851043, .status = AVAILABLE, .value = {.int32Values = [1]{0}, .floatValues = [0]{}, .int64Values = [0]{}, .bytes = [0]{}, .stringValue = ""}}
01-30 10:35:58.490   396   452 D adayocomadapter-CommunicationManager: onUpstreamReceive mPropertyId 0x214021a3
01-30 10:35:58.490   396   452 D adayocomadapter-CommunicationManager: onUpstreamReceive mPropertyId 0x214021a4
01-30 10:35:58.490   396   452 D adayocomadapter-CommunicationManager: convertBytesToInt32Memcpy  0
01-30 10:35:58.490   396   452 I vw-vhal : notifyVehicleProperty, propId = 0x214021a4, data = {status: 2, int32Values: [0]}
01-30 10:35:58.490   396   452 I vw-vhal : CanSignalsAdapter::notifyVehicleProperty: solvedValue = {.timestamp = 235029580693, .areaId = 0, .prop = 557851044, .status = AVAILABLE, .value = {.int32Values = [1]{0}, .floatValues = [0]{}, .int64Values = [0]{}, .bytes = [0]{}, .stringValue = ""}}
01-30 10:35:58.490   396   452 I VehiclePropertyStore: begin to write value to Store: {.timestamp = 235029580693, .areaId = 0, .prop = 557851044, .status = AVAILABLE, .value = {.int32Values = [1]{0}, .floatValues = [0]{}, .int64Values = [0]{}, .bytes = [0]{}, .stringValue = ""}}
01-30 10:35:58.490   396   452 I DefaultVehicleHal_v2_0: DefaultVehicleHal::onPropertyValue, value:{.timestamp = 235029580693, .areaId = 0, .prop = 557851044, .status = AVAILABLE, .value = {.int32Values = [1]{0}, .floatValues = [0]{}, .int64Values = [0]{}, .bytes = [0]{}, .stringValue = ""}}
01-30 10:35:58.490   396   452 I VehiclePropertyStore: begin to write value to Store: {.timestamp = 235029580693, .areaId = 0, .prop = 557851044, .status = AVAILABLE, .value = {.int32Values = [1]{0}, .floatValues = [0]{}, .int64Values = [0]{}, .bytes = [0]{}, .stringValue = ""}}
01-30 10:35:58.490   396   452 D adayocomadapter-CommunicationManager: onUpstreamReceive mPropertyId 0x214021a4
01-30 10:35:58.490   396   452 D adayocomadapter-CommunicationManager: onUpstreamReceive mPropertyId 0x214021cb
01-30 10:35:58.490   396   452 D adayocomadapter-CommunicationManager: convertBytesToInt32Memcpy  0
01-30 10:35:58.490   396   452 I vw-vhal : notifyVehicleProperty, propId = 0x214021cb, data = {status: 2, int32Values: [0]}
01-30 10:35:58.490   396   452 I vw-vhal : CanSignalsAdapter::notifyVehicleProperty: solvedValue = {.timestamp = 235029748026, .areaId = 0, .prop = 557851083, .status = AVAILABLE, .value = {.int32Values = [1]{0}, .floatValues = [0]{}, .int64Values = [0]{}, .bytes = [0]{}, .stringValue = ""}}
01-30 10:35:58.490   396   452 I VehiclePropertyStore: begin to write value to Store: {.timestamp = 235029748026, .areaId = 0, .prop = 557851083, .status = AVAILABLE, .value = {.int32Values = [1]{0}, .floatValues = [0]{}, .int64Values = [0]{}, .bytes = [0]{}, .stringValue = ""}}
01-30 10:35:58.490   396   452 I DefaultVehicleHal_v2_0: DefaultVehicleHal::onPropertyValue, value:{.timestamp = 235029748026, .areaId = 0, .prop = 557851083, .status = AVAILABLE, .value = {.int32Values = [1]{0}, .floatValues = [0]{}, .int64Values = [0]{}, .bytes = [0]{}, .stringValue = ""}}
01-30 10:35:58.490   396   452 I VehiclePropertyStore: begin to write value to Store: {.timestamp = 235029748026, .areaId = 0, .prop = 557851083, .status = AVAILABLE, .value = {.int32Values = [1]{0}, .floatValues = [0]{}, .int64Values = [0]{}, .bytes = [0]{}, .stringValue = ""}}
01-30 10:35:58.490   396   452 D adayocomadapter-CommunicationManager: onUpstreamReceive mPropertyId 0x214021cb
01-30 10:35:58.493   652  2032 I audio_hw_streamer: 569 capture_thread_loop: select [ch 8 -> ch 4] [15360 -> 7680] bytes data 
01-30 10:35:58.513   652  2032 I audio_hw_streamer: 569 capture_thread_loop: select [ch 8 -> ch 4] [15360 -> 7680] bytes data 
01-30 10:35:58.523   706   722 D sde     : [SDE::zipArchiveFolder]  Debug: property_set persist.sde.last.number success
01-30 10:35:58.524   644   707 I mcuc    : sd Uart data : 6AA602084A0002920216
01-30 10:35:58.525   706   722 D sde     : [SDE::deleteFolder]  Debug: deleteFolder :data/sde/crash_12512_com.fawvw.intelligentmodeservice_20260130_103558
01-30 10:35:58.525   706   722 D sde     : [SDE::hasEnoughSpace]  Debug: avaiPercent = 89, limitPercent = 90
01-30 10:35:58.525   706   706 D sde     : [SDE::socket_listen]  Debug: Accept_fd 5
01-30 10:35:58.525   706   722 D sde     : [SDE::CreateFolder]  Debug: CreateFolder type :crash ,pid :12577, package :com.adayo.carplay ,tombstone :
01-30 10:35:58.525   706   706 D sde     : [SDE::socket_listen]  Debug: receive msg from client : crash|12580|com.fawvw.intelligentmodeservice
01-30 10:35:58.525   851  1853 I SdException: disconnecting...
01-30 10:35:58.525   706   722 D sde     : [SDE::CreateFolder]  Debug: logpath : data/sde/crash_12577_com.adayo.carplay_20260130_103558
01-30 10:35:58.525   706   722 D sde     : [SDE::CollectExceptionMessage]  Debug: CreateFolder = data/sde/crash_12577_com.adayo.carplay_20260130_103558 
01-30 10:35:58.525   706   722 D sde     : [SDE::CatchLog]  Debug: CatchLog : crash,data/sde/crash_12577_com.adayo.carplay_20260130_103558
01-30 10:35:58.525   706   722 D sde     : [SDE::CatchJE]  Debug: CatchJE data/sde/crash_12577_com.adayo.carplay_20260130_103558
01-30 10:35:58.527   851  1853 W ActivityManager: Process com.adayo.carplay has crashed too many times, killing! Reason: crashed quickly
01-30 10:35:58.527   851  1853 I am_process_crashed_too_much: [0,com.adayo.carplay,1000]
01-30 10:35:58.529   644   707 I mcuc    : rev uart=2223,len=14, data : 6AA681084A000692020001000092
01-30 10:35:58.529   644   707 I mcuc    : sd Uart data : 6AA602084B0002920215
01-30 10:35:58.530   396   396 D adayocomadapter-ParseProtocolFunc: printRaWMsg Name[MCUToUPstream recv] len[6] data[920200010000]
01-30 10:35:58.530   396   396 D adayocomadapter-CommunicationManager: onUpstreamback   member[0] dataLength[3] timePoint[235069]
01-30 10:35:58.530   396   396 D adayocomadapter-ParseProtocolFunc: printRaWMsg Name[onUpstreamback] len[3] data[010000]
01-30 10:35:58.530   396   452 D adayocomadapter-UpstreamHandler: processBeforePacket upSreamtProcessTimePoint[235069] 
01-30 10:35:58.530   396   452 D adayocomadapter-UpstreamHandler: processPacket UPSTREAM_QUEUE_DATA_TIMEOUT
01-30 10:35:58.530   396   452 D adayocomadapter-ParseProtocolFunc: parseCommonIPCLBytes Processing tableNumber[1]
01-30 10:35:58.530   396   452 D adayocomadapter-ParseProtocolFunc: parseCommonIPCLBytes Processing tablename[Table-1] tableSize[3]
01-30 10:35:58.530   396   452 D adayocomadapter-ParseProtocolFunc: printRaWMsg Name[byteStream recv] len[3] data[010000]
01-30 10:35:58.530   396   452 D adayocomadapter-ParseProtocolFunc: printRaWMsg Name[IPCLtoVHAL] len[7] data[21402048000000]
01-30 10:35:58.530   851  1853 I sysui_multi_action: [757,316,758,4,759,-1]
01-30 10:35:58.530   396   452 D adayocomadapter-CommunicationManager: onUpstreamReceive mPropertyId 0x21402048
01-30 10:35:58.530   396   452 D adayocomadapter-CommunicationManager: convertBytesToInt32Memcpy  0
01-30 10:35:58.530   396   452 I vw-vhal : notifyVehicleProperty, propId = 0x21402048, data = {status: 2, int32Values: [0]}
01-30 10:35:58.530   396   452 I vw-vhal : CanSignalsAdapter::notifyVehicleProperty: solvedValue = {.timestamp = 235069608693, .areaId = 0, .prop = 557850696, .status = AVAILABLE, .value = {.int32Values = [1]{0}, .floatValues = [0]{}, .int64Values = [0]{}, .bytes = [0]{}, .stringValue = ""}}
01-30 10:35:58.530   396   452 I VehiclePropertyStore: begin to write value to Store: {.timestamp = 235069608693, .areaId = 0, .prop = 557850696, .status = AVAILABLE, .value = {.int32Values = [1]{0}, .floatValues = [0]{}, .int64Values = [0]{}, .bytes = [0]{}, .stringValue = ""}}
01-30 10:35:58.530   396   452 I DefaultVehicleHal_v2_0: DefaultVehicleHal::onPropertyValue, value:{.timestamp = 235069608693, .areaId = 0, .prop = 557850696, .status = AVAILABLE, .value = {.int32Values = [1]{0}, .floatValues = [0]{}, .int64Values = [0]{}, .bytes = [0]{}, .stringValue = ""}}
01-30 10:35:58.530   396   452 I VehiclePropertyStore: begin to write value to Store: {.timestamp = 235069608693, .areaId = 0, .prop = 557850696, .status = AVAILABLE, .value = {.int32Values = [1]{0}, .floatValues = [0]{}, .int64Values = [0]{}, .bytes = [0]{}, .stringValue = ""}}
01-30 10:35:58.530   396   452 D adayocomadapter-CommunicationManager: onUpstreamReceive mPropertyId 0x21402048
01-30 10:35:58.530 12863 12887 I Process : Sending signal. PID: 12863 SIG: 9
01-30 10:35:58.533   652  2032 I audio_hw_streamer: 569 capture_thread_loop: select [ch 8 -> ch 4] [15360 -> 7680] bytes data 
01-30 10:35:58.535   644   707 I mcuc    : rev uart=2224,len=16, data : 6AA681084B000892020003000000008D
01-30 10:35:58.535   396   396 D adayocomadapter-ParseProtocolFunc: printRaWMsg Name[MCUToUPstream recv] len[8] data[9202000300000000]
01-30 10:35:58.535   396   396 D adayocomadapter-CommunicationManager: onUpstreamback   member[0] dataLength[5] timePoint[235074]
01-30 10:35:58.535   396   396 D adayocomadapter-ParseProtocolFunc: printRaWMsg Name[onUpstreamback] len[5] data[0300000000]
01-30 10:35:58.535   396   452 D adayocomadapter-UpstreamHandler: processBeforePacket upSreamtProcessTimePoint[235074] 
01-30 10:35:58.535   396   452 D adayocomadapter-UpstreamHandler: processPacket UPSTREAM_QUEUE_DATA_TIMEOUT
01-30 10:35:58.535   396   452 D adayocomadapter-ParseProtocolFunc: parseCommonIPCLBytes Processing tableNumber[3]
01-30 10:35:58.535   396   452 D adayocomadapter-ParseProtocolFunc: parseCommonIPCLBytes Processing tablename[Table-3] tableSize[5]
01-30 10:35:58.535   396   452 D adayocomadapter-ParseProtocolFunc: printRaWMsg Name[byteStream recv] len[5] data[0300000000]
01-30 10:35:58.535   396   452 D adayocomadapter-ParseProtocolFunc: printRaWMsg Name[IPCLtoVHAL] len[8] data[2141213801000000]
01-30 10:35:58.535   396   452 D adayocomadapter-ParseProtocolFunc: printRaWMsg Name[IPCLtoVHAL] len[6] data[214021D60000]
01-30 10:35:58.535   396   452 D adayocomadapter-CommunicationManager: onUpstreamReceive mPropertyId 0x21412138
01-30 10:35:58.536   396   452 I vw-vhal : notifyVehicleProperty, propId = 0x21412138, data = {status: 2, int32Values: [0, 0, 0]}
01-30 10:35:58.536   396   452 I vw-vhal : CanSignalsAdapter::notifyVehicleProperty: solvedValue = {.timestamp = 235075223026, .areaId = 0, .prop = 557916472, .status = AVAILABLE, .value = {.int32Values = [3]{0, 0, 0}, .floatValues = [0]{}, .int64Values = [0]{}, .bytes = [0]{}, .stringValue = ""}}
01-30 10:35:58.536   396   452 I VehiclePropertyStore: begin to write value to Store: {.timestamp = 235075223026, .areaId = 0, .prop = 557916472, .status = AVAILABLE, .value = {.int32Values = [3]{0, 0, 0}, .floatValues = [0]{}, .int64Values = [0]{}, .bytes = [0]{}, .stringValue = ""}}
01-30 10:35:58.536   396   452 I DefaultVehicleHal_v2_0: DefaultVehicleHal::onPropertyValue, value:{.timestamp = 235075223026, .areaId = 0, .prop = 557916472, .status = AVAILABLE, .value = {.int32Values = [3]{0, 0, 0}, .floatValues = [0]{}, .int64Values = [0]{}, .bytes = [0]{}, .stringValue = ""}}
01-30 10:35:58.536   396   452 I VehiclePropertyStore: begin to write value to Store: {.timestamp = 235075223026, .areaId = 0, .prop = 557916472, .status = AVAILABLE, .value = {.int32Values = [3]{0, 0, 0}, .floatValues = [0]{}, .int64Values = [0]{}, .bytes = [0]{}, .stringValue = ""}}
01-30 10:35:58.536   396   452 D adayocomadapter-CommunicationManager: onUpstreamReceive mPropertyId 0x21412138
01-30 10:35:58.536   396   452 D adayocomadapter-CommunicationManager: onUpstreamReceive mPropertyId 0x214021d6
01-30 10:35:58.536   396   452 D adayocomadapter-CommunicationManager: convertBytesToInt32Memcpy  0
01-30 10:35:58.536   396   452 I vw-vhal : notifyVehicleProperty, propId = 0x214021d6, data = {status: 2, int32Values: [0]}
01-30 10:35:58.536   396   452 I vw-vhal : CanSignalsAdapter::notifyVehicleProperty: solvedValue = {.timestamp = 235075462359, .areaId = 0, .prop = 557851094, .status = AVAILABLE, .value = {.int32Values = [1]{0}, .floatValues = [0]{}, .int64Values = [0]{}, .bytes = [0]{}, .stringValue = ""}}
01-30 10:35:58.536   396   452 I VehiclePropertyStore: begin to write value to Store: {.timestamp = 235075462359, .areaId = 0, .prop = 557851094, .status = AVAILABLE, .value = {.int32Values = [1]{0}, .floatValues = [0]{}, .int64Values = [0]{}, .bytes = [0]{}, .stringValue = ""}}
01-30 10:35:58.536   396   452 I DefaultVehicleHal_v2_0: DefaultVehicleHal::onPropertyValue, value:{.timestamp = 235075462359, .areaId = 0, .prop = 557851094, .status = AVAILABLE, .value = {.int32Values = [1]{0}, .floatValues = [0]{}, .int64Values = [0]{}, .bytes = [0]{}, .stringValue = ""}}
01-30 10:35:58.536   396   452 I VehiclePropertyStore: begin to write value to Store: {.timestamp = 235075462359, .areaId = 0, .prop = 557851094, .status = AVAILABLE, .value = {.int32Values = [1]{0}, .floatValues = [0]{}, .int64Values = [0]{}, .bytes = [0]{}, .stringValue = ""}}
01-30 10:35:58.536   396   452 D adayocomadapter-CommunicationManager: onUpstreamReceive mPropertyId 0x214021d6
01-30 10:35:58.546   584  1266 E WifiHAL : Invalid data received from driver
01-30 10:35:58.551  9391  9440 D ANWStack: [    235090][ANWBT] HCI Rx: LE Meta Event, HCI_evLEADVERTISINGREPORT, subevent_code=0x2 Num_Reports=1
01-30 10:35:58.551  9391  9440 D ANWStack: 
01-30 10:35:58.551  9391  9440 D ANWAPI  : (9391|0x85AB6CB0)[BTAPI] AnwhciEventCallback 62 2
01-30 10:35:58.551  9391  9440 D ANWAPI  : (9391|0x85AB6CB0)[BTAPI] btsdk_le_DiscoveryCallback eventtype[3]
01-30 10:35:58.551  9391  9440 D ANWAPI  : (9391|0x85AB6CB0)[BTAPI] anwbt_ble_le_discoveryHandler
01-30 10:35:58.551  9391  9440 D ANWAPI  : 
01-30 10:35:58.551  9391  9440 D ANWAPI  : (9391|0x85AB6CB0)[BTAPI] anwbt_ble_le_discoveryHandler newDevice=0xb400fa3d7dab349a,status=0,idx=255,scanLen=0,len=31,RSSI[-64]
01-30 10:35:58.551  9391  9440 D ANWAPI  : (9391|0x85AB6CB0)[BTAPI] AnWBT_BLE_GetFirstRandomAddr start,btaddr=[0x7:0x37:0x63:0xce:0xcf:0x6a],addrType=1
01-30 10:35:58.551  9391  9440 D ANWAPI  : (9391|0x85AB6CB0)[BTAPI] AnWBT_BLE_GetFirstRandomAddr end,btaddr=[0x7:0x37:0x63:0xce:0xcf:0x6a]
01-30 10:35:58.551  9391  9440 D ANWAPI  : (9391|0x85AB6CB0)[BTAPI] send_BLE_discoveryHandler_Message event type: 0x3
01-30 10:35:58.551  9391  9440 D ANWAPI  : 
01-30 10:35:58.551  9391  9440 D ANW bt_btif: send_BLE_discoveryHandler_Message cod is 0x000000
01-30 10:35:58.551  9391  9440 D ANW bt_btif: btif_storage_add_remote_device, AnW
01-30 10:35:58.551  9391  9440 D ANW bt_btif: in, bd addr:6a:cf:ce:63:37:07, prop type:255, len:6
01-30 10:35:58.551  9391  9440 D ANW bt_btif: btif_in_fetch_bonded_device, AnW
01-30 10:35:58.551  9391  9440 D ANW bt_btif: btif_in_fetch_bonded_ble_device Found a LE device: 6a:cf:ce:63:37:07
01-30 10:35:58.551  9391  9440 D ANW bt_btif: btif_storage_get_remote_addr_type, AnW
01-30 10:35:58.551  9391  9440 D ANW bt_btif: btif_in_fetch_bonded_ble_device, AnW key_not_found
01-30 10:35:58.551  9391  9440 D ANW bt_btif: Remote device:6a:cf:ce:63:37:07, no link key or ble key found
01-30 10:35:58.551  9391  9440 D ANW bt_btif: in, bd addr:6a:cf:ce:63:37:07, prop type:5, len:4
01-30 10:35:58.551  9391  9440 D ANW bt_btif: btif_in_fetch_bonded_device, AnW
01-30 10:35:58.551  9391  9440 D ANW bt_btif: btif_in_fetch_bonded_ble_device Found a LE device: 6a:cf:ce:63:37:07
01-30 10:35:58.551  9391  9440 D ANW bt_btif: btif_storage_get_remote_addr_type, AnW
01-30 10:35:58.551  9391  9440 D ANW bt_btif: btif_in_fetch_bonded_ble_device, AnW key_not_found
01-30 10:35:58.551  9391  9440 D ANW bt_btif: Remote device:6a:cf:ce:63:37:07, no link key or ble key found
01-30 10:35:58.551  9391  9440 D ANW bt_btif: in, bd addr:6a:cf:ce:63:37:07, prop type:11, len:1
01-30 10:35:58.552  9391  9440 D ANW bt_btif: btif_in_fetch_bonded_device, AnW
01-30 10:35:58.552  9391  9440 D ANW bt_btif: btif_in_fetch_bonded_ble_device Found a LE device: 6a:cf:ce:63:37:07
01-30 10:35:58.552  9391  9440 D ANW bt_btif: btif_storage_get_remote_addr_type, AnW
01-30 10:35:58.552  9391  9440 D ANW bt_btif: btif_in_fetch_bonded_ble_device, AnW key_not_found
01-30 10:35:58.552  9391  9440 D ANW bt_btif: Remote device:6a:cf:ce:63:37:07, no link key or ble key found
01-30 10:35:58.552  9391  9440 D ANW bt_btif: btif_storage_set_remote_addr_type, AnW
01-30 10:35:58.552  9391  9440 I ANW bt_btif: onScanResult, address_type=1, primary_phy= 0, secondary_phy=0, ad size= 31
01-30 10:35:58.552  9391  9440 I ANW bt_btif: onScanResult: HAL bt_gatt_callbacks->scanner->scan_result_cb
01-30 10:35:58.553   652  2032 I audio_hw_streamer: 569 capture_thread_loop: select [ch 8 -> ch 4] [15360 -> 7680] bytes data 
01-30 10:35:58.554   851  1853 I ActivityManager: Process com.adayo.carplay (pid 12863) has died: pers PER 
01-30 10:35:58.555   851  1853 I am_proc_died: [0,12863,com.adayo.carplay,-800,0]
01-30 10:35:58.555  1602  6623 I CarPlayServerProxy: binderDied ,iCarPlayProxy :com.adayo.carplay.proxy.ICarPlayProxy$Stub$Proxy@c6bffe3
01-30 10:35:58.555  1602  6623 I CarPlayServerProxy: connectToServer: 
01-30 10:35:58.555  2344  2572 W PermissionServerManager: ┌──────────────────────────────────────────────────────────────────────────────────────────────────────────────────────────────────────┐
01-30 10:35:58.555  2344  2572 W PermissionServerManager: │[10:35:58.555][binder:2344_4][lambda$registerPermissionSwitchListener$1$com-fawvw-mw-permission-business-ipc-PermissionServerManager:60]│
01-30 10:35:58.555  2344  2572 W PermissionServerManager: │ Binder is dead for package: com.adayo.carplay, removing callback.                                                                    │
01-30 10:35:58.555  2344  2572 W PermissionServerManager: └──────────────────────────────────────────────────────────────────────────────────────────────────────────────────────────────────────┘
01-30 10:35:58.556  1602  1602 I CarPlayServerProxy: onServiceDisconnected: 
01-30 10:35:58.556  1602  1602 D v251013.1_CM_CarPlayCM: onServiceDisConnected
01-30 10:35:58.556   851  1063 I libprocessgroup: Successfully killed process cgroup uid 1000 pid 12863 in 1ms
01-30 10:35:58.556  1602  1602 E CarPlayServerProxy: checkConnect: is disconnect try connect, isConnect = false, iCarPlayProxy = null
01-30 10:35:58.556  1602  1602 I CarPlayServerProxy: connectToServer: 
01-30 10:35:58.557  1602  6623 W ContextImpl: Calling a method in the system process without a qualified user: android.app.ContextImpl.bindService:1988 android.content.ContextWrapper.bindService:861 com.adayo.carplay.proxy.CarPlayProxy.connectToServer:125 com.adayo.carplay.proxy.CarPlayProxy.access$200:21 com.adayo.carplay.proxy.CarPlayProxy$1.binderDied:41 
01-30 10:35:58.557   568   568 I Zygote  : Process 12863 exited due to signal 9 (Killed)
01-30 10:35:58.558  1602  1602 W ContextImpl: Calling a method in the system process without a qualified user: android.app.ContextImpl.bindService:1988 android.content.ContextWrapper.bindService:861 com.adayo.carplay.proxy.CarPlayProxy.connectToServer:125 com.adayo.carplay.proxy.CarPlayProxy.checkConnect:133 com.adayo.carplay.proxy.CarPlayProxy.unregisterCpListener:365 
01-30 10:35:58.559   851  1853 W ActivityManager: Scheduling restart of crashed service com.adayo.carplay/.service.CarPlayService in 0ms for persistent
01-30 10:35:58.559   851  1853 I am_schedule_service_restart: [0,com.adayo.carplay/.service.CarPlayService,0]
01-30 10:35:58.559   851   851 I notification_cancel: [1000,0,com.adayo.carplay,1,NULL,0,0,0,8,NULL]
01-30 10:35:58.560   851  1853 W ActivityManager: Re-adding persistent process ProcessRecord{7c8ce39 12863:com.adayo.carplay/1000}
01-30 10:35:58.561   851   851 D ResponseStatsTracker: notification:+3m55s98ms; event=<cancelled>, pkg=com.adayo.carplay, usr=0
01-30 10:35:58.561   851   851 I sysui_multi_action: [757,128,758,5,759,8,793,529,794,0,795,529,796,1,806,com.adayo.carplay,857,carplay_channel,858,2,947,0,1500,529,1688,4,1689,2,1690,1]
01-30 10:35:58.561   851   851 I notification_canceled: [0|com.adayo.carplay|1|null|1000,8,529,529,0,-1,-1,NULL]
01-30 10:35:58.563   851  1853 D CompatibilityChangeReporter: Compat change id reported: 135634846; UID 1000; state: DISABLED
01-30 10:35:58.563   851   851 D NotificationService: 0|com.adayo.carplay|1|null|1000: updating permissions
01-30 10:35:58.563   851  1853 D CompatibilityChangeReporter: Compat change id reported: 177438394; UID 1000; state: DISABLED
01-30 10:35:58.564   851  1853 D CompatibilityChangeReporter: Compat change id reported: 135772972; UID 1000; state: DISABLED
01-30 10:35:58.564   851  1853 D CompatibilityChangeReporter: Compat change id reported: 135754954; UID 1000; state: ENABLED
01-30 10:35:58.564  2766  2766 D J01Launcher_Notification: onNotificationRemoved
01-30 10:35:58.564  9391  9440 D ANWStack: [    235104][ANWBT] HCI Rx: LE Meta Event, HCI_evLEADVERTISINGREPORT, subevent_code=0x2 Num_Reports=1
01-30 10:35:58.564  9391  9440 D ANWStack: 
01-30 10:35:58.565  9391  9440 D ANWAPI  : (9391|0x85AB6CB0)[BTAPI] AnwhciEventCallback 62 2
01-30 10:35:58.565  9391  9440 D ANWAPI  : (9391|0x85AB6CB0)[BTAPI] btsdk_le_DiscoveryCallback eventtype[0]
01-30 10:35:58.565  9391  9440 D ANWAPI  : (9391|0x85AB6CB0)[BTAPI] anwbt_ble_le_discoveryHandler
01-30 10:35:58.565  9391  9440 D ANWAPI  : 
01-30 10:35:58.565  9391  9440 D ANWAPI  : (9391|0x85AB6CB0)[BTAPI] anwbt_ble_le_discoveryHandler newDevice=0xb400fa3d7dab311a,status=0,idx=255,scanLen=0,len=17,RSSI[-73]
01-30 10:35:58.565  9391  9440 D ANWAPI  : (9391|0x85AB6CB0)[BTAPI] AnWBT_BLE_GetFirstRandomAddr start,btaddr=[0x38:0xe4:0x13:0x5c:0x1d:0x70],addrType=1
01-30 10:35:58.565  9391  9440 D ANWAPI  : (9391|0x85AB6CB0)[BTAPI] AnWBT_BLE_GetFirstRandomAddr end,btaddr=[0x38:0xe4:0x13:0x5c:0x1d:0x70]
01-30 10:35:58.565  9391  9440 D ANWAPI  : (9391|0x85AB6CB0)[BTAPI] send_BLE_discoveryHandler_Message event type: 0x0
01-30 10:35:58.565  9391  9440 D ANWAPI  : 
01-30 10:35:58.565  9391  9440 D ANWAPI  : (9391|0x85AB6CB0)[BTAPI] Random address, treat device as LE only
01-30 10:35:58.565  9391  9440 D ANWAPI  : 
01-30 10:35:58.565  9391  9440 D ANW bt_btif: send_BLE_discoveryHandler_Message cod is 0xfa0000
01-30 10:35:58.565  9391  9440 D ANW bt_btif: btif_storage_add_remote_device, AnW
01-30 10:35:58.565  9391  9440 D ANW bt_btif: in, bd addr:70:1d:5c:13:e4:38, prop type:255, len:6
01-30 10:35:58.565  9391  9440 D ANW bt_btif: btif_in_fetch_bonded_device, AnW
01-30 10:35:58.565  9391  9440 D ANW bt_btif: btif_in_fetch_bonded_ble_device, return
01-30 10:35:58.565  9391  9440 D ANW bt_btif: Remote device:70:1d:5c:13:e4:38, no link key or ble key found
01-30 10:35:58.565  9391  9440 D ANW bt_btif: in, bd addr:70:1d:5c:13:e4:38, prop type:4, len:4
01-30 10:35:58.565  9391  9440 D ANW bt_btif: btif_in_fetch_bonded_device, AnW
01-30 10:35:58.565  9391  9440 D ANW bt_btif: btif_in_fetch_bonded_ble_device, return
01-30 10:35:58.565  9391  9440 D ANW bt_btif: Remote device:70:1d:5c:13:e4:38, no link key or ble key found
01-30 10:35:58.565  9391  9440 D ANW bt_btif: in, bd addr:70:1d:5c:13:e4:38, prop type:5, len:4
01-30 10:35:58.565  9391  9440 D ANW bt_btif: btif_in_fetch_bonded_device, AnW
01-30 10:35:58.565  9391  9440 D ANW bt_btif: btif_in_fetch_bonded_ble_device Found a LE device: 70:1d:5c:13:e4:38
01-30 10:35:58.565  9391  9440 D ANW bt_btif: btif_storage_get_remote_addr_type, AnW
01-30 10:35:58.565  9391  9440 D ANW bt_btif: btif_storage_set_remote_addr_type, AnW
01-30 10:35:58.565  9391  9440 D ANW bt_btif: btif_in_fetch_bonded_ble_device, AnW key_not_found
01-30 10:35:58.565  9391  9440 D ANW bt_btif: Remote device:70:1d:5c:13:e4:38, no link key or ble key found
01-30 10:35:58.565  9391  9440 D ANW bt_btif: in, bd addr:70:1d:5c:13:e4:38, prop type:11, len:1
01-30 10:35:58.565  9391  9440 D ANW bt_btif: btif_in_fetch_bonded_device, AnW
01-30 10:35:58.565  9391  9440 D ANW bt_btif: btif_in_fetch_bonded_ble_device Found a LE device: 70:1d:5c:13:e4:38
01-30 10:35:58.565  9391  9440 D ANW bt_btif: btif_storage_get_remote_addr_type, AnW
01-30 10:35:58.565  9391  9440 D ANW bt_btif: btif_in_fetch_bonded_ble_device, AnW key_not_found
01-30 10:35:58.565  9391  9440 D ANW bt_btif: Remote device:70:1d:5c:13:e4:38, no link key or ble key found
01-30 10:35:58.565  9391  9440 D ANW bt_btif: btif_storage_set_remote_addr_type, AnW
01-30 10:35:58.565  9391  9440 I ANW bt_btif: onScanResult, address_type=1, primary_phy= 0, secondary_phy=0, ad size= 17
01-30 10:35:58.565  9391  9440 I ANW bt_btif: onScanResult: HAL bt_gatt_callbacks->scanner->scan_result_cb
01-30 10:35:58.566  9391  9440 D ANWStack: [    235105][ANWBT] HCI Rx: LE Meta Event, HCI_evLEADVERTISINGREPORT, subevent_code=0x2 Num_Reports=1
01-30 10:35:58.566  9391  9440 D ANWStack: 
01-30 10:35:58.566  9391  9440 D ANWAPI  : (9391|0x85AB6CB0)[BTAPI] AnwhciEventCallback 62 2
01-30 10:35:58.566  9391  9440 D ANWAPI  : (9391|0x85AB6CB0)[BTAPI] btsdk_le_DiscoveryCallback eventtype[4]
01-30 10:35:58.566  9391  9440 D ANWAPI  : (9391|0x85AB6CB0)[BTAPI] anwbt_ble_le_discoveryHandler
01-30 10:35:58.566  9391  9440 D ANWAPI  : 
01-30 10:35:58.566  9391  9440 D ANWAPI  : (9391|0x85AB6CB0)[BTAPI] anwbt_ble_le_discoveryHandler newDevice=0xb400fa3d7dab349a,status=0,idx=255,scanLen=0,len=0,RSSI[-72]
01-30 10:35:58.566  9391  9440 D ANWAPI  : (9391|0x85AB6CB0)[BTAPI] AnWBT_BLE_GetFirstRandomAddr start,btaddr=[0x38:0xe4:0x13:0x5c:0x1d:0x70],addrType=1
01-30 10:35:58.566  9391  9440 D ANWAPI  : (9391|0x85AB6CB0)[BTAPI] AnWBT_BLE_GetFirstRandomAddr end,btaddr=[0x38:0xe4:0x13:0x5c:0x1d:0x70]
01-30 10:35:58.566  9391  9440 D ANWAPI  : (9391|0x85AB6CB0)[BTAPI] send_BLE_discoveryHandler_Message event type: 0x4
01-30 10:35:58.566  9391  9440 D ANWAPI  : 
01-30 10:35:58.566  9391  9440 D ANW bt_btif: send_BLE_discoveryHandler_Message cod is 0x000000
01-30 10:35:58.566  9391  9440 D ANW bt_btif: btif_storage_add_remote_device, AnW
01-30 10:35:58.566  9391  9440 D ANW bt_btif: in, bd addr:70:1d:5c:13:e4:38, prop type:255, len:6
01-30 10:35:58.566  9391  9440 D ANW bt_btif: btif_in_fetch_bonded_device, AnW
01-30 10:35:58.566  9391  9440 D ANW bt_btif: btif_in_fetch_bonded_ble_device Found a LE device: 70:1d:5c:13:e4:38
01-30 10:35:58.566  9391  9440 D ANW bt_btif: btif_storage_get_remote_addr_type, AnW
01-30 10:35:58.566  9391  9440 D ANW bt_btif: btif_in_fetch_bonded_ble_device, AnW key_not_found
01-30 10:35:58.566  9391  9440 D ANW bt_btif: Remote device:70:1d:5c:13:e4:38, no link key or ble key found
01-30 10:35:58.566  9391  9440 D ANW bt_btif: in, bd addr:70:1d:5c:13:e4:38, prop type:5, len:4
01-30 10:35:58.566  9391  9440 D ANW bt_btif: btif_in_fetch_bonded_device, AnW
01-30 10:35:58.566  9391  9440 D ANW bt_btif: btif_in_fetch_bonded_ble_device Found a LE device: 70:1d:5c:13:e4:38
01-30 10:35:58.566  9391  9440 D ANW bt_btif: btif_storage_get_remote_addr_type, AnW
01-30 10:35:58.566  9391  9440 D ANW bt_btif: btif_in_fetch_bonded_ble_device, AnW key_not_found
01-30 10:35:58.566  9391  9440 D ANW bt_btif: Remote device:70:1d:5c:13:e4:38, no link key or ble key found
01-30 10:35:58.566  9391  9440 D ANW bt_btif: in, bd addr:70:1d:5c:13:e4:38, prop type:11, len:1
01-30 10:35:58.566  9391  9440 D ANW bt_btif: btif_in_fetch_bonded_device, AnW
01-30 10:35:58.566  9391  9440 D ANW bt_btif: btif_in_fetch_bonded_ble_device Found a LE device: 70:1d:5c:13:e4:38
01-30 10:35:58.566  9391  9440 D ANW bt_btif: btif_storage_get_remote_addr_type, AnW
01-30 10:35:58.566  9391  9440 D ANW bt_btif: btif_in_fetch_bonded_ble_device, AnW key_not_found
01-30 10:35:58.566  9391  9440 D ANW bt_btif: Remote device:70:1d:5c:13:e4:38, no link key or ble key found
01-30 10:35:58.566  9391  9440 D ANW bt_btif: btif_storage_set_remote_addr_type, AnW
01-30 10:35:58.566  9391  9440 I ANW bt_btif: onScanResult, address_type=1, primary_phy= 0, secondary_phy=0, ad size= 0
01-30 10:35:58.566  9391  9440 I ANW bt_btif: onScanResult: HAL bt_gatt_callbacks->scanner->scan_result_cb
01-30 10:35:58.567  9391  9440 D ANWStack: [    235107][ANWBT] HCI Rx: LE Meta Event, HCI_evLEADVERTISINGREPORT, subevent_code=0x2 Num_Reports=1
01-30 10:35:58.567  9391  9440 D ANWStack: 
01-30 10:35:58.567  9391  9440 D ANWAPI  : (9391|0x85AB6CB0)[BTAPI] AnwhciEventCallback 62 2
01-30 10:35:58.568  9391  9440 D ANWAPI  : (9391|0x85AB6CB0)[BTAPI] btsdk_le_DiscoveryCallback eventtype[3]
01-30 10:35:58.568  9391  9440 D ANWAPI  : (9391|0x85AB6CB0)[BTAPI] anwbt_ble_le_discoveryHandler
01-30 10:35:58.568  9391  9440 D ANWAPI  : 
01-30 10:35:58.568  9391  9440 D ANWAPI  : (9391|0x85AB6CB0)[BTAPI] anwbt_ble_le_discoveryHandler newDevice=0xb400fa3d7dab349a,status=0,idx=255,scanLen=0,len=31,RSSI[-72]
01-30 10:35:58.568  9391  9440 D ANWAPI  : (9391|0x85AB6CB0)[BTAPI] AnWBT_BLE_GetFirstRandomAddr start,btaddr=[0x6f:0x45:0x86:0x39:0xf:0x52],addrType=1
01-30 10:35:58.568  9391  9440 D ANWAPI  : (9391|0x85AB6CB0)[BTAPI] AnWBT_BLE_GetFirstRandomAddr end,btaddr=[0x6f:0x45:0x86:0x39:0xf:0x52]
01-30 10:35:58.568  9391  9440 D ANWAPI  : (9391|0x85AB6CB0)[BTAPI] send_BLE_discoveryHandler_Message event type: 0x3
01-30 10:35:58.568  9391  9440 D ANWAPI  : 
01-30 10:35:58.568  9391  9440 D ANW bt_btif: send_BLE_discoveryHandler_Message cod is 0x000000
01-30 10:35:58.568  9391  9440 D ANW bt_btif: btif_storage_add_remote_device, AnW
01-30 10:35:58.568  9391  9440 D ANW bt_btif: in, bd addr:52:0f:39:86:45:6f, prop type:255, len:6
01-30 10:35:58.568  9391  9440 D ANW bt_btif: btif_in_fetch_bonded_device, AnW
01-30 10:35:58.568  9391  9440 D ANW bt_btif: btif_in_fetch_bonded_ble_device Found a LE device: 52:0f:39:86:45:6f
01-30 10:35:58.568  9391  9440 D ANW bt_btif: btif_storage_get_remote_addr_type, AnW
01-30 10:35:58.568  9391  9440 D ANW bt_btif: btif_in_fetch_bonded_ble_device, AnW key_not_found
01-30 10:35:58.568  9391  9440 D ANW bt_btif: Remote device:52:0f:39:86:45:6f, no link key or ble key found
01-30 10:35:58.568  9391  9440 D ANW bt_btif: in, bd addr:52:0f:39:86:45:6f, prop type:5, len:4
01-30 10:35:58.568  9391  9440 D ANW bt_btif: btif_in_fetch_bonded_device, AnW
01-30 10:35:58.568  9391  9440 D ANW bt_btif: btif_in_fetch_bonded_ble_device Found a LE device: 52:0f:39:86:45:6f
01-30 10:35:58.568  9391  9440 D ANW bt_btif: btif_storage_get_remote_addr_type, AnW
01-30 10:35:58.568  9391  9440 D ANW bt_btif: btif_in_fetch_bonded_ble_device, AnW key_not_found
01-30 10:35:58.568  9391  9440 D ANW bt_btif: Remote device:52:0f:39:86:45:6f, no link key or ble key found
01-30 10:35:58.568  9391  9440 D ANW bt_btif: in, bd addr:52:0f:39:86:45:6f, prop type:11, len:1
01-30 10:35:58.568  9391  9440 D ANW bt_btif: btif_in_fetch_bonded_device, AnW
01-30 10:35:58.568  9391  9440 D ANW bt_btif: btif_in_fetch_bonded_ble_device Found a LE device: 52:0f:39:86:45:6f
01-30 10:35:58.568  9391  9440 D ANW bt_btif: btif_storage_get_remote_addr_type, AnW
01-30 10:35:58.568  9391  9440 D ANW bt_btif: btif_in_fetch_bonded_ble_device, AnW key_not_found
01-30 10:35:58.568  9391  9440 D ANW bt_btif: Remote device:52:0f:39:86:45:6f, no link key or ble key found
01-30 10:35:58.568  9391  9440 D ANW bt_btif: btif_storage_set_remote_addr_type, AnW
01-30 10:35:58.568  9391  9440 I ANW bt_btif: onScanResult, address_type=1, primary_phy= 0, secondary_phy=0, ad size= 31
01-30 10:35:58.568  9391  9440 I ANW bt_btif: onScanResult: HAL bt_gatt_callbacks->scanner->scan_result_cb
01-30 10:35:58.570   851  1149 D JobScheduler.Quota: Processing event 31 for <0>com.adayo.carplay
01-30 10:35:58.573   652  2032 I audio_hw_streamer: 569 capture_thread_loop: select [ch 8 -> ch 4] [15360 -> 7680] bytes data 
01-30 10:35:58.579   582 12925 D resolv  : retrying_poll: 46 retrying_poll returning 1
01-30 10:35:58.579   582 12925 I resolv  : res_nsend: used send_dg 130 terrno: 0
01-30 10:35:58.579   582 12926 D resolv  : retrying_poll: 47 retrying_poll returning 1
01-30 10:35:58.579   582 12925 D resolv  : res_stats_set_sample: rcode = 0, sec = 300
01-30 10:35:58.579   582 12926 I resolv  : res_nsend: used send_dg 118 terrno: 0
01-30 10:35:58.579   582 12925 D resolv  : res_cache_add_stats_sample_locked: adding sample to stats, next = 24, count = 64
01-30 10:35:58.579   582 12926 D resolv  : res_stats_set_sample: rcode = 0, sec = 297
01-30 10:35:58.579   582 12925 D resolv  : res_nsend: got answer:
01-30 10:35:58.579   582 12926 D resolv  : res_cache_add_stats_sample_locked: adding sample to stats, next = 25, count = 64
01-30 10:35:58.579   582 12926 D resolv  : res_nsend: got answer:
01-30 10:35:58.579   582 12926 D resolv  : answer_getTTL: TTL = 0
01-30 10:35:58.579   582 12926 D resolv  : cache_dump_mru_locked: MRU LIST ( 0): 
01-30 10:35:58.579   582 12926 I resolv  : doQuery: rcode=0, ancount=2, return value=118
01-30 10:35:58.579   582 12925 D resolv  : answer_getTTL: TTL = 0
01-30 10:35:58.579   582 12925 D resolv  : cache_dump_mru_locked: MRU LIST ( 0): 
01-30 10:35:58.579   582 12925 I resolv  : doQuery: rcode=0, ancount=2, return value=130
01-30 10:35:58.581   568   568 D Zygote  : Forked child process 12941
01-30 10:35:58.582  1464  2814 D NetworkMonitor/106/wlan0: isDataStall: result=0, consecutive dns timeout count=0
01-30 10:35:58.582   851  1061 I am_proc_start: [0,12941,1000,com.adayo.carplay,restart,com.adayo.carplay]
01-30 10:35:58.583   851  1061 I ActivityManager: Start proc 12941:com.adayo.carplay/1000 for restart com.adayo.carplay
01-30 10:35:58.588  2310  2310 D SettingRepositoryBD: onStatusChange offlineData-id: 1 name: 北京 cityid 1 cityName=北京市 st: 1 size: 540046760 dsize: 201437456 usize: 0 udsize: 0 prog: 37.3 err:0 errMsg: OK
01-30 10:35:58.593   652  2032 I audio_hw_streamer: 569 capture_thread_loop: select [ch 8 -> ch 4] [15360 -> 7680] bytes data 
01-30 10:35:58.604   644   707 I mcuc    : sd Uart data : 6AA602084C0002920214
01-30 10:35:58.609  1279  1324 D CAR.DIAGNOSTIC: Entry - Type: 0x01, ServiceId: 0x4004, InstanceId: 0x0001, MajorVersion: 0x01FFFFFF, TTL: 0
01-30 10:35:58.609  1279  1326 D CAR.DIAGNOSTIC: Entry - Type: 0x01, ServiceId: 0x4004, InstanceId: 0x0001, MajorVersion: 0x01FFFFFF, TTL: 0
01-30 10:35:58.609  1279  1329 D CAR.DIAGNOSTIC: Entry - Type: 0x01, ServiceId: 0x4004, InstanceId: 0x0001, MajorVersion: 0x01FFFFFF, TTL: 0
01-30 10:35:58.609  1279  1324 D CAR.DIAGNOSTIC: Entry - Type: 0x01, ServiceId: 0x4001, InstanceId: 0x0001, MajorVersion: 0x01FFFFFF, TTL: 0
01-30 10:35:58.609  1279  1326 D CAR.DIAGNOSTIC: Entry - Type: 0x01, ServiceId: 0x4001, InstanceId: 0x0001, MajorVersion: 0x01FFFFFF, TTL: 0
01-30 10:35:58.609  1279  1329 D CAR.DIAGNOSTIC: Entry - Type: 0x01, ServiceId: 0x4001, InstanceId: 0x0001, MajorVersion: 0x01FFFFFF, TTL: 0
01-30 10:35:58.609   644   707 I mcuc    : rev uart=2225,len=13, data : 6AA681084C00059202000C0086
01-30 10:35:58.609   644   707 I mcuc    : sd Uart data : 6AA602084D0002920213
01-30 10:35:58.609   396   396 D adayocomadapter-ParseProtocolFunc: printRaWMsg Name[MCUToUPstream recv] len[5] data[9202000C00]
01-30 10:35:58.609   396   396 D adayocomadapter-CommunicationManager: onUpstreamback   member[0] dataLength[2] timePoint[235149]
01-30 10:35:58.609   396   396 D adayocomadapter-ParseProtocolFunc: printRaWMsg Name[onUpstreamback] len[2] data[0C00]
01-30 10:35:58.609   396   452 D adayocomadapter-UpstreamHandler: processBeforePacket upSreamtProcessTimePoint[235149] 
01-30 10:35:58.609   396   452 D adayocomadapter-UpstreamHandler: processPacket UPSTREAM_QUEUE_DATA_TIMEOUT
01-30 10:35:58.609   396   452 D adayocomadapter-ParseProtocolFunc: parseCommonIPCLBytes Processing tableNumber[12]
01-30 10:35:58.610   396   452 D adayocomadapter-ParseProtocolFunc: parseCommonIPCLBytes Processing tablename[Table-12] tableSize[2]
01-30 10:35:58.610   396   452 D adayocomadapter-ParseProtocolFunc: printRaWMsg Name[byteStream recv] len[2] data[0C00]
01-30 10:35:58.610   396   452 D adayocomadapter-ParseProtocolFunc: printRaWMsg Name[IPCLtoVHAL] len[6] data[214021660000]
01-30 10:35:58.610   396   452 D adayocomadapter-CommunicationManager: onUpstreamReceive mPropertyId 0x21402166
01-30 10:35:58.610   396   452 D adayocomadapter-CommunicationManager: convertBytesToInt32Memcpy  0
01-30 10:35:58.610   396   452 I vw-vhal : notifyVehicleProperty, propId = 0x21402166, data = {status: 2, int32Values: [0]}
01-30 10:35:58.610   396   452 I vw-vhal : CanSignalsAdapter::notifyVehicleProperty: solvedValue = {.timestamp = 235149317359, .areaId = 0, .prop = 557850982, .status = AVAILABLE, .value = {.int32Values = [1]{0}, .floatValues = [0]{}, .int64Values = [0]{}, .bytes = [0]{}, .stringValue = ""}}
01-30 10:35:58.610   396   452 I VehiclePropertyStore: begin to write value to Store: {.timestamp = 235149317359, .areaId = 0, .prop = 557850982, .status = AVAILABLE, .value = {.int32Values = [1]{0}, .floatValues = [0]{}, .int64Values = [0]{}, .bytes = [0]{}, .stringValue = ""}}
01-30 10:35:58.610   396   452 I DefaultVehicleHal_v2_0: DefaultVehicleHal::onPropertyValue, value:{.timestamp = 235149317359, .areaId = 0, .prop = 557850982, .status = AVAILABLE, .value = {.int32Values = [1]{0}, .floatValues = [0]{}, .int64Values = [0]{}, .bytes = [0]{}, .stringValue = ""}}
01-30 10:35:58.610   396   452 I VehiclePropertyStore: begin to write value to Store: {.timestamp = 235149317359, .areaId = 0, .prop = 557850982, .status = AVAILABLE, .value = {.int32Values = [1]{0}, .floatValues = [0]{}, .int64Values = [0]{}, .bytes = [0]{}, .stringValue = ""}}
01-30 10:35:58.610   396   452 D adayocomadapter-CommunicationManager: onUpstreamReceive mPropertyId 0x21402166
01-30 10:35:58.613   652  2032 I audio_hw_streamer: 569 capture_thread_loop: select [ch 8 -> ch 4] [15360 -> 7680] bytes data 
01-30 10:35:58.615   644   707 I mcuc    : rev uart=2226,len=16, data : 6AA681084D00089202000E7E7E000084
01-30 10:35:58.615   396   396 D adayocomadapter-ParseProtocolFunc: printRaWMsg Name[MCUToUPstream recv] len[8] data[9202000E7E7E0000]
01-30 10:35:58.615   396   396 D adayocomadapter-CommunicationManager: onUpstreamback   member[0] dataLength[5] timePoint[235154]
01-30 10:35:58.615   396   396 D adayocomadapter-ParseProtocolFunc: printRaWMsg Name[onUpstreamback] len[5] data[0E7E7E0000]
01-30 10:35:58.615   396   452 D adayocomadapter-UpstreamHandler: processBeforePacket upSreamtProcessTimePoint[235154] 
01-30 10:35:58.615   396   452 D adayocomadapter-UpstreamHandler: processPacket UPSTREAM_QUEUE_DATA_TIMEOUT
01-30 10:35:58.615   396   452 D adayocomadapter-ParseProtocolFunc: parseCommonIPCLBytes Processing tableNumber[14]
01-30 10:35:58.615   396   452 D adayocomadapter-ParseProtocolFunc: parseCommonIPCLBytes Processing tablename[Table-14] tableSize[5]
01-30 10:35:58.615   396   452 D adayocomadapter-ParseProtocolFunc: printRaWMsg Name[byteStream recv] len[5] data[0E7E7E0000]
