--------- beginning of main
01-30 10:35:52.820   584  1266 E WifiHAL : Invalid data received from driver
01-30 10:35:52.833   652  2032 I audio_hw_streamer: 569 capture_thread_loop: select [ch 8 -> ch 4] [15360 -> 7680] bytes data 
01-30 10:35:52.838   584  1266 E WifiHAL : Invalid data received from driver
01-30 10:35:52.838   584  1266 E WifiHAL : Invalid data received from driver
01-30 10:35:52.838   584  1266 E WifiHAL : Invalid data received from driver
01-30 10:35:52.838   584  1266 E WifiHAL : Invalid data received from driver
01-30 10:35:52.838   584  1266 E WifiHAL : Invalid data received from driver
01-30 10:35:52.839   584  1266 E WifiHAL : Invalid data received from driver
01-30 10:35:52.839   584  1266 E WifiHAL : Invalid data received from driver
01-30 10:35:52.845   584  1266 E WifiHAL : Invalid data received from driver
01-30 10:35:52.853   652  2032 I audio_hw_streamer: 569 capture_thread_loop: select [ch 8 -> ch 4] [15360 -> 7680] bytes data 
01-30 10:35:52.873   652  2032 I audio_hw_streamer: 569 capture_thread_loop: select [ch 8 -> ch 4] [15360 -> 7680] bytes data 
01-30 10:35:52.889   584  1266 E WifiHAL : Invalid data received from driver
01-30 10:35:52.891  1513  2257 D TboxNetworkManager: tboxNetworkbinder=null
01-30 10:35:52.893   652  2032 I audio_hw_streamer: 569 capture_thread_loop: select [ch 8 -> ch 4] [15360 -> 7680] bytes data 
01-30 10:35:52.910  1561  1732 I ADAYO_LOG_: execute(CmdFunc.java:99)logcat execute command finally : [logcat -b all -c]
01-30 10:35:52.910  1561  1732 I ADAYO_LOG_: execute(CmdFunc.java:117)logcatexecute command end, errorMsg: , and status: 0: 
01-30 10:35:52.913   652  2032 I audio_hw_streamer: 569 capture_thread_loop: select [ch 8 -> ch 4] [15360 -> 7680] bytes data 
01-30 10:35:52.917  1561  1732 I ADAYO_LOG_: startZip(LogcatFunc.java:385)logcat file is zip packing, zipFilePath: /la_log/vendor/fawvw/log/android/logcat/logcat_0001_0002_2026_01_30_10_34_22_76_2026_01_30_10_35_52_78.gz
01-30 10:35:52.917  1561  1732 I ADAYO_LOG_: startZip(LogcatFunc.java:388)isOpenEncrypt: false
01-30 10:35:52.918   584   592 E WifiHAL : wifi_get_link_stats: requestResponse Error:-3
01-30 10:35:52.919   851  1202 E WifiStaIfaceAidlImpl: getLinkLayerStats failed with service-specific exception: android.os.ServiceSpecificException:  (code 4)
01-30 10:35:52.921   584  1266 E WifiHAL : Invalid data received from driver
01-30 10:35:52.922   584  1266 E WifiHAL : Invalid data received from driver
01-30 10:35:52.923   584  1266 E WifiHAL : Invalid data received from driver
01-30 10:35:52.923   584  1266 E WifiHAL : Invalid data received from driver
01-30 10:35:52.923   584  1266 E WifiHAL : Invalid data received from driver
01-30 10:35:52.923   851  1202 D WifiClientModeImpl[14046:wlan0]: updateLinkLayerStatsRssiSpeedFrequencyCapabilities rssi=-38 TxLinkspeed=1 freq=2412 RxLinkSpeed=12
01-30 10:35:52.924   851  1202 D WifiDataStall: tx tput in kbps: 49000
01-30 10:35:52.924   851  1202 D WifiDataStall: rx tput in kbps: 49000
01-30 10:35:52.925   851  1202 D WifiThroughputPredictor:  utilization (BssLoad) -1 utilization (LLStats) 80 isBluetoothConnected: false final utilization: 80
01-30 10:35:52.925   851  1202 D WifiThroughputPredictor:  airTime20: 175 airTime: 175
01-30 10:35:52.925   851  1202 D WifiThroughputPredictor:  BW: 0 RSSI: -38 Nss: 1 Mode: 4 symDur: 3600 snrDb 42 bitPerTone: 5000 rate: 72 throughput: 49
01-30 10:35:52.925   851  1202 D WifiThroughputPredictor:  utilization (BssLoad) -1 utilization (LLStats) 80 isBluetoothConnected: false final utilization: 80
01-30 10:35:52.925   851  1202 D WifiThroughputPredictor:  airTime20: 175 airTime: 175
01-30 10:35:52.925   851  1202 D WifiThroughputPredictor:  BW: 0 RSSI: -38 Nss: 1 Mode: 4 symDur: 3600 snrDb 42 bitPerTone: 5000 rate: 72 throughput: 49
01-30 10:35:52.926   851  1202 D WifiScoreCard: BSSID update SIGNAL_POLL ID: 2130010193 SSID: "542ikun", BSSID: 2a:0c:50:4b:6e:dc, MAC: 88:e0:34:b2:92:0f, IP: /192.168.137.240, Security type: 2, Supplicant state: COMPLETED, Wi-Fi standard: 4, RSSI: -38, Link speed: 1Mbps, Tx Link speed: 1Mbps, Max Supported Tx Link speed: 72Mbps, Rx Link speed: 12Mbps, Max Supported Rx Link speed: 72Mbps, Frequency: 2412MHz, Net ID: 0, Metered hint: false, score: 60, isUsable: true, CarrierMerged: false, SubscriptionId: -1, IsPrimary: 1, Trusted: true, Restricted: false, Ephemeral: false, OEM paid: false, OEM private: false, OSU AP: false, FQDN: <none>, Provider friendly name: <none>, Requesting package name: <none>"542ikun"wpa2-pskMLO Information: , Is TID-To-Link negotiation supported by the AP: false, AP MLD Address: <none>, AP MLO Link Id: <none>, AP MLO Affiliated links: <none>
01-30 10:35:52.926   851  1202 D WifiScoreCard: txRate: 12 txSpeed: 1
01-30 10:35:52.926   851  1202 D WifiScoreCard: network update SIGNAL_POLL "542ikun" ID: 1821906961 RSSI -38 txSpeed 1
01-30 10:35:52.926   851  1202 D WifiClientModeImpl[14046:wlan0]:  ClientModeImpl$L2ConnectedState screen=on 1 0 "542ikun" 2a:0c:50:4b:6e:dc rssi=-38 f=2412 sc=60 link=1 tx=11.3, 0.0, 0.0 rx=9.0 bcn=0 [on:0 tx:0 rx:0 period:3009] from screen [on:0 period:214026974] score=60
01-30 10:35:52.933   652  2032 I audio_hw_streamer: 569 capture_thread_loop: select [ch 8 -> ch 4] [15360 -> 7680] bytes data 
01-30 10:35:52.949   584  1266 E WifiHAL : Invalid data received from driver
01-30 10:35:52.949   584  1266 E WifiHAL : Invalid data received from driver
01-30 10:35:52.949   584  1266 E WifiHAL : Invalid data received from driver
01-30 10:35:52.949   584  1266 E WifiHAL : Invalid data received from driver
01-30 10:35:52.950   584  1266 E WifiHAL : Invalid data received from driver
01-30 10:35:52.950   584  1266 E WifiHAL : Invalid data received from driver
01-30 10:35:52.950   584  1266 E WifiHAL : Invalid data received from driver
01-30 10:35:52.950   584  1266 E WifiHAL : Invalid data received from driver
01-30 10:35:52.950   584  1266 E WifiHAL : Invalid data received from driver
01-30 10:35:52.953  1464  1872 D NetworkMonitor/103/vlan_07: Forcing reevaluation for UID 0. Dns signal count: 0
01-30 10:35:52.953   652  2032 I audio_hw_streamer: 569 capture_thread_loop: select [ch 8 -> ch 4] [15360 -> 7680] bytes data 
01-30 10:35:52.954  1464 12420 D TrafficStats: tagSocket(54) with statsTag=0xffffff81, statsUid=-1
01-30 10:35:52.956  1464 12420 D TrafficStats: tagSocket(54) with statsTag=0xffffff81, statsUid=-1
01-30 10:35:52.956  1513  2260 D TboxNetworkManager: tboxNetworkbinder=null
01-30 10:35:52.960  1279  1340 W libc    : Access denied finding property "service.bootanim.exit"
--------- beginning of system
01-30 10:35:52.960  1279  1340 I CarPopupManagementService: VIN popup delayed, waiting for boot animation exit.
01-30 10:35:52.960   582 12421 I resolv  : ResNSendHandler::run: 0 / {103 983143 103 983143 1073 1}
01-30 10:35:52.960   582 12421 D resolv  : resolv_populate_res_for_net: netid=103
01-30 10:35:52.960   582 12421 D resolv  : res_nsend
01-30 10:35:52.960   582 12421 D resolv  : resolv_cache_lookup: lookup
01-30 10:35:52.960   582 12421 I resolv  : resolv_cache_lookup: FOUND IN CACHE entry=0xb400ec66dc6966d0
01-30 10:35:52.961  1464  1464 D TrafficStats: tagSocket(54) with statsTag=0xffffffff, statsUid=-1
01-30 10:35:52.962  1464 12420 D NetworkMonitor/103/vlan_07: PROBE_DNS connectivitycheck.gstatic.com 8ms OK 120.253.253.34
01-30 10:35:52.964   582 12422 I resolv  : GetAddrInfoHandler::run: {103 983143 103 983143 1073 1}
01-30 10:35:52.964   582 12422 D resolv  : resolv_getaddrinfo: explore_fqdn(): ai_family=0 ai_socktype=1 ai_protocol=6
01-30 10:35:52.965   582 12423 D resolv  : doQuery: (1, 1)
01-30 10:35:52.965   582 12423 I resolv  : res_nmkquery: (QUERY, IN, A)
01-30 10:35:52.965   582 12423 D resolv  : res_nsend
01-30 10:35:52.965   582 12423 D resolv  : resolv_cache_lookup: lookup
01-30 10:35:52.965   582 12423 I resolv  : resolv_cache_lookup: FOUND IN CACHE entry=0xb400ec66dc6966d0
01-30 10:35:52.966   582 12423 I resolv  : doQuery: rcode=0, ancount=1, return value=63
01-30 10:35:52.967  1464 12420 D TrafficStats: tagSocket(54) with statsTag=0xffffff81, statsUid=-1
01-30 10:35:52.973   652  2032 I audio_hw_streamer: 569 capture_thread_loop: select [ch 8 -> ch 4] [15360 -> 7680] bytes data 
01-30 10:35:52.987   644   707 I mcuc    : sd Uart data : 6AA60208190002920247
01-30 10:35:52.991  1279  1326 D CAR.DIAGNOSTIC: Entry - Type: 0x01, ServiceId: 0x2061, InstanceId: 0x0001, MajorVersion: 0x01FFFFFF, TTL: 0
01-30 10:35:52.991  1279  1324 D CAR.DIAGNOSTIC: Entry - Type: 0x01, ServiceId: 0x2061, InstanceId: 0x0001, MajorVersion: 0x01FFFFFF, TTL: 0
01-30 10:35:52.991  1279  1329 D CAR.DIAGNOSTIC: Entry - Type: 0x01, ServiceId: 0x2061, InstanceId: 0x0001, MajorVersion: 0x01FFFFFF, TTL: 0
01-30 10:35:52.991  1279  1329 W CAR.DIAGNOSTIC: Not enough data for option indices: needed 64, remaining 32
01-30 10:35:52.991  1279  1326 W CAR.DIAGNOSTIC: Not enough data for option indices: needed 64, remaining 32
01-30 10:35:52.992  1279  1324 W CAR.DIAGNOSTIC: Not enough data for option indices: needed 64, remaining 32
01-30 10:35:52.992   644   707 I mcuc    : rev uart=2170,len=17, data : 6AA68108190009920200060000000000BB
01-30 10:35:52.992   644   707 I mcuc    : sd Uart data : 6AA602081A0002920246
01-30 10:35:52.992   396   396 D adayocomadapter-ParseProtocolFunc: printRaWMsg Name[MCUToUPstream recv] len[9] data[920200060000000000]
01-30 10:35:52.992   396   396 D adayocomadapter-CommunicationManager: onUpstreamback   member[0] dataLength[6] timePoint[229531]
01-30 10:35:52.992   396   396 D adayocomadapter-ParseProtocolFunc: printRaWMsg Name[onUpstreamback] len[6] data[060000000000]
01-30 10:35:52.992   396   452 D adayocomadapter-UpstreamHandler: processBeforePacket upSreamtProcessTimePoint[229532] 
01-30 10:35:52.992   396   452 D adayocomadapter-UpstreamHandler: processPacket UPSTREAM_QUEUE_DATA_TIMEOUT
01-30 10:35:52.992   396   452 D adayocomadapter-ParseProtocolFunc: parseCommonIPCLBytes Processing tableNumber[6]
01-30 10:35:52.992   396   452 D adayocomadapter-ParseProtocolFunc: parseCommonIPCLBytes Processing tablename[Table-6] tableSize[6]
01-30 10:35:52.992   396   452 D adayocomadapter-ParseProtocolFunc: printRaWMsg Name[byteStream recv] len[6] data[060000000000]
01-30 10:35:52.993   396   452 D adayocomadapter-ParseProtocolFunc: printRaWMsg Name[IPCLtoVHAL] len[6] data[214020020000]
01-30 10:35:52.993   396   452 D adayocomadapter-ParseProtocolFunc: printRaWMsg Name[IPCLtoVHAL] len[6] data[214020200000]
01-30 10:35:52.993   396   452 D adayocomadapter-ParseProtocolFunc: printRaWMsg Name[IPCLtoVHAL] len[6] data[214020040000]
01-30 10:35:52.993   396   452 D adayocomadapter-ParseProtocolFunc: printRaWMsg Name[IPCLtoVHAL] len[6] data[214020090000]
01-30 10:35:52.993   396   452 D adayocomadapter-ParseProtocolFunc: printRaWMsg Name[IPCLtoVHAL] len[6] data[214020080000]
01-30 10:35:52.993   396   452 D adayocomadapter-CommunicationManager: onUpstreamReceive mPropertyId 0x21402002
01-30 10:35:52.993   396   452 D adayocomadapter-CommunicationManager: convertBytesToInt32Memcpy  0
01-30 10:35:52.993   396   452 I vw-vhal : notifyVehicleProperty, propId = 0x21402002, data = {status: 2, int32Values: [0]}
01-30 10:35:52.993   396   452 I vw-vhal : CanSignalsAdapter::notifyVehicleProperty: solvedValue = {.timestamp = 229532341359, .areaId = 0, .prop = 557850626, .status = AVAILABLE, .value = {.int32Values = [1]{0}, .floatValues = [0]{}, .int64Values = [0]{}, .bytes = [0]{}, .stringValue = ""}}
01-30 10:35:52.993   396   452 I VehiclePropertyStore: begin to write value to Store: {.timestamp = 229532341359, .areaId = 0, .prop = 557850626, .status = AVAILABLE, .value = {.int32Values = [1]{0}, .floatValues = [0]{}, .int64Values = [0]{}, .bytes = [0]{}, .stringValue = ""}}
01-30 10:35:52.993   396   452 I DefaultVehicleHal_v2_0: DefaultVehicleHal::onPropertyValue, value:{.timestamp = 229532341359, .areaId = 0, .prop = 557850626, .status = AVAILABLE, .value = {.int32Values = [1]{0}, .floatValues = [0]{}, .int64Values = [0]{}, .bytes = [0]{}, .stringValue = ""}}
01-30 10:35:52.993   396   452 I VehiclePropertyStore: begin to write value to Store: {.timestamp = 229532341359, .areaId = 0, .prop = 557850626, .status = AVAILABLE, .value = {.int32Values = [1]{0}, .floatValues = [0]{}, .int64Values = [0]{}, .bytes = [0]{}, .stringValue = ""}}
01-30 10:35:52.993   396   452 D adayocomadapter-CommunicationManager: onUpstreamReceive mPropertyId 0x21402002
01-30 10:35:52.993   396   452 D adayocomadapter-CommunicationManager: onUpstreamReceive mPropertyId 0x21402020
01-30 10:35:52.993   396   452 D adayocomadapter-CommunicationManager: convertBytesToInt32Memcpy  0
01-30 10:35:52.993   396   452 I vw-vhal : notifyVehicleProperty, propId = 0x21402020, data = {status: 2, int32Values: [0]}
01-30 10:35:52.993   396   452 I vw-vhal : CanSignalsAdapter::notifyVehicleProperty: solvedValue = {.timestamp = 229532548025, .areaId = 0, .prop = 557850656, .status = AVAILABLE, .value = {.int32Values = [1]{0}, .floatValues = [0]{}, .int64Values = [0]{}, .bytes = [0]{}, .stringValue = ""}}
01-30 10:35:52.993   396   452 I VehiclePropertyStore: begin to write value to Store: {.timestamp = 229532548025, .areaId = 0, .prop = 557850656, .status = AVAILABLE, .value = {.int32Values = [1]{0}, .floatValues = [0]{}, .int64Values = [0]{}, .bytes = [0]{}, .stringValue = ""}}
01-30 10:35:52.993   396   452 I DefaultVehicleHal_v2_0: DefaultVehicleHal::onPropertyValue, value:{.timestamp = 229532548025, .areaId = 0, .prop = 557850656, .status = AVAILABLE, .value = {.int32Values = [1]{0}, .floatValues = [0]{}, .int64Values = [0]{}, .bytes = [0]{}, .stringValue = ""}}
01-30 10:35:52.993   652  2032 I audio_hw_streamer: 569 capture_thread_loop: select [ch 8 -> ch 4] [15360 -> 7680] bytes data 
01-30 10:35:52.993   396   452 I VehiclePropertyStore: begin to write value to Store: {.timestamp = 229532548025, .areaId = 0, .prop = 557850656, .status = AVAILABLE, .value = {.int32Values = [1]{0}, .floatValues = [0]{}, .int64Values = [0]{}, .bytes = [0]{}, .stringValue = ""}}
01-30 10:35:52.993   396   452 D adayocomadapter-CommunicationManager: onUpstreamReceive mPropertyId 0x21402020
01-30 10:35:52.993   396   452 D adayocomadapter-CommunicationManager: onUpstreamReceive mPropertyId 0x21402004
01-30 10:35:52.993   396   452 D adayocomadapter-CommunicationManager: convertBytesToInt32Memcpy  0
01-30 10:35:52.993   396   452 I vw-vhal : notifyVehicleProperty, propId = 0x21402004, data = {status: 2, int32Values: [0]}
01-30 10:35:52.993   396   452 I vw-vhal : CanSignalsAdapter::notifyVehicleProperty: solvedValue = {.timestamp = 229532727692, .areaId = 0, .prop = 557850628, .status = AVAILABLE, .value = {.int32Values = [1]{0}, .floatValues = [0]{}, .int64Values = [0]{}, .bytes = [0]{}, .stringValue = ""}}
01-30 10:35:52.993   396   452 I VehiclePropertyStore: begin to write value to Store: {.timestamp = 229532727692, .areaId = 0, .prop = 557850628, .status = AVAILABLE, .value = {.int32Values = [1]{0}, .floatValues = [0]{}, .int64Values = [0]{}, .bytes = [0]{}, .stringValue = ""}}
01-30 10:35:52.993   396   452 I DefaultVehicleHal_v2_0: DefaultVehicleHal::onPropertyValue, value:{.timestamp = 229532727692, .areaId = 0, .prop = 557850628, .status = AVAILABLE, .value = {.int32Values = [1]{0}, .floatValues = [0]{}, .int64Values = [0]{}, .bytes = [0]{}, .stringValue = ""}}
01-30 10:35:52.993   396   452 I VehiclePropertyStore: begin to write value to Store: {.timestamp = 229532727692, .areaId = 0, .prop = 557850628, .status = AVAILABLE, .value = {.int32Values = [1]{0}, .floatValues = [0]{}, .int64Values = [0]{}, .bytes = [0]{}, .stringValue = ""}}
01-30 10:35:52.993   396   452 D adayocomadapter-CommunicationManager: onUpstreamReceive mPropertyId 0x21402004
01-30 10:35:52.993   396   452 D adayocomadapter-CommunicationManager: onUpstreamReceive mPropertyId 0x21402009
01-30 10:35:52.993   396   452 D adayocomadapter-CommunicationManager: convertBytesToInt32Memcpy  0
01-30 10:35:52.993   396   452 I vw-vhal : notifyVehicleProperty, propId = 0x21402009, data = {status: 2, int32Values: [0]}
01-30 10:35:52.993   396   452 I vw-vhal : CanSignalsAdapter::notifyVehicleProperty: solvedValue = {.timestamp = 229532919692, .areaId = 0, .prop = 557850633, .status = AVAILABLE, .value = {.int32Values = [1]{0}, .floatValues = [0]{}, .int64Values = [0]{}, .bytes = [0]{}, .stringValue = ""}}
01-30 10:35:52.993   396   452 I VehiclePropertyStore: begin to write value to Store: {.timestamp = 229532919692, .areaId = 0, .prop = 557850633, .status = AVAILABLE, .value = {.int32Values = [1]{0}, .floatValues = [0]{}, .int64Values = [0]{}, .bytes = [0]{}, .stringValue = ""}}
01-30 10:35:52.993   396   452 I DefaultVehicleHal_v2_0: DefaultVehicleHal::onPropertyValue, value:{.timestamp = 229532919692, .areaId = 0, .prop = 557850633, .status = AVAILABLE, .value = {.int32Values = [1]{0}, .floatValues = [0]{}, .int64Values = [0]{}, .bytes = [0]{}, .stringValue = ""}}
01-30 10:35:52.993   396   452 I VehiclePropertyStore: begin to write value to Store: {.timestamp = 229532919692, .areaId = 0, .prop = 557850633, .status = AVAILABLE, .value = {.int32Values = [1]{0}, .floatValues = [0]{}, .int64Values = [0]{}, .bytes = [0]{}, .stringValue = ""}}
01-30 10:35:52.993   396   452 D adayocomadapter-CommunicationManager: onUpstreamReceive mPropertyId 0x21402009
01-30 10:35:52.993   396   452 D adayocomadapter-CommunicationManager: onUpstreamReceive mPropertyId 0x21402008
01-30 10:35:52.993   396   452 D adayocomadapter-CommunicationManager: convertBytesToInt32Memcpy  0
01-30 10:35:52.993   396   452 I vw-vhal : notifyVehicleProperty, propId = 0x21402008, data = {status: 2, int32Values: [0]}
01-30 10:35:52.994   396   452 I vw-vhal : CanSignalsAdapter::notifyVehicleProperty: solvedValue = {.timestamp = 229533140359, .areaId = 0, .prop = 557850632, .status = AVAILABLE, .value = {.int32Values = [1]{0}, .floatValues = [0]{}, .int64Values = [0]{}, .bytes = [0]{}, .stringValue = ""}}
01-30 10:35:52.994   396   452 I VehiclePropertyStore: begin to write value to Store: {.timestamp = 229533140359, .areaId = 0, .prop = 557850632, .status = AVAILABLE, .value = {.int32Values = [1]{0}, .floatValues = [0]{}, .int64Values = [0]{}, .bytes = [0]{}, .stringValue = ""}}
01-30 10:35:52.994   396   452 I DefaultVehicleHal_v2_0: DefaultVehicleHal::onPropertyValue, value:{.timestamp = 229533140359, .areaId = 0, .prop = 557850632, .status = AVAILABLE, .value = {.int32Values = [1]{0}, .floatValues = [0]{}, .int64Values = [0]{}, .bytes = [0]{}, .stringValue = ""}}
01-30 10:35:52.994   396   452 I VehiclePropertyStore: begin to write value to Store: {.timestamp = 229533140359, .areaId = 0, .prop = 557850632, .status = AVAILABLE, .value = {.int32Values = [1]{0}, .floatValues = [0]{}, .int64Values = [0]{}, .bytes = [0]{}, .stringValue = ""}}
01-30 10:35:52.994   396   452 D adayocomadapter-CommunicationManager: onUpstreamReceive mPropertyId 0x21402008
01-30 10:35:52.997   644   707 I mcuc    : rev uart=2171,len=43, data : 6AA681081A002392020014FFFE000000000000000000000000FFFFFFFFFFFFFFFF0000000000000000009D
01-30 10:35:52.998   396   396 D adayocomadapter-ParseProtocolFunc: printRaWMsg Name[MCUToUPstream recv] len[35] data[92020014FFFE000000000000000000000000FFFFFFFFFFFFFFFF000000000000000000]
01-30 10:35:52.998   396   396 D adayocomadapter-CommunicationManager: onUpstreamback   member[0] dataLength[32] timePoint[229537]
01-30 10:35:52.998   396   396 D adayocomadapter-ParseProtocolFunc: printRaWMsg Name[onUpstreamback] len[32] data[14FFFE000000000000000000000000FFFFFFFFFFFFFFFF000000000000000000]
01-30 10:35:52.998   396   452 D adayocomadapter-UpstreamHandler: processBeforePacket upSreamtProcessTimePoint[229537] 
01-30 10:35:52.998   396   452 D adayocomadapter-UpstreamHandler: processPacket UPSTREAM_QUEUE_DATA_TIMEOUT
01-30 10:35:52.998   396   452 D adayocomadapter-ParseProtocolFunc: parseCommonIPCLBytes Processing tableNumber[20]
01-30 10:35:52.998   396   452 D adayocomadapter-ParseProtocolFunc: parseCommonIPCLBytes Processing tablename[Table-20] tableSize[32]
01-30 10:35:52.998   396   452 D adayocomadapter-ParseProtocolFunc: printRaWMsg Name[byteStream recv] len[32] data[14FFFE000000000000000000000000FFFFFFFFFFFFFFFF000000000000000000]
01-30 10:35:52.998   396   452 D adayocomadapter-ParseProtocolFunc: printRaWMsg Name[IPCLtoVHAL] len[6] data[2140200F0000]
01-30 10:35:52.998   396   452 D adayocomadapter-ParseProtocolFunc: printRaWMsg Name[IPCLtoVHAL] len[6] data[214020B00000]
01-30 10:35:52.998   396   452 D adayocomadapter-ParseProtocolFunc: printRaWMsg Name[IPCLtoVHAL] len[8] data[2141201601000000]
01-30 10:35:52.998   396   452 D adayocomadapter-ParseProtocolFunc: printRaWMsg Name[IPCLtoVHAL] len[6] data[2140205900FF]
01-30 10:35:52.998   396   452 D adayocomadapter-ParseProtocolFunc: printRaWMsg Name[IPCLtoVHAL] len[6] data[2140201A0000]
01-30 10:35:52.998   396   452 D adayocomadapter-ParseProtocolFunc: printRaWMsg Name[IPCLtoVHAL] len[6] data[214020100000]
01-30 10:35:52.998   396   452 D adayocomadapter-ParseProtocolFunc: printRaWMsg Name[IPCLtoVHAL] len[6] data[2140205500FF]
01-30 10:35:52.998   396   452 D adayocomadapter-ParseProtocolFunc: printRaWMsg Name[IPCLtoVHAL] len[6] data[214020B10000]
01-30 10:35:52.998   396   452 D adayocomadapter-ParseProtocolFunc: printRaWMsg Name[IPCLtoVHAL] len[6] data[2140201B0000]
01-30 10:35:52.998   396   452 D adayocomadapter-ParseProtocolFunc: printRaWMsg Name[IPCLtoVHAL] len[6] data[214020180000]
01-30 10:35:52.998   396   452 D adayocomadapter-ParseProtocolFunc: printRaWMsg Name[IPCLtoVHAL] len[6] data[214021900000]
01-30 10:35:52.998   396   452 D adayocomadapter-ParseProtocolFunc: printRaWMsg Name[IPCLtoVHAL] len[6] data[214020210000]
01-30 10:35:52.998   396   452 D adayocomadapter-ParseProtocolFunc: printRaWMsg Name[IPCLtoVHAL] len[6] data[214021C80000]
01-30 10:35:52.998   396   452 D adayocomadapter-ParseProtocolFunc: printRaWMsg Name[IPCLtoVHAL] len[7] data[2140200A00FFFE]
01-30 10:35:52.998   396   452 D adayocomadapter-ParseProtocolFunc: printRaWMsg Name[IPCLtoVHAL] len[6] data[2140223E0000]
01-30 10:35:52.998   396   452 D adayocomadapter-ParseProtocolFunc: printRaWMsg Name[IPCLtoVHAL] len[6] data[214021190000]
01-30 10:35:52.998   396   452 D adayocomadapter-ParseProtocolFunc: printRaWMsg Name[IPCLtoVHAL] len[6] data[214020050000]
01-30 10:35:52.998   396   452 D adayocomadapter-ParseProtocolFunc: printRaWMsg Name[IPCLtoVHAL] len[6] data[2140214E0000]
01-30 10:35:52.998   396   452 D adayocomadapter-ParseProtocolFunc: printRaWMsg Name[IPCLtoVHAL] len[6] data[2140205600FF]
01-30 10:35:52.998   396   452 D adayocomadapter-ParseProtocolFunc: printRaWMsg Name[IPCLtoVHAL] len[6] data[2140205700FF]
01-30 10:35:52.998   396   452 D adayocomadapter-ParseProtocolFunc: printRaWMsg Name[IPCLtoVHAL] len[6] data[2140205800FF]
01-30 10:35:52.998   396   452 D adayocomadapter-ParseProtocolFunc: printRaWMsg Name[IPCLtoVHAL] len[6] data[2140205A00FF]
01-30 10:35:52.998   396   452 D adayocomadapter-ParseProtocolFunc: printRaWMsg Name[IPCLtoVHAL] len[6] data[2140205B00FF]
01-30 10:35:52.998   396   452 D adayocomadapter-ParseProtocolFunc: printRaWMsg Name[IPCLtoVHAL] len[6] data[2140205C00FF]
01-30 10:35:52.998   396   452 D adayocomadapter-ParseProtocolFunc: printRaWMsg Name[IPCLtoVHAL] len[6] data[2140218E0000]
01-30 10:35:52.998   396   452 D adayocomadapter-ParseProtocolFunc: printRaWMsg Name[IPCLtoVHAL] len[6] data[2140218F0000]
01-30 10:35:52.998   396   452 D adayocomadapter-ParseProtocolFunc: printRaWMsg Name[IPCLtoVHAL] len[6] data[214021910000]
01-30 10:35:52.998   396   452 D adayocomadapter-ParseProtocolFunc: printRaWMsg Name[IPCLtoVHAL] len[6] data[2140223D0000]
01-30 10:35:52.998   396   452 D adayocomadapter-CommunicationManager: onUpstreamReceive mPropertyId 0x2140200f
01-30 10:35:52.998   396   452 D adayocomadapter-CommunicationManager: convertBytesToInt32Memcpy  0
01-30 10:35:52.998   396   452 I vw-vhal : notifyVehicleProperty, propId = 0x2140200f, data = {status: 2, int32Values: [0]}
01-30 10:35:52.998   396   452 I vw-vhal : CanSignalsAdapter::notifyVehicleProperty: solvedValue = {.timestamp = 229538067359, .areaId = 0, .prop = 557850639, .status = AVAILABLE, .value = {.int32Values = [1]{0}, .floatValues = [0]{}, .int64Values = [0]{}, .bytes = [0]{}, .stringValue = ""}}
01-30 10:35:52.998   396   452 I VehiclePropertyStore: begin to write value to Store: {.timestamp = 229538067359, .areaId = 0, .prop = 557850639, .status = AVAILABLE, .value = {.int32Values = [1]{0}, .floatValues = [0]{}, .int64Values = [0]{}, .bytes = [0]{}, .stringValue = ""}}
01-30 10:35:52.999   396   452 I DefaultVehicleHal_v2_0: DefaultVehicleHal::onPropertyValue, value:{.timestamp = 229538067359, .areaId = 0, .prop = 557850639, .status = AVAILABLE, .value = {.int32Values = [1]{0}, .floatValues = [0]{}, .int64Values = [0]{}, .bytes = [0]{}, .stringValue = ""}}
01-30 10:35:52.999   396   452 I VehiclePropertyStore: begin to write value to Store: {.timestamp = 229538067359, .areaId = 0, .prop = 557850639, .status = AVAILABLE, .value = {.int32Values = [1]{0}, .floatValues = [0]{}, .int64Values = [0]{}, .bytes = [0]{}, .stringValue = ""}}
01-30 10:35:52.999   396   452 D adayocomadapter-CommunicationManager: onUpstreamReceive mPropertyId 0x2140200f
01-30 10:35:52.999   396   452 D adayocomadapter-CommunicationManager: onUpstreamReceive mPropertyId 0x214020b0
01-30 10:35:52.999   396   452 D adayocomadapter-CommunicationManager: convertBytesToInt32Memcpy  0
01-30 10:35:52.999   396   452 I vw-vhal : notifyVehicleProperty, propId = 0x214020b0, data = {status: 2, int32Values: [0]}
01-30 10:35:52.999   396   452 I vw-vhal : CanSignalsAdapter::notifyVehicleProperty: solvedValue = {.timestamp = 229538288025, .areaId = 0, .prop = 557850800, .status = AVAILABLE, .value = {.int32Values = [1]{0}, .floatValues = [0]{}, .int64Values = [0]{}, .bytes = [0]{}, .stringValue = ""}}
01-30 10:35:52.999   396   452 I VehiclePropertyStore: begin to write value to Store: {.timestamp = 229538288025, .areaId = 0, .prop = 557850800, .status = AVAILABLE, .value = {.int32Values = [1]{0}, .floatValues = [0]{}, .int64Values = [0]{}, .bytes = [0]{}, .stringValue = ""}}
01-30 10:35:52.999   396   452 I DefaultVehicleHal_v2_0: DefaultVehicleHal::onPropertyValue, value:{.timestamp = 229538288025, .areaId = 0, .prop = 557850800, .status = AVAILABLE, .value = {.int32Values = [1]{0}, .floatValues = [0]{}, .int64Values = [0]{}, .bytes = [0]{}, .stringValue = ""}}
01-30 10:35:52.999   396   452 I VehiclePropertyStore: begin to write value to Store: {.timestamp = 229538288025, .areaId = 0, .prop = 557850800, .status = AVAILABLE, .value = {.int32Values = [1]{0}, .floatValues = [0]{}, .int64Values = [0]{}, .bytes = [0]{}, .stringValue = ""}}
01-30 10:35:52.999   396   452 D adayocomadapter-CommunicationManager: onUpstreamReceive mPropertyId 0x214020b0
01-30 10:35:52.999   396   452 D adayocomadapter-CommunicationManager: onUpstreamReceive mPropertyId 0x21412016
01-30 10:35:52.999   396   452 I vw-vhal : notifyVehicleProperty, propId = 0x21412016, data = {status: 2, int32Values: [0, 0, 0]}
01-30 10:35:52.999   396   452 I vw-vhal : CanSignalsAdapter::notifyVehicleProperty: solvedValue = {.timestamp = 229538473692, .areaId = 0, .prop = 557916182, .status = AVAILABLE, .value = {.int32Values = [3]{0, 0, 0}, .floatValues = [0]{}, .int64Values = [0]{}, .bytes = [0]{}, .stringValue = ""}}
01-30 10:35:52.999   396   452 I VehiclePropertyStore: begin to write value to Store: {.timestamp = 229538473692, .areaId = 0, .prop = 557916182, .status = AVAILABLE, .value = {.int32Values = [3]{0, 0, 0}, .floatValues = [0]{}, .int64Values = [0]{}, .bytes = [0]{}, .stringValue = ""}}
01-30 10:35:52.999   396   452 I DefaultVehicleHal_v2_0: DefaultVehicleHal::onPropertyValue, value:{.timestamp = 229538473692, .areaId = 0, .prop = 557916182, .status = AVAILABLE, .value = {.int32Values = [3]{0, 0, 0}, .floatValues = [0]{}, .int64Values = [0]{}, .bytes = [0]{}, .stringValue = ""}}
01-30 10:35:52.999   396   452 I VehiclePropertyStore: begin to write value to Store: {.timestamp = 229538473692, .areaId = 0, .prop = 557916182, .status = AVAILABLE, .value = {.int32Values = [3]{0, 0, 0}, .floatValues = [0]{}, .int64Values = [0]{}, .bytes = [0]{}, .stringValue = ""}}
01-30 10:35:52.999   396   452 D adayocomadapter-CommunicationManager: onUpstreamReceive mPropertyId 0x21412016
01-30 10:35:52.999   396   452 D adayocomadapter-CommunicationManager: onUpstreamReceive mPropertyId 0x21402059
01-30 10:35:52.999   396   452 D adayocomadapter-CommunicationManager: convertBytesToInt32Memcpy  255
01-30 10:35:52.999   396   452 I vw-vhal : notifyVehicleProperty, propId = 0x21402059, data = {status: 2, int32Values: [255]}
01-30 10:35:52.999   396   452 I vw-vhal : CanSignalsAdapter::notifyVehicleProperty: solvedValue = {.timestamp = 229538666359, .areaId = 0, .prop = 557850713, .status = AVAILABLE, .value = {.int32Values = [1]{255}, .floatValues = [0]{}, .int64Values = [0]{}, .bytes = [0]{}, .stringValue = ""}}
01-30 10:35:52.999   396   452 I VehiclePropertyStore: begin to write value to Store: {.timestamp = 229538666359, .areaId = 0, .prop = 557850713, .status = AVAILABLE, .value = {.int32Values = [1]{255}, .floatValues = [0]{}, .int64Values = [0]{}, .bytes = [0]{}, .stringValue = ""}}
01-30 10:35:52.999   396   452 I DefaultVehicleHal_v2_0: DefaultVehicleHal::onPropertyValue, value:{.timestamp = 229538666359, .areaId = 0, .prop = 557850713, .status = AVAILABLE, .value = {.int32Values = [1]{255}, .floatValues = [0]{}, .int64Values = [0]{}, .bytes = [0]{}, .stringValue = ""}}
01-30 10:35:52.999   396   452 I VehiclePropertyStore: begin to write value to Store: {.timestamp = 229538666359, .areaId = 0, .prop = 557850713, .status = AVAILABLE, .value = {.int32Values = [1]{255}, .floatValues = [0]{}, .int64Values = [0]{}, .bytes = [0]{}, .stringValue = ""}}
01-30 10:35:52.999   396   452 D adayocomadapter-CommunicationManager: onUpstreamReceive mPropertyId 0x21402059
01-30 10:35:52.999   396   452 D adayocomadapter-CommunicationManager: onUpstreamReceive mPropertyId 0x2140201a
01-30 10:35:52.999   396   452 D adayocomadapter-CommunicationManager: convertBytesToInt32Memcpy  0
01-30 10:35:52.999   396   452 I vw-vhal : notifyVehicleProperty, propId = 0x2140201a, data = {status: 2, int32Values: [0]}
01-30 10:35:52.999   396   452 I vw-vhal : CanSignalsAdapter::notifyVehicleProperty: solvedValue = {.timestamp = 229538850692, .areaId = 0, .prop = 557850650, .status = AVAILABLE, .value = {.int32Values = [1]{0}, .floatValues = [0]{}, .int64Values = [0]{}, .bytes = [0]{}, .stringValue = ""}}
01-30 10:35:52.999   396   452 I VehiclePropertyStore: begin to write value to Store: {.timestamp = 229538850692, .areaId = 0, .prop = 557850650, .status = AVAILABLE, .value = {.int32Values = [1]{0}, .floatValues = [0]{}, .int64Values = [0]{}, .bytes = [0]{}, .stringValue = ""}}
01-30 10:35:52.999   396   452 I DefaultVehicleHal_v2_0: DefaultVehicleHal::onPropertyValue, value:{.timestamp = 229538850692, .areaId = 0, .prop = 557850650, .status = AVAILABLE, .value = {.int32Values = [1]{0}, .floatValues = [0]{}, .int64Values = [0]{}, .bytes = [0]{}, .stringValue = ""}}
01-30 10:35:52.999   396   452 I VehiclePropertyStore: begin to write value to Store: {.timestamp = 229538850692, .areaId = 0, .prop = 557850650, .status = AVAILABLE, .value = {.int32Values = [1]{0}, .floatValues = [0]{}, .int64Values = [0]{}, .bytes = [0]{}, .stringValue = ""}}
01-30 10:35:52.999   396   452 D adayocomadapter-CommunicationManager: onUpstreamReceive mPropertyId 0x2140201a
01-30 10:35:52.999   396   452 D adayocomadapter-CommunicationManager: onUpstreamReceive mPropertyId 0x21402010
01-30 10:35:52.999   396   452 D adayocomadapter-CommunicationManager: convertBytesToInt32Memcpy  0
01-30 10:35:52.999   396   452 I vw-vhal : notifyVehicleProperty, propId = 0x21402010, data = {status: 2, int32Values: [0]}
01-30 10:35:52.999   396   452 I vw-vhal : CanSignalsAdapter::notifyVehicleProperty: solvedValue = {.timestamp = 229539042692, .areaId = 0, .prop = 557850640, .status = AVAILABLE, .value = {.int32Values = [1]{0}, .floatValues = [0]{}, .int64Values = [0]{}, .bytes = [0]{}, .stringValue = ""}}
01-30 10:35:52.999   396   452 I VehiclePropertyStore: begin to write value to Store: {.timestamp = 229539042692, .areaId = 0, .prop = 557850640, .status = AVAILABLE, .value = {.int32Values = [1]{0}, .floatValues = [0]{}, .int64Values = [0]{}, .bytes = [0]{}, .stringValue = ""}}
01-30 10:35:52.999   396   452 I DefaultVehicleHal_v2_0: DefaultVehicleHal::onPropertyValue, value:{.timestamp = 229539042692, .areaId = 0, .prop = 557850640, .status = AVAILABLE, .value = {.int32Values = [1]{0}, .floatValues = [0]{}, .int64Values = [0]{}, .bytes = [0]{}, .stringValue = ""}}
01-30 10:35:52.999   396   452 I VehiclePropertyStore: begin to write value to Store: {.timestamp = 229539042692, .areaId = 0, .prop = 557850640, .status = AVAILABLE, .value = {.int32Values = [1]{0}, .floatValues = [0]{}, .int64Values = [0]{}, .bytes = [0]{}, .stringValue = ""}}
01-30 10:35:53.000   396   452 D adayocomadapter-CommunicationManager: onUpstreamReceive mPropertyId 0x21402010
01-30 10:35:53.000   396   452 D adayocomadapter-CommunicationManager: onUpstreamReceive mPropertyId 0x21402055
01-30 10:35:53.000   396   452 D adayocomadapter-CommunicationManager: convertBytesToInt32Memcpy  255
01-30 10:35:53.000   396   452 I vw-vhal : notifyVehicleProperty, propId = 0x21402055, data = {status: 2, int32Values: [255]}
01-30 10:35:53.000   396   452 I vw-vhal : CanSignalsAdapter::notifyVehicleProperty: solvedValue = {.timestamp = 229539227692, .areaId = 0, .prop = 557850709, .status = AVAILABLE, .value = {.int32Values = [1]{255}, .floatValues = [0]{}, .int64Values = [0]{}, .bytes = [0]{}, .stringValue = ""}}
01-30 10:35:53.000   396   452 I VehiclePropertyStore: begin to write value to Store: {.timestamp = 229539227692, .areaId = 0, .prop = 557850709, .status = AVAILABLE, .value = {.int32Values = [1]{255}, .floatValues = [0]{}, .int64Values = [0]{}, .bytes = [0]{}, .stringValue = ""}}
01-30 10:35:53.000   396   452 I DefaultVehicleHal_v2_0: DefaultVehicleHal::onPropertyValue, value:{.timestamp = 229539227692, .areaId = 0, .prop = 557850709, .status = AVAILABLE, .value = {.int32Values = [1]{255}, .floatValues = [0]{}, .int64Values = [0]{}, .bytes = [0]{}, .stringValue = ""}}
01-30 10:35:53.000   396   452 I VehiclePropertyStore: begin to write value to Store: {.timestamp = 229539227692, .areaId = 0, .prop = 557850709, .status = AVAILABLE, .value = {.int32Values = [1]{255}, .floatValues = [0]{}, .int64Values = [0]{}, .bytes = [0]{}, .stringValue = ""}}
01-30 10:35:53.000   396   452 D adayocomadapter-CommunicationManager: onUpstreamReceive mPropertyId 0x21402055
01-30 10:35:53.000   396   452 D adayocomadapter-CommunicationManager: onUpstreamReceive mPropertyId 0x214020b1
01-30 10:35:53.000   396   452 D adayocomadapter-CommunicationManager: convertBytesToInt32Memcpy  0
01-30 10:35:53.000   396   452 I vw-vhal : notifyVehicleProperty, propId = 0x214020b1, data = {status: 2, int32Values: [0]}
01-30 10:35:53.000   396   452 I vw-vhal : CanSignalsAdapter::notifyVehicleProperty: solvedValue = {.timestamp = 229539546692, .areaId = 0, .prop = 557850801, .status = AVAILABLE, .value = {.int32Values = [1]{0}, .floatValues = [0]{}, .int64Values = [0]{}, .bytes = [0]{}, .stringValue = ""}}
01-30 10:35:53.000   396   452 I VehiclePropertyStore: begin to write value to Store: {.timestamp = 229539546692, .areaId = 0, .prop = 557850801, .status = AVAILABLE, .value = {.int32Values = [1]{0}, .floatValues = [0]{}, .int64Values = [0]{}, .bytes = [0]{}, .stringValue = ""}}
01-30 10:35:53.000   396   452 I DefaultVehicleHal_v2_0: DefaultVehicleHal::onPropertyValue, value:{.timestamp = 229539546692, .areaId = 0, .prop = 557850801, .status = AVAILABLE, .value = {.int32Values = [1]{0}, .floatValues = [0]{}, .int64Values = [0]{}, .bytes = [0]{}, .stringValue = ""}}
01-30 10:35:53.000   396   452 I VehiclePropertyStore: begin to write value to Store: {.timestamp = 229539546692, .areaId = 0, .prop = 557850801, .status = AVAILABLE, .value = {.int32Values = [1]{0}, .floatValues = [0]{}, .int64Values = [0]{}, .bytes = [0]{}, .stringValue = ""}}
01-30 10:35:53.000   396   452 D adayocomadapter-CommunicationManager: onUpstreamReceive mPropertyId 0x214020b1
01-30 10:35:53.000   396   452 D adayocomadapter-CommunicationManager: onUpstreamReceive mPropertyId 0x2140201b
01-30 10:35:53.000   396   452 D adayocomadapter-CommunicationManager: convertBytesToInt32Memcpy  0
01-30 10:35:53.000   396   452 I vw-vhal : notifyVehicleProperty, propId = 0x2140201b, data = {status: 2, int32Values: [0]}
01-30 10:35:53.000   396   452 I vw-vhal : CanSignalsAdapter::notifyVehicleProperty: solvedValue = {.timestamp = 229539725025, .areaId = 0, .prop = 557850651, .status = AVAILABLE, .value = {.int32Values = [1]{0}, .floatValues = [0]{}, .int64Values = [0]{}, .bytes = [0]{}, .stringValue = ""}}
01-30 10:35:53.000   396   452 I VehiclePropertyStore: begin to write value to Store: {.timestamp = 229539725025, .areaId = 0, .prop = 557850651, .status = AVAILABLE, .value = {.int32Values = [1]{0}, .floatValues = [0]{}, .int64Values = [0]{}, .bytes = [0]{}, .stringValue = ""}}
01-30 10:35:53.000   396   452 I DefaultVehicleHal_v2_0: DefaultVehicleHal::onPropertyValue, value:{.timestamp = 229539725025, .areaId = 0, .prop = 557850651, .status = AVAILABLE, .value = {.int32Values = [1]{0}, .floatValues = [0]{}, .int64Values = [0]{}, .bytes = [0]{}, .stringValue = ""}}
01-30 10:35:53.000   396   452 I VehiclePropertyStore: begin to write value to Store: {.timestamp = 229539725025, .areaId = 0, .prop = 557850651, .status = AVAILABLE, .value = {.int32Values = [1]{0}, .floatValues = [0]{}, .int64Values = [0]{}, .bytes = [0]{}, .stringValue = ""}}
01-30 10:35:53.000   396   452 D adayocomadapter-CommunicationManager: onUpstreamReceive mPropertyId 0x2140201b
01-30 10:35:53.000   396   452 D adayocomadapter-CommunicationManager: onUpstreamReceive mPropertyId 0x21402018
01-30 10:35:53.000   396   452 D adayocomadapter-CommunicationManager: convertBytesToInt32Memcpy  0
01-30 10:35:53.000   396   452 I vw-vhal : notifyVehicleProperty, propId = 0x21402018, data = {status: 2, int32Values: [0]}
01-30 10:35:53.000   396   452 I vw-vhal : CanSignalsAdapter::notifyVehicleProperty: solvedValue = {.timestamp = 229539909025, .areaId = 0, .prop = 557850648, .status = AVAILABLE, .value = {.int32Values = [1]{0}, .floatValues = [0]{}, .int64Values = [0]{}, .bytes = [0]{}, .stringValue = ""}}
01-30 10:35:53.000   396   452 I VehiclePropertyStore: begin to write value to Store: {.timestamp = 229539909025, .areaId = 0, .prop = 557850648, .status = AVAILABLE, .value = {.int32Values = [1]{0}, .floatValues = [0]{}, .int64Values = [0]{}, .bytes = [0]{}, .stringValue = ""}}
01-30 10:35:53.000   396   452 I DefaultVehicleHal_v2_0: DefaultVehicleHal::onPropertyValue, value:{.timestamp = 229539909025, .areaId = 0, .prop = 557850648, .status = AVAILABLE, .value = {.int32Values = [1]{0}, .floatValues = [0]{}, .int64Values = [0]{}, .bytes = [0]{}, .stringValue = ""}}
01-30 10:35:53.000   396   452 I VehiclePropertyStore: begin to write value to Store: {.timestamp = 229539909025, .areaId = 0, .prop = 557850648, .status = AVAILABLE, .value = {.int32Values = [1]{0}, .floatValues = [0]{}, .int64Values = [0]{}, .bytes = [0]{}, .stringValue = ""}}
01-30 10:35:53.000   396   452 D adayocomadapter-CommunicationManager: onUpstreamReceive mPropertyId 0x21402018
01-30 10:35:53.000   396   452 D adayocomadapter-CommunicationManager: onUpstreamReceive mPropertyId 0x21402190
01-30 10:35:53.000   396   452 D adayocomadapter-CommunicationManager: convertBytesToInt32Memcpy  0
01-30 10:35:53.000   396   452 I vw-vhal : notifyVehicleProperty, propId = 0x21402190, data = {status: 2, int32Values: [0]}
01-30 10:35:53.001   396   452 I vw-vhal : CanSignalsAdapter::notifyVehicleProperty: solvedValue = {.timestamp = 229540201025, .areaId = 0, .prop = 557851024, .status = AVAILABLE, .value = {.int32Values = [1]{0}, .floatValues = [0]{}, .int64Values = [0]{}, .bytes = [0]{}, .stringValue = ""}}
01-30 10:35:53.001   396   452 I VehiclePropertyStore: begin to write value to Store: {.timestamp = 229540201025, .areaId = 0, .prop = 557851024, .status = AVAILABLE, .value = {.int32Values = [1]{0}, .floatValues = [0]{}, .int64Values = [0]{}, .bytes = [0]{}, .stringValue = ""}}
01-30 10:35:53.001   396   452 I DefaultVehicleHal_v2_0: DefaultVehicleHal::onPropertyValue, value:{.timestamp = 229540201025, .areaId = 0, .prop = 557851024, .status = AVAILABLE, .value = {.int32Values = [1]{0}, .floatValues = [0]{}, .int64Values = [0]{}, .bytes = [0]{}, .stringValue = ""}}
01-30 10:35:53.001   396   452 I VehiclePropertyStore: begin to write value to Store: {.timestamp = 229540201025, .areaId = 0, .prop = 557851024, .status = AVAILABLE, .value = {.int32Values = [1]{0}, .floatValues = [0]{}, .int64Values = [0]{}, .bytes = [0]{}, .stringValue = ""}}
01-30 10:35:53.001   396   452 D adayocomadapter-CommunicationManager: onUpstreamReceive mPropertyId 0x21402190
01-30 10:35:53.001   396   452 D adayocomadapter-CommunicationManager: onUpstreamReceive mPropertyId 0x21402021
01-30 10:35:53.001   396   452 D adayocomadapter-CommunicationManager: convertBytesToInt32Memcpy  0
01-30 10:35:53.001   396   452 I vw-vhal : notifyVehicleProperty, propId = 0x21402021, data = {status: 2, int32Values: [0]}
01-30 10:35:53.001   396   452 I vw-vhal : CanSignalsAdapter::notifyVehicleProperty: solvedValue = {.timestamp = 229540397692, .areaId = 0, .prop = 557850657, .status = AVAILABLE, .value = {.int32Values = [1]{0}, .floatValues = [0]{}, .int64Values = [0]{}, .bytes = [0]{}, .stringValue = ""}}
01-30 10:35:53.001   396   452 I VehiclePropertyStore: begin to write value to Store: {.timestamp = 229540397692, .areaId = 0, .prop = 557850657, .status = AVAILABLE, .value = {.int32Values = [1]{0}, .floatValues = [0]{}, .int64Values = [0]{}, .bytes = [0]{}, .stringValue = ""}}
01-30 10:35:53.001   396   452 I DefaultVehicleHal_v2_0: DefaultVehicleHal::onPropertyValue, value:{.timestamp = 229540397692, .areaId = 0, .prop = 557850657, .status = AVAILABLE, .value = {.int32Values = [1]{0}, .floatValues = [0]{}, .int64Values = [0]{}, .bytes = [0]{}, .stringValue = ""}}
01-30 10:35:53.001   396   452 I VehiclePropertyStore: begin to write value to Store: {.timestamp = 229540397692, .areaId = 0, .prop = 557850657, .status = AVAILABLE, .value = {.int32Values = [1]{0}, .floatValues = [0]{}, .int64Values = [0]{}, .bytes = [0]{}, .stringValue = ""}}
01-30 10:35:53.001   396   452 D adayocomadapter-CommunicationManager: onUpstreamReceive mPropertyId 0x21402021
01-30 10:35:53.001   396   452 D adayocomadapter-CommunicationManager: onUpstreamReceive mPropertyId 0x214021c8
01-30 10:35:53.001   396   452 D adayocomadapter-CommunicationManager: convertBytesToInt32Memcpy  0
01-30 10:35:53.001   396   452 I vw-vhal : notifyVehicleProperty, propId = 0x214021c8, data = {status: 2, int32Values: [0]}
01-30 10:35:53.001   396   452 I vw-vhal : CanSignalsAdapter::notifyVehicleProperty: solvedValue = {.timestamp = 229540662359, .areaId = 0, .prop = 557851080, .status = AVAILABLE, .value = {.int32Values = [1]{0}, .floatValues = [0]{}, .int64Values = [0]{}, .bytes = [0]{}, .stringValue = ""}}
01-30 10:35:53.001   396   452 I VehiclePropertyStore: begin to write value to Store: {.timestamp = 229540662359, .areaId = 0, .prop = 557851080, .status = AVAILABLE, .value = {.int32Values = [1]{0}, .floatValues = [0]{}, .int64Values = [0]{}, .bytes = [0]{}, .stringValue = ""}}
01-30 10:35:53.001   396   452 I DefaultVehicleHal_v2_0: DefaultVehicleHal::onPropertyValue, value:{.timestamp = 229540662359, .areaId = 0, .prop = 557851080, .status = AVAILABLE, .value = {.int32Values = [1]{0}, .floatValues = [0]{}, .int64Values = [0]{}, .bytes = [0]{}, .stringValue = ""}}
01-30 10:35:53.001   396   452 I VehiclePropertyStore: begin to write value to Store: {.timestamp = 229540662359, .areaId = 0, .prop = 557851080, .status = AVAILABLE, .value = {.int32Values = [1]{0}, .floatValues = [0]{}, .int64Values = [0]{}, .bytes = [0]{}, .stringValue = ""}}
01-30 10:35:53.001   396   452 D adayocomadapter-CommunicationManager: onUpstreamReceive mPropertyId 0x214021c8
01-30 10:35:53.001   396   452 D adayocomadapter-CommunicationManager: onUpstreamReceive mPropertyId 0x2140200a
01-30 10:35:53.001   396   452 D adayocomadapter-CommunicationManager: convertBytesToInt32Memcpy  65534
01-30 10:35:53.001   396   452 I vw-vhal : notifyVehicleProperty, propId = 0x2140200a, data = {status: 2, int32Values: [65534]}
01-30 10:35:53.001   396   452 I vw-vhal : CanSignalsAdapter::notifyVehicleProperty: solvedValue = {.timestamp = 229540849692, .areaId = 0, .prop = 557850634, .status = AVAILABLE, .value = {.int32Values = [1]{65534}, .floatValues = [0]{}, .int64Values = [0]{}, .bytes = [0]{}, .stringValue = ""}}
01-30 10:35:53.001   396   452 I VehiclePropertyStore: begin to write value to Store: {.timestamp = 229540849692, .areaId = 0, .prop = 557850634, .status = AVAILABLE, .value = {.int32Values = [1]{65534}, .floatValues = [0]{}, .int64Values = [0]{}, .bytes = [0]{}, .stringValue = ""}}
01-30 10:35:53.001   396   452 I DefaultVehicleHal_v2_0: DefaultVehicleHal::onPropertyValue, value:{.timestamp = 229540849692, .areaId = 0, .prop = 557850634, .status = AVAILABLE, .value = {.int32Values = [1]{65534}, .floatValues = [0]{}, .int64Values = [0]{}, .bytes = [0]{}, .stringValue = ""}}
01-30 10:35:53.001   396   452 I VehiclePropertyStore: begin to write value to Store: {.timestamp = 229540849692, .areaId = 0, .prop = 557850634, .status = AVAILABLE, .value = {.int32Values = [1]{65534}, .floatValues = [0]{}, .int64Values = [0]{}, .bytes = [0]{}, .stringValue = ""}}
01-30 10:35:53.001   396   452 D adayocomadapter-CommunicationManager: onUpstreamReceive mPropertyId 0x2140200a
01-30 10:35:53.001   396   452 D adayocomadapter-CommunicationManager: onUpstreamReceive mPropertyId 0x2140223e
01-30 10:35:53.001   396   452 D adayocomadapter-CommunicationManager: convertBytesToInt32Memcpy  0
01-30 10:35:53.001   396   452 I vw-vhal : notifyVehicleProperty, propId = 0x2140223e, data = {status: 2, int32Values: [0]}
01-30 10:35:53.001   396   452 I vw-vhal : CanSignalsAdapter::notifyVehicleProperty: solvedValue = {.timestamp = 229541092025, .areaId = 0, .prop = 557851198, .status = AVAILABLE, .value = {.int32Values = [1]{0}, .floatValues = [0]{}, .int64Values = [0]{}, .bytes = [0]{}, .stringValue = ""}}
01-30 10:35:53.001   396   452 I VehiclePropertyStore: begin to write value to Store: {.timestamp = 229541092025, .areaId = 0, .prop = 557851198, .status = AVAILABLE, .value = {.int32Values = [1]{0}, .floatValues = [0]{}, .int64Values = [0]{}, .bytes = [0]{}, .stringValue = ""}}
01-30 10:35:53.002   396   452 I DefaultVehicleHal_v2_0: DefaultVehicleHal::onPropertyValue, value:{.timestamp = 229541092025, .areaId = 0, .prop = 557851198, .status = AVAILABLE, .value = {.int32Values = [1]{0}, .floatValues = [0]{}, .int64Values = [0]{}, .bytes = [0]{}, .stringValue = ""}}
01-30 10:35:53.002   396   452 I VehiclePropertyStore: begin to write value to Store: {.timestamp = 229541092025, .areaId = 0, .prop = 557851198, .status = AVAILABLE, .value = {.int32Values = [1]{0}, .floatValues = [0]{}, .int64Values = [0]{}, .bytes = [0]{}, .stringValue = ""}}
01-30 10:35:53.002   396   452 D adayocomadapter-CommunicationManager: onUpstreamReceive mPropertyId 0x2140223e
01-30 10:35:53.002   396   452 D adayocomadapter-CommunicationManager: onUpstreamReceive mPropertyId 0x21402119
01-30 10:35:53.002   396   452 D adayocomadapter-CommunicationManager: convertBytesToInt32Memcpy  0
01-30 10:35:53.002   396   452 I vw-vhal : notifyVehicleProperty, propId = 0x21402119, data = {status: 2, int32Values: [0]}
01-30 10:35:53.002   396   452 I vw-vhal : CanSignalsAdapter::notifyVehicleProperty: solvedValue = {.timestamp = 229541278359, .areaId = 0, .prop = 557850905, .status = AVAILABLE, .value = {.int32Values = [1]{0}, .floatValues = [0]{}, .int64Values = [0]{}, .bytes = [0]{}, .stringValue = ""}}
01-30 10:35:53.002   396   452 I VehiclePropertyStore: begin to write value to Store: {.timestamp = 229541278359, .areaId = 0, .prop = 557850905, .status = AVAILABLE, .value = {.int32Values = [1]{0}, .floatValues = [0]{}, .int64Values = [0]{}, .bytes = [0]{}, .stringValue = ""}}
01-30 10:35:53.002   396   452 I DefaultVehicleHal_v2_0: DefaultVehicleHal::onPropertyValue, value:{.timestamp = 229541278359, .areaId = 0, .prop = 557850905, .status = AVAILABLE, .value = {.int32Values = [1]{0}, .floatValues = [0]{}, .int64Values = [0]{}, .bytes = [0]{}, .stringValue = ""}}
01-30 10:35:53.002   396   452 I VehiclePropertyStore: begin to write value to Store: {.timestamp = 229541278359, .areaId = 0, .prop = 557850905, .status = AVAILABLE, .value = {.int32Values = [1]{0}, .floatValues = [0]{}, .int64Values = [0]{}, .bytes = [0]{}, .stringValue = ""}}
01-30 10:35:53.002   396   452 D adayocomadapter-CommunicationManager: onUpstreamReceive mPropertyId 0x21402119
01-30 10:35:53.002   396   452 D adayocomadapter-CommunicationManager: onUpstreamReceive mPropertyId 0x21402005
01-30 10:35:53.002   396   452 D adayocomadapter-CommunicationManager: convertBytesToInt32Memcpy  0
01-30 10:35:53.002   396   452 I vw-vhal : notifyVehicleProperty, propId = 0x21402005, data = {status: 2, int32Values: [0]}
01-30 10:35:53.002   396   452 I vw-vhal : CanSignalsAdapter::notifyVehicleProperty: solvedValue = {.timestamp = 229541464359, .areaId = 0, .prop = 557850629, .status = AVAILABLE, .value = {.int32Values = [1]{0}, .floatValues = [0]{}, .int64Values = [0]{}, .bytes = [0]{}, .stringValue = ""}}
