01-30 10:35:57.639   396   452 I VehiclePropertyStore: begin to write value to Store: {.timestamp = 234178720359, .areaId = 0, .prop = 557846605, .status = AVAILABLE, .value = {.int32Values = [1]{0}, .floatValues = [0]{}, .int64Values = [0]{}, .bytes = [0]{}, .stringValue = ""}}
01-30 10:35:57.639   396   452 D adayocomadapter-CommunicationManager: onUpstreamReceive mPropertyId 0x2140104d
01-30 10:35:57.647   706   722 D sde     : [SDE::CatchJE]  Debug: CatchJE end
01-30 10:35:57.647   706   722 D sde     : [SDE::removeFile]  Debug: removeFile index = 30_
01-30 10:35:57.648   706   722 D sde     : [SDE::removeFile]  Debug: remove : /data/sde/30_crash_7958_com.adayo.carplay_20260130_103333.zip
01-30 10:35:57.648   706   722 D sde     : [SDE::zipArchiveFolder]  Debug: zippath = /data/sde/30_crash_12468_com.adayo.carplay_20260130_103557.zip 
01-30 10:35:57.652 12832 12832 D FawPowerServiceManager: registerPowerModeListener: registered success and handlerPowerEvent : false
01-30 10:35:57.652 12832 12848 I ModeService: onPrimaryPowerEvent : 255 ,oldPowerEvent: 255
01-30 10:35:57.652 12832 12847 I ModeService: onSecondaryPowerEvent newPowerEvent: 255 ,oldPowerEvent: 0
01-30 10:35:57.653 12832 12847 W ModeService: handlePowerEventChange unknown power mode : 255
01-30 10:35:57.653 12832 12848 I ModeService: onSetVehicleMode newVehicleMode: 0 ,oldVehicleMode: 0
01-30 10:35:57.653 12832 12832 D FawPowerServiceManager: registerVehicleModeListener: registered success
01-30 10:35:57.653   652  2032 I audio_hw_streamer: 569 capture_thread_loop: select [ch 8 -> ch 4] [15360 -> 7680] bytes data 
01-30 10:35:57.653 12832 12832 D AndroidRuntime: Shutting down VM
01-30 10:35:57.654 12832 12832 E AndroidRuntime: FATAL EXCEPTION: main
01-30 10:35:57.654 12832 12832 E AndroidRuntime: Process: com.fawvw.intelligentmodeservice, PID: 12832
01-30 10:35:57.654 12832 12832 E AndroidRuntime: java.lang.NoClassDefFoundError: Failed resolution of: Lcom/fawvw/intelligentmodeservice/ModeServiceImpl;
01-30 10:35:57.654 12832 12832 E AndroidRuntime: 	at com.fawvw.intelligentmodeservice.ModeService.init(ModeService.java:81)
01-30 10:35:57.654 12832 12832 E AndroidRuntime: 	at com.fawvw.intelligentmodeservice.ModeService.onCreate(ModeService.java:69)
01-30 10:35:57.654 12832 12832 E AndroidRuntime: 	at android.app.ActivityThread.handleCreateService(ActivityThread.java:4692)
01-30 10:35:57.654 12832 12832 E AndroidRuntime: 	at android.app.ActivityThread.-$$Nest$mhandleCreateService(Unknown Source:0)
01-30 10:35:57.654 12832 12832 E AndroidRuntime: 	at android.app.ActivityThread$H.handleMessage(ActivityThread.java:2289)
01-30 10:35:57.654 12832 12832 E AndroidRuntime: 	at android.os.Handler.dispatchMessage(Handler.java:106)
01-30 10:35:57.654 12832 12832 E AndroidRuntime: 	at android.os.Looper.loopOnce(Looper.java:205)
01-30 10:35:57.654 12832 12832 E AndroidRuntime: 	at android.os.Looper.loop(Looper.java:294)
01-30 10:35:57.654 12832 12832 E AndroidRuntime: 	at android.app.ActivityThread.main(ActivityThread.java:8248)
01-30 10:35:57.654 12832 12832 E AndroidRuntime: 	at java.lang.reflect.Method.invoke(Native Method)
01-30 10:35:57.654 12832 12832 E AndroidRuntime: 	at com.android.internal.os.RuntimeInit$MethodAndArgsCaller.run(RuntimeInit.java:552)
01-30 10:35:57.654 12832 12832 E AndroidRuntime: 	at com.android.internal.os.ZygoteInit.main(ZygoteInit.java:993)
01-30 10:35:57.654 12832 12832 E AndroidRuntime: Caused by: java.lang.ClassNotFoundException: com.fawvw.intelligentmodeservice.ModeServiceImpl
01-30 10:35:57.654 12832 12832 E AndroidRuntime: 	... 12 more
01-30 10:35:57.655   851  2748 I am_crash: [12832,0,com.fawvw.intelligentmodeservice,550026829,java.lang.ClassNotFoundException,com.fawvw.intelligentmodeservice.ModeServiceImpl,ModeService.java,81,0]
01-30 10:35:57.655   851  2748 I SdException: eventType = crash, processName = com.fawvw.intelligentmodeservice
01-30 10:35:57.655   851  2748 I SdException: data = crash|12832|com.fawvw.intelligentmodeservice
01-30 10:35:57.659   584  1266 E WifiHAL : Invalid data received from driver
01-30 10:35:57.673   652  2032 I audio_hw_streamer: 569 capture_thread_loop: select [ch 8 -> ch 4] [15360 -> 7680] bytes data 
01-30 10:35:57.676   644   707 I mcuc    : sd Uart data : 6AA6020842000292021E
01-30 10:35:57.681   644   707 I mcuc    : rev uart=2214,len=52, data : 6AA6810842002C92020011485954593030303054455354303030303400000000000000000000007F000100000000000007FE009D
01-30 10:35:57.681   396   396 D adayocomadapter-ParseProtocolFunc: printRaWMsg Name[MCUToUPstream recv] len[44] data[92020011485954593030303054455354303030303400000000000000000000007F000100000000000007FE00]
01-30 10:35:57.682   396   396 D adayocomadapter-CommunicationManager: onUpstreamback   member[0] dataLength[41] timePoint[234221]
01-30 10:35:57.682   396   396 D adayocomadapter-ParseProtocolFunc: printRaWMsg Name[onUpstreamback] len[41] data[11485954593030303054455354303030303400000000000000000000007F000100000000000007FE00]
01-30 10:35:57.682   396   452 D adayocomadapter-UpstreamHandler: processBeforePacket upSreamtProcessTimePoint[234221] 
01-30 10:35:57.682   396   452 D adayocomadapter-UpstreamHandler: processPacket UPSTREAM_QUEUE_DATA_TIMEOUT
01-30 10:35:57.682   396   452 D adayocomadapter-ParseProtocolFunc: parseCommonIPCLBytes Processing tableNumber[17]
01-30 10:35:57.682   396   452 D adayocomadapter-ParseProtocolFunc: parseCommonIPCLBytes Processing tablename[Table-17] tableSize[41]
01-30 10:35:57.682   396   452 D adayocomadapter-ParseProtocolFunc: printRaWMsg Name[byteStream recv] len[41] data[11485954593030303054455354303030303400000000000000000000007F000100000000000007FE00]
01-30 10:35:57.682   396   452 D adayocomadapter-ParseProtocolFunc: printRaWMsg Name[IPCLtoVHAL] len[22] data[21102047014859545930303030544553543030303034]
01-30 10:35:57.682   396   452 D adayocomadapter-ParseProtocolFunc: printRaWMsg Name[IPCLtoVHAL] len[6] data[214020130000]
01-30 10:35:57.682   396   452 D adayocomadapter-ParseProtocolFunc: printRaWMsg Name[IPCLtoVHAL] len[6] data[2140216C0000]
01-30 10:35:57.682   396   452 D adayocomadapter-ParseProtocolFunc: printRaWMsg Name[IPCLtoVHAL] len[6] data[214020A60000]
01-30 10:35:57.682   396   452 D adayocomadapter-ParseProtocolFunc: printRaWMsg Name[IPCLtoVHAL] len[6] data[214020FC0000]
01-30 10:35:57.682   396   452 D adayocomadapter-ParseProtocolFunc: printRaWMsg Name[IPCLtoVHAL] len[6] data[214021080000]
01-30 10:35:57.682   396   452 D adayocomadapter-ParseProtocolFunc: printRaWMsg Name[IPCLtoVHAL] len[6] data[2140210A0000]
01-30 10:35:57.682   396   452 D adayocomadapter-ParseProtocolFunc: printRaWMsg Name[IPCLtoVHAL] len[6] data[21402024007F]
01-30 10:35:57.682   396   452 D adayocomadapter-ParseProtocolFunc: printRaWMsg Name[IPCLtoVHAL] len[6] data[214021200000]
01-30 10:35:57.682   396   452 D adayocomadapter-ParseProtocolFunc: printRaWMsg Name[IPCLtoVHAL] len[6] data[214021090000]
01-30 10:35:57.682   396   452 D adayocomadapter-ParseProtocolFunc: printRaWMsg Name[IPCLtoVHAL] len[6] data[214020A70000]
01-30 10:35:57.682   396   452 D adayocomadapter-ParseProtocolFunc: printRaWMsg Name[IPCLtoVHAL] len[6] data[2140212E0000]
01-30 10:35:57.682   396   452 D adayocomadapter-ParseProtocolFunc: printRaWMsg Name[IPCLtoVHAL] len[6] data[2140205F0000]
01-30 10:35:57.682   396   452 D adayocomadapter-ParseProtocolFunc: printRaWMsg Name[IPCLtoVHAL] len[6] data[214021000000]
01-30 10:35:57.682   396   452 D adayocomadapter-ParseProtocolFunc: printRaWMsg Name[IPCLtoVHAL] len[7] data[214021A10007FE]
01-30 10:35:57.682   396   452 D adayocomadapter-ParseProtocolFunc: printRaWMsg Name[IPCLtoVHAL] len[6] data[214020270000]
01-30 10:35:57.682   396   452 D adayocomadapter-ParseProtocolFunc: printRaWMsg Name[IPCLtoVHAL] len[6] data[214021800000]
01-30 10:35:57.682   396   452 D adayocomadapter-ParseProtocolFunc: printRaWMsg Name[IPCLtoVHAL] len[6] data[2140210B0000]
01-30 10:35:57.682   396   452 D adayocomadapter-ParseProtocolFunc: printRaWMsg Name[IPCLtoVHAL] len[6] data[2140217E0000]
01-30 10:35:57.682   396   452 D adayocomadapter-ParseProtocolFunc: printRaWMsg Name[IPCLtoVHAL] len[6] data[214020FE0001]
01-30 10:35:57.682   396   452 D adayocomadapter-ParseProtocolFunc: printRaWMsg Name[IPCLtoVHAL] len[6] data[214020FF0000]
01-30 10:35:57.682   396   452 D adayocomadapter-ParseProtocolFunc: printRaWMsg Name[IPCLtoVHAL] len[6] data[214021820000]
01-30 10:35:57.682   396   452 D adayocomadapter-ParseProtocolFunc: printRaWMsg Name[IPCLtoVHAL] len[6] data[2140210C0000]
01-30 10:35:57.682   396   452 D adayocomadapter-CommunicationManager: onUpstreamReceive mPropertyId 0x21102047
01-30 10:35:57.682   396   452 D adayocomadapter-CommunicationManager: byteArrayToHexString  HYTY0000TEST00004
01-30 10:35:57.682   396   452 I vw-vhal : notifyVehicleProperty, propId = 0x21102047, data = {status: 2, stringValue: "HYTY0000TEST00004"}
01-30 10:35:57.682   396   452 I vw-vhal : CanSignalsAdapter::notifyVehicleProperty: solvedValue = {.timestamp = 234221923026, .areaId = 0, .prop = 554704967, .status = AVAILABLE, .value = {.int32Values = [0]{}, .floatValues = [0]{}, .int64Values = [0]{}, .bytes = [0]{}, .stringValue = "HYTY0000TEST00004"}}
01-30 10:35:57.682   396   452 I VehiclePropertyStore: begin to write value to Store: {.timestamp = 234221923026, .areaId = 0, .prop = 554704967, .status = AVAILABLE, .value = {.int32Values = [0]{}, .floatValues = [0]{}, .int64Values = [0]{}, .bytes = [0]{}, .stringValue = "HYTY0000TEST00004"}}
01-30 10:35:57.682   396   452 I DefaultVehicleHal_v2_0: DefaultVehicleHal::onPropertyValue, value:{.timestamp = 234221923026, .areaId = 0, .prop = 554704967, .status = AVAILABLE, .value = {.int32Values = [0]{}, .floatValues = [0]{}, .int64Values = [0]{}, .bytes = [0]{}, .stringValue = "HYTY0000TEST00004"}}
01-30 10:35:57.682   396   452 I VehiclePropertyStore: begin to write value to Store: {.timestamp = 234221923026, .areaId = 0, .prop = 554704967, .status = AVAILABLE, .value = {.int32Values = [0]{}, .floatValues = [0]{}, .int64Values = [0]{}, .bytes = [0]{}, .stringValue = "HYTY0000TEST00004"}}
01-30 10:35:57.682   396   452 D adayocomadapter-CommunicationManager: onUpstreamReceive mPropertyId 0x21102047
01-30 10:35:57.682   396   452 D adayocomadapter-CommunicationManager: onUpstreamReceive mPropertyId 0x21402013
01-30 10:35:57.682   396   452 D adayocomadapter-CommunicationManager: convertBytesToInt32Memcpy  0
01-30 10:35:57.682   396   452 I vw-vhal : notifyVehicleProperty, propId = 0x21402013, data = {status: 2, int32Values: [0]}
01-30 10:35:57.683   396   452 I vw-vhal : CanSignalsAdapter::notifyVehicleProperty: solvedValue = {.timestamp = 234222135026, .areaId = 0, .prop = 557850643, .status = AVAILABLE, .value = {.int32Values = [1]{0}, .floatValues = [0]{}, .int64Values = [0]{}, .bytes = [0]{}, .stringValue = ""}}
01-30 10:35:57.683   396   452 I VehiclePropertyStore: begin to write value to Store: {.timestamp = 234222135026, .areaId = 0, .prop = 557850643, .status = AVAILABLE, .value = {.int32Values = [1]{0}, .floatValues = [0]{}, .int64Values = [0]{}, .bytes = [0]{}, .stringValue = ""}}
01-30 10:35:57.683   396   452 I DefaultVehicleHal_v2_0: DefaultVehicleHal::onPropertyValue, value:{.timestamp = 234222135026, .areaId = 0, .prop = 557850643, .status = AVAILABLE, .value = {.int32Values = [1]{0}, .floatValues = [0]{}, .int64Values = [0]{}, .bytes = [0]{}, .stringValue = ""}}
01-30 10:35:57.683   396   452 I VehiclePropertyStore: begin to write value to Store: {.timestamp = 234222135026, .areaId = 0, .prop = 557850643, .status = AVAILABLE, .value = {.int32Values = [1]{0}, .floatValues = [0]{}, .int64Values = [0]{}, .bytes = [0]{}, .stringValue = ""}}
01-30 10:35:57.683   396   452 D adayocomadapter-CommunicationManager: onUpstreamReceive mPropertyId 0x21402013
01-30 10:35:57.683   396   452 D adayocomadapter-CommunicationManager: onUpstreamReceive mPropertyId 0x2140216c
01-30 10:35:57.683   396   452 D adayocomadapter-CommunicationManager: convertBytesToInt32Memcpy  0
01-30 10:35:57.683   396   452 I vw-vhal : notifyVehicleProperty, propId = 0x2140216c, data = {status: 2, int32Values: [0]}
01-30 10:35:57.683   396   452 I vw-vhal : CanSignalsAdapter::notifyVehicleProperty: solvedValue = {.timestamp = 234222326359, .areaId = 0, .prop = 557850988, .status = AVAILABLE, .value = {.int32Values = [1]{0}, .floatValues = [0]{}, .int64Values = [0]{}, .bytes = [0]{}, .stringValue = ""}}
01-30 10:35:57.683   396   452 I VehiclePropertyStore: begin to write value to Store: {.timestamp = 234222326359, .areaId = 0, .prop = 557850988, .status = AVAILABLE, .value = {.int32Values = [1]{0}, .floatValues = [0]{}, .int64Values = [0]{}, .bytes = [0]{}, .stringValue = ""}}
01-30 10:35:57.683   396   452 I DefaultVehicleHal_v2_0: DefaultVehicleHal::onPropertyValue, value:{.timestamp = 234222326359, .areaId = 0, .prop = 557850988, .status = AVAILABLE, .value = {.int32Values = [1]{0}, .floatValues = [0]{}, .int64Values = [0]{}, .bytes = [0]{}, .stringValue = ""}}
01-30 10:35:57.683   396   452 I VehiclePropertyStore: begin to write value to Store: {.timestamp = 234222326359, .areaId = 0, .prop = 557850988, .status = AVAILABLE, .value = {.int32Values = [1]{0}, .floatValues = [0]{}, .int64Values = [0]{}, .bytes = [0]{}, .stringValue = ""}}
01-30 10:35:57.683   396   452 D adayocomadapter-CommunicationManager: onUpstreamReceive mPropertyId 0x2140216c
01-30 10:35:57.683   396   452 D adayocomadapter-CommunicationManager: onUpstreamReceive mPropertyId 0x214020a6
01-30 10:35:57.683   396   452 D adayocomadapter-CommunicationManager: convertBytesToInt32Memcpy  0
01-30 10:35:57.683   396   452 I vw-vhal : notifyVehicleProperty, propId = 0x214020a6, data = {status: 2, int32Values: [0]}
01-30 10:35:57.683   396   452 I vw-vhal : CanSignalsAdapter::notifyVehicleProperty: solvedValue = {.timestamp = 234222520359, .areaId = 0, .prop = 557850790, .status = AVAILABLE, .value = {.int32Values = [1]{0}, .floatValues = [0]{}, .int64Values = [0]{}, .bytes = [0]{}, .stringValue = ""}}
01-30 10:35:57.683   396   452 I VehiclePropertyStore: begin to write value to Store: {.timestamp = 234222520359, .areaId = 0, .prop = 557850790, .status = AVAILABLE, .value = {.int32Values = [1]{0}, .floatValues = [0]{}, .int64Values = [0]{}, .bytes = [0]{}, .stringValue = ""}}
01-30 10:35:57.683   396   452 I DefaultVehicleHal_v2_0: DefaultVehicleHal::onPropertyValue, value:{.timestamp = 234222520359, .areaId = 0, .prop = 557850790, .status = AVAILABLE, .value = {.int32Values = [1]{0}, .floatValues = [0]{}, .int64Values = [0]{}, .bytes = [0]{}, .stringValue = ""}}
01-30 10:35:57.683   396   452 I VehiclePropertyStore: begin to write value to Store: {.timestamp = 234222520359, .areaId = 0, .prop = 557850790, .status = AVAILABLE, .value = {.int32Values = [1]{0}, .floatValues = [0]{}, .int64Values = [0]{}, .bytes = [0]{}, .stringValue = ""}}
01-30 10:35:57.683   396   452 D adayocomadapter-CommunicationManager: onUpstreamReceive mPropertyId 0x214020a6
01-30 10:35:57.683   396   452 D adayocomadapter-CommunicationManager: onUpstreamReceive mPropertyId 0x214020fc
01-30 10:35:57.683   396   452 D adayocomadapter-CommunicationManager: convertBytesToInt32Memcpy  0
01-30 10:35:57.683   396   452 I vw-vhal : notifyVehicleProperty, propId = 0x214020fc, data = {status: 2, int32Values: [0]}
01-30 10:35:57.683   396   452 I vw-vhal : CanSignalsAdapter::notifyVehicleProperty: solvedValue = {.timestamp = 234222704359, .areaId = 0, .prop = 557850876, .status = AVAILABLE, .value = {.int32Values = [1]{0}, .floatValues = [0]{}, .int64Values = [0]{}, .bytes = [0]{}, .stringValue = ""}}
01-30 10:35:57.683   396   452 I VehiclePropertyStore: begin to write value to Store: {.timestamp = 234222704359, .areaId = 0, .prop = 557850876, .status = AVAILABLE, .value = {.int32Values = [1]{0}, .floatValues = [0]{}, .int64Values = [0]{}, .bytes = [0]{}, .stringValue = ""}}
01-30 10:35:57.683   396   452 I DefaultVehicleHal_v2_0: DefaultVehicleHal::onPropertyValue, value:{.timestamp = 234222704359, .areaId = 0, .prop = 557850876, .status = AVAILABLE, .value = {.int32Values = [1]{0}, .floatValues = [0]{}, .int64Values = [0]{}, .bytes = [0]{}, .stringValue = ""}}
01-30 10:35:57.683   396   452 I VehiclePropertyStore: begin to write value to Store: {.timestamp = 234222704359, .areaId = 0, .prop = 557850876, .status = AVAILABLE, .value = {.int32Values = [1]{0}, .floatValues = [0]{}, .int64Values = [0]{}, .bytes = [0]{}, .stringValue = ""}}
01-30 10:35:57.683   396   452 D adayocomadapter-CommunicationManager: onUpstreamReceive mPropertyId 0x214020fc
01-30 10:35:57.683   396   452 D adayocomadapter-CommunicationManager: onUpstreamReceive mPropertyId 0x21402108
01-30 10:35:57.683   396   452 D adayocomadapter-CommunicationManager: convertBytesToInt32Memcpy  0
01-30 10:35:57.683   396   452 I vw-vhal : notifyVehicleProperty, propId = 0x21402108, data = {status: 2, int32Values: [0]}
01-30 10:35:57.683   396   452 I vw-vhal : CanSignalsAdapter::notifyVehicleProperty: solvedValue = {.timestamp = 234222879693, .areaId = 0, .prop = 557850888, .status = AVAILABLE, .value = {.int32Values = [1]{0}, .floatValues = [0]{}, .int64Values = [0]{}, .bytes = [0]{}, .stringValue = ""}}
01-30 10:35:57.683   396   452 I VehiclePropertyStore: begin to write value to Store: {.timestamp = 234222879693, .areaId = 0, .prop = 557850888, .status = AVAILABLE, .value = {.int32Values = [1]{0}, .floatValues = [0]{}, .int64Values = [0]{}, .bytes = [0]{}, .stringValue = ""}}
01-30 10:35:57.683   396   452 I DefaultVehicleHal_v2_0: DefaultVehicleHal::onPropertyValue, value:{.timestamp = 234222879693, .areaId = 0, .prop = 557850888, .status = AVAILABLE, .value = {.int32Values = [1]{0}, .floatValues = [0]{}, .int64Values = [0]{}, .bytes = [0]{}, .stringValue = ""}}
01-30 10:35:57.683   396   452 I VehiclePropertyStore: begin to write value to Store: {.timestamp = 234222879693, .areaId = 0, .prop = 557850888, .status = AVAILABLE, .value = {.int32Values = [1]{0}, .floatValues = [0]{}, .int64Values = [0]{}, .bytes = [0]{}, .stringValue = ""}}
01-30 10:35:57.683   396   452 D adayocomadapter-CommunicationManager: onUpstreamReceive mPropertyId 0x21402108
01-30 10:35:57.683   396   452 D adayocomadapter-CommunicationManager: onUpstreamReceive mPropertyId 0x2140210a
01-30 10:35:57.683   396   452 D adayocomadapter-CommunicationManager: convertBytesToInt32Memcpy  0
01-30 10:35:57.683   396   452 I vw-vhal : notifyVehicleProperty, propId = 0x2140210a, data = {status: 2, int32Values: [0]}
01-30 10:35:57.683   396   452 I vw-vhal : CanSignalsAdapter::notifyVehicleProperty: solvedValue = {.timestamp = 234223061026, .areaId = 0, .prop = 557850890, .status = AVAILABLE, .value = {.int32Values = [1]{0}, .floatValues = [0]{}, .int64Values = [0]{}, .bytes = [0]{}, .stringValue = ""}}
01-30 10:35:57.683   396   452 I VehiclePropertyStore: begin to write value to Store: {.timestamp = 234223061026, .areaId = 0, .prop = 557850890, .status = AVAILABLE, .value = {.int32Values = [1]{0}, .floatValues = [0]{}, .int64Values = [0]{}, .bytes = [0]{}, .stringValue = ""}}
01-30 10:35:57.683   396   452 I DefaultVehicleHal_v2_0: DefaultVehicleHal::onPropertyValue, value:{.timestamp = 234223061026, .areaId = 0, .prop = 557850890, .status = AVAILABLE, .value = {.int32Values = [1]{0}, .floatValues = [0]{}, .int64Values = [0]{}, .bytes = [0]{}, .stringValue = ""}}
01-30 10:35:57.684   396   452 I VehiclePropertyStore: begin to write value to Store: {.timestamp = 234223061026, .areaId = 0, .prop = 557850890, .status = AVAILABLE, .value = {.int32Values = [1]{0}, .floatValues = [0]{}, .int64Values = [0]{}, .bytes = [0]{}, .stringValue = ""}}
01-30 10:35:57.684   396   452 D adayocomadapter-CommunicationManager: onUpstreamReceive mPropertyId 0x2140210a
01-30 10:35:57.684   396   452 D adayocomadapter-CommunicationManager: onUpstreamReceive mPropertyId 0x21402024
01-30 10:35:57.684   396   452 D adayocomadapter-CommunicationManager: convertBytesToInt32Memcpy  127
01-30 10:35:57.684   396   452 I vw-vhal : notifyVehicleProperty, propId = 0x21402024, data = {status: 2, int32Values: [127]}
01-30 10:35:57.684   396   452 I vw-vhal : CanSignalsAdapter::notifyVehicleProperty: solvedValue = {.timestamp = 234223244693, .areaId = 0, .prop = 557850660, .status = AVAILABLE, .value = {.int32Values = [1]{127}, .floatValues = [0]{}, .int64Values = [0]{}, .bytes = [0]{}, .stringValue = ""}}
01-30 10:35:57.684   396   452 I VehiclePropertyStore: begin to write value to Store: {.timestamp = 234223244693, .areaId = 0, .prop = 557850660, .status = AVAILABLE, .value = {.int32Values = [1]{127}, .floatValues = [0]{}, .int64Values = [0]{}, .bytes = [0]{}, .stringValue = ""}}
01-30 10:35:57.684   396   452 I DefaultVehicleHal_v2_0: DefaultVehicleHal::onPropertyValue, value:{.timestamp = 234223244693, .areaId = 0, .prop = 557850660, .status = AVAILABLE, .value = {.int32Values = [1]{127}, .floatValues = [0]{}, .int64Values = [0]{}, .bytes = [0]{}, .stringValue = ""}}
01-30 10:35:57.684   396   452 I VehiclePropertyStore: begin to write value to Store: {.timestamp = 234223244693, .areaId = 0, .prop = 557850660, .status = AVAILABLE, .value = {.int32Values = [1]{127}, .floatValues = [0]{}, .int64Values = [0]{}, .bytes = [0]{}, .stringValue = ""}}
01-30 10:35:57.684   396   452 D adayocomadapter-CommunicationManager: onUpstreamReceive mPropertyId 0x21402024
01-30 10:35:57.684   396   452 D adayocomadapter-CommunicationManager: onUpstreamReceive mPropertyId 0x21402120
01-30 10:35:57.684   396   452 D adayocomadapter-CommunicationManager: convertBytesToInt32Memcpy  0
01-30 10:35:57.684   396   452 I vw-vhal : notifyVehicleProperty, propId = 0x21402120, data = {status: 2, int32Values: [0]}
01-30 10:35:57.684   396   452 I vw-vhal : CanSignalsAdapter::notifyVehicleProperty: solvedValue = {.timestamp = 234223427693, .areaId = 0, .prop = 557850912, .status = AVAILABLE, .value = {.int32Values = [1]{0}, .floatValues = [0]{}, .int64Values = [0]{}, .bytes = [0]{}, .stringValue = ""}}
01-30 10:35:57.684   396   452 I VehiclePropertyStore: begin to write value to Store: {.timestamp = 234223427693, .areaId = 0, .prop = 557850912, .status = AVAILABLE, .value = {.int32Values = [1]{0}, .floatValues = [0]{}, .int64Values = [0]{}, .bytes = [0]{}, .stringValue = ""}}
01-30 10:35:57.684   396   452 I DefaultVehicleHal_v2_0: DefaultVehicleHal::onPropertyValue, value:{.timestamp = 234223427693, .areaId = 0, .prop = 557850912, .status = AVAILABLE, .value = {.int32Values = [1]{0}, .floatValues = [0]{}, .int64Values = [0]{}, .bytes = [0]{}, .stringValue = ""}}
01-30 10:35:57.684   396   452 I VehiclePropertyStore: begin to write value to Store: {.timestamp = 234223427693, .areaId = 0, .prop = 557850912, .status = AVAILABLE, .value = {.int32Values = [1]{0}, .floatValues = [0]{}, .int64Values = [0]{}, .bytes = [0]{}, .stringValue = ""}}
01-30 10:35:57.684   396   452 D adayocomadapter-CommunicationManager: onUpstreamReceive mPropertyId 0x21402120
01-30 10:35:57.684   396   452 D adayocomadapter-CommunicationManager: onUpstreamReceive mPropertyId 0x21402109
01-30 10:35:57.684   396   452 D adayocomadapter-CommunicationManager: convertBytesToInt32Memcpy  0
01-30 10:35:57.684   396   452 I vw-vhal : notifyVehicleProperty, propId = 0x21402109, data = {status: 2, int32Values: [0]}
01-30 10:35:57.684   396   452 I vw-vhal : CanSignalsAdapter::notifyVehicleProperty: solvedValue = {.timestamp = 234223607359, .areaId = 0, .prop = 557850889, .status = AVAILABLE, .value = {.int32Values = [1]{0}, .floatValues = [0]{}, .int64Values = [0]{}, .bytes = [0]{}, .stringValue = ""}}
01-30 10:35:57.684   396   452 I VehiclePropertyStore: begin to write value to Store: {.timestamp = 234223607359, .areaId = 0, .prop = 557850889, .status = AVAILABLE, .value = {.int32Values = [1]{0}, .floatValues = [0]{}, .int64Values = [0]{}, .bytes = [0]{}, .stringValue = ""}}
01-30 10:35:57.684   396   452 I DefaultVehicleHal_v2_0: DefaultVehicleHal::onPropertyValue, value:{.timestamp = 234223607359, .areaId = 0, .prop = 557850889, .status = AVAILABLE, .value = {.int32Values = [1]{0}, .floatValues = [0]{}, .int64Values = [0]{}, .bytes = [0]{}, .stringValue = ""}}
01-30 10:35:57.684   396   452 I VehiclePropertyStore: begin to write value to Store: {.timestamp = 234223607359, .areaId = 0, .prop = 557850889, .status = AVAILABLE, .value = {.int32Values = [1]{0}, .floatValues = [0]{}, .int64Values = [0]{}, .bytes = [0]{}, .stringValue = ""}}
01-30 10:35:57.684   396   452 D adayocomadapter-CommunicationManager: onUpstreamReceive mPropertyId 0x21402109
01-30 10:35:57.684   396   452 D adayocomadapter-CommunicationManager: onUpstreamReceive mPropertyId 0x214020a7
01-30 10:35:57.684   396   452 D adayocomadapter-CommunicationManager: convertBytesToInt32Memcpy  0
01-30 10:35:57.684   396   452 I vw-vhal : notifyVehicleProperty, propId = 0x214020a7, data = {status: 2, int32Values: [0]}
01-30 10:35:57.684   396   452 I vw-vhal : CanSignalsAdapter::notifyVehicleProperty: solvedValue = {.timestamp = 234223786693, .areaId = 0, .prop = 557850791, .status = AVAILABLE, .value = {.int32Values = [1]{0}, .floatValues = [0]{}, .int64Values = [0]{}, .bytes = [0]{}, .stringValue = ""}}
01-30 10:35:57.684   396   452 I VehiclePropertyStore: begin to write value to Store: {.timestamp = 234223786693, .areaId = 0, .prop = 557850791, .status = AVAILABLE, .value = {.int32Values = [1]{0}, .floatValues = [0]{}, .int64Values = [0]{}, .bytes = [0]{}, .stringValue = ""}}
01-30 10:35:57.684   396   452 I DefaultVehicleHal_v2_0: DefaultVehicleHal::onPropertyValue, value:{.timestamp = 234223786693, .areaId = 0, .prop = 557850791, .status = AVAILABLE, .value = {.int32Values = [1]{0}, .floatValues = [0]{}, .int64Values = [0]{}, .bytes = [0]{}, .stringValue = ""}}
01-30 10:35:57.684   396   452 I VehiclePropertyStore: begin to write value to Store: {.timestamp = 234223786693, .areaId = 0, .prop = 557850791, .status = AVAILABLE, .value = {.int32Values = [1]{0}, .floatValues = [0]{}, .int64Values = [0]{}, .bytes = [0]{}, .stringValue = ""}}
01-30 10:35:57.684   396   452 D adayocomadapter-CommunicationManager: onUpstreamReceive mPropertyId 0x214020a7
01-30 10:35:57.684   396   452 D adayocomadapter-CommunicationManager: onUpstreamReceive mPropertyId 0x2140212e
01-30 10:35:57.684   396   452 D adayocomadapter-CommunicationManager: convertBytesToInt32Memcpy  0
01-30 10:35:57.684   396   452 I vw-vhal : notifyVehicleProperty, propId = 0x2140212e, data = {status: 2, int32Values: [0]}
01-30 10:35:57.684   396   452 I vw-vhal : CanSignalsAdapter::notifyVehicleProperty: solvedValue = {.timestamp = 234223966693, .areaId = 0, .prop = 557850926, .status = AVAILABLE, .value = {.int32Values = [1]{0}, .floatValues = [0]{}, .int64Values = [0]{}, .bytes = [0]{}, .stringValue = ""}}
01-30 10:35:57.684   396   452 I VehiclePropertyStore: begin to write value to Store: {.timestamp = 234223966693, .areaId = 0, .prop = 557850926, .status = AVAILABLE, .value = {.int32Values = [1]{0}, .floatValues = [0]{}, .int64Values = [0]{}, .bytes = [0]{}, .stringValue = ""}}
01-30 10:35:57.684   396   452 I DefaultVehicleHal_v2_0: DefaultVehicleHal::onPropertyValue, value:{.timestamp = 234223966693, .areaId = 0, .prop = 557850926, .status = AVAILABLE, .value = {.int32Values = [1]{0}, .floatValues = [0]{}, .int64Values = [0]{}, .bytes = [0]{}, .stringValue = ""}}
01-30 10:35:57.684   396   452 I VehiclePropertyStore: begin to write value to Store: {.timestamp = 234223966693, .areaId = 0, .prop = 557850926, .status = AVAILABLE, .value = {.int32Values = [1]{0}, .floatValues = [0]{}, .int64Values = [0]{}, .bytes = [0]{}, .stringValue = ""}}
01-30 10:35:57.684   396   452 D adayocomadapter-CommunicationManager: onUpstreamReceive mPropertyId 0x2140212e
01-30 10:35:57.684   396   452 D adayocomadapter-CommunicationManager: onUpstreamReceive mPropertyId 0x2140205f
01-30 10:35:57.685   396   452 D adayocomadapter-CommunicationManager: convertBytesToInt32Memcpy  0
01-30 10:35:57.685   396   452 I vw-vhal : notifyVehicleProperty, propId = 0x2140205f, data = {status: 2, int32Values: [0]}
01-30 10:35:57.685   396   452 I vw-vhal : CanSignalsAdapter::notifyVehicleProperty: solvedValue = {.timestamp = 234224191359, .areaId = 0, .prop = 557850719, .status = AVAILABLE, .value = {.int32Values = [1]{0}, .floatValues = [0]{}, .int64Values = [0]{}, .bytes = [0]{}, .stringValue = ""}}
01-30 10:35:57.685   396   452 I VehiclePropertyStore: begin to write value to Store: {.timestamp = 234224191359, .areaId = 0, .prop = 557850719, .status = AVAILABLE, .value = {.int32Values = [1]{0}, .floatValues = [0]{}, .int64Values = [0]{}, .bytes = [0]{}, .stringValue = ""}}
01-30 10:35:57.685   396   452 I DefaultVehicleHal_v2_0: DefaultVehicleHal::onPropertyValue, value:{.timestamp = 234224191359, .areaId = 0, .prop = 557850719, .status = AVAILABLE, .value = {.int32Values = [1]{0}, .floatValues = [0]{}, .int64Values = [0]{}, .bytes = [0]{}, .stringValue = ""}}
01-30 10:35:57.685   396   452 I VehiclePropertyStore: begin to write value to Store: {.timestamp = 234224191359, .areaId = 0, .prop = 557850719, .status = AVAILABLE, .value = {.int32Values = [1]{0}, .floatValues = [0]{}, .int64Values = [0]{}, .bytes = [0]{}, .stringValue = ""}}
01-30 10:35:57.685   396   452 D adayocomadapter-CommunicationManager: onUpstreamReceive mPropertyId 0x2140205f
01-30 10:35:57.685   396   452 D adayocomadapter-CommunicationManager: onUpstreamReceive mPropertyId 0x21402100
01-30 10:35:57.685   396   452 D adayocomadapter-CommunicationManager: convertBytesToInt32Memcpy  0
01-30 10:35:57.685   396   452 I vw-vhal : notifyVehicleProperty, propId = 0x21402100, data = {status: 2, int32Values: [0]}
01-30 10:35:57.685   396   452 I vw-vhal : CanSignalsAdapter::notifyVehicleProperty: solvedValue = {.timestamp = 234224361026, .areaId = 0, .prop = 557850880, .status = AVAILABLE, .value = {.int32Values = [1]{0}, .floatValues = [0]{}, .int64Values = [0]{}, .bytes = [0]{}, .stringValue = ""}}
01-30 10:35:57.685   396   452 I VehiclePropertyStore: begin to write value to Store: {.timestamp = 234224361026, .areaId = 0, .prop = 557850880, .status = AVAILABLE, .value = {.int32Values = [1]{0}, .floatValues = [0]{}, .int64Values = [0]{}, .bytes = [0]{}, .stringValue = ""}}
01-30 10:35:57.685   396   452 I DefaultVehicleHal_v2_0: DefaultVehicleHal::onPropertyValue, value:{.timestamp = 234224361026, .areaId = 0, .prop = 557850880, .status = AVAILABLE, .value = {.int32Values = [1]{0}, .floatValues = [0]{}, .int64Values = [0]{}, .bytes = [0]{}, .stringValue = ""}}
01-30 10:35:57.685   396   452 I VehiclePropertyStore: begin to write value to Store: {.timestamp = 234224361026, .areaId = 0, .prop = 557850880, .status = AVAILABLE, .value = {.int32Values = [1]{0}, .floatValues = [0]{}, .int64Values = [0]{}, .bytes = [0]{}, .stringValue = ""}}
01-30 10:35:57.685   396   452 D adayocomadapter-CommunicationManager: onUpstreamReceive mPropertyId 0x21402100
01-30 10:35:57.685   396   452 D adayocomadapter-CommunicationManager: onUpstreamReceive mPropertyId 0x214021a1
01-30 10:35:57.685   396   452 D adayocomadapter-CommunicationManager: convertBytesToInt32Memcpy  2046
01-30 10:35:57.685   396   452 I vw-vhal : notifyVehicleProperty, propId = 0x214021a1, data = {status: 2, int32Values: [2046]}
01-30 10:35:57.685   396   452 I vw-vhal : CanSignalsAdapter::notifyVehicleProperty: solvedValue = {.timestamp = 234224624693, .areaId = 0, .prop = 557851041, .status = AVAILABLE, .value = {.int32Values = [1]{2046}, .floatValues = [0]{}, .int64Values = [0]{}, .bytes = [0]{}, .stringValue = ""}}
01-30 10:35:57.685   396   452 I VehiclePropertyStore: begin to write value to Store: {.timestamp = 234224624693, .areaId = 0, .prop = 557851041, .status = AVAILABLE, .value = {.int32Values = [1]{2046}, .floatValues = [0]{}, .int64Values = [0]{}, .bytes = [0]{}, .stringValue = ""}}
01-30 10:35:57.685   396   452 I DefaultVehicleHal_v2_0: DefaultVehicleHal::onPropertyValue, value:{.timestamp = 234224624693, .areaId = 0, .prop = 557851041, .status = AVAILABLE, .value = {.int32Values = [1]{2046}, .floatValues = [0]{}, .int64Values = [0]{}, .bytes = [0]{}, .stringValue = ""}}
01-30 10:35:57.685   396   452 I VehiclePropertyStore: begin to write value to Store: {.timestamp = 234224624693, .areaId = 0, .prop = 557851041, .status = AVAILABLE, .value = {.int32Values = [1]{2046}, .floatValues = [0]{}, .int64Values = [0]{}, .bytes = [0]{}, .stringValue = ""}}
01-30 10:35:57.685   396   452 D adayocomadapter-CommunicationManager: onUpstreamReceive mPropertyId 0x214021a1
01-30 10:35:57.685   396   452 D adayocomadapter-CommunicationManager: onUpstreamReceive mPropertyId 0x21402027
01-30 10:35:57.685   396   452 D adayocomadapter-CommunicationManager: convertBytesToInt32Memcpy  0
01-30 10:35:57.685   396   452 I vw-vhal : notifyVehicleProperty, propId = 0x21402027, data = {status: 2, int32Values: [0]}
01-30 10:35:57.685   396   452 I vw-vhal : CanSignalsAdapter::notifyVehicleProperty: solvedValue = {.timestamp = 234224807693, .areaId = 0, .prop = 557850663, .status = AVAILABLE, .value = {.int32Values = [1]{0}, .floatValues = [0]{}, .int64Values = [0]{}, .bytes = [0]{}, .stringValue = ""}}
01-30 10:35:57.685   396   452 I VehiclePropertyStore: begin to write value to Store: {.timestamp = 234224807693, .areaId = 0, .prop = 557850663, .status = AVAILABLE, .value = {.int32Values = [1]{0}, .floatValues = [0]{}, .int64Values = [0]{}, .bytes = [0]{}, .stringValue = ""}}
01-30 10:35:57.685   396   452 I DefaultVehicleHal_v2_0: DefaultVehicleHal::onPropertyValue, value:{.timestamp = 234224807693, .areaId = 0, .prop = 557850663, .status = AVAILABLE, .value = {.int32Values = [1]{0}, .floatValues = [0]{}, .int64Values = [0]{}, .bytes = [0]{}, .stringValue = ""}}
01-30 10:35:57.685   396   452 I VehiclePropertyStore: begin to write value to Store: {.timestamp = 234224807693, .areaId = 0, .prop = 557850663, .status = AVAILABLE, .value = {.int32Values = [1]{0}, .floatValues = [0]{}, .int64Values = [0]{}, .bytes = [0]{}, .stringValue = ""}}
01-30 10:35:57.685   396   452 D adayocomadapter-CommunicationManager: onUpstreamReceive mPropertyId 0x21402027
01-30 10:35:57.685   396   452 D adayocomadapter-CommunicationManager: onUpstreamReceive mPropertyId 0x21402180
01-30 10:35:57.685   396   452 D adayocomadapter-CommunicationManager: convertBytesToInt32Memcpy  0
01-30 10:35:57.685   396   452 I vw-vhal : notifyVehicleProperty, propId = 0x21402180, data = {status: 2, int32Values: [0]}
01-30 10:35:57.685   396   452 I vw-vhal : CanSignalsAdapter::notifyVehicleProperty: solvedValue = {.timestamp = 234224989359, .areaId = 0, .prop = 557851008, .status = AVAILABLE, .value = {.int32Values = [1]{0}, .floatValues = [0]{}, .int64Values = [0]{}, .bytes = [0]{}, .stringValue = ""}}
01-30 10:35:57.685   396   452 I VehiclePropertyStore: begin to write value to Store: {.timestamp = 234224989359, .areaId = 0, .prop = 557851008, .status = AVAILABLE, .value = {.int32Values = [1]{0}, .floatValues = [0]{}, .int64Values = [0]{}, .bytes = [0]{}, .stringValue = ""}}
01-30 10:35:57.685   396   452 I DefaultVehicleHal_v2_0: DefaultVehicleHal::onPropertyValue, value:{.timestamp = 234224989359, .areaId = 0, .prop = 557851008, .status = AVAILABLE, .value = {.int32Values = [1]{0}, .floatValues = [0]{}, .int64Values = [0]{}, .bytes = [0]{}, .stringValue = ""}}
01-30 10:35:57.685   396   452 I VehiclePropertyStore: begin to write value to Store: {.timestamp = 234224989359, .areaId = 0, .prop = 557851008, .status = AVAILABLE, .value = {.int32Values = [1]{0}, .floatValues = [0]{}, .int64Values = [0]{}, .bytes = [0]{}, .stringValue = ""}}
01-30 10:35:57.685   396   452 D adayocomadapter-CommunicationManager: onUpstreamReceive mPropertyId 0x21402180
01-30 10:35:57.685   396   452 D adayocomadapter-CommunicationManager: onUpstreamReceive mPropertyId 0x2140210b
01-30 10:35:57.685   396   452 D adayocomadapter-CommunicationManager: convertBytesToInt32Memcpy  0
01-30 10:35:57.686   396   452 I vw-vhal : notifyVehicleProperty, propId = 0x2140210b, data = {status: 2, int32Values: [0]}
01-30 10:35:57.686   396   452 I vw-vhal : CanSignalsAdapter::notifyVehicleProperty: solvedValue = {.timestamp = 234225160026, .areaId = 0, .prop = 557850891, .status = AVAILABLE, .value = {.int32Values = [1]{0}, .floatValues = [0]{}, .int64Values = [0]{}, .bytes = [0]{}, .stringValue = ""}}
01-30 10:35:57.686   396   452 I VehiclePropertyStore: begin to write value to Store: {.timestamp = 234225160026, .areaId = 0, .prop = 557850891, .status = AVAILABLE, .value = {.int32Values = [1]{0}, .floatValues = [0]{}, .int64Values = [0]{}, .bytes = [0]{}, .stringValue = ""}}
01-30 10:35:57.686   396   452 I DefaultVehicleHal_v2_0: DefaultVehicleHal::onPropertyValue, value:{.timestamp = 234225160026, .areaId = 0, .prop = 557850891, .status = AVAILABLE, .value = {.int32Values = [1]{0}, .floatValues = [0]{}, .int64Values = [0]{}, .bytes = [0]{}, .stringValue = ""}}
01-30 10:35:57.686   396   452 I VehiclePropertyStore: begin to write value to Store: {.timestamp = 234225160026, .areaId = 0, .prop = 557850891, .status = AVAILABLE, .value = {.int32Values = [1]{0}, .floatValues = [0]{}, .int64Values = [0]{}, .bytes = [0]{}, .stringValue = ""}}
01-30 10:35:57.686   396   452 D adayocomadapter-CommunicationManager: onUpstreamReceive mPropertyId 0x2140210b
01-30 10:35:57.686   396   452 D adayocomadapter-CommunicationManager: onUpstreamReceive mPropertyId 0x2140217e
01-30 10:35:57.686   396   452 D adayocomadapter-CommunicationManager: convertBytesToInt32Memcpy  0
01-30 10:35:57.686   396   452 I vw-vhal : notifyVehicleProperty, propId = 0x2140217e, data = {status: 2, int32Values: [0]}
01-30 10:35:57.686   396   452 I vw-vhal : CanSignalsAdapter::notifyVehicleProperty: solvedValue = {.timestamp = 234225342693, .areaId = 0, .prop = 557851006, .status = AVAILABLE, .value = {.int32Values = [1]{0}, .floatValues = [0]{}, .int64Values = [0]{}, .bytes = [0]{}, .stringValue = ""}}
01-30 10:35:57.686   396   452 I VehiclePropertyStore: begin to write value to Store: {.timestamp = 234225342693, .areaId = 0, .prop = 557851006, .status = AVAILABLE, .value = {.int32Values = [1]{0}, .floatValues = [0]{}, .int64Values = [0]{}, .bytes = [0]{}, .stringValue = ""}}
01-30 10:35:57.686   396   452 I DefaultVehicleHal_v2_0: DefaultVehicleHal::onPropertyValue, value:{.timestamp = 234225342693, .areaId = 0, .prop = 557851006, .status = AVAILABLE, .value = {.int32Values = [1]{0}, .floatValues = [0]{}, .int64Values = [0]{}, .bytes = [0]{}, .stringValue = ""}}
01-30 10:35:57.686   396   452 I VehiclePropertyStore: begin to write value to Store: {.timestamp = 234225342693, .areaId = 0, .prop = 557851006, .status = AVAILABLE, .value = {.int32Values = [1]{0}, .floatValues = [0]{}, .int64Values = [0]{}, .bytes = [0]{}, .stringValue = ""}}
01-30 10:35:57.686   396   452 D adayocomadapter-CommunicationManager: onUpstreamReceive mPropertyId 0x2140217e
01-30 10:35:57.686   396   452 D adayocomadapter-CommunicationManager: onUpstreamReceive mPropertyId 0x214020fe
01-30 10:35:57.686   396   452 D adayocomadapter-CommunicationManager: convertBytesToInt32Memcpy  1
01-30 10:35:57.686   396   452 I vw-vhal : notifyVehicleProperty, propId = 0x214020fe, data = {status: 2, int32Values: [1]}
01-30 10:35:57.686   396   452 I vw-vhal : CanSignalsAdapter::notifyVehicleProperty: solvedValue = {.timestamp = 234225522359, .areaId = 0, .prop = 557850878, .status = AVAILABLE, .value = {.int32Values = [1]{1}, .floatValues = [0]{}, .int64Values = [0]{}, .bytes = [0]{}, .stringValue = ""}}
01-30 10:35:57.686   396   452 I VehiclePropertyStore: begin to write value to Store: {.timestamp = 234225522359, .areaId = 0, .prop = 557850878, .status = AVAILABLE, .value = {.int32Values = [1]{1}, .floatValues = [0]{}, .int64Values = [0]{}, .bytes = [0]{}, .stringValue = ""}}
01-30 10:35:57.686   396   452 I DefaultVehicleHal_v2_0: DefaultVehicleHal::onPropertyValue, value:{.timestamp = 234225522359, .areaId = 0, .prop = 557850878, .status = AVAILABLE, .value = {.int32Values = [1]{1}, .floatValues = [0]{}, .int64Values = [0]{}, .bytes = [0]{}, .stringValue = ""}}
01-30 10:35:57.686   396   452 I VehiclePropertyStore: begin to write value to Store: {.timestamp = 234225522359, .areaId = 0, .prop = 557850878, .status = AVAILABLE, .value = {.int32Values = [1]{1}, .floatValues = [0]{}, .int64Values = [0]{}, .bytes = [0]{}, .stringValue = ""}}
01-30 10:35:57.686   396   452 D adayocomadapter-CommunicationManager: onUpstreamReceive mPropertyId 0x214020fe
01-30 10:35:57.686   396   452 D adayocomadapter-CommunicationManager: onUpstreamReceive mPropertyId 0x214020ff
01-30 10:35:57.686   396   452 D adayocomadapter-CommunicationManager: convertBytesToInt32Memcpy  0
01-30 10:35:57.686   396   452 I vw-vhal : notifyVehicleProperty, propId = 0x214020ff, data = {status: 2, int32Values: [0]}
01-30 10:35:57.686   396   452 I vw-vhal : CanSignalsAdapter::notifyVehicleProperty: solvedValue = {.timestamp = 234225699359, .areaId = 0, .prop = 557850879, .status = AVAILABLE, .value = {.int32Values = [1]{0}, .floatValues = [0]{}, .int64Values = [0]{}, .bytes = [0]{}, .stringValue = ""}}
01-30 10:35:57.686   396   452 I VehiclePropertyStore: begin to write value to Store: {.timestamp = 234225699359, .areaId = 0, .prop = 557850879, .status = AVAILABLE, .value = {.int32Values = [1]{0}, .floatValues = [0]{}, .int64Values = [0]{}, .bytes = [0]{}, .stringValue = ""}}
01-30 10:35:57.686   396   452 I DefaultVehicleHal_v2_0: DefaultVehicleHal::onPropertyValue, value:{.timestamp = 234225699359, .areaId = 0, .prop = 557850879, .status = AVAILABLE, .value = {.int32Values = [1]{0}, .floatValues = [0]{}, .int64Values = [0]{}, .bytes = [0]{}, .stringValue = ""}}
01-30 10:35:57.686   396   452 I VehiclePropertyStore: begin to write value to Store: {.timestamp = 234225699359, .areaId = 0, .prop = 557850879, .status = AVAILABLE, .value = {.int32Values = [1]{0}, .floatValues = [0]{}, .int64Values = [0]{}, .bytes = [0]{}, .stringValue = ""}}
01-30 10:35:57.686   396   452 D adayocomadapter-CommunicationManager: onUpstreamReceive mPropertyId 0x214020ff
01-30 10:35:57.686   396   452 D adayocomadapter-CommunicationManager: onUpstreamReceive mPropertyId 0x21402182
01-30 10:35:57.686   396   452 D adayocomadapter-CommunicationManager: convertBytesToInt32Memcpy  0
01-30 10:35:57.686   396   452 I vw-vhal : notifyVehicleProperty, propId = 0x21402182, data = {status: 2, int32Values: [0]}
01-30 10:35:57.686   396   452 I vw-vhal : CanSignalsAdapter::notifyVehicleProperty: solvedValue = {.timestamp = 234225878693, .areaId = 0, .prop = 557851010, .status = AVAILABLE, .value = {.int32Values = [1]{0}, .floatValues = [0]{}, .int64Values = [0]{}, .bytes = [0]{}, .stringValue = ""}}
01-30 10:35:57.686   396   452 I VehiclePropertyStore: begin to write value to Store: {.timestamp = 234225878693, .areaId = 0, .prop = 557851010, .status = AVAILABLE, .value = {.int32Values = [1]{0}, .floatValues = [0]{}, .int64Values = [0]{}, .bytes = [0]{}, .stringValue = ""}}
01-30 10:35:57.686   396   452 I DefaultVehicleHal_v2_0: DefaultVehicleHal::onPropertyValue, value:{.timestamp = 234225878693, .areaId = 0, .prop = 557851010, .status = AVAILABLE, .value = {.int32Values = [1]{0}, .floatValues = [0]{}, .int64Values = [0]{}, .bytes = [0]{}, .stringValue = ""}}
01-30 10:35:57.686   396   452 I VehiclePropertyStore: begin to write value to Store: {.timestamp = 234225878693, .areaId = 0, .prop = 557851010, .status = AVAILABLE, .value = {.int32Values = [1]{0}, .floatValues = [0]{}, .int64Values = [0]{}, .bytes = [0]{}, .stringValue = ""}}
01-30 10:35:57.686   396   452 D adayocomadapter-CommunicationManager: onUpstreamReceive mPropertyId 0x21402182
01-30 10:35:57.686   396   452 D adayocomadapter-CommunicationManager: onUpstreamReceive mPropertyId 0x2140210c
01-30 10:35:57.686   396   452 D adayocomadapter-CommunicationManager: convertBytesToInt32Memcpy  0
01-30 10:35:57.686   396   452 I vw-vhal : notifyVehicleProperty, propId = 0x2140210c, data = {status: 2, int32Values: [0]}
01-30 10:35:57.686   396   452 I vw-vhal : CanSignalsAdapter::notifyVehicleProperty: solvedValue = {.timestamp = 234226055026, .areaId = 0, .prop = 557850892, .status = AVAILABLE, .value = {.int32Values = [1]{0}, .floatValues = [0]{}, .int64Values = [0]{}, .bytes = [0]{}, .stringValue = ""}}
01-30 10:35:57.686   396   452 I VehiclePropertyStore: begin to write value to Store: {.timestamp = 234226055026, .areaId = 0, .prop = 557850892, .status = AVAILABLE, .value = {.int32Values = [1]{0}, .floatValues = [0]{}, .int64Values = [0]{}, .bytes = [0]{}, .stringValue = ""}}
01-30 10:35:57.686   396   452 I DefaultVehicleHal_v2_0: DefaultVehicleHal::onPropertyValue, value:{.timestamp = 234226055026, .areaId = 0, .prop = 557850892, .status = AVAILABLE, .value = {.int32Values = [1]{0}, .floatValues = [0]{}, .int64Values = [0]{}, .bytes = [0]{}, .stringValue = ""}}
01-30 10:35:57.687   396   452 I VehiclePropertyStore: begin to write value to Store: {.timestamp = 234226055026, .areaId = 0, .prop = 557850892, .status = AVAILABLE, .value = {.int32Values = [1]{0}, .floatValues = [0]{}, .int64Values = [0]{}, .bytes = [0]{}, .stringValue = ""}}
01-30 10:35:57.687   396   452 D adayocomadapter-CommunicationManager: onUpstreamReceive mPropertyId 0x2140210c
01-30 10:35:57.693   652  2032 I audio_hw_streamer: 569 capture_thread_loop: select [ch 8 -> ch 4] [15360 -> 7680] bytes data 
01-30 10:35:57.698 12403 12403 E SecureLog_Test: init_log_client()
01-30 10:35:57.701   317   317 I auditd  : avc:  denied  { find } for pid=12403 uid=0 name=adayo.log scontext=u:r:ota_init_shell:s0 tcontext=u:object_r:default_android_service:s0 tclass=service_manager permissive=0
01-30 10:35:57.702 12403 12403 I ServiceManagerCppClient: Waiting for service 'adayo.log' on '/dev/binder'...
01-30 10:35:57.713   652  2032 I audio_hw_streamer: 569 capture_thread_loop: select [ch 8 -> ch 4] [15360 -> 7680] bytes data 
01-30 10:35:57.727   706   722 D sde     : [SDE::zipArchiveFolder]  Debug: property_set persist.sde.last.number success
01-30 10:35:57.728   706   722 D sde     : [SDE::deleteFolder]  Debug: deleteFolder :data/sde/crash_12468_com.adayo.carplay_20260130_103557
01-30 10:35:57.728   706   722 D sde     : [SDE::hasEnoughSpace]  Debug: avaiPercent = 89, limitPercent = 90
01-30 10:35:57.728   706   706 D sde     : [SDE::socket_listen]  Debug: Accept_fd 5
01-30 10:35:57.728   706   722 D sde     : [SDE::CreateFolder]  Debug: CreateFolder type :crash ,pid :12521, package :com.adayo.carplay ,tombstone :
01-30 10:35:57.728   706   706 D sde     : [SDE::socket_listen]  Debug: receive msg from client : crash|12512|com.fawvw.intelligentmodeservice
01-30 10:35:57.728   706   722 D sde     : [SDE::CreateFolder]  Debug: logpath : data/sde/crash_12521_com.adayo.carplay_20260130_103557
01-30 10:35:57.728   851  2689 I SdException: disconnecting...
01-30 10:35:57.729   706   722 D sde     : [SDE::CollectExceptionMessage]  Debug: CreateFolder = data/sde/crash_12521_com.adayo.carplay_20260130_103557 
01-30 10:35:57.729   706   722 D sde     : [SDE::CatchLog]  Debug: CatchLog : crash,data/sde/crash_12521_com.adayo.carplay_20260130_103557
01-30 10:35:57.729   706   722 D sde     : [SDE::CatchJE]  Debug: CatchJE data/sde/crash_12521_com.adayo.carplay_20260130_103557
01-30 10:35:57.730   851  2689 W ActivityManager: Process com.adayo.carplay has crashed too many times, killing! Reason: crashed quickly
01-30 10:35:57.730   851  2689 I am_process_crashed_too_much: [0,com.adayo.carplay,1000]
01-30 10:35:57.732   851  2689 I sysui_multi_action: [757,316,758,4,759,-1]
01-30 10:35:57.733   584  1266 E WifiHAL : Invalid data received from driver
01-30 10:35:57.733 12720 12763 I Process : Sending signal. PID: 12720 SIG: 9
01-30 10:35:57.733   652  2032 I audio_hw_streamer: 569 capture_thread_loop: select [ch 8 -> ch 4] [15360 -> 7680] bytes data 
01-30 10:35:57.735  2310  3754 E [BD]NetCheck: _net_status change 2 to 1,rtt:531,JudgeTime:2000
01-30 10:35:57.745   644   707 I mcuc    : sd Uart data : 6AA6020843000292021D
01-30 10:35:57.750   644   707 I mcuc    : rev uart=2215,len=20, data : 6AA6810843000C9202000500000000000000008F
01-30 10:35:57.750   644   707 I mcuc    : sd Uart data : 6AA6020844000292021C
01-30 10:35:57.750   396   396 D adayocomadapter-ParseProtocolFunc: printRaWMsg Name[MCUToUPstream recv] len[12] data[920200050000000000000000]
01-30 10:35:57.750   396   396 D adayocomadapter-CommunicationManager: onUpstreamback   member[0] dataLength[9] timePoint[234290]
01-30 10:35:57.751   396   396 D adayocomadapter-ParseProtocolFunc: printRaWMsg Name[onUpstreamback] len[9] data[050000000000000000]
01-30 10:35:57.751   396   452 D adayocomadapter-UpstreamHandler: processBeforePacket upSreamtProcessTimePoint[234290] 
01-30 10:35:57.751   396   452 D adayocomadapter-UpstreamHandler: processPacket UPSTREAM_QUEUE_DATA_TIMEOUT
01-30 10:35:57.751   396   452 D adayocomadapter-ParseProtocolFunc: parseCommonIPCLBytes Processing tableNumber[5]
01-30 10:35:57.751   396   452 D adayocomadapter-ParseProtocolFunc: parseCommonIPCLBytes Processing tablename[Table-5] tableSize[9]
01-30 10:35:57.751   396   452 D adayocomadapter-ParseProtocolFunc: printRaWMsg Name[byteStream recv] len[9] data[050000000000000000]
01-30 10:35:57.751   396   452 D adayocomadapter-ParseProtocolFunc: printRaWMsg Name[IPCLtoVHAL] len[7] data[21402134000000]
01-30 10:35:57.751   396   452 D adayocomadapter-ParseProtocolFunc: printRaWMsg Name[IPCLtoVHAL] len[7] data[21402135000000]
01-30 10:35:57.751   396   452 D adayocomadapter-ParseProtocolFunc: printRaWMsg Name[IPCLtoVHAL] len[7] data[21402136000000]
01-30 10:35:57.751   396   452 D adayocomadapter-ParseProtocolFunc: printRaWMsg Name[IPCLtoVHAL] len[7] data[21402137000000]
01-30 10:35:57.751   396   452 D adayocomadapter-CommunicationManager: onUpstreamReceive mPropertyId 0x21402134
