01-30 10:35:56.248   396   452 D adayocomadapter-ParseProtocolFunc: printRaWMsg Name[IPCLtoVHAL] len[6] data[214021A20000]
01-30 10:35:56.248   396   452 D adayocomadapter-ParseProtocolFunc: printRaWMsg Name[IPCLtoVHAL] len[6] data[214020EA0000]
01-30 10:35:56.248   396   452 D adayocomadapter-CommunicationManager: onUpstreamReceive mPropertyId 0x21402049
01-30 10:35:56.248   396   452 D adayocomadapter-CommunicationManager: convertBytesToInt32Memcpy  0
01-30 10:35:56.248   396   452 I vw-vhal : notifyVehicleProperty, propId = 0x21402049, data = {status: 2, int32Values: [0]}
01-30 10:35:56.248   396   452 I vw-vhal : CanSignalsAdapter::notifyVehicleProperty: solvedValue = {.timestamp = 232788047026, .areaId = 0, .prop = 557850697, .status = AVAILABLE, .value = {.int32Values = [1]{0}, .floatValues = [0]{}, .int64Values = [0]{}, .bytes = [0]{}, .stringValue = ""}}
01-30 10:35:56.248   396   452 I VehiclePropertyStore: begin to write value to Store: {.timestamp = 232788047026, .areaId = 0, .prop = 557850697, .status = AVAILABLE, .value = {.int32Values = [1]{0}, .floatValues = [0]{}, .int64Values = [0]{}, .bytes = [0]{}, .stringValue = ""}}
01-30 10:35:56.248   396   452 I DefaultVehicleHal_v2_0: DefaultVehicleHal::onPropertyValue, value:{.timestamp = 232788047026, .areaId = 0, .prop = 557850697, .status = AVAILABLE, .value = {.int32Values = [1]{0}, .floatValues = [0]{}, .int64Values = [0]{}, .bytes = [0]{}, .stringValue = ""}}
01-30 10:35:56.249   396   452 I VehiclePropertyStore: begin to write value to Store: {.timestamp = 232788047026, .areaId = 0, .prop = 557850697, .status = AVAILABLE, .value = {.int32Values = [1]{0}, .floatValues = [0]{}, .int64Values = [0]{}, .bytes = [0]{}, .stringValue = ""}}
01-30 10:35:56.249   396   452 D adayocomadapter-CommunicationManager: onUpstreamReceive mPropertyId 0x21402049
01-30 10:35:56.249   396   452 D adayocomadapter-CommunicationManager: onUpstreamReceive mPropertyId 0x214021a2
01-30 10:35:56.249   396   452 D adayocomadapter-CommunicationManager: convertBytesToInt32Memcpy  0
01-30 10:35:56.249   396   452 I vw-vhal : notifyVehicleProperty, propId = 0x214021a2, data = {status: 2, int32Values: [0]}
01-30 10:35:56.249   396   452 I vw-vhal : CanSignalsAdapter::notifyVehicleProperty: solvedValue = {.timestamp = 232788268359, .areaId = 0, .prop = 557851042, .status = AVAILABLE, .value = {.int32Values = [1]{0}, .floatValues = [0]{}, .int64Values = [0]{}, .bytes = [0]{}, .stringValue = ""}}
01-30 10:35:56.249   396   452 I VehiclePropertyStore: begin to write value to Store: {.timestamp = 232788268359, .areaId = 0, .prop = 557851042, .status = AVAILABLE, .value = {.int32Values = [1]{0}, .floatValues = [0]{}, .int64Values = [0]{}, .bytes = [0]{}, .stringValue = ""}}
01-30 10:35:56.249   396   452 I DefaultVehicleHal_v2_0: DefaultVehicleHal::onPropertyValue, value:{.timestamp = 232788268359, .areaId = 0, .prop = 557851042, .status = AVAILABLE, .value = {.int32Values = [1]{0}, .floatValues = [0]{}, .int64Values = [0]{}, .bytes = [0]{}, .stringValue = ""}}
01-30 10:35:56.249   396   452 I VehiclePropertyStore: begin to write value to Store: {.timestamp = 232788268359, .areaId = 0, .prop = 557851042, .status = AVAILABLE, .value = {.int32Values = [1]{0}, .floatValues = [0]{}, .int64Values = [0]{}, .bytes = [0]{}, .stringValue = ""}}
01-30 10:35:56.249   396   452 D adayocomadapter-CommunicationManager: onUpstreamReceive mPropertyId 0x214021a2
01-30 10:35:56.249   396   452 D adayocomadapter-CommunicationManager: onUpstreamReceive mPropertyId 0x214020ea
01-30 10:35:56.249   396   452 D adayocomadapter-CommunicationManager: convertBytesToInt32Memcpy  0
01-30 10:35:56.249   396   452 I vw-vhal : notifyVehicleProperty, propId = 0x214020ea, data = {status: 2, int32Values: [0]}
01-30 10:35:56.249   396   452 I vw-vhal : CanSignalsAdapter::notifyVehicleProperty: solvedValue = {.timestamp = 232788451359, .areaId = 0, .prop = 557850858, .status = AVAILABLE, .value = {.int32Values = [1]{0}, .floatValues = [0]{}, .int64Values = [0]{}, .bytes = [0]{}, .stringValue = ""}}
01-30 10:35:56.249   396   452 I VehiclePropertyStore: begin to write value to Store: {.timestamp = 232788451359, .areaId = 0, .prop = 557850858, .status = AVAILABLE, .value = {.int32Values = [1]{0}, .floatValues = [0]{}, .int64Values = [0]{}, .bytes = [0]{}, .stringValue = ""}}
01-30 10:35:56.249   396   452 I DefaultVehicleHal_v2_0: DefaultVehicleHal::onPropertyValue, value:{.timestamp = 232788451359, .areaId = 0, .prop = 557850858, .status = AVAILABLE, .value = {.int32Values = [1]{0}, .floatValues = [0]{}, .int64Values = [0]{}, .bytes = [0]{}, .stringValue = ""}}
01-30 10:35:56.249   396   452 I VehiclePropertyStore: begin to write value to Store: {.timestamp = 232788451359, .areaId = 0, .prop = 557850858, .status = AVAILABLE, .value = {.int32Values = [1]{0}, .floatValues = [0]{}, .int64Values = [0]{}, .bytes = [0]{}, .stringValue = ""}}
01-30 10:35:56.249   396   452 D adayocomadapter-CommunicationManager: onUpstreamReceive mPropertyId 0x214020ea
01-30 10:35:56.253   652  2032 I audio_hw_streamer: 569 capture_thread_loop: select [ch 8 -> ch 4] [15360 -> 7680] bytes data 
01-30 10:35:56.263   582 12360 D resolv  : retrying_poll: 55 retrying_poll returning 1
01-30 10:35:56.263   582 12360 I resolv  : res_nsend: used send_dg 158 terrno: 0
01-30 10:35:56.263   582 12360 D resolv  : res_stats_set_sample: rcode = 0, sec = 536
01-30 10:35:56.263   582 12360 D resolv  : res_cache_add_stats_sample_locked: adding sample to stats, next = 18, count = 64
01-30 10:35:56.264   582 12360 D resolv  : res_nsend: got answer:
01-30 10:35:56.264   582 12360 D resolv  : answer_getTTL: TTL = 0
01-30 10:35:56.264   582 12360 D resolv  : cache_dump_mru_locked: MRU LIST ( 0): 
01-30 10:35:56.264   582 12360 I resolv  : doQuery: rcode=0, ancount=3, return value=158
01-30 10:35:56.264   582 12789 I resolv  : GetHostByAddrHandler::run: {106 262250 106 983146 10066 0}
01-30 10:35:56.264   582 12789 D resolv  : res_nquery: (1, 12)
01-30 10:35:56.265   582 12789 I resolv  : res_nmkquery: (QUERY, IN, PTR)
01-30 10:35:56.265   582 12789 D resolv  : res_nsend
01-30 10:35:56.265   582 12789 D resolv  : resolv_cache_lookup: lookup
01-30 10:35:56.265   582 12789 D resolv  : resolv_cache_lookup: NOT IN CACHE
01-30 10:35:56.265   582 12789 D resolv  : resolv_populate_res_for_net: netid=106
01-30 10:35:56.265   582 12789 D resolv  : res_stats_usable_server: NS stats: S 46 + E 0 + T 18 + I 0 = 64, rtt = 542, min_samples = 8
01-30 10:35:56.265   582 12789 D resolv  : res_stats_usable_server: success rate 71
01-30 10:35:56.265   582 12789 D resolv  : res_nsend: Querying server (# 1) address = 192.168.137.1:53
01-30 10:35:56.265   582 12789 D resolv  : send_dg: new DG socket
01-30 10:35:56.265  2310 12274 D TrafficStats: tagSocket(158) with statsTag=0xffffffff, statsUid=-1
01-30 10:35:56.266  1464  2814 D NetworkMonitor/106/wlan0: isDataStall: result=0, consecutive dns timeout count=0
01-30 10:35:56.266   582 12789 D resolv  : get_timeout: using timeout of 5000 msec
01-30 10:35:56.266   582 12789 D resolv  : retrying_poll: 51 retrying_poll
01-30 10:35:56.273   652  2032 I audio_hw_streamer: 569 capture_thread_loop: select [ch 8 -> ch 4] [15360 -> 7680] bytes data 
01-30 10:35:56.278   582 12761 D resolv  : retrying_poll: 46 retrying_poll returning 1
01-30 10:35:56.278   582 12761 I resolv  : res_nsend: used send_dg 130 terrno: 0
01-30 10:35:56.278   582 12761 D resolv  : res_stats_set_sample: rcode = 0, sec = 426
01-30 10:35:56.278   582 12761 D resolv  : res_cache_add_stats_sample_locked: adding sample to stats, next = 19, count = 64
01-30 10:35:56.278   582 12761 D resolv  : res_nsend: got answer:
01-30 10:35:56.278   582 12761 D resolv  : answer_getTTL: TTL = 0
01-30 10:35:56.278   582 12761 D resolv  : cache_dump_mru_locked: MRU LIST ( 0): 
01-30 10:35:56.278   582 12762 D resolv  : retrying_poll: 47 retrying_poll returning 1
01-30 10:35:56.278   582 12761 I resolv  : doQuery: rcode=0, ancount=2, return value=130
01-30 10:35:56.278   582 12762 I resolv  : res_nsend: used send_dg 118 terrno: 0
01-30 10:35:56.278   582 12762 D resolv  : res_stats_set_sample: rcode = 0, sec = 422
01-30 10:35:56.278   582 12762 D resolv  : res_cache_add_stats_sample_locked: adding sample to stats, next = 20, count = 64
01-30 10:35:56.278   582 12762 D resolv  : res_nsend: got answer:
01-30 10:35:56.278   582 12762 D resolv  : answer_getTTL: TTL = 0
01-30 10:35:56.278   582 12762 D resolv  : cache_dump_mru_locked: MRU LIST ( 0): 
01-30 10:35:56.278   582 12762 I resolv  : doQuery: rcode=0, ancount=2, return value=118
01-30 10:35:56.279   582 12776 D resolv  : retrying_poll: 49 retrying_poll returning 1
01-30 10:35:56.279   582 12776 I resolv  : res_nsend: used send_dg 386 terrno: 0
01-30 10:35:56.279   582 12776 D resolv  : res_stats_set_sample: rcode = 0, sec = 265
01-30 10:35:56.279   582 12776 D resolv  : res_cache_add_stats_sample_locked: adding sample to stats, next = 21, count = 64
01-30 10:35:56.279   582 12776 D resolv  : res_nsend: got answer:
01-30 10:35:56.279   582 12776 D resolv  : answer_getTTL: TTL = 0
01-30 10:35:56.279   582 12776 D resolv  : cache_dump_mru_locked: MRU LIST ( 0): 
01-30 10:35:56.279   582 12776 D resolv  : getanswer: asked for "www.a.shifen.com", got "ns5.a.shifen.com"
01-30 10:35:56.279   582 12776 D resolv  : getanswer: asked for "www.a.shifen.com", got "ns1.a.shifen.com"
01-30 10:35:56.279   582 12776 D resolv  : getanswer: asked for "www.a.shifen.com", got "ns2.a.shifen.com"
01-30 10:35:56.279   582 12776 D resolv  : getanswer: asked for "www.a.shifen.com", got "ns3.a.shifen.com"
01-30 10:35:56.279   582 12776 D resolv  : getanswer: asked for "www.a.shifen.com", got "ns3.a.shifen.com"
01-30 10:35:56.279   582 12776 D resolv  : getanswer: asked for "www.a.shifen.com", got "ns4.a.shifen.com"
01-30 10:35:56.279   582 12776 D resolv  : getanswer: asked for "www.a.shifen.com", got "ns4.a.shifen.com"
01-30 10:35:56.279   582 12776 D resolv  : getanswer: asked for "www.baidu.com IN A", got type "AAAA"
01-30 10:35:56.279   582 12776 D resolv  : getanswer: asked for "www.baidu.com IN A", got type "AAAA"
01-30 10:35:56.280  1464  2814 D NetworkMonitor/106/wlan0: isDataStall: result=0, consecutive dns timeout count=0
01-30 10:35:56.280  1464  2814 D NetworkMonitor/106/wlan0: isDataStall: result=0, consecutive dns timeout count=0
01-30 10:35:56.285   706   722 D sde     : [SDE::CatchJE]  Debug: CatchJE end
01-30 10:35:56.285   706   722 D sde     : [SDE::removeFile]  Debug: removeFile index = 26_
01-30 10:35:56.286   706   722 D sde     : [SDE::removeFile]  Debug: remove : /data/sde/26_crash_7861_com.adayo.carplay_20260128_053404.zip
01-30 10:35:56.286   706   722 D sde     : [SDE::zipArchiveFolder]  Debug: zippath = /data/sde/26_crash_12285_com.adayo.carplay_20260130_103556.zip 
01-30 10:35:56.293   652  2032 I audio_hw_streamer: 569 capture_thread_loop: select [ch 8 -> ch 4] [15360 -> 7680] bytes data 
01-30 10:35:56.298   584  1266 E WifiHAL : Invalid data received from driver
01-30 10:35:56.298   584  1266 E WifiHAL : Invalid data received from driver
01-30 10:35:56.298   584  1266 E WifiHAL : Invalid data received from driver
01-30 10:35:56.298   584  1266 E WifiHAL : Invalid data received from driver
01-30 10:35:56.298   584  1266 E WifiHAL : Invalid data received from driver
01-30 10:35:56.298   584  1266 E WifiHAL : Invalid data received from driver
01-30 10:35:56.298   584  1266 E WifiHAL : Invalid data received from driver
01-30 10:35:56.298  2310  2310 D SettingRepositoryBD: onStatusChange offlineData-id: 1 name: 北京 cityid 1 cityName=北京市 st: 1 size: 540046760 dsize: 201437456 usize: 0 udsize: 0 prog: 37.3 err:0 errMsg: OK
01-30 10:35:56.298   584  1266 E WifiHAL : Invalid data received from driver
01-30 10:35:56.313   652  2032 I audio_hw_streamer: 569 capture_thread_loop: select [ch 8 -> ch 4] [15360 -> 7680] bytes data 
01-30 10:35:56.333   652  2032 I audio_hw_streamer: 569 capture_thread_loop: select [ch 8 -> ch 4] [15360 -> 7680] bytes data 
01-30 10:35:56.353   652  2032 I audio_hw_streamer: 569 capture_thread_loop: select [ch 8 -> ch 4] [15360 -> 7680] bytes data 
01-30 10:35:56.358   706   722 D sde     : [SDE::zipArchiveFolder]  Debug: property_set persist.sde.last.number success
01-30 10:35:56.359   706   722 D sde     : [SDE::deleteFolder]  Debug: deleteFolder :data/sde/crash_12285_com.adayo.carplay_20260130_103556
01-30 10:35:56.360   706   722 D sde     : [SDE::hasEnoughSpace]  Debug: avaiPercent = 89, limitPercent = 90
01-30 10:35:56.360   706   722 D sde     : [SDE::CreateFolder]  Debug: CreateFolder type :crash ,pid :12334, package :com.fawvw.intelligentmodeservice ,tombstone :
01-30 10:35:56.360   706   722 D sde     : [SDE::CreateFolder]  Debug: logpath : data/sde/crash_12334_com.fawvw.intelligentmodeservice_20260130_103556
01-30 10:35:56.360   706   722 D sde     : [SDE::CollectExceptionMessage]  Debug: CreateFolder = data/sde/crash_12334_com.fawvw.intelligentmodeservice_20260130_103556 
01-30 10:35:56.360   706   722 D sde     : [SDE::CatchLog]  Debug: CatchLog : crash,data/sde/crash_12334_com.fawvw.intelligentmodeservice_20260130_103556
01-30 10:35:56.360   706   722 D sde     : [SDE::CatchJE]  Debug: CatchJE data/sde/crash_12334_com.fawvw.intelligentmodeservice_20260130_103556
01-30 10:35:56.373   652  2032 I audio_hw_streamer: 569 capture_thread_loop: select [ch 8 -> ch 4] [15360 -> 7680] bytes data 
01-30 10:35:56.375   644   707 I mcuc    : sd Uart data : 6AA602083B0002920225
01-30 10:35:56.380   644   707 I mcuc    : rev uart=2207,len=35, data : 6AA681083B001B920202034C37582D30303132392E31312E32353030303141303031CC
01-30 10:35:56.380   396   396 D adayocomadapter-ParseProtocolFunc: printRaWMsg Name[MCUToUPstream recv] len[27] data[920202034C37582D30303132392E31312E32353030303141303031]
01-30 10:35:56.380   396   396 D adayocomadapter-CommunicationManager: onUpstreamback   member[2] dataLength[24] timePoint[232919]
01-30 10:35:56.380   396   396 D adayocomadapter-ParseProtocolFunc: printRaWMsg Name[onUpstreamback] len[24] data[034C37582D30303132392E31312E32353030303141303031]
01-30 10:35:56.380   396   452 D adayocomadapter-UpstreamHandler: processBeforePacket upSreamtProcessTimePoint[232919] 
01-30 10:35:56.380   396   452 D adayocomadapter-ParseProtocolFunc: parseGeneralIPCLBytes Processing tablename[Table-3] tableSize[23]
01-30 10:35:56.380   396   452 D adayocomadapter-ParseProtocolFunc: printRaWMsg Name[byteStream recv] len[24] data[034C37582D30303132392E31312E32353030303141303031]
01-30 10:35:56.380   396   452 D adayocomadapter-ParseProtocolFunc: printRaWMsg Name[IPCLtoVHAL] len[28] data[2110208E014C37582D30303132392E31312E32353030303141303031]
01-30 10:35:56.380   396   452 D adayocomadapter-CommunicationManager: onUpstreamReceive mPropertyId 0x2110208e
01-30 10:35:56.380   396   452 D adayocomadapter-CommunicationManager: byteArrayToHexString  L7X-00129.11.250001A001
01-30 10:35:56.380   396   452 I vw-vhal : notifyVehicleProperty, propId = 0x2110208e, data = {status: 2, stringValue: "L7X-00129.11.250001A001"}
01-30 10:35:56.381   396   452 I vw-vhal : CanSignalsAdapter::notifyVehicleProperty: solvedValue = {.timestamp = 232920179026, .areaId = 0, .prop = 554705038, .status = AVAILABLE, .value = {.int32Values = [0]{}, .floatValues = [0]{}, .int64Values = [0]{}, .bytes = [0]{}, .stringValue = "L7X-00129.11.250001A001"}}
01-30 10:35:56.381   396   452 I VehiclePropertyStore: begin to write value to Store: {.timestamp = 232920179026, .areaId = 0, .prop = 554705038, .status = AVAILABLE, .value = {.int32Values = [0]{}, .floatValues = [0]{}, .int64Values = [0]{}, .bytes = [0]{}, .stringValue = "L7X-00129.11.250001A001"}}
01-30 10:35:56.381   396   452 I DefaultVehicleHal_v2_0: DefaultVehicleHal::onPropertyValue, value:{.timestamp = 232920179026, .areaId = 0, .prop = 554705038, .status = AVAILABLE, .value = {.int32Values = [0]{}, .floatValues = [0]{}, .int64Values = [0]{}, .bytes = [0]{}, .stringValue = "L7X-00129.11.250001A001"}}
01-30 10:35:56.381   396   452 I VehiclePropertyStore: begin to write value to Store: {.timestamp = 232920179026, .areaId = 0, .prop = 554705038, .status = AVAILABLE, .value = {.int32Values = [0]{}, .floatValues = [0]{}, .int64Values = [0]{}, .bytes = [0]{}, .stringValue = "L7X-00129.11.250001A001"}}
01-30 10:35:56.381   396   452 D adayocomadapter-CommunicationManager: onUpstreamReceive mPropertyId 0x2110208e
01-30 10:35:56.391  1513  2257 D TboxNetworkManager: tboxNetworkbinder=null
01-30 10:35:56.393   652  2032 I audio_hw_streamer: 569 capture_thread_loop: select [ch 8 -> ch 4] [15360 -> 7680] bytes data 
01-30 10:35:56.396   584  1266 E WifiHAL : Invalid data received from driver
01-30 10:35:56.413   652  2032 I audio_hw_streamer: 569 capture_thread_loop: select [ch 8 -> ch 4] [15360 -> 7680] bytes data 
01-30 10:35:56.433   652  2032 I audio_hw_streamer: 569 capture_thread_loop: select [ch 8 -> ch 4] [15360 -> 7680] bytes data 
01-30 10:35:56.453   652  2032 I audio_hw_streamer: 569 capture_thread_loop: select [ch 8 -> ch 4] [15360 -> 7680] bytes data 
01-30 10:35:56.455   584  1266 E WifiHAL : Invalid data received from driver
01-30 10:35:56.455   584  1266 E WifiHAL : Invalid data received from driver
01-30 10:35:56.456  1513  2260 D TboxNetworkManager: tboxNetworkbinder=null
01-30 10:35:56.456 12720 12769 I CarPlay_Service: requestCertificateData(MFiClientApiImpl.java:164)requestCertificateData
01-30 10:35:56.456  3942  4446 E NetProxyJNI: getNetworkTraffic up: 57,down:45
01-30 10:35:56.456  3942  4446 I TboxServiceManager: 上下行类型变化 type:1
01-30 10:35:56.456 12720 12769 D CarPlay_Service: onRequestCertificateData(CPRemoteCallBackMgr.java:135) onRequestCertificateData
01-30 10:35:56.456  3942  4446 I TboxServiceStatusMonitor: onNetworkTrafficChange type: 1
01-30 10:35:56.456 12720 12769 D CarPlay_Service: getSerialNumber(CarPlayAdapterBase.java:324)serialNumber encrypt--->:DA:27:21:C6:1D:13
01-30 10:35:56.462   582 12798 I resolv  : GetHostByAddrHandler::run: {106 786538 106 983146 0 0}
01-30 10:35:56.462   582 12798 D resolv  : res_nquery: (1, 12)
01-30 10:35:56.462   582 12798 I resolv  : res_nmkquery: (QUERY, IN, PTR)
01-30 10:35:56.462   582 12798 D resolv  : res_nsend
01-30 10:35:56.462   582 12798 D resolv  : resolv_cache_lookup: lookup
01-30 10:35:56.462   582 12798 D resolv  : resolv_cache_lookup: NOT IN CACHE
01-30 10:35:56.462   582 12798 D resolv  : resolv_populate_res_for_net: netid=106
01-30 10:35:56.462   582 12798 D resolv  : res_stats_usable_server: NS stats: S 46 + E 0 + T 18 + I 0 = 64, rtt = 557, min_samples = 8
01-30 10:35:56.462   582 12798 D resolv  : res_stats_usable_server: success rate 71
01-30 10:35:56.462   582 12798 D resolv  : res_nsend: Querying server (# 1) address = 192.168.137.1:53
01-30 10:35:56.462   582 12798 D resolv  : send_dg: new DG socket
01-30 10:35:56.463   582 12798 D resolv  : get_timeout: using timeout of 5000 msec
01-30 10:35:56.463   582 12798 D resolv  : retrying_poll: 46 retrying_poll
01-30 10:35:56.473   652  2032 I audio_hw_streamer: 569 capture_thread_loop: select [ch 8 -> ch 4] [15360 -> 7680] bytes data 
01-30 10:35:56.493   652  2032 I audio_hw_streamer: 569 capture_thread_loop: select [ch 8 -> ch 4] [15360 -> 7680] bytes data 
01-30 10:35:56.513   652  2032 I audio_hw_streamer: 569 capture_thread_loop: select [ch 8 -> ch 4] [15360 -> 7680] bytes data 
01-30 10:35:56.530   584  1266 E WifiHAL : Invalid data received from driver
01-30 10:35:56.533   652  2032 I audio_hw_streamer: 569 capture_thread_loop: select [ch 8 -> ch 4] [15360 -> 7680] bytes data 
01-30 10:35:56.553   652  2032 I audio_hw_streamer: 569 capture_thread_loop: select [ch 8 -> ch 4] [15360 -> 7680] bytes data 
01-30 10:35:56.573   652  2032 I audio_hw_streamer: 569 capture_thread_loop: select [ch 8 -> ch 4] [15360 -> 7680] bytes data 
01-30 10:35:56.593   652  2032 I audio_hw_streamer: 569 capture_thread_loop: select [ch 8 -> ch 4] [15360 -> 7680] bytes data 
01-30 10:35:56.607   584  1266 E WifiHAL : Invalid data received from driver
01-30 10:35:56.607  1279  1324 D CAR.DIAGNOSTIC: Entry - Type: 0x01, ServiceId: 0x4004, InstanceId: 0x0001, MajorVersion: 0x01FFFFFF, TTL: 0
01-30 10:35:56.607   584  1266 E WifiHAL : Invalid data received from driver
01-30 10:35:56.607   584  1266 E WifiHAL : Invalid data received from driver
01-30 10:35:56.607  1279  1326 D CAR.DIAGNOSTIC: Entry - Type: 0x01, ServiceId: 0x4004, InstanceId: 0x0001, MajorVersion: 0x01FFFFFF, TTL: 0
01-30 10:35:56.607   584  1266 E WifiHAL : Invalid data received from driver
01-30 10:35:56.607   584  1266 E WifiHAL : Invalid data received from driver
01-30 10:35:56.607   584  1266 E WifiHAL : Invalid data received from driver
01-30 10:35:56.607  1279  1324 D CAR.DIAGNOSTIC: Entry - Type: 0x01, ServiceId: 0x4001, InstanceId: 0x0001, MajorVersion: 0x01FFFFFF, TTL: 0
01-30 10:35:56.607   584  1266 E WifiHAL : Invalid data received from driver
01-30 10:35:56.607  1279  1326 D CAR.DIAGNOSTIC: Entry - Type: 0x01, ServiceId: 0x4001, InstanceId: 0x0001, MajorVersion: 0x01FFFFFF, TTL: 0
01-30 10:35:56.607  1279  1329 D CAR.DIAGNOSTIC: Entry - Type: 0x01, ServiceId: 0x4004, InstanceId: 0x0001, MajorVersion: 0x01FFFFFF, TTL: 0
01-30 10:35:56.607  1279  1329 D CAR.DIAGNOSTIC: Entry - Type: 0x01, ServiceId: 0x4001, InstanceId: 0x0001, MajorVersion: 0x01FFFFFF, TTL: 0
01-30 10:35:56.613   652  2032 I audio_hw_streamer: 569 capture_thread_loop: select [ch 8 -> ch 4] [15360 -> 7680] bytes data 
01-30 10:35:56.617   706   722 D sde     : [SDE::CatchJE]  Debug: CatchJE end
01-30 10:35:56.617   706   722 D sde     : [SDE::removeFile]  Debug: removeFile index = 27_
01-30 10:35:56.618   706   722 D sde     : [SDE::removeFile]  Debug: remove : /data/sde/27_crash_7868_com.fawvw.intelligentmodeservice_20260130_103331.zip
01-30 10:35:56.618   706   722 D sde     : [SDE::zipArchiveFolder]  Debug: zippath = /data/sde/27_crash_12334_com.fawvw.intelligentmodeservice_20260130_103556.zip 
01-30 10:35:56.622   584  1266 E WifiHAL : Invalid data received from driver
01-30 10:35:56.633   652  2032 I audio_hw_streamer: 569 capture_thread_loop: select [ch 8 -> ch 4] [15360 -> 7680] bytes data 
01-30 10:35:56.639  1561  1561 I ADAYO_LOG_: handleMessage(UsbFunc.java:411)copyQnx = 0
01-30 10:35:56.640  1561  1561 I ADAYO_LOG_: handleMessage(UsbFunc.java:430)copyState = 2
01-30 10:35:56.653   652  2032 I audio_hw_streamer: 569 capture_thread_loop: select [ch 8 -> ch 4] [15360 -> 7680] bytes data 
01-30 10:35:56.673   652  2032 I audio_hw_streamer: 569 capture_thread_loop: select [ch 8 -> ch 4] [15360 -> 7680] bytes data 
01-30 10:35:56.691   706   722 D sde     : [SDE::zipArchiveFolder]  Debug: property_set persist.sde.last.number success
01-30 10:35:56.692   706   722 D sde     : [SDE::deleteFolder]  Debug: deleteFolder :data/sde/crash_12334_com.fawvw.intelligentmodeservice_20260130_103556
01-30 10:35:56.692   706   722 D sde     : [SDE::hasEnoughSpace]  Debug: avaiPercent = 89, limitPercent = 90
01-30 10:35:56.692   706   722 D sde     : [SDE::CreateFolder]  Debug: CreateFolder type :crash ,pid :12370, package :com.adayo.carplay ,tombstone :
01-30 10:35:56.692   706   722 D sde     : [SDE::CreateFolder]  Debug: logpath : data/sde/crash_12370_com.adayo.carplay_20260130_103556
01-30 10:35:56.692   706   722 D sde     : [SDE::CollectExceptionMessage]  Debug: CreateFolder = data/sde/crash_12370_com.adayo.carplay_20260130_103556 
01-30 10:35:56.692   706   722 D sde     : [SDE::CatchLog]  Debug: CatchLog : crash,data/sde/crash_12370_com.adayo.carplay_20260130_103556
01-30 10:35:56.692   706   722 D sde     : [SDE::CatchJE]  Debug: CatchJE data/sde/crash_12370_com.adayo.carplay_20260130_103556
01-30 10:35:56.693   652  2032 I audio_hw_streamer: 569 capture_thread_loop: select [ch 8 -> ch 4] [15360 -> 7680] bytes data 
01-30 10:35:56.695 12403 12403 I [fawvw_sslctx_config]: start binder IPC thread pool in so
01-30 10:35:56.695 12403 12403 I [fawvw_sslctx_config]: lib version: 1.0.0, cert type: 1 
01-30 10:35:56.695 12403 12403 I [fawvw_sslctx_config]: start to find crt file with prefix: faw_vw_pkiagent_ca_ivi_
01-30 10:35:56.690 12403 12403 I auditd  : type=1400 audit(0.0:18434): avc:  denied  { search } for  comm="fota_master" name="/" dev="mmcblk0p6" ino=2 scontext=u:r:ota_init_shell:s0 tcontext=u:object_r:mnt_cert_package:s0 tclass=dir permissive=0
01-30 10:35:56.690 12403 12403 W fota_master: type=1400 audit(0.0:18434): avc:  denied  { search } for  name="/" dev="mmcblk0p6" ino=2 scontext=u:r:ota_init_shell:s0 tcontext=u:object_r:mnt_cert_package:s0 tclass=dir permissive=0
01-30 10:35:56.695 12403 12403 E [fawvw_sslctx_config]: cannot open cert directory: /mnt/cert_package/pkiagent/crts
01-30 10:35:56.695 12403 12403 E [fawvw_sslctx_config]: no ca cert found
01-30 10:35:56.713   652  2032 I audio_hw_streamer: 569 capture_thread_loop: select [ch 8 -> ch 4] [15360 -> 7680] bytes data 
01-30 10:35:56.733   652  2032 I audio_hw_streamer: 569 capture_thread_loop: select [ch 8 -> ch 4] [15360 -> 7680] bytes data 
01-30 10:35:56.753   652  2032 I audio_hw_streamer: 569 capture_thread_loop: select [ch 8 -> ch 4] [15360 -> 7680] bytes data 
01-30 10:35:56.773   652  2032 I audio_hw_streamer: 569 capture_thread_loop: select [ch 8 -> ch 4] [15360 -> 7680] bytes data 
01-30 10:35:56.779  2526  2565 D GPS_POIManager: IncomeProcess 2364
01-30 10:35:56.779  2526  2565 W POIManager: Just Location Need request Location permission
01-30 10:35:56.780  2364  2569 E /       : Just Location request Location permission
01-30 10:35:56.781   584  1266 E WifiHAL : Invalid data received from driver
01-30 10:35:56.783   644   707 I mcuc    : sd Uart data : 6AA602083C0002920224
01-30 10:35:56.788   644   707 I mcuc    : rev uart=2208,len=18, data : 6AA681083C000A9202000D00000000000090
01-30 10:35:56.789   396   396 D adayocomadapter-ParseProtocolFunc: printRaWMsg Name[MCUToUPstream recv] len[10] data[9202000D000000000000]
01-30 10:35:56.789   396   396 D adayocomadapter-CommunicationManager: onUpstreamback   member[0] dataLength[7] timePoint[233328]
01-30 10:35:56.789   396   396 D adayocomadapter-ParseProtocolFunc: printRaWMsg Name[onUpstreamback] len[7] data[0D000000000000]
01-30 10:35:56.789   396   452 D adayocomadapter-UpstreamHandler: processBeforePacket upSreamtProcessTimePoint[233328] 
01-30 10:35:56.789   396   452 D adayocomadapter-UpstreamHandler: processPacket UPSTREAM_QUEUE_DATA_TIMEOUT
01-30 10:35:56.789   396   452 D adayocomadapter-ParseProtocolFunc: parseCommonIPCLBytes Processing tableNumber[13]
01-30 10:35:56.789   396   452 D adayocomadapter-ParseProtocolFunc: parseCommonIPCLBytes Processing tablename[Table-13] tableSize[7]
01-30 10:35:56.789   396   452 D adayocomadapter-ParseProtocolFunc: printRaWMsg Name[byteStream recv] len[7] data[0D000000000000]
01-30 10:35:56.789   396   452 D adayocomadapter-ParseProtocolFunc: printRaWMsg Name[IPCLtoVHAL] len[6] data[214020BB0000]
01-30 10:35:56.789   396   452 D adayocomadapter-ParseProtocolFunc: printRaWMsg Name[IPCLtoVHAL] len[6] data[214020E30000]
01-30 10:35:56.789   396   452 D adayocomadapter-ParseProtocolFunc: printRaWMsg Name[IPCLtoVHAL] len[6] data[214020C70000]
01-30 10:35:56.789   396   452 D adayocomadapter-ParseProtocolFunc: printRaWMsg Name[IPCLtoVHAL] len[6] data[214020DD0000]
01-30 10:35:56.789   396   452 D adayocomadapter-ParseProtocolFunc: printRaWMsg Name[IPCLtoVHAL] len[6] data[214020DF0000]
01-30 10:35:56.789   396   452 D adayocomadapter-ParseProtocolFunc: printRaWMsg Name[IPCLtoVHAL] len[6] data[214020E40000]
01-30 10:35:56.789   396   452 D adayocomadapter-CommunicationManager: onUpstreamReceive mPropertyId 0x214020bb
01-30 10:35:56.789   396   452 D adayocomadapter-CommunicationManager: convertBytesToInt32Memcpy  0
01-30 10:35:56.789   396   452 I vw-vhal : notifyVehicleProperty, propId = 0x214020bb, data = {status: 2, int32Values: [0]}
01-30 10:35:56.789   396   452 I vw-vhal : CanSignalsAdapter::notifyVehicleProperty: solvedValue = {.timestamp = 233328567359, .areaId = 0, .prop = 557850811, .status = AVAILABLE, .value = {.int32Values = [1]{0}, .floatValues = [0]{}, .int64Values = [0]{}, .bytes = [0]{}, .stringValue = ""}}
01-30 10:35:56.789   396   452 I VehiclePropertyStore: begin to write value to Store: {.timestamp = 233328567359, .areaId = 0, .prop = 557850811, .status = AVAILABLE, .value = {.int32Values = [1]{0}, .floatValues = [0]{}, .int64Values = [0]{}, .bytes = [0]{}, .stringValue = ""}}
01-30 10:35:56.789   396   452 I DefaultVehicleHal_v2_0: DefaultVehicleHal::onPropertyValue, value:{.timestamp = 233328567359, .areaId = 0, .prop = 557850811, .status = AVAILABLE, .value = {.int32Values = [1]{0}, .floatValues = [0]{}, .int64Values = [0]{}, .bytes = [0]{}, .stringValue = ""}}
01-30 10:35:56.789   396   452 I VehiclePropertyStore: begin to write value to Store: {.timestamp = 233328567359, .areaId = 0, .prop = 557850811, .status = AVAILABLE, .value = {.int32Values = [1]{0}, .floatValues = [0]{}, .int64Values = [0]{}, .bytes = [0]{}, .stringValue = ""}}
01-30 10:35:56.789   396   452 D adayocomadapter-CommunicationManager: onUpstreamReceive mPropertyId 0x214020bb
01-30 10:35:56.789   396   452 D adayocomadapter-CommunicationManager: onUpstreamReceive mPropertyId 0x214020e3
01-30 10:35:56.789   396   452 D adayocomadapter-CommunicationManager: convertBytesToInt32Memcpy  0
01-30 10:35:56.789   396   452 I vw-vhal : notifyVehicleProperty, propId = 0x214020e3, data = {status: 2, int32Values: [0]}
01-30 10:35:56.789   396   452 I vw-vhal : CanSignalsAdapter::notifyVehicleProperty: solvedValue = {.timestamp = 233328784026, .areaId = 0, .prop = 557850851, .status = AVAILABLE, .value = {.int32Values = [1]{0}, .floatValues = [0]{}, .int64Values = [0]{}, .bytes = [0]{}, .stringValue = ""}}
01-30 10:35:56.789   396   452 I VehiclePropertyStore: begin to write value to Store: {.timestamp = 233328784026, .areaId = 0, .prop = 557850851, .status = AVAILABLE, .value = {.int32Values = [1]{0}, .floatValues = [0]{}, .int64Values = [0]{}, .bytes = [0]{}, .stringValue = ""}}
01-30 10:35:56.789   396   452 I DefaultVehicleHal_v2_0: DefaultVehicleHal::onPropertyValue, value:{.timestamp = 233328784026, .areaId = 0, .prop = 557850851, .status = AVAILABLE, .value = {.int32Values = [1]{0}, .floatValues = [0]{}, .int64Values = [0]{}, .bytes = [0]{}, .stringValue = ""}}
01-30 10:35:56.789   396   452 I VehiclePropertyStore: begin to write value to Store: {.timestamp = 233328784026, .areaId = 0, .prop = 557850851, .status = AVAILABLE, .value = {.int32Values = [1]{0}, .floatValues = [0]{}, .int64Values = [0]{}, .bytes = [0]{}, .stringValue = ""}}
01-30 10:35:56.789   396   452 D adayocomadapter-CommunicationManager: onUpstreamReceive mPropertyId 0x214020e3
01-30 10:35:56.789   396   452 D adayocomadapter-CommunicationManager: onUpstreamReceive mPropertyId 0x214020c7
01-30 10:35:56.789   396   452 D adayocomadapter-CommunicationManager: convertBytesToInt32Memcpy  0
01-30 10:35:56.789   396   452 I vw-vhal : notifyVehicleProperty, propId = 0x214020c7, data = {status: 2, int32Values: [0]}
01-30 10:35:56.789   396   452 I vw-vhal : CanSignalsAdapter::notifyVehicleProperty: solvedValue = {.timestamp = 233328965026, .areaId = 0, .prop = 557850823, .status = AVAILABLE, .value = {.int32Values = [1]{0}, .floatValues = [0]{}, .int64Values = [0]{}, .bytes = [0]{}, .stringValue = ""}}
01-30 10:35:56.789   396   452 I VehiclePropertyStore: begin to write value to Store: {.timestamp = 233328965026, .areaId = 0, .prop = 557850823, .status = AVAILABLE, .value = {.int32Values = [1]{0}, .floatValues = [0]{}, .int64Values = [0]{}, .bytes = [0]{}, .stringValue = ""}}
01-30 10:35:56.789   396   452 I DefaultVehicleHal_v2_0: DefaultVehicleHal::onPropertyValue, value:{.timestamp = 233328965026, .areaId = 0, .prop = 557850823, .status = AVAILABLE, .value = {.int32Values = [1]{0}, .floatValues = [0]{}, .int64Values = [0]{}, .bytes = [0]{}, .stringValue = ""}}
01-30 10:35:56.789   396   452 I VehiclePropertyStore: begin to write value to Store: {.timestamp = 233328965026, .areaId = 0, .prop = 557850823, .status = AVAILABLE, .value = {.int32Values = [1]{0}, .floatValues = [0]{}, .int64Values = [0]{}, .bytes = [0]{}, .stringValue = ""}}
01-30 10:35:56.789   396   452 D adayocomadapter-CommunicationManager: onUpstreamReceive mPropertyId 0x214020c7
01-30 10:35:56.789   396   452 D adayocomadapter-CommunicationManager: onUpstreamReceive mPropertyId 0x214020dd
01-30 10:35:56.789   396   452 D adayocomadapter-CommunicationManager: convertBytesToInt32Memcpy  0
01-30 10:35:56.789   396   452 I vw-vhal : notifyVehicleProperty, propId = 0x214020dd, data = {status: 2, int32Values: [0]}
01-30 10:35:56.790   396   452 I vw-vhal : CanSignalsAdapter::notifyVehicleProperty: solvedValue = {.timestamp = 233329146693, .areaId = 0, .prop = 557850845, .status = AVAILABLE, .value = {.int32Values = [1]{0}, .floatValues = [0]{}, .int64Values = [0]{}, .bytes = [0]{}, .stringValue = ""}}
01-30 10:35:56.790   396   452 I VehiclePropertyStore: begin to write value to Store: {.timestamp = 233329146693, .areaId = 0, .prop = 557850845, .status = AVAILABLE, .value = {.int32Values = [1]{0}, .floatValues = [0]{}, .int64Values = [0]{}, .bytes = [0]{}, .stringValue = ""}}
01-30 10:35:56.790   396   452 I DefaultVehicleHal_v2_0: DefaultVehicleHal::onPropertyValue, value:{.timestamp = 233329146693, .areaId = 0, .prop = 557850845, .status = AVAILABLE, .value = {.int32Values = [1]{0}, .floatValues = [0]{}, .int64Values = [0]{}, .bytes = [0]{}, .stringValue = ""}}
01-30 10:35:56.790   396   452 I VehiclePropertyStore: begin to write value to Store: {.timestamp = 233329146693, .areaId = 0, .prop = 557850845, .status = AVAILABLE, .value = {.int32Values = [1]{0}, .floatValues = [0]{}, .int64Values = [0]{}, .bytes = [0]{}, .stringValue = ""}}
01-30 10:35:56.790   396   452 D adayocomadapter-CommunicationManager: onUpstreamReceive mPropertyId 0x214020dd
01-30 10:35:56.790   396   452 D adayocomadapter-CommunicationManager: onUpstreamReceive mPropertyId 0x214020df
01-30 10:35:56.790   396   452 D adayocomadapter-CommunicationManager: convertBytesToInt32Memcpy  0
01-30 10:35:56.790   396   452 I vw-vhal : notifyVehicleProperty, propId = 0x214020df, data = {status: 2, int32Values: [0]}
01-30 10:35:56.790   396   452 I vw-vhal : CanSignalsAdapter::notifyVehicleProperty: solvedValue = {.timestamp = 233329336026, .areaId = 0, .prop = 557850847, .status = AVAILABLE, .value = {.int32Values = [1]{0}, .floatValues = [0]{}, .int64Values = [0]{}, .bytes = [0]{}, .stringValue = ""}}
01-30 10:35:56.790   396   452 I VehiclePropertyStore: begin to write value to Store: {.timestamp = 233329336026, .areaId = 0, .prop = 557850847, .status = AVAILABLE, .value = {.int32Values = [1]{0}, .floatValues = [0]{}, .int64Values = [0]{}, .bytes = [0]{}, .stringValue = ""}}
01-30 10:35:56.790   396   452 I DefaultVehicleHal_v2_0: DefaultVehicleHal::onPropertyValue, value:{.timestamp = 233329336026, .areaId = 0, .prop = 557850847, .status = AVAILABLE, .value = {.int32Values = [1]{0}, .floatValues = [0]{}, .int64Values = [0]{}, .bytes = [0]{}, .stringValue = ""}}
01-30 10:35:56.790   396   452 I VehiclePropertyStore: begin to write value to Store: {.timestamp = 233329336026, .areaId = 0, .prop = 557850847, .status = AVAILABLE, .value = {.int32Values = [1]{0}, .floatValues = [0]{}, .int64Values = [0]{}, .bytes = [0]{}, .stringValue = ""}}
01-30 10:35:56.790   396   452 D adayocomadapter-CommunicationManager: onUpstreamReceive mPropertyId 0x214020df
01-30 10:35:56.790   396   452 D adayocomadapter-CommunicationManager: onUpstreamReceive mPropertyId 0x214020e4
01-30 10:35:56.790   396   452 D adayocomadapter-CommunicationManager: convertBytesToInt32Memcpy  0
01-30 10:35:56.790   396   452 I vw-vhal : notifyVehicleProperty, propId = 0x214020e4, data = {status: 2, int32Values: [0]}
01-30 10:35:56.790   396   452 I vw-vhal : CanSignalsAdapter::notifyVehicleProperty: solvedValue = {.timestamp = 233329513693, .areaId = 0, .prop = 557850852, .status = AVAILABLE, .value = {.int32Values = [1]{0}, .floatValues = [0]{}, .int64Values = [0]{}, .bytes = [0]{}, .stringValue = ""}}
01-30 10:35:56.790   396   452 I VehiclePropertyStore: begin to write value to Store: {.timestamp = 233329513693, .areaId = 0, .prop = 557850852, .status = AVAILABLE, .value = {.int32Values = [1]{0}, .floatValues = [0]{}, .int64Values = [0]{}, .bytes = [0]{}, .stringValue = ""}}
01-30 10:35:56.790   396   452 I DefaultVehicleHal_v2_0: DefaultVehicleHal::onPropertyValue, value:{.timestamp = 233329513693, .areaId = 0, .prop = 557850852, .status = AVAILABLE, .value = {.int32Values = [1]{0}, .floatValues = [0]{}, .int64Values = [0]{}, .bytes = [0]{}, .stringValue = ""}}
01-30 10:35:56.790   396   452 I VehiclePropertyStore: begin to write value to Store: {.timestamp = 233329513693, .areaId = 0, .prop = 557850852, .status = AVAILABLE, .value = {.int32Values = [1]{0}, .floatValues = [0]{}, .int64Values = [0]{}, .bytes = [0]{}, .stringValue = ""}}
01-30 10:35:56.790   396   452 D adayocomadapter-CommunicationManager: onUpstreamReceive mPropertyId 0x214020e4
01-30 10:35:56.793   652  2032 I audio_hw_streamer: 569 capture_thread_loop: select [ch 8 -> ch 4] [15360 -> 7680] bytes data 
01-30 10:35:56.813   652  2032 I audio_hw_streamer: 569 capture_thread_loop: select [ch 8 -> ch 4] [15360 -> 7680] bytes data 
01-30 10:35:56.815  2364  2569 I VehicleNaviObserver: loadHome
01-30 10:35:56.816  2526  2565 D navi-libSdk-J01-Sdk: isServiceConnected: true
01-30 10:35:56.816  2526  2565 D GPS_IExpired: head 125911680{state=0,isHead=true,param=,incomePid=2364,method=HomeLocation,childCount=0}
01-30 10:35:56.816  2526  2565 D navi-libSdk-J01-Sdk: isServiceConnected: true
01-30 10:35:56.816  2526  2565 D navi-libSdk-J01-NaviSdk: getHomeAddress: type-0,getProxy()-com.faw.navi.libsdk.IShareDataInterface$Stub$Proxy@df7250
01-30 10:35:56.816  2310  2325 D navi-libSdk-J01-ShareDataBinder: getHomeAddress: clientPid-2526,type-0
01-30 10:35:56.816  2364  2569 I VehicleNaviObserver: loadHome >> null, do retry
01-30 10:35:56.817  2526  2565 D GPS_IExpired: 125911680{state=1,isHead=true,param=,incomePid=2364,method=HomeLocation,childCount=0} callback
01-30 10:35:56.817  2526  2565 D GPS_IExpired: 125911680{state=1,isHead=true,param=,incomePid=2364,method=HomeLocation,childCount=0} accept and fallback 0
01-30 10:35:56.829  2364  2569 I VehicleNaviObserver: loadCompany
01-30 10:35:56.829  2526  2565 D navi-libSdk-J01-Sdk: isServiceConnected: true
01-30 10:35:56.829  2526  2565 D GPS_IExpired: head 55345337{state=0,isHead=true,param=,incomePid=2364,method=CompanyLocation,childCount=0}
01-30 10:35:56.829  2526  2565 D navi-libSdk-J01-Sdk: isServiceConnected: true
01-30 10:35:56.829  2526  2565 D navi-libSdk-J01-NaviSdk: getCompanyAddress: type-0,getProxy()-com.faw.navi.libsdk.IShareDataInterface$Stub$Proxy@df7250
01-30 10:35:56.829  2310  2325 D navi-libSdk-J01-ShareDataBinder: getCompanyAddress: clientPid-2526,type-0
01-30 10:35:56.830  2364  2569 I VehicleNaviObserver: loadCompany >> null, do retry
01-30 10:35:56.830  2526  2565 D GPS_IExpired: 55345337{state=1,isHead=true,param=,incomePid=2364,method=CompanyLocation,childCount=0} callback
01-30 10:35:56.830  2526  2565 D GPS_IExpired: 55345337{state=1,isHead=true,param=,incomePid=2364,method=CompanyLocation,childCount=0} accept and fallback 0
01-30 10:35:56.833   652  2032 I audio_hw_streamer: 569 capture_thread_loop: select [ch 8 -> ch 4] [15360 -> 7680] bytes data 
01-30 10:35:56.853   652  2032 I audio_hw_streamer: 569 capture_thread_loop: select [ch 8 -> ch 4] [15360 -> 7680] bytes data 
01-30 10:35:56.873   652  2032 I audio_hw_streamer: 569 capture_thread_loop: select [ch 8 -> ch 4] [15360 -> 7680] bytes data 
01-30 10:35:56.879   584  1266 E WifiHAL : Invalid data received from driver
01-30 10:35:56.891  1513  2257 D TboxNetworkManager: tboxNetworkbinder=null
01-30 10:35:56.893   652  2032 I audio_hw_streamer: 569 capture_thread_loop: select [ch 8 -> ch 4] [15360 -> 7680] bytes data 
01-30 10:35:56.913   652  2032 I audio_hw_streamer: 569 capture_thread_loop: select [ch 8 -> ch 4] [15360 -> 7680] bytes data 
01-30 10:35:56.921 12720 12770 D CarPlay_Service: unInitPlayStatusAfterCrash(CarPlayAdapterStates.java:485)unInitPlayStatusAfterCrash--
01-30 10:35:56.921 12720 12770 I CarPlay_Service: reportPlayStatus(CarPlayAdapterStates.java:503)reportPlayStatus1  Action:false VolumeType: IDLE
01-30 10:35:56.921 12720 12770 I CarPlay_Service: reportPlayStatus(CarPlayAdapterStates.java:530)reportPlayStatus2 PlayStatusArray[0]: 0
01-30 10:35:56.922 12720 12770 I CarPlay_Service: reportPlayStatus(CarPlayAdapterStates.java:536)reportPlayStatus3.2 PlayStatusArray[0]: false
01-30 10:35:56.922 12720 12771 I libmfi_ipcsocket: [MFiIPCSession_Socket.cpp][158]m_socketid =-1 
01-30 10:35:56.922 12720 12770 I CarPlay_Service: reportPlayStatus(CarPlayAdapterStates.java:503)reportPlayStatus1  Action:false VolumeType: MEDIA
01-30 10:35:56.922 12720 12771 E libmfi_ipcsocket: [MFiIPCSession_Socket.cpp][159]###[ERROR] 0  
01-30 10:35:56.922 12720 12770 I CarPlay_Service: reportPlayStatus(CarPlayAdapterStates.java:530)reportPlayStatus2 PlayStatusArray[1]: 0
01-30 10:35:56.922 12720 12770 I CarPlay_Service: reportPlayStatus(CarPlayAdapterStates.java:536)reportPlayStatus3.2 PlayStatusArray[1]: false
01-30 10:35:56.922 12720 12770 I CarPlay_Service: reportPlayStatus(CarPlayAdapterStates.java:503)reportPlayStatus1  Action:false VolumeType: TEL
01-30 10:35:56.922 12720 12770 I CarPlay_Service: reportPlayStatus(CarPlayAdapterStates.java:530)reportPlayStatus2 PlayStatusArray[2]: 0
01-30 10:35:56.922 12720 12770 I CarPlay_Service: reportPlayStatus(CarPlayAdapterStates.java:536)reportPlayStatus3.2 PlayStatusArray[2]: false
01-30 10:35:56.922 12720 12770 I CarPlay_Service: reportPlayStatus(CarPlayAdapterStates.java:503)reportPlayStatus1  Action:false VolumeType: SPEECH
01-30 10:35:56.922 12720 12770 I CarPlay_Service: reportPlayStatus(CarPlayAdapterStates.java:530)reportPlayStatus2 PlayStatusArray[3]: 0
01-30 10:35:56.922 12720 12770 I CarPlay_Service: reportPlayStatus(CarPlayAdapterStates.java:536)reportPlayStatus3.2 PlayStatusArray[3]: false
01-30 10:35:56.922 12720 12770 I CarPlay_Service: reportPlayStatus(CarPlayAdapterStates.java:503)reportPlayStatus1  Action:false VolumeType: NAVI
01-30 10:35:56.922 12720 12770 I CarPlay_Service: reportPlayStatus(CarPlayAdapterStates.java:530)reportPlayStatus2 PlayStatusArray[4]: 0
01-30 10:35:56.922 12720 12770 I CarPlay_Service: reportPlayStatus(CarPlayAdapterStates.java:536)reportPlayStatus3.2 PlayStatusArray[4]: false
01-30 10:35:56.922   584  1266 E WifiHAL : Invalid data received from driver
01-30 10:35:56.923 12720 12770 I CarPlay_Service: reportPlayStatus(CarPlayAdapterStates.java:503)reportPlayStatus1  Action:false VolumeType: RINGTONE
01-30 10:35:56.923   584  1266 E WifiHAL : Invalid data received from driver
01-30 10:35:56.923   584  1266 E WifiHAL : Invalid data received from driver
01-30 10:35:56.923 12720 12770 I CarPlay_Service: reportPlayStatus(CarPlayAdapterStates.java:530)reportPlayStatus2 PlayStatusArray[5]: 0
01-30 10:35:56.923 12720 12770 I CarPlay_Service: reportPlayStatus(CarPlayAdapterStates.java:536)reportPlayStatus3.2 PlayStatusArray[5]: false
01-30 10:35:56.923   584  1266 E WifiHAL : Invalid data received from driver
01-30 10:35:56.923   584  1266 E WifiHAL : Invalid data received from driver
01-30 10:35:56.923 12720 12770 I CarPlay_Service: reportPlayStatus(CarPlayAdapterStates.java:503)reportPlayStatus1  Action:false VolumeType: FACE_TIME
01-30 10:35:56.923 12720 12770 I CarPlay_Service: reportPlayStatus(CarPlayAdapterStates.java:530)reportPlayStatus2 PlayStatusArray[6]: 0
01-30 10:35:56.923   584  1266 E WifiHAL : Invalid data received from driver
01-30 10:35:56.923 12720 12770 I CarPlay_Service: reportPlayStatus(CarPlayAdapterStates.java:536)reportPlayStatus3.2 PlayStatusArray[6]: false
01-30 10:35:56.923   584  1266 E WifiHAL : Invalid data received from driver
01-30 10:35:56.923 12720 12770 I CarPlay_Service: reportPlayStatus(CarPlayAdapterStates.java:503)reportPlayStatus1  Action:false VolumeType: ALERT
01-30 10:35:56.923 12720 12770 I CarPlay_Service: reportPlayStatus(CarPlayAdapterStates.java:530)reportPlayStatus2 PlayStatusArray[7]: 0
01-30 10:35:56.923 12720 12770 I CarPlay_Service: reportPlayStatus(CarPlayAdapterStates.java:536)reportPlayStatus3.2 PlayStatusArray[7]: false
01-30 10:35:56.923 12720 12770 I CarPlay_Service: reportPlayStatus(CarPlayAdapterStates.java:503)reportPlayStatus1  Action:false VolumeType: SPEECH_ENHANCED_SIRI
01-30 10:35:56.923 12720 12770 I CarPlay_Service: reportPlayStatus(CarPlayAdapterStates.java:530)reportPlayStatus2 PlayStatusArray[8]: 0
01-30 10:35:56.923 12720 12770 I CarPlay_Service: reportPlayStatus(CarPlayAdapterStates.java:536)reportPlayStatus3.2 PlayStatusArray[8]: false
01-30 10:35:56.923 12720 12770 I CarPlay_Service: reportPlayStatus(CarPlayAdapterStates.java:503)reportPlayStatus1  Action:false VolumeType: MEDIA_MAIN_BUFFERED
01-30 10:35:56.923 12720 12770 I CarPlay_Service: reportPlayStatus(CarPlayAdapterStates.java:530)reportPlayStatus2 PlayStatusArray[9]: 0
01-30 10:35:56.923 12720 12770 I CarPlay_Service: reportPlayStatus(CarPlayAdapterStates.java:536)reportPlayStatus3.2 PlayStatusArray[9]: false
01-30 10:35:56.924 12720 12770 I CarPlay_Service: reportPlayStatus(CarPlayAdapterStates.java:503)reportPlayStatus1  Action:false VolumeType: NAVI_WITHOUT_DUCK
01-30 10:35:56.924 12720 12770 I CarPlay_Service: reportPlayStatus(CarPlayAdapterStates.java:530)reportPlayStatus2 PlayStatusArray[10]: 0
01-30 10:35:56.924 12720 12770 I CarPlay_Service: reportPlayStatus(CarPlayAdapterStates.java:536)reportPlayStatus3.2 PlayStatusArray[10]: false
01-30 10:35:56.933   652  2032 I audio_hw_streamer: 569 capture_thread_loop: select [ch 8 -> ch 4] [15360 -> 7680] bytes data 
01-30 10:35:56.951   706   722 D sde     : [SDE::CatchJE]  Debug: CatchJE end
01-30 10:35:56.952   706   722 D sde     : [SDE::removeFile]  Debug: removeFile index = 28_
01-30 10:35:56.952   706   722 D sde     : [SDE::removeFile]  Debug: remove : /data/sde/28_crash_7908_com.adayo.carplay_20260130_103332.zip
01-30 10:35:56.953   706   722 D sde     : [SDE::zipArchiveFolder]  Debug: zippath = /data/sde/28_crash_12370_com.adayo.carplay_20260130_103556.zip 
01-30 10:35:56.953   652  2032 I audio_hw_streamer: 569 capture_thread_loop: select [ch 8 -> ch 4] [15360 -> 7680] bytes data 
01-30 10:35:56.956  1513  2260 D TboxNetworkManager: tboxNetworkbinder=null
01-30 10:35:56.957 12720 12769 I CarPlay_Service: requestCertificateData(MFiClientApiImpl.java:164)requestCertificateData
01-30 10:35:56.957 12720 12769 D CarPlay_Service: onRequestCertificateData(CPRemoteCallBackMgr.java:135) onRequestCertificateData
01-30 10:35:56.957 12720 12769 D CarPlay_Service: getSerialNumber(CarPlayAdapterBase.java:324)serialNumber encrypt--->:DA:27:21:C6:1D:13
01-30 10:35:56.959 11580 12772 W adbd    : timed out while waiting for FUNCTIONFS_BIND, trying again
01-30 10:35:56.959 11580 12772 I adbd    : UsbFfs: connection terminated: monitor thread finished
01-30 10:35:56.959 11580 11580 I adbd    : UsbFfs: already offline
01-30 10:35:56.959 11580 11580 I adbd    : destroying transport UsbFfs
01-30 10:35:56.960 11580 11580 I adbd    : UsbFfsConnection being destroyed
01-30 10:35:56.965   584  1266 E WifiHAL : Invalid data received from driver
01-30 10:35:56.973   652  2032 I audio_hw_streamer: 569 capture_thread_loop: select [ch 8 -> ch 4] [15360 -> 7680] bytes data 
01-30 10:35:56.974  1279  1340 W libc    : Access denied finding property "service.bootanim.exit"
01-30 10:35:56.974  1279  1340 I CarPopupManagementService: VIN popup delayed, waiting for boot animation exit.
01-30 10:35:56.970  1279  1279 I auditd  : type=1400 audit(0.0:18435): avc:  denied  { read } for  comm="CarPopupManagem" name="u:object_r:bootanim_system_prop:s0" dev="tmpfs" ino=100 scontext=u:r:carservice_app:s0 tcontext=u:object_r:bootanim_system_prop:s0 tclass=file permissive=0
01-30 10:35:56.970  1279  1279 W CarPopupManagem: type=1400 audit(0.0:18435): avc:  denied  { read } for  name="u:object_r:bootanim_system_prop:s0" dev="tmpfs" ino=100 scontext=u:r:carservice_app:s0 tcontext=u:object_r:bootanim_system_prop:s0 tclass=file permissive=0
01-30 10:35:56.993   652  2032 I audio_hw_streamer: 569 capture_thread_loop: select [ch 8 -> ch 4] [15360 -> 7680] bytes data 
01-30 10:35:56.994  1279  1326 D CAR.DIAGNOSTIC: Entry - Type: 0x01, ServiceId: 0x2061, InstanceId: 0x0001, MajorVersion: 0x01FFFFFF, TTL: 0
01-30 10:35:56.994  1279  1324 D CAR.DIAGNOSTIC: Entry - Type: 0x01, ServiceId: 0x2061, InstanceId: 0x0001, MajorVersion: 0x01FFFFFF, TTL: 0
01-30 10:35:56.994  1279  1326 W CAR.DIAGNOSTIC: Not enough data for option indices: needed 64, remaining 32
01-30 10:35:56.994  1279  1329 D CAR.DIAGNOSTIC: Entry - Type: 0x01, ServiceId: 0x2061, InstanceId: 0x0001, MajorVersion: 0x01FFFFFF, TTL: 0
01-30 10:35:56.994  1279  1329 W CAR.DIAGNOSTIC: Not enough data for option indices: needed 64, remaining 32
01-30 10:35:56.994  1279  1324 W CAR.DIAGNOSTIC: Not enough data for option indices: needed 64, remaining 32
01-30 10:35:56.998   650   804 D EvsApp  : state:255,subState:255,desiredState:0,subDesiredState:0
01-30 10:35:57.013   652  2032 I audio_hw_streamer: 569 capture_thread_loop: select [ch 8 -> ch 4] [15360 -> 7680] bytes data 
01-30 10:35:57.027   706   722 D sde     : [SDE::zipArchiveFolder]  Debug: property_set persist.sde.last.number success
01-30 10:35:57.028   706   722 D sde     : [SDE::deleteFolder]  Debug: deleteFolder :data/sde/crash_12370_com.adayo.carplay_20260130_103556
01-30 10:35:57.028   706   722 D sde     : [SDE::hasEnoughSpace]  Debug: avaiPercent = 89, limitPercent = 90
01-30 10:35:57.028   706   722 D sde     : [SDE::CreateFolder]  Debug: CreateFolder type :crash ,pid :12436, package :com.fawvw.intelligentmodeservice ,tombstone :
