01-30 10:35:53.917   396   452 I vw-vhal : CanSignalsAdapter::notifyVehicleProperty: solvedValue = {.timestamp = 230456376359, .areaId = 0, .prop = 557850870, .status = AVAILABLE, .value = {.int32Values = [1]{0}, .floatValues = [0]{}, .int64Values = [0]{}, .bytes = [0]{}, .stringValue = ""}}
01-30 10:35:53.917   396   452 I VehiclePropertyStore: begin to write value to Store: {.timestamp = 230456376359, .areaId = 0, .prop = 557850870, .status = AVAILABLE, .value = {.int32Values = [1]{0}, .floatValues = [0]{}, .int64Values = [0]{}, .bytes = [0]{}, .stringValue = ""}}
01-30 10:35:53.917   396   452 I DefaultVehicleHal_v2_0: DefaultVehicleHal::onPropertyValue, value:{.timestamp = 230456376359, .areaId = 0, .prop = 557850870, .status = AVAILABLE, .value = {.int32Values = [1]{0}, .floatValues = [0]{}, .int64Values = [0]{}, .bytes = [0]{}, .stringValue = ""}}
01-30 10:35:53.917   396   452 I VehiclePropertyStore: begin to write value to Store: {.timestamp = 230456376359, .areaId = 0, .prop = 557850870, .status = AVAILABLE, .value = {.int32Values = [1]{0}, .floatValues = [0]{}, .int64Values = [0]{}, .bytes = [0]{}, .stringValue = ""}}
01-30 10:35:53.917   396   452 D adayocomadapter-CommunicationManager: onUpstreamReceive mPropertyId 0x214020f6
01-30 10:35:53.917   396   452 D adayocomadapter-CommunicationManager: onUpstreamReceive mPropertyId 0x214020f7
01-30 10:35:53.917   396   452 D adayocomadapter-CommunicationManager: convertBytesToInt32Memcpy  0
01-30 10:35:53.917   396   452 I vw-vhal : notifyVehicleProperty, propId = 0x214020f7, data = {status: 2, int32Values: [0]}
01-30 10:35:53.917   396   452 I vw-vhal : CanSignalsAdapter::notifyVehicleProperty: solvedValue = {.timestamp = 230456575692, .areaId = 0, .prop = 557850871, .status = AVAILABLE, .value = {.int32Values = [1]{0}, .floatValues = [0]{}, .int64Values = [0]{}, .bytes = [0]{}, .stringValue = ""}}
01-30 10:35:53.917   396   452 I VehiclePropertyStore: begin to write value to Store: {.timestamp = 230456575692, .areaId = 0, .prop = 557850871, .status = AVAILABLE, .value = {.int32Values = [1]{0}, .floatValues = [0]{}, .int64Values = [0]{}, .bytes = [0]{}, .stringValue = ""}}
01-30 10:35:53.917   396   452 I DefaultVehicleHal_v2_0: DefaultVehicleHal::onPropertyValue, value:{.timestamp = 230456575692, .areaId = 0, .prop = 557850871, .status = AVAILABLE, .value = {.int32Values = [1]{0}, .floatValues = [0]{}, .int64Values = [0]{}, .bytes = [0]{}, .stringValue = ""}}
01-30 10:35:53.917   396   452 I VehiclePropertyStore: begin to write value to Store: {.timestamp = 230456575692, .areaId = 0, .prop = 557850871, .status = AVAILABLE, .value = {.int32Values = [1]{0}, .floatValues = [0]{}, .int64Values = [0]{}, .bytes = [0]{}, .stringValue = ""}}
01-30 10:35:53.917   396   452 D adayocomadapter-CommunicationManager: onUpstreamReceive mPropertyId 0x214020f7
01-30 10:35:53.917   396   452 D adayocomadapter-CommunicationManager: onUpstreamReceive mPropertyId 0x214020f8
01-30 10:35:53.917   396   452 D adayocomadapter-CommunicationManager: convertBytesToInt32Memcpy  0
01-30 10:35:53.917   396   452 I vw-vhal : notifyVehicleProperty, propId = 0x214020f8, data = {status: 2, int32Values: [0]}
01-30 10:35:53.917   396   452 I vw-vhal : CanSignalsAdapter::notifyVehicleProperty: solvedValue = {.timestamp = 230456766359, .areaId = 0, .prop = 557850872, .status = AVAILABLE, .value = {.int32Values = [1]{0}, .floatValues = [0]{}, .int64Values = [0]{}, .bytes = [0]{}, .stringValue = ""}}
01-30 10:35:53.917   396   452 I VehiclePropertyStore: begin to write value to Store: {.timestamp = 230456766359, .areaId = 0, .prop = 557850872, .status = AVAILABLE, .value = {.int32Values = [1]{0}, .floatValues = [0]{}, .int64Values = [0]{}, .bytes = [0]{}, .stringValue = ""}}
01-30 10:35:53.917   396   452 I DefaultVehicleHal_v2_0: DefaultVehicleHal::onPropertyValue, value:{.timestamp = 230456766359, .areaId = 0, .prop = 557850872, .status = AVAILABLE, .value = {.int32Values = [1]{0}, .floatValues = [0]{}, .int64Values = [0]{}, .bytes = [0]{}, .stringValue = ""}}
01-30 10:35:53.917   396   452 I VehiclePropertyStore: begin to write value to Store: {.timestamp = 230456766359, .areaId = 0, .prop = 557850872, .status = AVAILABLE, .value = {.int32Values = [1]{0}, .floatValues = [0]{}, .int64Values = [0]{}, .bytes = [0]{}, .stringValue = ""}}
01-30 10:35:53.917   396   452 D adayocomadapter-CommunicationManager: onUpstreamReceive mPropertyId 0x214020f8
01-30 10:35:53.917   396   452 D adayocomadapter-CommunicationManager: onUpstreamReceive mPropertyId 0x214020f9
01-30 10:35:53.917   396   452 D adayocomadapter-CommunicationManager: convertBytesToInt32Memcpy  0
01-30 10:35:53.917   396   452 I vw-vhal : notifyVehicleProperty, propId = 0x214020f9, data = {status: 2, int32Values: [0]}
01-30 10:35:53.917   396   452 I vw-vhal : CanSignalsAdapter::notifyVehicleProperty: solvedValue = {.timestamp = 230456974359, .areaId = 0, .prop = 557850873, .status = AVAILABLE, .value = {.int32Values = [1]{0}, .floatValues = [0]{}, .int64Values = [0]{}, .bytes = [0]{}, .stringValue = ""}}
01-30 10:35:53.917   396   452 I VehiclePropertyStore: begin to write value to Store: {.timestamp = 230456974359, .areaId = 0, .prop = 557850873, .status = AVAILABLE, .value = {.int32Values = [1]{0}, .floatValues = [0]{}, .int64Values = [0]{}, .bytes = [0]{}, .stringValue = ""}}
01-30 10:35:53.917   396   452 I DefaultVehicleHal_v2_0: DefaultVehicleHal::onPropertyValue, value:{.timestamp = 230456974359, .areaId = 0, .prop = 557850873, .status = AVAILABLE, .value = {.int32Values = [1]{0}, .floatValues = [0]{}, .int64Values = [0]{}, .bytes = [0]{}, .stringValue = ""}}
01-30 10:35:53.917   396   452 I VehiclePropertyStore: begin to write value to Store: {.timestamp = 230456974359, .areaId = 0, .prop = 557850873, .status = AVAILABLE, .value = {.int32Values = [1]{0}, .floatValues = [0]{}, .int64Values = [0]{}, .bytes = [0]{}, .stringValue = ""}}
01-30 10:35:53.917   396   452 D adayocomadapter-CommunicationManager: onUpstreamReceive mPropertyId 0x214020f9
01-30 10:35:53.920 12436 12436 I gentmodeservice: Using CollectorTypeCC GC.
01-30 10:35:53.922 12436 12436 D gentmodeservice: Received session metadata: 7475755615500271098
01-30 10:35:53.925 12436 12436 E gentmodeservice: Not starting debugger since process cannot load the jdwp agent.
01-30 10:35:53.933   652  2032 I audio_hw_streamer: 569 capture_thread_loop: select [ch 8 -> ch 4] [15360 -> 7680] bytes data 
01-30 10:35:53.937   851  1853 I am_proc_bound: [0,12436,com.fawvw.intelligentmodeservice]
01-30 10:35:53.942 12436 12436 D CompatibilityChangeReporter: Compat change id reported: 171979766; UID 1000; state: ENABLED
01-30 10:35:53.942 12436 12436 D CompatibilityChangeReporter: Compat change id reported: 242716250; UID 1000; state: ENABLED
01-30 10:35:53.953   652  2032 I audio_hw_streamer: 569 capture_thread_loop: select [ch 8 -> ch 4] [15360 -> 7680] bytes data 
01-30 10:35:53.954 12436 12436 D nativeloader: Configuring clns-shared-7 for other apk /system_ext/app/IntelligentModeService/IntelligentModeService.apk. target_sdk_version=34, uses_libraries=, library_path=/system_ext/app/IntelligentModeService/lib/arm64:/system_ext/app/IntelligentModeService/IntelligentModeService.apk!/lib/arm64-v8a:/system/lib64:/system_ext/lib64, permitted_path=/data:/mnt/expand:/data/user/0/com.fawvw.intelligentmodeservice:/system_ext/app/IntelligentModeService:/system/lib64:/system_ext/lib64
01-30 10:35:53.956  1513  2260 D TboxNetworkManager: tboxNetworkbinder=null
01-30 10:35:53.958  1279  1279 I auditd  : type=1400 audit(0.0:18091): avc:  denied  { read } for  comm="CarPopupManagem" name="u:object_r:bootanim_system_prop:s0" dev="tmpfs" ino=100 scontext=u:r:carservice_app:s0 tcontext=u:object_r:bootanim_system_prop:s0 tclass=file permissive=0
01-30 10:35:53.958  1279  1279 W CarPopupManagem: type=1400 audit(0.0:18091): avc:  denied  { read } for  name="u:object_r:bootanim_system_prop:s0" dev="tmpfs" ino=100 scontext=u:r:carservice_app:s0 tcontext=u:object_r:bootanim_system_prop:s0 tclass=file permissive=0
01-30 10:35:53.961  1279  1340 W libc    : Access denied finding property "service.bootanim.exit"
01-30 10:35:53.961  1279  1340 I CarPopupManagementService: VIN popup delayed, waiting for boot animation exit.
01-30 10:35:53.973   652  2032 I audio_hw_streamer: 569 capture_thread_loop: select [ch 8 -> ch 4] [15360 -> 7680] bytes data 
01-30 10:35:53.992  1279  1326 D CAR.DIAGNOSTIC: Entry - Type: 0x01, ServiceId: 0x2061, InstanceId: 0x0001, MajorVersion: 0x01FFFFFF, TTL: 0
01-30 10:35:53.992  1279  1326 W CAR.DIAGNOSTIC: Not enough data for option indices: needed 64, remaining 32
01-30 10:35:53.992  1279  1329 D CAR.DIAGNOSTIC: Entry - Type: 0x01, ServiceId: 0x2061, InstanceId: 0x0001, MajorVersion: 0x01FFFFFF, TTL: 0
01-30 10:35:53.993  1279  1329 W CAR.DIAGNOSTIC: Not enough data for option indices: needed 64, remaining 32
01-30 10:35:53.993  1279  1324 D CAR.DIAGNOSTIC: Entry - Type: 0x01, ServiceId: 0x2061, InstanceId: 0x0001, MajorVersion: 0x01FFFFFF, TTL: 0
01-30 10:35:53.993  1279  1324 W CAR.DIAGNOSTIC: Not enough data for option indices: needed 64, remaining 32
01-30 10:35:53.993   652  2032 I audio_hw_streamer: 569 capture_thread_loop: select [ch 8 -> ch 4] [15360 -> 7680] bytes data 
01-30 10:35:54.000  1561  1732 I ADAYO_LOG_: startZip(LogcatFunc.java:399)zipFile:true,txtFilePath: /la_log/vendor/fawvw/log/android/logcat/main.txt
01-30 10:35:54.013   652  2032 I audio_hw_streamer: 569 capture_thread_loop: select [ch 8 -> ch 4] [15360 -> 7680] bytes data 
01-30 10:35:54.018  1561  1732 I ADAYO_LOG_: startZip(LogcatFunc.java:402)deleteFile:main.txt,delete:true
01-30 10:35:54.021 12436 12436 D ModeService: onCreate and start init
01-30 10:35:54.023 12436 12436 D FawServiceManager: FawvwServiceManager Constructor function
01-30 10:35:54.026 12436 12436 D FawServiceManager: getFawvwManager service name is :power_service
01-30 10:35:54.033  1561  1732 I ADAYO_LOG_: executeSaveLogcat_l(LogcatFunc.java:191)path:/la_log/vendor/fawvw/log/android/logcat/main.txt
01-30 10:35:54.033   652  2032 I audio_hw_streamer: 569 capture_thread_loop: select [ch 8 -> ch 4] [15360 -> 7680] bytes data 
01-30 10:35:54.033 12436 12436 I ModeService: onLifecycleChanged: car service connected.
01-30 10:35:54.037  1561  1732 I ADAYO_LOG_: executeSaveLogcat_l(LogcatFunc.java:194)COLLECT_INT_START
01-30 10:35:54.037  1561  1732 I ADAYO_LOG_: startSeparationAndZip(LogcatFunc.java:286)startZip over
01-30 10:35:54.039 12436 12436 D FawServiceManager: getFawvwManager service name is :persistence_service
01-30 10:35:54.040 12436 12436 D FawPersistenceServiceManager: FawPersistenceServiceManager construct,package name iscom.fawvw.intelligentmodeservice
01-30 10:35:54.041 12436 12436 W ContextImpl: Calling a method in the system process without a qualified user: android.app.ContextImpl.bindService:1988 android.content.ContextWrapper.bindService:861 android.car.Car.startCarService:2807 android.car.Car.createCar:2118 com.fawvw.intelligentmodeservice.ModeService.initCarConnection:89 
01-30 10:35:54.044   706   722 D sde     : [SDE::CatchJE]  Debug: CatchJE end
01-01 08:03:51.763   700   700 E [schedu][0xdbe635f][02:35:54.041943] qcn7605: [700:E:WMI] is_service_enabled_tlv: Service id 371 but WMI ext2 service bitmap is NULL
01-30 10:35:54.045   706   722 D sde     : [SDE::removeFile]  Debug: removeFile index = 19_
01-30 10:35:54.045  2310  2976 I baidu_location_client: can not request location locLegalStatus = 0 mode = 0
01-30 10:35:54.046   706   722 D sde     : [SDE::removeFile]  Debug: remove : /data/sde/19_crash_7656_com.fawvw.intelligentmodeservice_20260128_053400.zip
01-30 10:35:54.046   706   722 D sde     : [SDE::zipArchiveFolder]  Debug: zippath = /data/sde/19_crash_11877_com.fawvw.intelligentmodeservice_20260130_103553.zip 
01-30 10:35:54.046   584  1266 E WifiHAL : Invalid data received from driver
01-30 10:35:54.053   652  2032 I audio_hw_streamer: 569 capture_thread_loop: select [ch 8 -> ch 4] [15360 -> 7680] bytes data 
01-30 10:35:54.059   584  1266 E WifiHAL : Invalid data received from driver
01-30 10:35:54.059   584  1266 E WifiHAL : Invalid data received from driver
01-30 10:35:54.059   584  1266 E WifiHAL : Invalid data received from driver
01-30 10:35:54.059   584  1266 E WifiHAL : Invalid data received from driver
01-30 10:35:54.059   584  1266 E WifiHAL : Invalid data received from driver
01-30 10:35:54.059   584  1266 E WifiHAL : Invalid data received from driver
01-30 10:35:54.059   584  1266 E WifiHAL : Invalid data received from driver
01-30 10:35:54.068   706   722 D sde     : [SDE::zipArchiveFolder]  Debug: property_set persist.sde.last.number success
01-30 10:35:54.068   706   722 D sde     : [SDE::deleteFolder]  Debug: deleteFolder :data/sde/crash_11877_com.fawvw.intelligentmodeservice_20260130_103553
01-30 10:35:54.068   706   722 D sde     : [SDE::hasEnoughSpace]  Debug: avaiPercent = 89, limitPercent = 90
01-30 10:35:54.068   706   722 D sde     : [SDE::CreateFolder]  Debug: CreateFolder type :crash ,pid :11944, package :com.adayo.carplay ,tombstone :
01-30 10:35:54.068   706   706 D sde     : [SDE::socket_listen]  Debug: Accept_fd 5
01-30 10:35:54.068   706   706 D sde     : [SDE::socket_listen]  Debug: receive msg from client : crash|12037|com.fawvw.intelligentmodeservice
01-30 10:35:54.069   706   722 D sde     : [SDE::CreateFolder]  Debug: logpath : data/sde/crash_11944_com.adayo.carplay_20260130_103554
01-30 10:35:54.069   851  2689 I SdException: disconnecting...
01-30 10:35:54.069   706   722 D sde     : [SDE::CollectExceptionMessage]  Debug: CreateFolder = data/sde/crash_11944_com.adayo.carplay_20260130_103554 
01-30 10:35:54.069   706   722 D sde     : [SDE::CatchLog]  Debug: CatchLog : crash,data/sde/crash_11944_com.adayo.carplay_20260130_103554
01-30 10:35:54.069   706   722 D sde     : [SDE::CatchJE]  Debug: CatchJE data/sde/crash_11944_com.adayo.carplay_20260130_103554
01-30 10:35:54.070   851  2689 W ActivityManager: Process com.adayo.carplay has crashed too many times, killing! Reason: crashed quickly
01-30 10:35:54.070   851  2689 I am_process_crashed_too_much: [0,com.adayo.carplay,1000]
01-30 10:35:54.072   851  2689 I sysui_multi_action: [757,316,758,4,759,-1]
01-30 10:35:54.073 12370 12392 I Process : Sending signal. PID: 12370 SIG: 9
01-30 10:35:54.074   851  2689 I WifiService: getVerboseLoggingLevel uid=1000
01-30 10:35:54.074   652  2032 I audio_hw_streamer: 569 capture_thread_loop: select [ch 8 -> ch 4] [15360 -> 7680] bytes data 
01-01 08:03:51.807     1     1 I init    : ... started service 'trace_logcat' has pid 12460
01-30 10:35:54.090 12436 12436 D CompatibilityChangeReporter: Compat change id reported: 263076149; UID 1000; state: ENABLED
01-30 10:35:54.093   652  2032 I audio_hw_streamer: 569 capture_thread_loop: select [ch 8 -> ch 4] [15360 -> 7680] bytes data 
01-30 10:35:54.098   851  2834 I ActivityManager: Process com.adayo.carplay (pid 12370) has died: pers PER 
01-30 10:35:54.099   851  2834 I am_proc_died: [0,12370,com.adayo.carplay,-800,0]
01-30 10:35:54.099  2344  2572 W PermissionServerManager: ┌──────────────────────────────────────────────────────────────────────────────────────────────────────────────────────────────────────┐
01-30 10:35:54.099  2344  2572 W PermissionServerManager: │[10:35:54.098][binder:2344_4][lambda$registerPermissionSwitchListener$1$com-fawvw-mw-permission-business-ipc-PermissionServerManager:60]│
01-30 10:35:54.099  2344  2572 W PermissionServerManager: │ Binder is dead for package: com.adayo.carplay, removing callback.                                                                    │
01-30 10:35:54.099  2344  2572 W PermissionServerManager: └──────────────────────────────────────────────────────────────────────────────────────────────────────────────────────────────────────┘
01-30 10:35:54.100  1602 10685 I CarPlayServerProxy: binderDied ,iCarPlayProxy :com.adayo.carplay.proxy.ICarPlayProxy$Stub$Proxy@7709f9d
01-30 10:35:54.100  1602 10685 I CarPlayServerProxy: connectToServer: 
01-30 10:35:54.101  1602 10685 W ContextImpl: Calling a method in the system process without a qualified user: android.app.ContextImpl.bindService:1988 android.content.ContextWrapper.bindService:861 com.adayo.carplay.proxy.CarPlayProxy.connectToServer:125 com.adayo.carplay.proxy.CarPlayProxy.access$200:21 com.adayo.carplay.proxy.CarPlayProxy$1.binderDied:41 
01-30 10:35:54.101   568   568 I Zygote  : Process 12370 exited due to signal 9 (Killed)
01-30 10:35:54.101   851  1063 I libprocessgroup: Successfully killed process cgroup uid 1000 pid 12370 in 0ms
01-30 10:35:54.102  1602  1602 I CarPlayServerProxy: onServiceDisconnected: 
01-30 10:35:54.102  1602  1602 D v251013.1_CM_CarPlayCM: onServiceDisConnected
01-30 10:35:54.102  1602  1602 E CarPlayServerProxy: checkConnect: is disconnect try connect, isConnect = false, iCarPlayProxy = null
01-30 10:35:54.102  1602  1602 I CarPlayServerProxy: connectToServer: 
01-30 10:35:54.103  1602  1602 W ContextImpl: Calling a method in the system process without a qualified user: android.app.ContextImpl.bindService:1988 android.content.ContextWrapper.bindService:861 com.adayo.carplay.proxy.CarPlayProxy.connectToServer:125 com.adayo.carplay.proxy.CarPlayProxy.checkConnect:133 com.adayo.carplay.proxy.CarPlayProxy.unregisterCpListener:365 
01-30 10:35:54.104   851  2834 W ActivityManager: Scheduling restart of crashed service com.adayo.carplay/.service.CarPlayService in 0ms for persistent
01-30 10:35:54.104   851  2834 I am_schedule_service_restart: [0,com.adayo.carplay/.service.CarPlayService,0]
01-30 10:35:54.105   851  2834 W ActivityManager: Re-adding persistent process ProcessRecord{7c8ce39 12370:com.adayo.carplay/1000}
01-30 10:35:54.107   851  2834 D CompatibilityChangeReporter: Compat change id reported: 135634846; UID 1000; state: DISABLED
01-30 10:35:54.107   851  2834 D CompatibilityChangeReporter: Compat change id reported: 177438394; UID 1000; state: DISABLED
01-30 10:35:54.108   851  2834 D CompatibilityChangeReporter: Compat change id reported: 135772972; UID 1000; state: DISABLED
01-30 10:35:54.108   851  2834 D CompatibilityChangeReporter: Compat change id reported: 135754954; UID 1000; state: ENABLED
01-30 10:35:54.111   851  2689 D NetworkPolicy: Blocked state of 10066: {blocked=NONE,allowed=FOREGROUND|TOP|METERED_FOREGROUND,effective=NONE}
01-30 10:35:54.113   652  2032 I audio_hw_streamer: 569 capture_thread_loop: select [ch 8 -> ch 4] [15360 -> 7680] bytes data 
01-30 10:35:54.114   851   851 I notification_cancel: [1000,0,com.adayo.carplay,1,NULL,0,0,0,8,NULL]
01-30 10:35:54.115   851   851 D ResponseStatsTracker: notification:+3m50s653ms; event=<cancelled>, pkg=com.adayo.carplay, usr=0
01-30 10:35:54.115   851  1149 D JobScheduler.Quota: Processing event 31 for <0>com.adayo.carplay
01-30 10:35:54.115   851   851 I sysui_multi_action: [757,128,758,5,759,8,793,1987,794,0,795,1987,796,1,806,com.adayo.carplay,857,carplay_channel,858,2,947,0,1500,1987,1688,4,1689,2,1690,1]
01-30 10:35:54.116   851   851 I notification_canceled: [0|com.adayo.carplay|1|null|1000,8,1987,1987,0,-1,-1,NULL]
01-30 10:35:54.116   851  1149 D JobScheduler.Quota: Processing event 31 for <0>com.adayo.carplay
01-30 10:35:54.117   851   851 D NotificationService: 0|com.adayo.carplay|1|null|1000: updating permissions
01-30 10:35:54.120 12436 12436 D FawPowerServiceManager: registerPowerModeListener: registered success and handlerPowerEvent : false
01-30 10:35:54.120 12436 12454 I ModeService: onPrimaryPowerEvent : 255 ,oldPowerEvent: 255
01-30 10:35:54.120 12436 12454 I ModeService: onSecondaryPowerEvent newPowerEvent: 255 ,oldPowerEvent: 0
01-30 10:35:54.120 12436 12454 W ModeService: handlePowerEventChange unknown power mode : 255
01-30 10:35:54.122  2766  2766 D J01Launcher_Notification: onNotificationRemoved
01-30 10:35:54.122 12436 12467 I ModeService: onSetVehicleMode newVehicleMode: 0 ,oldVehicleMode: 0
01-30 10:35:54.122 12436 12436 D FawPowerServiceManager: registerVehicleModeListener: registered success
01-30 10:35:54.122 12436 12436 D AndroidRuntime: Shutting down VM
--------- beginning of crash
01-30 10:35:54.123 12436 12436 E AndroidRuntime: FATAL EXCEPTION: main
01-30 10:35:54.123 12436 12436 E AndroidRuntime: Process: com.fawvw.intelligentmodeservice, PID: 12436
01-30 10:35:54.123 12436 12436 E AndroidRuntime: java.lang.NoClassDefFoundError: Failed resolution of: Lcom/fawvw/intelligentmodeservice/ModeServiceImpl;
01-30 10:35:54.123 12436 12436 E AndroidRuntime: 	at com.fawvw.intelligentmodeservice.ModeService.init(ModeService.java:81)
01-30 10:35:54.123 12436 12436 E AndroidRuntime: 	at com.fawvw.intelligentmodeservice.ModeService.onCreate(ModeService.java:69)
01-30 10:35:54.123 12436 12436 E AndroidRuntime: 	at android.app.ActivityThread.handleCreateService(ActivityThread.java:4692)
01-30 10:35:54.123 12436 12436 E AndroidRuntime: 	at android.app.ActivityThread.-$$Nest$mhandleCreateService(Unknown Source:0)
01-30 10:35:54.123 12436 12436 E AndroidRuntime: 	at android.app.ActivityThread$H.handleMessage(ActivityThread.java:2289)
01-30 10:35:54.123 12436 12436 E AndroidRuntime: 	at android.os.Handler.dispatchMessage(Handler.java:106)
01-30 10:35:54.123 12436 12436 E AndroidRuntime: 	at android.os.Looper.loopOnce(Looper.java:205)
01-30 10:35:54.123 12436 12436 E AndroidRuntime: 	at android.os.Looper.loop(Looper.java:294)
01-30 10:35:54.123 12436 12436 E AndroidRuntime: 	at android.app.ActivityThread.main(ActivityThread.java:8248)
01-30 10:35:54.123 12436 12436 E AndroidRuntime: 	at java.lang.reflect.Method.invoke(Native Method)
01-30 10:35:54.123 12436 12436 E AndroidRuntime: 	at com.android.internal.os.RuntimeInit$MethodAndArgsCaller.run(RuntimeInit.java:552)
01-30 10:35:54.123 12436 12436 E AndroidRuntime: 	at com.android.internal.os.ZygoteInit.main(ZygoteInit.java:993)
01-30 10:35:54.123 12436 12436 E AndroidRuntime: Caused by: java.lang.ClassNotFoundException: com.fawvw.intelligentmodeservice.ModeServiceImpl
01-30 10:35:54.123 12436 12436 E AndroidRuntime: 	... 12 more
01-30 10:35:54.124   568   568 D Zygote  : Forked child process 12468
01-30 10:35:54.125   851  1853 I am_crash: [12436,0,com.fawvw.intelligentmodeservice,550026829,java.lang.ClassNotFoundException,com.fawvw.intelligentmodeservice.ModeServiceImpl,ModeService.java,81,0]
01-30 10:35:54.125   851  1061 I am_proc_start: [0,12468,1000,com.adayo.carplay,restart,com.adayo.carplay]
01-30 10:35:54.125   851  1061 I ActivityManager: Start proc 12468:com.adayo.carplay/1000 for restart com.adayo.carplay
01-30 10:35:54.127   851  1853 I SdException: eventType = crash, processName = com.fawvw.intelligentmodeservice
01-30 10:35:54.127   851  1853 I SdException: data = crash|12436|com.fawvw.intelligentmodeservice
01-30 10:35:54.131 12465 12465 I ADAYO_LOG_TRACE_LOGCAT: execute start
01-30 10:35:54.134   652  2032 I audio_hw_streamer: 569 capture_thread_loop: select [ch 8 -> ch 4] [15360 -> 7680] bytes data 
01-30 10:35:54.136 12468 12468 I m.adayo.carplay: Using CollectorTypeCC GC.
01-30 10:35:54.139 12468 12468 D m.adayo.carplay: Received session metadata: 8901044864341462687
01-30 10:35:54.142 12468 12468 E m.adayo.carplay: Not starting debugger since process cannot load the jdwp agent.
01-30 10:35:54.153   652  2032 I audio_hw_streamer: 569 capture_thread_loop: select [ch 8 -> ch 4] [15360 -> 7680] bytes data 
01-30 10:35:54.154   851  2748 I am_proc_bound: [0,12468,com.adayo.carplay]
01-30 10:35:54.159 12468 12468 D CompatibilityChangeReporter: Compat change id reported: 171979766; UID 1000; state: DISABLED
01-30 10:35:54.159 12468 12468 D CompatibilityChangeReporter: Compat change id reported: 242716250; UID 1000; state: DISABLED
01-30 10:35:54.162   645   645 I auditd  : type=1400 audit(0.0:18092): avc:  denied  { read } for  comm="fgesysctrl@1.0-" name="u:object_r:sdrv_prop:s0" dev="tmpfs" ino=319 scontext=u:r:fgesysctrl:s0 tcontext=u:object_r:sdrv_prop:s0 tclass=file permissive=0
01-30 10:35:54.162   645   645 W fgesysctrl@1.0-: type=1400 audit(0.0:18092): avc:  denied  { read } for  name="u:object_r:sdrv_prop:s0" dev="tmpfs" ino=319 scontext=u:r:fgesysctrl:s0 tcontext=u:object_r:sdrv_prop:s0 tclass=file permissive=0
01-30 10:35:54.166   645   645 E fgesysctrl_hidl_hal_test1: fgesysctrl_get_signal status error ret:-1
01-30 10:35:54.166   650   809 D EvsApp  : CameraFgeSysctrl::fgesysctrlGetsignalstatus() FAIL
01-30 10:35:54.166  1583  8937 I evsservice20200311: function = notifyAppDeviceValue :ADAYO_AVM_CAMERA_SIGNAL_STATE,-1---
01-30 10:35:54.167  1583  1760 E EvsServiceManager: EvsServiceManager$a->notifyDeviceValue()29:notifyDeviceValue key：ADAYO_AVM_CAMERA_SIGNAL_STATEvalue-1     ---246:Thread-215
01-30 10:35:54.171 12468 12468 D nativeloader: Configuring clns-shared-7 for other apk /system/app/CarPlay/CarPlay.apk. target_sdk_version=30, uses_libraries=, library_path=/system/app/CarPlay/lib/arm64:/system/app/CarPlay/CarPlay.apk!/lib/arm64-v8a:/system/lib64:/system_ext/lib64, permitted_path=/data:/mnt/expand:/data/user/0/com.adayo.carplay:/system/app/CarPlay:/system/lib64:/system_ext/lib64
01-30 10:35:54.173   652  2032 I audio_hw_streamer: 569 capture_thread_loop: select [ch 8 -> ch 4] [15360 -> 7680] bytes data 
01-30 10:35:54.175 12484 12484 I ADAYO_LOG_TRACE_LOGCAT: executing
01-30 10:35:54.193   652  2032 I audio_hw_streamer: 569 capture_thread_loop: select [ch 8 -> ch 4] [15360 -> 7680] bytes data 
01-30 10:35:54.206  1268  1268 D wpa_supplicant: nl80211: Drv Event 34 (NL80211_CMD_NEW_SCAN_RESULTS) received for wlan0
01-30 10:35:54.206  3845  3845 D hostapd : nl80211: Ignored event 34 (NL80211_CMD_NEW_SCAN_RESULTS) for foreign interface (ifindex 29 wdev 0x0)
01-30 10:35:54.206  1268  1268 D wpa_supplicant: wlan0: nl80211: New scan results available
01-30 10:35:54.206  1268  1268 D wpa_supplicant: nl80211: Scan included frequencies: 2412 2417 2422 2427 2432 2437 2442 2447 2452 2457 2462 2467 2472 5180 5200 5220 5240 5260 5280 5300 5320 5745 5765 5785 5805 5825
01-30 10:35:54.206  1268  1268 D wpa_supplicant: wlan0: Event SCAN_RESULTS (3) received
01-30 10:35:54.207  1268  1268 D wpa_supplicant: nl80211: Received scan results (50 BSSes)
01-30 10:35:54.207  1268  1268 D wpa_supplicant: nl80211: Scan results indicate BSS status with 2a:0c:50:4b:6e:dc as associated
01-30 10:35:54.207   851  2748 D WifiNl80211Manager: Scan result ready event
01-30 10:35:54.207   851  2748 D WifiNative: Scan result ready event
01-30 10:35:54.207  1268  1268 D wpa_supplicant: wlan0: BSS: Start scan result update 7
01-30 10:35:54.208   584  1266 E WifiHAL : Invalid data received from driver
01-30 10:35:54.208  1268  1268 D wpa_supplicant: wlan0: BSS: Do not update scan IEs for 2a:b2:b9:45:8c:11 since that would remove P2P IE information
01-30 10:35:54.208  1268  1268 D wpa_supplicant: wlan0: BSS: Remove id 72 BSSID 50:c3:a2:0a:2b:ff SSID 'DEEPAL' due to no match in scan
01-30 10:35:54.208  1268  1268 D wpa_supplicant: wlan0: BSS: Remove id 26 BSSID 5c:e8:d3:14:a5:03 SSID 'uFi_14A503' due to no match in scan
01-30 10:35:54.208  1268  1268 D wpa_supplicant: wlan0: BSS: Remove id 30 BSSID b8:f8:83:62:37:7b SSID 'TP-LINK_377B' due to no match in scan
01-30 10:35:54.208  1268  1268 D wpa_supplicant: wlan0: BSS: Remove id 51 BSSID d2:74:8a:43:9a:82 SSID 'bjdwrazwlH' due to no match in scan
01-30 10:35:54.208  1268  1268 D wpa_supplicant: BSS: last_scan_res_used=50/128
01-30 10:35:54.208  1268  1268 D wpa_supplicant: wlan0: New scan results available (own=0 ext=1)
01-30 10:35:54.208  1268  1268 D wpa_supplicant: wlan0: Do not use results from externally requested scan operation for network selection
01-30 10:35:54.209  1268  1268 D wpa_supplicant: p2p0: Updating scan results from sibling
01-30 10:35:54.209  1268  1268 D wpa_supplicant: nl80211: Received scan results (50 BSSes)
01-30 10:35:54.209  1268  1268 D wpa_supplicant: p2p0: BSS: Start scan result update 7
01-30 10:35:54.209  1268  1268 D wpa_supplicant: p2p0: BSS: Do not update scan IEs for 2a:b2:b9:45:8c:11 since that would remove P2P IE information
01-30 10:35:54.209  1268  1268 D wpa_supplicant: p2p0: BSS: Remove id 72 BSSID 50:c3:a2:0a:2b:ff SSID 'DEEPAL' due to no match in scan
01-30 10:35:54.209  1268  1268 D wpa_supplicant: p2p0: BSS: Remove id 26 BSSID 5c:e8:d3:14:a5:03 SSID 'uFi_14A503' due to no match in scan
01-30 10:35:54.210  1268  1268 D wpa_supplicant: p2p0: BSS: Remove id 30 BSSID b8:f8:83:62:37:7b SSID 'TP-LINK_377B' due to no match in scan
01-30 10:35:54.210  1268  1268 D wpa_supplicant: p2p0: BSS: Remove id 51 BSSID d2:74:8a:43:9a:82 SSID 'bjdwrazwlH' due to no match in scan
01-30 10:35:54.210  1268  1268 D wpa_supplicant: BSS: last_scan_res_used=50/128
01-01 08:03:51.928   700   700 I [schedu][0xdc0e7f3][02:35:54.206956] qcn7605: [700:I:OSIF] vdev 0, scan id 40967 type COMPLETED(1) reason COMPLETED(1) scan found 43 bss
01-30 10:35:54.210  1268  1268 D wpa_supplicant: p2p0: New scan results available (own=0 ext=1)
01-30 10:35:54.210  1268  1268 D wpa_supplicant: p2p0: Do not use results from externally requested scan operation for network selection
01-30 10:35:54.210   851  1224 D WifiNl80211Manager: get 50 scan results from wificond
01-30 10:35:54.212 12468 12468 I CarPlay_Service: onCreate(DataHelper.java:135)onCreate: 
01-30 10:35:54.213   652  2032 I audio_hw_streamer: 569 capture_thread_loop: select [ch 8 -> ch 4] [15360 -> 7680] bytes data 
01-30 10:35:54.216 12492 12492 I ADAYO_LOG_TRACE_LOGCAT: collect_dest_path:/la_log/vendor/fawvw/log/android/logcat
01-30 10:35:54.216   584  1266 E WifiHAL : Invalid data received from driver
01-30 10:35:54.220   851  1060 D NotificationService: PostNotification: Started
01-30 10:35:54.221 12468 12468 D CarPlay_Service == CarPlayServer: init(LoadJson.java:27)configPath:/system/etc/adayo/carplay/CarPlayServerConfig.json
01-30 10:35:54.222   851  1224 D WifiNative: get 50 scan results from wificond
01-30 10:35:54.223   851   851 D NotificationService: EnqueueNotificationRunnable.run for: 0|com.adayo.carplay|1|null|1000
01-30 10:35:54.223   851   851 I notification_enqueue: [1000,12468,com.adayo.carplay,1,NULL,0,Notification(channel=carplay_channel shortcut=null contentView=null vibrate=null sound=null defaults=0x0 flags=0x860 color=0x00000000 vis=PRIVATE),0]
01-30 10:35:54.223   644   707 I mcuc    : sd Uart data : 6AA6020822000292023E
01-30 10:35:54.223   851  1224 D WificondScannerImpl: Filtering out 7 scan results.
01-30 10:35:54.223   644   708 I mcuc    : sd Uart data : 6AA60000D50002060122
01-30 10:35:54.223 12468 12468 D CompatibilityChangeReporter: Compat change id reported: 247079863; UID 1000; state: DISABLED
01-30 10:35:54.225  1728  1728 I ExtAssistant: ENQUEUED 0|com.adayo.carplay|1|null|1000 on carplay_channel
01-30 10:35:54.226   582 12276 D resolv  : retrying_poll: 52 retrying_poll timeout
01-30 10:35:54.226   582 12276 D resolv  : send_dg: timeout
01-30 10:35:54.226   582 12276 I resolv  : res_nsend: used send_dg 0 terrno: 110
01-30 10:35:54.226   582 12276 I resolv  : doQuery: rcode=255, ancount=0, return value=-110
01-30 10:35:54.227  1728  2728 D ExtAssistant: Creating Adjustment for 0|com.adayo.carplay|1|null|1000, with 0 actions, and 0 replies.
01-30 10:35:54.228   644   707 I mcuc    : rev uart=2182,len=15, data : 6AA6810822000792020009000000B1
01-30 10:35:54.229   396   396 D adayocomadapter-ParseProtocolFunc: printRaWMsg Name[MCUToUPstream recv] len[7] data[92020009000000]
01-30 10:35:54.229   396   396 D adayocomadapter-CommunicationManager: onUpstreamback   member[0] dataLength[4] timePoint[230768]
01-30 10:35:54.229   396   396 D adayocomadapter-ParseProtocolFunc: printRaWMsg Name[onUpstreamback] len[4] data[09000000]
01-30 10:35:54.229   396   452 D adayocomadapter-UpstreamHandler: processBeforePacket upSreamtProcessTimePoint[230768] 
01-30 10:35:54.229   396   452 D adayocomadapter-UpstreamHandler: processPacket UPSTREAM_QUEUE_DATA_TIMEOUT
01-30 10:35:54.229   396   452 D adayocomadapter-ParseProtocolFunc: parseCommonIPCLBytes Processing tableNumber[9]
01-30 10:35:54.229   396   452 D adayocomadapter-ParseProtocolFunc: parseCommonIPCLBytes Processing tablename[Table-9] tableSize[4]
01-30 10:35:54.229   396   452 D adayocomadapter-ParseProtocolFunc: printRaWMsg Name[byteStream recv] len[4] data[09000000]
01-30 10:35:54.229   396   452 D adayocomadapter-ParseProtocolFunc: printRaWMsg Name[IPCLtoVHAL] len[6] data[214020600000]
01-30 10:35:54.229   396   452 D adayocomadapter-ParseProtocolFunc: printRaWMsg Name[IPCLtoVHAL] len[6] data[2140218D0000]
01-30 10:35:54.229   396   452 D adayocomadapter-ParseProtocolFunc: printRaWMsg Name[IPCLtoVHAL] len[6] data[214022550000]
01-30 10:35:54.229   396   452 D adayocomadapter-CommunicationManager: onUpstreamReceive mPropertyId 0x21402060
01-30 10:35:54.229   396   452 D adayocomadapter-CommunicationManager: convertBytesToInt32Memcpy  0
01-30 10:35:54.229   396   452 I vw-vhal : notifyVehicleProperty, propId = 0x21402060, data = {status: 2, int32Values: [0]}
01-30 10:35:54.229   396   452 I vw-vhal : CanSignalsAdapter::notifyVehicleProperty: solvedValue = {.timestamp = 230768782359, .areaId = 0, .prop = 557850720, .status = AVAILABLE, .value = {.int32Values = [1]{0}, .floatValues = [0]{}, .int64Values = [0]{}, .bytes = [0]{}, .stringValue = ""}}
01-30 10:35:54.229   396   452 I VehiclePropertyStore: begin to write value to Store: {.timestamp = 230768782359, .areaId = 0, .prop = 557850720, .status = AVAILABLE, .value = {.int32Values = [1]{0}, .floatValues = [0]{}, .int64Values = [0]{}, .bytes = [0]{}, .stringValue = ""}}
01-30 10:35:54.229   396   452 I DefaultVehicleHal_v2_0: DefaultVehicleHal::onPropertyValue, value:{.timestamp = 230768782359, .areaId = 0, .prop = 557850720, .status = AVAILABLE, .value = {.int32Values = [1]{0}, .floatValues = [0]{}, .int64Values = [0]{}, .bytes = [0]{}, .stringValue = ""}}
01-30 10:35:54.229   396   452 I VehiclePropertyStore: begin to write value to Store: {.timestamp = 230768782359, .areaId = 0, .prop = 557850720, .status = AVAILABLE, .value = {.int32Values = [1]{0}, .floatValues = [0]{}, .int64Values = [0]{}, .bytes = [0]{}, .stringValue = ""}}
01-30 10:35:54.229   396   452 D adayocomadapter-CommunicationManager: onUpstreamReceive mPropertyId 0x21402060
01-30 10:35:54.229   396   452 D adayocomadapter-CommunicationManager: onUpstreamReceive mPropertyId 0x2140218d
01-30 10:35:54.229   396   452 D adayocomadapter-CommunicationManager: convertBytesToInt32Memcpy  0
01-30 10:35:54.229   396   452 I vw-vhal : notifyVehicleProperty, propId = 0x2140218d, data = {status: 2, int32Values: [0]}
01-30 10:35:54.229   396   452 I vw-vhal : CanSignalsAdapter::notifyVehicleProperty: solvedValue = {.timestamp = 230769030692, .areaId = 0, .prop = 557851021, .status = AVAILABLE, .value = {.int32Values = [1]{0}, .floatValues = [0]{}, .int64Values = [0]{}, .bytes = [0]{}, .stringValue = ""}}
01-30 10:35:54.229   396   452 I VehiclePropertyStore: begin to write value to Store: {.timestamp = 230769030692, .areaId = 0, .prop = 557851021, .status = AVAILABLE, .value = {.int32Values = [1]{0}, .floatValues = [0]{}, .int64Values = [0]{}, .bytes = [0]{}, .stringValue = ""}}
01-30 10:35:54.229   396   452 I DefaultVehicleHal_v2_0: DefaultVehicleHal::onPropertyValue, value:{.timestamp = 230769030692, .areaId = 0, .prop = 557851021, .status = AVAILABLE, .value = {.int32Values = [1]{0}, .floatValues = [0]{}, .int64Values = [0]{}, .bytes = [0]{}, .stringValue = ""}}
01-30 10:35:54.229   396   452 I VehiclePropertyStore: begin to write value to Store: {.timestamp = 230769030692, .areaId = 0, .prop = 557851021, .status = AVAILABLE, .value = {.int32Values = [1]{0}, .floatValues = [0]{}, .int64Values = [0]{}, .bytes = [0]{}, .stringValue = ""}}
01-30 10:35:54.230   396   452 D adayocomadapter-CommunicationManager: onUpstreamReceive mPropertyId 0x2140218d
01-30 10:35:54.230   396   452 D adayocomadapter-CommunicationManager: onUpstreamReceive mPropertyId 0x21402255
01-30 10:35:54.230   396   452 D adayocomadapter-CommunicationManager: convertBytesToInt32Memcpy  0
01-30 10:35:54.230   396   452 I vw-vhal : notifyVehicleProperty, propId = 0x21402255, data = {status: 2, int32Values: [0]}
01-30 10:35:54.230   396   452 I vw-vhal : CanSignalsAdapter::notifyVehicleProperty: solvedValue = {.timestamp = 230769233026, .areaId = 0, .prop = 557851221, .status = AVAILABLE, .value = {.int32Values = [1]{0}, .floatValues = [0]{}, .int64Values = [0]{}, .bytes = [0]{}, .stringValue = ""}}
01-30 10:35:54.230   396   452 I VehiclePropertyStore: begin to write value to Store: {.timestamp = 230769233026, .areaId = 0, .prop = 557851221, .status = AVAILABLE, .value = {.int32Values = [1]{0}, .floatValues = [0]{}, .int64Values = [0]{}, .bytes = [0]{}, .stringValue = ""}}
01-30 10:35:54.230   396   452 I DefaultVehicleHal_v2_0: DefaultVehicleHal::onPropertyValue, value:{.timestamp = 230769233026, .areaId = 0, .prop = 557851221, .status = AVAILABLE, .value = {.int32Values = [1]{0}, .floatValues = [0]{}, .int64Values = [0]{}, .bytes = [0]{}, .stringValue = ""}}
01-30 10:35:54.230   396   452 I VehiclePropertyStore: begin to write value to Store: {.timestamp = 230769233026, .areaId = 0, .prop = 557851221, .status = AVAILABLE, .value = {.int32Values = [1]{0}, .floatValues = [0]{}, .int64Values = [0]{}, .bytes = [0]{}, .stringValue = ""}}
01-30 10:35:54.230   396   452 D adayocomadapter-CommunicationManager: onUpstreamReceive mPropertyId 0x21402255
01-30 10:35:54.233   652  2032 I audio_hw_streamer: 569 capture_thread_loop: select [ch 8 -> ch 4] [15360 -> 7680] bytes data 
01-30 10:35:54.236   582 12277 D resolv  : retrying_poll: 53 retrying_poll timeout
01-30 10:35:54.236   582 12277 D resolv  : send_dg: timeout
01-30 10:35:54.236   582 12277 I resolv  : res_nsend: used send_dg 0 terrno: 110
01-30 10:35:54.236   582 12277 I resolv  : doQuery: rcode=255, ancount=0, return value=-110
01-30 10:35:54.236   582 12275 D resolv  : resolv_populate_res_for_net: netid=106
01-30 10:35:54.237   582 12498 D resolv  : doQuery: (1, 1)
01-30 10:35:54.237   582 12498 I resolv  : res_nmkquery: (QUERY, IN, A)
01-30 10:35:54.237   582 12498 D resolv  : res_nsend
01-30 10:35:54.237   582 12498 D resolv  : resolv_cache_lookup: lookup
01-30 10:35:54.237   582 12498 D resolv  : resolv_cache_lookup: NOT IN CACHE
01-30 10:35:54.237   582 12498 D resolv  : resolv_populate_res_for_net: netid=106
01-30 10:35:54.237   582 12497 D resolv  : doQuery: (1, 28)
01-30 10:35:54.238   582 12497 I resolv  : res_nmkquery: (QUERY, IN, AAAA)
01-30 10:35:54.238   582 12497 D resolv  : res_nsend
01-30 10:35:54.238   582 12497 D resolv  : resolv_cache_lookup: lookup
01-30 10:35:54.238   582 12497 D resolv  : resolv_cache_lookup: NOT IN CACHE
01-30 10:35:54.238   582 12497 D resolv  : resolv_populate_res_for_net: netid=106
01-30 10:35:54.238 12468 12468 D CarPlay_Service == CarPlayServer: init(LoadJson.java:39)config parse end,Config{Logger=Logger{LogFileSavePath='null', ShowLineNumber=true, Tag='CarPlayServer', ShowFileName=true, LogLevel=2}, Information=Information{LockedBootStartService=true, BootStartService=true, configPath='/system/etc/adayo/carplay/CarPlayJniProxyConfig.json', deviceId='null', siriPrewarmTime=-600, connectOperatingBT=false, connectionMode=0, audioBufferSize=200, recordBufferSize=25000, videoBufferSize=150, decoderAsync=false, audioSteamType=AudioStreamType{VOICE_CALL=StreamInfo{streamType=0, usage='2', contentType='1', audioSource=-1, focusType=1, playusage=2}, RING=StreamInfo{streamType=2, usage='6', contentType='1', audioSource=-1, focusType=1, playusage=6}, MUSIC=StreamInfo{streamType=3, usage='1', contentType='2', audioSource=-1, focusType=0, playusage=1}, ALARM=StreamInfo{streamType=11, usage='13', contentType='1', audioSource=-1, focusType=2, playusage=12}, TTS=StreamInfo{streamType=17, usage='11', contentType='2', audioSource=-1, focusType=2, playusage=18}}, recordStreamType=RecordStreamType{MIC=StreamInfo{streamType=1, usage='2', contentType='1', audioSource=1, focusType=1, playusage=-1}, VOICE_CALL=StreamInfo{streamType=1, usage='2', contentType='1', audioSource=1, focusType=1, playusage=-1}, TTS=StreamInfo{streamType=1, usage='2', contentType='1', audioSource=10, focusType=1, playusage=-1}}, dataBaseInfo=DataBaseInfo{name='historyDevices.db', count=10000}, ituTestParam=ITUTestParam{playerParams=null, recorderParams=null}, dealWithBluetooth=false, muteCanWakeUp=true, transCanWakeUp=true, coverAnswerToFlash=true, carCallEndCarPlay=false, standbySendToPhone=true, dealWithMute=false, dealWithPhoneMode=false, dealWithBackCar=false, noDealWithRouteGuidance=false, minBufferScale=2, dealWithPASCD=true, supportsEnhancedSiriVoice=true, dealWithVR=false, testConnectFail=false, testConnectWifiFail=false, testScreenError=false}, Wireless=Wireless{setupWiFiOnServerCreate=false, setupBTOnServerCreate=false, startApCloseWifi=false, startApWhenBTConnect=true, Hotspot=Hotspot{SSID='CarPlayAP', PreShareKey='a88888888', apChannel=149, apChannel24=6, AuthAlgorithms=0, KeyManagement=2}}}
01-30 10:35:54.238   582 12497 D resolv  : res_stats_usable_server: NS stats: S 46 + E 0 + T 18 + I 0 = 64, rtt = 345, min_samples = 8
01-30 10:35:54.239   582 12497 D resolv  : res_stats_usable_server: success rate 71
01-30 10:35:54.239   582 12497 D resolv  : res_nsend: Querying server (# 1) address = 192.168.137.1:53
01-30 10:35:54.239 12468 12468 I PhoneDetect: LoadJson init/system/etc/adayo/carplay/PhoneDetectConfig.json
01-30 10:35:54.239 12468 12468 I PhoneDetect: LoadJson init/system/etc/adayo/carplay/PhoneDetectConfig.json
01-30 10:35:54.240   582 12497 D resolv  : send_dg: new DG socket
01-30 10:35:54.240   582 12498 D resolv  : res_stats_usable_server: NS stats: S 46 + E 0 + T 18 + I 0 = 64, rtt = 345, min_samples = 8
01-30 10:35:54.240   582 12498 D resolv  : res_stats_usable_server: success rate 71
01-30 10:35:54.240   582 12498 D resolv  : res_nsend: Querying server (# 1) address = 192.168.137.1:53
01-30 10:35:54.240   582 12498 D resolv  : send_dg: new DG socket
01-30 10:35:54.240   582 12498 D resolv  : get_timeout: using timeout of 5000 msec
01-30 10:35:54.241   582 12498 D resolv  : retrying_poll: 53 retrying_poll
01-30 10:35:54.241   582 12497 D resolv  : get_timeout: using timeout of 5000 msec
01-30 10:35:54.241   582 12497 D resolv  : retrying_poll: 52 retrying_poll
01-30 10:35:54.246 12468 12468 I PhoneDetect: config parse end,Feature{, isCarPlayHide=false, AppleDevice=AppleDevice{Wired=Wired{CurrentMode=0, AppleVendorID='5ac', AskSupportCarPlay=true, SupportRollBackIap=false, SupportCarPlayStatus=false, NotifyUnSupport=true, ObserverUEvent=[ObserverUEvent{PortMode=0, DevicePath='/devices/virtual/carplay_dev/carplay_dev', HIDPath='/dev/usb/hid_dev_otg', SoundCardIndex='-1'}, ObserverUEvent{PortMode=2, DevicePath='/devices/platform/soc/a600000.ssusb/a600000.dwc3/xhci-hcd', HIDPath='/dev/usb/hid_dev_otg', SoundCardIndex='1'}, ObserverUEvent{PortMode=0, DevicePath='/devices/virtual/carplay/carplay', HIDPath='null', SoundCardIndex='-1'}, ObserverUEvent{PortMode=0, DevicePath='/devices/virtual/misc/iap2_device', HIDPath='null', SoundCardIndex='-1'}, ObserverUEvent{PortMode=0, DevicePath='/devices/virtual/eap_dev/eap0', HIDPath='null', SoundCardIndex='-1'}, ObserverUEvent{PortMode=0, DevicePath='/devices/platform/soc/e6590000.usb/gadget/sound', HIDPath='null', SoundCardIndex='-1'}], Modes={1=0, 2=3, 3=2, 4=1}, SwitchNone={sys.usb.config=none}, SwitchCarPlay={usb.carplay.state=in, sys.usb.config=ncm}, SwitchCarBit={usb.carplay.state=in, sys.usb.config=mfi_iap2,mfi_carbit_eap,mfi_uac1,mfi_hid}, SwitchCarLife={usb.carplay.state=in, sys.usb.config=eap_carlife}, SwitchHost={usb.carplay.state=out}, USBReset={usb.carplay.state=reset}, ac8xEnable=null, ac8xRoleSwitch=null}, Wireless=Wireless{setupWiFiOnServerCreate=false, setupBTOnServerCreate=false, startApCloseWifi=false, startApWhenBTConnect=true, Hotspot=Hotspot{SSID='CarPlayAP', PreShareKey='a88888888', apChannel=149, apChannel24=6, AuthAlgorithms=0, KeyManagement=2}}}}
01-30 10:35:54.248 12468 12468 D CarPlay_Service: initPlayStatus(CarPlayAdapterStates.java:468)initPlayStatus--
01-30 10:35:54.248 12468 12468 D CarPlay_Service: getDaoSession(DataHelper.java:46)openDaoSession: historyDevices.db
01-30 10:35:54.253   652  2032 I audio_hw_streamer: 569 capture_thread_loop: select [ch 8 -> ch 4] [15360 -> 7680] bytes data 
01-30 10:35:54.255   851  1224 I WifiScanningService: singleScanResults: ClientInfo[uid=1000, package=com.fawvw.hmi.bev.carapp, com.android.server.wifi.scanner.WifiScannerInternal$ScanListener@c81ef7f],results=43
01-30 10:35:54.256   851  1224 I WifiScanningService: singleScanResults: ClientInfo[uid=1000, package=android, com.android.server.wifi.scanner.WifiScannerInternal$ScanListener@f2f50fd],results=43
01-30 10:35:54.256   851  1224 I WifiScanningService: singleScanResults: ClientInfo[uid=1000, package=android, com.android.server.wifi.scanner.WifiScannerInternal$ScanListener@1c63f84],results=43
01-30 10:35:54.256   851  1202 D WifiScanRequestProxy: Scan results received
01-30 10:35:54.257   851  1224 I WifiScanningService: singleScanResults: ClientInfo[uid=1000, package=android, com.android.server.wifi.scanner.WifiScannerInternal$ScanListener@7014a13],results=43
01-30 10:35:54.257   851  1202 D WifiScanRequestProxy: Received 43 scan results
01-30 10:35:54.257   851  1224 I WifiScanningService: Unregistering listener= com.android.server.wifi.scanner.WifiScannerInternal$ScanListener@c81ef7f uid=1000 packageName=com.fawvw.hmi.bev.carapp workSource=WorkSource{1000}
01-30 10:35:54.260   851  1202 D WifiHealthMonitor:  2G scanResult count: 1, Above2g scanResult count: 42
01-30 10:35:54.262   851  1202 D PasspointManager: ANQP entry not found for: ce:0b:9d:1f:3d:5d:<BJ40 e>
01-30 10:35:54.262   851  1202 D PasspointManager: No service provider found for BJ40 e
01-30 10:35:54.262   851  1202 D PasspointManager: ANQP entry not found for: 66:f6:81:23:8f:20:<DIRECT-ICCOA-DE3>
01-30 10:35:54.262   851  1202 D PasspointManager: No service provider found for DIRECT-ICCOA-DE3
01-30 10:35:54.262   851  1202 D PasspointManager: ANQP entry not found for: 4a:a8:e0:89:6d:72:<AndroidAP_2349>
01-30 10:35:54.263   851  1202 D PasspointManager: No service provider found for AndroidAP_2349
01-30 10:35:54.263   851  2748 I WifiService: getScanResults uid=1000
01-30 10:35:54.263   851  1202 D PasspointManager: ANQP entry not found for: 66:0c:2f:be:62:cb:<Beijingnclfh>
01-30 10:35:54.263   851  1202 D PasspointManager: No service provider found for Beijingnclfh
01-30 10:35:54.263   851  1202 D PasspointManager: ANQP entry not found for: d6:b5:02:9c:3e:31:<REDMI Turbo 4 Pro>
01-30 10:35:54.263   851  1202 D PasspointManager: No service provider found for REDMI Turbo 4 Pro
01-30 10:35:54.263   851  1202 D PasspointManager: ANQP entry not found for: 50:c3:a2:8f:cd:d4:<DEEPAL>
01-30 10:35:54.263   851  1202 D PasspointManager: No service provider found for DEEPAL
01-30 10:35:54.264   851  1202 D PasspointManager: ANQP entry not found for: 4c:53:69:00:0a:c8:<HotspotL3xT>
01-30 10:35:54.264   851  1202 D PasspointManager: No service provider found for HotspotL3xT
01-30 10:35:54.264   851  1202 D PasspointManager: ANQP entry not found for: 12:dc:2f:4d:84:e1:<AndroidAP_1063>
01-30 10:35:54.264   851  1202 D PasspointManager: No service provider found for AndroidAP_1063
01-30 10:35:54.264   851  1202 D PasspointManager: ANQP entry not found for: 0e:81:8b:e2:4e:54:<AndroidAP_8024>
01-30 10:35:54.264   851  1202 D PasspointManager: No service provider found for AndroidAP_8024
01-30 10:35:54.265   851  1202 D PasspointManager: ANQP entry not found for: 50:c3:a2:b8:2b:7f:<DEEPAL>
01-30 10:35:54.265   851  1202 D PasspointManager: No service provider found for DEEPAL
01-30 10:35:54.265   851  1202 D PasspointManager: ANQP entry not found for: 50:c3:a2:b8:2a:f9:<DEEPAL>
01-30 10:35:54.265   851  1202 D PasspointManager: No service provider found for DEEPAL
01-30 10:35:54.266   851  1202 D PasspointManager: ANQP entry not found for: 26:b7:fa:0b:54:b0:<AndroidAP_7542>
01-30 10:35:54.266   851  1202 D PasspointManager: No service provider found for AndroidAP_7542
01-30 10:35:54.266   851  1202 D PasspointManager: ANQP entry not found for: a4:04:50:6e:0c:8a:<DEEPAL>
01-30 10:35:54.266   851  1202 D PasspointManager: No service provider found for DEEPAL
01-30 10:35:54.266   851  1202 D PasspointManager: ANQP entry not found for: 50:c3:a2:54:fd:7b:<FX_2001>
01-30 10:35:54.266   851  1202 D PasspointManager: No service provider found for FX_2001
01-30 10:35:54.266   851  1202 D PasspointManager: ANQP entry not found for: ee:74:72:d7:de:af:<HiCar-8919>
01-30 10:35:54.266   851  1202 D PasspointManager: No service provider found for HiCar-8919
01-30 10:35:54.266   851  1202 D PasspointManager: ANQP entry not found for: aa:77:ed:fe:4d:4b:<JETTA WLAN 001>
01-30 10:35:54.266   851  1202 D PasspointManager: No service provider found for JETTA WLAN 001
01-30 10:35:54.267   851  1202 D PasspointManager: ANQP entry not found for: 50:c3:a2:03:c2:1d:<DEEPAL>
01-30 10:35:54.267   851  1202 D PasspointManager: No service provider found for DEEPAL
01-30 10:35:54.267   851  1202 D PasspointManager: ANQP entry not found for: 8a:f0:1d:66:3d:08:<AndroidAP_3330>
01-30 10:35:54.267   851  1202 D PasspointManager: No service provider found for AndroidAP_3330
01-30 10:35:54.267   851  1202 D PasspointManager: ANQP entry not found for: 50:c3:a2:0a:1c:de:<DEEPAL>
01-30 10:35:54.267   851  1202 D PasspointManager: No service provider found for DEEPAL
01-30 10:35:54.267   851  1202 D PasspointManager: ANQP entry not found for: a4:04:50:ce:4b:fb:<DEEPAL>
01-30 10:35:54.268   851  1202 D PasspointManager: No service provider found for DEEPAL
01-30 10:35:54.269   584   592 E WifiHAL : wifi_get_link_stats: requestResponse Error:-3
01-30 10:35:54.269   851  1202 E WifiStaIfaceAidlImpl: getLinkLayerStats failed with service-specific exception: android.os.ServiceSpecificException:  (code 4)
