01-30 10:35:58.649   396   452 I DefaultVehicleHal_v2_0: DefaultVehicleHal::onPropertyValue, value:{.timestamp = 235188601026, .areaId = 0, .prop = 557851147, .status = AVAILABLE, .value = {.int32Values = [1]{0}, .floatValues = [0]{}, .int64Values = [0]{}, .bytes = [0]{}, .stringValue = ""}}
01-30 10:35:58.649   396   452 I VehiclePropertyStore: begin to write value to Store: {.timestamp = 235188601026, .areaId = 0, .prop = 557851147, .status = AVAILABLE, .value = {.int32Values = [1]{0}, .floatValues = [0]{}, .int64Values = [0]{}, .bytes = [0]{}, .stringValue = ""}}
01-30 10:35:58.649   396   452 D adayocomadapter-CommunicationManager: onUpstreamReceive mPropertyId 0x2140220b
01-30 10:35:58.653   652  2032 I audio_hw_streamer: 569 capture_thread_loop: select [ch 8 -> ch 4] [15360 -> 7680] bytes data 
01-30 10:35:58.660 12941 12941 D nativeloader: Configuring clns-shared-7 for other apk /system/app/CarPlay/CarPlay.apk. target_sdk_version=30, uses_libraries=, library_path=/system/app/CarPlay/lib/arm64:/system/app/CarPlay/CarPlay.apk!/lib/arm64-v8a:/system/lib64:/system_ext/lib64, permitted_path=/data:/mnt/expand:/data/user/0/com.adayo.carplay:/system/app/CarPlay:/system/lib64:/system_ext/lib64
01-30 10:35:58.666   584  1266 E WifiHAL : Invalid data received from driver
01-30 10:35:58.666   584  1266 E WifiHAL : Invalid data received from driver
01-30 10:35:58.666   584  1266 E WifiHAL : Invalid data received from driver
01-30 10:35:58.666   584  1266 E WifiHAL : Invalid data received from driver
01-30 10:35:58.666   584  1266 E WifiHAL : Invalid data received from driver
01-30 10:35:58.666   584  1266 E WifiHAL : Invalid data received from driver
01-30 10:35:58.666   584  1266 E WifiHAL : Invalid data received from driver
01-30 10:35:58.673   652  2032 I audio_hw_streamer: 569 capture_thread_loop: select [ch 8 -> ch 4] [15360 -> 7680] bytes data 
01-30 10:35:58.693   652  2032 I audio_hw_streamer: 569 capture_thread_loop: select [ch 8 -> ch 4] [15360 -> 7680] bytes data 
01-30 10:35:58.695 12941 12941 I CarPlay_Service: onCreate(DataHelper.java:135)onCreate: 
01-30 10:35:58.700   851  1060 D NotificationService: PostNotification: Started
01-30 10:35:58.701 12941 12941 D CarPlay_Service == CarPlayServer: init(LoadJson.java:27)configPath:/system/etc/adayo/carplay/CarPlayServerConfig.json
01-30 10:35:58.702 12941 12941 D CompatibilityChangeReporter: Compat change id reported: 247079863; UID 1000; state: DISABLED
01-30 10:35:58.704   851   851 D NotificationService: EnqueueNotificationRunnable.run for: 0|com.adayo.carplay|1|null|1000
01-30 10:35:58.704   851   851 I notification_enqueue: [1000,12941,com.adayo.carplay,1,NULL,0,Notification(channel=carplay_channel shortcut=null contentView=null vibrate=null sound=null defaults=0x0 flags=0x860 color=0x00000000 vis=PRIVATE),0]
01-30 10:35:58.705   317   317 I auditd  : avc:  denied  { find } for pid=12403 uid=0 name=adayo.log scontext=u:r:ota_init_shell:s0 tcontext=u:object_r:default_android_service:s0 tclass=service_manager permissive=0
01-30 10:35:58.706  1728  1728 I ExtAssistant: ENQUEUED 0|com.adayo.carplay|1|null|1000 on carplay_channel
01-30 10:35:58.707  1728  2728 D ExtAssistant: Creating Adjustment for 0|com.adayo.carplay|1|null|1000, with 0 actions, and 0 replies.
01-30 10:35:58.713   652  2032 I audio_hw_streamer: 569 capture_thread_loop: select [ch 8 -> ch 4] [15360 -> 7680] bytes data 
01-30 10:35:58.714 12941 12941 D CarPlay_Service == CarPlayServer: init(LoadJson.java:39)config parse end,Config{Logger=Logger{LogFileSavePath='null', ShowLineNumber=true, Tag='CarPlayServer', ShowFileName=true, LogLevel=2}, Information=Information{LockedBootStartService=true, BootStartService=true, configPath='/system/etc/adayo/carplay/CarPlayJniProxyConfig.json', deviceId='null', siriPrewarmTime=-600, connectOperatingBT=false, connectionMode=0, audioBufferSize=200, recordBufferSize=25000, videoBufferSize=150, decoderAsync=false, audioSteamType=AudioStreamType{VOICE_CALL=StreamInfo{streamType=0, usage='2', contentType='1', audioSource=-1, focusType=1, playusage=2}, RING=StreamInfo{streamType=2, usage='6', contentType='1', audioSource=-1, focusType=1, playusage=6}, MUSIC=StreamInfo{streamType=3, usage='1', contentType='2', audioSource=-1, focusType=0, playusage=1}, ALARM=StreamInfo{streamType=11, usage='13', contentType='1', audioSource=-1, focusType=2, playusage=12}, TTS=StreamInfo{streamType=17, usage='11', contentType='2', audioSource=-1, focusType=2, playusage=18}}, recordStreamType=RecordStreamType{MIC=StreamInfo{streamType=1, usage='2', contentType='1', audioSource=1, focusType=1, playusage=-1}, VOICE_CALL=StreamInfo{streamType=1, usage='2', contentType='1', audioSource=1, focusType=1, playusage=-1}, TTS=StreamInfo{streamType=1, usage='2', contentType='1', audioSource=10, focusType=1, playusage=-1}}, dataBaseInfo=DataBaseInfo{name='historyDevices.db', count=10000}, ituTestParam=ITUTestParam{playerParams=null, recorderParams=null}, dealWithBluetooth=false, muteCanWakeUp=true, transCanWakeUp=true, coverAnswerToFlash=true, carCallEndCarPlay=false, standbySendToPhone=true, dealWithMute=false, dealWithPhoneMode=false, dealWithBackCar=false, noDealWithRouteGuidance=false, minBufferScale=2, dealWithPASCD=true, supportsEnhancedSiriVoice=true, dealWithVR=false, testConnectFail=false, testConnectWifiFail=false, testScreenError=false}, Wireless=Wireless{setupWiFiOnServerCreate=false, setupBTOnServerCreate=false, startApCloseWifi=false, startApWhenBTConnect=true, Hotspot=Hotspot{SSID='CarPlayAP', PreShareKey='a88888888', apChannel=149, apChannel24=6, AuthAlgorithms=0, KeyManagement=2}}}
01-30 10:35:58.714 12941 12941 I PhoneDetect: LoadJson init/system/etc/adayo/carplay/PhoneDetectConfig.json
01-30 10:35:58.715 12941 12941 I PhoneDetect: LoadJson init/system/etc/adayo/carplay/PhoneDetectConfig.json
01-30 10:35:58.721 12941 12941 I PhoneDetect: config parse end,Feature{, isCarPlayHide=false, AppleDevice=AppleDevice{Wired=Wired{CurrentMode=0, AppleVendorID='5ac', AskSupportCarPlay=true, SupportRollBackIap=false, SupportCarPlayStatus=false, NotifyUnSupport=true, ObserverUEvent=[ObserverUEvent{PortMode=0, DevicePath='/devices/virtual/carplay_dev/carplay_dev', HIDPath='/dev/usb/hid_dev_otg', SoundCardIndex='-1'}, ObserverUEvent{PortMode=2, DevicePath='/devices/platform/soc/a600000.ssusb/a600000.dwc3/xhci-hcd', HIDPath='/dev/usb/hid_dev_otg', SoundCardIndex='1'}, ObserverUEvent{PortMode=0, DevicePath='/devices/virtual/carplay/carplay', HIDPath='null', SoundCardIndex='-1'}, ObserverUEvent{PortMode=0, DevicePath='/devices/virtual/misc/iap2_device', HIDPath='null', SoundCardIndex='-1'}, ObserverUEvent{PortMode=0, DevicePath='/devices/virtual/eap_dev/eap0', HIDPath='null', SoundCardIndex='-1'}, ObserverUEvent{PortMode=0, DevicePath='/devices/platform/soc/e6590000.usb/gadget/sound', HIDPath='null', SoundCardIndex='-1'}], Modes={1=0, 2=3, 3=2, 4=1}, SwitchNone={sys.usb.config=none}, SwitchCarPlay={usb.carplay.state=in, sys.usb.config=ncm}, SwitchCarBit={usb.carplay.state=in, sys.usb.config=mfi_iap2,mfi_carbit_eap,mfi_uac1,mfi_hid}, SwitchCarLife={usb.carplay.state=in, sys.usb.config=eap_carlife}, SwitchHost={usb.carplay.state=out}, USBReset={usb.carplay.state=reset}, ac8xEnable=null, ac8xRoleSwitch=null}, Wireless=Wireless{setupWiFiOnServerCreate=false, setupBTOnServerCreate=false, startApCloseWifi=false, startApWhenBTConnect=true, Hotspot=Hotspot{SSID='CarPlayAP', PreShareKey='a88888888', apChannel=149, apChannel24=6, AuthAlgorithms=0, KeyManagement=2}}}}
01-30 10:35:58.723 12941 12941 D CarPlay_Service: initPlayStatus(CarPlayAdapterStates.java:468)initPlayStatus--
01-30 10:35:58.723 12941 12941 D CarPlay_Service: getDaoSession(DataHelper.java:46)openDaoSession: historyDevices.db
01-30 10:35:58.729   851  1149 D JobScheduler.Quota: 10038 is still allowed
01-30 10:35:58.730   851  1149 D JobScheduler.Quota: 10050 is still allowed
01-30 10:35:58.731   584  1266 E WifiHAL : Invalid data received from driver
01-30 10:35:58.732   851  1149 D JobScheduler.Quota: 10062 is still allowed
01-30 10:35:58.733   652  2032 I audio_hw_streamer: 569 capture_thread_loop: select [ch 8 -> ch 4] [15360 -> 7680] bytes data 
01-30 10:35:58.753 12941 12941 I CarPlayServerProxy: CarPlayProxy versionCode: 6 versionName: 0.0.2_3054 buildDate: 20220919_1718
01-30 10:35:58.753   652  2032 I audio_hw_streamer: 569 capture_thread_loop: select [ch 8 -> ch 4] [15360 -> 7680] bytes data 
01-30 10:35:58.768 12941 12941 D CompatibilityChangeReporter: Compat change id reported: 263076149; UID 1000; state: DISABLED
01-30 10:35:58.769   851  1149 D JobScheduler.Quota: 10076 is now out of grace period
01-30 10:35:58.773   652  2032 I audio_hw_streamer: 569 capture_thread_loop: select [ch 8 -> ch 4] [15360 -> 7680] bytes data 
01-30 10:35:58.782 12941 12941 D CarPlay_Service: <init>(CarPlayService.java:1104)LoadJson:Information{LockedBootStartService=true, BootStartService=true, configPath='/system/etc/adayo/carplay/CarPlayJniProxyConfig.json', deviceId='null', siriPrewarmTime=-600, connectOperatingBT=false, connectionMode=0, audioBufferSize=200, recordBufferSize=25000, videoBufferSize=150, decoderAsync=false, audioSteamType=AudioStreamType{VOICE_CALL=StreamInfo{streamType=0, usage='2', contentType='1', audioSource=-1, focusType=1, playusage=2}, RING=StreamInfo{streamType=2, usage='6', contentType='1', audioSource=-1, focusType=1, playusage=6}, MUSIC=StreamInfo{streamType=3, usage='1', contentType='2', audioSource=-1, focusType=0, playusage=1}, ALARM=StreamInfo{streamType=11, usage='13', contentType='1', audioSource=-1, focusType=2, playusage=12}, TTS=StreamInfo{streamType=17, usage='11', contentType='2', audioSource=-1, focusType=2, playusage=18}}, recordStreamType=RecordStreamType{MIC=StreamInfo{streamType=1, usage='2', contentType='1', audioSource=1, focusType=1, playusage=-1}, VOICE_CALL=StreamInfo{streamType=1, usage='2', contentType='1', audioSource=1, focusType=1, playusage=-1}, TTS=StreamInfo{streamType=1, usage='2', contentType='1', audioSource=10, focusType=1, playusage=-1}}, dataBaseInfo=DataBaseInfo{name='historyDevices.db', count=10000}, ituTestParam=ITUTestParam{playerParams=null, recorderParams=null}, dealWithBluetooth=false, muteCanWakeUp=true, transCanWakeUp=true, coverAnswerToFlash=true, carCallEndCarPlay=false, standbySendToPhone=true, dealWithMute=false, dealWithPhoneMode=false, dealWithBackCar=false, noDealWithRouteGuidance=false, minBufferScale=2, dealWithPASCD=true, supportsEnhancedSiriVoice=true, dealWithVR=false, testConnectFail=false, testConnectWifiFail=false, testScreenError=false}
01-30 10:35:58.782 12941 12941 D CarPlay_Service: onCreate(CarPlayService.java:1125)onCreate
01-30 10:35:58.782 12941 12941 I CarPlay_Service: printVersion(CarPlayService.java:1117)CarPlay Server Application VersionCode:149 VersionName:2.2.8_5119 BuildDate:20220919_1718
01-30 10:35:58.782 12941 12941 D DeviceMoblileNative: load PhoneDetectJni lib start
01-30 10:35:58.785 12941 12941 D DeviceMoblileNative: load PhoneDetectJni  lib ended
01-30 10:35:58.785 12941 12941 D PhoneDetectJni: MoblieDviceInitJni OK.
01-30 10:35:58.786 12941 12941 D CarPlay_Service: start(UsbConnectionCtrl.java:123)start
01-30 10:35:58.786 12941 12941 E CarPlay_Service: start(UsbConnectionCtrl.java:141) start prefix + observer.getDevicePath() start:DEVPATH=/devices/virtual/carplay_dev/carplay_dev
01-30 10:35:58.786 12941 12941 E CarPlay_Service: start(UsbConnectionCtrl.java:143) start prefix + observer.getDevicePath() end :DEVPATH=
01-30 10:35:58.786 12941 12941 E CarPlay_Service: start(UsbConnectionCtrl.java:141) start prefix + observer.getDevicePath() start:DEVPATH=/devices/platform/soc/a600000.ssusb/a600000.dwc3/xhci-hcd
01-30 10:35:58.786 12941 12941 E CarPlay_Service: start(UsbConnectionCtrl.java:143) start prefix + observer.getDevicePath() end :DEVPATH=
01-30 10:35:58.786 12941 12941 E CarPlay_Service: start(UsbConnectionCtrl.java:141) start prefix + observer.getDevicePath() start:DEVPATH=/devices/virtual/carplay/carplay
01-30 10:35:58.782 12941 12941 I auditd  : type=1400 audit(0.0:18440): avc:  denied  { create } for  comm="UEventObserver" scontext=u:r:system_app:s0 tcontext=u:r:system_app:s0 tclass=netlink_kobject_uevent_socket permissive=0
01-30 10:35:58.782 12941 12941 W UEventObserver: type=1400 audit(0.0:18440): avc:  denied  { create } for  scontext=u:r:system_app:s0 tcontext=u:r:system_app:s0 tclass=netlink_kobject_uevent_socket permissive=0
01-30 10:35:58.787 12941 12941 E CarPlay_Service: start(UsbConnectionCtrl.java:143) start prefix + observer.getDevicePath() end :DEVPATH=
01-30 10:35:58.787 12941 12941 E CarPlay_Service: start(UsbConnectionCtrl.java:141) start prefix + observer.getDevicePath() start:DEVPATH=/devices/virtual/misc/iap2_device
01-30 10:35:58.787 12941 12941 E CarPlay_Service: start(UsbConnectionCtrl.java:143) start prefix + observer.getDevicePath() end :DEVPATH=
01-30 10:35:58.787 12941 12941 E CarPlay_Service: start(UsbConnectionCtrl.java:141) start prefix + observer.getDevicePath() start:DEVPATH=/devices/virtual/eap_dev/eap0
01-30 10:35:58.787 12941 12941 E CarPlay_Service: start(UsbConnectionCtrl.java:143) start prefix + observer.getDevicePath() end :DEVPATH=
01-30 10:35:58.787 12941 12965 E AndroidRuntime: FATAL EXCEPTION: UEventObserver
01-30 10:35:58.787 12941 12965 E AndroidRuntime: Process: com.adayo.carplay, PID: 12941
01-30 10:35:58.787 12941 12965 E AndroidRuntime: java.lang.RuntimeException: Unable to open socket for UEventObserver
01-30 10:35:58.787 12941 12965 E AndroidRuntime: 	at android.os.UEventObserver.nativeSetup(Native Method)
01-30 10:35:58.787 12941 12965 E AndroidRuntime: 	at android.os.UEventObserver.-$$Nest$smnativeSetup(Unknown Source:0)
01-30 10:35:58.787 12941 12965 E AndroidRuntime: 	at android.os.UEventObserver$UEventThread.run(UEventObserver.java:186)
01-30 10:35:58.787 12941 12941 E CarPlay_Service: start(UsbConnectionCtrl.java:141) start prefix + observer.getDevicePath() start:DEVPATH=/devices/platform/soc/e6590000.usb/gadget/sound
01-30 10:35:58.787 12941 12941 E CarPlay_Service: start(UsbConnectionCtrl.java:143) start prefix + observer.getDevicePath() end :DEVPATH=
01-30 10:35:58.788   851  1856 I am_crash: [12941,0,com.adayo.carplay,550026829,java.lang.RuntimeException,Unable to open socket for UEventObserver,UEventObserver.java,-2,0]
01-30 10:35:58.788   851  1856 I SdException: eventType = crash, processName = com.adayo.carplay
01-30 10:35:58.789   851  1856 I SdException: data = crash|12941|com.adayo.carplay
01-30 10:35:58.792 12941 12941 D CarPlayDeviceDatabase: Journal mode set to: wal
01-30 10:35:58.793   652  2032 I audio_hw_streamer: 569 capture_thread_loop: select [ch 8 -> ch 4] [15360 -> 7680] bytes data 
01-30 10:35:58.794 12941 12941 D CarPlay_Service: initKeyCodeMap(KeyEventAdapterImpl.java:331)initKeyCodeMap in  ---
01-30 10:35:58.794 12941 12941 D CarPlay_Service: initKeyCodeMap(KeyEventAdapterImpl.java:343)initKeyCodeMap out  ---
01-30 10:35:58.794 12941 12941 D CarPlay_Service: initKeyStateMap(KeyEventAdapterImpl.java:323)initKeyStateMap in  ---
01-30 10:35:58.795 12941 12941 D CarPlay_Service: initKeyStateMap(KeyEventAdapterImpl.java:327)initKeyStateMap out  ---
01-30 10:35:58.800 12941 12941 I CarPlay_Service: onLifecycleChanged(KeyEventAdapterImpl.java:359)onLifecycleChanged: car service connected
01-30 10:35:58.802 12941 12941 W ContextImpl: Calling a method in the system process without a qualified user: android.app.ContextImpl.bindService:1988 android.content.ContextWrapper.bindService:861 android.car.Car.startCarService:2807 android.car.Car.createCar:2118 com.adayo.carplayadapter.master.KeyEventAdapterImpl.init:355 
01-30 10:35:58.804   584  1266 E WifiHAL : Invalid data received from driver
01-30 10:35:58.805  1279  2932 D CAR.INPUT: addCnsCarInputListener...
01-30 10:35:58.805  1279  2932 D CAR.INPUT: addCnsCarInputListener...
01-30 10:35:58.806  1279  2932 D CAR.INPUT: addCnsCarInputListener...
01-30 10:35:58.806 12941 12941 I CarPlay_Service: init(KeyEventAdapterImpl.java:371)init mediaKey: 0, callKey: 0, voiceKey: 0
01-30 10:35:58.809 12941 12941 D navi-libSdk-J01-NaviSdk: NaviSdk: 
01-30 10:35:58.809 12941 12941 D navi-libSdk-J01-Sdk: init: naviSDK
01-30 10:35:58.809 12941 12941 D navi-libSdk-J01-Sdk: init: action-,mRetryBindTimeMillTime-2000,version2025.02.27.101.01,mApplication-null
01-30 10:35:58.810 12941 12941 D navi-libSdk-J01-Sdk: isServiceConnected: false
01-30 10:35:58.810 12941 12941 D navi-libSdk-J01-Sdk: bindService: 
01-30 10:35:58.811 12941 12941 W ContextImpl: Calling a method in the system process without a qualified user: android.app.ContextImpl.bindService:1988 android.content.ContextWrapper.bindService:861 com.faw.navi.libsdk.base.Sdk.bindService:186 com.faw.navi.libsdk.base.Sdk.init:146 com.faw.navi.libsdk.base.Sdk.init:108 
01-30 10:35:58.813   652  2032 I audio_hw_streamer: 569 capture_thread_loop: select [ch 8 -> ch 4] [15360 -> 7680] bytes data 
01-30 10:35:58.814 12941 12941 D navi-libSdk-J01-Sdk: bindService: connected-true,packageName-com.adayo.carplay,pid-12941,action-
01-30 10:35:58.814 12941 12941 D navi-libSdk-J01-NaviSdk: registerNaviStatusChangeCallback: callback-com.adayo.carplayadapter.master.SystemAdapterImpl$1@c03fc12,getProxy()-null
01-30 10:35:58.814 12941 12941 D navi-libSdk-J01-Sdk: isServiceConnected: false
01-30 10:35:58.815 12941 12941 W ContextImpl: Calling a method in the system process without a qualified user: android.app.ContextImpl.bindService:1988 android.content.ContextWrapper.bindService:861 com.cns.android.datacollect.DataCollectManager.bindService:270 com.cns.android.datacollect.DataCollectManager.init:117 com.adayo.carplayadapter.master.CarPlayAdapterManager.init:416 
01-30 10:35:58.818 12941 12941 D DataCollectManager: doBindSceneService...
01-30 10:35:58.818 12941 12941 D DataCollectManager: registerManagerServiceConnection
01-30 10:35:58.818 12941 12941 D DataCollectManager: wait for connection ready
01-30 10:35:58.818 12941 12941 I PermissionManager: Register init listener,  init completed: false
01-30 10:35:58.821  2344  2572 I PermissionServerManager: ┌────────────────────────────────────────────────────────────────┐
01-30 10:35:58.821  2344  2572 I PermissionServerManager: │[10:35:58.821][binder:2344_4][registerPermissionSwitchListener:43]│
01-30 10:35:58.821  2344  2572 I PermissionServerManager: │ com.adayo.carplay register permission callback.                │
01-30 10:35:58.821  2344  2572 I PermissionServerManager: └────────────────────────────────────────────────────────────────┘
01-30 10:35:58.822 12941 12941 D PermissionClientProxy: peekService available
01-30 10:35:58.822 12941 12941 I CarPlay_Service: onManagerServiceConnect(CarPlayAdapterManager.java:454)onManagerServiceConnect
01-30 10:35:58.822 12941 12941 I PermissionManager: registerPermissionInitCompletedListener
01-30 10:35:58.823  2344 12968 D PermissionServerManager: ┌─────────────────────────────────────────────────────────────────────────────┐
01-30 10:35:58.823  2344 12968 D PermissionServerManager: │[10:35:58.822][InitStatusNotify-][lambda$registerPermissionSwitchListener$0:50]│
01-30 10:35:58.823  2344 12968 D PermissionServerManager: │ Init already completed                                                      │
01-30 10:35:58.823  2344 12968 D PermissionServerManager: │ notifying for registered package: com.adayo.carplay.                        │
01-30 10:35:58.823  2344 12968 D PermissionServerManager: └─────────────────────────────────────────────────────────────────────────────┘
01-30 10:35:58.823 12941 12962 D PermissionResponseDispatcher: listener exists, onInitStatusChanged: 1
01-30 10:35:58.823 12941 12962 I PermissionManager: Init status changed: 1, completed: true
01-30 10:35:58.823 12941 12962 I PermissionManager: Callback to com.adayo.carplayInit status changed: 1
01-30 10:35:58.823 12941 12962 I CarPlay_Service: onInitStatusChanged(CarPlayAdapterManager.java:468)onInitStatusChanged i: 1
01-30 10:35:58.833   652  2032 I audio_hw_streamer: 569 capture_thread_loop: select [ch 8 -> ch 4] [15360 -> 7680] bytes data 
01-30 10:35:58.833   851  1060 D NotificationService: PostNotification: Started
01-30 10:35:58.833 12941 12941 D CarPlay_Service: init(EventHandle.java:96)EventHandle init
01-30 10:35:58.834 12941 12941 D DeviceManager: init() called with: context = [com.adayo.carplay.service.CarPlayService@e7c8d86]
01-30 10:35:58.835   851   851 D NotificationService: EnqueueNotificationRunnable.run for: 0|com.adayo.carplay|1|null|1000
01-30 10:35:58.835   851   851 I notification_enqueue: [1000,12941,com.adayo.carplay,1,NULL,0,Notification(channel=carplay_channel shortcut=null contentView=null vibrate=null sound=null defaults=0x0 flags=0x840 color=0x00000000 vis=PRIVATE),0]
01-30 10:35:58.836 12941 12941 D CarPlay_Service: setLocationCallback(MFiClientApi.java:158)setLocationCallback
01-30 10:35:58.836 12941 12941 D CarPlay_Service: setPhoneInfoCallback(MFiClientApi.java:172)setPhoneInfoCallback
01-30 10:35:58.836 12941 12969 I MFiClientProxy: loadLibrary start
01-30 10:35:58.838  1728  1728 I ExtAssistant: ENQUEUED 0|com.adayo.carplay|1|null|1000 on carplay_channel
01-30 10:35:58.839  1728  2728 D ExtAssistant: Creating Adjustment for 0|com.adayo.carplay|1|null|1000, with 0 actions, and 0 replies.
01-30 10:35:58.842   706   722 D sde     : [SDE::CatchJE]  Debug: CatchJE end
01-30 10:35:58.842   706   722 D sde     : [SDE::removeFile]  Debug: removeFile index = 33_
01-30 10:35:58.843   706   722 D sde     : [SDE::removeFile]  Debug: remove : /data/sde/33_crash_8248_com.fawvw.intelligentmodeservice_20260130_103336.zip
01-30 10:35:58.843   706   722 D sde     : [SDE::zipArchiveFolder]  Debug: zippath = /data/sde/33_crash_12577_com.adayo.carplay_20260130_103558.zip 
01-30 10:35:58.844 12941 12970 I CarPlay_Service: requestCertificateData(MFiClientApiImpl.java:164)requestCertificateData
01-30 10:35:58.844 12941 12970 D CarPlay_Service: onRequestCertificateData(CPRemoteCallBackMgr.java:135) onRequestCertificateData
01-30 10:35:58.844 12941 12970 D CarPlay_Service: getSerialNumber(CarPlayAdapterBase.java:324)serialNumber encrypt--->:null
01-30 10:35:58.844 12941 12970 D CarPlay_Service == CarPlayServer: init(LoadJson.java:27)configPath:/system/etc/adayo/carplay/CarPlayServerConfig.json
01-30 10:35:58.846 12941 12969 I MFiClientProxy: loadLibrary ended
01-30 10:35:58.846 12941 12941 E CarPlay_Service: crashDetect(CarPlayService.java:1333)property = true
01-30 10:35:58.847 12941 12969 I libbasic: klee_log_loadconfig_path path/system/etc/adayo/mfi/BasicLogConfig.json key=libmficlientjni initState=0
01-30 10:35:58.848 12941 12969 I libbasic: klee_log_loadconfig_path path/system/etc/adayo/basiclog/BasicLogConfig.json key=libmficlient initState=1
01-30 10:35:58.848 12941 12969 E libbasic: klee_log_loadconfig_path error =-1 
01-30 10:35:58.848 12941 12969 E libbasic: klee_log_loadparam error = -1 
01-30 10:35:58.849 12941 12941 D CarPlay_Service: getBootUpCarPlayMac(CarPlaySDKAdapter.java:1617)[getBootUpCarPlayMac]btMacLastBoot encrypt--->:none
01-30 10:35:58.849 12941 12941 D CarPlay_Service: getHistoryDevices(CarPlayAdapterStates.java:553)getHistoryDevices sdkAdapter
01-30 10:35:58.849 12941 12969 I libmficlient: [MFiClient.cpp][483]Enter 
01-30 10:35:58.849 12941 12969 I libmfi_ipcsocket: [MFiIPCSession_Socket.cpp][122]Enter socketid=0 
01-30 10:35:58.849 12941 12969 I libmfi_ipcsocket: [MFiIPCSession_Socket.cpp][134]Leave socketid=0 
01-30 10:35:58.850 12941 12969 I libmficlient: [MFiClient.cpp][505]Leave 
01-30 10:35:58.850 12941 12941 I CarPlay_Service: getBootUpCarPlayMac(CarPlaySDKAdapter.java:1627)new device:the size of historyCpDevices is zero, connect bt.
01-30 10:35:58.850 12941 12972 I libmfi_ipcsocket: [MFiIPCSession_Socket.cpp][89]session 0xb400fa3d6daef570 
01-30 10:35:58.850 12941 12972 I libmfi_ipcsocket: [MFiIPCSession_Socket.cpp][92]=============================Start ConnectServerThread id [0] ==================================== 
01-30 10:35:58.850 12941 12941 D CarPlay_Service: getBootUpCarPlayMac(CarPlaySDKAdapter.java:1652)[getBootUpCarPlayMac]ret encrypt--->:none
01-30 10:35:58.850 12941 12972 I libmfi_ipcsocket: [MFiIPCSession_Socket.cpp][158]m_socketid =-1 
01-30 10:35:58.850 12941 12972 E libmfi_ipcsocket: [MFiIPCSession_Socket.cpp][159]###[ERROR] 0  
01-30 10:35:58.850 12941 12941 D CarPlay_Service: crashDetect(CarPlayService.java:1337)[crashDetect]property:true getBootUpCarPlayMac = none
01-30 10:35:58.850 12941 12941 D CarPlay_Service: getBootUpCarPlayMac(CarPlaySDKAdapter.java:1617)[getBootUpCarPlayMac]btMacLastBoot encrypt--->:none
01-30 10:35:58.850 12941 12941 D CarPlay_Service: getHistoryDevices(CarPlayAdapterStates.java:553)getHistoryDevices sdkAdapter
01-30 10:35:58.851 12941 12941 I CarPlay_Service: getBootUpCarPlayMac(CarPlaySDKAdapter.java:1627)new device:the size of historyCpDevices is zero, connect bt.
01-30 10:35:58.851 12941 12941 D CarPlay_Service: getBootUpCarPlayMac(CarPlaySDKAdapter.java:1652)[getBootUpCarPlayMac]ret encrypt--->:none
01-30 10:35:58.852 12941 12941 D CarPlay_Service: <init>(VehicleConfig.java:41)[VehicleConfig]
01-30 10:35:58.852 12941 12941 D CarPlay_Service: getProjectConfig(VehicleConfig.java:65)[getProjectConfig] Global 14:40
01-30 10:35:58.852 12941 12941 D CarPlay_Service: getProjectConfig(VehicleConfig.java:73)[getProjectConfig] strVehicleNameID:none,strDisplay:none
01-30 10:35:58.852 12941 12941 I CarPlay_Service: getProjectConfig(VehicleConfig.java:84)[getProjectConfig]strVehicleNameID=null
01-30 10:35:58.852 12941 12941 I CarPlay_Service: getProjectConfig(VehicleConfig.java:94)[getProjectConfig]display=null
01-30 10:35:58.853 12941 12941 D CarPlay_Service: getProjectConfig(VehicleConfig.java:96)[getProjectConfig] vehicleNameID:0,display:0
01-30 10:35:58.853 12941 12941 D CarPlay_Service: getProjectConfig(VehicleConfig.java:101)[getProjectConfig]configTable.length:7
01-30 10:35:58.853 12941 12941 D CarPlay_Service: getProjectConfig(VehicleConfig.java:112)[getProjectConfig]configRet:1
01-30 10:35:58.853   652  2032 I audio_hw_streamer: 569 capture_thread_loop: select [ch 8 -> ch 4] [15360 -> 7680] bytes data 
01-30 10:35:58.853 12941 12941 D CarPlay_Service: onCreate(CarPlayService.java:1159)onCreate() appleDevice:Wired{CurrentMode=0, AppleVendorID='5ac', AskSupportCarPlay=true, SupportRollBackIap=false, SupportCarPlayStatus=false, NotifyUnSupport=true, ObserverUEvent=[ObserverUEvent{PortMode=0, DevicePath='/devices/virtual/carplay_dev/carplay_dev', HIDPath='/dev/usb/hid_dev_otg', SoundCardIndex='-1'}, ObserverUEvent{PortMode=2, DevicePath='/devices/platform/soc/a600000.ssusb/a600000.dwc3/xhci-hcd', HIDPath='/dev/usb/hid_dev_otg', SoundCardIndex='1'}, ObserverUEvent{PortMode=0, DevicePath='/devices/virtual/carplay/carplay', HIDPath='null', SoundCardIndex='-1'}, ObserverUEvent{PortMode=0, DevicePath='/devices/virtual/misc/iap2_device', HIDPath='null', SoundCardIndex='-1'}, ObserverUEvent{PortMode=0, DevicePath='/devices/virtual/eap_dev/eap0', HIDPath='null', SoundCardIndex='-1'}, ObserverUEvent{PortMode=0, DevicePath='/devices/platform/soc/e6590000.usb/gadget/sound', HIDPath='null', SoundCardIndex='-1'}], Modes={1=0, 2=3, 3=2, 4=1}, SwitchNone={sys.usb.config=none}, SwitchCarPlay={usb.carplay.state=in, sys.usb.config=ncm}, SwitchCarBit={usb.carplay.state=in, sys.usb.config=mfi_iap2,mfi_carbit_eap,mfi_uac1,mfi_hid}, SwitchCarLife={usb.carplay.state=in, sys.usb.config=eap_carlife}, SwitchHost={usb.carplay.state=out}, USBReset={usb.carplay.state=reset}, ac8xEnable=null, ac8xRoleSwitch=null}
01-30 10:35:58.854 12941 12970 D CarPlay_Service == CarPlayServer: init(LoadJson.java:39)config parse end,Config{Logger=Logger{LogFileSavePath='null', ShowLineNumber=true, Tag='CarPlayServer', ShowFileName=true, LogLevel=2}, Information=Information{LockedBootStartService=true, BootStartService=true, configPath='/system/etc/adayo/carplay/CarPlayJniProxyConfig.json', deviceId='null', siriPrewarmTime=-600, connectOperatingBT=false, connectionMode=0, audioBufferSize=200, recordBufferSize=25000, videoBufferSize=150, decoderAsync=false, audioSteamType=AudioStreamType{VOICE_CALL=StreamInfo{streamType=0, usage='2', contentType='1', audioSource=-1, focusType=1, playusage=2}, RING=StreamInfo{streamType=2, usage='6', contentType='1', audioSource=-1, focusType=1, playusage=6}, MUSIC=StreamInfo{streamType=3, usage='1', contentType='2', audioSource=-1, focusType=0, playusage=1}, ALARM=StreamInfo{streamType=11, usage='13', contentType='1', audioSource=-1, focusType=2, playusage=12}, TTS=StreamInfo{streamType=17, usage='11', contentType='2', audioSource=-1, focusType=2, playusage=18}}, recordStreamType=RecordStreamType{MIC=StreamInfo{streamType=1, usage='2', contentType='1', audioSource=1, focusType=1, playusage=-1}, VOICE_CALL=StreamInfo{streamType=1, usage='2', contentType='1', audioSource=1, focusType=1, playusage=-1}, TTS=StreamInfo{streamType=1, usage='2', contentType='1', audioSource=10, focusType=1, playusage=-1}}, dataBaseInfo=DataBaseInfo{name='historyDevices.db', count=10000}, ituTestParam=ITUTestParam{playerParams=null, recorderParams=null}, dealWithBluetooth=false, muteCanWakeUp=true, transCanWakeUp=true, coverAnswerToFlash=true, carCallEndCarPlay=false, standbySendToPhone=true, dealWithMute=false, dealWithPhoneMode=false, dealWithBackCar=false, noDealWithRouteGuidance=false, minBufferScale=2, dealWithPASCD=true, supportsEnhancedSiriVoice=true, dealWithVR=false, testConnectFail=false, testConnectWifiFail=false, testScreenError=false}, Wireless=Wireless{setupWiFiOnServerCreate=false, setupBTOnServerCreate=false, startApCloseWifi=false, startApWhenBTConnect=true, Hotspot=Hotspot{SSID='CarPlayAP', PreShareKey='a88888888', apChannel=149, apChannel24=6, AuthAlgorithms=0, KeyManagement=2}}}
01-30 10:35:58.854 12941 12970 D CarPlay_Service: run(CarPlayService.java:1063)deviceId:null
01-30 10:35:58.854 12941 12970 D CarPlay_Service: getWlanAddress(CarPlayAdapterManager.java:199)getWlanAddress
01-30 10:35:58.859 12941 12970 D CarPlay_Service: getWlanAddress(CarPlayAdapterManager.java:205)networkInterface.getName()eth0.111
01-30 10:35:58.859 12941 12970 D CarPlay_Service: getWlanAddress(CarPlayAdapterManager.java:205)networkInterface.getName()lo
01-30 10:35:58.859 12941 12970 D CarPlay_Service: getWlanAddress(CarPlayAdapterManager.java:205)networkInterface.getName()eth0.116
01-30 10:35:58.860 12941 12970 D CarPlay_Service: getWlanAddress(CarPlayAdapterManager.java:205)networkInterface.getName()eth0.115
01-30 10:35:58.860 12941 12970 D CarPlay_Service: getWlanAddress(CarPlayAdapterManager.java:205)networkInterface.getName()eth0.114
01-30 10:35:58.860 12941 12970 D CarPlay_Service: getWlanAddress(CarPlayAdapterManager.java:205)networkInterface.getName()eth0.113
01-30 10:35:58.860 12941 12970 D CarPlay_Service: getWlanAddress(CarPlayAdapterManager.java:205)networkInterface.getName()tunl0
01-30 10:35:58.860 12941 12970 D CarPlay_Service: getWlanAddress(CarPlayAdapterManager.java:205)networkInterface.getName()vlan_11
01-30 10:35:58.860 12941 12970 D CarPlay_Service: getWlanAddress(CarPlayAdapterManager.java:205)networkInterface.getName()eth1.116
01-30 10:35:58.860 12941 12970 D CarPlay_Service: getWlanAddress(CarPlayAdapterManager.java:205)networkInterface.getName()vlan_14
01-30 10:35:58.860 12941 12970 D CarPlay_Service: getWlanAddress(CarPlayAdapterManager.java:205)networkInterface.getName()vlan_13
01-30 10:35:58.860 12941 12970 D CarPlay_Service: getWlanAddress(CarPlayAdapterManager.java:205)networkInterface.getName()wlan1
01-30 10:35:58.867 12941 12970 I CarPlay_Service: getWlanAddress(CarPlayAdapterManager.java:222)deviceId encrypt---> DA:27:21:C6:1D:13
01-30 10:35:58.873   652  2032 I audio_hw_streamer: 569 capture_thread_loop: select [ch 8 -> ch 4] [15360 -> 7680] bytes data 
01-30 10:35:58.874 12941 12970 D CarPlay_Service: getSerialNumberAdpter(CarPlayAdapterManager.java:193)str encrypt--->:DA:27:21:C6:1D:13
01-30 10:35:58.874 12941 12970 D CarPlay_Service: getSerialNumber(CarPlayAdapterBase.java:324)serialNumber encrypt--->:DA:27:21:C6:1D:13
01-30 10:35:58.891  1513  2257 D TboxNetworkManager: tboxNetworkbinder=null
01-30 10:35:58.893   652  2032 I audio_hw_streamer: 569 capture_thread_loop: select [ch 8 -> ch 4] [15360 -> 7680] bytes data 
01-30 10:35:58.896   584  1266 E WifiHAL : Invalid data received from driver
01-30 10:35:58.890 12973 12973 I auditd  : type=1400 audit(0.0:18441): avc:  denied  { read } for  comm="pgrep" scontext=u:r:ota_init_shell:s0 tcontext=u:r:vendor_init:s0 tclass=file permissive=0
01-30 10:35:58.890 12973 12973 W pgrep   : type=1400 audit(0.0:18441): avc:  denied  { read } for  scontext=u:r:ota_init_shell:s0 tcontext=u:r:vendor_init:s0 tclass=file permissive=0
01-30 10:35:58.898   851  2688 I WifiService: getVerboseLoggingLevel uid=1000
01-30 10:35:58.899 12941 12941 I CarPlay_Service: getWifiApConfiguration(WiFiHotspotController.java:177)getWifiApConfiguration
01-30 10:35:58.900 12941 12941 I CarPlay_Service: getWifiApConfiguration(WiFiHotspotController.java:179) sdkInit:34 read:28
01-30 10:35:58.900 12941 12941 I CarPlay_Service: getSoftApConfiguration(WiFiHotspotController.java:118)getSoftApConfiguration
01-30 10:35:58.900   851  2688 I WifiService: getSoftApConfiguration uid=1000
01-30 10:35:58.904 12941 12941 I CarPlay_Service: getSoftApConfiguration(WiFiHotspotController.java:132)SoftApConfiguration.SSID: JETTA WLAN 001
01-30 10:35:58.904 12941 12941 I CarPlay_Service: getSoftApConfiguration(WiFiHotspotController.java:133)SoftApConfiguration.prePassphrase: 6bjkwY6pjSEZThb
01-30 10:35:58.905 12941 12941 I CarPlay_Service: getSoftApConfiguration(WiFiHotspotController.java:134)SoftApConfiguration.securityType: 2
01-30 10:35:58.905 12941 12941 I CarPlay_Service: getSoftApConfiguration(WiFiHotspotController.java:135)SoftApConfiguration.apChannel: 149
01-30 10:35:58.905   851   851 D ResponseStatsTracker: notification:+3m55s239ms; event=<posted>, pkg=com.adayo.carplay, usr=0
01-30 10:35:58.906   851   851 I sysui_multi_action: [757,1501,758,1,793,203,794,0,795,203,796,1,806,com.adayo.carplay,857,carplay_channel,858,2,947,0,1500,0,1688,1]
01-30 10:35:58.906   851   851 I sysui_multi_action: [757,804,799,note_interruptive,801,0,802,1]
01-30 10:35:58.908   851   851 D NotificationService: 0|com.adayo.carplay|1|null|1000: updating permissions
01-30 10:35:58.909   851   851 D NotificationService: 0|com.adayo.carplay|1|null|1000: updating permissions
01-30 10:35:58.909   851   851 D NotificationService: 0|com.adayo.carplay|1|null|1000: updating permissions
01-30 10:35:58.909   851   851 D NotificationService: 0|com.adayo.carplay|1|null|1000: updating permissions
01-30 10:35:58.910   851   851 D NotificationService: 0|com.adayo.carplay|1|null|1000: updating permissions
01-30 10:35:58.910   851   851 D NotificationService: 0|com.adayo.carplay|1|null|1000: updating permissions
01-30 10:35:58.910   851   851 D NotificationService: 0|com.adayo.carplay|1|null|1000: updating permissions
01-30 10:35:58.911 12941 12941 D CarPlay_Service: getHistoryDevices(CarPlayAdapterStates.java:553)getHistoryDevices sdkAdapter
01-30 10:35:58.911   851   851 I NotificationHistory: History disabled for user 0
01-30 10:35:58.912   851   851 W NotificationHistory: Attempted to add notif for locked/gone/disabled user 0
01-30 10:35:58.912 12941 12941 I CarPlay_Service: start(BluetoothEventDetect.java:223)new device:the size of historyCpDevices is zero, connect bt.
01-30 10:35:58.912 12941 12941 I CarPlay_Service: init(DialogManager.java:115)init
01-30 10:35:58.913   652  2032 I audio_hw_streamer: 569 capture_thread_loop: select [ch 8 -> ch 4] [15360 -> 7680] bytes data 
01-30 10:35:58.913 12941 12941 D CarPlay_Service: onBind(CarPlayService.java:1227)onBind
01-30 10:35:58.914   644   707 I mcuc    : sd Uart data : 6AA60208500002800A1A
01-30 10:35:58.914   851   851 D NotificationService: PostNotification: Finished in 214 ms
01-30 10:35:58.915  2766  2766 D J01Launcher_Notification: onNotificationPosted
01-30 10:35:58.915   851  1149 D JobScheduler.Quota: Processing event 12 for <0>com.adayo.carplay
01-30 10:35:58.915   851  1149 D JobScheduler.Quota: debits overflowed by -15000
01-30 10:35:58.916  1602  1602 I CarPlayServerProxy: onServiceConnected jarVersion:CarPlayProxy-20250227_1.0.7.jar
01-30 10:35:58.916  1602  1602 D v251013.1_CM_CarPlayCM: onServiceConnected()
01-30 10:35:58.917  1728  1728 I ExtAssistant: POSTED 0|com.adayo.carplay|1|null|1000
01-30 10:35:58.917  1602  1602 I CarPlayServerProxy: instance:com.adayo.carplay.proxy.ICarPlayProxy$Stub$Proxy@e854de0
01-30 10:35:58.919   644   707 I mcuc    : rev uart=2229,len=13, data : 6AA68108500005800A03000095
01-30 10:35:58.919   644   707 I mcuc    : sd Uart data : 6AA6020851000292020F
01-30 10:35:58.919   396   396 D adayocomadapter-ParseProtocolFunc: printRaWMsg Name[MCUToUPstream recv] len[4] data[800A0300]
01-30 10:35:58.919   396   396 D adayocomadapter-CommunicationManager: onUpstreamback   member[7] dataLength[2] timePoint[235458]
01-30 10:35:58.919   396   396 D adayocomadapter-ParseProtocolFunc: printRaWMsg Name[onUpstreamback] len[2] data[0300]
01-30 10:35:58.919   396   452 D adayocomadapter-UpstreamHandler: processBeforePacket upSreamtProcessTimePoint[235459] 
01-30 10:35:58.919   396   452 D adayocomadapter-ParseProtocolFunc: parseGeneralIPCLBytes Processing tablename[Table-0] tableSize[2]
01-30 10:35:58.919   396   452 D adayocomadapter-ParseProtocolFunc: printRaWMsg Name[byteStream recv] len[2] data[0300]
01-30 10:35:58.919   396   452 D adayocomadapter-ParseProtocolFunc: printRaWMsg Name[IPCLtoVHAL] len[6] data[314010020000]
01-30 10:35:58.919   396   452 D adayocomadapter-ParseProtocolFunc: printRaWMsg Name[IPCLtoVHAL] len[6] data[314010010003]
01-30 10:35:58.919   396   452 D adayocomadapter-CommunicationManager: onUpstreamReceive mPropertyId 0x31401002
01-30 10:35:58.920   396   452 D adayocomadapter-CommunicationManager: convertBytesToInt32Memcpy  0
01-30 10:35:58.920   396   452 I vw-vhal : notifyVehicleProperty, propId = 0x31401002, data = {status: 2, int32Values: [0]}
01-30 10:35:58.920   396   452 I vw-vhal : CanSignalsAdapter::notifyVehicleProperty: solvedValue = {.timestamp = 235459235359, .areaId = 0, .prop = 826281986, .status = AVAILABLE, .value = {.int32Values = [1]{0}, .floatValues = [0]{}, .int64Values = [0]{}, .bytes = [0]{}, .stringValue = ""}}
01-30 10:35:58.920   396   452 I VehiclePropertyStore: begin to write value to Store: {.timestamp = 235459235359, .areaId = 0, .prop = 826281986, .status = AVAILABLE, .value = {.int32Values = [1]{0}, .floatValues = [0]{}, .int64Values = [0]{}, .bytes = [0]{}, .stringValue = ""}}
01-30 10:35:58.920   396   452 I DefaultVehicleHal_v2_0: DefaultVehicleHal::onPropertyValue, value:{.timestamp = 235459235359, .areaId = 0, .prop = 826281986, .status = AVAILABLE, .value = {.int32Values = [1]{0}, .floatValues = [0]{}, .int64Values = [0]{}, .bytes = [0]{}, .stringValue = ""}}
01-30 10:35:58.920   396   452 I VehiclePropertyStore: begin to write value to Store: {.timestamp = 235459235359, .areaId = 0, .prop = 826281986, .status = AVAILABLE, .value = {.int32Values = [1]{0}, .floatValues = [0]{}, .int64Values = [0]{}, .bytes = [0]{}, .stringValue = ""}}
01-30 10:35:58.920   396   452 D adayocomadapter-CommunicationManager: onUpstreamReceive mPropertyId 0x31401002
01-30 10:35:58.920   396   452 D adayocomadapter-CommunicationManager: onUpstreamReceive mPropertyId 0x31401001
01-30 10:35:58.920   396   452 D adayocomadapter-CommunicationManager: convertBytesToInt32Memcpy  3
01-30 10:35:58.920   396   452 I vw-vhal : notifyVehicleProperty, propId = 0x31401001, data = {status: 2, int32Values: [3]}
01-30 10:35:58.920   396   452 I vw-vhal : CanSignalsAdapter::notifyVehicleProperty: solvedValue = {.timestamp = 235459447026, .areaId = 0, .prop = 826281985, .status = AVAILABLE, .value = {.int32Values = [1]{3}, .floatValues = [0]{}, .int64Values = [0]{}, .bytes = [0]{}, .stringValue = ""}}
01-30 10:35:58.920   396   452 I VehiclePropertyStore: begin to write value to Store: {.timestamp = 235459447026, .areaId = 0, .prop = 826281985, .status = AVAILABLE, .value = {.int32Values = [1]{3}, .floatValues = [0]{}, .int64Values = [0]{}, .bytes = [0]{}, .stringValue = ""}}
01-30 10:35:58.920   396   452 I DefaultVehicleHal_v2_0: DefaultVehicleHal::onPropertyValue, value:{.timestamp = 235459447026, .areaId = 0, .prop = 826281985, .status = AVAILABLE, .value = {.int32Values = [1]{3}, .floatValues = [0]{}, .int64Values = [0]{}, .bytes = [0]{}, .stringValue = ""}}
01-30 10:35:58.920   396   452 I VehiclePropertyStore: begin to write value to Store: {.timestamp = 235459447026, .areaId = 0, .prop = 826281985, .status = AVAILABLE, .value = {.int32Values = [1]{3}, .floatValues = [0]{}, .int64Values = [0]{}, .bytes = [0]{}, .stringValue = ""}}
01-30 10:35:58.920   396   452 D adayocomadapter-CommunicationManager: onUpstreamReceive mPropertyId 0x31401001
01-30 10:35:58.924 12941 12941 D navi-libSdk-J01-Sdk: onServiceConnected: name-ComponentInfo{com.fawvw.vehicle.navi.j01app/com.neusoft.navi.service.NaviService},service-android.os.BinderProxy@44ca7d3
01-30 10:35:58.924   644   707 I mcuc    : rev uart=2230,len=17, data : 6AA681085100099202000A00000000007F
01-30 10:35:58.925   644   707 I mcuc    : sd Uart data : 6AA6020852000292020E
01-30 10:35:58.925   396   396 D adayocomadapter-ParseProtocolFunc: printRaWMsg Name[MCUToUPstream recv] len[9] data[9202000A0000000000]
01-30 10:35:58.925   396   396 D adayocomadapter-CommunicationManager: onUpstreamback   member[0] dataLength[6] timePoint[235464]
01-30 10:35:58.925   396   396 D adayocomadapter-ParseProtocolFunc: printRaWMsg Name[onUpstreamback] len[6] data[0A0000000000]
01-30 10:35:58.925   396   452 D adayocomadapter-UpstreamHandler: processBeforePacket upSreamtProcessTimePoint[235464] 
01-30 10:35:58.925   396   452 D adayocomadapter-UpstreamHandler: processPacket UPSTREAM_QUEUE_DATA_TIMEOUT
01-30 10:35:58.925   396   452 D adayocomadapter-ParseProtocolFunc: parseCommonIPCLBytes Processing tableNumber[10]
01-30 10:35:58.925   396   452 D adayocomadapter-ParseProtocolFunc: parseCommonIPCLBytes Processing tablename[Table-10] tableSize[6]
01-30 10:35:58.925   396   452 D adayocomadapter-ParseProtocolFunc: printRaWMsg Name[byteStream recv] len[6] data[0A0000000000]
01-30 10:35:58.925   396   452 D adayocomadapter-ParseProtocolFunc: printRaWMsg Name[IPCLtoVHAL] len[9] data[2140201C0000000000]
01-30 10:35:58.925   396   452 D adayocomadapter-ParseProtocolFunc: printRaWMsg Name[IPCLtoVHAL] len[6] data[214022320000]
01-30 10:35:58.925   396   452 D adayocomadapter-CommunicationManager: onUpstreamReceive mPropertyId 0x2140201c
01-30 10:35:58.925   396   452 D adayocomadapter-CommunicationManager: convertBytesToInt32Memcpy  0
01-30 10:35:58.925   396   452 I vw-vhal : notifyVehicleProperty, propId = 0x2140201c, data = {status: 2, int32Values: [0]}
01-30 10:35:58.925   396   452 I vw-vhal : CanSignalsAdapter::notifyVehicleProperty: solvedValue = {.timestamp = 235464946026, .areaId = 0, .prop = 557850652, .status = AVAILABLE, .value = {.int32Values = [1]{0}, .floatValues = [0]{}, .int64Values = [0]{}, .bytes = [0]{}, .stringValue = ""}}
01-30 10:35:58.925   396   452 I VehiclePropertyStore: begin to write value to Store: {.timestamp = 235464946026, .areaId = 0, .prop = 557850652, .status = AVAILABLE, .value = {.int32Values = [1]{0}, .floatValues = [0]{}, .int64Values = [0]{}, .bytes = [0]{}, .stringValue = ""}}
01-30 10:35:58.925 12941 12941 D navi-libSdk-J01-NaviSdk: reServiceConnected: mSearchResultListener-null,mMapStatusUpdateListener-com.adayo.carplayadapter.master.SystemAdapterImpl$1@c03fc12,mPositionInfoListener-null,mNaviInfoListener-null,mRrouteLineCountChangeListener-null,mHomeAndCompanyChangeListener-null,mCityChangeListener-null,mUrgentLocationInfoListener-null
01-30 10:35:58.925   396   452 I DefaultVehicleHal_v2_0: DefaultVehicleHal::onPropertyValue, value:{.timestamp = 235464946026, .areaId = 0, .prop = 557850652, .status = AVAILABLE, .value = {.int32Values = [1]{0}, .floatValues = [0]{}, .int64Values = [0]{}, .bytes = [0]{}, .stringValue = ""}}
01-30 10:35:58.925   396   452 I VehiclePropertyStore: begin to write value to Store: {.timestamp = 235464946026, .areaId = 0, .prop = 557850652, .status = AVAILABLE, .value = {.int32Values = [1]{0}, .floatValues = [0]{}, .int64Values = [0]{}, .bytes = [0]{}, .stringValue = ""}}
01-30 10:35:58.925   396   452 D adayocomadapter-CommunicationManager: onUpstreamReceive mPropertyId 0x2140201c
01-30 10:35:58.925   396   452 D adayocomadapter-CommunicationManager: onUpstreamReceive mPropertyId 0x21402232
01-30 10:35:58.925   396   452 D adayocomadapter-CommunicationManager: convertBytesToInt32Memcpy  0
01-30 10:35:58.925 12941 12941 D navi-libSdk-J01-NaviSdk: registerNaviStatusChangeCallback: callback-com.adayo.carplayadapter.master.SystemAdapterImpl$1@c03fc12,getProxy()-com.faw.navi.libsdk.IShareDataInterface$Stub$Proxy@ff7ef10
01-30 10:35:58.926   396   452 I vw-vhal : notifyVehicleProperty, propId = 0x21402232, data = {status: 2, int32Values: [0]}
01-30 10:35:58.926   396   452 I vw-vhal : CanSignalsAdapter::notifyVehicleProperty: solvedValue = {.timestamp = 235465174026, .areaId = 0, .prop = 557851186, .status = AVAILABLE, .value = {.int32Values = [1]{0}, .floatValues = [0]{}, .int64Values = [0]{}, .bytes = [0]{}, .stringValue = ""}}
01-30 10:35:58.926 12941 12941 D navi-libSdk-J01-Sdk: isServiceConnected: true
01-30 10:35:58.926   396   452 I VehiclePropertyStore: begin to write value to Store: {.timestamp = 235465174026, .areaId = 0, .prop = 557851186, .status = AVAILABLE, .value = {.int32Values = [1]{0}, .floatValues = [0]{}, .int64Values = [0]{}, .bytes = [0]{}, .stringValue = ""}}
01-30 10:35:58.926   396   452 I DefaultVehicleHal_v2_0: DefaultVehicleHal::onPropertyValue, value:{.timestamp = 235465174026, .areaId = 0, .prop = 557851186, .status = AVAILABLE, .value = {.int32Values = [1]{0}, .floatValues = [0]{}, .int64Values = [0]{}, .bytes = [0]{}, .stringValue = ""}}
01-30 10:35:58.926   396   452 I VehiclePropertyStore: begin to write value to Store: {.timestamp = 235465174026, .areaId = 0, .prop = 557851186, .status = AVAILABLE, .value = {.int32Values = [1]{0}, .floatValues = [0]{}, .int64Values = [0]{}, .bytes = [0]{}, .stringValue = ""}}
01-30 10:35:58.926   396   452 D adayocomadapter-CommunicationManager: onUpstreamReceive mPropertyId 0x21402232
01-30 10:35:58.925  1464 12932 D NetworkMonitor/103/vlan_07: PROBE_HTTP http://connectivitycheck.gstatic.com/generate_204 time=494ms ret=204 request={Connection=[close], User-Agent=[Mozilla/5.0 (X11; Linux x86_64) AppleWebKit/537.36 (KHTML, like Gecko) Chrome/60.0.3112.32 Safari/537.36]} headers={null=[HTTP/1.1 204 No Content], Connection=[close], Content-Length=[0], Cross-Origin-Resource-Policy=[cross-origin], Date=[Fri, 30 Jan 2026 02:35:58 GMT], X-Android-Received-Millis=[1769740558923], X-Android-Response-Source=[NETWORK 204], X-Android-Selected-Protocol=[http/1.1], X-Android-Sent-Millis=[1769740558604]}
01-30 10:35:58.926  2310  2325 D navi-libSdk-J01-ShareDataBinder: openNavigationSettings：地图加载完
01-30 10:35:58.926 12941 12941 D DataCollectManager: onServiceConnected name: ComponentInfo{com.fawvw.mw.datacollection/com.fawvw.mw.datacollection.DataCollectionService}
01-30 10:35:58.926  2310  2310 D navi-libSdk-J01-NaviServiceManager: run(NaviServiceManager.java:4344) openNavigationSettings pid-12941
01-30 10:35:58.927  2310  2310 D navi-libSdk-J01-NaviServiceManager: notifyExactPushFragment 
01-30 10:35:58.927   584  1266 E WifiHAL : Invalid data received from driver
01-30 10:35:58.927   584  1266 E WifiHAL : Invalid data received from driver
01-30 10:35:58.927   584  1266 E WifiHAL : Invalid data received from driver
01-30 10:35:58.927 12941 12941 I CarPlay_Service: onManagerServiceConnect(CarPlayAdapterManager.java:438)onManagerServiceConnect
01-30 10:35:58.927   584  1266 E WifiHAL : Invalid data received from driver
01-30 10:35:58.927   584  1266 E WifiHAL : Invalid data received from driver
01-30 10:35:58.927   584  1266 E WifiHAL : Invalid data received from driver
01-30 10:35:58.927   584  1266 E WifiHAL : Invalid data received from driver
01-30 10:35:58.929  1464 12932 D NetworkMonitor/103/vlan_07: isCaptivePortal: isSuccessful()=true isPortal()=false RedirectUrl=null isPartialConnectivity()=false Time=511ms
01-30 10:35:58.930   644   707 I mcuc    : rev uart=2231,len=109, data : 6AA68108520065920200100000000000000000000000000000010000000000000000000000000000000000000000000000000000000000000000000000000000000000000000000000000000000000000000000000000000654E21000000000000000000000000000000000047
01-30 10:35:58.930 12941 12941 E DataCollectManager: eventId = carplay, data = {"dataCollectionApp":"app_init"}
01-30 10:35:58.930   396   396 D adayocomadapter-ParseProtocolFunc: printRaWMsg Name[MCUToUPstream recv] len[101] data[920200100000000000000000000000000000010000000000000000000000000000000000000000000000000000000000000000000000000000000000000000000000000000000000000000000000000000654E210000000000000000000000000000000000]
01-30 10:35:58.930   396   396 D adayocomadapter-CommunicationManager: onUpstreamback   member[0] dataLength[98] timePoint[235469]
01-30 10:35:58.930   396   396 D adayocomadapter-ParseProtocolFunc: printRaWMsg Name[onUpstreamback] len[98] data[100000000000000000000000000000010000000000000000000000000000000000000000000000000000000000000000000000000000000000000000000000000000000000000000000000000000654E210000000000000000000000000000000000]
01-30 10:35:58.930   396   452 D adayocomadapter-UpstreamHandler: processBeforePacket upSreamtProcessTimePoint[235470] 
01-30 10:35:58.930   396   452 D adayocomadapter-UpstreamHandler: processPacket UPSTREAM_QUEUE_DATA_TIMEOUT
01-30 10:35:58.931   396   452 D adayocomadapter-ParseProtocolFunc: parseCommonIPCLBytes Processing tableNumber[16]
