01-30 10:35:57.978 12863 12863 W UEventObserver: type=1400 audit(0.0:18438): avc:  denied  { create } for  scontext=u:r:system_app:s0 tcontext=u:r:system_app:s0 tclass=netlink_kobject_uevent_socket permissive=0
01-30 10:35:57.982 12863 12863 E CarPlay_Service: start(UsbConnectionCtrl.java:143) start prefix + observer.getDevicePath() end :DEVPATH=
01-30 10:35:57.982 12863 12863 E CarPlay_Service: start(UsbConnectionCtrl.java:141) start prefix + observer.getDevicePath() start:DEVPATH=/devices/virtual/misc/iap2_device
01-30 10:35:57.982 12863 12863 E CarPlay_Service: start(UsbConnectionCtrl.java:143) start prefix + observer.getDevicePath() end :DEVPATH=
01-30 10:35:57.982 12863 12863 E CarPlay_Service: start(UsbConnectionCtrl.java:141) start prefix + observer.getDevicePath() start:DEVPATH=/devices/virtual/eap_dev/eap0
01-30 10:35:57.982 12863 12863 E CarPlay_Service: start(UsbConnectionCtrl.java:143) start prefix + observer.getDevicePath() end :DEVPATH=
01-30 10:35:57.983 12863 12863 E CarPlay_Service: start(UsbConnectionCtrl.java:141) start prefix + observer.getDevicePath() start:DEVPATH=/devices/platform/soc/e6590000.usb/gadget/sound
01-30 10:35:57.983 12863 12863 E CarPlay_Service: start(UsbConnectionCtrl.java:143) start prefix + observer.getDevicePath() end :DEVPATH=
01-30 10:35:57.983 12863 12887 E AndroidRuntime: FATAL EXCEPTION: UEventObserver
01-30 10:35:57.983 12863 12887 E AndroidRuntime: Process: com.adayo.carplay, PID: 12863
01-30 10:35:57.983 12863 12887 E AndroidRuntime: java.lang.RuntimeException: Unable to open socket for UEventObserver
01-30 10:35:57.983 12863 12887 E AndroidRuntime: 	at android.os.UEventObserver.nativeSetup(Native Method)
01-30 10:35:57.983 12863 12887 E AndroidRuntime: 	at android.os.UEventObserver.-$$Nest$smnativeSetup(Unknown Source:0)
01-30 10:35:57.983 12863 12887 E AndroidRuntime: 	at android.os.UEventObserver$UEventThread.run(UEventObserver.java:186)
01-30 10:35:57.984   851  1853 I am_crash: [12863,0,com.adayo.carplay,550026829,java.lang.RuntimeException,Unable to open socket for UEventObserver,UEventObserver.java,-2,0]
01-30 10:35:57.985   851  1853 I SdException: eventType = crash, processName = com.adayo.carplay
01-30 10:35:57.985   851  1853 I SdException: data = crash|12863|com.adayo.carplay
01-30 10:35:57.988 12863 12863 D CarPlayDeviceDatabase: Journal mode set to: wal
01-30 10:35:57.991 12863 12863 D CarPlay_Service: initKeyCodeMap(KeyEventAdapterImpl.java:331)initKeyCodeMap in  ---
01-30 10:35:57.991 12863 12863 D CarPlay_Service: initKeyCodeMap(KeyEventAdapterImpl.java:343)initKeyCodeMap out  ---
01-30 10:35:57.991 12863 12863 D CarPlay_Service: initKeyStateMap(KeyEventAdapterImpl.java:323)initKeyStateMap in  ---
01-30 10:35:57.991 12863 12863 D CarPlay_Service: initKeyStateMap(KeyEventAdapterImpl.java:327)initKeyStateMap out  ---
01-30 10:35:57.993   652  2032 I audio_hw_streamer: 569 capture_thread_loop: select [ch 8 -> ch 4] [15360 -> 7680] bytes data 
01-30 10:35:57.995  1279  1324 D CAR.DIAGNOSTIC: Entry - Type: 0x01, ServiceId: 0x2061, InstanceId: 0x0001, MajorVersion: 0x01FFFFFF, TTL: 0
01-30 10:35:57.995  1279  1324 W CAR.DIAGNOSTIC: Not enough data for option indices: needed 64, remaining 32
01-30 10:35:57.995  1279  1329 D CAR.DIAGNOSTIC: Entry - Type: 0x01, ServiceId: 0x2061, InstanceId: 0x0001, MajorVersion: 0x01FFFFFF, TTL: 0
01-30 10:35:57.995  1279  1329 W CAR.DIAGNOSTIC: Not enough data for option indices: needed 64, remaining 32
01-30 10:35:57.995  1279  1326 D CAR.DIAGNOSTIC: Entry - Type: 0x01, ServiceId: 0x2061, InstanceId: 0x0001, MajorVersion: 0x01FFFFFF, TTL: 0
01-30 10:35:57.996  1279  1326 W CAR.DIAGNOSTIC: Not enough data for option indices: needed 64, remaining 32
01-30 10:35:57.997 12863 12863 I CarPlay_Service: onLifecycleChanged(KeyEventAdapterImpl.java:359)onLifecycleChanged: car service connected
01-30 10:35:57.999 12863 12863 W ContextImpl: Calling a method in the system process without a qualified user: android.app.ContextImpl.bindService:1988 android.content.ContextWrapper.bindService:861 android.car.Car.startCarService:2807 android.car.Car.createCar:2118 com.adayo.carplayadapter.master.KeyEventAdapterImpl.init:355 
01-30 10:35:58.002  1279  2932 D CAR.INPUT: addCnsCarInputListener...
01-30 10:35:58.002  1279  2932 D CAR.INPUT: addCnsCarInputListener...
01-30 10:35:58.002  1279  2932 D CAR.INPUT: addCnsCarInputListener...
01-30 10:35:58.002 12863 12863 I CarPlay_Service: init(KeyEventAdapterImpl.java:371)init mediaKey: 0, callKey: 0, voiceKey: 0
01-30 10:35:58.006 12863 12863 D navi-libSdk-J01-NaviSdk: NaviSdk: 
01-30 10:35:58.006 12863 12863 D navi-libSdk-J01-Sdk: init: naviSDK
01-30 10:35:58.006 12863 12863 D navi-libSdk-J01-Sdk: init: action-,mRetryBindTimeMillTime-2000,version2025.02.27.101.01,mApplication-null
01-30 10:35:58.007 12863 12863 D navi-libSdk-J01-Sdk: isServiceConnected: false
01-30 10:35:58.007 12863 12863 D navi-libSdk-J01-Sdk: bindService: 
01-30 10:35:58.007 12863 12863 W ContextImpl: Calling a method in the system process without a qualified user: android.app.ContextImpl.bindService:1988 android.content.ContextWrapper.bindService:861 com.faw.navi.libsdk.base.Sdk.bindService:186 com.faw.navi.libsdk.base.Sdk.init:146 com.faw.navi.libsdk.base.Sdk.init:108 
01-30 10:35:58.010 12863 12863 D navi-libSdk-J01-Sdk: bindService: connected-true,packageName-com.adayo.carplay,pid-12863,action-
01-30 10:35:58.011 12863 12863 D navi-libSdk-J01-NaviSdk: registerNaviStatusChangeCallback: callback-com.adayo.carplayadapter.master.SystemAdapterImpl$1@c03fc12,getProxy()-null
01-30 10:35:58.011 12863 12863 D navi-libSdk-J01-Sdk: isServiceConnected: false
01-30 10:35:58.012 12863 12863 W ContextImpl: Calling a method in the system process without a qualified user: android.app.ContextImpl.bindService:1988 android.content.ContextWrapper.bindService:861 com.cns.android.datacollect.DataCollectManager.bindService:270 com.cns.android.datacollect.DataCollectManager.init:117 com.adayo.carplayadapter.master.CarPlayAdapterManager.init:416 
01-30 10:35:58.013   652  2032 I audio_hw_streamer: 569 capture_thread_loop: select [ch 8 -> ch 4] [15360 -> 7680] bytes data 
01-30 10:35:58.014 12863 12863 D DataCollectManager: doBindSceneService...
01-30 10:35:58.014 12863 12863 D DataCollectManager: registerManagerServiceConnection
01-30 10:35:58.014 12863 12863 D DataCollectManager: wait for connection ready
01-30 10:35:58.015 12863 12863 I PermissionManager: Register init listener,  init completed: false
01-30 10:35:58.018  2344  2572 I PermissionServerManager: ┌────────────────────────────────────────────────────────────────┐
01-30 10:35:58.018  2344  2572 I PermissionServerManager: │[10:35:58.017][binder:2344_4][registerPermissionSwitchListener:43]│
01-30 10:35:58.018  2344  2572 I PermissionServerManager: │ com.adayo.carplay register permission callback.                │
01-30 10:35:58.018  2344  2572 I PermissionServerManager: └────────────────────────────────────────────────────────────────┘
01-30 10:35:58.019 12863 12863 D PermissionClientProxy: peekService available
01-30 10:35:58.019 12863 12863 I CarPlay_Service: onManagerServiceConnect(CarPlayAdapterManager.java:454)onManagerServiceConnect
01-30 10:35:58.019 12863 12863 I PermissionManager: registerPermissionInitCompletedListener
01-30 10:35:58.019   706   722 D sde     : [SDE::CatchJE]  Debug: CatchJE end
01-30 10:35:58.020   706   722 D sde     : [SDE::removeFile]  Debug: removeFile index = 31_
01-30 10:35:58.020  2344 12890 D PermissionServerManager: ┌─────────────────────────────────────────────────────────────────────────────┐
01-30 10:35:58.020  2344 12890 D PermissionServerManager: │[10:35:58.019][InitStatusNotify-][lambda$registerPermissionSwitchListener$0:50]│
01-30 10:35:58.020  2344 12890 D PermissionServerManager: │ Init already completed                                                      │
01-30 10:35:58.020  2344 12890 D PermissionServerManager: │ notifying for registered package: com.adayo.carplay.                        │
01-30 10:35:58.020  2344 12890 D PermissionServerManager: └─────────────────────────────────────────────────────────────────────────────┘
01-30 10:35:58.020 12863 12884 D PermissionResponseDispatcher: listener exists, onInitStatusChanged: 1
01-30 10:35:58.020 12863 12884 I PermissionManager: Init status changed: 1, completed: true
01-30 10:35:58.020 12863 12884 I PermissionManager: Callback to com.adayo.carplayInit status changed: 1
01-30 10:35:58.020 12863 12884 I CarPlay_Service: onInitStatusChanged(CarPlayAdapterManager.java:468)onInitStatusChanged i: 1
01-30 10:35:58.021   706   722 D sde     : [SDE::removeFile]  Debug: remove : /data/sde/31_crash_7960_com.fawvw.intelligentmodeservice_20260130_103334.zip
01-30 10:35:58.021   706   722 D sde     : [SDE::zipArchiveFolder]  Debug: zippath = /data/sde/31_crash_12521_com.adayo.carplay_20260130_103557.zip 
01-30 10:35:58.032   851  1060 D NotificationService: PostNotification: Started
01-30 10:35:58.032 12863 12863 D CarPlay_Service: init(EventHandle.java:96)EventHandle init
01-30 10:35:58.033 12863 12863 D DeviceManager: init() called with: context = [com.adayo.carplay.service.CarPlayService@e7c8d86]
01-30 10:35:58.033   652  2032 I audio_hw_streamer: 569 capture_thread_loop: select [ch 8 -> ch 4] [15360 -> 7680] bytes data 
01-30 10:35:58.033   851   851 D NotificationService: EnqueueNotificationRunnable.run for: 0|com.adayo.carplay|1|null|1000
01-30 10:35:58.034   851   851 I notification_enqueue: [1000,12863,com.adayo.carplay,1,NULL,0,Notification(channel=carplay_channel shortcut=null contentView=null vibrate=null sound=null defaults=0x0 flags=0x840 color=0x00000000 vis=PRIVATE),0]
01-30 10:35:58.034   584  1266 E WifiHAL : Invalid data received from driver
01-30 10:35:58.034 11580 12816 W adbd    : timed out while waiting for FUNCTIONFS_BIND, trying again
01-30 10:35:58.034 11580 12816 I adbd    : UsbFfs: connection terminated: monitor thread finished
01-30 10:35:58.034 11580 11580 I adbd    : UsbFfs: already offline
01-30 10:35:58.034 11580 11580 I adbd    : destroying transport UsbFfs
01-30 10:35:58.034 11580 11580 I adbd    : UsbFfsConnection being destroyed
01-30 10:35:58.035 12863 12863 D CarPlay_Service: setLocationCallback(MFiClientApi.java:158)setLocationCallback
01-30 10:35:58.035 12863 12891 I MFiClientProxy: loadLibrary start
01-30 10:35:58.036 12863 12863 D CarPlay_Service: setPhoneInfoCallback(MFiClientApi.java:172)setPhoneInfoCallback
01-30 10:35:58.036  1728  1728 I ExtAssistant: ENQUEUED 0|com.adayo.carplay|1|null|1000 on carplay_channel
01-30 10:35:58.038  1728  2728 D ExtAssistant: Creating Adjustment for 0|com.adayo.carplay|1|null|1000, with 0 actions, and 0 replies.
01-30 10:35:58.043 12863 12892 I CarPlay_Service: requestCertificateData(MFiClientApiImpl.java:164)requestCertificateData
01-30 10:35:58.043 12863 12892 D CarPlay_Service: onRequestCertificateData(CPRemoteCallBackMgr.java:135) onRequestCertificateData
01-30 10:35:58.044 12863 12892 D CarPlay_Service: getSerialNumber(CarPlayAdapterBase.java:324)serialNumber encrypt--->:null
01-30 10:35:58.044 12863 12892 D CarPlay_Service == CarPlayServer: init(LoadJson.java:27)configPath:/system/etc/adayo/carplay/CarPlayServerConfig.json
01-30 10:35:58.044 12863 12891 I MFiClientProxy: loadLibrary ended
01-30 10:35:58.044 12863 12891 I libbasic: klee_log_loadconfig_path path/system/etc/adayo/mfi/BasicLogConfig.json key=libmficlientjni initState=0
01-30 10:35:58.045 12863 12891 I libbasic: klee_log_loadconfig_path path/system/etc/adayo/basiclog/BasicLogConfig.json key=libmficlient initState=1
01-30 10:35:58.045 12863 12891 E libbasic: klee_log_loadconfig_path error =-1 
01-30 10:35:58.045 12863 12891 E libbasic: klee_log_loadparam error = -1 
01-30 10:35:58.046 12863 12863 E CarPlay_Service: crashDetect(CarPlayService.java:1333)property = true
01-30 10:35:58.046 12863 12891 I libmficlient: [MFiClient.cpp][483]Enter 
01-30 10:35:58.046 12863 12891 I libmfi_ipcsocket: [MFiIPCSession_Socket.cpp][122]Enter socketid=0 
01-30 10:35:58.046 12863 12891 I libmfi_ipcsocket: [MFiIPCSession_Socket.cpp][134]Leave socketid=0 
01-30 10:35:58.046 12863 12891 I libmficlient: [MFiClient.cpp][505]Leave 
01-30 10:35:58.047 12863 12894 I libmfi_ipcsocket: [MFiIPCSession_Socket.cpp][89]session 0xb400fa3d6daf3cf0 
01-30 10:35:58.047 12863 12894 I libmfi_ipcsocket: [MFiIPCSession_Socket.cpp][92]=============================Start ConnectServerThread id [0] ==================================== 
01-30 10:35:58.047 12863 12894 I libmfi_ipcsocket: [MFiIPCSession_Socket.cpp][158]m_socketid =-1 
01-30 10:35:58.047 12863 12894 E libmfi_ipcsocket: [MFiIPCSession_Socket.cpp][159]###[ERROR] 0  
01-30 10:35:58.047 12863 12863 D CarPlay_Service: getBootUpCarPlayMac(CarPlaySDKAdapter.java:1617)[getBootUpCarPlayMac]btMacLastBoot encrypt--->:none
01-30 10:35:58.047 12863 12863 D CarPlay_Service: getHistoryDevices(CarPlayAdapterStates.java:553)getHistoryDevices sdkAdapter
01-30 10:35:58.048 12863 12863 I CarPlay_Service: getBootUpCarPlayMac(CarPlaySDKAdapter.java:1627)new device:the size of historyCpDevices is zero, connect bt.
01-30 10:35:58.048 12863 12863 D CarPlay_Service: getBootUpCarPlayMac(CarPlaySDKAdapter.java:1652)[getBootUpCarPlayMac]ret encrypt--->:none
01-30 10:35:58.048 12863 12863 D CarPlay_Service: crashDetect(CarPlayService.java:1337)[crashDetect]property:true getBootUpCarPlayMac = none
01-30 10:35:58.049 12863 12863 D CarPlay_Service: getBootUpCarPlayMac(CarPlaySDKAdapter.java:1617)[getBootUpCarPlayMac]btMacLastBoot encrypt--->:none
01-30 10:35:58.049 12863 12863 D CarPlay_Service: getHistoryDevices(CarPlayAdapterStates.java:553)getHistoryDevices sdkAdapter
01-30 10:35:58.049 12863 12863 I CarPlay_Service: getBootUpCarPlayMac(CarPlaySDKAdapter.java:1627)new device:the size of historyCpDevices is zero, connect bt.
01-30 10:35:58.049 12863 12863 D CarPlay_Service: getBootUpCarPlayMac(CarPlaySDKAdapter.java:1652)[getBootUpCarPlayMac]ret encrypt--->:none
01-30 10:35:58.050 12863 12863 D CarPlay_Service: <init>(VehicleConfig.java:41)[VehicleConfig]
01-30 10:35:58.051 12863 12863 D CarPlay_Service: getProjectConfig(VehicleConfig.java:65)[getProjectConfig] Global 14:40
01-30 10:35:58.051 12863 12863 D CarPlay_Service: getProjectConfig(VehicleConfig.java:73)[getProjectConfig] strVehicleNameID:none,strDisplay:none
01-30 10:35:58.051 12863 12863 I CarPlay_Service: getProjectConfig(VehicleConfig.java:84)[getProjectConfig]strVehicleNameID=null
01-30 10:35:58.051 12863 12863 I CarPlay_Service: getProjectConfig(VehicleConfig.java:94)[getProjectConfig]display=null
01-30 10:35:58.051 12863 12863 D CarPlay_Service: getProjectConfig(VehicleConfig.java:96)[getProjectConfig] vehicleNameID:0,display:0
01-30 10:35:58.052 12863 12863 D CarPlay_Service: getProjectConfig(VehicleConfig.java:101)[getProjectConfig]configTable.length:7
01-30 10:35:58.052 12863 12863 D CarPlay_Service: getProjectConfig(VehicleConfig.java:112)[getProjectConfig]configRet:1
01-30 10:35:58.052 12863 12863 D CarPlay_Service: onCreate(CarPlayService.java:1159)onCreate() appleDevice:Wired{CurrentMode=0, AppleVendorID='5ac', AskSupportCarPlay=true, SupportRollBackIap=false, SupportCarPlayStatus=false, NotifyUnSupport=true, ObserverUEvent=[ObserverUEvent{PortMode=0, DevicePath='/devices/virtual/carplay_dev/carplay_dev', HIDPath='/dev/usb/hid_dev_otg', SoundCardIndex='-1'}, ObserverUEvent{PortMode=2, DevicePath='/devices/platform/soc/a600000.ssusb/a600000.dwc3/xhci-hcd', HIDPath='/dev/usb/hid_dev_otg', SoundCardIndex='1'}, ObserverUEvent{PortMode=0, DevicePath='/devices/virtual/carplay/carplay', HIDPath='null', SoundCardIndex='-1'}, ObserverUEvent{PortMode=0, DevicePath='/devices/virtual/misc/iap2_device', HIDPath='null', SoundCardIndex='-1'}, ObserverUEvent{PortMode=0, DevicePath='/devices/virtual/eap_dev/eap0', HIDPath='null', SoundCardIndex='-1'}, ObserverUEvent{PortMode=0, DevicePath='/devices/platform/soc/e6590000.usb/gadget/sound', HIDPath='null', SoundCardIndex='-1'}], Modes={1=0, 2=3, 3=2, 4=1}, SwitchNone={sys.usb.config=none}, SwitchCarPlay={usb.carplay.state=in, sys.usb.config=ncm}, SwitchCarBit={usb.carplay.state=in, sys.usb.config=mfi_iap2,mfi_carbit_eap,mfi_uac1,mfi_hid}, SwitchCarLife={usb.carplay.state=in, sys.usb.config=eap_carlife}, SwitchHost={usb.carplay.state=out}, USBReset={usb.carplay.state=reset}, ac8xEnable=null, ac8xRoleSwitch=null}
01-30 10:35:58.052 12863 12892 D CarPlay_Service == CarPlayServer: init(LoadJson.java:39)config parse end,Config{Logger=Logger{LogFileSavePath='null', ShowLineNumber=true, Tag='CarPlayServer', ShowFileName=true, LogLevel=2}, Information=Information{LockedBootStartService=true, BootStartService=true, configPath='/system/etc/adayo/carplay/CarPlayJniProxyConfig.json', deviceId='null', siriPrewarmTime=-600, connectOperatingBT=false, connectionMode=0, audioBufferSize=200, recordBufferSize=25000, videoBufferSize=150, decoderAsync=false, audioSteamType=AudioStreamType{VOICE_CALL=StreamInfo{streamType=0, usage='2', contentType='1', audioSource=-1, focusType=1, playusage=2}, RING=StreamInfo{streamType=2, usage='6', contentType='1', audioSource=-1, focusType=1, playusage=6}, MUSIC=StreamInfo{streamType=3, usage='1', contentType='2', audioSource=-1, focusType=0, playusage=1}, ALARM=StreamInfo{streamType=11, usage='13', contentType='1', audioSource=-1, focusType=2, playusage=12}, TTS=StreamInfo{streamType=17, usage='11', contentType='2', audioSource=-1, focusType=2, playusage=18}}, recordStreamType=RecordStreamType{MIC=StreamInfo{streamType=1, usage='2', contentType='1', audioSource=1, focusType=1, playusage=-1}, VOICE_CALL=StreamInfo{streamType=1, usage='2', contentType='1', audioSource=1, focusType=1, playusage=-1}, TTS=StreamInfo{streamType=1, usage='2', contentType='1', audioSource=10, focusType=1, playusage=-1}}, dataBaseInfo=DataBaseInfo{name='historyDevices.db', count=10000}, ituTestParam=ITUTestParam{playerParams=null, recorderParams=null}, dealWithBluetooth=false, muteCanWakeUp=true, transCanWakeUp=true, coverAnswerToFlash=true, carCallEndCarPlay=false, standbySendToPhone=true, dealWithMute=false, dealWithPhoneMode=false, dealWithBackCar=false, noDealWithRouteGuidance=false, minBufferScale=2, dealWithPASCD=true, supportsEnhancedSiriVoice=true, dealWithVR=false, testConnectFail=false, testConnectWifiFail=false, testScreenError=false}, Wireless=Wireless{setupWiFiOnServerCreate=false, setupBTOnServerCreate=false, startApCloseWifi=false, startApWhenBTConnect=true, Hotspot=Hotspot{SSID='CarPlayAP', PreShareKey='a88888888', apChannel=149, apChannel24=6, AuthAlgorithms=0, KeyManagement=2}}}
01-30 10:35:58.052 12863 12892 D CarPlay_Service: run(CarPlayService.java:1063)deviceId:null
01-30 10:35:58.052 12863 12892 D CarPlay_Service: getWlanAddress(CarPlayAdapterManager.java:199)getWlanAddress
01-30 10:35:58.053   652  2032 I audio_hw_streamer: 569 capture_thread_loop: select [ch 8 -> ch 4] [15360 -> 7680] bytes data 
01-30 10:35:58.058 12863 12892 D CarPlay_Service: getWlanAddress(CarPlayAdapterManager.java:205)networkInterface.getName()eth0.111
01-30 10:35:58.058 12863 12892 D CarPlay_Service: getWlanAddress(CarPlayAdapterManager.java:205)networkInterface.getName()lo
01-30 10:35:58.058 12863 12892 D CarPlay_Service: getWlanAddress(CarPlayAdapterManager.java:205)networkInterface.getName()eth0.116
01-30 10:35:58.058 12863 12892 D CarPlay_Service: getWlanAddress(CarPlayAdapterManager.java:205)networkInterface.getName()eth0.115
01-30 10:35:58.058 12863 12892 D CarPlay_Service: getWlanAddress(CarPlayAdapterManager.java:205)networkInterface.getName()eth0.114
01-30 10:35:58.058 12863 12892 D CarPlay_Service: getWlanAddress(CarPlayAdapterManager.java:205)networkInterface.getName()eth0.113
01-30 10:35:58.058 12863 12892 D CarPlay_Service: getWlanAddress(CarPlayAdapterManager.java:205)networkInterface.getName()tunl0
01-30 10:35:58.058 12863 12892 D CarPlay_Service: getWlanAddress(CarPlayAdapterManager.java:205)networkInterface.getName()vlan_11
01-30 10:35:58.058 12863 12892 D CarPlay_Service: getWlanAddress(CarPlayAdapterManager.java:205)networkInterface.getName()eth1.116
01-30 10:35:58.058 12863 12892 D CarPlay_Service: getWlanAddress(CarPlayAdapterManager.java:205)networkInterface.getName()vlan_14
01-30 10:35:58.058 12863 12892 D CarPlay_Service: getWlanAddress(CarPlayAdapterManager.java:205)networkInterface.getName()vlan_13
01-30 10:35:58.058 12863 12892 D CarPlay_Service: getWlanAddress(CarPlayAdapterManager.java:205)networkInterface.getName()wlan1
01-30 10:35:58.063 12863 12892 I CarPlay_Service: getWlanAddress(CarPlayAdapterManager.java:222)deviceId encrypt---> DA:27:21:C6:1D:13
01-30 10:35:58.069 12863 12892 D CarPlay_Service: getSerialNumberAdpter(CarPlayAdapterManager.java:193)str encrypt--->:DA:27:21:C6:1D:13
01-30 10:35:58.069 12863 12892 D CarPlay_Service: getSerialNumber(CarPlayAdapterBase.java:324)serialNumber encrypt--->:DA:27:21:C6:1D:13
01-30 10:35:58.073   652  2032 I audio_hw_streamer: 569 capture_thread_loop: select [ch 8 -> ch 4] [15360 -> 7680] bytes data 
01-30 10:35:58.093   652  2032 I audio_hw_streamer: 569 capture_thread_loop: select [ch 8 -> ch 4] [15360 -> 7680] bytes data 
01-30 10:35:58.094   851   851 D ResponseStatsTracker: notification:+3m54s430ms; event=<posted>, pkg=com.adayo.carplay, usr=0
01-30 10:35:58.094   851   851 I sysui_multi_action: [757,1501,758,1,793,202,794,0,795,202,796,1,806,com.adayo.carplay,857,carplay_channel,858,2,947,0,1500,0,1688,1]
01-30 10:35:58.095   851   851 I sysui_multi_action: [757,804,799,note_interruptive,801,0,802,1]
01-30 10:35:58.097   851   851 D NotificationService: 0|com.adayo.carplay|1|null|1000: updating permissions
01-30 10:35:58.097   851   851 D NotificationService: 0|com.adayo.carplay|1|null|1000: updating permissions
01-30 10:35:58.098   851   851 D NotificationService: 0|com.adayo.carplay|1|null|1000: updating permissions
01-30 10:35:58.098   851   851 D NotificationService: 0|com.adayo.carplay|1|null|1000: updating permissions
01-30 10:35:58.098   851   851 D NotificationService: 0|com.adayo.carplay|1|null|1000: updating permissions
01-30 10:35:58.098   851   851 D NotificationService: 0|com.adayo.carplay|1|null|1000: updating permissions
01-30 10:35:58.098   851   851 D NotificationService: 0|com.adayo.carplay|1|null|1000: updating permissions
01-30 10:35:58.100   851  1149 D JobScheduler.Quota: Processing event 12 for <0>com.adayo.carplay
01-30 10:35:58.100   851   851 I NotificationHistory: History disabled for user 0
01-30 10:35:58.100   851  2689 I WifiService: getVerboseLoggingLevel uid=1000
01-30 10:35:58.100   851   851 W NotificationHistory: Attempted to add notif for locked/gone/disabled user 0
01-30 10:35:58.100   851  1149 D JobScheduler.Quota: debits overflowed by -15000
01-30 10:35:58.101 12863 12863 I CarPlay_Service: getWifiApConfiguration(WiFiHotspotController.java:177)getWifiApConfiguration
01-30 10:35:58.101 12863 12863 I CarPlay_Service: getWifiApConfiguration(WiFiHotspotController.java:179) sdkInit:34 read:28
01-30 10:35:58.101 12863 12863 I CarPlay_Service: getSoftApConfiguration(WiFiHotspotController.java:118)getSoftApConfiguration
01-30 10:35:58.101   851  2689 I WifiService: getSoftApConfiguration uid=1000
01-30 10:35:58.102  1728  1728 I ExtAssistant: POSTED 0|com.adayo.carplay|1|null|1000
01-30 10:35:58.102   851   851 D NotificationService: PostNotification: Finished in 211 ms
01-30 10:35:58.103  2766  2766 D J01Launcher_Notification: onNotificationPosted
01-30 10:35:58.105 11580 11584 I adbd    : opening control endpoint /dev/usb-ffs/adb/ep0
01-30 10:35:58.105   582 12798 D resolv  : retrying_poll: 46 retrying_poll returning 1
01-30 10:35:58.105   582 12798 I resolv  : res_nsend: used send_dg 42 terrno: 0
01-30 10:35:58.105   582 12798 D resolv  : res_stats_set_sample: rcode = 3, sec = 1643
01-30 10:35:58.105   582 12798 D resolv  : res_cache_add_stats_sample_locked: adding sample to stats, next = 23, count = 64
01-30 10:35:58.105   582 12798 D resolv  : res_nsend: got answer:
01-30 10:35:58.105   582 12798 D resolv  : answer_getTTL: TTL = 0
01-30 10:35:58.106   582 12798 D resolv  : cache_dump_mru_locked: MRU LIST ( 0): 
01-30 10:35:58.106   582 12798 I resolv  : res_nquery: rcode = (NXDOMAIN), counts = an:0 ns:0 ar:0
01-30 10:35:58.106   582 12798 D resolv  : dns_gethtbyaddr: res_nquery failed (-1)
01-30 10:35:58.106   582 12798 D resolv  : GetHostByAddrHandler::run: result failed: No address associated with hostname
01-30 10:35:58.106 12863 12863 I CarPlay_Service: getSoftApConfiguration(WiFiHotspotController.java:132)SoftApConfiguration.SSID: JETTA WLAN 001
01-30 10:35:58.106 12863 12863 I CarPlay_Service: getSoftApConfiguration(WiFiHotspotController.java:133)SoftApConfiguration.prePassphrase: 6bjkwY6pjSEZThb
01-30 10:35:58.106 12863 12863 I CarPlay_Service: getSoftApConfiguration(WiFiHotspotController.java:134)SoftApConfiguration.securityType: 2
01-30 10:35:58.106 12863 12863 I CarPlay_Service: getSoftApConfiguration(WiFiHotspotController.java:135)SoftApConfiguration.apChannel: 149
01-30 10:35:58.107   706   722 D sde     : [SDE::zipArchiveFolder]  Debug: property_set persist.sde.last.number success
01-30 10:35:58.108 11580 11584 I adbd    : UsbFfsConnection constructed
01-30 10:35:58.109 11580 12897 I adbd    : UsbFfs-monitor thread spawned
01-30 10:35:58.109   706   722 D sde     : [SDE::deleteFolder]  Debug: deleteFolder :data/sde/crash_12521_com.adayo.carplay_20260130_103557
01-30 10:35:58.109   706   722 D sde     : [SDE::hasEnoughSpace]  Debug: avaiPercent = 89, limitPercent = 90
01-30 10:35:58.109   706   706 D sde     : [SDE::socket_listen]  Debug: Accept_fd 5
01-30 10:35:58.109   706   722 D sde     : [SDE::CreateFolder]  Debug: CreateFolder type :crash ,pid :12512, package :com.fawvw.intelligentmodeservice ,tombstone :
01-30 10:35:58.109   706   706 D sde     : [SDE::socket_listen]  Debug: receive msg from client : crash|12577|com.adayo.carplay
01-30 10:35:58.109   706   722 D sde     : [SDE::CreateFolder]  Debug: logpath : data/sde/crash_12512_com.fawvw.intelligentmodeservice_20260130_103558
01-30 10:35:58.109   706   722 D sde     : [SDE::CollectExceptionMessage]  Debug: CreateFolder = data/sde/crash_12512_com.fawvw.intelligentmodeservice_20260130_103558 
01-30 10:35:58.109   706   722 D sde     : [SDE::CatchLog]  Debug: CatchLog : crash,data/sde/crash_12512_com.fawvw.intelligentmodeservice_20260130_103558
01-30 10:35:58.109   706   722 D sde     : [SDE::CatchJE]  Debug: CatchJE data/sde/crash_12512_com.fawvw.intelligentmodeservice_20260130_103558
01-30 10:35:58.110   851  2748 I SdException: disconnecting...
01-30 10:35:58.111   851  2748 W ActivityManager: Process com.fawvw.intelligentmodeservice has crashed too many times, killing! Reason: crashed quickly
01-30 10:35:58.111   851  2748 I am_process_crashed_too_much: [0,com.fawvw.intelligentmodeservice,1000]
01-30 10:35:58.113   652  2032 I audio_hw_streamer: 569 capture_thread_loop: select [ch 8 -> ch 4] [15360 -> 7680] bytes data 
01-30 10:35:58.113 12863 12863 D CarPlay_Service: getHistoryDevices(CarPlayAdapterStates.java:553)getHistoryDevices sdkAdapter
01-30 10:35:58.114   851  2748 I sysui_multi_action: [757,316,758,4,759,-1]
01-30 10:35:58.114 12863 12863 I CarPlay_Service: start(BluetoothEventDetect.java:223)new device:the size of historyCpDevices is zero, connect bt.
01-30 10:35:58.114 12832 12832 I Process : Sending signal. PID: 12832 SIG: 9
01-30 10:35:58.115 12863 12863 I CarPlay_Service: init(DialogManager.java:115)init
01-30 10:35:58.115 12863 12863 D CarPlay_Service: onBind(CarPlayService.java:1227)onBind
01-30 10:35:58.117  1602  1602 I CarPlayServerProxy: onServiceConnected jarVersion:CarPlayProxy-20250227_1.0.7.jar
01-30 10:35:58.117  1602  1602 D v251013.1_CM_CarPlayCM: onServiceConnected()
01-30 10:35:58.118 12863 12863 D navi-libSdk-J01-Sdk: onServiceConnected: name-ComponentInfo{com.fawvw.vehicle.navi.j01app/com.neusoft.navi.service.NaviService},service-android.os.BinderProxy@e3f8dc2
01-30 10:35:58.119  1602  1602 I CarPlayServerProxy: instance:com.adayo.carplay.proxy.ICarPlayProxy$Stub$Proxy@c6bffe3
01-30 10:35:58.119 12863 12863 D navi-libSdk-J01-NaviSdk: reServiceConnected: mSearchResultListener-null,mMapStatusUpdateListener-com.adayo.carplayadapter.master.SystemAdapterImpl$1@c03fc12,mPositionInfoListener-null,mNaviInfoListener-null,mRrouteLineCountChangeListener-null,mHomeAndCompanyChangeListener-null,mCityChangeListener-null,mUrgentLocationInfoListener-null
01-30 10:35:58.119 12863 12863 D navi-libSdk-J01-NaviSdk: registerNaviStatusChangeCallback: callback-com.adayo.carplayadapter.master.SystemAdapterImpl$1@c03fc12,getProxy()-com.faw.navi.libsdk.IShareDataInterface$Stub$Proxy@ff7ef10
01-30 10:35:58.119 12863 12863 D navi-libSdk-J01-Sdk: isServiceConnected: true
01-30 10:35:58.123  2310  2325 D navi-libSdk-J01-ShareDataBinder: openNavigationSettings：地图加载完
01-30 10:35:58.124  2310  2310 D navi-libSdk-J01-NaviServiceManager: run(NaviServiceManager.java:4344) openNavigationSettings pid-12863
01-30 10:35:58.124  2310  2310 D navi-libSdk-J01-NaviServiceManager: notifyExactPushFragment 
01-30 10:35:58.124 12863 12863 D DataCollectManager: onServiceConnected name: ComponentInfo{com.fawvw.mw.datacollection/com.fawvw.mw.datacollection.DataCollectionService}
01-30 10:35:58.125 12863 12863 I CarPlay_Service: onManagerServiceConnect(CarPlayAdapterManager.java:438)onManagerServiceConnect
01-30 10:35:58.127   851  1825 D NetworkPolicy: Blocked state of 10066: {blocked=NONE,allowed=FOREGROUND|TOP|METERED_FOREGROUND,effective=NONE}
01-30 10:35:58.130 12863 12863 E DataCollectManager: eventId = carplay, data = {"dataCollectionApp":"app_init"}
01-30 10:35:58.133   652  2032 I audio_hw_streamer: 569 capture_thread_loop: select [ch 8 -> ch 4] [15360 -> 7680] bytes data 
01-30 10:35:58.135  1578  1599 E BpDataReceiver: Invalid vin, reject data
01-30 10:35:58.135 12863 12863 D DataCollectManager: cache data is empty, need not upload cache
01-30 10:35:58.136 12896 12896 I ADAYO_NETWORK_PING: PING www.a.shifen.com (111.45.11.5) from 192.168.16.3 vlan_16: 56(84) bytes of data.
01-30 10:35:58.136 12896 12896 I ADAYO_NETWORK_PING: 64 bytes from 111.45.11.5: icmp_seq=1 ttl=50 time=178 ms
01-30 10:35:58.136 12896 12896 I ADAYO_NETWORK_PING: 
01-30 10:35:58.136 12896 12896 I ADAYO_NETWORK_PING: --- www.a.shifen.com ping statistics ---
01-30 10:35:58.136 12896 12896 I ADAYO_NETWORK_PING: 1 packets transmitted, 1 received, 0% packet loss, time 0ms
01-30 10:35:58.136 12896 12896 I ADAYO_NETWORK_PING: rtt min/avg/max/mdev = 178.867/178.867/178.867/0.000 ms
01-30 10:35:58.143  1371  1400 E FawPowerService: vehicleCallbackList onCallbackDied callback: vendor.fawvw.fawsystemserver.fawvwpower.IVehicleModeListener$Stub$Proxy@d5ae987 ,packageName : com.fawvw.intelligentmodeservice
01-30 10:35:58.143   851  1825 I ActivityManager: Process com.fawvw.intelligentmodeservice (pid 12832) has died: pers PER 
01-30 10:35:58.143   851  1825 I am_proc_died: [0,12832,com.fawvw.intelligentmodeservice,-800,0]
01-30 10:35:58.144   851  1063 I libprocessgroup: Successfully killed process cgroup uid 1000 pid 12832 in 0ms
01-30 10:35:58.144   568   568 I Zygote  : Process 12832 exited due to signal 9 (Killed)
01-30 10:35:58.145   851  1825 W ActivityManager: Scheduling restart of crashed service com.fawvw.intelligentmodeservice/.ModeService in 0ms for persistent
01-30 10:35:58.145   851  1825 I am_schedule_service_restart: [0,com.fawvw.intelligentmodeservice/.ModeService,0]
01-30 10:35:58.146   851  1825 W ActivityManager: Re-adding persistent process ProcessRecord{68110fb 12832:com.fawvw.intelligentmodeservice/1000}
01-30 10:35:58.148   851  1825 D CompatibilityChangeReporter: Compat change id reported: 135634846; UID 1000; state: DISABLED
01-30 10:35:58.149   851  1825 D CompatibilityChangeReporter: Compat change id reported: 177438394; UID 1000; state: DISABLED
01-30 10:35:58.149   851  1825 D CompatibilityChangeReporter: Compat change id reported: 135772972; UID 1000; state: DISABLED
01-30 10:35:58.149   851  1825 D CompatibilityChangeReporter: Compat change id reported: 135754954; UID 1000; state: ENABLED
01-30 10:35:58.150   584  1266 E WifiHAL : Invalid data received from driver
01-30 10:35:58.153   652  2032 I audio_hw_streamer: 569 capture_thread_loop: select [ch 8 -> ch 4] [15360 -> 7680] bytes data 
01-30 10:35:58.157   851  1149 D JobScheduler.Quota: Processing event 31 for <0>com.fawvw.intelligentmodeservice
01-30 10:35:58.159   666  1461 I gps_hdbd: [gps_upgrade_thread 3403]Enter
01-30 10:35:58.159   666  1461 I gps_hdbd: [gps_upgrade_thread 3432] sys.gps.update:0 ,file:not ,upgrate_ing:0
01-30 10:35:58.164 12900 12900 I ADAYO_NETWORK_PING: end
01-30 10:35:58.165   568   568 D Zygote  : Forked child process 12903
01-30 10:35:58.166   851  1061 I am_proc_start: [0,12903,1000,com.fawvw.intelligentmodeservice,restart,com.fawvw.intelligentmodeservice]
01-30 10:35:58.166   851  1061 I ActivityManager: Start proc 12903:com.fawvw.intelligentmodeservice/1000 for restart com.fawvw.intelligentmodeservice
01-30 10:35:58.167   645   645 W libc    : Access denied finding property "cdm.rw.cam_link.status"
01-30 10:35:58.167   645   645 E fgesysctrl_hidl_hal_test1: fgesysctrl_get_signal status error ret:-1
01-30 10:35:58.162   645   645 I auditd  : type=1400 audit(0.0:18439): avc:  denied  { read } for  comm="fgesysctrl@1.0-" name="u:object_r:sdrv_prop:s0" dev="tmpfs" ino=319 scontext=u:r:fgesysctrl:s0 tcontext=u:object_r:sdrv_prop:s0 tclass=file permissive=0
01-30 10:35:58.162   645   645 W fgesysctrl@1.0-: type=1400 audit(0.0:18439): avc:  denied  { read } for  name="u:object_r:sdrv_prop:s0" dev="tmpfs" ino=319 scontext=u:r:fgesysctrl:s0 tcontext=u:object_r:sdrv_prop:s0 tclass=file permissive=0
01-30 10:35:58.167   650   809 D EvsApp  : CameraFgeSysctrl::fgesysctrlGetsignalstatus() FAIL
01-30 10:35:58.167  1583  8937 I evsservice20200311: function = notifyAppDeviceValue :ADAYO_AVM_CAMERA_SIGNAL_STATE,-1---
01-30 10:35:58.168  1583  1760 E EvsServiceManager: EvsServiceManager$a->notifyDeviceValue()29:notifyDeviceValue key：ADAYO_AVM_CAMERA_SIGNAL_STATEvalue-1     ---250:Thread-219
01-30 10:35:58.173   652  2032 I audio_hw_streamer: 569 capture_thread_loop: select [ch 8 -> ch 4] [15360 -> 7680] bytes data 
01-30 10:35:58.184   584  1266 E WifiHAL : Invalid data received from driver
01-30 10:35:58.184   584  1266 E WifiHAL : Invalid data received from driver
01-30 10:35:58.184   584  1266 E WifiHAL : Invalid data received from driver
01-30 10:35:58.184   584  1266 E WifiHAL : Invalid data received from driver
01-30 10:35:58.184   584  1266 E WifiHAL : Invalid data received from driver
01-30 10:35:58.184   584  1266 E WifiHAL : Invalid data received from driver
01-30 10:35:58.184   584  1266 E WifiHAL : Invalid data received from driver
01-30 10:35:58.186  9391  9440 D ANWStack: [    234725][ANWBT] HCI Rx: Extended InquiryResult event, numResults=0x01
01-30 10:35:58.186  9391  9440 D ANWStack: [    234726][ANWBT] HCI:   inquiry_result[0]: addr=AC:45:EF:EA:0D:48, pageScanRepetitionMode=0x01, classOfDevice=0x2A410C, clockOffset=0x2308, rssi=-72
01-30 10:35:58.186  9391  9440 D ANWStack: 
01-30 10:35:58.186  9391  9440 D ANWAPI  : (9391|0x85AB6CB0)[BTAPI] AnwhciEventCallback 47 1
01-30 10:35:58.186  9391  9440 D ANWStack: [    234726][ANWBT] prh_mgr_ClassofDeviceToRetrieve:0, class of dev 0x2a410c
01-30 10:35:58.186  9391  9440 D ANWStack: 
01-30 10:35:58.187  9391  9440 D ANWAPI  : (9391|0x85AB6CB0)[BTAPI] btsdk_device_discovery_cb
01-30 10:35:58.187  9391  9440 D ANWAPI  : (9391|0x85AB6CB0)[BTAPI] cancel inquiry_complete_timer 0
01-30 10:35:58.187  9391  9440 D ANWAPI  : (9391|0x85AB6CB0)[BTAPI] anwbt_find_uuid_from_eir
01-30 10:35:58.187  9391  9440 D ANWAPI  : 0x9 
01-30 10:35:58.187  9391  9440 D ANWAPI  : 0x9 
01-30 10:35:58.187  9391  9440 D ANWAPI  : 0x4c 
01-30 10:35:58.187  9391  9440 D ANWAPI  : 0x49 
01-30 10:35:58.187  9391  9440 D ANWAPI  : 0x57 
01-30 10:35:58.187  9391  9440 D ANWAPI  : 0x45 
01-30 10:35:58.187  9391  9440 D ANWAPI  : 0x4e 
01-30 10:35:58.187  9391  9440 D ANWAPI  : 0x5a 
01-30 10:35:58.187  9391  9440 D ANWAPI  : 0x48 
01-30 10:35:58.187  9391  9440 D ANWAPI  : 0x45 
01-30 10:35:58.187  9391  9440 D ANWAPI  : 0x2 
01-30 10:35:58.187  9391  9440 D ANWAPI  : 0xa 
01-30 10:35:58.187  9391  9440 D ANWAPI  : 0xc 
01-30 10:35:58.187  9391  9440 D ANWAPI  : 0xd 
01-30 10:35:58.187  9391  9440 D ANWAPI  : 0x3 
01-30 10:35:58.187  9391  9440 D ANWAPI  : 0xa 
01-30 10:35:58.187  9391  9440 D ANWAPI  : 0x11 
01-30 10:35:58.187  9391  9440 D ANWAPI  : 0xb 
01-30 10:35:58.187  9391  9440 D ANWAPI  : 0x11 
01-30 10:35:58.187  9391  9440 D ANWAPI  : 0xc 
01-30 10:35:58.187  9391  9440 D ANWAPI  : 0x11 
01-30 10:35:58.187  9391  9440 D ANWAPI  : 0xe 
01-30 10:35:58.187  9391  9440 D ANWAPI  : 0x11 
01-30 10:35:58.187  9391  9440 D ANWAPI  : 0x1f 
01-30 10:35:58.187  9391  9440 D ANWAPI  : 0x11 
01-30 10:35:58.187  9391  9440 D ANWAPI  : 0x1e 
01-30 10:35:58.187  9391  9440 D ANWAPI  : 0x11 
01-30 10:35:58.187  9391  9440 D ANWAPI  : 0x0 
01-30 10:35:58.187  9391  9440 D ANWAPI  : 0x0 
01-30 10:35:58.187  9391  9440 D ANWAPI  : 0x0 
01-30 10:35:58.187  9391  9440 D ANWAPI  : 0x0 
01-30 10:35:58.187  9391  9440 D ANWAPI  : 0x0 
01-30 10:35:58.187  9391  9440 D ANWAPI  : 0x0 
01-30 10:35:58.187  9391  9440 D ANWAPI  : 0x0 
01-30 10:35:58.187  9391  9440 D ANWAPI  : 0x0 
01-30 10:35:58.187  9391  9440 D ANWAPI  : 0x0 
01-30 10:35:58.187  9391  9440 D ANWAPI  : 0x0 
01-30 10:35:58.187  9391  9440 D ANWAPI  : 0x0 
01-30 10:35:58.187  9391  9440 D ANWAPI  : 0x0 
01-30 10:35:58.187  9391  9440 D ANWAPI  : 0x0 
01-30 10:35:58.187  9391  9440 D ANWAPI  : 0x0 
01-30 10:35:58.187  9391  9440 D ANWAPI  : 0x0 
01-30 10:35:58.187  9391  9440 D ANWAPI  : 0x0 
01-30 10:35:58.187  9391  9440 D ANWAPI  : 0x0 
01-30 10:35:58.187  9391  9440 D ANWAPI  : 0x0 
01-30 10:35:58.187  9391  9440 D ANWAPI  : 0x0 
01-30 10:35:58.187  9391  9440 D ANWAPI  : 0x0 
01-30 10:35:58.187  9391  9440 D ANWAPI  : 0x0 
01-30 10:35:58.187  9391  9440 D ANWAPI  : 0x0 
01-30 10:35:58.187  9391  9440 D ANWAPI  : 0x0 
01-30 10:35:58.187  9391  9440 D ANWAPI  : 0x0 
01-30 10:35:58.187  9391  9440 D ANWAPI  : 0x0 
01-30 10:35:58.187  9391  9440 D ANWAPI  : 0x0 
01-30 10:35:58.187  9391  9440 D ANWAPI  : 0x0 
01-30 10:35:58.187  9391  9440 D ANWAPI  : 0x0 
01-30 10:35:58.187  9391  9440 D ANWAPI  : 0x0 
01-30 10:35:58.187  9391  9440 D ANWAPI  : 0x0 
01-30 10:35:58.187  9391  9440 D ANWAPI  : 0x0 
01-30 10:35:58.187  9391  9440 D ANWAPI  : 0x0 
01-30 10:35:58.187  9391  9440 D ANWAPI  : 0x0 
01-30 10:35:58.187  9391  9440 D ANWAPI  : 0x0 
01-30 10:35:58.187  9391  9440 D ANWAPI  : 0x0 
01-30 10:35:58.187  9391  9440 D ANWAPI  : 0x0 
01-30 10:35:58.187  9391  9440 D ANWAPI  : 0x0 
01-30 10:35:58.187  9391  9440 D ANWAPI  : 0x0 
01-30 10:35:58.187  9391  9440 D ANWAPI  : 0x0 
01-30 10:35:58.187  9391  9440 D ANWAPI  : 0x0 
01-30 10:35:58.187  9391  9440 D ANWAPI  : 0x0 
01-30 10:35:58.187  9391  9440 D ANWAPI  : 0x0 
01-30 10:35:58.188  9391  9440 D ANWAPI  : 0x0 
01-30 10:35:58.188  9391  9440 D ANWAPI  : 0x0 
01-30 10:35:58.188  9391  9440 D ANWAPI  : 0x0 
01-30 10:35:58.188  9391  9440 D ANWAPI  : 0x0 
01-30 10:35:58.188  9391  9440 D ANWAPI  : 0x0 
01-30 10:35:58.188  9391  9440 D ANWAPI  : 0x0 
01-30 10:35:58.188  9391  9440 D ANWAPI  : 0x0 
01-30 10:35:58.188  9391  9440 D ANWAPI  : 0x0 
01-30 10:35:58.188  9391  9440 D ANWAPI  : 0x0 
01-30 10:35:58.188  9391  9440 D ANWAPI  : 0x0 
01-30 10:35:58.188  9391  9440 D ANWAPI  : 0x0 
01-30 10:35:58.188  9391  9440 D ANWAPI  : 0x0 
01-30 10:35:58.188  9391  9440 D ANWAPI  : 0x0 
01-30 10:35:58.188  9391  9440 D ANWAPI  : 0x0 
01-30 10:35:58.188  9391  9440 D ANWAPI  : 0x0 
01-30 10:35:58.188  9391  9440 D ANWAPI  : 0x0 
01-30 10:35:58.188  9391  9440 D ANWAPI  : 0x0 
01-30 10:35:58.188  9391  9440 D ANWAPI  : 0x0 
01-30 10:35:58.188  9391  9440 D ANWAPI  : 0x0 
01-30 10:35:58.188  9391  9440 D ANWAPI  : 0x0 
01-30 10:35:58.188  9391  9440 D ANWAPI  : 0x0 
01-30 10:35:58.188  9391  9440 D ANWAPI  : 0x0 
01-30 10:35:58.188  9391  9440 D ANWAPI  : 0x0 
01-30 10:35:58.188  9391  9440 D ANWAPI  : 0x0 
01-30 10:35:58.188  9391  9440 D ANWAPI  : 0x0 
01-30 10:35:58.188  9391  9440 D ANWAPI  : 0x0 
01-30 10:35:58.188  9391  9440 D ANWAPI  : 0x0 
01-30 10:35:58.188  9391  9440 D ANWAPI  : 0x0 
01-30 10:35:58.188  9391  9440 D ANWAPI  : 0x0 
01-30 10:35:58.188  9391  9440 D ANWAPI  : 0x0 
01-30 10:35:58.188  9391  9440 D ANWAPI  : 0x0 
01-30 10:35:58.188  9391  9440 D ANWAPI  : 0x0 
01-30 10:35:58.188  9391  9440 D ANWAPI  : 0x0 
01-30 10:35:58.188  9391  9440 D ANWAPI  : 0x0 
01-30 10:35:58.188  9391  9440 D ANWAPI  : 0x0 
01-30 10:35:58.188  9391  9440 D ANWAPI  : 0x0 
01-30 10:35:58.188  9391  9440 D ANWAPI  : 0x0 
01-30 10:35:58.188  9391  9440 D ANWAPI  : 0x0 
01-30 10:35:58.188  9391  9440 D ANWAPI  : 0x0 
01-30 10:35:58.188  9391  9440 D ANWAPI  : 0x0 
01-30 10:35:58.188  9391  9440 D ANWAPI  : 0x0 
01-30 10:35:58.188  9391  9440 D ANWAPI  : 0x0 
01-30 10:35:58.188  9391  9440 D ANWAPI  : 0x0 
01-30 10:35:58.188  9391  9440 D ANWAPI  : 0x0 
01-30 10:35:58.188  9391  9440 D ANWAPI  : 0x0 
01-30 10:35:58.188  9391  9440 D ANWAPI  : 0x0 
01-30 10:35:58.188  9391  9440 D ANWAPI  : 0x0 
01-30 10:35:58.188  9391  9440 D ANWAPI  : 0x0 
01-30 10:35:58.188  9391  9440 D ANWAPI  : 0x0 
01-30 10:35:58.188  9391  9440 D ANWAPI  : 0x0 
01-30 10:35:58.188  9391  9440 D ANWAPI  : 0x0 
01-30 10:35:58.188  9391  9440 D ANWAPI  : 0x0 
01-30 10:35:58.188  9391  9440 D ANWAPI  : 0x0 
01-30 10:35:58.188  9391  9440 D ANWAPI  : 0x0 
01-30 10:35:58.188  9391  9440 D ANWAPI  : 0x0 
01-30 10:35:58.188  9391  9440 D ANWAPI  : 0x0 
01-30 10:35:58.188  9391  9440 D ANWAPI  : 0x0 
01-30 10:35:58.188  9391  9440 D ANWAPI  : 0x0 
01-30 10:35:58.188  9391  9440 D ANWAPI  : 0x0 
01-30 10:35:58.188  9391  9440 D ANWAPI  : 0x0 
01-30 10:35:58.188  9391  9440 D ANWAPI  : 0x0 
01-30 10:35:58.188  9391  9440 D ANWAPI  : 0x0 
01-30 10:35:58.188  9391  9440 D ANWAPI  : 0x0 
01-30 10:35:58.188  9391  9440 D ANWAPI  : 0x0 
01-30 10:35:58.188  9391  9440 D ANWAPI  : 0x0 
01-30 10:35:58.188  9391  9440 D ANWAPI  : 0x0 
01-30 10:35:58.188  9391  9440 D ANWAPI  : 0x0 
01-30 10:35:58.189  9391  9440 D ANWAPI  : 0x0 
01-30 10:35:58.189  9391  9440 D ANWAPI  : 0x0 
01-30 10:35:58.189  9391  9440 D ANWAPI  : 0x0 
01-30 10:35:58.189  9391  9440 D ANWAPI  : 0x0 
01-30 10:35:58.189  9391  9440 D ANWAPI  : 0x0 
01-30 10:35:58.189  9391  9440 D ANWAPI  : 0x0 
01-30 10:35:58.189  9391  9440 D ANWAPI  : 0x0 
01-30 10:35:58.189  9391  9440 D ANWAPI  : 0x0 
01-30 10:35:58.189  9391  9440 D ANWAPI  : 0x0 
01-30 10:35:58.189  9391  9440 D ANWAPI  : 0x0 
01-30 10:35:58.189  9391  9440 D ANWAPI  : 0x0 
01-30 10:35:58.189  9391  9440 D ANWAPI  : 0x0 
01-30 10:35:58.189  9391  9440 D ANWAPI  : 0x0 
01-30 10:35:58.189  9391  9440 D ANWAPI  : 0x0 
01-30 10:35:58.189  9391  9440 D ANWAPI  : 0x0 
01-30 10:35:58.189  9391  9440 D ANWAPI  : 0x0 
01-30 10:35:58.189  9391  9440 D ANWAPI  : 0x0 
01-30 10:35:58.189  9391  9440 D ANWAPI  : 0x0 
01-30 10:35:58.189  9391  9440 D ANWAPI  : 0x0 
01-30 10:35:58.189  9391  9440 D ANWAPI  : 0x0 
01-30 10:35:58.189  9391  9440 D ANWAPI  : 0x0 
01-30 10:35:58.189  9391  9440 D ANWAPI  : 0x0 
01-30 10:35:58.189  9391  9440 D ANWAPI  : 0x0 
01-30 10:35:58.189  9391  9440 D ANWAPI  : 0x0 
01-30 10:35:58.189  9391  9440 D ANWAPI  : 0x0 
01-30 10:35:58.189  9391  9440 D ANWAPI  : 0x0 
01-30 10:35:58.189  9391  9440 D ANWAPI  : 0x0 
01-30 10:35:58.189  9391  9440 D ANWAPI  : 0x0 
01-30 10:35:58.189  9391  9440 D ANWAPI  : 0x0 
01-30 10:35:58.189  9391  9440 D ANWAPI  : 0x0 
01-30 10:35:58.189  9391  9440 D ANWAPI  : 0x0 
01-30 10:35:58.189  9391  9440 D ANWAPI  : 0x0 
01-30 10:35:58.189  9391  9440 D ANWAPI  : 0x0 
01-30 10:35:58.189  9391  9440 D ANWAPI  : 0x0 
01-30 10:35:58.189  9391  9440 D ANWAPI  : 0x0 
01-30 10:35:58.189  9391  9440 D ANWAPI  : 0x0 
01-30 10:35:58.189  9391  9440 D ANWAPI  : 0x0 
01-30 10:35:58.189  9391  9440 D ANWAPI  : 0x0 
01-30 10:35:58.189  9391  9440 D ANWAPI  : 0x0 
01-30 10:35:58.189  9391  9440 D ANWAPI  : 0x0 
01-30 10:35:58.189  9391  9440 D ANWAPI  : 0x0 
01-30 10:35:58.189  9391  9440 D ANWAPI  : 0x0 
01-30 10:35:58.189  9391  9440 D ANWAPI  : 0x0 
01-30 10:35:58.189  9391  9440 D ANWAPI  : 0x0 
01-30 10:35:58.189  9391  9440 D ANWAPI  : 0x0 
01-30 10:35:58.189  9391  9440 D ANWAPI  : 0x0 
01-30 10:35:58.189  9391  9440 D ANWAPI  : 0x0 
01-30 10:35:58.189  9391  9440 D ANWAPI  : 0x0 
01-30 10:35:58.189  9391  9440 D ANWAPI  : 0x0 
01-30 10:35:58.189  9391  9440 D ANWAPI  : 0x0 
01-30 10:35:58.189  9391  9440 D ANWAPI  : 0x0 
01-30 10:35:58.189  9391  9440 D ANWAPI  : 0x0 
01-30 10:35:58.189  9391  9440 D ANWAPI  : 0x0 
01-30 10:35:58.189  9391  9440 D ANWAPI  : 0x0 
01-30 10:35:58.189  9391  9440 D ANWAPI  : 0x0 
01-30 10:35:58.189  9391  9440 D ANWAPI  : 0x0 
01-30 10:35:58.189  9391  9440 D ANWAPI  : 0x0 
01-30 10:35:58.189  9391  9440 D ANWAPI  : 0x0 
01-30 10:35:58.189  9391  9440 D ANWAPI  : 0x0 
01-30 10:35:58.189  9391  9440 D ANWAPI  : 0x0 
01-30 10:35:58.189  9391  9440 D ANWAPI  : 0x0 
01-30 10:35:58.189  9391  9440 D ANWAPI  : 0x0 
01-30 10:35:58.189  9391  9440 D ANWAPI  : 0x0 
01-30 10:35:58.189  9391  9440 D ANWAPI  : 0x0 
01-30 10:35:58.189  9391  9440 D ANWAPI  : 0x0 
01-30 10:35:58.189  9391  9440 D ANWAPI  : 0x0 
01-30 10:35:58.189  9391  9440 D ANWAPI  : 0x0 
01-30 10:35:58.189  9391  9440 D ANWAPI  : 0x0 
01-30 10:35:58.189  9391  9440 D ANWAPI  : 0x0 
01-30 10:35:58.190  9391  9440 D ANWAPI  : 0x0 
01-30 10:35:58.190  9391  9440 D ANWAPI  : 0x0 
01-30 10:35:58.190  9391  9440 D ANWAPI  : 0x0 
01-30 10:35:58.190  9391  9440 D ANWAPI  : 0x0 
01-30 10:35:58.190  9391  9440 D ANWAPI  : 0x0 
01-30 10:35:58.190  9391  9440 D ANWAPI  : 0x0 
01-30 10:35:58.190  9391  9440 D ANWAPI  : 0x0 
01-30 10:35:58.190  9391  9440 D ANWAPI  : 0x0 
01-30 10:35:58.190  9391  9440 D ANWAPI  : 0x0 
01-30 10:35:58.190  9391  9440 D ANWAPI  : 0x0 
01-30 10:35:58.190  9391  9440 D ANWAPI  : 0x0 
01-30 10:35:58.190  9391  9440 D ANWAPI  : 0x0 
01-30 10:35:58.190  9391  9440 D ANWAPI  : 0x0 
01-30 10:35:58.190  9391  9440 D ANWAPI  : 0x0 
01-30 10:35:58.190  9391  9440 D ANWAPI  : 0x0 
01-30 10:35:58.190  9391  9440 D ANWAPI  : 0x0 
01-30 10:35:58.190  9391  9440 D ANWAPI  : 0x0 
01-30 10:35:58.190  9391  9440 D ANWAPI  : 0x0 
01-30 10:35:58.190  9391  9440 D ANWAPI  : 0x0 
01-30 10:35:58.190  9391  9440 D ANWAPI  : 0x0 
01-30 10:35:58.190  9391  9440 D ANWAPI  : 0x0 
01-30 10:35:58.190  9391  9440 D ANWAPI  : 0x0 
01-30 10:35:58.190  9391  9440 D ANWAPI  : 0x0 
01-30 10:35:58.190  9391  9440 D ANWAPI  : 0x0 
01-30 10:35:58.190  9391  9440 D ANWAPI  : 0x0 
01-30 10:35:58.190  9391  9440 D ANWAPI  : 0x0 
01-30 10:35:58.190  9391  9440 D ANWAPI  : 0x0 
01-30 10:35:58.190  9391  9440 D ANWAPI  : 0x0 
01-30 10:35:58.190  9391  9440 D ANWAPI  : 0x0 
01-30 10:35:58.190  9391  9440 D ANWAPI  : 0x0 
01-30 10:35:58.190  9391  9440 D ANWAPI  : 0x0 
01-30 10:35:58.190  9391  9440 D ANWAPI  : 0x0 
01-30 10:35:58.190  9391  9440 D ANWAPI  : 0x0 
01-30 10:35:58.190  9391  9440 D ANWAPI  : 0x0 
01-30 10:35:58.190  9391  9440 D ANWAPI  : 0x0 
01-30 10:35:58.190  9391  9440 D ANWAPI  : 
01-30 10:35:58.190  9391  9440 D ANWAPI  : type = 9,len = 8
01-30 10:35:58.190  9391  9440 D ANWAPI  : 0x4c 
01-30 10:35:58.190  9391  9440 D ANWAPI  : 0x49 
01-30 10:35:58.190  9391  9440 D ANWAPI  : 0x57 
01-30 10:35:58.190  9391  9440 D ANWAPI  : 0x45 
01-30 10:35:58.190  9391  9440 D ANWAPI  : 0x4e 
01-30 10:35:58.190  9391  9440 D ANWAPI  : 0x5a 
01-30 10:35:58.190  9391  9440 D ANWAPI  : 0x48 
01-30 10:35:58.190  9391  9440 D ANWAPI  : 0x45 
01-30 10:35:58.190  9391  9440 D ANWAPI  : 
01-30 10:35:58.190  9391  9440 D ANWAPI  : type = 10,len = 1
01-30 10:35:58.190  9391  9440 D ANWAPI  : 0xc 
01-30 10:35:58.190  9391  9440 D ANWAPI  : 
01-30 10:35:58.190  9391  9440 D ANWAPI  : type = 3,len = 12
01-30 10:35:58.190  9391  9440 D ANWAPI  : 0xa 
01-30 10:35:58.190  9391  9440 D ANWAPI  : 0x11 
01-30 10:35:58.190  9391  9440 D ANWAPI  : 0xb 
01-30 10:35:58.190  9391  9440 D ANWAPI  : 0x11 
01-30 10:35:58.190  9391  9440 D ANWAPI  : 0xc 
01-30 10:35:58.190  9391  9440 D ANWAPI  : 0x11 
01-30 10:35:58.190  9391  9440 D ANWAPI  : 0xe 
01-30 10:35:58.190  9391  9440 D ANWAPI  : 0x11 
01-30 10:35:58.190  9391  9440 D ANWAPI  : 0x1f 
01-30 10:35:58.190  9391  9440 D ANWAPI  : 0x11 
01-30 10:35:58.190  9391  9440 D ANWAPI  : 0x1e 
01-30 10:35:58.190  9391  9440 D ANWAPI  : 0x11 
01-30 10:35:58.190  9391  9440 D ANWAPI  : 
01-30 10:35:58.190  9391  9440 D ANWAPI  : (9391|0x85AB6CB0)[BTAPI] anwbt_find_uuid_from_eir find complete 16bit uuid
01-30 10:35:58.190  9391  9440 D ANWAPI  : (9391|0x85AB6CB0)[BTAPI] complete 16bit uuid num: 5
01-30 10:35:58.190  9391  9440 D ANWAPI  : (9391|0x85AB6CB0)[BTAPI] anwbt_find_uuid_from_eir find uuid 0x110a
01-30 10:35:58.190  9391  9440 D ANWAPI  : (9391|0x85AB6CB0)[BTAPI] found A2DP Source!
01-30 10:35:58.190  9391  9440 D ANWAPI  : (9391|0x85AB6CB0)[BTAPI] anwbt_find_uuid_from_eir find uuid 0x110b
01-30 10:35:58.190  9391  9440 D ANWAPI  : (9391|0x85AB6CB0)[BTAPI] found A2DP SINK!
01-30 10:35:58.191  9391  9440 D ANWAPI  : (9391|0x85AB6CB0)[BTAPI] anwbt_find_uuid_from_eir find uuid 0x110c
01-30 10:35:58.191  9391  9440 D ANWAPI  : (9391|0x85AB6CB0)[BTAPI] found AVRCP Target!
01-30 10:35:58.191  9391  9440 D ANWAPI  : (9391|0x85AB6CB0)[BTAPI] anwbt_find_uuid_from_eir find uuid 0x110e
01-30 10:35:58.191  9391  9440 D ANWAPI  : (9391|0x85AB6CB0)[BTAPI] found AVRCP Controller!
01-30 10:35:58.191  9391  9440 D ANWAPI  : (9391|0x85AB6CB0)[BTAPI] anwbt_find_uuid_from_eir find uuid 0x111f
01-30 10:35:58.191  9391  9440 D ANWAPI  : (9391|0x85AB6CB0)[BTAPI] found HFP AG!
01-30 10:35:58.191  9391  9440 D ANWAPI  : (9391|0x85AB6CB0)[BTAPI] ===BTAPI_MallocIdxMsg 144 585
