01-30 10:35:58.238   396   452 D adayocomadapter-CommunicationManager: convertBytesToInt32Memcpy  1023
01-30 10:35:58.238   396   452 I vw-vhal : notifyVehicleProperty, propId = 0x2140207e, data = {status: 2, int32Values: [1023]}
01-30 10:35:58.238   396   452 I vw-vhal : CanSignalsAdapter::notifyVehicleProperty: solvedValue = {.timestamp = 234777197359, .areaId = 0, .prop = 557850750, .status = AVAILABLE, .value = {.int32Values = [1]{1023}, .floatValues = [0]{}, .int64Values = [0]{}, .bytes = [0]{}, .stringValue = ""}}
01-30 10:35:58.238   396   452 I VehiclePropertyStore: begin to write value to Store: {.timestamp = 234777197359, .areaId = 0, .prop = 557850750, .status = AVAILABLE, .value = {.int32Values = [1]{1023}, .floatValues = [0]{}, .int64Values = [0]{}, .bytes = [0]{}, .stringValue = ""}}
01-30 10:35:58.238   396   452 I DefaultVehicleHal_v2_0: DefaultVehicleHal::onPropertyValue, value:{.timestamp = 234777197359, .areaId = 0, .prop = 557850750, .status = AVAILABLE, .value = {.int32Values = [1]{1023}, .floatValues = [0]{}, .int64Values = [0]{}, .bytes = [0]{}, .stringValue = ""}}
01-30 10:35:58.238   396   452 I VehiclePropertyStore: begin to write value to Store: {.timestamp = 234777197359, .areaId = 0, .prop = 557850750, .status = AVAILABLE, .value = {.int32Values = [1]{1023}, .floatValues = [0]{}, .int64Values = [0]{}, .bytes = [0]{}, .stringValue = ""}}
01-30 10:35:58.238   396   452 D adayocomadapter-CommunicationManager: onUpstreamReceive mPropertyId 0x2140207e
01-30 10:35:58.238   396   452 D adayocomadapter-CommunicationManager: onUpstreamReceive mPropertyId 0x21402082
01-30 10:35:58.238   396   452 D adayocomadapter-CommunicationManager: convertBytesToInt32Memcpy  1023
01-30 10:35:58.238   396   452 I vw-vhal : notifyVehicleProperty, propId = 0x21402082, data = {status: 2, int32Values: [1023]}
01-30 10:35:58.238   396   452 I vw-vhal : CanSignalsAdapter::notifyVehicleProperty: solvedValue = {.timestamp = 234777369359, .areaId = 0, .prop = 557850754, .status = AVAILABLE, .value = {.int32Values = [1]{1023}, .floatValues = [0]{}, .int64Values = [0]{}, .bytes = [0]{}, .stringValue = ""}}
01-30 10:35:58.238   396   452 I VehiclePropertyStore: begin to write value to Store: {.timestamp = 234777369359, .areaId = 0, .prop = 557850754, .status = AVAILABLE, .value = {.int32Values = [1]{1023}, .floatValues = [0]{}, .int64Values = [0]{}, .bytes = [0]{}, .stringValue = ""}}
01-30 10:35:58.238   396   452 I DefaultVehicleHal_v2_0: DefaultVehicleHal::onPropertyValue, value:{.timestamp = 234777369359, .areaId = 0, .prop = 557850754, .status = AVAILABLE, .value = {.int32Values = [1]{1023}, .floatValues = [0]{}, .int64Values = [0]{}, .bytes = [0]{}, .stringValue = ""}}
01-30 10:35:58.238   396   452 I VehiclePropertyStore: begin to write value to Store: {.timestamp = 234777369359, .areaId = 0, .prop = 557850754, .status = AVAILABLE, .value = {.int32Values = [1]{1023}, .floatValues = [0]{}, .int64Values = [0]{}, .bytes = [0]{}, .stringValue = ""}}
01-30 10:35:58.238   396   452 D adayocomadapter-CommunicationManager: onUpstreamReceive mPropertyId 0x21402082
01-30 10:35:58.238   396   452 D adayocomadapter-CommunicationManager: onUpstreamReceive mPropertyId 0x21402083
01-30 10:35:58.238   396   452 D adayocomadapter-CommunicationManager: convertBytesToInt32Memcpy  1023
01-30 10:35:58.238   851   851 D NotificationService: 0|com.adayo.carplay|1|null|1000: updating permissions
01-30 10:35:58.238   396   452 I vw-vhal : notifyVehicleProperty, propId = 0x21402083, data = {status: 2, int32Values: [1023]}
01-30 10:35:58.238   396   452 I vw-vhal : CanSignalsAdapter::notifyVehicleProperty: solvedValue = {.timestamp = 234777550026, .areaId = 0, .prop = 557850755, .status = AVAILABLE, .value = {.int32Values = [1]{1023}, .floatValues = [0]{}, .int64Values = [0]{}, .bytes = [0]{}, .stringValue = ""}}
01-30 10:35:58.238   396   452 I VehiclePropertyStore: begin to write value to Store: {.timestamp = 234777550026, .areaId = 0, .prop = 557850755, .status = AVAILABLE, .value = {.int32Values = [1]{1023}, .floatValues = [0]{}, .int64Values = [0]{}, .bytes = [0]{}, .stringValue = ""}}
01-30 10:35:58.238   396   452 I DefaultVehicleHal_v2_0: DefaultVehicleHal::onPropertyValue, value:{.timestamp = 234777550026, .areaId = 0, .prop = 557850755, .status = AVAILABLE, .value = {.int32Values = [1]{1023}, .floatValues = [0]{}, .int64Values = [0]{}, .bytes = [0]{}, .stringValue = ""}}
01-30 10:35:58.238   396   452 I VehiclePropertyStore: begin to write value to Store: {.timestamp = 234777550026, .areaId = 0, .prop = 557850755, .status = AVAILABLE, .value = {.int32Values = [1]{1023}, .floatValues = [0]{}, .int64Values = [0]{}, .bytes = [0]{}, .stringValue = ""}}
01-30 10:35:58.238   396   452 D adayocomadapter-CommunicationManager: onUpstreamReceive mPropertyId 0x21402083
01-30 10:35:58.238   396   452 D adayocomadapter-CommunicationManager: onUpstreamReceive mPropertyId 0x21402084
01-30 10:35:58.238   396   452 D adayocomadapter-CommunicationManager: convertBytesToInt32Memcpy  1023
01-30 10:35:58.238   396   452 I vw-vhal : notifyVehicleProperty, propId = 0x21402084, data = {status: 2, int32Values: [1023]}
01-30 10:35:58.238   396   452 I vw-vhal : CanSignalsAdapter::notifyVehicleProperty: solvedValue = {.timestamp = 234777725693, .areaId = 0, .prop = 557850756, .status = AVAILABLE, .value = {.int32Values = [1]{1023}, .floatValues = [0]{}, .int64Values = [0]{}, .bytes = [0]{}, .stringValue = ""}}
01-30 10:35:58.238   396   452 I VehiclePropertyStore: begin to write value to Store: {.timestamp = 234777725693, .areaId = 0, .prop = 557850756, .status = AVAILABLE, .value = {.int32Values = [1]{1023}, .floatValues = [0]{}, .int64Values = [0]{}, .bytes = [0]{}, .stringValue = ""}}
01-30 10:35:58.238   396   452 I DefaultVehicleHal_v2_0: DefaultVehicleHal::onPropertyValue, value:{.timestamp = 234777725693, .areaId = 0, .prop = 557850756, .status = AVAILABLE, .value = {.int32Values = [1]{1023}, .floatValues = [0]{}, .int64Values = [0]{}, .bytes = [0]{}, .stringValue = ""}}
01-30 10:35:58.238   396   452 I VehiclePropertyStore: begin to write value to Store: {.timestamp = 234777725693, .areaId = 0, .prop = 557850756, .status = AVAILABLE, .value = {.int32Values = [1]{1023}, .floatValues = [0]{}, .int64Values = [0]{}, .bytes = [0]{}, .stringValue = ""}}
01-30 10:35:58.238   396   452 D adayocomadapter-CommunicationManager: onUpstreamReceive mPropertyId 0x21402084
01-30 10:35:58.238   396   452 D adayocomadapter-CommunicationManager: onUpstreamReceive mPropertyId 0x21402085
01-30 10:35:58.238   396   452 D adayocomadapter-CommunicationManager: convertBytesToInt32Memcpy  1023
01-30 10:35:58.238   396   452 I vw-vhal : notifyVehicleProperty, propId = 0x21402085, data = {status: 2, int32Values: [1023]}
01-30 10:35:58.238   396   452 I vw-vhal : CanSignalsAdapter::notifyVehicleProperty: solvedValue = {.timestamp = 234777896359, .areaId = 0, .prop = 557850757, .status = AVAILABLE, .value = {.int32Values = [1]{1023}, .floatValues = [0]{}, .int64Values = [0]{}, .bytes = [0]{}, .stringValue = ""}}
01-30 10:35:58.238   851   851 D NotificationService: 0|com.adayo.carplay|1|null|1000: updating permissions
01-30 10:35:58.238   396   452 I VehiclePropertyStore: begin to write value to Store: {.timestamp = 234777896359, .areaId = 0, .prop = 557850757, .status = AVAILABLE, .value = {.int32Values = [1]{1023}, .floatValues = [0]{}, .int64Values = [0]{}, .bytes = [0]{}, .stringValue = ""}}
01-30 10:35:58.238   396   452 I DefaultVehicleHal_v2_0: DefaultVehicleHal::onPropertyValue, value:{.timestamp = 234777896359, .areaId = 0, .prop = 557850757, .status = AVAILABLE, .value = {.int32Values = [1]{1023}, .floatValues = [0]{}, .int64Values = [0]{}, .bytes = [0]{}, .stringValue = ""}}
01-30 10:35:58.238   396   452 I VehiclePropertyStore: begin to write value to Store: {.timestamp = 234777896359, .areaId = 0, .prop = 557850757, .status = AVAILABLE, .value = {.int32Values = [1]{1023}, .floatValues = [0]{}, .int64Values = [0]{}, .bytes = [0]{}, .stringValue = ""}}
01-30 10:35:58.238   396   452 D adayocomadapter-CommunicationManager: onUpstreamReceive mPropertyId 0x21402085
01-30 10:35:58.238   396   452 D adayocomadapter-CommunicationManager: onUpstreamReceive mPropertyId 0x2140220a
01-30 10:35:58.238   396   452 D adayocomadapter-CommunicationManager: convertBytesToInt32Memcpy  7
01-30 10:35:58.239   851   851 D NotificationService: 0|com.adayo.carplay|1|null|1000: updating permissions
01-30 10:35:58.239   396   452 I vw-vhal : notifyVehicleProperty, propId = 0x2140220a, data = {status: 2, int32Values: [7]}
01-30 10:35:58.239   396   452 I vw-vhal : CanSignalsAdapter::notifyVehicleProperty: solvedValue = {.timestamp = 234778241693, .areaId = 0, .prop = 557851146, .status = AVAILABLE, .value = {.int32Values = [1]{7}, .floatValues = [0]{}, .int64Values = [0]{}, .bytes = [0]{}, .stringValue = ""}}
01-30 10:35:58.239   396   452 I VehiclePropertyStore: begin to write value to Store: {.timestamp = 234778241693, .areaId = 0, .prop = 557851146, .status = AVAILABLE, .value = {.int32Values = [1]{7}, .floatValues = [0]{}, .int64Values = [0]{}, .bytes = [0]{}, .stringValue = ""}}
01-30 10:35:58.239   652  2032 I audio_hw_streamer: 569 capture_thread_loop: select [ch 8 -> ch 4] [15360 -> 7680] bytes data 
01-30 10:35:58.239   396   452 I DefaultVehicleHal_v2_0: DefaultVehicleHal::onPropertyValue, value:{.timestamp = 234778241693, .areaId = 0, .prop = 557851146, .status = AVAILABLE, .value = {.int32Values = [1]{7}, .floatValues = [0]{}, .int64Values = [0]{}, .bytes = [0]{}, .stringValue = ""}}
01-30 10:35:58.239   396   452 I VehiclePropertyStore: begin to write value to Store: {.timestamp = 234778241693, .areaId = 0, .prop = 557851146, .status = AVAILABLE, .value = {.int32Values = [1]{7}, .floatValues = [0]{}, .int64Values = [0]{}, .bytes = [0]{}, .stringValue = ""}}
01-30 10:35:58.239   396   452 D adayocomadapter-CommunicationManager: onUpstreamReceive mPropertyId 0x2140220a
01-30 10:35:58.239   851   851 D NotificationService: 0|com.adayo.carplay|1|null|1000: updating permissions
01-30 10:35:58.239   396   452 D adayocomadapter-CommunicationManager: onUpstreamReceive mPropertyId 0x214021e6
01-30 10:35:58.239   396   452 D adayocomadapter-CommunicationManager: convertBytesToInt32Memcpy  0
01-30 10:35:58.239   396   452 I vw-vhal : notifyVehicleProperty, propId = 0x214021e6, data = {status: 2, int32Values: [0]}
01-30 10:35:58.239   396   452 I vw-vhal : CanSignalsAdapter::notifyVehicleProperty: solvedValue = {.timestamp = 234778435693, .areaId = 0, .prop = 557851110, .status = AVAILABLE, .value = {.int32Values = [1]{0}, .floatValues = [0]{}, .int64Values = [0]{}, .bytes = [0]{}, .stringValue = ""}}
01-30 10:35:58.239   396   452 I VehiclePropertyStore: begin to write value to Store: {.timestamp = 234778435693, .areaId = 0, .prop = 557851110, .status = AVAILABLE, .value = {.int32Values = [1]{0}, .floatValues = [0]{}, .int64Values = [0]{}, .bytes = [0]{}, .stringValue = ""}}
01-30 10:35:58.239   396   452 I DefaultVehicleHal_v2_0: DefaultVehicleHal::onPropertyValue, value:{.timestamp = 234778435693, .areaId = 0, .prop = 557851110, .status = AVAILABLE, .value = {.int32Values = [1]{0}, .floatValues = [0]{}, .int64Values = [0]{}, .bytes = [0]{}, .stringValue = ""}}
01-30 10:35:58.239   396   452 I VehiclePropertyStore: begin to write value to Store: {.timestamp = 234778435693, .areaId = 0, .prop = 557851110, .status = AVAILABLE, .value = {.int32Values = [1]{0}, .floatValues = [0]{}, .int64Values = [0]{}, .bytes = [0]{}, .stringValue = ""}}
01-30 10:35:58.239   396   452 D adayocomadapter-CommunicationManager: onUpstreamReceive mPropertyId 0x214021e6
01-30 10:35:58.239   851   851 D NotificationService: 0|com.adayo.carplay|1|null|1000: updating permissions
01-30 10:35:58.240   851   851 D NotificationService: 0|com.adayo.carplay|1|null|1000: updating permissions
01-30 10:35:58.240   851   851 D NotificationService: 0|com.adayo.carplay|1|null|1000: updating permissions
01-30 10:35:58.241  8648  8648 I CnsCarApp-BTRepositoryImpl: onDeviceAdded, device: LIWENZHE(AC:45:EF:EA:0D:48), device type: 1
01-30 10:35:58.244   851   851 D NotificationService: PostNotification: Finished in 212 ms
01-30 10:35:58.245  1728  1728 I ExtAssistant: POSTED 0|com.adayo.carplay|1|null|1000
01-30 10:35:58.246  2766  2766 D J01Launcher_Notification: onNotificationPosted
01-30 10:35:58.250 12903 12903 D nativeloader: Configuring clns-shared-7 for other apk /system_ext/app/IntelligentModeService/IntelligentModeService.apk. target_sdk_version=34, uses_libraries=, library_path=/system_ext/app/IntelligentModeService/lib/arm64:/system_ext/app/IntelligentModeService/IntelligentModeService.apk!/lib/arm64-v8a:/system/lib64:/system_ext/lib64, permitted_path=/data:/mnt/expand:/data/user/0/com.fawvw.intelligentmodeservice:/system_ext/app/IntelligentModeService:/system/lib64:/system_ext/lib64
01-30 10:35:58.251   584  1266 E WifiHAL : Invalid data received from driver
01-30 10:35:58.252   644   707 I mcuc    : sd Uart data : 6AA602084700028B30F2
01-30 10:35:58.253   652  2032 I audio_hw_streamer: 569 capture_thread_loop: select [ch 8 -> ch 4] [15360 -> 7680] bytes data 
01-30 10:35:58.255  8648  8648 I CnsCarApp-BTViewModel: onDeviceAdded, device: LIWENZHE(AC:45:EF:EA:0D:48), device type: 1
01-30 10:35:58.258   644   707 I mcuc    : rev uart=2219,len=122, data : 6AA681084700728B30B11E0A2339000100000000025E0300000101010000000000A55A820001000000010000000C00000000000000000000000000A55A830503500000000000000000000000000101010101000000000000A55A8410100900000307000100000000000000A55A85000009310000010000000083
01-30 10:35:58.259  8648  8648 I CnsCarApp-BTRepositoryImpl: BTRepository getCachedDevices size: 8
01-30 10:35:58.267  9391  9487 D PbapClientService: pbap service getConnectionState()
01-30 10:35:58.273   652  2032 I audio_hw_streamer: 569 capture_thread_loop: select [ch 8 -> ch 4] [15360 -> 7680] bytes data 
01-30 10:35:58.273  9391  9487 D HeadsetClientService: Found SM for device XX:XX:XX:XX:C6:77
01-30 10:35:58.274  8648  8648 I CnsCarApp-BTRepositoryImpl: Bonded devices:{ 
01-30 10:35:58.274  8648  8648 I CnsCarApp-BTRepositoryImpl:  Name: 嗯*的Mate 50, Address: 2C:A0:42:8E:8D:47, device type: 1  - bond state: 12, isConnected: false 
01-30 10:35:58.274  8648  8648 I CnsCarApp-BTRepositoryImpl: , Name: 爱吃喝胡辣汤, Address: 34:10:BE:3D:C6:77, device type: 1  - bond state: 12, isConnected: true 
01-30 10:35:58.274  8648  8648 I CnsCarApp-BTRepositoryImpl: }
01-30 10:35:58.274  8648  8648 I CnsCarApp-BTRepositoryImpl: BTRepository getCachedDevices size: 8
01-30 10:35:58.276   582 12924 I resolv  : GetAddrInfoHandler::run: {106 262250 106 983146 10066 0}
01-30 10:35:58.276   582 12924 D resolv  : resolv_getaddrinfo: explore_fqdn(): ai_family=0 ai_socktype=1 ai_protocol=6
01-30 10:35:58.277   582 12925 D resolv  : doQuery: (1, 28)
01-30 10:35:58.277   582 12926 D resolv  : doQuery: (1, 1)
01-30 10:35:58.277   582 12926 I resolv  : res_nmkquery: (QUERY, IN, A)
01-30 10:35:58.277   582 12926 D resolv  : res_nsend
01-30 10:35:58.277   582 12926 D resolv  : resolv_cache_lookup: lookup
01-30 10:35:58.277   582 12926 D resolv  : resolv_cache_lookup: NOT IN CACHE
01-30 10:35:58.277   582 12926 D resolv  : resolv_populate_res_for_net: netid=106
01-30 10:35:58.277   582 12925 I resolv  : res_nmkquery: (QUERY, IN, AAAA)
01-30 10:35:58.277   582 12925 D resolv  : res_nsend
01-30 10:35:58.277   582 12925 D resolv  : resolv_cache_lookup: lookup
01-30 10:35:58.278   582 12925 D resolv  : resolv_cache_lookup: NOT IN CACHE
01-30 10:35:58.278   582 12925 D resolv  : resolv_populate_res_for_net: netid=106
01-30 10:35:58.278   582 12925 D resolv  : res_stats_usable_server: NS stats: S 46 + E 0 + T 18 + I 0 = 64, rtt = 623, min_samples = 8
01-30 10:35:58.278   582 12925 D resolv  : res_stats_usable_server: success rate 71
01-30 10:35:58.278   582 12925 D resolv  : res_nsend: Querying server (# 1) address = 192.168.137.1:53
01-30 10:35:58.279   582 12925 D resolv  : send_dg: new DG socket
01-30 10:35:58.279   582 12925 D resolv  : get_timeout: using timeout of 5000 msec
01-30 10:35:58.279   851  1047 D NotificationService: handleSavePolicyFile
01-30 10:35:58.279   582 12926 D resolv  : res_stats_usable_server: NS stats: S 46 + E 0 + T 18 + I 0 = 64, rtt = 623, min_samples = 8
01-30 10:35:58.280   582 12925 D resolv  : retrying_poll: 46 retrying_poll
01-30 10:35:58.280   582 12926 D resolv  : res_stats_usable_server: success rate 71
01-30 10:35:58.281   582 12926 D resolv  : res_nsend: Querying server (# 1) address = 192.168.137.1:53
01-30 10:35:58.282   582 12926 D resolv  : send_dg: new DG socket
01-30 10:35:58.282   582 12926 D resolv  : get_timeout: using timeout of 5000 msec
01-30 10:35:58.282   582 12926 D resolv  : retrying_poll: 47 retrying_poll
01-30 10:35:58.284   851  1047 I commit_sys_config_file: [notification-policy,221313]
01-30 10:35:58.293   652  2032 I audio_hw_streamer: 569 capture_thread_loop: select [ch 8 -> ch 4] [15360 -> 7680] bytes data 
01-30 10:35:58.298  8648  8648 I CnsCarApp-BTRepositoryImpl: NotBonded devices:{ 
01-30 10:35:58.298  8648  8648 I CnsCarApp-BTRepositoryImpl: Name: LAPTOP-8AM47F90, Address: C4:0F:08:E7:50:BC, device type: 1 
01-30 10:35:58.298  8648  8648 I CnsCarApp-BTRepositoryImpl: , Name: 深蓝汽车的你, Address: A4:04:50:4A:47:20, device type: 1 
01-30 10:35:58.298  8648  8648 I CnsCarApp-BTRepositoryImpl: , Name: LAPTOP-58KN54VT, Address: 70:08:94:1F:FD:1C, device type: 1 
01-30 10:35:58.298  8648  8648 I CnsCarApp-BTRepositoryImpl: , Name: BJ40 e, Address: 50:C3:A2:C5:B8:04, device type: 1 
01-30 10:35:58.298  8648  8648 I CnsCarApp-BTRepositoryImpl: , Name: 深蓝汽车, Address: 38:2A:8B:2C:14:3D, device type: 1 
01-30 10:35:58.298  8648  8648 I CnsCarApp-BTRepositoryImpl: , Name: LIWENZHE, Address: AC:45:EF:EA:0D:48, device type: 1 
01-30 10:35:58.298  8648  8648 I CnsCarApp-BTRepositoryImpl: }
01-30 10:35:58.313   652  2032 I audio_hw_streamer: 569 capture_thread_loop: select [ch 8 -> ch 4] [15360 -> 7680] bytes data 
01-30 10:35:58.328 12903 12903 D ModeService: onCreate and start init
01-30 10:35:58.330 12903 12903 D FawServiceManager: FawvwServiceManager Constructor function
01-30 10:35:58.333 12903 12903 D FawServiceManager: getFawvwManager service name is :power_service
01-30 10:35:58.333   652  2032 I audio_hw_streamer: 569 capture_thread_loop: select [ch 8 -> ch 4] [15360 -> 7680] bytes data 
01-30 10:35:58.337  8648  8648 I CnsCarApp-BTViewModel: Bonded device name: LAPTOP-8AM47F90, address: C4:0F:08:E7:50:BC  BT Type: 1, Device type: Computer
01-30 10:35:58.340 12903 12903 I ModeService: onLifecycleChanged: car service connected.
01-30 10:35:58.341   584  1266 E WifiHAL : Invalid data received from driver
01-30 10:35:58.345  8648  8648 I CnsCarApp-BTViewModel: Bonded device name: 深蓝汽车的你, address: A4:04:50:4A:47:20  BT Type: 1, Device type: null
01-30 10:35:58.345 12903 12903 D FawServiceManager: getFawvwManager service name is :persistence_service
01-30 10:35:58.346 12903 12903 D FawPersistenceServiceManager: FawPersistenceServiceManager construct,package name iscom.fawvw.intelligentmodeservice
01-30 10:35:58.347 12903 12903 W ContextImpl: Calling a method in the system process without a qualified user: android.app.ContextImpl.bindService:1988 android.content.ContextWrapper.bindService:861 android.car.Car.startCarService:2807 android.car.Car.createCar:2118 com.fawvw.intelligentmodeservice.ModeService.initCarConnection:89 
01-30 10:35:58.352  8648  8648 I CnsCarApp-BTViewModel: Bonded device name: LAPTOP-58KN54VT, address: 70:08:94:1F:FD:1C  BT Type: 1, Device type: Computer
01-30 10:35:58.352  9391  9440 D ANWStack: [    234891][ANWBT] HCI Rx: LE Meta Event, HCI_evLEADVERTISINGREPORT, subevent_code=0x2 Num_Reports=1
01-30 10:35:58.352  9391  9440 D ANWStack: 
01-30 10:35:58.352  9391  9440 D ANWAPI  : (9391|0x85AB6CB0)[BTAPI] AnwhciEventCallback 62 2
01-30 10:35:58.352  9391  9440 D ANWAPI  : (9391|0x85AB6CB0)[BTAPI] btsdk_le_DiscoveryCallback eventtype[3]
01-30 10:35:58.352  9391  9440 D ANWAPI  : (9391|0x85AB6CB0)[BTAPI] anwbt_ble_le_discoveryHandler
01-30 10:35:58.352  9391  9440 D ANWAPI  : 
01-30 10:35:58.352  9391  9440 D ANWAPI  : (9391|0x85AB6CB0)[BTAPI] anwbt_ble_le_discoveryHandler newDevice=0xb400fa3d7dab349a,status=0,idx=255,scanLen=0,len=31,RSSI[-70]
01-30 10:35:58.352  9391  9440 D ANWAPI  : (9391|0x85AB6CB0)[BTAPI] AnWBT_BLE_GetFirstRandomAddr start,btaddr=[0x6f:0x45:0x86:0x39:0xf:0x52],addrType=1
01-30 10:35:58.352  9391  9440 D ANWAPI  : (9391|0x85AB6CB0)[BTAPI] AnWBT_BLE_GetFirstRandomAddr end,btaddr=[0x6f:0x45:0x86:0x39:0xf:0x52]
01-30 10:35:58.353  9391  9440 D ANWAPI  : (9391|0x85AB6CB0)[BTAPI] send_BLE_discoveryHandler_Message event type: 0x3
01-30 10:35:58.353  9391  9440 D ANWAPI  : 
01-30 10:35:58.353  9391  9440 D ANW bt_btif: send_BLE_discoveryHandler_Message cod is 0x000000
01-30 10:35:58.353  9391  9440 D ANW bt_btif: btif_storage_add_remote_device, AnW
01-30 10:35:58.353  9391  9440 D ANW bt_btif: in, bd addr:52:0f:39:86:45:6f, prop type:255, len:6
01-30 10:35:58.353  9391  9440 D ANW bt_btif: btif_in_fetch_bonded_device, AnW
01-30 10:35:58.353  9391  9440 D ANW bt_btif: btif_in_fetch_bonded_ble_device Found a LE device: 52:0f:39:86:45:6f
01-30 10:35:58.353  9391  9440 D ANW bt_btif: btif_storage_get_remote_addr_type, AnW
01-30 10:35:58.353  9391  9440 D ANW bt_btif: btif_in_fetch_bonded_ble_device, AnW key_not_found
01-30 10:35:58.353  9391  9440 D ANW bt_btif: Remote device:52:0f:39:86:45:6f, no link key or ble key found
01-30 10:35:58.353  9391  9440 D ANW bt_btif: in, bd addr:52:0f:39:86:45:6f, prop type:5, len:4
01-30 10:35:58.353  9391  9440 D ANW bt_btif: btif_in_fetch_bonded_device, AnW
01-30 10:35:58.353  9391  9440 D ANW bt_btif: btif_in_fetch_bonded_ble_device Found a LE device: 52:0f:39:86:45:6f
01-30 10:35:58.353  9391  9440 D ANW bt_btif: btif_storage_get_remote_addr_type, AnW
01-30 10:35:58.353  9391  9440 D ANW bt_btif: btif_in_fetch_bonded_ble_device, AnW key_not_found
01-30 10:35:58.353  9391  9440 D ANW bt_btif: Remote device:52:0f:39:86:45:6f, no link key or ble key found
01-30 10:35:58.353  9391  9440 D ANW bt_btif: in, bd addr:52:0f:39:86:45:6f, prop type:11, len:1
01-30 10:35:58.353  9391  9440 D ANW bt_btif: btif_in_fetch_bonded_device, AnW
01-30 10:35:58.353  9391  9440 D ANW bt_btif: btif_in_fetch_bonded_ble_device Found a LE device: 52:0f:39:86:45:6f
01-30 10:35:58.353  9391  9440 D ANW bt_btif: btif_storage_get_remote_addr_type, AnW
01-30 10:35:58.353   652  2032 I audio_hw_streamer: 569 capture_thread_loop: select [ch 8 -> ch 4] [15360 -> 7680] bytes data 
01-30 10:35:58.353  9391  9440 D ANW bt_btif: btif_in_fetch_bonded_ble_device, AnW key_not_found
01-30 10:35:58.353  9391  9440 D ANW bt_btif: Remote device:52:0f:39:86:45:6f, no link key or ble key found
01-30 10:35:58.353  9391  9440 D ANW bt_btif: btif_storage_set_remote_addr_type, AnW
01-30 10:35:58.353  9391  9440 I ANW bt_btif: onScanResult, address_type=1, primary_phy= 0, secondary_phy=0, ad size= 31
01-30 10:35:58.353  9391  9440 I ANW bt_btif: onScanResult: HAL bt_gatt_callbacks->scanner->scan_result_cb
01-30 10:35:58.361  8648  8648 I CnsCarApp-BTViewModel: Bonded device name: BJ40 e, address: 50:C3:A2:C5:B8:04  BT Type: 1, Device type: Headset
01-30 10:35:58.368  8648  8648 I CnsCarApp-BTViewModel: Bonded device name: 深蓝汽车, address: 38:2A:8B:2C:14:3D  BT Type: 1, Device type: Headset
01-30 10:35:58.373   652  2032 I audio_hw_streamer: 569 capture_thread_loop: select [ch 8 -> ch 4] [15360 -> 7680] bytes data 
01-30 10:35:58.375  8648  8648 I CnsCarApp-BTViewModel: Bonded device name: LIWENZHE, address: AC:45:EF:EA:0D:48  BT Type: 1, Device type: Computer
01-30 10:35:58.380   851  1825 I WifiService: getVerboseLoggingLevel uid=1000
01-30 10:35:58.380  9391  9433 D PbapClientService: pbap service getConnectionState()
01-30 10:35:58.384  9391  9433 D HeadsetClientService: Found SM for device XX:XX:XX:XX:C6:77
01-30 10:35:58.391  8648  8648 I CnsCarApp-BTViewModel: NowConnectedDevice name: 爱吃喝胡辣汤, address: 34:10:BE:3D:C6:77 BT Type: 1, Device type: Phone
01-30 10:35:58.391  1513  2257 D TboxNetworkManager: tboxNetworkbinder=null
01-30 10:35:58.393   652  2032 I audio_hw_streamer: 569 capture_thread_loop: select [ch 8 -> ch 4] [15360 -> 7680] bytes data 
01-30 10:35:58.393  9391  9433 D HeadsetClientService: Found SM for device XX:XX:XX:XX:C6:77
01-30 10:35:58.396  9391  9433 D PbapClientService: pbap service getConnectionState()
01-30 10:35:58.396 12903 12903 D CompatibilityChangeReporter: Compat change id reported: 263076149; UID 1000; state: ENABLED
01-30 10:35:58.405  9391  9433 D PbapClientService: pbap service getConnectionState()
01-30 10:35:58.409  9391  9433 D HeadsetClientService: Found SM for device XX:XX:XX:XX:C6:77
01-30 10:35:58.409  8648  8648 D BluetoothEventManager: DeviceFoundHandler created new CachedBluetoothDevice XX:XX:XX:XX:0D:48
01-30 10:35:58.411 12903 12903 D FawPowerServiceManager: registerPowerModeListener: registered success and handlerPowerEvent : false
01-30 10:35:58.411 12903 12919 I ModeService: onPrimaryPowerEvent : 255 ,oldPowerEvent: 255
01-30 10:35:58.412 12903 12919 I ModeService: onSecondaryPowerEvent newPowerEvent: 255 ,oldPowerEvent: 0
01-30 10:35:58.412 12903 12919 W ModeService: handlePowerEventChange unknown power mode : 255
01-30 10:35:58.412 12903 12931 I ModeService: onSetVehicleMode newVehicleMode: 0 ,oldVehicleMode: 0
01-30 10:35:58.412 12903 12903 D FawPowerServiceManager: registerVehicleModeListener: registered success
01-30 10:35:58.413 12903 12903 D AndroidRuntime: Shutting down VM
01-30 10:35:58.413   652  2032 I audio_hw_streamer: 569 capture_thread_loop: select [ch 8 -> ch 4] [15360 -> 7680] bytes data 
01-30 10:35:58.413 12903 12903 E AndroidRuntime: FATAL EXCEPTION: main
01-30 10:35:58.413 12903 12903 E AndroidRuntime: Process: com.fawvw.intelligentmodeservice, PID: 12903
01-30 10:35:58.413 12903 12903 E AndroidRuntime: java.lang.NoClassDefFoundError: Failed resolution of: Lcom/fawvw/intelligentmodeservice/ModeServiceImpl;
01-30 10:35:58.413 12903 12903 E AndroidRuntime: 	at com.fawvw.intelligentmodeservice.ModeService.init(ModeService.java:81)
01-30 10:35:58.413 12903 12903 E AndroidRuntime: 	at com.fawvw.intelligentmodeservice.ModeService.onCreate(ModeService.java:69)
01-30 10:35:58.413 12903 12903 E AndroidRuntime: 	at android.app.ActivityThread.handleCreateService(ActivityThread.java:4692)
01-30 10:35:58.413 12903 12903 E AndroidRuntime: 	at android.app.ActivityThread.-$$Nest$mhandleCreateService(Unknown Source:0)
01-30 10:35:58.413 12903 12903 E AndroidRuntime: 	at android.app.ActivityThread$H.handleMessage(ActivityThread.java:2289)
01-30 10:35:58.413 12903 12903 E AndroidRuntime: 	at android.os.Handler.dispatchMessage(Handler.java:106)
01-30 10:35:58.413 12903 12903 E AndroidRuntime: 	at android.os.Looper.loopOnce(Looper.java:205)
01-30 10:35:58.413 12903 12903 E AndroidRuntime: 	at android.os.Looper.loop(Looper.java:294)
01-30 10:35:58.413 12903 12903 E AndroidRuntime: 	at android.app.ActivityThread.main(ActivityThread.java:8248)
01-30 10:35:58.413 12903 12903 E AndroidRuntime: 	at java.lang.reflect.Method.invoke(Native Method)
01-30 10:35:58.413 12903 12903 E AndroidRuntime: 	at com.android.internal.os.RuntimeInit$MethodAndArgsCaller.run(RuntimeInit.java:552)
01-30 10:35:58.413 12903 12903 E AndroidRuntime: 	at com.android.internal.os.ZygoteInit.main(ZygoteInit.java:993)
01-30 10:35:58.413 12903 12903 E AndroidRuntime: Caused by: java.lang.ClassNotFoundException: com.fawvw.intelligentmodeservice.ModeServiceImpl
01-30 10:35:58.413 12903 12903 E AndroidRuntime: 	... 12 more
01-30 10:35:58.415   851  2748 I am_crash: [12903,0,com.fawvw.intelligentmodeservice,550026829,java.lang.ClassNotFoundException,com.fawvw.intelligentmodeservice.ModeServiceImpl,ModeService.java,81,0]
01-30 10:35:58.415   851  2748 I SdException: eventType = crash, processName = com.fawvw.intelligentmodeservice
01-30 10:35:58.415   851  2748 I SdException: data = crash|12903|com.fawvw.intelligentmodeservice
01-30 10:35:58.417  1464  1872 D NetworkMonitor/103/vlan_07: Forcing reevaluation for UID 0. Dns signal count: 0
01-30 10:35:58.420  1464 12932 D TrafficStats: tagSocket(64) with statsTag=0xffffff81, statsUid=-1
01-30 10:35:58.422  1464 12932 D TrafficStats: tagSocket(64) with statsTag=0xffffff81, statsUid=-1
01-30 10:35:58.423   584  1266 E WifiHAL : Invalid data received from driver
01-30 10:35:58.423   584  1266 E WifiHAL : Invalid data received from driver
01-30 10:35:58.423   584  1266 E WifiHAL : Invalid data received from driver
01-30 10:35:58.423   584  1266 E WifiHAL : Invalid data received from driver
01-30 10:35:58.423   584  1266 E WifiHAL : Invalid data received from driver
01-30 10:35:58.423   584  1266 E WifiHAL : Invalid data received from driver
01-30 10:35:58.423   584  1266 E WifiHAL : Invalid data received from driver
01-30 10:35:58.426   582 12933 I resolv  : ResNSendHandler::run: 0 / {103 983143 103 983143 1073 1}
01-30 10:35:58.426   582 12933 D resolv  : resolv_populate_res_for_net: netid=103
01-30 10:35:58.426   582 12933 D resolv  : res_nsend
01-30 10:35:58.426   582 12933 D resolv  : resolv_cache_lookup: lookup
01-30 10:35:58.426   582 12933 I resolv  : resolv_cache_lookup: FOUND IN CACHE entry=0xb400ec66dc6966d0
01-30 10:35:58.427  1464  1464 D TrafficStats: tagSocket(64) with statsTag=0xffffffff, statsUid=-1
01-30 10:35:58.428  1464 12932 D NetworkMonitor/103/vlan_07: PROBE_DNS connectivitycheck.gstatic.com 8ms OK 120.253.253.34
01-30 10:35:58.429   706   722 D sde     : [SDE::CatchJE]  Debug: CatchJE end
01-30 10:35:58.429   706   722 D sde     : [SDE::removeFile]  Debug: removeFile index = 32_
01-30 10:35:58.430   706   722 D sde     : [SDE::removeFile]  Debug: remove : /data/sde/32_crash_8193_com.adayo.carplay_20260130_103335.zip
01-30 10:35:58.430   706   722 D sde     : [SDE::zipArchiveFolder]  Debug: zippath = /data/sde/32_crash_12512_com.fawvw.intelligentmodeservice_20260130_103558.zip 
01-30 10:35:58.431   582 12934 I resolv  : GetAddrInfoHandler::run: {103 983143 103 983143 1073 1}
01-30 10:35:58.431   582 12934 D resolv  : resolv_getaddrinfo: explore_fqdn(): ai_family=0 ai_socktype=1 ai_protocol=6
01-30 10:35:58.432   582 12935 D resolv  : doQuery: (1, 1)
01-30 10:35:58.432   582 12935 I resolv  : res_nmkquery: (QUERY, IN, A)
01-30 10:35:58.432   582 12935 D resolv  : res_nsend
01-30 10:35:58.432   582 12935 D resolv  : resolv_cache_lookup: lookup
01-30 10:35:58.432   582 12935 I resolv  : resolv_cache_lookup: FOUND IN CACHE entry=0xb400ec66dc6966d0
01-30 10:35:58.432   582 12935 I resolv  : doQuery: rcode=0, ancount=1, return value=63
01-30 10:35:58.433  1464 12932 D TrafficStats: tagSocket(64) with statsTag=0xffffff81, statsUid=-1
01-30 10:35:58.433   652  2032 I audio_hw_streamer: 569 capture_thread_loop: select [ch 8 -> ch 4] [15360 -> 7680] bytes data 
01-30 10:35:58.443   584  1266 E WifiHAL : Invalid data received from driver
01-30 10:35:58.446  9391  9440 D ANWStack: [    234985][ANWBT] HCI Rx: LE Meta Event, HCI_evLEADVERTISINGREPORT, subevent_code=0x2 Num_Reports=1
01-30 10:35:58.446  9391  9440 D ANWStack: 
01-30 10:35:58.446  9391  9440 D ANWAPI  : (9391|0x85AB6CB0)[BTAPI] AnwhciEventCallback 62 2
01-30 10:35:58.446  9391  9440 D ANWAPI  : (9391|0x85AB6CB0)[BTAPI] btsdk_le_DiscoveryCallback eventtype[3]
01-30 10:35:58.446  9391  9440 D ANWAPI  : (9391|0x85AB6CB0)[BTAPI] anwbt_ble_le_discoveryHandler
01-30 10:35:58.446  9391  9440 D ANWAPI  : 
01-30 10:35:58.446  9391  9440 D ANWAPI  : (9391|0x85AB6CB0)[BTAPI] anwbt_ble_le_discoveryHandler newDevice=0xb400fa3d7dab349a,status=0,idx=255,scanLen=0,len=31,RSSI[-65]
01-30 10:35:58.446  9391  9440 D ANWAPI  : (9391|0x85AB6CB0)[BTAPI] AnWBT_BLE_GetFirstRandomAddr start,btaddr=[0x1a:0xb2:0x49:0x7d:0x23:0x17],addrType=1
01-30 10:35:58.446  9391  9440 D ANWAPI  : (9391|0x85AB6CB0)[BTAPI] AnWBT_BLE_GetFirstRandomAddr end,btaddr=[0x1a:0xb2:0x49:0x7d:0x23:0x17]
01-30 10:35:58.446  9391  9440 D ANWAPI  : (9391|0x85AB6CB0)[BTAPI] send_BLE_discoveryHandler_Message event type: 0x3
01-30 10:35:58.446  9391  9440 D ANWAPI  : 
01-30 10:35:58.446  9391  9440 D ANW bt_btif: send_BLE_discoveryHandler_Message cod is 0x000000
01-30 10:35:58.446  9391  9440 D ANW bt_btif: btif_storage_add_remote_device, AnW
01-30 10:35:58.446  9391  9440 D ANW bt_btif: in, bd addr:17:23:7d:49:b2:1a, prop type:255, len:6
01-30 10:35:58.446  9391  9440 D ANW bt_btif: btif_in_fetch_bonded_device, AnW
01-30 10:35:58.446  9391  9440 D ANW bt_btif: btif_in_fetch_bonded_ble_device Found a LE device: 17:23:7d:49:b2:1a
01-30 10:35:58.446  9391  9440 D ANW bt_btif: btif_storage_get_remote_addr_type, AnW
01-30 10:35:58.446  9391  9440 D ANW bt_btif: btif_in_fetch_bonded_ble_device, AnW key_not_found
01-30 10:35:58.446  9391  9440 D ANW bt_btif: Remote device:17:23:7d:49:b2:1a, no link key or ble key found
01-30 10:35:58.446  9391  9440 D ANW bt_btif: in, bd addr:17:23:7d:49:b2:1a, prop type:5, len:4
01-30 10:35:58.446  9391  9440 D ANW bt_btif: btif_in_fetch_bonded_device, AnW
01-30 10:35:58.446  9391  9440 D ANW bt_btif: btif_in_fetch_bonded_ble_device Found a LE device: 17:23:7d:49:b2:1a
01-30 10:35:58.446  9391  9440 D ANW bt_btif: btif_storage_get_remote_addr_type, AnW
01-30 10:35:58.446  9391  9440 D ANW bt_btif: btif_in_fetch_bonded_ble_device, AnW key_not_found
01-30 10:35:58.446  9391  9440 D ANW bt_btif: Remote device:17:23:7d:49:b2:1a, no link key or ble key found
01-30 10:35:58.446  9391  9440 D ANW bt_btif: in, bd addr:17:23:7d:49:b2:1a, prop type:11, len:1
01-30 10:35:58.446  9391  9440 D ANW bt_btif: btif_in_fetch_bonded_device, AnW
01-30 10:35:58.446  9391  9440 D ANW bt_btif: btif_in_fetch_bonded_ble_device Found a LE device: 17:23:7d:49:b2:1a
01-30 10:35:58.446  9391  9440 D ANW bt_btif: btif_storage_get_remote_addr_type, AnW
01-30 10:35:58.446  9391  9440 D ANW bt_btif: btif_in_fetch_bonded_ble_device, AnW key_not_found
01-30 10:35:58.446  9391  9440 D ANW bt_btif: Remote device:17:23:7d:49:b2:1a, no link key or ble key found
01-30 10:35:58.446  9391  9440 D ANW bt_btif: btif_storage_set_remote_addr_type, AnW
01-30 10:35:58.446  9391  9440 I ANW bt_btif: onScanResult, address_type=1, primary_phy= 0, secondary_phy=0, ad size= 31
01-30 10:35:58.446  9391  9440 I ANW bt_btif: onScanResult: HAL bt_gatt_callbacks->scanner->scan_result_cb
01-30 10:35:58.451  1583  2174 D CarPropertyManager: setProperty, propertyId: 0x2141400f, areaId: 0x0, class: class [Ljava.lang.Integer;, val: [Ljava.lang.Integer;@6229028
01-30 10:35:58.452  1279  2932 D CarPropertyService: mSyncGetSetPropertyOpCount: 1
01-30 10:35:58.453   396   396 I DefaultVehicleHal_v2_0: DefaultVehicleHal::set, current value:{.timestamp = 0, .areaId = 0, .prop = 557924367, .status = AVAILABLE, .value = {.int32Values = [1]{0}, .floatValues = [0]{}, .int64Values = [0]{}, .bytes = [0]{}, .stringValue = ""}}
01-30 10:35:58.453   396   396 I DefaultVehicleHalServer: onSetProperty(0x2141400f)
01-30 10:35:58.453   652  2032 I audio_hw_streamer: 569 capture_thread_loop: select [ch 8 -> ch 4] [15360 -> 7680] bytes data 
01-30 10:35:58.453   396   396 D vw-vhal : CanSignalsAdapter::setVehicleProperty: propValue = {.timestamp = 0, .areaId = 0, .prop = 557924367, .status = AVAILABLE, .value = {.int32Values = [4]{0, 32, 32, 32}, .floatValues = [0]{}, .int64Values = [0]{}, .bytes = [0]{}, .stringValue = ""}}
01-30 10:35:58.453   396   396 D vw-vhal : CanSignalsAdapter::setVehicleProperty: propId = 0x2141400f, data = {status: 0, int32Values: [0, 32, 32, 32]}
01-30 10:35:58.453   396   396 D adayocomadapter-CommunicationManager: setProperty id=[557924367]
01-30 10:35:58.453   396   396 D adayocomadapter-CommunicationManager: writeValue id=[557924367]
01-30 10:35:58.453   396   396 D adayocomadapter-VehiclePropertyStore: writeValue id=[557924367]
01-30 10:35:58.453   396   396 D adayocomadapter-CommunicationManager: sendToDownstream mPropertyId 0x2141400f
01-30 10:35:58.453   396   396 D adayocomadapter-ParseProtocolFunc: printRaWMsg Name[sendToDownstream] len[4] data[00000000]
01-30 10:35:58.453   396   396 D adayocomadapter-ParseProtocolFunc: printRaWMsg Name[sendToDownstream] len[4] data[2141400F]
01-30 10:35:58.453   396   396 D adayocomadapter-ParseProtocolFunc: printRaWMsg Name[sendToDownstream] len[8] data[2141400F00202020]
01-30 10:35:58.453   396   396 D adayocomadapter-CommunicationManager: sendToDownstream ret[0]   member[130] dataLength[4] timePoint[234992] 
01-30 10:35:58.453   396   396 D adayocomadapter-ParseProtocolFunc: printRaWMsg Name[sendToDownstream] len[8] data[2141400F00202020]
01-30 10:35:58.453   396   396 D adayocomadapter-CommunicationManager: sendToDownstream  000 mPropertyId[0x557924367]  
01-30 10:35:58.453   396   704 D adayocomadapter-DownstreamHandler: processBeforePacket downSreamtProcessTimePoint[234992] 
01-30 10:35:58.453   396   704 D adayocomadapter-DownstreamHandler: DownstreamHandler processPacket 
01-30 10:35:58.453   396   704 D adayocomadapter-DownstreamHandler: DownstreamHandler processPacket valueIndex 0x2141400f
01-30 10:35:58.453   396   704 D adayocomadapter-DownstreamHandler: DownstreamHandler processPacket 0002
01-30 10:35:58.453   396   704 D adayocomadapter-DownstreamHandler: DownstreamHandler processPacket sendMCUData2 
01-30 10:35:58.453   396   704 D adayocomadapter-CommunicationManager: sendMCUData 
01-30 10:35:58.453   396   704 D adayocomadapter-MCUInterfaceHandler: sendToMCU start
01-30 10:35:58.454   644   708 I mcuc    : sd Uart data : 6AA60100D8000B1202022141400F00202020F5
01-30 10:35:58.454   396   704 D adayocomadapter-ParseProtocolFunc: printRaWMsg Name[sendToMCU] len[11] data[1202022141400F00202020]
01-30 10:35:58.455  1279  2932 D CarPropertyService: mSyncGetSetPropertyOpCount: 0
01-30 10:35:58.455   851  1149 D JobScheduler.Quota: 10056 is still allowed
01-30 10:35:58.456  1583  2174 I CCarServiceManager: CarServiceManager->t()102:link:0     ---32:pool-2-thread-2
01-30 10:35:58.456  1513  2260 D TboxNetworkManager: tboxNetworkbinder=null
01-30 10:35:58.456   644   707 I mcuc    : sd Uart data : 6AA60208480002920218
01-30 10:35:58.456  3942  4446 E NetProxyJNI: getNetworkTraffic up: 57,down:46
01-30 10:35:58.456  3942  4446 I TboxServiceManager: 上下行类型变化 type:2
01-30 10:35:58.456  3942  4446 I TboxServiceStatusMonitor: onNetworkTrafficChange type: 2
01-30 10:35:58.461   644   707 I mcuc    : rev uart=2220,len=54, data : 6AA6810848002E9202001B4A503130333531353242204A503130333531353242204130310000000000000000000000000000000000F6
01-30 10:35:58.461   396   396 D adayocomadapter-ParseProtocolFunc: printRaWMsg Name[MCUToUPstream recv] len[46] data[9202001B4A503130333531353242204A503130333531353242204130310000000000000000000000000000000000]
01-30 10:35:58.461   396   396 D adayocomadapter-CommunicationManager: onUpstreamback   member[0] dataLength[43] timePoint[235001]
01-30 10:35:58.462   396   396 D adayocomadapter-ParseProtocolFunc: printRaWMsg Name[onUpstreamback] len[43] data[1B4A503130333531353242204A503130333531353242204130310000000000000000000000000000000000]
01-30 10:35:58.462   396   452 D adayocomadapter-UpstreamHandler: processBeforePacket upSreamtProcessTimePoint[235001] 
01-30 10:35:58.462   396   452 D adayocomadapter-UpstreamHandler: processPacket UPSTREAM_QUEUE_DATA_TIMEOUT
01-30 10:35:58.462   644   708 I mcuc    : file = hardware/interfaces/fgemcucomm/1.0/default/mcucomm/src/mcuCommFunctionTimer.cpp, function = startTimer  start timer OK = 216 
01-30 10:35:58.462   396   452 D adayocomadapter-ParseProtocolFunc: parseCommonIPCLBytes Processing tableNumber[27]
01-30 10:35:58.462   396   452 D adayocomadapter-ParseProtocolFunc: parseCommonIPCLBytes Processing tablename[Table-27] tableSize[43]
01-30 10:35:58.462   396   452 D adayocomadapter-ParseProtocolFunc: printRaWMsg Name[byteStream recv] len[43] data[1B4A503130333531353242204A503130333531353242204130310000000000000000000000000000000000]
01-30 10:35:58.462   396   452 D adayocomadapter-ParseProtocolFunc: printRaWMsg Name[IPCLtoVHAL] len[16] data[21414158014A50313033353135324220]
01-30 10:35:58.462   396   452 D adayocomadapter-ParseProtocolFunc: printRaWMsg Name[IPCLtoVHAL] len[8] data[2141415901413031]
01-30 10:35:58.462   396   452 D adayocomadapter-ParseProtocolFunc: printRaWMsg Name[IPCLtoVHAL] len[16] data[2141415A010000000000000000000000]
01-30 10:35:58.462   396   452 D adayocomadapter-ParseProtocolFunc: printRaWMsg Name[IPCLtoVHAL] len[6] data[2141415D0000]
01-30 10:35:58.462   396   452 D adayocomadapter-ParseProtocolFunc: printRaWMsg Name[IPCLtoVHAL] len[16] data[21414157014A50313033353135324220]
01-30 10:35:58.462   396   452 D adayocomadapter-ParseProtocolFunc: printRaWMsg Name[IPCLtoVHAL] len[6] data[2141415B0000]
01-30 10:35:58.462   396   452 D adayocomadapter-ParseProtocolFunc: printRaWMsg Name[IPCLtoVHAL] len[9] data[2141415C0100000000]
01-30 10:35:58.462   396   452 D adayocomadapter-CommunicationManager: onUpstreamReceive mPropertyId 0x21414158
01-30 10:35:58.462   396   452 I vw-vhal : notifyVehicleProperty, propId = 0x21414158, data = {status: 2, int32Values: [74, 80, 49, 48, 51, 53, 49, 53, 50, 66, 32]}
01-30 10:35:58.462   396   452 I vw-vhal : CanSignalsAdapter::notifyDiagProperty: propId = 0x21414158, data = {status: 2, int32Values: [74, 80, 49, 48, 51, 53, 49, 53, 50, 66, 32]}
01-30 10:35:58.462   396   452 I vw-vhal : CanSignalsAdapter::notifyVehicleProperty: solvedValue = {.timestamp = 235001627693, .areaId = 0, .prop = 557924696, .status = AVAILABLE, .value = {.int32Values = [11]{74, 80, 49, 48, 51, 53, 49, 53, 50, 66, 32}, .floatValues = [0]{}, .int64Values = [0]{}, .bytes = [0]{}, .stringValue = ""}}
01-30 10:35:58.462   396   452 I VehiclePropertyStore: begin to write value to Store: {.timestamp = 235001627693, .areaId = 0, .prop = 557924696, .status = AVAILABLE, .value = {.int32Values = [11]{74, 80, 49, 48, 51, 53, 49, 53, 50, 66, 32}, .floatValues = [0]{}, .int64Values = [0]{}, .bytes = [0]{}, .stringValue = ""}}
01-30 10:35:58.462   396   452 I DefaultVehicleHal_v2_0: DefaultVehicleHal::onPropertyValue, value:{.timestamp = 235001627693, .areaId = 0, .prop = 557924696, .status = AVAILABLE, .value = {.int32Values = [11]{74, 80, 49, 48, 51, 53, 49, 53, 50, 66, 32}, .floatValues = [0]{}, .int64Values = [0]{}, .bytes = [0]{}, .stringValue = ""}}
01-30 10:35:58.462   396   452 I VehiclePropertyStore: begin to write value to Store: {.timestamp = 235001627693, .areaId = 0, .prop = 557924696, .status = AVAILABLE, .value = {.int32Values = [11]{74, 80, 49, 48, 51, 53, 49, 53, 50, 66, 32}, .floatValues = [0]{}, .int64Values = [0]{}, .bytes = [0]{}, .stringValue = ""}}
01-30 10:35:58.462   396   452 D adayocomadapter-CommunicationManager: onUpstreamReceive mPropertyId 0x21414158
01-30 10:35:58.462   396   452 D adayocomadapter-CommunicationManager: onUpstreamReceive mPropertyId 0x21414159
01-30 10:35:58.462   396   452 I vw-vhal : notifyVehicleProperty, propId = 0x21414159, data = {status: 2, int32Values: [65, 48, 49]}
01-30 10:35:58.462   396   452 I vw-vhal : CanSignalsAdapter::notifyDiagProperty: propId = 0x21414159, data = {status: 2, int32Values: [65, 48, 49]}
01-30 10:35:58.462   396   452 I vw-vhal : CanSignalsAdapter::notifyVehicleProperty: solvedValue = {.timestamp = 235001873026, .areaId = 0, .prop = 557924697, .status = AVAILABLE, .value = {.int32Values = [3]{65, 48, 49}, .floatValues = [0]{}, .int64Values = [0]{}, .bytes = [0]{}, .stringValue = ""}}
01-30 10:35:58.462   396   452 I VehiclePropertyStore: begin to write value to Store: {.timestamp = 235001873026, .areaId = 0, .prop = 557924697, .status = AVAILABLE, .value = {.int32Values = [3]{65, 48, 49}, .floatValues = [0]{}, .int64Values = [0]{}, .bytes = [0]{}, .stringValue = ""}}
01-30 10:35:58.462   396   452 I DefaultVehicleHal_v2_0: DefaultVehicleHal::onPropertyValue, value:{.timestamp = 235001873026, .areaId = 0, .prop = 557924697, .status = AVAILABLE, .value = {.int32Values = [3]{65, 48, 49}, .floatValues = [0]{}, .int64Values = [0]{}, .bytes = [0]{}, .stringValue = ""}}
01-30 10:35:58.462   396   452 I VehiclePropertyStore: begin to write value to Store: {.timestamp = 235001873026, .areaId = 0, .prop = 557924697, .status = AVAILABLE, .value = {.int32Values = [3]{65, 48, 49}, .floatValues = [0]{}, .int64Values = [0]{}, .bytes = [0]{}, .stringValue = ""}}
01-30 10:35:58.462   396   452 D adayocomadapter-CommunicationManager: onUpstreamReceive mPropertyId 0x21414159
01-30 10:35:58.462   396   452 D adayocomadapter-CommunicationManager: onUpstreamReceive mPropertyId 0x2141415a
01-30 10:35:58.462   396   452 I vw-vhal : notifyVehicleProperty, propId = 0x2141415a, data = {status: 2, int32Values: [0, 0, 0, 0, 0, 0, 0, 0, 0, 0, 0]}
01-30 10:35:58.462   396   452 I vw-vhal : CanSignalsAdapter::notifyDiagProperty: propId = 0x2141415a, data = {status: 2, int32Values: [0, 0, 0, 0, 0, 0, 0, 0, 0, 0, 0]}
01-30 10:35:58.462   396   452 I vw-vhal : CanSignalsAdapter::notifyVehicleProperty: solvedValue = {.timestamp = 235002077359, .areaId = 0, .prop = 557924698, .status = AVAILABLE, .value = {.int32Values = [11]{0, 0, 0, 0, 0, 0, 0, 0, 0, 0, 0}, .floatValues = [0]{}, .int64Values = [0]{}, .bytes = [0]{}, .stringValue = ""}}
01-30 10:35:58.462   396   452 I VehiclePropertyStore: begin to write value to Store: {.timestamp = 235002077359, .areaId = 0, .prop = 557924698, .status = AVAILABLE, .value = {.int32Values = [11]{0, 0, 0, 0, 0, 0, 0, 0, 0, 0, 0}, .floatValues = [0]{}, .int64Values = [0]{}, .bytes = [0]{}, .stringValue = ""}}
01-30 10:35:58.463   396   452 I DefaultVehicleHal_v2_0: DefaultVehicleHal::onPropertyValue, value:{.timestamp = 235002077359, .areaId = 0, .prop = 557924698, .status = AVAILABLE, .value = {.int32Values = [11]{0, 0, 0, 0, 0, 0, 0, 0, 0, 0, 0}, .floatValues = [0]{}, .int64Values = [0]{}, .bytes = [0]{}, .stringValue = ""}}
01-30 10:35:58.463   396   452 I VehiclePropertyStore: begin to write value to Store: {.timestamp = 235002077359, .areaId = 0, .prop = 557924698, .status = AVAILABLE, .value = {.int32Values = [11]{0, 0, 0, 0, 0, 0, 0, 0, 0, 0, 0}, .floatValues = [0]{}, .int64Values = [0]{}, .bytes = [0]{}, .stringValue = ""}}
01-30 10:35:58.463   396   452 D adayocomadapter-CommunicationManager: onUpstreamReceive mPropertyId 0x2141415a
01-30 10:35:58.463   396   452 D adayocomadapter-CommunicationManager: onUpstreamReceive mPropertyId 0x2141415d
01-30 10:35:58.463   396   452 D adayocomadapter-CommunicationManager: convertBytesToInt32Memcpy  0
01-30 10:35:58.463   396   452 I vw-vhal : notifyVehicleProperty, propId = 0x2141415d, data = {status: 2, int32Values: [0]}
01-30 10:35:58.463   396   452 I vw-vhal : CanSignalsAdapter::notifyDiagProperty: propId = 0x2141415d, data = {status: 2, int32Values: [0]}
01-30 10:35:58.463   396   452 I vw-vhal : CanSignalsAdapter::notifyVehicleProperty: solvedValue = {.timestamp = 235002292026, .areaId = 0, .prop = 557924701, .status = AVAILABLE, .value = {.int32Values = [1]{0}, .floatValues = [0]{}, .int64Values = [0]{}, .bytes = [0]{}, .stringValue = ""}}
01-30 10:35:58.463   396   452 I VehiclePropertyStore: begin to write value to Store: {.timestamp = 235002292026, .areaId = 0, .prop = 557924701, .status = AVAILABLE, .value = {.int32Values = [1]{0}, .floatValues = [0]{}, .int64Values = [0]{}, .bytes = [0]{}, .stringValue = ""}}
01-30 10:35:58.463   396   452 I DefaultVehicleHal_v2_0: DefaultVehicleHal::onPropertyValue, value:{.timestamp = 235002292026, .areaId = 0, .prop = 557924701, .status = AVAILABLE, .value = {.int32Values = [1]{0}, .floatValues = [0]{}, .int64Values = [0]{}, .bytes = [0]{}, .stringValue = ""}}
01-30 10:35:58.463   396   452 D DefaultVehicleHal_v2_0: onPropertyValue: Diagnostic request property: 0x2141415d
01-30 10:35:58.463   396   452 I VehiclePropertyStore: begin to write value to Store: {.timestamp = 235002292026, .areaId = 0, .prop = 557924701, .status = AVAILABLE, .value = {.int32Values = [1]{0}, .floatValues = [0]{}, .int64Values = [0]{}, .bytes = [0]{}, .stringValue = ""}}
01-30 10:35:58.463   396   452 D adayocomadapter-CommunicationManager: onUpstreamReceive mPropertyId 0x2141415d
01-30 10:35:58.463   396   452 D adayocomadapter-CommunicationManager: onUpstreamReceive mPropertyId 0x21414157
01-30 10:35:58.463   396   452 I vw-vhal : notifyVehicleProperty, propId = 0x21414157, data = {status: 2, int32Values: [74, 80, 49, 48, 51, 53, 49, 53, 50, 66, 32]}
01-30 10:35:58.463   396   452 I vw-vhal : CanSignalsAdapter::notifyDiagProperty: propId = 0x21414157, data = {status: 2, int32Values: [74, 80, 49, 48, 51, 53, 49, 53, 50, 66, 32]}
01-30 10:35:58.463   396   452 I vw-vhal : CanSignalsAdapter::notifyVehicleProperty: solvedValue = {.timestamp = 235002507359, .areaId = 0, .prop = 557924695, .status = AVAILABLE, .value = {.int32Values = [11]{74, 80, 49, 48, 51, 53, 49, 53, 50, 66, 32}, .floatValues = [0]{}, .int64Values = [0]{}, .bytes = [0]{}, .stringValue = ""}}
01-30 10:35:58.463   396   452 I VehiclePropertyStore: begin to write value to Store: {.timestamp = 235002507359, .areaId = 0, .prop = 557924695, .status = AVAILABLE, .value = {.int32Values = [11]{74, 80, 49, 48, 51, 53, 49, 53, 50, 66, 32}, .floatValues = [0]{}, .int64Values = [0]{}, .bytes = [0]{}, .stringValue = ""}}
01-30 10:35:58.463   396   452 I DefaultVehicleHal_v2_0: DefaultVehicleHal::onPropertyValue, value:{.timestamp = 235002507359, .areaId = 0, .prop = 557924695, .status = AVAILABLE, .value = {.int32Values = [11]{74, 80, 49, 48, 51, 53, 49, 53, 50, 66, 32}, .floatValues = [0]{}, .int64Values = [0]{}, .bytes = [0]{}, .stringValue = ""}}
01-30 10:35:58.463   396   452 D DefaultVehicleHal_v2_0: onPropertyValue: Diagnostic config property: 0x21414157
01-30 10:35:58.463   396   452 D DiagPropHandler: Processing request for prop: 0x21414157
01-30 10:35:58.463   396   452 D DiagPropHandler: String length: 11, size = 11
