01-30 10:35:55.967   396   452 D adayocomadapter-CommunicationManager: onUpstreamReceive mPropertyId 0x2140216e
01-30 10:35:55.967   396   452 D adayocomadapter-CommunicationManager: onUpstreamReceive mPropertyId 0x21402170
01-30 10:35:55.967   396   452 D adayocomadapter-CommunicationManager: convertBytesToInt32Memcpy  0
01-30 10:35:55.967   396   452 I vw-vhal : notifyVehicleProperty, propId = 0x21402170, data = {status: 2, int32Values: [0]}
01-30 10:35:55.967   396   452 I vw-vhal : CanSignalsAdapter::notifyVehicleProperty: solvedValue = {.timestamp = 232507090026, .areaId = 0, .prop = 557850992, .status = AVAILABLE, .value = {.int32Values = [1]{0}, .floatValues = [0]{}, .int64Values = [0]{}, .bytes = [0]{}, .stringValue = ""}}
01-30 10:35:55.967   396   452 I VehiclePropertyStore: begin to write value to Store: {.timestamp = 232507090026, .areaId = 0, .prop = 557850992, .status = AVAILABLE, .value = {.int32Values = [1]{0}, .floatValues = [0]{}, .int64Values = [0]{}, .bytes = [0]{}, .stringValue = ""}}
01-30 10:35:55.968   396   452 I DefaultVehicleHal_v2_0: DefaultVehicleHal::onPropertyValue, value:{.timestamp = 232507090026, .areaId = 0, .prop = 557850992, .status = AVAILABLE, .value = {.int32Values = [1]{0}, .floatValues = [0]{}, .int64Values = [0]{}, .bytes = [0]{}, .stringValue = ""}}
01-30 10:35:55.968   396   452 I VehiclePropertyStore: begin to write value to Store: {.timestamp = 232507090026, .areaId = 0, .prop = 557850992, .status = AVAILABLE, .value = {.int32Values = [1]{0}, .floatValues = [0]{}, .int64Values = [0]{}, .bytes = [0]{}, .stringValue = ""}}
01-30 10:35:55.968   396   452 D adayocomadapter-CommunicationManager: onUpstreamReceive mPropertyId 0x21402170
01-30 10:35:55.968   396   452 D adayocomadapter-CommunicationManager: onUpstreamReceive mPropertyId 0x21402172
01-30 10:35:55.968   396   452 D adayocomadapter-CommunicationManager: convertBytesToInt32Memcpy  0
01-30 10:35:55.968   396   452 I vw-vhal : notifyVehicleProperty, propId = 0x21402172, data = {status: 2, int32Values: [0]}
01-30 10:35:55.968   396   452 I vw-vhal : CanSignalsAdapter::notifyVehicleProperty: solvedValue = {.timestamp = 232507272026, .areaId = 0, .prop = 557850994, .status = AVAILABLE, .value = {.int32Values = [1]{0}, .floatValues = [0]{}, .int64Values = [0]{}, .bytes = [0]{}, .stringValue = ""}}
01-30 10:35:55.968   396   452 I VehiclePropertyStore: begin to write value to Store: {.timestamp = 232507272026, .areaId = 0, .prop = 557850994, .status = AVAILABLE, .value = {.int32Values = [1]{0}, .floatValues = [0]{}, .int64Values = [0]{}, .bytes = [0]{}, .stringValue = ""}}
01-30 10:35:55.968   396   452 I DefaultVehicleHal_v2_0: DefaultVehicleHal::onPropertyValue, value:{.timestamp = 232507272026, .areaId = 0, .prop = 557850994, .status = AVAILABLE, .value = {.int32Values = [1]{0}, .floatValues = [0]{}, .int64Values = [0]{}, .bytes = [0]{}, .stringValue = ""}}
01-30 10:35:55.968   396   452 I VehiclePropertyStore: begin to write value to Store: {.timestamp = 232507272026, .areaId = 0, .prop = 557850994, .status = AVAILABLE, .value = {.int32Values = [1]{0}, .floatValues = [0]{}, .int64Values = [0]{}, .bytes = [0]{}, .stringValue = ""}}
01-30 10:35:55.968   396   452 D adayocomadapter-CommunicationManager: onUpstreamReceive mPropertyId 0x21402172
01-30 10:35:55.968   396   452 D adayocomadapter-CommunicationManager: onUpstreamReceive mPropertyId 0x21402174
01-30 10:35:55.968   396   452 D adayocomadapter-CommunicationManager: convertBytesToInt32Memcpy  0
01-30 10:35:55.968   396   452 I vw-vhal : notifyVehicleProperty, propId = 0x21402174, data = {status: 2, int32Values: [0]}
01-30 10:35:55.968   396   452 I vw-vhal : CanSignalsAdapter::notifyVehicleProperty: solvedValue = {.timestamp = 232507461359, .areaId = 0, .prop = 557850996, .status = AVAILABLE, .value = {.int32Values = [1]{0}, .floatValues = [0]{}, .int64Values = [0]{}, .bytes = [0]{}, .stringValue = ""}}
01-30 10:35:55.968   396   452 I VehiclePropertyStore: begin to write value to Store: {.timestamp = 232507461359, .areaId = 0, .prop = 557850996, .status = AVAILABLE, .value = {.int32Values = [1]{0}, .floatValues = [0]{}, .int64Values = [0]{}, .bytes = [0]{}, .stringValue = ""}}
01-30 10:35:55.968   396   452 I DefaultVehicleHal_v2_0: DefaultVehicleHal::onPropertyValue, value:{.timestamp = 232507461359, .areaId = 0, .prop = 557850996, .status = AVAILABLE, .value = {.int32Values = [1]{0}, .floatValues = [0]{}, .int64Values = [0]{}, .bytes = [0]{}, .stringValue = ""}}
01-30 10:35:55.968   396   452 I VehiclePropertyStore: begin to write value to Store: {.timestamp = 232507461359, .areaId = 0, .prop = 557850996, .status = AVAILABLE, .value = {.int32Values = [1]{0}, .floatValues = [0]{}, .int64Values = [0]{}, .bytes = [0]{}, .stringValue = ""}}
01-30 10:35:55.968   396   452 D adayocomadapter-CommunicationManager: onUpstreamReceive mPropertyId 0x21402174
01-30 10:35:55.968   396   452 D adayocomadapter-CommunicationManager: onUpstreamReceive mPropertyId 0x21402176
01-30 10:35:55.970   396   452 D adayocomadapter-CommunicationManager: convertBytesToInt32Memcpy  0
01-30 10:35:55.970   396   452 I vw-vhal : notifyVehicleProperty, propId = 0x21402176, data = {status: 2, int32Values: [0]}
01-30 10:35:55.970   396   452 I vw-vhal : CanSignalsAdapter::notifyVehicleProperty: solvedValue = {.timestamp = 232509892692, .areaId = 0, .prop = 557850998, .status = AVAILABLE, .value = {.int32Values = [1]{0}, .floatValues = [0]{}, .int64Values = [0]{}, .bytes = [0]{}, .stringValue = ""}}
01-30 10:35:55.970   396   452 I VehiclePropertyStore: begin to write value to Store: {.timestamp = 232509892692, .areaId = 0, .prop = 557850998, .status = AVAILABLE, .value = {.int32Values = [1]{0}, .floatValues = [0]{}, .int64Values = [0]{}, .bytes = [0]{}, .stringValue = ""}}
01-30 10:35:55.970   396   452 I DefaultVehicleHal_v2_0: DefaultVehicleHal::onPropertyValue, value:{.timestamp = 232509892692, .areaId = 0, .prop = 557850998, .status = AVAILABLE, .value = {.int32Values = [1]{0}, .floatValues = [0]{}, .int64Values = [0]{}, .bytes = [0]{}, .stringValue = ""}}
01-30 10:35:55.970   396   452 I VehiclePropertyStore: begin to write value to Store: {.timestamp = 232509892692, .areaId = 0, .prop = 557850998, .status = AVAILABLE, .value = {.int32Values = [1]{0}, .floatValues = [0]{}, .int64Values = [0]{}, .bytes = [0]{}, .stringValue = ""}}
01-30 10:35:55.970   396   452 D adayocomadapter-CommunicationManager: onUpstreamReceive mPropertyId 0x21402176
01-30 10:35:55.970   396   452 D adayocomadapter-CommunicationManager: onUpstreamReceive mPropertyId 0x21402178
01-30 10:35:55.970   396   452 D adayocomadapter-CommunicationManager: convertBytesToInt32Memcpy  0
01-30 10:35:55.970   396   452 I vw-vhal : notifyVehicleProperty, propId = 0x21402178, data = {status: 2, int32Values: [0]}
01-30 10:35:55.971   396   452 I vw-vhal : CanSignalsAdapter::notifyVehicleProperty: solvedValue = {.timestamp = 232510146359, .areaId = 0, .prop = 557851000, .status = AVAILABLE, .value = {.int32Values = [1]{0}, .floatValues = [0]{}, .int64Values = [0]{}, .bytes = [0]{}, .stringValue = ""}}
01-30 10:35:55.971   396   452 I VehiclePropertyStore: begin to write value to Store: {.timestamp = 232510146359, .areaId = 0, .prop = 557851000, .status = AVAILABLE, .value = {.int32Values = [1]{0}, .floatValues = [0]{}, .int64Values = [0]{}, .bytes = [0]{}, .stringValue = ""}}
01-30 10:35:55.971   396   452 I DefaultVehicleHal_v2_0: DefaultVehicleHal::onPropertyValue, value:{.timestamp = 232510146359, .areaId = 0, .prop = 557851000, .status = AVAILABLE, .value = {.int32Values = [1]{0}, .floatValues = [0]{}, .int64Values = [0]{}, .bytes = [0]{}, .stringValue = ""}}
01-30 10:35:55.971   396   452 I VehiclePropertyStore: begin to write value to Store: {.timestamp = 232510146359, .areaId = 0, .prop = 557851000, .status = AVAILABLE, .value = {.int32Values = [1]{0}, .floatValues = [0]{}, .int64Values = [0]{}, .bytes = [0]{}, .stringValue = ""}}
01-30 10:35:55.971   396   452 D adayocomadapter-CommunicationManager: onUpstreamReceive mPropertyId 0x21402178
01-30 10:35:55.971   396   452 D adayocomadapter-CommunicationManager: onUpstreamReceive mPropertyId 0x2140205e
01-30 10:35:55.971   396   452 D adayocomadapter-CommunicationManager: convertBytesToInt32Memcpy  0
01-30 10:35:55.971   396   452 I vw-vhal : notifyVehicleProperty, propId = 0x2140205e, data = {status: 2, int32Values: [0]}
01-30 10:35:55.971   396   452 I vw-vhal : CanSignalsAdapter::notifyVehicleProperty: solvedValue = {.timestamp = 232510344692, .areaId = 0, .prop = 557850718, .status = AVAILABLE, .value = {.int32Values = [1]{0}, .floatValues = [0]{}, .int64Values = [0]{}, .bytes = [0]{}, .stringValue = ""}}
01-30 10:35:55.971   396   452 I VehiclePropertyStore: begin to write value to Store: {.timestamp = 232510344692, .areaId = 0, .prop = 557850718, .status = AVAILABLE, .value = {.int32Values = [1]{0}, .floatValues = [0]{}, .int64Values = [0]{}, .bytes = [0]{}, .stringValue = ""}}
01-30 10:35:55.971   396   452 I DefaultVehicleHal_v2_0: DefaultVehicleHal::onPropertyValue, value:{.timestamp = 232510344692, .areaId = 0, .prop = 557850718, .status = AVAILABLE, .value = {.int32Values = [1]{0}, .floatValues = [0]{}, .int64Values = [0]{}, .bytes = [0]{}, .stringValue = ""}}
01-30 10:35:55.971   396   452 I VehiclePropertyStore: begin to write value to Store: {.timestamp = 232510344692, .areaId = 0, .prop = 557850718, .status = AVAILABLE, .value = {.int32Values = [1]{0}, .floatValues = [0]{}, .int64Values = [0]{}, .bytes = [0]{}, .stringValue = ""}}
01-30 10:35:55.971   396   452 D adayocomadapter-CommunicationManager: onUpstreamReceive mPropertyId 0x2140205e
01-30 10:35:55.971   396   452 D adayocomadapter-CommunicationManager: onUpstreamReceive mPropertyId 0x2140217a
01-30 10:35:55.971   396   452 D adayocomadapter-CommunicationManager: convertBytesToInt32Memcpy  0
01-30 10:35:55.971   396   452 I vw-vhal : notifyVehicleProperty, propId = 0x2140217a, data = {status: 2, int32Values: [0]}
01-30 10:35:55.971   396   452 I vw-vhal : CanSignalsAdapter::notifyVehicleProperty: solvedValue = {.timestamp = 232510544026, .areaId = 0, .prop = 557851002, .status = AVAILABLE, .value = {.int32Values = [1]{0}, .floatValues = [0]{}, .int64Values = [0]{}, .bytes = [0]{}, .stringValue = ""}}
01-30 10:35:55.971   396   452 I VehiclePropertyStore: begin to write value to Store: {.timestamp = 232510544026, .areaId = 0, .prop = 557851002, .status = AVAILABLE, .value = {.int32Values = [1]{0}, .floatValues = [0]{}, .int64Values = [0]{}, .bytes = [0]{}, .stringValue = ""}}
01-30 10:35:55.971   396   452 I DefaultVehicleHal_v2_0: DefaultVehicleHal::onPropertyValue, value:{.timestamp = 232510544026, .areaId = 0, .prop = 557851002, .status = AVAILABLE, .value = {.int32Values = [1]{0}, .floatValues = [0]{}, .int64Values = [0]{}, .bytes = [0]{}, .stringValue = ""}}
01-30 10:35:55.971   396   452 I VehiclePropertyStore: begin to write value to Store: {.timestamp = 232510544026, .areaId = 0, .prop = 557851002, .status = AVAILABLE, .value = {.int32Values = [1]{0}, .floatValues = [0]{}, .int64Values = [0]{}, .bytes = [0]{}, .stringValue = ""}}
01-30 10:35:55.971   396   452 D adayocomadapter-CommunicationManager: onUpstreamReceive mPropertyId 0x2140217a
01-30 10:35:55.971   396   452 D adayocomadapter-CommunicationManager: onUpstreamReceive mPropertyId 0x21402207
01-30 10:35:55.971   396   452 D adayocomadapter-CommunicationManager: convertBytesToInt32Memcpy  0
01-30 10:35:55.971   396   452 I vw-vhal : notifyVehicleProperty, propId = 0x21402207, data = {status: 2, int32Values: [0]}
01-30 10:35:55.971   396   452 I vw-vhal : CanSignalsAdapter::notifyVehicleProperty: solvedValue = {.timestamp = 232510767026, .areaId = 0, .prop = 557851143, .status = AVAILABLE, .value = {.int32Values = [1]{0}, .floatValues = [0]{}, .int64Values = [0]{}, .bytes = [0]{}, .stringValue = ""}}
01-30 10:35:55.971   396   452 I VehiclePropertyStore: begin to write value to Store: {.timestamp = 232510767026, .areaId = 0, .prop = 557851143, .status = AVAILABLE, .value = {.int32Values = [1]{0}, .floatValues = [0]{}, .int64Values = [0]{}, .bytes = [0]{}, .stringValue = ""}}
01-30 10:35:55.971   396   452 I DefaultVehicleHal_v2_0: DefaultVehicleHal::onPropertyValue, value:{.timestamp = 232510767026, .areaId = 0, .prop = 557851143, .status = AVAILABLE, .value = {.int32Values = [1]{0}, .floatValues = [0]{}, .int64Values = [0]{}, .bytes = [0]{}, .stringValue = ""}}
01-30 10:35:55.971   851  1825 I WifiService: getVerboseLoggingLevel uid=1000
01-30 10:35:55.971   396   452 I VehiclePropertyStore: begin to write value to Store: {.timestamp = 232510767026, .areaId = 0, .prop = 557851143, .status = AVAILABLE, .value = {.int32Values = [1]{0}, .floatValues = [0]{}, .int64Values = [0]{}, .bytes = [0]{}, .stringValue = ""}}
01-30 10:35:55.972   396   452 D adayocomadapter-CommunicationManager: onUpstreamReceive mPropertyId 0x21402207
01-30 10:35:55.972   396   452 D adayocomadapter-CommunicationManager: onUpstreamReceive mPropertyId 0x2140217c
01-30 10:35:55.972   396   452 D adayocomadapter-CommunicationManager: convertBytesToInt32Memcpy  0
01-30 10:35:55.972   396   452 I vw-vhal : notifyVehicleProperty, propId = 0x2140217c, data = {status: 2, int32Values: [0]}
01-30 10:35:55.972   396   452 I vw-vhal : CanSignalsAdapter::notifyVehicleProperty: solvedValue = {.timestamp = 232511275026, .areaId = 0, .prop = 557851004, .status = AVAILABLE, .value = {.int32Values = [1]{0}, .floatValues = [0]{}, .int64Values = [0]{}, .bytes = [0]{}, .stringValue = ""}}
01-30 10:35:55.972   396   452 I VehiclePropertyStore: begin to write value to Store: {.timestamp = 232511275026, .areaId = 0, .prop = 557851004, .status = AVAILABLE, .value = {.int32Values = [1]{0}, .floatValues = [0]{}, .int64Values = [0]{}, .bytes = [0]{}, .stringValue = ""}}
01-30 10:35:55.972   396   452 I DefaultVehicleHal_v2_0: DefaultVehicleHal::onPropertyValue, value:{.timestamp = 232511275026, .areaId = 0, .prop = 557851004, .status = AVAILABLE, .value = {.int32Values = [1]{0}, .floatValues = [0]{}, .int64Values = [0]{}, .bytes = [0]{}, .stringValue = ""}}
01-30 10:35:55.972   396   452 I VehiclePropertyStore: begin to write value to Store: {.timestamp = 232511275026, .areaId = 0, .prop = 557851004, .status = AVAILABLE, .value = {.int32Values = [1]{0}, .floatValues = [0]{}, .int64Values = [0]{}, .bytes = [0]{}, .stringValue = ""}}
01-30 10:35:55.972   396   452 D adayocomadapter-CommunicationManager: onUpstreamReceive mPropertyId 0x2140217c
01-30 10:35:55.972   396   452 D adayocomadapter-CommunicationManager: onUpstreamReceive mPropertyId 0x214021df
01-30 10:35:55.972   396   452 D adayocomadapter-CommunicationManager: convertBytesToInt32Memcpy  0
01-30 10:35:55.972   396   452 I vw-vhal : notifyVehicleProperty, propId = 0x214021df, data = {status: 2, int32Values: [0]}
01-30 10:35:55.972   396   452 I vw-vhal : CanSignalsAdapter::notifyVehicleProperty: solvedValue = {.timestamp = 232511549692, .areaId = 0, .prop = 557851103, .status = AVAILABLE, .value = {.int32Values = [1]{0}, .floatValues = [0]{}, .int64Values = [0]{}, .bytes = [0]{}, .stringValue = ""}}
01-30 10:35:55.972   396   452 I VehiclePropertyStore: begin to write value to Store: {.timestamp = 232511549692, .areaId = 0, .prop = 557851103, .status = AVAILABLE, .value = {.int32Values = [1]{0}, .floatValues = [0]{}, .int64Values = [0]{}, .bytes = [0]{}, .stringValue = ""}}
01-30 10:35:55.972   396   452 I DefaultVehicleHal_v2_0: DefaultVehicleHal::onPropertyValue, value:{.timestamp = 232511549692, .areaId = 0, .prop = 557851103, .status = AVAILABLE, .value = {.int32Values = [1]{0}, .floatValues = [0]{}, .int64Values = [0]{}, .bytes = [0]{}, .stringValue = ""}}
01-30 10:35:55.972   396   452 I VehiclePropertyStore: begin to write value to Store: {.timestamp = 232511549692, .areaId = 0, .prop = 557851103, .status = AVAILABLE, .value = {.int32Values = [1]{0}, .floatValues = [0]{}, .int64Values = [0]{}, .bytes = [0]{}, .stringValue = ""}}
01-30 10:35:55.972 12720 12720 I CarPlay_Service: getWifiApConfiguration(WiFiHotspotController.java:177)getWifiApConfiguration
01-30 10:35:55.972   396   452 D adayocomadapter-CommunicationManager: onUpstreamReceive mPropertyId 0x214021df
01-30 10:35:55.972 12720 12720 I CarPlay_Service: getWifiApConfiguration(WiFiHotspotController.java:179) sdkInit:34 read:28
01-30 10:35:55.972 12720 12720 I CarPlay_Service: getSoftApConfiguration(WiFiHotspotController.java:118)getSoftApConfiguration
01-30 10:35:55.973   851  1825 I WifiService: getSoftApConfiguration uid=1000
01-30 10:35:55.973   652  2032 I audio_hw_streamer: 569 capture_thread_loop: select [ch 8 -> ch 4] [15360 -> 7680] bytes data 
01-30 10:35:55.970  1279  1279 I auditd  : type=1400 audit(0.0:18432): avc:  denied  { read } for  comm="CarPopupManagem" name="u:object_r:bootanim_system_prop:s0" dev="tmpfs" ino=100 scontext=u:r:carservice_app:s0 tcontext=u:object_r:bootanim_system_prop:s0 tclass=file permissive=0
01-30 10:35:55.970  1279  1279 W CarPopupManagem: type=1400 audit(0.0:18432): avc:  denied  { read } for  name="u:object_r:bootanim_system_prop:s0" dev="tmpfs" ino=100 scontext=u:r:carservice_app:s0 tcontext=u:object_r:bootanim_system_prop:s0 tclass=file permissive=0
01-30 10:35:55.974  1279  1340 W libc    : Access denied finding property "service.bootanim.exit"
01-30 10:35:55.974  1279  1340 I CarPopupManagementService: VIN popup delayed, waiting for boot animation exit.
01-30 10:35:55.979 12720 12720 I CarPlay_Service: getSoftApConfiguration(WiFiHotspotController.java:132)SoftApConfiguration.SSID: JETTA WLAN 001
01-30 10:35:55.979 12720 12720 I CarPlay_Service: getSoftApConfiguration(WiFiHotspotController.java:133)SoftApConfiguration.prePassphrase: 6bjkwY6pjSEZThb
01-30 10:35:55.979 12720 12720 I CarPlay_Service: getSoftApConfiguration(WiFiHotspotController.java:134)SoftApConfiguration.securityType: 2
01-30 10:35:55.980 12720 12720 I CarPlay_Service: getSoftApConfiguration(WiFiHotspotController.java:135)SoftApConfiguration.apChannel: 149
01-30 10:35:55.986 12720 12720 D CarPlay_Service: getHistoryDevices(CarPlayAdapterStates.java:553)getHistoryDevices sdkAdapter
01-30 10:35:55.986 12720 12720 I CarPlay_Service: start(BluetoothEventDetect.java:223)new device:the size of historyCpDevices is zero, connect bt.
01-30 10:35:55.987 12720 12720 I CarPlay_Service: init(DialogManager.java:115)init
01-30 10:35:55.988 12720 12720 D CarPlay_Service: onBind(CarPlayService.java:1227)onBind
01-30 10:35:55.989  1602  1602 I CarPlayServerProxy: onServiceConnected jarVersion:CarPlayProxy-20250227_1.0.7.jar
01-30 10:35:55.989  1602  1602 D v251013.1_CM_CarPlayCM: onServiceConnected()
01-30 10:35:55.990 12720 12720 D navi-libSdk-J01-Sdk: onServiceConnected: name-ComponentInfo{com.fawvw.vehicle.navi.j01app/com.neusoft.navi.service.NaviService},service-android.os.BinderProxy@44ca7d3
01-30 10:35:55.991  1602  1602 I CarPlayServerProxy: instance:com.adayo.carplay.proxy.ICarPlayProxy$Stub$Proxy@c03fc12
01-30 10:35:55.992 12720 12720 D navi-libSdk-J01-NaviSdk: reServiceConnected: mSearchResultListener-null,mMapStatusUpdateListener-com.adayo.carplayadapter.master.SystemAdapterImpl$1@c03fc12,mPositionInfoListener-null,mNaviInfoListener-null,mRrouteLineCountChangeListener-null,mHomeAndCompanyChangeListener-null,mCityChangeListener-null,mUrgentLocationInfoListener-null
01-30 10:35:55.992 12720 12720 D navi-libSdk-J01-NaviSdk: registerNaviStatusChangeCallback: callback-com.adayo.carplayadapter.master.SystemAdapterImpl$1@c03fc12,getProxy()-com.faw.navi.libsdk.IShareDataInterface$Stub$Proxy@ff7ef10
01-30 10:35:55.992 12720 12720 D navi-libSdk-J01-Sdk: isServiceConnected: true
01-30 10:35:55.993  2310  2325 D navi-libSdk-J01-ShareDataBinder: openNavigationSettings：地图加载完
01-30 10:35:55.993   652  2032 I audio_hw_streamer: 569 capture_thread_loop: select [ch 8 -> ch 4] [15360 -> 7680] bytes data 
01-30 10:35:55.994  2310  2310 D navi-libSdk-J01-NaviServiceManager: run(NaviServiceManager.java:4344) openNavigationSettings pid-12720
01-30 10:35:55.994 12720 12720 D DataCollectManager: onServiceConnected name: ComponentInfo{com.fawvw.mw.datacollection/com.fawvw.mw.datacollection.DataCollectionService}
01-30 10:35:55.994  2310  2310 D navi-libSdk-J01-NaviServiceManager: notifyExactPushFragment 
01-30 10:35:55.994  1279  1326 D CAR.DIAGNOSTIC: Entry - Type: 0x01, ServiceId: 0x2061, InstanceId: 0x0001, MajorVersion: 0x01FFFFFF, TTL: 0
01-30 10:35:55.994  1279  1326 W CAR.DIAGNOSTIC: Not enough data for option indices: needed 64, remaining 32
01-30 10:35:55.994  1279  1324 D CAR.DIAGNOSTIC: Entry - Type: 0x01, ServiceId: 0x2061, InstanceId: 0x0001, MajorVersion: 0x01FFFFFF, TTL: 0
01-30 10:35:55.994  1279  1324 W CAR.DIAGNOSTIC: Not enough data for option indices: needed 64, remaining 32
01-30 10:35:55.994  1279  1329 D CAR.DIAGNOSTIC: Entry - Type: 0x01, ServiceId: 0x2061, InstanceId: 0x0001, MajorVersion: 0x01FFFFFF, TTL: 0
01-30 10:35:55.994  1279  1329 W CAR.DIAGNOSTIC: Not enough data for option indices: needed 64, remaining 32
01-30 10:35:55.995 12774 12774 I ADAYO_NETWORK_PING: PING 8.8.8.8 (8.8.8.8) from 192.168.16.3 vlan_16: 56(84) bytes of data.
01-30 10:35:55.995 12774 12774 I ADAYO_NETWORK_PING: 64 bytes from 8.8.8.8: icmp_seq=1 ttl=57 time=137 ms
01-30 10:35:55.995 12774 12774 I ADAYO_NETWORK_PING: 
01-30 10:35:55.995 12774 12774 I ADAYO_NETWORK_PING: --- 8.8.8.8 ping statistics ---
01-30 10:35:55.995 12774 12774 I ADAYO_NETWORK_PING: 1 packets transmitted, 1 received, 0% packet loss, time 0ms
01-30 10:35:55.995 12774 12774 I ADAYO_NETWORK_PING: rtt min/avg/max/mdev = 137.014/137.014/137.014/0.000 ms
01-30 10:35:55.995 12720 12720 I CarPlay_Service: onManagerServiceConnect(CarPlayAdapterManager.java:438)onManagerServiceConnect
01-30 10:35:55.998 12720 12720 E DataCollectManager: eventId = carplay, data = {"dataCollectionApp":"app_init"}
01-30 10:35:56.002  1578  1599 E BpDataReceiver: Invalid vin, reject data
01-30 10:35:56.003 12720 12720 D DataCollectManager: cache data is empty, need not upload cache
01-30 10:35:56.005   584  1266 E WifiHAL : Invalid data received from driver
01-30 10:35:56.005   584  1266 E WifiHAL : Invalid data received from driver
01-30 10:35:56.005   584  1266 E WifiHAL : Invalid data received from driver
01-30 10:35:56.005   584  1266 E WifiHAL : Invalid data received from driver
01-30 10:35:56.005   584  1266 E WifiHAL : Invalid data received from driver
01-30 10:35:56.005   584  1266 E WifiHAL : Invalid data received from driver
01-30 10:35:56.005   584  1266 E WifiHAL : Invalid data received from driver
01-30 10:35:56.013   652  2032 I audio_hw_streamer: 569 capture_thread_loop: select [ch 8 -> ch 4] [15360 -> 7680] bytes data 
01-30 10:35:56.013   582 12776 I resolv  : GetHostByNameHandler::run: {106 786538 106 983146 0 0}
01-30 10:35:56.013   582 12776 D resolv  : res_nquerydomain: (null, 1, 1)
01-30 10:35:56.013   582 12776 D resolv  : res_nquery: (1, 1)
01-30 10:35:56.013   582 12776 I resolv  : res_nmkquery: (QUERY, IN, A)
01-30 10:35:56.013   582 12776 D resolv  : res_nsend
01-30 10:35:56.014   582 12776 D resolv  : resolv_cache_lookup: lookup
01-30 10:35:56.014   582 12776 D resolv  : resolv_cache_lookup: NOT IN CACHE
01-30 10:35:56.014   582 12776 D resolv  : resolv_populate_res_for_net: netid=106
01-30 10:35:56.014   582 12776 D resolv  : res_stats_usable_server: NS stats: S 46 + E 0 + T 18 + I 0 = 64, rtt = 531, min_samples = 8
01-30 10:35:56.014   582 12776 D resolv  : res_stats_usable_server: success rate 71
01-30 10:35:56.014   582 12776 D resolv  : res_nsend: Querying server (# 1) address = 192.168.137.1:53
01-30 10:35:56.014   582 12776 D resolv  : send_dg: new DG socket
01-30 10:35:56.014   582 12776 D resolv  : get_timeout: using timeout of 5000 msec
01-30 10:35:56.015   582 12776 D resolv  : retrying_poll: 49 retrying_poll
01-30 10:35:56.022   706   722 D sde     : [SDE::zipArchiveFolder]  Debug: property_set persist.sde.last.number success
01-30 10:35:56.023   706   722 D sde     : [SDE::deleteFolder]  Debug: deleteFolder :data/sde/crash_12243_com.fawvw.intelligentmodeservice_20260130_103555
01-30 10:35:56.023   706   722 D sde     : [SDE::hasEnoughSpace]  Debug: avaiPercent = 89, limitPercent = 90
01-30 10:35:56.023   706   722 D sde     : [SDE::CreateFolder]  Debug: CreateFolder type :crash ,pid :12285, package :com.adayo.carplay ,tombstone :
01-30 10:35:56.023   706   722 D sde     : [SDE::CreateFolder]  Debug: logpath : data/sde/crash_12285_com.adayo.carplay_20260130_103556
01-30 10:35:56.023   706   722 D sde     : [SDE::CollectExceptionMessage]  Debug: CreateFolder = data/sde/crash_12285_com.adayo.carplay_20260130_103556 
01-30 10:35:56.024   706   722 D sde     : [SDE::CatchLog]  Debug: CatchLog : crash,data/sde/crash_12285_com.adayo.carplay_20260130_103556
01-30 10:35:56.024   706   722 D sde     : [SDE::CatchJE]  Debug: CatchJE data/sde/crash_12285_com.adayo.carplay_20260130_103556
01-30 10:35:56.033   652  2032 I audio_hw_streamer: 569 capture_thread_loop: select [ch 8 -> ch 4] [15360 -> 7680] bytes data 
01-30 10:35:56.053   652  2032 I audio_hw_streamer: 569 capture_thread_loop: select [ch 8 -> ch 4] [15360 -> 7680] bytes data 
01-30 10:35:56.059   584  1266 E WifiHAL : Invalid data received from driver
01-30 10:35:56.073   652  2032 I audio_hw_streamer: 569 capture_thread_loop: select [ch 8 -> ch 4] [15360 -> 7680] bytes data 
01-30 10:35:56.093   652  2032 I audio_hw_streamer: 569 capture_thread_loop: select [ch 8 -> ch 4] [15360 -> 7680] bytes data 
01-30 10:35:56.106   851   851 D ResponseStatsTracker: notification:+3m52s442ms; event=<updated>, pkg=com.adayo.carplay, usr=0
01-30 10:35:56.108   851   851 D NotificationService: 0|com.adayo.carplay|1|null|1000: updating permissions
01-30 10:35:56.109   851   851 D NotificationService: 0|com.adayo.carplay|1|null|1000: updating permissions
01-30 10:35:56.109   851   851 D NotificationService: 0|com.adayo.carplay|1|null|1000: updating permissions
01-30 10:35:56.109   851   851 D NotificationService: 0|com.adayo.carplay|1|null|1000: updating permissions
01-30 10:35:56.109   851   851 D NotificationService: 0|com.adayo.carplay|1|null|1000: updating permissions
01-30 10:35:56.110   851   851 D NotificationService: 0|com.adayo.carplay|1|null|1000: updating permissions
01-30 10:35:56.110   851   851 D NotificationService: 0|com.adayo.carplay|1|null|1000: updating permissions
01-30 10:35:56.112  1728  1728 I ExtAssistant: POSTED 0|com.adayo.carplay|1|null|1000
01-30 10:35:56.112   851   851 D NotificationService: PostNotification: Finished in 209 ms
01-30 10:35:56.113  2766  2766 D J01Launcher_Notification: onNotificationPosted
01-30 10:35:56.113   652  2032 I audio_hw_streamer: 569 capture_thread_loop: select [ch 8 -> ch 4] [15360 -> 7680] bytes data 
01-30 10:35:56.121   851  2688 D NetworkPolicy: Blocked state of 10066: {blocked=NONE,allowed=FOREGROUND|TOP|METERED_FOREGROUND,effective=NONE}
01-30 10:35:56.127   644   707 I mcuc    : sd Uart data : 6AA60208370002920229
01-30 10:35:56.129   584  1266 E WifiHAL : Invalid data received from driver
01-30 10:35:56.129   584  1266 E WifiHAL : Invalid data received from driver
01-30 10:35:56.131   584  1266 E WifiHAL : Invalid data received from driver
01-30 10:35:56.132   644   707 I mcuc    : rev uart=2203,len=17, data : 6AA681083700099202000600000000009D
01-30 10:35:56.132   644   707 I mcuc    : sd Uart data : 6AA60208380002920228
01-30 10:35:56.132   396   396 D adayocomadapter-ParseProtocolFunc: printRaWMsg Name[MCUToUPstream recv] len[9] data[920200060000000000]
01-30 10:35:56.132   396   396 D adayocomadapter-CommunicationManager: onUpstreamback   member[0] dataLength[6] timePoint[232671]
01-30 10:35:56.132   396   396 D adayocomadapter-ParseProtocolFunc: printRaWMsg Name[onUpstreamback] len[6] data[060000000000]
01-30 10:35:56.132   396   452 D adayocomadapter-UpstreamHandler: processBeforePacket upSreamtProcessTimePoint[232671] 
01-30 10:35:56.132   396   452 D adayocomadapter-UpstreamHandler: processPacket UPSTREAM_QUEUE_DATA_TIMEOUT
01-30 10:35:56.132   396   452 D adayocomadapter-ParseProtocolFunc: parseCommonIPCLBytes Processing tableNumber[6]
01-30 10:35:56.132   396   452 D adayocomadapter-ParseProtocolFunc: parseCommonIPCLBytes Processing tablename[Table-6] tableSize[6]
01-30 10:35:56.132   396   452 D adayocomadapter-ParseProtocolFunc: printRaWMsg Name[byteStream recv] len[6] data[060000000000]
01-30 10:35:56.132   396   452 D adayocomadapter-ParseProtocolFunc: printRaWMsg Name[IPCLtoVHAL] len[6] data[214020020000]
01-30 10:35:56.132   396   452 D adayocomadapter-ParseProtocolFunc: printRaWMsg Name[IPCLtoVHAL] len[6] data[214020200000]
01-30 10:35:56.132   396   452 D adayocomadapter-ParseProtocolFunc: printRaWMsg Name[IPCLtoVHAL] len[6] data[214020040000]
01-30 10:35:56.133   396   452 D adayocomadapter-ParseProtocolFunc: printRaWMsg Name[IPCLtoVHAL] len[6] data[214020090000]
01-30 10:35:56.133   396   452 D adayocomadapter-ParseProtocolFunc: printRaWMsg Name[IPCLtoVHAL] len[6] data[214020080000]
01-30 10:35:56.133   396   452 D adayocomadapter-CommunicationManager: onUpstreamReceive mPropertyId 0x21402002
01-30 10:35:56.133   396   452 D adayocomadapter-CommunicationManager: convertBytesToInt32Memcpy  0
01-30 10:35:56.133   396   452 I vw-vhal : notifyVehicleProperty, propId = 0x21402002, data = {status: 2, int32Values: [0]}
01-30 10:35:56.133   396   452 I vw-vhal : CanSignalsAdapter::notifyVehicleProperty: solvedValue = {.timestamp = 232672298026, .areaId = 0, .prop = 557850626, .status = AVAILABLE, .value = {.int32Values = [1]{0}, .floatValues = [0]{}, .int64Values = [0]{}, .bytes = [0]{}, .stringValue = ""}}
01-30 10:35:56.133   396   452 I VehiclePropertyStore: begin to write value to Store: {.timestamp = 232672298026, .areaId = 0, .prop = 557850626, .status = AVAILABLE, .value = {.int32Values = [1]{0}, .floatValues = [0]{}, .int64Values = [0]{}, .bytes = [0]{}, .stringValue = ""}}
01-30 10:35:56.133   396   452 I DefaultVehicleHal_v2_0: DefaultVehicleHal::onPropertyValue, value:{.timestamp = 232672298026, .areaId = 0, .prop = 557850626, .status = AVAILABLE, .value = {.int32Values = [1]{0}, .floatValues = [0]{}, .int64Values = [0]{}, .bytes = [0]{}, .stringValue = ""}}
01-30 10:35:56.133   396   452 I VehiclePropertyStore: begin to write value to Store: {.timestamp = 232672298026, .areaId = 0, .prop = 557850626, .status = AVAILABLE, .value = {.int32Values = [1]{0}, .floatValues = [0]{}, .int64Values = [0]{}, .bytes = [0]{}, .stringValue = ""}}
01-30 10:35:56.133   396   452 D adayocomadapter-CommunicationManager: onUpstreamReceive mPropertyId 0x21402002
01-30 10:35:56.133   396   452 D adayocomadapter-CommunicationManager: onUpstreamReceive mPropertyId 0x21402020
01-30 10:35:56.133   396   452 D adayocomadapter-CommunicationManager: convertBytesToInt32Memcpy  0
01-30 10:35:56.133   396   452 I vw-vhal : notifyVehicleProperty, propId = 0x21402020, data = {status: 2, int32Values: [0]}
01-30 10:35:56.133   396   452 I vw-vhal : CanSignalsAdapter::notifyVehicleProperty: solvedValue = {.timestamp = 232672576359, .areaId = 0, .prop = 557850656, .status = AVAILABLE, .value = {.int32Values = [1]{0}, .floatValues = [0]{}, .int64Values = [0]{}, .bytes = [0]{}, .stringValue = ""}}
01-30 10:35:56.133   396   452 I VehiclePropertyStore: begin to write value to Store: {.timestamp = 232672576359, .areaId = 0, .prop = 557850656, .status = AVAILABLE, .value = {.int32Values = [1]{0}, .floatValues = [0]{}, .int64Values = [0]{}, .bytes = [0]{}, .stringValue = ""}}
01-30 10:35:56.133   652  2032 I audio_hw_streamer: 569 capture_thread_loop: select [ch 8 -> ch 4] [15360 -> 7680] bytes data 
01-30 10:35:56.133   396   452 I DefaultVehicleHal_v2_0: DefaultVehicleHal::onPropertyValue, value:{.timestamp = 232672576359, .areaId = 0, .prop = 557850656, .status = AVAILABLE, .value = {.int32Values = [1]{0}, .floatValues = [0]{}, .int64Values = [0]{}, .bytes = [0]{}, .stringValue = ""}}
01-30 10:35:56.133   396   452 I VehiclePropertyStore: begin to write value to Store: {.timestamp = 232672576359, .areaId = 0, .prop = 557850656, .status = AVAILABLE, .value = {.int32Values = [1]{0}, .floatValues = [0]{}, .int64Values = [0]{}, .bytes = [0]{}, .stringValue = ""}}
01-30 10:35:56.133   396   452 D adayocomadapter-CommunicationManager: onUpstreamReceive mPropertyId 0x21402020
01-30 10:35:56.133   396   452 D adayocomadapter-CommunicationManager: onUpstreamReceive mPropertyId 0x21402004
01-30 10:35:56.133   396   452 D adayocomadapter-CommunicationManager: convertBytesToInt32Memcpy  0
01-30 10:35:56.133   396   452 I vw-vhal : notifyVehicleProperty, propId = 0x21402004, data = {status: 2, int32Values: [0]}
01-30 10:35:56.133   396   452 I vw-vhal : CanSignalsAdapter::notifyVehicleProperty: solvedValue = {.timestamp = 232672774692, .areaId = 0, .prop = 557850628, .status = AVAILABLE, .value = {.int32Values = [1]{0}, .floatValues = [0]{}, .int64Values = [0]{}, .bytes = [0]{}, .stringValue = ""}}
01-30 10:35:56.133   396   452 I VehiclePropertyStore: begin to write value to Store: {.timestamp = 232672774692, .areaId = 0, .prop = 557850628, .status = AVAILABLE, .value = {.int32Values = [1]{0}, .floatValues = [0]{}, .int64Values = [0]{}, .bytes = [0]{}, .stringValue = ""}}
01-30 10:35:56.133   396   452 I DefaultVehicleHal_v2_0: DefaultVehicleHal::onPropertyValue, value:{.timestamp = 232672774692, .areaId = 0, .prop = 557850628, .status = AVAILABLE, .value = {.int32Values = [1]{0}, .floatValues = [0]{}, .int64Values = [0]{}, .bytes = [0]{}, .stringValue = ""}}
01-30 10:35:56.133   396   452 I VehiclePropertyStore: begin to write value to Store: {.timestamp = 232672774692, .areaId = 0, .prop = 557850628, .status = AVAILABLE, .value = {.int32Values = [1]{0}, .floatValues = [0]{}, .int64Values = [0]{}, .bytes = [0]{}, .stringValue = ""}}
01-30 10:35:56.133   396   452 D adayocomadapter-CommunicationManager: onUpstreamReceive mPropertyId 0x21402004
01-30 10:35:56.133   396   452 D adayocomadapter-CommunicationManager: onUpstreamReceive mPropertyId 0x21402009
01-30 10:35:56.133   396   452 D adayocomadapter-CommunicationManager: convertBytesToInt32Memcpy  0
01-30 10:35:56.133   396   452 I vw-vhal : notifyVehicleProperty, propId = 0x21402009, data = {status: 2, int32Values: [0]}
01-30 10:35:56.133   396   452 I vw-vhal : CanSignalsAdapter::notifyVehicleProperty: solvedValue = {.timestamp = 232672967359, .areaId = 0, .prop = 557850633, .status = AVAILABLE, .value = {.int32Values = [1]{0}, .floatValues = [0]{}, .int64Values = [0]{}, .bytes = [0]{}, .stringValue = ""}}
01-30 10:35:56.133   396   452 I VehiclePropertyStore: begin to write value to Store: {.timestamp = 232672967359, .areaId = 0, .prop = 557850633, .status = AVAILABLE, .value = {.int32Values = [1]{0}, .floatValues = [0]{}, .int64Values = [0]{}, .bytes = [0]{}, .stringValue = ""}}
01-30 10:35:56.133   396   452 I DefaultVehicleHal_v2_0: DefaultVehicleHal::onPropertyValue, value:{.timestamp = 232672967359, .areaId = 0, .prop = 557850633, .status = AVAILABLE, .value = {.int32Values = [1]{0}, .floatValues = [0]{}, .int64Values = [0]{}, .bytes = [0]{}, .stringValue = ""}}
01-30 10:35:56.133   396   452 I VehiclePropertyStore: begin to write value to Store: {.timestamp = 232672967359, .areaId = 0, .prop = 557850633, .status = AVAILABLE, .value = {.int32Values = [1]{0}, .floatValues = [0]{}, .int64Values = [0]{}, .bytes = [0]{}, .stringValue = ""}}
01-30 10:35:56.133   396   452 D adayocomadapter-CommunicationManager: onUpstreamReceive mPropertyId 0x21402009
01-30 10:35:56.133   396   452 D adayocomadapter-CommunicationManager: onUpstreamReceive mPropertyId 0x21402008
01-30 10:35:56.133   396   452 D adayocomadapter-CommunicationManager: convertBytesToInt32Memcpy  0
01-30 10:35:56.133   396   452 I vw-vhal : notifyVehicleProperty, propId = 0x21402008, data = {status: 2, int32Values: [0]}
01-30 10:35:56.134   396   452 I vw-vhal : CanSignalsAdapter::notifyVehicleProperty: solvedValue = {.timestamp = 232673154026, .areaId = 0, .prop = 557850632, .status = AVAILABLE, .value = {.int32Values = [1]{0}, .floatValues = [0]{}, .int64Values = [0]{}, .bytes = [0]{}, .stringValue = ""}}
01-30 10:35:56.134   396   452 I VehiclePropertyStore: begin to write value to Store: {.timestamp = 232673154026, .areaId = 0, .prop = 557850632, .status = AVAILABLE, .value = {.int32Values = [1]{0}, .floatValues = [0]{}, .int64Values = [0]{}, .bytes = [0]{}, .stringValue = ""}}
01-30 10:35:56.134   396   452 I DefaultVehicleHal_v2_0: DefaultVehicleHal::onPropertyValue, value:{.timestamp = 232673154026, .areaId = 0, .prop = 557850632, .status = AVAILABLE, .value = {.int32Values = [1]{0}, .floatValues = [0]{}, .int64Values = [0]{}, .bytes = [0]{}, .stringValue = ""}}
01-30 10:35:56.134   396   452 I VehiclePropertyStore: begin to write value to Store: {.timestamp = 232673154026, .areaId = 0, .prop = 557850632, .status = AVAILABLE, .value = {.int32Values = [1]{0}, .floatValues = [0]{}, .int64Values = [0]{}, .bytes = [0]{}, .stringValue = ""}}
01-30 10:35:56.134   396   452 D adayocomadapter-CommunicationManager: onUpstreamReceive mPropertyId 0x21402008
01-30 10:35:56.137   644   707 I mcuc    : rev uart=2204,len=43, data : 6AA6810838002392020014FFFE000000000000000000000000FFFFFFFFFFFFFFFF0000000000000000007F
01-30 10:35:56.138   396   396 D adayocomadapter-ParseProtocolFunc: printRaWMsg Name[MCUToUPstream recv] len[35] data[92020014FFFE000000000000000000000000FFFFFFFFFFFFFFFF000000000000000000]
01-30 10:35:56.138   396   396 D adayocomadapter-CommunicationManager: onUpstreamback   member[0] dataLength[32] timePoint[232677]
01-30 10:35:56.138   396   396 D adayocomadapter-ParseProtocolFunc: printRaWMsg Name[onUpstreamback] len[32] data[14FFFE000000000000000000000000FFFFFFFFFFFFFFFF000000000000000000]
01-30 10:35:56.138   396   452 D adayocomadapter-UpstreamHandler: processBeforePacket upSreamtProcessTimePoint[232677] 
01-30 10:35:56.138   396   452 D adayocomadapter-UpstreamHandler: processPacket UPSTREAM_QUEUE_DATA_TIMEOUT
01-30 10:35:56.138   396   452 D adayocomadapter-ParseProtocolFunc: parseCommonIPCLBytes Processing tableNumber[20]
01-30 10:35:56.138   396   452 D adayocomadapter-ParseProtocolFunc: parseCommonIPCLBytes Processing tablename[Table-20] tableSize[32]
01-30 10:35:56.138   396   452 D adayocomadapter-ParseProtocolFunc: printRaWMsg Name[byteStream recv] len[32] data[14FFFE000000000000000000000000FFFFFFFFFFFFFFFF000000000000000000]
01-30 10:35:56.138   396   452 D adayocomadapter-ParseProtocolFunc: printRaWMsg Name[IPCLtoVHAL] len[6] data[2140200F0000]
01-30 10:35:56.138   396   452 D adayocomadapter-ParseProtocolFunc: printRaWMsg Name[IPCLtoVHAL] len[6] data[214020B00000]
01-30 10:35:56.138   396   452 D adayocomadapter-ParseProtocolFunc: printRaWMsg Name[IPCLtoVHAL] len[8] data[2141201601000000]
01-30 10:35:56.138   396   452 D adayocomadapter-ParseProtocolFunc: printRaWMsg Name[IPCLtoVHAL] len[6] data[2140205900FF]
01-30 10:35:56.138   396   452 D adayocomadapter-ParseProtocolFunc: printRaWMsg Name[IPCLtoVHAL] len[6] data[2140201A0000]
01-30 10:35:56.138   396   452 D adayocomadapter-ParseProtocolFunc: printRaWMsg Name[IPCLtoVHAL] len[6] data[214020100000]
01-30 10:35:56.138   396   452 D adayocomadapter-ParseProtocolFunc: printRaWMsg Name[IPCLtoVHAL] len[6] data[2140205500FF]
01-30 10:35:56.138   396   452 D adayocomadapter-ParseProtocolFunc: printRaWMsg Name[IPCLtoVHAL] len[6] data[214020B10000]
01-30 10:35:56.138   396   452 D adayocomadapter-ParseProtocolFunc: printRaWMsg Name[IPCLtoVHAL] len[6] data[2140201B0000]
01-30 10:35:56.138   396   452 D adayocomadapter-ParseProtocolFunc: printRaWMsg Name[IPCLtoVHAL] len[6] data[214020180000]
01-30 10:35:56.138   396   452 D adayocomadapter-ParseProtocolFunc: printRaWMsg Name[IPCLtoVHAL] len[6] data[214021900000]
01-30 10:35:56.138   396   452 D adayocomadapter-ParseProtocolFunc: printRaWMsg Name[IPCLtoVHAL] len[6] data[214020210000]
01-30 10:35:56.138   396   452 D adayocomadapter-ParseProtocolFunc: printRaWMsg Name[IPCLtoVHAL] len[6] data[214021C80000]
01-30 10:35:56.138   396   452 D adayocomadapter-ParseProtocolFunc: printRaWMsg Name[IPCLtoVHAL] len[7] data[2140200A00FFFE]
01-30 10:35:56.138   396   452 D adayocomadapter-ParseProtocolFunc: printRaWMsg Name[IPCLtoVHAL] len[6] data[2140223E0000]
01-30 10:35:56.138   396   452 D adayocomadapter-ParseProtocolFunc: printRaWMsg Name[IPCLtoVHAL] len[6] data[214021190000]
01-30 10:35:56.138   396   452 D adayocomadapter-ParseProtocolFunc: printRaWMsg Name[IPCLtoVHAL] len[6] data[214020050000]
01-30 10:35:56.138   396   452 D adayocomadapter-ParseProtocolFunc: printRaWMsg Name[IPCLtoVHAL] len[6] data[2140214E0000]
01-30 10:35:56.138   396   452 D adayocomadapter-ParseProtocolFunc: printRaWMsg Name[IPCLtoVHAL] len[6] data[2140205600FF]
01-30 10:35:56.138   396   452 D adayocomadapter-ParseProtocolFunc: printRaWMsg Name[IPCLtoVHAL] len[6] data[2140205700FF]
01-30 10:35:56.138   396   452 D adayocomadapter-ParseProtocolFunc: printRaWMsg Name[IPCLtoVHAL] len[6] data[2140205800FF]
01-30 10:35:56.138   396   452 D adayocomadapter-ParseProtocolFunc: printRaWMsg Name[IPCLtoVHAL] len[6] data[2140205A00FF]
01-30 10:35:56.138   396   452 D adayocomadapter-ParseProtocolFunc: printRaWMsg Name[IPCLtoVHAL] len[6] data[2140205B00FF]
01-30 10:35:56.138   396   452 D adayocomadapter-ParseProtocolFunc: printRaWMsg Name[IPCLtoVHAL] len[6] data[2140205C00FF]
01-30 10:35:56.138   396   452 D adayocomadapter-ParseProtocolFunc: printRaWMsg Name[IPCLtoVHAL] len[6] data[2140218E0000]
01-30 10:35:56.138   396   452 D adayocomadapter-ParseProtocolFunc: printRaWMsg Name[IPCLtoVHAL] len[6] data[2140218F0000]
01-30 10:35:56.138   396   452 D adayocomadapter-ParseProtocolFunc: printRaWMsg Name[IPCLtoVHAL] len[6] data[214021910000]
01-30 10:35:56.138   396   452 D adayocomadapter-ParseProtocolFunc: printRaWMsg Name[IPCLtoVHAL] len[6] data[2140223D0000]
01-30 10:35:56.138   396   452 D adayocomadapter-CommunicationManager: onUpstreamReceive mPropertyId 0x2140200f
01-30 10:35:56.138   396   452 D adayocomadapter-CommunicationManager: convertBytesToInt32Memcpy  0
01-30 10:35:56.138   396   452 I vw-vhal : notifyVehicleProperty, propId = 0x2140200f, data = {status: 2, int32Values: [0]}
01-30 10:35:56.138   396   452 I vw-vhal : CanSignalsAdapter::notifyVehicleProperty: solvedValue = {.timestamp = 232678072026, .areaId = 0, .prop = 557850639, .status = AVAILABLE, .value = {.int32Values = [1]{0}, .floatValues = [0]{}, .int64Values = [0]{}, .bytes = [0]{}, .stringValue = ""}}
01-30 10:35:56.138   396   452 I VehiclePropertyStore: begin to write value to Store: {.timestamp = 232678072026, .areaId = 0, .prop = 557850639, .status = AVAILABLE, .value = {.int32Values = [1]{0}, .floatValues = [0]{}, .int64Values = [0]{}, .bytes = [0]{}, .stringValue = ""}}
01-30 10:35:56.139   396   452 I DefaultVehicleHal_v2_0: DefaultVehicleHal::onPropertyValue, value:{.timestamp = 232678072026, .areaId = 0, .prop = 557850639, .status = AVAILABLE, .value = {.int32Values = [1]{0}, .floatValues = [0]{}, .int64Values = [0]{}, .bytes = [0]{}, .stringValue = ""}}
01-30 10:35:56.139   396   452 I VehiclePropertyStore: begin to write value to Store: {.timestamp = 232678072026, .areaId = 0, .prop = 557850639, .status = AVAILABLE, .value = {.int32Values = [1]{0}, .floatValues = [0]{}, .int64Values = [0]{}, .bytes = [0]{}, .stringValue = ""}}
01-30 10:35:56.139   396   452 D adayocomadapter-CommunicationManager: onUpstreamReceive mPropertyId 0x2140200f
01-30 10:35:56.139   396   452 D adayocomadapter-CommunicationManager: onUpstreamReceive mPropertyId 0x214020b0
01-30 10:35:56.139   396   452 D adayocomadapter-CommunicationManager: convertBytesToInt32Memcpy  0
01-30 10:35:56.139   396   452 I vw-vhal : notifyVehicleProperty, propId = 0x214020b0, data = {status: 2, int32Values: [0]}
01-30 10:35:56.139   396   452 I vw-vhal : CanSignalsAdapter::notifyVehicleProperty: solvedValue = {.timestamp = 232678316359, .areaId = 0, .prop = 557850800, .status = AVAILABLE, .value = {.int32Values = [1]{0}, .floatValues = [0]{}, .int64Values = [0]{}, .bytes = [0]{}, .stringValue = ""}}
01-30 10:35:56.139   396   452 I VehiclePropertyStore: begin to write value to Store: {.timestamp = 232678316359, .areaId = 0, .prop = 557850800, .status = AVAILABLE, .value = {.int32Values = [1]{0}, .floatValues = [0]{}, .int64Values = [0]{}, .bytes = [0]{}, .stringValue = ""}}
01-30 10:35:56.139   396   452 I DefaultVehicleHal_v2_0: DefaultVehicleHal::onPropertyValue, value:{.timestamp = 232678316359, .areaId = 0, .prop = 557850800, .status = AVAILABLE, .value = {.int32Values = [1]{0}, .floatValues = [0]{}, .int64Values = [0]{}, .bytes = [0]{}, .stringValue = ""}}
01-30 10:35:56.139   396   452 I VehiclePropertyStore: begin to write value to Store: {.timestamp = 232678316359, .areaId = 0, .prop = 557850800, .status = AVAILABLE, .value = {.int32Values = [1]{0}, .floatValues = [0]{}, .int64Values = [0]{}, .bytes = [0]{}, .stringValue = ""}}
01-30 10:35:56.139   396   452 D adayocomadapter-CommunicationManager: onUpstreamReceive mPropertyId 0x214020b0
01-30 10:35:56.139   396   452 D adayocomadapter-CommunicationManager: onUpstreamReceive mPropertyId 0x21412016
01-30 10:35:56.139   396   452 I vw-vhal : notifyVehicleProperty, propId = 0x21412016, data = {status: 2, int32Values: [0, 0, 0]}
01-30 10:35:56.139   396   452 I vw-vhal : CanSignalsAdapter::notifyVehicleProperty: solvedValue = {.timestamp = 232678510692, .areaId = 0, .prop = 557916182, .status = AVAILABLE, .value = {.int32Values = [3]{0, 0, 0}, .floatValues = [0]{}, .int64Values = [0]{}, .bytes = [0]{}, .stringValue = ""}}
01-30 10:35:56.139   396   452 I VehiclePropertyStore: begin to write value to Store: {.timestamp = 232678510692, .areaId = 0, .prop = 557916182, .status = AVAILABLE, .value = {.int32Values = [3]{0, 0, 0}, .floatValues = [0]{}, .int64Values = [0]{}, .bytes = [0]{}, .stringValue = ""}}
01-30 10:35:56.139   396   452 I DefaultVehicleHal_v2_0: DefaultVehicleHal::onPropertyValue, value:{.timestamp = 232678510692, .areaId = 0, .prop = 557916182, .status = AVAILABLE, .value = {.int32Values = [3]{0, 0, 0}, .floatValues = [0]{}, .int64Values = [0]{}, .bytes = [0]{}, .stringValue = ""}}
01-30 10:35:56.139   396   452 I VehiclePropertyStore: begin to write value to Store: {.timestamp = 232678510692, .areaId = 0, .prop = 557916182, .status = AVAILABLE, .value = {.int32Values = [3]{0, 0, 0}, .floatValues = [0]{}, .int64Values = [0]{}, .bytes = [0]{}, .stringValue = ""}}
01-30 10:35:56.139   396   452 D adayocomadapter-CommunicationManager: onUpstreamReceive mPropertyId 0x21412016
01-30 10:35:56.139   396   452 D adayocomadapter-CommunicationManager: onUpstreamReceive mPropertyId 0x21402059
01-30 10:35:56.139   396   452 D adayocomadapter-CommunicationManager: convertBytesToInt32Memcpy  255
01-30 10:35:56.139   396   452 I vw-vhal : notifyVehicleProperty, propId = 0x21402059, data = {status: 2, int32Values: [255]}
01-30 10:35:56.139   396   452 I vw-vhal : CanSignalsAdapter::notifyVehicleProperty: solvedValue = {.timestamp = 232678723359, .areaId = 0, .prop = 557850713, .status = AVAILABLE, .value = {.int32Values = [1]{255}, .floatValues = [0]{}, .int64Values = [0]{}, .bytes = [0]{}, .stringValue = ""}}
01-30 10:35:56.139   396   452 I VehiclePropertyStore: begin to write value to Store: {.timestamp = 232678723359, .areaId = 0, .prop = 557850713, .status = AVAILABLE, .value = {.int32Values = [1]{255}, .floatValues = [0]{}, .int64Values = [0]{}, .bytes = [0]{}, .stringValue = ""}}
01-30 10:35:56.139   396   452 I DefaultVehicleHal_v2_0: DefaultVehicleHal::onPropertyValue, value:{.timestamp = 232678723359, .areaId = 0, .prop = 557850713, .status = AVAILABLE, .value = {.int32Values = [1]{255}, .floatValues = [0]{}, .int64Values = [0]{}, .bytes = [0]{}, .stringValue = ""}}
01-30 10:35:56.139   396   452 I VehiclePropertyStore: begin to write value to Store: {.timestamp = 232678723359, .areaId = 0, .prop = 557850713, .status = AVAILABLE, .value = {.int32Values = [1]{255}, .floatValues = [0]{}, .int64Values = [0]{}, .bytes = [0]{}, .stringValue = ""}}
01-30 10:35:56.139   396   452 D adayocomadapter-CommunicationManager: onUpstreamReceive mPropertyId 0x21402059
01-30 10:35:56.139   396   452 D adayocomadapter-CommunicationManager: onUpstreamReceive mPropertyId 0x2140201a
01-30 10:35:56.139   396   452 D adayocomadapter-CommunicationManager: convertBytesToInt32Memcpy  0
01-30 10:35:56.139   396   452 I vw-vhal : notifyVehicleProperty, propId = 0x2140201a, data = {status: 2, int32Values: [0]}
01-30 10:35:56.139   396   452 I vw-vhal : CanSignalsAdapter::notifyVehicleProperty: solvedValue = {.timestamp = 232678907359, .areaId = 0, .prop = 557850650, .status = AVAILABLE, .value = {.int32Values = [1]{0}, .floatValues = [0]{}, .int64Values = [0]{}, .bytes = [0]{}, .stringValue = ""}}
01-30 10:35:56.139   396   452 I VehiclePropertyStore: begin to write value to Store: {.timestamp = 232678907359, .areaId = 0, .prop = 557850650, .status = AVAILABLE, .value = {.int32Values = [1]{0}, .floatValues = [0]{}, .int64Values = [0]{}, .bytes = [0]{}, .stringValue = ""}}
01-30 10:35:56.139   396   452 I DefaultVehicleHal_v2_0: DefaultVehicleHal::onPropertyValue, value:{.timestamp = 232678907359, .areaId = 0, .prop = 557850650, .status = AVAILABLE, .value = {.int32Values = [1]{0}, .floatValues = [0]{}, .int64Values = [0]{}, .bytes = [0]{}, .stringValue = ""}}
01-30 10:35:56.139   396   452 I VehiclePropertyStore: begin to write value to Store: {.timestamp = 232678907359, .areaId = 0, .prop = 557850650, .status = AVAILABLE, .value = {.int32Values = [1]{0}, .floatValues = [0]{}, .int64Values = [0]{}, .bytes = [0]{}, .stringValue = ""}}
01-30 10:35:56.139   396   452 D adayocomadapter-CommunicationManager: onUpstreamReceive mPropertyId 0x2140201a
01-30 10:35:56.139   396   452 D adayocomadapter-CommunicationManager: onUpstreamReceive mPropertyId 0x21402010
