01-30 10:35:54.704 12521 12521 D CarPlay_Service: initKeyStateMap(KeyEventAdapterImpl.java:323)initKeyStateMap in  ---
01-30 10:35:54.704   851  1825 I sysui_multi_action: [757,316,758,4,759,-1]
01-30 10:35:54.704 12521 12521 D CarPlay_Service: initKeyStateMap(KeyEventAdapterImpl.java:327)initKeyStateMap out  ---
01-30 10:35:54.705   851  1214 D NetworkRanker: mightBeat: isEth && mCoExist return true
01-30 10:35:54.705   851  1214 D NetworkRanker: mightBeat: isEth && mCoExist return true
01-30 10:35:54.705 12521 12568 I Process : Sending signal. PID: 12521 SIG: 9
01-30 10:35:54.705   851  1214 D NetworkRanker: mightBeat: isEth && mCoExist return true
01-30 10:35:54.705   851  1214 D NetworkRanker: mightBeat: isEth && mCoExist return true
01-30 10:35:54.705   851  1214 D NetworkRanker: mightBeat: isEth && mCoExist return true
01-30 10:35:54.705   851  1214 D NetworkRanker: mightBeat: isEth && mCoExist return true
01-30 10:35:54.705   851  1214 D NetworkRanker: mightBeat: isEth && mCoExist return true
01-30 10:35:54.705   851  1214 D NetworkRanker: mightBeat: isEth && mCoExist return true
01-30 10:35:54.706   851  1214 D NetworkRanker: mightBeat: isEth && mCoExist return true
01-30 10:35:54.706   851  1214 D NetworkRanker: mightBeat: isEth && mCoExist return true
01-30 10:35:54.706   851  1214 D NetworkRanker: mightBeat: isEth && mCoExist return true
01-30 10:35:54.706   851  1214 D NetworkRanker: mightBeat: isEth && mCoExist return true
01-30 10:35:54.706   851  1214 D NetworkRanker: mightBeat: isEth && mCoExist return true
01-30 10:35:54.706   851  1214 D NetworkRanker: mightBeat: isEth && mCoExist return true
01-30 10:35:54.706   851  1214 D NetworkRanker: mightBeat: isEth && mCoExist return true
01-30 10:35:54.706   851  1214 D NetworkRanker: mightBeat: isEth && mCoExist return true
01-30 10:35:54.706   851  1214 D NetworkRanker: mightBeat: isEth && mCoExist return true
01-30 10:35:54.706   706   722 D sde     : [SDE::zipArchiveFolder]  Debug: property_set persist.sde.last.number success
01-30 10:35:54.707   851  1214 D NetworkRanker: mightBeat: isEth && mCoExist return true
01-30 10:35:54.707   851  1214 D NetworkRanker: mightBeat: isEth && mCoExist return true
01-30 10:35:54.707   851  1214 D NetworkRanker: mightBeat: isEth && mCoExist return true
01-30 10:35:54.707   851  1214 D NetworkRanker: mightBeat: isEth && mCoExist return true
01-30 10:35:54.707   851  1214 D NetworkRanker: mightBeat: isEth && mCoExist return true
01-30 10:35:54.707   851  1214 D NetworkRanker: mightBeat: isEth && mCoExist return true
01-30 10:35:54.707   851  1214 D NetworkRanker: mightBeat: isEth && mCoExist return true
01-30 10:35:54.707   851  1214 D NetworkRanker: mightBeat: isEth && mCoExist return true
01-30 10:35:54.707   851  1214 D NetworkRanker: mightBeat: isEth && mCoExist return true
01-30 10:35:54.707   851  1214 D NetworkRanker: mightBeat: isEth && mCoExist return true
01-30 10:35:54.707   706   722 D sde     : [SDE::deleteFolder]  Debug: deleteFolder :data/sde/crash_12037_com.fawvw.intelligentmodeservice_20260130_103554
01-30 10:35:54.707   706   722 D sde     : [SDE::hasEnoughSpace]  Debug: avaiPercent = 89, limitPercent = 90
01-30 10:35:54.707   851  1214 D NetworkRanker: mightBeat: isEth && mCoExist return true
01-30 10:35:54.707   706   722 D sde     : [SDE::CreateFolder]  Debug: CreateFolder type :crash ,pid :12087, package :com.adayo.carplay ,tombstone :
01-30 10:35:54.708   851  1214 D NetworkRanker: mightBeat: isEth && mCoExist return true
01-30 10:35:54.708   706   722 D sde     : [SDE::CreateFolder]  Debug: logpath : data/sde/crash_12087_com.adayo.carplay_20260130_103554
01-30 10:35:54.708   851  1214 D NetworkRanker: mightBeat: isEth && mCoExist return true
01-30 10:35:54.708   706   722 D sde     : [SDE::CollectExceptionMessage]  Debug: CreateFolder = data/sde/crash_12087_com.adayo.carplay_20260130_103554 
01-30 10:35:54.708   706   722 D sde     : [SDE::CatchLog]  Debug: CatchLog : crash,data/sde/crash_12087_com.adayo.carplay_20260130_103554
01-30 10:35:54.708   706   722 D sde     : [SDE::CatchJE]  Debug: CatchJE data/sde/crash_12087_com.adayo.carplay_20260130_103554
01-30 10:35:54.708   851  1214 D NetworkRanker: mightBeat: isEth && mCoExist return true
01-30 10:35:54.708   851  1214 D NetworkRanker: mightBeat: isEth && mCoExist return true
01-30 10:35:54.708   851  1214 D NetworkRanker: mightBeat: isEth && mCoExist return true
01-30 10:35:54.708   851  1214 D NetworkRanker: mightBeat: isEth && mCoExist return true
01-30 10:35:54.708   851  1214 D NetworkRanker: mightBeat: isEth && mCoExist return true
01-30 10:35:54.709   851  1214 D NetworkRanker: mightBeat: isEth && mCoExist return true
01-30 10:35:54.709   851  1214 D NetworkRanker: mightBeat: isEth && mCoExist return true
01-30 10:35:54.709   851  1214 D NetworkRanker: mightBeat: isEth && mCoExist return true
01-30 10:35:54.709 12512 12512 D FawPowerServiceManager: registerPowerModeListener: registered success and handlerPowerEvent : false
01-30 10:35:54.711   851  1214 D ConnectivityService: Rematched networks [computed 4ms] [applied 13ms] [issued 16]
01-30 10:35:54.711   851  1214 D ConnectivityService: NetworkReassignment : no changes
01-30 10:35:54.711   851  1214 D ConnectivityService: notifyType CALLBACK_CAP_CHANGED for [102 ETHERNET]
01-30 10:35:54.711   851  1214 D ConnectivityService:  sending notification for NetworkRequest [ LISTEN id=5, [ Capabilities: FOREGROUND RequestorUid: 1000 RequestorPkg: android UnderlyingNetworks: Null] ]
01-30 10:35:54.712   851  1214 D ConnectivityService: sending notification CALLBACK_CAP_CHANGED for NetworkRequest [ LISTEN id=5, [ Capabilities: FOREGROUND RequestorUid: 1000 RequestorPkg: android UnderlyingNetworks: Null] ]
01-30 10:35:54.712 12512 12512 D FawPowerServiceManager: registerVehicleModeListener: registered success
01-30 10:35:54.712   851  1240 D JobScheduler.Connectivity: Using BG bypass for 10031
01-30 10:35:54.712   851  1240 D JobScheduler.Connectivity: Using BG bypass for 10017
01-30 10:35:54.712 12512 12512 D AndroidRuntime: Shutting down VM
01-30 10:35:54.713   851  1214 D ConnectivityService:  sending notification for NetworkRequest [ LISTEN id=8, [ Capabilities: FOREGROUND RequestorUid: 1000 RequestorPkg: android UnderlyingNetworks: Null] ]
01-30 10:35:54.713   851  1214 D ConnectivityService: sending notification CALLBACK_CAP_CHANGED for NetworkRequest [ LISTEN id=8, [ Capabilities: FOREGROUND RequestorUid: 1000 RequestorPkg: android UnderlyingNetworks: Null] ]
01-30 10:35:54.713   851  1214 D ConnectivityService:  sending notification for NetworkRequest [ LISTEN id=9, [ Capabilities: NOT_RESTRICTED&TRUSTED&NOT_VPN&FOREGROUND&NOT_VCN_MANAGED Uid: 1000 RequestorUid: 1000 RequestorPkg: android UnderlyingNetworks: Null] ]
01-30 10:35:54.713   652  2032 I audio_hw_streamer: 569 capture_thread_loop: select [ch 8 -> ch 4] [15360 -> 7680] bytes data 
01-30 10:35:54.713   851  1214 D ConnectivityService: sending notification CALLBACK_CAP_CHANGED for NetworkRequest [ LISTEN id=9, [ Capabilities: NOT_RESTRICTED&TRUSTED&NOT_VPN&FOREGROUND&NOT_VCN_MANAGED Uid: 1000 RequestorUid: 1000 RequestorPkg: android UnderlyingNetworks: Null] ]
01-30 10:35:54.713   851  1214 D ConnectivityService:  sending notification for NetworkRequest [ LISTEN id=11, [ RequestorUid: 1000 RequestorPkg: android UnderlyingNetworks: Null] ]
01-30 10:35:54.713   851  1214 D ConnectivityService: sending notification CALLBACK_CAP_CHANGED for NetworkRequest [ LISTEN id=11, [ RequestorUid: 1000 RequestorPkg: android UnderlyingNetworks: Null] ]
01-30 10:35:54.713   851  1214 D ConnectivityService:  sending notification for NetworkRequest [ LISTEN id=12, [ Capabilities: NOT_RESTRICTED&TRUSTED&NOT_VPN&NOT_VCN_MANAGED Uid: 1000 RequestorUid: 1000 RequestorPkg: android UnderlyingNetworks: Null] ]
01-30 10:35:54.714   851  1214 D ConnectivityService: sending notification CALLBACK_CAP_CHANGED for NetworkRequest [ LISTEN id=12, [ Capabilities: NOT_RESTRICTED&TRUSTED&NOT_VPN&NOT_VCN_MANAGED Uid: 1000 RequestorUid: 1000 RequestorPkg: android UnderlyingNetworks: Null] ]
01-30 10:35:54.714   851  1214 D ConnectivityService:  sending notification for NetworkRequest [ LISTEN id=16, [ Capabilities: INTERNET&NOT_RESTRICTED&TRUSTED&VALIDATED&NOT_VCN_MANAGED Uid: 1000 RequestorUid: 1000 RequestorPkg: android UnderlyingNetworks: Null] ]
01-30 10:35:54.714   851  1214 D ConnectivityService: sending notification CALLBACK_CAP_CHANGED for NetworkRequest [ LISTEN id=16, [ Capabilities: INTERNET&NOT_RESTRICTED&TRUSTED&VALIDATED&NOT_VCN_MANAGED Uid: 1000 RequestorUid: 1000 RequestorPkg: android UnderlyingNetworks: Null] ]
01-30 10:35:54.714   851  1214 D ConnectivityService:  sending notification for NetworkRequest [ LISTEN id=37, [ RequestorUid: 1073 RequestorPkg: com.android.networkstack.tethering UnderlyingNetworks: Null] ]
01-30 10:35:54.714   851  1214 D ConnectivityService: sending notification CALLBACK_CAP_CHANGED for NetworkRequest [ LISTEN id=37, [ RequestorUid: 1073 RequestorPkg: com.android.networkstack.tethering UnderlyingNetworks: Null] ]
01-30 10:35:54.714 12512 12550 I ModeService: onPrimaryPowerEvent : 255 ,oldPowerEvent: 255
01-30 10:35:54.714   851  1214 D ConnectivityService:  sending notification for NetworkRequest [ LISTEN id=45, [ Capabilities: INTERNET&NOT_RESTRICTED&TRUSTED&NOT_VPN&VALIDATED&NOT_VCN_MANAGED Uid: 10066 RequestorUid: 10066 RequestorPkg: com.fawvw.vehicle.navi.j01app UnderlyingNetworks: Null] ]
01-30 10:35:54.714   851  1214 D ConnectivityService: sending notification CALLBACK_CAP_CHANGED for NetworkRequest [ LISTEN id=45, [ Capabilities: INTERNET&NOT_RESTRICTED&TRUSTED&NOT_VPN&VALIDATED&NOT_VCN_MANAGED Uid: 10066 RequestorUid: 10066 RequestorPkg: com.fawvw.vehicle.navi.j01app UnderlyingNetworks: Null] ]
01-30 10:35:54.715 12512 12554 I ModeService: onSetVehicleMode newVehicleMode: 0 ,oldVehicleMode: 0
01-30 10:35:54.715   851  1214 D ConnectivityService: Setting DNS servers for network 102 to [/114.114.114.114, /8.8.8.8]
01-30 10:35:54.716 12512 12550 I ModeService: onSecondaryPowerEvent newPowerEvent: 255 ,oldPowerEvent: 0
01-30 10:35:54.716   851  1214 D DnsManager: sendDnsConfigurationForNetwork(102, [114.114.114.114, 8.8.8.8], [], 1800, 25, 8, 64, 0, 0, , [114.114.114.114, 8.8.8.8])
01-30 10:35:54.716 12512 12550 W ModeService: handlePowerEventChange unknown power mode : 255
01-30 10:35:54.716 12512 12512 E AndroidRuntime: FATAL EXCEPTION: main
01-30 10:35:54.716 12512 12512 E AndroidRuntime: Process: com.fawvw.intelligentmodeservice, PID: 12512
01-30 10:35:54.716 12512 12512 E AndroidRuntime: java.lang.NoClassDefFoundError: Failed resolution of: Lcom/fawvw/intelligentmodeservice/ModeServiceImpl;
01-30 10:35:54.716 12512 12512 E AndroidRuntime: 	at com.fawvw.intelligentmodeservice.ModeService.init(ModeService.java:81)
01-30 10:35:54.716 12512 12512 E AndroidRuntime: 	at com.fawvw.intelligentmodeservice.ModeService.onCreate(ModeService.java:69)
01-30 10:35:54.716 12512 12512 E AndroidRuntime: 	at android.app.ActivityThread.handleCreateService(ActivityThread.java:4692)
01-30 10:35:54.716 12512 12512 E AndroidRuntime: 	at android.app.ActivityThread.-$$Nest$mhandleCreateService(Unknown Source:0)
01-30 10:35:54.716 12512 12512 E AndroidRuntime: 	at android.app.ActivityThread$H.handleMessage(ActivityThread.java:2289)
01-30 10:35:54.716 12512 12512 E AndroidRuntime: 	at android.os.Handler.dispatchMessage(Handler.java:106)
01-30 10:35:54.716 12512 12512 E AndroidRuntime: 	at android.os.Looper.loopOnce(Looper.java:205)
01-30 10:35:54.716 12512 12512 E AndroidRuntime: 	at android.os.Looper.loop(Looper.java:294)
01-30 10:35:54.716 12512 12512 E AndroidRuntime: 	at android.app.ActivityThread.main(ActivityThread.java:8248)
01-30 10:35:54.716 12512 12512 E AndroidRuntime: 	at java.lang.reflect.Method.invoke(Native Method)
01-30 10:35:54.716 12512 12512 E AndroidRuntime: 	at com.android.internal.os.RuntimeInit$MethodAndArgsCaller.run(RuntimeInit.java:552)
01-30 10:35:54.716 12512 12512 E AndroidRuntime: 	at com.android.internal.os.ZygoteInit.main(ZygoteInit.java:993)
01-30 10:35:54.716 12512 12512 E AndroidRuntime: Caused by: java.lang.ClassNotFoundException: com.fawvw.intelligentmodeservice.ModeServiceImpl
01-30 10:35:54.716 12512 12512 E AndroidRuntime: 	... 12 more
01-30 10:35:54.717   582  1836 D resolv  : PrivateDnsConfiguration::set(102, 0xf0066, 2, )
01-30 10:35:54.717   582  1836 D resolv  : PrivateDnsConfiguration::setDoh(102, 0xf0066, 2, )
01-30 10:35:54.717   582  1836 I resolv  : getDohIdentity: 8.8.8.8 
01-30 10:35:54.717   582  1836 I resolv  : setDoh: Upgrading server to DoH: 
01-30 10:35:54.717   582  1836 D resolv  : setDoh: probe_timeout_ms=60000, idle_timeout_ms=55000, use_session_resumption=0, enable_early_data=0
01-30 10:35:54.717   582 12573 W resolv  : Validating DnsTlsServer 114.114.114.114 with mark 0xf0066
01-30 10:35:54.717   582  1836 D resolv  : resolv_set_nameservers: netId = 102, numservers = 2
01-30 10:35:54.717   582  1836 D resolv  : android_getaddrinfofornetcontext: explore_numeric: ai_family=10 ai_socktype=2 ai_protocol=17
01-30 10:35:54.717   582 12573 D resolv  : Beginning validation with mark f0066
01-30 10:35:54.717   582  1836 D resolv  : explore_numeric_scope
01-30 10:35:54.717   582 12573 D resolv  : No socket for query.  Opening socket and sending.
01-30 10:35:54.717   582  1836 D resolv  : android_getaddrinfofornetcontext: explore_numeric: ai_family=2 ai_socktype=2 ai_protocol=17
01-30 10:35:54.717   582 12573 D resolv  : Constructing new socket
01-30 10:35:54.717   582  1836 D resolv  : explore_numeric_scope
01-30 10:35:54.717   582  1836 D resolv  : android_getaddrinfofornetcontext: explore_numeric: ai_family=10 ai_socktype=2 ai_protocol=17
01-30 10:35:54.717   582  1836 D resolv  : explore_numeric_scope
01-30 10:35:54.717   582  1836 D resolv  : android_getaddrinfofornetcontext: explore_numeric: ai_family=2 ai_socktype=2 ai_protocol=17
01-30 10:35:54.717   582  1836 D resolv  : explore_numeric_scope
01-30 10:35:54.717   582 12573 D resolv  : DnsTlsSocket is initialized with { mConnectTimeoutMs: 127000, mAsyncHandshake: 0 }
01-30 10:35:54.717   582 12573 D resolv  : 983142 connecting TCP socket
01-30 10:35:54.718   582  1836 I netd    : DnsResolverService::setResolverConfiguration(102, [114.114.114.114, 8.8.8.8], [], 1800, 25, 8, 64, 0, 0, "", [114.114.114.114, 8.8.8.8]) -> (0) (1ms)
01-30 10:35:54.718   582  1836 I netd    : setResolverConfiguration(ResolverParamsParcel{netId: 102, sampleValiditySeconds: 1800, successThreshold: 25, minSamples: 8, maxSamples: 64, baseTimeoutMsec: 0, retryCount: 0, servers: [114.114.114.114, 8.8.8.8], domains: [], tlsName: , tlsServers: [114.114.114.114, 8.8.8.8], tlsFingerprints: [], caCertificate: , tlsConnectTimeoutMs: 0, resolverOptions: (null), transportTypes: [3]}) <1.13ms>
01-30 10:35:54.720   582 12573 D resolv  : No known sessions
01-30 10:35:54.720   582 12573 D resolv  : No session available
01-30 10:35:54.720   582 12573 D resolv  :  Calling SSL_connect with mark 0xf0066
01-30 10:35:54.720   582   629 I doh::network::driver: Sending probe to server 8.8.8.8:443 on Network 102
01-30 10:35:54.721   582 12573 D resolv  :  SSL_connect returned -1 with mark 0xf0066
01-30 10:35:54.721   582   629 W doh::connection: Connection driver returns some Err: Network(Os { code: 1, kind: PermissionDenied, message: "Operation not permitted" })
01-30 10:35:54.722   582 12574 I resolv  : onDohStatusUpdate: 102, 0, 8.8.8.8, 
01-30 10:35:54.722   582 12574 D resolv  : Sending validation failure event on netId 102 for 8.8.8.8:443 with hostname {}
01-30 10:35:54.723   851  1214 D ConnectivityService: Update of LinkProperties for [102 ETHERNET]; created=17706; firstConnected=17708
01-30 10:35:54.723   851  1214 I ConnectivityService: send Message updatePkgApnData1
01-30 10:35:54.725   582 12572 W resolv  : Validating DnsTlsServer 8.8.8.8 with mark 0xf0066
01-30 10:35:54.725   851  1825 I am_crash: [12512,0,com.fawvw.intelligentmodeservice,550026829,java.lang.ClassNotFoundException,com.fawvw.intelligentmodeservice.ModeServiceImpl,ModeService.java,81,0]
01-30 10:35:54.725   582 12572 D resolv  : Beginning validation with mark f0066
01-30 10:35:54.725   582 12572 D resolv  : No socket for query.  Opening socket and sending.
01-30 10:35:54.725   582 12572 D resolv  : Constructing new socket
01-30 10:35:54.725   582 12572 D resolv  : DnsTlsSocket is initialized with { mConnectTimeoutMs: 127000, mAsyncHandshake: 0 }
01-30 10:35:54.725   582 12572 D resolv  : 983142 connecting TCP socket
01-30 10:35:54.725   851  1825 I SdException: eventType = crash, processName = com.fawvw.intelligentmodeservice
01-30 10:35:54.725   851  1825 I SdException: data = crash|12512|com.fawvw.intelligentmodeservice
01-30 10:35:54.725   851  1825 I SdException: disconnecting...
01-30 10:35:54.726   582 12572 D resolv  : No known sessions
01-30 10:35:54.726   582 12572 D resolv  : No session available
01-30 10:35:54.726   582 12572 D resolv  :  Calling SSL_connect with mark 0xf0066
01-30 10:35:54.726   582 12572 D resolv  :  SSL_connect returned -1 with mark 0xf0066
01-30 10:35:54.726   584  1266 E WifiHAL : Invalid data received from driver
01-30 10:35:54.727   584  1266 E WifiHAL : Invalid data received from driver
01-30 10:35:54.727   584  1266 E WifiHAL : Invalid data received from driver
01-30 10:35:54.727   584  1266 E WifiHAL : Invalid data received from driver
01-30 10:35:54.727   584  1266 E WifiHAL : Invalid data received from driver
01-30 10:35:54.727   851  1825 W ActivityManager: Process com.fawvw.intelligentmodeservice has crashed too many times, killing! Reason: crashed quickly
01-30 10:35:54.727   851  1825 I am_process_crashed_too_much: [0,com.fawvw.intelligentmodeservice,1000]
01-30 10:35:54.727   584  1266 E WifiHAL : Invalid data received from driver
01-30 10:35:54.727   584  1266 E WifiHAL : Invalid data received from driver
01-30 10:35:54.729   851  1825 I sysui_multi_action: [757,316,758,4,759,-1]
01-30 10:35:54.730 12512 12512 I Process : Sending signal. PID: 12512 SIG: 9
01-30 10:35:54.732   851  1856 I ActivityManager: Process com.adayo.carplay (pid 12521) has died: pers PER 
01-30 10:35:54.733   851  1856 I am_proc_died: [0,12521,com.adayo.carplay,-800,0]
01-30 10:35:54.733   568   568 I Zygote  : Process 12521 exited due to signal 9 (Killed)
01-30 10:35:54.733   652  2032 I audio_hw_streamer: 569 capture_thread_loop: select [ch 8 -> ch 4] [15360 -> 7680] bytes data 
01-30 10:35:54.733   851  1063 I libprocessgroup: Successfully killed process cgroup uid 1000 pid 12521 in 0ms
01-30 10:35:54.740   851  1856 W ActivityManager: Scheduling restart of crashed service com.adayo.carplay/.service.CarPlayService in 0ms for persistent
01-30 10:35:54.740   851  1856 I am_schedule_service_restart: [0,com.adayo.carplay/.service.CarPlayService,0]
01-30 10:35:54.740   851  1856 W ActivityManager: Re-adding persistent process ProcessRecord{7c8ce39 12521:com.adayo.carplay/1000}
01-30 10:35:54.743   851  1856 D CompatibilityChangeReporter: Compat change id reported: 135634846; UID 1000; state: DISABLED
01-30 10:35:54.743   851  1856 D CompatibilityChangeReporter: Compat change id reported: 177438394; UID 1000; state: DISABLED
01-30 10:35:54.743   851  1856 D CompatibilityChangeReporter: Compat change id reported: 135772972; UID 1000; state: DISABLED
01-30 10:35:54.743   851  1856 D CompatibilityChangeReporter: Compat change id reported: 135754954; UID 1000; state: ENABLED
01-30 10:35:54.747   851   851 I notification_cancel: [1000,0,com.adayo.carplay,1,NULL,0,0,0,8,NULL]
01-30 10:35:54.748   851   851 D ResponseStatsTracker: notification:+3m51s286ms; event=<cancelled>, pkg=com.adayo.carplay, usr=0
01-30 10:35:54.748   851   851 I sysui_multi_action: [757,128,758,5,759,8,793,163,794,0,795,163,796,1,806,com.adayo.carplay,857,carplay_channel,858,2,947,0,1500,163,1688,1]
01-30 10:35:54.749   851   851 I notification_canceled: [0|com.adayo.carplay|1|null|1000,8,163,163,0,-1,-1,NULL]
01-30 10:35:54.749   851  1149 D JobScheduler.Quota: Processing event 31 for <0>com.adayo.carplay
01-30 10:35:54.753   652  2032 I audio_hw_streamer: 569 capture_thread_loop: select [ch 8 -> ch 4] [15360 -> 7680] bytes data 
01-30 10:35:54.757  1371  2270 E FawPowerService: vehicleCallbackList onCallbackDied callback: vendor.fawvw.fawsystemserver.fawvwpower.IVehicleModeListener$Stub$Proxy@d947b33 ,packageName : com.fawvw.intelligentmodeservice
01-30 10:35:54.758   851  1856 I ActivityManager: Process com.fawvw.intelligentmodeservice (pid 12512) has died: pers PER 
01-30 10:35:54.758   851  1856 I am_proc_died: [0,12512,com.fawvw.intelligentmodeservice,-800,0]
01-30 10:35:54.758   851  1063 I libprocessgroup: Successfully killed process cgroup uid 1000 pid 12512 in 0ms
01-30 10:35:54.759   568   568 D Zygote  : Forked child process 12577
01-30 10:35:54.759   851  1856 W ActivityManager: Scheduling restart of crashed service com.fawvw.intelligentmodeservice/.ModeService in 0ms for persistent
01-30 10:35:54.759   851  1856 I am_schedule_service_restart: [0,com.fawvw.intelligentmodeservice/.ModeService,0]
01-30 10:35:54.760   568   568 I Zygote  : Process 12512 exited due to signal 9 (Killed)
01-30 10:35:54.760   851  1856 W ActivityManager: Re-adding persistent process ProcessRecord{68110fb 12512:com.fawvw.intelligentmodeservice/1000}
01-30 10:35:54.766   851  1061 I am_proc_start: [0,12577,1000,com.adayo.carplay,restart,com.adayo.carplay]
01-30 10:35:54.766   851  1061 I ActivityManager: Start proc 12577:com.adayo.carplay/1000 for restart com.adayo.carplay
01-30 10:35:54.767   851  1856 I WifiService: getScanResults uid=10066
01-30 10:35:54.767   851  1856 W WifiService: Permission violation - getScanResults not allowed for uid=10066, packageName=com.fawvw.vehicle.navi.j01app, reason=java.lang.SecurityException: Location mode is disabled for the device
01-30 10:35:54.767   851  1149 D JobScheduler.Quota: Processing event 31 for <0>com.fawvw.intelligentmodeservice
01-30 10:35:54.771   584  1266 E WifiHAL : Invalid data received from driver
01-30 10:35:54.773   652  2032 I audio_hw_streamer: 569 capture_thread_loop: select [ch 8 -> ch 4] [15360 -> 7680] bytes data 
01-30 10:35:54.782   568   568 D Zygote  : Forked child process 12580
01-30 10:35:54.782   851  1061 I am_proc_start: [0,12580,1000,com.fawvw.intelligentmodeservice,restart,com.fawvw.intelligentmodeservice]
01-30 10:35:54.782   851  1061 I ActivityManager: Start proc 12580:com.fawvw.intelligentmodeservice/1000 for restart com.fawvw.intelligentmodeservice
01-30 10:35:54.788   851   851 I NotificationService: Cannot find enqueued record for key: 0|com.adayo.carplay|1|null|1000
01-30 10:35:54.788   851   851 D NotificationService: PostNotification: Abandoned after 203 ms
01-30 10:35:54.793   652  2032 I audio_hw_streamer: 569 capture_thread_loop: select [ch 8 -> ch 4] [15360 -> 7680] bytes data 
01-30 10:35:54.793 11580 12431 W adbd    : timed out while waiting for FUNCTIONFS_BIND, trying again
01-30 10:35:54.793 11580 12431 I adbd    : UsbFfs: connection terminated: monitor thread finished
01-30 10:35:54.793 11580 11580 I adbd    : UsbFfs: already offline
01-30 10:35:54.794 11580 11580 I adbd    : destroying transport UsbFfs
01-30 10:35:54.794 11580 11580 I adbd    : UsbFfsConnection being destroyed
01-30 10:35:54.807 12577 12577 I m.adayo.carplay: Using CollectorTypeCC GC.
01-30 10:35:54.807 12580 12580 I gentmodeservice: Using CollectorTypeCC GC.
01-30 10:35:54.810 12577 12577 D m.adayo.carplay: Received session metadata: 4856692461575694397
01-30 10:35:54.810 12580 12580 D gentmodeservice: Received session metadata: 842876827573873000
01-30 10:35:54.810 12580 12591 D gentmodeservice: Metrics reporting thread started
01-30 10:35:54.811 12580 12591 D gentmodeservice: Compilation info received 842876827573873000
01-30 10:35:54.813 12580 12580 E gentmodeservice: Not starting debugger since process cannot load the jdwp agent.
01-30 10:35:54.813 12577 12577 E m.adayo.carplay: Not starting debugger since process cannot load the jdwp agent.
01-30 10:35:54.813   652  2032 I audio_hw_streamer: 569 capture_thread_loop: select [ch 8 -> ch 4] [15360 -> 7680] bytes data 
01-30 10:35:54.825   851  1856 I am_proc_bound: [0,12577,com.adayo.carplay]
01-30 10:35:54.828   851  2688 I am_proc_bound: [0,12580,com.fawvw.intelligentmodeservice]
01-30 10:35:54.829 12577 12577 D CompatibilityChangeReporter: Compat change id reported: 171979766; UID 1000; state: DISABLED
01-30 10:35:54.829 12577 12577 D CompatibilityChangeReporter: Compat change id reported: 242716250; UID 1000; state: DISABLED
01-30 10:35:54.832 12580 12580 D CompatibilityChangeReporter: Compat change id reported: 171979766; UID 1000; state: ENABLED
01-30 10:35:54.832 12580 12580 D CompatibilityChangeReporter: Compat change id reported: 242716250; UID 1000; state: ENABLED
01-30 10:35:54.833   652  2032 I audio_hw_streamer: 569 capture_thread_loop: select [ch 8 -> ch 4] [15360 -> 7680] bytes data 
01-30 10:35:54.842 12577 12577 D nativeloader: Configuring clns-shared-7 for other apk /system/app/CarPlay/CarPlay.apk. target_sdk_version=30, uses_libraries=, library_path=/system/app/CarPlay/lib/arm64:/system/app/CarPlay/CarPlay.apk!/lib/arm64-v8a:/system/lib64:/system_ext/lib64, permitted_path=/data:/mnt/expand:/data/user/0/com.adayo.carplay:/system/app/CarPlay:/system/lib64:/system_ext/lib64
01-30 10:35:54.845 12580 12591 D gentmodeservice: Compilation info received 842876827573873000
01-30 10:35:54.847 12580 12580 D nativeloader: Configuring clns-shared-7 for other apk /system_ext/app/IntelligentModeService/IntelligentModeService.apk. target_sdk_version=34, uses_libraries=, library_path=/system_ext/app/IntelligentModeService/lib/arm64:/system_ext/app/IntelligentModeService/IntelligentModeService.apk!/lib/arm64-v8a:/system/lib64:/system_ext/lib64, permitted_path=/data:/mnt/expand:/data/user/0/com.fawvw.intelligentmodeservice:/system_ext/app/IntelligentModeService:/system/lib64:/system_ext/lib64
01-30 10:35:54.849 12580 12591 D gentmodeservice: Compilation info received 842876827573873000
01-30 10:35:54.853   652  2032 I audio_hw_streamer: 569 capture_thread_loop: select [ch 8 -> ch 4] [15360 -> 7680] bytes data 
01-30 10:35:54.861 11580 11584 I adbd    : opening control endpoint /dev/usb-ffs/adb/ep0
01-30 10:35:54.862 11580 11584 I adbd    : UsbFfsConnection constructed
01-30 10:35:54.862 11580 12616 I adbd    : UsbFfs-monitor thread spawned
01-01 08:03:52.582 11584 11584 I         : read descriptors
01-01 08:03:52.583 11584 11584 I         : read strings
01-01 08:03:52.583     1     1 I init    : processing action (sys.usb.config=adb && sys.usb.configfs=1 && sys.usb.ffs.ready=1) from (/system/etc/init/hw/init.usb.configfs.rc:20)
01-01 08:03:52.585     1     1 I init    : Command 'symlink /config/usb_gadget/g1/functions/ffs.adb /config/usb_gadget/g1/configs/b.1/f1' action=sys.usb.config=adb && sys.usb.configfs=1 && sys.usb.ffs.ready=1 (/system/etc/init/hw/init.usb.configfs.rc:22) took 0ms and failed: symlink() failed: File exists
01-01 08:03:52.585     1     1 I init    : Command 'write /config/usb_gadget/g1/UDC ${sys.usb.controller}' action=sys.usb.config=adb && sys.usb.configfs=1 && sys.usb.ffs.ready=1 (/system/etc/init/hw/init.usb.configfs.rc:23) took 0ms and failed: Unable to write to file '/config/usb_gadget/g1/UDC': Unable to write file contents: Device or resource busy
01-30 10:35:54.873   652  2032 I audio_hw_streamer: 569 capture_thread_loop: select [ch 8 -> ch 4] [15360 -> 7680] bytes data 
01-30 10:35:54.878 12577 12577 I CarPlay_Service: onCreate(DataHelper.java:135)onCreate: 
01-30 10:35:54.883   851  1060 D NotificationService: PostNotification: Started
01-30 10:35:54.883 12577 12577 D CarPlay_Service == CarPlayServer: init(LoadJson.java:27)configPath:/system/etc/adayo/carplay/CarPlayServerConfig.json
01-30 10:35:54.885   851   851 D NotificationService: EnqueueNotificationRunnable.run for: 0|com.adayo.carplay|1|null|1000
01-30 10:35:54.885   851   851 I notification_enqueue: [1000,12577,com.adayo.carplay,1,NULL,0,Notification(channel=carplay_channel shortcut=null contentView=null vibrate=null sound=null defaults=0x0 flags=0x860 color=0x00000000 vis=PRIVATE),0]
01-30 10:35:54.886 12577 12577 D CompatibilityChangeReporter: Compat change id reported: 247079863; UID 1000; state: DISABLED
01-30 10:35:54.887  1728  1728 I ExtAssistant: ENQUEUED 0|com.adayo.carplay|1|null|1000 on carplay_channel
01-30 10:35:54.888  1728  2728 D ExtAssistant: Creating Adjustment for 0|com.adayo.carplay|1|null|1000, with 0 actions, and 0 replies.
01-30 10:35:54.891  1513  2257 D TboxNetworkManager: tboxNetworkbinder=null
01-30 10:35:54.893   652  2032 I audio_hw_streamer: 569 capture_thread_loop: select [ch 8 -> ch 4] [15360 -> 7680] bytes data 
01-30 10:35:54.901 12577 12577 D CarPlay_Service == CarPlayServer: init(LoadJson.java:39)config parse end,Config{Logger=Logger{LogFileSavePath='null', ShowLineNumber=true, Tag='CarPlayServer', ShowFileName=true, LogLevel=2}, Information=Information{LockedBootStartService=true, BootStartService=true, configPath='/system/etc/adayo/carplay/CarPlayJniProxyConfig.json', deviceId='null', siriPrewarmTime=-600, connectOperatingBT=false, connectionMode=0, audioBufferSize=200, recordBufferSize=25000, videoBufferSize=150, decoderAsync=false, audioSteamType=AudioStreamType{VOICE_CALL=StreamInfo{streamType=0, usage='2', contentType='1', audioSource=-1, focusType=1, playusage=2}, RING=StreamInfo{streamType=2, usage='6', contentType='1', audioSource=-1, focusType=1, playusage=6}, MUSIC=StreamInfo{streamType=3, usage='1', contentType='2', audioSource=-1, focusType=0, playusage=1}, ALARM=StreamInfo{streamType=11, usage='13', contentType='1', audioSource=-1, focusType=2, playusage=12}, TTS=StreamInfo{streamType=17, usage='11', contentType='2', audioSource=-1, focusType=2, playusage=18}}, recordStreamType=RecordStreamType{MIC=StreamInfo{streamType=1, usage='2', contentType='1', audioSource=1, focusType=1, playusage=-1}, VOICE_CALL=StreamInfo{streamType=1, usage='2', contentType='1', audioSource=1, focusType=1, playusage=-1}, TTS=StreamInfo{streamType=1, usage='2', contentType='1', audioSource=10, focusType=1, playusage=-1}}, dataBaseInfo=DataBaseInfo{name='historyDevices.db', count=10000}, ituTestParam=ITUTestParam{playerParams=null, recorderParams=null}, dealWithBluetooth=false, muteCanWakeUp=true, transCanWakeUp=true, coverAnswerToFlash=true, carCallEndCarPlay=false, standbySendToPhone=true, dealWithMute=false, dealWithPhoneMode=false, dealWithBackCar=false, noDealWithRouteGuidance=false, minBufferScale=2, dealWithPASCD=true, supportsEnhancedSiriVoice=true, dealWithVR=false, testConnectFail=false, testConnectWifiFail=false, testScreenError=false}, Wireless=Wireless{setupWiFiOnServerCreate=false, setupBTOnServerCreate=false, startApCloseWifi=false, startApWhenBTConnect=true, Hotspot=Hotspot{SSID='CarPlayAP', PreShareKey='a88888888', apChannel=149, apChannel24=6, AuthAlgorithms=0, KeyManagement=2}}}
01-30 10:35:54.902 12577 12577 I PhoneDetect: LoadJson init/system/etc/adayo/carplay/PhoneDetectConfig.json
01-30 10:35:54.902 12577 12577 I PhoneDetect: LoadJson init/system/etc/adayo/carplay/PhoneDetectConfig.json
01-30 10:35:54.908 12577 12577 I PhoneDetect: config parse end,Feature{, isCarPlayHide=false, AppleDevice=AppleDevice{Wired=Wired{CurrentMode=0, AppleVendorID='5ac', AskSupportCarPlay=true, SupportRollBackIap=false, SupportCarPlayStatus=false, NotifyUnSupport=true, ObserverUEvent=[ObserverUEvent{PortMode=0, DevicePath='/devices/virtual/carplay_dev/carplay_dev', HIDPath='/dev/usb/hid_dev_otg', SoundCardIndex='-1'}, ObserverUEvent{PortMode=2, DevicePath='/devices/platform/soc/a600000.ssusb/a600000.dwc3/xhci-hcd', HIDPath='/dev/usb/hid_dev_otg', SoundCardIndex='1'}, ObserverUEvent{PortMode=0, DevicePath='/devices/virtual/carplay/carplay', HIDPath='null', SoundCardIndex='-1'}, ObserverUEvent{PortMode=0, DevicePath='/devices/virtual/misc/iap2_device', HIDPath='null', SoundCardIndex='-1'}, ObserverUEvent{PortMode=0, DevicePath='/devices/virtual/eap_dev/eap0', HIDPath='null', SoundCardIndex='-1'}, ObserverUEvent{PortMode=0, DevicePath='/devices/platform/soc/e6590000.usb/gadget/sound', HIDPath='null', SoundCardIndex='-1'}], Modes={1=0, 2=3, 3=2, 4=1}, SwitchNone={sys.usb.config=none}, SwitchCarPlay={usb.carplay.state=in, sys.usb.config=ncm}, SwitchCarBit={usb.carplay.state=in, sys.usb.config=mfi_iap2,mfi_carbit_eap,mfi_uac1,mfi_hid}, SwitchCarLife={usb.carplay.state=in, sys.usb.config=eap_carlife}, SwitchHost={usb.carplay.state=out}, USBReset={usb.carplay.state=reset}, ac8xEnable=null, ac8xRoleSwitch=null}, Wireless=Wireless{setupWiFiOnServerCreate=false, setupBTOnServerCreate=false, startApCloseWifi=false, startApWhenBTConnect=true, Hotspot=Hotspot{SSID='CarPlayAP', PreShareKey='a88888888', apChannel=149, apChannel24=6, AuthAlgorithms=0, KeyManagement=2}}}}
01-30 10:35:54.910 12577 12577 D CarPlay_Service: initPlayStatus(CarPlayAdapterStates.java:468)initPlayStatus--
01-30 10:35:54.910 12577 12577 D CarPlay_Service: getDaoSession(DataHelper.java:46)openDaoSession: historyDevices.db
01-30 10:35:54.913   652  2032 I audio_hw_streamer: 569 capture_thread_loop: select [ch 8 -> ch 4] [15360 -> 7680] bytes data 
01-30 10:35:54.919 12580 12580 D ModeService: onCreate and start init
01-30 10:35:54.920 12580 12580 D FawServiceManager: FawvwServiceManager Constructor function
01-30 10:35:54.922 12580 12580 D FawServiceManager: getFawvwManager service name is :power_service
01-30 10:35:54.927   644   707 I mcuc    : sd Uart data : 6AA60208290002920237
01-30 10:35:54.928 12580 12580 I ModeService: onLifecycleChanged: car service connected.
01-30 10:35:54.932   644   707 I mcuc    : rev uart=2189,len=60, data : 6AA681082900349202001800320000000012FF3F01FF01FF01FF01FF01FF01F40003FF03FF03FF03FF03FF03FF03FF03FF03FF03FF03FF03FF0700D8
01-30 10:35:54.932   396   396 D adayocomadapter-ParseProtocolFunc: printRaWMsg Name[MCUToUPstream recv] len[52] data[9202001800320000000012FF3F01FF01FF01FF01FF01FF01F40003FF03FF03FF03FF03FF03FF03FF03FF03FF03FF03FF03FF0700]
01-30 10:35:54.933   396   396 D adayocomadapter-CommunicationManager: onUpstreamback   member[0] dataLength[49] timePoint[231472]
01-30 10:35:54.933   396   396 D adayocomadapter-ParseProtocolFunc: printRaWMsg Name[onUpstreamback] len[49] data[1800320000000012FF3F01FF01FF01FF01FF01FF01F40003FF03FF03FF03FF03FF03FF03FF03FF03FF03FF03FF03FF0700]
01-30 10:35:54.933   396   452 D adayocomadapter-UpstreamHandler: processBeforePacket upSreamtProcessTimePoint[231472] 
01-30 10:35:54.933   396   452 D adayocomadapter-UpstreamHandler: processPacket UPSTREAM_QUEUE_DATA_TIMEOUT
01-30 10:35:54.933   396   452 D adayocomadapter-ParseProtocolFunc: parseCommonIPCLBytes Processing tableNumber[24]
01-30 10:35:54.933   396   452 D adayocomadapter-ParseProtocolFunc: parseCommonIPCLBytes Processing tablename[Table-24] tableSize[49]
01-30 10:35:54.933   396   452 D adayocomadapter-ParseProtocolFunc: printRaWMsg Name[byteStream recv] len[49] data[1800320000000012FF3F01FF01FF01FF01FF01FF01F40003FF03FF03FF03FF03FF03FF03FF03FF03FF03FF03FF03FF0700]
01-30 10:35:54.933   396   452 D adayocomadapter-ParseProtocolFunc: printRaWMsg Name[IPCLtoVHAL] len[8] data[2141211D0112FF3F]
01-30 10:35:54.933   396   452 D adayocomadapter-ParseProtocolFunc: printRaWMsg Name[IPCLtoVHAL] len[7] data[2140207A0003FF]
01-30 10:35:54.933   396   452 D adayocomadapter-ParseProtocolFunc: printRaWMsg Name[IPCLtoVHAL] len[6] data[214020D30000]
01-30 10:35:54.933   396   452 D adayocomadapter-ParseProtocolFunc: printRaWMsg Name[IPCLtoVHAL] len[6] data[214020CB0032]
01-30 10:35:54.933   396   452 D adayocomadapter-ParseProtocolFunc: printRaWMsg Name[IPCLtoVHAL] len[7] data[2140203C0001FF]
01-30 10:35:54.933   396   452 D adayocomadapter-ParseProtocolFunc: printRaWMsg Name[IPCLtoVHAL] len[6] data[214020C90000]
01-30 10:35:54.933   396   452 D adayocomadapter-ParseProtocolFunc: printRaWMsg Name[IPCLtoVHAL] len[6] data[214020CF0000]
01-30 10:35:54.933   396   452 D adayocomadapter-ParseProtocolFunc: printRaWMsg Name[IPCLtoVHAL] len[7] data[214020400001FF]
01-30 10:35:54.933   396   452 D adayocomadapter-ParseProtocolFunc: printRaWMsg Name[IPCLtoVHAL] len[6] data[214020D10000]
01-30 10:35:54.933   396   452 D adayocomadapter-ParseProtocolFunc: printRaWMsg Name[IPCLtoVHAL] len[7] data[214020440001FF]
01-30 10:35:54.933   396   452 D adayocomadapter-ParseProtocolFunc: printRaWMsg Name[IPCLtoVHAL] len[6] data[214020D50000]
01-30 10:35:54.933   396   452 D adayocomadapter-ParseProtocolFunc: printRaWMsg Name[IPCLtoVHAL] len[7] data[214020380001FF]
01-30 10:35:54.933   396   452 D adayocomadapter-ParseProtocolFunc: printRaWMsg Name[IPCLtoVHAL] len[7] data[2140207D0003FF]
01-30 10:35:54.933   396   452 D adayocomadapter-ParseProtocolFunc: printRaWMsg Name[IPCLtoVHAL] len[7] data[2140207F0003FF]
01-30 10:35:54.933   396   452 D adayocomadapter-ParseProtocolFunc: printRaWMsg Name[IPCLtoVHAL] len[6] data[214020520000]
01-30 10:35:54.933   396   452 D adayocomadapter-ParseProtocolFunc: printRaWMsg Name[IPCLtoVHAL] len[7] data[214020810003FF]
01-30 10:35:54.933   396   452 D adayocomadapter-ParseProtocolFunc: printRaWMsg Name[IPCLtoVHAL] len[7] data[214020800003FF]
01-30 10:35:54.933   396   452 D adayocomadapter-ParseProtocolFunc: printRaWMsg Name[IPCLtoVHAL] len[7] data[214020510001F4]
01-30 10:35:54.933   396   452 D adayocomadapter-ParseProtocolFunc: printRaWMsg Name[IPCLtoVHAL] len[7] data[2140207B0003FF]
01-30 10:35:54.933   396   452 D adayocomadapter-ParseProtocolFunc: printRaWMsg Name[IPCLtoVHAL] len[7] data[2140204C0001FF]
01-30 10:35:54.933   396   452 D adayocomadapter-ParseProtocolFunc: printRaWMsg Name[IPCLtoVHAL] len[7] data[2140207C0003FF]
01-30 10:35:54.933   396   452 D adayocomadapter-ParseProtocolFunc: printRaWMsg Name[IPCLtoVHAL] len[7] data[2140207E0003FF]
01-30 10:35:54.933   396   452 D adayocomadapter-ParseProtocolFunc: printRaWMsg Name[IPCLtoVHAL] len[7] data[214020820003FF]
01-30 10:35:54.933   396   452 D adayocomadapter-ParseProtocolFunc: printRaWMsg Name[IPCLtoVHAL] len[7] data[214020830003FF]
01-30 10:35:54.933   396   452 D adayocomadapter-ParseProtocolFunc: printRaWMsg Name[IPCLtoVHAL] len[7] data[214020840003FF]
01-30 10:35:54.933   396   452 D adayocomadapter-ParseProtocolFunc: printRaWMsg Name[IPCLtoVHAL] len[7] data[214020850003FF]
01-30 10:35:54.933   396   452 D adayocomadapter-ParseProtocolFunc: printRaWMsg Name[IPCLtoVHAL] len[6] data[2140220A0007]
01-30 10:35:54.933   396   452 D adayocomadapter-ParseProtocolFunc: printRaWMsg Name[IPCLtoVHAL] len[6] data[214021E60000]
01-30 10:35:54.933   396   452 D adayocomadapter-CommunicationManager: onUpstreamReceive mPropertyId 0x2141211d
01-30 10:35:54.933 12577 12577 I CarPlayServerProxy: CarPlayProxy versionCode: 6 versionName: 0.0.2_3054 buildDate: 20220919_1718
01-30 10:35:54.933   396   452 I vw-vhal : notifyVehicleProperty, propId = 0x2141211d, data = {status: 2, int32Values: [18, 255, 63]}
01-30 10:35:54.933   396   452 I vw-vhal : CanSignalsAdapter::notifyVehicleProperty: solvedValue = {.timestamp = 231472949692, .areaId = 0, .prop = 557916445, .status = AVAILABLE, .value = {.int32Values = [3]{18, 255, 63}, .floatValues = [0]{}, .int64Values = [0]{}, .bytes = [0]{}, .stringValue = ""}}
01-30 10:35:54.933   396   452 I VehiclePropertyStore: begin to write value to Store: {.timestamp = 231472949692, .areaId = 0, .prop = 557916445, .status = AVAILABLE, .value = {.int32Values = [3]{18, 255, 63}, .floatValues = [0]{}, .int64Values = [0]{}, .bytes = [0]{}, .stringValue = ""}}
01-30 10:35:54.933 12580 12580 D FawServiceManager: getFawvwManager service name is :persistence_service
01-30 10:35:54.933   396   452 I DefaultVehicleHal_v2_0: DefaultVehicleHal::onPropertyValue, value:{.timestamp = 231472949692, .areaId = 0, .prop = 557916445, .status = AVAILABLE, .value = {.int32Values = [3]{18, 255, 63}, .floatValues = [0]{}, .int64Values = [0]{}, .bytes = [0]{}, .stringValue = ""}}
01-30 10:35:54.933   396   452 I VehiclePropertyStore: begin to write value to Store: {.timestamp = 231472949692, .areaId = 0, .prop = 557916445, .status = AVAILABLE, .value = {.int32Values = [3]{18, 255, 63}, .floatValues = [0]{}, .int64Values = [0]{}, .bytes = [0]{}, .stringValue = ""}}
01-30 10:35:54.933   396   452 D adayocomadapter-CommunicationManager: onUpstreamReceive mPropertyId 0x2141211d
01-30 10:35:54.933   396   452 D adayocomadapter-CommunicationManager: onUpstreamReceive mPropertyId 0x2140207a
01-30 10:35:54.933   396   452 D adayocomadapter-CommunicationManager: convertBytesToInt32Memcpy  1023
01-30 10:35:54.934   396   452 I vw-vhal : notifyVehicleProperty, propId = 0x2140207a, data = {status: 2, int32Values: [1023]}
01-30 10:35:54.934   396   452 I vw-vhal : CanSignalsAdapter::notifyVehicleProperty: solvedValue = {.timestamp = 231473193692, .areaId = 0, .prop = 557850746, .status = AVAILABLE, .value = {.int32Values = [1]{1023}, .floatValues = [0]{}, .int64Values = [0]{}, .bytes = [0]{}, .stringValue = ""}}
01-30 10:35:54.934   396   452 I VehiclePropertyStore: begin to write value to Store: {.timestamp = 231473193692, .areaId = 0, .prop = 557850746, .status = AVAILABLE, .value = {.int32Values = [1]{1023}, .floatValues = [0]{}, .int64Values = [0]{}, .bytes = [0]{}, .stringValue = ""}}
01-30 10:35:54.934   396   452 I DefaultVehicleHal_v2_0: DefaultVehicleHal::onPropertyValue, value:{.timestamp = 231473193692, .areaId = 0, .prop = 557850746, .status = AVAILABLE, .value = {.int32Values = [1]{1023}, .floatValues = [0]{}, .int64Values = [0]{}, .bytes = [0]{}, .stringValue = ""}}
01-30 10:35:54.934   396   452 I VehiclePropertyStore: begin to write value to Store: {.timestamp = 231473193692, .areaId = 0, .prop = 557850746, .status = AVAILABLE, .value = {.int32Values = [1]{1023}, .floatValues = [0]{}, .int64Values = [0]{}, .bytes = [0]{}, .stringValue = ""}}
01-30 10:35:54.934   396   452 D adayocomadapter-CommunicationManager: onUpstreamReceive mPropertyId 0x2140207a
01-30 10:35:54.934   396   452 D adayocomadapter-CommunicationManager: onUpstreamReceive mPropertyId 0x214020d3
01-30 10:35:54.934   396   452 D adayocomadapter-CommunicationManager: convertBytesToInt32Memcpy  0
01-30 10:35:54.934   396   452 I vw-vhal : notifyVehicleProperty, propId = 0x214020d3, data = {status: 2, int32Values: [0]}
01-30 10:35:54.934   396   452 I vw-vhal : CanSignalsAdapter::notifyVehicleProperty: solvedValue = {.timestamp = 231473387359, .areaId = 0, .prop = 557850835, .status = AVAILABLE, .value = {.int32Values = [1]{0}, .floatValues = [0]{}, .int64Values = [0]{}, .bytes = [0]{}, .stringValue = ""}}
01-30 10:35:54.934   396   452 I VehiclePropertyStore: begin to write value to Store: {.timestamp = 231473387359, .areaId = 0, .prop = 557850835, .status = AVAILABLE, .value = {.int32Values = [1]{0}, .floatValues = [0]{}, .int64Values = [0]{}, .bytes = [0]{}, .stringValue = ""}}
01-30 10:35:54.934   396   452 I DefaultVehicleHal_v2_0: DefaultVehicleHal::onPropertyValue, value:{.timestamp = 231473387359, .areaId = 0, .prop = 557850835, .status = AVAILABLE, .value = {.int32Values = [1]{0}, .floatValues = [0]{}, .int64Values = [0]{}, .bytes = [0]{}, .stringValue = ""}}
01-30 10:35:54.934   396   452 I VehiclePropertyStore: begin to write value to Store: {.timestamp = 231473387359, .areaId = 0, .prop = 557850835, .status = AVAILABLE, .value = {.int32Values = [1]{0}, .floatValues = [0]{}, .int64Values = [0]{}, .bytes = [0]{}, .stringValue = ""}}
01-30 10:35:54.934   396   452 D adayocomadapter-CommunicationManager: onUpstreamReceive mPropertyId 0x214020d3
01-30 10:35:54.934   396   452 D adayocomadapter-CommunicationManager: onUpstreamReceive mPropertyId 0x214020cb
01-30 10:35:54.934   396   452 D adayocomadapter-CommunicationManager: convertBytesToInt32Memcpy  50
01-30 10:35:54.934   396   452 I vw-vhal : notifyVehicleProperty, propId = 0x214020cb, data = {status: 2, int32Values: [50]}
01-30 10:35:54.934   396   452 I vw-vhal : CanSignalsAdapter::notifyVehicleProperty: solvedValue = {.timestamp = 231473594026, .areaId = 0, .prop = 557850827, .status = AVAILABLE, .value = {.int32Values = [1]{50}, .floatValues = [0]{}, .int64Values = [0]{}, .bytes = [0]{}, .stringValue = ""}}
01-30 10:35:54.934   396   452 I VehiclePropertyStore: begin to write value to Store: {.timestamp = 231473594026, .areaId = 0, .prop = 557850827, .status = AVAILABLE, .value = {.int32Values = [1]{50}, .floatValues = [0]{}, .int64Values = [0]{}, .bytes = [0]{}, .stringValue = ""}}
01-30 10:35:54.934   396   452 I DefaultVehicleHal_v2_0: DefaultVehicleHal::onPropertyValue, value:{.timestamp = 231473594026, .areaId = 0, .prop = 557850827, .status = AVAILABLE, .value = {.int32Values = [1]{50}, .floatValues = [0]{}, .int64Values = [0]{}, .bytes = [0]{}, .stringValue = ""}}
01-30 10:35:54.934   396   452 I VehiclePropertyStore: begin to write value to Store: {.timestamp = 231473594026, .areaId = 0, .prop = 557850827, .status = AVAILABLE, .value = {.int32Values = [1]{50}, .floatValues = [0]{}, .int64Values = [0]{}, .bytes = [0]{}, .stringValue = ""}}
01-30 10:35:54.934   396   452 D adayocomadapter-CommunicationManager: onUpstreamReceive mPropertyId 0x214020cb
01-30 10:35:54.934 12580 12580 D FawPersistenceServiceManager: FawPersistenceServiceManager construct,package name iscom.fawvw.intelligentmodeservice
01-30 10:35:54.934   396   452 D adayocomadapter-CommunicationManager: onUpstreamReceive mPropertyId 0x2140203c
01-30 10:35:54.934   396   452 D adayocomadapter-CommunicationManager: convertBytesToInt32Memcpy  511
01-30 10:35:54.934   396   452 I vw-vhal : notifyVehicleProperty, propId = 0x2140203c, data = {status: 2, int32Values: [511]}
01-30 10:35:54.934   396   452 I vw-vhal : CanSignalsAdapter::notifyVehicleProperty: solvedValue = {.timestamp = 231473802692, .areaId = 0, .prop = 557850684, .status = AVAILABLE, .value = {.int32Values = [1]{511}, .floatValues = [0]{}, .int64Values = [0]{}, .bytes = [0]{}, .stringValue = ""}}
01-30 10:35:54.934   396   452 I VehiclePropertyStore: begin to write value to Store: {.timestamp = 231473802692, .areaId = 0, .prop = 557850684, .status = AVAILABLE, .value = {.int32Values = [1]{511}, .floatValues = [0]{}, .int64Values = [0]{}, .bytes = [0]{}, .stringValue = ""}}
01-30 10:35:54.934   396   452 I DefaultVehicleHal_v2_0: DefaultVehicleHal::onPropertyValue, value:{.timestamp = 231473802692, .areaId = 0, .prop = 557850684, .status = AVAILABLE, .value = {.int32Values = [1]{511}, .floatValues = [0]{}, .int64Values = [0]{}, .bytes = [0]{}, .stringValue = ""}}
01-30 10:35:54.934   396   452 I VehiclePropertyStore: begin to write value to Store: {.timestamp = 231473802692, .areaId = 0, .prop = 557850684, .status = AVAILABLE, .value = {.int32Values = [1]{511}, .floatValues = [0]{}, .int64Values = [0]{}, .bytes = [0]{}, .stringValue = ""}}
01-30 10:35:54.934   396   452 D adayocomadapter-CommunicationManager: onUpstreamReceive mPropertyId 0x2140203c
01-30 10:35:54.934   396   452 D adayocomadapter-CommunicationManager: onUpstreamReceive mPropertyId 0x214020c9
01-30 10:35:54.934   396   452 D adayocomadapter-CommunicationManager: convertBytesToInt32Memcpy  0
01-30 10:35:54.934   396   452 I vw-vhal : notifyVehicleProperty, propId = 0x214020c9, data = {status: 2, int32Values: [0]}
01-30 10:35:54.934   396   452 I vw-vhal : CanSignalsAdapter::notifyVehicleProperty: solvedValue = {.timestamp = 231473990359, .areaId = 0, .prop = 557850825, .status = AVAILABLE, .value = {.int32Values = [1]{0}, .floatValues = [0]{}, .int64Values = [0]{}, .bytes = [0]{}, .stringValue = ""}}
01-30 10:35:54.934   396   452 I VehiclePropertyStore: begin to write value to Store: {.timestamp = 231473990359, .areaId = 0, .prop = 557850825, .status = AVAILABLE, .value = {.int32Values = [1]{0}, .floatValues = [0]{}, .int64Values = [0]{}, .bytes = [0]{}, .stringValue = ""}}
01-30 10:35:54.934   396   452 I DefaultVehicleHal_v2_0: DefaultVehicleHal::onPropertyValue, value:{.timestamp = 231473990359, .areaId = 0, .prop = 557850825, .status = AVAILABLE, .value = {.int32Values = [1]{0}, .floatValues = [0]{}, .int64Values = [0]{}, .bytes = [0]{}, .stringValue = ""}}
01-30 10:35:54.934   396   452 I VehiclePropertyStore: begin to write value to Store: {.timestamp = 231473990359, .areaId = 0, .prop = 557850825, .status = AVAILABLE, .value = {.int32Values = [1]{0}, .floatValues = [0]{}, .int64Values = [0]{}, .bytes = [0]{}, .stringValue = ""}}
01-30 10:35:54.934   396   452 D adayocomadapter-CommunicationManager: onUpstreamReceive mPropertyId 0x214020c9
01-30 10:35:54.934   396   452 D adayocomadapter-CommunicationManager: onUpstreamReceive mPropertyId 0x214020cf
01-30 10:35:54.934   396   452 D adayocomadapter-CommunicationManager: convertBytesToInt32Memcpy  0
01-30 10:35:54.935   396   452 I vw-vhal : notifyVehicleProperty, propId = 0x214020cf, data = {status: 2, int32Values: [0]}
01-30 10:35:54.935   396   452 I vw-vhal : CanSignalsAdapter::notifyVehicleProperty: solvedValue = {.timestamp = 231474182026, .areaId = 0, .prop = 557850831, .status = AVAILABLE, .value = {.int32Values = [1]{0}, .floatValues = [0]{}, .int64Values = [0]{}, .bytes = [0]{}, .stringValue = ""}}
01-30 10:35:54.935   396   452 I VehiclePropertyStore: begin to write value to Store: {.timestamp = 231474182026, .areaId = 0, .prop = 557850831, .status = AVAILABLE, .value = {.int32Values = [1]{0}, .floatValues = [0]{}, .int64Values = [0]{}, .bytes = [0]{}, .stringValue = ""}}
01-30 10:35:54.935   396   452 I DefaultVehicleHal_v2_0: DefaultVehicleHal::onPropertyValue, value:{.timestamp = 231474182026, .areaId = 0, .prop = 557850831, .status = AVAILABLE, .value = {.int32Values = [1]{0}, .floatValues = [0]{}, .int64Values = [0]{}, .bytes = [0]{}, .stringValue = ""}}
