12-30 11:30:11.113   398   464 I DefaultVehicleHal_v2_0: DefaultVehicleHal::onPropertyValue, value:{.timestamp = 10346934784898, .areaId = 0, .prop = 557851142, .status = AVAILABLE, .value = {.int32Values = [1]{0}, .floatValues = [0]{}, .int64Values = [0]{}, .bytes = [0]{}, .stringValue = ""}}
12-30 11:30:11.113   398   464 D DiagPropHandler: is not DiagnosticConfig: 0x21402206
12-30 11:30:11.113   398   464 I VehiclePropertyStore: begin to write value to Store: {.timestamp = 10346934784898, .areaId = 0, .prop = 557851142, .status = AVAILABLE, .value = {.int32Values = [1]{0}, .floatValues = [0]{}, .int64Values = [0]{}, .bytes = [0]{}, .stringValue = ""}}
12-30 11:30:11.113   398   464 D adayocomadapter-CommunicationManager: onUpstreamReceive mPropertyId 0x21402206
12-30 11:30:11.117   360   931 D EvsDriver: forwardFrame
12-30 11:30:11.117   360   931 D EvsDriver: forwardFrameDirect
12-30 11:30:11.118   360   931 D EvsDriver: Delivered 0xb400e2ca9e40c7a0 as id 1
12-30 11:30:11.118   359   359 D evsmanagerd: /dev/video-evs0 forwarded the buffer #1 to 0xb400f125d2b26dd0 from 0xb400f125e2b20710
12-30 11:30:11.120  2358  2623 D RcfController: Rcf proxy is not connected!
12-30 11:30:11.128   360   458 D EvsDriver: doneWithFrame
12-30 11:30:11.128  1667  2594 W ContextImpl: Calling a method in the system process without a qualified user: android.app.ContextImpl.bindService:1988 android.content.ContextWrapper.bindService:861 com.ford.sync.fnvservice.FordFnv.c:202 com.ford.sync.fnvservice.FordFnv.c:43 com.ford.sync.fnvservice.FordFnv$RetryHandler.handleMessage:245 
12-30 11:30:11.129   916  2815 W ActivityManager: Unable to start service Intent { cmp=com.ford.sync.fnvservice/.FordFnvService } U=0: not found
12-30 11:30:11.129  1667  2594 W FordFnv :  bind ford fnv failed -> sendRetryMessage 
12-30 11:30:11.151   360   931 D EvsDriver: forwardFrame
12-30 11:30:11.151   360   931 D EvsDriver: forwardFrameDirect
12-30 11:30:11.151   360   931 D EvsDriver: Delivered 0xb400e2ca9e40e270 as id 0
12-30 11:30:11.151   359   359 D evsmanagerd: /dev/video-evs0 forwarded the buffer #0 to 0xb400f125d2b26dd0 from 0xb400f125e2b20710
12-30 11:30:11.159   360   458 D EvsDriver: doneWithFrame
12-30 11:30:11.170  2358  2623 D RcfController: Rcf proxy is not connected!
12-30 11:30:11.176   596  3076 E WifiHAL : Invalid data received from driver
12-30 11:30:11.184   360   931 D EvsDriver: forwardFrame
12-30 11:30:11.184   360   931 D EvsDriver: forwardFrameDirect
12-30 11:30:11.184   360   931 D EvsDriver: Delivered 0xb400e2ca9e40d4b0 as id 1
12-30 11:30:11.184   359   359 D evsmanagerd: /dev/video-evs0 forwarded the buffer #1 to 0xb400f125d2b26dd0 from 0xb400f125e2b20710
12-30 11:30:11.188   360   458 D EvsDriver: doneWithFrame
12-30 11:30:11.217   360   931 D EvsDriver: forwardFrame
12-30 11:30:11.218   360   931 D EvsDriver: forwardFrameDirect
12-30 11:30:11.218   360   931 D EvsDriver: Delivered 0xb400e2ca9e40c2d0 as id 0
12-30 11:30:11.218   359   359 D evsmanagerd: /dev/video-evs0 forwarded the buffer #0 to 0xb400f125d2b26dd0 from 0xb400f125e2b20710
12-30 11:30:11.218   360   458 D EvsDriver: doneWithFrame
12-30 11:30:11.220  2358  2623 D RcfController: Rcf proxy is not connected!
12-30 11:30:11.251   360   931 D EvsDriver: forwardFrame
12-30 11:30:11.251   360   931 D EvsDriver: forwardFrameDirect
12-30 11:30:11.251   360   931 D EvsDriver: Delivered 0xb400e2ca9e40d090 as id 1
12-30 11:30:11.251   359   359 D evsmanagerd: /dev/video-evs0 forwarded the buffer #1 to 0xb400f125d2b26dd0 from 0xb400f125e2b20710
12-30 11:30:11.257   596  3076 E WifiHAL : Invalid data received from driver
12-30 11:30:11.258   596  3076 E WifiHAL : Invalid data received from driver
12-30 11:30:11.258   596  3076 E WifiHAL : Invalid data received from driver
12-30 11:30:11.258   596  3076 E WifiHAL : Invalid data received from driver
12-30 11:30:11.258   596  3076 E WifiHAL : Invalid data received from driver
12-30 11:30:11.258   596  3076 E WifiHAL : Invalid data received from driver
12-30 11:30:11.258   596  3076 E WifiHAL : Invalid data received from driver
12-30 11:30:11.260   360   458 D EvsDriver: doneWithFrame
12-30 11:30:11.261   682   821 W vendor.fawvw.hardware.persistenceservice: [RecoveryTBoxSomeIPClient::connectSomeIPServer] Waiting proxy available1...
12-30 11:30:11.261   596  3076 E WifiHAL : Invalid data received from driver
12-30 11:30:11.270  2358  2623 D RcfController: Rcf proxy is not connected!
12-30 11:30:11.275  1547  2118 D ANWAPI  : (1547|0x6EF3FCB0)[BTAPI] BT Addres is NULL , checking which array is connected
12-30 11:30:11.275  1547  2118 D ANWAPI  : 
12-30 11:30:11.275  1547  2118 D ANWAPI  : (1547|0x6EF3FCB0)[BTAPI] SPPMIN(0)SPPMAX(1)
12-30 11:30:11.275  1547  2118 D ANWAPI  : 
12-30 11:30:11.275  1547  2118 D ANWAPI  : (1547|0x6EF3FCB0)[BTAPI] In Three Step Get Device ID(0)
12-30 11:30:11.275  1547  2118 D ANWAPI  : 
12-30 11:30:11.275  1547  2118 D ANWAPI  : (1547|0x6EF3FCB0)[BTAPI] AVRCP_Connected ID(0), state(4)
12-30 11:30:11.275  1547  2118 D ANWAPI  : 
12-30 11:30:11.275  1547  2118 D ANWAPI  : (1547|0x6EF3FCB0)[BTAPI] in Get_ID3, Get Device ID(0)
12-30 11:30:11.275  1547  2118 D ANWAPI  : 
12-30 11:30:11.275  1547  2118 D ANWAPI  : (1547|0x6EF3FCB0)[BTAPI] AVRCP_Auto_Get_ID3
12-30 11:30:11.275  1547  2118 D ANWAPI  : 
12-30 11:30:11.275  1547  2118 D ANWAPI  : (1547|0x6EF3FCB0)[BTAPI] SDK >>>>AnWBT_AVRCP_GetSongDetail
12-30 11:30:11.275  1547  2118 D ANWAPI  : (1547|0x6EF3FCB0)[BTAPI] SDK <<<<AnWBT_AVRCP_GetSongDetail 0
12-30 11:30:11.275  1547  2118 D ANWAPI  : (1547|0x6EF3FCB0)[BTAPI] >>>>_anwbt_AVRCP_GetSongDetail
12-30 11:30:11.275  1547  2118 D ANWAPI  : (1547|0x6EF3FCB0)[BTAPI] btsdk_avrcp_GetElementAttributes
12-30 11:30:11.275  1547  2118 D ANW_AVRCP: (1547|0x6EF3FCB0)[AVRCP] API AVRCP_GetElementAttributes attMask=0x0
12-30 11:30:11.275  1547  2118 D ANWStack: [  10347097][ANWBT] <<Avctp_Send_Message 0/1:
12-30 11:30:11.275  1547  2118 D ANWStack: 
12-30 11:30:11.276  1547  2118 D ANWStack: [  10347097][ANWBT] L2CAP: L2_RetrieveHandle called, cid=0x83
12-30 11:30:11.276  1547  2118 D ANWStack: 
12-30 11:30:11.276  1547  2118 D ANWAPI  : (1547|0x6EF3FCB0)[BTAPI] ===BTAPI_MallocIdxMsg 1029 980
12-30 11:30:11.276  1547  2118 D ANWAPI  : (1547|0x6EF3FCB0)[BTAPI] <<<<_anwbt_AVRCP_GetSongDetail 0
12-30 11:30:11.283  1547  2118 D ANWAPI  : (1547|0x6EF3FCB0)[BTAPI] AnwhciEventCallback 19 1
12-30 11:30:11.284   360   931 D EvsDriver: forwardFrame
12-30 11:30:11.284   360   931 D EvsDriver: forwardFrameDirect
12-30 11:30:11.284   360   931 D EvsDriver: Delivered 0xb400e2ca9e40e110 as id 0
12-30 11:30:11.284   359   359 D evsmanagerd: /dev/video-evs0 forwarded the buffer #0 to 0xb400f125d2b26dd0 from 0xb400f125e2b20710
12-30 11:30:11.289   360   458 D EvsDriver: doneWithFrame
12-30 11:30:11.316  1547  2118 D ANWStack: [  10347138][ANWBT] >>Avctp_L2cap_Data_Ind_Cb
12-30 11:30:11.316  1547  2118 D ANWStack: 
12-30 11:30:11.316  1547  2118 D ANWStack: [  10347138][ANWBT] AVCTP Message Length = 160
12-30 11:30:11.316  1547  2118 D ANWStack: [  10347138][ANWBT] Receive AVCTP_SINGLE_PACKET
12-30 11:30:11.316  1547  2118 D ANW_AVRCP: (1547|0x6EF3FCB0)[AVRCP] [**AVRCP**] 0xa2 0x110e
12-30 11:30:11.316  1547  2118 D ANW_AVRCP: (1547|0x6EF3FCB0)[AVRCP] opcode match 0x0
12-30 11:30:11.316  1547  2118 D ANW_AVRCP: 
12-30 11:30:11.316  1547  2118 D ANW_AVRCP: (1547|0x6EF3FCB0)[AVRCP] subopcode match 0x20, update ctype 0x1->0xc
12-30 11:30:11.316  1547  2118 D ANW_AVRCP: 
12-30 11:30:11.316  1547  2118 D ANW_AVRCP: (1547|0x6EF3FCB0)[AVRCP] AVRCP_Packet_Parser Response
12-30 11:30:11.316  1547  2118 D ANW_AVRCP: 
12-30 11:30:11.316  1547  2118 D ANW_AVRCP: (1547|0x6EF3FCB0)[AVRCP] AVRCP_Get_Element_Attributes_RSP_Handler
12-30 11:30:11.316  1547  2118 D ANW_AVRCP: (1547|0x6EF3FCB0)[AVRCP] num of attributes: 8
12-30 11:30:11.316  1547  2118 D ANW_AVRCP: 
12-30 11:30:11.316  1547  2118 D ANWAPI  : (1547|0x6EF3FCB0)[BTAPI] connmgr_find_by_handle pData = 0xb400fa68ee34c5e0,7
12-30 11:30:11.316  1547  2118 D ANWAPI  : (1547|0x6EF3FCB0)[BTAPI] AVRCP_GET_ELEMENT_ATTRIBUTES
12-30 11:30:11.316  1547  2118 D ANWAPI  : (1547|0x6EF3FCB0)[BTAPI] connmgr_find_by_handle pData = 0xb400fa68ee34c5e0,7
12-30 11:30:11.316  1547  2118 D ANWAPI  : (1547|0x6EF3FCB0)[BTAPI] media attrib id(1)
12-30 11:30:11.316  1547  2118 D ANWAPI  : (1547|0x6EF3FCB0)[BTAPI] MediaAttr_MediaTitle 19 106
12-30 11:30:11.316  1547  2118 D ANWAPI  : (1547|0x6EF3FCB0)[BTAPI] connmgr_find_by_handle pData = 0xb400fa68ee34c5e0,7
12-30 11:30:11.316  1547  2118 D ANWAPI  : (1547|0x6EF3FCB0)[BTAPI] media attrib id(2)
12-30 11:30:11.316  1547  2118 D ANWAPI  : (1547|0x6EF3FCB0)[BTAPI] MediaAttr_ArtistName 50 106
12-30 11:30:11.316  1547  2118 D ANWAPI  : (1547|0x6EF3FCB0)[BTAPI] connmgr_find_by_handle pData = 0xb400fa68ee34c5e0,7
12-30 11:30:11.316  1547  2118 D ANWAPI  : (1547|0x6EF3FCB0)[BTAPI] media attrib id(3)
12-30 11:30:11.316  1547  2118 D ANWAPI  : (1547|0x6EF3FCB0)[BTAPI] MediaAttr_AlbumName 0 106
12-30 11:30:11.316  1547  2118 D ANWAPI  : (1547|0x6EF3FCB0)[BTAPI] connmgr_find_by_handle pData = 0xb400fa68ee34c5e0,7
12-30 11:30:11.316  1547  2118 D ANWAPI  : (1547|0x6EF3FCB0)[BTAPI] media attrib id(4)
12-30 11:30:11.316  1547  2118 D ANWAPI  : (1547|0x6EF3FCB0)[BTAPI] MediaAttr_MediaNum 0 106
12-30 11:30:11.316  1547  2118 D ANWAPI  : (1547|0x6EF3FCB0)[BTAPI] connmgr_find_by_handle pData = 0xb400fa68ee34c5e0,7
12-30 11:30:11.316  1547  2118 D ANWAPI  : (1547|0x6EF3FCB0)[BTAPI] media attrib id(5)
12-30 11:30:11.316  1547  2118 D ANWAPI  : (1547|0x6EF3FCB0)[BTAPI] MediaAttr_TotalMediaNum 0 106
12-30 11:30:11.316  1547  2118 D ANWAPI  : (1547|0x6EF3FCB0)[BTAPI] connmgr_find_by_handle pData = 0xb400fa68ee34c5e0,7
12-30 11:30:11.316  1547  2118 D ANWAPI  : (1547|0x6EF3FCB0)[BTAPI] media attrib id(6)
12-30 11:30:11.316  1547  2118 D ANWAPI  : (1547|0x6EF3FCB0)[BTAPI] MediaAttr_Genre 0 106
12-30 11:30:11.316  1547  2118 D ANWAPI  : (1547|0x6EF3FCB0)[BTAPI] connmgr_find_by_handle pData = 0xb400fa68ee34c5e0,7
12-30 11:30:11.316  1547  2118 D ANWAPI  : (1547|0x6EF3FCB0)[BTAPI] media attrib id(7)
12-30 11:30:11.316  1547  2118 D ANWAPI  : (1547|0x6EF3FCB0)[BTAPI] MediaAttr_PlayingTimeMs 6 106
12-30 11:30:11.316  1547  2118 D ANWAPI  : (1547|0x6EF3FCB0)[BTAPI] connmgr_find_by_handle pData = 0xb400fa68ee34c5e0,7
12-30 11:30:11.316  1547  2118 D ANWAPI  : (1547|0x6EF3FCB0)[BTAPI] media attrib id(8)
12-30 11:30:11.316  1547  2118 D ANWAPI  : (1547|0x6EF3FCB0)[BTAPI] MediaAttr_CoverArt 7 106 0
12-30 11:30:11.316  1547  2118 D ANWAPI  : (1547|0x6EF3FCB0)[BTAPI] connmgr_find_by_handle pData = 0xb400fa68ee34c5e0,7
12-30 11:30:11.316  1547  2118 D ANWAPI  : (1547|0x6EF3FCB0)[BTAPI] AVRCP_GET_ELEMENT_ATTRIBUTES_FINISH
12-30 11:30:11.316  1547  2118 D ANWAPI  : (1547|0x6EF3FCB0)[BTAPI] btsdk_avrcp_post_songdetails
12-30 11:30:11.316  1547  2118 D ANWAPI  : (1547|0x6EF3FCB0)[BTAPI] *BT_CB_Dispatch
12-30 11:30:11.316  1547  2118 D ANWAPI  : (1547|0x6EF3FCB0)[BTAPI] *****SDK callback(0x405)
12-30 11:30:11.316  1547  2118 D ANWAPI  : (1547|0x6EF3FCB0)[BTAPI] SDK***** [34:10:be:3d:c6:77][0]
12-30 11:30:11.316  1547  2118 D ANWAPI  : (1547|0x6EF3FCB0)[BTAPI] btsdk_exec_apicb start
12-30 11:30:11.316  1547  2118 D ANWAPI  : (1547|0x6EF3FCB0)[BTAPI] Up: AvrcpMsgHandler receive[34:10:BE:3D:C6:77], Get Device ID(0)
12-30 11:30:11.316  1547  2118 D ANWAPI  : 
12-30 11:30:11.316  1547  2118 D ANWAPI  : (1547|0x6EF3FCB0)[BTAPI] Up: AnWBT_AVRCP_CURRENT_SONG_DETAIL_IND(6)
12-30 11:30:11.316  1547  2118 D ANWAPI  : 
12-30 11:30:11.316  1547  2118 D ANWAPI  : (1547|0x6EF3FCB0)[BTAPI] MediaTitle   : 梦一场 梦一场
12-30 11:30:11.316  1547  2118 D ANWAPI  : 
12-30 11:30:11.316  1547  2118 D ANWAPI  : (1547|0x6EF3FCB0)[BTAPI] PlayingTimeMs: 205014
12-30 11:30:11.316  1547  2118 D ANWAPI  : 
12-30 11:30:11.316  1547  2118 D ANWAPI  : (1547|0x6EF3FCB0)[BTAPI] ArtistName   : Star Crossing Night(feat. GALI) · 徐明浩, GALI
12-30 11:30:11.316  1547  2118 D ANWAPI  : 
12-30 11:30:11.316  1547  2118 D ANWAPI  : (1547|0x6EF3FCB0)[BTAPI] BipHandle: 1000015)
12-30 11:30:11.316  1547  2118 D ANWAPI  : 
12-30 11:30:11.317  1547  2118 D ANWAPI  : (1547|0x6EF3FCB0)[BTAPI] inform track changed cb, num_attr:4
12-30 11:30:11.317  1547  2118 D ANWAPI  : 
12-30 11:30:11.317  1547  2118 I ANW bt_btif: inform_track_changed_cb: HAL bt_rc_ctrl_callbacks->track_changed_cb
12-30 11:30:11.317  1547  2118 I BluetoothAvrcpControllerJni: btavrcp_track_changed_callback
12-30 11:30:11.317  1547  2118 D AvrcpControllerService: onTrackChanged
12-30 11:30:11.317  1547  2118 D AvrcpItem.Builder: 2 = Star Crossing Night(feat. GALI) · 徐明浩, GALI
12-30 11:30:11.317  1547  2118 D AvrcpItem.Builder: 1 = 梦一场 梦一场
12-30 11:30:11.317  1547  2118 D AvrcpItem.Builder: 7 = 205014
12-30 11:30:11.317  1547  2118 D AvrcpItem.Builder: 8 = 1000015
12-30 11:30:11.317  1547  2118 D ANWAPI  : (1547|0x6EF3FCB0)[BTAPI] Up: per 1.5S get ID3 information
12-30 11:30:11.317  1547  2118 D ANWAPI  : 
12-30 11:30:11.317  1547  2118 D ANWAPI  : (1547|0x6EF3FCB0)[BTAPI] AVRCP_Cancel_Auto_Get_ID3(0)
12-30 11:30:11.317  1547  2118 D ANWAPI  : 
12-30 11:30:11.317  1547 19344 D AvrcpControllerStateMachine: Avrcp.ConnectedAvrcpController processMessage MESSAGE_PROCESS_TRACK_CHANGED
12-30 11:30:11.317  1547  2118 D ANWAPI  : (1547|0x6EF3FCB0)[BTAPI] btsdk_exec_apicb end
12-30 11:30:11.317  1547 19344 D AvrcpCoverArtProvider: getImageUri -> content://com.android.bluetooth.avrcpcontroller.AvrcpCoverArtProvider?device=34%3A10%3ABE%3A3D%3AC6%3A77&uuid=0136c232-deb1-4cee-8dee-c09eba3317f8
12-30 11:30:11.317  1547 19344 D BluetoothMediaBrowserService: trackChanged setMetadata=AvrcpItem{mUuid=666f3ebe-4b6c-4027-afa5-07c0caf63a8d, mUid=0, mItemType=3, mType=0, mDisplayableName=null, mTitle=梦一场 梦一场 mPlayingTime=205014 mTrack=0/0, mPlayable=false, mBrowsable=false, mCoverArtHandle=1000015, mImageUuid=0136c232-deb1-4cee-8dee-c09eba3317f8, mImageUricontent://com.android.bluetooth.avrcpcontroller.AvrcpCoverArtProvider?device=34%3A10%3ABE%3A3D%3AC6%3A77&uuid=0136c232-deb1-4cee-8dee-c09eba3317f8}
12-30 11:30:11.317   360   931 D EvsDriver: forwardFrame
12-30 11:30:11.317   360   931 D EvsDriver: forwardFrameDirect
12-30 11:30:11.318   360   931 D EvsDriver: Delivered 0xb400e2ca9e40c7a0 as id 1
12-30 11:30:11.318   359   359 D evsmanagerd: /dev/video-evs0 forwarded the buffer #1 to 0xb400f125d2b26dd0 from 0xb400f125e2b20710
12-30 11:30:11.319  1547 19344 D AvrcpControllerStateMachine: removeUnusedArtwork(0136c232-deb1-4cee-8dee-c09eba3317f8)
12-30 11:30:11.319  1547 19344 D AvrcpControllerStateMachine: removeUnusedArtworkFromBrowseTree()
12-30 11:30:11.320   360   458 D EvsDriver: doneWithFrame
12-30 11:30:11.320  2358  2623 D RcfController: Rcf proxy is not connected!
12-30 11:30:11.321  1547  2236 D A2dpSinkService: getDevicesMatchingConnectionStates[2]
12-30 11:30:11.321  1547  2236 D A2dpSinkService: Device: XX:XX:XX:XX:C6:77State: 2
12-30 11:30:11.321  1547  2236 D A2dpSinkService: Device: XX:XX:XX:XX:F8:60State: 0
12-30 11:30:11.321  1547  2236 D A2dpSinkService: Device: XX:XX:XX:XX:8D:47State: 0
12-30 11:30:11.321  1547  2236 D A2dpSinkService: [XX:XX:XX:XX:C6:77]
12-30 11:30:11.321  1547  2236 D A2dpSinkService: GetDevicesDone
12-30 11:30:11.323  1547  2236 D A2dpSinkService: getDevicesMatchingConnectionStates[2]
12-30 11:30:11.323  1547  2236 D A2dpSinkService: Device: XX:XX:XX:XX:C6:77State: 2
12-30 11:30:11.323  1547  2236 D A2dpSinkService: Device: XX:XX:XX:XX:F8:60State: 0
12-30 11:30:11.323  1547  2236 D A2dpSinkService: Device: XX:XX:XX:XX:8D:47State: 0
12-30 11:30:11.323  1547  2236 D A2dpSinkService: [XX:XX:XX:XX:C6:77]
12-30 11:30:11.323  1547  2236 D A2dpSinkService: GetDevicesDone
12-30 11:30:11.324  2425  2425 D ME_MEDIA_BTSessionPlayer: onMetadataChanged, mMediaItem: MediaItem{Media Id=MEDIA_BT_SONG_ID, mMetadata=Bundle[{android.media.metadata.ARTIST=Star Crossing Night(feat. GALI) · 徐明浩, GALI, androidx.media2.metadata.BROWSABLE=1, androidx.media2.metadata.EXTRAS=Bundle[{com.mosi.mlsc.mediaengine.EXTRA_KEY_DEVICE_TYPE=5, com.mosi.mlsc.mediaengine.EXTRA_KEY_DEVICE_ID=34:10:BE:3D:C6:77}], android.media.metadata.DURATION=205014, android.media.metadata.ALBUM_ART_URI=content://com.android.bluetooth.avrcpcontroller.AvrcpCoverArtProvider?device=34%3A10%3ABE%3A3D%3AC6%3A77&uuid=0136c232-deb1-4cee-8dee-c09eba3317f8, android.media.metadata.MEDIA_ID=MEDIA_BT_SONG_ID, android.media.metadata.ALBUM=未知专辑, android.media.metadata.TITLE=梦一场 梦一场}], mStartPositionMs=0, mEndPositionMs=576460752303423487}
12-30 11:30:11.324 21940 19613 D MC2ImplBase: onCustomCommand cmd=com.fawvw.mw.mediaengine.ACTION_MEDIA_STATE_CHANGED
12-30 11:30:11.348   596  3076 E WifiHAL : Invalid data received from driver
12-30 11:30:11.351 21940 21940 I CNS_MEDIA_BT_MUSIC__MediaClient: onCustomCommand, action: com.fawvw.mw.mediaengine.ACTION_MEDIA_STATE_CHANGED, extra: Bundle[mParcelledData.dataSize=1848]
12-30 11:30:11.351   360   931 D EvsDriver: forwardFrame
12-30 11:30:11.351   360   931 D EvsDriver: forwardFrameDirect
12-30 11:30:11.351 21940 21940 D CNS_MEDIA_BT_MUSIC__c: sendMediaInfo2SDS: state = 2, item = Bundle[mParcelledData.dataSize=1332]
12-30 11:30:11.351 21940 21940 I CNS_MEDIA_BT_MUSIC__MediaMetadataUtil: get title: 梦一场 梦一场 and artist: Star Crossing Night(feat. GALI) · 徐明浩, GALI
12-30 11:30:11.351   360   931 D EvsDriver: Delivered 0xb400e2ca9e40e270 as id 0
12-30 11:30:11.351 21940 21940 I CNS_MEDIA_BT_MUSIC__MediaMetadataUtil: get title: 梦一场 梦一场 and artist: Star Crossing Night(feat. GALI) · 徐明浩, GALI
12-30 11:30:11.351   359   359 D evsmanagerd: /dev/video-evs0 forwarded the buffer #0 to 0xb400f125d2b26dd0 from 0xb400f125e2b20710
12-30 11:30:11.351 21940 21940 D CNS_MEDIA_BT_MUSIC__c: notifyCurrentMediaItemChanged: isActive = true, item = MediaItem{Media Id=MEDIA_BT_SONG_ID, mMetadata=Bundle[{android.media.metadata.ARTIST=Star Crossing Night(feat. GALI) · 徐明浩, GALI, androidx.media2.metadata.BROWSABLE=1, androidx.media2.metadata.EXTRAS=Bundle[mParcelledData.dataSize=252], android.media.metadata.DURATION=205014, android.media.metadata.ALBUM_ART_URI=content://com.android.bluetooth.avrcpcontroller.AvrcpCoverArtProvider?device=34%3A10%3ABE%3A3D%3AC6%3A77&uuid=0136c232-deb1-4cee-8dee-c09eba3317f8, android.media.metadata.MEDIA_ID=MEDIA_BT_SONG_ID, android.media.metadata.ALBUM=未知专辑, android.media.metadata.TITLE=梦一场 梦一场}], mStartPositionMs=0, mEndPositionMs=576460752303423487}
12-30 11:30:11.351 21940 21940 I CNS_MEDIA_BT_MUSIC__b: notifyMediaInfo: metadata = Bundle[{android.media.metadata.ARTIST=Star Crossing Night(feat. GALI) · 徐明浩, GALI, androidx.media2.metadata.BROWSABLE=1, androidx.media2.metadata.EXTRAS=Bundle[mParcelledData.dataSize=252], android.media.metadata.DURATION=205014, android.media.metadata.ALBUM_ART_URI=content://com.android.bluetooth.avrcpcontroller.AvrcpCoverArtProvider?device=34%3A10%3ABE%3A3D%3AC6%3A77&uuid=0136c232-deb1-4cee-8dee-c09eba3317f8, android.media.metadata.MEDIA_ID=MEDIA_BT_SONG_ID, android.media.metadata.ALBUM=未知专辑, android.media.metadata.TITLE=梦一场 梦一场}]
12-30 11:30:11.351 21940 21940 I CNS_MEDIA_BT_MUSIC__MediaMetadataUtil: get title: 梦一场 梦一场 and artist: Star Crossing Night(feat. GALI) · 徐明浩, GALI
12-30 11:30:11.352 21940 21940 I CNS_MEDIA_BT_MUSIC__MainActivity: update ID3 info, uri:, title:梦一场 梦一场, artist:Star Crossing Night(feat. GALI) · 徐明浩, GALI
12-30 11:30:11.352 21940 21940 I CNS_MEDIA_BT_MUSIC__MediaMetadataUtil: get title: 梦一场 梦一场 and artist: Star Crossing Night(feat. GALI) · 徐明浩, GALI
12-30 11:30:11.353 21940 21940 I CNS_MEDIA_BT_MUSIC__MediaMetadataUtil: get title: 梦一场 梦一场 and artist: Star Crossing Night(feat. GALI) · 徐明浩, GALI
12-30 11:30:11.353 21940 21940 I CNS_MEDIA_BT_MUSIC__MediaMetadataUtil: get title: 梦一场 梦一场 and artist: Star Crossing Night(feat. GALI) · 徐明浩, GALI
12-30 11:30:11.353 21940 21940 I CNS_MEDIA_BT_MUSIC__MediaMetadataUtil: get title: 梦一场 梦一场 and artist: Star Crossing Night(feat. GALI) · 徐明浩, GALI
12-30 11:30:11.353 21940 21940 I CNS_MEDIA_BT_MUSIC__MediaMetadataUtil: get title: 梦一场 梦一场 and artist: Star Crossing Night(feat. GALI) · 徐明浩, GALI
12-30 11:30:11.353 21940 21940 I CNS_MEDIA_BT_MUSIC__MainActivity: update bt ID3Info, first: 未知歌手, second: 
12-30 11:30:11.360  1667 19384 E CarPlay_Service: isConnected(MFiClientApiImpl.java:123)isConnected： true
12-30 11:30:11.360   879  2332 I mfiserver: [MFiProxy.cpp][675]messageMID =11 LID=03 com.adayo.carplay 
12-30 11:30:11.360   879  2332 I mfiserver: [MFiProxy.cpp][970]message channle=60 type=4 mode=1 buf=0xb400fc8d1fa65640 len=28 
12-30 11:30:11.360   879 19383 I libmfi  : [iAPUtils.c][134]buflen:28 packetlen=28
12-30 11:30:11.360   879 19383 E libmfi  : [iAP2BuffPoolImplementation.c][312]__iAP2BuffPoolGetRecvPacket malloc lenth = 4152 
12-30 11:30:11.360   879 19383 I libmfi  : [iAP2Link.c][2715]iAP2LinkHandleReadyPacket bDeletePacket = FALSE 
12-30 11:30:11.360   879 19383 I libmfi  : [iAP2Link.c][2802]_CleanupAckedPackets 
12-30 11:30:11.360   879 19383 I libmfi  : [iAP2Link.c][3046]_iAP2LinkProcessInOrderPacketACK 
12-30 11:30:11.360   360   458 D EvsDriver: doneWithFrame
12-30 11:30:11.360   879 19383 I libmfi  : [iAP2Control.c][208]Recieve Control MessageID = 0x5001 length = 18 
12-30 11:30:11.360   879 19383 E libmfi  : [iAP2BuffPoolImplementation.c][209]__iAP2BuffPoolGetSendPacket malloc lenth = 65591 
12-30 11:30:11.360   879 19383 I mfiserver: [MFiDataChannleSocket.cpp][127]len =16 
12-30 11:30:11.360   879 19383 E libmfi  : [iAP2BuffPoolImplementation.c][359]__iAP2BuffPoolReturnRecvPacket
12-30 11:30:11.361  1667  2331 I libmficlient: [MFiClient.cpp][120]Receive Data MID=11 LID=04 
12-30 11:30:11.361  1667  2331 I libmficlient: [MFiClient.cpp][120]Receive Data MID=50 LID=01 
12-30 11:30:11.361  1667  2331 W libmficlientjni: [MFiClientJniUtils.cpp][427]Set array[MediaItemMediaType] Value Failed 
12-30 11:30:11.361  1667  2331 W libmficlientjni: [MFiClientJniUtils.cpp][427]Set array[MediaItemArtworkData] Value Failed 
12-30 11:30:11.362  1667  2331 W CarPlay_Service: playbackUpdate(MediaInfoTrans.java:429)isMediaProxyConnected is false
12-30 11:30:11.371  2358  2623 D RcfController: Rcf proxy is not connected!
12-30 11:30:11.373  1611  1611 I ADAYO_LOG_: handleMessage(UsbFunc.java:3)copyQnx = 0
12-30 11:30:11.374  1611  1611 I ADAYO_LOG_: handleMessage(UsbFunc.java:12)copyState = 2
12-30 11:30:11.382 21940 21940 I CNS_MEDIA_BT_MUSIC__MediaMetadataUtil: get title: 梦一场 梦一场 and artist: Star Crossing Night(feat. GALI) · 徐明浩, GALI
12-30 11:30:11.382 21940 21940 I CNS_MEDIA_BT_MUSIC__HMIAdapter: notifyMediaInfo, mDeviceType: MT_BT_Music,lastPlayInfo: com.fawvw.hmi.cnslauncher.service.MediaPlayingInfo@4ed269e
12-30 11:30:11.384 21845 21857 I MediaMiniApp: onPlayingInfoChanged MT_BT_Music ; mediaPlayingInfo = {"albumName":"梦一场 梦一场","artistName":"Star Crossing Night(feat. GALI) · 徐明浩, GALI","coverDescriptor":{"mClosed":false,"mFd":{"descriptor":85,"ownerId":576460752305527910,"releaseLock":{}},"mGuard":{"closerNameOrAllocationInfo":"close"}},"deviceType":"MT_BT_Music","duration":205014,"isFavor":false,"mediaId":"MEDIA_BT_SONG_ID","state":"MPS_PLAYING"}
12-30 11:30:11.384 21845 21857 D MediaCardController: curDeviceType = MT_BT_Music
12-30 11:30:11.384 21845 21857 D MediaCardController: deviceType = MT_BT_Music
12-30 11:30:11.384   360   931 D EvsDriver: forwardFrame
12-30 11:30:11.384   360   931 D EvsDriver: forwardFrameDirect
12-30 11:30:11.384   360   931 D EvsDriver: Delivered 0xb400e2ca9e40d4b0 as id 1
12-30 11:30:11.384   359   359 D evsmanagerd: /dev/video-evs0 forwarded the buffer #1 to 0xb400f125d2b26dd0 from 0xb400f125e2b20710
12-30 11:30:11.385 21845 21857 D MediaMiniApp: playingInfo = {"albumName":"梦一场 梦一场","artistName":"Star Crossing Night(feat. GALI) · 徐明浩, GALI","coverDescriptor":{"mClosed":false,"mFd":{"descriptor":85,"ownerId":576460752305527910,"releaseLock":{}},"mGuard":{"closerNameOrAllocationInfo":"close"}},"deviceType":"MT_BT_Music","duration":205014,"isFavor":false,"mediaId":"MEDIA_BT_SONG_ID","state":"MPS_PLAYING"}
12-30 11:30:11.385 21845 21857 D MediaMiniApp: mediaId = MEDIA_BT_SONG_ID
12-30 11:30:11.385 21845 21857 I snet_event_log: [190188264,-1,]
12-30 11:30:11.387 21845 21857 D MediaMiniApp: getBitmapByFD bitmap = android.graphics.Bitmap@50198f2
12-30 11:30:11.387 21845 21857 D MediaMiniApp: onCoverInfoChanged!! = android.graphics.Bitmap@50198f2
12-30 11:30:11.391   360   458 D EvsDriver: doneWithFrame
12-30 11:30:11.414 21845 21857 D MediaMiniApp: getBitmapHash = 1958b397a57f9fc1e91ea2700dc9a673
12-30 11:30:11.417   360   931 D EvsDriver: forwardFrame
12-30 11:30:11.417   360   931 D EvsDriver: forwardFrameDirect
12-30 11:30:11.418   360   931 D EvsDriver: Delivered 0xb400e2ca9e40c2d0 as id 0
12-30 11:30:11.418   359   359 D evsmanagerd: /dev/video-evs0 forwarded the buffer #0 to 0xb400f125d2b26dd0 from 0xb400f125e2b20710
12-30 11:30:11.421   360   458 D EvsDriver: doneWithFrame
12-30 11:30:11.421  2358  2623 D RcfController: Rcf proxy is not connected!
12-30 11:30:11.441 21845 21857 D MediaMiniApp: getBitmapHash = 1958b397a57f9fc1e91ea2700dc9a673
12-30 11:30:11.441 21940 21940 I CNS_MEDIA_BT_MUSIC__a: uploadData, eventId: lmPlayNewContent, data: {"songName":"梦一场 梦一场","singerName":"Star Crossing Night(feat. GALI) · 徐明浩, GALI","albumName":"未知专辑","totalTime":205014,"songStatus":"新歌曲","operationType":"","source":"其他"}
12-30 11:30:11.442 21940 21940 D CNS_MEDIA_BT_MUSIC__c: sendMediaInfo2SDS: state = 2, item = Bundle[{android.media.metadata.ARTIST=Star Crossing Night(feat. GALI) · 徐明浩, GALI, androidx.media2.metadata.BROWSABLE=1, androidx.media2.metadata.EXTRAS=Bundle[{com.mosi.mlsc.mediaengine.EXTRA_KEY_DEVICE_TYPE=5, com.mosi.mlsc.mediaengine.EXTRA_KEY_DEVICE_ID=34:10:BE:3D:C6:77}], android.media.metadata.DURATION=205014, android.media.metadata.ALBUM_ART_URI=content://com.android.bluetooth.avrcpcontroller.AvrcpCoverArtProvider?device=34%3A10%3ABE%3A3D%3AC6%3A77&uuid=0136c232-deb1-4cee-8dee-c09eba3317f8, android.media.metadata.MEDIA_ID=MEDIA_BT_SONG_ID, android.media.metadata.ALBUM=未知专辑, android.media.metadata.TITLE=梦一场 梦一场}]
12-30 11:30:11.442 21940 21940 I CNS_MEDIA_BT_MUSIC__MediaMetadataUtil: get title: 梦一场 梦一场 and artist: Star Crossing Night(feat. GALI) · 徐明浩, GALI
12-30 11:30:11.442 21940 21940 I CNS_MEDIA_BT_MUSIC__MediaMetadataUtil: get title: 梦一场 梦一场 and artist: Star Crossing Night(feat. GALI) · 徐明浩, GALI
12-30 11:30:11.442 21940 21940 I CNS_MEDIA_BT_MUSIC__HMIAdapter: mDeviceType: MT_BT_Music, state: MPS_PLAYING
12-30 11:30:11.442 21845 21857 I MediaMiniApp: onPlayStateChanged MT_BT_Music ; playState = MPS_PLAYING
12-30 11:30:11.442 21845 21857 D MediaMiniApp: onPlayStateChanged!! playState = MPS_PLAYING
12-30 11:30:11.442 21845 21845 I MediaMiniApp: playStateChanged = MPS_PLAYING
12-30 11:30:11.443 21940 21940 D CNS_MEDIA_BT_MUSIC__b: handleLoadSucceed: title = 梦一场 梦一场,artist = Star Crossing Night(feat. GALI) · 徐明浩, GALI,duration= 205014
12-30 11:30:11.443 21940 21940 I CNS_MEDIA_BT_MUSIC__FsgAudioHelper: notifyMediaInfo: mIsConnected = true, songInfo = 梦一场 梦一场, bitmap width = 200, bitmap height = 200
12-30 11:30:11.443  2045  2131 D InfotainmentBridge_Native: fireSongInfo
12-30 11:30:11.444  2045  2131 D InfotainmentBridge_Native: fireSongInfo() -- source: 3
12-30 11:30:11.444  2045  2131 I JNI     : 梦一场 梦一场
12-30 11:30:11.444  2045  2131 D InfotainmentBridge_Native: fireSongInfo() -- name: 梦一场 梦一场
12-30 11:30:11.444  2045  2131 I JNI     : Star Crossing Night(feat. GALI) · 徐明浩, GALI
12-30 11:30:11.444  2045  2131 D InfotainmentBridge_Native: fireSongInfo() -- signer: Star Crossing Night(feat. GALI) · 徐明浩, GALI
12-30 11:30:11.444  2045  2131 D InfotainmentBridge_Native: fireSongInfo() -- duration: 205
12-30 11:30:11.444  2045  2131 D InfotainmentBridge_Native: fireSongInfo() -- duration: 200
12-30 11:30:11.444  2045  2131 D InfotainmentBridge_Native: fireSongInfo() -- duration: 200
12-30 11:30:11.444  2045  2131 D InfotainmentBridge_Native: fireSongInfo() -- cover size: 80000
12-30 11:30:11.447   596  3076 E WifiHAL : Invalid data received from driver
12-30 11:30:11.451   360   931 D EvsDriver: forwardFrame
12-30 11:30:11.451   360   931 D EvsDriver: forwardFrameDirect
12-30 11:30:11.451   360   931 D EvsDriver: Delivered 0xb400e2ca9e40d090 as id 1
12-30 11:30:11.452   359   359 D evsmanagerd: /dev/video-evs0 forwarded the buffer #1 to 0xb400f125d2b26dd0 from 0xb400f125e2b20710
12-30 11:30:11.461   360   458 D EvsDriver: doneWithFrame
12-30 11:30:11.471  2358  2623 D RcfController: Rcf proxy is not connected!
12-30 11:30:11.476   699   699 I auditd  : type=1400 audit(0.0:1156960): avc:  denied  { read } for  comm="name_server" laddr=172.20.2.35 lport=34880 faddr=172.20.2.36 fport=60000 scontext=u:r:name_server:s0 tcontext=u:r:name_server:s0 tclass=tcp_socket permissive=1
12-30 11:30:11.476   699   699 I name_server: type=1400 audit(0.0:1156960): avc:  denied  { read } for  laddr=172.20.2.35 lport=34880 faddr=172.20.2.36 fport=60000 scontext=u:r:name_server:s0 tcontext=u:r:name_server:s0 tclass=tcp_socket permissive=1
12-30 11:30:11.476   699   699 I auditd  : type=1400 audit(0.0:1156961): avc:  denied  { write } for  comm="name_server" laddr=172.20.2.35 lport=34880 faddr=172.20.2.36 fport=60000 scontext=u:r:name_server:s0 tcontext=u:r:name_server:s0 tclass=tcp_socket permissive=1
12-30 11:30:11.476   699   699 I name_server: type=1400 audit(0.0:1156961): avc:  denied  { write } for  laddr=172.20.2.35 lport=34880 faddr=172.20.2.36 fport=60000 scontext=u:r:name_server:s0 tcontext=u:r:name_server:s0 tclass=tcp_socket permissive=1
12-30 11:30:11.485   360   931 I EvsDriver: /dev/video-evs0 VideoCapture fps 29.9956
12-30 11:30:11.485   360   931 D EvsDriver: forwardFrame
12-30 11:30:11.485   360   931 D EvsDriver: forwardFrameDirect
12-30 11:30:11.485   360   931 D EvsDriver: Delivered 0xb400e2ca9e40e110 as id 0
12-30 11:30:11.485   359   359 D evsmanagerd: /dev/video-evs0 forwarded the buffer #0 to 0xb400f125d2b26dd0 from 0xb400f125e2b20710
12-30 11:30:11.490  1667  2407 I media_message_log->MediaMessageProxy: (SourceFile:1)b connectToService action bind
12-30 11:30:11.491   916  2815 W ActivityManager: Unable to start service Intent { cmp=com.adayo.server.mediamessagetransfer/.MediaMessTransferService (has extras) } U=0: not found
12-30 11:30:11.491  1667  2407 E media_message_log->MediaMessageProxy: (SourceFile:7)a bindServiceAsUser isBound = false
12-30 11:30:11.492   360   458 D EvsDriver: doneWithFrame
12-30 11:30:11.518   360   931 D EvsDriver: forwardFrame
12-30 11:30:11.518   360   931 D EvsDriver: forwardFrameDirect
12-30 11:30:11.518   360   931 D EvsDriver: Delivered 0xb400e2ca9e40c7a0 as id 1
12-30 11:30:11.518   359   359 D evsmanagerd: /dev/video-evs0 forwarded the buffer #1 to 0xb400f125d2b26dd0 from 0xb400f125e2b20710
12-30 11:30:11.521  2358  2623 D RcfController: Rcf proxy is not connected!
12-30 11:30:11.522   360   458 D EvsDriver: doneWithFrame
12-30 11:30:11.532   596  3076 E WifiHAL : Invalid data received from driver
12-30 11:30:11.551   360   931 D EvsDriver: forwardFrame
12-30 11:30:11.551   360   931 D EvsDriver: forwardFrameDirect
12-30 11:30:11.551   360   931 D EvsDriver: Delivered 0xb400e2ca9e40e270 as id 0
12-30 11:30:11.551   359   359 D evsmanagerd: /dev/video-evs0 forwarded the buffer #0 to 0xb400f125d2b26dd0 from 0xb400f125e2b20710
12-30 11:30:11.551   650   729 D fgemcucomm: sd Uart data : 6AA60243ED0002920238
12-30 11:30:11.552   650   729 D fgemcucomm: rev uart=85851,len=13, data : 6AA68143ED00059202000C00AA
12-30 11:30:11.552   398   466 D adayocomadapter-ParseProtocolFunc: printRaWMsg Name[MCUToUPstream recv] len[5] data[9202000C00]
12-30 11:30:11.552   398   466 D adayocomadapter-CommunicationManager: onUpstreamback   member[0] dataLength[2] timePoint[10347374]
12-30 11:30:11.552   398   466 D adayocomadapter-ParseProtocolFunc: printRaWMsg Name[onUpstreamback] len[2] data[0C00]
12-30 11:30:11.552   398   464 D adayocomadapter-UpstreamHandler: processBeforePacket upSreamtProcessTimePoint[10347374] 
12-30 11:30:11.552   398   464 D adayocomadapter-UpstreamHandler: processPacket UPSTREAM_QUEUE_DATA_TIMEOUT
12-30 11:30:11.552   398   464 D adayocomadapter-ParseProtocolFunc: parseCommonIPCLBytes Processing tableNumber[12]
12-30 11:30:11.552   398   464 D adayocomadapter-ParseProtocolFunc: parseCommonIPCLBytes Processing tablename[Table-12] tableSize[2]
12-30 11:30:11.552   398   464 D adayocomadapter-ParseProtocolFunc: printRaWMsg Name[byteStream recv] len[2] data[0C00]
12-30 11:30:11.552   360   458 D EvsDriver: doneWithFrame
12-30 11:30:11.552   398   464 D adayocomadapter-ParseProtocolFunc: printRaWMsg Name[IPCLtoVHAL] len[6] data[214021660000]
12-30 11:30:11.552   398   464 D adayocomadapter-CommunicationManager: onUpstreamReceive mPropertyId 0x21402166
12-30 11:30:11.552   398   464 D adayocomadapter-CommunicationManager: convertBytesToInt32Memcpy  0
12-30 11:30:11.552   398   464 I vw-vhal : notifyVehicleProperty, propId = 0x21402166, data = {status: 2, int32Values: [0]}
12-30 11:30:11.552   398   464 I vw-vhal : CanSignalsAdapter::notifyVehicleProperty: solvedValue = {.timestamp = 10347374503231, .areaId = 0, .prop = 557850982, .status = AVAILABLE, .value = {.int32Values = [1]{0}, .floatValues = [0]{}, .int64Values = [0]{}, .bytes = [0]{}, .stringValue = ""}}
12-30 11:30:11.552   398   464 I VehiclePropertyStore: begin to write value to Store: {.timestamp = 10347374503231, .areaId = 0, .prop = 557850982, .status = AVAILABLE, .value = {.int32Values = [1]{0}, .floatValues = [0]{}, .int64Values = [0]{}, .bytes = [0]{}, .stringValue = ""}}
12-30 11:30:11.552   398   464 I DefaultVehicleHal_v2_0: DefaultVehicleHal::onPropertyValue, value:{.timestamp = 10347374503231, .areaId = 0, .prop = 557850982, .status = AVAILABLE, .value = {.int32Values = [1]{0}, .floatValues = [0]{}, .int64Values = [0]{}, .bytes = [0]{}, .stringValue = ""}}
12-30 11:30:11.552   398   464 D DiagPropHandler: is not DiagnosticConfig: 0x21402166
12-30 11:30:11.552   398   464 I VehiclePropertyStore: begin to write value to Store: {.timestamp = 10347374503231, .areaId = 0, .prop = 557850982, .status = AVAILABLE, .value = {.int32Values = [1]{0}, .floatValues = [0]{}, .int64Values = [0]{}, .bytes = [0]{}, .stringValue = ""}}
12-30 11:30:11.552   398   464 D adayocomadapter-CommunicationManager: onUpstreamReceive mPropertyId 0x21402166
12-30 11:30:11.572  2358  2623 D RcfController: Rcf proxy is not connected!
12-30 11:30:11.576  1547  2118 D ANW_AVRCP: (1547|0x6EF3FCB0)[AVRCP] API getPlayStatusTimerHandler
12-30 11:30:11.576  1547  2118 D ANW_AVRCP: (1547|0x6EF3FCB0)[AVRCP] API AVRCP_GetPlayStatus
12-30 11:30:11.576  1547  2118 D ANWStack: [  10347397][ANWBT] <<Avctp_Send_Message 0/1:
12-30 11:30:11.576  1547  2118 D ANWStack: 
12-30 11:30:11.576  1547  2118 D ANWStack: [  10347397][ANWBT] L2CAP: L2_RetrieveHandle called, cid=0x83
12-30 11:30:11.576  1547  2118 D ANWStack: 
12-30 11:30:11.582   650   729 D fgemcucomm: sd Uart data : 6AA60243EE0002920237
12-30 11:30:11.582   650   729 D fgemcucomm: rev uart=85852,len=16, data : 6AA68143EE00089202000E00000000A4
12-30 11:30:11.582   398   466 D adayocomadapter-ParseProtocolFunc: printRaWMsg Name[MCUToUPstream recv] len[8] data[9202000E00000000]
12-30 11:30:11.582   398   466 D adayocomadapter-CommunicationManager: onUpstreamback   member[0] dataLength[5] timePoint[10347404]
12-30 11:30:11.582   398   466 D adayocomadapter-ParseProtocolFunc: printRaWMsg Name[onUpstreamback] len[5] data[0E00000000]
12-30 11:30:11.582   398   464 D adayocomadapter-UpstreamHandler: processBeforePacket upSreamtProcessTimePoint[10347404] 
12-30 11:30:11.582   398   464 D adayocomadapter-UpstreamHandler: processPacket UPSTREAM_QUEUE_DATA_TIMEOUT
12-30 11:30:11.582   398   464 D adayocomadapter-ParseProtocolFunc: parseCommonIPCLBytes Processing tableNumber[14]
12-30 11:30:11.582   398   464 D adayocomadapter-ParseProtocolFunc: parseCommonIPCLBytes Processing tablename[Table-14] tableSize[5]
12-30 11:30:11.582   398   464 D adayocomadapter-ParseProtocolFunc: printRaWMsg Name[byteStream recv] len[5] data[0E00000000]
12-30 11:30:11.582   398   464 D adayocomadapter-ParseProtocolFunc: printRaWMsg Name[IPCLtoVHAL] len[6] data[214020DE0000]
12-30 11:30:11.582   398   464 D adayocomadapter-ParseProtocolFunc: printRaWMsg Name[IPCLtoVHAL] len[6] data[214020E00000]
12-30 11:30:11.582   398   464 D adayocomadapter-ParseProtocolFunc: printRaWMsg Name[IPCLtoVHAL] len[6] data[214020E50000]
12-30 11:30:11.582   398   464 D adayocomadapter-ParseProtocolFunc: printRaWMsg Name[IPCLtoVHAL] len[6] data[214020E60000]
12-30 11:30:11.582   398   464 D adayocomadapter-CommunicationManager: onUpstreamReceive mPropertyId 0x214020de
12-30 11:30:11.582   398   464 D adayocomadapter-CommunicationManager: convertBytesToInt32Memcpy  0
12-30 11:30:11.582   398   464 I vw-vhal : notifyVehicleProperty, propId = 0x214020de, data = {status: 2, int32Values: [0]}
12-30 11:30:11.582   398   464 I vw-vhal : CanSignalsAdapter::notifyVehicleProperty: solvedValue = {.timestamp = 10347404776231, .areaId = 0, .prop = 557850846, .status = AVAILABLE, .value = {.int32Values = [1]{0}, .floatValues = [0]{}, .int64Values = [0]{}, .bytes = [0]{}, .stringValue = ""}}
12-30 11:30:11.582   398   464 I VehiclePropertyStore: begin to write value to Store: {.timestamp = 10347404776231, .areaId = 0, .prop = 557850846, .status = AVAILABLE, .value = {.int32Values = [1]{0}, .floatValues = [0]{}, .int64Values = [0]{}, .bytes = [0]{}, .stringValue = ""}}
12-30 11:30:11.583   398   464 I DefaultVehicleHal_v2_0: DefaultVehicleHal::onPropertyValue, value:{.timestamp = 10347404776231, .areaId = 0, .prop = 557850846, .status = AVAILABLE, .value = {.int32Values = [1]{0}, .floatValues = [0]{}, .int64Values = [0]{}, .bytes = [0]{}, .stringValue = ""}}
12-30 11:30:11.583   398   464 D DiagPropHandler: is not DiagnosticConfig: 0x214020de
12-30 11:30:11.583   398   464 I VehiclePropertyStore: begin to write value to Store: {.timestamp = 10347404776231, .areaId = 0, .prop = 557850846, .status = AVAILABLE, .value = {.int32Values = [1]{0}, .floatValues = [0]{}, .int64Values = [0]{}, .bytes = [0]{}, .stringValue = ""}}
12-30 11:30:11.583   398   464 D adayocomadapter-CommunicationManager: onUpstreamReceive mPropertyId 0x214020de
12-30 11:30:11.583   398   464 D adayocomadapter-CommunicationManager: onUpstreamReceive mPropertyId 0x214020e0
12-30 11:30:11.583   398   464 D adayocomadapter-CommunicationManager: convertBytesToInt32Memcpy  0
12-30 11:30:11.583   398   464 I vw-vhal : notifyVehicleProperty, propId = 0x214020e0, data = {status: 2, int32Values: [0]}
12-30 11:30:11.583   398   464 I vw-vhal : CanSignalsAdapter::notifyVehicleProperty: solvedValue = {.timestamp = 10347405008564, .areaId = 0, .prop = 557850848, .status = AVAILABLE, .value = {.int32Values = [1]{0}, .floatValues = [0]{}, .int64Values = [0]{}, .bytes = [0]{}, .stringValue = ""}}
12-30 11:30:11.583   398   464 I VehiclePropertyStore: begin to write value to Store: {.timestamp = 10347405008564, .areaId = 0, .prop = 557850848, .status = AVAILABLE, .value = {.int32Values = [1]{0}, .floatValues = [0]{}, .int64Values = [0]{}, .bytes = [0]{}, .stringValue = ""}}
12-30 11:30:11.583   398   464 I DefaultVehicleHal_v2_0: DefaultVehicleHal::onPropertyValue, value:{.timestamp = 10347405008564, .areaId = 0, .prop = 557850848, .status = AVAILABLE, .value = {.int32Values = [1]{0}, .floatValues = [0]{}, .int64Values = [0]{}, .bytes = [0]{}, .stringValue = ""}}
12-30 11:30:11.583   398   464 D DiagPropHandler: is not DiagnosticConfig: 0x214020e0
12-30 11:30:11.583   398   464 I VehiclePropertyStore: begin to write value to Store: {.timestamp = 10347405008564, .areaId = 0, .prop = 557850848, .status = AVAILABLE, .value = {.int32Values = [1]{0}, .floatValues = [0]{}, .int64Values = [0]{}, .bytes = [0]{}, .stringValue = ""}}
12-30 11:30:11.583   398   464 D adayocomadapter-CommunicationManager: onUpstreamReceive mPropertyId 0x214020e0
12-30 11:30:11.583   398   464 D adayocomadapter-CommunicationManager: onUpstreamReceive mPropertyId 0x214020e5
12-30 11:30:11.583   398   464 D adayocomadapter-CommunicationManager: convertBytesToInt32Memcpy  0
12-30 11:30:11.583   398   464 I vw-vhal : notifyVehicleProperty, propId = 0x214020e5, data = {status: 2, int32Values: [0]}
12-30 11:30:11.583   398   464 I vw-vhal : CanSignalsAdapter::notifyVehicleProperty: solvedValue = {.timestamp = 10347405207898, .areaId = 0, .prop = 557850853, .status = AVAILABLE, .value = {.int32Values = [1]{0}, .floatValues = [0]{}, .int64Values = [0]{}, .bytes = [0]{}, .stringValue = ""}}
12-30 11:30:11.583   398   464 I VehiclePropertyStore: begin to write value to Store: {.timestamp = 10347405207898, .areaId = 0, .prop = 557850853, .status = AVAILABLE, .value = {.int32Values = [1]{0}, .floatValues = [0]{}, .int64Values = [0]{}, .bytes = [0]{}, .stringValue = ""}}
12-30 11:30:11.583   398   464 I DefaultVehicleHal_v2_0: DefaultVehicleHal::onPropertyValue, value:{.timestamp = 10347405207898, .areaId = 0, .prop = 557850853, .status = AVAILABLE, .value = {.int32Values = [1]{0}, .floatValues = [0]{}, .int64Values = [0]{}, .bytes = [0]{}, .stringValue = ""}}
12-30 11:30:11.583   398   464 D DiagPropHandler: is not DiagnosticConfig: 0x214020e5
12-30 11:30:11.583   398   464 I VehiclePropertyStore: begin to write value to Store: {.timestamp = 10347405207898, .areaId = 0, .prop = 557850853, .status = AVAILABLE, .value = {.int32Values = [1]{0}, .floatValues = [0]{}, .int64Values = [0]{}, .bytes = [0]{}, .stringValue = ""}}
12-30 11:30:11.583   398   464 D adayocomadapter-CommunicationManager: onUpstreamReceive mPropertyId 0x214020e5
12-30 11:30:11.583   398   464 D adayocomadapter-CommunicationManager: onUpstreamReceive mPropertyId 0x214020e6
12-30 11:30:11.583   398   464 D adayocomadapter-CommunicationManager: convertBytesToInt32Memcpy  0
12-30 11:30:11.583   398   464 I vw-vhal : notifyVehicleProperty, propId = 0x214020e6, data = {status: 2, int32Values: [0]}
12-30 11:30:11.583   398   464 I vw-vhal : CanSignalsAdapter::notifyVehicleProperty: solvedValue = {.timestamp = 10347405396231, .areaId = 0, .prop = 557850854, .status = AVAILABLE, .value = {.int32Values = [1]{0}, .floatValues = [0]{}, .int64Values = [0]{}, .bytes = [0]{}, .stringValue = ""}}
12-30 11:30:11.583   398   464 I VehiclePropertyStore: begin to write value to Store: {.timestamp = 10347405396231, .areaId = 0, .prop = 557850854, .status = AVAILABLE, .value = {.int32Values = [1]{0}, .floatValues = [0]{}, .int64Values = [0]{}, .bytes = [0]{}, .stringValue = ""}}
12-30 11:30:11.583   398   464 I DefaultVehicleHal_v2_0: DefaultVehicleHal::onPropertyValue, value:{.timestamp = 10347405396231, .areaId = 0, .prop = 557850854, .status = AVAILABLE, .value = {.int32Values = [1]{0}, .floatValues = [0]{}, .int64Values = [0]{}, .bytes = [0]{}, .stringValue = ""}}
12-30 11:30:11.583   398   464 D DiagPropHandler: is not DiagnosticConfig: 0x214020e6
12-30 11:30:11.583   398   464 I VehiclePropertyStore: begin to write value to Store: {.timestamp = 10347405396231, .areaId = 0, .prop = 557850854, .status = AVAILABLE, .value = {.int32Values = [1]{0}, .floatValues = [0]{}, .int64Values = [0]{}, .bytes = [0]{}, .stringValue = ""}}
12-30 11:30:11.583   398   464 D adayocomadapter-CommunicationManager: onUpstreamReceive mPropertyId 0x214020e6
12-30 11:30:11.584   360   931 D EvsDriver: forwardFrame
12-30 11:30:11.584   360   931 D EvsDriver: forwardFrameDirect
12-30 11:30:11.584   360   931 D EvsDriver: Delivered 0xb400e2ca9e40d4b0 as id 1
12-30 11:30:11.584   359   359 D evsmanagerd: /dev/video-evs0 forwarded the buffer #1 to 0xb400f125d2b26dd0 from 0xb400f125e2b20710
12-30 11:30:11.586  1547  2118 D ANWAPI  : (1547|0x6EF3FCB0)[BTAPI] AnwhciEventCallback 19 1
12-30 11:30:11.586  1547  2118 D ANWStack: [  10347408][ANWBT] >>Avctp_L2cap_Data_Ind_Cb
12-30 11:30:11.586  1547  2118 D ANWStack: 
12-30 11:30:11.586  1547  2118 D ANWStack: [  10347408][ANWBT] AVCTP Message Length = 22
12-30 11:30:11.586  1547  2118 D ANWStack: [  10347408][ANWBT] Receive AVCTP_SINGLE_PACKET
12-30 11:30:11.586  1547  2118 D ANW_AVRCP: (1547|0x6EF3FCB0)[AVRCP] [**AVRCP**] 0xb2 0x110e
12-30 11:30:11.586  1547  2118 D ANW_AVRCP: (1547|0x6EF3FCB0)[AVRCP] opcode match 0x0
12-30 11:30:11.586  1547  2118 D ANW_AVRCP: 
12-30 11:30:11.586  1547  2118 D ANW_AVRCP: (1547|0x6EF3FCB0)[AVRCP] subopcode match 0x30, update ctype 0x1->0xc
12-30 11:30:11.586  1547  2118 D ANW_AVRCP: 
12-30 11:30:11.586  1547  2118 D ANW_AVRCP: (1547|0x6EF3FCB0)[AVRCP] AVRCP_Packet_Parser Response
12-30 11:30:11.586  1547  2118 D ANW_AVRCP: 
12-30 11:30:11.586  1547  2118 D ANW_AVRCP: (1547|0x6EF3FCB0)[AVRCP] AVRCP_Get_Play_Status_RSP_Handler 71506/205014 1
12-30 11:30:11.586  1547  2118 D ANWAPI  : (1547|0x6EF3FCB0)[BTAPI] connmgr_find_by_handle pData = 0xb400fa68ee34c5e0,7
12-30 11:30:11.586  1547  2118 D ANWAPI  : (1547|0x6EF3FCB0)[BTAPI] ===BTAPI_MallocIdxMsg 1030 16
12-30 11:30:11.586  1547  2118 D ANWAPI  : (1547|0x6EF3FCB0)[BTAPI] *BT_CB_Dispatch
12-30 11:30:11.586  1547  2118 D ANWAPI  : (1547|0x6EF3FCB0)[BTAPI] *****SDK callback(0x406)
12-30 11:30:11.586  1547  2118 D ANWAPI  : (1547|0x6EF3FCB0)[BTAPI] SDK***** [34:10:be:3d:c6:77][0]
12-30 11:30:11.586  1547  2118 D ANWAPI  : (1547|0x6EF3FCB0)[BTAPI] btsdk_exec_apicb start
12-30 11:30:11.586  1547  2118 D ANWAPI  : (1547|0x6EF3FCB0)[BTAPI] Up: AvrcpMsgHandler receive[34:10:BE:3D:C6:77], Get Device ID(0)
12-30 11:30:11.586  1547  2118 D ANWAPI  : 
12-30 11:30:11.586  1547  2118 D ANWAPI  : (1547|0x6EF3FCB0)[BTAPI] Up: AnWBT_AVRCP_CURRENT_PLAY_STATUS_IND
12-30 11:30:11.586  1547  2118 D ANWAPI  : 
12-30 11:30:11.586  1547  2118 D ANWAPI  : (1547|0x6EF3FCB0)[BTAPI] songLengthMs     =205014
12-30 11:30:11.586  1547  2118 D ANWAPI  : 
12-30 11:30:11.586  1547  2118 D ANWAPI  : (1547|0x6EF3FCB0)[BTAPI] songPositionMs   =71506
12-30 11:30:11.586  1547  2118 D ANWAPI  : 
12-30 11:30:11.586  1547  2118 I ANW bt_btif: AvrcpMsgHandler: HAL bt_rc_ctrl_callbacks->play_position_changed_cb
12-30 11:30:11.586  1547  2118 I BluetoothAvrcpControllerJni: btavrcp_play_position_changed_callback
12-30 11:30:11.586  1547  2118 D AvrcpControllerService: onPlayPositionChanged pos 71506
12-30 11:30:11.587  1547  2118 D ANWAPI  : (1547|0x6EF3FCB0)[BTAPI] currentPlayStatus=1
12-30 11:30:11.587  1547  2118 D ANWAPI  : 
12-30 11:30:11.587  1547  2118 I ANW bt_btif: AvrcpMsgHandler: HAL bt_rc_ctrl_callbacks->play_status_changed_cb
12-30 11:30:11.587  1547  2118 I BluetoothAvrcpControllerJni: btavrcp_play_status_changed_callback
12-30 11:30:11.587  1547 19344 D AvrcpControllerStateMachine: Avrcp.ConnectedAvrcpController processMessage MESSAGE_PROCESS_PLAY_POS_CHANGED
12-30 11:30:11.587  1547 19344 D AvrcpPlayer: getPlayBackState state 3 time 71506
12-30 11:30:11.587  1547  2118 D AvrcpControllerService: onPlayStatusChanged 1
12-30 11:30:11.587  1547 19344 D BluetoothMediaBrowserService: notifyChanged PlaybackStatePlaybackState {state=3, position=71506, buffered position=0, speed=1.0, updated=10347408, actions=2375735, error code=0, error message=null, custom actions=[], active item id=-1}
12-30 11:30:11.587  1547  2118 D ANWAPI  : (1547|0x6EF3FCB0)[BTAPI] btsdk_exec_apicb end
12-30 11:30:11.587  1547 19344 D AvrcpControllerStateMachine: Avrcp.ConnectedAvrcpController processMessage MESSAGE_PROCESS_PLAY_STATUS_CHANGED
12-30 11:30:11.587  1547 19344 D AvrcpControllerStateMachine: Playback status changed to 3
12-30 11:30:11.587  1547 19344 D AvrcpPlayer: getPlayBackState state 3 time 71507
12-30 11:30:11.587  1547 19344 D BluetoothMediaBrowserService: notifyChanged PlaybackStatePlaybackState {state=3, position=71507, buffered position=0, speed=1.0, updated=10347409, actions=2375735, error code=0, error message=null, custom actions=[], active item id=-1}
12-30 11:30:11.588 21940 19613 D MC2ImplBase: onCustomCommand cmd=com.fawvw.mw.mediaengine.ACTION_PLAYER_POSITION_CHANGED
12-30 11:30:11.588  1547 19344 D AvrcpPlayer: getPlayBackState state 3 time 71507
12-30 11:30:11.588 21940 19613 D MC2ImplBase: onCustomCommand cmd=com.fawvw.mw.mediaengine.ACTION_PLAYER_POSITION_CHANGED
12-30 11:30:11.593   360   458 D EvsDriver: doneWithFrame
12-30 11:30:11.603 21940 21940 D MediaSessionMonitor: onPlaybackStateChanged: [com.android.bluetooth] state = 3
12-30 11:30:11.603 21940 21940 D MediaSessionMonitor: updateSourcePlayState: pkg = com.android.bluetooth, state = 3
12-30 11:30:11.603 21940 21940 I CNS_MEDIA_BT_MUSIC__MediaClient: onCustomCommand, action: com.fawvw.mw.mediaengine.ACTION_PLAYER_POSITION_CHANGED, extra: Bundle[mParcelledData.dataSize=124]
12-30 11:30:11.604  2045  2131 D InfotainmentBridge_Native: fireDuration
12-30 11:30:11.604  2045  2131 D InfotainmentBridge_Native: fireDuration() -- source: 3
12-30 11:30:11.604  2045  2131 D InfotainmentBridge_Native: fireDuration() -- value_16: 71
12-30 11:30:11.604 21940 21940 D MediaSessionMonitor: onPlaybackStateChanged: [com.android.bluetooth] state = 3
12-30 11:30:11.605 21940 21940 D MediaSessionMonitor: updateSourcePlayState: pkg = com.android.bluetooth, state = 3
12-30 11:30:11.605 21940 21940 I CNS_MEDIA_BT_MUSIC__MediaClient: onCustomCommand, action: com.fawvw.mw.mediaengine.ACTION_PLAYER_POSITION_CHANGED, extra: Bundle[mParcelledData.dataSize=124]
12-30 11:30:11.605  2045  2131 D InfotainmentBridge_Native: fireDuration
12-30 11:30:11.605  2045  2131 D InfotainmentBridge_Native: fireDuration() -- source: 3
12-30 11:30:11.605  2045  2131 D InfotainmentBridge_Native: fireDuration() -- value_16: 71
12-30 11:30:11.617   360   931 D EvsDriver: forwardFrame
12-30 11:30:11.618   360   931 D EvsDriver: forwardFrameDirect
12-30 11:30:11.618   360   931 D EvsDriver: Delivered 0xb400e2ca9e40c2d0 as id 0
12-30 11:30:11.618   359   359 D evsmanagerd: /dev/video-evs0 forwarded the buffer #0 to 0xb400f125d2b26dd0 from 0xb400f125e2b20710
12-30 11:30:11.622  2358  2623 D RcfController: Rcf proxy is not connected!
12-30 11:30:11.623   360   458 D EvsDriver: doneWithFrame
