12-30 11:30:15.613   398   464 I VehiclePropertyStore: begin to write value to Store: {.timestamp = 10351428645565, .areaId = 0, .prop = 557925634, .status = AVAILABLE, .value = {.int32Values = [8515]{33, 65, 69, 2, 0, 0, 0, 0, 0, 0, 0, 0, 0, 0, 0, 0, 1, 129, 0, 0, 0, 0, 85, 63, 0, 0, 0, 0, 0, 0, 0, 0, 208, 113, 115, 206, 109, 251, 0, 180, 0, 0, 0, 0, 0, 0, 0, 0, 1, 64, 0, 0, 0, 0, 198, 33, 0, 0, 0, 0, 0, 0, 0, 0, 0, 0, 0, 0, 0, 0, 0, 0, 0, 0, 0, 0, 0, 0, 0, 0, 1, 96, 0, 0, 0, 0, 18, 226, 0, 0, 0, 0, 0, 0, 0, 0, 33, 64, 34, 83, 0, 0, 0, 0, 0, 0, 0, 0, 0, 0, 0, 0, 1, 112, 0, 0, 0, 0, 185, 3, 0, 0, 0, 0, 0, 0, 0, 0, 33, 64, 32, 62, 0, 0, 0, 0, 0, 0, 0, 0, 0, 0, 0, 0, 1, 96, 0, 0, 0, 0, 118, 24, 0, 0, 0, 0, 0, 0, 0, 0, 33, 64, 33, 61, 0, 0, 0, 0, 0, 0, 0, 0, 0, 0, 0, 0, 1, 96, 0, 0, 0, 0, 233, 107, 0, 0, 0, 0, 0, 0, 0, 0, 33, 64, 33, 124, 0, 0, 0, 0, 0, 0, 0, 0, 0, 0, 0, 0, 1, 1, 1, 0, 0, 0, 18, 21, 0, 0, 0, 0, 0, 0, 0, 0, 128, 32, 114, 206, 109, 251, 0, 180, 176, 81, 115, 206, 109, 251, 0, 180, 1, 96, 0, 0, 0, 0, 141, 145, 0, 0, 0, 0, 0, 0, 0, 0, 33, 64, 33, 116, 
12-30 11:30:15.617   398   464 I VehiclePropertyStore: Prop wirte value to Store success: {.timestamp = 10351428645565, .areaId = 0, .prop = 557925634, .status = AVAILABLE, .value = {.int32Values = [8515]{33, 65, 69, 2, 0, 0, 0, 0, 0, 0, 0, 0, 0, 0, 0, 0, 1, 129, 0, 0, 0, 0, 85, 63, 0, 0, 0, 0, 0, 0, 0, 0, 208, 113, 115, 206, 109, 251, 0, 180, 0, 0, 0, 0, 0, 0, 0, 0, 1, 64, 0, 0, 0, 0, 198, 33, 0, 0, 0, 0, 0, 0, 0, 0, 0, 0, 0, 0, 0, 0, 0, 0, 0, 0, 0, 0, 0, 0, 0, 0, 1, 96, 0, 0, 0, 0, 18, 226, 0, 0, 0, 0, 0, 0, 0, 0, 33, 64, 34, 83, 0, 0, 0, 0, 0, 0, 0, 0, 0, 0, 0, 0, 1, 112, 0, 0, 0, 0, 185, 3, 0, 0, 0, 0, 0, 0, 0, 0, 33, 64, 32, 62, 0, 0, 0, 0, 0, 0, 0, 0, 0, 0, 0, 0, 1, 96, 0, 0, 0, 0, 118, 24, 0, 0, 0, 0, 0, 0, 0, 0, 33, 64, 33, 61, 0, 0, 0, 0, 0, 0, 0, 0, 0, 0, 0, 0, 1, 96, 0, 0, 0, 0, 233, 107, 0, 0, 0, 0, 0, 0, 0, 0, 33, 64, 33, 124, 0, 0, 0, 0, 0, 0, 0, 0, 0, 0, 0, 0, 1, 1, 1, 0, 0, 0, 18, 21, 0, 0, 0, 0, 0, 0, 0, 0, 128, 32, 114, 206, 109, 251, 0, 180, 176, 81, 115, 206, 109, 251, 0, 180, 1, 96, 0, 0, 0, 0, 141, 145, 0, 0, 0, 0, 0, 0, 0, 0, 33, 64, 33, 1
12-30 11:30:15.617   360   931 I EvsDriver: /dev/video-evs0 VideoCapture fps 30.0006
12-30 11:30:15.617   360   931 D EvsDriver: forwardFrame
12-30 11:30:15.617   360   931 D EvsDriver: forwardFrameDirect
12-30 11:30:15.618   360   931 D EvsDriver: Delivered 0xb400e2ca9e40c2d0 as id 0
12-30 11:30:15.618   359   359 D evsmanagerd: /dev/video-evs0 forwarded the buffer #0 to 0xb400f125d2b26dd0 from 0xb400f125e2b20710
12-30 11:30:15.621   398   464 I DefaultVehicleHal_v2_0: DefaultVehicleHal::onPropertyValue, value:{.timestamp = 10351428645565, .areaId = 0, .prop = 557925634, .status = AVAILABLE, .value = {.int32Values = [8515]{33, 65, 69, 2, 0, 0, 0, 0, 0, 0, 0, 0, 0, 0, 0, 0, 1, 129, 0, 0, 0, 0, 85, 63, 0, 0, 0, 0, 0, 0, 0, 0, 208, 113, 115, 206, 109, 251, 0, 180, 0, 0, 0, 0, 0, 0, 0, 0, 1, 64, 0, 0, 0, 0, 198, 33, 0, 0, 0, 0, 0, 0, 0, 0, 0, 0, 0, 0, 0, 0, 0, 0, 0, 0, 0, 0, 0, 0, 0, 0, 1, 96, 0, 0, 0, 0, 18, 226, 0, 0, 0, 0, 0, 0, 0, 0, 33, 64, 34, 83, 0, 0, 0, 0, 0, 0, 0, 0, 0, 0, 0, 0, 1, 112, 0, 0, 0, 0, 185, 3, 0, 0, 0, 0, 0, 0, 0, 0, 33, 64, 32, 62, 0, 0, 0, 0, 0, 0, 0, 0, 0, 0, 0, 0, 1, 96, 0, 0, 0, 0, 118, 24, 0, 0, 0, 0, 0, 0, 0, 0, 33, 64, 33, 61, 0, 0, 0, 0, 0, 0, 0, 0, 0, 0, 0, 0, 1, 96, 0, 0, 0, 0, 233, 107, 0, 0, 0, 0, 0, 0, 0, 0, 33, 64, 33, 124, 0, 0, 0, 0, 0, 0, 0, 0, 0, 0, 0, 0, 1, 1, 1, 0, 0, 0, 18, 21, 0, 0, 0, 0, 0, 0, 0, 0, 128, 32, 114, 206, 109, 251, 0, 180, 176, 81, 115, 206, 109, 251, 0, 180, 1, 96, 0, 0, 0, 0, 141, 145, 0, 0, 0, 0, 0, 0, 0, 0, 33, 64
12-30 11:30:15.621   398   464 D DiagPropHandler: is not DiagnosticConfig: 0x21414502
12-30 11:30:15.626   398   464 I VehiclePropertyStore: begin to write value to Store: {.timestamp = 10351428645565, .areaId = 0, .prop = 557925634, .status = AVAILABLE, .value = {.int32Values = [8515]{33, 65, 69, 2, 0, 0, 0, 0, 0, 0, 0, 0, 0, 0, 0, 0, 1, 129, 0, 0, 0, 0, 85, 63, 0, 0, 0, 0, 0, 0, 0, 0, 208, 113, 115, 206, 109, 251, 0, 180, 0, 0, 0, 0, 0, 0, 0, 0, 1, 64, 0, 0, 0, 0, 198, 33, 0, 0, 0, 0, 0, 0, 0, 0, 0, 0, 0, 0, 0, 0, 0, 0, 0, 0, 0, 0, 0, 0, 0, 0, 1, 96, 0, 0, 0, 0, 18, 226, 0, 0, 0, 0, 0, 0, 0, 0, 33, 64, 34, 83, 0, 0, 0, 0, 0, 0, 0, 0, 0, 0, 0, 0, 1, 112, 0, 0, 0, 0, 185, 3, 0, 0, 0, 0, 0, 0, 0, 0, 33, 64, 32, 62, 0, 0, 0, 0, 0, 0, 0, 0, 0, 0, 0, 0, 1, 96, 0, 0, 0, 0, 118, 24, 0, 0, 0, 0, 0, 0, 0, 0, 33, 64, 33, 61, 0, 0, 0, 0, 0, 0, 0, 0, 0, 0, 0, 0, 1, 96, 0, 0, 0, 0, 233, 107, 0, 0, 0, 0, 0, 0, 0, 0, 33, 64, 33, 124, 0, 0, 0, 0, 0, 0, 0, 0, 0, 0, 0, 0, 1, 1, 1, 0, 0, 0, 18, 21, 0, 0, 0, 0, 0, 0, 0, 0, 128, 32, 114, 206, 109, 251, 0, 180, 176, 81, 115, 206, 109, 251, 0, 180, 1, 96, 0, 0, 0, 0, 141, 145, 0, 0, 0, 0, 0, 0, 0, 0, 33, 64, 33, 116, 
12-30 11:30:15.627   360   458 D EvsDriver: doneWithFrame
12-30 11:30:15.630   398   464 I VehiclePropertyStore: Prop wirte value to Store success: {.timestamp = 10351428645565, .areaId = 0, .prop = 557925634, .status = AVAILABLE, .value = {.int32Values = [8515]{33, 65, 69, 2, 0, 0, 0, 0, 0, 0, 0, 0, 0, 0, 0, 0, 1, 129, 0, 0, 0, 0, 85, 63, 0, 0, 0, 0, 0, 0, 0, 0, 208, 113, 115, 206, 109, 251, 0, 180, 0, 0, 0, 0, 0, 0, 0, 0, 1, 64, 0, 0, 0, 0, 198, 33, 0, 0, 0, 0, 0, 0, 0, 0, 0, 0, 0, 0, 0, 0, 0, 0, 0, 0, 0, 0, 0, 0, 0, 0, 1, 96, 0, 0, 0, 0, 18, 226, 0, 0, 0, 0, 0, 0, 0, 0, 33, 64, 34, 83, 0, 0, 0, 0, 0, 0, 0, 0, 0, 0, 0, 0, 1, 112, 0, 0, 0, 0, 185, 3, 0, 0, 0, 0, 0, 0, 0, 0, 33, 64, 32, 62, 0, 0, 0, 0, 0, 0, 0, 0, 0, 0, 0, 0, 1, 96, 0, 0, 0, 0, 118, 24, 0, 0, 0, 0, 0, 0, 0, 0, 33, 64, 33, 61, 0, 0, 0, 0, 0, 0, 0, 0, 0, 0, 0, 0, 1, 96, 0, 0, 0, 0, 233, 107, 0, 0, 0, 0, 0, 0, 0, 0, 33, 64, 33, 124, 0, 0, 0, 0, 0, 0, 0, 0, 0, 0, 0, 0, 1, 1, 1, 0, 0, 0, 18, 21, 0, 0, 0, 0, 0, 0, 0, 0, 128, 32, 114, 206, 109, 251, 0, 180, 176, 81, 115, 206, 109, 251, 0, 180, 1, 96, 0, 0, 0, 0, 141, 145, 0, 0, 0, 0, 0, 0, 0, 0, 33, 64, 33, 1
12-30 11:30:15.631   398   464 D adayocomadapter-CommunicationManager: onUpstreamReceive mPropertyId 0x21414502
12-30 11:30:15.643  2358  2623 D RcfController: Rcf proxy is not connected!
12-30 11:30:15.651   360   931 D EvsDriver: forwardFrame
12-30 11:30:15.651   360   931 D EvsDriver: forwardFrameDirect
12-30 11:30:15.651   360   931 D EvsDriver: Delivered 0xb400e2ca9e40d090 as id 1
12-30 11:30:15.651   359   359 D evsmanagerd: /dev/video-evs0 forwarded the buffer #1 to 0xb400f125d2b26dd0 from 0xb400f125e2b20710
12-30 11:30:15.657   360   458 D EvsDriver: doneWithFrame
12-30 11:30:15.659   650   729 D fgemcucomm: sd Uart data : 6AA60244100002920214
12-30 11:30:15.659   650   729 D fgemcucomm: rev uart=85886,len=48, data : 6AA681441000289202001B4A503130333531353242204A503130333531353242204130310000000000000000000000F8
12-30 11:30:15.659   398   466 D adayocomadapter-ParseProtocolFunc: printRaWMsg Name[MCUToUPstream recv] len[40] data[9202001B4A503130333531353242204A503130333531353242204130310000000000000000000000]
12-30 11:30:15.659   398   466 D adayocomadapter-CommunicationManager: onUpstreamback   member[0] dataLength[37] timePoint[10351481]
12-30 11:30:15.659   398   466 D adayocomadapter-ParseProtocolFunc: printRaWMsg Name[onUpstreamback] len[37] data[1B4A503130333531353242204A503130333531353242204130310000000000000000000000]
12-30 11:30:15.659   398   464 D adayocomadapter-UpstreamHandler: processBeforePacket upSreamtProcessTimePoint[10351481] 
12-30 11:30:15.659   398   464 D adayocomadapter-UpstreamHandler: processPacket UPSTREAM_QUEUE_DATA_TIMEOUT
12-30 11:30:15.659   398   464 D adayocomadapter-ParseProtocolFunc: parseCommonIPCLBytes Processing tableNumber[27]
12-30 11:30:15.659   398   464 D adayocomadapter-ParseProtocolFunc: parseCommonIPCLBytes Processing tablename[Table-27] tableSize[37]
12-30 11:30:15.659   398   464 D adayocomadapter-ParseProtocolFunc: printRaWMsg Name[byteStream recv] len[37] data[1B4A503130333531353242204A503130333531353242204130310000000000000000000000]
12-30 11:30:15.659   398   464 D adayocomadapter-ParseProtocolFunc: printRaWMsg Name[IPCLtoVHAL] len[16] data[21414157014A50313033353135324220]
12-30 11:30:15.659   398   464 D adayocomadapter-ParseProtocolFunc: printRaWMsg Name[IPCLtoVHAL] len[16] data[21414158014A50313033353135324220]
12-30 11:30:15.659   398   464 D adayocomadapter-ParseProtocolFunc: printRaWMsg Name[IPCLtoVHAL] len[8] data[2141415901413031]
12-30 11:30:15.659   398   464 D adayocomadapter-ParseProtocolFunc: printRaWMsg Name[IPCLtoVHAL] len[16] data[2141415A010000000000000000000000]
12-30 11:30:15.659   398   464 D adayocomadapter-CommunicationManager: onUpstreamReceive mPropertyId 0x21414157
12-30 11:30:15.659   398   464 D adayocomadapter-CommunicationManager: writeValue id=[557924695]
12-30 11:30:15.659   398   464 D adayocomadapter-VehiclePropertyStore: writeValue id=[557924695]
12-30 11:30:15.659   398   464 I vw-vhal : notifyVehicleProperty, propId = 0x21414157, data = {status: 2, int32Values: [74, 80, 49, 48, 51, 53, 49, 53, 50, 66, 32]}
12-30 11:30:15.659   398   464 I vw-vhal : CanSignalsAdapter::notifyDiagProperty: propId = 0x21414157, data = {status: 2, int32Values: [74, 80, 49, 48, 51, 53, 49, 53, 50, 66, 32]}
12-30 11:30:15.659   398   464 I vw-vhal : CanSignalsAdapter::notifyVehicleProperty: solvedValue = {.timestamp = 10351481629898, .areaId = 0, .prop = 557924695, .status = AVAILABLE, .value = {.int32Values = [11]{74, 80, 49, 48, 51, 53, 49, 53, 50, 66, 32}, .floatValues = [0]{}, .int64Values = [0]{}, .bytes = [0]{}, .stringValue = ""}}
12-30 11:30:15.659   398   464 I VehiclePropertyStore: begin to write value to Store: {.timestamp = 10351481629898, .areaId = 0, .prop = 557924695, .status = AVAILABLE, .value = {.int32Values = [11]{74, 80, 49, 48, 51, 53, 49, 53, 50, 66, 32}, .floatValues = [0]{}, .int64Values = [0]{}, .bytes = [0]{}, .stringValue = ""}}
12-30 11:30:15.659   398   464 I DefaultVehicleHal_v2_0: DefaultVehicleHal::onPropertyValue, value:{.timestamp = 10351481629898, .areaId = 0, .prop = 557924695, .status = AVAILABLE, .value = {.int32Values = [11]{74, 80, 49, 48, 51, 53, 49, 53, 50, 66, 32}, .floatValues = [0]{}, .int64Values = [0]{}, .bytes = [0]{}, .stringValue = ""}}
12-30 11:30:15.659   398   464 D DiagPropHandler: isDiagnosticConfig: 0x21414157
12-30 11:30:15.659   398   464 D DefaultVehicleHal_v2_0: onPropertyValue: Diagnostic config property: 0x21414157
12-30 11:30:15.659   398   464 D DiagPropHandler: Processing request for prop: 0x21414157
12-30 11:30:15.659   398   464 D DiagPropHandler: String length: 11, size = 11
12-30 11:30:15.660   682   682 I vendor.fawvw.hardware.persistenceservice: [193][persistence_client_library_prct_access::get_db_context] key VW_Spare_Part_Number is not in RCT,will be stored in cached
12-30 11:30:15.660   682   682 I vendor.fawvw.hardware.persistenceservice: [39][PersistenceService::setValue]Receive aidl setValue:key is VW_Spare_Part_Number,value is JP1035152B ,serviceid is 2
12-30 11:30:15.660   398   464 D DiagPropHandler: Successfully set property [VW_Spare_Part_Number] = JP1035152B 
12-30 11:30:15.660   398   464 I VehiclePropertyStore: begin to write value to Store: {.timestamp = 10351481629898, .areaId = 0, .prop = 557924695, .status = AVAILABLE, .value = {.int32Values = [11]{74, 80, 49, 48, 51, 53, 49, 53, 50, 66, 32}, .floatValues = [0]{}, .int64Values = [0]{}, .bytes = [0]{}, .stringValue = ""}}
12-30 11:30:15.660   398   464 D adayocomadapter-CommunicationManager: onUpstreamReceive mPropertyId 0x21414157
12-30 11:30:15.660   398   464 D adayocomadapter-CommunicationManager: onUpstreamReceive mPropertyId 0x21414158
12-30 11:30:15.660   398   464 D adayocomadapter-CommunicationManager: writeValue id=[557924696]
12-30 11:30:15.660   398   464 D adayocomadapter-VehiclePropertyStore: writeValue id=[557924696]
12-30 11:30:15.660   398   464 I vw-vhal : notifyVehicleProperty, propId = 0x21414158, data = {status: 2, int32Values: [74, 80, 49, 48, 51, 53, 49, 53, 50, 66, 32]}
12-30 11:30:15.660   398   464 I vw-vhal : CanSignalsAdapter::notifyDiagProperty: propId = 0x21414158, data = {status: 2, int32Values: [74, 80, 49, 48, 51, 53, 49, 53, 50, 66, 32]}
12-30 11:30:15.660   398   464 I vw-vhal : CanSignalsAdapter::notifyVehicleProperty: solvedValue = {.timestamp = 10351482791565, .areaId = 0, .prop = 557924696, .status = AVAILABLE, .value = {.int32Values = [11]{74, 80, 49, 48, 51, 53, 49, 53, 50, 66, 32}, .floatValues = [0]{}, .int64Values = [0]{}, .bytes = [0]{}, .stringValue = ""}}
12-30 11:30:15.660   398   464 I VehiclePropertyStore: begin to write value to Store: {.timestamp = 10351482791565, .areaId = 0, .prop = 557924696, .status = AVAILABLE, .value = {.int32Values = [11]{74, 80, 49, 48, 51, 53, 49, 53, 50, 66, 32}, .floatValues = [0]{}, .int64Values = [0]{}, .bytes = [0]{}, .stringValue = ""}}
12-30 11:30:15.661   398   464 I DefaultVehicleHal_v2_0: DefaultVehicleHal::onPropertyValue, value:{.timestamp = 10351482791565, .areaId = 0, .prop = 557924696, .status = AVAILABLE, .value = {.int32Values = [11]{74, 80, 49, 48, 51, 53, 49, 53, 50, 66, 32}, .floatValues = [0]{}, .int64Values = [0]{}, .bytes = [0]{}, .stringValue = ""}}
12-30 11:30:15.661   398   464 D DiagPropHandler: is not DiagnosticConfig: 0x21414158
12-30 11:30:15.661   398   464 I VehiclePropertyStore: begin to write value to Store: {.timestamp = 10351482791565, .areaId = 0, .prop = 557924696, .status = AVAILABLE, .value = {.int32Values = [11]{74, 80, 49, 48, 51, 53, 49, 53, 50, 66, 32}, .floatValues = [0]{}, .int64Values = [0]{}, .bytes = [0]{}, .stringValue = ""}}
12-30 11:30:15.661   398   464 D adayocomadapter-CommunicationManager: onUpstreamReceive mPropertyId 0x21414158
12-30 11:30:15.661   398   464 D adayocomadapter-CommunicationManager: onUpstreamReceive mPropertyId 0x21414159
12-30 11:30:15.661   398   464 D adayocomadapter-CommunicationManager: writeValue id=[557924697]
12-30 11:30:15.661   398   464 D adayocomadapter-VehiclePropertyStore: writeValue id=[557924697]
12-30 11:30:15.661   398   464 I vw-vhal : notifyVehicleProperty, propId = 0x21414159, data = {status: 2, int32Values: [65, 48, 49]}
12-30 11:30:15.661   398   464 I vw-vhal : CanSignalsAdapter::notifyDiagProperty: propId = 0x21414159, data = {status: 2, int32Values: [65, 48, 49]}
12-30 11:30:15.661   398   464 I vw-vhal : CanSignalsAdapter::notifyVehicleProperty: solvedValue = {.timestamp = 10351483123232, .areaId = 0, .prop = 557924697, .status = AVAILABLE, .value = {.int32Values = [3]{65, 48, 49}, .floatValues = [0]{}, .int64Values = [0]{}, .bytes = [0]{}, .stringValue = ""}}
12-30 11:30:15.661   398   464 I VehiclePropertyStore: begin to write value to Store: {.timestamp = 10351483123232, .areaId = 0, .prop = 557924697, .status = AVAILABLE, .value = {.int32Values = [3]{65, 48, 49}, .floatValues = [0]{}, .int64Values = [0]{}, .bytes = [0]{}, .stringValue = ""}}
12-30 11:30:15.661   398   464 I DefaultVehicleHal_v2_0: DefaultVehicleHal::onPropertyValue, value:{.timestamp = 10351483123232, .areaId = 0, .prop = 557924697, .status = AVAILABLE, .value = {.int32Values = [3]{65, 48, 49}, .floatValues = [0]{}, .int64Values = [0]{}, .bytes = [0]{}, .stringValue = ""}}
12-30 11:30:15.661   398   464 D DiagPropHandler: is not DiagnosticConfig: 0x21414159
12-30 11:30:15.661   398   464 I VehiclePropertyStore: begin to write value to Store: {.timestamp = 10351483123232, .areaId = 0, .prop = 557924697, .status = AVAILABLE, .value = {.int32Values = [3]{65, 48, 49}, .floatValues = [0]{}, .int64Values = [0]{}, .bytes = [0]{}, .stringValue = ""}}
12-30 11:30:15.661   398   464 D adayocomadapter-CommunicationManager: onUpstreamReceive mPropertyId 0x21414159
12-30 11:30:15.661   398   464 D adayocomadapter-CommunicationManager: onUpstreamReceive mPropertyId 0x2141415a
12-30 11:30:15.661   398   464 D adayocomadapter-CommunicationManager: writeValue id=[557924698]
12-30 11:30:15.661   398   464 D adayocomadapter-VehiclePropertyStore: writeValue id=[557924698]
12-30 11:30:15.661   398   464 I vw-vhal : notifyVehicleProperty, propId = 0x2141415a, data = {status: 2, int32Values: [0, 0, 0, 0, 0, 0, 0, 0, 0, 0, 0]}
12-30 11:30:15.661   398   464 I vw-vhal : CanSignalsAdapter::notifyDiagProperty: propId = 0x2141415a, data = {status: 2, int32Values: [0, 0, 0, 0, 0, 0, 0, 0, 0, 0, 0]}
12-30 11:30:15.661   398   464 I vw-vhal : CanSignalsAdapter::notifyVehicleProperty: solvedValue = {.timestamp = 10351483471898, .areaId = 0, .prop = 557924698, .status = AVAILABLE, .value = {.int32Values = [11]{0, 0, 0, 0, 0, 0, 0, 0, 0, 0, 0}, .floatValues = [0]{}, .int64Values = [0]{}, .bytes = [0]{}, .stringValue = ""}}
12-30 11:30:15.661   398   464 I VehiclePropertyStore: begin to write value to Store: {.timestamp = 10351483471898, .areaId = 0, .prop = 557924698, .status = AVAILABLE, .value = {.int32Values = [11]{0, 0, 0, 0, 0, 0, 0, 0, 0, 0, 0}, .floatValues = [0]{}, .int64Values = [0]{}, .bytes = [0]{}, .stringValue = ""}}
12-30 11:30:15.661   398   464 I DefaultVehicleHal_v2_0: DefaultVehicleHal::onPropertyValue, value:{.timestamp = 10351483471898, .areaId = 0, .prop = 557924698, .status = AVAILABLE, .value = {.int32Values = [11]{0, 0, 0, 0, 0, 0, 0, 0, 0, 0, 0}, .floatValues = [0]{}, .int64Values = [0]{}, .bytes = [0]{}, .stringValue = ""}}
12-30 11:30:15.661   398   464 D DiagPropHandler: is not DiagnosticConfig: 0x2141415a
12-30 11:30:15.661   398   464 I VehiclePropertyStore: begin to write value to Store: {.timestamp = 10351483471898, .areaId = 0, .prop = 557924698, .status = AVAILABLE, .value = {.int32Values = [11]{0, 0, 0, 0, 0, 0, 0, 0, 0, 0, 0}, .floatValues = [0]{}, .int64Values = [0]{}, .bytes = [0]{}, .stringValue = ""}}
12-30 11:30:15.661   398   464 D adayocomadapter-CommunicationManager: onUpstreamReceive mPropertyId 0x2141415a
12-30 11:30:15.663  1628  1851 I CCarServiceManager: CarServiceManager->t()35:link:[48]     ---26:pool-2-thread-1
12-30 11:30:15.663  1628  1851 I CCarServiceManager: CarServiceManager->t()64:link 转换后:48     ---26:pool-2-thread-1
12-30 11:30:15.663  1628  1851 I CCarServiceManager: CarServiceManager->t()84:link 转换后:48     ---26:pool-2-thread-1
12-30 11:30:15.663  1628  1851 D CarPropertyManager: setProperty, propertyId: 0x2141400f, areaId: 0x0, class: class [Ljava.lang.Integer;, val: [Ljava.lang.Integer;@c46636b
12-30 11:30:15.664  1365  2014 D CarPropertyService: mSyncGetSetPropertyOpCount: 1
12-30 11:30:15.664   398   466 I DefaultVehicleHal_v2_0: DefaultVehicleHal::set, current value:{.timestamp = 0, .areaId = 0, .prop = 557924367, .status = AVAILABLE, .value = {.int32Values = [1]{0}, .floatValues = [0]{}, .int64Values = [0]{}, .bytes = [0]{}, .stringValue = ""}}
12-30 11:30:15.664   398   466 I DefaultVehicleHalServer: onSetProperty(0x2141400f)
12-30 11:30:15.664   398   466 D vw-vhal : CanSignalsAdapter::setVehicleProperty: propValue = {.timestamp = 0, .areaId = 0, .prop = 557924367, .status = AVAILABLE, .value = {.int32Values = [1]{1}, .floatValues = [0]{}, .int64Values = [0]{}, .bytes = [0]{}, .stringValue = ""}}
12-30 11:30:15.664   398   466 D vw-vhal : CanSignalsAdapter::setVehicleProperty: propId = 0x2141400f, data = {status: 0, int32Values: [1]}
12-30 11:30:15.664   398   466 D adayocomadapter-CommunicationManager: setProperty id=[557924367]
12-30 11:30:15.664   398   466 D adayocomadapter-CommunicationManager: writeValue id=[557924367]
12-30 11:30:15.664   398   466 D adayocomadapter-VehiclePropertyStore: writeValue id=[557924367]
12-30 11:30:15.664   398   466 D adayocomadapter-CommunicationManager: sendToDownstream mPropertyId 0x2141400f
12-30 11:30:15.664   398   466 D adayocomadapter-ParseProtocolFunc: printRaWMsg Name[sendToDownstream] len[4] data[00000000]
12-30 11:30:15.665   398   466 D adayocomadapter-ParseProtocolFunc: printRaWMsg Name[sendToDownstream] len[4] data[2141400F]
12-30 11:30:15.665   398   466 D adayocomadapter-ParseProtocolFunc: printRaWMsg Name[sendToDownstream] len[5] data[2141400F01]
12-30 11:30:15.665   398   466 D adayocomadapter-CommunicationManager: sendToDownstream ret[0]   member[130] dataLength[1] timePoint[10351486] 
12-30 11:30:15.665   398   466 D adayocomadapter-ParseProtocolFunc: printRaWMsg Name[sendToDownstream] len[5] data[2141400F01]
12-30 11:30:15.665   398   466 D adayocomadapter-CommunicationManager: sendToDownstream  000 mPropertyId[0x557924367]  
12-30 11:30:15.665   398   698 D adayocomadapter-DownstreamHandler: processBeforePacket downSreamtProcessTimePoint[10351486] 
12-30 11:30:15.665   398   698 D adayocomadapter-DownstreamHandler: DownstreamHandler processPacket 
12-30 11:30:15.665   398   698 D adayocomadapter-DownstreamHandler: DownstreamHandler processPacket valueIndex 0x2141400f
12-30 11:30:15.665   398   698 D adayocomadapter-DownstreamHandler: DownstreamHandler processPacket 0002
12-30 11:30:15.665   398   698 D adayocomadapter-DownstreamHandler: DownstreamHandler processPacket sendMCUData2 
12-30 11:30:15.665   398   698 D adayocomadapter-CommunicationManager: sendMCUData 
12-30 11:30:15.665   398   698 D adayocomadapter-MCUInterfaceHandler: sendToMCU start
12-30 11:30:15.665  1365  2014 D CarPropertyService: mSyncGetSetPropertyOpCount: 0
12-30 11:30:15.665   650   730 D fgemcucomm: sd Uart data : 6AA6011FA500081202022141400F016B
12-30 11:30:15.665   398   698 D adayocomadapter-ParseProtocolFunc: printRaWMsg Name[sendToMCU] len[8] data[1202022141400F01]
12-30 11:30:15.665  1628  1851 I CCarServiceManager: CarServiceManager->t()118:link:0     ---26:pool-2-thread-1
12-30 11:30:15.684   360   931 D EvsDriver: forwardFrame
12-30 11:30:15.684   360   931 D EvsDriver: forwardFrameDirect
12-30 11:30:15.684   360   931 D EvsDriver: Delivered 0xb400e2ca9e40e110 as id 0
12-30 11:30:15.684   359   359 D evsmanagerd: /dev/video-evs0 forwarded the buffer #0 to 0xb400f125d2b26dd0 from 0xb400f125e2b20710
12-30 11:30:15.687   360   458 D EvsDriver: doneWithFrame
12-30 11:30:15.694  2358  2623 D RcfController: Rcf proxy is not connected!
12-30 11:30:15.715   596  3076 E WifiHAL : Invalid data received from driver
12-30 11:30:15.716   650   729 D fgemcucomm: sd Uart data : 6AA60244110002920213
12-30 11:30:15.716   650   729 D fgemcucomm: rev uart=85887,len=17, data : 6AA681441100099202000A000000000083
12-30 11:30:15.716   398   466 D adayocomadapter-ParseProtocolFunc: printRaWMsg Name[MCUToUPstream recv] len[9] data[9202000A0000000000]
12-30 11:30:15.716   398   466 D adayocomadapter-CommunicationManager: onUpstreamback   member[0] dataLength[6] timePoint[10351538]
12-30 11:30:15.716   398   466 D adayocomadapter-ParseProtocolFunc: printRaWMsg Name[onUpstreamback] len[6] data[0A0000000000]
12-30 11:30:15.716   650   730 D fgemcucomm: file = hardware/interfaces/fgemcucomm/1.0/default/mcucomm/src/mcuCommFunctionTimer.cpp, function = startTimer  start timer OK = 8101 
12-30 11:30:15.716   398   464 D adayocomadapter-UpstreamHandler: processBeforePacket upSreamtProcessTimePoint[10351538] 
12-30 11:30:15.716   398   464 D adayocomadapter-UpstreamHandler: processPacket UPSTREAM_QUEUE_DATA_TIMEOUT
12-30 11:30:15.717   398   464 D adayocomadapter-ParseProtocolFunc: parseCommonIPCLBytes Processing tableNumber[10]
12-30 11:30:15.717   398   464 D adayocomadapter-ParseProtocolFunc: parseCommonIPCLBytes Processing tablename[Table-10] tableSize[6]
12-30 11:30:15.717   398   464 D adayocomadapter-ParseProtocolFunc: printRaWMsg Name[byteStream recv] len[6] data[0A0000000000]
12-30 11:30:15.717   398   464 D adayocomadapter-ParseProtocolFunc: printRaWMsg Name[IPCLtoVHAL] len[9] data[2140201C0000000000]
12-30 11:30:15.717   398   464 D adayocomadapter-ParseProtocolFunc: printRaWMsg Name[IPCLtoVHAL] len[6] data[214022320000]
12-30 11:30:15.717   398   464 D adayocomadapter-CommunicationManager: onUpstreamReceive mPropertyId 0x2140201c
12-30 11:30:15.717   398   464 D adayocomadapter-CommunicationManager: convertBytesToInt32Memcpy  0
12-30 11:30:15.717   398   464 I vw-vhal : notifyVehicleProperty, propId = 0x2140201c, data = {status: 2, int32Values: [0]}
12-30 11:30:15.717   398   464 I vw-vhal : CanSignalsAdapter::notifyVehicleProperty: solvedValue = {.timestamp = 10351539045565, .areaId = 0, .prop = 557850652, .status = AVAILABLE, .value = {.int32Values = [1]{0}, .floatValues = [0]{}, .int64Values = [0]{}, .bytes = [0]{}, .stringValue = ""}}
12-30 11:30:15.717   398   464 I VehiclePropertyStore: begin to write value to Store: {.timestamp = 10351539045565, .areaId = 0, .prop = 557850652, .status = AVAILABLE, .value = {.int32Values = [1]{0}, .floatValues = [0]{}, .int64Values = [0]{}, .bytes = [0]{}, .stringValue = ""}}
12-30 11:30:15.717   398   464 I DefaultVehicleHal_v2_0: DefaultVehicleHal::onPropertyValue, value:{.timestamp = 10351539045565, .areaId = 0, .prop = 557850652, .status = AVAILABLE, .value = {.int32Values = [1]{0}, .floatValues = [0]{}, .int64Values = [0]{}, .bytes = [0]{}, .stringValue = ""}}
12-30 11:30:15.717   398   464 D DiagPropHandler: is not DiagnosticConfig: 0x2140201c
12-30 11:30:15.717   398   464 I VehiclePropertyStore: begin to write value to Store: {.timestamp = 10351539045565, .areaId = 0, .prop = 557850652, .status = AVAILABLE, .value = {.int32Values = [1]{0}, .floatValues = [0]{}, .int64Values = [0]{}, .bytes = [0]{}, .stringValue = ""}}
12-30 11:30:15.717   398   464 D adayocomadapter-CommunicationManager: onUpstreamReceive mPropertyId 0x2140201c
12-30 11:30:15.717   398   464 D adayocomadapter-CommunicationManager: onUpstreamReceive mPropertyId 0x21402232
12-30 11:30:15.717   398   464 D adayocomadapter-CommunicationManager: convertBytesToInt32Memcpy  0
12-30 11:30:15.717   398   464 I vw-vhal : notifyVehicleProperty, propId = 0x21402232, data = {status: 2, int32Values: [0]}
12-30 11:30:15.717   398   464 I vw-vhal : CanSignalsAdapter::notifyVehicleProperty: solvedValue = {.timestamp = 10351539293232, .areaId = 0, .prop = 557851186, .status = AVAILABLE, .value = {.int32Values = [1]{0}, .floatValues = [0]{}, .int64Values = [0]{}, .bytes = [0]{}, .stringValue = ""}}
12-30 11:30:15.717   398   464 I VehiclePropertyStore: begin to write value to Store: {.timestamp = 10351539293232, .areaId = 0, .prop = 557851186, .status = AVAILABLE, .value = {.int32Values = [1]{0}, .floatValues = [0]{}, .int64Values = [0]{}, .bytes = [0]{}, .stringValue = ""}}
12-30 11:30:15.717   398   464 I DefaultVehicleHal_v2_0: DefaultVehicleHal::onPropertyValue, value:{.timestamp = 10351539293232, .areaId = 0, .prop = 557851186, .status = AVAILABLE, .value = {.int32Values = [1]{0}, .floatValues = [0]{}, .int64Values = [0]{}, .bytes = [0]{}, .stringValue = ""}}
12-30 11:30:15.717   398   464 D DiagPropHandler: is not DiagnosticConfig: 0x21402232
12-30 11:30:15.717   398   464 I VehiclePropertyStore: begin to write value to Store: {.timestamp = 10351539293232, .areaId = 0, .prop = 557851186, .status = AVAILABLE, .value = {.int32Values = [1]{0}, .floatValues = [0]{}, .int64Values = [0]{}, .bytes = [0]{}, .stringValue = ""}}
12-30 11:30:15.717   398   464 D adayocomadapter-CommunicationManager: onUpstreamReceive mPropertyId 0x21402232
12-30 11:30:15.717   360   931 D EvsDriver: forwardFrame
12-30 11:30:15.717   360   931 D EvsDriver: forwardFrameDirect
12-30 11:30:15.718   360   931 D EvsDriver: Delivered 0xb400e2ca9e40c7a0 as id 1
12-30 11:30:15.718   359   359 D evsmanagerd: /dev/video-evs0 forwarded the buffer #1 to 0xb400f125d2b26dd0 from 0xb400f125e2b20710
12-30 11:30:15.729   360   458 D EvsDriver: doneWithFrame
12-30 11:30:15.735   650   729 D fgemcucomm: file = hardware/interfaces/fgemcucomm/1.0/default/mcucomm/src/mcuCommFunctionTimer.cpp, func = stopTimer  stop timer = 8101 
12-30 11:30:15.735   650   729 D fgemcucomm: rev uart=85888,len=10, data : 6AA6821FA500021202A4
12-30 11:30:15.744  2358  2623 D RcfController: Rcf proxy is not connected!
12-30 11:30:15.751   360   931 D EvsDriver: forwardFrame
12-30 11:30:15.751   360   931 D EvsDriver: forwardFrameDirect
12-30 11:30:15.751   360   931 D EvsDriver: Delivered 0xb400e2ca9e40e270 as id 0
12-30 11:30:15.751   359   359 D evsmanagerd: /dev/video-evs0 forwarded the buffer #0 to 0xb400f125d2b26dd0 from 0xb400f125e2b20710
12-30 11:30:15.756   650   729 D fgemcucomm: sd Uart data : 6AA60244120002920212
12-30 11:30:15.756   650   729 D fgemcucomm: rev uart=85889,len=23, data : 6AA6814412000F92020015000000000000000000000071
12-30 11:30:15.757   398   466 D adayocomadapter-ParseProtocolFunc: printRaWMsg Name[MCUToUPstream recv] len[15] data[920200150000000000000000000000]
12-30 11:30:15.757   398   466 D adayocomadapter-CommunicationManager: onUpstreamback   member[0] dataLength[12] timePoint[10351578]
12-30 11:30:15.757   398   466 D adayocomadapter-ParseProtocolFunc: printRaWMsg Name[onUpstreamback] len[12] data[150000000000000000000000]
12-30 11:30:15.757   398   464 D adayocomadapter-UpstreamHandler: processBeforePacket upSreamtProcessTimePoint[10351579] 
12-30 11:30:15.757   398   464 D adayocomadapter-UpstreamHandler: processPacket UPSTREAM_QUEUE_DATA_TIMEOUT
12-30 11:30:15.757   398   464 D adayocomadapter-ParseProtocolFunc: parseCommonIPCLBytes Processing tableNumber[21]
12-30 11:30:15.757   398   464 D adayocomadapter-ParseProtocolFunc: parseCommonIPCLBytes Processing tablename[Table-21] tableSize[12]
12-30 11:30:15.757   398   464 D adayocomadapter-ParseProtocolFunc: printRaWMsg Name[byteStream recv] len[12] data[150000000000000000000000]
12-30 11:30:15.757   398   464 D adayocomadapter-ParseProtocolFunc: printRaWMsg Name[IPCLtoVHAL] len[6] data[2140208B0000]
12-30 11:30:15.757   398   464 D adayocomadapter-ParseProtocolFunc: printRaWMsg Name[IPCLtoVHAL] len[6] data[214021930000]
12-30 11:30:15.757   398   464 D adayocomadapter-ParseProtocolFunc: printRaWMsg Name[IPCLtoVHAL] len[6] data[2140208C0000]
12-30 11:30:15.757   398   464 D adayocomadapter-ParseProtocolFunc: printRaWMsg Name[IPCLtoVHAL] len[6] data[214021940000]
12-30 11:30:15.757   398   464 D adayocomadapter-ParseProtocolFunc: printRaWMsg Name[IPCLtoVHAL] len[6] data[2140208D0000]
12-30 11:30:15.757   398   464 D adayocomadapter-ParseProtocolFunc: printRaWMsg Name[IPCLtoVHAL] len[6] data[214021950000]
12-30 11:30:15.757   398   464 D adayocomadapter-ParseProtocolFunc: printRaWMsg Name[IPCLtoVHAL] len[6] data[214021920000]
12-30 11:30:15.757   398   464 D adayocomadapter-ParseProtocolFunc: printRaWMsg Name[IPCLtoVHAL] len[6] data[2140208A0000]
12-30 11:30:15.757   398   464 D adayocomadapter-ParseProtocolFunc: printRaWMsg Name[IPCLtoVHAL] len[6] data[214021960000]
12-30 11:30:15.757   398   464 D adayocomadapter-ParseProtocolFunc: printRaWMsg Name[IPCLtoVHAL] len[6] data[214021970000]
12-30 11:30:15.757   398   464 D adayocomadapter-ParseProtocolFunc: printRaWMsg Name[IPCLtoVHAL] len[6] data[214021990000]
12-30 11:30:15.757   398   464 D adayocomadapter-CommunicationManager: onUpstreamReceive mPropertyId 0x2140208b
12-30 11:30:15.757   398   464 D adayocomadapter-CommunicationManager: convertBytesToInt32Memcpy  0
12-30 11:30:15.757   398   464 I vw-vhal : notifyVehicleProperty, propId = 0x2140208b, data = {status: 2, int32Values: [0]}
12-30 11:30:15.757   398   464 I vw-vhal : CanSignalsAdapter::notifyVehicleProperty: solvedValue = {.timestamp = 10351579577565, .areaId = 0, .prop = 557850763, .status = AVAILABLE, .value = {.int32Values = [1]{0}, .floatValues = [0]{}, .int64Values = [0]{}, .bytes = [0]{}, .stringValue = ""}}
12-30 11:30:15.757   398   464 I VehiclePropertyStore: begin to write value to Store: {.timestamp = 10351579577565, .areaId = 0, .prop = 557850763, .status = AVAILABLE, .value = {.int32Values = [1]{0}, .floatValues = [0]{}, .int64Values = [0]{}, .bytes = [0]{}, .stringValue = ""}}
12-30 11:30:15.757   398   464 I DefaultVehicleHal_v2_0: DefaultVehicleHal::onPropertyValue, value:{.timestamp = 10351579577565, .areaId = 0, .prop = 557850763, .status = AVAILABLE, .value = {.int32Values = [1]{0}, .floatValues = [0]{}, .int64Values = [0]{}, .bytes = [0]{}, .stringValue = ""}}
12-30 11:30:15.757   398   464 D DiagPropHandler: is not DiagnosticConfig: 0x2140208b
12-30 11:30:15.757   398   464 I VehiclePropertyStore: begin to write value to Store: {.timestamp = 10351579577565, .areaId = 0, .prop = 557850763, .status = AVAILABLE, .value = {.int32Values = [1]{0}, .floatValues = [0]{}, .int64Values = [0]{}, .bytes = [0]{}, .stringValue = ""}}
12-30 11:30:15.757   398   464 D adayocomadapter-CommunicationManager: onUpstreamReceive mPropertyId 0x2140208b
12-30 11:30:15.757   398   464 D adayocomadapter-CommunicationManager: onUpstreamReceive mPropertyId 0x21402193
12-30 11:30:15.757   398   464 D adayocomadapter-CommunicationManager: convertBytesToInt32Memcpy  0
12-30 11:30:15.757   398   464 I vw-vhal : notifyVehicleProperty, propId = 0x21402193, data = {status: 2, int32Values: [0]}
12-30 11:30:15.758   398   464 I vw-vhal : CanSignalsAdapter::notifyVehicleProperty: solvedValue = {.timestamp = 10351579856898, .areaId = 0, .prop = 557851027, .status = AVAILABLE, .value = {.int32Values = [1]{0}, .floatValues = [0]{}, .int64Values = [0]{}, .bytes = [0]{}, .stringValue = ""}}
12-30 11:30:15.758   398   464 I VehiclePropertyStore: begin to write value to Store: {.timestamp = 10351579856898, .areaId = 0, .prop = 557851027, .status = AVAILABLE, .value = {.int32Values = [1]{0}, .floatValues = [0]{}, .int64Values = [0]{}, .bytes = [0]{}, .stringValue = ""}}
12-30 11:30:15.758   398   464 I DefaultVehicleHal_v2_0: DefaultVehicleHal::onPropertyValue, value:{.timestamp = 10351579856898, .areaId = 0, .prop = 557851027, .status = AVAILABLE, .value = {.int32Values = [1]{0}, .floatValues = [0]{}, .int64Values = [0]{}, .bytes = [0]{}, .stringValue = ""}}
12-30 11:30:15.758   398   464 D DiagPropHandler: is not DiagnosticConfig: 0x21402193
12-30 11:30:15.758   398   464 I VehiclePropertyStore: begin to write value to Store: {.timestamp = 10351579856898, .areaId = 0, .prop = 557851027, .status = AVAILABLE, .value = {.int32Values = [1]{0}, .floatValues = [0]{}, .int64Values = [0]{}, .bytes = [0]{}, .stringValue = ""}}
12-30 11:30:15.758   398   464 D adayocomadapter-CommunicationManager: onUpstreamReceive mPropertyId 0x21402193
12-30 11:30:15.758   398   464 D adayocomadapter-CommunicationManager: onUpstreamReceive mPropertyId 0x2140208c
12-30 11:30:15.758   398   464 D adayocomadapter-CommunicationManager: convertBytesToInt32Memcpy  0
12-30 11:30:15.758   398   464 I vw-vhal : notifyVehicleProperty, propId = 0x2140208c, data = {status: 2, int32Values: [0]}
12-30 11:30:15.758   398   464 I vw-vhal : CanSignalsAdapter::notifyVehicleProperty: solvedValue = {.timestamp = 10351580151232, .areaId = 0, .prop = 557850764, .status = AVAILABLE, .value = {.int32Values = [1]{0}, .floatValues = [0]{}, .int64Values = [0]{}, .bytes = [0]{}, .stringValue = ""}}
12-30 11:30:15.758   398   464 I VehiclePropertyStore: begin to write value to Store: {.timestamp = 10351580151232, .areaId = 0, .prop = 557850764, .status = AVAILABLE, .value = {.int32Values = [1]{0}, .floatValues = [0]{}, .int64Values = [0]{}, .bytes = [0]{}, .stringValue = ""}}
12-30 11:30:15.758   398   464 I DefaultVehicleHal_v2_0: DefaultVehicleHal::onPropertyValue, value:{.timestamp = 10351580151232, .areaId = 0, .prop = 557850764, .status = AVAILABLE, .value = {.int32Values = [1]{0}, .floatValues = [0]{}, .int64Values = [0]{}, .bytes = [0]{}, .stringValue = ""}}
12-30 11:30:15.758   398   464 D DiagPropHandler: is not DiagnosticConfig: 0x2140208c
12-30 11:30:15.758   398   464 I VehiclePropertyStore: begin to write value to Store: {.timestamp = 10351580151232, .areaId = 0, .prop = 557850764, .status = AVAILABLE, .value = {.int32Values = [1]{0}, .floatValues = [0]{}, .int64Values = [0]{}, .bytes = [0]{}, .stringValue = ""}}
12-30 11:30:15.758   398   464 D adayocomadapter-CommunicationManager: onUpstreamReceive mPropertyId 0x2140208c
12-30 11:30:15.758   398   464 D adayocomadapter-CommunicationManager: onUpstreamReceive mPropertyId 0x21402194
12-30 11:30:15.758   398   464 D adayocomadapter-CommunicationManager: convertBytesToInt32Memcpy  0
12-30 11:30:15.758   398   464 I vw-vhal : notifyVehicleProperty, propId = 0x21402194, data = {status: 2, int32Values: [0]}
12-30 11:30:15.758   398   464 I vw-vhal : CanSignalsAdapter::notifyVehicleProperty: solvedValue = {.timestamp = 10351580401565, .areaId = 0, .prop = 557851028, .status = AVAILABLE, .value = {.int32Values = [1]{0}, .floatValues = [0]{}, .int64Values = [0]{}, .bytes = [0]{}, .stringValue = ""}}
12-30 11:30:15.758   398   464 I VehiclePropertyStore: begin to write value to Store: {.timestamp = 10351580401565, .areaId = 0, .prop = 557851028, .status = AVAILABLE, .value = {.int32Values = [1]{0}, .floatValues = [0]{}, .int64Values = [0]{}, .bytes = [0]{}, .stringValue = ""}}
12-30 11:30:15.758   398   464 I DefaultVehicleHal_v2_0: DefaultVehicleHal::onPropertyValue, value:{.timestamp = 10351580401565, .areaId = 0, .prop = 557851028, .status = AVAILABLE, .value = {.int32Values = [1]{0}, .floatValues = [0]{}, .int64Values = [0]{}, .bytes = [0]{}, .stringValue = ""}}
12-30 11:30:15.758   398   464 D DiagPropHandler: is not DiagnosticConfig: 0x21402194
12-30 11:30:15.758   398   464 I VehiclePropertyStore: begin to write value to Store: {.timestamp = 10351580401565, .areaId = 0, .prop = 557851028, .status = AVAILABLE, .value = {.int32Values = [1]{0}, .floatValues = [0]{}, .int64Values = [0]{}, .bytes = [0]{}, .stringValue = ""}}
12-30 11:30:15.758   398   464 D adayocomadapter-CommunicationManager: onUpstreamReceive mPropertyId 0x21402194
12-30 11:30:15.758   398   464 D adayocomadapter-CommunicationManager: onUpstreamReceive mPropertyId 0x2140208d
12-30 11:30:15.758   398   464 D adayocomadapter-CommunicationManager: convertBytesToInt32Memcpy  0
12-30 11:30:15.758   360   458 D EvsDriver: doneWithFrame
12-30 11:30:15.758   398   464 I vw-vhal : notifyVehicleProperty, propId = 0x2140208d, data = {status: 2, int32Values: [0]}
12-30 11:30:15.758   398   464 I vw-vhal : CanSignalsAdapter::notifyVehicleProperty: solvedValue = {.timestamp = 10351580631898, .areaId = 0, .prop = 557850765, .status = AVAILABLE, .value = {.int32Values = [1]{0}, .floatValues = [0]{}, .int64Values = [0]{}, .bytes = [0]{}, .stringValue = ""}}
12-30 11:30:15.758   398   464 I VehiclePropertyStore: begin to write value to Store: {.timestamp = 10351580631898, .areaId = 0, .prop = 557850765, .status = AVAILABLE, .value = {.int32Values = [1]{0}, .floatValues = [0]{}, .int64Values = [0]{}, .bytes = [0]{}, .stringValue = ""}}
12-30 11:30:15.758   398   464 I DefaultVehicleHal_v2_0: DefaultVehicleHal::onPropertyValue, value:{.timestamp = 10351580631898, .areaId = 0, .prop = 557850765, .status = AVAILABLE, .value = {.int32Values = [1]{0}, .floatValues = [0]{}, .int64Values = [0]{}, .bytes = [0]{}, .stringValue = ""}}
12-30 11:30:15.758   398   464 D DiagPropHandler: is not DiagnosticConfig: 0x2140208d
12-30 11:30:15.758   398   464 I VehiclePropertyStore: begin to write value to Store: {.timestamp = 10351580631898, .areaId = 0, .prop = 557850765, .status = AVAILABLE, .value = {.int32Values = [1]{0}, .floatValues = [0]{}, .int64Values = [0]{}, .bytes = [0]{}, .stringValue = ""}}
12-30 11:30:15.758   398   464 D adayocomadapter-CommunicationManager: onUpstreamReceive mPropertyId 0x2140208d
12-30 11:30:15.758   398   464 D adayocomadapter-CommunicationManager: onUpstreamReceive mPropertyId 0x21402195
12-30 11:30:15.758   398   464 D adayocomadapter-CommunicationManager: convertBytesToInt32Memcpy  0
12-30 11:30:15.758   398   464 I vw-vhal : notifyVehicleProperty, propId = 0x21402195, data = {status: 2, int32Values: [0]}
12-30 11:30:15.760   398   464 I vw-vhal : CanSignalsAdapter::notifyVehicleProperty: solvedValue = {.timestamp = 10351580857565, .areaId = 0, .prop = 557851029, .status = AVAILABLE, .value = {.int32Values = [1]{0}, .floatValues = [0]{}, .int64Values = [0]{}, .bytes = [0]{}, .stringValue = ""}}
12-30 11:30:15.760   398   464 I VehiclePropertyStore: begin to write value to Store: {.timestamp = 10351580857565, .areaId = 0, .prop = 557851029, .status = AVAILABLE, .value = {.int32Values = [1]{0}, .floatValues = [0]{}, .int64Values = [0]{}, .bytes = [0]{}, .stringValue = ""}}
12-30 11:30:15.760   398   464 I DefaultVehicleHal_v2_0: DefaultVehicleHal::onPropertyValue, value:{.timestamp = 10351580857565, .areaId = 0, .prop = 557851029, .status = AVAILABLE, .value = {.int32Values = [1]{0}, .floatValues = [0]{}, .int64Values = [0]{}, .bytes = [0]{}, .stringValue = ""}}
12-30 11:30:15.761   398   464 D DiagPropHandler: is not DiagnosticConfig: 0x21402195
12-30 11:30:15.761   398   464 I VehiclePropertyStore: begin to write value to Store: {.timestamp = 10351580857565, .areaId = 0, .prop = 557851029, .status = AVAILABLE, .value = {.int32Values = [1]{0}, .floatValues = [0]{}, .int64Values = [0]{}, .bytes = [0]{}, .stringValue = ""}}
12-30 11:30:15.761   398   464 D adayocomadapter-CommunicationManager: onUpstreamReceive mPropertyId 0x21402195
12-30 11:30:15.761   398   464 D adayocomadapter-CommunicationManager: onUpstreamReceive mPropertyId 0x21402192
12-30 11:30:15.761   398   464 D adayocomadapter-CommunicationManager: convertBytesToInt32Memcpy  0
12-30 11:30:15.761   398   464 I vw-vhal : notifyVehicleProperty, propId = 0x21402192, data = {status: 2, int32Values: [0]}
12-30 11:30:15.761   398   464 I vw-vhal : CanSignalsAdapter::notifyVehicleProperty: solvedValue = {.timestamp = 10351583272898, .areaId = 0, .prop = 557851026, .status = AVAILABLE, .value = {.int32Values = [1]{0}, .floatValues = [0]{}, .int64Values = [0]{}, .bytes = [0]{}, .stringValue = ""}}
12-30 11:30:15.761   398   464 I VehiclePropertyStore: begin to write value to Store: {.timestamp = 10351583272898, .areaId = 0, .prop = 557851026, .status = AVAILABLE, .value = {.int32Values = [1]{0}, .floatValues = [0]{}, .int64Values = [0]{}, .bytes = [0]{}, .stringValue = ""}}
12-30 11:30:15.761   398   464 I DefaultVehicleHal_v2_0: DefaultVehicleHal::onPropertyValue, value:{.timestamp = 10351583272898, .areaId = 0, .prop = 557851026, .status = AVAILABLE, .value = {.int32Values = [1]{0}, .floatValues = [0]{}, .int64Values = [0]{}, .bytes = [0]{}, .stringValue = ""}}
12-30 11:30:15.761   398   464 D DiagPropHandler: is not DiagnosticConfig: 0x21402192
12-30 11:30:15.761   398   464 I VehiclePropertyStore: begin to write value to Store: {.timestamp = 10351583272898, .areaId = 0, .prop = 557851026, .status = AVAILABLE, .value = {.int32Values = [1]{0}, .floatValues = [0]{}, .int64Values = [0]{}, .bytes = [0]{}, .stringValue = ""}}
12-30 11:30:15.761   398   464 D adayocomadapter-CommunicationManager: onUpstreamReceive mPropertyId 0x21402192
12-30 11:30:15.761   398   464 D adayocomadapter-CommunicationManager: onUpstreamReceive mPropertyId 0x2140208a
12-30 11:30:15.761   398   464 D adayocomadapter-CommunicationManager: convertBytesToInt32Memcpy  0
12-30 11:30:15.761   398   464 I vw-vhal : notifyVehicleProperty, propId = 0x2140208a, data = {status: 2, int32Values: [0]}
12-30 11:30:15.761   398   464 I vw-vhal : CanSignalsAdapter::notifyVehicleProperty: solvedValue = {.timestamp = 10351583657232, .areaId = 0, .prop = 557850762, .status = AVAILABLE, .value = {.int32Values = [1]{0}, .floatValues = [0]{}, .int64Values = [0]{}, .bytes = [0]{}, .stringValue = ""}}
12-30 11:30:15.761   398   464 I VehiclePropertyStore: begin to write value to Store: {.timestamp = 10351583657232, .areaId = 0, .prop = 557850762, .status = AVAILABLE, .value = {.int32Values = [1]{0}, .floatValues = [0]{}, .int64Values = [0]{}, .bytes = [0]{}, .stringValue = ""}}
12-30 11:30:15.761   398   464 I DefaultVehicleHal_v2_0: DefaultVehicleHal::onPropertyValue, value:{.timestamp = 10351583657232, .areaId = 0, .prop = 557850762, .status = AVAILABLE, .value = {.int32Values = [1]{0}, .floatValues = [0]{}, .int64Values = [0]{}, .bytes = [0]{}, .stringValue = ""}}
12-30 11:30:15.761   398   464 D DiagPropHandler: is not DiagnosticConfig: 0x2140208a
12-30 11:30:15.761   398   464 I VehiclePropertyStore: begin to write value to Store: {.timestamp = 10351583657232, .areaId = 0, .prop = 557850762, .status = AVAILABLE, .value = {.int32Values = [1]{0}, .floatValues = [0]{}, .int64Values = [0]{}, .bytes = [0]{}, .stringValue = ""}}
12-30 11:30:15.761   398   464 D adayocomadapter-CommunicationManager: onUpstreamReceive mPropertyId 0x2140208a
12-30 11:30:15.762   398   464 D adayocomadapter-CommunicationManager: onUpstreamReceive mPropertyId 0x21402196
12-30 11:30:15.762   398   464 D adayocomadapter-CommunicationManager: convertBytesToInt32Memcpy  0
12-30 11:30:15.762   398   464 I vw-vhal : notifyVehicleProperty, propId = 0x21402196, data = {status: 2, int32Values: [0]}
12-30 11:30:15.762   398   464 I vw-vhal : CanSignalsAdapter::notifyVehicleProperty: solvedValue = {.timestamp = 10351583946565, .areaId = 0, .prop = 557851030, .status = AVAILABLE, .value = {.int32Values = [1]{0}, .floatValues = [0]{}, .int64Values = [0]{}, .bytes = [0]{}, .stringValue = ""}}
12-30 11:30:15.762   398   464 I VehiclePropertyStore: begin to write value to Store: {.timestamp = 10351583946565, .areaId = 0, .prop = 557851030, .status = AVAILABLE, .value = {.int32Values = [1]{0}, .floatValues = [0]{}, .int64Values = [0]{}, .bytes = [0]{}, .stringValue = ""}}
12-30 11:30:15.762   398   464 I DefaultVehicleHal_v2_0: DefaultVehicleHal::onPropertyValue, value:{.timestamp = 10351583946565, .areaId = 0, .prop = 557851030, .status = AVAILABLE, .value = {.int32Values = [1]{0}, .floatValues = [0]{}, .int64Values = [0]{}, .bytes = [0]{}, .stringValue = ""}}
12-30 11:30:15.762   398   464 D DiagPropHandler: is not DiagnosticConfig: 0x21402196
12-30 11:30:15.762   398   464 I VehiclePropertyStore: begin to write value to Store: {.timestamp = 10351583946565, .areaId = 0, .prop = 557851030, .status = AVAILABLE, .value = {.int32Values = [1]{0}, .floatValues = [0]{}, .int64Values = [0]{}, .bytes = [0]{}, .stringValue = ""}}
12-30 11:30:15.762   398   464 D adayocomadapter-CommunicationManager: onUpstreamReceive mPropertyId 0x21402196
12-30 11:30:15.762   398   464 D adayocomadapter-CommunicationManager: onUpstreamReceive mPropertyId 0x21402197
12-30 11:30:15.762   398   464 D adayocomadapter-CommunicationManager: convertBytesToInt32Memcpy  0
12-30 11:30:15.762   398   464 I vw-vhal : notifyVehicleProperty, propId = 0x21402197, data = {status: 2, int32Values: [0]}
12-30 11:30:15.762   398   464 I vw-vhal : CanSignalsAdapter::notifyVehicleProperty: solvedValue = {.timestamp = 10351584252232, .areaId = 0, .prop = 557851031, .status = AVAILABLE, .value = {.int32Values = [1]{0}, .floatValues = [0]{}, .int64Values = [0]{}, .bytes = [0]{}, .stringValue = ""}}
12-30 11:30:15.762   398   464 I VehiclePropertyStore: begin to write value to Store: {.timestamp = 10351584252232, .areaId = 0, .prop = 557851031, .status = AVAILABLE, .value = {.int32Values = [1]{0}, .floatValues = [0]{}, .int64Values = [0]{}, .bytes = [0]{}, .stringValue = ""}}
12-30 11:30:15.762   398   464 I DefaultVehicleHal_v2_0: DefaultVehicleHal::onPropertyValue, value:{.timestamp = 10351584252232, .areaId = 0, .prop = 557851031, .status = AVAILABLE, .value = {.int32Values = [1]{0}, .floatValues = [0]{}, .int64Values = [0]{}, .bytes = [0]{}, .stringValue = ""}}
12-30 11:30:15.762   398   464 D DiagPropHandler: is not DiagnosticConfig: 0x21402197
12-30 11:30:15.762   398   464 I VehiclePropertyStore: begin to write value to Store: {.timestamp = 10351584252232, .areaId = 0, .prop = 557851031, .status = AVAILABLE, .value = {.int32Values = [1]{0}, .floatValues = [0]{}, .int64Values = [0]{}, .bytes = [0]{}, .stringValue = ""}}
12-30 11:30:15.762   398   464 D adayocomadapter-CommunicationManager: onUpstreamReceive mPropertyId 0x21402197
12-30 11:30:15.762   398   464 D adayocomadapter-CommunicationManager: onUpstreamReceive mPropertyId 0x21402199
12-30 11:30:15.762   398   464 D adayocomadapter-CommunicationManager: convertBytesToInt32Memcpy  0
12-30 11:30:15.762   398   464 I vw-vhal : notifyVehicleProperty, propId = 0x21402199, data = {status: 2, int32Values: [0]}
12-30 11:30:15.762   398   464 I vw-vhal : CanSignalsAdapter::notifyVehicleProperty: solvedValue = {.timestamp = 10351584497898, .areaId = 0, .prop = 557851033, .status = AVAILABLE, .value = {.int32Values = [1]{0}, .floatValues = [0]{}, .int64Values = [0]{}, .bytes = [0]{}, .stringValue = ""}}
12-30 11:30:15.762   398   464 I VehiclePropertyStore: begin to write value to Store: {.timestamp = 10351584497898, .areaId = 0, .prop = 557851033, .status = AVAILABLE, .value = {.int32Values = [1]{0}, .floatValues = [0]{}, .int64Values = [0]{}, .bytes = [0]{}, .stringValue = ""}}
12-30 11:30:15.762   398   464 I DefaultVehicleHal_v2_0: DefaultVehicleHal::onPropertyValue, value:{.timestamp = 10351584497898, .areaId = 0, .prop = 557851033, .status = AVAILABLE, .value = {.int32Values = [1]{0}, .floatValues = [0]{}, .int64Values = [0]{}, .bytes = [0]{}, .stringValue = ""}}
12-30 11:30:15.762   398   464 D DiagPropHandler: is not DiagnosticConfig: 0x21402199
12-30 11:30:15.762   398   464 I VehiclePropertyStore: begin to write value to Store: {.timestamp = 10351584497898, .areaId = 0, .prop = 557851033, .status = AVAILABLE, .value = {.int32Values = [1]{0}, .floatValues = [0]{}, .int64Values = [0]{}, .bytes = [0]{}, .stringValue = ""}}
12-30 11:30:15.762   398   464 D adayocomadapter-CommunicationManager: onUpstreamReceive mPropertyId 0x21402199
12-30 11:30:15.768  1667  2513 W ContextImpl: Calling a method in the system process without a qualified user: android.app.ContextImpl.bindService:1988 android.content.ContextWrapper.bindService:861 com.ford.sync.fnvservice.analytics.AnalyticsManager$RetryHandler.a:126 com.ford.sync.fnvservice.analytics.AnalyticsManager$RetryHandler.handleMessage:103 android.os.Handler.dispatchMessage:106 
12-30 11:30:15.769   916  2815 W ActivityManager: Unable to start service Intent { cmp=com.ford.sync.fnvservice/.analytics.AnalyticsService } U=0: not found
12-30 11:30:15.769  1667  2513 W AnalyticsManager:  bind ford Analytics failed -> sendRetryMessage 
