12-30 11:30:08.099   398   464 D adayocomadapter-CommunicationManager: onUpstreamReceive mPropertyId 0x2140203b
12-30 11:30:08.099   398   464 D adayocomadapter-CommunicationManager: convertBytesToInt32Memcpy  0
12-30 11:30:08.099   398   464 I vw-vhal : notifyVehicleProperty, propId = 0x2140203b, data = {status: 2, int32Values: [0]}
12-30 11:30:08.099   398   464 I vw-vhal : CanSignalsAdapter::notifyVehicleProperty: solvedValue = {.timestamp = 10343921095231, .areaId = 0, .prop = 557850683, .status = AVAILABLE, .value = {.int32Values = [1]{0}, .floatValues = [0]{}, .int64Values = [0]{}, .bytes = [0]{}, .stringValue = ""}}
12-30 11:30:08.099   879  2332 I mfiserver: [MFiProxy.cpp][675]messageMID =11 LID=03 com.adayo.carplay 
12-30 11:30:08.099   398   464 I VehiclePropertyStore: begin to write value to Store: {.timestamp = 10343921095231, .areaId = 0, .prop = 557850683, .status = AVAILABLE, .value = {.int32Values = [1]{0}, .floatValues = [0]{}, .int64Values = [0]{}, .bytes = [0]{}, .stringValue = ""}}
12-30 11:30:08.099   879  2332 I mfiserver: [MFiProxy.cpp][970]message channle=60 type=4 mode=1 buf=0xb400fc8d1fa65640 len=28 
12-30 11:30:08.099   398   464 I DefaultVehicleHal_v2_0: DefaultVehicleHal::onPropertyValue, value:{.timestamp = 10343921095231, .areaId = 0, .prop = 557850683, .status = AVAILABLE, .value = {.int32Values = [1]{0}, .floatValues = [0]{}, .int64Values = [0]{}, .bytes = [0]{}, .stringValue = ""}}
12-30 11:30:08.099   879 19383 I libmfi  : [iAPUtils.c][134]buflen:28 packetlen=28
12-30 11:30:08.099   879 19383 E libmfi  : [iAP2BuffPoolImplementation.c][312]__iAP2BuffPoolGetRecvPacket malloc lenth = 4152 
12-30 11:30:08.099   879 19383 I libmfi  : [iAP2Link.c][2715]iAP2LinkHandleReadyPacket bDeletePacket = FALSE 
12-30 11:30:08.099   879 19383 I libmfi  : [iAP2Link.c][2802]_CleanupAckedPackets 
12-30 11:30:08.099   879 19383 I libmfi  : [iAP2Link.c][3046]_iAP2LinkProcessInOrderPacketACK 
12-30 11:30:08.099   879 19383 I libmfi  : [iAP2Control.c][208]Recieve Control MessageID = 0x5001 length = 18 
12-30 11:30:08.099   879 19383 E libmfi  : [iAP2BuffPoolImplementation.c][209]__iAP2BuffPoolGetSendPacket malloc lenth = 65591 
12-30 11:30:08.099   879 19383 I mfiserver: [MFiDataChannleSocket.cpp][127]len =16 
12-30 11:30:08.099   879 19383 E libmfi  : [iAP2BuffPoolImplementation.c][359]__iAP2BuffPoolReturnRecvPacket
12-30 11:30:08.099   398   464 D DiagPropHandler: is not DiagnosticConfig: 0x2140203b
12-30 11:30:08.099   398   464 I VehiclePropertyStore: begin to write value to Store: {.timestamp = 10343921095231, .areaId = 0, .prop = 557850683, .status = AVAILABLE, .value = {.int32Values = [1]{0}, .floatValues = [0]{}, .int64Values = [0]{}, .bytes = [0]{}, .stringValue = ""}}
12-30 11:30:08.099   398   464 D adayocomadapter-CommunicationManager: onUpstreamReceive mPropertyId 0x2140203b
12-30 11:30:08.099   398   464 D adayocomadapter-CommunicationManager: onUpstreamReceive mPropertyId 0x2140203f
12-30 11:30:08.099   398   464 D adayocomadapter-CommunicationManager: convertBytesToInt32Memcpy  0
12-30 11:30:08.100   398   464 I vw-vhal : notifyVehicleProperty, propId = 0x2140203f, data = {status: 2, int32Values: [0]}
12-30 11:30:08.100   398   464 I vw-vhal : CanSignalsAdapter::notifyVehicleProperty: solvedValue = {.timestamp = 10343921908231, .areaId = 0, .prop = 557850687, .status = AVAILABLE, .value = {.int32Values = [1]{0}, .floatValues = [0]{}, .int64Values = [0]{}, .bytes = [0]{}, .stringValue = ""}}
12-30 11:30:08.100   398   464 I VehiclePropertyStore: begin to write value to Store: {.timestamp = 10343921908231, .areaId = 0, .prop = 557850687, .status = AVAILABLE, .value = {.int32Values = [1]{0}, .floatValues = [0]{}, .int64Values = [0]{}, .bytes = [0]{}, .stringValue = ""}}
12-30 11:30:08.100   398   464 I DefaultVehicleHal_v2_0: DefaultVehicleHal::onPropertyValue, value:{.timestamp = 10343921908231, .areaId = 0, .prop = 557850687, .status = AVAILABLE, .value = {.int32Values = [1]{0}, .floatValues = [0]{}, .int64Values = [0]{}, .bytes = [0]{}, .stringValue = ""}}
12-30 11:30:08.100   398   464 D DiagPropHandler: is not DiagnosticConfig: 0x2140203f
12-30 11:30:08.100   398   464 I VehiclePropertyStore: begin to write value to Store: {.timestamp = 10343921908231, .areaId = 0, .prop = 557850687, .status = AVAILABLE, .value = {.int32Values = [1]{0}, .floatValues = [0]{}, .int64Values = [0]{}, .bytes = [0]{}, .stringValue = ""}}
12-30 11:30:08.100   398   464 D adayocomadapter-CommunicationManager: onUpstreamReceive mPropertyId 0x2140203f
12-30 11:30:08.100   398   464 D adayocomadapter-CommunicationManager: onUpstreamReceive mPropertyId 0x2140203a
12-30 11:30:08.100   398   464 D adayocomadapter-CommunicationManager: convertBytesToInt32Memcpy  0
12-30 11:30:08.100   398   464 I vw-vhal : notifyVehicleProperty, propId = 0x2140203a, data = {status: 2, int32Values: [0]}
12-30 11:30:08.100   398   464 I vw-vhal : CanSignalsAdapter::notifyVehicleProperty: solvedValue = {.timestamp = 10343922122897, .areaId = 0, .prop = 557850682, .status = AVAILABLE, .value = {.int32Values = [1]{0}, .floatValues = [0]{}, .int64Values = [0]{}, .bytes = [0]{}, .stringValue = ""}}
12-30 11:30:08.100   398   464 I VehiclePropertyStore: begin to write value to Store: {.timestamp = 10343922122897, .areaId = 0, .prop = 557850682, .status = AVAILABLE, .value = {.int32Values = [1]{0}, .floatValues = [0]{}, .int64Values = [0]{}, .bytes = [0]{}, .stringValue = ""}}
12-30 11:30:08.100   398   464 I DefaultVehicleHal_v2_0: DefaultVehicleHal::onPropertyValue, value:{.timestamp = 10343922122897, .areaId = 0, .prop = 557850682, .status = AVAILABLE, .value = {.int32Values = [1]{0}, .floatValues = [0]{}, .int64Values = [0]{}, .bytes = [0]{}, .stringValue = ""}}
12-30 11:30:08.100   398   464 D DiagPropHandler: is not DiagnosticConfig: 0x2140203a
12-30 11:30:08.100   398   464 I VehiclePropertyStore: begin to write value to Store: {.timestamp = 10343922122897, .areaId = 0, .prop = 557850682, .status = AVAILABLE, .value = {.int32Values = [1]{0}, .floatValues = [0]{}, .int64Values = [0]{}, .bytes = [0]{}, .stringValue = ""}}
12-30 11:30:08.100   398   464 D adayocomadapter-CommunicationManager: onUpstreamReceive mPropertyId 0x2140203a
12-30 11:30:08.100   398   464 D adayocomadapter-CommunicationManager: onUpstreamReceive mPropertyId 0x2140203e
12-30 11:30:08.100   398   464 D adayocomadapter-CommunicationManager: convertBytesToInt32Memcpy  0
12-30 11:30:08.100   398   464 I vw-vhal : notifyVehicleProperty, propId = 0x2140203e, data = {status: 2, int32Values: [0]}
12-30 11:30:08.100   398   464 I vw-vhal : CanSignalsAdapter::notifyVehicleProperty: solvedValue = {.timestamp = 10343922384564, .areaId = 0, .prop = 557850686, .status = AVAILABLE, .value = {.int32Values = [1]{0}, .floatValues = [0]{}, .int64Values = [0]{}, .bytes = [0]{}, .stringValue = ""}}
12-30 11:30:08.100   398   464 I VehiclePropertyStore: begin to write value to Store: {.timestamp = 10343922384564, .areaId = 0, .prop = 557850686, .status = AVAILABLE, .value = {.int32Values = [1]{0}, .floatValues = [0]{}, .int64Values = [0]{}, .bytes = [0]{}, .stringValue = ""}}
12-30 11:30:08.100   398   464 I DefaultVehicleHal_v2_0: DefaultVehicleHal::onPropertyValue, value:{.timestamp = 10343922384564, .areaId = 0, .prop = 557850686, .status = AVAILABLE, .value = {.int32Values = [1]{0}, .floatValues = [0]{}, .int64Values = [0]{}, .bytes = [0]{}, .stringValue = ""}}
12-30 11:30:08.100   398   464 D DiagPropHandler: is not DiagnosticConfig: 0x2140203e
12-30 11:30:08.100   398   464 I VehiclePropertyStore: begin to write value to Store: {.timestamp = 10343922384564, .areaId = 0, .prop = 557850686, .status = AVAILABLE, .value = {.int32Values = [1]{0}, .floatValues = [0]{}, .int64Values = [0]{}, .bytes = [0]{}, .stringValue = ""}}
12-30 11:30:08.100   398   464 D adayocomadapter-CommunicationManager: onUpstreamReceive mPropertyId 0x2140203e
12-30 11:30:08.100   398   464 D adayocomadapter-CommunicationManager: onUpstreamReceive mPropertyId 0x21402042
12-30 11:30:08.100   398   464 D adayocomadapter-CommunicationManager: convertBytesToInt32Memcpy  0
12-30 11:30:08.100   398   464 I vw-vhal : notifyVehicleProperty, propId = 0x21402042, data = {status: 2, int32Values: [0]}
12-30 11:30:08.100   398   464 I vw-vhal : CanSignalsAdapter::notifyVehicleProperty: solvedValue = {.timestamp = 10343922588231, .areaId = 0, .prop = 557850690, .status = AVAILABLE, .value = {.int32Values = [1]{0}, .floatValues = [0]{}, .int64Values = [0]{}, .bytes = [0]{}, .stringValue = ""}}
12-30 11:30:08.100   398   464 I VehiclePropertyStore: begin to write value to Store: {.timestamp = 10343922588231, .areaId = 0, .prop = 557850690, .status = AVAILABLE, .value = {.int32Values = [1]{0}, .floatValues = [0]{}, .int64Values = [0]{}, .bytes = [0]{}, .stringValue = ""}}
12-30 11:30:08.100   398   464 I DefaultVehicleHal_v2_0: DefaultVehicleHal::onPropertyValue, value:{.timestamp = 10343922588231, .areaId = 0, .prop = 557850690, .status = AVAILABLE, .value = {.int32Values = [1]{0}, .floatValues = [0]{}, .int64Values = [0]{}, .bytes = [0]{}, .stringValue = ""}}
12-30 11:30:08.100   398   464 D DiagPropHandler: is not DiagnosticConfig: 0x21402042
12-30 11:30:08.100   398   464 I VehiclePropertyStore: begin to write value to Store: {.timestamp = 10343922588231, .areaId = 0, .prop = 557850690, .status = AVAILABLE, .value = {.int32Values = [1]{0}, .floatValues = [0]{}, .int64Values = [0]{}, .bytes = [0]{}, .stringValue = ""}}
12-30 11:30:08.100   398   464 D adayocomadapter-CommunicationManager: onUpstreamReceive mPropertyId 0x21402042
12-30 11:30:08.100   398   464 D adayocomadapter-CommunicationManager: onUpstreamReceive mPropertyId 0x21402039
12-30 11:30:08.100   398   464 D adayocomadapter-CommunicationManager: convertBytesToInt32Memcpy  0
12-30 11:30:08.100   398   464 I vw-vhal : notifyVehicleProperty, propId = 0x21402039, data = {status: 2, int32Values: [0]}
12-30 11:30:08.100   398   464 I vw-vhal : CanSignalsAdapter::notifyVehicleProperty: solvedValue = {.timestamp = 10343922784897, .areaId = 0, .prop = 557850681, .status = AVAILABLE, .value = {.int32Values = [1]{0}, .floatValues = [0]{}, .int64Values = [0]{}, .bytes = [0]{}, .stringValue = ""}}
12-30 11:30:08.100   398   464 I VehiclePropertyStore: begin to write value to Store: {.timestamp = 10343922784897, .areaId = 0, .prop = 557850681, .status = AVAILABLE, .value = {.int32Values = [1]{0}, .floatValues = [0]{}, .int64Values = [0]{}, .bytes = [0]{}, .stringValue = ""}}
12-30 11:30:08.100   398   464 I DefaultVehicleHal_v2_0: DefaultVehicleHal::onPropertyValue, value:{.timestamp = 10343922784897, .areaId = 0, .prop = 557850681, .status = AVAILABLE, .value = {.int32Values = [1]{0}, .floatValues = [0]{}, .int64Values = [0]{}, .bytes = [0]{}, .stringValue = ""}}
12-30 11:30:08.101   398   464 D DiagPropHandler: is not DiagnosticConfig: 0x21402039
12-30 11:30:08.101   398   464 I VehiclePropertyStore: begin to write value to Store: {.timestamp = 10343922784897, .areaId = 0, .prop = 557850681, .status = AVAILABLE, .value = {.int32Values = [1]{0}, .floatValues = [0]{}, .int64Values = [0]{}, .bytes = [0]{}, .stringValue = ""}}
12-30 11:30:08.101   398   464 D adayocomadapter-CommunicationManager: onUpstreamReceive mPropertyId 0x21402039
12-30 11:30:08.101   398   464 D adayocomadapter-CommunicationManager: onUpstreamReceive mPropertyId 0x2140203d
12-30 11:30:08.101   398   464 D adayocomadapter-CommunicationManager: convertBytesToInt32Memcpy  0
12-30 11:30:08.101   398   464 I vw-vhal : notifyVehicleProperty, propId = 0x2140203d, data = {status: 2, int32Values: [0]}
12-30 11:30:08.101   398   464 I vw-vhal : CanSignalsAdapter::notifyVehicleProperty: solvedValue = {.timestamp = 10343922982564, .areaId = 0, .prop = 557850685, .status = AVAILABLE, .value = {.int32Values = [1]{0}, .floatValues = [0]{}, .int64Values = [0]{}, .bytes = [0]{}, .stringValue = ""}}
12-30 11:30:08.101   398   464 I VehiclePropertyStore: begin to write value to Store: {.timestamp = 10343922982564, .areaId = 0, .prop = 557850685, .status = AVAILABLE, .value = {.int32Values = [1]{0}, .floatValues = [0]{}, .int64Values = [0]{}, .bytes = [0]{}, .stringValue = ""}}
12-30 11:30:08.101   398   464 I DefaultVehicleHal_v2_0: DefaultVehicleHal::onPropertyValue, value:{.timestamp = 10343922982564, .areaId = 0, .prop = 557850685, .status = AVAILABLE, .value = {.int32Values = [1]{0}, .floatValues = [0]{}, .int64Values = [0]{}, .bytes = [0]{}, .stringValue = ""}}
12-30 11:30:08.101   398   464 D DiagPropHandler: is not DiagnosticConfig: 0x2140203d
12-30 11:30:08.101   398   464 I VehiclePropertyStore: begin to write value to Store: {.timestamp = 10343922982564, .areaId = 0, .prop = 557850685, .status = AVAILABLE, .value = {.int32Values = [1]{0}, .floatValues = [0]{}, .int64Values = [0]{}, .bytes = [0]{}, .stringValue = ""}}
12-30 11:30:08.101   398   464 D adayocomadapter-CommunicationManager: onUpstreamReceive mPropertyId 0x2140203d
12-30 11:30:08.101  2358  2623 D RcfController: Rcf proxy is not connected!
12-30 11:30:08.101   398   464 D adayocomadapter-CommunicationManager: onUpstreamReceive mPropertyId 0x21402041
12-30 11:30:08.101   398   464 D adayocomadapter-CommunicationManager: convertBytesToInt32Memcpy  0
12-30 11:30:08.101   398   464 I vw-vhal : notifyVehicleProperty, propId = 0x21402041, data = {status: 2, int32Values: [0]}
12-30 11:30:08.101   398   464 I vw-vhal : CanSignalsAdapter::notifyVehicleProperty: solvedValue = {.timestamp = 10343923229231, .areaId = 0, .prop = 557850689, .status = AVAILABLE, .value = {.int32Values = [1]{0}, .floatValues = [0]{}, .int64Values = [0]{}, .bytes = [0]{}, .stringValue = ""}}
12-30 11:30:08.101   398   464 I VehiclePropertyStore: begin to write value to Store: {.timestamp = 10343923229231, .areaId = 0, .prop = 557850689, .status = AVAILABLE, .value = {.int32Values = [1]{0}, .floatValues = [0]{}, .int64Values = [0]{}, .bytes = [0]{}, .stringValue = ""}}
12-30 11:30:08.101   398   464 I DefaultVehicleHal_v2_0: DefaultVehicleHal::onPropertyValue, value:{.timestamp = 10343923229231, .areaId = 0, .prop = 557850689, .status = AVAILABLE, .value = {.int32Values = [1]{0}, .floatValues = [0]{}, .int64Values = [0]{}, .bytes = [0]{}, .stringValue = ""}}
12-30 11:30:08.101   398   464 D DiagPropHandler: is not DiagnosticConfig: 0x21402041
12-30 11:30:08.101   398   464 I VehiclePropertyStore: begin to write value to Store: {.timestamp = 10343923229231, .areaId = 0, .prop = 557850689, .status = AVAILABLE, .value = {.int32Values = [1]{0}, .floatValues = [0]{}, .int64Values = [0]{}, .bytes = [0]{}, .stringValue = ""}}
12-30 11:30:08.101   398   464 D adayocomadapter-CommunicationManager: onUpstreamReceive mPropertyId 0x21402041
12-30 11:30:08.101   398   464 D adayocomadapter-CommunicationManager: onUpstreamReceive mPropertyId 0x21402045
12-30 11:30:08.101   398   464 D adayocomadapter-CommunicationManager: convertBytesToInt32Memcpy  0
12-30 11:30:08.101   398   464 I vw-vhal : notifyVehicleProperty, propId = 0x21402045, data = {status: 2, int32Values: [0]}
12-30 11:30:08.101   398   464 I vw-vhal : CanSignalsAdapter::notifyVehicleProperty: solvedValue = {.timestamp = 10343923422231, .areaId = 0, .prop = 557850693, .status = AVAILABLE, .value = {.int32Values = [1]{0}, .floatValues = [0]{}, .int64Values = [0]{}, .bytes = [0]{}, .stringValue = ""}}
12-30 11:30:08.101   398   464 I VehiclePropertyStore: begin to write value to Store: {.timestamp = 10343923422231, .areaId = 0, .prop = 557850693, .status = AVAILABLE, .value = {.int32Values = [1]{0}, .floatValues = [0]{}, .int64Values = [0]{}, .bytes = [0]{}, .stringValue = ""}}
12-30 11:30:08.101   398   464 I DefaultVehicleHal_v2_0: DefaultVehicleHal::onPropertyValue, value:{.timestamp = 10343923422231, .areaId = 0, .prop = 557850693, .status = AVAILABLE, .value = {.int32Values = [1]{0}, .floatValues = [0]{}, .int64Values = [0]{}, .bytes = [0]{}, .stringValue = ""}}
12-30 11:30:08.101   398   464 D DiagPropHandler: is not DiagnosticConfig: 0x21402045
12-30 11:30:08.101   398   464 I VehiclePropertyStore: begin to write value to Store: {.timestamp = 10343923422231, .areaId = 0, .prop = 557850693, .status = AVAILABLE, .value = {.int32Values = [1]{0}, .floatValues = [0]{}, .int64Values = [0]{}, .bytes = [0]{}, .stringValue = ""}}
12-30 11:30:08.101   398   464 D adayocomadapter-CommunicationManager: onUpstreamReceive mPropertyId 0x21402045
12-30 11:30:08.101   398   464 D adayocomadapter-CommunicationManager: onUpstreamReceive mPropertyId 0x2140204d
12-30 11:30:08.101   398   464 D adayocomadapter-CommunicationManager: convertBytesToInt32Memcpy  0
12-30 11:30:08.101   398   464 I vw-vhal : notifyVehicleProperty, propId = 0x2140204d, data = {status: 2, int32Values: [0]}
12-30 11:30:08.101   398   464 I vw-vhal : CanSignalsAdapter::notifyVehicleProperty: solvedValue = {.timestamp = 10343923618564, .areaId = 0, .prop = 557850701, .status = AVAILABLE, .value = {.int32Values = [1]{0}, .floatValues = [0]{}, .int64Values = [0]{}, .bytes = [0]{}, .stringValue = ""}}
12-30 11:30:08.101   398   464 I VehiclePropertyStore: begin to write value to Store: {.timestamp = 10343923618564, .areaId = 0, .prop = 557850701, .status = AVAILABLE, .value = {.int32Values = [1]{0}, .floatValues = [0]{}, .int64Values = [0]{}, .bytes = [0]{}, .stringValue = ""}}
12-30 11:30:08.101   398   464 I DefaultVehicleHal_v2_0: DefaultVehicleHal::onPropertyValue, value:{.timestamp = 10343923618564, .areaId = 0, .prop = 557850701, .status = AVAILABLE, .value = {.int32Values = [1]{0}, .floatValues = [0]{}, .int64Values = [0]{}, .bytes = [0]{}, .stringValue = ""}}
12-30 11:30:08.101   398   464 D DiagPropHandler: is not DiagnosticConfig: 0x2140204d
12-30 11:30:08.101   398   464 I VehiclePropertyStore: begin to write value to Store: {.timestamp = 10343923618564, .areaId = 0, .prop = 557850701, .status = AVAILABLE, .value = {.int32Values = [1]{0}, .floatValues = [0]{}, .int64Values = [0]{}, .bytes = [0]{}, .stringValue = ""}}
12-30 11:30:08.101   398   464 D adayocomadapter-CommunicationManager: onUpstreamReceive mPropertyId 0x2140204d
12-30 11:30:08.101   398   464 D adayocomadapter-CommunicationManager: onUpstreamReceive mPropertyId 0x2140220b
12-30 11:30:08.101   398   464 D adayocomadapter-CommunicationManager: convertBytesToInt32Memcpy  0
12-30 11:30:08.101   398   464 I vw-vhal : notifyVehicleProperty, propId = 0x2140220b, data = {status: 2, int32Values: [0]}
12-30 11:30:08.101   398   464 I vw-vhal : CanSignalsAdapter::notifyVehicleProperty: solvedValue = {.timestamp = 10343923824231, .areaId = 0, .prop = 557851147, .status = AVAILABLE, .value = {.int32Values = [1]{0}, .floatValues = [0]{}, .int64Values = [0]{}, .bytes = [0]{}, .stringValue = ""}}
12-30 11:30:08.102   398   464 I VehiclePropertyStore: begin to write value to Store: {.timestamp = 10343923824231, .areaId = 0, .prop = 557851147, .status = AVAILABLE, .value = {.int32Values = [1]{0}, .floatValues = [0]{}, .int64Values = [0]{}, .bytes = [0]{}, .stringValue = ""}}
12-30 11:30:08.102   398   464 I DefaultVehicleHal_v2_0: DefaultVehicleHal::onPropertyValue, value:{.timestamp = 10343923824231, .areaId = 0, .prop = 557851147, .status = AVAILABLE, .value = {.int32Values = [1]{0}, .floatValues = [0]{}, .int64Values = [0]{}, .bytes = [0]{}, .stringValue = ""}}
12-30 11:30:08.102   398   464 D DiagPropHandler: is not DiagnosticConfig: 0x2140220b
12-30 11:30:08.102   398   464 I VehiclePropertyStore: begin to write value to Store: {.timestamp = 10343923824231, .areaId = 0, .prop = 557851147, .status = AVAILABLE, .value = {.int32Values = [1]{0}, .floatValues = [0]{}, .int64Values = [0]{}, .bytes = [0]{}, .stringValue = ""}}
12-30 11:30:08.102   398   464 D adayocomadapter-CommunicationManager: onUpstreamReceive mPropertyId 0x2140220b
12-30 11:30:08.102  1667  2331 I libmficlient: [MFiClient.cpp][120]Receive Data MID=11 LID=04 
12-30 11:30:08.102  1667  2331 I libmficlient: [MFiClient.cpp][120]Receive Data MID=50 LID=01 
12-30 11:30:08.102  1667  2331 W libmficlientjni: [MFiClientJniUtils.cpp][427]Set array[MediaItemMediaType] Value Failed 
12-30 11:30:08.102  1667  2331 W libmficlientjni: [MFiClientJniUtils.cpp][427]Set array[MediaItemArtworkData] Value Failed 
12-30 11:30:08.102  1667  2331 W CarPlay_Service: playbackUpdate(MediaInfoTrans.java:429)isMediaProxyConnected is false
12-30 11:30:08.104   596  3076 E WifiHAL : Invalid data received from driver
12-30 11:30:08.104  1547  2236 D A2dpSinkService: getDevicesMatchingConnectionStates[2]
12-30 11:30:08.104  1547  2236 D A2dpSinkService: Device: XX:XX:XX:XX:C6:77State: 2
12-30 11:30:08.104  1547  2236 D A2dpSinkService: Device: XX:XX:XX:XX:F8:60State: 0
12-30 11:30:08.104  1547  2236 D A2dpSinkService: Device: XX:XX:XX:XX:8D:47State: 0
12-30 11:30:08.104  1547  2236 D A2dpSinkService: [XX:XX:XX:XX:C6:77]
12-30 11:30:08.104  1547  2236 D A2dpSinkService: GetDevicesDone
12-30 11:30:08.106  1547  2236 D A2dpSinkService: getDevicesMatchingConnectionStates[2]
12-30 11:30:08.106  1547  2236 D A2dpSinkService: Device: XX:XX:XX:XX:C6:77State: 2
12-30 11:30:08.106  1547  2236 D A2dpSinkService: Device: XX:XX:XX:XX:F8:60State: 0
12-30 11:30:08.106  1547  2236 D A2dpSinkService: Device: XX:XX:XX:XX:8D:47State: 0
12-30 11:30:08.106  1547  2236 D A2dpSinkService: [XX:XX:XX:XX:C6:77]
12-30 11:30:08.106  1547  2236 D A2dpSinkService: GetDevicesDone
12-30 11:30:08.107  1667 19384 E CarPlay_Service: isConnected(MFiClientApiImpl.java:123)isConnected： true
12-30 11:30:08.107   879  2332 I mfiserver: [MFiProxy.cpp][675]messageMID =11 LID=03 com.adayo.carplay 
12-30 11:30:08.107   879  2332 I mfiserver: [MFiProxy.cpp][970]message channle=60 type=4 mode=1 buf=0xb400fc8d1fa65640 len=9 
12-30 11:30:08.107   879 19383 I libmfi  : [iAPUtils.c][134]buflen:9 packetlen=9
12-30 11:30:08.107   879 19383 E libmfi  : [iAP2BuffPoolImplementation.c][312]__iAP2BuffPoolGetRecvPacket malloc lenth = 4152 
12-30 11:30:08.107   879 19383 E libmfi  : [iAP2BuffPoolImplementation.c][252]__iAP2BuffPoolReturnSendPacket
12-30 11:30:08.107   879 19383 E libmfi  : [iAP2BuffPoolImplementation.c][252]__iAP2BuffPoolReturnSendPacket
12-30 11:30:08.107   879 19383 E libmfi  : [iAP2BuffPoolImplementation.c][252]__iAP2BuffPoolReturnSendPacket
12-30 11:30:08.107   879 19383 I libmfi  : [iAP2Link.c][2802]_CleanupAckedPackets 
12-30 11:30:08.107   879 19383 I libmfi  : [iAP2Link.c][3046]_iAP2LinkProcessInOrderPacketACK 
12-30 11:30:08.107   879 19383 E libmfi  : [iAP2BuffPoolImplementation.c][359]__iAP2BuffPoolReturnRecvPacket
12-30 11:30:08.108  2425  2425 D ME_MEDIA_BTSessionPlayer: onMetadataChanged, mMediaItem: MediaItem{Media Id=MEDIA_BT_SONG_ID, mMetadata=Bundle[{android.media.metadata.ARTIST=Star Crossing Night(feat. GALI) · 徐明浩, GALI, androidx.media2.metadata.BROWSABLE=1, androidx.media2.metadata.EXTRAS=Bundle[{com.mosi.mlsc.mediaengine.EXTRA_KEY_DEVICE_TYPE=5, com.mosi.mlsc.mediaengine.EXTRA_KEY_DEVICE_ID=34:10:BE:3D:C6:77}], android.media.metadata.DURATION=205014, android.media.metadata.ALBUM_ART_URI=content://com.android.bluetooth.avrcpcontroller.AvrcpCoverArtProvider?device=34%3A10%3ABE%3A3D%3AC6%3A77&uuid=0136c232-deb1-4cee-8dee-c09eba3317f8, android.media.metadata.MEDIA_ID=MEDIA_BT_SONG_ID, android.media.metadata.ALBUM=未知专辑, android.media.metadata.TITLE=梦一场 梦一场}], mStartPositionMs=0, mEndPositionMs=576460752303423487}
12-30 11:30:08.109 21940 21952 D MC2ImplBase: onCustomCommand cmd=com.fawvw.mw.mediaengine.ACTION_MEDIA_STATE_CHANGED
12-30 11:30:08.117   360   931 D EvsDriver: forwardFrame
12-30 11:30:08.118   360   931 D EvsDriver: forwardFrameDirect
12-30 11:30:08.118   360   931 D EvsDriver: Delivered 0xb400e2ca9e40c7a0 as id 1
12-30 11:30:08.118   359   359 D evsmanagerd: /dev/video-evs0 forwarded the buffer #1 to 0xb400f125d2b26dd0 from 0xb400f125e2b20710
12-30 11:30:08.118  1667  2594 W ContextImpl: Calling a method in the system process without a qualified user: android.app.ContextImpl.bindService:1988 android.content.ContextWrapper.bindService:861 com.ford.sync.fnvservice.FordFnv.c:202 com.ford.sync.fnvservice.FordFnv.c:43 com.ford.sync.fnvservice.FordFnv$RetryHandler.handleMessage:245 
12-30 11:30:08.121   916  2815 W ActivityManager: Unable to start service Intent { cmp=com.ford.sync.fnvservice/.FordFnvService } U=0: not found
12-30 11:30:08.122  1667  2594 W FordFnv :  bind ford fnv failed -> sendRetryMessage 
12-30 11:30:08.124   360   458 D EvsDriver: doneWithFrame
12-30 11:30:08.147 21940 21940 I CNS_MEDIA_BT_MUSIC__MediaClient: onCustomCommand, action: com.fawvw.mw.mediaengine.ACTION_MEDIA_STATE_CHANGED, extra: Bundle[mParcelledData.dataSize=1848]
12-30 11:30:08.147 21940 21940 D CNS_MEDIA_BT_MUSIC__c: sendMediaInfo2SDS: state = 2, item = Bundle[mParcelledData.dataSize=1332]
12-30 11:30:08.147 21940 21940 I CNS_MEDIA_BT_MUSIC__MediaMetadataUtil: get title: 这里没有你 and artist: Star Crossing Night(feat. GALI) · 徐明浩, GALI
12-30 11:30:08.147 21940 21940 I CNS_MEDIA_BT_MUSIC__MediaMetadataUtil: get title: 梦一场 梦一场 and artist: Star Crossing Night(feat. GALI) · 徐明浩, GALI
12-30 11:30:08.147 21940 21940 D CNS_MEDIA_BT_MUSIC__c: notifyCurrentMediaItemChanged: isActive = true, item = MediaItem{Media Id=MEDIA_BT_SONG_ID, mMetadata=Bundle[{android.media.metadata.ARTIST=Star Crossing Night(feat. GALI) · 徐明浩, GALI, androidx.media2.metadata.BROWSABLE=1, androidx.media2.metadata.EXTRAS=Bundle[mParcelledData.dataSize=252], android.media.metadata.DURATION=205014, android.media.metadata.ALBUM_ART_URI=content://com.android.bluetooth.avrcpcontroller.AvrcpCoverArtProvider?device=34%3A10%3ABE%3A3D%3AC6%3A77&uuid=0136c232-deb1-4cee-8dee-c09eba3317f8, android.media.metadata.MEDIA_ID=MEDIA_BT_SONG_ID, android.media.metadata.ALBUM=未知专辑, android.media.metadata.TITLE=梦一场 梦一场}], mStartPositionMs=0, mEndPositionMs=576460752303423487}
12-30 11:30:08.147 21940 21940 I CNS_MEDIA_BT_MUSIC__b: notifyMediaInfo: metadata = Bundle[{android.media.metadata.ARTIST=Star Crossing Night(feat. GALI) · 徐明浩, GALI, androidx.media2.metadata.BROWSABLE=1, androidx.media2.metadata.EXTRAS=Bundle[mParcelledData.dataSize=252], android.media.metadata.DURATION=205014, android.media.metadata.ALBUM_ART_URI=content://com.android.bluetooth.avrcpcontroller.AvrcpCoverArtProvider?device=34%3A10%3ABE%3A3D%3AC6%3A77&uuid=0136c232-deb1-4cee-8dee-c09eba3317f8, android.media.metadata.MEDIA_ID=MEDIA_BT_SONG_ID, android.media.metadata.ALBUM=未知专辑, android.media.metadata.TITLE=梦一场 梦一场}]
12-30 11:30:08.147 21940 21940 I CNS_MEDIA_BT_MUSIC__MediaMetadataUtil: get title: 梦一场 梦一场 and artist: Star Crossing Night(feat. GALI) · 徐明浩, GALI
12-30 11:30:08.148 21940 21940 I CNS_MEDIA_BT_MUSIC__MainActivity: update ID3 info, uri:, title:梦一场 梦一场, artist:Star Crossing Night(feat. GALI) · 徐明浩, GALI
12-30 11:30:08.148 21940 21940 I CNS_MEDIA_BT_MUSIC__MediaMetadataUtil: get title: 梦一场 梦一场 and artist: Star Crossing Night(feat. GALI) · 徐明浩, GALI
12-30 11:30:08.149 21940 21940 I CNS_MEDIA_BT_MUSIC__MediaMetadataUtil: get title: 梦一场 梦一场 and artist: Star Crossing Night(feat. GALI) · 徐明浩, GALI
12-30 11:30:08.149 21940 21940 I CNS_MEDIA_BT_MUSIC__MediaMetadataUtil: get title: 梦一场 梦一场 and artist: Star Crossing Night(feat. GALI) · 徐明浩, GALI
12-30 11:30:08.149 21940 21940 I CNS_MEDIA_BT_MUSIC__MediaMetadataUtil: get title: 梦一场 梦一场 and artist: Star Crossing Night(feat. GALI) · 徐明浩, GALI
12-30 11:30:08.150 21940 21940 I CNS_MEDIA_BT_MUSIC__MediaMetadataUtil: get title: 梦一场 梦一场 and artist: Star Crossing Night(feat. GALI) · 徐明浩, GALI
12-30 11:30:08.150 21940 21940 I CNS_MEDIA_BT_MUSIC__MainActivity: update bt ID3Info, first: 未知歌手, second: 
12-30 11:30:08.151   360   931 D EvsDriver: forwardFrame
12-30 11:30:08.151   360   931 D EvsDriver: forwardFrameDirect
12-30 11:30:08.151  2358  2623 D RcfController: Rcf proxy is not connected!
12-30 11:30:08.151   360   931 D EvsDriver: Delivered 0xb400e2ca9e40e270 as id 0
12-30 11:30:08.151   359   359 D evsmanagerd: /dev/video-evs0 forwarded the buffer #0 to 0xb400f125d2b26dd0 from 0xb400f125e2b20710
12-30 11:30:08.155   360   458 D EvsDriver: doneWithFrame
12-30 11:30:08.174 21940 21940 D CNS_MEDIA_BT_MUSIC__b: handleLoadSucceed: title = 梦一场 梦一场,artist = Star Crossing Night(feat. GALI) · 徐明浩, GALI,duration= 205014
12-30 11:30:08.174 21940 21940 I CNS_MEDIA_BT_MUSIC__FsgAudioHelper: notifyMediaInfo: mIsConnected = true, songInfo = 梦一场 梦一场, bitmap width = 200, bitmap height = 200
12-30 11:30:08.175  2045  2058 D InfotainmentBridge_Native: fireSongInfo
12-30 11:30:08.176  2045  2058 D InfotainmentBridge_Native: fireSongInfo() -- source: 3
12-30 11:30:08.176  2045  2058 I JNI     : 梦一场 梦一场
12-30 11:30:08.176  2045  2058 D InfotainmentBridge_Native: fireSongInfo() -- name: 梦一场 梦一场
12-30 11:30:08.176  2045  2058 I JNI     : Star Crossing Night(feat. GALI) · 徐明浩, GALI
12-30 11:30:08.176  2045  2058 D InfotainmentBridge_Native: fireSongInfo() -- signer: Star Crossing Night(feat. GALI) · 徐明浩, GALI
12-30 11:30:08.176  2045  2058 D InfotainmentBridge_Native: fireSongInfo() -- duration: 205
12-30 11:30:08.176  2045  2058 D InfotainmentBridge_Native: fireSongInfo() -- duration: 200
12-30 11:30:08.176  2045  2058 D InfotainmentBridge_Native: fireSongInfo() -- duration: 200
12-30 11:30:08.176  2045  2058 D InfotainmentBridge_Native: fireSongInfo() -- cover size: 80000
12-30 11:30:08.184   360   931 D EvsDriver: forwardFrame
12-30 11:30:08.184   360   931 D EvsDriver: forwardFrameDirect
12-30 11:30:08.184   360   931 D EvsDriver: Delivered 0xb400e2ca9e40d4b0 as id 1
12-30 11:30:08.185   359   359 D evsmanagerd: /dev/video-evs0 forwarded the buffer #1 to 0xb400f125d2b26dd0 from 0xb400f125e2b20710
12-30 11:30:08.195   360   458 D EvsDriver: doneWithFrame
12-30 11:30:08.201  2358  2623 D RcfController: Rcf proxy is not connected!
12-30 11:30:08.201   596  3076 E WifiHAL : Invalid data received from driver
12-30 11:30:08.206 21940 21940 I CNS_MEDIA_BT_MUSIC__MediaMetadataUtil: get title: 梦一场 梦一场 and artist: Star Crossing Night(feat. GALI) · 徐明浩, GALI
12-30 11:30:08.206 21940 21940 I CNS_MEDIA_BT_MUSIC__HMIAdapter: notifyMediaInfo, mDeviceType: MT_BT_Music,lastPlayInfo: com.fawvw.hmi.cnslauncher.service.MediaPlayingInfo@637d1a2
12-30 11:30:08.208 21845 21857 I MediaMiniApp: onPlayingInfoChanged MT_BT_Music ; mediaPlayingInfo = {"albumName":"梦一场 梦一场","artistName":"Star Crossing Night(feat. GALI) · 徐明浩, GALI","coverDescriptor":{"mClosed":false,"mFd":{"descriptor":85,"ownerId":576460752516799298,"releaseLock":{}},"mGuard":{"closerNameOrAllocationInfo":"close"}},"deviceType":"MT_BT_Music","duration":205014,"isFavor":false,"mediaId":"MEDIA_BT_SONG_ID","state":"MPS_PLAYING"}
12-30 11:30:08.208 21845 21857 D MediaCardController: curDeviceType = MT_BT_Music
12-30 11:30:08.208 21845 21857 D MediaCardController: deviceType = MT_BT_Music
12-30 11:30:08.209   650   729 D fgemcucomm: sd Uart data : 6AA60243D7000292024E
12-30 11:30:08.209   650   729 D fgemcucomm: rev uart=85828,len=60, data : 6AA68143D700349202001800000000000000000000000000000000000000000000000000000000000000000000000000000000000000000000000085
12-30 11:30:08.209 21845 21857 D MediaMiniApp: playingInfo = {"albumName":"梦一场 梦一场","artistName":"Star Crossing Night(feat. GALI) · 徐明浩, GALI","coverDescriptor":{"mClosed":false,"mFd":{"descriptor":85,"ownerId":576460752516799298,"releaseLock":{}},"mGuard":{"closerNameOrAllocationInfo":"close"}},"deviceType":"MT_BT_Music","duration":205014,"isFavor":false,"mediaId":"MEDIA_BT_SONG_ID","state":"MPS_PLAYING"}
12-30 11:30:08.209 21845 21857 D MediaMiniApp: mediaId = MEDIA_BT_SONG_ID
12-30 11:30:08.209   398  2883 D adayocomadapter-ParseProtocolFunc: printRaWMsg Name[MCUToUPstream recv] len[52] data[92020018000000000000000000000000000000000000000000000000000000000000000000000000000000000000000000000000]
12-30 11:30:08.209   398  2883 D adayocomadapter-CommunicationManager: onUpstreamback   member[0] dataLength[49] timePoint[10344031]
12-30 11:30:08.209   398  2883 D adayocomadapter-ParseProtocolFunc: printRaWMsg Name[onUpstreamback] len[49] data[18000000000000000000000000000000000000000000000000000000000000000000000000000000000000000000000000]
12-30 11:30:08.209   398   464 D adayocomadapter-UpstreamHandler: processBeforePacket upSreamtProcessTimePoint[10344031] 
12-30 11:30:08.209   398   464 D adayocomadapter-UpstreamHandler: processPacket UPSTREAM_QUEUE_DATA_TIMEOUT
12-30 11:30:08.209   398   464 D adayocomadapter-ParseProtocolFunc: parseCommonIPCLBytes Processing tableNumber[24]
12-30 11:30:08.209   398   464 D adayocomadapter-ParseProtocolFunc: parseCommonIPCLBytes Processing tablename[Table-24] tableSize[49]
12-30 11:30:08.209 21845 21857 I snet_event_log: [190188264,-1,]
12-30 11:30:08.209   398   464 D adayocomadapter-ParseProtocolFunc: printRaWMsg Name[byteStream recv] len[49] data[18000000000000000000000000000000000000000000000000000000000000000000000000000000000000000000000000]
12-30 11:30:08.209   398   464 D adayocomadapter-ParseProtocolFunc: printRaWMsg Name[IPCLtoVHAL] len[8] data[2141211D01000000]
12-30 11:30:08.209   398   464 D adayocomadapter-ParseProtocolFunc: printRaWMsg Name[IPCLtoVHAL] len[7] data[2140207A000000]
12-30 11:30:08.209   398   464 D adayocomadapter-ParseProtocolFunc: printRaWMsg Name[IPCLtoVHAL] len[6] data[214020D30000]
12-30 11:30:08.209   398   464 D adayocomadapter-ParseProtocolFunc: printRaWMsg Name[IPCLtoVHAL] len[6] data[214020CB0000]
12-30 11:30:08.209   398   464 D adayocomadapter-ParseProtocolFunc: printRaWMsg Name[IPCLtoVHAL] len[7] data[2140203C000000]
12-30 11:30:08.209   398   464 D adayocomadapter-ParseProtocolFunc: printRaWMsg Name[IPCLtoVHAL] len[6] data[214020C90000]
12-30 11:30:08.209   398   464 D adayocomadapter-ParseProtocolFunc: printRaWMsg Name[IPCLtoVHAL] len[6] data[214020CF0000]
12-30 11:30:08.209   398   464 D adayocomadapter-ParseProtocolFunc: printRaWMsg Name[IPCLtoVHAL] len[7] data[21402040000000]
12-30 11:30:08.209   398   464 D adayocomadapter-ParseProtocolFunc: printRaWMsg Name[IPCLtoVHAL] len[6] data[214020D10000]
12-30 11:30:08.209   398   464 D adayocomadapter-ParseProtocolFunc: printRaWMsg Name[IPCLtoVHAL] len[7] data[21402044000000]
12-30 11:30:08.209   398   464 D adayocomadapter-ParseProtocolFunc: printRaWMsg Name[IPCLtoVHAL] len[6] data[214020D50000]
12-30 11:30:08.210   398   464 D adayocomadapter-ParseProtocolFunc: printRaWMsg Name[IPCLtoVHAL] len[7] data[21402038000000]
12-30 11:30:08.210   398   464 D adayocomadapter-ParseProtocolFunc: printRaWMsg Name[IPCLtoVHAL] len[7] data[2140207D000000]
12-30 11:30:08.210   398   464 D adayocomadapter-ParseProtocolFunc: printRaWMsg Name[IPCLtoVHAL] len[7] data[2140207F000000]
12-30 11:30:08.210   398   464 D adayocomadapter-ParseProtocolFunc: printRaWMsg Name[IPCLtoVHAL] len[6] data[214020520000]
12-30 11:30:08.210   398   464 D adayocomadapter-ParseProtocolFunc: printRaWMsg Name[IPCLtoVHAL] len[7] data[21402081000000]
12-30 11:30:08.210   398   464 D adayocomadapter-ParseProtocolFunc: printRaWMsg Name[IPCLtoVHAL] len[7] data[21402080000000]
12-30 11:30:08.210   398   464 D adayocomadapter-ParseProtocolFunc: printRaWMsg Name[IPCLtoVHAL] len[7] data[21402051000000]
12-30 11:30:08.210   398   464 D adayocomadapter-ParseProtocolFunc: printRaWMsg Name[IPCLtoVHAL] len[7] data[2140207B000000]
12-30 11:30:08.210   398   464 D adayocomadapter-ParseProtocolFunc: printRaWMsg Name[IPCLtoVHAL] len[7] data[2140204C000000]
12-30 11:30:08.210   398   464 D adayocomadapter-ParseProtocolFunc: printRaWMsg Name[IPCLtoVHAL] len[7] data[2140207C000000]
12-30 11:30:08.210   398   464 D adayocomadapter-ParseProtocolFunc: printRaWMsg Name[IPCLtoVHAL] len[7] data[2140207E000000]
12-30 11:30:08.210   398   464 D adayocomadapter-ParseProtocolFunc: printRaWMsg Name[IPCLtoVHAL] len[7] data[21402082000000]
12-30 11:30:08.210   398   464 D adayocomadapter-ParseProtocolFunc: printRaWMsg Name[IPCLtoVHAL] len[7] data[21402083000000]
12-30 11:30:08.210   398   464 D adayocomadapter-ParseProtocolFunc: printRaWMsg Name[IPCLtoVHAL] len[7] data[21402084000000]
12-30 11:30:08.210   398   464 D adayocomadapter-ParseProtocolFunc: printRaWMsg Name[IPCLtoVHAL] len[7] data[21402085000000]
12-30 11:30:08.210   398   464 D adayocomadapter-ParseProtocolFunc: printRaWMsg Name[IPCLtoVHAL] len[6] data[2140220A0000]
12-30 11:30:08.210   398   464 D adayocomadapter-ParseProtocolFunc: printRaWMsg Name[IPCLtoVHAL] len[6] data[214021E60000]
12-30 11:30:08.210   398   464 D adayocomadapter-CommunicationManager: onUpstreamReceive mPropertyId 0x2141211d
12-30 11:30:08.210   398   464 I vw-vhal : notifyVehicleProperty, propId = 0x2141211d, data = {status: 2, int32Values: [0, 0, 0]}
12-30 11:30:08.210   398   464 I vw-vhal : CanSignalsAdapter::notifyVehicleProperty: solvedValue = {.timestamp = 10344032281231, .areaId = 0, .prop = 557916445, .status = AVAILABLE, .value = {.int32Values = [3]{0, 0, 0}, .floatValues = [0]{}, .int64Values = [0]{}, .bytes = [0]{}, .stringValue = ""}}
12-30 11:30:08.210   398   464 I VehiclePropertyStore: begin to write value to Store: {.timestamp = 10344032281231, .areaId = 0, .prop = 557916445, .status = AVAILABLE, .value = {.int32Values = [3]{0, 0, 0}, .floatValues = [0]{}, .int64Values = [0]{}, .bytes = [0]{}, .stringValue = ""}}
12-30 11:30:08.210   398   464 I DefaultVehicleHal_v2_0: DefaultVehicleHal::onPropertyValue, value:{.timestamp = 10344032281231, .areaId = 0, .prop = 557916445, .status = AVAILABLE, .value = {.int32Values = [3]{0, 0, 0}, .floatValues = [0]{}, .int64Values = [0]{}, .bytes = [0]{}, .stringValue = ""}}
12-30 11:30:08.210   398   464 D DiagPropHandler: is not DiagnosticConfig: 0x2141211d
12-30 11:30:08.210   398   464 I VehiclePropertyStore: begin to write value to Store: {.timestamp = 10344032281231, .areaId = 0, .prop = 557916445, .status = AVAILABLE, .value = {.int32Values = [3]{0, 0, 0}, .floatValues = [0]{}, .int64Values = [0]{}, .bytes = [0]{}, .stringValue = ""}}
12-30 11:30:08.210   398   464 D adayocomadapter-CommunicationManager: onUpstreamReceive mPropertyId 0x2141211d
12-30 11:30:08.210   398   464 D adayocomadapter-CommunicationManager: onUpstreamReceive mPropertyId 0x2140207a
12-30 11:30:08.210   398   464 D adayocomadapter-CommunicationManager: convertBytesToInt32Memcpy  0
12-30 11:30:08.210   398   464 I vw-vhal : notifyVehicleProperty, propId = 0x2140207a, data = {status: 2, int32Values: [0]}
12-30 11:30:08.210   398   464 I vw-vhal : CanSignalsAdapter::notifyVehicleProperty: solvedValue = {.timestamp = 10344032533897, .areaId = 0, .prop = 557850746, .status = AVAILABLE, .value = {.int32Values = [1]{0}, .floatValues = [0]{}, .int64Values = [0]{}, .bytes = [0]{}, .stringValue = ""}}
12-30 11:30:08.210   398   464 I VehiclePropertyStore: begin to write value to Store: {.timestamp = 10344032533897, .areaId = 0, .prop = 557850746, .status = AVAILABLE, .value = {.int32Values = [1]{0}, .floatValues = [0]{}, .int64Values = [0]{}, .bytes = [0]{}, .stringValue = ""}}
12-30 11:30:08.210   398   464 I DefaultVehicleHal_v2_0: DefaultVehicleHal::onPropertyValue, value:{.timestamp = 10344032533897, .areaId = 0, .prop = 557850746, .status = AVAILABLE, .value = {.int32Values = [1]{0}, .floatValues = [0]{}, .int64Values = [0]{}, .bytes = [0]{}, .stringValue = ""}}
12-30 11:30:08.210   398   464 D DiagPropHandler: is not DiagnosticConfig: 0x2140207a
12-30 11:30:08.210   398   464 I VehiclePropertyStore: begin to write value to Store: {.timestamp = 10344032533897, .areaId = 0, .prop = 557850746, .status = AVAILABLE, .value = {.int32Values = [1]{0}, .floatValues = [0]{}, .int64Values = [0]{}, .bytes = [0]{}, .stringValue = ""}}
12-30 11:30:08.210   398   464 D adayocomadapter-CommunicationManager: onUpstreamReceive mPropertyId 0x2140207a
12-30 11:30:08.210   398   464 D adayocomadapter-CommunicationManager: onUpstreamReceive mPropertyId 0x214020d3
12-30 11:30:08.210   398   464 D adayocomadapter-CommunicationManager: convertBytesToInt32Memcpy  0
12-30 11:30:08.210   398   464 I vw-vhal : notifyVehicleProperty, propId = 0x214020d3, data = {status: 2, int32Values: [0]}
12-30 11:30:08.210   398   464 I vw-vhal : CanSignalsAdapter::notifyVehicleProperty: solvedValue = {.timestamp = 10344032746231, .areaId = 0, .prop = 557850835, .status = AVAILABLE, .value = {.int32Values = [1]{0}, .floatValues = [0]{}, .int64Values = [0]{}, .bytes = [0]{}, .stringValue = ""}}
12-30 11:30:08.210   398   464 I VehiclePropertyStore: begin to write value to Store: {.timestamp = 10344032746231, .areaId = 0, .prop = 557850835, .status = AVAILABLE, .value = {.int32Values = [1]{0}, .floatValues = [0]{}, .int64Values = [0]{}, .bytes = [0]{}, .stringValue = ""}}
12-30 11:30:08.210   398   464 I DefaultVehicleHal_v2_0: DefaultVehicleHal::onPropertyValue, value:{.timestamp = 10344032746231, .areaId = 0, .prop = 557850835, .status = AVAILABLE, .value = {.int32Values = [1]{0}, .floatValues = [0]{}, .int64Values = [0]{}, .bytes = [0]{}, .stringValue = ""}}
12-30 11:30:08.210   398   464 D DiagPropHandler: is not DiagnosticConfig: 0x214020d3
12-30 11:30:08.211   398   464 I VehiclePropertyStore: begin to write value to Store: {.timestamp = 10344032746231, .areaId = 0, .prop = 557850835, .status = AVAILABLE, .value = {.int32Values = [1]{0}, .floatValues = [0]{}, .int64Values = [0]{}, .bytes = [0]{}, .stringValue = ""}}
12-30 11:30:08.211   398   464 D adayocomadapter-CommunicationManager: onUpstreamReceive mPropertyId 0x214020d3
12-30 11:30:08.211   398   464 D adayocomadapter-CommunicationManager: onUpstreamReceive mPropertyId 0x214020cb
12-30 11:30:08.211   398   464 D adayocomadapter-CommunicationManager: convertBytesToInt32Memcpy  0
12-30 11:30:08.211   398   464 I vw-vhal : notifyVehicleProperty, propId = 0x214020cb, data = {status: 2, int32Values: [0]}
12-30 11:30:08.211   398   464 I vw-vhal : CanSignalsAdapter::notifyVehicleProperty: solvedValue = {.timestamp = 10344032951897, .areaId = 0, .prop = 557850827, .status = AVAILABLE, .value = {.int32Values = [1]{0}, .floatValues = [0]{}, .int64Values = [0]{}, .bytes = [0]{}, .stringValue = ""}}
12-30 11:30:08.211   398   464 I VehiclePropertyStore: begin to write value to Store: {.timestamp = 10344032951897, .areaId = 0, .prop = 557850827, .status = AVAILABLE, .value = {.int32Values = [1]{0}, .floatValues = [0]{}, .int64Values = [0]{}, .bytes = [0]{}, .stringValue = ""}}
12-30 11:30:08.211   398   464 I DefaultVehicleHal_v2_0: DefaultVehicleHal::onPropertyValue, value:{.timestamp = 10344032951897, .areaId = 0, .prop = 557850827, .status = AVAILABLE, .value = {.int32Values = [1]{0}, .floatValues = [0]{}, .int64Values = [0]{}, .bytes = [0]{}, .stringValue = ""}}
12-30 11:30:08.211   398   464 D DiagPropHandler: is not DiagnosticConfig: 0x214020cb
12-30 11:30:08.211   398   464 I VehiclePropertyStore: begin to write value to Store: {.timestamp = 10344032951897, .areaId = 0, .prop = 557850827, .status = AVAILABLE, .value = {.int32Values = [1]{0}, .floatValues = [0]{}, .int64Values = [0]{}, .bytes = [0]{}, .stringValue = ""}}
12-30 11:30:08.211   398   464 D adayocomadapter-CommunicationManager: onUpstreamReceive mPropertyId 0x214020cb
12-30 11:30:08.211   398   464 D adayocomadapter-CommunicationManager: onUpstreamReceive mPropertyId 0x2140203c
12-30 11:30:08.211   398   464 D adayocomadapter-CommunicationManager: convertBytesToInt32Memcpy  0
12-30 11:30:08.211   398   464 I vw-vhal : notifyVehicleProperty, propId = 0x2140203c, data = {status: 2, int32Values: [0]}
12-30 11:30:08.211   398   464 I vw-vhal : CanSignalsAdapter::notifyVehicleProperty: solvedValue = {.timestamp = 10344033155231, .areaId = 0, .prop = 557850684, .status = AVAILABLE, .value = {.int32Values = [1]{0}, .floatValues = [0]{}, .int64Values = [0]{}, .bytes = [0]{}, .stringValue = ""}}
12-30 11:30:08.211   398   464 I VehiclePropertyStore: begin to write value to Store: {.timestamp = 10344033155231, .areaId = 0, .prop = 557850684, .status = AVAILABLE, .value = {.int32Values = [1]{0}, .floatValues = [0]{}, .int64Values = [0]{}, .bytes = [0]{}, .stringValue = ""}}
12-30 11:30:08.211   398   464 I DefaultVehicleHal_v2_0: DefaultVehicleHal::onPropertyValue, value:{.timestamp = 10344033155231, .areaId = 0, .prop = 557850684, .status = AVAILABLE, .value = {.int32Values = [1]{0}, .floatValues = [0]{}, .int64Values = [0]{}, .bytes = [0]{}, .stringValue = ""}}
12-30 11:30:08.211   398   464 D DiagPropHandler: is not DiagnosticConfig: 0x2140203c
12-30 11:30:08.211   398   464 I VehiclePropertyStore: begin to write value to Store: {.timestamp = 10344033155231, .areaId = 0, .prop = 557850684, .status = AVAILABLE, .value = {.int32Values = [1]{0}, .floatValues = [0]{}, .int64Values = [0]{}, .bytes = [0]{}, .stringValue = ""}}
12-30 11:30:08.211   398   464 D adayocomadapter-CommunicationManager: onUpstreamReceive mPropertyId 0x2140203c
12-30 11:30:08.211   398   464 D adayocomadapter-CommunicationManager: onUpstreamReceive mPropertyId 0x214020c9
12-30 11:30:08.211   398   464 D adayocomadapter-CommunicationManager: convertBytesToInt32Memcpy  0
12-30 11:30:08.211   398   464 I vw-vhal : notifyVehicleProperty, propId = 0x214020c9, data = {status: 2, int32Values: [0]}
12-30 11:30:08.211   398   464 I vw-vhal : CanSignalsAdapter::notifyVehicleProperty: solvedValue = {.timestamp = 10344033355231, .areaId = 0, .prop = 557850825, .status = AVAILABLE, .value = {.int32Values = [1]{0}, .floatValues = [0]{}, .int64Values = [0]{}, .bytes = [0]{}, .stringValue = ""}}
12-30 11:30:08.211   398   464 I VehiclePropertyStore: begin to write value to Store: {.timestamp = 10344033355231, .areaId = 0, .prop = 557850825, .status = AVAILABLE, .value = {.int32Values = [1]{0}, .floatValues = [0]{}, .int64Values = [0]{}, .bytes = [0]{}, .stringValue = ""}}
12-30 11:30:08.211   398   464 I DefaultVehicleHal_v2_0: DefaultVehicleHal::onPropertyValue, value:{.timestamp = 10344033355231, .areaId = 0, .prop = 557850825, .status = AVAILABLE, .value = {.int32Values = [1]{0}, .floatValues = [0]{}, .int64Values = [0]{}, .bytes = [0]{}, .stringValue = ""}}
12-30 11:30:08.211   398   464 D DiagPropHandler: is not DiagnosticConfig: 0x214020c9
12-30 11:30:08.211   398   464 I VehiclePropertyStore: begin to write value to Store: {.timestamp = 10344033355231, .areaId = 0, .prop = 557850825, .status = AVAILABLE, .value = {.int32Values = [1]{0}, .floatValues = [0]{}, .int64Values = [0]{}, .bytes = [0]{}, .stringValue = ""}}
12-30 11:30:08.211   398   464 D adayocomadapter-CommunicationManager: onUpstreamReceive mPropertyId 0x214020c9
12-30 11:30:08.211   398   464 D adayocomadapter-CommunicationManager: onUpstreamReceive mPropertyId 0x214020cf
12-30 11:30:08.211   398   464 D adayocomadapter-CommunicationManager: convertBytesToInt32Memcpy  0
12-30 11:30:08.211   398   464 I vw-vhal : notifyVehicleProperty, propId = 0x214020cf, data = {status: 2, int32Values: [0]}
12-30 11:30:08.211   398   464 I vw-vhal : CanSignalsAdapter::notifyVehicleProperty: solvedValue = {.timestamp = 10344033553231, .areaId = 0, .prop = 557850831, .status = AVAILABLE, .value = {.int32Values = [1]{0}, .floatValues = [0]{}, .int64Values = [0]{}, .bytes = [0]{}, .stringValue = ""}}
12-30 11:30:08.211   398   464 I VehiclePropertyStore: begin to write value to Store: {.timestamp = 10344033553231, .areaId = 0, .prop = 557850831, .status = AVAILABLE, .value = {.int32Values = [1]{0}, .floatValues = [0]{}, .int64Values = [0]{}, .bytes = [0]{}, .stringValue = ""}}
12-30 11:30:08.211   398   464 I DefaultVehicleHal_v2_0: DefaultVehicleHal::onPropertyValue, value:{.timestamp = 10344033553231, .areaId = 0, .prop = 557850831, .status = AVAILABLE, .value = {.int32Values = [1]{0}, .floatValues = [0]{}, .int64Values = [0]{}, .bytes = [0]{}, .stringValue = ""}}
12-30 11:30:08.211   398   464 D DiagPropHandler: is not DiagnosticConfig: 0x214020cf
12-30 11:30:08.211   398   464 I VehiclePropertyStore: begin to write value to Store: {.timestamp = 10344033553231, .areaId = 0, .prop = 557850831, .status = AVAILABLE, .value = {.int32Values = [1]{0}, .floatValues = [0]{}, .int64Values = [0]{}, .bytes = [0]{}, .stringValue = ""}}
12-30 11:30:08.211   398   464 D adayocomadapter-CommunicationManager: onUpstreamReceive mPropertyId 0x214020cf
12-30 11:30:08.211   398   464 D adayocomadapter-CommunicationManager: onUpstreamReceive mPropertyId 0x21402040
12-30 11:30:08.211   398   464 D adayocomadapter-CommunicationManager: convertBytesToInt32Memcpy  0
12-30 11:30:08.211   398   464 I vw-vhal : notifyVehicleProperty, propId = 0x21402040, data = {status: 2, int32Values: [0]}
12-30 11:30:08.211   398   464 I vw-vhal : CanSignalsAdapter::notifyVehicleProperty: solvedValue = {.timestamp = 10344033757231, .areaId = 0, .prop = 557850688, .status = AVAILABLE, .value = {.int32Values = [1]{0}, .floatValues = [0]{}, .int64Values = [0]{}, .bytes = [0]{}, .stringValue = ""}}
12-30 11:30:08.211   398   464 I VehiclePropertyStore: begin to write value to Store: {.timestamp = 10344033757231, .areaId = 0, .prop = 557850688, .status = AVAILABLE, .value = {.int32Values = [1]{0}, .floatValues = [0]{}, .int64Values = [0]{}, .bytes = [0]{}, .stringValue = ""}}
12-30 11:30:08.211   398   464 I DefaultVehicleHal_v2_0: DefaultVehicleHal::onPropertyValue, value:{.timestamp = 10344033757231, .areaId = 0, .prop = 557850688, .status = AVAILABLE, .value = {.int32Values = [1]{0}, .floatValues = [0]{}, .int64Values = [0]{}, .bytes = [0]{}, .stringValue = ""}}
12-30 11:30:08.211   398   464 D DiagPropHandler: is not DiagnosticConfig: 0x21402040
12-30 11:30:08.212   398   464 I VehiclePropertyStore: begin to write value to Store: {.timestamp = 10344033757231, .areaId = 0, .prop = 557850688, .status = AVAILABLE, .value = {.int32Values = [1]{0}, .floatValues = [0]{}, .int64Values = [0]{}, .bytes = [0]{}, .stringValue = ""}}
12-30 11:30:08.212   398   464 D adayocomadapter-CommunicationManager: onUpstreamReceive mPropertyId 0x21402040
12-30 11:30:08.212   398   464 D adayocomadapter-CommunicationManager: onUpstreamReceive mPropertyId 0x214020d1
12-30 11:30:08.212   398   464 D adayocomadapter-CommunicationManager: convertBytesToInt32Memcpy  0
