12-30 11:30:08.082   398   464 I VehiclePropertyStore: begin to write value to Store: {.timestamp = 10343904035564, .areaId = 0, .prop = 557850934, .status = AVAILABLE, .value = {.int32Values = [1]{0}, .floatValues = [0]{}, .int64Values = [0]{}, .bytes = [0]{}, .stringValue = ""}}
12-30 11:30:08.082   398   464 I DefaultVehicleHal_v2_0: DefaultVehicleHal::onPropertyValue, value:{.timestamp = 10343904035564, .areaId = 0, .prop = 557850934, .status = AVAILABLE, .value = {.int32Values = [1]{0}, .floatValues = [0]{}, .int64Values = [0]{}, .bytes = [0]{}, .stringValue = ""}}
12-30 11:30:08.082   398   464 D DiagPropHandler: is not DiagnosticConfig: 0x21402136
12-30 11:30:08.082   398   464 I VehiclePropertyStore: begin to write value to Store: {.timestamp = 10343904035564, .areaId = 0, .prop = 557850934, .status = AVAILABLE, .value = {.int32Values = [1]{0}, .floatValues = [0]{}, .int64Values = [0]{}, .bytes = [0]{}, .stringValue = ""}}
12-30 11:30:08.082   398   464 D adayocomadapter-CommunicationManager: onUpstreamReceive mPropertyId 0x21402136
12-30 11:30:08.082   398   464 D adayocomadapter-CommunicationManager: onUpstreamReceive mPropertyId 0x21402137
12-30 11:30:08.082   398   464 D adayocomadapter-CommunicationManager: convertBytesToInt32Memcpy  0
12-30 11:30:08.082   398   464 I vw-vhal : notifyVehicleProperty, propId = 0x21402137, data = {status: 2, int32Values: [0]}
12-30 11:30:08.082   398   464 I vw-vhal : CanSignalsAdapter::notifyVehicleProperty: solvedValue = {.timestamp = 10343904227897, .areaId = 0, .prop = 557850935, .status = AVAILABLE, .value = {.int32Values = [1]{0}, .floatValues = [0]{}, .int64Values = [0]{}, .bytes = [0]{}, .stringValue = ""}}
12-30 11:30:08.082   398   464 I VehiclePropertyStore: begin to write value to Store: {.timestamp = 10343904227897, .areaId = 0, .prop = 557850935, .status = AVAILABLE, .value = {.int32Values = [1]{0}, .floatValues = [0]{}, .int64Values = [0]{}, .bytes = [0]{}, .stringValue = ""}}
12-30 11:30:08.082   398   464 I DefaultVehicleHal_v2_0: DefaultVehicleHal::onPropertyValue, value:{.timestamp = 10343904227897, .areaId = 0, .prop = 557850935, .status = AVAILABLE, .value = {.int32Values = [1]{0}, .floatValues = [0]{}, .int64Values = [0]{}, .bytes = [0]{}, .stringValue = ""}}
12-30 11:30:08.082   398   464 D DiagPropHandler: is not DiagnosticConfig: 0x21402137
12-30 11:30:08.082   398   464 I VehiclePropertyStore: begin to write value to Store: {.timestamp = 10343904227897, .areaId = 0, .prop = 557850935, .status = AVAILABLE, .value = {.int32Values = [1]{0}, .floatValues = [0]{}, .int64Values = [0]{}, .bytes = [0]{}, .stringValue = ""}}
12-30 11:30:08.082   398   464 D adayocomadapter-CommunicationManager: onUpstreamReceive mPropertyId 0x21402137
12-30 11:30:08.084   360   931 D EvsDriver: forwardFrame
12-30 11:30:08.084   360   931 D EvsDriver: forwardFrameDirect
12-30 11:30:08.084   360   931 D EvsDriver: Delivered 0xb400e2ca9e40e110 as id 0
12-30 11:30:08.085   359   359 D evsmanagerd: /dev/video-evs0 forwarded the buffer #0 to 0xb400f125d2b26dd0 from 0xb400f125e2b20710
12-30 11:30:08.087  1547  2118 D ANWStack: [  10343909][ANWBT] >>Avctp_L2cap_Data_Ind_Cb
12-30 11:30:08.087  1547  2118 D ANWStack: 
12-30 11:30:08.087  1547  2118 D ANWStack: [  10343909][ANWBT] AVCTP Message Length = 160
12-30 11:30:08.087  1547  2118 D ANWStack: [  10343909][ANWBT] Receive AVCTP_SINGLE_PACKET
12-30 11:30:08.087  1547  2118 D ANW_AVRCP: (1547|0x6EF3FCB0)[AVRCP] [**AVRCP**] 0x52 0x110e
12-30 11:30:08.087  1547  2118 D ANW_AVRCP: (1547|0x6EF3FCB0)[AVRCP] opcode match 0x0
12-30 11:30:08.087  1547  2118 D ANW_AVRCP: 
12-30 11:30:08.087  1547  2118 D ANW_AVRCP: (1547|0x6EF3FCB0)[AVRCP] subopcode match 0x20, update ctype 0x1->0xc
12-30 11:30:08.087  1547  2118 D ANW_AVRCP: 
12-30 11:30:08.087  1547  2118 D ANW_AVRCP: (1547|0x6EF3FCB0)[AVRCP] AVRCP_Packet_Parser Response
12-30 11:30:08.087  1547  2118 D ANW_AVRCP: 
12-30 11:30:08.088  1547  2118 D ANW_AVRCP: (1547|0x6EF3FCB0)[AVRCP] AVRCP_Get_Element_Attributes_RSP_Handler
12-30 11:30:08.088  1547  2118 D ANW_AVRCP: (1547|0x6EF3FCB0)[AVRCP] num of attributes: 8
12-30 11:30:08.088  1547  2118 D ANW_AVRCP: 
12-30 11:30:08.088  1547  2118 D ANWAPI  : (1547|0x6EF3FCB0)[BTAPI] connmgr_find_by_handle pData = 0xb400fa68ee34c5e0,7
12-30 11:30:08.088  1547  2118 D ANWAPI  : (1547|0x6EF3FCB0)[BTAPI] AVRCP_GET_ELEMENT_ATTRIBUTES
12-30 11:30:08.088  1547  2118 D ANWAPI  : (1547|0x6EF3FCB0)[BTAPI] connmgr_find_by_handle pData = 0xb400fa68ee34c5e0,7
12-30 11:30:08.088  1547  2118 D ANWAPI  : (1547|0x6EF3FCB0)[BTAPI] media attrib id(1)
12-30 11:30:08.088  1547  2118 D ANWAPI  : (1547|0x6EF3FCB0)[BTAPI] MediaAttr_MediaTitle 19 106
12-30 11:30:08.088  1547  2118 D ANWAPI  : (1547|0x6EF3FCB0)[BTAPI] connmgr_find_by_handle pData = 0xb400fa68ee34c5e0,7
12-30 11:30:08.088  1547  2118 D ANWAPI  : (1547|0x6EF3FCB0)[BTAPI] media attrib id(2)
12-30 11:30:08.088  1547  2118 D ANWAPI  : (1547|0x6EF3FCB0)[BTAPI] MediaAttr_ArtistName 50 106
12-30 11:30:08.088  1547  2118 D ANWAPI  : (1547|0x6EF3FCB0)[BTAPI] connmgr_find_by_handle pData = 0xb400fa68ee34c5e0,7
12-30 11:30:08.088  1547  2118 D ANWAPI  : (1547|0x6EF3FCB0)[BTAPI] media attrib id(3)
12-30 11:30:08.088  1547  2118 D ANWAPI  : (1547|0x6EF3FCB0)[BTAPI] MediaAttr_AlbumName 0 106
12-30 11:30:08.088  1547  2118 D ANWAPI  : (1547|0x6EF3FCB0)[BTAPI] connmgr_find_by_handle pData = 0xb400fa68ee34c5e0,7
12-30 11:30:08.088  1547  2118 D ANWAPI  : (1547|0x6EF3FCB0)[BTAPI] media attrib id(4)
12-30 11:30:08.088  1547  2118 D ANWAPI  : (1547|0x6EF3FCB0)[BTAPI] MediaAttr_MediaNum 0 106
12-30 11:30:08.088  1547  2118 D ANWAPI  : (1547|0x6EF3FCB0)[BTAPI] connmgr_find_by_handle pData = 0xb400fa68ee34c5e0,7
12-30 11:30:08.088  1547  2118 D ANWAPI  : (1547|0x6EF3FCB0)[BTAPI] media attrib id(5)
12-30 11:30:08.088  1547  2118 D ANWAPI  : (1547|0x6EF3FCB0)[BTAPI] MediaAttr_TotalMediaNum 0 106
12-30 11:30:08.088  1547  2118 D ANWAPI  : (1547|0x6EF3FCB0)[BTAPI] connmgr_find_by_handle pData = 0xb400fa68ee34c5e0,7
12-30 11:30:08.088  1547  2118 D ANWAPI  : (1547|0x6EF3FCB0)[BTAPI] media attrib id(6)
12-30 11:30:08.088  1547  2118 D ANWAPI  : (1547|0x6EF3FCB0)[BTAPI] MediaAttr_Genre 0 106
12-30 11:30:08.088  1547  2118 D ANWAPI  : (1547|0x6EF3FCB0)[BTAPI] connmgr_find_by_handle pData = 0xb400fa68ee34c5e0,7
12-30 11:30:08.088  1547  2118 D ANWAPI  : (1547|0x6EF3FCB0)[BTAPI] media attrib id(7)
12-30 11:30:08.088  1547  2118 D ANWAPI  : (1547|0x6EF3FCB0)[BTAPI] MediaAttr_PlayingTimeMs 6 106
12-30 11:30:08.088  1547  2118 D ANWAPI  : (1547|0x6EF3FCB0)[BTAPI] connmgr_find_by_handle pData = 0xb400fa68ee34c5e0,7
12-30 11:30:08.088  1547  2118 D ANWAPI  : (1547|0x6EF3FCB0)[BTAPI] media attrib id(8)
12-30 11:30:08.088  1547  2118 D ANWAPI  : (1547|0x6EF3FCB0)[BTAPI] MediaAttr_CoverArt 7 106 0
12-30 11:30:08.088  1547  2118 D ANWAPI  : (1547|0x6EF3FCB0)[BTAPI] connmgr_find_by_handle pData = 0xb400fa68ee34c5e0,7
12-30 11:30:08.088  1547  2118 D ANWAPI  : (1547|0x6EF3FCB0)[BTAPI] AVRCP_GET_ELEMENT_ATTRIBUTES_FINISH
12-30 11:30:08.088  1547  2118 D ANWAPI  : (1547|0x6EF3FCB0)[BTAPI] btsdk_avrcp_post_songdetails
12-30 11:30:08.088  1547  2118 D ANWAPI  : (1547|0x6EF3FCB0)[BTAPI] *BT_CB_Dispatch
12-30 11:30:08.088  1547  2118 D ANWAPI  : (1547|0x6EF3FCB0)[BTAPI] *****SDK callback(0x405)
12-30 11:30:08.088  1547  2118 D ANWAPI  : (1547|0x6EF3FCB0)[BTAPI] SDK***** [34:10:be:3d:c6:77][0]
12-30 11:30:08.088  1547  2118 D ANWAPI  : (1547|0x6EF3FCB0)[BTAPI] btsdk_exec_apicb start
12-30 11:30:08.088  1547  2118 D ANWAPI  : (1547|0x6EF3FCB0)[BTAPI] Up: AvrcpMsgHandler receive[34:10:BE:3D:C6:77], Get Device ID(0)
12-30 11:30:08.088  1547  2118 D ANWAPI  : 
12-30 11:30:08.088  1547  2118 D ANWAPI  : (1547|0x6EF3FCB0)[BTAPI] Up: AnWBT_AVRCP_CURRENT_SONG_DETAIL_IND(6)
12-30 11:30:08.088  1547  2118 D ANWAPI  : 
12-30 11:30:08.088  1547  2118 D ANWAPI  : (1547|0x6EF3FCB0)[BTAPI] MediaTitle   : 梦一场 梦一场
12-30 11:30:08.088  1547  2118 D ANWAPI  : 
12-30 11:30:08.089  1547  2118 D ANWAPI  : (1547|0x6EF3FCB0)[BTAPI] PlayingTimeMs: 205014
12-30 11:30:08.089  1547  2118 D ANWAPI  : 
12-30 11:30:08.089  1547  2118 D ANWAPI  : (1547|0x6EF3FCB0)[BTAPI] ArtistName   : Star Crossing Night(feat. GALI) · 徐明浩, GALI
12-30 11:30:08.089  1547  2118 D ANWAPI  : 
12-30 11:30:08.089  1547  2118 D ANWAPI  : (1547|0x6EF3FCB0)[BTAPI] BipHandle: 1000015)
12-30 11:30:08.089  1547  2118 D ANWAPI  : 
12-30 11:30:08.089  1547  2118 D ANWAPI  : (1547|0x6EF3FCB0)[BTAPI] inform track changed cb, num_attr:4
12-30 11:30:08.089  1547  2118 D ANWAPI  : 
12-30 11:30:08.089  1547  2118 I ANW bt_btif: inform_track_changed_cb: HAL bt_rc_ctrl_callbacks->track_changed_cb
12-30 11:30:08.089  1547  2118 I BluetoothAvrcpControllerJni: btavrcp_track_changed_callback
12-30 11:30:08.089  1547  2118 D AvrcpControllerService: onTrackChanged
12-30 11:30:08.089   650   729 D fgemcucomm: sd Uart data : 6AA60243D6000292024F
12-30 11:30:08.089  1547  2118 D AvrcpItem.Builder: 2 = Star Crossing Night(feat. GALI) · 徐明浩, GALI
12-30 11:30:08.089  1547  2118 D AvrcpItem.Builder: 1 = 梦一场 梦一场
12-30 11:30:08.089  1547  2118 D AvrcpItem.Builder: 7 = 205014
12-30 11:30:08.089  1547  2118 D AvrcpItem.Builder: 8 = 1000015
12-30 11:30:08.090  1547  2118 D ANWAPI  : (1547|0x6EF3FCB0)[BTAPI] Up: per 1.5S get ID3 information
12-30 11:30:08.090  1547  2118 D ANWAPI  : 
12-30 11:30:08.090  1547  2118 D ANWAPI  : (1547|0x6EF3FCB0)[BTAPI] AVRCP_Cancel_Auto_Get_ID3(0)
12-30 11:30:08.090  1547  2118 D ANWAPI  : 
12-30 11:30:08.090  1547  2118 D ANWAPI  : (1547|0x6EF3FCB0)[BTAPI] btsdk_exec_apicb end
12-30 11:30:08.090  1547 19344 D AvrcpControllerStateMachine: Avrcp.ConnectedAvrcpController processMessage MESSAGE_PROCESS_TRACK_CHANGED
12-30 11:30:08.090   650   729 D fgemcucomm: rev uart=85827,len=65, data : 6AA68143D6003992020017000000000000000000000000000000000000000000000000000000000000000000000000000000000000000000000000000000000082
12-30 11:30:08.090  1547 19344 D AvrcpCoverArtProvider: getImageUri -> content://com.android.bluetooth.avrcpcontroller.AvrcpCoverArtProvider?device=34%3A10%3ABE%3A3D%3AC6%3A77&uuid=0136c232-deb1-4cee-8dee-c09eba3317f8
12-30 11:30:08.090   398  2883 D adayocomadapter-ParseProtocolFunc: printRaWMsg Name[MCUToUPstream recv] len[57] data[920200170000000000000000000000000000000000000000000000000000000000000000000000000000000000000000000000000000000000]
12-30 11:30:08.090   398  2883 D adayocomadapter-CommunicationManager: onUpstreamback   member[0] dataLength[54] timePoint[10343912]
12-30 11:30:08.090   398  2883 D adayocomadapter-ParseProtocolFunc: printRaWMsg Name[onUpstreamback] len[54] data[170000000000000000000000000000000000000000000000000000000000000000000000000000000000000000000000000000000000]
12-30 11:30:08.090  1547 19344 D BluetoothMediaBrowserService: trackChanged setMetadata=AvrcpItem{mUuid=5f3c9ad7-80ee-4840-86d5-eb9fd1a4fefc, mUid=0, mItemType=3, mType=0, mDisplayableName=null, mTitle=梦一场 梦一场 mPlayingTime=205014 mTrack=0/0, mPlayable=false, mBrowsable=false, mCoverArtHandle=1000015, mImageUuid=0136c232-deb1-4cee-8dee-c09eba3317f8, mImageUricontent://com.android.bluetooth.avrcpcontroller.AvrcpCoverArtProvider?device=34%3A10%3ABE%3A3D%3AC6%3A77&uuid=0136c232-deb1-4cee-8dee-c09eba3317f8}
12-30 11:30:08.090   398   464 D adayocomadapter-UpstreamHandler: processBeforePacket upSreamtProcessTimePoint[10343912] 
12-30 11:30:08.090   398   464 D adayocomadapter-UpstreamHandler: processPacket UPSTREAM_QUEUE_DATA_TIMEOUT
12-30 11:30:08.090   398   464 D adayocomadapter-ParseProtocolFunc: parseCommonIPCLBytes Processing tableNumber[23]
12-30 11:30:08.090   398   464 D adayocomadapter-ParseProtocolFunc: parseCommonIPCLBytes Processing tablename[Table-23] tableSize[54]
12-30 11:30:08.090   398   464 D adayocomadapter-ParseProtocolFunc: printRaWMsg Name[byteStream recv] len[54] data[170000000000000000000000000000000000000000000000000000000000000000000000000000000000000000000000000000000000]
12-30 11:30:08.090   398   464 D adayocomadapter-ParseProtocolFunc: printRaWMsg Name[IPCLtoVHAL] len[6] data[214021020000]
12-30 11:30:08.090   398   464 D adayocomadapter-ParseProtocolFunc: printRaWMsg Name[IPCLtoVHAL] len[6] data[214021100000]
12-30 11:30:08.090   398   464 D adayocomadapter-ParseProtocolFunc: printRaWMsg Name[IPCLtoVHAL] len[6] data[214020E20000]
12-30 11:30:08.090   398   464 D adayocomadapter-ParseProtocolFunc: printRaWMsg Name[IPCLtoVHAL] len[7] data[21402043000000]
12-30 11:30:08.090   398   464 D adayocomadapter-ParseProtocolFunc: printRaWMsg Name[IPCLtoVHAL] len[9] data[214020370000000000]
12-30 11:30:08.090   398   464 D adayocomadapter-ParseProtocolFunc: printRaWMsg Name[IPCLtoVHAL] len[6] data[214020EE0000]
12-30 11:30:08.090   398   464 D adayocomadapter-ParseProtocolFunc: printRaWMsg Name[IPCLtoVHAL] len[6] data[214021330000]
12-30 11:30:08.090   398   464 D adayocomadapter-ParseProtocolFunc: printRaWMsg Name[IPCLtoVHAL] len[6] data[2140210F0000]
12-30 11:30:08.090   398   464 D adayocomadapter-ParseProtocolFunc: printRaWMsg Name[IPCLtoVHAL] len[6] data[214020F00000]
12-30 11:30:08.090   398   464 D adayocomadapter-ParseProtocolFunc: printRaWMsg Name[IPCLtoVHAL] len[6] data[214020C10000]
12-30 11:30:08.090   398   464 D adayocomadapter-ParseProtocolFunc: printRaWMsg Name[IPCLtoVHAL] len[6] data[2140211F0000]
12-30 11:30:08.090   398   464 D adayocomadapter-ParseProtocolFunc: printRaWMsg Name[IPCLtoVHAL] len[6] data[214020940000]
12-30 11:30:08.090   398   464 D adayocomadapter-ParseProtocolFunc: printRaWMsg Name[IPCLtoVHAL] len[9] data[214020360000000000]
12-30 11:30:08.090   398   464 D adayocomadapter-ParseProtocolFunc: printRaWMsg Name[IPCLtoVHAL] len[6] data[214020C30000]
12-30 11:30:08.090   398   464 D adayocomadapter-ParseProtocolFunc: printRaWMsg Name[IPCLtoVHAL] len[6] data[214021140000]
12-30 11:30:08.090   398   464 D adayocomadapter-ParseProtocolFunc: printRaWMsg Name[IPCLtoVHAL] len[6] data[214020B60000]
12-30 11:30:08.091   398   464 D adayocomadapter-ParseProtocolFunc: printRaWMsg Name[IPCLtoVHAL] len[6] data[214021150000]
12-30 11:30:08.091   398   464 D adayocomadapter-ParseProtocolFunc: printRaWMsg Name[IPCLtoVHAL] len[6] data[2140211A0000]
12-30 11:30:08.091   398   464 D adayocomadapter-ParseProtocolFunc: printRaWMsg Name[IPCLtoVHAL] len[9] data[2140204B0000000000]
12-30 11:30:08.091   398   464 D adayocomadapter-ParseProtocolFunc: printRaWMsg Name[IPCLtoVHAL] len[6] data[2140211B0000]
12-30 11:30:08.091   398   464 D adayocomadapter-ParseProtocolFunc: printRaWMsg Name[IPCLtoVHAL] len[9] data[2140203B0000000000]
12-30 11:30:08.091   398   464 D adayocomadapter-ParseProtocolFunc: printRaWMsg Name[IPCLtoVHAL] len[7] data[2140203F000000]
12-30 11:30:08.091   398   464 D adayocomadapter-ParseProtocolFunc: printRaWMsg Name[IPCLtoVHAL] len[7] data[2140203A000000]
12-30 11:30:08.091   398   464 D adayocomadapter-ParseProtocolFunc: printRaWMsg Name[IPCLtoVHAL] len[7] data[2140203E000000]
12-30 11:30:08.091   398   464 D adayocomadapter-ParseProtocolFunc: printRaWMsg Name[IPCLtoVHAL] len[7] data[21402042000000]
12-30 11:30:08.091   398   464 D adayocomadapter-ParseProtocolFunc: printRaWMsg Name[IPCLtoVHAL] len[7] data[21402039000000]
12-30 11:30:08.091   398   464 D adayocomadapter-ParseProtocolFunc: printRaWMsg Name[IPCLtoVHAL] len[7] data[2140203D000000]
12-30 11:30:08.091   398   464 D adayocomadapter-ParseProtocolFunc: printRaWMsg Name[IPCLtoVHAL] len[7] data[21402041000000]
12-30 11:30:08.091   398   464 D adayocomadapter-ParseProtocolFunc: printRaWMsg Name[IPCLtoVHAL] len[7] data[21402045000000]
12-30 11:30:08.091   398   464 D adayocomadapter-ParseProtocolFunc: printRaWMsg Name[IPCLtoVHAL] len[7] data[2140204D000000]
12-30 11:30:08.091   398   464 D adayocomadapter-ParseProtocolFunc: printRaWMsg Name[IPCLtoVHAL] len[6] data[2140220B0000]
12-30 11:30:08.091   398   464 D adayocomadapter-CommunicationManager: onUpstreamReceive mPropertyId 0x21402102
12-30 11:30:08.091   398   464 D adayocomadapter-CommunicationManager: convertBytesToInt32Memcpy  0
12-30 11:30:08.091   398   464 I vw-vhal : notifyVehicleProperty, propId = 0x21402102, data = {status: 2, int32Values: [0]}
12-30 11:30:08.091   398   464 I vw-vhal : CanSignalsAdapter::notifyVehicleProperty: solvedValue = {.timestamp = 10343913200897, .areaId = 0, .prop = 557850882, .status = AVAILABLE, .value = {.int32Values = [1]{0}, .floatValues = [0]{}, .int64Values = [0]{}, .bytes = [0]{}, .stringValue = ""}}
12-30 11:30:08.091   398   464 I VehiclePropertyStore: begin to write value to Store: {.timestamp = 10343913200897, .areaId = 0, .prop = 557850882, .status = AVAILABLE, .value = {.int32Values = [1]{0}, .floatValues = [0]{}, .int64Values = [0]{}, .bytes = [0]{}, .stringValue = ""}}
12-30 11:30:08.091   398   464 I DefaultVehicleHal_v2_0: DefaultVehicleHal::onPropertyValue, value:{.timestamp = 10343913200897, .areaId = 0, .prop = 557850882, .status = AVAILABLE, .value = {.int32Values = [1]{0}, .floatValues = [0]{}, .int64Values = [0]{}, .bytes = [0]{}, .stringValue = ""}}
12-30 11:30:08.091   398   464 D DiagPropHandler: is not DiagnosticConfig: 0x21402102
12-30 11:30:08.091   398   464 I VehiclePropertyStore: begin to write value to Store: {.timestamp = 10343913200897, .areaId = 0, .prop = 557850882, .status = AVAILABLE, .value = {.int32Values = [1]{0}, .floatValues = [0]{}, .int64Values = [0]{}, .bytes = [0]{}, .stringValue = ""}}
12-30 11:30:08.091   398   464 D adayocomadapter-CommunicationManager: onUpstreamReceive mPropertyId 0x21402102
12-30 11:30:08.091   398   464 D adayocomadapter-CommunicationManager: onUpstreamReceive mPropertyId 0x21402110
12-30 11:30:08.091   398   464 D adayocomadapter-CommunicationManager: convertBytesToInt32Memcpy  0
12-30 11:30:08.091   398   464 I vw-vhal : notifyVehicleProperty, propId = 0x21402110, data = {status: 2, int32Values: [0]}
12-30 11:30:08.091   398   464 I vw-vhal : CanSignalsAdapter::notifyVehicleProperty: solvedValue = {.timestamp = 10343913437231, .areaId = 0, .prop = 557850896, .status = AVAILABLE, .value = {.int32Values = [1]{0}, .floatValues = [0]{}, .int64Values = [0]{}, .bytes = [0]{}, .stringValue = ""}}
12-30 11:30:08.091   398   464 I VehiclePropertyStore: begin to write value to Store: {.timestamp = 10343913437231, .areaId = 0, .prop = 557850896, .status = AVAILABLE, .value = {.int32Values = [1]{0}, .floatValues = [0]{}, .int64Values = [0]{}, .bytes = [0]{}, .stringValue = ""}}
12-30 11:30:08.091   398   464 I DefaultVehicleHal_v2_0: DefaultVehicleHal::onPropertyValue, value:{.timestamp = 10343913437231, .areaId = 0, .prop = 557850896, .status = AVAILABLE, .value = {.int32Values = [1]{0}, .floatValues = [0]{}, .int64Values = [0]{}, .bytes = [0]{}, .stringValue = ""}}
12-30 11:30:08.091   398   464 D DiagPropHandler: is not DiagnosticConfig: 0x21402110
12-30 11:30:08.091   398   464 I VehiclePropertyStore: begin to write value to Store: {.timestamp = 10343913437231, .areaId = 0, .prop = 557850896, .status = AVAILABLE, .value = {.int32Values = [1]{0}, .floatValues = [0]{}, .int64Values = [0]{}, .bytes = [0]{}, .stringValue = ""}}
12-30 11:30:08.091   398   464 D adayocomadapter-CommunicationManager: onUpstreamReceive mPropertyId 0x21402110
12-30 11:30:08.091   398   464 D adayocomadapter-CommunicationManager: onUpstreamReceive mPropertyId 0x214020e2
12-30 11:30:08.091   398   464 D adayocomadapter-CommunicationManager: convertBytesToInt32Memcpy  0
12-30 11:30:08.091   398   464 I vw-vhal : notifyVehicleProperty, propId = 0x214020e2, data = {status: 2, int32Values: [0]}
12-30 11:30:08.091   398   464 I vw-vhal : CanSignalsAdapter::notifyVehicleProperty: solvedValue = {.timestamp = 10343913657564, .areaId = 0, .prop = 557850850, .status = AVAILABLE, .value = {.int32Values = [1]{0}, .floatValues = [0]{}, .int64Values = [0]{}, .bytes = [0]{}, .stringValue = ""}}
12-30 11:30:08.091   398   464 I VehiclePropertyStore: begin to write value to Store: {.timestamp = 10343913657564, .areaId = 0, .prop = 557850850, .status = AVAILABLE, .value = {.int32Values = [1]{0}, .floatValues = [0]{}, .int64Values = [0]{}, .bytes = [0]{}, .stringValue = ""}}
12-30 11:30:08.091   398   464 I DefaultVehicleHal_v2_0: DefaultVehicleHal::onPropertyValue, value:{.timestamp = 10343913657564, .areaId = 0, .prop = 557850850, .status = AVAILABLE, .value = {.int32Values = [1]{0}, .floatValues = [0]{}, .int64Values = [0]{}, .bytes = [0]{}, .stringValue = ""}}
12-30 11:30:08.091   398   464 D DiagPropHandler: is not DiagnosticConfig: 0x214020e2
12-30 11:30:08.091   398   464 I VehiclePropertyStore: begin to write value to Store: {.timestamp = 10343913657564, .areaId = 0, .prop = 557850850, .status = AVAILABLE, .value = {.int32Values = [1]{0}, .floatValues = [0]{}, .int64Values = [0]{}, .bytes = [0]{}, .stringValue = ""}}
12-30 11:30:08.091   398   464 D adayocomadapter-CommunicationManager: onUpstreamReceive mPropertyId 0x214020e2
12-30 11:30:08.091   398   464 D adayocomadapter-CommunicationManager: onUpstreamReceive mPropertyId 0x21402043
12-30 11:30:08.091   398   464 D adayocomadapter-CommunicationManager: convertBytesToInt32Memcpy  0
12-30 11:30:08.091   398   464 I vw-vhal : notifyVehicleProperty, propId = 0x21402043, data = {status: 2, int32Values: [0]}
12-30 11:30:08.092   398   464 I vw-vhal : CanSignalsAdapter::notifyVehicleProperty: solvedValue = {.timestamp = 10343913856231, .areaId = 0, .prop = 557850691, .status = AVAILABLE, .value = {.int32Values = [1]{0}, .floatValues = [0]{}, .int64Values = [0]{}, .bytes = [0]{}, .stringValue = ""}}
12-30 11:30:08.092   398   464 I VehiclePropertyStore: begin to write value to Store: {.timestamp = 10343913856231, .areaId = 0, .prop = 557850691, .status = AVAILABLE, .value = {.int32Values = [1]{0}, .floatValues = [0]{}, .int64Values = [0]{}, .bytes = [0]{}, .stringValue = ""}}
12-30 11:30:08.092   398   464 I DefaultVehicleHal_v2_0: DefaultVehicleHal::onPropertyValue, value:{.timestamp = 10343913856231, .areaId = 0, .prop = 557850691, .status = AVAILABLE, .value = {.int32Values = [1]{0}, .floatValues = [0]{}, .int64Values = [0]{}, .bytes = [0]{}, .stringValue = ""}}
12-30 11:30:08.092   398   464 D DiagPropHandler: is not DiagnosticConfig: 0x21402043
12-30 11:30:08.092   398   464 I VehiclePropertyStore: begin to write value to Store: {.timestamp = 10343913856231, .areaId = 0, .prop = 557850691, .status = AVAILABLE, .value = {.int32Values = [1]{0}, .floatValues = [0]{}, .int64Values = [0]{}, .bytes = [0]{}, .stringValue = ""}}
12-30 11:30:08.092   398   464 D adayocomadapter-CommunicationManager: onUpstreamReceive mPropertyId 0x21402043
12-30 11:30:08.092   398   464 D adayocomadapter-CommunicationManager: onUpstreamReceive mPropertyId 0x21402037
12-30 11:30:08.092   398   464 D adayocomadapter-CommunicationManager: convertBytesToInt32Memcpy  0
12-30 11:30:08.092   398   464 I vw-vhal : notifyVehicleProperty, propId = 0x21402037, data = {status: 2, int32Values: [0]}
12-30 11:30:08.092   398   464 I vw-vhal : CanSignalsAdapter::notifyVehicleProperty: solvedValue = {.timestamp = 10343914059564, .areaId = 0, .prop = 557850679, .status = AVAILABLE, .value = {.int32Values = [1]{0}, .floatValues = [0]{}, .int64Values = [0]{}, .bytes = [0]{}, .stringValue = ""}}
12-30 11:30:08.092   398   464 I VehiclePropertyStore: begin to write value to Store: {.timestamp = 10343914059564, .areaId = 0, .prop = 557850679, .status = AVAILABLE, .value = {.int32Values = [1]{0}, .floatValues = [0]{}, .int64Values = [0]{}, .bytes = [0]{}, .stringValue = ""}}
12-30 11:30:08.092   398   464 I DefaultVehicleHal_v2_0: DefaultVehicleHal::onPropertyValue, value:{.timestamp = 10343914059564, .areaId = 0, .prop = 557850679, .status = AVAILABLE, .value = {.int32Values = [1]{0}, .floatValues = [0]{}, .int64Values = [0]{}, .bytes = [0]{}, .stringValue = ""}}
12-30 11:30:08.092   398   464 D DiagPropHandler: is not DiagnosticConfig: 0x21402037
12-30 11:30:08.092   398   464 I VehiclePropertyStore: begin to write value to Store: {.timestamp = 10343914059564, .areaId = 0, .prop = 557850679, .status = AVAILABLE, .value = {.int32Values = [1]{0}, .floatValues = [0]{}, .int64Values = [0]{}, .bytes = [0]{}, .stringValue = ""}}
12-30 11:30:08.092   398   464 D adayocomadapter-CommunicationManager: onUpstreamReceive mPropertyId 0x21402037
12-30 11:30:08.092   398   464 D adayocomadapter-CommunicationManager: onUpstreamReceive mPropertyId 0x214020ee
12-30 11:30:08.092   398   464 D adayocomadapter-CommunicationManager: convertBytesToInt32Memcpy  0
12-30 11:30:08.092   398   464 I vw-vhal : notifyVehicleProperty, propId = 0x214020ee, data = {status: 2, int32Values: [0]}
12-30 11:30:08.092   398   464 I vw-vhal : CanSignalsAdapter::notifyVehicleProperty: solvedValue = {.timestamp = 10343914257564, .areaId = 0, .prop = 557850862, .status = AVAILABLE, .value = {.int32Values = [1]{0}, .floatValues = [0]{}, .int64Values = [0]{}, .bytes = [0]{}, .stringValue = ""}}
12-30 11:30:08.092   398   464 I VehiclePropertyStore: begin to write value to Store: {.timestamp = 10343914257564, .areaId = 0, .prop = 557850862, .status = AVAILABLE, .value = {.int32Values = [1]{0}, .floatValues = [0]{}, .int64Values = [0]{}, .bytes = [0]{}, .stringValue = ""}}
12-30 11:30:08.092   398   464 I DefaultVehicleHal_v2_0: DefaultVehicleHal::onPropertyValue, value:{.timestamp = 10343914257564, .areaId = 0, .prop = 557850862, .status = AVAILABLE, .value = {.int32Values = [1]{0}, .floatValues = [0]{}, .int64Values = [0]{}, .bytes = [0]{}, .stringValue = ""}}
12-30 11:30:08.092   398   464 D DiagPropHandler: is not DiagnosticConfig: 0x214020ee
12-30 11:30:08.092   398   464 I VehiclePropertyStore: begin to write value to Store: {.timestamp = 10343914257564, .areaId = 0, .prop = 557850862, .status = AVAILABLE, .value = {.int32Values = [1]{0}, .floatValues = [0]{}, .int64Values = [0]{}, .bytes = [0]{}, .stringValue = ""}}
12-30 11:30:08.092   398   464 D adayocomadapter-CommunicationManager: onUpstreamReceive mPropertyId 0x214020ee
12-30 11:30:08.092   398   464 D adayocomadapter-CommunicationManager: onUpstreamReceive mPropertyId 0x21402133
12-30 11:30:08.092   398   464 D adayocomadapter-CommunicationManager: convertBytesToInt32Memcpy  0
12-30 11:30:08.092   398   464 I vw-vhal : notifyVehicleProperty, propId = 0x21402133, data = {status: 2, int32Values: [0]}
12-30 11:30:08.092   398   464 I vw-vhal : CanSignalsAdapter::notifyVehicleProperty: solvedValue = {.timestamp = 10343914540564, .areaId = 0, .prop = 557850931, .status = AVAILABLE, .value = {.int32Values = [1]{0}, .floatValues = [0]{}, .int64Values = [0]{}, .bytes = [0]{}, .stringValue = ""}}
12-30 11:30:08.092   398   464 I VehiclePropertyStore: begin to write value to Store: {.timestamp = 10343914540564, .areaId = 0, .prop = 557850931, .status = AVAILABLE, .value = {.int32Values = [1]{0}, .floatValues = [0]{}, .int64Values = [0]{}, .bytes = [0]{}, .stringValue = ""}}
12-30 11:30:08.092   398   464 I DefaultVehicleHal_v2_0: DefaultVehicleHal::onPropertyValue, value:{.timestamp = 10343914540564, .areaId = 0, .prop = 557850931, .status = AVAILABLE, .value = {.int32Values = [1]{0}, .floatValues = [0]{}, .int64Values = [0]{}, .bytes = [0]{}, .stringValue = ""}}
12-30 11:30:08.092   398   464 D DiagPropHandler: is not DiagnosticConfig: 0x21402133
12-30 11:30:08.092   398   464 I VehiclePropertyStore: begin to write value to Store: {.timestamp = 10343914540564, .areaId = 0, .prop = 557850931, .status = AVAILABLE, .value = {.int32Values = [1]{0}, .floatValues = [0]{}, .int64Values = [0]{}, .bytes = [0]{}, .stringValue = ""}}
12-30 11:30:08.092   398   464 D adayocomadapter-CommunicationManager: onUpstreamReceive mPropertyId 0x21402133
12-30 11:30:08.092   398   464 D adayocomadapter-CommunicationManager: onUpstreamReceive mPropertyId 0x2140210f
12-30 11:30:08.092   398   464 D adayocomadapter-CommunicationManager: convertBytesToInt32Memcpy  0
12-30 11:30:08.092   398   464 I vw-vhal : notifyVehicleProperty, propId = 0x2140210f, data = {status: 2, int32Values: [0]}
12-30 11:30:08.092   398   464 I vw-vhal : CanSignalsAdapter::notifyVehicleProperty: solvedValue = {.timestamp = 10343914770231, .areaId = 0, .prop = 557850895, .status = AVAILABLE, .value = {.int32Values = [1]{0}, .floatValues = [0]{}, .int64Values = [0]{}, .bytes = [0]{}, .stringValue = ""}}
12-30 11:30:08.092   398   464 I VehiclePropertyStore: begin to write value to Store: {.timestamp = 10343914770231, .areaId = 0, .prop = 557850895, .status = AVAILABLE, .value = {.int32Values = [1]{0}, .floatValues = [0]{}, .int64Values = [0]{}, .bytes = [0]{}, .stringValue = ""}}
12-30 11:30:08.092   398   464 I DefaultVehicleHal_v2_0: DefaultVehicleHal::onPropertyValue, value:{.timestamp = 10343914770231, .areaId = 0, .prop = 557850895, .status = AVAILABLE, .value = {.int32Values = [1]{0}, .floatValues = [0]{}, .int64Values = [0]{}, .bytes = [0]{}, .stringValue = ""}}
12-30 11:30:08.093   398   464 D DiagPropHandler: is not DiagnosticConfig: 0x2140210f
12-30 11:30:08.093   398   464 I VehiclePropertyStore: begin to write value to Store: {.timestamp = 10343914770231, .areaId = 0, .prop = 557850895, .status = AVAILABLE, .value = {.int32Values = [1]{0}, .floatValues = [0]{}, .int64Values = [0]{}, .bytes = [0]{}, .stringValue = ""}}
12-30 11:30:08.093  1547 19344 D AvrcpControllerStateMachine: removeUnusedArtwork(0136c232-deb1-4cee-8dee-c09eba3317f8)
12-30 11:30:08.093   398   464 D adayocomadapter-CommunicationManager: onUpstreamReceive mPropertyId 0x2140210f
12-30 11:30:08.093   398   464 D adayocomadapter-CommunicationManager: onUpstreamReceive mPropertyId 0x214020f0
12-30 11:30:08.093   398   464 D adayocomadapter-CommunicationManager: convertBytesToInt32Memcpy  0
12-30 11:30:08.093   398   464 I vw-vhal : notifyVehicleProperty, propId = 0x214020f0, data = {status: 2, int32Values: [0]}
12-30 11:30:08.093   398   464 I vw-vhal : CanSignalsAdapter::notifyVehicleProperty: solvedValue = {.timestamp = 10343914991564, .areaId = 0, .prop = 557850864, .status = AVAILABLE, .value = {.int32Values = [1]{0}, .floatValues = [0]{}, .int64Values = [0]{}, .bytes = [0]{}, .stringValue = ""}}
12-30 11:30:08.093  1547 19344 D AvrcpControllerStateMachine: removeUnusedArtworkFromBrowseTree()
12-30 11:30:08.093   398   464 I VehiclePropertyStore: begin to write value to Store: {.timestamp = 10343914991564, .areaId = 0, .prop = 557850864, .status = AVAILABLE, .value = {.int32Values = [1]{0}, .floatValues = [0]{}, .int64Values = [0]{}, .bytes = [0]{}, .stringValue = ""}}
12-30 11:30:08.093   398   464 I DefaultVehicleHal_v2_0: DefaultVehicleHal::onPropertyValue, value:{.timestamp = 10343914991564, .areaId = 0, .prop = 557850864, .status = AVAILABLE, .value = {.int32Values = [1]{0}, .floatValues = [0]{}, .int64Values = [0]{}, .bytes = [0]{}, .stringValue = ""}}
12-30 11:30:08.093   398   464 D DiagPropHandler: is not DiagnosticConfig: 0x214020f0
12-30 11:30:08.093   398   464 I VehiclePropertyStore: begin to write value to Store: {.timestamp = 10343914991564, .areaId = 0, .prop = 557850864, .status = AVAILABLE, .value = {.int32Values = [1]{0}, .floatValues = [0]{}, .int64Values = [0]{}, .bytes = [0]{}, .stringValue = ""}}
12-30 11:30:08.093   398   464 D adayocomadapter-CommunicationManager: onUpstreamReceive mPropertyId 0x214020f0
12-30 11:30:08.093   398   464 D adayocomadapter-CommunicationManager: onUpstreamReceive mPropertyId 0x214020c1
12-30 11:30:08.093   398   464 D adayocomadapter-CommunicationManager: convertBytesToInt32Memcpy  0
12-30 11:30:08.093   398   464 I vw-vhal : notifyVehicleProperty, propId = 0x214020c1, data = {status: 2, int32Values: [0]}
12-30 11:30:08.093   398   464 I vw-vhal : CanSignalsAdapter::notifyVehicleProperty: solvedValue = {.timestamp = 10343915258564, .areaId = 0, .prop = 557850817, .status = AVAILABLE, .value = {.int32Values = [1]{0}, .floatValues = [0]{}, .int64Values = [0]{}, .bytes = [0]{}, .stringValue = ""}}
12-30 11:30:08.093   398   464 I VehiclePropertyStore: begin to write value to Store: {.timestamp = 10343915258564, .areaId = 0, .prop = 557850817, .status = AVAILABLE, .value = {.int32Values = [1]{0}, .floatValues = [0]{}, .int64Values = [0]{}, .bytes = [0]{}, .stringValue = ""}}
12-30 11:30:08.093   398   464 I DefaultVehicleHal_v2_0: DefaultVehicleHal::onPropertyValue, value:{.timestamp = 10343915258564, .areaId = 0, .prop = 557850817, .status = AVAILABLE, .value = {.int32Values = [1]{0}, .floatValues = [0]{}, .int64Values = [0]{}, .bytes = [0]{}, .stringValue = ""}}
12-30 11:30:08.093   398   464 D DiagPropHandler: is not DiagnosticConfig: 0x214020c1
12-30 11:30:08.093   398   464 I VehiclePropertyStore: begin to write value to Store: {.timestamp = 10343915258564, .areaId = 0, .prop = 557850817, .status = AVAILABLE, .value = {.int32Values = [1]{0}, .floatValues = [0]{}, .int64Values = [0]{}, .bytes = [0]{}, .stringValue = ""}}
12-30 11:30:08.093   398   464 D adayocomadapter-CommunicationManager: onUpstreamReceive mPropertyId 0x214020c1
12-30 11:30:08.093   398   464 D adayocomadapter-CommunicationManager: onUpstreamReceive mPropertyId 0x2140211f
12-30 11:30:08.093   398   464 D adayocomadapter-CommunicationManager: convertBytesToInt32Memcpy  0
12-30 11:30:08.093   398   464 I vw-vhal : notifyVehicleProperty, propId = 0x2140211f, data = {status: 2, int32Values: [0]}
12-30 11:30:08.093   398   464 I vw-vhal : CanSignalsAdapter::notifyVehicleProperty: solvedValue = {.timestamp = 10343915524564, .areaId = 0, .prop = 557850911, .status = AVAILABLE, .value = {.int32Values = [1]{0}, .floatValues = [0]{}, .int64Values = [0]{}, .bytes = [0]{}, .stringValue = ""}}
12-30 11:30:08.093   398   464 I VehiclePropertyStore: begin to write value to Store: {.timestamp = 10343915524564, .areaId = 0, .prop = 557850911, .status = AVAILABLE, .value = {.int32Values = [1]{0}, .floatValues = [0]{}, .int64Values = [0]{}, .bytes = [0]{}, .stringValue = ""}}
12-30 11:30:08.093   398   464 I DefaultVehicleHal_v2_0: DefaultVehicleHal::onPropertyValue, value:{.timestamp = 10343915524564, .areaId = 0, .prop = 557850911, .status = AVAILABLE, .value = {.int32Values = [1]{0}, .floatValues = [0]{}, .int64Values = [0]{}, .bytes = [0]{}, .stringValue = ""}}
12-30 11:30:08.093   398   464 D DiagPropHandler: is not DiagnosticConfig: 0x2140211f
12-30 11:30:08.093   398   464 I VehiclePropertyStore: begin to write value to Store: {.timestamp = 10343915524564, .areaId = 0, .prop = 557850911, .status = AVAILABLE, .value = {.int32Values = [1]{0}, .floatValues = [0]{}, .int64Values = [0]{}, .bytes = [0]{}, .stringValue = ""}}
12-30 11:30:08.093   398   464 D adayocomadapter-CommunicationManager: onUpstreamReceive mPropertyId 0x2140211f
12-30 11:30:08.093   398   464 D adayocomadapter-CommunicationManager: onUpstreamReceive mPropertyId 0x21402094
12-30 11:30:08.093   398   464 D adayocomadapter-CommunicationManager: convertBytesToInt32Memcpy  0
12-30 11:30:08.093   398   464 I vw-vhal : notifyVehicleProperty, propId = 0x21402094, data = {status: 2, int32Values: [0]}
12-30 11:30:08.093   398   464 I vw-vhal : CanSignalsAdapter::notifyVehicleProperty: solvedValue = {.timestamp = 10343915771897, .areaId = 0, .prop = 557850772, .status = AVAILABLE, .value = {.int32Values = [1]{0}, .floatValues = [0]{}, .int64Values = [0]{}, .bytes = [0]{}, .stringValue = ""}}
12-30 11:30:08.093   398   464 I VehiclePropertyStore: begin to write value to Store: {.timestamp = 10343915771897, .areaId = 0, .prop = 557850772, .status = AVAILABLE, .value = {.int32Values = [1]{0}, .floatValues = [0]{}, .int64Values = [0]{}, .bytes = [0]{}, .stringValue = ""}}
12-30 11:30:08.093   398   464 I DefaultVehicleHal_v2_0: DefaultVehicleHal::onPropertyValue, value:{.timestamp = 10343915771897, .areaId = 0, .prop = 557850772, .status = AVAILABLE, .value = {.int32Values = [1]{0}, .floatValues = [0]{}, .int64Values = [0]{}, .bytes = [0]{}, .stringValue = ""}}
12-30 11:30:08.094   398   464 D DiagPropHandler: is not DiagnosticConfig: 0x21402094
12-30 11:30:08.094   398   464 I VehiclePropertyStore: begin to write value to Store: {.timestamp = 10343915771897, .areaId = 0, .prop = 557850772, .status = AVAILABLE, .value = {.int32Values = [1]{0}, .floatValues = [0]{}, .int64Values = [0]{}, .bytes = [0]{}, .stringValue = ""}}
12-30 11:30:08.094   398   464 D adayocomadapter-CommunicationManager: onUpstreamReceive mPropertyId 0x21402094
12-30 11:30:08.094   398   464 D adayocomadapter-CommunicationManager: onUpstreamReceive mPropertyId 0x21402036
12-30 11:30:08.094   398   464 D adayocomadapter-CommunicationManager: convertBytesToInt32Memcpy  0
12-30 11:30:08.094   398   464 I vw-vhal : notifyVehicleProperty, propId = 0x21402036, data = {status: 2, int32Values: [0]}
12-30 11:30:08.094   398   464 I vw-vhal : CanSignalsAdapter::notifyVehicleProperty: solvedValue = {.timestamp = 10343916631897, .areaId = 0, .prop = 557850678, .status = AVAILABLE, .value = {.int32Values = [1]{0}, .floatValues = [0]{}, .int64Values = [0]{}, .bytes = [0]{}, .stringValue = ""}}
12-30 11:30:08.094   398   464 I VehiclePropertyStore: begin to write value to Store: {.timestamp = 10343916631897, .areaId = 0, .prop = 557850678, .status = AVAILABLE, .value = {.int32Values = [1]{0}, .floatValues = [0]{}, .int64Values = [0]{}, .bytes = [0]{}, .stringValue = ""}}
12-30 11:30:08.094   398   464 I DefaultVehicleHal_v2_0: DefaultVehicleHal::onPropertyValue, value:{.timestamp = 10343916631897, .areaId = 0, .prop = 557850678, .status = AVAILABLE, .value = {.int32Values = [1]{0}, .floatValues = [0]{}, .int64Values = [0]{}, .bytes = [0]{}, .stringValue = ""}}
12-30 11:30:08.094   398   464 D DiagPropHandler: is not DiagnosticConfig: 0x21402036
12-30 11:30:08.094   398   464 I VehiclePropertyStore: begin to write value to Store: {.timestamp = 10343916631897, .areaId = 0, .prop = 557850678, .status = AVAILABLE, .value = {.int32Values = [1]{0}, .floatValues = [0]{}, .int64Values = [0]{}, .bytes = [0]{}, .stringValue = ""}}
12-30 11:30:08.094   398   464 D adayocomadapter-CommunicationManager: onUpstreamReceive mPropertyId 0x21402036
12-30 11:30:08.095   398   464 D adayocomadapter-CommunicationManager: onUpstreamReceive mPropertyId 0x214020c3
12-30 11:30:08.095   398   464 D adayocomadapter-CommunicationManager: convertBytesToInt32Memcpy  0
12-30 11:30:08.095   398   464 I vw-vhal : notifyVehicleProperty, propId = 0x214020c3, data = {status: 2, int32Values: [0]}
12-30 11:30:08.095   398   464 I vw-vhal : CanSignalsAdapter::notifyVehicleProperty: solvedValue = {.timestamp = 10343916957897, .areaId = 0, .prop = 557850819, .status = AVAILABLE, .value = {.int32Values = [1]{0}, .floatValues = [0]{}, .int64Values = [0]{}, .bytes = [0]{}, .stringValue = ""}}
12-30 11:30:08.095   398   464 I VehiclePropertyStore: begin to write value to Store: {.timestamp = 10343916957897, .areaId = 0, .prop = 557850819, .status = AVAILABLE, .value = {.int32Values = [1]{0}, .floatValues = [0]{}, .int64Values = [0]{}, .bytes = [0]{}, .stringValue = ""}}
12-30 11:30:08.095   398   464 I DefaultVehicleHal_v2_0: DefaultVehicleHal::onPropertyValue, value:{.timestamp = 10343916957897, .areaId = 0, .prop = 557850819, .status = AVAILABLE, .value = {.int32Values = [1]{0}, .floatValues = [0]{}, .int64Values = [0]{}, .bytes = [0]{}, .stringValue = ""}}
12-30 11:30:08.095   360   458 D EvsDriver: doneWithFrame
12-30 11:30:08.095   398   464 D DiagPropHandler: is not DiagnosticConfig: 0x214020c3
12-30 11:30:08.097   398   464 I VehiclePropertyStore: begin to write value to Store: {.timestamp = 10343916957897, .areaId = 0, .prop = 557850819, .status = AVAILABLE, .value = {.int32Values = [1]{0}, .floatValues = [0]{}, .int64Values = [0]{}, .bytes = [0]{}, .stringValue = ""}}
12-30 11:30:08.097   398   464 D adayocomadapter-CommunicationManager: onUpstreamReceive mPropertyId 0x214020c3
12-30 11:30:08.097   398   464 D adayocomadapter-CommunicationManager: onUpstreamReceive mPropertyId 0x21402114
12-30 11:30:08.097   398   464 D adayocomadapter-CommunicationManager: convertBytesToInt32Memcpy  0
12-30 11:30:08.097   398   464 I vw-vhal : notifyVehicleProperty, propId = 0x21402114, data = {status: 2, int32Values: [0]}
12-30 11:30:08.097   398   464 I vw-vhal : CanSignalsAdapter::notifyVehicleProperty: solvedValue = {.timestamp = 10343919504564, .areaId = 0, .prop = 557850900, .status = AVAILABLE, .value = {.int32Values = [1]{0}, .floatValues = [0]{}, .int64Values = [0]{}, .bytes = [0]{}, .stringValue = ""}}
12-30 11:30:08.097   398   464 I VehiclePropertyStore: begin to write value to Store: {.timestamp = 10343919504564, .areaId = 0, .prop = 557850900, .status = AVAILABLE, .value = {.int32Values = [1]{0}, .floatValues = [0]{}, .int64Values = [0]{}, .bytes = [0]{}, .stringValue = ""}}
12-30 11:30:08.097   398   464 I DefaultVehicleHal_v2_0: DefaultVehicleHal::onPropertyValue, value:{.timestamp = 10343919504564, .areaId = 0, .prop = 557850900, .status = AVAILABLE, .value = {.int32Values = [1]{0}, .floatValues = [0]{}, .int64Values = [0]{}, .bytes = [0]{}, .stringValue = ""}}
12-30 11:30:08.097   398   464 D DiagPropHandler: is not DiagnosticConfig: 0x21402114
12-30 11:30:08.097   398   464 I VehiclePropertyStore: begin to write value to Store: {.timestamp = 10343919504564, .areaId = 0, .prop = 557850900, .status = AVAILABLE, .value = {.int32Values = [1]{0}, .floatValues = [0]{}, .int64Values = [0]{}, .bytes = [0]{}, .stringValue = ""}}
12-30 11:30:08.097   398   464 D adayocomadapter-CommunicationManager: onUpstreamReceive mPropertyId 0x21402114
12-30 11:30:08.097   398   464 D adayocomadapter-CommunicationManager: onUpstreamReceive mPropertyId 0x214020b6
12-30 11:30:08.097   398   464 D adayocomadapter-CommunicationManager: convertBytesToInt32Memcpy  0
12-30 11:30:08.097   398   464 I vw-vhal : notifyVehicleProperty, propId = 0x214020b6, data = {status: 2, int32Values: [0]}
12-30 11:30:08.097   398   464 I vw-vhal : CanSignalsAdapter::notifyVehicleProperty: solvedValue = {.timestamp = 10343919755897, .areaId = 0, .prop = 557850806, .status = AVAILABLE, .value = {.int32Values = [1]{0}, .floatValues = [0]{}, .int64Values = [0]{}, .bytes = [0]{}, .stringValue = ""}}
12-30 11:30:08.097   398   464 I VehiclePropertyStore: begin to write value to Store: {.timestamp = 10343919755897, .areaId = 0, .prop = 557850806, .status = AVAILABLE, .value = {.int32Values = [1]{0}, .floatValues = [0]{}, .int64Values = [0]{}, .bytes = [0]{}, .stringValue = ""}}
12-30 11:30:08.098   398   464 I DefaultVehicleHal_v2_0: DefaultVehicleHal::onPropertyValue, value:{.timestamp = 10343919755897, .areaId = 0, .prop = 557850806, .status = AVAILABLE, .value = {.int32Values = [1]{0}, .floatValues = [0]{}, .int64Values = [0]{}, .bytes = [0]{}, .stringValue = ""}}
12-30 11:30:08.098   398   464 D DiagPropHandler: is not DiagnosticConfig: 0x214020b6
12-30 11:30:08.098   398   464 I VehiclePropertyStore: begin to write value to Store: {.timestamp = 10343919755897, .areaId = 0, .prop = 557850806, .status = AVAILABLE, .value = {.int32Values = [1]{0}, .floatValues = [0]{}, .int64Values = [0]{}, .bytes = [0]{}, .stringValue = ""}}
12-30 11:30:08.098   398   464 D adayocomadapter-CommunicationManager: onUpstreamReceive mPropertyId 0x214020b6
12-30 11:30:08.098   398   464 D adayocomadapter-CommunicationManager: onUpstreamReceive mPropertyId 0x21402115
12-30 11:30:08.098   398   464 D adayocomadapter-CommunicationManager: convertBytesToInt32Memcpy  0
12-30 11:30:08.098   398   464 I vw-vhal : notifyVehicleProperty, propId = 0x21402115, data = {status: 2, int32Values: [0]}
12-30 11:30:08.098   398   464 I vw-vhal : CanSignalsAdapter::notifyVehicleProperty: solvedValue = {.timestamp = 10343920249897, .areaId = 0, .prop = 557850901, .status = AVAILABLE, .value = {.int32Values = [1]{0}, .floatValues = [0]{}, .int64Values = [0]{}, .bytes = [0]{}, .stringValue = ""}}
12-30 11:30:08.098   398   464 I VehiclePropertyStore: begin to write value to Store: {.timestamp = 10343920249897, .areaId = 0, .prop = 557850901, .status = AVAILABLE, .value = {.int32Values = [1]{0}, .floatValues = [0]{}, .int64Values = [0]{}, .bytes = [0]{}, .stringValue = ""}}
12-30 11:30:08.098   398   464 I DefaultVehicleHal_v2_0: DefaultVehicleHal::onPropertyValue, value:{.timestamp = 10343920249897, .areaId = 0, .prop = 557850901, .status = AVAILABLE, .value = {.int32Values = [1]{0}, .floatValues = [0]{}, .int64Values = [0]{}, .bytes = [0]{}, .stringValue = ""}}
12-30 11:30:08.098   398   464 D DiagPropHandler: is not DiagnosticConfig: 0x21402115
12-30 11:30:08.098   398   464 I VehiclePropertyStore: begin to write value to Store: {.timestamp = 10343920249897, .areaId = 0, .prop = 557850901, .status = AVAILABLE, .value = {.int32Values = [1]{0}, .floatValues = [0]{}, .int64Values = [0]{}, .bytes = [0]{}, .stringValue = ""}}
12-30 11:30:08.098   398   464 D adayocomadapter-CommunicationManager: onUpstreamReceive mPropertyId 0x21402115
12-30 11:30:08.098   398   464 D adayocomadapter-CommunicationManager: onUpstreamReceive mPropertyId 0x2140211a
12-30 11:30:08.098   398   464 D adayocomadapter-CommunicationManager: convertBytesToInt32Memcpy  0
12-30 11:30:08.098   398   464 I vw-vhal : notifyVehicleProperty, propId = 0x2140211a, data = {status: 2, int32Values: [0]}
12-30 11:30:08.098   398   464 I vw-vhal : CanSignalsAdapter::notifyVehicleProperty: solvedValue = {.timestamp = 10343920466897, .areaId = 0, .prop = 557850906, .status = AVAILABLE, .value = {.int32Values = [1]{0}, .floatValues = [0]{}, .int64Values = [0]{}, .bytes = [0]{}, .stringValue = ""}}
12-30 11:30:08.098   398   464 I VehiclePropertyStore: begin to write value to Store: {.timestamp = 10343920466897, .areaId = 0, .prop = 557850906, .status = AVAILABLE, .value = {.int32Values = [1]{0}, .floatValues = [0]{}, .int64Values = [0]{}, .bytes = [0]{}, .stringValue = ""}}
12-30 11:30:08.098   398   464 I DefaultVehicleHal_v2_0: DefaultVehicleHal::onPropertyValue, value:{.timestamp = 10343920466897, .areaId = 0, .prop = 557850906, .status = AVAILABLE, .value = {.int32Values = [1]{0}, .floatValues = [0]{}, .int64Values = [0]{}, .bytes = [0]{}, .stringValue = ""}}
12-30 11:30:08.098   398   464 D DiagPropHandler: is not DiagnosticConfig: 0x2140211a
12-30 11:30:08.098   398   464 I VehiclePropertyStore: begin to write value to Store: {.timestamp = 10343920466897, .areaId = 0, .prop = 557850906, .status = AVAILABLE, .value = {.int32Values = [1]{0}, .floatValues = [0]{}, .int64Values = [0]{}, .bytes = [0]{}, .stringValue = ""}}
12-30 11:30:08.098   398   464 D adayocomadapter-CommunicationManager: onUpstreamReceive mPropertyId 0x2140211a
12-30 11:30:08.098   398   464 D adayocomadapter-CommunicationManager: onUpstreamReceive mPropertyId 0x2140204b
12-30 11:30:08.098   398   464 D adayocomadapter-CommunicationManager: convertBytesToInt32Memcpy  0
12-30 11:30:08.098   398   464 I vw-vhal : notifyVehicleProperty, propId = 0x2140204b, data = {status: 2, int32Values: [0]}
12-30 11:30:08.098   398   464 I vw-vhal : CanSignalsAdapter::notifyVehicleProperty: solvedValue = {.timestamp = 10343920676231, .areaId = 0, .prop = 557850699, .status = AVAILABLE, .value = {.int32Values = [1]{0}, .floatValues = [0]{}, .int64Values = [0]{}, .bytes = [0]{}, .stringValue = ""}}
12-30 11:30:08.098   398   464 I VehiclePropertyStore: begin to write value to Store: {.timestamp = 10343920676231, .areaId = 0, .prop = 557850699, .status = AVAILABLE, .value = {.int32Values = [1]{0}, .floatValues = [0]{}, .int64Values = [0]{}, .bytes = [0]{}, .stringValue = ""}}
12-30 11:30:08.098   398   464 I DefaultVehicleHal_v2_0: DefaultVehicleHal::onPropertyValue, value:{.timestamp = 10343920676231, .areaId = 0, .prop = 557850699, .status = AVAILABLE, .value = {.int32Values = [1]{0}, .floatValues = [0]{}, .int64Values = [0]{}, .bytes = [0]{}, .stringValue = ""}}
12-30 11:30:08.098   398   464 D DiagPropHandler: is not DiagnosticConfig: 0x2140204b
12-30 11:30:08.098   398   464 I VehiclePropertyStore: begin to write value to Store: {.timestamp = 10343920676231, .areaId = 0, .prop = 557850699, .status = AVAILABLE, .value = {.int32Values = [1]{0}, .floatValues = [0]{}, .int64Values = [0]{}, .bytes = [0]{}, .stringValue = ""}}
12-30 11:30:08.098   398   464 D adayocomadapter-CommunicationManager: onUpstreamReceive mPropertyId 0x2140204b
12-30 11:30:08.098   398   464 D adayocomadapter-CommunicationManager: onUpstreamReceive mPropertyId 0x2140211b
12-30 11:30:08.098   398   464 D adayocomadapter-CommunicationManager: convertBytesToInt32Memcpy  0
12-30 11:30:08.099   398   464 I vw-vhal : notifyVehicleProperty, propId = 0x2140211b, data = {status: 2, int32Values: [0]}
12-30 11:30:08.099  1667 19378 E CarPlay_Service: isConnected(MFiClientApiImpl.java:123)isConnected： true
12-30 11:30:08.099   398   464 I vw-vhal : CanSignalsAdapter::notifyVehicleProperty: solvedValue = {.timestamp = 10343920881897, .areaId = 0, .prop = 557850907, .status = AVAILABLE, .value = {.int32Values = [1]{0}, .floatValues = [0]{}, .int64Values = [0]{}, .bytes = [0]{}, .stringValue = ""}}
12-30 11:30:08.099   398   464 I VehiclePropertyStore: begin to write value to Store: {.timestamp = 10343920881897, .areaId = 0, .prop = 557850907, .status = AVAILABLE, .value = {.int32Values = [1]{0}, .floatValues = [0]{}, .int64Values = [0]{}, .bytes = [0]{}, .stringValue = ""}}
12-30 11:30:08.099   398   464 I DefaultVehicleHal_v2_0: DefaultVehicleHal::onPropertyValue, value:{.timestamp = 10343920881897, .areaId = 0, .prop = 557850907, .status = AVAILABLE, .value = {.int32Values = [1]{0}, .floatValues = [0]{}, .int64Values = [0]{}, .bytes = [0]{}, .stringValue = ""}}
12-30 11:30:08.099   398   464 D DiagPropHandler: is not DiagnosticConfig: 0x2140211b
12-30 11:30:08.099   398   464 I VehiclePropertyStore: begin to write value to Store: {.timestamp = 10343920881897, .areaId = 0, .prop = 557850907, .status = AVAILABLE, .value = {.int32Values = [1]{0}, .floatValues = [0]{}, .int64Values = [0]{}, .bytes = [0]{}, .stringValue = ""}}
12-30 11:30:08.099   398   464 D adayocomadapter-CommunicationManager: onUpstreamReceive mPropertyId 0x2140211b
