12-30 11:30:13.684   879 19383 E libmfi  : [iAP2BuffPoolImplementation.c][312]__iAP2BuffPoolGetRecvPacket malloc lenth = 4152 
12-30 11:30:13.684   879 19383 I libmfi  : [iAP2Link.c][2715]iAP2LinkHandleReadyPacket bDeletePacket = FALSE 
12-30 11:30:13.684   879 19383 I libmfi  : [iAP2Link.c][2802]_CleanupAckedPackets 
12-30 11:30:13.684   879 19383 I libmfi  : [iAP2Link.c][3046]_iAP2LinkProcessInOrderPacketACK 
12-30 11:30:13.684   879 19383 I libmfi  : [iAP2Control.c][208]Recieve Control MessageID = 0x5001 length = 18 
12-30 11:30:13.684   360   931 D EvsDriver: forwardFrame
12-30 11:30:13.684   360   931 D EvsDriver: forwardFrameDirect
12-30 11:30:13.684   879 19383 E libmfi  : [iAP2BuffPoolImplementation.c][209]__iAP2BuffPoolGetSendPacket malloc lenth = 65591 
12-30 11:30:13.684   879 19383 I mfiserver: [MFiDataChannleSocket.cpp][127]len =16 
12-30 11:30:13.684   879 19383 E libmfi  : [iAP2BuffPoolImplementation.c][359]__iAP2BuffPoolReturnRecvPacket
12-30 11:30:13.684  1667  2331 I libmficlient: [MFiClient.cpp][120]Receive Data MID=50 LID=01 
12-30 11:30:13.685   360   931 D EvsDriver: Delivered 0xb400e2ca9e40e110 as id 0
12-30 11:30:13.685  1667  2331 W libmficlientjni: [MFiClientJniUtils.cpp][427]Set array[MediaItemMediaType] Value Failed 
12-30 11:30:13.685  1667  2331 W libmficlientjni: [MFiClientJniUtils.cpp][427]Set array[MediaItemArtworkData] Value Failed 
12-30 11:30:13.685  1667  2331 W CarPlay_Service: playbackUpdate(MediaInfoTrans.java:429)isMediaProxyConnected is false
12-30 11:30:13.685  1667  2331 I libmficlient: [MFiClient.cpp][120]Receive Data MID=11 LID=04 
12-30 11:30:13.685   359   359 D evsmanagerd: /dev/video-evs0 forwarded the buffer #0 to 0xb400f125d2b26dd0 from 0xb400f125e2b20710
12-30 11:30:13.695   360   458 D EvsDriver: doneWithFrame
12-30 11:30:13.706   596  3076 E WifiHAL : Invalid data received from driver
12-30 11:30:13.718   360   931 D EvsDriver: forwardFrame
12-30 11:30:13.718   360   931 D EvsDriver: forwardFrameDirect
12-30 11:30:13.718   360   931 D EvsDriver: Delivered 0xb400e2ca9e40c7a0 as id 1
12-30 11:30:13.718   359   359 D evsmanagerd: /dev/video-evs0 forwarded the buffer #1 to 0xb400f125d2b26dd0 from 0xb400f125e2b20710
12-30 11:30:13.725   360   458 D EvsDriver: doneWithFrame
12-30 11:30:13.732  2358  2623 D RcfController: Rcf proxy is not connected!
12-30 11:30:13.751   360   931 D EvsDriver: forwardFrame
12-30 11:30:13.751   360   931 D EvsDriver: forwardFrameDirect
12-30 11:30:13.751   360   931 D EvsDriver: Delivered 0xb400e2ca9e40e270 as id 0
12-30 11:30:13.751   359   359 D evsmanagerd: /dev/video-evs0 forwarded the buffer #0 to 0xb400f125d2b26dd0 from 0xb400f125e2b20710
12-30 11:30:13.755   360   458 D EvsDriver: doneWithFrame
12-30 11:30:13.758 18971 18971 E TboxWork: bindTboxNetworkSerice
12-30 11:30:13.758 18971 18971 W ContextImpl: Calling a method in the system process without a qualified user: android.app.ContextImpl.bindService:1988 android.content.ContextWrapper.bindService:861 com.visteon.tboxnet.TboxWork.bindTboxNetworkSerice:75 com.visteon.tboxnet.TboxWork.access$400:12 com.visteon.tboxnet.TboxWork$2.run:92 
12-30 11:30:13.759   916  2815 W ActivityManager: Unable to start service Intent { act=com.android.tboxnetworkservice cmp=com.android.tboxnetworkservice/.TboxNetWorkService } U=0: not found
12-30 11:30:13.764  1667  2513 W ContextImpl: Calling a method in the system process without a qualified user: android.app.ContextImpl.bindService:1988 android.content.ContextWrapper.bindService:861 com.ford.sync.fnvservice.analytics.AnalyticsManager$RetryHandler.a:126 com.ford.sync.fnvservice.analytics.AnalyticsManager$RetryHandler.handleMessage:103 android.os.Handler.dispatchMessage:106 
12-30 11:30:13.765   916  2815 W ActivityManager: Unable to start service Intent { cmp=com.ford.sync.fnvservice/.analytics.AnalyticsService } U=0: not found
12-30 11:30:13.765  1667  2513 W AnalyticsManager:  bind ford Analytics failed -> sendRetryMessage 
12-30 11:30:13.766  2338  2545 D SOAServiceManager: SOA Service is Available.
12-30 11:30:13.766  2358  2373 D RcfController: Rcf proxy is not connected!
12-30 11:30:13.767  2338  2545 D NetPermissionProxy: ┌──────────────────────────────────────────────────────────┐
12-30 11:30:13.767  2338  2545 D NetPermissionProxy: │[11:30:13.766][binder:2338_4][queryPermissionLargeSwitch:42]│
12-30 11:30:13.767  2338  2545 D NetPermissionProxy: │ Query network status is off.                             │
12-30 11:30:13.767  2338  2545 D NetPermissionProxy: └──────────────────────────────────────────────────────────┘
12-30 11:30:13.768  2338  2545 I CnsPermissionServiceImpl: ┌──────────────────────────────────────────────────────────┐
12-30 11:30:13.768  2338  2545 I CnsPermissionServiceImpl: │[11:30:13.768][binder:2338_4][queryPermissionLargeSwitch:63]│
12-30 11:30:13.768  2338  2545 I CnsPermissionServiceImpl: │ 18971 is querying Internet large switch, which is false. │
12-30 11:30:13.768  2338  2545 I CnsPermissionServiceImpl: └──────────────────────────────────────────────────────────┘
12-30 11:30:13.769 18971 18971 I CnsCarApp-CellularNetworkRepositoryImpl: Get Cellular network master switch, enabled: false
12-30 11:30:13.769  2338  2545 D SOAServiceManager: SOA Service is Available.
12-30 11:30:13.769  2358  2373 D RcfController: Rcf proxy is not connected!
12-30 11:30:13.770  2338  2545 D NetPermissionProxy: ┌──────────────────────────────────────────────────────────┐
12-30 11:30:13.770  2338  2545 D NetPermissionProxy: │[11:30:13.770][binder:2338_4][queryPermissionLargeSwitch:42]│
12-30 11:30:13.770  2338  2545 D NetPermissionProxy: │ Query network status is off.                             │
12-30 11:30:13.770  2338  2545 D NetPermissionProxy: └──────────────────────────────────────────────────────────┘
12-30 11:30:13.771  2338  2545 I CnsPermissionServiceImpl: ┌──────────────────────────────────────────────────────────┐
12-30 11:30:13.771  2338  2545 I CnsPermissionServiceImpl: │[11:30:13.770][binder:2338_4][queryPermissionLargeSwitch:63]│
12-30 11:30:13.771  2338  2545 I CnsPermissionServiceImpl: │ 18971 is querying Internet large switch, which is false. │
12-30 11:30:13.771  2338  2545 I CnsPermissionServiceImpl: └──────────────────────────────────────────────────────────┘
12-30 11:30:13.771 18971 18971 I CnsCarApp-CellularNetworkRepositoryImpl: Get Cellular network master switch, enabled: false
12-30 11:30:13.779  1547  2118 D ANW_AVRCP: (1547|0x6EF3FCB0)[AVRCP] API getPlayStatusTimerHandler
12-30 11:30:13.779  1547  2118 D ANW_AVRCP: (1547|0x6EF3FCB0)[AVRCP] API AVRCP_GetPlayStatus
12-30 11:30:13.779  1547  2118 D ANWStack: [  10349601][ANWBT] <<Avctp_Send_Message 0/1:
12-30 11:30:13.779  1547  2118 D ANWStack: 
12-30 11:30:13.779  1547  2118 D ANWStack: [  10349601][ANWBT] L2CAP: L2_RetrieveHandle called, cid=0x83
12-30 11:30:13.779  1547  2118 D ANWStack: 
12-30 11:30:13.780   798 21505 W adbd    : timed out while waiting for FUNCTIONFS_BIND, trying again
12-30 11:30:13.780   798 21505 I adbd    : UsbFfs: connection terminated: monitor thread finished
12-30 11:30:13.780   798   798 I adbd    : UsbFfs: already offline
12-30 11:30:13.780   798   798 I adbd    : destroying transport UsbFfs
12-30 11:30:13.780   798   798 I adbd    : UsbFfsConnection being destroyed
12-30 11:30:13.782  2358  2623 D RcfController: Rcf proxy is not connected!
12-30 11:30:13.784   360   931 D EvsDriver: forwardFrame
12-30 11:30:13.784   360   931 D EvsDriver: forwardFrameDirect
12-30 11:30:13.784   360   931 D EvsDriver: Delivered 0xb400e2ca9e40d4b0 as id 1
12-30 11:30:13.784   359   359 D evsmanagerd: /dev/video-evs0 forwarded the buffer #1 to 0xb400f125d2b26dd0 from 0xb400f125e2b20710
12-30 11:30:13.786   360   458 D EvsDriver: doneWithFrame
12-30 11:30:13.800  1547  2118 D ANWAPI  : (1547|0x6EF3FCB0)[BTAPI] AnwhciEventCallback 19 1
12-30 11:30:13.800  1547  2118 D ANWStack: [  10349622][ANWBT] >>Avctp_L2cap_Data_Ind_Cb
12-30 11:30:13.800  1547  2118 D ANWStack: 
12-30 11:30:13.800  1547  2118 D ANWStack: [  10349622][ANWBT] AVCTP Message Length = 22
12-30 11:30:13.800  1547  2118 D ANWStack: [  10349622][ANWBT] Receive AVCTP_SINGLE_PACKET
12-30 11:30:13.800  1547  2118 D ANW_AVRCP: (1547|0x6EF3FCB0)[AVRCP] [**AVRCP**] 0xf2 0x110e
12-30 11:30:13.800  1547  2118 D ANW_AVRCP: (1547|0x6EF3FCB0)[AVRCP] opcode match 0x0
12-30 11:30:13.800  1547  2118 D ANW_AVRCP: 
12-30 11:30:13.800  1547  2118 D ANW_AVRCP: (1547|0x6EF3FCB0)[AVRCP] subopcode match 0x30, update ctype 0x1->0xc
12-30 11:30:13.800  1547  2118 D ANW_AVRCP: 
12-30 11:30:13.800  1547  2118 D ANW_AVRCP: (1547|0x6EF3FCB0)[AVRCP] AVRCP_Packet_Parser Response
12-30 11:30:13.800  1547  2118 D ANW_AVRCP: 
12-30 11:30:13.800  1547  2118 D ANW_AVRCP: (1547|0x6EF3FCB0)[AVRCP] AVRCP_Get_Play_Status_RSP_Handler 73691/205014 1
12-30 11:30:13.800  1547  2118 D ANWAPI  : (1547|0x6EF3FCB0)[BTAPI] connmgr_find_by_handle pData = 0xb400fa68ee34c5e0,7
12-30 11:30:13.800  1547  2118 D ANWAPI  : (1547|0x6EF3FCB0)[BTAPI] ===BTAPI_MallocIdxMsg 1030 16
12-30 11:30:13.800  1547  2118 D ANWAPI  : (1547|0x6EF3FCB0)[BTAPI] *BT_CB_Dispatch
12-30 11:30:13.800  1547  2118 D ANWAPI  : (1547|0x6EF3FCB0)[BTAPI] *****SDK callback(0x406)
12-30 11:30:13.800  1547  2118 D ANWAPI  : (1547|0x6EF3FCB0)[BTAPI] SDK***** [34:10:be:3d:c6:77][0]
12-30 11:30:13.800  1547  2118 D ANWAPI  : (1547|0x6EF3FCB0)[BTAPI] btsdk_exec_apicb start
12-30 11:30:13.800  1547  2118 D ANWAPI  : (1547|0x6EF3FCB0)[BTAPI] Up: AvrcpMsgHandler receive[34:10:BE:3D:C6:77], Get Device ID(0)
12-30 11:30:13.800  1547  2118 D ANWAPI  : 
12-30 11:30:13.800  1547  2118 D ANWAPI  : (1547|0x6EF3FCB0)[BTAPI] Up: AnWBT_AVRCP_CURRENT_PLAY_STATUS_IND
12-30 11:30:13.800  1547  2118 D ANWAPI  : 
12-30 11:30:13.800  1547  2118 D ANWAPI  : (1547|0x6EF3FCB0)[BTAPI] songLengthMs     =205014
12-30 11:30:13.800  1547  2118 D ANWAPI  : 
12-30 11:30:13.800  1547  2118 D ANWAPI  : (1547|0x6EF3FCB0)[BTAPI] songPositionMs   =73691
12-30 11:30:13.800  1547  2118 D ANWAPI  : 
12-30 11:30:13.800  1547  2118 I ANW bt_btif: AvrcpMsgHandler: HAL bt_rc_ctrl_callbacks->play_position_changed_cb
12-30 11:30:13.800  1547  2118 I BluetoothAvrcpControllerJni: btavrcp_play_position_changed_callback
12-30 11:30:13.800  1547  2118 D AvrcpControllerService: onPlayPositionChanged pos 73691
12-30 11:30:13.801  1547  2118 D ANWAPI  : (1547|0x6EF3FCB0)[BTAPI] currentPlayStatus=1
12-30 11:30:13.801  1547  2118 D ANWAPI  : 
12-30 11:30:13.801  1547  2118 I ANW bt_btif: AvrcpMsgHandler: HAL bt_rc_ctrl_callbacks->play_status_changed_cb
12-30 11:30:13.801  1547  2118 I BluetoothAvrcpControllerJni: btavrcp_play_status_changed_callback
12-30 11:30:13.801  1547 19344 D AvrcpControllerStateMachine: Avrcp.ConnectedAvrcpController processMessage MESSAGE_PROCESS_PLAY_POS_CHANGED
12-30 11:30:13.801  1547  2118 D AvrcpControllerService: onPlayStatusChanged 1
12-30 11:30:13.801  1547 19344 D AvrcpPlayer: getPlayBackState state 3 time 73691
12-30 11:30:13.801  1547 19344 D BluetoothMediaBrowserService: notifyChanged PlaybackStatePlaybackState {state=3, position=73691, buffered position=0, speed=1.0, updated=10349623, actions=2375735, error code=0, error message=null, custom actions=[], active item id=-1}
12-30 11:30:13.801  1547  2118 D ANWAPI  : (1547|0x6EF3FCB0)[BTAPI] btsdk_exec_apicb end
12-30 11:30:13.802  1547 19344 D AvrcpControllerStateMachine: Avrcp.ConnectedAvrcpController processMessage MESSAGE_PROCESS_PLAY_STATUS_CHANGED
12-30 11:30:13.802 21940 21952 D MC2ImplBase: onCustomCommand cmd=com.fawvw.mw.mediaengine.ACTION_PLAYER_POSITION_CHANGED
12-30 11:30:13.802  1547 19344 D AvrcpControllerStateMachine: Playback status changed to 3
12-30 11:30:13.802  1547 19344 D AvrcpPlayer: getPlayBackState state 3 time 73692
12-30 11:30:13.802  1547 19344 D BluetoothMediaBrowserService: notifyChanged PlaybackStatePlaybackState {state=3, position=73692, buffered position=0, speed=1.0, updated=10349624, actions=2375735, error code=0, error message=null, custom actions=[], active item id=-1}
12-30 11:30:13.803  1547 19344 D AvrcpPlayer: getPlayBackState state 3 time 73692
12-30 11:30:13.803 21940 21952 D MC2ImplBase: onCustomCommand cmd=com.fawvw.mw.mediaengine.ACTION_PLAYER_POSITION_CHANGED
12-30 11:30:13.813  1667  2410 I media_message_log->MediaMessageUserProxy: (SourceFile:1)b connectToService action bind
12-30 11:30:13.814   916  2815 W ActivityManager: Unable to start service Intent { cmp=com.adayo.server.mediamessagetransfer/.MediaMessTransferService (has extras) } U=0: not found
12-30 11:30:13.814  1667  2410 E media_message_log->MediaMessageUserProxy: (SourceFile:7)a bindServiceAsUser isBound = false
12-30 11:30:13.817   360   931 D EvsDriver: forwardFrame
12-30 11:30:13.818   360   931 D EvsDriver: forwardFrameDirect
12-30 11:30:13.818   360   931 D EvsDriver: Delivered 0xb400e2ca9e40c2d0 as id 0
12-30 11:30:13.818   359   359 D evsmanagerd: /dev/video-evs0 forwarded the buffer #0 to 0xb400f125d2b26dd0 from 0xb400f125e2b20710
12-30 11:30:13.822 21940 21940 D MediaSessionMonitor: onPlaybackStateChanged: [com.android.bluetooth] state = 3
12-30 11:30:13.822 21940 21940 D MediaSessionMonitor: updateSourcePlayState: pkg = com.android.bluetooth, state = 3
12-30 11:30:13.822   596  3076 E WifiHAL : Invalid data received from driver
12-30 11:30:13.822   596  3076 E WifiHAL : Invalid data received from driver
12-30 11:30:13.822   596  3076 E WifiHAL : Invalid data received from driver
12-30 11:30:13.822 21940 21940 I CNS_MEDIA_BT_MUSIC__MediaClient: onCustomCommand, action: com.fawvw.mw.mediaengine.ACTION_PLAYER_POSITION_CHANGED, extra: Bundle[mParcelledData.dataSize=124]
12-30 11:30:13.822   596  3076 E WifiHAL : Invalid data received from driver
12-30 11:30:13.822   596  3076 E WifiHAL : Invalid data received from driver
12-30 11:30:13.822   596  3076 E WifiHAL : Invalid data received from driver
12-30 11:30:13.822   596  3076 E WifiHAL : Invalid data received from driver
12-30 11:30:13.822  2045  2131 D InfotainmentBridge_Native: fireDuration
12-30 11:30:13.822  2045  2131 D InfotainmentBridge_Native: fireDuration() -- source: 3
12-30 11:30:13.822  2045  2131 D InfotainmentBridge_Native: fireDuration() -- value_16: 73
12-30 11:30:13.823 21940 21940 D MediaSessionMonitor: onPlaybackStateChanged: [com.android.bluetooth] state = 3
12-30 11:30:13.823 21940 21940 D MediaSessionMonitor: updateSourcePlayState: pkg = com.android.bluetooth, state = 3
12-30 11:30:13.823 21940 21940 I CNS_MEDIA_BT_MUSIC__MediaClient: onCustomCommand, action: com.fawvw.mw.mediaengine.ACTION_PLAYER_POSITION_CHANGED, extra: Bundle[mParcelledData.dataSize=124]
12-30 11:30:13.824  2045  2131 D InfotainmentBridge_Native: fireDuration
12-30 11:30:13.824  2045  2131 D InfotainmentBridge_Native: fireDuration() -- source: 3
12-30 11:30:13.824  2045  2131 D InfotainmentBridge_Native: fireDuration() -- value_16: 73
12-30 11:30:13.826   798   838 I adbd    : opening control endpoint /dev/usb-ffs/adb/ep0
12-30 11:30:13.826   360   458 D EvsDriver: doneWithFrame
12-30 11:30:13.827   798   838 I adbd    : UsbFfsConnection constructed
12-30 11:30:13.827   798 21511 I adbd    : UsbFfs-monitor thread spawned
12-30 11:30:13.824   657   657 I auditd  : type=1400 audit(0.0:1156962): avc:  denied  { ioctl } for  comm="evs_app.adayo" path="/dev/dri/renderD128" dev="tmpfs" ino=468 ioctlcmd=0x6440 scontext=u:r:evs_app_adayo:s0 tcontext=u:object_r:gpu_device:s0 tclass=chr_file permissive=1
12-30 11:30:13.824   657   657 I evs_app.adayo: type=1400 audit(0.0:1156962): avc:  denied  { ioctl } for  path="/dev/dri/renderD128" dev="tmpfs" ino=468 ioctlcmd=0x6440 scontext=u:r:evs_app_adayo:s0 tcontext=u:object_r:gpu_device:s0 tclass=chr_file permissive=1
01-01 10:52:30.836   838   838 I         : read descriptors
12-30 11:30:13.832  2358  2623 D RcfController: Rcf proxy is not connected!
12-30 11:30:13.833   596  3076 E WifiHAL : Invalid data received from driver
12-30 11:30:13.847   650   729 D fgemcucomm: sd Uart data : 6AA60244030002920221
12-30 11:30:13.847   650   729 D fgemcucomm: rev uart=85873,len=35, data : 6AA6814403001B92020203000000000000000000000000000000000000000000000084
12-30 11:30:13.847   398   466 D adayocomadapter-ParseProtocolFunc: printRaWMsg Name[MCUToUPstream recv] len[27] data[920202030000000000000000000000000000000000000000000000]
12-30 11:30:13.847   398   466 D adayocomadapter-CommunicationManager: onUpstreamback   member[2] dataLength[24] timePoint[10349669]
12-30 11:30:13.847   398   466 D adayocomadapter-ParseProtocolFunc: printRaWMsg Name[onUpstreamback] len[24] data[030000000000000000000000000000000000000000000000]
12-30 11:30:13.847   398   464 D adayocomadapter-UpstreamHandler: processBeforePacket upSreamtProcessTimePoint[10349669] 
12-30 11:30:13.848   398   464 D adayocomadapter-ParseProtocolFunc: parseGeneralIPCLBytes Processing tablename[Table-3] tableSize[23]
12-30 11:30:13.848   398   464 D adayocomadapter-ParseProtocolFunc: printRaWMsg Name[byteStream recv] len[24] data[030000000000000000000000000000000000000000000000]
12-30 11:30:13.848   398   464 D adayocomadapter-ParseProtocolFunc: printRaWMsg Name[IPCLtoVHAL] len[28] data[2110208E010000000000000000000000000000000000000000000000]
12-30 11:30:13.848   398   464 D adayocomadapter-CommunicationManager: onUpstreamReceive mPropertyId 0x2110208e
12-30 11:30:13.848   398   464 D adayocomadapter-CommunicationManager: byteArrayToHexString  
12-30 11:30:13.848   398   464 I vw-vhal : notifyVehicleProperty, propId = 0x2110208e, data = {status: 2, stringValue: "
12-30 11:30:13.848   398   464 I vw-vhal : CanSignalsAdapter::notifyVehicleProperty: solvedValue = {.timestamp = 10349670348565, .areaId = 0, .prop = 554705038, .status = AVAILABLE, .value = {.int32Values = [0]{}, .floatValues = [0]{}, .int64Values = [0]{}, .bytes = [0]{}, .stringValue = ""}}
12-30 11:30:13.848   398   464 I VehiclePropertyStore: begin to write value to Store: {.timestamp = 10349670348565, .areaId = 0, .prop = 554705038, .status = AVAILABLE, .value = {.int32Values = [0]{}, .floatValues = [0]{}, .int64Values = [0]{}, .bytes = [0]{}, .stringValue = ""}}
12-30 11:30:13.848   398   464 I DefaultVehicleHal_v2_0: DefaultVehicleHal::onPropertyValue, value:{.timestamp = 10349670348565, .areaId = 0, .prop = 554705038, .status = AVAILABLE, .value = {.int32Values = [0]{}, .floatValues = [0]{}, .int64Values = [0]{}, .bytes = [0]{}, .stringValue = ""}}
12-30 11:30:13.848   398   464 D DiagPropHandler: is not DiagnosticConfig: 0x2110208e
12-30 11:30:13.848   398   464 I VehiclePropertyStore: begin to write value to Store: {.timestamp = 10349670348565, .areaId = 0, .prop = 554705038, .status = AVAILABLE, .value = {.int32Values = [0]{}, .floatValues = [0]{}, .int64Values = [0]{}, .bytes = [0]{}, .stringValue = ""}}
12-30 11:30:13.848   398   464 D adayocomadapter-CommunicationManager: onUpstreamReceive mPropertyId 0x2110208e
12-30 11:30:13.851   360   931 D EvsDriver: forwardFrame
12-30 11:30:13.851   360   931 D EvsDriver: forwardFrameDirect
12-30 11:30:13.851   360   931 D EvsDriver: Delivered 0xb400e2ca9e40d090 as id 1
12-30 11:30:13.851   359   359 D evsmanagerd: /dev/video-evs0 forwarded the buffer #1 to 0xb400f125d2b26dd0 from 0xb400f125e2b20710
12-30 11:30:13.857   360   458 D EvsDriver: doneWithFrame
12-30 11:30:13.873  2475  2681 I TtsServiceAgent: check thread start checking, threadId = 29
12-30 11:30:13.873  2475  2681 D TtsServiceAgent: start bind service...
12-30 11:30:13.873  2475  2681 D TtsServiceAgent: ----->initService, usage = 16
12-30 11:30:13.873  2475  2681 W ContextImpl: Calling a method in the system process without a qualified user: android.app.ContextImpl.bindService:1988 android.content.ContextWrapper.bindService:861 com.iflytek.autofly.ttsaidl.ttsproxy.TtsServiceAgent.initService:189 com.iflytek.autofly.ttsaidl.ttsproxy.TtsServiceAgent.initService:133 com.iflytek.autofly.ttsaidl.ttsproxy.TtsServiceAgent$2.run:517 
12-30 11:30:13.874   916  2815 W ActivityManager: Unable to start service Intent { act=com.iflytek.autofly.tts.ttsservice.TtsAdapterService cmp=com.iflytek.cutefly.speechclient.hmi/com.iflytek.autofly.tts.ttsservice.TtsAdapterService } U=0: not found
12-30 11:30:13.874  2475  2681 D TtsServiceAgent: bindService: false
12-30 11:30:13.874  2475  2681 D TtsServiceAgent: start reInitService
12-30 11:30:13.874  2475  2681 D TtsServiceAgent: aidlCheckThreadRunning = true
12-30 11:30:13.874  2475  2681 D TtsServiceAgent: ----->check connection status in 1000s...
12-30 11:30:13.882  2358  2623 D RcfController: Rcf proxy is not connected!
12-30 11:30:13.884   360   931 D EvsDriver: forwardFrame
12-30 11:30:13.884   360   931 D EvsDriver: forwardFrameDirect
12-30 11:30:13.885   360   931 D EvsDriver: Delivered 0xb400e2ca9e40e110 as id 0
12-30 11:30:13.885   359   359 D evsmanagerd: /dev/video-evs0 forwarded the buffer #0 to 0xb400f125d2b26dd0 from 0xb400f125e2b20710
12-30 11:30:13.887   360   458 D EvsDriver: doneWithFrame
12-30 11:30:13.917   360   931 D EvsDriver: forwardFrame
12-30 11:30:13.917   360   931 D EvsDriver: forwardFrameDirect
12-30 11:30:13.918   360   931 D EvsDriver: Delivered 0xb400e2ca9e40c7a0 as id 1
12-30 11:30:13.918   359   359 D evsmanagerd: /dev/video-evs0 forwarded the buffer #1 to 0xb400f125d2b26dd0 from 0xb400f125e2b20710
12-30 11:30:13.928   360   458 D EvsDriver: doneWithFrame
12-30 11:30:13.928   596  3076 E WifiHAL : Invalid data received from driver
12-30 11:30:13.932  2358  2623 D RcfController: Rcf proxy is not connected!
12-30 11:30:13.951   360   931 D EvsDriver: forwardFrame
12-30 11:30:13.951   360   931 D EvsDriver: forwardFrameDirect
12-30 11:30:13.951   360   931 D EvsDriver: Delivered 0xb400e2ca9e40e270 as id 0
12-30 11:30:13.951   359   359 D evsmanagerd: /dev/video-evs0 forwarded the buffer #0 to 0xb400f125d2b26dd0 from 0xb400f125e2b20710
12-30 11:30:13.958   360   458 D EvsDriver: doneWithFrame
12-30 11:30:13.982  1582  3078 I c       : checkService in back thread add: adayo.upgrade.v2.0
12-30 11:30:13.983  2358  2623 D RcfController: Rcf proxy is not connected!
12-30 11:30:13.983  1582  3078 E upgradeApp_251223_V1  l: d(null:11)pre->c(null:23)-> serviceBinder is null
12-30 11:30:13.983  1582  3078 W c       : doBindService in back thread fail: adayo.upgrade.v2.0
12-30 11:30:13.984   360   931 D EvsDriver: forwardFrame
12-30 11:30:13.984   360   931 D EvsDriver: forwardFrameDirect
12-30 11:30:13.984   360   931 D EvsDriver: Delivered 0xb400e2ca9e40d4b0 as id 1
12-30 11:30:13.984   359   359 D evsmanagerd: /dev/video-evs0 forwarded the buffer #1 to 0xb400f125d2b26dd0 from 0xb400f125e2b20710
12-30 11:30:13.988   360   458 D EvsDriver: doneWithFrame
12-30 11:30:14.008   596  3076 E WifiHAL : Invalid data received from driver
12-30 11:30:14.017   360   931 D EvsDriver: forwardFrame
12-30 11:30:14.017   360   931 D EvsDriver: forwardFrameDirect
12-30 11:30:14.018   360   931 D EvsDriver: Delivered 0xb400e2ca9e40c2d0 as id 0
12-30 11:30:14.018   359   359 D evsmanagerd: /dev/video-evs0 forwarded the buffer #0 to 0xb400f125d2b26dd0 from 0xb400f125e2b20710
12-30 11:30:14.018   360   458 D EvsDriver: doneWithFrame
12-30 11:30:14.020  1667  3615 I libmficlientjni: [com_adayo_mficlient_Proxy.cpp][759]Enter 
12-30 11:30:14.021  1667  3615 I libmficlientjni: [com_adayo_mficlient_Proxy.cpp][772]Leave 
12-30 11:30:14.021   879  2332 I mfiserver: [MFiProxy.cpp][675]messageMID =1C LID=00 com.adayo.carplay 
12-30 11:30:14.021   879  2332 I libmfi  : [iAPUtils.c][654]Enter int iAPSendLocationData(iAPUtils_t *, char *) 
12-30 11:30:14.021   879  2332 I libmfi  : [iAP2Control.c][360]Send Control MessageID = 0xFFFB length=149
12-30 11:30:14.021   879  2332 I libmfi  : [iAP2Link.c][2399]iAP2LinkQueueSendData 
12-30 11:30:14.021   879  2332 E libmfi  : [iAP2BuffPoolImplementation.c][209]__iAP2BuffPoolGetSendPacket malloc lenth = 65591 
12-30 11:30:14.021   879  2332 I libmfi  : [iAP2Link.c][2310]iAP2LinkProcessOutQueue 
12-30 11:30:14.021   879  2332 I mfiserver: [MFiDataChannleSocket.cpp][127]len =166 
12-30 11:30:14.021   879  2332 I libmfi  : [iAP2Control.c][367]Send Control MessageID = 0xFFFB end state = 1 
12-30 11:30:14.021   879  2332 I libmfi  : [iAPUtils.c][682]Leave int iAPSendLocationData(iAPUtils_t *, char *) 
12-30 11:30:14.021  1667  2331 I libmficlient: [MFiClient.cpp][120]Receive Data MID=11 LID=04 
12-30 11:30:14.033  2358  2623 D RcfController: Rcf proxy is not connected!
12-30 11:30:14.045   650   729 D fgemcucomm: sd Uart data : 6AA60244040002920220
12-30 11:30:14.045   650   729 D fgemcucomm: rev uart=85874,len=14, data : 6AA681440400069202000B000092
12-30 11:30:14.045   398   466 D adayocomadapter-ParseProtocolFunc: printRaWMsg Name[MCUToUPstream recv] len[6] data[9202000B0000]
12-30 11:30:14.045   398   466 D adayocomadapter-CommunicationManager: onUpstreamback   member[0] dataLength[3] timePoint[10349867]
12-30 11:30:14.045   398   466 D adayocomadapter-ParseProtocolFunc: printRaWMsg Name[onUpstreamback] len[3] data[0B0000]
12-30 11:30:14.045   398   464 D adayocomadapter-UpstreamHandler: processBeforePacket upSreamtProcessTimePoint[10349867] 
12-30 11:30:14.045   398   464 D adayocomadapter-UpstreamHandler: processPacket UPSTREAM_QUEUE_DATA_TIMEOUT
12-30 11:30:14.045   398   464 D adayocomadapter-ParseProtocolFunc: parseCommonIPCLBytes Processing tableNumber[11]
12-30 11:30:14.045   398   464 D adayocomadapter-ParseProtocolFunc: parseCommonIPCLBytes Processing tablename[Table-11] tableSize[3]
12-30 11:30:14.045   398   464 D adayocomadapter-ParseProtocolFunc: printRaWMsg Name[byteStream recv] len[3] data[0B0000]
12-30 11:30:14.045   398   464 D adayocomadapter-ParseProtocolFunc: printRaWMsg Name[IPCLtoVHAL] len[7] data[2140200B000000]
12-30 11:30:14.045   398   464 D adayocomadapter-CommunicationManager: onUpstreamReceive mPropertyId 0x2140200b
12-30 11:30:14.045   398   464 D adayocomadapter-CommunicationManager: convertBytesToInt32Memcpy  0
12-30 11:30:14.045   398   464 I vw-vhal : notifyVehicleProperty, propId = 0x2140200b, data = {status: 2, int32Values: [0]}
12-30 11:30:14.045   398   464 I vw-vhal : CanSignalsAdapter::notifyVehicleProperty: solvedValue = {.timestamp = 10349867604231, .areaId = 0, .prop = 557850635, .status = AVAILABLE, .value = {.int32Values = [1]{0}, .floatValues = [0]{}, .int64Values = [0]{}, .bytes = [0]{}, .stringValue = ""}}
12-30 11:30:14.045   398   464 I VehiclePropertyStore: begin to write value to Store: {.timestamp = 10349867604231, .areaId = 0, .prop = 557850635, .status = AVAILABLE, .value = {.int32Values = [1]{0}, .floatValues = [0]{}, .int64Values = [0]{}, .bytes = [0]{}, .stringValue = ""}}
12-30 11:30:14.045   398   464 I DefaultVehicleHal_v2_0: DefaultVehicleHal::onPropertyValue, value:{.timestamp = 10349867604231, .areaId = 0, .prop = 557850635, .status = AVAILABLE, .value = {.int32Values = [1]{0}, .floatValues = [0]{}, .int64Values = [0]{}, .bytes = [0]{}, .stringValue = ""}}
12-30 11:30:14.045   398   464 D DiagPropHandler: is not DiagnosticConfig: 0x2140200b
12-30 11:30:14.045   398   464 I VehiclePropertyStore: begin to write value to Store: {.timestamp = 10349867604231, .areaId = 0, .prop = 557850635, .status = AVAILABLE, .value = {.int32Values = [1]{0}, .floatValues = [0]{}, .int64Values = [0]{}, .bytes = [0]{}, .stringValue = ""}}
12-30 11:30:14.045   398   464 D adayocomadapter-CommunicationManager: onUpstreamReceive mPropertyId 0x2140200b
12-30 11:30:14.051   360   931 D EvsDriver: forwardFrame
12-30 11:30:14.051   360   931 D EvsDriver: forwardFrameDirect
12-30 11:30:14.051   360   931 D EvsDriver: Delivered 0xb400e2ca9e40d090 as id 1
12-30 11:30:14.051   359   359 D evsmanagerd: /dev/video-evs0 forwarded the buffer #1 to 0xb400f125d2b26dd0 from 0xb400f125e2b20710
12-30 11:30:14.059   360   458 D EvsDriver: doneWithFrame
12-30 11:30:14.083  2358  2623 D RcfController: Rcf proxy is not connected!
12-30 11:30:14.084   360   931 D EvsDriver: forwardFrame
12-30 11:30:14.084   360   931 D EvsDriver: forwardFrameDirect
12-30 11:30:14.084   360   931 D EvsDriver: Delivered 0xb400e2ca9e40e110 as id 0
12-30 11:30:14.084   359   359 D evsmanagerd: /dev/video-evs0 forwarded the buffer #0 to 0xb400f125d2b26dd0 from 0xb400f125e2b20710
12-30 11:30:14.089   360   458 D EvsDriver: doneWithFrame
12-30 11:30:14.095   650   729 D fgemcucomm: sd Uart data : 6AA6024405000292021F
12-30 11:30:14.095   650   729 D fgemcucomm: rev uart=85875,len=19, data : 6AA6814405000B9202000F0000000000000088
12-30 11:30:14.095   398   466 D adayocomadapter-ParseProtocolFunc: printRaWMsg Name[MCUToUPstream recv] len[11] data[9202000F00000000000000]
12-30 11:30:14.095   398   466 D adayocomadapter-CommunicationManager: onUpstreamback   member[0] dataLength[8] timePoint[10349917]
12-30 11:30:14.095   398   466 D adayocomadapter-ParseProtocolFunc: printRaWMsg Name[onUpstreamback] len[8] data[0F00000000000000]
12-30 11:30:14.095   398   464 D adayocomadapter-UpstreamHandler: processBeforePacket upSreamtProcessTimePoint[10349917] 
12-30 11:30:14.095   398   464 D adayocomadapter-UpstreamHandler: processPacket UPSTREAM_QUEUE_DATA_TIMEOUT
12-30 11:30:14.095   398   464 D adayocomadapter-ParseProtocolFunc: parseCommonIPCLBytes Processing tableNumber[15]
12-30 11:30:14.095   398   464 D adayocomadapter-ParseProtocolFunc: parseCommonIPCLBytes Processing tablename[Table-15] tableSize[8]
12-30 11:30:14.095   398   464 D adayocomadapter-ParseProtocolFunc: printRaWMsg Name[byteStream recv] len[8] data[0F00000000000000]
12-30 11:30:14.095   398   464 D adayocomadapter-ParseProtocolFunc: printRaWMsg Name[IPCLtoVHAL] len[6] data[214020F30000]
12-30 11:30:14.095   398   464 D adayocomadapter-ParseProtocolFunc: printRaWMsg Name[IPCLtoVHAL] len[6] data[214020F40000]
12-30 11:30:14.095   398   464 D adayocomadapter-ParseProtocolFunc: printRaWMsg Name[IPCLtoVHAL] len[6] data[214020F50000]
12-30 11:30:14.095   398   464 D adayocomadapter-ParseProtocolFunc: printRaWMsg Name[IPCLtoVHAL] len[6] data[214020F60000]
12-30 11:30:14.096   398   464 D adayocomadapter-ParseProtocolFunc: printRaWMsg Name[IPCLtoVHAL] len[6] data[214020F70000]
12-30 11:30:14.096   398   464 D adayocomadapter-ParseProtocolFunc: printRaWMsg Name[IPCLtoVHAL] len[6] data[214020F80000]
12-30 11:30:14.096   398   464 D adayocomadapter-ParseProtocolFunc: printRaWMsg Name[IPCLtoVHAL] len[6] data[214020F90000]
12-30 11:30:14.096   398   464 D adayocomadapter-CommunicationManager: onUpstreamReceive mPropertyId 0x214020f3
12-30 11:30:14.096   398   464 D adayocomadapter-CommunicationManager: convertBytesToInt32Memcpy  0
12-30 11:30:14.096   398   464 I vw-vhal : notifyVehicleProperty, propId = 0x214020f3, data = {status: 2, int32Values: [0]}
12-30 11:30:14.096   398   464 I vw-vhal : CanSignalsAdapter::notifyVehicleProperty: solvedValue = {.timestamp = 10349918002898, .areaId = 0, .prop = 557850867, .status = AVAILABLE, .value = {.int32Values = [1]{0}, .floatValues = [0]{}, .int64Values = [0]{}, .bytes = [0]{}, .stringValue = ""}}
12-30 11:30:14.096   398   464 I VehiclePropertyStore: begin to write value to Store: {.timestamp = 10349918002898, .areaId = 0, .prop = 557850867, .status = AVAILABLE, .value = {.int32Values = [1]{0}, .floatValues = [0]{}, .int64Values = [0]{}, .bytes = [0]{}, .stringValue = ""}}
12-30 11:30:14.096   398   464 I DefaultVehicleHal_v2_0: DefaultVehicleHal::onPropertyValue, value:{.timestamp = 10349918002898, .areaId = 0, .prop = 557850867, .status = AVAILABLE, .value = {.int32Values = [1]{0}, .floatValues = [0]{}, .int64Values = [0]{}, .bytes = [0]{}, .stringValue = ""}}
12-30 11:30:14.096   398   464 D DiagPropHandler: is not DiagnosticConfig: 0x214020f3
12-30 11:30:14.096   398   464 I VehiclePropertyStore: begin to write value to Store: {.timestamp = 10349918002898, .areaId = 0, .prop = 557850867, .status = AVAILABLE, .value = {.int32Values = [1]{0}, .floatValues = [0]{}, .int64Values = [0]{}, .bytes = [0]{}, .stringValue = ""}}
12-30 11:30:14.096   398   464 D adayocomadapter-CommunicationManager: onUpstreamReceive mPropertyId 0x214020f3
12-30 11:30:14.096   398   464 D adayocomadapter-CommunicationManager: onUpstreamReceive mPropertyId 0x214020f4
12-30 11:30:14.096   398   464 D adayocomadapter-CommunicationManager: convertBytesToInt32Memcpy  0
12-30 11:30:14.096   398   464 I vw-vhal : notifyVehicleProperty, propId = 0x214020f4, data = {status: 2, int32Values: [0]}
12-30 11:30:14.096   398   464 I vw-vhal : CanSignalsAdapter::notifyVehicleProperty: solvedValue = {.timestamp = 10349918230231, .areaId = 0, .prop = 557850868, .status = AVAILABLE, .value = {.int32Values = [1]{0}, .floatValues = [0]{}, .int64Values = [0]{}, .bytes = [0]{}, .stringValue = ""}}
12-30 11:30:14.096   398   464 I VehiclePropertyStore: begin to write value to Store: {.timestamp = 10349918230231, .areaId = 0, .prop = 557850868, .status = AVAILABLE, .value = {.int32Values = [1]{0}, .floatValues = [0]{}, .int64Values = [0]{}, .bytes = [0]{}, .stringValue = ""}}
12-30 11:30:14.096   398   464 I DefaultVehicleHal_v2_0: DefaultVehicleHal::onPropertyValue, value:{.timestamp = 10349918230231, .areaId = 0, .prop = 557850868, .status = AVAILABLE, .value = {.int32Values = [1]{0}, .floatValues = [0]{}, .int64Values = [0]{}, .bytes = [0]{}, .stringValue = ""}}
12-30 11:30:14.096   398   464 D DiagPropHandler: is not DiagnosticConfig: 0x214020f4
12-30 11:30:14.096   398   464 I VehiclePropertyStore: begin to write value to Store: {.timestamp = 10349918230231, .areaId = 0, .prop = 557850868, .status = AVAILABLE, .value = {.int32Values = [1]{0}, .floatValues = [0]{}, .int64Values = [0]{}, .bytes = [0]{}, .stringValue = ""}}
12-30 11:30:14.096   398   464 D adayocomadapter-CommunicationManager: onUpstreamReceive mPropertyId 0x214020f4
12-30 11:30:14.096   398   464 D adayocomadapter-CommunicationManager: onUpstreamReceive mPropertyId 0x214020f5
12-30 11:30:14.096   398   464 D adayocomadapter-CommunicationManager: convertBytesToInt32Memcpy  0
12-30 11:30:14.096   398   464 I vw-vhal : notifyVehicleProperty, propId = 0x214020f5, data = {status: 2, int32Values: [0]}
12-30 11:30:14.096   398   464 I vw-vhal : CanSignalsAdapter::notifyVehicleProperty: solvedValue = {.timestamp = 10349918429565, .areaId = 0, .prop = 557850869, .status = AVAILABLE, .value = {.int32Values = [1]{0}, .floatValues = [0]{}, .int64Values = [0]{}, .bytes = [0]{}, .stringValue = ""}}
12-30 11:30:14.096   398   464 I VehiclePropertyStore: begin to write value to Store: {.timestamp = 10349918429565, .areaId = 0, .prop = 557850869, .status = AVAILABLE, .value = {.int32Values = [1]{0}, .floatValues = [0]{}, .int64Values = [0]{}, .bytes = [0]{}, .stringValue = ""}}
12-30 11:30:14.096   398   464 I DefaultVehicleHal_v2_0: DefaultVehicleHal::onPropertyValue, value:{.timestamp = 10349918429565, .areaId = 0, .prop = 557850869, .status = AVAILABLE, .value = {.int32Values = [1]{0}, .floatValues = [0]{}, .int64Values = [0]{}, .bytes = [0]{}, .stringValue = ""}}
12-30 11:30:14.096   398   464 D DiagPropHandler: is not DiagnosticConfig: 0x214020f5
12-30 11:30:14.096   398   464 I VehiclePropertyStore: begin to write value to Store: {.timestamp = 10349918429565, .areaId = 0, .prop = 557850869, .status = AVAILABLE, .value = {.int32Values = [1]{0}, .floatValues = [0]{}, .int64Values = [0]{}, .bytes = [0]{}, .stringValue = ""}}
12-30 11:30:14.096   398   464 D adayocomadapter-CommunicationManager: onUpstreamReceive mPropertyId 0x214020f5
12-30 11:30:14.096   398   464 D adayocomadapter-CommunicationManager: onUpstreamReceive mPropertyId 0x214020f6
12-30 11:30:14.096   398   464 D adayocomadapter-CommunicationManager: convertBytesToInt32Memcpy  0
12-30 11:30:14.096   398   464 I vw-vhal : notifyVehicleProperty, propId = 0x214020f6, data = {status: 2, int32Values: [0]}
12-30 11:30:14.096   398   464 I vw-vhal : CanSignalsAdapter::notifyVehicleProperty: solvedValue = {.timestamp = 10349918621565, .areaId = 0, .prop = 557850870, .status = AVAILABLE, .value = {.int32Values = [1]{0}, .floatValues = [0]{}, .int64Values = [0]{}, .bytes = [0]{}, .stringValue = ""}}
12-30 11:30:14.096   398   464 I VehiclePropertyStore: begin to write value to Store: {.timestamp = 10349918621565, .areaId = 0, .prop = 557850870, .status = AVAILABLE, .value = {.int32Values = [1]{0}, .floatValues = [0]{}, .int64Values = [0]{}, .bytes = [0]{}, .stringValue = ""}}
12-30 11:30:14.096   398   464 I DefaultVehicleHal_v2_0: DefaultVehicleHal::onPropertyValue, value:{.timestamp = 10349918621565, .areaId = 0, .prop = 557850870, .status = AVAILABLE, .value = {.int32Values = [1]{0}, .floatValues = [0]{}, .int64Values = [0]{}, .bytes = [0]{}, .stringValue = ""}}
12-30 11:30:14.096   398   464 D DiagPropHandler: is not DiagnosticConfig: 0x214020f6
12-30 11:30:14.096   398   464 I VehiclePropertyStore: begin to write value to Store: {.timestamp = 10349918621565, .areaId = 0, .prop = 557850870, .status = AVAILABLE, .value = {.int32Values = [1]{0}, .floatValues = [0]{}, .int64Values = [0]{}, .bytes = [0]{}, .stringValue = ""}}
12-30 11:30:14.096   398   464 D adayocomadapter-CommunicationManager: onUpstreamReceive mPropertyId 0x214020f6
12-30 11:30:14.096   398   464 D adayocomadapter-CommunicationManager: onUpstreamReceive mPropertyId 0x214020f7
12-30 11:30:14.096   398   464 D adayocomadapter-CommunicationManager: convertBytesToInt32Memcpy  0
12-30 11:30:14.096   398   464 I vw-vhal : notifyVehicleProperty, propId = 0x214020f7, data = {status: 2, int32Values: [0]}
12-30 11:30:14.096   398   464 I vw-vhal : CanSignalsAdapter::notifyVehicleProperty: solvedValue = {.timestamp = 10349918808231, .areaId = 0, .prop = 557850871, .status = AVAILABLE, .value = {.int32Values = [1]{0}, .floatValues = [0]{}, .int64Values = [0]{}, .bytes = [0]{}, .stringValue = ""}}
12-30 11:30:14.096   398   464 I VehiclePropertyStore: begin to write value to Store: {.timestamp = 10349918808231, .areaId = 0, .prop = 557850871, .status = AVAILABLE, .value = {.int32Values = [1]{0}, .floatValues = [0]{}, .int64Values = [0]{}, .bytes = [0]{}, .stringValue = ""}}
12-30 11:30:14.097   398   464 I DefaultVehicleHal_v2_0: DefaultVehicleHal::onPropertyValue, value:{.timestamp = 10349918808231, .areaId = 0, .prop = 557850871, .status = AVAILABLE, .value = {.int32Values = [1]{0}, .floatValues = [0]{}, .int64Values = [0]{}, .bytes = [0]{}, .stringValue = ""}}
12-30 11:30:14.097   398   464 D DiagPropHandler: is not DiagnosticConfig: 0x214020f7
12-30 11:30:14.097   398   464 I VehiclePropertyStore: begin to write value to Store: {.timestamp = 10349918808231, .areaId = 0, .prop = 557850871, .status = AVAILABLE, .value = {.int32Values = [1]{0}, .floatValues = [0]{}, .int64Values = [0]{}, .bytes = [0]{}, .stringValue = ""}}
12-30 11:30:14.097   398   464 D adayocomadapter-CommunicationManager: onUpstreamReceive mPropertyId 0x214020f7
12-30 11:30:14.097   398   464 D adayocomadapter-CommunicationManager: onUpstreamReceive mPropertyId 0x214020f8
12-30 11:30:14.097   398   464 D adayocomadapter-CommunicationManager: convertBytesToInt32Memcpy  0
12-30 11:30:14.097   398   464 I vw-vhal : notifyVehicleProperty, propId = 0x214020f8, data = {status: 2, int32Values: [0]}
12-30 11:30:14.097   398   464 I vw-vhal : CanSignalsAdapter::notifyVehicleProperty: solvedValue = {.timestamp = 10349918990898, .areaId = 0, .prop = 557850872, .status = AVAILABLE, .value = {.int32Values = [1]{0}, .floatValues = [0]{}, .int64Values = [0]{}, .bytes = [0]{}, .stringValue = ""}}
12-30 11:30:14.097   398   464 I VehiclePropertyStore: begin to write value to Store: {.timestamp = 10349918990898, .areaId = 0, .prop = 557850872, .status = AVAILABLE, .value = {.int32Values = [1]{0}, .floatValues = [0]{}, .int64Values = [0]{}, .bytes = [0]{}, .stringValue = ""}}
12-30 11:30:14.097   398   464 I DefaultVehicleHal_v2_0: DefaultVehicleHal::onPropertyValue, value:{.timestamp = 10349918990898, .areaId = 0, .prop = 557850872, .status = AVAILABLE, .value = {.int32Values = [1]{0}, .floatValues = [0]{}, .int64Values = [0]{}, .bytes = [0]{}, .stringValue = ""}}
12-30 11:30:14.097   398   464 D DiagPropHandler: is not DiagnosticConfig: 0x214020f8
12-30 11:30:14.097   398   464 I VehiclePropertyStore: begin to write value to Store: {.timestamp = 10349918990898, .areaId = 0, .prop = 557850872, .status = AVAILABLE, .value = {.int32Values = [1]{0}, .floatValues = [0]{}, .int64Values = [0]{}, .bytes = [0]{}, .stringValue = ""}}
12-30 11:30:14.097   398   464 D adayocomadapter-CommunicationManager: onUpstreamReceive mPropertyId 0x214020f8
12-30 11:30:14.097   398   464 D adayocomadapter-CommunicationManager: onUpstreamReceive mPropertyId 0x214020f9
12-30 11:30:14.097   398   464 D adayocomadapter-CommunicationManager: convertBytesToInt32Memcpy  0
12-30 11:30:14.097   398   464 I vw-vhal : notifyVehicleProperty, propId = 0x214020f9, data = {status: 2, int32Values: [0]}
12-30 11:30:14.097   398   464 I vw-vhal : CanSignalsAdapter::notifyVehicleProperty: solvedValue = {.timestamp = 10349919177231, .areaId = 0, .prop = 557850873, .status = AVAILABLE, .value = {.int32Values = [1]{0}, .floatValues = [0]{}, .int64Values = [0]{}, .bytes = [0]{}, .stringValue = ""}}
12-30 11:30:14.098   398   464 I VehiclePropertyStore: begin to write value to Store: {.timestamp = 10349919177231, .areaId = 0, .prop = 557850873, .status = AVAILABLE, .value = {.int32Values = [1]{0}, .floatValues = [0]{}, .int64Values = [0]{}, .bytes = [0]{}, .stringValue = ""}}
12-30 11:30:14.099   398   464 I DefaultVehicleHal_v2_0: DefaultVehicleHal::onPropertyValue, value:{.timestamp = 10349919177231, .areaId = 0, .prop = 557850873, .status = AVAILABLE, .value = {.int32Values = [1]{0}, .floatValues = [0]{}, .int64Values = [0]{}, .bytes = [0]{}, .stringValue = ""}}
12-30 11:30:14.099   398   464 D DiagPropHandler: is not DiagnosticConfig: 0x214020f9
12-30 11:30:14.099   398   464 I VehiclePropertyStore: begin to write value to Store: {.timestamp = 10349919177231, .areaId = 0, .prop = 557850873, .status = AVAILABLE, .value = {.int32Values = [1]{0}, .floatValues = [0]{}, .int64Values = [0]{}, .bytes = [0]{}, .stringValue = ""}}
12-30 11:30:14.099   398   464 D adayocomadapter-CommunicationManager: onUpstreamReceive mPropertyId 0x214020f9
12-30 11:30:14.105   596  3076 E WifiHAL : Invalid data received from driver
12-30 11:30:14.117   360   931 D EvsDriver: forwardFrame
12-30 11:30:14.117   360   931 D EvsDriver: forwardFrameDirect
12-30 11:30:14.118   360   931 D EvsDriver: Delivered 0xb400e2ca9e40c7a0 as id 1
12-30 11:30:14.118   359   359 D evsmanagerd: /dev/video-evs0 forwarded the buffer #1 to 0xb400f125d2b26dd0 from 0xb400f125e2b20710
12-30 11:30:14.119   360   458 D EvsDriver: doneWithFrame
12-30 11:30:14.134  1667  2594 W ContextImpl: Calling a method in the system process without a qualified user: android.app.ContextImpl.bindService:1988 android.content.ContextWrapper.bindService:861 com.ford.sync.fnvservice.FordFnv.c:202 com.ford.sync.fnvservice.FordFnv.c:43 com.ford.sync.fnvservice.FordFnv$RetryHandler.handleMessage:245 
12-30 11:30:14.134  2358  2623 D RcfController: Rcf proxy is not connected!
12-30 11:30:14.135   916  2815 W ActivityManager: Unable to start service Intent { cmp=com.ford.sync.fnvservice/.FordFnvService } U=0: not found
12-30 11:30:14.135  1667  2594 W FordFnv :  bind ford fnv failed -> sendRetryMessage 
12-30 11:30:14.139  1667 19378 E CarPlay_Service: isConnected(MFiClientApiImpl.java:123)isConnected： true
12-30 11:30:14.139   879  2332 I mfiserver: [MFiProxy.cpp][675]messageMID =11 LID=03 com.adayo.carplay 
12-30 11:30:14.139   879  2332 I mfiserver: [MFiProxy.cpp][970]message channle=60 type=4 mode=1 buf=0xb400fc8d1fa65640 len=9 
12-30 11:30:14.139   879 19383 I libmfi  : [iAPUtils.c][134]buflen:9 packetlen=9
12-30 11:30:14.139   879 19383 E libmfi  : [iAP2BuffPoolImplementation.c][312]__iAP2BuffPoolGetRecvPacket malloc lenth = 4152 
12-30 11:30:14.139   879 19383 E libmfi  : [iAP2BuffPoolImplementation.c][252]__iAP2BuffPoolReturnSendPacket
12-30 11:30:14.139   879 19383 E libmfi  : [iAP2BuffPoolImplementation.c][252]__iAP2BuffPoolReturnSendPacket
12-30 11:30:14.139   879 19383 E libmfi  : [iAP2BuffPoolImplementation.c][252]__iAP2BuffPoolReturnSendPacket
12-30 11:30:14.140   879 19383 E libmfi  : [iAP2BuffPoolImplementation.c][252]__iAP2BuffPoolReturnSendPacket
12-30 11:30:14.140   879 19383 E libmfi  : [iAP2BuffPoolImplementation.c][252]__iAP2BuffPoolReturnSendPacket
12-30 11:30:14.140   879 19383 I libmfi  : [iAP2Link.c][2802]_CleanupAckedPackets 
12-30 11:30:14.140   879 19383 I libmfi  : [iAP2Link.c][3046]_iAP2LinkProcessInOrderPacketACK 
12-30 11:30:14.140   879 19383 E libmfi  : [iAP2BuffPoolImplementation.c][359]__iAP2BuffPoolReturnRecvPacket
12-30 11:30:14.145  1667 19384 E CarPlay_Service: isConnected(MFiClientApiImpl.java:123)isConnected： true
12-30 11:30:14.146   879  2332 I mfiserver: [MFiProxy.cpp][675]messageMID =11 LID=03 com.adayo.carplay 
12-30 11:30:14.146   879  2332 I mfiserver: [MFiProxy.cpp][970]message channle=60 type=4 mode=1 buf=0xb400fc8d1fa65640 len=28 
12-30 11:30:14.146   879 19383 I libmfi  : [iAPUtils.c][134]buflen:28 packetlen=28
12-30 11:30:14.146   879 19383 E libmfi  : [iAP2BuffPoolImplementation.c][312]__iAP2BuffPoolGetRecvPacket malloc lenth = 4152 
12-30 11:30:14.146   879 19383 I libmfi  : [iAP2Link.c][2715]iAP2LinkHandleReadyPacket bDeletePacket = FALSE 
12-30 11:30:14.146   879 19383 I libmfi  : [iAP2Link.c][2802]_CleanupAckedPackets 
12-30 11:30:14.146   879 19383 I libmfi  : [iAP2Link.c][3046]_iAP2LinkProcessInOrderPacketACK 
12-30 11:30:14.146   879 19383 I libmfi  : [iAP2Control.c][208]Recieve Control MessageID = 0x5001 length = 18 
12-30 11:30:14.146   879 19383 E libmfi  : [iAP2BuffPoolImplementation.c][209]__iAP2BuffPoolGetSendPacket malloc lenth = 65591 
12-30 11:30:14.146   879 19383 I mfiserver: [MFiDataChannleSocket.cpp][127]len =16 
12-30 11:30:14.146  1667  2331 I libmficlient: [MFiClient.cpp][120]Receive Data MID=50 LID=01 
12-30 11:30:14.146   879 19383 E libmfi  : [iAP2BuffPoolImplementation.c][359]__iAP2BuffPoolReturnRecvPacket
12-30 11:30:14.146  1667  2331 W libmficlientjni: [MFiClientJniUtils.cpp][427]Set array[MediaItemMediaType] Value Failed 
12-30 11:30:14.146  1667  2331 W libmficlientjni: [MFiClientJniUtils.cpp][427]Set array[MediaItemArtworkData] Value Failed 
12-30 11:30:14.146  1667  2331 W CarPlay_Service: playbackUpdate(MediaInfoTrans.java:429)isMediaProxyConnected is false
12-30 11:30:14.146  1667  2331 I libmficlient: [MFiClient.cpp][120]Receive Data MID=11 LID=04 
12-30 11:30:14.151   360   931 D EvsDriver: forwardFrame
12-30 11:30:14.151   360   931 D EvsDriver: forwardFrameDirect
12-30 11:30:14.152   360   931 D EvsDriver: Delivered 0xb400e2ca9e40e270 as id 0
12-30 11:30:14.152   359   359 D evsmanagerd: /dev/video-evs0 forwarded the buffer #0 to 0xb400f125d2b26dd0 from 0xb400f125e2b20710
12-30 11:30:14.154   650   729 D fgemcucomm: sd Uart data : 6AA602440600028B30F7
12-30 11:30:14.154   650   729 D fgemcucomm: rev uart=85876,len=120, data : 6AA681440600708B30B01E0B1E0C000100000000025D0100010201010000000000A55A820001000000010000000C00000000000100000000000000A55A830504500000000000000000000000000101010101000000000000A55A84101009000000070001000000000000A3A55A8500019457000001000069
12-30 11:30:14.160   360   458 D EvsDriver: doneWithFrame
01-01 10:52:31.173     1     1 I init    : starting service 'trace_resource'...
12-30 11:30:14.179   596  3076 E WifiHAL : Invalid data received from driver
12-30 11:30:14.184  2358  2623 D RcfController: Rcf proxy is not connected!
12-30 11:30:14.184   360   931 D EvsDriver: forwardFrame
12-30 11:30:14.184   360   931 D EvsDriver: forwardFrameDirect
12-30 11:30:14.185   360   931 D EvsDriver: Delivered 0xb400e2ca9e40d4b0 as id 1
12-30 11:30:14.185   359   359 D evsmanagerd: /dev/video-evs0 forwarded the buffer #1 to 0xb400f125d2b26dd0 from 0xb400f125e2b20710
01-01 10:52:31.197     1     1 I init    : ... started service 'trace_resource' has pid 21512
12-30 11:30:14.191   360   458 D EvsDriver: doneWithFrame
12-30 11:30:14.200 21512 21512 I auditd  : type=1400 audit(0.0:1156963): avc:  denied  { getattr } for  comm="sh" path="/system/bin/toybox" dev="dm-1" ino=8926292 scontext=u:r:trace_resource:s0 tcontext=u:object_r:toolbox_exec:s0 tclass=file permissive=1
12-30 11:30:14.200 21512 21512 I sh      : type=1400 audit(0.0:1156963): avc:  denied  { getattr } for  path="/system/bin/toybox" dev="dm-1" ino=8926292 scontext=u:r:trace_resource:s0 tcontext=u:object_r:toolbox_exec:s0 tclass=file permissive=1
12-30 11:30:14.200 21512 21512 I auditd  : type=1400 audit(0.0:1156964): avc:  denied  { execute } for  comm="sh" name="toybox" dev="dm-1" ino=8926292 scontext=u:r:trace_resource:s0 tcontext=u:object_r:toolbox_exec:s0 tclass=file permissive=1
12-30 11:30:14.200 21512 21512 I sh      : type=1400 audit(0.0:1156964): avc:  denied  { execute } for  name="toybox" dev="dm-1" ino=8926292 scontext=u:r:trace_resource:s0 tcontext=u:object_r:toolbox_exec:s0 tclass=file permissive=1
12-30 11:30:14.204 21513 21513 I auditd  : type=1400 audit(0.0:1156965): avc:  denied  { read open } for  comm="sh" path="/system/bin/toybox" dev="dm-1" ino=8926292 scontext=u:r:trace_resource:s0 tcontext=u:object_r:toolbox_exec:s0 tclass=file permissive=1
12-30 11:30:14.204 21513 21513 I sh      : type=1400 audit(0.0:1156965): avc:  denied  { read open } for  path="/system/bin/toybox" dev="dm-1" ino=8926292 scontext=u:r:trace_resource:s0 tcontext=u:object_r:toolbox_exec:s0 tclass=file permissive=1
12-30 11:30:14.204 21513 21513 I auditd  : type=1400 audit(0.0:1156966): avc:  denied  { execute_no_trans } for  comm="sh" path="/system/bin/toybox" dev="dm-1" ino=8926292 scontext=u:r:trace_resource:s0 tcontext=u:object_r:toolbox_exec:s0 tclass=file permissive=1
12-30 11:30:14.204 21513 21513 I sh      : type=1400 audit(0.0:1156966): avc:  denied  { execute_no_trans } for  path="/system/bin/toybox" dev="dm-1" ino=8926292 scontext=u:r:trace_resource:s0 tcontext=u:object_r:toolbox_exec:s0 tclass=file permissive=1
01-01 10:52:31.217 21513 21513 E audit   : rate limit exceeded
