12-30 11:30:12.907   398   464 I DefaultVehicleHal_v2_0: DefaultVehicleHal::onPropertyValue, value:{.timestamp = 10348729270231, .areaId = 0, .prop = 557851103, .status = AVAILABLE, .value = {.int32Values = [1]{0}, .floatValues = [0]{}, .int64Values = [0]{}, .bytes = [0]{}, .stringValue = ""}}
12-30 11:30:12.907   398   464 D DiagPropHandler: is not DiagnosticConfig: 0x214021df
12-30 11:30:12.907   398   464 I VehiclePropertyStore: begin to write value to Store: {.timestamp = 10348729270231, .areaId = 0, .prop = 557851103, .status = AVAILABLE, .value = {.int32Values = [1]{0}, .floatValues = [0]{}, .int64Values = [0]{}, .bytes = [0]{}, .stringValue = ""}}
12-30 11:30:12.907   398   464 D adayocomadapter-CommunicationManager: onUpstreamReceive mPropertyId 0x214021df
12-30 11:30:12.918   360   931 D EvsDriver: forwardFrame
12-30 11:30:12.918   360   931 D EvsDriver: forwardFrameDirect
12-30 11:30:12.918   360   931 D EvsDriver: Delivered 0xb400e2ca9e40c7a0 as id 1
12-30 11:30:12.919   359   359 D evsmanagerd: /dev/video-evs0 forwarded the buffer #1 to 0xb400f125d2b26dd0 from 0xb400f125e2b20710
12-30 11:30:12.927   360   458 D EvsDriver: doneWithFrame
12-30 11:30:12.928  2358  2623 D RcfController: Rcf proxy is not connected!
12-30 11:30:12.931   596  3076 E WifiHAL : Invalid data received from driver
12-30 11:30:12.951   360   931 D EvsDriver: forwardFrame
12-30 11:30:12.951   360   931 D EvsDriver: forwardFrameDirect
12-30 11:30:12.952   360   931 D EvsDriver: Delivered 0xb400e2ca9e40e270 as id 0
12-30 11:30:12.952   359   359 D evsmanagerd: /dev/video-evs0 forwarded the buffer #0 to 0xb400f125d2b26dd0 from 0xb400f125e2b20710
12-30 11:30:12.956   596  3076 E WifiHAL : Invalid data received from driver
12-30 11:30:12.956   596  3076 E WifiHAL : Invalid data received from driver
12-30 11:30:12.956   596  3076 E WifiHAL : Invalid data received from driver
12-30 11:30:12.956   596  3076 E WifiHAL : Invalid data received from driver
12-30 11:30:12.956   596  3076 E WifiHAL : Invalid data received from driver
12-30 11:30:12.956   596  3076 E WifiHAL : Invalid data received from driver
12-30 11:30:12.956   596  3076 E WifiHAL : Invalid data received from driver
12-30 11:30:12.957   360   458 D EvsDriver: doneWithFrame
12-30 11:30:12.977  1547  2118 D ANWAPI  : (1547|0x6EF3FCB0)[BTAPI] BT Addres is NULL , checking which array is connected
12-30 11:30:12.977  1547  2118 D ANWAPI  : 
12-30 11:30:12.977  1547  2118 D ANWAPI  : (1547|0x6EF3FCB0)[BTAPI] SPPMIN(0)SPPMAX(1)
12-30 11:30:12.977  1547  2118 D ANWAPI  : 
12-30 11:30:12.977  1547  2118 D ANWAPI  : (1547|0x6EF3FCB0)[BTAPI] In Three Step Get Device ID(0)
12-30 11:30:12.977  1547  2118 D ANWAPI  : 
12-30 11:30:12.978  1547  2118 D ANWAPI  : (1547|0x6EF3FCB0)[BTAPI] AVRCP_Connected ID(0), state(4)
12-30 11:30:12.978  1547  2118 D ANWAPI  : 
12-30 11:30:12.978  1547  2118 D ANWAPI  : (1547|0x6EF3FCB0)[BTAPI] in Get_ID3, Get Device ID(0)
12-30 11:30:12.978  1547  2118 D ANWAPI  : 
12-30 11:30:12.978  1547  2118 D ANWAPI  : (1547|0x6EF3FCB0)[BTAPI] AVRCP_Auto_Get_ID3
12-30 11:30:12.978  1547  2118 D ANWAPI  : 
12-30 11:30:12.978  1547  2118 D ANWAPI  : (1547|0x6EF3FCB0)[BTAPI] SDK >>>>AnWBT_AVRCP_GetSongDetail
12-30 11:30:12.978  1547  2118 D ANWAPI  : (1547|0x6EF3FCB0)[BTAPI] SDK <<<<AnWBT_AVRCP_GetSongDetail 0
12-30 11:30:12.978  1547  2118 D ANWAPI  : (1547|0x6EF3FCB0)[BTAPI] >>>>_anwbt_AVRCP_GetSongDetail
12-30 11:30:12.978  1547  2118 D ANWAPI  : (1547|0x6EF3FCB0)[BTAPI] btsdk_avrcp_GetElementAttributes
12-30 11:30:12.978  1547  2118 D ANW_AVRCP: (1547|0x6EF3FCB0)[AVRCP] API AVRCP_GetElementAttributes attMask=0x0
12-30 11:30:12.978  1547  2118 D ANWStack: [  10348800][ANWBT] <<Avctp_Send_Message 0/1:
12-30 11:30:12.978  1547  2118 D ANWStack: 
12-30 11:30:12.978  1547  2118 D ANWStack: [  10348800][ANWBT] L2CAP: L2_RetrieveHandle called, cid=0x83
12-30 11:30:12.978  1547  2118 D ANWStack: 
12-30 11:30:12.978  1547  2118 D ANWAPI  : (1547|0x6EF3FCB0)[BTAPI] ===BTAPI_MallocIdxMsg 1029 980
12-30 11:30:12.978  1547  2118 D ANWAPI  : (1547|0x6EF3FCB0)[BTAPI] <<<<_anwbt_AVRCP_GetSongDetail 0
12-30 11:30:12.978  2358  2623 D RcfController: Rcf proxy is not connected!
12-30 11:30:12.981  1582  3078 I c       : checkService in back thread add: adayo.upgrade.v2.0
12-30 11:30:12.981  1582  3078 E upgradeApp_251223_V1  l: d(null:11)pre->c(null:23)-> serviceBinder is null
12-30 11:30:12.981  1582  3078 W c       : doBindService in back thread fail: adayo.upgrade.v2.0
12-30 11:30:12.984   360   931 D EvsDriver: forwardFrame
12-30 11:30:12.984   360   931 D EvsDriver: forwardFrameDirect
12-30 11:30:12.985   360   931 D EvsDriver: Delivered 0xb400e2ca9e40d4b0 as id 1
12-30 11:30:12.985   359   359 D evsmanagerd: /dev/video-evs0 forwarded the buffer #1 to 0xb400f125d2b26dd0 from 0xb400f125e2b20710
12-30 11:30:12.987   360   458 D EvsDriver: doneWithFrame
12-30 11:30:13.002  1547  2118 D ANWAPI  : (1547|0x6EF3FCB0)[BTAPI] AnwhciEventCallback 19 1
12-30 11:30:13.005  1547  2118 D ANWStack: [  10348826][ANWBT] >>Avctp_L2cap_Data_Ind_Cb
12-30 11:30:13.005  1547  2118 D ANWStack: 
12-30 11:30:13.005  1547  2118 D ANWStack: [  10348826][ANWBT] AVCTP Message Length = 167
12-30 11:30:13.005  1547  2118 D ANWStack: [  10348826][ANWBT] Receive AVCTP_SINGLE_PACKET
12-30 11:30:13.005  1547  2118 D ANW_AVRCP: (1547|0x6EF3FCB0)[AVRCP] [**AVRCP**] 0xe2 0x110e
12-30 11:30:13.005  1547  2118 D ANW_AVRCP: (1547|0x6EF3FCB0)[AVRCP] opcode match 0x0
12-30 11:30:13.005  1547  2118 D ANW_AVRCP: 
12-30 11:30:13.005  1547  2118 D ANW_AVRCP: (1547|0x6EF3FCB0)[AVRCP] subopcode match 0x20, update ctype 0x1->0xc
12-30 11:30:13.005  1547  2118 D ANW_AVRCP: 
12-30 11:30:13.005  1547  2118 D ANW_AVRCP: (1547|0x6EF3FCB0)[AVRCP] AVRCP_Packet_Parser Response
12-30 11:30:13.005  1547  2118 D ANW_AVRCP: 
12-30 11:30:13.005  1547  2118 D ANW_AVRCP: (1547|0x6EF3FCB0)[AVRCP] AVRCP_Get_Element_Attributes_RSP_Handler
12-30 11:30:13.005  1547  2118 D ANW_AVRCP: (1547|0x6EF3FCB0)[AVRCP] num of attributes: 8
12-30 11:30:13.005  1547  2118 D ANW_AVRCP: 
12-30 11:30:13.005  1547  2118 D ANWAPI  : (1547|0x6EF3FCB0)[BTAPI] connmgr_find_by_handle pData = 0xb400fa68ee34c5e0,7
12-30 11:30:13.005  1547  2118 D ANWAPI  : (1547|0x6EF3FCB0)[BTAPI] AVRCP_GET_ELEMENT_ATTRIBUTES
12-30 11:30:13.005  1547  2118 D ANWAPI  : (1547|0x6EF3FCB0)[BTAPI] connmgr_find_by_handle pData = 0xb400fa68ee34c5e0,7
12-30 11:30:13.005  1547  2118 D ANWAPI  : (1547|0x6EF3FCB0)[BTAPI] media attrib id(1)
12-30 11:30:13.005  1547  2118 D ANWAPI  : (1547|0x6EF3FCB0)[BTAPI] MediaAttr_MediaTitle 26 106
12-30 11:30:13.005  1547  2118 D ANWAPI  : (1547|0x6EF3FCB0)[BTAPI] connmgr_find_by_handle pData = 0xb400fa68ee34c5e0,7
12-30 11:30:13.005  1547  2118 D ANWAPI  : (1547|0x6EF3FCB0)[BTAPI] media attrib id(2)
12-30 11:30:13.005  1547  2118 D ANWAPI  : (1547|0x6EF3FCB0)[BTAPI] MediaAttr_ArtistName 50 106
12-30 11:30:13.005  1547  2118 D ANWAPI  : (1547|0x6EF3FCB0)[BTAPI] connmgr_find_by_handle pData = 0xb400fa68ee34c5e0,7
12-30 11:30:13.005  1547  2118 D ANWAPI  : (1547|0x6EF3FCB0)[BTAPI] media attrib id(3)
12-30 11:30:13.005  1547  2118 D ANWAPI  : (1547|0x6EF3FCB0)[BTAPI] MediaAttr_AlbumName 0 106
12-30 11:30:13.005  1547  2118 D ANWAPI  : (1547|0x6EF3FCB0)[BTAPI] connmgr_find_by_handle pData = 0xb400fa68ee34c5e0,7
12-30 11:30:13.005  1547  2118 D ANWAPI  : (1547|0x6EF3FCB0)[BTAPI] media attrib id(4)
12-30 11:30:13.005  1547  2118 D ANWAPI  : (1547|0x6EF3FCB0)[BTAPI] MediaAttr_MediaNum 0 106
12-30 11:30:13.005  1547  2118 D ANWAPI  : (1547|0x6EF3FCB0)[BTAPI] connmgr_find_by_handle pData = 0xb400fa68ee34c5e0,7
12-30 11:30:13.005  1547  2118 D ANWAPI  : (1547|0x6EF3FCB0)[BTAPI] media attrib id(5)
12-30 11:30:13.005  1547  2118 D ANWAPI  : (1547|0x6EF3FCB0)[BTAPI] MediaAttr_TotalMediaNum 0 106
12-30 11:30:13.005  1547  2118 D ANWAPI  : (1547|0x6EF3FCB0)[BTAPI] connmgr_find_by_handle pData = 0xb400fa68ee34c5e0,7
12-30 11:30:13.005  1547  2118 D ANWAPI  : (1547|0x6EF3FCB0)[BTAPI] media attrib id(6)
12-30 11:30:13.005  1547  2118 D ANWAPI  : (1547|0x6EF3FCB0)[BTAPI] MediaAttr_Genre 0 106
12-30 11:30:13.005  1547  2118 D ANWAPI  : (1547|0x6EF3FCB0)[BTAPI] connmgr_find_by_handle pData = 0xb400fa68ee34c5e0,7
12-30 11:30:13.005  1547  2118 D ANWAPI  : (1547|0x6EF3FCB0)[BTAPI] media attrib id(7)
12-30 11:30:13.005  1547  2118 D ANWAPI  : (1547|0x6EF3FCB0)[BTAPI] MediaAttr_PlayingTimeMs 6 106
12-30 11:30:13.005  1547  2118 D ANWAPI  : (1547|0x6EF3FCB0)[BTAPI] connmgr_find_by_handle pData = 0xb400fa68ee34c5e0,7
12-30 11:30:13.005  1547  2118 D ANWAPI  : (1547|0x6EF3FCB0)[BTAPI] media attrib id(8)
12-30 11:30:13.005  1547  2118 D ANWAPI  : (1547|0x6EF3FCB0)[BTAPI] MediaAttr_CoverArt 7 106 0
12-30 11:30:13.005  1547  2118 D ANWAPI  : (1547|0x6EF3FCB0)[BTAPI] connmgr_find_by_handle pData = 0xb400fa68ee34c5e0,7
12-30 11:30:13.005  1547  2118 D ANWAPI  : (1547|0x6EF3FCB0)[BTAPI] AVRCP_GET_ELEMENT_ATTRIBUTES_FINISH
12-30 11:30:13.005  1547  2118 D ANWAPI  : (1547|0x6EF3FCB0)[BTAPI] btsdk_avrcp_post_songdetails
12-30 11:30:13.005  1547  2118 D ANWAPI  : (1547|0x6EF3FCB0)[BTAPI] *BT_CB_Dispatch
12-30 11:30:13.005  1547  2118 D ANWAPI  : (1547|0x6EF3FCB0)[BTAPI] *****SDK callback(0x405)
12-30 11:30:13.005  1547  2118 D ANWAPI  : (1547|0x6EF3FCB0)[BTAPI] SDK***** [34:10:be:3d:c6:77][0]
12-30 11:30:13.005  1547  2118 D ANWAPI  : (1547|0x6EF3FCB0)[BTAPI] btsdk_exec_apicb start
12-30 11:30:13.005  1547  2118 D ANWAPI  : (1547|0x6EF3FCB0)[BTAPI] Up: AvrcpMsgHandler receive[34:10:BE:3D:C6:77], Get Device ID(0)
12-30 11:30:13.005  1547  2118 D ANWAPI  : 
12-30 11:30:13.005  1547  2118 D ANWAPI  : (1547|0x6EF3FCB0)[BTAPI] Up: AnWBT_AVRCP_CURRENT_SONG_DETAIL_IND(6)
12-30 11:30:13.005  1547  2118 D ANWAPI  : 
12-30 11:30:13.005  1547  2118 D ANWAPI  : (1547|0x6EF3FCB0)[BTAPI] MediaTitle   : 时间 说了谎 说了谎
12-30 11:30:13.005  1547  2118 D ANWAPI  : 
12-30 11:30:13.005  1547  2118 D ANWAPI  : (1547|0x6EF3FCB0)[BTAPI] PlayingTimeMs: 205014
12-30 11:30:13.005  1547  2118 D ANWAPI  : 
12-30 11:30:13.005  1547  2118 D ANWAPI  : (1547|0x6EF3FCB0)[BTAPI] ArtistName   : Star Crossing Night(feat. GALI) · 徐明浩, GALI
12-30 11:30:13.005  1547  2118 D ANWAPI  : 
12-30 11:30:13.005  1547  2118 D ANWAPI  : (1547|0x6EF3FCB0)[BTAPI] BipHandle: 1000015)
12-30 11:30:13.005  1547  2118 D ANWAPI  : 
12-30 11:30:13.005  1547  2118 D ANWAPI  : (1547|0x6EF3FCB0)[BTAPI] inform track changed cb, num_attr:4
12-30 11:30:13.005  1547  2118 D ANWAPI  : 
12-30 11:30:13.006  1547  2118 I ANW bt_btif: inform_track_changed_cb: HAL bt_rc_ctrl_callbacks->track_changed_cb
12-30 11:30:13.006  1547  2118 I BluetoothAvrcpControllerJni: btavrcp_track_changed_callback
12-30 11:30:13.006  1547  2118 D AvrcpControllerService: onTrackChanged
12-30 11:30:13.006  1547  2118 D AvrcpItem.Builder: 2 = Star Crossing Night(feat. GALI) · 徐明浩, GALI
12-30 11:30:13.006  1547  2118 D AvrcpItem.Builder: 1 = 时间 说了谎 说了谎
12-30 11:30:13.006  1547  2118 D AvrcpItem.Builder: 7 = 205014
12-30 11:30:13.006  1547  2118 D AvrcpItem.Builder: 8 = 1000015
12-30 11:30:13.007  1547  2118 D ANWAPI  : (1547|0x6EF3FCB0)[BTAPI] Up: per 1.5S get ID3 information
12-30 11:30:13.007  1547  2118 D ANWAPI  : 
12-30 11:30:13.007  1547  2118 D ANWAPI  : (1547|0x6EF3FCB0)[BTAPI] AVRCP_Cancel_Auto_Get_ID3(0)
12-30 11:30:13.007  1547  2118 D ANWAPI  : 
12-30 11:30:13.007  1547  2118 D ANWAPI  : (1547|0x6EF3FCB0)[BTAPI] btsdk_exec_apicb end
12-30 11:30:13.007  1547 19344 D AvrcpControllerStateMachine: Avrcp.ConnectedAvrcpController processMessage MESSAGE_PROCESS_TRACK_CHANGED
12-30 11:30:13.007  1547 19344 D AvrcpCoverArtProvider: getImageUri -> content://com.android.bluetooth.avrcpcontroller.AvrcpCoverArtProvider?device=34%3A10%3ABE%3A3D%3AC6%3A77&uuid=0136c232-deb1-4cee-8dee-c09eba3317f8
12-30 11:30:13.007  1547 19344 D BluetoothMediaBrowserService: trackChanged setMetadata=AvrcpItem{mUuid=00695120-a502-42f4-adcd-e9d7a21cfc86, mUid=0, mItemType=3, mType=0, mDisplayableName=null, mTitle=时间 说了谎 说了谎 mPlayingTime=205014 mTrack=0/0, mPlayable=false, mBrowsable=false, mCoverArtHandle=1000015, mImageUuid=0136c232-deb1-4cee-8dee-c09eba3317f8, mImageUricontent://com.android.bluetooth.avrcpcontroller.AvrcpCoverArtProvider?device=34%3A10%3ABE%3A3D%3AC6%3A77&uuid=0136c232-deb1-4cee-8dee-c09eba3317f8}
12-30 11:30:13.009  1547 19344 D AvrcpControllerStateMachine: removeUnusedArtwork(0136c232-deb1-4cee-8dee-c09eba3317f8)
12-30 11:30:13.009  1547 19344 D AvrcpControllerStateMachine: removeUnusedArtworkFromBrowseTree()
12-30 11:30:13.011  1547  2236 D A2dpSinkService: getDevicesMatchingConnectionStates[2]
12-30 11:30:13.011  1547  2236 D A2dpSinkService: Device: XX:XX:XX:XX:C6:77State: 2
12-30 11:30:13.011  1547  2236 D A2dpSinkService: Device: XX:XX:XX:XX:F8:60State: 0
12-30 11:30:13.011  1547  2236 D A2dpSinkService: Device: XX:XX:XX:XX:8D:47State: 0
12-30 11:30:13.011  1547  2236 D A2dpSinkService: [XX:XX:XX:XX:C6:77]
12-30 11:30:13.011  1547  2236 D A2dpSinkService: GetDevicesDone
12-30 11:30:13.013  1547  2236 D A2dpSinkService: getDevicesMatchingConnectionStates[2]
12-30 11:30:13.013  1547  2236 D A2dpSinkService: Device: XX:XX:XX:XX:C6:77State: 2
12-30 11:30:13.013  1547  2236 D A2dpSinkService: Device: XX:XX:XX:XX:F8:60State: 0
12-30 11:30:13.013  1547  2236 D A2dpSinkService: Device: XX:XX:XX:XX:8D:47State: 0
12-30 11:30:13.013  1547  2236 D A2dpSinkService: [XX:XX:XX:XX:C6:77]
12-30 11:30:13.013  1547  2236 D A2dpSinkService: GetDevicesDone
12-30 11:30:13.014  2425  2425 D ME_MEDIA_BTSessionPlayer: onMetadataChanged, mMediaItem: MediaItem{Media Id=MEDIA_BT_SONG_ID, mMetadata=Bundle[{android.media.metadata.ARTIST=Star Crossing Night(feat. GALI) · 徐明浩, GALI, androidx.media2.metadata.BROWSABLE=1, androidx.media2.metadata.EXTRAS=Bundle[{com.mosi.mlsc.mediaengine.EXTRA_KEY_DEVICE_TYPE=5, com.mosi.mlsc.mediaengine.EXTRA_KEY_DEVICE_ID=34:10:BE:3D:C6:77}], android.media.metadata.DURATION=205014, android.media.metadata.ALBUM_ART_URI=content://com.android.bluetooth.avrcpcontroller.AvrcpCoverArtProvider?device=34%3A10%3ABE%3A3D%3AC6%3A77&uuid=0136c232-deb1-4cee-8dee-c09eba3317f8, android.media.metadata.MEDIA_ID=MEDIA_BT_SONG_ID, android.media.metadata.ALBUM=未知专辑, android.media.metadata.TITLE=时间 说了谎 说了谎}], mStartPositionMs=0, mEndPositionMs=576460752303423487}
12-30 11:30:13.014   596  3076 E WifiHAL : Invalid data received from driver
12-30 11:30:13.014 21940 21952 D MC2ImplBase: onCustomCommand cmd=com.fawvw.mw.mediaengine.ACTION_MEDIA_STATE_CHANGED
12-30 11:30:13.017   360   931 D EvsDriver: forwardFrame
12-30 11:30:13.017   360   931 D EvsDriver: forwardFrameDirect
12-30 11:30:13.018   360   931 D EvsDriver: Delivered 0xb400e2ca9e40c2d0 as id 0
12-30 11:30:13.018   359   359 D evsmanagerd: /dev/video-evs0 forwarded the buffer #0 to 0xb400f125d2b26dd0 from 0xb400f125e2b20710
12-30 11:30:13.025  1667  3615 I libmficlientjni: [com_adayo_mficlient_Proxy.cpp][759]Enter 
12-30 11:30:13.025  1667  3615 I libmficlientjni: [com_adayo_mficlient_Proxy.cpp][772]Leave 
12-30 11:30:13.026   879  2332 I mfiserver: [MFiProxy.cpp][675]messageMID =1C LID=00 com.adayo.carplay 
12-30 11:30:13.026   879  2332 I libmfi  : [iAPUtils.c][654]Enter int iAPSendLocationData(iAPUtils_t *, char *) 
12-30 11:30:13.026   879  2332 I libmfi  : [iAP2Control.c][360]Send Control MessageID = 0xFFFB length=149
12-30 11:30:13.026   879  2332 I libmfi  : [iAP2Link.c][2399]iAP2LinkQueueSendData 
12-30 11:30:13.026   879  2332 E libmfi  : [iAP2BuffPoolImplementation.c][209]__iAP2BuffPoolGetSendPacket malloc lenth = 65591 
12-30 11:30:13.026   879  2332 I libmfi  : [iAP2Link.c][2310]iAP2LinkProcessOutQueue 
12-30 11:30:13.026   879  2332 I mfiserver: [MFiDataChannleSocket.cpp][127]len =166 
12-30 11:30:13.026   879  2332 I libmfi  : [iAP2Control.c][367]Send Control MessageID = 0xFFFB end state = 1 
12-30 11:30:13.026  1667  2331 I libmficlient: [MFiClient.cpp][120]Receive Data MID=11 LID=04 
12-30 11:30:13.026   879  2332 I libmfi  : [iAPUtils.c][682]Leave int iAPSendLocationData(iAPUtils_t *, char *) 
12-30 11:30:13.028   360   458 D EvsDriver: doneWithFrame
12-30 11:30:13.028  2358  2623 D RcfController: Rcf proxy is not connected!
12-30 11:30:13.037 21940 21940 I CNS_MEDIA_BT_MUSIC__MediaClient: onCustomCommand, action: com.fawvw.mw.mediaengine.ACTION_MEDIA_STATE_CHANGED, extra: Bundle[mParcelledData.dataSize=1856]
12-30 11:30:13.037 21940 21940 D CNS_MEDIA_BT_MUSIC__c: sendMediaInfo2SDS: state = 2, item = Bundle[mParcelledData.dataSize=1340]
12-30 11:30:13.037 21940 21940 I CNS_MEDIA_BT_MUSIC__MediaMetadataUtil: get title: 梦一场 梦一场 and artist: Star Crossing Night(feat. GALI) · 徐明浩, GALI
12-30 11:30:13.037 21940 21940 I CNS_MEDIA_BT_MUSIC__MediaMetadataUtil: get title: 时间 说了谎 说了谎 and artist: Star Crossing Night(feat. GALI) · 徐明浩, GALI
12-30 11:30:13.038 21940 21940 D CNS_MEDIA_BT_MUSIC__c: notifyCurrentMediaItemChanged: isActive = true, item = MediaItem{Media Id=MEDIA_BT_SONG_ID, mMetadata=Bundle[{android.media.metadata.ARTIST=Star Crossing Night(feat. GALI) · 徐明浩, GALI, androidx.media2.metadata.BROWSABLE=1, androidx.media2.metadata.EXTRAS=Bundle[mParcelledData.dataSize=252], android.media.metadata.DURATION=205014, android.media.metadata.ALBUM_ART_URI=content://com.android.bluetooth.avrcpcontroller.AvrcpCoverArtProvider?device=34%3A10%3ABE%3A3D%3AC6%3A77&uuid=0136c232-deb1-4cee-8dee-c09eba3317f8, android.media.metadata.MEDIA_ID=MEDIA_BT_SONG_ID, android.media.metadata.ALBUM=未知专辑, android.media.metadata.TITLE=时间 说了谎 说了谎}], mStartPositionMs=0, mEndPositionMs=576460752303423487}
12-30 11:30:13.038 21940 21940 I CNS_MEDIA_BT_MUSIC__b: notifyMediaInfo: metadata = Bundle[{android.media.metadata.ARTIST=Star Crossing Night(feat. GALI) · 徐明浩, GALI, androidx.media2.metadata.BROWSABLE=1, androidx.media2.metadata.EXTRAS=Bundle[mParcelledData.dataSize=252], android.media.metadata.DURATION=205014, android.media.metadata.ALBUM_ART_URI=content://com.android.bluetooth.avrcpcontroller.AvrcpCoverArtProvider?device=34%3A10%3ABE%3A3D%3AC6%3A77&uuid=0136c232-deb1-4cee-8dee-c09eba3317f8, android.media.metadata.MEDIA_ID=MEDIA_BT_SONG_ID, android.media.metadata.ALBUM=未知专辑, android.media.metadata.TITLE=时间 说了谎 说了谎}]
12-30 11:30:13.038 21940 21940 I CNS_MEDIA_BT_MUSIC__MediaMetadataUtil: get title: 时间 说了谎 说了谎 and artist: Star Crossing Night(feat. GALI) · 徐明浩, GALI
12-30 11:30:13.051   360   931 D EvsDriver: forwardFrame
12-30 11:30:13.051   360   931 D EvsDriver: forwardFrameDirect
12-30 11:30:13.051   360   931 D EvsDriver: Delivered 0xb400e2ca9e40d090 as id 1
12-30 11:30:13.051   359   359 D evsmanagerd: /dev/video-evs0 forwarded the buffer #1 to 0xb400f125d2b26dd0 from 0xb400f125e2b20710
12-30 11:30:13.058   360   458 D EvsDriver: doneWithFrame
12-30 11:30:13.075 21940 21940 I CNS_MEDIA_BT_MUSIC__MainActivity: update ID3 info, uri:, title:时间 说了谎 说了谎, artist:Star Crossing Night(feat. GALI) · 徐明浩, GALI
12-30 11:30:13.075 21940 21940 I CNS_MEDIA_BT_MUSIC__MediaMetadataUtil: get title: 时间 说了谎 说了谎 and artist: Star Crossing Night(feat. GALI) · 徐明浩, GALI
12-30 11:30:13.078 21940 21940 I CNS_MEDIA_BT_MUSIC__MediaMetadataUtil: get title: 时间 说了谎 说了谎 and artist: Star Crossing Night(feat. GALI) · 徐明浩, GALI
12-30 11:30:13.078 21940 21940 I CNS_MEDIA_BT_MUSIC__MediaMetadataUtil: get title: 时间 说了谎 说了谎 and artist: Star Crossing Night(feat. GALI) · 徐明浩, GALI
12-30 11:30:13.078 21940 21940 I CNS_MEDIA_BT_MUSIC__MediaMetadataUtil: get title: 时间 说了谎 说了谎 and artist: Star Crossing Night(feat. GALI) · 徐明浩, GALI
12-30 11:30:13.078 21940 21940 I CNS_MEDIA_BT_MUSIC__MediaMetadataUtil: get title: 时间 说了谎 说了谎 and artist: Star Crossing Night(feat. GALI) · 徐明浩, GALI
12-30 11:30:13.078 21940 21940 I CNS_MEDIA_BT_MUSIC__MainActivity: update bt ID3Info, first: 未知歌手, second: 
12-30 11:30:13.079  2358  2623 D RcfController: Rcf proxy is not connected!
12-30 11:30:13.084   360   931 D EvsDriver: forwardFrame
12-30 11:30:13.084   360   931 D EvsDriver: forwardFrameDirect
12-30 11:30:13.084   360   931 D EvsDriver: Delivered 0xb400e2ca9e40e110 as id 0
12-30 11:30:13.084   359   359 D evsmanagerd: /dev/video-evs0 forwarded the buffer #0 to 0xb400f125d2b26dd0 from 0xb400f125e2b20710
12-30 11:30:13.087   596  3076 E WifiHAL : Invalid data received from driver
12-30 11:30:13.089   360   458 D EvsDriver: doneWithFrame
12-30 11:30:13.095 21940 21940 D CNS_MEDIA_BT_MUSIC__b: handleLoadSucceed: title = 时间 说了谎 说了谎,artist = Star Crossing Night(feat. GALI) · 徐明浩, GALI,duration= 205014
12-30 11:30:13.095 21940 21940 I CNS_MEDIA_BT_MUSIC__FsgAudioHelper: notifyMediaInfo: mIsConnected = true, songInfo = 时间 说了谎 说了谎, bitmap width = 200, bitmap height = 200
12-30 11:30:13.096  2045  2131 D InfotainmentBridge_Native: fireSongInfo
12-30 11:30:13.096  2045  2131 D InfotainmentBridge_Native: fireSongInfo() -- source: 3
12-30 11:30:13.096  2045  2131 I JNI     : 时间 说了谎 说了谎
12-30 11:30:13.096  2045  2131 D InfotainmentBridge_Native: fireSongInfo() -- name: 时间 说了谎 说了谎
12-30 11:30:13.096  2045  2131 I JNI     : Star Crossing Night(feat. GALI) · 徐明浩, GALI
12-30 11:30:13.097  2045  2131 D InfotainmentBridge_Native: fireSongInfo() -- signer: Star Crossing Night(feat. GALI) · 徐明浩, GALI
12-30 11:30:13.097  2045  2131 D InfotainmentBridge_Native: fireSongInfo() -- duration: 205
12-30 11:30:13.097  2045  2131 D InfotainmentBridge_Native: fireSongInfo() -- duration: 200
12-30 11:30:13.097  2045  2131 D InfotainmentBridge_Native: fireSongInfo() -- duration: 200
12-30 11:30:13.097  2045  2131 D InfotainmentBridge_Native: fireSongInfo() -- cover size: 80000
12-30 11:30:13.114  1667 19370 E CarPlay_Service: isConnected(MFiClientApiImpl.java:123)isConnected： true
12-30 11:30:13.114   879  2332 I mfiserver: [MFiProxy.cpp][675]messageMID =11 LID=03 com.adayo.carplay 
12-30 11:30:13.114   879  2332 I mfiserver: [MFiProxy.cpp][970]message channle=60 type=4 mode=1 buf=0xb400fc8d1fa65640 len=9 
12-30 11:30:13.114   879 19383 I libmfi  : [iAPUtils.c][134]buflen:9 packetlen=9
12-30 11:30:13.114   879 19383 E libmfi  : [iAP2BuffPoolImplementation.c][312]__iAP2BuffPoolGetRecvPacket malloc lenth = 4152 
12-30 11:30:13.115   879 19383 E libmfi  : [iAP2BuffPoolImplementation.c][252]__iAP2BuffPoolReturnSendPacket
12-30 11:30:13.115   879 19383 E libmfi  : [iAP2BuffPoolImplementation.c][252]__iAP2BuffPoolReturnSendPacket
12-30 11:30:13.115   879 19383 E libmfi  : [iAP2BuffPoolImplementation.c][252]__iAP2BuffPoolReturnSendPacket
12-30 11:30:13.115   879 19383 I libmfi  : [iAP2Link.c][2802]_CleanupAckedPackets 
12-30 11:30:13.115   879 19383 I libmfi  : [iAP2Link.c][3046]_iAP2LinkProcessInOrderPacketACK 
12-30 11:30:13.115   879 19383 E libmfi  : [iAP2BuffPoolImplementation.c][359]__iAP2BuffPoolReturnRecvPacket
12-30 11:30:13.117   360   931 D EvsDriver: forwardFrame
12-30 11:30:13.117   360   931 D EvsDriver: forwardFrameDirect
12-30 11:30:13.118   360   931 D EvsDriver: Delivered 0xb400e2ca9e40c7a0 as id 1
12-30 11:30:13.118   359   359 D evsmanagerd: /dev/video-evs0 forwarded the buffer #1 to 0xb400f125d2b26dd0 from 0xb400f125e2b20710
12-30 11:30:13.119   360   458 D EvsDriver: doneWithFrame
12-30 11:30:13.125 21940 21940 I CNS_MEDIA_BT_MUSIC__MediaMetadataUtil: get title: 时间 说了谎 说了谎 and artist: Star Crossing Night(feat. GALI) · 徐明浩, GALI
12-30 11:30:13.125 21940 21940 I CNS_MEDIA_BT_MUSIC__HMIAdapter: notifyMediaInfo, mDeviceType: MT_BT_Music,lastPlayInfo: com.fawvw.hmi.cnslauncher.service.MediaPlayingInfo@9a5ca4d
12-30 11:30:13.126 21845 21857 I MediaMiniApp: onPlayingInfoChanged MT_BT_Music ; mediaPlayingInfo = {"albumName":"时间 说了谎 说了谎","artistName":"Star Crossing Night(feat. GALI) · 徐明浩, GALI","coverDescriptor":{"mClosed":false,"mFd":{"descriptor":85,"ownerId":576460752381633984,"releaseLock":{}},"mGuard":{"closerNameOrAllocationInfo":"close"}},"deviceType":"MT_BT_Music","duration":205014,"isFavor":false,"mediaId":"MEDIA_BT_SONG_ID","state":"MPS_PLAYING"}
12-30 11:30:13.126 21845 21857 D MediaCardController: curDeviceType = MT_BT_Music
12-30 11:30:13.126 21845 21857 D MediaCardController: deviceType = MT_BT_Music
12-30 11:30:13.127 21845 21857 D MediaMiniApp: playingInfo = {"albumName":"时间 说了谎 说了谎","artistName":"Star Crossing Night(feat. GALI) · 徐明浩, GALI","coverDescriptor":{"mClosed":false,"mFd":{"descriptor":85,"ownerId":576460752381633984,"releaseLock":{}},"mGuard":{"closerNameOrAllocationInfo":"close"}},"deviceType":"MT_BT_Music","duration":205014,"isFavor":false,"mediaId":"MEDIA_BT_SONG_ID","state":"MPS_PLAYING"}
12-30 11:30:13.127 21845 21857 D MediaMiniApp: mediaId = MEDIA_BT_SONG_ID
12-30 11:30:13.127 21845 21857 I snet_event_log: [190188264,-1,]
12-30 11:30:13.129  2358  2623 D RcfController: Rcf proxy is not connected!
12-30 11:30:13.130 21845 21857 D MediaMiniApp: getBitmapByFD bitmap = android.graphics.Bitmap@19f1dec
12-30 11:30:13.130 21845 21857 D MediaMiniApp: onCoverInfoChanged!! = android.graphics.Bitmap@19f1dec
12-30 11:30:13.132  1667  2594 W ContextImpl: Calling a method in the system process without a qualified user: android.app.ContextImpl.bindService:1988 android.content.ContextWrapper.bindService:861 com.ford.sync.fnvservice.FordFnv.c:202 com.ford.sync.fnvservice.FordFnv.c:43 com.ford.sync.fnvservice.FordFnv$RetryHandler.handleMessage:245 
12-30 11:30:13.132   916  2815 W ActivityManager: Unable to start service Intent { cmp=com.ford.sync.fnvservice/.FordFnvService } U=0: not found
12-30 11:30:13.133  1667  2594 W FordFnv :  bind ford fnv failed -> sendRetryMessage 
12-30 11:30:13.151   360   931 D EvsDriver: forwardFrame
12-30 11:30:13.151   360   931 D EvsDriver: forwardFrameDirect
12-30 11:30:13.151   360   931 D EvsDriver: Delivered 0xb400e2ca9e40e270 as id 0
12-30 11:30:13.151   359   359 D evsmanagerd: /dev/video-evs0 forwarded the buffer #0 to 0xb400f125d2b26dd0 from 0xb400f125e2b20710
12-30 11:30:13.156 21845 21857 D MediaMiniApp: getBitmapHash = 1958b397a57f9fc1e91ea2700dc9a673
12-30 11:30:13.159   360   458 D EvsDriver: doneWithFrame
12-30 11:30:13.179  2358  2623 D RcfController: Rcf proxy is not connected!
12-30 11:30:13.183 21845 21857 D MediaMiniApp: getBitmapHash = 1958b397a57f9fc1e91ea2700dc9a673
12-30 11:30:13.184 21940 21940 I CNS_MEDIA_BT_MUSIC__a: uploadData, eventId: lmPlayNewContent, data: {"songName":"时间 说了谎 说了谎","singerName":"Star Crossing Night(feat. GALI) · 徐明浩, GALI","albumName":"未知专辑","totalTime":205014,"songStatus":"新歌曲","operationType":"","source":"其他"}
12-30 11:30:13.184 21940 21940 D CNS_MEDIA_BT_MUSIC__c: sendMediaInfo2SDS: state = 2, item = Bundle[{android.media.metadata.ARTIST=Star Crossing Night(feat. GALI) · 徐明浩, GALI, androidx.media2.metadata.BROWSABLE=1, androidx.media2.metadata.EXTRAS=Bundle[{com.mosi.mlsc.mediaengine.EXTRA_KEY_DEVICE_TYPE=5, com.mosi.mlsc.mediaengine.EXTRA_KEY_DEVICE_ID=34:10:BE:3D:C6:77}], android.media.metadata.DURATION=205014, android.media.metadata.ALBUM_ART_URI=content://com.android.bluetooth.avrcpcontroller.AvrcpCoverArtProvider?device=34%3A10%3ABE%3A3D%3AC6%3A77&uuid=0136c232-deb1-4cee-8dee-c09eba3317f8, android.media.metadata.MEDIA_ID=MEDIA_BT_SONG_ID, android.media.metadata.ALBUM=未知专辑, android.media.metadata.TITLE=时间 说了谎 说了谎}]
12-30 11:30:13.184 21940 21940 I CNS_MEDIA_BT_MUSIC__MediaMetadataUtil: get title: 时间 说了谎 说了谎 and artist: Star Crossing Night(feat. GALI) · 徐明浩, GALI
12-30 11:30:13.184 21940 21940 I CNS_MEDIA_BT_MUSIC__MediaMetadataUtil: get title: 时间 说了谎 说了谎 and artist: Star Crossing Night(feat. GALI) · 徐明浩, GALI
12-30 11:30:13.184 21940 21940 I CNS_MEDIA_BT_MUSIC__HMIAdapter: mDeviceType: MT_BT_Music, state: MPS_PLAYING
12-30 11:30:13.184   596  3076 E WifiHAL : Invalid data received from driver
12-30 11:30:13.184   360   931 D EvsDriver: forwardFrame
12-30 11:30:13.184 21845 21857 I MediaMiniApp: onPlayStateChanged MT_BT_Music ; playState = MPS_PLAYING
12-30 11:30:13.184   360   931 D EvsDriver: forwardFrameDirect
12-30 11:30:13.184 21845 21857 D MediaMiniApp: onPlayStateChanged!! playState = MPS_PLAYING
12-30 11:30:13.184   360   931 D EvsDriver: Delivered 0xb400e2ca9e40d4b0 as id 1
12-30 11:30:13.184 21845 21845 I MediaMiniApp: playStateChanged = MPS_PLAYING
12-30 11:30:13.184   359   359 D evsmanagerd: /dev/video-evs0 forwarded the buffer #1 to 0xb400f125d2b26dd0 from 0xb400f125e2b20710
12-30 11:30:13.190   360   458 D EvsDriver: doneWithFrame
12-30 11:30:13.217   360   931 D EvsDriver: forwardFrame
12-30 11:30:13.217   360   931 D EvsDriver: forwardFrameDirect
12-30 11:30:13.218   360   931 D EvsDriver: Delivered 0xb400e2ca9e40c2d0 as id 0
12-30 11:30:13.218   359   359 D evsmanagerd: /dev/video-evs0 forwarded the buffer #0 to 0xb400f125d2b26dd0 from 0xb400f125e2b20710
12-30 11:30:13.219  1667 19378 E CarPlay_Service: isConnected(MFiClientApiImpl.java:123)isConnected： true
12-30 11:30:13.219   879  2332 I mfiserver: [MFiProxy.cpp][675]messageMID =11 LID=03 com.adayo.carplay 
12-30 11:30:13.219   879  2332 I mfiserver: [MFiProxy.cpp][970]message channle=60 type=4 mode=1 buf=0xb400fc8d1fa65640 len=28 
12-30 11:30:13.219   879 19383 I libmfi  : [iAPUtils.c][134]buflen:28 packetlen=28
12-30 11:30:13.219   879 19383 E libmfi  : [iAP2BuffPoolImplementation.c][312]__iAP2BuffPoolGetRecvPacket malloc lenth = 4152 
12-30 11:30:13.219   879 19383 I libmfi  : [iAP2Link.c][2715]iAP2LinkHandleReadyPacket bDeletePacket = FALSE 
12-30 11:30:13.219   879 19383 I libmfi  : [iAP2Link.c][2802]_CleanupAckedPackets 
12-30 11:30:13.219   879 19383 I libmfi  : [iAP2Link.c][3046]_iAP2LinkProcessInOrderPacketACK 
12-30 11:30:13.219   879 19383 I libmfi  : [iAP2Control.c][208]Recieve Control MessageID = 0x5001 length = 18 
12-30 11:30:13.220   879 19383 E libmfi  : [iAP2BuffPoolImplementation.c][209]__iAP2BuffPoolGetSendPacket malloc lenth = 65591 
12-30 11:30:13.220   879 19383 I mfiserver: [MFiDataChannleSocket.cpp][127]len =16 
12-30 11:30:13.220   879 19383 E libmfi  : [iAP2BuffPoolImplementation.c][359]__iAP2BuffPoolReturnRecvPacket
12-30 11:30:13.220  1667  2331 I libmficlient: [MFiClient.cpp][120]Receive Data MID=50 LID=01 
12-30 11:30:13.220  1667  2331 W libmficlientjni: [MFiClientJniUtils.cpp][427]Set array[MediaItemMediaType] Value Failed 
12-30 11:30:13.220  1667  2331 W libmficlientjni: [MFiClientJniUtils.cpp][427]Set array[MediaItemArtworkData] Value Failed 
12-30 11:30:13.220   360   458 D EvsDriver: doneWithFrame
12-30 11:30:13.220  1667  2331 W CarPlay_Service: playbackUpdate(MediaInfoTrans.java:429)isMediaProxyConnected is false
12-30 11:30:13.220  1667  2331 I libmficlient: [MFiClient.cpp][120]Receive Data MID=11 LID=04 
12-30 11:30:13.229  2358  2623 D RcfController: Rcf proxy is not connected!
12-30 11:30:13.251   360   931 D EvsDriver: forwardFrame
12-30 11:30:13.251   360   931 D EvsDriver: forwardFrameDirect
12-30 11:30:13.251   360   931 D EvsDriver: Delivered 0xb400e2ca9e40d090 as id 1
12-30 11:30:13.251   359   359 D evsmanagerd: /dev/video-evs0 forwarded the buffer #1 to 0xb400f125d2b26dd0 from 0xb400f125e2b20710
12-30 11:30:13.261   360   458 D EvsDriver: doneWithFrame
12-30 11:30:13.262  1667 19384 E CarPlay_Service: isConnected(MFiClientApiImpl.java:123)isConnected： true
12-30 11:30:13.262   879  2332 I mfiserver: [MFiProxy.cpp][675]messageMID =11 LID=03 com.adayo.carplay 
12-30 11:30:13.262   879  2332 I mfiserver: [MFiProxy.cpp][970]message channle=60 type=4 mode=1 buf=0xb400fc8d1fa65640 len=28 
12-30 11:30:13.263   879 19383 I libmfi  : [iAPUtils.c][134]buflen:28 packetlen=28
12-30 11:30:13.263   879 19383 E libmfi  : [iAP2BuffPoolImplementation.c][312]__iAP2BuffPoolGetRecvPacket malloc lenth = 4152 
12-30 11:30:13.263   879 19383 I libmfi  : [iAP2Link.c][2715]iAP2LinkHandleReadyPacket bDeletePacket = FALSE 
12-30 11:30:13.263   879 19383 I libmfi  : [iAP2Link.c][2802]_CleanupAckedPackets 
12-30 11:30:13.263   879 19383 I libmfi  : [iAP2Link.c][3046]_iAP2LinkProcessInOrderPacketACK 
12-30 11:30:13.263   879 19383 I libmfi  : [iAP2Control.c][208]Recieve Control MessageID = 0x5001 length = 18 
12-30 11:30:13.263   879 19383 E libmfi  : [iAP2BuffPoolImplementation.c][209]__iAP2BuffPoolGetSendPacket malloc lenth = 65591 
12-30 11:30:13.263   879 19383 I mfiserver: [MFiDataChannleSocket.cpp][127]len =16 
12-30 11:30:13.263   879 19383 E libmfi  : [iAP2BuffPoolImplementation.c][359]__iAP2BuffPoolReturnRecvPacket
12-30 11:30:13.263  1667  2331 I libmficlient: [MFiClient.cpp][120]Receive Data MID=11 LID=04 
12-30 11:30:13.264  1667  2331 I libmficlient: [MFiClient.cpp][120]Receive Data MID=50 LID=01 
12-30 11:30:13.264  1667  2331 W libmficlientjni: [MFiClientJniUtils.cpp][427]Set array[MediaItemMediaType] Value Failed 
12-30 11:30:13.264  1667  2331 W libmficlientjni: [MFiClientJniUtils.cpp][427]Set array[MediaItemArtworkData] Value Failed 
12-30 11:30:13.264  1667  2331 W CarPlay_Service: playbackUpdate(MediaInfoTrans.java:429)isMediaProxyConnected is false
12-30 11:30:13.270  1667 19384 E CarPlay_Service: isConnected(MFiClientApiImpl.java:123)isConnected： true
12-30 11:30:13.271   879  2332 I mfiserver: [MFiProxy.cpp][675]messageMID =11 LID=03 com.adayo.carplay 
12-30 11:30:13.271   879  2332 I mfiserver: [MFiProxy.cpp][970]message channle=60 type=4 mode=1 buf=0xb400fc8d1fa65640 len=51 
12-30 11:30:13.271   879 19383 I libmfi  : [iAPUtils.c][134]buflen:51 packetlen=51
12-30 11:30:13.271   879 19383 E libmfi  : [iAP2BuffPoolImplementation.c][312]__iAP2BuffPoolGetRecvPacket malloc lenth = 4152 
12-30 11:30:13.271   879 19383 I libmfi  : [iAP2Link.c][2715]iAP2LinkHandleReadyPacket bDeletePacket = FALSE 
12-30 11:30:13.271   879 19383 I libmfi  : [iAP2Link.c][2802]_CleanupAckedPackets 
12-30 11:30:13.271   879 19383 I libmfi  : [iAP2Link.c][3046]_iAP2LinkProcessInOrderPacketACK 
12-30 11:30:13.271   879 19383 I libmfi  : [iAP2Control.c][208]Recieve Control MessageID = 0x5001 length = 41 
12-30 11:30:13.271   879 19383 E libmfi  : [iAP2BuffPoolImplementation.c][209]__iAP2BuffPoolGetSendPacket malloc lenth = 65591 
12-30 11:30:13.271   879 19383 I mfiserver: [MFiDataChannleSocket.cpp][127]len =16 
12-30 11:30:13.271   879 19383 E libmfi  : [iAP2BuffPoolImplementation.c][359]__iAP2BuffPoolReturnRecvPacket
12-30 11:30:13.271  1667  2331 I libmficlient: [MFiClient.cpp][120]Receive Data MID=50 LID=01 
12-30 11:30:13.271  1667  2331 W libmficlientjni: [MFiClientJniUtils.cpp][427]Set array[MediaItemMediaType] Value Failed 
12-30 11:30:13.271  1667  2331 W libmficlientjni: [MFiClientJniUtils.cpp][427]Set array[MediaItemArtworkData] Value Failed 
12-30 11:30:13.271  1667  2331 I CarPlay_Service: onNowPlaying(MFiClientApiImpl.java:926)nowPlayingInfo: NowPlayingInfo{lyric='时间 说了谎 说了谎', title='', singer='Star Crossing Night(feat. GALI) · 徐明浩, GALI', subTitle='', albumName='', durationSeconds=205, elapsedSeconds=73, isFavor=false, playState=1, repeatStatus=0, shuffleStatus=0, appName='汽水音乐'}
12-30 11:30:13.272  1667  2331 W CarPlay_Service: playbackUpdate(MediaInfoTrans.java:429)isMediaProxyConnected is false
12-30 11:30:13.272  1667  2331 I libmficlient: [MFiClient.cpp][120]Receive Data MID=11 LID=04 
12-30 11:30:13.279  2358  2623 D RcfController: Rcf proxy is not connected!
12-30 11:30:13.284   360   931 D EvsDriver: forwardFrame
12-30 11:30:13.284   360   931 D EvsDriver: forwardFrameDirect
12-30 11:30:13.284   596  3076 E WifiHAL : Invalid data received from driver
12-30 11:30:13.284   360   931 D EvsDriver: Delivered 0xb400e2ca9e40e110 as id 0
12-30 11:30:13.284   359   359 D evsmanagerd: /dev/video-evs0 forwarded the buffer #0 to 0xb400f125d2b26dd0 from 0xb400f125e2b20710
12-30 11:30:13.291   360   458 D EvsDriver: doneWithFrame
12-30 11:30:13.317   360   931 D EvsDriver: forwardFrame
12-30 11:30:13.317   360   931 D EvsDriver: forwardFrameDirect
12-30 11:30:13.318   360   931 D EvsDriver: Delivered 0xb400e2ca9e40c7a0 as id 1
12-30 11:30:13.318   359   359 D evsmanagerd: /dev/video-evs0 forwarded the buffer #1 to 0xb400f125d2b26dd0 from 0xb400f125e2b20710
12-30 11:30:13.321   360   458 D EvsDriver: doneWithFrame
12-30 11:30:13.330  2358  2623 D RcfController: Rcf proxy is not connected!
12-30 11:30:13.343   596  3076 E WifiHAL : Invalid data received from driver
12-30 11:30:13.351   360   931 D EvsDriver: forwardFrame
12-30 11:30:13.351   360   931 D EvsDriver: forwardFrameDirect
12-30 11:30:13.351   360   931 D EvsDriver: Delivered 0xb400e2ca9e40e270 as id 0
12-30 11:30:13.351   359   359 D evsmanagerd: /dev/video-evs0 forwarded the buffer #0 to 0xb400f125d2b26dd0 from 0xb400f125e2b20710
12-30 11:30:13.361   360   458 D EvsDriver: doneWithFrame
12-30 11:30:13.374  1611  1611 I ADAYO_LOG_: handleMessage(UsbFunc.java:3)copyQnx = 0
12-30 11:30:13.375  1611  1611 I ADAYO_LOG_: handleMessage(UsbFunc.java:12)copyState = 2
12-30 11:30:13.380  2358  2623 D RcfController: Rcf proxy is not connected!
12-30 11:30:13.384   360   931 D EvsDriver: forwardFrame
12-30 11:30:13.384   360   931 D EvsDriver: forwardFrameDirect
12-30 11:30:13.384   360   931 D EvsDriver: Delivered 0xb400e2ca9e40d4b0 as id 1
12-30 11:30:13.384   359   359 D evsmanagerd: /dev/video-evs0 forwarded the buffer #1 to 0xb400f125d2b26dd0 from 0xb400f125e2b20710
12-30 11:30:13.392   360   458 D EvsDriver: doneWithFrame
12-30 11:30:13.395   650   729 D fgemcucomm: sd Uart data : 6AA60244010002920223
12-30 11:30:13.395   650   729 D fgemcucomm: rev uart=85871,len=14, data : 6AA681440100069202000100009F
12-30 11:30:13.395   398   466 D adayocomadapter-ParseProtocolFunc: printRaWMsg Name[MCUToUPstream recv] len[6] data[920200010000]
12-30 11:30:13.395   398   466 D adayocomadapter-CommunicationManager: onUpstreamback   member[0] dataLength[3] timePoint[10349217]
12-30 11:30:13.395   398   466 D adayocomadapter-ParseProtocolFunc: printRaWMsg Name[onUpstreamback] len[3] data[010000]
12-30 11:30:13.395   398   464 D adayocomadapter-UpstreamHandler: processBeforePacket upSreamtProcessTimePoint[10349217] 
12-30 11:30:13.395   398   464 D adayocomadapter-UpstreamHandler: processPacket UPSTREAM_QUEUE_DATA_TIMEOUT
12-30 11:30:13.395   398   464 D adayocomadapter-ParseProtocolFunc: parseCommonIPCLBytes Processing tableNumber[1]
12-30 11:30:13.395   398   464 D adayocomadapter-ParseProtocolFunc: parseCommonIPCLBytes Processing tablename[Table-1] tableSize[3]
12-30 11:30:13.395   398   464 D adayocomadapter-ParseProtocolFunc: printRaWMsg Name[byteStream recv] len[3] data[010000]
12-30 11:30:13.395   398   464 D adayocomadapter-ParseProtocolFunc: printRaWMsg Name[IPCLtoVHAL] len[7] data[21402048000000]
12-30 11:30:13.395   398   464 D adayocomadapter-CommunicationManager: onUpstreamReceive mPropertyId 0x21402048
12-30 11:30:13.395   398   464 D adayocomadapter-CommunicationManager: convertBytesToInt32Memcpy  0
12-30 11:30:13.395   398   464 I vw-vhal : notifyVehicleProperty, propId = 0x21402048, data = {status: 2, int32Values: [0]}
12-30 11:30:13.395   398   464 I vw-vhal : CanSignalsAdapter::notifyVehicleProperty: solvedValue = {.timestamp = 10349217622231, .areaId = 0, .prop = 557850696, .status = AVAILABLE, .value = {.int32Values = [1]{0}, .floatValues = [0]{}, .int64Values = [0]{}, .bytes = [0]{}, .stringValue = ""}}
12-30 11:30:13.395   398   464 I VehiclePropertyStore: begin to write value to Store: {.timestamp = 10349217622231, .areaId = 0, .prop = 557850696, .status = AVAILABLE, .value = {.int32Values = [1]{0}, .floatValues = [0]{}, .int64Values = [0]{}, .bytes = [0]{}, .stringValue = ""}}
12-30 11:30:13.395   398   464 I DefaultVehicleHal_v2_0: DefaultVehicleHal::onPropertyValue, value:{.timestamp = 10349217622231, .areaId = 0, .prop = 557850696, .status = AVAILABLE, .value = {.int32Values = [1]{0}, .floatValues = [0]{}, .int64Values = [0]{}, .bytes = [0]{}, .stringValue = ""}}
12-30 11:30:13.395   398   464 D DiagPropHandler: is not DiagnosticConfig: 0x21402048
12-30 11:30:13.395   398   464 I VehiclePropertyStore: begin to write value to Store: {.timestamp = 10349217622231, .areaId = 0, .prop = 557850696, .status = AVAILABLE, .value = {.int32Values = [1]{0}, .floatValues = [0]{}, .int64Values = [0]{}, .bytes = [0]{}, .stringValue = ""}}
12-30 11:30:13.395   398   464 D adayocomadapter-CommunicationManager: onUpstreamReceive mPropertyId 0x21402048
12-30 11:30:13.412   596  3076 E WifiHAL : Invalid data received from driver
12-30 11:30:13.413   596  3076 E WifiHAL : Invalid data received from driver
12-30 11:30:13.413   596  3076 E WifiHAL : Invalid data received from driver
12-30 11:30:13.413   596  3076 E WifiHAL : Invalid data received from driver
12-30 11:30:13.413   596  3076 E WifiHAL : Invalid data received from driver
12-30 11:30:13.413   596  3076 E WifiHAL : Invalid data received from driver
12-30 11:30:13.413   596  3076 E WifiHAL : Invalid data received from driver
12-30 11:30:13.417   360   931 D EvsDriver: forwardFrame
12-30 11:30:13.417   360   931 D EvsDriver: forwardFrameDirect
12-30 11:30:13.418   360   931 D EvsDriver: Delivered 0xb400e2ca9e40c2d0 as id 0
12-30 11:30:13.418   359   359 D evsmanagerd: /dev/video-evs0 forwarded the buffer #0 to 0xb400f125d2b26dd0 from 0xb400f125e2b20710
12-30 11:30:13.422   360   458 D EvsDriver: doneWithFrame
12-30 11:30:13.424   596  3076 E WifiHAL : Invalid data received from driver
12-30 11:30:13.425   650   729 D fgemcucomm: sd Uart data : 6AA60244020002920222
12-30 11:30:13.425   650   729 D fgemcucomm: rev uart=85872,len=16, data : 6AA6814402000892020003000000009A
12-30 11:30:13.425   398   466 D adayocomadapter-ParseProtocolFunc: printRaWMsg Name[MCUToUPstream recv] len[8] data[9202000300000000]
12-30 11:30:13.425   398   466 D adayocomadapter-CommunicationManager: onUpstreamback   member[0] dataLength[5] timePoint[10349247]
12-30 11:30:13.425   398   466 D adayocomadapter-ParseProtocolFunc: printRaWMsg Name[onUpstreamback] len[5] data[0300000000]
12-30 11:30:13.426   398   464 D adayocomadapter-UpstreamHandler: processBeforePacket upSreamtProcessTimePoint[10349247] 
12-30 11:30:13.426   398   464 D adayocomadapter-UpstreamHandler: processPacket UPSTREAM_QUEUE_DATA_TIMEOUT
12-30 11:30:13.426   398   464 D adayocomadapter-ParseProtocolFunc: parseCommonIPCLBytes Processing tableNumber[3]
12-30 11:30:13.426   398   464 D adayocomadapter-ParseProtocolFunc: parseCommonIPCLBytes Processing tablename[Table-3] tableSize[5]
12-30 11:30:13.426   398   464 D adayocomadapter-ParseProtocolFunc: printRaWMsg Name[byteStream recv] len[5] data[0300000000]
12-30 11:30:13.426   398   464 D adayocomadapter-ParseProtocolFunc: printRaWMsg Name[IPCLtoVHAL] len[8] data[2141213801000000]
12-30 11:30:13.426   398   464 D adayocomadapter-ParseProtocolFunc: printRaWMsg Name[IPCLtoVHAL] len[6] data[214021D60000]
12-30 11:30:13.426   398   464 D adayocomadapter-CommunicationManager: onUpstreamReceive mPropertyId 0x21412138
12-30 11:30:13.426   398   464 I vw-vhal : notifyVehicleProperty, propId = 0x21412138, data = {status: 2, int32Values: [0, 0, 0]}
12-30 11:30:13.426   398   464 I vw-vhal : CanSignalsAdapter::notifyVehicleProperty: solvedValue = {.timestamp = 10349248664231, .areaId = 0, .prop = 557916472, .status = AVAILABLE, .value = {.int32Values = [3]{0, 0, 0}, .floatValues = [0]{}, .int64Values = [0]{}, .bytes = [0]{}, .stringValue = ""}}
12-30 11:30:13.426   398   464 I VehiclePropertyStore: begin to write value to Store: {.timestamp = 10349248664231, .areaId = 0, .prop = 557916472, .status = AVAILABLE, .value = {.int32Values = [3]{0, 0, 0}, .floatValues = [0]{}, .int64Values = [0]{}, .bytes = [0]{}, .stringValue = ""}}
12-30 11:30:13.426   398   464 I DefaultVehicleHal_v2_0: DefaultVehicleHal::onPropertyValue, value:{.timestamp = 10349248664231, .areaId = 0, .prop = 557916472, .status = AVAILABLE, .value = {.int32Values = [3]{0, 0, 0}, .floatValues = [0]{}, .int64Values = [0]{}, .bytes = [0]{}, .stringValue = ""}}
12-30 11:30:13.426   398   464 D DiagPropHandler: is not DiagnosticConfig: 0x21412138
12-30 11:30:13.427   398   464 I VehiclePropertyStore: begin to write value to Store: {.timestamp = 10349248664231, .areaId = 0, .prop = 557916472, .status = AVAILABLE, .value = {.int32Values = [3]{0, 0, 0}, .floatValues = [0]{}, .int64Values = [0]{}, .bytes = [0]{}, .stringValue = ""}}
12-30 11:30:13.427   398   464 D adayocomadapter-CommunicationManager: onUpstreamReceive mPropertyId 0x21412138
12-30 11:30:13.427   398   464 D adayocomadapter-CommunicationManager: onUpstreamReceive mPropertyId 0x214021d6
12-30 11:30:13.427   398   464 D adayocomadapter-CommunicationManager: convertBytesToInt32Memcpy  0
12-30 11:30:13.427   398   464 I vw-vhal : notifyVehicleProperty, propId = 0x214021d6, data = {status: 2, int32Values: [0]}
12-30 11:30:13.427   398   464 I vw-vhal : CanSignalsAdapter::notifyVehicleProperty: solvedValue = {.timestamp = 10349249053231, .areaId = 0, .prop = 557851094, .status = AVAILABLE, .value = {.int32Values = [1]{0}, .floatValues = [0]{}, .int64Values = [0]{}, .bytes = [0]{}, .stringValue = ""}}
12-30 11:30:13.427   398   464 I VehiclePropertyStore: begin to write value to Store: {.timestamp = 10349249053231, .areaId = 0, .prop = 557851094, .status = AVAILABLE, .value = {.int32Values = [1]{0}, .floatValues = [0]{}, .int64Values = [0]{}, .bytes = [0]{}, .stringValue = ""}}
12-30 11:30:13.427   398   464 I DefaultVehicleHal_v2_0: DefaultVehicleHal::onPropertyValue, value:{.timestamp = 10349249053231, .areaId = 0, .prop = 557851094, .status = AVAILABLE, .value = {.int32Values = [1]{0}, .floatValues = [0]{}, .int64Values = [0]{}, .bytes = [0]{}, .stringValue = ""}}
12-30 11:30:13.427   398   464 D DiagPropHandler: is not DiagnosticConfig: 0x214021d6
12-30 11:30:13.427   398   464 I VehiclePropertyStore: begin to write value to Store: {.timestamp = 10349249053231, .areaId = 0, .prop = 557851094, .status = AVAILABLE, .value = {.int32Values = [1]{0}, .floatValues = [0]{}, .int64Values = [0]{}, .bytes = [0]{}, .stringValue = ""}}
12-30 11:30:13.427   398   464 D adayocomadapter-CommunicationManager: onUpstreamReceive mPropertyId 0x214021d6
12-30 11:30:13.430  2358  2623 D RcfController: Rcf proxy is not connected!
12-30 11:30:13.451   360   931 D EvsDriver: forwardFrame
12-30 11:30:13.451   360   931 D EvsDriver: forwardFrameDirect
12-30 11:30:13.451   360   931 D EvsDriver: Delivered 0xb400e2ca9e40d090 as id 1
12-30 11:30:13.451   359   359 D evsmanagerd: /dev/video-evs0 forwarded the buffer #1 to 0xb400f125d2b26dd0 from 0xb400f125e2b20710
12-30 11:30:13.452   360   458 D EvsDriver: doneWithFrame
12-30 11:30:13.480  2358  2623 D RcfController: Rcf proxy is not connected!
12-30 11:30:13.484   360   931 D EvsDriver: forwardFrame
12-30 11:30:13.484   360   931 D EvsDriver: forwardFrameDirect
12-30 11:30:13.484   360   931 D EvsDriver: Delivered 0xb400e2ca9e40e110 as id 0
12-30 11:30:13.484   359   359 D evsmanagerd: /dev/video-evs0 forwarded the buffer #0 to 0xb400f125d2b26dd0 from 0xb400f125e2b20710
12-30 11:30:13.493   360   458 D EvsDriver: doneWithFrame
12-30 11:30:13.495  1667  2407 I media_message_log->MediaMessageProxy: (SourceFile:1)b connectToService action bind
12-30 11:30:13.496   916  2815 W ActivityManager: Unable to start service Intent { cmp=com.adayo.server.mediamessagetransfer/.MediaMessTransferService (has extras) } U=0: not found
12-30 11:30:13.496  1667  2407 E media_message_log->MediaMessageProxy: (SourceFile:7)a bindServiceAsUser isBound = false
12-30 11:30:13.517   360   931 D EvsDriver: forwardFrame
12-30 11:30:13.517   360   931 D EvsDriver: forwardFrameDirect
12-30 11:30:13.518   360   931 D EvsDriver: Delivered 0xb400e2ca9e40c7a0 as id 1
12-30 11:30:13.518   359   359 D evsmanagerd: /dev/video-evs0 forwarded the buffer #1 to 0xb400f125d2b26dd0 from 0xb400f125e2b20710
12-30 11:30:13.523   360   458 D EvsDriver: doneWithFrame
12-30 11:30:13.531  2358  2623 D RcfController: Rcf proxy is not connected!
12-30 11:30:13.546   596  3076 E WifiHAL : Invalid data received from driver
12-30 11:30:13.551   360   931 I EvsDriver: /dev/video-evs0 VideoCapture fps 29.9999
12-30 11:30:13.551   360   931 D EvsDriver: forwardFrame
12-30 11:30:13.551   360   931 D EvsDriver: forwardFrameDirect
12-30 11:30:13.551   360   931 D EvsDriver: Delivered 0xb400e2ca9e40e270 as id 0
12-30 11:30:13.551   359   359 D evsmanagerd: /dev/video-evs0 forwarded the buffer #0 to 0xb400f125d2b26dd0 from 0xb400f125e2b20710
12-30 11:30:13.553   360   458 D EvsDriver: doneWithFrame
12-30 11:30:13.581  2358  2623 D RcfController: Rcf proxy is not connected!
12-30 11:30:13.584   360   931 D EvsDriver: forwardFrame
12-30 11:30:13.584   360   931 D EvsDriver: forwardFrameDirect
12-30 11:30:13.584   360   931 D EvsDriver: Delivered 0xb400e2ca9e40d4b0 as id 1
12-30 11:30:13.584   359   359 D evsmanagerd: /dev/video-evs0 forwarded the buffer #1 to 0xb400f125d2b26dd0 from 0xb400f125e2b20710
12-30 11:30:13.595   360   458 D EvsDriver: doneWithFrame
12-30 11:30:13.617   360   931 D EvsDriver: forwardFrame
12-30 11:30:13.617   360   931 D EvsDriver: forwardFrameDirect
12-30 11:30:13.618   360   931 D EvsDriver: Delivered 0xb400e2ca9e40c2d0 as id 0
12-30 11:30:13.618   359   359 D evsmanagerd: /dev/video-evs0 forwarded the buffer #0 to 0xb400f125d2b26dd0 from 0xb400f125e2b20710
12-30 11:30:13.624   360   458 D EvsDriver: doneWithFrame
12-30 11:30:13.631  2358  2623 D RcfController: Rcf proxy is not connected!
12-30 11:30:13.633   596  3076 E WifiHAL : Invalid data received from driver
12-30 11:30:13.651   360   931 D EvsDriver: forwardFrame
12-30 11:30:13.651   360   931 D EvsDriver: forwardFrameDirect
12-30 11:30:13.651   360   931 D EvsDriver: Delivered 0xb400e2ca9e40d090 as id 1
12-30 11:30:13.651   359   359 D evsmanagerd: /dev/video-evs0 forwarded the buffer #1 to 0xb400f125d2b26dd0 from 0xb400f125e2b20710
12-30 11:30:13.655   360   458 D EvsDriver: doneWithFrame
12-30 11:30:13.681  2358  2623 D RcfController: Rcf proxy is not connected!
12-30 11:30:13.684  1667 19370 E CarPlay_Service: isConnected(MFiClientApiImpl.java:123)isConnected： true
12-30 11:30:13.684   879  2332 I mfiserver: [MFiProxy.cpp][675]messageMID =11 LID=03 com.adayo.carplay 
12-30 11:30:13.684   879  2332 I mfiserver: [MFiProxy.cpp][970]message channle=60 type=4 mode=1 buf=0xb400fc8d1fa65640 len=28 
12-30 11:30:13.684   879 19383 I libmfi  : [iAPUtils.c][134]buflen:28 packetlen=28
