12-30 11:30:07.752  1667  2513 W ContextImpl: Calling a method in the system process without a qualified user: android.app.ContextImpl.bindService:1988 android.content.ContextWrapper.bindService:861 com.ford.sync.fnvservice.analytics.AnalyticsManager$RetryHandler.a:126 com.ford.sync.fnvservice.analytics.AnalyticsManager$RetryHandler.handleMessage:103 android.os.Handler.dispatchMessage:106 
12-30 11:30:07.753   916  3596 W ActivityManager: Unable to start service Intent { cmp=com.ford.sync.fnvservice/.analytics.AnalyticsService } U=0: not found
12-30 11:30:07.753   596  3076 E WifiHAL : Invalid data received from driver
12-30 11:30:07.753  1667  2513 W AnalyticsManager:  bind ford Analytics failed -> sendRetryMessage 
12-30 11:30:07.758  2338  2545 D SOAServiceManager: SOA Service is Available.
12-30 11:30:07.758  2358  2373 D RcfController: Rcf proxy is not connected!
12-30 11:30:07.759  2338  2545 D NetPermissionProxy: ┌──────────────────────────────────────────────────────────┐
12-30 11:30:07.759  2338  2545 D NetPermissionProxy: │[11:30:07.758][binder:2338_4][queryPermissionLargeSwitch:42]│
12-30 11:30:07.759  2338  2545 D NetPermissionProxy: │ Query network status is off.                             │
12-30 11:30:07.759  2338  2545 D NetPermissionProxy: └──────────────────────────────────────────────────────────┘
12-30 11:30:07.760   360   458 D EvsDriver: doneWithFrame
12-30 11:30:07.760  2338  2545 I CnsPermissionServiceImpl: ┌──────────────────────────────────────────────────────────┐
12-30 11:30:07.760  2338  2545 I CnsPermissionServiceImpl: │[11:30:07.759][binder:2338_4][queryPermissionLargeSwitch:63]│
12-30 11:30:07.760  2338  2545 I CnsPermissionServiceImpl: │ 18971 is querying Internet large switch, which is false. │
12-30 11:30:07.760  2338  2545 I CnsPermissionServiceImpl: └──────────────────────────────────────────────────────────┘
12-30 11:30:07.760 18971 18971 I CnsCarApp-CellularNetworkRepositoryImpl: Get Cellular network master switch, enabled: false
12-30 11:30:07.763  2338  2545 D SOAServiceManager: SOA Service is Available.
12-30 11:30:07.763  2358  2373 D RcfController: Rcf proxy is not connected!
12-30 11:30:07.764  2338  2545 D NetPermissionProxy: ┌──────────────────────────────────────────────────────────┐
12-30 11:30:07.764  2338  2545 D NetPermissionProxy: │[11:30:07.764][binder:2338_4][queryPermissionLargeSwitch:42]│
12-30 11:30:07.764  2338  2545 D NetPermissionProxy: │ Query network status is off.                             │
12-30 11:30:07.764  2338  2545 D NetPermissionProxy: └──────────────────────────────────────────────────────────┘
12-30 11:30:07.765  2338  2545 I CnsPermissionServiceImpl: ┌──────────────────────────────────────────────────────────┐
12-30 11:30:07.765  2338  2545 I CnsPermissionServiceImpl: │[11:30:07.765][binder:2338_4][queryPermissionLargeSwitch:63]│
12-30 11:30:07.765  2338  2545 I CnsPermissionServiceImpl: │ 18971 is querying Internet large switch, which is false. │
12-30 11:30:07.765  2338  2545 I CnsPermissionServiceImpl: └──────────────────────────────────────────────────────────┘
12-30 11:30:07.765 18971 18971 I CnsCarApp-CellularNetworkRepositoryImpl: Get Cellular network master switch, enabled: false
12-30 11:30:07.767 18971 18971 D CarPropertyManager: getProperty, propertyId: CNS_EXT_RANGE_REMAINING, areaId: 0x0
12-30 11:30:07.767  1365  2014 D CarPropertyService: mSyncGetSetPropertyOpCount: 1
12-30 11:30:07.768  1365  2014 I CAR.HAL : get, property Id: 557850631 // 0x21402007, property name: CNS_EM_RANGE_REMAINING areaId: 0 // 0x0
12-30 11:30:07.768   398  2883 I DefaultVehicleHal_v2_0: getProp(0x21402007)
12-30 11:30:07.768   398  2883 I vw-vhal : getVehicleProperty in: {.timestamp = 0, .areaId = 0, .prop = 557850631, .status = AVAILABLE, .value = {.int32Values = [0]{}, .floatValues = [0]{}, .int64Values = [0]{}, .bytes = [0]{}, .stringValue = ""}}
12-30 11:30:07.768   398  2883 D adayocomadapter-CommunicationManager: getProperty id=[557850631] lihy 55  value 1 
12-30 11:30:07.768   398  2883 I DefaultVehicleHal_v2_0: Get Property: {.timestamp = 10343590546897, .areaId = 0, .prop = 557850631, .status = AVAILABLE, .value = {.int32Values = [1]{0}, .floatValues = [0]{}, .int64Values = [0]{}, .bytes = [0]{}, .stringValue = ""}}
12-30 11:30:07.769  1365  2014 I CAR.HAL : get, property Id: 557850631 // 0x21402007, property name: CNS_EM_RANGE_REMAINING areaId: 0 // 0x0
12-30 11:30:07.769   398  2883 I DefaultVehicleHal_v2_0: getProp(0x21402007)
12-30 11:30:07.769   398  2883 I vw-vhal : getVehicleProperty in: {.timestamp = 0, .areaId = 0, .prop = 557850631, .status = AVAILABLE, .value = {.int32Values = [0]{}, .floatValues = [0]{}, .int64Values = [0]{}, .bytes = [0]{}, .stringValue = ""}}
12-30 11:30:07.769   398  2883 D adayocomadapter-CommunicationManager: getProperty id=[557850631] lihy 55  value 1 
12-30 11:30:07.769   398  2883 I DefaultVehicleHal_v2_0: Get Property: {.timestamp = 10343591359231, .areaId = 0, .prop = 557850631, .status = AVAILABLE, .value = {.int32Values = [1]{0}, .floatValues = [0]{}, .int64Values = [0]{}, .bytes = [0]{}, .stringValue = ""}}
12-30 11:30:07.769  1365  2014 D CarPropertyService: mSyncGetSetPropertyOpCount: 0
12-30 11:30:07.773 18971 18971 D CarPropertyManager: getProperty, propertyId: CNS_EM_BATTERY_LEVEL, areaId: 0x0
12-30 11:30:07.773  1365  2014 D CarPropertyService: mSyncGetSetPropertyOpCount: 1
12-30 11:30:07.774  1365  2014 I CAR.HAL : get, property Id: 557850629 // 0x21402005, property name: CNS_EM_BATTERY_LEVEL areaId: 0 // 0x0
12-30 11:30:07.774   398  2883 I DefaultVehicleHal_v2_0: getProp(0x21402005)
12-30 11:30:07.774   398  2883 I vw-vhal : getVehicleProperty in: {.timestamp = 0, .areaId = 0, .prop = 557850629, .status = AVAILABLE, .value = {.int32Values = [0]{}, .floatValues = [0]{}, .int64Values = [0]{}, .bytes = [0]{}, .stringValue = ""}}
12-30 11:30:07.774   398  2883 D adayocomadapter-CommunicationManager: getProperty id=[557850629] lihy 55  value 1 
12-30 11:30:07.774   398  2883 I DefaultVehicleHal_v2_0: Get Property: {.timestamp = 10343596363564, .areaId = 0, .prop = 557850629, .status = AVAILABLE, .value = {.int32Values = [1]{0}, .floatValues = [0]{}, .int64Values = [0]{}, .bytes = [0]{}, .stringValue = ""}}
12-30 11:30:07.774  1365  2014 I CAR.HAL : get, property Id: 557850629 // 0x21402005, property name: CNS_EM_BATTERY_LEVEL areaId: 0 // 0x0
12-30 11:30:07.775   398  2883 I DefaultVehicleHal_v2_0: getProp(0x21402005)
12-30 11:30:07.775   398  2883 I vw-vhal : getVehicleProperty in: {.timestamp = 0, .areaId = 0, .prop = 557850629, .status = AVAILABLE, .value = {.int32Values = [0]{}, .floatValues = [0]{}, .int64Values = [0]{}, .bytes = [0]{}, .stringValue = ""}}
12-30 11:30:07.775   398  2883 D adayocomadapter-CommunicationManager: getProperty id=[557850629] lihy 55  value 1 
12-30 11:30:07.775   398  2883 I DefaultVehicleHal_v2_0: Get Property: {.timestamp = 10343597063231, .areaId = 0, .prop = 557850629, .status = AVAILABLE, .value = {.int32Values = [1]{0}, .floatValues = [0]{}, .int64Values = [0]{}, .bytes = [0]{}, .stringValue = ""}}
12-30 11:30:07.775  1365  2014 D CarPropertyService: mSyncGetSetPropertyOpCount: 0
12-30 11:30:07.776 18971 18971 D CarPropertyManager: getProperty, propertyId: CNS_INFO_INST_CONSMP, areaId: 0x0
12-30 11:30:07.776  1365  2014 D CAR.SOA : getProperty propId=CNS_INFO_INST_CONSMP
12-30 11:30:07.777 18971 18971 D CarPropertyManager: getProperty, propertyId: CNS_EXT_RANGE_REMAINING, areaId: 0x0
12-30 11:30:07.777  1365  2014 D CarPropertyService: mSyncGetSetPropertyOpCount: 1
12-30 11:30:07.777  1365  2014 I CAR.HAL : get, property Id: 557850631 // 0x21402007, property name: CNS_EM_RANGE_REMAINING areaId: 0 // 0x0
12-30 11:30:07.778   398  2883 I DefaultVehicleHal_v2_0: getProp(0x21402007)
12-30 11:30:07.778   398  2883 I vw-vhal : getVehicleProperty in: {.timestamp = 0, .areaId = 0, .prop = 557850631, .status = AVAILABLE, .value = {.int32Values = [0]{}, .floatValues = [0]{}, .int64Values = [0]{}, .bytes = [0]{}, .stringValue = ""}}
12-30 11:30:07.778   398  2883 D adayocomadapter-CommunicationManager: getProperty id=[557850631] lihy 55  value 1 
12-30 11:30:07.778   398  2883 I DefaultVehicleHal_v2_0: Get Property: {.timestamp = 10343600284231, .areaId = 0, .prop = 557850631, .status = AVAILABLE, .value = {.int32Values = [1]{0}, .floatValues = [0]{}, .int64Values = [0]{}, .bytes = [0]{}, .stringValue = ""}}
12-30 11:30:07.778  1365  2014 I CAR.HAL : get, property Id: 557850631 // 0x21402007, property name: CNS_EM_RANGE_REMAINING areaId: 0 // 0x0
12-30 11:30:07.778   398  2883 I DefaultVehicleHal_v2_0: getProp(0x21402007)
12-30 11:30:07.778   398  2883 I vw-vhal : getVehicleProperty in: {.timestamp = 0, .areaId = 0, .prop = 557850631, .status = AVAILABLE, .value = {.int32Values = [0]{}, .floatValues = [0]{}, .int64Values = [0]{}, .bytes = [0]{}, .stringValue = ""}}
12-30 11:30:07.779   398  2883 D adayocomadapter-CommunicationManager: getProperty id=[557850631] lihy 55  value 1 
12-30 11:30:07.779   398  2883 I DefaultVehicleHal_v2_0: Get Property: {.timestamp = 10343600890231, .areaId = 0, .prop = 557850631, .status = AVAILABLE, .value = {.int32Values = [1]{0}, .floatValues = [0]{}, .int64Values = [0]{}, .bytes = [0]{}, .stringValue = ""}}
12-30 11:30:07.779  1365  2014 D CarPropertyService: mSyncGetSetPropertyOpCount: 0
12-30 11:30:07.781 18971 18971 D CarPropertyManager: getProperty, propertyId: CNS_EM_BATTERY_LEVEL, areaId: 0x0
12-30 11:30:07.782  1365  2014 D CarPropertyService: mSyncGetSetPropertyOpCount: 1
12-30 11:30:07.782  1365  2014 I CAR.HAL : get, property Id: 557850629 // 0x21402005, property name: CNS_EM_BATTERY_LEVEL areaId: 0 // 0x0
12-30 11:30:07.783   398  2883 I DefaultVehicleHal_v2_0: getProp(0x21402005)
12-30 11:30:07.783   398  2883 I vw-vhal : getVehicleProperty in: {.timestamp = 0, .areaId = 0, .prop = 557850629, .status = AVAILABLE, .value = {.int32Values = [0]{}, .floatValues = [0]{}, .int64Values = [0]{}, .bytes = [0]{}, .stringValue = ""}}
12-30 11:30:07.783   398  2883 D adayocomadapter-CommunicationManager: getProperty id=[557850629] lihy 55  value 1 
12-30 11:30:07.783   398  2883 I DefaultVehicleHal_v2_0: Get Property: {.timestamp = 10343605687564, .areaId = 0, .prop = 557850629, .status = AVAILABLE, .value = {.int32Values = [1]{0}, .floatValues = [0]{}, .int64Values = [0]{}, .bytes = [0]{}, .stringValue = ""}}
12-30 11:30:07.784   360   931 D EvsDriver: forwardFrame
12-30 11:30:07.784  1365  2014 I CAR.HAL : get, property Id: 557850629 // 0x21402005, property name: CNS_EM_BATTERY_LEVEL areaId: 0 // 0x0
12-30 11:30:07.784   360   931 D EvsDriver: forwardFrameDirect
12-30 11:30:07.785   360   931 D EvsDriver: Delivered 0xb400e2ca9e40d4b0 as id 1
12-30 11:30:07.785   398  2883 I DefaultVehicleHal_v2_0: getProp(0x21402005)
12-30 11:30:07.785   359   359 D evsmanagerd: /dev/video-evs0 forwarded the buffer #1 to 0xb400f125d2b26dd0 from 0xb400f125e2b20710
12-30 11:30:07.785   398  2883 I vw-vhal : getVehicleProperty in: {.timestamp = 0, .areaId = 0, .prop = 557850629, .status = AVAILABLE, .value = {.int32Values = [0]{}, .floatValues = [0]{}, .int64Values = [0]{}, .bytes = [0]{}, .stringValue = ""}}
12-30 11:30:07.785   398  2883 D adayocomadapter-CommunicationManager: getProperty id=[557850629] lihy 55  value 1 
12-30 11:30:07.785   398  2883 I DefaultVehicleHal_v2_0: Get Property: {.timestamp = 10343607307897, .areaId = 0, .prop = 557850629, .status = AVAILABLE, .value = {.int32Values = [1]{0}, .floatValues = [0]{}, .int64Values = [0]{}, .bytes = [0]{}, .stringValue = ""}}
12-30 11:30:07.790   360   458 D EvsDriver: doneWithFrame
12-30 11:30:07.794  1365  2014 D CarPropertyService: mSyncGetSetPropertyOpCount: 0
12-30 11:30:07.794 18971 18971 D CarPropertyManager: getProperty, propertyId: CNS_INFO_INST_CONSMP, areaId: 0x0
12-30 11:30:07.794  1365  2014 D CAR.SOA : getProperty propId=CNS_INFO_INST_CONSMP
12-30 11:30:07.797   596  3076 E WifiHAL : Invalid data received from driver
12-30 11:30:07.797  1667  2410 I media_message_log->MediaMessageUserProxy: (SourceFile:1)b connectToService action bind
12-30 11:30:07.798   916  2815 W ActivityManager: Unable to start service Intent { cmp=com.adayo.server.mediamessagetransfer/.MediaMessTransferService (has extras) } U=0: not found
12-30 11:30:07.798  1667  2410 E media_message_log->MediaMessageUserProxy: (SourceFile:7)a bindServiceAsUser isBound = false
12-30 11:30:07.799  2358  2623 D RcfController: Rcf proxy is not connected!
12-30 11:30:07.818   650   729 D fgemcucomm: sd Uart data : 6AA60243D20002920253
12-30 11:30:07.818   360   931 D EvsDriver: forwardFrame
12-30 11:30:07.818   360   931 D EvsDriver: forwardFrameDirect
12-30 11:30:07.818   650   729 D fgemcucomm: rev uart=85823,len=48, data : 6AA68143D200289202001B4A503130333531353242204A50313033353135324220413031000000000000000000000037
12-30 11:30:07.818   360   931 D EvsDriver: Delivered 0xb400e2ca9e40c2d0 as id 0
12-30 11:30:07.818   398  2883 D adayocomadapter-ParseProtocolFunc: printRaWMsg Name[MCUToUPstream recv] len[40] data[9202001B4A503130333531353242204A503130333531353242204130310000000000000000000000]
12-30 11:30:07.818   359   359 D evsmanagerd: /dev/video-evs0 forwarded the buffer #0 to 0xb400f125d2b26dd0 from 0xb400f125e2b20710
12-30 11:30:07.818   398  2883 D adayocomadapter-CommunicationManager: onUpstreamback   member[0] dataLength[37] timePoint[10343640]
12-30 11:30:07.818   398  2883 D adayocomadapter-ParseProtocolFunc: printRaWMsg Name[onUpstreamback] len[37] data[1B4A503130333531353242204A503130333531353242204130310000000000000000000000]
12-30 11:30:07.818   398   464 D adayocomadapter-UpstreamHandler: processBeforePacket upSreamtProcessTimePoint[10343640] 
12-30 11:30:07.818   398   464 D adayocomadapter-UpstreamHandler: processPacket UPSTREAM_QUEUE_DATA_TIMEOUT
12-30 11:30:07.818   398   464 D adayocomadapter-ParseProtocolFunc: parseCommonIPCLBytes Processing tableNumber[27]
12-30 11:30:07.818   398   464 D adayocomadapter-ParseProtocolFunc: parseCommonIPCLBytes Processing tablename[Table-27] tableSize[37]
12-30 11:30:07.818   398   464 D adayocomadapter-ParseProtocolFunc: printRaWMsg Name[byteStream recv] len[37] data[1B4A503130333531353242204A503130333531353242204130310000000000000000000000]
12-30 11:30:07.818   398   464 D adayocomadapter-ParseProtocolFunc: printRaWMsg Name[IPCLtoVHAL] len[16] data[21414157014A50313033353135324220]
12-30 11:30:07.818   398   464 D adayocomadapter-ParseProtocolFunc: printRaWMsg Name[IPCLtoVHAL] len[16] data[21414158014A50313033353135324220]
12-30 11:30:07.818   398   464 D adayocomadapter-ParseProtocolFunc: printRaWMsg Name[IPCLtoVHAL] len[8] data[2141415901413031]
12-30 11:30:07.818   398   464 D adayocomadapter-ParseProtocolFunc: printRaWMsg Name[IPCLtoVHAL] len[16] data[2141415A010000000000000000000000]
12-30 11:30:07.818   398   464 D adayocomadapter-CommunicationManager: onUpstreamReceive mPropertyId 0x21414157
12-30 11:30:07.818   398   464 D adayocomadapter-CommunicationManager: writeValue id=[557924695]
12-30 11:30:07.818   398   464 D adayocomadapter-VehiclePropertyStore: writeValue id=[557924695]
12-30 11:30:07.818   398   464 I vw-vhal : notifyVehicleProperty, propId = 0x21414157, data = {status: 2, int32Values: [74, 80, 49, 48, 51, 53, 49, 53, 50, 66, 32]}
12-30 11:30:07.818   398   464 I vw-vhal : CanSignalsAdapter::notifyDiagProperty: propId = 0x21414157, data = {status: 2, int32Values: [74, 80, 49, 48, 51, 53, 49, 53, 50, 66, 32]}
12-30 11:30:07.819   398   464 I vw-vhal : CanSignalsAdapter::notifyVehicleProperty: solvedValue = {.timestamp = 10343640821231, .areaId = 0, .prop = 557924695, .status = AVAILABLE, .value = {.int32Values = [11]{74, 80, 49, 48, 51, 53, 49, 53, 50, 66, 32}, .floatValues = [0]{}, .int64Values = [0]{}, .bytes = [0]{}, .stringValue = ""}}
12-30 11:30:07.819   398   464 I VehiclePropertyStore: begin to write value to Store: {.timestamp = 10343640821231, .areaId = 0, .prop = 557924695, .status = AVAILABLE, .value = {.int32Values = [11]{74, 80, 49, 48, 51, 53, 49, 53, 50, 66, 32}, .floatValues = [0]{}, .int64Values = [0]{}, .bytes = [0]{}, .stringValue = ""}}
12-30 11:30:07.819   398   464 I DefaultVehicleHal_v2_0: DefaultVehicleHal::onPropertyValue, value:{.timestamp = 10343640821231, .areaId = 0, .prop = 557924695, .status = AVAILABLE, .value = {.int32Values = [11]{74, 80, 49, 48, 51, 53, 49, 53, 50, 66, 32}, .floatValues = [0]{}, .int64Values = [0]{}, .bytes = [0]{}, .stringValue = ""}}
12-30 11:30:07.819   398   464 D DiagPropHandler: isDiagnosticConfig: 0x21414157
12-30 11:30:07.819   398   464 D DefaultVehicleHal_v2_0: onPropertyValue: Diagnostic config property: 0x21414157
12-30 11:30:07.819   398   464 D DiagPropHandler: Processing request for prop: 0x21414157
12-30 11:30:07.819   398   464 D DiagPropHandler: String length: 11, size = 11
12-30 11:30:07.819   682   682 I vendor.fawvw.hardware.persistenceservice: [193][persistence_client_library_prct_access::get_db_context] key VW_Spare_Part_Number is not in RCT,will be stored in cached
12-30 11:30:07.819   682   682 I vendor.fawvw.hardware.persistenceservice: [39][PersistenceService::setValue]Receive aidl setValue:key is VW_Spare_Part_Number,value is JP1035152B ,serviceid is 2
12-30 11:30:07.819   398   464 D DiagPropHandler: Successfully set property [VW_Spare_Part_Number] = JP1035152B 
12-30 11:30:07.819   398   464 I VehiclePropertyStore: begin to write value to Store: {.timestamp = 10343640821231, .areaId = 0, .prop = 557924695, .status = AVAILABLE, .value = {.int32Values = [11]{74, 80, 49, 48, 51, 53, 49, 53, 50, 66, 32}, .floatValues = [0]{}, .int64Values = [0]{}, .bytes = [0]{}, .stringValue = ""}}
12-30 11:30:07.819   398   464 D adayocomadapter-CommunicationManager: onUpstreamReceive mPropertyId 0x21414157
12-30 11:30:07.820   398   464 D adayocomadapter-CommunicationManager: onUpstreamReceive mPropertyId 0x21414158
12-30 11:30:07.820   398   464 D adayocomadapter-CommunicationManager: writeValue id=[557924696]
12-30 11:30:07.820   398   464 D adayocomadapter-VehiclePropertyStore: writeValue id=[557924696]
12-30 11:30:07.820   398   464 I vw-vhal : notifyVehicleProperty, propId = 0x21414158, data = {status: 2, int32Values: [74, 80, 49, 48, 51, 53, 49, 53, 50, 66, 32]}
12-30 11:30:07.820   398   464 I vw-vhal : CanSignalsAdapter::notifyDiagProperty: propId = 0x21414158, data = {status: 2, int32Values: [74, 80, 49, 48, 51, 53, 49, 53, 50, 66, 32]}
12-30 11:30:07.820   398   464 I vw-vhal : CanSignalsAdapter::notifyVehicleProperty: solvedValue = {.timestamp = 10343641985897, .areaId = 0, .prop = 557924696, .status = AVAILABLE, .value = {.int32Values = [11]{74, 80, 49, 48, 51, 53, 49, 53, 50, 66, 32}, .floatValues = [0]{}, .int64Values = [0]{}, .bytes = [0]{}, .stringValue = ""}}
12-30 11:30:07.820   398   464 I VehiclePropertyStore: begin to write value to Store: {.timestamp = 10343641985897, .areaId = 0, .prop = 557924696, .status = AVAILABLE, .value = {.int32Values = [11]{74, 80, 49, 48, 51, 53, 49, 53, 50, 66, 32}, .floatValues = [0]{}, .int64Values = [0]{}, .bytes = [0]{}, .stringValue = ""}}
12-30 11:30:07.820   398   464 I DefaultVehicleHal_v2_0: DefaultVehicleHal::onPropertyValue, value:{.timestamp = 10343641985897, .areaId = 0, .prop = 557924696, .status = AVAILABLE, .value = {.int32Values = [11]{74, 80, 49, 48, 51, 53, 49, 53, 50, 66, 32}, .floatValues = [0]{}, .int64Values = [0]{}, .bytes = [0]{}, .stringValue = ""}}
12-30 11:30:07.820   398   464 D DiagPropHandler: is not DiagnosticConfig: 0x21414158
12-30 11:30:07.820   398   464 I VehiclePropertyStore: begin to write value to Store: {.timestamp = 10343641985897, .areaId = 0, .prop = 557924696, .status = AVAILABLE, .value = {.int32Values = [11]{74, 80, 49, 48, 51, 53, 49, 53, 50, 66, 32}, .floatValues = [0]{}, .int64Values = [0]{}, .bytes = [0]{}, .stringValue = ""}}
12-30 11:30:07.820   398   464 D adayocomadapter-CommunicationManager: onUpstreamReceive mPropertyId 0x21414158
12-30 11:30:07.820   398   464 D adayocomadapter-CommunicationManager: onUpstreamReceive mPropertyId 0x21414159
12-30 11:30:07.820   398   464 D adayocomadapter-CommunicationManager: writeValue id=[557924697]
12-30 11:30:07.820   398   464 D adayocomadapter-VehiclePropertyStore: writeValue id=[557924697]
12-30 11:30:07.820   398   464 I vw-vhal : notifyVehicleProperty, propId = 0x21414159, data = {status: 2, int32Values: [65, 48, 49]}
12-30 11:30:07.820   398   464 I vw-vhal : CanSignalsAdapter::notifyDiagProperty: propId = 0x21414159, data = {status: 2, int32Values: [65, 48, 49]}
12-30 11:30:07.820   398   464 I vw-vhal : CanSignalsAdapter::notifyVehicleProperty: solvedValue = {.timestamp = 10343642244564, .areaId = 0, .prop = 557924697, .status = AVAILABLE, .value = {.int32Values = [3]{65, 48, 49}, .floatValues = [0]{}, .int64Values = [0]{}, .bytes = [0]{}, .stringValue = ""}}
12-30 11:30:07.820   398   464 I VehiclePropertyStore: begin to write value to Store: {.timestamp = 10343642244564, .areaId = 0, .prop = 557924697, .status = AVAILABLE, .value = {.int32Values = [3]{65, 48, 49}, .floatValues = [0]{}, .int64Values = [0]{}, .bytes = [0]{}, .stringValue = ""}}
12-30 11:30:07.820   398   464 I DefaultVehicleHal_v2_0: DefaultVehicleHal::onPropertyValue, value:{.timestamp = 10343642244564, .areaId = 0, .prop = 557924697, .status = AVAILABLE, .value = {.int32Values = [3]{65, 48, 49}, .floatValues = [0]{}, .int64Values = [0]{}, .bytes = [0]{}, .stringValue = ""}}
12-30 11:30:07.820   398   464 D DiagPropHandler: is not DiagnosticConfig: 0x21414159
12-30 11:30:07.820   398   464 I VehiclePropertyStore: begin to write value to Store: {.timestamp = 10343642244564, .areaId = 0, .prop = 557924697, .status = AVAILABLE, .value = {.int32Values = [3]{65, 48, 49}, .floatValues = [0]{}, .int64Values = [0]{}, .bytes = [0]{}, .stringValue = ""}}
12-30 11:30:07.820   398   464 D adayocomadapter-CommunicationManager: onUpstreamReceive mPropertyId 0x21414159
12-30 11:30:07.820   398   464 D adayocomadapter-CommunicationManager: onUpstreamReceive mPropertyId 0x2141415a
12-30 11:30:07.820   398   464 D adayocomadapter-CommunicationManager: writeValue id=[557924698]
12-30 11:30:07.820   398   464 D adayocomadapter-VehiclePropertyStore: writeValue id=[557924698]
12-30 11:30:07.820   398   464 I vw-vhal : notifyVehicleProperty, propId = 0x2141415a, data = {status: 2, int32Values: [0, 0, 0, 0, 0, 0, 0, 0, 0, 0, 0]}
12-30 11:30:07.820   398   464 I vw-vhal : CanSignalsAdapter::notifyDiagProperty: propId = 0x2141415a, data = {status: 2, int32Values: [0, 0, 0, 0, 0, 0, 0, 0, 0, 0, 0]}
12-30 11:30:07.820   398   464 I vw-vhal : CanSignalsAdapter::notifyVehicleProperty: solvedValue = {.timestamp = 10343642489231, .areaId = 0, .prop = 557924698, .status = AVAILABLE, .value = {.int32Values = [11]{0, 0, 0, 0, 0, 0, 0, 0, 0, 0, 0}, .floatValues = [0]{}, .int64Values = [0]{}, .bytes = [0]{}, .stringValue = ""}}
12-30 11:30:07.820   398   464 I VehiclePropertyStore: begin to write value to Store: {.timestamp = 10343642489231, .areaId = 0, .prop = 557924698, .status = AVAILABLE, .value = {.int32Values = [11]{0, 0, 0, 0, 0, 0, 0, 0, 0, 0, 0}, .floatValues = [0]{}, .int64Values = [0]{}, .bytes = [0]{}, .stringValue = ""}}
12-30 11:30:07.820   360   458 D EvsDriver: doneWithFrame
12-30 11:30:07.820   398   464 I DefaultVehicleHal_v2_0: DefaultVehicleHal::onPropertyValue, value:{.timestamp = 10343642489231, .areaId = 0, .prop = 557924698, .status = AVAILABLE, .value = {.int32Values = [11]{0, 0, 0, 0, 0, 0, 0, 0, 0, 0, 0}, .floatValues = [0]{}, .int64Values = [0]{}, .bytes = [0]{}, .stringValue = ""}}
12-30 11:30:07.820   398   464 D DiagPropHandler: is not DiagnosticConfig: 0x2141415a
12-30 11:30:07.820   398   464 I VehiclePropertyStore: begin to write value to Store: {.timestamp = 10343642489231, .areaId = 0, .prop = 557924698, .status = AVAILABLE, .value = {.int32Values = [11]{0, 0, 0, 0, 0, 0, 0, 0, 0, 0, 0}, .floatValues = [0]{}, .int64Values = [0]{}, .bytes = [0]{}, .stringValue = ""}}
12-30 11:30:07.820   398   464 D adayocomadapter-CommunicationManager: onUpstreamReceive mPropertyId 0x2141415a
12-30 11:30:07.826   596  3076 E WifiHAL : Invalid data received from driver
12-30 11:30:07.845   596  3076 E WifiHAL : Invalid data received from driver
12-30 11:30:07.846   596  3076 E WifiHAL : Invalid data received from driver
12-30 11:30:07.847   596  3076 E WifiHAL : Invalid data received from driver
12-30 11:30:07.847   596  3076 E WifiHAL : Invalid data received from driver
12-30 11:30:07.847   596  3076 E WifiHAL : Invalid data received from driver
12-30 11:30:07.847   596  3076 E WifiHAL : Invalid data received from driver
12-30 11:30:07.847   596  3076 E WifiHAL : Invalid data received from driver
12-30 11:30:07.847   596  3076 E WifiHAL : Invalid data received from driver
12-30 11:30:07.847   596  3076 E WifiHAL : Invalid data received from driver
12-30 11:30:07.850  2358  2623 D RcfController: Rcf proxy is not connected!
12-30 11:30:07.851   360   931 D EvsDriver: forwardFrame
12-30 11:30:07.851   360   931 D EvsDriver: forwardFrameDirect
12-30 11:30:07.851   360   931 D EvsDriver: Delivered 0xb400e2ca9e40d090 as id 1
12-30 11:30:07.851   359   359 D evsmanagerd: /dev/video-evs0 forwarded the buffer #1 to 0xb400f125d2b26dd0 from 0xb400f125e2b20710
12-30 11:30:07.861   360   458 D EvsDriver: doneWithFrame
12-30 11:30:07.864  2475  2681 I TtsServiceAgent: check thread start checking, threadId = 29
12-30 11:30:07.864  2475  2681 D TtsServiceAgent: start bind service...
12-30 11:30:07.864  2475  2681 D TtsServiceAgent: ----->initService, usage = 16
12-30 11:30:07.865  2475  2681 W ContextImpl: Calling a method in the system process without a qualified user: android.app.ContextImpl.bindService:1988 android.content.ContextWrapper.bindService:861 com.iflytek.autofly.ttsaidl.ttsproxy.TtsServiceAgent.initService:189 com.iflytek.autofly.ttsaidl.ttsproxy.TtsServiceAgent.initService:133 com.iflytek.autofly.ttsaidl.ttsproxy.TtsServiceAgent$2.run:517 
12-30 11:30:07.865   596  3076 E WifiHAL : Invalid data received from driver
12-30 11:30:07.865   916  2815 W ActivityManager: Unable to start service Intent { act=com.iflytek.autofly.tts.ttsservice.TtsAdapterService cmp=com.iflytek.cutefly.speechclient.hmi/com.iflytek.autofly.tts.ttsservice.TtsAdapterService } U=0: not found
12-30 11:30:07.866  2475  2681 D TtsServiceAgent: bindService: false
12-30 11:30:07.866  2475  2681 D TtsServiceAgent: start reInitService
12-30 11:30:07.866  2475  2681 D TtsServiceAgent: aidlCheckThreadRunning = true
12-30 11:30:07.866  2475  2681 D TtsServiceAgent: ----->check connection status in 1000s...
12-30 11:30:07.884   360   931 D EvsDriver: forwardFrame
12-30 11:30:07.884   360   931 D EvsDriver: forwardFrameDirect
12-30 11:30:07.885   360   931 D EvsDriver: Delivered 0xb400e2ca9e40e110 as id 0
12-30 11:30:07.885   359   359 D evsmanagerd: /dev/video-evs0 forwarded the buffer #0 to 0xb400f125d2b26dd0 from 0xb400f125e2b20710
12-30 11:30:07.892   360   458 D EvsDriver: doneWithFrame
12-30 11:30:07.900  2358  2623 D RcfController: Rcf proxy is not connected!
12-30 11:30:07.918   360   931 D EvsDriver: forwardFrame
12-30 11:30:07.918   360   931 D EvsDriver: forwardFrameDirect
12-30 11:30:07.918   360   931 D EvsDriver: Delivered 0xb400e2ca9e40c7a0 as id 1
12-30 11:30:07.919   359   359 D evsmanagerd: /dev/video-evs0 forwarded the buffer #1 to 0xb400f125d2b26dd0 from 0xb400f125e2b20710
12-30 11:30:07.923   360   458 D EvsDriver: doneWithFrame
12-30 11:30:07.944  1547  2118 D ANWStack: [  10343766][ANWBT] >>Avctp_L2cap_Data_Ind_Cb
12-30 11:30:07.944  1547  2118 D ANWStack: 
12-30 11:30:07.944  1547  2118 D ANWStack: [  10343766][ANWBT] AVCTP Message Length = 22
12-30 11:30:07.945  1547  2118 D ANWStack: [  10343766][ANWBT] Receive AVCTP_SINGLE_PACKET
12-30 11:30:07.945  1547  2118 D ANW_AVRCP: (1547|0x6EF3FCB0)[AVRCP] [**AVRCP**] 0xa2 0x110e
12-30 11:30:07.945  1547  2118 D ANW_AVRCP: (1547|0x6EF3FCB0)[AVRCP] opcode match 0x0
12-30 11:30:07.945  1547  2118 D ANW_AVRCP: 
12-30 11:30:07.945  1547  2118 D ANW_AVRCP: (1547|0x6EF3FCB0)[AVRCP] subopcode match 0x31, update ctype 0xf->0xd
12-30 11:30:07.945  1547  2118 D ANW_AVRCP: 
12-30 11:30:07.945  1547  2118 D ANW_AVRCP: (1547|0x6EF3FCB0)[AVRCP] AVRCP_Packet_Parser Response
12-30 11:30:07.945  1547  2118 D ANW_AVRCP: 
12-30 11:30:07.945  1547  2118 D ANW_AVRCP: (1547|0x6EF3FCB0)[AVRCP] AVRCP_VENDOR_DEPENDENT_Changed_RSP_Handler PDU_ID=0x31
12-30 11:30:07.945  1547  2118 D ANW_AVRCP: (1547|0x6EF3FCB0)[AVRCP] EVENT_TRACK_CHANGED
12-30 11:30:07.945  1547  2118 D ANWAPI  : (1547|0x6EF3FCB0)[BTAPI] connmgr_find_by_handle pData = 0xb400fa68ee34c5e0,7
12-30 11:30:07.945  1547  2118 D ANWAPI  : (1547|0x6EF3FCB0)[BTAPI] AVRCP_VENDOR_DEPENDENT_CHANGED_RSP id=2
12-30 11:30:07.945  1547  2118 D ANWAPI  : (1547|0x6EF3FCB0)[BTAPI] EVENT_TRACK_CHANGED
12-30 11:30:07.945  1547  2118 D ANWAPI  : (1547|0x6EF3FCB0)[BTAPI] AVRCP_RegisterNotification event_id=2
12-30 11:30:07.945  1547  2118 D ANW_AVRCP: (1547|0x6EF3FCB0)[AVRCP] API AVRCP_RegisterNotification
12-30 11:30:07.945  1547  2118 D ANWStack: [  10343767][ANWBT] <<Avctp_Send_Message 0/1:
12-30 11:30:07.945  1547  2118 D ANWStack: 
12-30 11:30:07.945  1547  2118 D ANWStack: [  10343767][ANWBT] L2CAP: L2_RetrieveHandle called, cid=0x83
12-30 11:30:07.945  1547  2118 D ANWStack: 
12-30 11:30:07.945  1547  2118 D ANWAPI  : (1547|0x6EF3FCB0)[BTAPI] AVRCP_EVENT_TRACK_CHANGED
12-30 11:30:07.945  1547  2118 D ANWAPI  : (1547|0x6EF3FCB0)[BTAPI] ===BTAPI_MallocIdxMsg 1035 9
12-30 11:30:07.945  1547  2118 D ANWAPI  : (1547|0x6EF3FCB0)[BTAPI] *BT_CB_Dispatch
12-30 11:30:07.945  1547  2118 D ANWAPI  : (1547|0x6EF3FCB0)[BTAPI] *****SDK callback(0x40b)
12-30 11:30:07.945  1547  2118 D ANWAPI  : (1547|0x6EF3FCB0)[BTAPI] SDK***** [34:10:be:3d:c6:77][1]
12-30 11:30:07.945  1547  2118 D ANWAPI  : (1547|0x6EF3FCB0)[BTAPI] btsdk_exec_apicb start
12-30 11:30:07.945  1547  2118 D ANWAPI  : (1547|0x6EF3FCB0)[BTAPI] Up: AvrcpMsgHandler receive[34:10:BE:3D:C6:77], Get Device ID(0)
12-30 11:30:07.945  1547  2118 D ANWAPI  : 
12-30 11:30:07.945  1547  2118 D ANWAPI  : (1547|0x6EF3FCB0)[BTAPI] Up: AnWBT_AVRCP_TRACK_CHANGED_IND
12-30 11:30:07.945  1547  2118 D ANWAPI  : 
12-30 11:30:07.945  1547  2118 D ANWAPI  : (1547|0x6EF3FCB0)[BTAPI] ntfType    =0x1
12-30 11:30:07.945  1547  2118 D ANWAPI  : 
12-30 11:30:07.945  1547  2118 D ANWAPI  : (1547|0x6EF3FCB0)[BTAPI] AVRCP_Cancel_Auto_Get_ID3(89)
12-30 11:30:07.945  1547  2118 D ANWAPI  : 
12-30 11:30:07.945  1547  2118 D ANWAPI  : (1547|0x6EF3FCB0)[BTAPI] AVRCP_Cancel_Auto_Get_ID3
12-30 11:30:07.945  1547  2118 D ANWAPI  : 
12-30 11:30:07.945  1547  2118 D ANWAPI  : (1547|0x6EF3FCB0)[BTAPI] SDK >>>>AnWBT_AVRCP_GetPlayStatusEx
12-30 11:30:07.945  1547  2118 D ANWAPI  : (1547|0x6EF3FCB0)[BTAPI] SDK <<<<AnWBT_AVRCP_GetPlayStatusEx 0
12-30 11:30:07.945  1547  2118 D ANWAPI  : (1547|0x6EF3FCB0)[BTAPI] btsdk_exec_apicb end
12-30 11:30:07.945  1547  2118 D ANWAPI  : (1547|0x6EF3FCB0)[BTAPI] >>>>_anwbt_AVRCP_GetPlayStatusEx
12-30 11:30:07.945  1547  2118 D ANW_AVRCP: (1547|0x6EF3FCB0)[AVRCP] API AVRCP_GetPlayStatusEx
12-30 11:30:07.945  1547  2118 D ANW_AVRCP: (1547|0x6EF3FCB0)[AVRCP] API AVRCP_GetPlayStatus
12-30 11:30:07.945  1547  2118 D ANWStack: [  10343767][ANWBT] <<Avctp_Send_Message 0/1:
12-30 11:30:07.945  1547  2118 D ANWStack: 
12-30 11:30:07.945  1547  2118 D ANWStack: [  10343767][ANWBT] L2CAP: L2_RetrieveHandle called, cid=0x83
12-30 11:30:07.945  1547  2118 D ANWStack: 
12-30 11:30:07.945  1547  2118 D ANWAPI  : (1547|0x6EF3FCB0)[BTAPI] <<<<_anwbt_AVRCP_GetPlayStatusEx 0
12-30 11:30:07.950  2358  2623 D RcfController: Rcf proxy is not connected!
12-30 11:30:07.951   360   931 D EvsDriver: forwardFrame
12-30 11:30:07.951   360   931 D EvsDriver: forwardFrameDirect
12-30 11:30:07.952   360   931 D EvsDriver: Delivered 0xb400e2ca9e40e270 as id 0
12-30 11:30:07.952   359   359 D evsmanagerd: /dev/video-evs0 forwarded the buffer #0 to 0xb400f125d2b26dd0 from 0xb400f125e2b20710
12-30 11:30:07.954  1547  2118 D ANWAPI  : (1547|0x6EF3FCB0)[BTAPI] AnwhciEventCallback 19 1
12-30 11:30:07.957  1547  2118 D ANWAPI  : (1547|0x6EF3FCB0)[BTAPI] AnwhciEventCallback 19 1
12-30 11:30:07.957  1547  2118 D ANWStack: [  10343779][ANWBT] >>Avctp_L2cap_Data_Ind_Cb
12-30 11:30:07.957  1547  2118 D ANWStack: 
12-30 11:30:07.957  1547  2118 D ANWStack: [  10343779][ANWBT] AVCTP Message Length = 22
12-30 11:30:07.957  1547  2118 D ANWStack: [  10343779][ANWBT] Receive AVCTP_SINGLE_PACKET
12-30 11:30:07.957  1547  2118 D ANW_AVRCP: (1547|0x6EF3FCB0)[AVRCP] [**AVRCP**] 0xb2 0x110e
12-30 11:30:07.957  1547  2118 D ANW_AVRCP: (1547|0x6EF3FCB0)[AVRCP] opcode match 0x0
12-30 11:30:07.957  1547  2118 D ANW_AVRCP: 
12-30 11:30:07.957  1547  2118 D ANW_AVRCP: (1547|0x6EF3FCB0)[AVRCP] subopcode match 0x31, update ctype 0x3->0xf
12-30 11:30:07.957  1547  2118 D ANW_AVRCP: 
12-30 11:30:07.957  1547  2118 D ANW_AVRCP: (1547|0x6EF3FCB0)[AVRCP] AVRCP_Packet_Parser Response
12-30 11:30:07.957  1547  2118 D ANW_AVRCP: 
12-30 11:30:07.957  1547  2118 D ANW_AVRCP: (1547|0x6EF3FCB0)[AVRCP] AVRCP_VENDOR_DEPENDENT_Interim_RSP_Handler PDU_ID=0x31
12-30 11:30:07.957  1547  2118 D ANW_AVRCP: (1547|0x6EF3FCB0)[AVRCP] EVENT_TRACK_CHANGED
12-30 11:30:07.957  1547  2118 D ANWAPI  : (1547|0x6EF3FCB0)[BTAPI] connmgr_find_by_handle pData = 0xb400fa68ee34c5e0,7
12-30 11:30:07.957  1547  2118 D ANWAPI  : (1547|0x6EF3FCB0)[BTAPI] AVRCP_VENDOR_DEPENDENT_INTERIM_RSP rsp->ptr[0]=2,rsp->ptr[1]=0
12-30 11:30:07.957  1547  2118 D ANWAPI  : (1547|0x6EF3FCB0)[BTAPI] AVRCP_EVENT_TRACK_CHANGED
12-30 11:30:07.957  1547  2118 D ANWAPI  : (1547|0x6EF3FCB0)[BTAPI] ===BTAPI_MallocIdxMsg 1035 9
12-30 11:30:07.957  1547  2118 D ANWAPI  : (1547|0x6EF3FCB0)[BTAPI] *BT_CB_Dispatch
12-30 11:30:07.957  1547  2118 D ANWAPI  : (1547|0x6EF3FCB0)[BTAPI] *****SDK callback(0x40b)
12-30 11:30:07.957  1547  2118 D ANWAPI  : (1547|0x6EF3FCB0)[BTAPI] SDK***** [34:10:be:3d:c6:77][0]
12-30 11:30:07.957  1547  2118 D ANWAPI  : (1547|0x6EF3FCB0)[BTAPI] btsdk_exec_apicb start
12-30 11:30:07.958  1547  2118 D ANWAPI  : (1547|0x6EF3FCB0)[BTAPI] Up: AvrcpMsgHandler receive[34:10:BE:3D:C6:77], Get Device ID(0)
12-30 11:30:07.958  1547  2118 D ANWAPI  : 
12-30 11:30:07.958  1547  2118 D ANWAPI  : (1547|0x6EF3FCB0)[BTAPI] Up: AnWBT_AVRCP_TRACK_CHANGED_IND
12-30 11:30:07.958  1547  2118 D ANWAPI  : 
12-30 11:30:07.958  1547  2118 D ANWAPI  : (1547|0x6EF3FCB0)[BTAPI] ntfType    =0x0
12-30 11:30:07.958  1547  2118 D ANWAPI  : 
12-30 11:30:07.958  1547  2118 D ANWAPI  : (1547|0x6EF3FCB0)[BTAPI] AVRCP_Cancel_Auto_Get_ID3(93)
12-30 11:30:07.958  1547  2118 D ANWAPI  : 
12-30 11:30:07.958  1547  2118 D ANWAPI  : (1547|0x6EF3FCB0)[BTAPI] AVRCP_Cancel_Auto_Get_ID3
12-30 11:30:07.958  1547  2118 D ANWAPI  : 
12-30 11:30:07.958  1547  2118 D ANWAPI  : (1547|0x6EF3FCB0)[BTAPI] btsdk_exec_apicb end
12-30 11:30:07.961   596  3076 E WifiHAL : Invalid data received from driver
12-30 11:30:07.962   360   458 D EvsDriver: doneWithFrame
12-30 11:30:07.966  1547  2118 D ANWStack: [  10343788][ANWBT] >>Avctp_L2cap_Data_Ind_Cb
12-30 11:30:07.966  1547  2118 D ANWStack: 
12-30 11:30:07.966  1547  2118 D ANWStack: [  10343788][ANWBT] AVCTP Message Length = 22
12-30 11:30:07.966  1547  2118 D ANWStack: [  10343788][ANWBT] Receive AVCTP_SINGLE_PACKET
12-30 11:30:07.966  1547  2118 D ANW_AVRCP: (1547|0x6EF3FCB0)[AVRCP] [**AVRCP**] 0x42 0x110e
12-30 11:30:07.966  1547  2118 D ANW_AVRCP: (1547|0x6EF3FCB0)[AVRCP] opcode match 0x0
12-30 11:30:07.966  1547  2118 D ANW_AVRCP: 
12-30 11:30:07.966  1547  2118 D ANW_AVRCP: (1547|0x6EF3FCB0)[AVRCP] subopcode match 0x30, update ctype 0x1->0xc
12-30 11:30:07.966  1547  2118 D ANW_AVRCP: 
12-30 11:30:07.966  1547  2118 D ANW_AVRCP: (1547|0x6EF3FCB0)[AVRCP] AVRCP_Packet_Parser Response
12-30 11:30:07.966  1547  2118 D ANW_AVRCP: 
12-30 11:30:07.966  1547  2118 D ANW_AVRCP: (1547|0x6EF3FCB0)[AVRCP] AVRCP_Get_Play_Status_RSP_Handler 67877/205014 1
12-30 11:30:07.966  1547  2118 D ANWAPI  : (1547|0x6EF3FCB0)[BTAPI] connmgr_find_by_handle pData = 0xb400fa68ee34c5e0,7
12-30 11:30:07.966  1547  2118 D ANWAPI  : (1547|0x6EF3FCB0)[BTAPI] ===BTAPI_MallocIdxMsg 1030 16
12-30 11:30:07.966  1547  2118 D ANWAPI  : (1547|0x6EF3FCB0)[BTAPI] *BT_CB_Dispatch
12-30 11:30:07.966  1547  2118 D ANWAPI  : (1547|0x6EF3FCB0)[BTAPI] *****SDK callback(0x406)
12-30 11:30:07.966  1547  2118 D ANWAPI  : (1547|0x6EF3FCB0)[BTAPI] SDK***** [34:10:be:3d:c6:77][0]
12-30 11:30:07.966  1547  2118 D ANWAPI  : (1547|0x6EF3FCB0)[BTAPI] btsdk_exec_apicb start
12-30 11:30:07.966  1547  2118 D ANWAPI  : (1547|0x6EF3FCB0)[BTAPI] Up: AvrcpMsgHandler receive[34:10:BE:3D:C6:77], Get Device ID(0)
12-30 11:30:07.966  1547  2118 D ANWAPI  : 
12-30 11:30:07.966  1547  2118 D ANWAPI  : (1547|0x6EF3FCB0)[BTAPI] Up: AnWBT_AVRCP_CURRENT_PLAY_STATUS_IND
12-30 11:30:07.966  1547  2118 D ANWAPI  : 
12-30 11:30:07.966  1547  2118 D ANWAPI  : (1547|0x6EF3FCB0)[BTAPI] songLengthMs     =205014
12-30 11:30:07.966  1547  2118 D ANWAPI  : 
12-30 11:30:07.966  1547  2118 D ANWAPI  : (1547|0x6EF3FCB0)[BTAPI] songPositionMs   =67877
12-30 11:30:07.966  1547  2118 D ANWAPI  : 
12-30 11:30:07.966  1547  2118 I ANW bt_btif: AvrcpMsgHandler: HAL bt_rc_ctrl_callbacks->play_position_changed_cb
12-30 11:30:07.966  1547  2118 I BluetoothAvrcpControllerJni: btavrcp_play_position_changed_callback
12-30 11:30:07.966  1547  2118 D AvrcpControllerService: onPlayPositionChanged pos 67877
12-30 11:30:07.967  1547  2118 D ANWAPI  : (1547|0x6EF3FCB0)[BTAPI] currentPlayStatus=1
12-30 11:30:07.967  1547  2118 D ANWAPI  : 
12-30 11:30:07.967  1547  2118 I ANW bt_btif: AvrcpMsgHandler: HAL bt_rc_ctrl_callbacks->play_status_changed_cb
12-30 11:30:07.967  1547  2118 I BluetoothAvrcpControllerJni: btavrcp_play_status_changed_callback
12-30 11:30:07.967  1547 19344 D AvrcpControllerStateMachine: Avrcp.ConnectedAvrcpController processMessage MESSAGE_PROCESS_PLAY_POS_CHANGED
12-30 11:30:07.967  1547  2118 D AvrcpControllerService: onPlayStatusChanged 1
12-30 11:30:07.967  1547 19344 D AvrcpPlayer: getPlayBackState state 3 time 67877
12-30 11:30:07.967  1547 19344 D BluetoothMediaBrowserService: notifyChanged PlaybackStatePlaybackState {state=3, position=67877, buffered position=0, speed=1.0, updated=10343789, actions=2375735, error code=0, error message=null, custom actions=[], active item id=-1}
12-30 11:30:07.967  1547  2118 D ANWAPI  : (1547|0x6EF3FCB0)[BTAPI] btsdk_exec_apicb end
12-30 11:30:07.968 21940 19613 D MC2ImplBase: onCustomCommand cmd=com.fawvw.mw.mediaengine.ACTION_PLAYER_POSITION_CHANGED
12-30 11:30:07.968  1547 19344 D AvrcpControllerStateMachine: Avrcp.ConnectedAvrcpController processMessage MESSAGE_PROCESS_PLAY_STATUS_CHANGED
12-30 11:30:07.968  1547 19344 D AvrcpControllerStateMachine: Playback status changed to 3
12-30 11:30:07.968  1547 19344 D AvrcpPlayer: getPlayBackState state 3 time 67878
12-30 11:30:07.968  1547 19344 D BluetoothMediaBrowserService: notifyChanged PlaybackStatePlaybackState {state=3, position=67878, buffered position=0, speed=1.0, updated=10343790, actions=2375735, error code=0, error message=null, custom actions=[], active item id=-1}
12-30 11:30:07.969  1547 19344 D AvrcpPlayer: getPlayBackState state 3 time 67878
12-30 11:30:07.969 21940 21952 D MC2ImplBase: onCustomCommand cmd=com.fawvw.mw.mediaengine.ACTION_PLAYER_POSITION_CHANGED
12-30 11:30:07.972  1582  3078 I c       : checkService in back thread add: adayo.upgrade.v2.0
12-30 11:30:07.972  1582  3078 E upgradeApp_251223_V1  l: d(null:11)pre->c(null:23)-> serviceBinder is null
12-30 11:30:07.972  1582  3078 W c       : doBindService in back thread fail: adayo.upgrade.v2.0
12-30 11:30:07.975   650   729 D fgemcucomm: sd Uart data : 6AA60243D30002920252
12-30 11:30:07.975   650   729 D fgemcucomm: rev uart=85824,len=17, data : 6AA68143D300099202000A0000000000C2
12-30 11:30:07.976   398  2883 D adayocomadapter-ParseProtocolFunc: printRaWMsg Name[MCUToUPstream recv] len[9] data[9202000A0000000000]
12-30 11:30:07.976   398  2883 D adayocomadapter-CommunicationManager: onUpstreamback   member[0] dataLength[6] timePoint[10343798]
12-30 11:30:07.976   398  2883 D adayocomadapter-ParseProtocolFunc: printRaWMsg Name[onUpstreamback] len[6] data[0A0000000000]
12-30 11:30:07.976   398   464 D adayocomadapter-UpstreamHandler: processBeforePacket upSreamtProcessTimePoint[10343798] 
12-30 11:30:07.976   398   464 D adayocomadapter-UpstreamHandler: processPacket UPSTREAM_QUEUE_DATA_TIMEOUT
12-30 11:30:07.976   398   464 D adayocomadapter-ParseProtocolFunc: parseCommonIPCLBytes Processing tableNumber[10]
12-30 11:30:07.976   398   464 D adayocomadapter-ParseProtocolFunc: parseCommonIPCLBytes Processing tablename[Table-10] tableSize[6]
12-30 11:30:07.976   398   464 D adayocomadapter-ParseProtocolFunc: printRaWMsg Name[byteStream recv] len[6] data[0A0000000000]
12-30 11:30:07.976   398   464 D adayocomadapter-ParseProtocolFunc: printRaWMsg Name[IPCLtoVHAL] len[9] data[2140201C0000000000]
12-30 11:30:07.976   398   464 D adayocomadapter-ParseProtocolFunc: printRaWMsg Name[IPCLtoVHAL] len[6] data[214022320000]
12-30 11:30:07.976   398   464 D adayocomadapter-CommunicationManager: onUpstreamReceive mPropertyId 0x2140201c
12-30 11:30:07.976   398   464 D adayocomadapter-CommunicationManager: convertBytesToInt32Memcpy  0
12-30 11:30:07.976   398   464 I vw-vhal : notifyVehicleProperty, propId = 0x2140201c, data = {status: 2, int32Values: [0]}
12-30 11:30:07.976   398   464 I vw-vhal : CanSignalsAdapter::notifyVehicleProperty: solvedValue = {.timestamp = 10343798706231, .areaId = 0, .prop = 557850652, .status = AVAILABLE, .value = {.int32Values = [1]{0}, .floatValues = [0]{}, .int64Values = [0]{}, .bytes = [0]{}, .stringValue = ""}}
12-30 11:30:07.976   398   464 I VehiclePropertyStore: begin to write value to Store: {.timestamp = 10343798706231, .areaId = 0, .prop = 557850652, .status = AVAILABLE, .value = {.int32Values = [1]{0}, .floatValues = [0]{}, .int64Values = [0]{}, .bytes = [0]{}, .stringValue = ""}}
12-30 11:30:07.976   398   464 I DefaultVehicleHal_v2_0: DefaultVehicleHal::onPropertyValue, value:{.timestamp = 10343798706231, .areaId = 0, .prop = 557850652, .status = AVAILABLE, .value = {.int32Values = [1]{0}, .floatValues = [0]{}, .int64Values = [0]{}, .bytes = [0]{}, .stringValue = ""}}
12-30 11:30:07.976   398   464 D DiagPropHandler: is not DiagnosticConfig: 0x2140201c
12-30 11:30:07.976   398   464 I VehiclePropertyStore: begin to write value to Store: {.timestamp = 10343798706231, .areaId = 0, .prop = 557850652, .status = AVAILABLE, .value = {.int32Values = [1]{0}, .floatValues = [0]{}, .int64Values = [0]{}, .bytes = [0]{}, .stringValue = ""}}
12-30 11:30:07.977   398   464 D adayocomadapter-CommunicationManager: onUpstreamReceive mPropertyId 0x2140201c
12-30 11:30:07.977   398   464 D adayocomadapter-CommunicationManager: onUpstreamReceive mPropertyId 0x21402232
12-30 11:30:07.977   398   464 D adayocomadapter-CommunicationManager: convertBytesToInt32Memcpy  0
12-30 11:30:07.977   398   464 I vw-vhal : notifyVehicleProperty, propId = 0x21402232, data = {status: 2, int32Values: [0]}
12-30 11:30:07.977   398   464 I vw-vhal : CanSignalsAdapter::notifyVehicleProperty: solvedValue = {.timestamp = 10343798966897, .areaId = 0, .prop = 557851186, .status = AVAILABLE, .value = {.int32Values = [1]{0}, .floatValues = [0]{}, .int64Values = [0]{}, .bytes = [0]{}, .stringValue = ""}}
12-30 11:30:07.977   398   464 I VehiclePropertyStore: begin to write value to Store: {.timestamp = 10343798966897, .areaId = 0, .prop = 557851186, .status = AVAILABLE, .value = {.int32Values = [1]{0}, .floatValues = [0]{}, .int64Values = [0]{}, .bytes = [0]{}, .stringValue = ""}}
12-30 11:30:07.977   398   464 I DefaultVehicleHal_v2_0: DefaultVehicleHal::onPropertyValue, value:{.timestamp = 10343798966897, .areaId = 0, .prop = 557851186, .status = AVAILABLE, .value = {.int32Values = [1]{0}, .floatValues = [0]{}, .int64Values = [0]{}, .bytes = [0]{}, .stringValue = ""}}
12-30 11:30:07.977   398   464 D DiagPropHandler: is not DiagnosticConfig: 0x21402232
12-30 11:30:07.977   398   464 I VehiclePropertyStore: begin to write value to Store: {.timestamp = 10343798966897, .areaId = 0, .prop = 557851186, .status = AVAILABLE, .value = {.int32Values = [1]{0}, .floatValues = [0]{}, .int64Values = [0]{}, .bytes = [0]{}, .stringValue = ""}}
12-30 11:30:07.977   398   464 D adayocomadapter-CommunicationManager: onUpstreamReceive mPropertyId 0x21402232
12-30 11:30:07.978 21940 21940 I CNS_MEDIA_BT_MUSIC__MediaClient: onCustomCommand, action: com.fawvw.mw.mediaengine.ACTION_PLAYER_POSITION_CHANGED, extra: Bundle[mParcelledData.dataSize=124]
12-30 11:30:07.978  2045  2058 D InfotainmentBridge_Native: fireDuration
12-30 11:30:07.978  2045  2058 D InfotainmentBridge_Native: fireDuration() -- source: 3
12-30 11:30:07.978  2045  2058 D InfotainmentBridge_Native: fireDuration() -- value_16: 67
12-30 11:30:07.979 21940 21940 D MediaSessionMonitor: onPlaybackStateChanged: [com.android.bluetooth] state = 3
12-30 11:30:07.979 21940 21940 D MediaSessionMonitor: updateSourcePlayState: pkg = com.android.bluetooth, state = 3
12-30 11:30:07.979 21940 21940 D MediaSessionMonitor: onPlaybackStateChanged: [com.android.bluetooth] state = 3
12-30 11:30:07.979 21940 21940 D MediaSessionMonitor: updateSourcePlayState: pkg = com.android.bluetooth, state = 3
12-30 11:30:07.979 21940 21940 I CNS_MEDIA_BT_MUSIC__MediaClient: onCustomCommand, action: com.fawvw.mw.mediaengine.ACTION_PLAYER_POSITION_CHANGED, extra: Bundle[mParcelledData.dataSize=124]
12-30 11:30:07.979  2045  2058 D InfotainmentBridge_Native: fireDuration
12-30 11:30:07.979  2045  2058 D InfotainmentBridge_Native: fireDuration() -- source: 3
12-30 11:30:07.979  2045  2058 D InfotainmentBridge_Native: fireDuration() -- value_16: 67
12-30 11:30:07.984   360   931 D EvsDriver: forwardFrame
12-30 11:30:07.984   360   931 D EvsDriver: forwardFrameDirect
12-30 11:30:07.984   360   931 D EvsDriver: Delivered 0xb400e2ca9e40d4b0 as id 1
12-30 11:30:07.985   359   359 D evsmanagerd: /dev/video-evs0 forwarded the buffer #1 to 0xb400f125d2b26dd0 from 0xb400f125e2b20710
12-30 11:30:07.993   360   458 D EvsDriver: doneWithFrame
12-30 11:30:08.000  2358  2623 D RcfController: Rcf proxy is not connected!
12-30 11:30:08.018   360   931 D EvsDriver: forwardFrame
12-30 11:30:08.018   360   931 D EvsDriver: forwardFrameDirect
12-30 11:30:08.018   360   931 D EvsDriver: Delivered 0xb400e2ca9e40c2d0 as id 0
12-30 11:30:08.018   359   359 D evsmanagerd: /dev/video-evs0 forwarded the buffer #0 to 0xb400f125d2b26dd0 from 0xb400f125e2b20710
12-30 11:30:08.018   596  3076 E WifiHAL : Invalid data received from driver
12-30 11:30:08.021  1667  3615 I libmficlientjni: [com_adayo_mficlient_Proxy.cpp][759]Enter 
12-30 11:30:08.021  1667  3615 I libmficlientjni: [com_adayo_mficlient_Proxy.cpp][772]Leave 
12-30 11:30:08.021   879  2332 I mfiserver: [MFiProxy.cpp][675]messageMID =1C LID=00 com.adayo.carplay 
12-30 11:30:08.021   879  2332 I libmfi  : [iAPUtils.c][654]Enter int iAPSendLocationData(iAPUtils_t *, char *) 
12-30 11:30:08.021   879  2332 I libmfi  : [iAP2Control.c][360]Send Control MessageID = 0xFFFB length=149
12-30 11:30:08.021   879  2332 I libmfi  : [iAP2Link.c][2399]iAP2LinkQueueSendData 
12-30 11:30:08.021   879  2332 E libmfi  : [iAP2BuffPoolImplementation.c][209]__iAP2BuffPoolGetSendPacket malloc lenth = 65591 
12-30 11:30:08.021   879  2332 I libmfi  : [iAP2Link.c][2310]iAP2LinkProcessOutQueue 
12-30 11:30:08.022   879  2332 I mfiserver: [MFiDataChannleSocket.cpp][127]len =166 
12-30 11:30:08.022   879  2332 I libmfi  : [iAP2Control.c][367]Send Control MessageID = 0xFFFB end state = 1 
12-30 11:30:08.022   879  2332 I libmfi  : [iAPUtils.c][682]Leave int iAPSendLocationData(iAPUtils_t *, char *) 
12-30 11:30:08.022  1667  2331 I libmficlient: [MFiClient.cpp][120]Receive Data MID=11 LID=04 
12-30 11:30:08.023   360   458 D EvsDriver: doneWithFrame
12-30 11:30:08.050  2358  2623 D RcfController: Rcf proxy is not connected!
12-30 11:30:08.051   360   931 D EvsDriver: forwardFrame
12-30 11:30:08.051   360   931 D EvsDriver: forwardFrameDirect
12-30 11:30:08.051   360   931 D EvsDriver: Delivered 0xb400e2ca9e40d090 as id 1
12-30 11:30:08.051   359   359 D evsmanagerd: /dev/video-evs0 forwarded the buffer #1 to 0xb400f125d2b26dd0 from 0xb400f125e2b20710
12-30 11:30:08.053   650   729 D fgemcucomm: sd Uart data : 6AA60243D40002920251
12-30 11:30:08.054   650   729 D fgemcucomm: rev uart=85825,len=109, data : 6AA68143D4006592020010000000000000000000000000000000000000000000000000000000000000000000000000000000000000000000000000000000000000000000000000000000000000000000000000000000000000000000000000000000000000000000000000005F
12-30 11:30:08.054   398  2883 D adayocomadapter-ParseProtocolFunc: printRaWMsg Name[MCUToUPstream recv] len[101] data[9202001000000000000000000000000000000000000000000000000000000000000000000000000000000000000000000000000000000000000000000000000000000000000000000000000000000000000000000000000000000000000000000000000000]
12-30 11:30:08.054   398  2883 D adayocomadapter-CommunicationManager: onUpstreamback   member[0] dataLength[98] timePoint[10343876]
12-30 11:30:08.054   360   458 D EvsDriver: doneWithFrame
12-30 11:30:08.054   398  2883 D adayocomadapter-ParseProtocolFunc: printRaWMsg Name[onUpstreamback] len[98] data[1000000000000000000000000000000000000000000000000000000000000000000000000000000000000000000000000000000000000000000000000000000000000000000000000000000000000000000000000000000000000000000000000000]
12-30 11:30:08.054   398   464 D adayocomadapter-UpstreamHandler: processBeforePacket upSreamtProcessTimePoint[10343876] 
12-30 11:30:08.054   398   464 D adayocomadapter-UpstreamHandler: processPacket UPSTREAM_QUEUE_DATA_TIMEOUT
12-30 11:30:08.054   398   464 D adayocomadapter-ParseProtocolFunc: parseCommonIPCLBytes Processing tableNumber[16]
