12-30 11:30:08.248   398   464 I vw-vhal : CanSignalsAdapter::notifyVehicleProperty: solvedValue = {.timestamp = 10344070140231, .areaId = 0, .prop = 557850811, .status = AVAILABLE, .value = {.int32Values = [1]{0}, .floatValues = [0]{}, .int64Values = [0]{}, .bytes = [0]{}, .stringValue = ""}}
12-30 11:30:08.248   398   464 I VehiclePropertyStore: begin to write value to Store: {.timestamp = 10344070140231, .areaId = 0, .prop = 557850811, .status = AVAILABLE, .value = {.int32Values = [1]{0}, .floatValues = [0]{}, .int64Values = [0]{}, .bytes = [0]{}, .stringValue = ""}}
12-30 11:30:08.248   398   464 I DefaultVehicleHal_v2_0: DefaultVehicleHal::onPropertyValue, value:{.timestamp = 10344070140231, .areaId = 0, .prop = 557850811, .status = AVAILABLE, .value = {.int32Values = [1]{0}, .floatValues = [0]{}, .int64Values = [0]{}, .bytes = [0]{}, .stringValue = ""}}
12-30 11:30:08.248   398   464 D DiagPropHandler: is not DiagnosticConfig: 0x214020bb
12-30 11:30:08.248   398   464 I VehiclePropertyStore: begin to write value to Store: {.timestamp = 10344070140231, .areaId = 0, .prop = 557850811, .status = AVAILABLE, .value = {.int32Values = [1]{0}, .floatValues = [0]{}, .int64Values = [0]{}, .bytes = [0]{}, .stringValue = ""}}
12-30 11:30:08.248   398   464 D adayocomadapter-CommunicationManager: onUpstreamReceive mPropertyId 0x214020bb
12-30 11:30:08.248   398   464 D adayocomadapter-CommunicationManager: onUpstreamReceive mPropertyId 0x214020e3
12-30 11:30:08.248   398   464 D adayocomadapter-CommunicationManager: convertBytesToInt32Memcpy  0
12-30 11:30:08.248   398   464 I vw-vhal : notifyVehicleProperty, propId = 0x214020e3, data = {status: 2, int32Values: [0]}
12-30 11:30:08.248   398   464 I vw-vhal : CanSignalsAdapter::notifyVehicleProperty: solvedValue = {.timestamp = 10344070394897, .areaId = 0, .prop = 557850851, .status = AVAILABLE, .value = {.int32Values = [1]{0}, .floatValues = [0]{}, .int64Values = [0]{}, .bytes = [0]{}, .stringValue = ""}}
12-30 11:30:08.248   398   464 I VehiclePropertyStore: begin to write value to Store: {.timestamp = 10344070394897, .areaId = 0, .prop = 557850851, .status = AVAILABLE, .value = {.int32Values = [1]{0}, .floatValues = [0]{}, .int64Values = [0]{}, .bytes = [0]{}, .stringValue = ""}}
12-30 11:30:08.248   398   464 I DefaultVehicleHal_v2_0: DefaultVehicleHal::onPropertyValue, value:{.timestamp = 10344070394897, .areaId = 0, .prop = 557850851, .status = AVAILABLE, .value = {.int32Values = [1]{0}, .floatValues = [0]{}, .int64Values = [0]{}, .bytes = [0]{}, .stringValue = ""}}
12-30 11:30:08.248   398   464 D DiagPropHandler: is not DiagnosticConfig: 0x214020e3
12-30 11:30:08.248   398   464 I VehiclePropertyStore: begin to write value to Store: {.timestamp = 10344070394897, .areaId = 0, .prop = 557850851, .status = AVAILABLE, .value = {.int32Values = [1]{0}, .floatValues = [0]{}, .int64Values = [0]{}, .bytes = [0]{}, .stringValue = ""}}
12-30 11:30:08.248   398   464 D adayocomadapter-CommunicationManager: onUpstreamReceive mPropertyId 0x214020e3
12-30 11:30:08.248   398   464 D adayocomadapter-CommunicationManager: onUpstreamReceive mPropertyId 0x214020c7
12-30 11:30:08.248   398   464 D adayocomadapter-CommunicationManager: convertBytesToInt32Memcpy  0
12-30 11:30:08.248   398   464 I vw-vhal : notifyVehicleProperty, propId = 0x214020c7, data = {status: 2, int32Values: [0]}
12-30 11:30:08.248   398   464 I vw-vhal : CanSignalsAdapter::notifyVehicleProperty: solvedValue = {.timestamp = 10344070593231, .areaId = 0, .prop = 557850823, .status = AVAILABLE, .value = {.int32Values = [1]{0}, .floatValues = [0]{}, .int64Values = [0]{}, .bytes = [0]{}, .stringValue = ""}}
12-30 11:30:08.248   398   464 I VehiclePropertyStore: begin to write value to Store: {.timestamp = 10344070593231, .areaId = 0, .prop = 557850823, .status = AVAILABLE, .value = {.int32Values = [1]{0}, .floatValues = [0]{}, .int64Values = [0]{}, .bytes = [0]{}, .stringValue = ""}}
12-30 11:30:08.248   398   464 I DefaultVehicleHal_v2_0: DefaultVehicleHal::onPropertyValue, value:{.timestamp = 10344070593231, .areaId = 0, .prop = 557850823, .status = AVAILABLE, .value = {.int32Values = [1]{0}, .floatValues = [0]{}, .int64Values = [0]{}, .bytes = [0]{}, .stringValue = ""}}
12-30 11:30:08.248   398   464 D DiagPropHandler: is not DiagnosticConfig: 0x214020c7
12-30 11:30:08.248   398   464 I VehiclePropertyStore: begin to write value to Store: {.timestamp = 10344070593231, .areaId = 0, .prop = 557850823, .status = AVAILABLE, .value = {.int32Values = [1]{0}, .floatValues = [0]{}, .int64Values = [0]{}, .bytes = [0]{}, .stringValue = ""}}
12-30 11:30:08.248   398   464 D adayocomadapter-CommunicationManager: onUpstreamReceive mPropertyId 0x214020c7
12-30 11:30:08.248   398   464 D adayocomadapter-CommunicationManager: onUpstreamReceive mPropertyId 0x214020dd
12-30 11:30:08.248   398   464 D adayocomadapter-CommunicationManager: convertBytesToInt32Memcpy  0
12-30 11:30:08.248   398   464 I vw-vhal : notifyVehicleProperty, propId = 0x214020dd, data = {status: 2, int32Values: [0]}
12-30 11:30:08.248   398   464 I vw-vhal : CanSignalsAdapter::notifyVehicleProperty: solvedValue = {.timestamp = 10344070780897, .areaId = 0, .prop = 557850845, .status = AVAILABLE, .value = {.int32Values = [1]{0}, .floatValues = [0]{}, .int64Values = [0]{}, .bytes = [0]{}, .stringValue = ""}}
12-30 11:30:08.248   398   464 I VehiclePropertyStore: begin to write value to Store: {.timestamp = 10344070780897, .areaId = 0, .prop = 557850845, .status = AVAILABLE, .value = {.int32Values = [1]{0}, .floatValues = [0]{}, .int64Values = [0]{}, .bytes = [0]{}, .stringValue = ""}}
12-30 11:30:08.248   398   464 I DefaultVehicleHal_v2_0: DefaultVehicleHal::onPropertyValue, value:{.timestamp = 10344070780897, .areaId = 0, .prop = 557850845, .status = AVAILABLE, .value = {.int32Values = [1]{0}, .floatValues = [0]{}, .int64Values = [0]{}, .bytes = [0]{}, .stringValue = ""}}
12-30 11:30:08.249   398   464 D DiagPropHandler: is not DiagnosticConfig: 0x214020dd
12-30 11:30:08.249   398   464 I VehiclePropertyStore: begin to write value to Store: {.timestamp = 10344070780897, .areaId = 0, .prop = 557850845, .status = AVAILABLE, .value = {.int32Values = [1]{0}, .floatValues = [0]{}, .int64Values = [0]{}, .bytes = [0]{}, .stringValue = ""}}
12-30 11:30:08.249   398   464 D adayocomadapter-CommunicationManager: onUpstreamReceive mPropertyId 0x214020dd
12-30 11:30:08.249   398   464 D adayocomadapter-CommunicationManager: onUpstreamReceive mPropertyId 0x214020df
12-30 11:30:08.249   398   464 D adayocomadapter-CommunicationManager: convertBytesToInt32Memcpy  0
12-30 11:30:08.249   398   464 I vw-vhal : notifyVehicleProperty, propId = 0x214020df, data = {status: 2, int32Values: [0]}
12-30 11:30:08.249   398   464 I vw-vhal : CanSignalsAdapter::notifyVehicleProperty: solvedValue = {.timestamp = 10344070976564, .areaId = 0, .prop = 557850847, .status = AVAILABLE, .value = {.int32Values = [1]{0}, .floatValues = [0]{}, .int64Values = [0]{}, .bytes = [0]{}, .stringValue = ""}}
12-30 11:30:08.249   398   464 I VehiclePropertyStore: begin to write value to Store: {.timestamp = 10344070976564, .areaId = 0, .prop = 557850847, .status = AVAILABLE, .value = {.int32Values = [1]{0}, .floatValues = [0]{}, .int64Values = [0]{}, .bytes = [0]{}, .stringValue = ""}}
12-30 11:30:08.249   398   464 I DefaultVehicleHal_v2_0: DefaultVehicleHal::onPropertyValue, value:{.timestamp = 10344070976564, .areaId = 0, .prop = 557850847, .status = AVAILABLE, .value = {.int32Values = [1]{0}, .floatValues = [0]{}, .int64Values = [0]{}, .bytes = [0]{}, .stringValue = ""}}
12-30 11:30:08.249   398   464 D DiagPropHandler: is not DiagnosticConfig: 0x214020df
12-30 11:30:08.249   398   464 I VehiclePropertyStore: begin to write value to Store: {.timestamp = 10344070976564, .areaId = 0, .prop = 557850847, .status = AVAILABLE, .value = {.int32Values = [1]{0}, .floatValues = [0]{}, .int64Values = [0]{}, .bytes = [0]{}, .stringValue = ""}}
12-30 11:30:08.249   398   464 D adayocomadapter-CommunicationManager: onUpstreamReceive mPropertyId 0x214020df
12-30 11:30:08.249   398   464 D adayocomadapter-CommunicationManager: onUpstreamReceive mPropertyId 0x214020e4
12-30 11:30:08.249   398   464 D adayocomadapter-CommunicationManager: convertBytesToInt32Memcpy  0
12-30 11:30:08.249   398   464 I vw-vhal : notifyVehicleProperty, propId = 0x214020e4, data = {status: 2, int32Values: [0]}
12-30 11:30:08.249   398   464 I vw-vhal : CanSignalsAdapter::notifyVehicleProperty: solvedValue = {.timestamp = 10344071176564, .areaId = 0, .prop = 557850852, .status = AVAILABLE, .value = {.int32Values = [1]{0}, .floatValues = [0]{}, .int64Values = [0]{}, .bytes = [0]{}, .stringValue = ""}}
12-30 11:30:08.249   398   464 I VehiclePropertyStore: begin to write value to Store: {.timestamp = 10344071176564, .areaId = 0, .prop = 557850852, .status = AVAILABLE, .value = {.int32Values = [1]{0}, .floatValues = [0]{}, .int64Values = [0]{}, .bytes = [0]{}, .stringValue = ""}}
12-30 11:30:08.249   398   464 I DefaultVehicleHal_v2_0: DefaultVehicleHal::onPropertyValue, value:{.timestamp = 10344071176564, .areaId = 0, .prop = 557850852, .status = AVAILABLE, .value = {.int32Values = [1]{0}, .floatValues = [0]{}, .int64Values = [0]{}, .bytes = [0]{}, .stringValue = ""}}
12-30 11:30:08.249   398   464 D DiagPropHandler: is not DiagnosticConfig: 0x214020e4
12-30 11:30:08.249   398   464 I VehiclePropertyStore: begin to write value to Store: {.timestamp = 10344071176564, .areaId = 0, .prop = 557850852, .status = AVAILABLE, .value = {.int32Values = [1]{0}, .floatValues = [0]{}, .int64Values = [0]{}, .bytes = [0]{}, .stringValue = ""}}
12-30 11:30:08.249   398   464 D adayocomadapter-CommunicationManager: onUpstreamReceive mPropertyId 0x214020e4
12-30 11:30:08.249   398   464 D adayocomadapter-UpstreamHandler: processBeforePacket upSreamtProcessTimePoint[10344071] 
12-30 11:30:08.249   398   464 D adayocomadapter-UpstreamHandler: processPacket UPSTREAM_QUEUE_DATA_TIMEOUT
12-30 11:30:08.249   398   464 D adayocomadapter-ParseProtocolFunc: parseCommonIPCLBytes Processing tableNumber[21]
12-30 11:30:08.249   398   464 D adayocomadapter-ParseProtocolFunc: parseCommonIPCLBytes Processing tablename[Table-21] tableSize[12]
12-30 11:30:08.249   398   464 D adayocomadapter-ParseProtocolFunc: printRaWMsg Name[byteStream recv] len[12] data[150000000000000000000000]
12-30 11:30:08.249   398   464 D adayocomadapter-ParseProtocolFunc: printRaWMsg Name[IPCLtoVHAL] len[6] data[2140208B0000]
12-30 11:30:08.249   398   464 D adayocomadapter-ParseProtocolFunc: printRaWMsg Name[IPCLtoVHAL] len[6] data[214021930000]
12-30 11:30:08.249   398   464 D adayocomadapter-ParseProtocolFunc: printRaWMsg Name[IPCLtoVHAL] len[6] data[2140208C0000]
12-30 11:30:08.249   398   464 D adayocomadapter-ParseProtocolFunc: printRaWMsg Name[IPCLtoVHAL] len[6] data[214021940000]
12-30 11:30:08.249   398   464 D adayocomadapter-ParseProtocolFunc: printRaWMsg Name[IPCLtoVHAL] len[6] data[2140208D0000]
12-30 11:30:08.249   398   464 D adayocomadapter-ParseProtocolFunc: printRaWMsg Name[IPCLtoVHAL] len[6] data[214021950000]
12-30 11:30:08.249   398   464 D adayocomadapter-ParseProtocolFunc: printRaWMsg Name[IPCLtoVHAL] len[6] data[214021920000]
12-30 11:30:08.249   398   464 D adayocomadapter-ParseProtocolFunc: printRaWMsg Name[IPCLtoVHAL] len[6] data[2140208A0000]
12-30 11:30:08.249   398   464 D adayocomadapter-ParseProtocolFunc: printRaWMsg Name[IPCLtoVHAL] len[6] data[214021960000]
12-30 11:30:08.249   398   464 D adayocomadapter-ParseProtocolFunc: printRaWMsg Name[IPCLtoVHAL] len[6] data[214021970000]
12-30 11:30:08.249   398   464 D adayocomadapter-ParseProtocolFunc: printRaWMsg Name[IPCLtoVHAL] len[6] data[214021990000]
12-30 11:30:08.249   398   464 D adayocomadapter-CommunicationManager: onUpstreamReceive mPropertyId 0x2140208b
12-30 11:30:08.249   398   464 D adayocomadapter-CommunicationManager: convertBytesToInt32Memcpy  0
12-30 11:30:08.249   398   464 I vw-vhal : notifyVehicleProperty, propId = 0x2140208b, data = {status: 2, int32Values: [0]}
12-30 11:30:08.249   398   464 I vw-vhal : CanSignalsAdapter::notifyVehicleProperty: solvedValue = {.timestamp = 10344071699897, .areaId = 0, .prop = 557850763, .status = AVAILABLE, .value = {.int32Values = [1]{0}, .floatValues = [0]{}, .int64Values = [0]{}, .bytes = [0]{}, .stringValue = ""}}
12-30 11:30:08.249   398   464 I VehiclePropertyStore: begin to write value to Store: {.timestamp = 10344071699897, .areaId = 0, .prop = 557850763, .status = AVAILABLE, .value = {.int32Values = [1]{0}, .floatValues = [0]{}, .int64Values = [0]{}, .bytes = [0]{}, .stringValue = ""}}
12-30 11:30:08.249   398   464 I DefaultVehicleHal_v2_0: DefaultVehicleHal::onPropertyValue, value:{.timestamp = 10344071699897, .areaId = 0, .prop = 557850763, .status = AVAILABLE, .value = {.int32Values = [1]{0}, .floatValues = [0]{}, .int64Values = [0]{}, .bytes = [0]{}, .stringValue = ""}}
12-30 11:30:08.249   398   464 D DiagPropHandler: is not DiagnosticConfig: 0x2140208b
12-30 11:30:08.249   398   464 I VehiclePropertyStore: begin to write value to Store: {.timestamp = 10344071699897, .areaId = 0, .prop = 557850763, .status = AVAILABLE, .value = {.int32Values = [1]{0}, .floatValues = [0]{}, .int64Values = [0]{}, .bytes = [0]{}, .stringValue = ""}}
12-30 11:30:08.249   398   464 D adayocomadapter-CommunicationManager: onUpstreamReceive mPropertyId 0x2140208b
12-30 11:30:08.249   398   464 D adayocomadapter-CommunicationManager: onUpstreamReceive mPropertyId 0x21402193
12-30 11:30:08.250   398   464 D adayocomadapter-CommunicationManager: convertBytesToInt32Memcpy  0
12-30 11:30:08.250   398   464 I vw-vhal : notifyVehicleProperty, propId = 0x21402193, data = {status: 2, int32Values: [0]}
12-30 11:30:08.250   398   464 I vw-vhal : CanSignalsAdapter::notifyVehicleProperty: solvedValue = {.timestamp = 10344071905564, .areaId = 0, .prop = 557851027, .status = AVAILABLE, .value = {.int32Values = [1]{0}, .floatValues = [0]{}, .int64Values = [0]{}, .bytes = [0]{}, .stringValue = ""}}
12-30 11:30:08.250   398   464 I VehiclePropertyStore: begin to write value to Store: {.timestamp = 10344071905564, .areaId = 0, .prop = 557851027, .status = AVAILABLE, .value = {.int32Values = [1]{0}, .floatValues = [0]{}, .int64Values = [0]{}, .bytes = [0]{}, .stringValue = ""}}
12-30 11:30:08.250   398   464 I DefaultVehicleHal_v2_0: DefaultVehicleHal::onPropertyValue, value:{.timestamp = 10344071905564, .areaId = 0, .prop = 557851027, .status = AVAILABLE, .value = {.int32Values = [1]{0}, .floatValues = [0]{}, .int64Values = [0]{}, .bytes = [0]{}, .stringValue = ""}}
12-30 11:30:08.250   398   464 D DiagPropHandler: is not DiagnosticConfig: 0x21402193
12-30 11:30:08.250   398   464 I VehiclePropertyStore: begin to write value to Store: {.timestamp = 10344071905564, .areaId = 0, .prop = 557851027, .status = AVAILABLE, .value = {.int32Values = [1]{0}, .floatValues = [0]{}, .int64Values = [0]{}, .bytes = [0]{}, .stringValue = ""}}
12-30 11:30:08.250   398   464 D adayocomadapter-CommunicationManager: onUpstreamReceive mPropertyId 0x21402193
12-30 11:30:08.250   398   464 D adayocomadapter-CommunicationManager: onUpstreamReceive mPropertyId 0x2140208c
12-30 11:30:08.250   398   464 D adayocomadapter-CommunicationManager: convertBytesToInt32Memcpy  0
12-30 11:30:08.250   398   464 I vw-vhal : notifyVehicleProperty, propId = 0x2140208c, data = {status: 2, int32Values: [0]}
12-30 11:30:08.250   398   464 I vw-vhal : CanSignalsAdapter::notifyVehicleProperty: solvedValue = {.timestamp = 10344072177564, .areaId = 0, .prop = 557850764, .status = AVAILABLE, .value = {.int32Values = [1]{0}, .floatValues = [0]{}, .int64Values = [0]{}, .bytes = [0]{}, .stringValue = ""}}
12-30 11:30:08.250   398   464 I VehiclePropertyStore: begin to write value to Store: {.timestamp = 10344072177564, .areaId = 0, .prop = 557850764, .status = AVAILABLE, .value = {.int32Values = [1]{0}, .floatValues = [0]{}, .int64Values = [0]{}, .bytes = [0]{}, .stringValue = ""}}
12-30 11:30:08.250   398   464 I DefaultVehicleHal_v2_0: DefaultVehicleHal::onPropertyValue, value:{.timestamp = 10344072177564, .areaId = 0, .prop = 557850764, .status = AVAILABLE, .value = {.int32Values = [1]{0}, .floatValues = [0]{}, .int64Values = [0]{}, .bytes = [0]{}, .stringValue = ""}}
12-30 11:30:08.250   398   464 D DiagPropHandler: is not DiagnosticConfig: 0x2140208c
12-30 11:30:08.250   398   464 I VehiclePropertyStore: begin to write value to Store: {.timestamp = 10344072177564, .areaId = 0, .prop = 557850764, .status = AVAILABLE, .value = {.int32Values = [1]{0}, .floatValues = [0]{}, .int64Values = [0]{}, .bytes = [0]{}, .stringValue = ""}}
12-30 11:30:08.250   398   464 D adayocomadapter-CommunicationManager: onUpstreamReceive mPropertyId 0x2140208c
12-30 11:30:08.250   398   464 D adayocomadapter-CommunicationManager: onUpstreamReceive mPropertyId 0x21402194
12-30 11:30:08.250   398   464 D adayocomadapter-CommunicationManager: convertBytesToInt32Memcpy  0
12-30 11:30:08.250   398   464 I vw-vhal : notifyVehicleProperty, propId = 0x21402194, data = {status: 2, int32Values: [0]}
12-30 11:30:08.250   398   464 I vw-vhal : CanSignalsAdapter::notifyVehicleProperty: solvedValue = {.timestamp = 10344072377564, .areaId = 0, .prop = 557851028, .status = AVAILABLE, .value = {.int32Values = [1]{0}, .floatValues = [0]{}, .int64Values = [0]{}, .bytes = [0]{}, .stringValue = ""}}
12-30 11:30:08.250   398   464 I VehiclePropertyStore: begin to write value to Store: {.timestamp = 10344072377564, .areaId = 0, .prop = 557851028, .status = AVAILABLE, .value = {.int32Values = [1]{0}, .floatValues = [0]{}, .int64Values = [0]{}, .bytes = [0]{}, .stringValue = ""}}
12-30 11:30:08.250   398   464 I DefaultVehicleHal_v2_0: DefaultVehicleHal::onPropertyValue, value:{.timestamp = 10344072377564, .areaId = 0, .prop = 557851028, .status = AVAILABLE, .value = {.int32Values = [1]{0}, .floatValues = [0]{}, .int64Values = [0]{}, .bytes = [0]{}, .stringValue = ""}}
12-30 11:30:08.250   398   464 D DiagPropHandler: is not DiagnosticConfig: 0x21402194
12-30 11:30:08.250   398   464 I VehiclePropertyStore: begin to write value to Store: {.timestamp = 10344072377564, .areaId = 0, .prop = 557851028, .status = AVAILABLE, .value = {.int32Values = [1]{0}, .floatValues = [0]{}, .int64Values = [0]{}, .bytes = [0]{}, .stringValue = ""}}
12-30 11:30:08.250   398   464 D adayocomadapter-CommunicationManager: onUpstreamReceive mPropertyId 0x21402194
12-30 11:30:08.250   398   464 D adayocomadapter-CommunicationManager: onUpstreamReceive mPropertyId 0x2140208d
12-30 11:30:08.250   398   464 D adayocomadapter-CommunicationManager: convertBytesToInt32Memcpy  0
12-30 11:30:08.250   398   464 I vw-vhal : notifyVehicleProperty, propId = 0x2140208d, data = {status: 2, int32Values: [0]}
12-30 11:30:08.250   398   464 I vw-vhal : CanSignalsAdapter::notifyVehicleProperty: solvedValue = {.timestamp = 10344072572231, .areaId = 0, .prop = 557850765, .status = AVAILABLE, .value = {.int32Values = [1]{0}, .floatValues = [0]{}, .int64Values = [0]{}, .bytes = [0]{}, .stringValue = ""}}
12-30 11:30:08.250   398   464 I VehiclePropertyStore: begin to write value to Store: {.timestamp = 10344072572231, .areaId = 0, .prop = 557850765, .status = AVAILABLE, .value = {.int32Values = [1]{0}, .floatValues = [0]{}, .int64Values = [0]{}, .bytes = [0]{}, .stringValue = ""}}
12-30 11:30:08.250   398   464 I DefaultVehicleHal_v2_0: DefaultVehicleHal::onPropertyValue, value:{.timestamp = 10344072572231, .areaId = 0, .prop = 557850765, .status = AVAILABLE, .value = {.int32Values = [1]{0}, .floatValues = [0]{}, .int64Values = [0]{}, .bytes = [0]{}, .stringValue = ""}}
12-30 11:30:08.250   398   464 D DiagPropHandler: is not DiagnosticConfig: 0x2140208d
12-30 11:30:08.250   398   464 I VehiclePropertyStore: begin to write value to Store: {.timestamp = 10344072572231, .areaId = 0, .prop = 557850765, .status = AVAILABLE, .value = {.int32Values = [1]{0}, .floatValues = [0]{}, .int64Values = [0]{}, .bytes = [0]{}, .stringValue = ""}}
12-30 11:30:08.250   398   464 D adayocomadapter-CommunicationManager: onUpstreamReceive mPropertyId 0x2140208d
12-30 11:30:08.250   398   464 D adayocomadapter-CommunicationManager: onUpstreamReceive mPropertyId 0x21402195
12-30 11:30:08.250   398   464 D adayocomadapter-CommunicationManager: convertBytesToInt32Memcpy  0
12-30 11:30:08.250   398   464 I vw-vhal : notifyVehicleProperty, propId = 0x21402195, data = {status: 2, int32Values: [0]}
12-30 11:30:08.250   398   464 I vw-vhal : CanSignalsAdapter::notifyVehicleProperty: solvedValue = {.timestamp = 10344072773564, .areaId = 0, .prop = 557851029, .status = AVAILABLE, .value = {.int32Values = [1]{0}, .floatValues = [0]{}, .int64Values = [0]{}, .bytes = [0]{}, .stringValue = ""}}
12-30 11:30:08.250   398   464 I VehiclePropertyStore: begin to write value to Store: {.timestamp = 10344072773564, .areaId = 0, .prop = 557851029, .status = AVAILABLE, .value = {.int32Values = [1]{0}, .floatValues = [0]{}, .int64Values = [0]{}, .bytes = [0]{}, .stringValue = ""}}
12-30 11:30:08.250   398   464 I DefaultVehicleHal_v2_0: DefaultVehicleHal::onPropertyValue, value:{.timestamp = 10344072773564, .areaId = 0, .prop = 557851029, .status = AVAILABLE, .value = {.int32Values = [1]{0}, .floatValues = [0]{}, .int64Values = [0]{}, .bytes = [0]{}, .stringValue = ""}}
12-30 11:30:08.251   398   464 D DiagPropHandler: is not DiagnosticConfig: 0x21402195
12-30 11:30:08.251   398   464 I VehiclePropertyStore: begin to write value to Store: {.timestamp = 10344072773564, .areaId = 0, .prop = 557851029, .status = AVAILABLE, .value = {.int32Values = [1]{0}, .floatValues = [0]{}, .int64Values = [0]{}, .bytes = [0]{}, .stringValue = ""}}
12-30 11:30:08.251   398   464 D adayocomadapter-CommunicationManager: onUpstreamReceive mPropertyId 0x21402195
12-30 11:30:08.251   398   464 D adayocomadapter-CommunicationManager: onUpstreamReceive mPropertyId 0x21402192
12-30 11:30:08.251   398   464 D adayocomadapter-CommunicationManager: convertBytesToInt32Memcpy  0
12-30 11:30:08.251   398   464 I vw-vhal : notifyVehicleProperty, propId = 0x21402192, data = {status: 2, int32Values: [0]}
12-30 11:30:08.251   398   464 I vw-vhal : CanSignalsAdapter::notifyVehicleProperty: solvedValue = {.timestamp = 10344072982564, .areaId = 0, .prop = 557851026, .status = AVAILABLE, .value = {.int32Values = [1]{0}, .floatValues = [0]{}, .int64Values = [0]{}, .bytes = [0]{}, .stringValue = ""}}
12-30 11:30:08.251   398   464 I VehiclePropertyStore: begin to write value to Store: {.timestamp = 10344072982564, .areaId = 0, .prop = 557851026, .status = AVAILABLE, .value = {.int32Values = [1]{0}, .floatValues = [0]{}, .int64Values = [0]{}, .bytes = [0]{}, .stringValue = ""}}
12-30 11:30:08.251   398   464 I DefaultVehicleHal_v2_0: DefaultVehicleHal::onPropertyValue, value:{.timestamp = 10344072982564, .areaId = 0, .prop = 557851026, .status = AVAILABLE, .value = {.int32Values = [1]{0}, .floatValues = [0]{}, .int64Values = [0]{}, .bytes = [0]{}, .stringValue = ""}}
12-30 11:30:08.251   398   464 D DiagPropHandler: is not DiagnosticConfig: 0x21402192
12-30 11:30:08.251   398   464 I VehiclePropertyStore: begin to write value to Store: {.timestamp = 10344072982564, .areaId = 0, .prop = 557851026, .status = AVAILABLE, .value = {.int32Values = [1]{0}, .floatValues = [0]{}, .int64Values = [0]{}, .bytes = [0]{}, .stringValue = ""}}
12-30 11:30:08.251   398   464 D adayocomadapter-CommunicationManager: onUpstreamReceive mPropertyId 0x21402192
12-30 11:30:08.251   398   464 D adayocomadapter-CommunicationManager: onUpstreamReceive mPropertyId 0x2140208a
12-30 11:30:08.251   398   464 D adayocomadapter-CommunicationManager: convertBytesToInt32Memcpy  0
12-30 11:30:08.251   398   464 I vw-vhal : notifyVehicleProperty, propId = 0x2140208a, data = {status: 2, int32Values: [0]}
12-30 11:30:08.251   360   931 D EvsDriver: forwardFrame
12-30 11:30:08.251   398   464 I vw-vhal : CanSignalsAdapter::notifyVehicleProperty: solvedValue = {.timestamp = 10344073170231, .areaId = 0, .prop = 557850762, .status = AVAILABLE, .value = {.int32Values = [1]{0}, .floatValues = [0]{}, .int64Values = [0]{}, .bytes = [0]{}, .stringValue = ""}}
12-30 11:30:08.251   360   931 D EvsDriver: forwardFrameDirect
12-30 11:30:08.251   398   464 I VehiclePropertyStore: begin to write value to Store: {.timestamp = 10344073170231, .areaId = 0, .prop = 557850762, .status = AVAILABLE, .value = {.int32Values = [1]{0}, .floatValues = [0]{}, .int64Values = [0]{}, .bytes = [0]{}, .stringValue = ""}}
12-30 11:30:08.251   398   464 I DefaultVehicleHal_v2_0: DefaultVehicleHal::onPropertyValue, value:{.timestamp = 10344073170231, .areaId = 0, .prop = 557850762, .status = AVAILABLE, .value = {.int32Values = [1]{0}, .floatValues = [0]{}, .int64Values = [0]{}, .bytes = [0]{}, .stringValue = ""}}
12-30 11:30:08.251   398   464 D DiagPropHandler: is not DiagnosticConfig: 0x2140208a
12-30 11:30:08.251   398   464 I VehiclePropertyStore: begin to write value to Store: {.timestamp = 10344073170231, .areaId = 0, .prop = 557850762, .status = AVAILABLE, .value = {.int32Values = [1]{0}, .floatValues = [0]{}, .int64Values = [0]{}, .bytes = [0]{}, .stringValue = ""}}
12-30 11:30:08.251   398   464 D adayocomadapter-CommunicationManager: onUpstreamReceive mPropertyId 0x2140208a
12-30 11:30:08.251   398   464 D adayocomadapter-CommunicationManager: onUpstreamReceive mPropertyId 0x21402196
12-30 11:30:08.251   398   464 D adayocomadapter-CommunicationManager: convertBytesToInt32Memcpy  0
12-30 11:30:08.251   398   464 I vw-vhal : notifyVehicleProperty, propId = 0x21402196, data = {status: 2, int32Values: [0]}
12-30 11:30:08.251   398   464 I vw-vhal : CanSignalsAdapter::notifyVehicleProperty: solvedValue = {.timestamp = 10344073368897, .areaId = 0, .prop = 557851030, .status = AVAILABLE, .value = {.int32Values = [1]{0}, .floatValues = [0]{}, .int64Values = [0]{}, .bytes = [0]{}, .stringValue = ""}}
12-30 11:30:08.251   360   931 D EvsDriver: Delivered 0xb400e2ca9e40d090 as id 1
12-30 11:30:08.251   398   464 I VehiclePropertyStore: begin to write value to Store: {.timestamp = 10344073368897, .areaId = 0, .prop = 557851030, .status = AVAILABLE, .value = {.int32Values = [1]{0}, .floatValues = [0]{}, .int64Values = [0]{}, .bytes = [0]{}, .stringValue = ""}}
12-30 11:30:08.251   398   464 I DefaultVehicleHal_v2_0: DefaultVehicleHal::onPropertyValue, value:{.timestamp = 10344073368897, .areaId = 0, .prop = 557851030, .status = AVAILABLE, .value = {.int32Values = [1]{0}, .floatValues = [0]{}, .int64Values = [0]{}, .bytes = [0]{}, .stringValue = ""}}
12-30 11:30:08.251   398   464 D DiagPropHandler: is not DiagnosticConfig: 0x21402196
12-30 11:30:08.251   398   464 I VehiclePropertyStore: begin to write value to Store: {.timestamp = 10344073368897, .areaId = 0, .prop = 557851030, .status = AVAILABLE, .value = {.int32Values = [1]{0}, .floatValues = [0]{}, .int64Values = [0]{}, .bytes = [0]{}, .stringValue = ""}}
12-30 11:30:08.251   398   464 D adayocomadapter-CommunicationManager: onUpstreamReceive mPropertyId 0x21402196
12-30 11:30:08.251   398   464 D adayocomadapter-CommunicationManager: onUpstreamReceive mPropertyId 0x21402197
12-30 11:30:08.251   398   464 D adayocomadapter-CommunicationManager: convertBytesToInt32Memcpy  0
12-30 11:30:08.251   398   464 I vw-vhal : notifyVehicleProperty, propId = 0x21402197, data = {status: 2, int32Values: [0]}
12-30 11:30:08.251   398   464 I vw-vhal : CanSignalsAdapter::notifyVehicleProperty: solvedValue = {.timestamp = 10344073557231, .areaId = 0, .prop = 557851031, .status = AVAILABLE, .value = {.int32Values = [1]{0}, .floatValues = [0]{}, .int64Values = [0]{}, .bytes = [0]{}, .stringValue = ""}}
12-30 11:30:08.251   398   464 I VehiclePropertyStore: begin to write value to Store: {.timestamp = 10344073557231, .areaId = 0, .prop = 557851031, .status = AVAILABLE, .value = {.int32Values = [1]{0}, .floatValues = [0]{}, .int64Values = [0]{}, .bytes = [0]{}, .stringValue = ""}}
12-30 11:30:08.251   359   359 D evsmanagerd: /dev/video-evs0 forwarded the buffer #1 to 0xb400f125d2b26dd0 from 0xb400f125e2b20710
12-30 11:30:08.251   398   464 I DefaultVehicleHal_v2_0: DefaultVehicleHal::onPropertyValue, value:{.timestamp = 10344073557231, .areaId = 0, .prop = 557851031, .status = AVAILABLE, .value = {.int32Values = [1]{0}, .floatValues = [0]{}, .int64Values = [0]{}, .bytes = [0]{}, .stringValue = ""}}
12-30 11:30:08.251   398   464 D DiagPropHandler: is not DiagnosticConfig: 0x21402197
12-30 11:30:08.251   398   464 I VehiclePropertyStore: begin to write value to Store: {.timestamp = 10344073557231, .areaId = 0, .prop = 557851031, .status = AVAILABLE, .value = {.int32Values = [1]{0}, .floatValues = [0]{}, .int64Values = [0]{}, .bytes = [0]{}, .stringValue = ""}}
12-30 11:30:08.251   398   464 D adayocomadapter-CommunicationManager: onUpstreamReceive mPropertyId 0x21402197
12-30 11:30:08.251   398   464 D adayocomadapter-CommunicationManager: onUpstreamReceive mPropertyId 0x21402199
12-30 11:30:08.251   398   464 D adayocomadapter-CommunicationManager: convertBytesToInt32Memcpy  0
12-30 11:30:08.251   398   464 I vw-vhal : notifyVehicleProperty, propId = 0x21402199, data = {status: 2, int32Values: [0]}
12-30 11:30:08.251   398   464 I vw-vhal : CanSignalsAdapter::notifyVehicleProperty: solvedValue = {.timestamp = 10344073747231, .areaId = 0, .prop = 557851033, .status = AVAILABLE, .value = {.int32Values = [1]{0}, .floatValues = [0]{}, .int64Values = [0]{}, .bytes = [0]{}, .stringValue = ""}}
12-30 11:30:08.251   398   464 I VehiclePropertyStore: begin to write value to Store: {.timestamp = 10344073747231, .areaId = 0, .prop = 557851033, .status = AVAILABLE, .value = {.int32Values = [1]{0}, .floatValues = [0]{}, .int64Values = [0]{}, .bytes = [0]{}, .stringValue = ""}}
12-30 11:30:08.251   398   464 I DefaultVehicleHal_v2_0: DefaultVehicleHal::onPropertyValue, value:{.timestamp = 10344073747231, .areaId = 0, .prop = 557851033, .status = AVAILABLE, .value = {.int32Values = [1]{0}, .floatValues = [0]{}, .int64Values = [0]{}, .bytes = [0]{}, .stringValue = ""}}
12-30 11:30:08.251   398   464 D DiagPropHandler: is not DiagnosticConfig: 0x21402199
12-30 11:30:08.251   398   464 I VehiclePropertyStore: begin to write value to Store: {.timestamp = 10344073747231, .areaId = 0, .prop = 557851033, .status = AVAILABLE, .value = {.int32Values = [1]{0}, .floatValues = [0]{}, .int64Values = [0]{}, .bytes = [0]{}, .stringValue = ""}}
12-30 11:30:08.252   398   464 D adayocomadapter-CommunicationManager: onUpstreamReceive mPropertyId 0x21402199
12-30 11:30:08.252  2358  2623 D RcfController: Rcf proxy is not connected!
12-30 11:30:08.256   360   458 D EvsDriver: doneWithFrame
12-30 11:30:08.268 21845 21857 D MediaMiniApp: getBitmapHash = 1958b397a57f9fc1e91ea2700dc9a673
12-30 11:30:08.269  1547  2118 D ANW_AVRCP: (1547|0x6EF3FCB0)[AVRCP] API getPlayStatusTimerHandler
12-30 11:30:08.269  1547  2118 D ANW_AVRCP: (1547|0x6EF3FCB0)[AVRCP] API AVRCP_GetPlayStatus
12-30 11:30:08.269 21940 21940 I CNS_MEDIA_BT_MUSIC__a: uploadData, eventId: lmPlayNewContent, data: {"songName":"梦一场 梦一场","singerName":"Star Crossing Night(feat. GALI) · 徐明浩, GALI","albumName":"未知专辑","totalTime":205014,"songStatus":"新歌曲","operationType":"","source":"其他"}
12-30 11:30:08.269  1547  2118 D ANWStack: [  10344091][ANWBT] <<Avctp_Send_Message 0/1:
12-30 11:30:08.269  1547  2118 D ANWStack: 
12-30 11:30:08.269  1547  2118 D ANWStack: [  10344091][ANWBT] L2CAP: L2_RetrieveHandle called, cid=0x83
12-30 11:30:08.269  1547  2118 D ANWStack: 
12-30 11:30:08.269 21940 21940 D CNS_MEDIA_BT_MUSIC__c: sendMediaInfo2SDS: state = 2, item = Bundle[{android.media.metadata.ARTIST=Star Crossing Night(feat. GALI) · 徐明浩, GALI, androidx.media2.metadata.BROWSABLE=1, androidx.media2.metadata.EXTRAS=Bundle[{com.mosi.mlsc.mediaengine.EXTRA_KEY_DEVICE_TYPE=5, com.mosi.mlsc.mediaengine.EXTRA_KEY_DEVICE_ID=34:10:BE:3D:C6:77}], android.media.metadata.DURATION=205014, android.media.metadata.ALBUM_ART_URI=content://com.android.bluetooth.avrcpcontroller.AvrcpCoverArtProvider?device=34%3A10%3ABE%3A3D%3AC6%3A77&uuid=0136c232-deb1-4cee-8dee-c09eba3317f8, android.media.metadata.MEDIA_ID=MEDIA_BT_SONG_ID, android.media.metadata.ALBUM=未知专辑, android.media.metadata.TITLE=梦一场 梦一场}]
12-30 11:30:08.269 21940 21940 I CNS_MEDIA_BT_MUSIC__MediaMetadataUtil: get title: 梦一场 梦一场 and artist: Star Crossing Night(feat. GALI) · 徐明浩, GALI
12-30 11:30:08.269 21940 21940 I CNS_MEDIA_BT_MUSIC__MediaMetadataUtil: get title: 梦一场 梦一场 and artist: Star Crossing Night(feat. GALI) · 徐明浩, GALI
12-30 11:30:08.269 21940 21940 I CNS_MEDIA_BT_MUSIC__HMIAdapter: mDeviceType: MT_BT_Music, state: MPS_PLAYING
12-30 11:30:08.269 21845 21857 I MediaMiniApp: onPlayStateChanged MT_BT_Music ; playState = MPS_PLAYING
12-30 11:30:08.269 21845 21857 D MediaMiniApp: onPlayStateChanged!! playState = MPS_PLAYING
12-30 11:30:08.270 21845 21845 I MediaMiniApp: playStateChanged = MPS_PLAYING
12-30 11:30:08.276  1667 19384 E CarPlay_Service: isConnected(MFiClientApiImpl.java:123)isConnected： true
12-30 11:30:08.276   879  2332 I mfiserver: [MFiProxy.cpp][675]messageMID =11 LID=03 com.adayo.carplay 
12-30 11:30:08.276   879  2332 I mfiserver: [MFiProxy.cpp][970]message channle=60 type=4 mode=1 buf=0xb400fc8d1fa65640 len=28 
12-30 11:30:08.276   879 19383 I libmfi  : [iAPUtils.c][134]buflen:28 packetlen=28
12-30 11:30:08.276   879 19383 E libmfi  : [iAP2BuffPoolImplementation.c][312]__iAP2BuffPoolGetRecvPacket malloc lenth = 4152 
12-30 11:30:08.276   879 19383 I libmfi  : [iAP2Link.c][2715]iAP2LinkHandleReadyPacket bDeletePacket = FALSE 
12-30 11:30:08.276   879 19383 I libmfi  : [iAP2Link.c][2802]_CleanupAckedPackets 
12-30 11:30:08.276   879 19383 I libmfi  : [iAP2Link.c][3046]_iAP2LinkProcessInOrderPacketACK 
12-30 11:30:08.276   879 19383 I libmfi  : [iAP2Control.c][208]Recieve Control MessageID = 0x5001 length = 18 
12-30 11:30:08.276   879 19383 E libmfi  : [iAP2BuffPoolImplementation.c][209]__iAP2BuffPoolGetSendPacket malloc lenth = 65591 
12-30 11:30:08.276   879 19383 I mfiserver: [MFiDataChannleSocket.cpp][127]len =16 
12-30 11:30:08.276   879 19383 E libmfi  : [iAP2BuffPoolImplementation.c][359]__iAP2BuffPoolReturnRecvPacket
12-30 11:30:08.276  1667  2331 I libmficlient: [MFiClient.cpp][120]Receive Data MID=50 LID=01 
12-30 11:30:08.277  1667  2331 W libmficlientjni: [MFiClientJniUtils.cpp][427]Set array[MediaItemMediaType] Value Failed 
12-30 11:30:08.277  1667  2331 W libmficlientjni: [MFiClientJniUtils.cpp][427]Set array[MediaItemArtworkData] Value Failed 
12-30 11:30:08.277  1667  2331 W CarPlay_Service: playbackUpdate(MediaInfoTrans.java:429)isMediaProxyConnected is false
12-30 11:30:08.277  1667  2331 I libmficlient: [MFiClient.cpp][120]Receive Data MID=11 LID=04 
12-30 11:30:08.283  1667 19384 E CarPlay_Service: isConnected(MFiClientApiImpl.java:123)isConnected： true
12-30 11:30:08.283   879  2332 I mfiserver: [MFiProxy.cpp][675]messageMID =11 LID=03 com.adayo.carplay 
12-30 11:30:08.283   879  2332 I mfiserver: [MFiProxy.cpp][970]message channle=60 type=4 mode=1 buf=0xb400fc8d1fa65640 len=44 
12-30 11:30:08.283   879 19383 I libmfi  : [iAPUtils.c][134]buflen:44 packetlen=44
12-30 11:30:08.283   879 19383 E libmfi  : [iAP2BuffPoolImplementation.c][312]__iAP2BuffPoolGetRecvPacket malloc lenth = 4152 
12-30 11:30:08.283   879 19383 I libmfi  : [iAP2Link.c][2715]iAP2LinkHandleReadyPacket bDeletePacket = FALSE 
12-30 11:30:08.283   879 19383 I libmfi  : [iAP2Link.c][2802]_CleanupAckedPackets 
12-30 11:30:08.283   879 19383 I libmfi  : [iAP2Link.c][3046]_iAP2LinkProcessInOrderPacketACK 
12-30 11:30:08.284   879 19383 I libmfi  : [iAP2Control.c][208]Recieve Control MessageID = 0x5001 length = 34 
12-30 11:30:08.284   879 19383 E libmfi  : [iAP2BuffPoolImplementation.c][209]__iAP2BuffPoolGetSendPacket malloc lenth = 65591 
12-30 11:30:08.284   879 19383 I mfiserver: [MFiDataChannleSocket.cpp][127]len =16 
12-30 11:30:08.284  1667  2331 I libmficlient: [MFiClient.cpp][120]Receive Data MID=50 LID=01 
12-30 11:30:08.284   879 19383 E libmfi  : [iAP2BuffPoolImplementation.c][359]__iAP2BuffPoolReturnRecvPacket
12-30 11:30:08.284  1667  2331 W libmficlientjni: [MFiClientJniUtils.cpp][427]Set array[MediaItemMediaType] Value Failed 
12-30 11:30:08.284  1667  2331 W libmficlientjni: [MFiClientJniUtils.cpp][427]Set array[MediaItemArtworkData] Value Failed 
12-30 11:30:08.284  1667  2331 I CarPlay_Service: onNowPlaying(MFiClientApiImpl.java:926)nowPlayingInfo: NowPlayingInfo{lyric='梦一场 梦一场', title='', singer='Star Crossing Night(feat. GALI) · 徐明浩, GALI', subTitle='', albumName='', durationSeconds=205, elapsedSeconds=68, isFavor=false, playState=1, repeatStatus=0, shuffleStatus=0, appName='汽水音乐'}
12-30 11:30:08.284  1667  2331 W CarPlay_Service: playbackUpdate(MediaInfoTrans.java:429)isMediaProxyConnected is false
12-30 11:30:08.284   360   931 D EvsDriver: forwardFrame
12-30 11:30:08.284   360   931 D EvsDriver: forwardFrameDirect
12-30 11:30:08.284  1667  2331 I libmficlient: [MFiClient.cpp][120]Receive Data MID=11 LID=04 
12-30 11:30:08.284   360   931 D EvsDriver: Delivered 0xb400e2ca9e40e110 as id 0
12-30 11:30:08.285   359   359 D evsmanagerd: /dev/video-evs0 forwarded the buffer #0 to 0xb400f125d2b26dd0 from 0xb400f125e2b20710
12-30 11:30:08.286   360   458 D EvsDriver: doneWithFrame
12-30 11:30:08.291  1547  2118 D ANWAPI  : (1547|0x6EF3FCB0)[BTAPI] AnwhciEventCallback 19 1
12-30 11:30:08.294  1547  2118 D ANWStack: [  10344116][ANWBT] >>Avctp_L2cap_Data_Ind_Cb
12-30 11:30:08.294  1547  2118 D ANWStack: 
12-30 11:30:08.295  1547  2118 D ANWStack: [  10344116][ANWBT] AVCTP Message Length = 22
12-30 11:30:08.295  1547  2118 D ANWStack: [  10344116][ANWBT] Receive AVCTP_SINGLE_PACKET
12-30 11:30:08.295  1547  2118 D ANW_AVRCP: (1547|0x6EF3FCB0)[AVRCP] [**AVRCP**] 0x62 0x110e
12-30 11:30:08.295  1547  2118 D ANW_AVRCP: (1547|0x6EF3FCB0)[AVRCP] opcode match 0x0
12-30 11:30:08.295  1547  2118 D ANW_AVRCP: 
12-30 11:30:08.295  1547  2118 D ANW_AVRCP: (1547|0x6EF3FCB0)[AVRCP] subopcode match 0x30, update ctype 0x1->0xc
12-30 11:30:08.295  1547  2118 D ANW_AVRCP: 
12-30 11:30:08.295  1547  2118 D ANW_AVRCP: (1547|0x6EF3FCB0)[AVRCP] AVRCP_Packet_Parser Response
12-30 11:30:08.295  1547  2118 D ANW_AVRCP: 
12-30 11:30:08.295  1547  2118 D ANW_AVRCP: (1547|0x6EF3FCB0)[AVRCP] AVRCP_Get_Play_Status_RSP_Handler 68200/205014 1
12-30 11:30:08.295  1547  2118 D ANWAPI  : (1547|0x6EF3FCB0)[BTAPI] connmgr_find_by_handle pData = 0xb400fa68ee34c5e0,7
12-30 11:30:08.295  1547  2118 D ANWAPI  : (1547|0x6EF3FCB0)[BTAPI] ===BTAPI_MallocIdxMsg 1030 16
12-30 11:30:08.295  1547  2118 D ANWAPI  : (1547|0x6EF3FCB0)[BTAPI] *BT_CB_Dispatch
12-30 11:30:08.295  1547  2118 D ANWAPI  : (1547|0x6EF3FCB0)[BTAPI] *****SDK callback(0x406)
12-30 11:30:08.295  1547  2118 D ANWAPI  : (1547|0x6EF3FCB0)[BTAPI] SDK***** [34:10:be:3d:c6:77][0]
12-30 11:30:08.295  1547  2118 D ANWAPI  : (1547|0x6EF3FCB0)[BTAPI] btsdk_exec_apicb start
12-30 11:30:08.295  1547  2118 D ANWAPI  : (1547|0x6EF3FCB0)[BTAPI] Up: AvrcpMsgHandler receive[34:10:BE:3D:C6:77], Get Device ID(0)
12-30 11:30:08.295  1547  2118 D ANWAPI  : 
12-30 11:30:08.295  1547  2118 D ANWAPI  : (1547|0x6EF3FCB0)[BTAPI] Up: AnWBT_AVRCP_CURRENT_PLAY_STATUS_IND
12-30 11:30:08.295  1547  2118 D ANWAPI  : 
12-30 11:30:08.295  1547  2118 D ANWAPI  : (1547|0x6EF3FCB0)[BTAPI] songLengthMs     =205014
12-30 11:30:08.295  1547  2118 D ANWAPI  : 
12-30 11:30:08.295  1547  2118 D ANWAPI  : (1547|0x6EF3FCB0)[BTAPI] songPositionMs   =68200
12-30 11:30:08.295  1547  2118 D ANWAPI  : 
12-30 11:30:08.295  1547  2118 I ANW bt_btif: AvrcpMsgHandler: HAL bt_rc_ctrl_callbacks->play_position_changed_cb
12-30 11:30:08.295  1547  2118 I BluetoothAvrcpControllerJni: btavrcp_play_position_changed_callback
12-30 11:30:08.295  1547  2118 D AvrcpControllerService: onPlayPositionChanged pos 68200
12-30 11:30:08.295  1547 19344 D AvrcpControllerStateMachine: Avrcp.ConnectedAvrcpController processMessage MESSAGE_PROCESS_PLAY_POS_CHANGED
12-30 11:30:08.295  1547 19344 D AvrcpPlayer: getPlayBackState state 3 time 68200
12-30 11:30:08.295  1547 19344 D BluetoothMediaBrowserService: notifyChanged PlaybackStatePlaybackState {state=3, position=68200, buffered position=0, speed=1.0, updated=10344117, actions=2375735, error code=0, error message=null, custom actions=[], active item id=-1}
12-30 11:30:08.296  1547  2118 D ANWAPI  : (1547|0x6EF3FCB0)[BTAPI] currentPlayStatus=1
12-30 11:30:08.296  1547  2118 D ANWAPI  : 
12-30 11:30:08.296  1547  2118 I ANW bt_btif: AvrcpMsgHandler: HAL bt_rc_ctrl_callbacks->play_status_changed_cb
12-30 11:30:08.296  1547  2118 I BluetoothAvrcpControllerJni: btavrcp_play_status_changed_callback
12-30 11:30:08.296  1547  2118 D AvrcpControllerService: onPlayStatusChanged 1
12-30 11:30:08.296  1547  2118 D ANWAPI  : (1547|0x6EF3FCB0)[BTAPI] btsdk_exec_apicb end
12-30 11:30:08.296 21940 21940 D MediaSessionMonitor: onPlaybackStateChanged: [com.android.bluetooth] state = 3
12-30 11:30:08.296  1547 19344 D AvrcpControllerStateMachine: Avrcp.ConnectedAvrcpController processMessage MESSAGE_PROCESS_PLAY_STATUS_CHANGED
12-30 11:30:08.296 21940 19613 D MC2ImplBase: onCustomCommand cmd=com.fawvw.mw.mediaengine.ACTION_PLAYER_POSITION_CHANGED
12-30 11:30:08.296  1547 19344 D AvrcpControllerStateMachine: Playback status changed to 3
12-30 11:30:08.296 21940 21940 D MediaSessionMonitor: updateSourcePlayState: pkg = com.android.bluetooth, state = 3
12-30 11:30:08.296  1547 19344 D AvrcpPlayer: getPlayBackState state 3 time 68201
12-30 11:30:08.296 21940 21940 I CNS_MEDIA_BT_MUSIC__MediaClient: onCustomCommand, action: com.fawvw.mw.mediaengine.ACTION_PLAYER_POSITION_CHANGED, extra: Bundle[mParcelledData.dataSize=124]
12-30 11:30:08.297  1547 19344 D BluetoothMediaBrowserService: notifyChanged PlaybackStatePlaybackState {state=3, position=68201, buffered position=0, speed=1.0, updated=10344118, actions=2375735, error code=0, error message=null, custom actions=[], active item id=-1}
12-30 11:30:08.297  2045  2058 D InfotainmentBridge_Native: fireDuration
12-30 11:30:08.297  2045  2058 D InfotainmentBridge_Native: fireDuration() -- source: 3
12-30 11:30:08.297  2045  2058 D InfotainmentBridge_Native: fireDuration() -- value_16: 68
12-30 11:30:08.297 21940 19613 D MC2ImplBase: onCustomCommand cmd=com.fawvw.mw.mediaengine.ACTION_PLAYER_POSITION_CHANGED
12-30 11:30:08.297  1547 19344 D AvrcpPlayer: getPlayBackState state 3 time 68201
12-30 11:30:08.298 21940 21940 I CNS_MEDIA_BT_MUSIC__MediaClient: onCustomCommand, action: com.fawvw.mw.mediaengine.ACTION_PLAYER_POSITION_CHANGED, extra: Bundle[mParcelledData.dataSize=124]
12-30 11:30:08.298  2045  2131 D InfotainmentBridge_Native: fireDuration
12-30 11:30:08.298  2045  2131 D InfotainmentBridge_Native: fireDuration() -- source: 3
12-30 11:30:08.298  2045  2131 D InfotainmentBridge_Native: fireDuration() -- value_16: 68
12-30 11:30:08.298 21940 21940 D MediaSessionMonitor: onPlaybackStateChanged: [com.android.bluetooth] state = 3
12-30 11:30:08.299 21940 21940 D MediaSessionMonitor: updateSourcePlayState: pkg = com.android.bluetooth, state = 3
12-30 11:30:08.302  2358  2623 D RcfController: Rcf proxy is not connected!
12-30 11:30:08.304 21940 21940 W Choreographer: Frame time is 0.061667 ms in the future!  Check that graphics HAL is generating vsync timestamps using the correct timebase.
12-30 11:30:08.306   596  3076 E WifiHAL : Invalid data received from driver
12-30 11:30:08.317   360   931 D EvsDriver: forwardFrame
12-30 11:30:08.318   360   931 D EvsDriver: forwardFrameDirect
12-30 11:30:08.318   360   931 D EvsDriver: Delivered 0xb400e2ca9e40c7a0 as id 1
12-30 11:30:08.318   359   359 D evsmanagerd: /dev/video-evs0 forwarded the buffer #1 to 0xb400f125d2b26dd0 from 0xb400f125e2b20710
12-30 11:30:08.327   360   458 D EvsDriver: doneWithFrame
12-30 11:30:08.331   815   834 E logcollector: usage = 0.431
12-30 11:30:08.351   360   931 D EvsDriver: forwardFrame
12-30 11:30:08.351   360   931 D EvsDriver: forwardFrameDirect
12-30 11:30:08.351   360   931 D EvsDriver: Delivered 0xb400e2ca9e40e270 as id 0
12-30 11:30:08.351   359   359 D evsmanagerd: /dev/video-evs0 forwarded the buffer #0 to 0xb400f125d2b26dd0 from 0xb400f125e2b20710
12-30 11:30:08.352  2358  2623 D RcfController: Rcf proxy is not connected!
12-30 11:30:08.356   650   729 D fgemcucomm: sd Uart data : 6AA60243DB000292024A
12-30 11:30:08.356   650   729 D fgemcucomm: rev uart=85832,len=29, data : 6AA68143DB0015920200130000000000000000000000000000000000A5
12-30 11:30:08.356   398   466 D adayocomadapter-ParseProtocolFunc: printRaWMsg Name[MCUToUPstream recv] len[21] data[920200130000000000000000000000000000000000]
12-30 11:30:08.356   398   466 D adayocomadapter-CommunicationManager: onUpstreamback   member[0] dataLength[18] timePoint[10344178]
12-30 11:30:08.356   398   466 D adayocomadapter-ParseProtocolFunc: printRaWMsg Name[onUpstreamback] len[18] data[130000000000000000000000000000000000]
12-30 11:30:08.356   398   464 D adayocomadapter-UpstreamHandler: processBeforePacket upSreamtProcessTimePoint[10344178] 
12-30 11:30:08.356   398   464 D adayocomadapter-UpstreamHandler: processPacket UPSTREAM_QUEUE_DATA_TIMEOUT
12-30 11:30:08.356   398   464 D adayocomadapter-ParseProtocolFunc: parseCommonIPCLBytes Processing tableNumber[19]
12-30 11:30:08.356   398   464 D adayocomadapter-ParseProtocolFunc: parseCommonIPCLBytes Processing tablename[Table-19] tableSize[18]
12-30 11:30:08.356   398   464 D adayocomadapter-ParseProtocolFunc: printRaWMsg Name[byteStream recv] len[18] data[130000000000000000000000000000000000]
12-30 11:30:08.356   398   464 D adayocomadapter-ParseProtocolFunc: printRaWMsg Name[IPCLtoVHAL] len[6] data[214010280000]
12-30 11:30:08.356   398   464 D adayocomadapter-ParseProtocolFunc: printRaWMsg Name[IPCLtoVHAL] len[6] data[214010290000]
12-30 11:30:08.357   398   464 D adayocomadapter-ParseProtocolFunc: printRaWMsg Name[IPCLtoVHAL] len[6] data[2140102E0000]
12-30 11:30:08.357   398   464 D adayocomadapter-ParseProtocolFunc: printRaWMsg Name[IPCLtoVHAL] len[6] data[2140102B0000]
12-30 11:30:08.357   398   464 D adayocomadapter-ParseProtocolFunc: printRaWMsg Name[IPCLtoVHAL] len[6] data[2140104C0000]
12-30 11:30:08.357   398   464 D adayocomadapter-ParseProtocolFunc: printRaWMsg Name[IPCLtoVHAL] len[6] data[2140102C0000]
12-30 11:30:08.357   398   464 D adayocomadapter-ParseProtocolFunc: printRaWMsg Name[IPCLtoVHAL] len[7] data[21402007000000]
12-30 11:30:08.357   398   464 D adayocomadapter-ParseProtocolFunc: printRaWMsg Name[IPCLtoVHAL] len[6] data[2140102F0000]
12-30 11:30:08.357   398   464 D adayocomadapter-ParseProtocolFunc: printRaWMsg Name[IPCLtoVHAL] len[6] data[214010310000]
12-30 11:30:08.357   398   464 D adayocomadapter-ParseProtocolFunc: printRaWMsg Name[IPCLtoVHAL] len[7] data[21402022000000]
12-30 11:30:08.357   398   464 D adayocomadapter-ParseProtocolFunc: printRaWMsg Name[IPCLtoVHAL] len[9] data[214020230000000000]
12-30 11:30:08.357   398   464 D adayocomadapter-ParseProtocolFunc: printRaWMsg Name[IPCLtoVHAL] len[6] data[2140104D0000]
12-30 11:30:08.357   398   464 D adayocomadapter-CommunicationManager: onUpstreamReceive mPropertyId 0x21401028
12-30 11:30:08.357   398   464 D adayocomadapter-CommunicationManager: convertBytesToInt32Memcpy  0
12-30 11:30:08.357   398   464 I vw-vhal : notifyVehicleProperty, propId = 0x21401028, data = {status: 2, int32Values: [0]}
12-30 11:30:08.357   398   464 I vw-vhal : CanSignalsAdapter::notifyVehicleProperty: solvedValue = {.timestamp = 10344179129231, .areaId = 0, .prop = 557846568, .status = AVAILABLE, .value = {.int32Values = [1]{0}, .floatValues = [0]{}, .int64Values = [0]{}, .bytes = [0]{}, .stringValue = ""}}
12-30 11:30:08.357   398   464 I VehiclePropertyStore: begin to write value to Store: {.timestamp = 10344179129231, .areaId = 0, .prop = 557846568, .status = AVAILABLE, .value = {.int32Values = [1]{0}, .floatValues = [0]{}, .int64Values = [0]{}, .bytes = [0]{}, .stringValue = ""}}
12-30 11:30:08.357   398   464 I DefaultVehicleHal_v2_0: DefaultVehicleHal::onPropertyValue, value:{.timestamp = 10344179129231, .areaId = 0, .prop = 557846568, .status = AVAILABLE, .value = {.int32Values = [1]{0}, .floatValues = [0]{}, .int64Values = [0]{}, .bytes = [0]{}, .stringValue = ""}}
12-30 11:30:08.357   398   464 D DiagPropHandler: is not DiagnosticConfig: 0x21401028
12-30 11:30:08.357   398   464 I VehiclePropertyStore: begin to write value to Store: {.timestamp = 10344179129231, .areaId = 0, .prop = 557846568, .status = AVAILABLE, .value = {.int32Values = [1]{0}, .floatValues = [0]{}, .int64Values = [0]{}, .bytes = [0]{}, .stringValue = ""}}
12-30 11:30:08.357   398   464 D adayocomadapter-CommunicationManager: onUpstreamReceive mPropertyId 0x21401028
12-30 11:30:08.357   398   464 D adayocomadapter-CommunicationManager: onUpstreamReceive mPropertyId 0x21401029
12-30 11:30:08.357   398   464 D adayocomadapter-CommunicationManager: convertBytesToInt32Memcpy  0
12-30 11:30:08.357   398   464 I vw-vhal : notifyVehicleProperty, propId = 0x21401029, data = {status: 2, int32Values: [0]}
12-30 11:30:08.357   398   464 I vw-vhal : CanSignalsAdapter::notifyVehicleProperty: solvedValue = {.timestamp = 10344179362231, .areaId = 0, .prop = 557846569, .status = AVAILABLE, .value = {.int32Values = [1]{0}, .floatValues = [0]{}, .int64Values = [0]{}, .bytes = [0]{}, .stringValue = ""}}
12-30 11:30:08.357   398   464 I VehiclePropertyStore: begin to write value to Store: {.timestamp = 10344179362231, .areaId = 0, .prop = 557846569, .status = AVAILABLE, .value = {.int32Values = [1]{0}, .floatValues = [0]{}, .int64Values = [0]{}, .bytes = [0]{}, .stringValue = ""}}
12-30 11:30:08.357   360   458 D EvsDriver: doneWithFrame
