12-30 11:30:14.895  2045  2131 D InfotainmentBridge_Native: fireDuration() -- source: 3
12-30 11:30:14.895  2045  2131 D InfotainmentBridge_Native: fireDuration() -- value_16: 74
12-30 11:30:14.918   360   931 D EvsDriver: forwardFrame
12-30 11:30:14.918   360   931 D EvsDriver: forwardFrameDirect
12-30 11:30:14.918   360   931 D EvsDriver: Delivered 0xb400e2ca9e40c7a0 as id 1
12-30 11:30:14.919   359   359 D evsmanagerd: /dev/video-evs0 forwarded the buffer #1 to 0xb400f125d2b26dd0 from 0xb400f125e2b20710
12-30 11:30:14.929   360   458 D EvsDriver: doneWithFrame
12-30 11:30:14.939  2358  2623 D RcfController: Rcf proxy is not connected!
12-30 11:30:14.941   596  3076 E WifiHAL : Invalid data received from driver
12-30 11:30:14.951   360   931 D EvsDriver: forwardFrame
12-30 11:30:14.951   360   931 D EvsDriver: forwardFrameDirect
12-30 11:30:14.952   360   931 D EvsDriver: Delivered 0xb400e2ca9e40e270 as id 0
12-30 11:30:14.952   359   359 D evsmanagerd: /dev/video-evs0 forwarded the buffer #0 to 0xb400f125d2b26dd0 from 0xb400f125e2b20710
12-30 11:30:14.959   360   458 D EvsDriver: doneWithFrame
12-30 11:30:14.983  1582  3078 I c       : checkService in back thread add: adayo.upgrade.v2.0
12-30 11:30:14.984   360   931 D EvsDriver: forwardFrame
12-30 11:30:14.984  1582  3078 E upgradeApp_251223_V1  l: d(null:11)pre->c(null:23)-> serviceBinder is null
12-30 11:30:14.984   360   931 D EvsDriver: forwardFrameDirect
12-30 11:30:14.984  1582  3078 W c       : doBindService in back thread fail: adayo.upgrade.v2.0
12-30 11:30:14.984   360   931 D EvsDriver: Delivered 0xb400e2ca9e40d4b0 as id 1
12-30 11:30:14.984   359   359 D evsmanagerd: /dev/video-evs0 forwarded the buffer #1 to 0xb400f125d2b26dd0 from 0xb400f125e2b20710
12-30 11:30:14.989  2358  2623 D RcfController: Rcf proxy is not connected!
12-30 11:30:14.989   360   458 D EvsDriver: doneWithFrame
12-30 11:30:15.015  1667  3615 I libmficlientjni: [com_adayo_mficlient_Proxy.cpp][759]Enter 
12-30 11:30:15.015  1667  3615 I libmficlientjni: [com_adayo_mficlient_Proxy.cpp][772]Leave 
12-30 11:30:15.015   879  2332 I mfiserver: [MFiProxy.cpp][675]messageMID =1C LID=00 com.adayo.carplay 
12-30 11:30:15.015   879  2332 I libmfi  : [iAPUtils.c][654]Enter int iAPSendLocationData(iAPUtils_t *, char *) 
12-30 11:30:15.015   879  2332 I libmfi  : [iAP2Control.c][360]Send Control MessageID = 0xFFFB length=149
12-30 11:30:15.015   879  2332 I libmfi  : [iAP2Link.c][2399]iAP2LinkQueueSendData 
12-30 11:30:15.015   879  2332 E libmfi  : [iAP2BuffPoolImplementation.c][209]__iAP2BuffPoolGetSendPacket malloc lenth = 65591 
12-30 11:30:15.015   879  2332 I libmfi  : [iAP2Link.c][2310]iAP2LinkProcessOutQueue 
12-30 11:30:15.015   879  2332 I mfiserver: [MFiDataChannleSocket.cpp][127]len =166 
12-30 11:30:15.015   879  2332 I libmfi  : [iAP2Control.c][367]Send Control MessageID = 0xFFFB end state = 1 
12-30 11:30:15.015   879  2332 I libmfi  : [iAPUtils.c][682]Leave int iAPSendLocationData(iAPUtils_t *, char *) 
12-30 11:30:15.015  1667  2331 I libmficlient: [MFiClient.cpp][120]Receive Data MID=11 LID=04 
12-30 11:30:15.017   360   931 D EvsDriver: forwardFrame
12-30 11:30:15.017   360   931 D EvsDriver: forwardFrameDirect
12-30 11:30:15.018   360   931 D EvsDriver: Delivered 0xb400e2ca9e40c2d0 as id 0
12-30 11:30:15.018   359   359 D evsmanagerd: /dev/video-evs0 forwarded the buffer #0 to 0xb400f125d2b26dd0 from 0xb400f125e2b20710
12-30 11:30:15.020   360   458 D EvsDriver: doneWithFrame
12-30 11:30:15.027   596  3076 E WifiHAL : Invalid data received from driver
12-30 11:30:15.035   650   729 D fgemcucomm: sd Uart data : 6AA602440B0002920219
12-30 11:30:15.035   650   729 D fgemcucomm: rev uart=85881,len=14, data : 6AA681440B00069202001A00007C
12-30 11:30:15.035   398   466 D adayocomadapter-ParseProtocolFunc: printRaWMsg Name[MCUToUPstream recv] len[6] data[9202001A0000]
12-30 11:30:15.035   398   466 D adayocomadapter-CommunicationManager: onUpstreamback   member[0] dataLength[3] timePoint[10350857]
12-30 11:30:15.035   398   466 D adayocomadapter-ParseProtocolFunc: printRaWMsg Name[onUpstreamback] len[3] data[1A0000]
12-30 11:30:15.035   398   464 D adayocomadapter-UpstreamHandler: processBeforePacket upSreamtProcessTimePoint[10350857] 
12-30 11:30:15.035   398   464 D adayocomadapter-UpstreamHandler: processPacket UPSTREAM_QUEUE_DATA_TIMEOUT
12-30 11:30:15.035   398   464 D adayocomadapter-ParseProtocolFunc: parseCommonIPCLBytes Processing tableNumber[26]
12-30 11:30:15.035   398   464 D adayocomadapter-ParseProtocolFunc: parseCommonIPCLBytes Processing tablename[Table-26] tableSize[3]
12-30 11:30:15.035   398   464 D adayocomadapter-ParseProtocolFunc: printRaWMsg Name[byteStream recv] len[3] data[1A0000]
12-30 11:30:15.035   398   464 D adayocomadapter-ParseProtocolFunc: printRaWMsg Name[IPCLtoVHAL] len[6] data[214021C90000]
12-30 11:30:15.035   398   464 D adayocomadapter-ParseProtocolFunc: printRaWMsg Name[IPCLtoVHAL] len[6] data[214022060000]
12-30 11:30:15.035   398   464 D adayocomadapter-CommunicationManager: onUpstreamReceive mPropertyId 0x214021c9
12-30 11:30:15.035   398   464 D adayocomadapter-CommunicationManager: convertBytesToInt32Memcpy  0
12-30 11:30:15.036   398   464 I vw-vhal : notifyVehicleProperty, propId = 0x214021c9, data = {status: 2, int32Values: [0]}
12-30 11:30:15.036   398   464 I vw-vhal : CanSignalsAdapter::notifyVehicleProperty: solvedValue = {.timestamp = 10350857998231, .areaId = 0, .prop = 557851081, .status = AVAILABLE, .value = {.int32Values = [1]{0}, .floatValues = [0]{}, .int64Values = [0]{}, .bytes = [0]{}, .stringValue = ""}}
12-30 11:30:15.036   398   464 I VehiclePropertyStore: begin to write value to Store: {.timestamp = 10350857998231, .areaId = 0, .prop = 557851081, .status = AVAILABLE, .value = {.int32Values = [1]{0}, .floatValues = [0]{}, .int64Values = [0]{}, .bytes = [0]{}, .stringValue = ""}}
12-30 11:30:15.036   398   464 I DefaultVehicleHal_v2_0: DefaultVehicleHal::onPropertyValue, value:{.timestamp = 10350857998231, .areaId = 0, .prop = 557851081, .status = AVAILABLE, .value = {.int32Values = [1]{0}, .floatValues = [0]{}, .int64Values = [0]{}, .bytes = [0]{}, .stringValue = ""}}
12-30 11:30:15.036   398   464 D DiagPropHandler: is not DiagnosticConfig: 0x214021c9
12-30 11:30:15.036   398   464 I VehiclePropertyStore: begin to write value to Store: {.timestamp = 10350857998231, .areaId = 0, .prop = 557851081, .status = AVAILABLE, .value = {.int32Values = [1]{0}, .floatValues = [0]{}, .int64Values = [0]{}, .bytes = [0]{}, .stringValue = ""}}
12-30 11:30:15.036   398   464 D adayocomadapter-CommunicationManager: onUpstreamReceive mPropertyId 0x214021c9
12-30 11:30:15.036   398   464 D adayocomadapter-CommunicationManager: onUpstreamReceive mPropertyId 0x21402206
12-30 11:30:15.036   398   464 D adayocomadapter-CommunicationManager: convertBytesToInt32Memcpy  0
12-30 11:30:15.036   398   464 I vw-vhal : notifyVehicleProperty, propId = 0x21402206, data = {status: 2, int32Values: [0]}
12-30 11:30:15.036   398   464 I vw-vhal : CanSignalsAdapter::notifyVehicleProperty: solvedValue = {.timestamp = 10350858369565, .areaId = 0, .prop = 557851142, .status = AVAILABLE, .value = {.int32Values = [1]{0}, .floatValues = [0]{}, .int64Values = [0]{}, .bytes = [0]{}, .stringValue = ""}}
12-30 11:30:15.036   398   464 I VehiclePropertyStore: begin to write value to Store: {.timestamp = 10350858369565, .areaId = 0, .prop = 557851142, .status = AVAILABLE, .value = {.int32Values = [1]{0}, .floatValues = [0]{}, .int64Values = [0]{}, .bytes = [0]{}, .stringValue = ""}}
12-30 11:30:15.036   398   464 I DefaultVehicleHal_v2_0: DefaultVehicleHal::onPropertyValue, value:{.timestamp = 10350858369565, .areaId = 0, .prop = 557851142, .status = AVAILABLE, .value = {.int32Values = [1]{0}, .floatValues = [0]{}, .int64Values = [0]{}, .bytes = [0]{}, .stringValue = ""}}
12-30 11:30:15.036   398   464 D DiagPropHandler: is not DiagnosticConfig: 0x21402206
12-30 11:30:15.036   398   464 I VehiclePropertyStore: begin to write value to Store: {.timestamp = 10350858369565, .areaId = 0, .prop = 557851142, .status = AVAILABLE, .value = {.int32Values = [1]{0}, .floatValues = [0]{}, .int64Values = [0]{}, .bytes = [0]{}, .stringValue = ""}}
12-30 11:30:15.036   398   464 D adayocomadapter-CommunicationManager: onUpstreamReceive mPropertyId 0x21402206
12-30 11:30:15.039  2358  2623 D RcfController: Rcf proxy is not connected!
12-30 11:30:15.051   360   931 D EvsDriver: forwardFrame
12-30 11:30:15.051   360   931 D EvsDriver: forwardFrameDirect
12-30 11:30:15.051   360   931 D EvsDriver: Delivered 0xb400e2ca9e40d090 as id 1
12-30 11:30:15.051   359   359 D evsmanagerd: /dev/video-evs0 forwarded the buffer #1 to 0xb400f125d2b26dd0 from 0xb400f125e2b20710
12-30 11:30:15.061   360   458 D EvsDriver: doneWithFrame
12-30 11:30:15.061  1667 19378 E CarPlay_Service: isConnected(MFiClientApiImpl.java:123)isConnected： true
12-30 11:30:15.062   879  2332 I mfiserver: [MFiProxy.cpp][675]messageMID =11 LID=03 com.adayo.carplay 
12-30 11:30:15.062   879  2332 I mfiserver: [MFiProxy.cpp][970]message channle=60 type=4 mode=1 buf=0xb400fc8d1fa65640 len=9 
12-30 11:30:15.062   879 19383 I libmfi  : [iAPUtils.c][134]buflen:9 packetlen=9
12-30 11:30:15.062   879 19383 E libmfi  : [iAP2BuffPoolImplementation.c][312]__iAP2BuffPoolGetRecvPacket malloc lenth = 4152 
12-30 11:30:15.062   879 19383 E libmfi  : [iAP2BuffPoolImplementation.c][252]__iAP2BuffPoolReturnSendPacket
12-30 11:30:15.062   879 19383 E libmfi  : [iAP2BuffPoolImplementation.c][252]__iAP2BuffPoolReturnSendPacket
12-30 11:30:15.062   879 19383 E libmfi  : [iAP2BuffPoolImplementation.c][252]__iAP2BuffPoolReturnSendPacket
12-30 11:30:15.062   879 19383 I libmfi  : [iAP2Link.c][2802]_CleanupAckedPackets 
12-30 11:30:15.062   879 19383 I libmfi  : [iAP2Link.c][3046]_iAP2LinkProcessInOrderPacketACK 
12-30 11:30:15.062   879 19383 E libmfi  : [iAP2BuffPoolImplementation.c][359]__iAP2BuffPoolReturnRecvPacket
12-30 11:30:15.070   596  3076 E WifiHAL : Invalid data received from driver
12-30 11:30:15.070  1667 19370 E CarPlay_Service: isConnected(MFiClientApiImpl.java:123)isConnected： true
12-30 11:30:15.071   879  2332 I mfiserver: [MFiProxy.cpp][675]messageMID =11 LID=03 com.adayo.carplay 
12-30 11:30:15.071   879  2332 I mfiserver: [MFiProxy.cpp][970]message channle=60 type=4 mode=1 buf=0xb400fc8d1fa65640 len=28 
12-30 11:30:15.071   879 19383 I libmfi  : [iAPUtils.c][134]buflen:28 packetlen=28
12-30 11:30:15.071   879 19383 E libmfi  : [iAP2BuffPoolImplementation.c][312]__iAP2BuffPoolGetRecvPacket malloc lenth = 4152 
12-30 11:30:15.071   879 19383 I libmfi  : [iAP2Link.c][2715]iAP2LinkHandleReadyPacket bDeletePacket = FALSE 
12-30 11:30:15.071   879 19383 I libmfi  : [iAP2Link.c][2802]_CleanupAckedPackets 
12-30 11:30:15.071   879 19383 I libmfi  : [iAP2Link.c][3046]_iAP2LinkProcessInOrderPacketACK 
12-30 11:30:15.071   879 19383 I libmfi  : [iAP2Control.c][208]Recieve Control MessageID = 0x5001 length = 18 
12-30 11:30:15.071   879 19383 E libmfi  : [iAP2BuffPoolImplementation.c][209]__iAP2BuffPoolGetSendPacket malloc lenth = 65591 
12-30 11:30:15.071   879 19383 I mfiserver: [MFiDataChannleSocket.cpp][127]len =16 
12-30 11:30:15.071   879 19383 E libmfi  : [iAP2BuffPoolImplementation.c][359]__iAP2BuffPoolReturnRecvPacket
12-30 11:30:15.071  1667  2331 I libmficlient: [MFiClient.cpp][120]Receive Data MID=50 LID=01 
12-30 11:30:15.071  1667  2331 W libmficlientjni: [MFiClientJniUtils.cpp][427]Set array[MediaItemMediaType] Value Failed 
12-30 11:30:15.071  1667  2331 W libmficlientjni: [MFiClientJniUtils.cpp][427]Set array[MediaItemArtworkData] Value Failed 
12-30 11:30:15.071  1667  2331 W CarPlay_Service: playbackUpdate(MediaInfoTrans.java:429)isMediaProxyConnected is false
12-30 11:30:15.071  1667  2331 I libmficlient: [MFiClient.cpp][120]Receive Data MID=11 LID=04 
12-30 11:30:15.084   360   931 D EvsDriver: forwardFrame
12-30 11:30:15.084   360   931 D EvsDriver: forwardFrameDirect
12-30 11:30:15.084   360   931 D EvsDriver: Delivered 0xb400e2ca9e40e110 as id 0
12-30 11:30:15.084   359   359 D evsmanagerd: /dev/video-evs0 forwarded the buffer #0 to 0xb400f125d2b26dd0 from 0xb400f125e2b20710
12-30 11:30:15.089  2358  2623 D RcfController: Rcf proxy is not connected!
12-30 11:30:15.091   360   458 D EvsDriver: doneWithFrame
12-30 11:30:15.117   360   931 D EvsDriver: forwardFrame
12-30 11:30:15.117   360   931 D EvsDriver: forwardFrameDirect
12-30 11:30:15.118   360   931 D EvsDriver: Delivered 0xb400e2ca9e40c7a0 as id 1
12-30 11:30:15.118   359   359 D evsmanagerd: /dev/video-evs0 forwarded the buffer #1 to 0xb400f125d2b26dd0 from 0xb400f125e2b20710
12-30 11:30:15.122   360   458 D EvsDriver: doneWithFrame
12-30 11:30:15.136  1667  2594 W ContextImpl: Calling a method in the system process without a qualified user: android.app.ContextImpl.bindService:1988 android.content.ContextWrapper.bindService:861 com.ford.sync.fnvservice.FordFnv.c:202 com.ford.sync.fnvservice.FordFnv.c:43 com.ford.sync.fnvservice.FordFnv$RetryHandler.handleMessage:245 
12-30 11:30:15.138   916  2815 W ActivityManager: Unable to start service Intent { cmp=com.ford.sync.fnvservice/.FordFnvService } U=0: not found
12-30 11:30:15.138  1667  2594 W FordFnv :  bind ford fnv failed -> sendRetryMessage 
12-30 11:30:15.140  2358  2623 D RcfController: Rcf proxy is not connected!
12-30 11:30:15.151   360   931 D EvsDriver: forwardFrame
12-30 11:30:15.151   360   931 D EvsDriver: forwardFrameDirect
12-30 11:30:15.151   360   931 D EvsDriver: Delivered 0xb400e2ca9e40e270 as id 0
12-30 11:30:15.151   359   359 D evsmanagerd: /dev/video-evs0 forwarded the buffer #0 to 0xb400f125d2b26dd0 from 0xb400f125e2b20710
12-30 11:30:15.161   596  3076 E WifiHAL : Invalid data received from driver
12-30 11:30:15.161   596  3076 E WifiHAL : Invalid data received from driver
12-30 11:30:15.161   596  3076 E WifiHAL : Invalid data received from driver
12-30 11:30:15.161   596  3076 E WifiHAL : Invalid data received from driver
12-30 11:30:15.161   596  3076 E WifiHAL : Invalid data received from driver
12-30 11:30:15.161   596  3076 E WifiHAL : Invalid data received from driver
12-30 11:30:15.161   596  3076 E WifiHAL : Invalid data received from driver
12-30 11:30:15.161   596  3076 E WifiHAL : Invalid data received from driver
12-30 11:30:15.161   360   458 D EvsDriver: doneWithFrame
12-30 11:30:15.184   360   931 D EvsDriver: forwardFrame
12-30 11:30:15.184   360   931 D EvsDriver: forwardFrameDirect
12-30 11:30:15.184   360   931 D EvsDriver: Delivered 0xb400e2ca9e40d4b0 as id 1
12-30 11:30:15.184   359   359 D evsmanagerd: /dev/video-evs0 forwarded the buffer #1 to 0xb400f125d2b26dd0 from 0xb400f125e2b20710
12-30 11:30:15.190  2358  2623 D RcfController: Rcf proxy is not connected!
12-30 11:30:15.192   360   458 D EvsDriver: doneWithFrame
12-30 11:30:15.217   360   931 D EvsDriver: forwardFrame
12-30 11:30:15.217   360   931 D EvsDriver: forwardFrameDirect
12-30 11:30:15.218   360   931 D EvsDriver: Delivered 0xb400e2ca9e40c2d0 as id 0
12-30 11:30:15.218   359   359 D evsmanagerd: /dev/video-evs0 forwarded the buffer #0 to 0xb400f125d2b26dd0 from 0xb400f125e2b20710
12-30 11:30:15.223   360   458 D EvsDriver: doneWithFrame
12-30 11:30:15.240  2358  2623 D RcfController: Rcf proxy is not connected!
12-30 11:30:15.242   596  3076 E WifiHAL : Invalid data received from driver
12-30 11:30:15.251   360   931 D EvsDriver: forwardFrame
12-30 11:30:15.251   360   931 D EvsDriver: forwardFrameDirect
12-30 11:30:15.251   360   931 D EvsDriver: Delivered 0xb400e2ca9e40d090 as id 1
12-30 11:30:15.251   359   359 D evsmanagerd: /dev/video-evs0 forwarded the buffer #1 to 0xb400f125d2b26dd0 from 0xb400f125e2b20710
12-30 11:30:15.252   360   458 D EvsDriver: doneWithFrame
12-30 11:30:15.284   360   931 D EvsDriver: forwardFrame
12-30 11:30:15.284   360   931 D EvsDriver: forwardFrameDirect
12-30 11:30:15.284   360   931 D EvsDriver: Delivered 0xb400e2ca9e40e110 as id 0
12-30 11:30:15.284   359   359 D evsmanagerd: /dev/video-evs0 forwarded the buffer #0 to 0xb400f125d2b26dd0 from 0xb400f125e2b20710
12-30 11:30:15.290  2358  2623 D RcfController: Rcf proxy is not connected!
12-30 11:30:15.293   360   458 D EvsDriver: doneWithFrame
12-30 11:30:15.317   360   931 D EvsDriver: forwardFrame
12-30 11:30:15.317   360   931 D EvsDriver: forwardFrameDirect
12-30 11:30:15.318   360   931 D EvsDriver: Delivered 0xb400e2ca9e40c7a0 as id 1
12-30 11:30:15.318   359   359 D evsmanagerd: /dev/video-evs0 forwarded the buffer #1 to 0xb400f125d2b26dd0 from 0xb400f125e2b20710
12-30 11:30:15.323   360   458 D EvsDriver: doneWithFrame
12-30 11:30:15.335   596  3076 E WifiHAL : Invalid data received from driver
12-30 11:30:15.341  2358  2623 D RcfController: Rcf proxy is not connected!
12-30 11:30:15.351   360   931 D EvsDriver: forwardFrame
12-30 11:30:15.351   360   931 D EvsDriver: forwardFrameDirect
12-30 11:30:15.351   360   931 D EvsDriver: Delivered 0xb400e2ca9e40e270 as id 0
12-30 11:30:15.351   359   359 D evsmanagerd: /dev/video-evs0 forwarded the buffer #0 to 0xb400f125d2b26dd0 from 0xb400f125e2b20710
12-30 11:30:15.353   360   458 D EvsDriver: doneWithFrame
12-30 11:30:15.376  1611  1611 I ADAYO_LOG_: handleMessage(UsbFunc.java:3)copyQnx = 0
12-30 11:30:15.376  1611  1611 I ADAYO_LOG_: handleMessage(UsbFunc.java:12)copyState = 2
12-30 11:30:15.384   360   931 D EvsDriver: forwardFrame
12-30 11:30:15.384   360   931 D EvsDriver: forwardFrameDirect
12-30 11:30:15.384   360   931 D EvsDriver: Delivered 0xb400e2ca9e40d4b0 as id 1
12-30 11:30:15.384   359   359 D evsmanagerd: /dev/video-evs0 forwarded the buffer #1 to 0xb400f125d2b26dd0 from 0xb400f125e2b20710
12-30 11:30:15.391  2358  2623 D RcfController: Rcf proxy is not connected!
12-30 11:30:15.394   360   458 D EvsDriver: doneWithFrame
12-30 11:30:15.409   596  3076 E WifiHAL : Invalid data received from driver
12-30 11:30:15.417   360   931 D EvsDriver: forwardFrame
12-30 11:30:15.417   360   931 D EvsDriver: forwardFrameDirect
12-30 11:30:15.418   360   931 D EvsDriver: Delivered 0xb400e2ca9e40c2d0 as id 0
12-30 11:30:15.418   359   359 D evsmanagerd: /dev/video-evs0 forwarded the buffer #0 to 0xb400f125d2b26dd0 from 0xb400f125e2b20710
12-30 11:30:15.425   360   458 D EvsDriver: doneWithFrame
12-30 11:30:15.442  2358  2623 D RcfController: Rcf proxy is not connected!
12-30 11:30:15.451   360   931 D EvsDriver: forwardFrame
12-30 11:30:15.451   360   931 D EvsDriver: forwardFrameDirect
12-30 11:30:15.451   360   931 D EvsDriver: Delivered 0xb400e2ca9e40d090 as id 1
12-30 11:30:15.451   359   359 D evsmanagerd: /dev/video-evs0 forwarded the buffer #1 to 0xb400f125d2b26dd0 from 0xb400f125e2b20710
12-30 11:30:15.455   360   458 D EvsDriver: doneWithFrame
12-30 11:30:15.476   650   729 D fgemcucomm: sd Uart data : 6AA602440C0002920218
12-30 11:30:15.476   650   729 D fgemcucomm: rev uart=85882,len=13, data : 6AA681440C00059202000C008A
12-30 11:30:15.476   398   466 D adayocomadapter-ParseProtocolFunc: printRaWMsg Name[MCUToUPstream recv] len[5] data[9202000C00]
12-30 11:30:15.477   398   466 D adayocomadapter-CommunicationManager: onUpstreamback   member[0] dataLength[2] timePoint[10351298]
12-30 11:30:15.477   398   466 D adayocomadapter-ParseProtocolFunc: printRaWMsg Name[onUpstreamback] len[2] data[0C00]
12-30 11:30:15.477   398   464 D adayocomadapter-UpstreamHandler: processBeforePacket upSreamtProcessTimePoint[10351298] 
12-30 11:30:15.477   398   464 D adayocomadapter-UpstreamHandler: processPacket UPSTREAM_QUEUE_DATA_TIMEOUT
12-30 11:30:15.477   398   464 D adayocomadapter-ParseProtocolFunc: parseCommonIPCLBytes Processing tableNumber[12]
12-30 11:30:15.477   398   464 D adayocomadapter-ParseProtocolFunc: parseCommonIPCLBytes Processing tablename[Table-12] tableSize[2]
12-30 11:30:15.477   398   464 D adayocomadapter-ParseProtocolFunc: printRaWMsg Name[byteStream recv] len[2] data[0C00]
12-30 11:30:15.477   398   464 D adayocomadapter-ParseProtocolFunc: printRaWMsg Name[IPCLtoVHAL] len[6] data[214021660000]
12-30 11:30:15.477   398   464 D adayocomadapter-CommunicationManager: onUpstreamReceive mPropertyId 0x21402166
12-30 11:30:15.477   398   464 D adayocomadapter-CommunicationManager: convertBytesToInt32Memcpy  0
12-30 11:30:15.477   398   464 I vw-vhal : notifyVehicleProperty, propId = 0x21402166, data = {status: 2, int32Values: [0]}
12-30 11:30:15.477   398   464 I vw-vhal : CanSignalsAdapter::notifyVehicleProperty: solvedValue = {.timestamp = 10351299158898, .areaId = 0, .prop = 557850982, .status = AVAILABLE, .value = {.int32Values = [1]{0}, .floatValues = [0]{}, .int64Values = [0]{}, .bytes = [0]{}, .stringValue = ""}}
12-30 11:30:15.477   398   464 I VehiclePropertyStore: begin to write value to Store: {.timestamp = 10351299158898, .areaId = 0, .prop = 557850982, .status = AVAILABLE, .value = {.int32Values = [1]{0}, .floatValues = [0]{}, .int64Values = [0]{}, .bytes = [0]{}, .stringValue = ""}}
12-30 11:30:15.477   398   464 I DefaultVehicleHal_v2_0: DefaultVehicleHal::onPropertyValue, value:{.timestamp = 10351299158898, .areaId = 0, .prop = 557850982, .status = AVAILABLE, .value = {.int32Values = [1]{0}, .floatValues = [0]{}, .int64Values = [0]{}, .bytes = [0]{}, .stringValue = ""}}
12-30 11:30:15.477   398   464 D DiagPropHandler: is not DiagnosticConfig: 0x21402166
12-30 11:30:15.477   398   464 I VehiclePropertyStore: begin to write value to Store: {.timestamp = 10351299158898, .areaId = 0, .prop = 557850982, .status = AVAILABLE, .value = {.int32Values = [1]{0}, .floatValues = [0]{}, .int64Values = [0]{}, .bytes = [0]{}, .stringValue = ""}}
12-30 11:30:15.477   398   464 D adayocomadapter-CommunicationManager: onUpstreamReceive mPropertyId 0x21402166
12-30 11:30:15.484   360   931 D EvsDriver: forwardFrame
12-30 11:30:15.484   360   931 D EvsDriver: forwardFrameDirect
12-30 11:30:15.484   360   931 D EvsDriver: Delivered 0xb400e2ca9e40e110 as id 0
12-30 11:30:15.484   359   359 D evsmanagerd: /dev/video-evs0 forwarded the buffer #0 to 0xb400f125d2b26dd0 from 0xb400f125e2b20710
12-30 11:30:15.485   360   458 D EvsDriver: doneWithFrame
12-30 11:30:15.492  2358  2623 D RcfController: Rcf proxy is not connected!
12-30 11:30:15.493   596  3076 E WifiHAL : Invalid data received from driver
12-30 11:30:15.500  1667  2407 I media_message_log->MediaMessageProxy: (SourceFile:1)b connectToService action bind
12-30 11:30:15.501   916  2815 W ActivityManager: Unable to start service Intent { cmp=com.adayo.server.mediamessagetransfer/.MediaMessTransferService (has extras) } U=0: not found
12-30 11:30:15.501  1667  2407 E media_message_log->MediaMessageProxy: (SourceFile:7)a bindServiceAsUser isBound = false
12-30 11:30:15.506   650   729 D fgemcucomm: sd Uart data : 6AA602440D0002920217
12-30 11:30:15.506   650   729 D fgemcucomm: rev uart=85883,len=16, data : 6AA681440D00089202000E0000000084
12-30 11:30:15.506   398   466 D adayocomadapter-ParseProtocolFunc: printRaWMsg Name[MCUToUPstream recv] len[8] data[9202000E00000000]
12-30 11:30:15.506   398   466 D adayocomadapter-CommunicationManager: onUpstreamback   member[0] dataLength[5] timePoint[10351328]
12-30 11:30:15.506   398   466 D adayocomadapter-ParseProtocolFunc: printRaWMsg Name[onUpstreamback] len[5] data[0E00000000]
12-30 11:30:15.506   398   464 D adayocomadapter-UpstreamHandler: processBeforePacket upSreamtProcessTimePoint[10351328] 
12-30 11:30:15.506   398   464 D adayocomadapter-UpstreamHandler: processPacket UPSTREAM_QUEUE_DATA_TIMEOUT
12-30 11:30:15.506   398   464 D adayocomadapter-ParseProtocolFunc: parseCommonIPCLBytes Processing tableNumber[14]
12-30 11:30:15.506   398   464 D adayocomadapter-ParseProtocolFunc: parseCommonIPCLBytes Processing tablename[Table-14] tableSize[5]
12-30 11:30:15.506   398   464 D adayocomadapter-ParseProtocolFunc: printRaWMsg Name[byteStream recv] len[5] data[0E00000000]
12-30 11:30:15.506   398   464 D adayocomadapter-ParseProtocolFunc: printRaWMsg Name[IPCLtoVHAL] len[6] data[214020DE0000]
12-30 11:30:15.506   398   464 D adayocomadapter-ParseProtocolFunc: printRaWMsg Name[IPCLtoVHAL] len[6] data[214020E00000]
12-30 11:30:15.506   398   464 D adayocomadapter-ParseProtocolFunc: printRaWMsg Name[IPCLtoVHAL] len[6] data[214020E50000]
12-30 11:30:15.506   398   464 D adayocomadapter-ParseProtocolFunc: printRaWMsg Name[IPCLtoVHAL] len[6] data[214020E60000]
12-30 11:30:15.506   398   464 D adayocomadapter-CommunicationManager: onUpstreamReceive mPropertyId 0x214020de
12-30 11:30:15.506   398   464 D adayocomadapter-CommunicationManager: convertBytesToInt32Memcpy  0
12-30 11:30:15.506   398   464 I vw-vhal : notifyVehicleProperty, propId = 0x214020de, data = {status: 2, int32Values: [0]}
12-30 11:30:15.506   398   464 I vw-vhal : CanSignalsAdapter::notifyVehicleProperty: solvedValue = {.timestamp = 10351328747565, .areaId = 0, .prop = 557850846, .status = AVAILABLE, .value = {.int32Values = [1]{0}, .floatValues = [0]{}, .int64Values = [0]{}, .bytes = [0]{}, .stringValue = ""}}
12-30 11:30:15.506   398   464 I VehiclePropertyStore: begin to write value to Store: {.timestamp = 10351328747565, .areaId = 0, .prop = 557850846, .status = AVAILABLE, .value = {.int32Values = [1]{0}, .floatValues = [0]{}, .int64Values = [0]{}, .bytes = [0]{}, .stringValue = ""}}
12-30 11:30:15.506   398   464 I DefaultVehicleHal_v2_0: DefaultVehicleHal::onPropertyValue, value:{.timestamp = 10351328747565, .areaId = 0, .prop = 557850846, .status = AVAILABLE, .value = {.int32Values = [1]{0}, .floatValues = [0]{}, .int64Values = [0]{}, .bytes = [0]{}, .stringValue = ""}}
12-30 11:30:15.507   398   464 D DiagPropHandler: is not DiagnosticConfig: 0x214020de
12-30 11:30:15.507   398   464 I VehiclePropertyStore: begin to write value to Store: {.timestamp = 10351328747565, .areaId = 0, .prop = 557850846, .status = AVAILABLE, .value = {.int32Values = [1]{0}, .floatValues = [0]{}, .int64Values = [0]{}, .bytes = [0]{}, .stringValue = ""}}
12-30 11:30:15.507   398   464 D adayocomadapter-CommunicationManager: onUpstreamReceive mPropertyId 0x214020de
12-30 11:30:15.507   398   464 D adayocomadapter-CommunicationManager: onUpstreamReceive mPropertyId 0x214020e0
12-30 11:30:15.507   398   464 D adayocomadapter-CommunicationManager: convertBytesToInt32Memcpy  0
12-30 11:30:15.507   398   464 I vw-vhal : notifyVehicleProperty, propId = 0x214020e0, data = {status: 2, int32Values: [0]}
12-30 11:30:15.507   398   464 I vw-vhal : CanSignalsAdapter::notifyVehicleProperty: solvedValue = {.timestamp = 10351328984565, .areaId = 0, .prop = 557850848, .status = AVAILABLE, .value = {.int32Values = [1]{0}, .floatValues = [0]{}, .int64Values = [0]{}, .bytes = [0]{}, .stringValue = ""}}
12-30 11:30:15.507   398   464 I VehiclePropertyStore: begin to write value to Store: {.timestamp = 10351328984565, .areaId = 0, .prop = 557850848, .status = AVAILABLE, .value = {.int32Values = [1]{0}, .floatValues = [0]{}, .int64Values = [0]{}, .bytes = [0]{}, .stringValue = ""}}
12-30 11:30:15.507   398   464 I DefaultVehicleHal_v2_0: DefaultVehicleHal::onPropertyValue, value:{.timestamp = 10351328984565, .areaId = 0, .prop = 557850848, .status = AVAILABLE, .value = {.int32Values = [1]{0}, .floatValues = [0]{}, .int64Values = [0]{}, .bytes = [0]{}, .stringValue = ""}}
12-30 11:30:15.507   398   464 D DiagPropHandler: is not DiagnosticConfig: 0x214020e0
12-30 11:30:15.507   398   464 I VehiclePropertyStore: begin to write value to Store: {.timestamp = 10351328984565, .areaId = 0, .prop = 557850848, .status = AVAILABLE, .value = {.int32Values = [1]{0}, .floatValues = [0]{}, .int64Values = [0]{}, .bytes = [0]{}, .stringValue = ""}}
12-30 11:30:15.507   398   464 D adayocomadapter-CommunicationManager: onUpstreamReceive mPropertyId 0x214020e0
12-30 11:30:15.507   398   464 D adayocomadapter-CommunicationManager: onUpstreamReceive mPropertyId 0x214020e5
12-30 11:30:15.507   398   464 D adayocomadapter-CommunicationManager: convertBytesToInt32Memcpy  0
12-30 11:30:15.507   398   464 I vw-vhal : notifyVehicleProperty, propId = 0x214020e5, data = {status: 2, int32Values: [0]}
12-30 11:30:15.507   398   464 I vw-vhal : CanSignalsAdapter::notifyVehicleProperty: solvedValue = {.timestamp = 10351329192232, .areaId = 0, .prop = 557850853, .status = AVAILABLE, .value = {.int32Values = [1]{0}, .floatValues = [0]{}, .int64Values = [0]{}, .bytes = [0]{}, .stringValue = ""}}
12-30 11:30:15.507   398   464 I VehiclePropertyStore: begin to write value to Store: {.timestamp = 10351329192232, .areaId = 0, .prop = 557850853, .status = AVAILABLE, .value = {.int32Values = [1]{0}, .floatValues = [0]{}, .int64Values = [0]{}, .bytes = [0]{}, .stringValue = ""}}
12-30 11:30:15.507   398   464 I DefaultVehicleHal_v2_0: DefaultVehicleHal::onPropertyValue, value:{.timestamp = 10351329192232, .areaId = 0, .prop = 557850853, .status = AVAILABLE, .value = {.int32Values = [1]{0}, .floatValues = [0]{}, .int64Values = [0]{}, .bytes = [0]{}, .stringValue = ""}}
12-30 11:30:15.507   398   464 D DiagPropHandler: is not DiagnosticConfig: 0x214020e5
12-30 11:30:15.507   398   464 I VehiclePropertyStore: begin to write value to Store: {.timestamp = 10351329192232, .areaId = 0, .prop = 557850853, .status = AVAILABLE, .value = {.int32Values = [1]{0}, .floatValues = [0]{}, .int64Values = [0]{}, .bytes = [0]{}, .stringValue = ""}}
12-30 11:30:15.507   398   464 D adayocomadapter-CommunicationManager: onUpstreamReceive mPropertyId 0x214020e5
12-30 11:30:15.507   398   464 D adayocomadapter-CommunicationManager: onUpstreamReceive mPropertyId 0x214020e6
12-30 11:30:15.507   398   464 D adayocomadapter-CommunicationManager: convertBytesToInt32Memcpy  0
12-30 11:30:15.507   398   464 I vw-vhal : notifyVehicleProperty, propId = 0x214020e6, data = {status: 2, int32Values: [0]}
12-30 11:30:15.507   398   464 I vw-vhal : CanSignalsAdapter::notifyVehicleProperty: solvedValue = {.timestamp = 10351329387232, .areaId = 0, .prop = 557850854, .status = AVAILABLE, .value = {.int32Values = [1]{0}, .floatValues = [0]{}, .int64Values = [0]{}, .bytes = [0]{}, .stringValue = ""}}
12-30 11:30:15.507   398   464 I VehiclePropertyStore: begin to write value to Store: {.timestamp = 10351329387232, .areaId = 0, .prop = 557850854, .status = AVAILABLE, .value = {.int32Values = [1]{0}, .floatValues = [0]{}, .int64Values = [0]{}, .bytes = [0]{}, .stringValue = ""}}
12-30 11:30:15.507   398   464 I DefaultVehicleHal_v2_0: DefaultVehicleHal::onPropertyValue, value:{.timestamp = 10351329387232, .areaId = 0, .prop = 557850854, .status = AVAILABLE, .value = {.int32Values = [1]{0}, .floatValues = [0]{}, .int64Values = [0]{}, .bytes = [0]{}, .stringValue = ""}}
12-30 11:30:15.507   398   464 D DiagPropHandler: is not DiagnosticConfig: 0x214020e6
12-30 11:30:15.507   398   464 I VehiclePropertyStore: begin to write value to Store: {.timestamp = 10351329387232, .areaId = 0, .prop = 557850854, .status = AVAILABLE, .value = {.int32Values = [1]{0}, .floatValues = [0]{}, .int64Values = [0]{}, .bytes = [0]{}, .stringValue = ""}}
12-30 11:30:15.507   398   464 D adayocomadapter-CommunicationManager: onUpstreamReceive mPropertyId 0x214020e6
12-30 11:30:15.517   360   931 D EvsDriver: forwardFrame
12-30 11:30:15.517   360   931 D EvsDriver: forwardFrameDirect
12-30 11:30:15.518   360   931 D EvsDriver: Delivered 0xb400e2ca9e40c7a0 as id 1
12-30 11:30:15.518   359   359 D evsmanagerd: /dev/video-evs0 forwarded the buffer #1 to 0xb400f125d2b26dd0 from 0xb400f125e2b20710
12-30 11:30:15.526   360   458 D EvsDriver: doneWithFrame
12-30 11:30:15.535  1667 19378 E CarPlay_Service: isConnected(MFiClientApiImpl.java:123)isConnected： true
12-30 11:30:15.535   879  2332 I mfiserver: [MFiProxy.cpp][675]messageMID =11 LID=03 com.adayo.carplay 
12-30 11:30:15.535   879  2332 I mfiserver: [MFiProxy.cpp][970]message channle=60 type=4 mode=1 buf=0xb400fc8d1fa65640 len=28 
12-30 11:30:15.536   879 19383 I libmfi  : [iAPUtils.c][134]buflen:28 packetlen=28
12-30 11:30:15.536   879 19383 E libmfi  : [iAP2BuffPoolImplementation.c][312]__iAP2BuffPoolGetRecvPacket malloc lenth = 4152 
12-30 11:30:15.536   879 19383 I libmfi  : [iAP2Link.c][2715]iAP2LinkHandleReadyPacket bDeletePacket = FALSE 
12-30 11:30:15.536   879 19383 I libmfi  : [iAP2Link.c][2802]_CleanupAckedPackets 
12-30 11:30:15.536   879 19383 I libmfi  : [iAP2Link.c][3046]_iAP2LinkProcessInOrderPacketACK 
12-30 11:30:15.536   879 19383 I libmfi  : [iAP2Control.c][208]Recieve Control MessageID = 0x5001 length = 18 
12-30 11:30:15.536   879 19383 E libmfi  : [iAP2BuffPoolImplementation.c][209]__iAP2BuffPoolGetSendPacket malloc lenth = 65591 
12-30 11:30:15.536   879 19383 I mfiserver: [MFiDataChannleSocket.cpp][127]len =16 
12-30 11:30:15.536  1667  2331 I libmficlient: [MFiClient.cpp][120]Receive Data MID=50 LID=01 
12-30 11:30:15.536   879 19383 E libmfi  : [iAP2BuffPoolImplementation.c][359]__iAP2BuffPoolReturnRecvPacket
12-30 11:30:15.536  1667  2331 W libmficlientjni: [MFiClientJniUtils.cpp][427]Set array[MediaItemMediaType] Value Failed 
12-30 11:30:15.536  1667  2331 W libmficlientjni: [MFiClientJniUtils.cpp][427]Set array[MediaItemArtworkData] Value Failed 
12-30 11:30:15.536  1667  2331 W CarPlay_Service: playbackUpdate(MediaInfoTrans.java:429)isMediaProxyConnected is false
12-30 11:30:15.536  1667  2331 I libmficlient: [MFiClient.cpp][120]Receive Data MID=11 LID=04 
12-30 11:30:15.542  2358  2623 D RcfController: Rcf proxy is not connected!
12-30 11:30:15.551   360   931 D EvsDriver: forwardFrame
12-30 11:30:15.551   360   931 D EvsDriver: forwardFrameDirect
12-30 11:30:15.551   360   931 D EvsDriver: Delivered 0xb400e2ca9e40e270 as id 0
12-30 11:30:15.551   359   359 D evsmanagerd: /dev/video-evs0 forwarded the buffer #0 to 0xb400f125d2b26dd0 from 0xb400f125e2b20710
12-30 11:30:15.551   665  1525 I gps_hdbd: [gps_upgrade_thread 3403]Enter
12-30 11:30:15.551   665  1525 I gps_hdbd: [gps_upgrade_thread 3432] sys.gps.update:0 ,file:not ,upgrate_ing:0
12-30 11:30:15.556   360   458 D EvsDriver: doneWithFrame
12-30 11:30:15.566   650   729 D fgemcucomm: sd Uart data : 6AA602440E0002920216
12-30 11:30:15.566   650   729 D fgemcucomm: rev uart=85884,len=20, data : 6AA681440E000C92020005000000000000000088
12-30 11:30:15.567   398   466 D adayocomadapter-ParseProtocolFunc: printRaWMsg Name[MCUToUPstream recv] len[12] data[920200050000000000000000]
12-30 11:30:15.567   398   466 D adayocomadapter-CommunicationManager: onUpstreamback   member[0] dataLength[9] timePoint[10351388]
12-30 11:30:15.567   398   466 D adayocomadapter-ParseProtocolFunc: printRaWMsg Name[onUpstreamback] len[9] data[050000000000000000]
12-30 11:30:15.567   398   464 D adayocomadapter-UpstreamHandler: processBeforePacket upSreamtProcessTimePoint[10351389] 
12-30 11:30:15.567   398   464 D adayocomadapter-UpstreamHandler: processPacket UPSTREAM_QUEUE_DATA_TIMEOUT
12-30 11:30:15.567   398   464 D adayocomadapter-ParseProtocolFunc: parseCommonIPCLBytes Processing tableNumber[5]
12-30 11:30:15.567   398   464 D adayocomadapter-ParseProtocolFunc: parseCommonIPCLBytes Processing tablename[Table-5] tableSize[9]
12-30 11:30:15.567   398   464 D adayocomadapter-ParseProtocolFunc: printRaWMsg Name[byteStream recv] len[9] data[050000000000000000]
12-30 11:30:15.567   398   464 D adayocomadapter-ParseProtocolFunc: printRaWMsg Name[IPCLtoVHAL] len[7] data[21402134000000]
12-30 11:30:15.567   398   464 D adayocomadapter-ParseProtocolFunc: printRaWMsg Name[IPCLtoVHAL] len[7] data[21402135000000]
12-30 11:30:15.567   398   464 D adayocomadapter-ParseProtocolFunc: printRaWMsg Name[IPCLtoVHAL] len[7] data[21402136000000]
12-30 11:30:15.567   398   464 D adayocomadapter-ParseProtocolFunc: printRaWMsg Name[IPCLtoVHAL] len[7] data[21402137000000]
12-30 11:30:15.567   398   464 D adayocomadapter-CommunicationManager: onUpstreamReceive mPropertyId 0x21402134
12-30 11:30:15.567   398   464 D adayocomadapter-CommunicationManager: convertBytesToInt32Memcpy  0
12-30 11:30:15.567   398   464 I vw-vhal : notifyVehicleProperty, propId = 0x21402134, data = {status: 2, int32Values: [0]}
12-30 11:30:15.567   398   464 I vw-vhal : CanSignalsAdapter::notifyVehicleProperty: solvedValue = {.timestamp = 10351389334898, .areaId = 0, .prop = 557850932, .status = AVAILABLE, .value = {.int32Values = [1]{0}, .floatValues = [0]{}, .int64Values = [0]{}, .bytes = [0]{}, .stringValue = ""}}
12-30 11:30:15.567   398   464 I VehiclePropertyStore: begin to write value to Store: {.timestamp = 10351389334898, .areaId = 0, .prop = 557850932, .status = AVAILABLE, .value = {.int32Values = [1]{0}, .floatValues = [0]{}, .int64Values = [0]{}, .bytes = [0]{}, .stringValue = ""}}
12-30 11:30:15.567   398   464 I DefaultVehicleHal_v2_0: DefaultVehicleHal::onPropertyValue, value:{.timestamp = 10351389334898, .areaId = 0, .prop = 557850932, .status = AVAILABLE, .value = {.int32Values = [1]{0}, .floatValues = [0]{}, .int64Values = [0]{}, .bytes = [0]{}, .stringValue = ""}}
12-30 11:30:15.567   398   464 D DiagPropHandler: is not DiagnosticConfig: 0x21402134
12-30 11:30:15.567   398   464 I VehiclePropertyStore: begin to write value to Store: {.timestamp = 10351389334898, .areaId = 0, .prop = 557850932, .status = AVAILABLE, .value = {.int32Values = [1]{0}, .floatValues = [0]{}, .int64Values = [0]{}, .bytes = [0]{}, .stringValue = ""}}
12-30 11:30:15.567   398   464 D adayocomadapter-CommunicationManager: onUpstreamReceive mPropertyId 0x21402134
12-30 11:30:15.567   398   464 D adayocomadapter-CommunicationManager: onUpstreamReceive mPropertyId 0x21402135
12-30 11:30:15.567   398   464 D adayocomadapter-CommunicationManager: convertBytesToInt32Memcpy  0
12-30 11:30:15.567   398   464 I vw-vhal : notifyVehicleProperty, propId = 0x21402135, data = {status: 2, int32Values: [0]}
12-30 11:30:15.567   398   464 I vw-vhal : CanSignalsAdapter::notifyVehicleProperty: solvedValue = {.timestamp = 10351389585565, .areaId = 0, .prop = 557850933, .status = AVAILABLE, .value = {.int32Values = [1]{0}, .floatValues = [0]{}, .int64Values = [0]{}, .bytes = [0]{}, .stringValue = ""}}
12-30 11:30:15.567   398   464 I VehiclePropertyStore: begin to write value to Store: {.timestamp = 10351389585565, .areaId = 0, .prop = 557850933, .status = AVAILABLE, .value = {.int32Values = [1]{0}, .floatValues = [0]{}, .int64Values = [0]{}, .bytes = [0]{}, .stringValue = ""}}
12-30 11:30:15.567   398   464 I DefaultVehicleHal_v2_0: DefaultVehicleHal::onPropertyValue, value:{.timestamp = 10351389585565, .areaId = 0, .prop = 557850933, .status = AVAILABLE, .value = {.int32Values = [1]{0}, .floatValues = [0]{}, .int64Values = [0]{}, .bytes = [0]{}, .stringValue = ""}}
12-30 11:30:15.567   398   464 D DiagPropHandler: is not DiagnosticConfig: 0x21402135
12-30 11:30:15.567   398   464 I VehiclePropertyStore: begin to write value to Store: {.timestamp = 10351389585565, .areaId = 0, .prop = 557850933, .status = AVAILABLE, .value = {.int32Values = [1]{0}, .floatValues = [0]{}, .int64Values = [0]{}, .bytes = [0]{}, .stringValue = ""}}
12-30 11:30:15.568   398   464 D adayocomadapter-CommunicationManager: onUpstreamReceive mPropertyId 0x21402135
12-30 11:30:15.568   398   464 D adayocomadapter-CommunicationManager: onUpstreamReceive mPropertyId 0x21402136
12-30 11:30:15.568   398   464 D adayocomadapter-CommunicationManager: convertBytesToInt32Memcpy  0
12-30 11:30:15.568   398   464 I vw-vhal : notifyVehicleProperty, propId = 0x21402136, data = {status: 2, int32Values: [0]}
12-30 11:30:15.568   398   464 I vw-vhal : CanSignalsAdapter::notifyVehicleProperty: solvedValue = {.timestamp = 10351389945565, .areaId = 0, .prop = 557850934, .status = AVAILABLE, .value = {.int32Values = [1]{0}, .floatValues = [0]{}, .int64Values = [0]{}, .bytes = [0]{}, .stringValue = ""}}
12-30 11:30:15.568   398   464 I VehiclePropertyStore: begin to write value to Store: {.timestamp = 10351389945565, .areaId = 0, .prop = 557850934, .status = AVAILABLE, .value = {.int32Values = [1]{0}, .floatValues = [0]{}, .int64Values = [0]{}, .bytes = [0]{}, .stringValue = ""}}
12-30 11:30:15.568   398   464 I DefaultVehicleHal_v2_0: DefaultVehicleHal::onPropertyValue, value:{.timestamp = 10351389945565, .areaId = 0, .prop = 557850934, .status = AVAILABLE, .value = {.int32Values = [1]{0}, .floatValues = [0]{}, .int64Values = [0]{}, .bytes = [0]{}, .stringValue = ""}}
12-30 11:30:15.568   398   464 D DiagPropHandler: is not DiagnosticConfig: 0x21402136
12-30 11:30:15.568   398   464 I VehiclePropertyStore: begin to write value to Store: {.timestamp = 10351389945565, .areaId = 0, .prop = 557850934, .status = AVAILABLE, .value = {.int32Values = [1]{0}, .floatValues = [0]{}, .int64Values = [0]{}, .bytes = [0]{}, .stringValue = ""}}
12-30 11:30:15.568   398   464 D adayocomadapter-CommunicationManager: onUpstreamReceive mPropertyId 0x21402136
12-30 11:30:15.568   398   464 D adayocomadapter-CommunicationManager: onUpstreamReceive mPropertyId 0x21402137
12-30 11:30:15.568   398   464 D adayocomadapter-CommunicationManager: convertBytesToInt32Memcpy  0
12-30 11:30:15.568   398   464 I vw-vhal : notifyVehicleProperty, propId = 0x21402137, data = {status: 2, int32Values: [0]}
12-30 11:30:15.568   398   464 I vw-vhal : CanSignalsAdapter::notifyVehicleProperty: solvedValue = {.timestamp = 10351390156565, .areaId = 0, .prop = 557850935, .status = AVAILABLE, .value = {.int32Values = [1]{0}, .floatValues = [0]{}, .int64Values = [0]{}, .bytes = [0]{}, .stringValue = ""}}
12-30 11:30:15.568   398   464 I VehiclePropertyStore: begin to write value to Store: {.timestamp = 10351390156565, .areaId = 0, .prop = 557850935, .status = AVAILABLE, .value = {.int32Values = [1]{0}, .floatValues = [0]{}, .int64Values = [0]{}, .bytes = [0]{}, .stringValue = ""}}
12-30 11:30:15.568   398   464 I DefaultVehicleHal_v2_0: DefaultVehicleHal::onPropertyValue, value:{.timestamp = 10351390156565, .areaId = 0, .prop = 557850935, .status = AVAILABLE, .value = {.int32Values = [1]{0}, .floatValues = [0]{}, .int64Values = [0]{}, .bytes = [0]{}, .stringValue = ""}}
12-30 11:30:15.568   398   464 D DiagPropHandler: is not DiagnosticConfig: 0x21402137
12-30 11:30:15.568   398   464 I VehiclePropertyStore: begin to write value to Store: {.timestamp = 10351390156565, .areaId = 0, .prop = 557850935, .status = AVAILABLE, .value = {.int32Values = [1]{0}, .floatValues = [0]{}, .int64Values = [0]{}, .bytes = [0]{}, .stringValue = ""}}
12-30 11:30:15.568   398   464 D adayocomadapter-CommunicationManager: onUpstreamReceive mPropertyId 0x21402137
12-30 11:30:15.584   360   931 D EvsDriver: forwardFrame
12-30 11:30:15.584   360   931 D EvsDriver: forwardFrameDirect
12-30 11:30:15.584   360   931 D EvsDriver: Delivered 0xb400e2ca9e40d4b0 as id 1
12-30 11:30:15.584   359   359 D evsmanagerd: /dev/video-evs0 forwarded the buffer #1 to 0xb400f125d2b26dd0 from 0xb400f125e2b20710
12-30 11:30:15.586   650   729 D fgemcucomm: sd Uart data : 6AA602440F0002920215
12-30 11:30:15.586   650   729 D fgemcucomm: rev uart=85885,len=15, data : 6AA681440F000792020621414502E2
12-30 11:30:15.586   398   466 D adayocomadapter-ParseProtocolFunc: printRaWMsg Name[MCUToUPstream recv] len[7] data[92020621414502]
12-30 11:30:15.586   398   466 D adayocomadapter-CommunicationManager: onUpstreamback   member[6] dataLength[4] timePoint[10351408]
12-30 11:30:15.586   398   466 D adayocomadapter-ParseProtocolFunc: printRaWMsg Name[onUpstreamback] len[4] data[21414502]
12-30 11:30:15.586   398   464 D adayocomadapter-UpstreamHandler: processBeforePacket upSreamtProcessTimePoint[10351408] 
12-30 11:30:15.586   398   464 D adayocomadapter-ParseProtocolFunc: parseGeneralIPCLBytes Processing tablename[Table-3] tableSize[0]
12-30 11:30:15.586   398   464 D adayocomadapter-ParseProtocolFunc: printRaWMsg Name[byteStream recv] len[4] data[21414502]
12-30 11:30:15.586   360   458 D EvsDriver: doneWithFrame
12-30 11:30:15.589   398   464 D adayocomadapter-ParseProtocolFunc: printRaWMsg Name[IPCLtoVHAL] len[8520] data[214145020121414502000000000000000000000000018100000000553F0000000000000000D07173CE6DFB00B40000000000000000014000000000C62100000000000000000000000000000000000000000000000001600000000012E2000000000000000021402253000000000000000000000000017000000000B90300000000000000002140203E000000000000000000000000016000000000761800000000000000002140213D000000000000000000000000016000000000E96B00000000000000002140217C00000000000000000000000001010100000012150000000000000000802072CE6DFB00B4B05173CE6DFB00B40160000000008D91000000000000000021402174000000000000000000000000016000000000BFEC00000000000000002140224100000000000000000000000001410000000082FF0000000000000000000000000000000000000000000000000160000000009D780000000000000000214021BF000000000000000000000000016000000000CBFF0000000000000000214021470000000000000000000000000140000000001F3C00000000000000000000000000000000000000000000000001600000000066F10000000000000000214022340000000000000000000000000101010000009D8F0000000000000000000000000
12-30 11:30:15.589   398   464 D adayocomadapter-CommunicationManager: onUpstreamReceive mPropertyId 0x21414502
12-30 11:30:15.589   398   464 D adayocomadapter-CommunicationManager: writeValue id=[557925634]
12-30 11:30:15.589   398   464 D adayocomadapter-VehiclePropertyStore: writeValue id=[557925634]
12-30 11:30:15.593  2358  2623 D RcfController: Rcf proxy is not connected!
12-30 11:30:15.594   596  3076 E WifiHAL : Invalid data received from driver
12-30 11:30:15.599   398   464 I vw-vhal : notifyVehicleProperty, propId = 0x21414502, data = {status: 2, int32Values: [33, 65, 69, 2, 0, 0, 0, 0, 0, 0, 0, 0, 0, 0, 0, 0, 1, 129, 0, 0, 0, 0, 85, 63, 0, 0, 0, 0, 0, 0, 0, 0, 208, 113, 115, 206, 109, 251, 0, 180, 0, 0, 0, 0, 0, 0, 0, 0, 1, 64, 0, 0, 0, 0, 198, 33, 0, 0, 0, 0, 0, 0, 0, 0, 0, 0, 0, 0, 0, 0, 0, 0, 0, 0, 0, 0, 0, 0, 0, 0, 1, 96, 0, 0, 0, 0, 18, 226, 0, 0, 0, 0, 0, 0, 0, 0, 33, 64, 34, 83, 0, 0, 0, 0, 0, 0, 0, 0, 0, 0, 0, 0, 1, 112, 0, 0, 0, 0, 185, 3, 0, 0, 0, 0, 0, 0, 0, 0, 33, 64, 32, 62, 0, 0, 0, 0, 0, 0, 0, 0, 0, 0, 0, 0, 1, 96, 0, 0, 0, 0, 118, 24, 0, 0, 0, 0, 0, 0, 0, 0, 33, 64, 33, 61, 0, 0, 0, 0, 0, 0, 0, 0, 0, 0, 0, 0, 1, 96, 0, 0, 0, 0, 233, 107, 0, 0, 0, 0, 0, 0, 0, 0, 33, 64, 33, 124, 0, 0, 0, 0, 0, 0, 0, 0, 0, 0, 0, 0, 1, 1, 1, 0, 0, 0, 18, 21, 0, 0, 0, 0, 0, 0, 0, 0, 128, 32, 114, 206, 109, 251, 0, 180, 176, 81, 115, 206, 109, 251, 0, 180, 1, 96, 0, 0, 0, 0, 141, 145, 0, 0, 0, 0, 0, 0, 0, 0, 33, 64, 33, 116, 0, 0, 0, 0, 0, 0, 0, 0, 0, 0, 0, 0, 1, 96, 0, 0, 0, 0, 191, 236, 0, 0
12-30 11:30:15.606   398   464 I vw-vhal : CanSignalsAdapter::notifyDiagProperty: propId = 0x21414502, data = {status: 2, int32Values: [33, 65, 69, 2, 0, 0, 0, 0, 0, 0, 0, 0, 0, 0, 0, 0, 1, 129, 0, 0, 0, 0, 85, 63, 0, 0, 0, 0, 0, 0, 0, 0, 208, 113, 115, 206, 109, 251, 0, 180, 0, 0, 0, 0, 0, 0, 0, 0, 1, 64, 0, 0, 0, 0, 198, 33, 0, 0, 0, 0, 0, 0, 0, 0, 0, 0, 0, 0, 0, 0, 0, 0, 0, 0, 0, 0, 0, 0, 0, 0, 1, 96, 0, 0, 0, 0, 18, 226, 0, 0, 0, 0, 0, 0, 0, 0, 33, 64, 34, 83, 0, 0, 0, 0, 0, 0, 0, 0, 0, 0, 0, 0, 1, 112, 0, 0, 0, 0, 185, 3, 0, 0, 0, 0, 0, 0, 0, 0, 33, 64, 32, 62, 0, 0, 0, 0, 0, 0, 0, 0, 0, 0, 0, 0, 1, 96, 0, 0, 0, 0, 118, 24, 0, 0, 0, 0, 0, 0, 0, 0, 33, 64, 33, 61, 0, 0, 0, 0, 0, 0, 0, 0, 0, 0, 0, 0, 1, 96, 0, 0, 0, 0, 233, 107, 0, 0, 0, 0, 0, 0, 0, 0, 33, 64, 33, 124, 0, 0, 0, 0, 0, 0, 0, 0, 0, 0, 0, 0, 1, 1, 1, 0, 0, 0, 18, 21, 0, 0, 0, 0, 0, 0, 0, 0, 128, 32, 114, 206, 109, 251, 0, 180, 176, 81, 115, 206, 109, 251, 0, 180, 1, 96, 0, 0, 0, 0, 141, 145, 0, 0, 0, 0, 0, 0, 0, 0, 33, 64, 33, 116, 0, 0, 0, 0, 0, 0, 0, 0, 0, 0, 0, 0, 1, 96, 0, 0, 0, 0
12-30 11:30:15.610   398   464 I vw-vhal : CanSignalsAdapter::notifyVehicleProperty: solvedValue = {.timestamp = 10351428645565, .areaId = 0, .prop = 557925634, .status = AVAILABLE, .value = {.int32Values = [8515]{33, 65, 69, 2, 0, 0, 0, 0, 0, 0, 0, 0, 0, 0, 0, 0, 1, 129, 0, 0, 0, 0, 85, 63, 0, 0, 0, 0, 0, 0, 0, 0, 208, 113, 115, 206, 109, 251, 0, 180, 0, 0, 0, 0, 0, 0, 0, 0, 1, 64, 0, 0, 0, 0, 198, 33, 0, 0, 0, 0, 0, 0, 0, 0, 0, 0, 0, 0, 0, 0, 0, 0, 0, 0, 0, 0, 0, 0, 0, 0, 1, 96, 0, 0, 0, 0, 18, 226, 0, 0, 0, 0, 0, 0, 0, 0, 33, 64, 34, 83, 0, 0, 0, 0, 0, 0, 0, 0, 0, 0, 0, 0, 1, 112, 0, 0, 0, 0, 185, 3, 0, 0, 0, 0, 0, 0, 0, 0, 33, 64, 32, 62, 0, 0, 0, 0, 0, 0, 0, 0, 0, 0, 0, 0, 1, 96, 0, 0, 0, 0, 118, 24, 0, 0, 0, 0, 0, 0, 0, 0, 33, 64, 33, 61, 0, 0, 0, 0, 0, 0, 0, 0, 0, 0, 0, 0, 1, 96, 0, 0, 0, 0, 233, 107, 0, 0, 0, 0, 0, 0, 0, 0, 33, 64, 33, 124, 0, 0, 0, 0, 0, 0, 0, 0, 0, 0, 0, 0, 1, 1, 1, 0, 0, 0, 18, 21, 0, 0, 0, 0, 0, 0, 0, 0, 128, 32, 114, 206, 109, 251, 0, 180, 176, 81, 115, 206, 109, 251, 0, 180, 1, 96, 0, 0, 0, 0, 141, 145, 0, 0, 0, 0, 0, 0
12-30 11:30:15.612   596  3076 E WifiHAL : Invalid data received from driver
12-30 11:30:15.612   596  3076 E WifiHAL : Invalid data received from driver
12-30 11:30:15.612   596  3076 E WifiHAL : Invalid data received from driver
12-30 11:30:15.612   596  3076 E WifiHAL : Invalid data received from driver
12-30 11:30:15.612   596  3076 E WifiHAL : Invalid data received from driver
12-30 11:30:15.612   596  3076 E WifiHAL : Invalid data received from driver
12-30 11:30:15.612   596  3076 E WifiHAL : Invalid data received from driver
