12-30 11:30:09.085   360   458 D EvsDriver: doneWithFrame
12-30 11:30:09.106  2358  2623 D RcfController: Rcf proxy is not connected!
12-30 11:30:09.112   596  3076 E WifiHAL : Invalid data received from driver
12-30 11:30:09.112   596  3076 E WifiHAL : Invalid data received from driver
12-30 11:30:09.112   596  3076 E WifiHAL : Invalid data received from driver
12-30 11:30:09.112   596  3076 E WifiHAL : Invalid data received from driver
12-30 11:30:09.112   596  3076 E WifiHAL : Invalid data received from driver
12-30 11:30:09.112   596  3076 E WifiHAL : Invalid data received from driver
12-30 11:30:09.112   596  3076 E WifiHAL : Invalid data received from driver
12-30 11:30:09.117   360   931 D EvsDriver: forwardFrame
12-30 11:30:09.118   360   931 D EvsDriver: forwardFrameDirect
12-30 11:30:09.118   360   931 D EvsDriver: Delivered 0xb400e2ca9e40c7a0 as id 1
12-30 11:30:09.118   359   359 D evsmanagerd: /dev/video-evs0 forwarded the buffer #1 to 0xb400f125d2b26dd0 from 0xb400f125e2b20710
12-30 11:30:09.124  1667  2594 W ContextImpl: Calling a method in the system process without a qualified user: android.app.ContextImpl.bindService:1988 android.content.ContextWrapper.bindService:861 com.ford.sync.fnvservice.FordFnv.c:202 com.ford.sync.fnvservice.FordFnv.c:43 com.ford.sync.fnvservice.FordFnv$RetryHandler.handleMessage:245 
12-30 11:30:09.124   916  2815 W ActivityManager: Unable to start service Intent { cmp=com.ford.sync.fnvservice/.FordFnvService } U=0: not found
12-30 11:30:09.124  1667  2594 W FordFnv :  bind ford fnv failed -> sendRetryMessage 
12-30 11:30:09.125   360   458 D EvsDriver: doneWithFrame
12-30 11:30:09.128   596  3076 E WifiHAL : Invalid data received from driver
12-30 11:30:09.151   360   931 D EvsDriver: forwardFrame
12-30 11:30:09.151   360   931 D EvsDriver: forwardFrameDirect
12-30 11:30:09.151   360   931 D EvsDriver: Delivered 0xb400e2ca9e40e270 as id 0
12-30 11:30:09.152   359   359 D evsmanagerd: /dev/video-evs0 forwarded the buffer #0 to 0xb400f125d2b26dd0 from 0xb400f125e2b20710
12-30 11:30:09.155   650   729 D fgemcucomm: sd Uart data : 6AA60243E200028B301C
12-30 11:30:09.155   650   729 D fgemcucomm: rev uart=85839,len=120, data : 6AA68143E200708B30B01E0B1E07000100000000025D0100010201010000000000A55A820001000000010000000C00000000000100000000000000A55A830504500000000000000000000000000101010101000000000000A55A84101009000000070001000000000000A3A55A85000194250000010000C5
12-30 11:30:09.156   360   458 D EvsDriver: doneWithFrame
12-30 11:30:09.156  2358  2623 D RcfController: Rcf proxy is not connected!
01-01 10:52:26.168     1     1 I init    : starting service 'trace_resource'...
12-30 11:30:09.184   360   931 D EvsDriver: forwardFrame
12-30 11:30:09.184   360   931 D EvsDriver: forwardFrameDirect
12-30 11:30:09.184   360   931 D EvsDriver: Delivered 0xb400e2ca9e40d4b0 as id 1
12-30 11:30:09.184 21475 21475 I auditd  : type=1400 audit(0.0:1156932): avc:  denied  { entrypoint } for  comm="init" path="/system/bin/sh" dev="dm-1" ino=8660711 scontext=u:r:trace_resource:s0 tcontext=u:object_r:shell_exec:s0 tclass=file permissive=1
12-30 11:30:09.184 21475 21475 I init    : type=1400 audit(0.0:1156932): avc:  denied  { entrypoint } for  path="/system/bin/sh" dev="dm-1" ino=8660711 scontext=u:r:trace_resource:s0 tcontext=u:object_r:shell_exec:s0 tclass=file permissive=1
12-30 11:30:09.185   359   359 D evsmanagerd: /dev/video-evs0 forwarded the buffer #1 to 0xb400f125d2b26dd0 from 0xb400f125e2b20710
12-30 11:30:09.186   360   458 D EvsDriver: doneWithFrame
12-30 11:30:09.188 21475 21475 I auditd  : type=1400 audit(0.0:1156933): avc:  denied  { map } for  comm="sh" path="/system/bin/sh" dev="dm-1" ino=8660711 scontext=u:r:trace_resource:s0 tcontext=u:object_r:shell_exec:s0 tclass=file permissive=1
12-30 11:30:09.188 21475 21475 I sh      : type=1400 audit(0.0:1156933): avc:  denied  { map } for  path="/system/bin/sh" dev="dm-1" ino=8660711 scontext=u:r:trace_resource:s0 tcontext=u:object_r:shell_exec:s0 tclass=file permissive=1
12-30 11:30:09.188 21475 21475 I auditd  : type=1400 audit(0.0:1156934): avc:  denied  { read } for  comm="sh" path="/system/bin/sh" dev="dm-1" ino=8660711 scontext=u:r:trace_resource:s0 tcontext=u:object_r:shell_exec:s0 tclass=file permissive=1
12-30 11:30:09.188 21475 21475 I sh      : type=1400 audit(0.0:1156934): avc:  denied  { read } for  path="/system/bin/sh" dev="dm-1" ino=8660711 scontext=u:r:trace_resource:s0 tcontext=u:object_r:shell_exec:s0 tclass=file permissive=1
12-30 11:30:09.188 21475 21475 I auditd  : type=1400 audit(0.0:1156935): avc:  denied  { execute } for  comm="sh" path="/system/bin/sh" dev="dm-1" ino=8660711 scontext=u:r:trace_resource:s0 tcontext=u:object_r:shell_exec:s0 tclass=file permissive=1
12-30 11:30:09.188 21475 21475 I sh      : type=1400 audit(0.0:1156935): avc:  denied  { execute } for  path="/system/bin/sh" dev="dm-1" ino=8660711 scontext=u:r:trace_resource:s0 tcontext=u:object_r:shell_exec:s0 tclass=file permissive=1
12-30 11:30:09.192 21475 21475 I auditd  : type=1400 audit(0.0:1156936): avc:  denied  { getattr } for  comm="sh" path="/system/bin/sh" dev="dm-1" ino=8660711 scontext=u:r:trace_resource:s0 tcontext=u:object_r:shell_exec:s0 tclass=file permissive=1
12-30 11:30:09.192 21475 21475 I sh      : type=1400 audit(0.0:1156936): avc:  denied  { getattr } for  path="/system/bin/sh" dev="dm-1" ino=8660711 scontext=u:r:trace_resource:s0 tcontext=u:object_r:shell_exec:s0 tclass=file permissive=1
12-30 11:30:09.207  2358  2623 D RcfController: Rcf proxy is not connected!
01-01 10:52:26.218 21475 21475 W audit   : audit_lost=1132012 audit_rate_limit=5 audit_backlog_limit=64
01-01 10:52:26.218 21475 21475 E audit   : rate limit exceeded
12-30 11:30:09.217   360   931 D EvsDriver: forwardFrame
12-30 11:30:09.218   360   931 D EvsDriver: forwardFrameDirect
12-30 11:30:09.218   360   931 D EvsDriver: Delivered 0xb400e2ca9e40c2d0 as id 0
12-30 11:30:09.218   359   359 D evsmanagerd: /dev/video-evs0 forwarded the buffer #0 to 0xb400f125d2b26dd0 from 0xb400f125e2b20710
12-30 11:30:09.227   360   458 D EvsDriver: doneWithFrame
12-30 11:30:09.228   596  3076 E WifiHAL : Invalid data received from driver
12-30 11:30:09.233 21476 21476 I ADAYO_LOG_TRACE_RESOURCE: execute start
12-30 11:30:09.246   650   729 D fgemcucomm: sd Uart data : 6AA60243E30002920242
12-30 11:30:09.246   650   729 D fgemcucomm: rev uart=85840,len=15, data : 6AA68143E30007920206214145020F
12-30 11:30:09.247   398   466 D adayocomadapter-ParseProtocolFunc: printRaWMsg Name[MCUToUPstream recv] len[7] data[92020621414502]
12-30 11:30:09.247   398   466 D adayocomadapter-CommunicationManager: onUpstreamback   member[6] dataLength[4] timePoint[10345069]
12-30 11:30:09.247   398   466 D adayocomadapter-ParseProtocolFunc: printRaWMsg Name[onUpstreamback] len[4] data[21414502]
12-30 11:30:09.247   398   464 D adayocomadapter-UpstreamHandler: processBeforePacket upSreamtProcessTimePoint[10345069] 
12-30 11:30:09.247   398   464 D adayocomadapter-ParseProtocolFunc: parseGeneralIPCLBytes Processing tablename[Table-3] tableSize[0]
12-30 11:30:09.247   398   464 D adayocomadapter-ParseProtocolFunc: printRaWMsg Name[byteStream recv] len[4] data[21414502]
12-30 11:30:09.250   398   464 D adayocomadapter-ParseProtocolFunc: printRaWMsg Name[IPCLtoVHAL] len[8520] data[2141450201214145020000000000000000000000000141000000004EDD0000000000000000000000000000000000000000000000000141000000007CA000000000000000000000000000000000000000000000000000000000000000000000000000000000000000000000000000000000000000000141000000005E3400000000000000000000004000000000000000000000000000000000000000000000000000000000000000000000000000000000000000000141000000003ACE00000000000000000000000000000000000000000000000001C1000000003F4600000000000000000100000002000000030000000000000001410000000097C0000000000000000000000000000000000000000000000000014100000000C147000000000000000001000000000000000000000000000000014100000000F33A000000000000000000009040000000000000000000000000014100000000FCE60000000000000000000000000000000000000000000000000000000000000000000000000000000000000000000000000000000000000000014100000000981C000000000000000000000000000000000000000000000000014100000000AA6100000000000000000000000000000000000000000000000001410000000035120000000000000000000000000
12-30 11:30:09.250   398   464 D adayocomadapter-CommunicationManager: onUpstreamReceive mPropertyId 0x21414502
12-30 11:30:09.250   398   464 D adayocomadapter-CommunicationManager: writeValue id=[557925634]
12-30 11:30:09.250   398   464 D adayocomadapter-VehiclePropertyStore: writeValue id=[557925634]
12-30 11:30:09.251   360   931 D EvsDriver: forwardFrame
12-30 11:30:09.251   360   931 D EvsDriver: forwardFrameDirect
12-30 11:30:09.251   360   931 D EvsDriver: Delivered 0xb400e2ca9e40d090 as id 1
12-30 11:30:09.251   359   359 D evsmanagerd: /dev/video-evs0 forwarded the buffer #1 to 0xb400f125d2b26dd0 from 0xb400f125e2b20710
12-30 11:30:09.257  2358  2623 D RcfController: Rcf proxy is not connected!
12-30 11:30:09.257   360   458 D EvsDriver: doneWithFrame
12-30 11:30:09.257   398   464 I vw-vhal : notifyVehicleProperty, propId = 0x21414502, data = {status: 2, int32Values: [33, 65, 69, 2, 0, 0, 0, 0, 0, 0, 0, 0, 0, 0, 0, 0, 1, 65, 0, 0, 0, 0, 78, 221, 0, 0, 0, 0, 0, 0, 0, 0, 0, 0, 0, 0, 0, 0, 0, 0, 0, 0, 0, 0, 0, 0, 0, 0, 1, 65, 0, 0, 0, 0, 124, 160, 0, 0, 0, 0, 0, 0, 0, 0, 0, 0, 0, 0, 0, 0, 0, 0, 0, 0, 0, 0, 0, 0, 0, 0, 0, 0, 0, 0, 0, 0, 0, 0, 0, 0, 0, 0, 0, 0, 0, 0, 0, 0, 0, 0, 0, 0, 0, 0, 0, 0, 0, 0, 0, 0, 0, 0, 1, 65, 0, 0, 0, 0, 94, 52, 0, 0, 0, 0, 0, 0, 0, 0, 0, 0, 0, 64, 0, 0, 0, 0, 0, 0, 0, 0, 0, 0, 0, 0, 0, 0, 0, 0, 0, 0, 0, 0, 0, 0, 0, 0, 0, 0, 0, 0, 0, 0, 0, 0, 0, 0, 0, 0, 0, 0, 0, 0, 0, 0, 0, 0, 1, 65, 0, 0, 0, 0, 58, 206, 0, 0, 0, 0, 0, 0, 0, 0, 0, 0, 0, 0, 0, 0, 0, 0, 0, 0, 0, 0, 0, 0, 0, 0, 1, 193, 0, 0, 0, 0, 63, 70, 0, 0, 0, 0, 0, 0, 0, 0, 1, 0, 0, 0, 2, 0, 0, 0, 3, 0, 0, 0, 0, 0, 0, 0, 1, 65, 0, 0, 0, 0, 151, 192, 0, 0, 0, 0, 0, 0, 0, 0, 0, 0, 0, 0, 0, 0, 0, 0, 0, 0, 0, 0, 0, 0, 0, 0, 1, 65, 0, 0, 0, 0, 193, 71, 0, 0, 0, 0, 0, 0, 0, 0, 1, 0, 0, 0, 0, 0, 0, 0, 0, 0, 0, 0, 0, 0, 0, 0, 1
12-30 11:30:09.264   398   464 I vw-vhal : CanSignalsAdapter::notifyDiagProperty: propId = 0x21414502, data = {status: 2, int32Values: [33, 65, 69, 2, 0, 0, 0, 0, 0, 0, 0, 0, 0, 0, 0, 0, 1, 65, 0, 0, 0, 0, 78, 221, 0, 0, 0, 0, 0, 0, 0, 0, 0, 0, 0, 0, 0, 0, 0, 0, 0, 0, 0, 0, 0, 0, 0, 0, 1, 65, 0, 0, 0, 0, 124, 160, 0, 0, 0, 0, 0, 0, 0, 0, 0, 0, 0, 0, 0, 0, 0, 0, 0, 0, 0, 0, 0, 0, 0, 0, 0, 0, 0, 0, 0, 0, 0, 0, 0, 0, 0, 0, 0, 0, 0, 0, 0, 0, 0, 0, 0, 0, 0, 0, 0, 0, 0, 0, 0, 0, 0, 0, 1, 65, 0, 0, 0, 0, 94, 52, 0, 0, 0, 0, 0, 0, 0, 0, 0, 0, 0, 64, 0, 0, 0, 0, 0, 0, 0, 0, 0, 0, 0, 0, 0, 0, 0, 0, 0, 0, 0, 0, 0, 0, 0, 0, 0, 0, 0, 0, 0, 0, 0, 0, 0, 0, 0, 0, 0, 0, 0, 0, 0, 0, 0, 0, 1, 65, 0, 0, 0, 0, 58, 206, 0, 0, 0, 0, 0, 0, 0, 0, 0, 0, 0, 0, 0, 0, 0, 0, 0, 0, 0, 0, 0, 0, 0, 0, 1, 193, 0, 0, 0, 0, 63, 70, 0, 0, 0, 0, 0, 0, 0, 0, 1, 0, 0, 0, 2, 0, 0, 0, 3, 0, 0, 0, 0, 0, 0, 0, 1, 65, 0, 0, 0, 0, 151, 192, 0, 0, 0, 0, 0, 0, 0, 0, 0, 0, 0, 0, 0, 0, 0, 0, 0, 0, 0, 0, 0, 0, 0, 0, 1, 65, 0, 0, 0, 0, 193, 71, 0, 0, 0, 0, 0, 0, 0, 0, 1, 0, 0, 0, 0, 0, 0, 0, 0, 0, 0, 
12-30 11:30:09.268   398   464 I vw-vhal : CanSignalsAdapter::notifyVehicleProperty: solvedValue = {.timestamp = 10345086704231, .areaId = 0, .prop = 557925634, .status = AVAILABLE, .value = {.int32Values = [8515]{33, 65, 69, 2, 0, 0, 0, 0, 0, 0, 0, 0, 0, 0, 0, 0, 1, 65, 0, 0, 0, 0, 78, 221, 0, 0, 0, 0, 0, 0, 0, 0, 0, 0, 0, 0, 0, 0, 0, 0, 0, 0, 0, 0, 0, 0, 0, 0, 1, 65, 0, 0, 0, 0, 124, 160, 0, 0, 0, 0, 0, 0, 0, 0, 0, 0, 0, 0, 0, 0, 0, 0, 0, 0, 0, 0, 0, 0, 0, 0, 0, 0, 0, 0, 0, 0, 0, 0, 0, 0, 0, 0, 0, 0, 0, 0, 0, 0, 0, 0, 0, 0, 0, 0, 0, 0, 0, 0, 0, 0, 0, 0, 1, 65, 0, 0, 0, 0, 94, 52, 0, 0, 0, 0, 0, 0, 0, 0, 0, 0, 0, 64, 0, 0, 0, 0, 0, 0, 0, 0, 0, 0, 0, 0, 0, 0, 0, 0, 0, 0, 0, 0, 0, 0, 0, 0, 0, 0, 0, 0, 0, 0, 0, 0, 0, 0, 0, 0, 0, 0, 0, 0, 0, 0, 0, 0, 1, 65, 0, 0, 0, 0, 58, 206, 0, 0, 0, 0, 0, 0, 0, 0, 0, 0, 0, 0, 0, 0, 0, 0, 0, 0, 0, 0, 0, 0, 0, 0, 1, 193, 0, 0, 0, 0, 63, 70, 0, 0, 0, 0, 0, 0, 0, 0, 1, 0, 0, 0, 2, 0, 0, 0, 3, 0, 0, 0, 0, 0, 0, 0, 1, 65, 0, 0, 0, 0, 151, 192, 0, 0, 0, 0, 0, 0, 0, 0, 0, 0, 0, 0, 0, 0, 0, 0, 0, 0, 0, 0, 0, 0, 0, 0, 1, 65, 
12-30 11:30:09.272   398   464 I VehiclePropertyStore: begin to write value to Store: {.timestamp = 10345086704231, .areaId = 0, .prop = 557925634, .status = AVAILABLE, .value = {.int32Values = [8515]{33, 65, 69, 2, 0, 0, 0, 0, 0, 0, 0, 0, 0, 0, 0, 0, 1, 65, 0, 0, 0, 0, 78, 221, 0, 0, 0, 0, 0, 0, 0, 0, 0, 0, 0, 0, 0, 0, 0, 0, 0, 0, 0, 0, 0, 0, 0, 0, 1, 65, 0, 0, 0, 0, 124, 160, 0, 0, 0, 0, 0, 0, 0, 0, 0, 0, 0, 0, 0, 0, 0, 0, 0, 0, 0, 0, 0, 0, 0, 0, 0, 0, 0, 0, 0, 0, 0, 0, 0, 0, 0, 0, 0, 0, 0, 0, 0, 0, 0, 0, 0, 0, 0, 0, 0, 0, 0, 0, 0, 0, 0, 0, 1, 65, 0, 0, 0, 0, 94, 52, 0, 0, 0, 0, 0, 0, 0, 0, 0, 0, 0, 64, 0, 0, 0, 0, 0, 0, 0, 0, 0, 0, 0, 0, 0, 0, 0, 0, 0, 0, 0, 0, 0, 0, 0, 0, 0, 0, 0, 0, 0, 0, 0, 0, 0, 0, 0, 0, 0, 0, 0, 0, 0, 0, 0, 0, 1, 65, 0, 0, 0, 0, 58, 206, 0, 0, 0, 0, 0, 0, 0, 0, 0, 0, 0, 0, 0, 0, 0, 0, 0, 0, 0, 0, 0, 0, 0, 0, 1, 193, 0, 0, 0, 0, 63, 70, 0, 0, 0, 0, 0, 0, 0, 0, 1, 0, 0, 0, 2, 0, 0, 0, 3, 0, 0, 0, 0, 0, 0, 0, 1, 65, 0, 0, 0, 0, 151, 192, 0, 0, 0, 0, 0, 0, 0, 0, 0, 0, 0, 0, 0, 0, 0, 0, 0, 0, 0, 0, 0, 0, 0, 0, 1, 65, 0, 0, 0, 0, 193, 71, 0, 0
12-30 11:30:09.276   398   464 I VehiclePropertyStore: Prop wirte value to Store success: {.timestamp = 10345086704231, .areaId = 0, .prop = 557925634, .status = AVAILABLE, .value = {.int32Values = [8515]{33, 65, 69, 2, 0, 0, 0, 0, 0, 0, 0, 0, 0, 0, 0, 0, 1, 65, 0, 0, 0, 0, 78, 221, 0, 0, 0, 0, 0, 0, 0, 0, 0, 0, 0, 0, 0, 0, 0, 0, 0, 0, 0, 0, 0, 0, 0, 0, 1, 65, 0, 0, 0, 0, 124, 160, 0, 0, 0, 0, 0, 0, 0, 0, 0, 0, 0, 0, 0, 0, 0, 0, 0, 0, 0, 0, 0, 0, 0, 0, 0, 0, 0, 0, 0, 0, 0, 0, 0, 0, 0, 0, 0, 0, 0, 0, 0, 0, 0, 0, 0, 0, 0, 0, 0, 0, 0, 0, 0, 0, 0, 0, 1, 65, 0, 0, 0, 0, 94, 52, 0, 0, 0, 0, 0, 0, 0, 0, 0, 0, 0, 64, 0, 0, 0, 0, 0, 0, 0, 0, 0, 0, 0, 0, 0, 0, 0, 0, 0, 0, 0, 0, 0, 0, 0, 0, 0, 0, 0, 0, 0, 0, 0, 0, 0, 0, 0, 0, 0, 0, 0, 0, 0, 0, 0, 0, 1, 65, 0, 0, 0, 0, 58, 206, 0, 0, 0, 0, 0, 0, 0, 0, 0, 0, 0, 0, 0, 0, 0, 0, 0, 0, 0, 0, 0, 0, 0, 0, 1, 193, 0, 0, 0, 0, 63, 70, 0, 0, 0, 0, 0, 0, 0, 0, 1, 0, 0, 0, 2, 0, 0, 0, 3, 0, 0, 0, 0, 0, 0, 0, 1, 65, 0, 0, 0, 0, 151, 192, 0, 0, 0, 0, 0, 0, 0, 0, 0, 0, 0, 0, 0, 0, 0, 0, 0, 0, 0, 0, 0, 0, 0, 0, 1, 65, 0, 0, 0, 0, 193, 71, 
12-30 11:30:09.279   398   464 I DefaultVehicleHal_v2_0: DefaultVehicleHal::onPropertyValue, value:{.timestamp = 10345086704231, .areaId = 0, .prop = 557925634, .status = AVAILABLE, .value = {.int32Values = [8515]{33, 65, 69, 2, 0, 0, 0, 0, 0, 0, 0, 0, 0, 0, 0, 0, 1, 65, 0, 0, 0, 0, 78, 221, 0, 0, 0, 0, 0, 0, 0, 0, 0, 0, 0, 0, 0, 0, 0, 0, 0, 0, 0, 0, 0, 0, 0, 0, 1, 65, 0, 0, 0, 0, 124, 160, 0, 0, 0, 0, 0, 0, 0, 0, 0, 0, 0, 0, 0, 0, 0, 0, 0, 0, 0, 0, 0, 0, 0, 0, 0, 0, 0, 0, 0, 0, 0, 0, 0, 0, 0, 0, 0, 0, 0, 0, 0, 0, 0, 0, 0, 0, 0, 0, 0, 0, 0, 0, 0, 0, 0, 0, 1, 65, 0, 0, 0, 0, 94, 52, 0, 0, 0, 0, 0, 0, 0, 0, 0, 0, 0, 64, 0, 0, 0, 0, 0, 0, 0, 0, 0, 0, 0, 0, 0, 0, 0, 0, 0, 0, 0, 0, 0, 0, 0, 0, 0, 0, 0, 0, 0, 0, 0, 0, 0, 0, 0, 0, 0, 0, 0, 0, 0, 0, 0, 0, 1, 65, 0, 0, 0, 0, 58, 206, 0, 0, 0, 0, 0, 0, 0, 0, 0, 0, 0, 0, 0, 0, 0, 0, 0, 0, 0, 0, 0, 0, 0, 0, 1, 193, 0, 0, 0, 0, 63, 70, 0, 0, 0, 0, 0, 0, 0, 0, 1, 0, 0, 0, 2, 0, 0, 0, 3, 0, 0, 0, 0, 0, 0, 0, 1, 65, 0, 0, 0, 0, 151, 192, 0, 0, 0, 0, 0, 0, 0, 0, 0, 0, 0, 0, 0, 0, 0, 0, 0, 0, 0, 0, 0, 0, 0, 0, 1, 65, 0, 0, 0, 0, 19
12-30 11:30:09.279   398   464 D DiagPropHandler: is not DiagnosticConfig: 0x21414502
12-30 11:30:09.283   398   464 I VehiclePropertyStore: begin to write value to Store: {.timestamp = 10345086704231, .areaId = 0, .prop = 557925634, .status = AVAILABLE, .value = {.int32Values = [8515]{33, 65, 69, 2, 0, 0, 0, 0, 0, 0, 0, 0, 0, 0, 0, 0, 1, 65, 0, 0, 0, 0, 78, 221, 0, 0, 0, 0, 0, 0, 0, 0, 0, 0, 0, 0, 0, 0, 0, 0, 0, 0, 0, 0, 0, 0, 0, 0, 1, 65, 0, 0, 0, 0, 124, 160, 0, 0, 0, 0, 0, 0, 0, 0, 0, 0, 0, 0, 0, 0, 0, 0, 0, 0, 0, 0, 0, 0, 0, 0, 0, 0, 0, 0, 0, 0, 0, 0, 0, 0, 0, 0, 0, 0, 0, 0, 0, 0, 0, 0, 0, 0, 0, 0, 0, 0, 0, 0, 0, 0, 0, 0, 1, 65, 0, 0, 0, 0, 94, 52, 0, 0, 0, 0, 0, 0, 0, 0, 0, 0, 0, 64, 0, 0, 0, 0, 0, 0, 0, 0, 0, 0, 0, 0, 0, 0, 0, 0, 0, 0, 0, 0, 0, 0, 0, 0, 0, 0, 0, 0, 0, 0, 0, 0, 0, 0, 0, 0, 0, 0, 0, 0, 0, 0, 0, 0, 1, 65, 0, 0, 0, 0, 58, 206, 0, 0, 0, 0, 0, 0, 0, 0, 0, 0, 0, 0, 0, 0, 0, 0, 0, 0, 0, 0, 0, 0, 0, 0, 1, 193, 0, 0, 0, 0, 63, 70, 0, 0, 0, 0, 0, 0, 0, 0, 1, 0, 0, 0, 2, 0, 0, 0, 3, 0, 0, 0, 0, 0, 0, 0, 1, 65, 0, 0, 0, 0, 151, 192, 0, 0, 0, 0, 0, 0, 0, 0, 0, 0, 0, 0, 0, 0, 0, 0, 0, 0, 0, 0, 0, 0, 0, 0, 1, 65, 0, 0, 0, 0, 193, 71, 0, 0
12-30 11:30:09.284   360   931 D EvsDriver: forwardFrame
12-30 11:30:09.284   360   931 D EvsDriver: forwardFrameDirect
12-30 11:30:09.284   360   931 D EvsDriver: Delivered 0xb400e2ca9e40e110 as id 0
12-30 11:30:09.285   359   359 D evsmanagerd: /dev/video-evs0 forwarded the buffer #0 to 0xb400f125d2b26dd0 from 0xb400f125e2b20710
12-30 11:30:09.286 21478 21478 I ADAYO_LOG_TRACE_RESOURCE: executing
12-30 11:30:09.287   398   464 I VehiclePropertyStore: Prop wirte value to Store success: {.timestamp = 10345086704231, .areaId = 0, .prop = 557925634, .status = AVAILABLE, .value = {.int32Values = [8515]{33, 65, 69, 2, 0, 0, 0, 0, 0, 0, 0, 0, 0, 0, 0, 0, 1, 65, 0, 0, 0, 0, 78, 221, 0, 0, 0, 0, 0, 0, 0, 0, 0, 0, 0, 0, 0, 0, 0, 0, 0, 0, 0, 0, 0, 0, 0, 0, 1, 65, 0, 0, 0, 0, 124, 160, 0, 0, 0, 0, 0, 0, 0, 0, 0, 0, 0, 0, 0, 0, 0, 0, 0, 0, 0, 0, 0, 0, 0, 0, 0, 0, 0, 0, 0, 0, 0, 0, 0, 0, 0, 0, 0, 0, 0, 0, 0, 0, 0, 0, 0, 0, 0, 0, 0, 0, 0, 0, 0, 0, 0, 0, 1, 65, 0, 0, 0, 0, 94, 52, 0, 0, 0, 0, 0, 0, 0, 0, 0, 0, 0, 64, 0, 0, 0, 0, 0, 0, 0, 0, 0, 0, 0, 0, 0, 0, 0, 0, 0, 0, 0, 0, 0, 0, 0, 0, 0, 0, 0, 0, 0, 0, 0, 0, 0, 0, 0, 0, 0, 0, 0, 0, 0, 0, 0, 0, 1, 65, 0, 0, 0, 0, 58, 206, 0, 0, 0, 0, 0, 0, 0, 0, 0, 0, 0, 0, 0, 0, 0, 0, 0, 0, 0, 0, 0, 0, 0, 0, 1, 193, 0, 0, 0, 0, 63, 70, 0, 0, 0, 0, 0, 0, 0, 0, 1, 0, 0, 0, 2, 0, 0, 0, 3, 0, 0, 0, 0, 0, 0, 0, 1, 65, 0, 0, 0, 0, 151, 192, 0, 0, 0, 0, 0, 0, 0, 0, 0, 0, 0, 0, 0, 0, 0, 0, 0, 0, 0, 0, 0, 0, 0, 0, 1, 65, 0, 0, 0, 0, 193, 71, 
12-30 11:30:09.287   398   464 D adayocomadapter-CommunicationManager: onUpstreamReceive mPropertyId 0x21414502
12-30 11:30:09.287   360   458 D EvsDriver: doneWithFrame
12-30 11:30:09.292  1611 15258 I ADAYO_LOG_: e(LogcatFunc.java:11)zipFile:true,txtFilePath: /mnt/sdcard/AndroidLog/logcat/logcat_2025_12_30_11_27_34_735-19.txt
12-30 11:30:09.307  2358  2623 D RcfController: Rcf proxy is not connected!
12-30 11:30:09.316   596  3076 E WifiHAL : Invalid data received from driver
12-30 11:30:09.317   360   931 D EvsDriver: forwardFrame
12-30 11:30:09.318   360   931 D EvsDriver: forwardFrameDirect
12-30 11:30:09.318   360   931 D EvsDriver: Delivered 0xb400e2ca9e40c7a0 as id 1
12-30 11:30:09.318   359   359 D evsmanagerd: /dev/video-evs0 forwarded the buffer #1 to 0xb400f125d2b26dd0 from 0xb400f125e2b20710
12-30 11:30:09.328   360   458 D EvsDriver: doneWithFrame
12-30 11:30:09.329  2310  2789 D FuseDaemon: Node: 12970642256212189392 deleted.
12-30 11:30:09.329  1611 15258 I ADAYO_LOG_: e(LogcatFunc.java:14)deleteFile:logcat_2025_12_30_11_27_34_735-19.txt,delete:true
12-30 11:30:09.329  1611 15258 I ADAYO_LOG_: a(LogcatFunc.java:15)startZip over
12-30 11:30:09.337 21480 21480 I ADAYO_LOG_TRACE_RESOURCE: collect_dest_path:/mnt/sdcard/logcat_GNSS/
12-30 11:30:09.351   360   931 D EvsDriver: forwardFrame
12-30 11:30:09.351   360   931 D EvsDriver: forwardFrameDirect
12-30 11:30:09.351   360   931 D EvsDriver: Delivered 0xb400e2ca9e40e270 as id 0
12-30 11:30:09.351   359   359 D evsmanagerd: /dev/video-evs0 forwarded the buffer #0 to 0xb400f125d2b26dd0 from 0xb400f125e2b20710
12-30 11:30:09.357  2358  2623 D RcfController: Rcf proxy is not connected!
12-30 11:30:09.358   360   458 D EvsDriver: doneWithFrame
12-30 11:30:09.371  1611  1611 I ADAYO_LOG_: handleMessage(UsbFunc.java:3)copyQnx = 0
12-30 11:30:09.371  1611  1611 I ADAYO_LOG_: handleMessage(UsbFunc.java:12)copyState = 2
12-30 11:30:09.373  1547  2118 D ANW_AVRCP: (1547|0x6EF3FCB0)[AVRCP] API getPlayStatusTimerHandler
12-30 11:30:09.373  1547  2118 D ANW_AVRCP: (1547|0x6EF3FCB0)[AVRCP] API AVRCP_GetPlayStatus
12-30 11:30:09.373  1547  2118 D ANWStack: [  10345194][ANWBT] <<Avctp_Send_Message 0/1:
12-30 11:30:09.373  1547  2118 D ANWStack: 
12-30 11:30:09.373  1547  2118 D ANWStack: [  10345194][ANWBT] L2CAP: L2_RetrieveHandle called, cid=0x83
12-30 11:30:09.373  1547  2118 D ANWStack: 
12-30 11:30:09.384   360   931 D EvsDriver: forwardFrame
12-30 11:30:09.384   360   931 D EvsDriver: forwardFrameDirect
12-30 11:30:09.384   360   931 D EvsDriver: Delivered 0xb400e2ca9e40d4b0 as id 1
12-30 11:30:09.385   359   359 D evsmanagerd: /dev/video-evs0 forwarded the buffer #1 to 0xb400f125d2b26dd0 from 0xb400f125e2b20710
12-30 11:30:09.389   360   458 D EvsDriver: doneWithFrame
12-30 11:30:09.391  1547  2118 D ANWAPI  : (1547|0x6EF3FCB0)[BTAPI] AnwhciEventCallback 19 1
12-30 11:30:09.395  1547  2118 D ANWStack: [  10345217][ANWBT] >>Avctp_L2cap_Data_Ind_Cb
12-30 11:30:09.395  1547  2118 D ANWStack: 
12-30 11:30:09.395  1547  2118 D ANWStack: [  10345217][ANWBT] AVCTP Message Length = 22
12-30 11:30:09.395  1547  2118 D ANWStack: [  10345217][ANWBT] Receive AVCTP_SINGLE_PACKET
12-30 11:30:09.395  1547  2118 D ANW_AVRCP: (1547|0x6EF3FCB0)[AVRCP] [**AVRCP**] 0x72 0x110e
12-30 11:30:09.395  1547  2118 D ANW_AVRCP: (1547|0x6EF3FCB0)[AVRCP] opcode match 0x0
12-30 11:30:09.395  1547  2118 D ANW_AVRCP: 
12-30 11:30:09.395  1547  2118 D ANW_AVRCP: (1547|0x6EF3FCB0)[AVRCP] subopcode match 0x30, update ctype 0x1->0xc
12-30 11:30:09.395  1547  2118 D ANW_AVRCP: 
12-30 11:30:09.395  1547  2118 D ANW_AVRCP: (1547|0x6EF3FCB0)[AVRCP] AVRCP_Packet_Parser Response
12-30 11:30:09.395  1547  2118 D ANW_AVRCP: 
12-30 11:30:09.395  1547  2118 D ANW_AVRCP: (1547|0x6EF3FCB0)[AVRCP] AVRCP_Get_Play_Status_RSP_Handler 69303/205014 1
12-30 11:30:09.395  1547  2118 D ANWAPI  : (1547|0x6EF3FCB0)[BTAPI] connmgr_find_by_handle pData = 0xb400fa68ee34c5e0,7
12-30 11:30:09.395  1547  2118 D ANWAPI  : (1547|0x6EF3FCB0)[BTAPI] ===BTAPI_MallocIdxMsg 1030 16
12-30 11:30:09.395  1547  2118 D ANWAPI  : (1547|0x6EF3FCB0)[BTAPI] *BT_CB_Dispatch
12-30 11:30:09.395  1547  2118 D ANWAPI  : (1547|0x6EF3FCB0)[BTAPI] *****SDK callback(0x406)
12-30 11:30:09.395  1547  2118 D ANWAPI  : (1547|0x6EF3FCB0)[BTAPI] SDK***** [34:10:be:3d:c6:77][0]
12-30 11:30:09.395  1547  2118 D ANWAPI  : (1547|0x6EF3FCB0)[BTAPI] btsdk_exec_apicb start
12-30 11:30:09.395  1547  2118 D ANWAPI  : (1547|0x6EF3FCB0)[BTAPI] Up: AvrcpMsgHandler receive[34:10:BE:3D:C6:77], Get Device ID(0)
12-30 11:30:09.395  1547  2118 D ANWAPI  : 
12-30 11:30:09.395  1547  2118 D ANWAPI  : (1547|0x6EF3FCB0)[BTAPI] Up: AnWBT_AVRCP_CURRENT_PLAY_STATUS_IND
12-30 11:30:09.395  1547  2118 D ANWAPI  : 
12-30 11:30:09.396  1547  2118 D ANWAPI  : (1547|0x6EF3FCB0)[BTAPI] songLengthMs     =205014
12-30 11:30:09.396  1547  2118 D ANWAPI  : 
12-30 11:30:09.396  1547  2118 D ANWAPI  : (1547|0x6EF3FCB0)[BTAPI] songPositionMs   =69303
12-30 11:30:09.396  1547  2118 D ANWAPI  : 
12-30 11:30:09.396  1547  2118 I ANW bt_btif: AvrcpMsgHandler: HAL bt_rc_ctrl_callbacks->play_position_changed_cb
12-30 11:30:09.396  1547  2118 I BluetoothAvrcpControllerJni: btavrcp_play_position_changed_callback
12-30 11:30:09.396  1547  2118 D AvrcpControllerService: onPlayPositionChanged pos 69303
12-30 11:30:09.396  1547  2118 D ANWAPI  : (1547|0x6EF3FCB0)[BTAPI] currentPlayStatus=1
12-30 11:30:09.396  1547  2118 D ANWAPI  : 
12-30 11:30:09.396  1547  2118 I ANW bt_btif: AvrcpMsgHandler: HAL bt_rc_ctrl_callbacks->play_status_changed_cb
12-30 11:30:09.396  1547  2118 I BluetoothAvrcpControllerJni: btavrcp_play_status_changed_callback
12-30 11:30:09.396  1547  2118 D AvrcpControllerService: onPlayStatusChanged 1
12-30 11:30:09.396  1547 19344 D AvrcpControllerStateMachine: Avrcp.ConnectedAvrcpController processMessage MESSAGE_PROCESS_PLAY_POS_CHANGED
12-30 11:30:09.396  1547  2118 D ANWAPI  : (1547|0x6EF3FCB0)[BTAPI] btsdk_exec_apicb end
12-30 11:30:09.396  1547 19344 D AvrcpPlayer: getPlayBackState state 3 time 69303
12-30 11:30:09.396  1547 19344 D BluetoothMediaBrowserService: notifyChanged PlaybackStatePlaybackState {state=3, position=69303, buffered position=0, speed=1.0, updated=10345218, actions=2375735, error code=0, error message=null, custom actions=[], active item id=-1}
12-30 11:30:09.397  1547 19344 D AvrcpControllerStateMachine: Avrcp.ConnectedAvrcpController processMessage MESSAGE_PROCESS_PLAY_STATUS_CHANGED
12-30 11:30:09.397  1547 19344 D AvrcpControllerStateMachine: Playback status changed to 3
12-30 11:30:09.397 21940 19613 D MC2ImplBase: onCustomCommand cmd=com.fawvw.mw.mediaengine.ACTION_PLAYER_POSITION_CHANGED
12-30 11:30:09.397  1547 19344 D AvrcpPlayer: getPlayBackState state 3 time 69304
12-30 11:30:09.397  1547 19344 D BluetoothMediaBrowserService: notifyChanged PlaybackStatePlaybackState {state=3, position=69304, buffered position=0, speed=1.0, updated=10345219, actions=2375735, error code=0, error message=null, custom actions=[], active item id=-1}
12-30 11:30:09.398  1547 19344 D AvrcpPlayer: getPlayBackState state 3 time 69304
12-30 11:30:09.399 21940 21952 D MC2ImplBase: onCustomCommand cmd=com.fawvw.mw.mediaengine.ACTION_PLAYER_POSITION_CHANGED
12-30 11:30:09.401   596  3076 E WifiHAL : Invalid data received from driver
12-30 11:30:09.408  2358  2623 D RcfController: Rcf proxy is not connected!
12-30 11:30:09.414 21940 21940 I CNS_MEDIA_BT_MUSIC__MediaClient: onCustomCommand, action: com.fawvw.mw.mediaengine.ACTION_PLAYER_POSITION_CHANGED, extra: Bundle[mParcelledData.dataSize=124]
12-30 11:30:09.414  2045  2131 D InfotainmentBridge_Native: fireDuration
12-30 11:30:09.414  2045  2131 D InfotainmentBridge_Native: fireDuration() -- source: 3
12-30 11:30:09.414  2045  2131 D InfotainmentBridge_Native: fireDuration() -- value_16: 69
12-30 11:30:09.415 21940 21940 D MediaSessionMonitor: onPlaybackStateChanged: [com.android.bluetooth] state = 3
12-30 11:30:09.415 21940 21940 D MediaSessionMonitor: updateSourcePlayState: pkg = com.android.bluetooth, state = 3
12-30 11:30:09.415 21940 21940 D MediaSessionMonitor: onPlaybackStateChanged: [com.android.bluetooth] state = 3
12-30 11:30:09.415 21940 21940 D MediaSessionMonitor: updateSourcePlayState: pkg = com.android.bluetooth, state = 3
12-30 11:30:09.415 21940 21940 I CNS_MEDIA_BT_MUSIC__MediaClient: onCustomCommand, action: com.fawvw.mw.mediaengine.ACTION_PLAYER_POSITION_CHANGED, extra: Bundle[mParcelledData.dataSize=124]
12-30 11:30:09.415  2045  2131 D InfotainmentBridge_Native: fireDuration
12-30 11:30:09.415  2045  2131 D InfotainmentBridge_Native: fireDuration() -- source: 3
12-30 11:30:09.415  2045  2131 D InfotainmentBridge_Native: fireDuration() -- value_16: 69
12-30 11:30:09.417   360   931 D EvsDriver: forwardFrame
12-30 11:30:09.418   360   931 D EvsDriver: forwardFrameDirect
12-30 11:30:09.418   360   931 D EvsDriver: Delivered 0xb400e2ca9e40c2d0 as id 0
12-30 11:30:09.418   359   359 D evsmanagerd: /dev/video-evs0 forwarded the buffer #0 to 0xb400f125d2b26dd0 from 0xb400f125e2b20710
12-30 11:30:09.419   360   458 D EvsDriver: doneWithFrame
12-30 11:30:09.421 21483 21483 I ADAYO_LOG_TRACE_RESOURCE: file_path:/mnt/sdcard/logcat_GNSS//gnss_log.log
12-30 11:30:09.451   360   931 D EvsDriver: forwardFrame
12-30 11:30:09.451   360   931 D EvsDriver: forwardFrameDirect
12-30 11:30:09.451   360   931 D EvsDriver: Delivered 0xb400e2ca9e40d090 as id 1
12-30 11:30:09.451   359   359 D evsmanagerd: /dev/video-evs0 forwarded the buffer #1 to 0xb400f125d2b26dd0 from 0xb400f125e2b20710
12-30 11:30:09.458  2358  2623 D RcfController: Rcf proxy is not connected!
12-30 11:30:09.459   360   458 D EvsDriver: doneWithFrame
12-30 11:30:09.474 21486 21486 I ADAYO_LOG_TRACE_RESOURCE: folder_size:0
12-30 11:30:09.484   360   931 I EvsDriver: /dev/video-evs0 VideoCapture fps 30.0003
12-30 11:30:09.484   360   931 D EvsDriver: forwardFrame
12-30 11:30:09.484   360   931 D EvsDriver: forwardFrameDirect
12-30 11:30:09.484   360   931 D EvsDriver: Delivered 0xb400e2ca9e40e110 as id 0
12-30 11:30:09.485   359   359 D evsmanagerd: /dev/video-evs0 forwarded the buffer #0 to 0xb400f125d2b26dd0 from 0xb400f125e2b20710
12-30 11:30:09.486  1667  2407 I media_message_log->MediaMessageProxy: (SourceFile:1)b connectToService action bind
12-30 11:30:09.487   916  2815 W ActivityManager: Unable to start service Intent { cmp=com.adayo.server.mediamessagetransfer/.MediaMessTransferService (has extras) } U=0: not found
12-30 11:30:09.487  1667  2407 E media_message_log->MediaMessageProxy: (SourceFile:7)a bindServiceAsUser isBound = false
12-30 11:30:09.491   360   458 D EvsDriver: doneWithFrame
12-30 11:30:09.501  1667 19370 E CarPlay_Service: isConnected(MFiClientApiImpl.java:123)isConnected： true
12-30 11:30:09.501   879  2332 I mfiserver: [MFiProxy.cpp][675]messageMID =11 LID=03 com.adayo.carplay 
12-30 11:30:09.501   879  2332 I mfiserver: [MFiProxy.cpp][970]message channle=60 type=4 mode=1 buf=0xb400fc8d1fa65640 len=28 
12-30 11:30:09.501   879 19383 I libmfi  : [iAPUtils.c][134]buflen:28 packetlen=28
12-30 11:30:09.501   879 19383 E libmfi  : [iAP2BuffPoolImplementation.c][312]__iAP2BuffPoolGetRecvPacket malloc lenth = 4152 
12-30 11:30:09.501   879 19383 I libmfi  : [iAP2Link.c][2715]iAP2LinkHandleReadyPacket bDeletePacket = FALSE 
12-30 11:30:09.501   879 19383 I libmfi  : [iAP2Link.c][2802]_CleanupAckedPackets 
12-30 11:30:09.501   879 19383 I libmfi  : [iAP2Link.c][3046]_iAP2LinkProcessInOrderPacketACK 
12-30 11:30:09.501   879 19383 I libmfi  : [iAP2Control.c][208]Recieve Control MessageID = 0x5001 length = 18 
12-30 11:30:09.501   879 19383 E libmfi  : [iAP2BuffPoolImplementation.c][209]__iAP2BuffPoolGetSendPacket malloc lenth = 65591 
12-30 11:30:09.502   879 19383 I mfiserver: [MFiDataChannleSocket.cpp][127]len =16 
12-30 11:30:09.502   879 19383 E libmfi  : [iAP2BuffPoolImplementation.c][359]__iAP2BuffPoolReturnRecvPacket
12-30 11:30:09.502  1667  2331 I libmficlient: [MFiClient.cpp][120]Receive Data MID=50 LID=01 
12-30 11:30:09.502  1667  2331 W libmficlientjni: [MFiClientJniUtils.cpp][427]Set array[MediaItemMediaType] Value Failed 
12-30 11:30:09.502  1667  2331 W libmficlientjni: [MFiClientJniUtils.cpp][427]Set array[MediaItemArtworkData] Value Failed 
12-30 11:30:09.502  1667  2331 W CarPlay_Service: playbackUpdate(MediaInfoTrans.java:429)isMediaProxyConnected is false
12-30 11:30:09.502  1667  2331 I libmficlient: [MFiClient.cpp][120]Receive Data MID=11 LID=04 
12-30 11:30:09.503   596  3076 E WifiHAL : Invalid data received from driver
12-30 11:30:09.508  2358  2623 D RcfController: Rcf proxy is not connected!
12-30 11:30:09.509   596  3076 E WifiHAL : Invalid data received from driver
12-30 11:30:09.509   596  3076 E WifiHAL : Invalid data received from driver
12-30 11:30:09.509   596  3076 E WifiHAL : Invalid data received from driver
12-30 11:30:09.509   596  3076 E WifiHAL : Invalid data received from driver
12-30 11:30:09.509   596  3076 E WifiHAL : Invalid data received from driver
12-30 11:30:09.509   596  3076 E WifiHAL : Invalid data received from driver
12-30 11:30:09.509   596  3076 E WifiHAL : Invalid data received from driver
12-30 11:30:09.517   360   931 D EvsDriver: forwardFrame
12-30 11:30:09.518   360   931 D EvsDriver: forwardFrameDirect
12-30 11:30:09.518   360   931 D EvsDriver: Delivered 0xb400e2ca9e40c7a0 as id 1
12-30 11:30:09.518   359   359 D evsmanagerd: /dev/video-evs0 forwarded the buffer #1 to 0xb400f125d2b26dd0 from 0xb400f125e2b20710
12-30 11:30:09.520   360   458 D EvsDriver: doneWithFrame
12-30 11:30:09.551   665  1525 I gps_hdbd: [gps_upgrade_thread 3403]Enter
12-30 11:30:09.551   360   931 D EvsDriver: forwardFrame
12-30 11:30:09.551   360   931 D EvsDriver: forwardFrameDirect
12-30 11:30:09.551   665  1525 I gps_hdbd: [gps_upgrade_thread 3432] sys.gps.update:0 ,file:not ,upgrate_ing:0
12-30 11:30:09.551   360   931 D EvsDriver: Delivered 0xb400e2ca9e40e270 as id 0
12-30 11:30:09.551   359   359 D evsmanagerd: /dev/video-evs0 forwarded the buffer #0 to 0xb400f125d2b26dd0 from 0xb400f125e2b20710
12-30 11:30:09.559  2358  2623 D RcfController: Rcf proxy is not connected!
12-30 11:30:09.561   360   458 D EvsDriver: doneWithFrame
12-30 11:30:09.576   798 21474 W adbd    : timed out while waiting for FUNCTIONFS_BIND, trying again
12-30 11:30:09.577   798 21474 I adbd    : UsbFfs: connection terminated: monitor thread finished
12-30 11:30:09.577   798   798 I adbd    : UsbFfs: already offline
12-30 11:30:09.577   798   798 I adbd    : destroying transport UsbFfs
12-30 11:30:09.577   798   798 I adbd    : UsbFfsConnection being destroyed
12-30 11:30:09.584   360   931 D EvsDriver: forwardFrame
12-30 11:30:09.584   360   931 D EvsDriver: forwardFrameDirect
12-30 11:30:09.584   360   931 D EvsDriver: Delivered 0xb400e2ca9e40d4b0 as id 1
12-30 11:30:09.585   359   359 D evsmanagerd: /dev/video-evs0 forwarded the buffer #1 to 0xb400f125d2b26dd0 from 0xb400f125e2b20710
12-30 11:30:09.587   596  3076 E WifiHAL : Invalid data received from driver
12-30 11:30:09.587  3066  3066 D hostapd : nl80211: BSS Event 59 (NL80211_CMD_FRAME) received for wlan1
12-30 11:30:09.587  3066  3066 D hostapd : nl80211: RX frame da=ff:ff:ff:ff:ff:ff sa=cc:53:69:80:0a:c9 bssid=ff:ff:ff:ff:ff:ff freq=5745 ssi_signal=-9000 fc=0x40 seq_ctrl=0x2010 stype=4 (WLAN_FC_STYPE_PROBE_REQ) len=260
12-30 11:30:09.587  3066  3066 D hostapd : Receive wpa msg : Event RX_MGMT (18) received
12-30 11:30:09.587  3066  3066 D hostapd : Receive wpa msg : RX-PROBE-REQUEST sa=cc:53:69:80:0a:c9 signal=-9000
12-30 11:30:09.587  3066  3066 D hostapd : nl80211: send_mlme - da=cc:53:69:80:0a:c9 noack=1 freq=0 no_cck=0 offchanok=0 wait_time=0 no_encrypt=0 fc=0x50 (WLAN_FC_STYPE_PROBE_RESP) nlmode=3
12-30 11:30:09.587  3066  3066 D hostapd : nl80211: Use bss->freq=5745
12-30 11:30:09.588  3066  3066 D hostapd : nl80211: send_mlme -> send_frame_cmd
12-30 11:30:09.588   596  3076 E WifiHAL : Invalid data received from driver
12-30 11:30:09.588  3066  3066 D hostapd : nl80211: Drv Event 60 (NL80211_CMD_FRAME_TX_STATUS) received for wlan1
12-30 11:30:09.588  3066  3066 D hostapd : nl80211: Frame TX status event A1=cc:53:69:80:0a:c9 stype=5 cookie=0x0 ack=0
12-30 11:30:09.588  3066  3066 D hostapd : wlan1: Event TX_STATUS (16) received
12-30 11:30:09.588  3066  3066 D hostapd : Receive wpa msg : Event TX_STATUS (16) received
12-30 11:30:09.591   360   458 D EvsDriver: doneWithFrame
12-30 11:30:09.606   596  3076 E WifiHAL : Invalid data received from driver
12-30 11:30:09.609  2358  2623 D RcfController: Rcf proxy is not connected!
12-30 11:30:09.617   360   931 D EvsDriver: forwardFrame
12-30 11:30:09.618   360   931 D EvsDriver: forwardFrameDirect
12-30 11:30:09.618   360   931 D EvsDriver: Delivered 0xb400e2ca9e40c2d0 as id 0
12-30 11:30:09.618   359   359 D evsmanagerd: /dev/video-evs0 forwarded the buffer #0 to 0xb400f125d2b26dd0 from 0xb400f125e2b20710
12-30 11:30:09.621   360   458 D EvsDriver: doneWithFrame
12-30 11:30:09.630   798   838 I adbd    : opening control endpoint /dev/usb-ffs/adb/ep0
12-30 11:30:09.631   798   838 I adbd    : UsbFfsConnection constructed
12-30 11:30:09.631   798 21493 I adbd    : UsbFfs-monitor thread spawned
01-01 10:52:26.640   838   838 I         : read strings
01-01 10:52:26.642     1     1 I init    : Command 'symlink /config/usb_gadget/g1/functions/ffs.adb /config/usb_gadget/g1/configs/b.1/f1' action=sys.usb.config=adb && sys.usb.configfs=1 && sys.usb.ffs.ready=1 (/system/etc/init/hw/init.usb.configfs.rc:22) took 0ms and failed: symlink() failed: File exists
01-01 10:52:26.643     1     1 I init    : processing action (sys.usb.config=adb && sys.usb.configfs=1 && sys.usb.ffs.ready=1) from (/vendor/etc/init/init.x9hp_ms.usb.rc:72)
12-30 11:30:09.651   360   931 D EvsDriver: forwardFrame
12-30 11:30:09.651   360   931 D EvsDriver: forwardFrameDirect
12-30 11:30:09.651   360   931 D EvsDriver: Delivered 0xb400e2ca9e40d090 as id 1
12-30 11:30:09.651   359   359 D evsmanagerd: /dev/video-evs0 forwarded the buffer #1 to 0xb400f125d2b26dd0 from 0xb400f125e2b20710
12-30 11:30:09.659  2358  2623 D RcfController: Rcf proxy is not connected!
12-30 11:30:09.662   360   458 D EvsDriver: doneWithFrame
12-30 11:30:09.673  1547  2118 D ANWAPI  : (1547|0x6EF3FCB0)[BTAPI] BT Addres is NULL , checking which array is connected
12-30 11:30:09.673  1547  2118 D ANWAPI  : 
12-30 11:30:09.673  1547  2118 D ANWAPI  : (1547|0x6EF3FCB0)[BTAPI] SPPMIN(0)SPPMAX(1)
12-30 11:30:09.673  1547  2118 D ANWAPI  : 
12-30 11:30:09.673  1547  2118 D ANWAPI  : (1547|0x6EF3FCB0)[BTAPI] In Three Step Get Device ID(0)
12-30 11:30:09.673  1547  2118 D ANWAPI  : 
12-30 11:30:09.673  1547  2118 D ANWAPI  : (1547|0x6EF3FCB0)[BTAPI] AVRCP_Connected ID(0), state(4)
12-30 11:30:09.673  1547  2118 D ANWAPI  : 
12-30 11:30:09.673  1547  2118 D ANWAPI  : (1547|0x6EF3FCB0)[BTAPI] in Get_ID3, Get Device ID(0)
12-30 11:30:09.673  1547  2118 D ANWAPI  : 
12-30 11:30:09.673  1547  2118 D ANWAPI  : (1547|0x6EF3FCB0)[BTAPI] AVRCP_Auto_Get_ID3
12-30 11:30:09.673  1547  2118 D ANWAPI  : 
12-30 11:30:09.673  1547  2118 D ANWAPI  : (1547|0x6EF3FCB0)[BTAPI] SDK >>>>AnWBT_AVRCP_GetSongDetail
12-30 11:30:09.673  1547  2118 D ANWAPI  : (1547|0x6EF3FCB0)[BTAPI] SDK <<<<AnWBT_AVRCP_GetSongDetail 0
12-30 11:30:09.673  1547  2118 D ANWAPI  : (1547|0x6EF3FCB0)[BTAPI] >>>>_anwbt_AVRCP_GetSongDetail
12-30 11:30:09.673  1547  2118 D ANWAPI  : (1547|0x6EF3FCB0)[BTAPI] btsdk_avrcp_GetElementAttributes
12-30 11:30:09.673  1547  2118 D ANW_AVRCP: (1547|0x6EF3FCB0)[AVRCP] API AVRCP_GetElementAttributes attMask=0x0
12-30 11:30:09.673  1547  2118 D ANWStack: [  10345495][ANWBT] <<Avctp_Send_Message 0/1:
12-30 11:30:09.673  1547  2118 D ANWStack: 
12-30 11:30:09.674  1547  2118 D ANWStack: [  10345495][ANWBT] L2CAP: L2_RetrieveHandle called, cid=0x83
12-30 11:30:09.674  1547  2118 D ANWStack: 
12-30 11:30:09.674  1547  2118 D ANWAPI  : (1547|0x6EF3FCB0)[BTAPI] ===BTAPI_MallocIdxMsg 1029 980
12-30 11:30:09.674  1547  2118 D ANWAPI  : (1547|0x6EF3FCB0)[BTAPI] <<<<_anwbt_AVRCP_GetSongDetail 0
12-30 11:30:09.684   360   931 D EvsDriver: forwardFrame
12-30 11:30:09.684   360   931 D EvsDriver: forwardFrameDirect
12-30 11:30:09.684   360   931 D EvsDriver: Delivered 0xb400e2ca9e40e110 as id 0
12-30 11:30:09.685   359   359 D evsmanagerd: /dev/video-evs0 forwarded the buffer #0 to 0xb400f125d2b26dd0 from 0xb400f125e2b20710
12-30 11:30:09.687  1547  2118 D ANWAPI  : (1547|0x6EF3FCB0)[BTAPI] AnwhciEventCallback 19 1
12-30 11:30:09.693   360   458 D EvsDriver: doneWithFrame
12-30 11:30:09.710  2358  2623 D RcfController: Rcf proxy is not connected!
12-30 11:30:09.710   596  3076 E WifiHAL : Invalid data received from driver
12-30 11:30:09.713  1547  2118 D ANWStack: [  10345535][ANWBT] >>Avctp_L2cap_Data_Ind_Cb
12-30 11:30:09.713  1547  2118 D ANWStack: 
12-30 11:30:09.713  1547  2118 D ANWStack: [  10345535][ANWBT] AVCTP Message Length = 160
12-30 11:30:09.713  1547  2118 D ANWStack: [  10345535][ANWBT] Receive AVCTP_SINGLE_PACKET
12-30 11:30:09.713  1547  2118 D ANW_AVRCP: (1547|0x6EF3FCB0)[AVRCP] [**AVRCP**] 0x82 0x110e
12-30 11:30:09.713  1547  2118 D ANW_AVRCP: (1547|0x6EF3FCB0)[AVRCP] opcode match 0x0
12-30 11:30:09.713  1547  2118 D ANW_AVRCP: 
12-30 11:30:09.713  1547  2118 D ANW_AVRCP: (1547|0x6EF3FCB0)[AVRCP] subopcode match 0x20, update ctype 0x1->0xc
12-30 11:30:09.713  1547  2118 D ANW_AVRCP: 
12-30 11:30:09.713  1547  2118 D ANW_AVRCP: (1547|0x6EF3FCB0)[AVRCP] AVRCP_Packet_Parser Response
12-30 11:30:09.713  1547  2118 D ANW_AVRCP: 
12-30 11:30:09.713  1547  2118 D ANW_AVRCP: (1547|0x6EF3FCB0)[AVRCP] AVRCP_Get_Element_Attributes_RSP_Handler
12-30 11:30:09.713  1547  2118 D ANW_AVRCP: (1547|0x6EF3FCB0)[AVRCP] num of attributes: 8
12-30 11:30:09.713  1547  2118 D ANW_AVRCP: 
12-30 11:30:09.713  1547  2118 D ANWAPI  : (1547|0x6EF3FCB0)[BTAPI] connmgr_find_by_handle pData = 0xb400fa68ee34c5e0,7
12-30 11:30:09.713  1547  2118 D ANWAPI  : (1547|0x6EF3FCB0)[BTAPI] AVRCP_GET_ELEMENT_ATTRIBUTES
12-30 11:30:09.713  1547  2118 D ANWAPI  : (1547|0x6EF3FCB0)[BTAPI] connmgr_find_by_handle pData = 0xb400fa68ee34c5e0,7
12-30 11:30:09.713  1547  2118 D ANWAPI  : (1547|0x6EF3FCB0)[BTAPI] media attrib id(1)
12-30 11:30:09.713  1547  2118 D ANWAPI  : (1547|0x6EF3FCB0)[BTAPI] MediaAttr_MediaTitle 19 106
12-30 11:30:09.713  1547  2118 D ANWAPI  : (1547|0x6EF3FCB0)[BTAPI] connmgr_find_by_handle pData = 0xb400fa68ee34c5e0,7
12-30 11:30:09.713  1547  2118 D ANWAPI  : (1547|0x6EF3FCB0)[BTAPI] media attrib id(2)
12-30 11:30:09.714  1547  2118 D ANWAPI  : (1547|0x6EF3FCB0)[BTAPI] MediaAttr_ArtistName 50 106
12-30 11:30:09.714  1547  2118 D ANWAPI  : (1547|0x6EF3FCB0)[BTAPI] connmgr_find_by_handle pData = 0xb400fa68ee34c5e0,7
12-30 11:30:09.714  1547  2118 D ANWAPI  : (1547|0x6EF3FCB0)[BTAPI] media attrib id(3)
12-30 11:30:09.714  1547  2118 D ANWAPI  : (1547|0x6EF3FCB0)[BTAPI] MediaAttr_AlbumName 0 106
12-30 11:30:09.714  1547  2118 D ANWAPI  : (1547|0x6EF3FCB0)[BTAPI] connmgr_find_by_handle pData = 0xb400fa68ee34c5e0,7
12-30 11:30:09.714  1547  2118 D ANWAPI  : (1547|0x6EF3FCB0)[BTAPI] media attrib id(4)
12-30 11:30:09.714  1547  2118 D ANWAPI  : (1547|0x6EF3FCB0)[BTAPI] MediaAttr_MediaNum 0 106
12-30 11:30:09.714  1547  2118 D ANWAPI  : (1547|0x6EF3FCB0)[BTAPI] connmgr_find_by_handle pData = 0xb400fa68ee34c5e0,7
12-30 11:30:09.714  1547  2118 D ANWAPI  : (1547|0x6EF3FCB0)[BTAPI] media attrib id(5)
12-30 11:30:09.714  1547  2118 D ANWAPI  : (1547|0x6EF3FCB0)[BTAPI] MediaAttr_TotalMediaNum 0 106
12-30 11:30:09.714  1547  2118 D ANWAPI  : (1547|0x6EF3FCB0)[BTAPI] connmgr_find_by_handle pData = 0xb400fa68ee34c5e0,7
12-30 11:30:09.714  1547  2118 D ANWAPI  : (1547|0x6EF3FCB0)[BTAPI] media attrib id(6)
12-30 11:30:09.714  1547  2118 D ANWAPI  : (1547|0x6EF3FCB0)[BTAPI] MediaAttr_Genre 0 106
12-30 11:30:09.714  1547  2118 D ANWAPI  : (1547|0x6EF3FCB0)[BTAPI] connmgr_find_by_handle pData = 0xb400fa68ee34c5e0,7
12-30 11:30:09.714  1547  2118 D ANWAPI  : (1547|0x6EF3FCB0)[BTAPI] media attrib id(7)
12-30 11:30:09.714  1547  2118 D ANWAPI  : (1547|0x6EF3FCB0)[BTAPI] MediaAttr_PlayingTimeMs 6 106
12-30 11:30:09.714  1547  2118 D ANWAPI  : (1547|0x6EF3FCB0)[BTAPI] connmgr_find_by_handle pData = 0xb400fa68ee34c5e0,7
12-30 11:30:09.714  1547  2118 D ANWAPI  : (1547|0x6EF3FCB0)[BTAPI] media attrib id(8)
12-30 11:30:09.714  1547  2118 D ANWAPI  : (1547|0x6EF3FCB0)[BTAPI] MediaAttr_CoverArt 7 106 0
12-30 11:30:09.714  1547  2118 D ANWAPI  : (1547|0x6EF3FCB0)[BTAPI] connmgr_find_by_handle pData = 0xb400fa68ee34c5e0,7
12-30 11:30:09.714  1547  2118 D ANWAPI  : (1547|0x6EF3FCB0)[BTAPI] AVRCP_GET_ELEMENT_ATTRIBUTES_FINISH
12-30 11:30:09.714  1547  2118 D ANWAPI  : (1547|0x6EF3FCB0)[BTAPI] btsdk_avrcp_post_songdetails
12-30 11:30:09.714  1547  2118 D ANWAPI  : (1547|0x6EF3FCB0)[BTAPI] *BT_CB_Dispatch
12-30 11:30:09.714  1547  2118 D ANWAPI  : (1547|0x6EF3FCB0)[BTAPI] *****SDK callback(0x405)
12-30 11:30:09.714  1547  2118 D ANWAPI  : (1547|0x6EF3FCB0)[BTAPI] SDK***** [34:10:be:3d:c6:77][0]
12-30 11:30:09.714  1547  2118 D ANWAPI  : (1547|0x6EF3FCB0)[BTAPI] btsdk_exec_apicb start
12-30 11:30:09.714  1547  2118 D ANWAPI  : (1547|0x6EF3FCB0)[BTAPI] Up: AvrcpMsgHandler receive[34:10:BE:3D:C6:77], Get Device ID(0)
12-30 11:30:09.714  1547  2118 D ANWAPI  : 
12-30 11:30:09.714  1547  2118 D ANWAPI  : (1547|0x6EF3FCB0)[BTAPI] Up: AnWBT_AVRCP_CURRENT_SONG_DETAIL_IND(6)
12-30 11:30:09.714  1547  2118 D ANWAPI  : 
12-30 11:30:09.714  1547  2118 D ANWAPI  : (1547|0x6EF3FCB0)[BTAPI] MediaTitle   : 梦一场 梦一场
12-30 11:30:09.714  1547  2118 D ANWAPI  : 
12-30 11:30:09.714  1547  2118 D ANWAPI  : (1547|0x6EF3FCB0)[BTAPI] PlayingTimeMs: 205014
12-30 11:30:09.714  1547  2118 D ANWAPI  : 
12-30 11:30:09.714  1547  2118 D ANWAPI  : (1547|0x6EF3FCB0)[BTAPI] ArtistName   : Star Crossing Night(feat. GALI) · 徐明浩, GALI
12-30 11:30:09.714  1547  2118 D ANWAPI  : 
12-30 11:30:09.714  1547  2118 D ANWAPI  : (1547|0x6EF3FCB0)[BTAPI] BipHandle: 1000015)
12-30 11:30:09.714  1547  2118 D ANWAPI  : 
12-30 11:30:09.714  1547  2118 D ANWAPI  : (1547|0x6EF3FCB0)[BTAPI] inform track changed cb, num_attr:4
12-30 11:30:09.714  1547  2118 D ANWAPI  : 
12-30 11:30:09.714  1547  2118 I ANW bt_btif: inform_track_changed_cb: HAL bt_rc_ctrl_callbacks->track_changed_cb
12-30 11:30:09.714  1547  2118 I BluetoothAvrcpControllerJni: btavrcp_track_changed_callback
12-30 11:30:09.714  1547  2118 D AvrcpControllerService: onTrackChanged
12-30 11:30:09.714  1547  2118 D AvrcpItem.Builder: 2 = Star Crossing Night(feat. GALI) · 徐明浩, GALI
12-30 11:30:09.715  1547  2118 D AvrcpItem.Builder: 1 = 梦一场 梦一场
12-30 11:30:09.715  1547  2118 D AvrcpItem.Builder: 7 = 205014
12-30 11:30:09.715  1547  2118 D AvrcpItem.Builder: 8 = 1000015
12-30 11:30:09.715  1547  2118 D ANWAPI  : (1547|0x6EF3FCB0)[BTAPI] Up: per 1.5S get ID3 information
12-30 11:30:09.715  1547  2118 D ANWAPI  : 
12-30 11:30:09.715  1547  2118 D ANWAPI  : (1547|0x6EF3FCB0)[BTAPI] AVRCP_Cancel_Auto_Get_ID3(0)
12-30 11:30:09.715  1547  2118 D ANWAPI  : 
12-30 11:30:09.715  1547 19344 D AvrcpControllerStateMachine: Avrcp.ConnectedAvrcpController processMessage MESSAGE_PROCESS_TRACK_CHANGED
12-30 11:30:09.715  1547  2118 D ANWAPI  : (1547|0x6EF3FCB0)[BTAPI] btsdk_exec_apicb end
12-30 11:30:09.715  1547 19344 D AvrcpCoverArtProvider: getImageUri -> content://com.android.bluetooth.avrcpcontroller.AvrcpCoverArtProvider?device=34%3A10%3ABE%3A3D%3AC6%3A77&uuid=0136c232-deb1-4cee-8dee-c09eba3317f8
12-30 11:30:09.715  1547 19344 D BluetoothMediaBrowserService: trackChanged setMetadata=AvrcpItem{mUuid=023989bd-9859-427d-941e-f8f99e634ecc, mUid=0, mItemType=3, mType=0, mDisplayableName=null, mTitle=梦一场 梦一场 mPlayingTime=205014 mTrack=0/0, mPlayable=false, mBrowsable=false, mCoverArtHandle=1000015, mImageUuid=0136c232-deb1-4cee-8dee-c09eba3317f8, mImageUricontent://com.android.bluetooth.avrcpcontroller.AvrcpCoverArtProvider?device=34%3A10%3ABE%3A3D%3AC6%3A77&uuid=0136c232-deb1-4cee-8dee-c09eba3317f8}
12-30 11:30:09.716  1547 19344 D AvrcpControllerStateMachine: removeUnusedArtwork(0136c232-deb1-4cee-8dee-c09eba3317f8)
12-30 11:30:09.716  1547 19344 D AvrcpControllerStateMachine: removeUnusedArtworkFromBrowseTree()
12-30 11:30:09.717   360   931 D EvsDriver: forwardFrame
12-30 11:30:09.718   360   931 D EvsDriver: forwardFrameDirect
12-30 11:30:09.718   360   931 D EvsDriver: Delivered 0xb400e2ca9e40c7a0 as id 1
12-30 11:30:09.718   359   359 D evsmanagerd: /dev/video-evs0 forwarded the buffer #1 to 0xb400f125d2b26dd0 from 0xb400f125e2b20710
12-30 11:30:09.719  1547  2236 D A2dpSinkService: getDevicesMatchingConnectionStates[2]
12-30 11:30:09.719  1547  2236 D A2dpSinkService: Device: XX:XX:XX:XX:C6:77State: 2
12-30 11:30:09.719  1547  2236 D A2dpSinkService: Device: XX:XX:XX:XX:F8:60State: 0
12-30 11:30:09.719  1547  2236 D A2dpSinkService: Device: XX:XX:XX:XX:8D:47State: 0
12-30 11:30:09.719  1547  2236 D A2dpSinkService: [XX:XX:XX:XX:C6:77]
12-30 11:30:09.719  1547  2236 D A2dpSinkService: GetDevicesDone
12-30 11:30:09.721  1547  2236 D A2dpSinkService: getDevicesMatchingConnectionStates[2]
12-30 11:30:09.721  1547  2236 D A2dpSinkService: Device: XX:XX:XX:XX:C6:77State: 2
12-30 11:30:09.721  1547  2236 D A2dpSinkService: Device: XX:XX:XX:XX:F8:60State: 0
12-30 11:30:09.721  1547  2236 D A2dpSinkService: Device: XX:XX:XX:XX:8D:47State: 0
12-30 11:30:09.721  1547  2236 D A2dpSinkService: [XX:XX:XX:XX:C6:77]
12-30 11:30:09.721  1547  2236 D A2dpSinkService: GetDevicesDone
12-30 11:30:09.722  2425  2425 D ME_MEDIA_BTSessionPlayer: onMetadataChanged, mMediaItem: MediaItem{Media Id=MEDIA_BT_SONG_ID, mMetadata=Bundle[{android.media.metadata.ARTIST=Star Crossing Night(feat. GALI) · 徐明浩, GALI, androidx.media2.metadata.BROWSABLE=1, androidx.media2.metadata.EXTRAS=Bundle[{com.mosi.mlsc.mediaengine.EXTRA_KEY_DEVICE_TYPE=5, com.mosi.mlsc.mediaengine.EXTRA_KEY_DEVICE_ID=34:10:BE:3D:C6:77}], android.media.metadata.DURATION=205014, android.media.metadata.ALBUM_ART_URI=content://com.android.bluetooth.avrcpcontroller.AvrcpCoverArtProvider?device=34%3A10%3ABE%3A3D%3AC6%3A77&uuid=0136c232-deb1-4cee-8dee-c09eba3317f8, android.media.metadata.MEDIA_ID=MEDIA_BT_SONG_ID, android.media.metadata.ALBUM=未知专辑, android.media.metadata.TITLE=梦一场 梦一场}], mStartPositionMs=0, mEndPositionMs=576460752303423487}
12-30 11:30:09.722 21940 21952 D MC2ImplBase: onCustomCommand cmd=com.fawvw.mw.mediaengine.ACTION_MEDIA_STATE_CHANGED
12-30 11:30:09.723   360   458 D EvsDriver: doneWithFrame
12-30 11:30:09.726   650   729 D fgemcucomm: sd Uart data : 6AA60243E40002920241
12-30 11:30:09.726   650   729 D fgemcucomm: rev uart=85841,len=14, data : 6AA68143E40006920200010000BD
12-30 11:30:09.727   398   466 D adayocomadapter-ParseProtocolFunc: printRaWMsg Name[MCUToUPstream recv] len[6] data[920200010000]
12-30 11:30:09.727   398   466 D adayocomadapter-CommunicationManager: onUpstreamback   member[0] dataLength[3] timePoint[10345549]
12-30 11:30:09.727   398   466 D adayocomadapter-ParseProtocolFunc: printRaWMsg Name[onUpstreamback] len[3] data[010000]
12-30 11:30:09.727   398   464 D adayocomadapter-UpstreamHandler: processBeforePacket upSreamtProcessTimePoint[10345549] 
12-30 11:30:09.727   398   464 D adayocomadapter-UpstreamHandler: processPacket UPSTREAM_QUEUE_DATA_TIMEOUT
12-30 11:30:09.727   398   464 D adayocomadapter-ParseProtocolFunc: parseCommonIPCLBytes Processing tableNumber[1]
12-30 11:30:09.727   398   464 D adayocomadapter-ParseProtocolFunc: parseCommonIPCLBytes Processing tablename[Table-1] tableSize[3]
12-30 11:30:09.727   398   464 D adayocomadapter-ParseProtocolFunc: printRaWMsg Name[byteStream recv] len[3] data[010000]
12-30 11:30:09.727   398   464 D adayocomadapter-ParseProtocolFunc: printRaWMsg Name[IPCLtoVHAL] len[7] data[21402048000000]
