12-30 11:27:35.625   398   464 I VehiclePropertyStore: begin to write value to Store: {.timestamp = 10191447525546, .areaId = 0, .prop = 557850880, .status = AVAILABLE, .value = {.int32Values = [1]{0}, .floatValues = [0]{}, .int64Values = [0]{}, .bytes = [0]{}, .stringValue = ""}}
12-30 11:27:35.625   398   464 I DefaultVehicleHal_v2_0: DefaultVehicleHal::onPropertyValue, value:{.timestamp = 10191447525546, .areaId = 0, .prop = 557850880, .status = AVAILABLE, .value = {.int32Values = [1]{0}, .floatValues = [0]{}, .int64Values = [0]{}, .bytes = [0]{}, .stringValue = ""}}
12-30 11:27:35.625   398   464 D DiagPropHandler: is not DiagnosticConfig: 0x21402100
12-30 11:27:35.625   398   464 I VehiclePropertyStore: begin to write value to Store: {.timestamp = 10191447525546, .areaId = 0, .prop = 557850880, .status = AVAILABLE, .value = {.int32Values = [1]{0}, .floatValues = [0]{}, .int64Values = [0]{}, .bytes = [0]{}, .stringValue = ""}}
12-30 11:27:35.625   398   464 D adayocomadapter-CommunicationManager: onUpstreamReceive mPropertyId 0x21402100
12-30 11:27:35.625   398   464 D adayocomadapter-CommunicationManager: onUpstreamReceive mPropertyId 0x214021a1
12-30 11:27:35.625   398   464 D adayocomadapter-CommunicationManager: convertBytesToInt32Memcpy  0
12-30 11:27:35.625   398   464 I vw-vhal : notifyVehicleProperty, propId = 0x214021a1, data = {status: 2, int32Values: [0]}
12-30 11:27:35.625   398   464 I vw-vhal : CanSignalsAdapter::notifyVehicleProperty: solvedValue = {.timestamp = 10191447714879, .areaId = 0, .prop = 557851041, .status = AVAILABLE, .value = {.int32Values = [1]{0}, .floatValues = [0]{}, .int64Values = [0]{}, .bytes = [0]{}, .stringValue = ""}}
12-30 11:27:35.625   398   464 I VehiclePropertyStore: begin to write value to Store: {.timestamp = 10191447714879, .areaId = 0, .prop = 557851041, .status = AVAILABLE, .value = {.int32Values = [1]{0}, .floatValues = [0]{}, .int64Values = [0]{}, .bytes = [0]{}, .stringValue = ""}}
12-30 11:27:35.625   398   464 I DefaultVehicleHal_v2_0: DefaultVehicleHal::onPropertyValue, value:{.timestamp = 10191447714879, .areaId = 0, .prop = 557851041, .status = AVAILABLE, .value = {.int32Values = [1]{0}, .floatValues = [0]{}, .int64Values = [0]{}, .bytes = [0]{}, .stringValue = ""}}
12-30 11:27:35.625   398   464 D DiagPropHandler: is not DiagnosticConfig: 0x214021a1
12-30 11:27:35.625   398   464 I VehiclePropertyStore: begin to write value to Store: {.timestamp = 10191447714879, .areaId = 0, .prop = 557851041, .status = AVAILABLE, .value = {.int32Values = [1]{0}, .floatValues = [0]{}, .int64Values = [0]{}, .bytes = [0]{}, .stringValue = ""}}
12-30 11:27:35.625   398   464 D adayocomadapter-CommunicationManager: onUpstreamReceive mPropertyId 0x214021a1
12-30 11:27:35.626   398   464 D adayocomadapter-CommunicationManager: onUpstreamReceive mPropertyId 0x21402027
12-30 11:27:35.626   398   464 D adayocomadapter-CommunicationManager: convertBytesToInt32Memcpy  0
12-30 11:27:35.626   398   464 I vw-vhal : notifyVehicleProperty, propId = 0x21402027, data = {status: 2, int32Values: [0]}
12-30 11:27:35.626   398   464 I vw-vhal : CanSignalsAdapter::notifyVehicleProperty: solvedValue = {.timestamp = 10191447904879, .areaId = 0, .prop = 557850663, .status = AVAILABLE, .value = {.int32Values = [1]{0}, .floatValues = [0]{}, .int64Values = [0]{}, .bytes = [0]{}, .stringValue = ""}}
12-30 11:27:35.626   398   464 I VehiclePropertyStore: begin to write value to Store: {.timestamp = 10191447904879, .areaId = 0, .prop = 557850663, .status = AVAILABLE, .value = {.int32Values = [1]{0}, .floatValues = [0]{}, .int64Values = [0]{}, .bytes = [0]{}, .stringValue = ""}}
12-30 11:27:35.626   398   464 I DefaultVehicleHal_v2_0: DefaultVehicleHal::onPropertyValue, value:{.timestamp = 10191447904879, .areaId = 0, .prop = 557850663, .status = AVAILABLE, .value = {.int32Values = [1]{0}, .floatValues = [0]{}, .int64Values = [0]{}, .bytes = [0]{}, .stringValue = ""}}
12-30 11:27:35.626   398   464 D DiagPropHandler: is not DiagnosticConfig: 0x21402027
12-30 11:27:35.626   398   464 I VehiclePropertyStore: begin to write value to Store: {.timestamp = 10191447904879, .areaId = 0, .prop = 557850663, .status = AVAILABLE, .value = {.int32Values = [1]{0}, .floatValues = [0]{}, .int64Values = [0]{}, .bytes = [0]{}, .stringValue = ""}}
12-30 11:27:35.626   398   464 D adayocomadapter-CommunicationManager: onUpstreamReceive mPropertyId 0x21402027
12-30 11:27:35.626   398   464 D adayocomadapter-CommunicationManager: onUpstreamReceive mPropertyId 0x21402180
12-30 11:27:35.626   398   464 D adayocomadapter-CommunicationManager: convertBytesToInt32Memcpy  0
12-30 11:27:35.626   398   464 I vw-vhal : notifyVehicleProperty, propId = 0x21402180, data = {status: 2, int32Values: [0]}
12-30 11:27:35.626   398   464 I vw-vhal : CanSignalsAdapter::notifyVehicleProperty: solvedValue = {.timestamp = 10191448119879, .areaId = 0, .prop = 557851008, .status = AVAILABLE, .value = {.int32Values = [1]{0}, .floatValues = [0]{}, .int64Values = [0]{}, .bytes = [0]{}, .stringValue = ""}}
12-30 11:27:35.626   398   464 I VehiclePropertyStore: begin to write value to Store: {.timestamp = 10191448119879, .areaId = 0, .prop = 557851008, .status = AVAILABLE, .value = {.int32Values = [1]{0}, .floatValues = [0]{}, .int64Values = [0]{}, .bytes = [0]{}, .stringValue = ""}}
12-30 11:27:35.626   398   464 I DefaultVehicleHal_v2_0: DefaultVehicleHal::onPropertyValue, value:{.timestamp = 10191448119879, .areaId = 0, .prop = 557851008, .status = AVAILABLE, .value = {.int32Values = [1]{0}, .floatValues = [0]{}, .int64Values = [0]{}, .bytes = [0]{}, .stringValue = ""}}
12-30 11:27:35.626   398   464 D DiagPropHandler: is not DiagnosticConfig: 0x21402180
12-30 11:27:35.626   360   458 D EvsDriver: doneWithFrame
12-30 11:27:35.626   398   464 I VehiclePropertyStore: begin to write value to Store: {.timestamp = 10191448119879, .areaId = 0, .prop = 557851008, .status = AVAILABLE, .value = {.int32Values = [1]{0}, .floatValues = [0]{}, .int64Values = [0]{}, .bytes = [0]{}, .stringValue = ""}}
12-30 11:27:35.626   398   464 D adayocomadapter-CommunicationManager: onUpstreamReceive mPropertyId 0x21402180
12-30 11:27:35.626   398   464 D adayocomadapter-CommunicationManager: onUpstreamReceive mPropertyId 0x2140210b
12-30 11:27:35.626   398   464 D adayocomadapter-CommunicationManager: convertBytesToInt32Memcpy  0
12-30 11:27:35.626   398   464 I vw-vhal : notifyVehicleProperty, propId = 0x2140210b, data = {status: 2, int32Values: [0]}
12-30 11:27:35.626   398   464 I vw-vhal : CanSignalsAdapter::notifyVehicleProperty: solvedValue = {.timestamp = 10191448317879, .areaId = 0, .prop = 557850891, .status = AVAILABLE, .value = {.int32Values = [1]{0}, .floatValues = [0]{}, .int64Values = [0]{}, .bytes = [0]{}, .stringValue = ""}}
12-30 11:27:35.626   398   464 I VehiclePropertyStore: begin to write value to Store: {.timestamp = 10191448317879, .areaId = 0, .prop = 557850891, .status = AVAILABLE, .value = {.int32Values = [1]{0}, .floatValues = [0]{}, .int64Values = [0]{}, .bytes = [0]{}, .stringValue = ""}}
12-30 11:27:35.626   398   464 I DefaultVehicleHal_v2_0: DefaultVehicleHal::onPropertyValue, value:{.timestamp = 10191448317879, .areaId = 0, .prop = 557850891, .status = AVAILABLE, .value = {.int32Values = [1]{0}, .floatValues = [0]{}, .int64Values = [0]{}, .bytes = [0]{}, .stringValue = ""}}
12-30 11:27:35.626   398   464 D DiagPropHandler: is not DiagnosticConfig: 0x2140210b
12-30 11:27:35.626   398   464 I VehiclePropertyStore: begin to write value to Store: {.timestamp = 10191448317879, .areaId = 0, .prop = 557850891, .status = AVAILABLE, .value = {.int32Values = [1]{0}, .floatValues = [0]{}, .int64Values = [0]{}, .bytes = [0]{}, .stringValue = ""}}
12-30 11:27:35.626   398   464 D adayocomadapter-CommunicationManager: onUpstreamReceive mPropertyId 0x2140210b
12-30 11:27:35.626   398   464 D adayocomadapter-CommunicationManager: onUpstreamReceive mPropertyId 0x2140217e
12-30 11:27:35.626   398   464 D adayocomadapter-CommunicationManager: convertBytesToInt32Memcpy  0
12-30 11:27:35.626   398   464 I vw-vhal : notifyVehicleProperty, propId = 0x2140217e, data = {status: 2, int32Values: [0]}
12-30 11:27:35.626   398   464 I vw-vhal : CanSignalsAdapter::notifyVehicleProperty: solvedValue = {.timestamp = 10191448532546, .areaId = 0, .prop = 557851006, .status = AVAILABLE, .value = {.int32Values = [1]{0}, .floatValues = [0]{}, .int64Values = [0]{}, .bytes = [0]{}, .stringValue = ""}}
12-30 11:27:35.626   398   464 I VehiclePropertyStore: begin to write value to Store: {.timestamp = 10191448532546, .areaId = 0, .prop = 557851006, .status = AVAILABLE, .value = {.int32Values = [1]{0}, .floatValues = [0]{}, .int64Values = [0]{}, .bytes = [0]{}, .stringValue = ""}}
12-30 11:27:35.626   398   464 I DefaultVehicleHal_v2_0: DefaultVehicleHal::onPropertyValue, value:{.timestamp = 10191448532546, .areaId = 0, .prop = 557851006, .status = AVAILABLE, .value = {.int32Values = [1]{0}, .floatValues = [0]{}, .int64Values = [0]{}, .bytes = [0]{}, .stringValue = ""}}
12-30 11:27:35.626   398   464 D DiagPropHandler: is not DiagnosticConfig: 0x2140217e
12-30 11:27:35.626   398   464 I VehiclePropertyStore: begin to write value to Store: {.timestamp = 10191448532546, .areaId = 0, .prop = 557851006, .status = AVAILABLE, .value = {.int32Values = [1]{0}, .floatValues = [0]{}, .int64Values = [0]{}, .bytes = [0]{}, .stringValue = ""}}
12-30 11:27:35.626   398   464 D adayocomadapter-CommunicationManager: onUpstreamReceive mPropertyId 0x2140217e
12-30 11:27:35.626   398   464 D adayocomadapter-CommunicationManager: onUpstreamReceive mPropertyId 0x214020fe
12-30 11:27:35.626   398   464 D adayocomadapter-CommunicationManager: convertBytesToInt32Memcpy  0
12-30 11:27:35.627  2358  2623 D RcfController: Rcf proxy is not connected!
12-30 11:27:35.628   398   464 I vw-vhal : notifyVehicleProperty, propId = 0x214020fe, data = {status: 2, int32Values: [0]}
12-30 11:27:35.628   398   464 I vw-vhal : CanSignalsAdapter::notifyVehicleProperty: solvedValue = {.timestamp = 10191450215212, .areaId = 0, .prop = 557850878, .status = AVAILABLE, .value = {.int32Values = [1]{0}, .floatValues = [0]{}, .int64Values = [0]{}, .bytes = [0]{}, .stringValue = ""}}
12-30 11:27:35.628   398   464 I VehiclePropertyStore: begin to write value to Store: {.timestamp = 10191450215212, .areaId = 0, .prop = 557850878, .status = AVAILABLE, .value = {.int32Values = [1]{0}, .floatValues = [0]{}, .int64Values = [0]{}, .bytes = [0]{}, .stringValue = ""}}
12-30 11:27:35.628   398   464 I DefaultVehicleHal_v2_0: DefaultVehicleHal::onPropertyValue, value:{.timestamp = 10191450215212, .areaId = 0, .prop = 557850878, .status = AVAILABLE, .value = {.int32Values = [1]{0}, .floatValues = [0]{}, .int64Values = [0]{}, .bytes = [0]{}, .stringValue = ""}}
12-30 11:27:35.628   398   464 D DiagPropHandler: is not DiagnosticConfig: 0x214020fe
12-30 11:27:35.628   398   464 I VehiclePropertyStore: begin to write value to Store: {.timestamp = 10191450215212, .areaId = 0, .prop = 557850878, .status = AVAILABLE, .value = {.int32Values = [1]{0}, .floatValues = [0]{}, .int64Values = [0]{}, .bytes = [0]{}, .stringValue = ""}}
12-30 11:27:35.628   398   464 D adayocomadapter-CommunicationManager: onUpstreamReceive mPropertyId 0x214020fe
12-30 11:27:35.628   398   464 D adayocomadapter-CommunicationManager: onUpstreamReceive mPropertyId 0x214020ff
12-30 11:27:35.628   398   464 D adayocomadapter-CommunicationManager: convertBytesToInt32Memcpy  0
12-30 11:27:35.628   398   464 I vw-vhal : notifyVehicleProperty, propId = 0x214020ff, data = {status: 2, int32Values: [0]}
12-30 11:27:35.628   398   464 I vw-vhal : CanSignalsAdapter::notifyVehicleProperty: solvedValue = {.timestamp = 10191450441212, .areaId = 0, .prop = 557850879, .status = AVAILABLE, .value = {.int32Values = [1]{0}, .floatValues = [0]{}, .int64Values = [0]{}, .bytes = [0]{}, .stringValue = ""}}
12-30 11:27:35.628   398   464 I VehiclePropertyStore: begin to write value to Store: {.timestamp = 10191450441212, .areaId = 0, .prop = 557850879, .status = AVAILABLE, .value = {.int32Values = [1]{0}, .floatValues = [0]{}, .int64Values = [0]{}, .bytes = [0]{}, .stringValue = ""}}
12-30 11:27:35.628   398   464 I DefaultVehicleHal_v2_0: DefaultVehicleHal::onPropertyValue, value:{.timestamp = 10191450441212, .areaId = 0, .prop = 557850879, .status = AVAILABLE, .value = {.int32Values = [1]{0}, .floatValues = [0]{}, .int64Values = [0]{}, .bytes = [0]{}, .stringValue = ""}}
12-30 11:27:35.628   398   464 D DiagPropHandler: is not DiagnosticConfig: 0x214020ff
12-30 11:27:35.628   398   464 I VehiclePropertyStore: begin to write value to Store: {.timestamp = 10191450441212, .areaId = 0, .prop = 557850879, .status = AVAILABLE, .value = {.int32Values = [1]{0}, .floatValues = [0]{}, .int64Values = [0]{}, .bytes = [0]{}, .stringValue = ""}}
12-30 11:27:35.628   398   464 D adayocomadapter-CommunicationManager: onUpstreamReceive mPropertyId 0x214020ff
12-30 11:27:35.628   398   464 D adayocomadapter-CommunicationManager: onUpstreamReceive mPropertyId 0x21402182
12-30 11:27:35.628   398   464 D adayocomadapter-CommunicationManager: convertBytesToInt32Memcpy  0
12-30 11:27:35.628   398   464 I vw-vhal : notifyVehicleProperty, propId = 0x21402182, data = {status: 2, int32Values: [0]}
12-30 11:27:35.628   398   464 I vw-vhal : CanSignalsAdapter::notifyVehicleProperty: solvedValue = {.timestamp = 10191450638212, .areaId = 0, .prop = 557851010, .status = AVAILABLE, .value = {.int32Values = [1]{0}, .floatValues = [0]{}, .int64Values = [0]{}, .bytes = [0]{}, .stringValue = ""}}
12-30 11:27:35.628   398   464 I VehiclePropertyStore: begin to write value to Store: {.timestamp = 10191450638212, .areaId = 0, .prop = 557851010, .status = AVAILABLE, .value = {.int32Values = [1]{0}, .floatValues = [0]{}, .int64Values = [0]{}, .bytes = [0]{}, .stringValue = ""}}
12-30 11:27:35.628   398   464 I DefaultVehicleHal_v2_0: DefaultVehicleHal::onPropertyValue, value:{.timestamp = 10191450638212, .areaId = 0, .prop = 557851010, .status = AVAILABLE, .value = {.int32Values = [1]{0}, .floatValues = [0]{}, .int64Values = [0]{}, .bytes = [0]{}, .stringValue = ""}}
12-30 11:27:35.628   398   464 D DiagPropHandler: is not DiagnosticConfig: 0x21402182
12-30 11:27:35.628   398   464 I VehiclePropertyStore: begin to write value to Store: {.timestamp = 10191450638212, .areaId = 0, .prop = 557851010, .status = AVAILABLE, .value = {.int32Values = [1]{0}, .floatValues = [0]{}, .int64Values = [0]{}, .bytes = [0]{}, .stringValue = ""}}
12-30 11:27:35.628   398   464 D adayocomadapter-CommunicationManager: onUpstreamReceive mPropertyId 0x21402182
12-30 11:27:35.645   596  3076 E WifiHAL : Invalid data received from driver
12-30 11:27:35.653   360   931 D EvsDriver: forwardFrame
12-30 11:27:35.653   360   931 D EvsDriver: forwardFrameDirect
12-30 11:27:35.653   360   931 D EvsDriver: Delivered 0xb400e2ca9e40d090 as id 1
12-30 11:27:35.654   359  2784 D evsmanagerd: /dev/video-evs0 forwarded the buffer #1 to 0xb400f125d2b26dd0 from 0xb400f125e2b20710
12-30 11:27:35.655  2475  2681 I TtsServiceAgent: check thread start checking, threadId = 29
12-30 11:27:35.655  2475  2681 D TtsServiceAgent: start bind service...
12-30 11:27:35.655  2475  2681 D TtsServiceAgent: ----->initService, usage = 16
12-30 11:27:35.656  2475  2681 W ContextImpl: Calling a method in the system process without a qualified user: android.app.ContextImpl.bindService:1988 android.content.ContextWrapper.bindService:861 com.iflytek.autofly.ttsaidl.ttsproxy.TtsServiceAgent.initService:189 com.iflytek.autofly.ttsaidl.ttsproxy.TtsServiceAgent.initService:133 com.iflytek.autofly.ttsaidl.ttsproxy.TtsServiceAgent$2.run:517 
12-30 11:27:35.656   360   458 D EvsDriver: doneWithFrame
12-30 11:27:35.656   916  2591 W ActivityManager: Unable to start service Intent { act=com.iflytek.autofly.tts.ttsservice.TtsAdapterService cmp=com.iflytek.cutefly.speechclient.hmi/com.iflytek.autofly.tts.ttsservice.TtsAdapterService } U=0: not found
12-30 11:27:35.656  2475  2681 D TtsServiceAgent: bindService: false
12-30 11:27:35.656  2475  2681 D TtsServiceAgent: start reInitService
12-30 11:27:35.656  2475  2681 D TtsServiceAgent: aidlCheckThreadRunning = true
12-30 11:27:35.656  2475  2681 D TtsServiceAgent: ----->check connection status in 1000s...
12-30 11:27:35.663  1628  1851 I CCarServiceManager: CarServiceManager->t()35:link:[48]     ---26:pool-2-thread-1
12-30 11:27:35.663  1628  1851 I CCarServiceManager: CarServiceManager->t()64:link 转换后:48     ---26:pool-2-thread-1
12-30 11:27:35.663  1628  1851 I CCarServiceManager: CarServiceManager->t()84:link 转换后:48     ---26:pool-2-thread-1
12-30 11:27:35.663  1628  1851 D CarPropertyManager: setProperty, propertyId: 0x2141400f, areaId: 0x0, class: class [Ljava.lang.Integer;, val: [Ljava.lang.Integer;@8d65ce4
12-30 11:27:35.664  1365  2014 D CarPropertyService: mSyncGetSetPropertyOpCount: 1
12-30 11:27:35.664   398   466 I DefaultVehicleHal_v2_0: DefaultVehicleHal::set, current value:{.timestamp = 0, .areaId = 0, .prop = 557924367, .status = AVAILABLE, .value = {.int32Values = [1]{0}, .floatValues = [0]{}, .int64Values = [0]{}, .bytes = [0]{}, .stringValue = ""}}
12-30 11:27:35.665   398   466 I DefaultVehicleHalServer: onSetProperty(0x2141400f)
12-30 11:27:35.665   398   466 D vw-vhal : CanSignalsAdapter::setVehicleProperty: propValue = {.timestamp = 0, .areaId = 0, .prop = 557924367, .status = AVAILABLE, .value = {.int32Values = [1]{1}, .floatValues = [0]{}, .int64Values = [0]{}, .bytes = [0]{}, .stringValue = ""}}
12-30 11:27:35.665   398   466 D vw-vhal : CanSignalsAdapter::setVehicleProperty: propId = 0x2141400f, data = {status: 0, int32Values: [1]}
12-30 11:27:35.665   398   466 D adayocomadapter-CommunicationManager: setProperty id=[557924367]
12-30 11:27:35.665   398   466 D adayocomadapter-CommunicationManager: writeValue id=[557924367]
12-30 11:27:35.665   398   466 D adayocomadapter-VehiclePropertyStore: writeValue id=[557924367]
12-30 11:27:35.665   398   466 D adayocomadapter-CommunicationManager: sendToDownstream mPropertyId 0x2141400f
12-30 11:27:35.665   398   466 D adayocomadapter-ParseProtocolFunc: printRaWMsg Name[sendToDownstream] len[4] data[00000000]
12-30 11:27:35.665   398   466 D adayocomadapter-ParseProtocolFunc: printRaWMsg Name[sendToDownstream] len[4] data[2141400F]
12-30 11:27:35.665   398   466 D adayocomadapter-ParseProtocolFunc: printRaWMsg Name[sendToDownstream] len[5] data[2141400F01]
12-30 11:27:35.665   398   466 D adayocomadapter-CommunicationManager: sendToDownstream ret[0]   member[130] dataLength[1] timePoint[10191487] 
12-30 11:27:35.665   398   466 D adayocomadapter-ParseProtocolFunc: printRaWMsg Name[sendToDownstream] len[5] data[2141400F01]
12-30 11:27:35.665   398   466 D adayocomadapter-CommunicationManager: sendToDownstream  000 mPropertyId[0x557924367]  
12-30 11:27:35.665   398   698 D adayocomadapter-DownstreamHandler: processBeforePacket downSreamtProcessTimePoint[10191487] 
12-30 11:27:35.665   398   698 D adayocomadapter-DownstreamHandler: DownstreamHandler processPacket 
12-30 11:27:35.665   398   698 D adayocomadapter-DownstreamHandler: DownstreamHandler processPacket valueIndex 0x2141400f
12-30 11:27:35.665   398   698 D adayocomadapter-DownstreamHandler: DownstreamHandler processPacket 0002
12-30 11:27:35.665   398   698 D adayocomadapter-DownstreamHandler: DownstreamHandler processPacket sendMCUData2 
12-30 11:27:35.665  1365  2014 D CarPropertyService: mSyncGetSetPropertyOpCount: 0
12-30 11:27:35.665   398   698 D adayocomadapter-CommunicationManager: sendMCUData 
12-30 11:27:35.665   398   698 D adayocomadapter-MCUInterfaceHandler: sendToMCU start
12-30 11:27:35.665   650   730 D fgemcucomm: sd Uart data : 6AA6011EC100081202022141400F0150
12-30 11:27:35.665   398   698 D adayocomadapter-ParseProtocolFunc: printRaWMsg Name[sendToMCU] len[8] data[1202022141400F01]
12-30 11:27:35.665  1628  1851 I CCarServiceManager: CarServiceManager->t()118:link:0     ---26:pool-2-thread-1
12-30 11:27:35.678  2358  2623 D RcfController: Rcf proxy is not connected!
12-30 11:27:35.687   360   931 D EvsDriver: forwardFrame
12-30 11:27:35.687   360   931 D EvsDriver: forwardFrameDirect
12-30 11:27:35.687   360   931 D EvsDriver: Delivered 0xb400e2ca9e40e110 as id 0
12-30 11:27:35.687   359  2784 D evsmanagerd: /dev/video-evs0 forwarded the buffer #0 to 0xb400f125d2b26dd0 from 0xb400f125e2b20710
12-30 11:27:35.697   360   458 D EvsDriver: doneWithFrame
12-30 11:27:35.718   596  3076 E WifiHAL : Invalid data received from driver
12-30 11:27:35.720   360   931 D EvsDriver: forwardFrame
12-30 11:27:35.720   360   931 D EvsDriver: forwardFrameDirect
12-30 11:27:35.720   360   931 D EvsDriver: Delivered 0xb400e2ca9e40c7a0 as id 1
12-30 11:27:35.720   359  2784 D evsmanagerd: /dev/video-evs0 forwarded the buffer #1 to 0xb400f125d2b26dd0 from 0xb400f125e2b20710
12-30 11:27:35.721   650   730 D fgemcucomm: file = hardware/interfaces/fgemcucomm/1.0/default/mcucomm/src/mcuCommFunctionTimer.cpp, function = startTimer  start timer OK = 7873 
12-30 11:27:35.727   360   458 D EvsDriver: doneWithFrame
12-30 11:27:35.728  2358  2623 D RcfController: Rcf proxy is not connected!
12-30 11:27:35.737   650   729 D fgemcucomm: file = hardware/interfaces/fgemcucomm/1.0/default/mcucomm/src/mcuCommFunctionTimer.cpp, func = stopTimer  stop timer = 7873 
12-30 11:27:35.737   650   729 D fgemcucomm: rev uart=84179,len=10, data : 6AA6821EC10002120289
12-30 11:27:35.753   360   931 D EvsDriver: forwardFrame
12-30 11:27:35.753   360   931 D EvsDriver: forwardFrameDirect
12-30 11:27:35.753   360   931 D EvsDriver: Delivered 0xb400e2ca9e40e270 as id 0
12-30 11:27:35.754   359  2784 D evsmanagerd: /dev/video-evs0 forwarded the buffer #0 to 0xb400f125d2b26dd0 from 0xb400f125e2b20710
12-30 11:27:35.757   360   458 D EvsDriver: doneWithFrame
12-30 11:27:35.758  1547  2118 D ANWStack: [  10191579][ANWBT] >>Avctp_L2cap_Data_Ind_Cb
12-30 11:27:35.758  1547  2118 D ANWStack: 
12-30 11:27:35.758  1547  2118 D ANWStack: [  10191579][ANWBT] AVCTP Message Length = 158
12-30 11:27:35.758  1547  2118 D ANWStack: [  10191579][ANWBT] Receive AVCTP_SINGLE_PACKET
12-30 11:27:35.758  1547  2118 D ANW_AVRCP: (1547|0x6EF3FCB0)[AVRCP] [**AVRCP**] 0xb2 0x110e
12-30 11:27:35.758  1547  2118 D ANW_AVRCP: (1547|0x6EF3FCB0)[AVRCP] opcode match 0x0
12-30 11:27:35.758  1547  2118 D ANW_AVRCP: 
12-30 11:27:35.758  1547  2118 D ANW_AVRCP: (1547|0x6EF3FCB0)[AVRCP] subopcode match 0x20, update ctype 0x1->0xc
12-30 11:27:35.758  1547  2118 D ANW_AVRCP: 
12-30 11:27:35.758  1547  2118 D ANW_AVRCP: (1547|0x6EF3FCB0)[AVRCP] AVRCP_Packet_Parser Response
12-30 11:27:35.758  1547  2118 D ANW_AVRCP: 
12-30 11:27:35.758  1547  2118 D ANW_AVRCP: (1547|0x6EF3FCB0)[AVRCP] AVRCP_Get_Element_Attributes_RSP_Handler
12-30 11:27:35.758  1547  2118 D ANW_AVRCP: (1547|0x6EF3FCB0)[AVRCP] num of attributes: 8
12-30 11:27:35.758  1547  2118 D ANW_AVRCP: 
12-30 11:27:35.758  1547  2118 D ANWAPI  : (1547|0x6EF3FCB0)[BTAPI] connmgr_find_by_handle pData = 0xb400fa68ee34c5e0,7
12-30 11:27:35.758  1547  2118 D ANWAPI  : (1547|0x6EF3FCB0)[BTAPI] AVRCP_GET_ELEMENT_ATTRIBUTES
12-30 11:27:35.758  1547  2118 D ANWAPI  : (1547|0x6EF3FCB0)[BTAPI] connmgr_find_by_handle pData = 0xb400fa68ee34c5e0,7
12-30 11:27:35.758  1547  2118 D ANWAPI  : (1547|0x6EF3FCB0)[BTAPI] songdetail_ptr==0
12-30 11:27:35.758  1547  2118 D ANWAPI  : (1547|0x6EF3FCB0)[BTAPI] connmgr_find_by_handle pData = 0xb400fa68ee34c5e0,7
12-30 11:27:35.758  1547  2118 D ANWAPI  : (1547|0x6EF3FCB0)[BTAPI] songdetail_ptr==0
12-30 11:27:35.758  1547  2118 D ANWAPI  : (1547|0x6EF3FCB0)[BTAPI] connmgr_find_by_handle pData = 0xb400fa68ee34c5e0,7
12-30 11:27:35.758  1547  2118 D ANWAPI  : (1547|0x6EF3FCB0)[BTAPI] songdetail_ptr==0
12-30 11:27:35.758  1547  2118 D ANWAPI  : (1547|0x6EF3FCB0)[BTAPI] connmgr_find_by_handle pData = 0xb400fa68ee34c5e0,7
12-30 11:27:35.758  1547  2118 D ANWAPI  : (1547|0x6EF3FCB0)[BTAPI] songdetail_ptr==0
12-30 11:27:35.758  1547  2118 D ANWAPI  : (1547|0x6EF3FCB0)[BTAPI] connmgr_find_by_handle pData = 0xb400fa68ee34c5e0,7
12-30 11:27:35.758  1547  2118 D ANWAPI  : (1547|0x6EF3FCB0)[BTAPI] songdetail_ptr==0
12-30 11:27:35.758  1547  2118 D ANWAPI  : (1547|0x6EF3FCB0)[BTAPI] connmgr_find_by_handle pData = 0xb400fa68ee34c5e0,7
12-30 11:27:35.758  1547  2118 D ANWAPI  : (1547|0x6EF3FCB0)[BTAPI] songdetail_ptr==0
12-30 11:27:35.758  1547  2118 D ANWAPI  : (1547|0x6EF3FCB0)[BTAPI] connmgr_find_by_handle pData = 0xb400fa68ee34c5e0,7
12-30 11:27:35.758  1547  2118 D ANWAPI  : (1547|0x6EF3FCB0)[BTAPI] songdetail_ptr==0
12-30 11:27:35.758  1547  2118 D ANWAPI  : (1547|0x6EF3FCB0)[BTAPI] connmgr_find_by_handle pData = 0xb400fa68ee34c5e0,7
12-30 11:27:35.759  1547  2118 D ANWAPI  : (1547|0x6EF3FCB0)[BTAPI] songdetail_ptr==0
12-30 11:27:35.759  1547  2118 D ANWAPI  : (1547|0x6EF3FCB0)[BTAPI] connmgr_find_by_handle pData = 0xb400fa68ee34c5e0,7
12-30 11:27:35.759  1547  2118 D ANWAPI  : (1547|0x6EF3FCB0)[BTAPI] AVRCP_GET_ELEMENT_ATTRIBUTES_FINISH
12-30 11:27:35.761  1547  2118 D ANWStack: [  10191583][ANWBT] >>Avctp_L2cap_Data_Ind_Cb
12-30 11:27:35.761  1547  2118 D ANWStack: 
12-30 11:27:35.762  1547  2118 D ANWStack: [  10191583][ANWBT] AVCTP Message Length = 22
12-30 11:27:35.762  1547  2118 D ANWStack: [  10191583][ANWBT] Receive AVCTP_SINGLE_PACKET
12-30 11:27:35.762  1547  2118 D ANW_AVRCP: (1547|0x6EF3FCB0)[AVRCP] [**AVRCP**] 0xc2 0x110e
12-30 11:27:35.762  1547  2118 D ANW_AVRCP: (1547|0x6EF3FCB0)[AVRCP] opcode match 0x0
12-30 11:27:35.762  1547  2118 D ANW_AVRCP: 
12-30 11:27:35.762  1547  2118 D ANW_AVRCP: (1547|0x6EF3FCB0)[AVRCP] subopcode match 0x30, update ctype 0x1->0xc
12-30 11:27:35.762  1547  2118 D ANW_AVRCP: 
12-30 11:27:35.762  1547  2118 D ANW_AVRCP: (1547|0x6EF3FCB0)[AVRCP] AVRCP_Packet_Parser Response
12-30 11:27:35.762  1547  2118 D ANW_AVRCP: 
12-30 11:27:35.762  1547  2118 D ANW_AVRCP: (1547|0x6EF3FCB0)[AVRCP] AVRCP_Get_Play_Status_RSP_Handler 164999/275911 2
12-30 11:27:35.762  1547  2118 D ANWAPI  : (1547|0x6EF3FCB0)[BTAPI] connmgr_find_by_handle pData = 0xb400fa68ee34c5e0,7
12-30 11:27:35.762  1547  2118 D ANWAPI  : (1547|0x6EF3FCB0)[BTAPI] ===BTAPI_MallocIdxMsg 1030 16
12-30 11:27:35.762  1547  2118 D ANWAPI  : (1547|0x6EF3FCB0)[BTAPI] *BT_CB_Dispatch
12-30 11:27:35.762  1547  2118 D ANWAPI  : (1547|0x6EF3FCB0)[BTAPI] *****SDK callback(0x406)
12-30 11:27:35.762  1547  2118 D ANWAPI  : (1547|0x6EF3FCB0)[BTAPI] SDK***** [34:10:be:3d:c6:77][0]
12-30 11:27:35.762  1547  2118 D ANWAPI  : (1547|0x6EF3FCB0)[BTAPI] btsdk_exec_apicb start
12-30 11:27:35.762  1547  2118 D ANWAPI  : (1547|0x6EF3FCB0)[BTAPI] Up: AvrcpMsgHandler receive[34:10:BE:3D:C6:77], Get Device ID(0)
12-30 11:27:35.762  1547  2118 D ANWAPI  : 
12-30 11:27:35.762  1547  2118 D ANWAPI  : (1547|0x6EF3FCB0)[BTAPI] Up: AnWBT_AVRCP_CURRENT_PLAY_STATUS_IND
12-30 11:27:35.762  1547  2118 D ANWAPI  : 
12-30 11:27:35.762  1547  2118 D ANWAPI  : (1547|0x6EF3FCB0)[BTAPI] songLengthMs     =275911
12-30 11:27:35.762  1547  2118 D ANWAPI  : 
12-30 11:27:35.762  1547  2118 D ANWAPI  : (1547|0x6EF3FCB0)[BTAPI] songPositionMs   =164999
12-30 11:27:35.762  1547  2118 D ANWAPI  : 
12-30 11:27:35.762  1547  2118 I ANW bt_btif: AvrcpMsgHandler: HAL bt_rc_ctrl_callbacks->play_position_changed_cb
12-30 11:27:35.762  1547  2118 I BluetoothAvrcpControllerJni: btavrcp_play_position_changed_callback
12-30 11:27:35.762  1547  2118 D AvrcpControllerService: onPlayPositionChanged pos 164999
12-30 11:27:35.763  1547  2118 D ANWAPI  : (1547|0x6EF3FCB0)[BTAPI] currentPlayStatus=2
12-30 11:27:35.763  1547  2118 D ANWAPI  : 
12-30 11:27:35.763  1547  2118 I ANW bt_btif: AvrcpMsgHandler: HAL bt_rc_ctrl_callbacks->play_status_changed_cb
12-30 11:27:35.763  1547 19344 D AvrcpControllerStateMachine: Avrcp.ConnectedAvrcpController processMessage MESSAGE_PROCESS_PLAY_POS_CHANGED
12-30 11:27:35.763  1547  2118 I BluetoothAvrcpControllerJni: btavrcp_play_status_changed_callback
12-30 11:27:35.763  1547 19344 D AvrcpPlayer: getPlayBackState state 3 time 164999
12-30 11:27:35.763  1547 19344 D BluetoothMediaBrowserService: notifyChanged PlaybackStatePlaybackState {state=3, position=164999, buffered position=0, speed=1.0, updated=10191585, actions=2375735, error code=0, error message=null, custom actions=[], active item id=-1}
12-30 11:27:35.763  1547  2118 D AvrcpControllerService: onPlayStatusChanged 2
12-30 11:27:35.763  1547  2118 D ANWAPI  : (1547|0x6EF3FCB0)[BTAPI] btsdk_exec_apicb end
12-30 11:27:35.764  1547 19344 D AvrcpControllerStateMachine: Avrcp.ConnectedAvrcpController processMessage MESSAGE_PROCESS_PLAY_STATUS_CHANGED
12-30 11:27:35.764  1547 19344 D AvrcpControllerStateMachine: Playback status changed to 2
12-30 11:27:35.764  1547 19344 D AvrcpPlayer: getPlayBackState state 2 time 165000
12-30 11:27:35.764  1547 19344 D BluetoothMediaBrowserService: notifyChanged PlaybackStatePlaybackState {state=2, position=165000, buffered position=0, speed=0.0, updated=10191586, actions=2375735, error code=0, error message=null, custom actions=[], active item id=-1}
12-30 11:27:35.764 21940 21940 D MediaSessionMonitor: onPlaybackStateChanged: [com.android.bluetooth] state = 3
12-30 11:27:35.764 21940 21940 D MediaSessionMonitor: updateSourcePlayState: pkg = com.android.bluetooth, state = 3
12-30 11:27:35.764 21940 21952 D MC2ImplBase: onCustomCommand cmd=com.fawvw.mw.mediaengine.ACTION_PLAYER_POSITION_CHANGED
12-30 11:27:35.764  1547 19344 D AvrcpPlayer: getPlayBackState state 2 time 165000
12-30 11:27:35.765 21940 21940 I CNS_MEDIA_BT_MUSIC__MediaClient: onCustomCommand, action: com.fawvw.mw.mediaengine.ACTION_PLAYER_POSITION_CHANGED, extra: Bundle[mParcelledData.dataSize=124]
12-30 11:27:35.765  2045  2131 D InfotainmentBridge_Native: fireDuration
12-30 11:27:35.765  2045  2131 D InfotainmentBridge_Native: fireDuration() -- source: 3
12-30 11:27:35.765  2045  2131 D InfotainmentBridge_Native: fireDuration() -- value_16: 164
12-30 11:27:35.765  2425  2425 I ME_MEDIA_BTSessionPlayer: onPlaybackStateChanged: previous:2, now:1
12-30 11:27:35.766 21940 19613 D MC2ImplBase: onCustomCommand cmd=com.fawvw.mw.mediaengine.ACTION_PLAYER_STATE_CHANGED
12-30 11:27:35.766 21940 21940 D MediaSessionMonitor: onPlaybackStateChanged: [com.android.bluetooth] state = 2
12-30 11:27:35.766 21940 21940 D MediaSessionMonitor: updateSourcePlayState: pkg = com.android.bluetooth, state = 2
12-30 11:27:35.766 21940 21940 D SourceManager: updateActiveSourceState: state = ActiveSourceState:[pkg]=com.fawvw.hmi.btmusic, [state]=2, last activeState = ActiveSourceState:[pkg]=com.fawvw.hmi.btmusic, [state]=3
12-30 11:27:35.766 21940 19613 D MC2ImplBase: onCustomCommand cmd=com.fawvw.mw.mediaengine.ACTION_PLAYER_POSITION_CHANGED
12-30 11:27:35.766 21940 21940 I CNS_MEDIA_BT_MUSIC__MediaClient: onCustomCommand, action: com.fawvw.mw.mediaengine.ACTION_PLAYER_STATE_CHANGED, extra: Bundle[mParcelledData.dataSize=112]
12-30 11:27:35.766 21940 21940 I CNS_MEDIA_BT_MUSIC__MediaClient: onCustomCommand: player state changed: 1
12-30 11:27:35.767 21940 21940 I CNS_MEDIA_BT_MUSIC__a: uploadData, eventId: lmEnd, data: {"songName":"未知歌曲","singerName":"未知艺术家","albumName":"未知专辑","method":"暂停","totalTime":0,"operationType":"","source":"其他"}
12-30 11:27:35.767 21940 21940 D CNS_MEDIA_BT_MUSIC__c: sendMediaInfo2SDS: state = 1, item = Bundle[{android.media.metadata.ARTIST=未知艺术家, androidx.media2.metadata.BROWSABLE=1, androidx.media2.metadata.EXTRAS=Bundle[{com.mosi.mlsc.mediaengine.EXTRA_KEY_DEVICE_TYPE=5, com.mosi.mlsc.mediaengine.EXTRA_KEY_DEVICE_ID=34:10:BE:3D:C6:77}], android.media.metadata.DURATION=0, android.media.metadata.ALBUM_ART_URI=null, android.media.metadata.MEDIA_ID=MEDIA_BT_SONG_ID, android.media.metadata.ALBUM=未知专辑, android.media.metadata.TITLE=未知歌曲}]
12-30 11:27:35.767 21940 21940 I CNS_MEDIA_BT_MUSIC__MediaMetadataUtil: get title: 未知歌曲 and artist: 未知艺术家
12-30 11:27:35.767 21940 21940 I CNS_MEDIA_BT_MUSIC__MediaMetadataUtil: get title: 未知歌曲 and artist: 未知艺术家
12-30 11:27:35.767 21940 21940 D SdsAdapterServiceManager: sendAppStatus:{"activeStatus":"fg","scene":"default","sceneStatus":"paused","service":"musicX","state":{"data":{"dataInfo":{"app":"BluetoothMusic","artist":"","itemid":"MEDIA_BT_SONG_ID","song":"未知歌手"}}}}
12-30 11:27:35.768   916  2591 W ActivityManager: Unable to start service Intent { act=com.iflytek.autofly.business.response pkg=com.iflytek.cutefly.speechclient.hmi (has extras) } U=0: not found
12-30 11:27:35.768 21940 21940 I CNS_MEDIA_BT_MUSIC__HMIAdapter: mDeviceType: MT_BT_Music, state: MPS_PAUSED
12-30 11:27:35.768 21845 21891 I MediaMiniApp: onPlayStateChanged MT_BT_Music ; playState = MPS_PAUSED
12-30 11:27:35.768 21845 21891 D MediaMiniApp: onPlayStateChanged!! playState = MPS_PAUSED
12-30 11:27:35.769 21845 21845 I MediaMiniApp: playStateChanged = MPS_PAUSED
12-30 11:27:35.769 21940 21940 I CNS_MEDIA_BT_MUSIC__MediaClient: onCustomCommand, action: com.fawvw.mw.mediaengine.ACTION_PLAYER_POSITION_CHANGED, extra: Bundle[mParcelledData.dataSize=124]
12-30 11:27:35.769  2045  2131 D InfotainmentBridge_Native: fireDuration
12-30 11:27:35.769  2045  2131 D InfotainmentBridge_Native: fireDuration() -- source: 3
12-30 11:27:35.769  2045  2131 D InfotainmentBridge_Native: fireDuration() -- value_16: 165
12-30 11:27:35.772  1547  2118 D ANWStack: [  10191593][ANWBT] >>Avctp_L2cap_Data_Ind_Cb
12-30 11:27:35.772  1547  2118 D ANWStack: 
12-30 11:27:35.772  1547  2118 D ANWStack: [  10191594][ANWBT] AVCTP Message Length = 15
12-30 11:27:35.772  1547  2118 D ANWStack: [  10191594][ANWBT] Receive AVCTP_SINGLE_PACKET
12-30 11:27:35.772  1547  2118 D ANW_AVRCP: (1547|0x6EF3FCB0)[AVRCP] [**AVRCP**] 0x22 0x110e
12-30 11:27:35.772  1547  2118 D ANW_AVRCP: (1547|0x6EF3FCB0)[AVRCP] opcode match 0x0
12-30 11:27:35.772  1547  2118 D ANW_AVRCP: 
12-30 11:27:35.772  1547  2118 D ANW_AVRCP: (1547|0x6EF3FCB0)[AVRCP] subopcode match 0x31, update ctype 0x3->0xf
12-30 11:27:35.772  1547  2118 D ANW_AVRCP: 
12-30 11:27:35.772  1547  2118 D ANW_AVRCP: (1547|0x6EF3FCB0)[AVRCP] AVRCP_Packet_Parser Response
12-30 11:27:35.772  1547  2118 D ANW_AVRCP: 
12-30 11:27:35.772  1547  2118 D ANW_AVRCP: (1547|0x6EF3FCB0)[AVRCP] AVRCP_VENDOR_DEPENDENT_Interim_RSP_Handler PDU_ID=0x31
12-30 11:27:35.772  1547  2118 D ANW_AVRCP: (1547|0x6EF3FCB0)[AVRCP] EVENT_PLAYBACK_STATUS_CHANGED
12-30 11:27:35.772  1547  2118 D ANWAPI  : (1547|0x6EF3FCB0)[BTAPI] connmgr_find_by_handle pData = 0xb400fa68ee34c5e0,7
12-30 11:27:35.772  1547  2118 D ANWAPI  : (1547|0x6EF3FCB0)[BTAPI] AVRCP_VENDOR_DEPENDENT_INTERIM_RSP rsp->ptr[0]=1,rsp->ptr[1]=2
12-30 11:27:35.772  1547  2118 D ANWAPI  : (1547|0x6EF3FCB0)[BTAPI] ===BTAPI_MallocIdxMsg 1033 2
12-30 11:27:35.772  1547  2118 D ANWAPI  : (1547|0x6EF3FCB0)[BTAPI] *BT_CB_Dispatch
12-30 11:27:35.772  1547  2118 D ANWAPI  : (1547|0x6EF3FCB0)[BTAPI] *****SDK callback(0x409)
12-30 11:27:35.772  1547  2118 D ANWAPI  : (1547|0x6EF3FCB0)[BTAPI] SDK***** [34:10:be:3d:c6:77][512]
12-30 11:27:35.772  1547  2118 D ANWAPI  : (1547|0x6EF3FCB0)[BTAPI] btsdk_exec_apicb start
12-30 11:27:35.773  1547  2118 D ANWAPI  : (1547|0x6EF3FCB0)[BTAPI] Up: AvrcpMsgHandler receive[34:10:BE:3D:C6:77], Get Device ID(0)
12-30 11:27:35.773  1547  2118 D ANWAPI  : 
12-30 11:27:35.773  1547  2118 D ANWAPI  : (1547|0x6EF3FCB0)[BTAPI] Up: AnWBT_AVRCP_PLAYBACK_STATUS_CHANGED_IND
12-30 11:27:35.773  1547  2118 D ANWAPI  : 
12-30 11:27:35.773  1547  2118 D ANWAPI  : (1547|0x6EF3FCB0)[BTAPI] ntfType    =0x0
12-30 11:27:35.773  1547  2118 D ANWAPI  : 
12-30 11:27:35.773  1547  2118 D ANWAPI  : (1547|0x6EF3FCB0)[BTAPI] PlayStatus =0x2
12-30 11:27:35.773  1547  2118 D ANWAPI  : 
12-30 11:27:35.773  1547  2118 D ANWAPI  : (1547|0x6EF3FCB0)[BTAPI] PLAYBACK_STATUS_CHANGED - ReRegister
12-30 11:27:35.773  1547  2118 D ANWAPI  : 
12-30 11:27:35.773  1547  2118 D ANWAPI  : (1547|0x6EF3FCB0)[BTAPI] btsdk_exec_apicb end
12-30 11:27:35.774  1547  2118 D ANWStack: [  10191596][ANWBT] >>Avctp_L2cap_Data_Ind_Cb
12-30 11:27:35.774  1547  2118 D ANWStack: 
12-30 11:27:35.774  1547  2118 D ANWStack: [  10191596][ANWBT] AVCTP Message Length = 22
12-30 11:27:35.774  1547  2118 D ANWStack: [  10191596][ANWBT] Receive AVCTP_SINGLE_PACKET
12-30 11:27:35.774  1547  2118 D ANW_AVRCP: (1547|0x6EF3FCB0)[AVRCP] [**AVRCP**] 0xd2 0x110e
12-30 11:27:35.774  1547  2118 D ANW_AVRCP: (1547|0x6EF3FCB0)[AVRCP] opcode match 0x0
12-30 11:27:35.774  1547  2118 D ANW_AVRCP: 
12-30 11:27:35.774  1547  2118 D ANW_AVRCP: (1547|0x6EF3FCB0)[AVRCP] subopcode match 0x30, update ctype 0x1->0xc
12-30 11:27:35.774  1547  2118 D ANW_AVRCP: 
12-30 11:27:35.774  1547  2118 D ANW_AVRCP: (1547|0x6EF3FCB0)[AVRCP] AVRCP_Packet_Parser Response
12-30 11:27:35.774  1547  2118 D ANW_AVRCP: 
12-30 11:27:35.774  1547  2118 D ANW_AVRCP: (1547|0x6EF3FCB0)[AVRCP] AVRCP_Get_Play_Status_RSP_Handler 166087/275911 2
12-30 11:27:35.774  1547  2118 D ANWAPI  : (1547|0x6EF3FCB0)[BTAPI] connmgr_find_by_handle pData = 0xb400fa68ee34c5e0,7
12-30 11:27:35.774  1547  2118 D ANWAPI  : (1547|0x6EF3FCB0)[BTAPI] ===BTAPI_MallocIdxMsg 1030 16
12-30 11:27:35.774  1547  2118 D ANWAPI  : (1547|0x6EF3FCB0)[BTAPI] *BT_CB_Dispatch
12-30 11:27:35.774  1547  2118 D ANWAPI  : (1547|0x6EF3FCB0)[BTAPI] *****SDK callback(0x406)
12-30 11:27:35.774  1547  2118 D ANWAPI  : (1547|0x6EF3FCB0)[BTAPI] SDK***** [34:10:be:3d:c6:77][0]
12-30 11:27:35.774  1547  2118 D ANWAPI  : (1547|0x6EF3FCB0)[BTAPI] btsdk_exec_apicb start
12-30 11:27:35.774  1547  2118 D ANWAPI  : (1547|0x6EF3FCB0)[BTAPI] Up: AvrcpMsgHandler receive[34:10:BE:3D:C6:77], Get Device ID(0)
12-30 11:27:35.774  1547  2118 D ANWAPI  : 
12-30 11:27:35.774  1547  2118 D ANWAPI  : (1547|0x6EF3FCB0)[BTAPI] Up: AnWBT_AVRCP_CURRENT_PLAY_STATUS_IND
12-30 11:27:35.774  1547  2118 D ANWAPI  : 
12-30 11:27:35.774  1547  2118 D ANWAPI  : (1547|0x6EF3FCB0)[BTAPI] songLengthMs     =275911
12-30 11:27:35.774  1547  2118 D ANWAPI  : 
12-30 11:27:35.774  1547  2118 D ANWAPI  : (1547|0x6EF3FCB0)[BTAPI] songPositionMs   =166087
12-30 11:27:35.774  1547  2118 D ANWAPI  : 
12-30 11:27:35.774  1547  2118 I ANW bt_btif: AvrcpMsgHandler: HAL bt_rc_ctrl_callbacks->play_position_changed_cb
12-30 11:27:35.774  1547  2118 I BluetoothAvrcpControllerJni: btavrcp_play_position_changed_callback
12-30 11:27:35.774  1547  2118 D AvrcpControllerService: onPlayPositionChanged pos 166087
12-30 11:27:35.775  1547  2118 D ANWAPI  : (1547|0x6EF3FCB0)[BTAPI] currentPlayStatus=2
12-30 11:27:35.775  1547  2118 D ANWAPI  : 
12-30 11:27:35.775  1547  2118 I ANW bt_btif: AvrcpMsgHandler: HAL bt_rc_ctrl_callbacks->play_status_changed_cb
12-30 11:27:35.775  1547 19344 D AvrcpControllerStateMachine: Avrcp.ConnectedAvrcpController processMessage MESSAGE_PROCESS_PLAY_POS_CHANGED
12-30 11:27:35.775  1547  2118 I BluetoothAvrcpControllerJni: btavrcp_play_status_changed_callback
12-30 11:27:35.775  1547 19344 D AvrcpPlayer: getPlayBackState state 2 time 166087
12-30 11:27:35.775  1547  2118 D AvrcpControllerService: onPlayStatusChanged 2
12-30 11:27:35.775  1547 19344 D BluetoothMediaBrowserService: notifyChanged PlaybackStatePlaybackState {state=2, position=166087, buffered position=0, speed=0.0, updated=10191597, actions=2375735, error code=0, error message=null, custom actions=[], active item id=-1}
12-30 11:27:35.775  1547  2118 D ANWAPI  : (1547|0x6EF3FCB0)[BTAPI] btsdk_exec_apicb end
12-30 11:27:35.775  1547 19344 D AvrcpControllerStateMachine: Avrcp.ConnectedAvrcpController processMessage MESSAGE_PROCESS_PLAY_STATUS_CHANGED
12-30 11:27:35.775  1547 19344 D AvrcpControllerStateMachine: Playback status changed to 2
12-30 11:27:35.775  1547 19344 D AvrcpPlayer: getPlayBackState state 2 time 166087
12-30 11:27:35.775  1547 19344 D BluetoothMediaBrowserService: notifyChanged PlaybackStatePlaybackState {state=2, position=166087, buffered position=0, speed=0.0, updated=10191597, actions=2375735, error code=0, error message=null, custom actions=[], active item id=-1}
12-30 11:27:35.775 21940 21940 D MediaSessionMonitor: onPlaybackStateChanged: [com.android.bluetooth] state = 2
12-30 11:27:35.775 21940 21940 D MediaSessionMonitor: updateSourcePlayState: pkg = com.android.bluetooth, state = 2
12-30 11:27:35.776 21940 19613 D MC2ImplBase: onCustomCommand cmd=com.fawvw.mw.mediaengine.ACTION_PLAYER_POSITION_CHANGED
12-30 11:27:35.776  1547 19344 D AvrcpPlayer: getPlayBackState state 2 time 166087
12-30 11:27:35.776 21940 21940 I CNS_MEDIA_BT_MUSIC__MediaClient: onCustomCommand, action: com.fawvw.mw.mediaengine.ACTION_PLAYER_POSITION_CHANGED, extra: Bundle[mParcelledData.dataSize=124]
12-30 11:27:35.776  2045  2131 D InfotainmentBridge_Native: fireDuration
12-30 11:27:35.776  2045  2131 D InfotainmentBridge_Native: fireDuration() -- source: 3
12-30 11:27:35.776  2045  2131 D InfotainmentBridge_Native: fireDuration() -- value_16: 166
12-30 11:27:35.778 21940 21940 D MediaSessionMonitor: onPlaybackStateChanged: [com.android.bluetooth] state = 2
12-30 11:27:35.778 21940 21940 D MediaSessionMonitor: updateSourcePlayState: pkg = com.android.bluetooth, state = 2
12-30 11:27:35.778  2358  2623 D RcfController: Rcf proxy is not connected!
12-30 11:27:35.787   360   931 D EvsDriver: forwardFrame
12-30 11:27:35.787   360   931 D EvsDriver: forwardFrameDirect
12-30 11:27:35.787   360   931 D EvsDriver: Delivered 0xb400e2ca9e40d4b0 as id 1
12-30 11:27:35.787   359  2784 D evsmanagerd: /dev/video-evs0 forwarded the buffer #1 to 0xb400f125d2b26dd0 from 0xb400f125e2b20710
12-30 11:27:35.787   360   458 D EvsDriver: doneWithFrame
12-30 11:27:35.797   596  3076 E WifiHAL : Invalid data received from driver
12-30 11:27:35.820   360   931 D EvsDriver: forwardFrame
12-30 11:27:35.820   360   931 D EvsDriver: forwardFrameDirect
12-30 11:27:35.820   360   931 D EvsDriver: Delivered 0xb400e2ca9e40c2d0 as id 0
12-30 11:27:35.820   359  2784 D evsmanagerd: /dev/video-evs0 forwarded the buffer #0 to 0xb400f125d2b26dd0 from 0xb400f125e2b20710
12-30 11:27:35.824  1667  2594 W ContextImpl: Calling a method in the system process without a qualified user: android.app.ContextImpl.bindService:1988 android.content.ContextWrapper.bindService:861 com.ford.sync.fnvservice.FordFnv.c:202 com.ford.sync.fnvservice.FordFnv.c:43 com.ford.sync.fnvservice.FordFnv$RetryHandler.handleMessage:245 
12-30 11:27:35.825   916  2591 W ActivityManager: Unable to start service Intent { cmp=com.ford.sync.fnvservice/.FordFnvService } U=0: not found
12-30 11:27:35.825  1667  2594 W FordFnv :  bind ford fnv failed -> sendRetryMessage 
12-30 11:27:35.828   360   458 D EvsDriver: doneWithFrame
12-30 11:27:35.829  2358  2623 D RcfController: Rcf proxy is not connected!
12-30 11:27:35.830  1582  3078 I c       : checkService in back thread add: adayo.upgrade.v2.0
12-30 11:27:35.831  1582  3078 E upgradeApp_251223_V1  l: d(null:11)pre->c(null:23)-> serviceBinder is null
12-30 11:27:35.831  1582  3078 W c       : doBindService in back thread fail: adayo.upgrade.v2.0
12-30 11:27:35.853   360   931 D EvsDriver: forwardFrame
12-30 11:27:35.853   360   931 D EvsDriver: forwardFrameDirect
12-30 11:27:35.853   360   931 D EvsDriver: Delivered 0xb400e2ca9e40d090 as id 1
12-30 11:27:35.854   359  2784 D evsmanagerd: /dev/video-evs0 forwarded the buffer #1 to 0xb400f125d2b26dd0 from 0xb400f125e2b20710
12-30 11:27:35.858   360   458 D EvsDriver: doneWithFrame
12-30 11:27:35.879  2358  2623 D RcfController: Rcf proxy is not connected!
12-30 11:27:35.882   596  3076 E WifiHAL : Invalid data received from driver
12-30 11:27:35.887   360   931 D EvsDriver: forwardFrame
12-30 11:27:35.887   360   931 D EvsDriver: forwardFrameDirect
12-30 11:27:35.887   360   931 D EvsDriver: Delivered 0xb400e2ca9e40e110 as id 0
12-30 11:27:35.887   359  2784 D evsmanagerd: /dev/video-evs0 forwarded the buffer #0 to 0xb400f125d2b26dd0 from 0xb400f125e2b20710
12-30 11:27:35.888   360   458 D EvsDriver: doneWithFrame
12-30 11:27:35.920   360   931 D EvsDriver: forwardFrame
12-30 11:27:35.920   360   931 D EvsDriver: forwardFrameDirect
12-30 11:27:35.920   360   931 D EvsDriver: Delivered 0xb400e2ca9e40c7a0 as id 1
12-30 11:27:35.920   359  2784 D evsmanagerd: /dev/video-evs0 forwarded the buffer #1 to 0xb400f125d2b26dd0 from 0xb400f125e2b20710
12-30 11:27:35.929   360   458 D EvsDriver: doneWithFrame
12-30 11:27:35.929  2358  2623 D RcfController: Rcf proxy is not connected!
12-30 11:27:35.941   596  3076 E WifiHAL : Invalid data received from driver
12-30 11:27:35.951   650   729 D fgemcucomm: sd Uart data : 6AA6023DF90002920232
12-30 11:27:35.951   650   729 D fgemcucomm: rev uart=84180,len=56, data : 6AA6813DF900309202001900000000000000000000000000000000000000000000000000000000000000000000000000000000000000006C
12-30 11:27:35.951   398   466 D adayocomadapter-ParseProtocolFunc: printRaWMsg Name[MCUToUPstream recv] len[48] data[920200190000000000000000000000000000000000000000000000000000000000000000000000000000000000000000]
12-30 11:27:35.951   398   466 D adayocomadapter-CommunicationManager: onUpstreamback   member[0] dataLength[45] timePoint[10191773]
12-30 11:27:35.951   398   466 D adayocomadapter-ParseProtocolFunc: printRaWMsg Name[onUpstreamback] len[45] data[190000000000000000000000000000000000000000000000000000000000000000000000000000000000000000]
12-30 11:27:35.951   398   464 D adayocomadapter-UpstreamHandler: processBeforePacket upSreamtProcessTimePoint[10191773] 
12-30 11:27:35.951   398   464 D adayocomadapter-UpstreamHandler: processPacket UPSTREAM_QUEUE_DATA_TIMEOUT
12-30 11:27:35.951   398   464 D adayocomadapter-ParseProtocolFunc: parseCommonIPCLBytes Processing tableNumber[25]
12-30 11:27:35.951   398   464 D adayocomadapter-ParseProtocolFunc: parseCommonIPCLBytes Processing tablename[Table-25] tableSize[45]
12-30 11:27:35.951   398   464 D adayocomadapter-ParseProtocolFunc: printRaWMsg Name[byteStream recv] len[45] data[190000000000000000000000000000000000000000000000000000000000000000000000000000000000000000]
12-30 11:27:35.951   398   464 D adayocomadapter-ParseProtocolFunc: printRaWMsg Name[IPCLtoVHAL] len[6] data[214020C50000]
12-30 11:27:35.951   398   464 D adayocomadapter-ParseProtocolFunc: printRaWMsg Name[IPCLtoVHAL] len[6] data[214021060000]
12-30 11:27:35.951   398   464 D adayocomadapter-ParseProtocolFunc: printRaWMsg Name[IPCLtoVHAL] len[6] data[214021320000]
12-30 11:27:35.951   398   464 D adayocomadapter-ParseProtocolFunc: printRaWMsg Name[IPCLtoVHAL] len[6] data[214020BF0000]
12-30 11:27:35.951   398   464 D adayocomadapter-ParseProtocolFunc: printRaWMsg Name[IPCLtoVHAL] len[6] data[2140212F0000]
12-30 11:27:35.952   398   464 D adayocomadapter-ParseProtocolFunc: printRaWMsg Name[IPCLtoVHAL] len[6] data[214020260000]
12-30 11:27:35.952   398   464 D adayocomadapter-ParseProtocolFunc: printRaWMsg Name[IPCLtoVHAL] len[6] data[214020B30000]
12-30 11:27:35.952   398   464 D adayocomadapter-ParseProtocolFunc: printRaWMsg Name[IPCLtoVHAL] len[6] data[2140219E0000]
12-30 11:27:35.952   398   464 D adayocomadapter-ParseProtocolFunc: printRaWMsg Name[IPCLtoVHAL] len[6] data[214021300000]
12-30 11:27:35.952   398   464 D adayocomadapter-ParseProtocolFunc: printRaWMsg Name[IPCLtoVHAL] len[11] data[2141204A01000000000000]
12-30 11:27:35.952   398   464 D adayocomadapter-ParseProtocolFunc: printRaWMsg Name[IPCLtoVHAL] len[6] data[214020BD0000]
12-30 11:27:35.952   398   464 D adayocomadapter-ParseProtocolFunc: printRaWMsg Name[IPCLtoVHAL] len[6] data[2140213B0000]
12-30 11:27:35.952   398   464 D adayocomadapter-ParseProtocolFunc: printRaWMsg Name[IPCLtoVHAL] len[6] data[214020AE0000]
12-30 11:27:35.952   398   464 D adayocomadapter-ParseProtocolFunc: printRaWMsg Name[IPCLtoVHAL] len[6] data[2140210D0000]
12-30 11:27:35.952   398   464 D adayocomadapter-ParseProtocolFunc: printRaWMsg Name[IPCLtoVHAL] len[6] data[214010180000]
12-30 11:27:35.952   398   464 D adayocomadapter-ParseProtocolFunc: printRaWMsg Name[IPCLtoVHAL] len[6] data[214020A90000]
12-30 11:27:35.952   398   464 D adayocomadapter-ParseProtocolFunc: printRaWMsg Name[IPCLtoVHAL] len[6] data[214020AB0000]
12-30 11:27:35.952   398   464 D adayocomadapter-ParseProtocolFunc: printRaWMsg Name[IPCLtoVHAL] len[6] data[214020AD0000]
12-30 11:27:35.952   398   464 D adayocomadapter-ParseProtocolFunc: printRaWMsg Name[IPCLtoVHAL] len[6] data[2140213A0000]
12-30 11:27:35.952   398   464 D adayocomadapter-ParseProtocolFunc: printRaWMsg Name[IPCLtoVHAL] len[6] data[214021C70000]
12-30 11:27:35.952   398   464 D adayocomadapter-ParseProtocolFunc: printRaWMsg Name[IPCLtoVHAL] len[6] data[214020F20000]
12-30 11:27:35.952   398   464 D adayocomadapter-ParseProtocolFunc: printRaWMsg Name[IPCLtoVHAL] len[6] data[214020F10000]
12-30 11:27:35.952   398   464 D adayocomadapter-ParseProtocolFunc: printRaWMsg Name[IPCLtoVHAL] len[6] data[214021120000]
12-30 11:27:35.952   398   464 D adayocomadapter-ParseProtocolFunc: printRaWMsg Name[IPCLtoVHAL] len[7] data[2140219F000000]
12-30 11:27:35.952   398   464 D adayocomadapter-ParseProtocolFunc: printRaWMsg Name[IPCLtoVHAL] len[6] data[214021390000]
12-30 11:27:35.952   398   464 D adayocomadapter-ParseProtocolFunc: printRaWMsg Name[IPCLtoVHAL] len[7] data[21402025000000]
12-30 11:27:35.952   398   464 D adayocomadapter-ParseProtocolFunc: printRaWMsg Name[IPCLtoVHAL] len[9] data[214020330000000000]
12-30 11:27:35.952   398   464 D adayocomadapter-ParseProtocolFunc: printRaWMsg Name[IPCLtoVHAL] len[6] data[214020340000]
12-30 11:27:35.952   398   464 D adayocomadapter-ParseProtocolFunc: printRaWMsg Name[IPCLtoVHAL] len[6] data[2140218C0000]
12-30 11:27:35.952   398   464 D adayocomadapter-ParseProtocolFunc: printRaWMsg Name[IPCLtoVHAL] len[6] data[2140219B0000]
12-30 11:27:35.952   398   464 D adayocomadapter-ParseProtocolFunc: printRaWMsg Name[IPCLtoVHAL] len[6] data[214021A00000]
12-30 11:27:35.952   398   464 D adayocomadapter-ParseProtocolFunc: printRaWMsg Name[IPCLtoVHAL] len[6] data[214021A30000]
