12-30 11:27:40.727   398   464 I vw-vhal : CanSignalsAdapter::notifyVehicleProperty: solvedValue = {.timestamp = 10196549125213, .areaId = 0, .prop = 557846575, .status = AVAILABLE, .value = {.int32Values = [1]{0}, .floatValues = [0]{}, .int64Values = [0]{}, .bytes = [0]{}, .stringValue = ""}}
12-30 11:27:40.727   398   464 I VehiclePropertyStore: begin to write value to Store: {.timestamp = 10196549125213, .areaId = 0, .prop = 557846575, .status = AVAILABLE, .value = {.int32Values = [1]{0}, .floatValues = [0]{}, .int64Values = [0]{}, .bytes = [0]{}, .stringValue = ""}}
12-30 11:27:40.727   398   464 I DefaultVehicleHal_v2_0: DefaultVehicleHal::onPropertyValue, value:{.timestamp = 10196549125213, .areaId = 0, .prop = 557846575, .status = AVAILABLE, .value = {.int32Values = [1]{0}, .floatValues = [0]{}, .int64Values = [0]{}, .bytes = [0]{}, .stringValue = ""}}
12-30 11:27:40.727   398   464 D DiagPropHandler: is not DiagnosticConfig: 0x2140102f
12-30 11:27:40.727   398   464 I VehiclePropertyStore: begin to write value to Store: {.timestamp = 10196549125213, .areaId = 0, .prop = 557846575, .status = AVAILABLE, .value = {.int32Values = [1]{0}, .floatValues = [0]{}, .int64Values = [0]{}, .bytes = [0]{}, .stringValue = ""}}
12-30 11:27:40.727   398   464 D adayocomadapter-CommunicationManager: onUpstreamReceive mPropertyId 0x2140102f
12-30 11:27:40.727   398   464 D adayocomadapter-CommunicationManager: onUpstreamReceive mPropertyId 0x21401031
12-30 11:27:40.727   398   464 D adayocomadapter-CommunicationManager: convertBytesToInt32Memcpy  0
12-30 11:27:40.727   398   464 I vw-vhal : notifyVehicleProperty, propId = 0x21401031, data = {status: 2, int32Values: [0]}
12-30 11:27:40.727   398   464 I vw-vhal : CanSignalsAdapter::notifyVehicleProperty: solvedValue = {.timestamp = 10196549321880, .areaId = 0, .prop = 557846577, .status = AVAILABLE, .value = {.int32Values = [1]{0}, .floatValues = [0]{}, .int64Values = [0]{}, .bytes = [0]{}, .stringValue = ""}}
12-30 11:27:40.727   398   464 I VehiclePropertyStore: begin to write value to Store: {.timestamp = 10196549321880, .areaId = 0, .prop = 557846577, .status = AVAILABLE, .value = {.int32Values = [1]{0}, .floatValues = [0]{}, .int64Values = [0]{}, .bytes = [0]{}, .stringValue = ""}}
12-30 11:27:40.727   398   464 I DefaultVehicleHal_v2_0: DefaultVehicleHal::onPropertyValue, value:{.timestamp = 10196549321880, .areaId = 0, .prop = 557846577, .status = AVAILABLE, .value = {.int32Values = [1]{0}, .floatValues = [0]{}, .int64Values = [0]{}, .bytes = [0]{}, .stringValue = ""}}
12-30 11:27:40.727   398   464 D DiagPropHandler: is not DiagnosticConfig: 0x21401031
12-30 11:27:40.727   398   464 I VehiclePropertyStore: begin to write value to Store: {.timestamp = 10196549321880, .areaId = 0, .prop = 557846577, .status = AVAILABLE, .value = {.int32Values = [1]{0}, .floatValues = [0]{}, .int64Values = [0]{}, .bytes = [0]{}, .stringValue = ""}}
12-30 11:27:40.727   398   464 D adayocomadapter-CommunicationManager: onUpstreamReceive mPropertyId 0x21401031
12-30 11:27:40.727   398   464 D adayocomadapter-CommunicationManager: onUpstreamReceive mPropertyId 0x21402022
12-30 11:27:40.727   398   464 D adayocomadapter-CommunicationManager: convertBytesToInt32Memcpy  0
12-30 11:27:40.727   398   464 I vw-vhal : notifyVehicleProperty, propId = 0x21402022, data = {status: 2, int32Values: [0]}
12-30 11:27:40.727   398   464 I vw-vhal : CanSignalsAdapter::notifyVehicleProperty: solvedValue = {.timestamp = 10196549516213, .areaId = 0, .prop = 557850658, .status = AVAILABLE, .value = {.int32Values = [1]{0}, .floatValues = [0]{}, .int64Values = [0]{}, .bytes = [0]{}, .stringValue = ""}}
12-30 11:27:40.727   398   464 I VehiclePropertyStore: begin to write value to Store: {.timestamp = 10196549516213, .areaId = 0, .prop = 557850658, .status = AVAILABLE, .value = {.int32Values = [1]{0}, .floatValues = [0]{}, .int64Values = [0]{}, .bytes = [0]{}, .stringValue = ""}}
12-30 11:27:40.727   398   464 I DefaultVehicleHal_v2_0: DefaultVehicleHal::onPropertyValue, value:{.timestamp = 10196549516213, .areaId = 0, .prop = 557850658, .status = AVAILABLE, .value = {.int32Values = [1]{0}, .floatValues = [0]{}, .int64Values = [0]{}, .bytes = [0]{}, .stringValue = ""}}
12-30 11:27:40.727   398   464 D DiagPropHandler: is not DiagnosticConfig: 0x21402022
12-30 11:27:40.727   398   464 I VehiclePropertyStore: begin to write value to Store: {.timestamp = 10196549516213, .areaId = 0, .prop = 557850658, .status = AVAILABLE, .value = {.int32Values = [1]{0}, .floatValues = [0]{}, .int64Values = [0]{}, .bytes = [0]{}, .stringValue = ""}}
12-30 11:27:40.727   398   464 D adayocomadapter-CommunicationManager: onUpstreamReceive mPropertyId 0x21402022
12-30 11:27:40.727   398   464 D adayocomadapter-CommunicationManager: onUpstreamReceive mPropertyId 0x21402023
12-30 11:27:40.727   398   464 D adayocomadapter-CommunicationManager: convertBytesToInt32Memcpy  0
12-30 11:27:40.727   398   464 I vw-vhal : notifyVehicleProperty, propId = 0x21402023, data = {status: 2, int32Values: [0]}
12-30 11:27:40.727   398   464 I vw-vhal : CanSignalsAdapter::notifyVehicleProperty: solvedValue = {.timestamp = 10196549711546, .areaId = 0, .prop = 557850659, .status = AVAILABLE, .value = {.int32Values = [1]{0}, .floatValues = [0]{}, .int64Values = [0]{}, .bytes = [0]{}, .stringValue = ""}}
12-30 11:27:40.727   398   464 I VehiclePropertyStore: begin to write value to Store: {.timestamp = 10196549711546, .areaId = 0, .prop = 557850659, .status = AVAILABLE, .value = {.int32Values = [1]{0}, .floatValues = [0]{}, .int64Values = [0]{}, .bytes = [0]{}, .stringValue = ""}}
12-30 11:27:40.727   398   464 I DefaultVehicleHal_v2_0: DefaultVehicleHal::onPropertyValue, value:{.timestamp = 10196549711546, .areaId = 0, .prop = 557850659, .status = AVAILABLE, .value = {.int32Values = [1]{0}, .floatValues = [0]{}, .int64Values = [0]{}, .bytes = [0]{}, .stringValue = ""}}
12-30 11:27:40.727   398   464 D DiagPropHandler: is not DiagnosticConfig: 0x21402023
12-30 11:27:40.727   398   464 I VehiclePropertyStore: begin to write value to Store: {.timestamp = 10196549711546, .areaId = 0, .prop = 557850659, .status = AVAILABLE, .value = {.int32Values = [1]{0}, .floatValues = [0]{}, .int64Values = [0]{}, .bytes = [0]{}, .stringValue = ""}}
12-30 11:27:40.727   398   464 D adayocomadapter-CommunicationManager: onUpstreamReceive mPropertyId 0x21402023
12-30 11:27:40.728   398   464 D adayocomadapter-CommunicationManager: onUpstreamReceive mPropertyId 0x2140104d
12-30 11:27:40.728   398   464 D adayocomadapter-CommunicationManager: convertBytesToInt32Memcpy  0
12-30 11:27:40.728   398   464 I vw-vhal : notifyVehicleProperty, propId = 0x2140104d, data = {status: 2, int32Values: [0]}
12-30 11:27:40.728   398   464 I vw-vhal : CanSignalsAdapter::notifyVehicleProperty: solvedValue = {.timestamp = 10196549906546, .areaId = 0, .prop = 557846605, .status = AVAILABLE, .value = {.int32Values = [1]{0}, .floatValues = [0]{}, .int64Values = [0]{}, .bytes = [0]{}, .stringValue = ""}}
12-30 11:27:40.728   398   464 I VehiclePropertyStore: begin to write value to Store: {.timestamp = 10196549906546, .areaId = 0, .prop = 557846605, .status = AVAILABLE, .value = {.int32Values = [1]{0}, .floatValues = [0]{}, .int64Values = [0]{}, .bytes = [0]{}, .stringValue = ""}}
12-30 11:27:40.728   398   464 I DefaultVehicleHal_v2_0: DefaultVehicleHal::onPropertyValue, value:{.timestamp = 10196549906546, .areaId = 0, .prop = 557846605, .status = AVAILABLE, .value = {.int32Values = [1]{0}, .floatValues = [0]{}, .int64Values = [0]{}, .bytes = [0]{}, .stringValue = ""}}
12-30 11:27:40.728   398   464 D DiagPropHandler: is not DiagnosticConfig: 0x2140104d
12-30 11:27:40.728   398   464 I VehiclePropertyStore: begin to write value to Store: {.timestamp = 10196549906546, .areaId = 0, .prop = 557846605, .status = AVAILABLE, .value = {.int32Values = [1]{0}, .floatValues = [0]{}, .int64Values = [0]{}, .bytes = [0]{}, .stringValue = ""}}
12-30 11:27:40.728   398   464 D adayocomadapter-CommunicationManager: onUpstreamReceive mPropertyId 0x2140104d
12-30 11:27:40.749  2358  2623 D RcfController: Rcf proxy is not connected!
12-30 11:27:40.753   360   931 D EvsDriver: forwardFrame
12-30 11:27:40.753   360   931 D EvsDriver: forwardFrameDirect
12-30 11:27:40.753   360   931 D EvsDriver: Delivered 0xb400e2ca9e40e270 as id 0
12-30 11:27:40.753   359  2784 D evsmanagerd: /dev/video-evs0 forwarded the buffer #0 to 0xb400f125d2b26dd0 from 0xb400f125e2b20710
12-30 11:27:40.754   596  3076 E WifiHAL : Invalid data received from driver
12-30 11:27:40.754   360   458 D EvsDriver: doneWithFrame
12-30 11:27:40.786   360   931 D EvsDriver: forwardFrame
12-30 11:27:40.786   360   931 D EvsDriver: forwardFrameDirect
12-30 11:27:40.787   360   931 D EvsDriver: Delivered 0xb400e2ca9e40d4b0 as id 1
12-30 11:27:40.787   359  2784 D evsmanagerd: /dev/video-evs0 forwarded the buffer #1 to 0xb400f125d2b26dd0 from 0xb400f125e2b20710
12-30 11:27:40.794   360   458 D EvsDriver: doneWithFrame
12-30 11:27:40.799  2358  2623 D RcfController: Rcf proxy is not connected!
12-30 11:27:40.820   360   931 D EvsDriver: forwardFrame
12-30 11:27:40.820   360   931 D EvsDriver: forwardFrameDirect
12-30 11:27:40.820   596  3076 E WifiHAL : Invalid data received from driver
12-30 11:27:40.820   360   931 D EvsDriver: Delivered 0xb400e2ca9e40c2d0 as id 0
12-30 11:27:40.820   359  2784 D evsmanagerd: /dev/video-evs0 forwarded the buffer #0 to 0xb400f125d2b26dd0 from 0xb400f125e2b20710
12-30 11:27:40.825   360   458 D EvsDriver: doneWithFrame
12-30 11:27:40.835  1582  3078 I c       : checkService in back thread add: adayo.upgrade.v2.0
12-30 11:27:40.835  1667  2594 W ContextImpl: Calling a method in the system process without a qualified user: android.app.ContextImpl.bindService:1988 android.content.ContextWrapper.bindService:861 com.ford.sync.fnvservice.FordFnv.c:202 com.ford.sync.fnvservice.FordFnv.c:43 com.ford.sync.fnvservice.FordFnv$RetryHandler.handleMessage:245 
12-30 11:27:40.835  1582  3078 E upgradeApp_251223_V1  l: d(null:11)pre->c(null:23)-> serviceBinder is null
12-30 11:27:40.835  1582  3078 W c       : doBindService in back thread fail: adayo.upgrade.v2.0
12-30 11:27:40.835   916  1847 W ActivityManager: Unable to start service Intent { cmp=com.ford.sync.fnvservice/.FordFnvService } U=0: not found
12-30 11:27:40.836  1667  2594 W FordFnv :  bind ford fnv failed -> sendRetryMessage 
12-30 11:27:40.849  2358  2623 D RcfController: Rcf proxy is not connected!
12-30 11:27:40.853   360   931 D EvsDriver: forwardFrame
12-30 11:27:40.853   360   931 D EvsDriver: forwardFrameDirect
12-30 11:27:40.853   360   931 D EvsDriver: Delivered 0xb400e2ca9e40d090 as id 1
12-30 11:27:40.853   359  2784 D evsmanagerd: /dev/video-evs0 forwarded the buffer #1 to 0xb400f125d2b26dd0 from 0xb400f125e2b20710
12-30 11:27:40.855   360   458 D EvsDriver: doneWithFrame
12-30 11:27:40.872   596  3076 E WifiHAL : Invalid data received from driver
12-30 11:27:40.886   360   931 D EvsDriver: forwardFrame
12-30 11:27:40.886   360   931 D EvsDriver: forwardFrameDirect
12-30 11:27:40.887   360   931 D EvsDriver: Delivered 0xb400e2ca9e40e110 as id 0
12-30 11:27:40.887   359  2784 D evsmanagerd: /dev/video-evs0 forwarded the buffer #0 to 0xb400f125d2b26dd0 from 0xb400f125e2b20710
12-30 11:27:40.895   360   458 D EvsDriver: doneWithFrame
12-30 11:27:40.900  2358  2623 D RcfController: Rcf proxy is not connected!
12-30 11:27:40.920   360   931 D EvsDriver: forwardFrame
12-30 11:27:40.920   360   931 D EvsDriver: forwardFrameDirect
12-30 11:27:40.920   360   931 D EvsDriver: Delivered 0xb400e2ca9e40c7a0 as id 1
12-30 11:27:40.920   359  2784 D evsmanagerd: /dev/video-evs0 forwarded the buffer #1 to 0xb400f125d2b26dd0 from 0xb400f125e2b20710
12-30 11:27:40.926   360   458 D EvsDriver: doneWithFrame
12-30 11:27:40.945   596  3076 E WifiHAL : Invalid data received from driver
12-30 11:27:40.950  2358  2623 D RcfController: Rcf proxy is not connected!
12-30 11:27:40.953   360   931 D EvsDriver: forwardFrame
12-30 11:27:40.953   360   931 D EvsDriver: forwardFrameDirect
12-30 11:27:40.954   360   931 D EvsDriver: Delivered 0xb400e2ca9e40e270 as id 0
12-30 11:27:40.954   359  2784 D evsmanagerd: /dev/video-evs0 forwarded the buffer #0 to 0xb400f125d2b26dd0 from 0xb400f125e2b20710
12-30 11:27:40.956   360   458 D EvsDriver: doneWithFrame
12-30 11:27:40.987   360   931 D EvsDriver: forwardFrame
12-30 11:27:40.987   360   931 D EvsDriver: forwardFrameDirect
12-30 11:27:40.987   360   931 D EvsDriver: Delivered 0xb400e2ca9e40d4b0 as id 1
12-30 11:27:40.987   359  2784 D evsmanagerd: /dev/video-evs0 forwarded the buffer #1 to 0xb400f125d2b26dd0 from 0xb400f125e2b20710
12-30 11:27:40.991   596  3076 E WifiHAL : Invalid data received from driver
12-30 11:27:40.997   360   458 D EvsDriver: doneWithFrame
12-30 11:27:41.000  2358  2623 D RcfController: Rcf proxy is not connected!
12-30 11:27:41.018  1667  3615 I libmficlientjni: [com_adayo_mficlient_Proxy.cpp][759]Enter 
12-30 11:27:41.018  1667  3615 I libmficlientjni: [com_adayo_mficlient_Proxy.cpp][772]Leave 
12-30 11:27:41.018   879  2332 I mfiserver: [MFiProxy.cpp][675]messageMID =1C LID=00 com.adayo.carplay 
12-30 11:27:41.018   879  2332 I libmfi  : [iAPUtils.c][654]Enter int iAPSendLocationData(iAPUtils_t *, char *) 
12-30 11:27:41.018   879  2332 I libmfi  : [iAP2Control.c][360]Send Control MessageID = 0xFFFB length=149
12-30 11:27:41.018   879  2332 I libmfi  : [iAP2Link.c][2399]iAP2LinkQueueSendData 
12-30 11:27:41.018   879  2332 E libmfi  : [iAP2BuffPoolImplementation.c][209]__iAP2BuffPoolGetSendPacket malloc lenth = 65591 
12-30 11:27:41.018   879  2332 I libmfi  : [iAP2Link.c][2310]iAP2LinkProcessOutQueue 
12-30 11:27:41.019   879  2332 I mfiserver: [MFiDataChannleSocket.cpp][127]len =166 
12-30 11:27:41.019   879  2332 I libmfi  : [iAP2Control.c][367]Send Control MessageID = 0xFFFB end state = 1 
12-30 11:27:41.019  1667  2331 I libmficlient: [MFiClient.cpp][120]Receive Data MID=11 LID=04 
12-30 11:27:41.019   879  2332 I libmfi  : [iAPUtils.c][682]Leave int iAPSendLocationData(iAPUtils_t *, char *) 
12-30 11:27:41.020   360   931 D EvsDriver: forwardFrame
12-30 11:27:41.020   360   931 D EvsDriver: forwardFrameDirect
12-30 11:27:41.020   360   931 D EvsDriver: Delivered 0xb400e2ca9e40c2d0 as id 0
12-30 11:27:41.020   359  2784 D evsmanagerd: /dev/video-evs0 forwarded the buffer #0 to 0xb400f125d2b26dd0 from 0xb400f125e2b20710
12-30 11:27:41.027   360   458 D EvsDriver: doneWithFrame
12-30 11:27:41.050  2358  2623 D RcfController: Rcf proxy is not connected!
12-30 11:27:41.053   360   931 D EvsDriver: forwardFrame
12-30 11:27:41.053   360   931 D EvsDriver: forwardFrameDirect
12-30 11:27:41.054   360   931 D EvsDriver: Delivered 0xb400e2ca9e40d090 as id 1
12-30 11:27:41.054   359  2784 D evsmanagerd: /dev/video-evs0 forwarded the buffer #1 to 0xb400f125d2b26dd0 from 0xb400f125e2b20710
12-30 11:27:41.055  1667 19378 E CarPlay_Service: isConnected(MFiClientApiImpl.java:123)isConnected： true
12-30 11:27:41.055   879  2332 I mfiserver: [MFiProxy.cpp][675]messageMID =11 LID=03 com.adayo.carplay 
12-30 11:27:41.055   879  2332 I mfiserver: [MFiProxy.cpp][970]message channle=60 type=4 mode=1 buf=0xb400fc8d1fa65640 len=9 
12-30 11:27:41.055   879 19383 I libmfi  : [iAPUtils.c][134]buflen:9 packetlen=9
12-30 11:27:41.055   879 19383 E libmfi  : [iAP2BuffPoolImplementation.c][312]__iAP2BuffPoolGetRecvPacket malloc lenth = 4152 
12-30 11:27:41.055   879 19383 E libmfi  : [iAP2BuffPoolImplementation.c][252]__iAP2BuffPoolReturnSendPacket
12-30 11:27:41.055   879 19383 I libmfi  : [iAP2Link.c][2802]_CleanupAckedPackets 
12-30 11:27:41.055   879 19383 I libmfi  : [iAP2Link.c][3046]_iAP2LinkProcessInOrderPacketACK 
12-30 11:27:41.056   879 19383 E libmfi  : [iAP2BuffPoolImplementation.c][359]__iAP2BuffPoolReturnRecvPacket
12-30 11:27:41.057   360   458 D EvsDriver: doneWithFrame
12-30 11:27:41.059   596  3076 E WifiHAL : Invalid data received from driver
12-30 11:27:41.060   596  3076 E WifiHAL : Invalid data received from driver
12-30 11:27:41.060   596  3076 E WifiHAL : Invalid data received from driver
12-30 11:27:41.060   596  3076 E WifiHAL : Invalid data received from driver
12-30 11:27:41.060   596  3076 E WifiHAL : Invalid data received from driver
12-30 11:27:41.060   596  3076 E WifiHAL : Invalid data received from driver
12-30 11:27:41.060   596  3076 E WifiHAL : Invalid data received from driver
12-30 11:27:41.061   596  3076 E WifiHAL : Invalid data received from driver
12-30 11:27:41.087   360   931 D EvsDriver: forwardFrame
12-30 11:27:41.087   360   931 D EvsDriver: forwardFrameDirect
12-30 11:27:41.087   360   931 D EvsDriver: Delivered 0xb400e2ca9e40e110 as id 0
12-30 11:27:41.087   359  2784 D evsmanagerd: /dev/video-evs0 forwarded the buffer #0 to 0xb400f125d2b26dd0 from 0xb400f125e2b20710
12-30 11:27:41.098   360   458 D EvsDriver: doneWithFrame
12-30 11:27:41.101  2358  2623 D RcfController: Rcf proxy is not connected!
12-30 11:27:41.120   360   931 D EvsDriver: forwardFrame
12-30 11:27:41.120   360   931 D EvsDriver: forwardFrameDirect
12-30 11:27:41.120   360   931 D EvsDriver: Delivered 0xb400e2ca9e40c7a0 as id 1
12-30 11:27:41.120   359  2784 D evsmanagerd: /dev/video-evs0 forwarded the buffer #1 to 0xb400f125d2b26dd0 from 0xb400f125e2b20710
12-30 11:27:41.128   360   458 D EvsDriver: doneWithFrame
12-30 11:27:41.129   596  3076 E WifiHAL : Invalid data received from driver
12-30 11:27:41.151  2358  2623 D RcfController: Rcf proxy is not connected!
12-30 11:27:41.153  1667  2407 I media_message_log->MediaMessageProxy: (SourceFile:1)b connectToService action bind
12-30 11:27:41.153   360   931 D EvsDriver: forwardFrame
12-30 11:27:41.153   360   931 D EvsDriver: forwardFrameDirect
12-30 11:27:41.154   360   931 D EvsDriver: Delivered 0xb400e2ca9e40e270 as id 0
12-30 11:27:41.154   359  2784 D evsmanagerd: /dev/video-evs0 forwarded the buffer #0 to 0xb400f125d2b26dd0 from 0xb400f125e2b20710
12-30 11:27:41.154   916  1847 W ActivityManager: Unable to start service Intent { cmp=com.adayo.server.mediamessagetransfer/.MediaMessTransferService (has extras) } U=0: not found
12-30 11:27:41.155  1667  2407 E media_message_log->MediaMessageProxy: (SourceFile:7)a bindServiceAsUser isBound = false
12-30 11:27:41.156   596  3076 E WifiHAL : Invalid data received from driver
12-30 11:27:41.159   360   458 D EvsDriver: doneWithFrame
12-30 11:27:41.187   360   931 D EvsDriver: forwardFrame
12-30 11:27:41.187   360   931 D EvsDriver: forwardFrameDirect
12-30 11:27:41.187   360   931 D EvsDriver: Delivered 0xb400e2ca9e40d4b0 as id 1
12-30 11:27:41.187   359  2784 D evsmanagerd: /dev/video-evs0 forwarded the buffer #1 to 0xb400f125d2b26dd0 from 0xb400f125e2b20710
12-30 11:27:41.189   360   458 D EvsDriver: doneWithFrame
12-30 11:27:41.201  2358  2623 D RcfController: Rcf proxy is not connected!
12-30 11:27:41.220   360   931 D EvsDriver: forwardFrame
12-30 11:27:41.220   360   931 D EvsDriver: forwardFrameDirect
12-30 11:27:41.220   360   931 D EvsDriver: Delivered 0xb400e2ca9e40c2d0 as id 0
12-30 11:27:41.220   359  2784 D evsmanagerd: /dev/video-evs0 forwarded the buffer #0 to 0xb400f125d2b26dd0 from 0xb400f125e2b20710
12-30 11:27:41.223   596  3076 E WifiHAL : Invalid data received from driver
12-30 11:27:41.230   360   458 D EvsDriver: doneWithFrame
12-30 11:27:41.234  1611  1611 I ADAYO_LOG_: handleMessage(UsbFunc.java:3)copyQnx = 0
12-30 11:27:41.235  1611  1611 I ADAYO_LOG_: handleMessage(UsbFunc.java:12)copyState = 2
12-30 11:27:41.251  2358  2623 D RcfController: Rcf proxy is not connected!
12-30 11:27:41.253   360   931 D EvsDriver: forwardFrame
12-30 11:27:41.253   360   931 D EvsDriver: forwardFrameDirect
12-30 11:27:41.254   360   931 D EvsDriver: Delivered 0xb400e2ca9e40d090 as id 1
12-30 11:27:41.254   359  2784 D evsmanagerd: /dev/video-evs0 forwarded the buffer #1 to 0xb400f125d2b26dd0 from 0xb400f125e2b20710
12-30 11:27:41.258   682   821 W vendor.fawvw.hardware.persistenceservice: [RecoveryTBoxSomeIPClient::connectSomeIPServer] Waiting proxy available1...
12-30 11:27:41.260   360   458 D EvsDriver: doneWithFrame
12-30 11:27:41.264   596  3076 E WifiHAL : Invalid data received from driver
12-30 11:27:41.286   360   931 D EvsDriver: forwardFrame
12-30 11:27:41.287   360   931 D EvsDriver: forwardFrameDirect
12-30 11:27:41.287   360   931 D EvsDriver: Delivered 0xb400e2ca9e40e110 as id 0
12-30 11:27:41.287   359  2784 D evsmanagerd: /dev/video-evs0 forwarded the buffer #0 to 0xb400f125d2b26dd0 from 0xb400f125e2b20710
12-30 11:27:41.290   360   458 D EvsDriver: doneWithFrame
12-30 11:27:41.302  2358  2623 D RcfController: Rcf proxy is not connected!
12-30 11:27:41.320   360   931 I EvsDriver: /dev/video-evs0 VideoCapture fps 29.9997
12-30 11:27:41.320   360   931 D EvsDriver: forwardFrame
12-30 11:27:41.320   360   931 D EvsDriver: forwardFrameDirect
12-30 11:27:41.320   360   931 D EvsDriver: Delivered 0xb400e2ca9e40c7a0 as id 1
12-30 11:27:41.320   359  2784 D evsmanagerd: /dev/video-evs0 forwarded the buffer #1 to 0xb400f125d2b26dd0 from 0xb400f125e2b20710
12-30 11:27:41.331   596  3076 E WifiHAL : Invalid data received from driver
12-30 11:27:41.331   360   458 D EvsDriver: doneWithFrame
12-30 11:27:41.331  2338  2545 D SOAServiceManager: SOA Service is Available.
12-30 11:27:41.332  2358  2373 D RcfController: Rcf proxy is not connected!
12-30 11:27:41.333  2338  2545 D NetPermissionProxy: ┌──────────────────────────────────────────────────────────┐
12-30 11:27:41.333  2338  2545 D NetPermissionProxy: │[11:27:41.332][binder:2338_4][queryPermissionLargeSwitch:42]│
12-30 11:27:41.333  2338  2545 D NetPermissionProxy: │ Query network status is off.                             │
12-30 11:27:41.333  2338  2545 D NetPermissionProxy: └──────────────────────────────────────────────────────────┘
12-30 11:27:41.334  2338  2545 I CnsPermissionServiceImpl: ┌──────────────────────────────────────────────────────────┐
12-30 11:27:41.334  2338  2545 I CnsPermissionServiceImpl: │[11:27:41.334][binder:2338_4][queryPermissionLargeSwitch:63]│
12-30 11:27:41.334  2338  2545 I CnsPermissionServiceImpl: │ 18971 is querying Internet large switch, which is false. │
12-30 11:27:41.334  2338  2545 I CnsPermissionServiceImpl: └──────────────────────────────────────────────────────────┘
12-30 11:27:41.335 18971 18971 I CnsCarApp-CellularNetworkRepositoryImpl: Get Cellular network master switch, enabled: false
12-30 11:27:41.351  1667 19384 I app_process64: [AirPlay] Modes changed: screen accessory (permScreen accessory), mainAudio controller (permMainAudio controller), speech n/a (none), phone n/a, turns n/a
12-30 11:27:41.352  1667 19384 I CarPlay_Service: onModeChanged(CarPlaySDKAdapter.java:1290)onModeChanged,screen:2,audio:1,phone:0,speechEntity:0,speechMode:-1,turnByTurn:0
12-30 11:27:41.352  2358  2623 D RcfController: Rcf proxy is not connected!
12-30 11:27:41.353   360   931 D EvsDriver: forwardFrame
12-30 11:27:41.353   360   931 D EvsDriver: forwardFrameDirect
12-30 11:27:41.354   360   931 D EvsDriver: Delivered 0xb400e2ca9e40e270 as id 0
12-30 11:27:41.354   359  2784 D evsmanagerd: /dev/video-evs0 forwarded the buffer #0 to 0xb400f125d2b26dd0 from 0xb400f125e2b20710
12-30 11:27:41.354  1667 19384 I SecureRandomPassword: password:B73hHHcVi2T9lBb3gKoBmxQ4x84FpqCH4/jdkUAGSngcAKb+psWiYO6bPCMmza4jQKXJQwzYhF9qP2g6VEKds3kh+AqeoX9WQMwSIpBJgGE9VBt+w/B9eXlVyMQrw44UWJ9ecdL97wxSHb+pq0w/1fRqXlebDpKeIWvA6CDRzJ3VLVu/OXj8/3TMUusJZYMYJH67+n4dQFWg0K1U2Fq7ZOF4trKkpQ4xuhWIuzxnt1U0mfH1ApXKtQF9zFvQASf0gt5RIFm0gdlpYRMOHzb4lenss2TDaB6a3/N2pnWTbqyJzkyWP92Kx/OeOvGw9GzgvIaCyi9S6nuD79II839FQA==
12-30 11:27:41.355  1667 19384 D CarPlay_Service: a(CarPlaySDKAdapter.java:1069)getDataDeviceDao().update encrypt--->:ptxd84HaQ5pmCGJ9VmL767wLHgVpAdS4eslyhRcEH+9KCavENZOMlBacCs/wGzHDg7AcXvyNB74PRC6SSNDRG9He2RCrqoWlAIMccxpyDQvuDp2UVWSjleTLWy0htOn8sF6bgjgbLKImMLS9ejh8mO2K1Ylwc/r26wFEVHpcx9P+6754L4VKBh7ewcui5QLfnsYm0Vo/DzO6BiwxnDTRQJHqYUWDtrJzMd57WpkLEKEmxp9ubPC76rVrPykZQ1t3tQeniV8p3HzDXyJpK+XRAqjWJJuZKNqVq+X4ZvufshI=
12-30 11:27:41.360  1667 19384 D CarPlay_Service: onModeChanged(CarPlaySDKAdapter.java:1419)mSpeechMode:-1
12-30 11:27:41.361   360   458 D EvsDriver: doneWithFrame
12-30 11:27:41.365  1667 19378 I app_process64: [AirPlay] Modes changed: screen accessory (permScreen accessory), mainAudio controller (permMainAudio controller), speech n/a (none), phone n/a, turns n/a
12-30 11:27:41.366  1667 19378 I CarPlay_Service: onModeChanged(CarPlaySDKAdapter.java:1290)onModeChanged,screen:2,audio:1,phone:0,speechEntity:0,speechMode:-1,turnByTurn:0
12-30 11:27:41.369  1667 19378 D CarPlay_Service: a(CarPlaySDKAdapter.java:1069)getDataDeviceDao().update encrypt--->:ptxd84HaQ5pmCGJ9VmL767wLHgVpAdS4eslyhRcEH+9KCavENZOMlBacCs/wGzHDg7AcXvyNB74PRC6SSNDRG9He2RCrqoWlAIMccxpyDQvuDp2UVWSjleTLWy0htOn8sF6bgjgbLKImMLS9ejh8mO2K1Ylwc/r26wFEVHpcx9PQh/5n1eoYqAUL2baZMWnMoeUEwc/YpXAKkZoCqjVfMMKarO29UQPGWcJ/qGNOADyB1YtOwU+7wnpAzoGWp4LchP+LRy2lg4OZBGr5yUle5WeWMTGWMjZTUQtDEWCfUn8=
12-30 11:27:41.369   798 20152 W adbd    : timed out while waiting for FUNCTIONFS_BIND, trying again
12-30 11:27:41.369   798 20152 I adbd    : UsbFfs: connection terminated: monitor thread finished
12-30 11:27:41.369   798   798 I adbd    : UsbFfs: already offline
12-30 11:27:41.369   798   798 I adbd    : destroying transport UsbFfs
12-30 11:27:41.370   798   798 I adbd    : UsbFfsConnection being destroyed
12-30 11:27:41.373  1667 19378 D CarPlay_Service: onModeChanged(CarPlaySDKAdapter.java:1419)mSpeechMode:-1
12-30 11:27:41.387   360   931 D EvsDriver: forwardFrame
12-30 11:27:41.387   360   931 D EvsDriver: forwardFrameDirect
12-30 11:27:41.387   360   931 D EvsDriver: Delivered 0xb400e2ca9e40d4b0 as id 1
12-30 11:27:41.387   359  2784 D evsmanagerd: /dev/video-evs0 forwarded the buffer #1 to 0xb400f125d2b26dd0 from 0xb400f125e2b20710
12-30 11:27:41.391   360   458 D EvsDriver: doneWithFrame
12-30 11:27:41.394   650   729 D fgemcucomm: sd Uart data : 6AA6023E240002920206
12-30 11:27:41.394   650   729 D fgemcucomm: rev uart=84224,len=17, data : 6AA6813E2400099202000A000000000076
12-30 11:27:41.394   398   466 D adayocomadapter-ParseProtocolFunc: printRaWMsg Name[MCUToUPstream recv] len[9] data[9202000A0000000000]
12-30 11:27:41.395   398   466 D adayocomadapter-CommunicationManager: onUpstreamback   member[0] dataLength[6] timePoint[10197216]
12-30 11:27:41.395   398   466 D adayocomadapter-ParseProtocolFunc: printRaWMsg Name[onUpstreamback] len[6] data[0A0000000000]
12-30 11:27:41.395   398   464 D adayocomadapter-UpstreamHandler: processBeforePacket upSreamtProcessTimePoint[10197217] 
12-30 11:27:41.395   398   464 D adayocomadapter-UpstreamHandler: processPacket UPSTREAM_QUEUE_DATA_TIMEOUT
12-30 11:27:41.395   398   464 D adayocomadapter-ParseProtocolFunc: parseCommonIPCLBytes Processing tableNumber[10]
12-30 11:27:41.395   398   464 D adayocomadapter-ParseProtocolFunc: parseCommonIPCLBytes Processing tablename[Table-10] tableSize[6]
12-30 11:27:41.395   398   464 D adayocomadapter-ParseProtocolFunc: printRaWMsg Name[byteStream recv] len[6] data[0A0000000000]
12-30 11:27:41.395   398   464 D adayocomadapter-ParseProtocolFunc: printRaWMsg Name[IPCLtoVHAL] len[9] data[2140201C0000000000]
12-30 11:27:41.395   398   464 D adayocomadapter-ParseProtocolFunc: printRaWMsg Name[IPCLtoVHAL] len[6] data[214022320000]
12-30 11:27:41.395   398   464 D adayocomadapter-CommunicationManager: onUpstreamReceive mPropertyId 0x2140201c
12-30 11:27:41.395   398   464 D adayocomadapter-CommunicationManager: convertBytesToInt32Memcpy  0
12-30 11:27:41.395   398   464 I vw-vhal : notifyVehicleProperty, propId = 0x2140201c, data = {status: 2, int32Values: [0]}
12-30 11:27:41.395   398   464 I vw-vhal : CanSignalsAdapter::notifyVehicleProperty: solvedValue = {.timestamp = 10197217665213, .areaId = 0, .prop = 557850652, .status = AVAILABLE, .value = {.int32Values = [1]{0}, .floatValues = [0]{}, .int64Values = [0]{}, .bytes = [0]{}, .stringValue = ""}}
12-30 11:27:41.395   398   464 I VehiclePropertyStore: begin to write value to Store: {.timestamp = 10197217665213, .areaId = 0, .prop = 557850652, .status = AVAILABLE, .value = {.int32Values = [1]{0}, .floatValues = [0]{}, .int64Values = [0]{}, .bytes = [0]{}, .stringValue = ""}}
12-30 11:27:41.396   398   464 I DefaultVehicleHal_v2_0: DefaultVehicleHal::onPropertyValue, value:{.timestamp = 10197217665213, .areaId = 0, .prop = 557850652, .status = AVAILABLE, .value = {.int32Values = [1]{0}, .floatValues = [0]{}, .int64Values = [0]{}, .bytes = [0]{}, .stringValue = ""}}
12-30 11:27:41.396   398   464 D DiagPropHandler: is not DiagnosticConfig: 0x2140201c
12-30 11:27:41.396   398   464 I VehiclePropertyStore: begin to write value to Store: {.timestamp = 10197217665213, .areaId = 0, .prop = 557850652, .status = AVAILABLE, .value = {.int32Values = [1]{0}, .floatValues = [0]{}, .int64Values = [0]{}, .bytes = [0]{}, .stringValue = ""}}
12-30 11:27:41.396   398   464 D adayocomadapter-CommunicationManager: onUpstreamReceive mPropertyId 0x2140201c
12-30 11:27:41.396   398   464 D adayocomadapter-CommunicationManager: onUpstreamReceive mPropertyId 0x21402232
12-30 11:27:41.396   398   464 D adayocomadapter-CommunicationManager: convertBytesToInt32Memcpy  0
12-30 11:27:41.396   398   464 I vw-vhal : notifyVehicleProperty, propId = 0x21402232, data = {status: 2, int32Values: [0]}
12-30 11:27:41.396   398   464 I vw-vhal : CanSignalsAdapter::notifyVehicleProperty: solvedValue = {.timestamp = 10197218366880, .areaId = 0, .prop = 557851186, .status = AVAILABLE, .value = {.int32Values = [1]{0}, .floatValues = [0]{}, .int64Values = [0]{}, .bytes = [0]{}, .stringValue = ""}}
12-30 11:27:41.396   398   464 I VehiclePropertyStore: begin to write value to Store: {.timestamp = 10197218366880, .areaId = 0, .prop = 557851186, .status = AVAILABLE, .value = {.int32Values = [1]{0}, .floatValues = [0]{}, .int64Values = [0]{}, .bytes = [0]{}, .stringValue = ""}}
12-30 11:27:41.396   398   464 I DefaultVehicleHal_v2_0: DefaultVehicleHal::onPropertyValue, value:{.timestamp = 10197218366880, .areaId = 0, .prop = 557851186, .status = AVAILABLE, .value = {.int32Values = [1]{0}, .floatValues = [0]{}, .int64Values = [0]{}, .bytes = [0]{}, .stringValue = ""}}
12-30 11:27:41.396   398   464 D DiagPropHandler: is not DiagnosticConfig: 0x21402232
12-30 11:27:41.396   398   464 I VehiclePropertyStore: begin to write value to Store: {.timestamp = 10197218366880, .areaId = 0, .prop = 557851186, .status = AVAILABLE, .value = {.int32Values = [1]{0}, .floatValues = [0]{}, .int64Values = [0]{}, .bytes = [0]{}, .stringValue = ""}}
12-30 11:27:41.396   398   464 D adayocomadapter-CommunicationManager: onUpstreamReceive mPropertyId 0x21402232
12-30 11:27:41.401   596  3076 E WifiHAL : Invalid data received from driver
12-30 11:27:41.402  2358  2623 D RcfController: Rcf proxy is not connected!
12-30 11:27:41.418   798   838 I adbd    : opening control endpoint /dev/usb-ffs/adb/ep0
12-30 11:27:41.419   798   838 I adbd    : UsbFfsConnection constructed
12-30 11:27:41.420   360   931 D EvsDriver: forwardFrame
12-30 11:27:41.420   360   931 D EvsDriver: forwardFrameDirect
12-30 11:27:41.420   798 20154 I adbd    : UsbFfs-monitor thread spawned
12-30 11:27:41.420   360   931 D EvsDriver: Delivered 0xb400e2ca9e40c2d0 as id 0
12-30 11:27:41.420   359  2784 D evsmanagerd: /dev/video-evs0 forwarded the buffer #0 to 0xb400f125d2b26dd0 from 0xb400f125e2b20710
12-30 11:27:41.422   360   458 D EvsDriver: doneWithFrame
12-30 11:27:41.450   650   729 D fgemcucomm: sd Uart data : 6AA6023E2500028B30DE
12-30 11:27:41.451   650   729 D fgemcucomm: rev uart=84225,len=92, data : 6AA6813E2500548B30B01E0B1B28A55A880000010001010E0000000000000000000000000000000000000000233702C304288080808080A8808031050AFF0A0D0D09000900BBBBBBBBBBBBBBBBBB000000000000000000004F020588
12-30 11:27:41.452  2358  2623 D RcfController: Rcf proxy is not connected!
12-30 11:27:41.453   360   931 D EvsDriver: forwardFrame
12-30 11:27:41.453   360   931 D EvsDriver: forwardFrameDirect
12-30 11:27:41.454   360   931 D EvsDriver: Delivered 0xb400e2ca9e40d090 as id 1
12-30 11:27:41.454   359  2784 D evsmanagerd: /dev/video-evs0 forwarded the buffer #1 to 0xb400f125d2b26dd0 from 0xb400f125e2b20710
12-30 11:27:41.462   360   458 D EvsDriver: doneWithFrame
12-30 11:27:41.463   596  3076 E WifiHAL : Invalid data received from driver
12-30 11:27:41.465  1667  2513 W ContextImpl: Calling a method in the system process without a qualified user: android.app.ContextImpl.bindService:1988 android.content.ContextWrapper.bindService:861 com.ford.sync.fnvservice.analytics.AnalyticsManager$RetryHandler.a:126 com.ford.sync.fnvservice.analytics.AnalyticsManager$RetryHandler.handleMessage:103 android.os.Handler.dispatchMessage:106 
12-30 11:27:41.466   916  1847 W ActivityManager: Unable to start service Intent { cmp=com.ford.sync.fnvservice/.analytics.AnalyticsService } U=0: not found
12-30 11:27:41.466  1667  2513 W AnalyticsManager:  bind ford Analytics failed -> sendRetryMessage 
12-30 11:27:41.478   650   729 D fgemcucomm: sd Uart data : 6AA6023E260002920204
12-30 11:27:41.478   650   729 D fgemcucomm: rev uart=84226,len=65, data : 6AA6813E26003992020017000000000000000000000000000000000000000000000000000000000000000000000000000000000000000000000000000000000037
12-30 11:27:41.478   650   729 D fgemcucomm: sd Uart data : 6AA6023E270002920203
12-30 11:27:41.478   398   466 D adayocomadapter-ParseProtocolFunc: printRaWMsg Name[MCUToUPstream recv] len[57] data[920200170000000000000000000000000000000000000000000000000000000000000000000000000000000000000000000000000000000000]
12-30 11:27:41.478   398   466 D adayocomadapter-CommunicationManager: onUpstreamback   member[0] dataLength[54] timePoint[10197300]
12-30 11:27:41.479   398   466 D adayocomadapter-ParseProtocolFunc: printRaWMsg Name[onUpstreamback] len[54] data[170000000000000000000000000000000000000000000000000000000000000000000000000000000000000000000000000000000000]
12-30 11:27:41.479   650   729 D fgemcucomm: rev uart=84227,len=109, data : 6AA6813E270065920200100000000000000000000000000000000000000000000000000000000000000000000000000000000000000000000000000000000000000000000000000000000000000000000000000000000000000000000000000000000000000000000000000011
12-30 11:27:41.479   398   464 D adayocomadapter-UpstreamHandler: processBeforePacket upSreamtProcessTimePoint[10197301] 
12-30 11:27:41.479   398   464 D adayocomadapter-UpstreamHandler: processPacket UPSTREAM_QUEUE_DATA_TIMEOUT
12-30 11:27:41.479   398   464 D adayocomadapter-ParseProtocolFunc: parseCommonIPCLBytes Processing tableNumber[23]
12-30 11:27:41.479   398   466 D adayocomadapter-ParseProtocolFunc: printRaWMsg Name[MCUToUPstream recv] len[101] data[9202001000000000000000000000000000000000000000000000000000000000000000000000000000000000000000000000000000000000000000000000000000000000000000000000000000000000000000000000000000000000000000000000000000]
12-30 11:27:41.479   398   464 D adayocomadapter-ParseProtocolFunc: parseCommonIPCLBytes Processing tablename[Table-23] tableSize[54]
12-30 11:27:41.479   398   466 D adayocomadapter-CommunicationManager: onUpstreamback   member[0] dataLength[98] timePoint[10197301]
12-30 11:27:41.479   398   464 D adayocomadapter-ParseProtocolFunc: printRaWMsg Name[byteStream recv] len[54] data[170000000000000000000000000000000000000000000000000000000000000000000000000000000000000000000000000000000000]
12-30 11:27:41.479   398   464 D adayocomadapter-ParseProtocolFunc: printRaWMsg Name[IPCLtoVHAL] len[6] data[214021020000]
12-30 11:27:41.479   398   466 D adayocomadapter-ParseProtocolFunc: printRaWMsg Name[onUpstreamback] len[98] data[1000000000000000000000000000000000000000000000000000000000000000000000000000000000000000000000000000000000000000000000000000000000000000000000000000000000000000000000000000000000000000000000000000]
12-30 11:27:41.479   398   464 D adayocomadapter-ParseProtocolFunc: printRaWMsg Name[IPCLtoVHAL] len[6] data[214021100000]
12-30 11:27:41.479   398   464 D adayocomadapter-ParseProtocolFunc: printRaWMsg Name[IPCLtoVHAL] len[6] data[214020E20000]
12-30 11:27:41.479   398   464 D adayocomadapter-ParseProtocolFunc: printRaWMsg Name[IPCLtoVHAL] len[7] data[21402043000000]
12-30 11:27:41.479   398   464 D adayocomadapter-ParseProtocolFunc: printRaWMsg Name[IPCLtoVHAL] len[9] data[214020370000000000]
12-30 11:27:41.479   398   464 D adayocomadapter-ParseProtocolFunc: printRaWMsg Name[IPCLtoVHAL] len[6] data[214020EE0000]
12-30 11:27:41.479   398   464 D adayocomadapter-ParseProtocolFunc: printRaWMsg Name[IPCLtoVHAL] len[6] data[214021330000]
12-30 11:27:41.480   398   464 D adayocomadapter-ParseProtocolFunc: printRaWMsg Name[IPCLtoVHAL] len[6] data[2140210F0000]
12-30 11:27:41.480   398   464 D adayocomadapter-ParseProtocolFunc: printRaWMsg Name[IPCLtoVHAL] len[6] data[214020F00000]
12-30 11:27:41.480   398   464 D adayocomadapter-ParseProtocolFunc: printRaWMsg Name[IPCLtoVHAL] len[6] data[214020C10000]
12-30 11:27:41.480   398   464 D adayocomadapter-ParseProtocolFunc: printRaWMsg Name[IPCLtoVHAL] len[6] data[2140211F0000]
12-30 11:27:41.480   398   464 D adayocomadapter-ParseProtocolFunc: printRaWMsg Name[IPCLtoVHAL] len[6] data[214020940000]
12-30 11:27:41.480   398   464 D adayocomadapter-ParseProtocolFunc: printRaWMsg Name[IPCLtoVHAL] len[9] data[214020360000000000]
12-30 11:27:41.480   398   464 D adayocomadapter-ParseProtocolFunc: printRaWMsg Name[IPCLtoVHAL] len[6] data[214020C30000]
12-30 11:27:41.480   398   464 D adayocomadapter-ParseProtocolFunc: printRaWMsg Name[IPCLtoVHAL] len[6] data[214021140000]
12-30 11:27:41.480   398   464 D adayocomadapter-ParseProtocolFunc: printRaWMsg Name[IPCLtoVHAL] len[6] data[214020B60000]
12-30 11:27:41.480   398   464 D adayocomadapter-ParseProtocolFunc: printRaWMsg Name[IPCLtoVHAL] len[6] data[214021150000]
12-30 11:27:41.480   398   464 D adayocomadapter-ParseProtocolFunc: printRaWMsg Name[IPCLtoVHAL] len[6] data[2140211A0000]
12-30 11:27:41.480   398   464 D adayocomadapter-ParseProtocolFunc: printRaWMsg Name[IPCLtoVHAL] len[9] data[2140204B0000000000]
12-30 11:27:41.480   398   464 D adayocomadapter-ParseProtocolFunc: printRaWMsg Name[IPCLtoVHAL] len[6] data[2140211B0000]
12-30 11:27:41.480   398   464 D adayocomadapter-ParseProtocolFunc: printRaWMsg Name[IPCLtoVHAL] len[9] data[2140203B0000000000]
12-30 11:27:41.480   398   464 D adayocomadapter-ParseProtocolFunc: printRaWMsg Name[IPCLtoVHAL] len[7] data[2140203F000000]
12-30 11:27:41.480   398   464 D adayocomadapter-ParseProtocolFunc: printRaWMsg Name[IPCLtoVHAL] len[7] data[2140203A000000]
12-30 11:27:41.480   398   464 D adayocomadapter-ParseProtocolFunc: printRaWMsg Name[IPCLtoVHAL] len[7] data[2140203E000000]
12-30 11:27:41.480   398   464 D adayocomadapter-ParseProtocolFunc: printRaWMsg Name[IPCLtoVHAL] len[7] data[21402042000000]
12-30 11:27:41.481   398   464 D adayocomadapter-ParseProtocolFunc: printRaWMsg Name[IPCLtoVHAL] len[7] data[21402039000000]
12-30 11:27:41.481   398   464 D adayocomadapter-ParseProtocolFunc: printRaWMsg Name[IPCLtoVHAL] len[7] data[2140203D000000]
12-30 11:27:41.481   398   464 D adayocomadapter-ParseProtocolFunc: printRaWMsg Name[IPCLtoVHAL] len[7] data[21402041000000]
12-30 11:27:41.481   398   464 D adayocomadapter-ParseProtocolFunc: printRaWMsg Name[IPCLtoVHAL] len[7] data[21402045000000]
12-30 11:27:41.481  1667  2410 I media_message_log->MediaMessageUserProxy: (SourceFile:1)b connectToService action bind
12-30 11:27:41.481   398   464 D adayocomadapter-ParseProtocolFunc: printRaWMsg Name[IPCLtoVHAL] len[7] data[2140204D000000]
12-30 11:27:41.481   398   464 D adayocomadapter-ParseProtocolFunc: printRaWMsg Name[IPCLtoVHAL] len[6] data[2140220B0000]
12-30 11:27:41.481   398   464 D adayocomadapter-CommunicationManager: onUpstreamReceive mPropertyId 0x21402102
12-30 11:27:41.481   398   464 D adayocomadapter-CommunicationManager: convertBytesToInt32Memcpy  0
12-30 11:27:41.481   398   464 I vw-vhal : notifyVehicleProperty, propId = 0x21402102, data = {status: 2, int32Values: [0]}
12-30 11:27:41.481   398   464 I vw-vhal : CanSignalsAdapter::notifyVehicleProperty: solvedValue = {.timestamp = 10197303561213, .areaId = 0, .prop = 557850882, .status = AVAILABLE, .value = {.int32Values = [1]{0}, .floatValues = [0]{}, .int64Values = [0]{}, .bytes = [0]{}, .stringValue = ""}}
12-30 11:27:41.481   398   464 I VehiclePropertyStore: begin to write value to Store: {.timestamp = 10197303561213, .areaId = 0, .prop = 557850882, .status = AVAILABLE, .value = {.int32Values = [1]{0}, .floatValues = [0]{}, .int64Values = [0]{}, .bytes = [0]{}, .stringValue = ""}}
12-30 11:27:41.481   398   464 I DefaultVehicleHal_v2_0: DefaultVehicleHal::onPropertyValue, value:{.timestamp = 10197303561213, .areaId = 0, .prop = 557850882, .status = AVAILABLE, .value = {.int32Values = [1]{0}, .floatValues = [0]{}, .int64Values = [0]{}, .bytes = [0]{}, .stringValue = ""}}
12-30 11:27:41.482   398   464 D DiagPropHandler: is not DiagnosticConfig: 0x21402102
12-30 11:27:41.482   398   464 I VehiclePropertyStore: begin to write value to Store: {.timestamp = 10197303561213, .areaId = 0, .prop = 557850882, .status = AVAILABLE, .value = {.int32Values = [1]{0}, .floatValues = [0]{}, .int64Values = [0]{}, .bytes = [0]{}, .stringValue = ""}}
12-30 11:27:41.482   916  1847 W ActivityManager: Unable to start service Intent { cmp=com.adayo.server.mediamessagetransfer/.MediaMessTransferService (has extras) } U=0: not found
12-30 11:27:41.482   398   464 D adayocomadapter-CommunicationManager: onUpstreamReceive mPropertyId 0x21402102
12-30 11:27:41.482   398   464 D adayocomadapter-CommunicationManager: onUpstreamReceive mPropertyId 0x21402110
12-30 11:27:41.482   398   464 D adayocomadapter-CommunicationManager: convertBytesToInt32Memcpy  0
12-30 11:27:41.482   398   464 I vw-vhal : notifyVehicleProperty, propId = 0x21402110, data = {status: 2, int32Values: [0]}
12-30 11:27:41.482   398   464 I vw-vhal : CanSignalsAdapter::notifyVehicleProperty: solvedValue = {.timestamp = 10197304397880, .areaId = 0, .prop = 557850896, .status = AVAILABLE, .value = {.int32Values = [1]{0}, .floatValues = [0]{}, .int64Values = [0]{}, .bytes = [0]{}, .stringValue = ""}}
12-30 11:27:41.482   398   464 I VehiclePropertyStore: begin to write value to Store: {.timestamp = 10197304397880, .areaId = 0, .prop = 557850896, .status = AVAILABLE, .value = {.int32Values = [1]{0}, .floatValues = [0]{}, .int64Values = [0]{}, .bytes = [0]{}, .stringValue = ""}}
12-30 11:27:41.482   398   464 I DefaultVehicleHal_v2_0: DefaultVehicleHal::onPropertyValue, value:{.timestamp = 10197304397880, .areaId = 0, .prop = 557850896, .status = AVAILABLE, .value = {.int32Values = [1]{0}, .floatValues = [0]{}, .int64Values = [0]{}, .bytes = [0]{}, .stringValue = ""}}
12-30 11:27:41.482   398   464 D DiagPropHandler: is not DiagnosticConfig: 0x21402110
12-30 11:27:41.482   398   464 I VehiclePropertyStore: begin to write value to Store: {.timestamp = 10197304397880, .areaId = 0, .prop = 557850896, .status = AVAILABLE, .value = {.int32Values = [1]{0}, .floatValues = [0]{}, .int64Values = [0]{}, .bytes = [0]{}, .stringValue = ""}}
12-30 11:27:41.482  1667  2410 E media_message_log->MediaMessageUserProxy: (SourceFile:7)a bindServiceAsUser isBound = false
12-30 11:27:41.483   398   464 D adayocomadapter-CommunicationManager: onUpstreamReceive mPropertyId 0x21402110
12-30 11:27:41.483   398   464 D adayocomadapter-CommunicationManager: onUpstreamReceive mPropertyId 0x214020e2
12-30 11:27:41.483   398   464 D adayocomadapter-CommunicationManager: convertBytesToInt32Memcpy  0
12-30 11:27:41.483   398   464 I vw-vhal : notifyVehicleProperty, propId = 0x214020e2, data = {status: 2, int32Values: [0]}
12-30 11:27:41.483   398   464 I vw-vhal : CanSignalsAdapter::notifyVehicleProperty: solvedValue = {.timestamp = 10197305152880, .areaId = 0, .prop = 557850850, .status = AVAILABLE, .value = {.int32Values = [1]{0}, .floatValues = [0]{}, .int64Values = [0]{}, .bytes = [0]{}, .stringValue = ""}}
12-30 11:27:41.483   398   464 I VehiclePropertyStore: begin to write value to Store: {.timestamp = 10197305152880, .areaId = 0, .prop = 557850850, .status = AVAILABLE, .value = {.int32Values = [1]{0}, .floatValues = [0]{}, .int64Values = [0]{}, .bytes = [0]{}, .stringValue = ""}}
12-30 11:27:41.483   398   464 I DefaultVehicleHal_v2_0: DefaultVehicleHal::onPropertyValue, value:{.timestamp = 10197305152880, .areaId = 0, .prop = 557850850, .status = AVAILABLE, .value = {.int32Values = [1]{0}, .floatValues = [0]{}, .int64Values = [0]{}, .bytes = [0]{}, .stringValue = ""}}
12-30 11:27:41.483   398   464 D DiagPropHandler: is not DiagnosticConfig: 0x214020e2
12-30 11:27:41.483   398   464 I VehiclePropertyStore: begin to write value to Store: {.timestamp = 10197305152880, .areaId = 0, .prop = 557850850, .status = AVAILABLE, .value = {.int32Values = [1]{0}, .floatValues = [0]{}, .int64Values = [0]{}, .bytes = [0]{}, .stringValue = ""}}
12-30 11:27:41.483   398   464 D adayocomadapter-CommunicationManager: onUpstreamReceive mPropertyId 0x214020e2
12-30 11:27:41.483   398   464 D adayocomadapter-CommunicationManager: onUpstreamReceive mPropertyId 0x21402043
12-30 11:27:41.483   398   464 D adayocomadapter-CommunicationManager: convertBytesToInt32Memcpy  0
12-30 11:27:41.483   398   464 I vw-vhal : notifyVehicleProperty, propId = 0x21402043, data = {status: 2, int32Values: [0]}
12-30 11:27:41.484   398   464 I vw-vhal : CanSignalsAdapter::notifyVehicleProperty: solvedValue = {.timestamp = 10197305854546, .areaId = 0, .prop = 557850691, .status = AVAILABLE, .value = {.int32Values = [1]{0}, .floatValues = [0]{}, .int64Values = [0]{}, .bytes = [0]{}, .stringValue = ""}}
12-30 11:27:41.484   398   464 I VehiclePropertyStore: begin to write value to Store: {.timestamp = 10197305854546, .areaId = 0, .prop = 557850691, .status = AVAILABLE, .value = {.int32Values = [1]{0}, .floatValues = [0]{}, .int64Values = [0]{}, .bytes = [0]{}, .stringValue = ""}}
12-30 11:27:41.484   398   464 I DefaultVehicleHal_v2_0: DefaultVehicleHal::onPropertyValue, value:{.timestamp = 10197305854546, .areaId = 0, .prop = 557850691, .status = AVAILABLE, .value = {.int32Values = [1]{0}, .floatValues = [0]{}, .int64Values = [0]{}, .bytes = [0]{}, .stringValue = ""}}
12-30 11:27:41.484   398   464 D DiagPropHandler: is not DiagnosticConfig: 0x21402043
12-30 11:27:41.484   398   464 I VehiclePropertyStore: begin to write value to Store: {.timestamp = 10197305854546, .areaId = 0, .prop = 557850691, .status = AVAILABLE, .value = {.int32Values = [1]{0}, .floatValues = [0]{}, .int64Values = [0]{}, .bytes = [0]{}, .stringValue = ""}}
12-30 11:27:41.484   398   464 D adayocomadapter-CommunicationManager: onUpstreamReceive mPropertyId 0x21402043
12-30 11:27:41.484   398   464 D adayocomadapter-CommunicationManager: onUpstreamReceive mPropertyId 0x21402037
12-30 11:27:41.484   398   464 D adayocomadapter-CommunicationManager: convertBytesToInt32Memcpy  0
12-30 11:27:41.484   398   464 I vw-vhal : notifyVehicleProperty, propId = 0x21402037, data = {status: 2, int32Values: [0]}
12-30 11:27:41.484   398   464 I vw-vhal : CanSignalsAdapter::notifyVehicleProperty: solvedValue = {.timestamp = 10197306572880, .areaId = 0, .prop = 557850679, .status = AVAILABLE, .value = {.int32Values = [1]{0}, .floatValues = [0]{}, .int64Values = [0]{}, .bytes = [0]{}, .stringValue = ""}}
12-30 11:27:41.484   398   464 I VehiclePropertyStore: begin to write value to Store: {.timestamp = 10197306572880, .areaId = 0, .prop = 557850679, .status = AVAILABLE, .value = {.int32Values = [1]{0}, .floatValues = [0]{}, .int64Values = [0]{}, .bytes = [0]{}, .stringValue = ""}}
12-30 11:27:41.484   398   464 I DefaultVehicleHal_v2_0: DefaultVehicleHal::onPropertyValue, value:{.timestamp = 10197306572880, .areaId = 0, .prop = 557850679, .status = AVAILABLE, .value = {.int32Values = [1]{0}, .floatValues = [0]{}, .int64Values = [0]{}, .bytes = [0]{}, .stringValue = ""}}
12-30 11:27:41.485   398   464 D DiagPropHandler: is not DiagnosticConfig: 0x21402037
12-30 11:27:41.485   398   464 I VehiclePropertyStore: begin to write value to Store: {.timestamp = 10197306572880, .areaId = 0, .prop = 557850679, .status = AVAILABLE, .value = {.int32Values = [1]{0}, .floatValues = [0]{}, .int64Values = [0]{}, .bytes = [0]{}, .stringValue = ""}}
12-30 11:27:41.485   398   464 D adayocomadapter-CommunicationManager: onUpstreamReceive mPropertyId 0x21402037
12-30 11:27:41.485   398   464 D adayocomadapter-CommunicationManager: onUpstreamReceive mPropertyId 0x214020ee
12-30 11:27:41.485   398   464 D adayocomadapter-CommunicationManager: convertBytesToInt32Memcpy  0
12-30 11:27:41.485   398   464 I vw-vhal : notifyVehicleProperty, propId = 0x214020ee, data = {status: 2, int32Values: [0]}
12-30 11:27:41.485   398   464 I vw-vhal : CanSignalsAdapter::notifyVehicleProperty: solvedValue = {.timestamp = 10197307221880, .areaId = 0, .prop = 557850862, .status = AVAILABLE, .value = {.int32Values = [1]{0}, .floatValues = [0]{}, .int64Values = [0]{}, .bytes = [0]{}, .stringValue = ""}}
12-30 11:27:41.485   398   464 I VehiclePropertyStore: begin to write value to Store: {.timestamp = 10197307221880, .areaId = 0, .prop = 557850862, .status = AVAILABLE, .value = {.int32Values = [1]{0}, .floatValues = [0]{}, .int64Values = [0]{}, .bytes = [0]{}, .stringValue = ""}}
12-30 11:27:41.485   398   464 I DefaultVehicleHal_v2_0: DefaultVehicleHal::onPropertyValue, value:{.timestamp = 10197307221880, .areaId = 0, .prop = 557850862, .status = AVAILABLE, .value = {.int32Values = [1]{0}, .floatValues = [0]{}, .int64Values = [0]{}, .bytes = [0]{}, .stringValue = ""}}
12-30 11:27:41.485   398   464 D DiagPropHandler: is not DiagnosticConfig: 0x214020ee
