12-30 11:27:41.953   398   464 I VehiclePropertyStore: begin to write value to Store: {.timestamp = 10197775008213, .areaId = 0, .prop = 557850754, .status = AVAILABLE, .value = {.int32Values = [1]{0}, .floatValues = [0]{}, .int64Values = [0]{}, .bytes = [0]{}, .stringValue = ""}}
12-30 11:27:41.953   398   464 I DefaultVehicleHal_v2_0: DefaultVehicleHal::onPropertyValue, value:{.timestamp = 10197775008213, .areaId = 0, .prop = 557850754, .status = AVAILABLE, .value = {.int32Values = [1]{0}, .floatValues = [0]{}, .int64Values = [0]{}, .bytes = [0]{}, .stringValue = ""}}
12-30 11:27:41.953   398   464 D DiagPropHandler: is not DiagnosticConfig: 0x21402082
12-30 11:27:41.953   398   464 I VehiclePropertyStore: begin to write value to Store: {.timestamp = 10197775008213, .areaId = 0, .prop = 557850754, .status = AVAILABLE, .value = {.int32Values = [1]{0}, .floatValues = [0]{}, .int64Values = [0]{}, .bytes = [0]{}, .stringValue = ""}}
12-30 11:27:41.953   398   464 D adayocomadapter-CommunicationManager: onUpstreamReceive mPropertyId 0x21402082
12-30 11:27:41.953   398   464 D adayocomadapter-CommunicationManager: onUpstreamReceive mPropertyId 0x21402083
12-30 11:27:41.953   398   464 D adayocomadapter-CommunicationManager: convertBytesToInt32Memcpy  0
12-30 11:27:41.953   398   464 I vw-vhal : notifyVehicleProperty, propId = 0x21402083, data = {status: 2, int32Values: [0]}
12-30 11:27:41.953   398   464 I vw-vhal : CanSignalsAdapter::notifyVehicleProperty: solvedValue = {.timestamp = 10197775215213, .areaId = 0, .prop = 557850755, .status = AVAILABLE, .value = {.int32Values = [1]{0}, .floatValues = [0]{}, .int64Values = [0]{}, .bytes = [0]{}, .stringValue = ""}}
12-30 11:27:41.953   398   464 I VehiclePropertyStore: begin to write value to Store: {.timestamp = 10197775215213, .areaId = 0, .prop = 557850755, .status = AVAILABLE, .value = {.int32Values = [1]{0}, .floatValues = [0]{}, .int64Values = [0]{}, .bytes = [0]{}, .stringValue = ""}}
12-30 11:27:41.953   398   464 I DefaultVehicleHal_v2_0: DefaultVehicleHal::onPropertyValue, value:{.timestamp = 10197775215213, .areaId = 0, .prop = 557850755, .status = AVAILABLE, .value = {.int32Values = [1]{0}, .floatValues = [0]{}, .int64Values = [0]{}, .bytes = [0]{}, .stringValue = ""}}
12-30 11:27:41.953   398   464 D DiagPropHandler: is not DiagnosticConfig: 0x21402083
12-30 11:27:41.953   398   464 I VehiclePropertyStore: begin to write value to Store: {.timestamp = 10197775215213, .areaId = 0, .prop = 557850755, .status = AVAILABLE, .value = {.int32Values = [1]{0}, .floatValues = [0]{}, .int64Values = [0]{}, .bytes = [0]{}, .stringValue = ""}}
12-30 11:27:41.953   398   464 D adayocomadapter-CommunicationManager: onUpstreamReceive mPropertyId 0x21402083
12-30 11:27:41.953   398   464 D adayocomadapter-CommunicationManager: onUpstreamReceive mPropertyId 0x21402084
12-30 11:27:41.953   398   464 D adayocomadapter-CommunicationManager: convertBytesToInt32Memcpy  0
12-30 11:27:41.953   398   464 I vw-vhal : notifyVehicleProperty, propId = 0x21402084, data = {status: 2, int32Values: [0]}
12-30 11:27:41.953   398   464 I vw-vhal : CanSignalsAdapter::notifyVehicleProperty: solvedValue = {.timestamp = 10197775405880, .areaId = 0, .prop = 557850756, .status = AVAILABLE, .value = {.int32Values = [1]{0}, .floatValues = [0]{}, .int64Values = [0]{}, .bytes = [0]{}, .stringValue = ""}}
12-30 11:27:41.953   398   464 I VehiclePropertyStore: begin to write value to Store: {.timestamp = 10197775405880, .areaId = 0, .prop = 557850756, .status = AVAILABLE, .value = {.int32Values = [1]{0}, .floatValues = [0]{}, .int64Values = [0]{}, .bytes = [0]{}, .stringValue = ""}}
12-30 11:27:41.953   360   931 D EvsDriver: forwardFrame
12-30 11:27:41.953   398   464 I DefaultVehicleHal_v2_0: DefaultVehicleHal::onPropertyValue, value:{.timestamp = 10197775405880, .areaId = 0, .prop = 557850756, .status = AVAILABLE, .value = {.int32Values = [1]{0}, .floatValues = [0]{}, .int64Values = [0]{}, .bytes = [0]{}, .stringValue = ""}}
12-30 11:27:41.953   398   464 D DiagPropHandler: is not DiagnosticConfig: 0x21402084
12-30 11:27:41.953   360   931 D EvsDriver: forwardFrameDirect
12-30 11:27:41.953   398   464 I VehiclePropertyStore: begin to write value to Store: {.timestamp = 10197775405880, .areaId = 0, .prop = 557850756, .status = AVAILABLE, .value = {.int32Values = [1]{0}, .floatValues = [0]{}, .int64Values = [0]{}, .bytes = [0]{}, .stringValue = ""}}
12-30 11:27:41.953   398   464 D adayocomadapter-CommunicationManager: onUpstreamReceive mPropertyId 0x21402084
12-30 11:27:41.953   398   464 D adayocomadapter-CommunicationManager: onUpstreamReceive mPropertyId 0x21402085
12-30 11:27:41.953   398   464 D adayocomadapter-CommunicationManager: convertBytesToInt32Memcpy  0
12-30 11:27:41.953   398   464 I vw-vhal : notifyVehicleProperty, propId = 0x21402085, data = {status: 2, int32Values: [0]}
12-30 11:27:41.953   398   464 I vw-vhal : CanSignalsAdapter::notifyVehicleProperty: solvedValue = {.timestamp = 10197775604547, .areaId = 0, .prop = 557850757, .status = AVAILABLE, .value = {.int32Values = [1]{0}, .floatValues = [0]{}, .int64Values = [0]{}, .bytes = [0]{}, .stringValue = ""}}
12-30 11:27:41.953   398   464 I VehiclePropertyStore: begin to write value to Store: {.timestamp = 10197775604547, .areaId = 0, .prop = 557850757, .status = AVAILABLE, .value = {.int32Values = [1]{0}, .floatValues = [0]{}, .int64Values = [0]{}, .bytes = [0]{}, .stringValue = ""}}
12-30 11:27:41.953   398   464 I DefaultVehicleHal_v2_0: DefaultVehicleHal::onPropertyValue, value:{.timestamp = 10197775604547, .areaId = 0, .prop = 557850757, .status = AVAILABLE, .value = {.int32Values = [1]{0}, .floatValues = [0]{}, .int64Values = [0]{}, .bytes = [0]{}, .stringValue = ""}}
12-30 11:27:41.953   398   464 D DiagPropHandler: is not DiagnosticConfig: 0x21402085
12-30 11:27:41.953   360   931 D EvsDriver: Delivered 0xb400e2ca9e40e270 as id 0
12-30 11:27:41.953   398   464 I VehiclePropertyStore: begin to write value to Store: {.timestamp = 10197775604547, .areaId = 0, .prop = 557850757, .status = AVAILABLE, .value = {.int32Values = [1]{0}, .floatValues = [0]{}, .int64Values = [0]{}, .bytes = [0]{}, .stringValue = ""}}
12-30 11:27:41.953   398   464 D adayocomadapter-CommunicationManager: onUpstreamReceive mPropertyId 0x21402085
12-30 11:27:41.953   398   464 D adayocomadapter-CommunicationManager: onUpstreamReceive mPropertyId 0x2140220a
12-30 11:27:41.953   398   464 D adayocomadapter-CommunicationManager: convertBytesToInt32Memcpy  0
12-30 11:27:41.953   398   464 I vw-vhal : notifyVehicleProperty, propId = 0x2140220a, data = {status: 2, int32Values: [0]}
12-30 11:27:41.953   398   464 I vw-vhal : CanSignalsAdapter::notifyVehicleProperty: solvedValue = {.timestamp = 10197775794547, .areaId = 0, .prop = 557851146, .status = AVAILABLE, .value = {.int32Values = [1]{0}, .floatValues = [0]{}, .int64Values = [0]{}, .bytes = [0]{}, .stringValue = ""}}
12-30 11:27:41.953   359  2784 D evsmanagerd: /dev/video-evs0 forwarded the buffer #0 to 0xb400f125d2b26dd0 from 0xb400f125e2b20710
12-30 11:27:41.953   398   464 I VehiclePropertyStore: begin to write value to Store: {.timestamp = 10197775794547, .areaId = 0, .prop = 557851146, .status = AVAILABLE, .value = {.int32Values = [1]{0}, .floatValues = [0]{}, .int64Values = [0]{}, .bytes = [0]{}, .stringValue = ""}}
12-30 11:27:41.954   398   464 I DefaultVehicleHal_v2_0: DefaultVehicleHal::onPropertyValue, value:{.timestamp = 10197775794547, .areaId = 0, .prop = 557851146, .status = AVAILABLE, .value = {.int32Values = [1]{0}, .floatValues = [0]{}, .int64Values = [0]{}, .bytes = [0]{}, .stringValue = ""}}
12-30 11:27:41.954   398   464 D DiagPropHandler: is not DiagnosticConfig: 0x2140220a
12-30 11:27:41.954   398   464 I VehiclePropertyStore: begin to write value to Store: {.timestamp = 10197775794547, .areaId = 0, .prop = 557851146, .status = AVAILABLE, .value = {.int32Values = [1]{0}, .floatValues = [0]{}, .int64Values = [0]{}, .bytes = [0]{}, .stringValue = ""}}
12-30 11:27:41.954   398   464 D adayocomadapter-CommunicationManager: onUpstreamReceive mPropertyId 0x2140220a
12-30 11:27:41.953   596  3076 E WifiHAL : Invalid data received from driver
12-30 11:27:41.954   398   464 D adayocomadapter-CommunicationManager: onUpstreamReceive mPropertyId 0x214021e6
12-30 11:27:41.954   398   464 D adayocomadapter-CommunicationManager: convertBytesToInt32Memcpy  0
12-30 11:27:41.954   398   464 I vw-vhal : notifyVehicleProperty, propId = 0x214021e6, data = {status: 2, int32Values: [0]}
12-30 11:27:41.954   596  3076 E WifiHAL : Invalid data received from driver
12-30 11:27:41.954   398   464 I vw-vhal : CanSignalsAdapter::notifyVehicleProperty: solvedValue = {.timestamp = 10197776085880, .areaId = 0, .prop = 557851110, .status = AVAILABLE, .value = {.int32Values = [1]{0}, .floatValues = [0]{}, .int64Values = [0]{}, .bytes = [0]{}, .stringValue = ""}}
12-30 11:27:41.954   596  3076 E WifiHAL : Invalid data received from driver
12-30 11:27:41.954   398   464 I VehiclePropertyStore: begin to write value to Store: {.timestamp = 10197776085880, .areaId = 0, .prop = 557851110, .status = AVAILABLE, .value = {.int32Values = [1]{0}, .floatValues = [0]{}, .int64Values = [0]{}, .bytes = [0]{}, .stringValue = ""}}
12-30 11:27:41.954   596  3076 E WifiHAL : Invalid data received from driver
12-30 11:27:41.954   398   464 I DefaultVehicleHal_v2_0: DefaultVehicleHal::onPropertyValue, value:{.timestamp = 10197776085880, .areaId = 0, .prop = 557851110, .status = AVAILABLE, .value = {.int32Values = [1]{0}, .floatValues = [0]{}, .int64Values = [0]{}, .bytes = [0]{}, .stringValue = ""}}
12-30 11:27:41.954   596  3076 E WifiHAL : Invalid data received from driver
12-30 11:27:41.954   398   464 D DiagPropHandler: is not DiagnosticConfig: 0x214021e6
12-30 11:27:41.954   596  3076 E WifiHAL : Invalid data received from driver
12-30 11:27:41.954   398   464 I VehiclePropertyStore: begin to write value to Store: {.timestamp = 10197776085880, .areaId = 0, .prop = 557851110, .status = AVAILABLE, .value = {.int32Values = [1]{0}, .floatValues = [0]{}, .int64Values = [0]{}, .bytes = [0]{}, .stringValue = ""}}
12-30 11:27:41.954   596  3076 E WifiHAL : Invalid data received from driver
12-30 11:27:41.954   398   464 D adayocomadapter-CommunicationManager: onUpstreamReceive mPropertyId 0x214021e6
12-30 11:27:41.955  2358  2623 D RcfController: Rcf proxy is not connected!
12-30 11:27:41.958   360   458 D EvsDriver: doneWithFrame
12-30 11:27:41.956   657   657 I auditd  : type=1400 audit(0.0:1139987): avc:  denied  { ioctl } for  comm="evs_app.adayo" path="/dev/dri/renderD128" dev="tmpfs" ino=468 ioctlcmd=0x6440 scontext=u:r:evs_app_adayo:s0 tcontext=u:object_r:gpu_device:s0 tclass=chr_file permissive=1
12-30 11:27:41.956   657   657 I evs_app.adayo: type=1400 audit(0.0:1139987): avc:  denied  { ioctl } for  path="/dev/dri/renderD128" dev="tmpfs" ino=468 ioctlcmd=0x6440 scontext=u:r:evs_app_adayo:s0 tcontext=u:object_r:gpu_device:s0 tclass=chr_file permissive=1
12-30 11:27:41.986   360   931 D EvsDriver: forwardFrame
12-30 11:27:41.987   360   931 D EvsDriver: forwardFrameDirect
12-30 11:27:41.987   360   931 D EvsDriver: Delivered 0xb400e2ca9e40d4b0 as id 1
12-30 11:27:41.987   359  2784 D evsmanagerd: /dev/video-evs0 forwarded the buffer #1 to 0xb400f125d2b26dd0 from 0xb400f125e2b20710
12-30 11:27:41.988   360   458 D EvsDriver: doneWithFrame
12-30 11:27:41.998   596  3076 E WifiHAL : Invalid data received from driver
12-30 11:27:42.005  2358  2623 D RcfController: Rcf proxy is not connected!
12-30 11:27:42.013  1667  3615 I libmficlientjni: [com_adayo_mficlient_Proxy.cpp][759]Enter 
12-30 11:27:42.013  1667  3615 I libmficlientjni: [com_adayo_mficlient_Proxy.cpp][772]Leave 
12-30 11:27:42.013   879  2332 I mfiserver: [MFiProxy.cpp][675]messageMID =1C LID=00 com.adayo.carplay 
12-30 11:27:42.014   879  2332 I libmfi  : [iAPUtils.c][654]Enter int iAPSendLocationData(iAPUtils_t *, char *) 
12-30 11:27:42.014   879  2332 I libmfi  : [iAP2Control.c][360]Send Control MessageID = 0xFFFB length=149
12-30 11:27:42.014   879  2332 I libmfi  : [iAP2Link.c][2399]iAP2LinkQueueSendData 
12-30 11:27:42.014   879  2332 E libmfi  : [iAP2BuffPoolImplementation.c][209]__iAP2BuffPoolGetSendPacket malloc lenth = 65591 
12-30 11:27:42.014   879  2332 I libmfi  : [iAP2Link.c][2310]iAP2LinkProcessOutQueue 
12-30 11:27:42.014   879  2332 I mfiserver: [MFiDataChannleSocket.cpp][127]len =166 
12-30 11:27:42.014   879  2332 I libmfi  : [iAP2Control.c][367]Send Control MessageID = 0xFFFB end state = 1 
12-30 11:27:42.014   879  2332 I libmfi  : [iAPUtils.c][682]Leave int iAPSendLocationData(iAPUtils_t *, char *) 
12-30 11:27:42.014  1667  2331 I libmficlient: [MFiClient.cpp][120]Receive Data MID=11 LID=04 
12-30 11:27:42.020   360   931 D EvsDriver: forwardFrame
12-30 11:27:42.020   360   931 D EvsDriver: forwardFrameDirect
12-30 11:27:42.020   360   931 D EvsDriver: Delivered 0xb400e2ca9e40c2d0 as id 0
12-30 11:27:42.020   359  2784 D evsmanagerd: /dev/video-evs0 forwarded the buffer #0 to 0xb400f125d2b26dd0 from 0xb400f125e2b20710
12-30 11:27:42.028   360   458 D EvsDriver: doneWithFrame
12-30 11:27:42.045  1547  2118 D ANWAPI  : (1547|0x6EF3FCB0)[BTAPI] BT Addres is NULL , checking which array is connected
12-30 11:27:42.045  1547  2118 D ANWAPI  : 
12-30 11:27:42.046  1547  2118 D ANWAPI  : (1547|0x6EF3FCB0)[BTAPI] SPPMIN(0)SPPMAX(1)
12-30 11:27:42.046  1547  2118 D ANWAPI  : 
12-30 11:27:42.046  1547  2118 D ANWAPI  : (1547|0x6EF3FCB0)[BTAPI] In Three Step Get Device ID(0)
12-30 11:27:42.046  1547  2118 D ANWAPI  : 
12-30 11:27:42.046  1547  2118 D ANWAPI  : (1547|0x6EF3FCB0)[BTAPI] AVRCP_Connected ID(0), state(4)
12-30 11:27:42.046  1547  2118 D ANWAPI  : 
12-30 11:27:42.046  1547  2118 D ANWAPI  : (1547|0x6EF3FCB0)[BTAPI] in Get_ID3, Get Device ID(0)
12-30 11:27:42.046  1547  2118 D ANWAPI  : 
12-30 11:27:42.046  1547  2118 D ANWAPI  : (1547|0x6EF3FCB0)[BTAPI] AVRCP_Auto_Get_ID3
12-30 11:27:42.046  1547  2118 D ANWAPI  : 
12-30 11:27:42.046  1547  2118 D ANWAPI  : (1547|0x6EF3FCB0)[BTAPI] SDK >>>>AnWBT_AVRCP_GetSongDetail
12-30 11:27:42.046  1547  2118 D ANWAPI  : (1547|0x6EF3FCB0)[BTAPI] SDK <<<<AnWBT_AVRCP_GetSongDetail 0
12-30 11:27:42.046  1547  2118 D ANWAPI  : (1547|0x6EF3FCB0)[BTAPI] >>>>_anwbt_AVRCP_GetSongDetail
12-30 11:27:42.046  1547  2118 D ANWAPI  : (1547|0x6EF3FCB0)[BTAPI] btsdk_avrcp_GetElementAttributes
12-30 11:27:42.046  1547  2118 D ANW_AVRCP: (1547|0x6EF3FCB0)[AVRCP] API AVRCP_GetElementAttributes attMask=0x0
12-30 11:27:42.046  1547  2118 D ANWStack: [  10197868][ANWBT] <<Avctp_Send_Message 0/1:
12-30 11:27:42.046  1547  2118 D ANWStack: 
12-30 11:27:42.046  1547  2118 D ANWStack: [  10197868][ANWBT] L2CAP: L2_RetrieveHandle called, cid=0x83
12-30 11:27:42.046  1547  2118 D ANWStack: 
12-30 11:27:42.046  1547  2118 D ANWAPI  : (1547|0x6EF3FCB0)[BTAPI] ===BTAPI_MallocIdxMsg 1029 980
12-30 11:27:42.046  1547  2118 D ANWAPI  : (1547|0x6EF3FCB0)[BTAPI] <<<<_anwbt_AVRCP_GetSongDetail 0
12-30 11:27:42.053   360   931 D EvsDriver: forwardFrame
12-30 11:27:42.053   360   931 D EvsDriver: forwardFrameDirect
12-30 11:27:42.053   360   931 D EvsDriver: Delivered 0xb400e2ca9e40d090 as id 1
12-30 11:27:42.053   359  2784 D evsmanagerd: /dev/video-evs0 forwarded the buffer #1 to 0xb400f125d2b26dd0 from 0xb400f125e2b20710
12-30 11:27:42.055  2358  2623 D RcfController: Rcf proxy is not connected!
12-30 11:27:42.056   596  3076 E WifiHAL : Invalid data received from driver
12-30 11:27:42.058   360   458 D EvsDriver: doneWithFrame
12-30 11:27:42.059  1667 19378 E CarPlay_Service: isConnected(MFiClientApiImpl.java:123)isConnected： true
12-30 11:27:42.060   879  2332 I mfiserver: [MFiProxy.cpp][675]messageMID =11 LID=03 com.adayo.carplay 
12-30 11:27:42.060   879  2332 I mfiserver: [MFiProxy.cpp][970]message channle=60 type=4 mode=1 buf=0xb400fc8d1fa65640 len=33 
12-30 11:27:42.060   879 19383 I libmfi  : [iAPUtils.c][134]buflen:33 packetlen=33
12-30 11:27:42.060   879 19383 E libmfi  : [iAP2BuffPoolImplementation.c][312]__iAP2BuffPoolGetRecvPacket malloc lenth = 4152 
12-30 11:27:42.060   879 19383 I libmfi  : [iAP2Link.c][2715]iAP2LinkHandleReadyPacket bDeletePacket = FALSE 
12-30 11:27:42.060   879 19383 I libmfi  : [iAP2Link.c][2802]_CleanupAckedPackets 
12-30 11:27:42.060   879 19383 I libmfi  : [iAP2Link.c][3046]_iAP2LinkProcessInOrderPacketACK 
12-30 11:27:42.060   879 19383 I libmfi  : [iAP2Control.c][208]Recieve Control MessageID = 0x5001 length = 23 
12-30 11:27:42.060   879 19383 E libmfi  : [iAP2BuffPoolImplementation.c][209]__iAP2BuffPoolGetSendPacket malloc lenth = 65591 
12-30 11:27:42.060   879 19383 I mfiserver: [MFiDataChannleSocket.cpp][127]len =16 
12-30 11:27:42.060   879 19383 E libmfi  : [iAP2BuffPoolImplementation.c][359]__iAP2BuffPoolReturnRecvPacket
12-30 11:27:42.060  1667  2331 I libmficlient: [MFiClient.cpp][120]Receive Data MID=50 LID=01 
12-30 11:27:42.060  1667  2331 W libmficlientjni: [MFiClientJniUtils.cpp][427]Set array[MediaItemMediaType] Value Failed 
12-30 11:27:42.060  1667  2331 W libmficlientjni: [MFiClientJniUtils.cpp][427]Set array[MediaItemArtworkData] Value Failed 
12-30 11:27:42.060  1667  2331 W CarPlay_Service: playbackUpdate(MediaInfoTrans.java:429)isMediaProxyConnected is false
12-30 11:27:42.060  1547  2118 D ANWAPI  : (1547|0x6EF3FCB0)[BTAPI] AnwhciEventCallback 19 1
12-30 11:27:42.060  1667  2331 I CarPlay_Service: onNowPlaying(MFiClientApiImpl.java:933)onNowPlaying PlaybackStatus: 1 currentSessionId: -5476101819376395552
12-30 11:27:42.060  1667  2331 I CarPlay_Service: notifyIapPlaybackStatus(CarPlaySDKAdapter.java:288)notifyIapPlaybackStatus currentSessionId:-5476101819376395552,playbackStatus:1,isStopPlayingByMfi:false
12-30 11:27:42.061  1667  2331 I CarPlay_Service: notifyIapPlaybackStatus(CarPlaySDKAdapter.java:294)sendEvent currentVolumeType:MEDIA playbackStatus:1 isStopPlayingByMfi:false
12-30 11:27:42.061  1667  2331 I CarPlay_Service: notifyIapPlaybackStatus(CarPlaySDKAdapter.java:303)sendEvent currentVolumeType--1 playerMap:{MEDIA=com.adayo.carplay.service.player.audio.AudioPlayer@a4bac97} | currentVolumeType: MEDIA
12-30 11:27:42.061  1667  2331 I CarPlay_Service: notifyIapPlaybackStatus(CarPlaySDKAdapter.java:312)sendEvent currentVolumeType--2 playbackStatus:1
12-30 11:27:42.061  1667  2331 I CarPlay_Service: triggerMusicStart(DataAnalytics.java:259)[sendEvent event]triggerMusicStart mMusicStatusPlay:false
12-30 11:27:42.061  1667  2331 I CarPlay_Service: sendAnalyticsEvent(DataAnalytics.java:146)[sendEventNoneAttributes]sendEvent event:onCpmusicPlayed, <property,apple music>
12-30 11:27:42.061  1667  2331 D CarPlay_Service: sendDataAnalyticsEvent(DataAnalytics.java:400)[sendAnalyticsEvent]mAnalyticsManager = null
12-30 11:27:42.061  1667  2331 I libmficlient: [MFiClient.cpp][120]Receive Data MID=11 LID=04 
12-30 11:27:42.067  1667 19378 E CarPlay_Service: isConnected(MFiClientApiImpl.java:123)isConnected： true
12-30 11:27:42.067   879  2332 I mfiserver: [MFiProxy.cpp][675]messageMID =11 LID=03 com.adayo.carplay 
12-30 11:27:42.067   879  2332 I mfiserver: [MFiProxy.cpp][970]message channle=60 type=4 mode=1 buf=0xb400fc8d1fa65640 len=9 
12-30 11:27:42.067   879 19383 I libmfi  : [iAPUtils.c][134]buflen:9 packetlen=9
12-30 11:27:42.067   879 19383 E libmfi  : [iAP2BuffPoolImplementation.c][312]__iAP2BuffPoolGetRecvPacket malloc lenth = 4152 
12-30 11:27:42.067   879 19383 E libmfi  : [iAP2BuffPoolImplementation.c][252]__iAP2BuffPoolReturnSendPacket
12-30 11:27:42.067   879 19383 I libmfi  : [iAP2Link.c][2802]_CleanupAckedPackets 
12-30 11:27:42.067   879 19383 I libmfi  : [iAP2Link.c][3046]_iAP2LinkProcessInOrderPacketACK 
12-30 11:27:42.067   879 19383 E libmfi  : [iAP2BuffPoolImplementation.c][359]__iAP2BuffPoolReturnRecvPacket
12-30 11:27:42.084  1547  2118 D ANWStack: [  10197906][ANWBT] >>Avctp_L2cap_Data_Ind_Cb
12-30 11:27:42.084  1547  2118 D ANWStack: 
12-30 11:27:42.084  1547  2118 D ANWStack: [  10197906][ANWBT] AVCTP Message Length = 158
12-30 11:27:42.084  1547  2118 D ANWStack: [  10197906][ANWBT] Receive AVCTP_SINGLE_PACKET
12-30 11:27:42.085  1547  2118 D ANW_AVRCP: (1547|0x6EF3FCB0)[AVRCP] [**AVRCP**] 0xf2 0x110e
12-30 11:27:42.085  1547  2118 D ANW_AVRCP: (1547|0x6EF3FCB0)[AVRCP] opcode match 0x0
12-30 11:27:42.085  1547  2118 D ANW_AVRCP: 
12-30 11:27:42.085  1547  2118 D ANW_AVRCP: (1547|0x6EF3FCB0)[AVRCP] subopcode match 0x20, update ctype 0x1->0xc
12-30 11:27:42.085  1547  2118 D ANW_AVRCP: 
12-30 11:27:42.085  1547  2118 D ANW_AVRCP: (1547|0x6EF3FCB0)[AVRCP] AVRCP_Packet_Parser Response
12-30 11:27:42.085  1547  2118 D ANW_AVRCP: 
12-30 11:27:42.085  1547  2118 D ANW_AVRCP: (1547|0x6EF3FCB0)[AVRCP] AVRCP_Get_Element_Attributes_RSP_Handler
12-30 11:27:42.085  1547  2118 D ANW_AVRCP: (1547|0x6EF3FCB0)[AVRCP] num of attributes: 8
12-30 11:27:42.085  1547  2118 D ANW_AVRCP: 
12-30 11:27:42.085  1547  2118 D ANWAPI  : (1547|0x6EF3FCB0)[BTAPI] connmgr_find_by_handle pData = 0xb400fa68ee34c5e0,7
12-30 11:27:42.085  1547  2118 D ANWAPI  : (1547|0x6EF3FCB0)[BTAPI] AVRCP_GET_ELEMENT_ATTRIBUTES
12-30 11:27:42.085  1547  2118 D ANWAPI  : (1547|0x6EF3FCB0)[BTAPI] connmgr_find_by_handle pData = 0xb400fa68ee34c5e0,7
12-30 11:27:42.085  1547  2118 D ANWAPI  : (1547|0x6EF3FCB0)[BTAPI] media attrib id(1)
12-30 11:27:42.085  1547  2118 D ANWAPI  : (1547|0x6EF3FCB0)[BTAPI] MediaAttr_MediaTitle 19 106
12-30 11:27:42.085  1547  2118 D ANWAPI  : (1547|0x6EF3FCB0)[BTAPI] connmgr_find_by_handle pData = 0xb400fa68ee34c5e0,7
12-30 11:27:42.085  1547  2118 D ANWAPI  : (1547|0x6EF3FCB0)[BTAPI] media attrib id(2)
12-30 11:27:42.085  1547  2118 D ANWAPI  : (1547|0x6EF3FCB0)[BTAPI] MediaAttr_ArtistName 48 106
12-30 11:27:42.085  1547  2118 D ANWAPI  : (1547|0x6EF3FCB0)[BTAPI] connmgr_find_by_handle pData = 0xb400fa68ee34c5e0,7
12-30 11:27:42.085  1547  2118 D ANWAPI  : (1547|0x6EF3FCB0)[BTAPI] media attrib id(3)
12-30 11:27:42.085  1547  2118 D ANWAPI  : (1547|0x6EF3FCB0)[BTAPI] MediaAttr_AlbumName 0 106
12-30 11:27:42.085  1547  2118 D ANWAPI  : (1547|0x6EF3FCB0)[BTAPI] connmgr_find_by_handle pData = 0xb400fa68ee34c5e0,7
12-30 11:27:42.085  1547  2118 D ANWAPI  : (1547|0x6EF3FCB0)[BTAPI] media attrib id(4)
12-30 11:27:42.085  1547  2118 D ANWAPI  : (1547|0x6EF3FCB0)[BTAPI] MediaAttr_MediaNum 0 106
12-30 11:27:42.085  1547  2118 D ANWAPI  : (1547|0x6EF3FCB0)[BTAPI] connmgr_find_by_handle pData = 0xb400fa68ee34c5e0,7
12-30 11:27:42.085  1547  2118 D ANWAPI  : (1547|0x6EF3FCB0)[BTAPI] media attrib id(5)
12-30 11:27:42.085  1547  2118 D ANWAPI  : (1547|0x6EF3FCB0)[BTAPI] MediaAttr_TotalMediaNum 0 106
12-30 11:27:42.085  1547  2118 D ANWAPI  : (1547|0x6EF3FCB0)[BTAPI] connmgr_find_by_handle pData = 0xb400fa68ee34c5e0,7
12-30 11:27:42.085  1547  2118 D ANWAPI  : (1547|0x6EF3FCB0)[BTAPI] media attrib id(6)
12-30 11:27:42.085  1547  2118 D ANWAPI  : (1547|0x6EF3FCB0)[BTAPI] MediaAttr_Genre 0 106
12-30 11:27:42.085  1547  2118 D ANWAPI  : (1547|0x6EF3FCB0)[BTAPI] connmgr_find_by_handle pData = 0xb400fa68ee34c5e0,7
12-30 11:27:42.085  1547  2118 D ANWAPI  : (1547|0x6EF3FCB0)[BTAPI] media attrib id(7)
12-30 11:27:42.085  1547  2118 D ANWAPI  : (1547|0x6EF3FCB0)[BTAPI] MediaAttr_PlayingTimeMs 6 106
12-30 11:27:42.085  1547  2118 D ANWAPI  : (1547|0x6EF3FCB0)[BTAPI] connmgr_find_by_handle pData = 0xb400fa68ee34c5e0,7
12-30 11:27:42.085  1547  2118 D ANWAPI  : (1547|0x6EF3FCB0)[BTAPI] media attrib id(8)
12-30 11:27:42.085  1547  2118 D ANWAPI  : (1547|0x6EF3FCB0)[BTAPI] MediaAttr_CoverArt 7 106 0
12-30 11:27:42.085  1547  2118 D ANWAPI  : (1547|0x6EF3FCB0)[BTAPI] connmgr_find_by_handle pData = 0xb400fa68ee34c5e0,7
12-30 11:27:42.085  1547  2118 D ANWAPI  : (1547|0x6EF3FCB0)[BTAPI] AVRCP_GET_ELEMENT_ATTRIBUTES_FINISH
12-30 11:27:42.085  1547  2118 D ANWAPI  : (1547|0x6EF3FCB0)[BTAPI] btsdk_avrcp_post_songdetails
12-30 11:27:42.085  1547  2118 D ANWAPI  : (1547|0x6EF3FCB0)[BTAPI] *BT_CB_Dispatch
12-30 11:27:42.085  1547  2118 D ANWAPI  : (1547|0x6EF3FCB0)[BTAPI] *****SDK callback(0x405)
12-30 11:27:42.085  1547  2118 D ANWAPI  : (1547|0x6EF3FCB0)[BTAPI] SDK***** [34:10:be:3d:c6:77][0]
12-30 11:27:42.085  1547  2118 D ANWAPI  : (1547|0x6EF3FCB0)[BTAPI] btsdk_exec_apicb start
12-30 11:27:42.085  1547  2118 D ANWAPI  : (1547|0x6EF3FCB0)[BTAPI] Up: AvrcpMsgHandler receive[34:10:BE:3D:C6:77], Get Device ID(0)
12-30 11:27:42.085  1547  2118 D ANWAPI  : 
12-30 11:27:42.085  1547  2118 D ANWAPI  : (1547|0x6EF3FCB0)[BTAPI] Up: AnWBT_AVRCP_CURRENT_SONG_DETAIL_IND(6)
12-30 11:27:42.085  1547  2118 D ANWAPI  : 
12-30 11:27:42.085  1547  2118 D ANWAPI  : (1547|0x6EF3FCB0)[BTAPI] MediaTitle   : 恋人 · 李荣浩
12-30 11:27:42.085  1547  2118 D ANWAPI  : 
12-30 11:27:42.085  1547  2118 D ANWAPI  : (1547|0x6EF3FCB0)[BTAPI] PlayingTimeMs: 275911
12-30 11:27:42.085  1547  2118 D ANWAPI  : 
12-30 11:27:42.085  1547  2118 D ANWAPI  : (1547|0x6EF3FCB0)[BTAPI] ArtistName   : 却还会再一遍一遍一遍又一遍听下来
12-30 11:27:42.085  1547  2118 D ANWAPI  : 
12-30 11:27:42.085  1547  2118 D ANWAPI  : (1547|0x6EF3FCB0)[BTAPI] BipHandle: 1000012)
12-30 11:27:42.085  1547  2118 D ANWAPI  : 
12-30 11:27:42.086  1547  2118 D ANWAPI  : (1547|0x6EF3FCB0)[BTAPI] inform track changed cb, num_attr:4
12-30 11:27:42.086  1547  2118 D ANWAPI  : 
12-30 11:27:42.086  1547  2118 I ANW bt_btif: inform_track_changed_cb: HAL bt_rc_ctrl_callbacks->track_changed_cb
12-30 11:27:42.086  1547  2118 I BluetoothAvrcpControllerJni: btavrcp_track_changed_callback
12-30 11:27:42.086  1547  2118 D AvrcpControllerService: onTrackChanged
12-30 11:27:42.086  1547  2118 D AvrcpItem.Builder: 2 = 却还会再一遍一遍一遍又一遍听下来
12-30 11:27:42.086  1547  2118 D AvrcpItem.Builder: 1 = 恋人 · 李荣浩
12-30 11:27:42.086  1547  2118 D AvrcpItem.Builder: 7 = 275911
12-30 11:27:42.086  1547  2118 D AvrcpItem.Builder: 8 = 1000012
12-30 11:27:42.086  1547  2118 D ANWAPI  : (1547|0x6EF3FCB0)[BTAPI] Up: per 1.5S get ID3 information
12-30 11:27:42.086  1547  2118 D ANWAPI  : 
12-30 11:27:42.086  1547  2118 D ANWAPI  : (1547|0x6EF3FCB0)[BTAPI] AVRCP_Cancel_Auto_Get_ID3(0)
12-30 11:27:42.086  1547  2118 D ANWAPI  : 
12-30 11:27:42.086  1547 19344 D AvrcpControllerStateMachine: Avrcp.ConnectedAvrcpController processMessage MESSAGE_PROCESS_TRACK_CHANGED
12-30 11:27:42.086  1547  2118 D ANWAPI  : (1547|0x6EF3FCB0)[BTAPI] btsdk_exec_apicb end
12-30 11:27:42.086  1547 19344 D AvrcpCoverArtManager: Download Image - device: XX:XX:XX:XX:C6:77, Handle: d129a1a0-7bce-42e2-b583-79beb8abaec5
12-30 11:27:42.086  1547 19344 D avrcpcontroller.BipRequest: GetImageProperties - handle: 1000012
12-30 11:27:42.086   360   931 D EvsDriver: forwardFrame
12-30 11:27:42.086   360   931 D EvsDriver: forwardFrameDirect
12-30 11:27:42.087  1547 19356 D avrcpcontroller.BipRequest: Exeucting GET
12-30 11:27:42.087  1547 19344 D AvrcpCoverArtProvider: getImageUri -> content://com.android.bluetooth.avrcpcontroller.AvrcpCoverArtProvider?device=34%3A10%3ABE%3A3D%3AC6%3A77&uuid=d129a1a0-7bce-42e2-b583-79beb8abaec5
12-30 11:27:42.087  1547 19344 D BluetoothMediaBrowserService: trackChanged setMetadata=AvrcpItem{mUuid=5e8334a5-8eab-466d-bda8-ec23a0a1bf03, mUid=0, mItemType=3, mType=0, mDisplayableName=null, mTitle=恋人 · 李荣浩 mPlayingTime=275911 mTrack=0/0, mPlayable=false, mBrowsable=false, mCoverArtHandle=1000012, mImageUuid=d129a1a0-7bce-42e2-b583-79beb8abaec5, mImageUrinull}
12-30 11:27:42.087   360   931 D EvsDriver: Delivered 0xb400e2ca9e40e110 as id 0
12-30 11:27:42.087  1547  1845 D ANW bt_btif: need_process_data_fd: 1
12-30 11:27:42.087   359  2784 D evsmanagerd: /dev/video-evs0 forwarded the buffer #0 to 0xb400f125d2b26dd0 from 0xb400f125e2b20710
12-30 11:27:42.087  1547  1845 D ANW bt_btif: print poll event:1 =  POLLIN
12-30 11:27:42.087  1547  1845 E ANW bt_btif: remove_poll, flags:1!
12-30 11:27:42.087  1547  1845 I ANW bt_btif: btsock_signaled(), fd(213), type(3), flags(1), user_id(4), AnW
12-30 11:27:42.087  1547  1845 I ANWAPI  : run btsock_l2cap_signaled 0x1
12-30 11:27:42.087  1547  1845 I ANWAPI  : btsock_l2cap_signaled bytes received from socket: 52
12-30 11:27:42.087  1547  1845 I ANWAPI  : parse_sock_data_and_response	, Selected_Device_ID [0]
12-30 11:27:42.087  1547  1845 I ANWAPI  : opp lib: OBEX_GET_FINAL 112
12-30 11:27:42.087  1547  1845 I ANWAPI  : find bip get properties
12-30 11:27:42.087  1547  1845 I ANWAPI  : find char [1][0x1000000]
12-30 11:27:42.087  1547  1845 I ANWAPI  : find char [0][0x1000000]
12-30 11:27:42.087  1547  1845 I ANWAPI  : find char [0][0x1000000]
12-30 11:27:42.087  1547  1845 I ANWAPI  : find char [0][0x1000000]
12-30 11:27:42.087  1547  1845 I ANWAPI  : find char [0][0x1000000]
12-30 11:27:42.087  1547  1845 I ANWAPI  : find char [1][0x1000010]
12-30 11:27:42.087  1547  1845 I ANWAPI  : find char [2][0x1000012]
12-30 11:27:42.087  1547  1845 I ANWAPI  : find bip get properties bip_handle=0x1000012
12-30 11:27:42.087  1547  1845 D ANWAPI  : (1547|0xB0437CB0)[BTAPI] SDK >>>>AnWBT_AVRCP_CA_GetImageProperties
12-30 11:27:42.087  1547  1845 D ANWAPI  : (1547|0xB0437CB0)[BTAPI] SDK <<<<AnWBT_AVRCP_CA_GetImageProperties 0
12-30 11:27:42.087  1547  1845 I ANWAPI  : OBEX_GET_FINAL on_l2cap_write_done : adding fd to btsock_thread...
12-30 11:27:42.087  1547  1845 D ANW bt_btif: btsock_thread_add_fd, fd:213, type:3 flags:1, user_id:4
12-30 11:27:42.087  1547  1845 D ANW bt_btif: adding fd:213, flags:0x1
12-30 11:27:42.087  1547  1845 D ANW bt_btif: run prepare_poll_fds
12-30 11:27:42.087  1547  1845 D ANW bt_btif: poll fd:91
12-30 11:27:42.087  1547  1845 D ANW bt_btif: poll fd:127
12-30 11:27:42.087  1547  1845 D ANW bt_btif: poll fd:129
12-30 11:27:42.087  1547  1845 D ANW bt_btif: poll fd:141
12-30 11:27:42.087  1547  1845 D ANW bt_btif: poll fd:142
12-30 11:27:42.087  1547  1845 D ANW bt_btif: poll fd:195
12-30 11:27:42.087  1547  1845 D ANW bt_btif: poll fd:213
12-30 11:27:42.087  1547  1845 D ANW bt_btif: cmd.id:3
12-30 11:27:42.087  1547  1845 E ANW bt_btif: add_poll, fd:213
12-30 11:27:42.087  1547  1845 E ANW bt_btif: set_poll, fd:213, flags:5
12-30 11:27:42.087  1547  1845 D ANW bt_btif: need_process_data_fd: 0
12-30 11:27:42.087  1547  1845 D ANW bt_btif: run prepare_poll_fds
12-30 11:27:42.087  1547  1845 D ANW bt_btif: poll fd:91
12-30 11:27:42.087  1547  1845 D ANW bt_btif: poll fd:127
12-30 11:27:42.087  1547  1845 D ANW bt_btif: poll fd:129
12-30 11:27:42.087  1547  1845 D ANW bt_btif: poll fd:141
12-30 11:27:42.088  1547  1845 D ANW bt_btif: poll fd:142
12-30 11:27:42.088  1547  1845 D ANW bt_btif: poll fd:195
12-30 11:27:42.088  1547  1845 D ANW bt_btif: poll fd:213
12-30 11:27:42.088  1547  2118 D ANWAPI  : (1547|0x6EF3FCB0)[BTAPI] >>>>_anwbt_AVRCP_CA_GetImageProperties
12-30 11:27:42.088  1547 19344 D AvrcpControllerStateMachine: removeUnusedArtwork(null)
12-30 11:27:42.088  1547 19344 D AvrcpControllerStateMachine: removeUnusedArtworkFromBrowseTree()
12-30 11:27:42.088  1547  2118 D ANWStack: [  10197909][ANWBT] l2_fcrt_write: len 50
12-30 11:27:42.088  1547  2118 D ANWStack: 
12-30 11:27:42.088  1547  2118 D ANWStack: [  10197910][ANWBT] l2_fcrt_set_retran_timer! timeout 70 (unit in 100ms), retxTo 7000
12-30 11:27:42.088  1547  2118 D ANWStack: 
12-30 11:27:42.088  1547  2118 D ANWAPI  : (1547|0x6EF3FCB0)[BTAPI] <<<<_anwbt_AVRCP_CA_GetImageProperties 0
12-30 11:27:42.089   360   458 D EvsDriver: doneWithFrame
12-30 11:27:42.090  1547  2889 D A2dpSinkService: getDevicesMatchingConnectionStates[2]
12-30 11:27:42.090  1667 20158 I app_process64: [AirPlay] <MainHigh> Jump in readSampleTime: Expected: 19404, readTime 0 (diff -19404 samples)
12-30 11:27:42.090  1547  2889 D A2dpSinkService: Device: XX:XX:XX:XX:C6:77State: 2
12-30 11:27:42.090  1547  2889 D A2dpSinkService: Device: XX:XX:XX:XX:F8:60State: 0
12-30 11:27:42.090  1547  2889 D A2dpSinkService: Device: XX:XX:XX:XX:8D:47State: 0
12-30 11:27:42.090  1547  2889 D A2dpSinkService: [XX:XX:XX:XX:C6:77]
12-30 11:27:42.090  1547  2889 D A2dpSinkService: GetDevicesDone
12-30 11:27:42.092  1547  2889 D A2dpSinkService: getDevicesMatchingConnectionStates[2]
12-30 11:27:42.092  1547  2889 D A2dpSinkService: Device: XX:XX:XX:XX:C6:77State: 2
12-30 11:27:42.092  1547  2889 D A2dpSinkService: Device: XX:XX:XX:XX:F8:60State: 0
12-30 11:27:42.092  1547  2889 D A2dpSinkService: Device: XX:XX:XX:XX:8D:47State: 0
12-30 11:27:42.092  1547  2889 D A2dpSinkService: [XX:XX:XX:XX:C6:77]
12-30 11:27:42.092  1547  2889 D A2dpSinkService: GetDevicesDone
12-30 11:27:42.093  2425  2425 D ME_MEDIA_BTSessionPlayer: onMetadataChanged, mMediaItem: MediaItem{Media Id=MEDIA_BT_SONG_ID, mMetadata=Bundle[{android.media.metadata.ARTIST=却还会再一遍一遍一遍又一遍听下来, androidx.media2.metadata.BROWSABLE=1, androidx.media2.metadata.EXTRAS=Bundle[{com.mosi.mlsc.mediaengine.EXTRA_KEY_DEVICE_TYPE=5, com.mosi.mlsc.mediaengine.EXTRA_KEY_DEVICE_ID=34:10:BE:3D:C6:77}], android.media.metadata.DURATION=275911, android.media.metadata.ALBUM_ART_URI=null, android.media.metadata.MEDIA_ID=MEDIA_BT_SONG_ID, android.media.metadata.ALBUM=未知专辑, android.media.metadata.TITLE=恋人 · 李荣浩}], mStartPositionMs=0, mEndPositionMs=576460752303423487}
12-30 11:27:42.093 21940 21952 D MC2ImplBase: onCustomCommand cmd=com.fawvw.mw.mediaengine.ACTION_MEDIA_STATE_CHANGED
12-30 11:27:42.093 21940 21940 I CNS_MEDIA_BT_MUSIC__MediaClient: onCustomCommand, action: com.fawvw.mw.mediaengine.ACTION_MEDIA_STATE_CHANGED, extra: Bundle[mParcelledData.dataSize=1500]
12-30 11:27:42.094 21940 21940 D CNS_MEDIA_BT_MUSIC__c: sendMediaInfo2SDS: state = 2, item = Bundle[mParcelledData.dataSize=984]
12-30 11:27:42.094 21940 21940 I CNS_MEDIA_BT_MUSIC__MediaMetadataUtil: get title: 未知歌曲 and artist: 未知艺术家
12-30 11:27:42.094 21940 21940 I CNS_MEDIA_BT_MUSIC__MediaMetadataUtil: get title: 恋人 · 李荣浩 and artist: 却还会再一遍一遍一遍又一遍听下来
12-30 11:27:42.094 21940 21940 D CNS_MEDIA_BT_MUSIC__c: notifyCurrentMediaItemChanged: isActive = true, item = MediaItem{Media Id=MEDIA_BT_SONG_ID, mMetadata=Bundle[{android.media.metadata.ARTIST=却还会再一遍一遍一遍又一遍听下来, androidx.media2.metadata.BROWSABLE=1, androidx.media2.metadata.EXTRAS=Bundle[mParcelledData.dataSize=252], android.media.metadata.DURATION=275911, android.media.metadata.ALBUM_ART_URI=null, android.media.metadata.MEDIA_ID=MEDIA_BT_SONG_ID, android.media.metadata.ALBUM=未知专辑, android.media.metadata.TITLE=恋人 · 李荣浩}], mStartPositionMs=0, mEndPositionMs=576460752303423487}
12-30 11:27:42.094 21940 21940 I CNS_MEDIA_BT_MUSIC__b: notifyMediaInfo: metadata = Bundle[{android.media.metadata.ARTIST=却还会再一遍一遍一遍又一遍听下来, androidx.media2.metadata.BROWSABLE=1, androidx.media2.metadata.EXTRAS=Bundle[mParcelledData.dataSize=252], android.media.metadata.DURATION=275911, android.media.metadata.ALBUM_ART_URI=null, android.media.metadata.MEDIA_ID=MEDIA_BT_SONG_ID, android.media.metadata.ALBUM=未知专辑, android.media.metadata.TITLE=恋人 · 李荣浩}]
12-30 11:27:42.094 21940 21940 I CNS_MEDIA_BT_MUSIC__MediaMetadataUtil: get title: 恋人 · 李荣浩 and artist: 却还会再一遍一遍一遍又一遍听下来
12-30 11:27:42.095 21940 21940 I CNS_MEDIA_BT_MUSIC__MainActivity: update ID3 info, uri:, title:恋人 · 李荣浩, artist:却还会再一遍一遍一遍又一遍听下来
12-30 11:27:42.095 21940 21940 I CNS_MEDIA_BT_MUSIC__MediaMetadataUtil: get title: 恋人 · 李荣浩 and artist: 却还会再一遍一遍一遍又一遍听下来
12-30 11:27:42.095 21940 21940 I CNS_MEDIA_BT_MUSIC__MediaMetadataUtil: get title: 恋人 · 李荣浩 and artist: 却还会再一遍一遍一遍又一遍听下来
12-30 11:27:42.096 21940 21940 I CNS_MEDIA_BT_MUSIC__MediaMetadataUtil: get title: 恋人 · 李荣浩 and artist: 却还会再一遍一遍一遍又一遍听下来
12-30 11:27:42.096 21940 21940 I CNS_MEDIA_BT_MUSIC__MediaMetadataUtil: get title: 恋人 · 李荣浩 and artist: 却还会再一遍一遍一遍又一遍听下来
12-30 11:27:42.096 21940 21940 I CNS_MEDIA_BT_MUSIC__MediaMetadataUtil: get title: 恋人 · 李荣浩 and artist: 却还会再一遍一遍一遍又一遍听下来
12-30 11:27:42.096 21940 21940 I CNS_MEDIA_BT_MUSIC__MainActivity: update bt ID3Info, first: 未知歌手, second: 
12-30 11:27:42.097 21940 19637 W CNS_MEDIA_BT_MUSIC__CoverUtil: getAudioMediaDataCover fail: 
12-30 11:27:42.097 21940 22002 W Glide   : Load failed for null with size [0x0]
12-30 11:27:42.097 21940 22002 W Glide   : class l1.a0: Received null model
12-30 11:27:42.097 21940 22002 W CNS_MEDIA_BT_MUSIC__CoverUtil: getAudioMediaDataCover fail: null
12-30 11:27:42.098 21940 21940 W CNS_MEDIA_BT_MUSIC__b: handleLoadFailed: title = 恋人 · 李荣浩,artist = 却还会再一遍一遍一遍又一遍听下来,duration= 275911
12-30 11:27:42.098 21940 21940 I CNS_MEDIA_BT_MUSIC__FsgAudioHelper: notifyMediaInfo: mIsConnected = true, songInfo = 恋人 · 李荣浩, bitmap width = 0, bitmap height = 0
12-30 11:27:42.098  2045  2131 D InfotainmentBridge_Native: fireSongInfo
12-30 11:27:42.098  2045  2131 D InfotainmentBridge_Native: fireSongInfo() -- source: 3
12-30 11:27:42.098  2045  2131 I JNI     : 恋人 · 李荣浩
12-30 11:27:42.098  2045  2131 D InfotainmentBridge_Native: fireSongInfo() -- name: 恋人 · 李荣浩
12-30 11:27:42.098  2045  2131 I JNI     : 却还会再一遍一遍一遍又一遍听下来
12-30 11:27:42.098  2045  2131 D InfotainmentBridge_Native: fireSongInfo() -- signer: 却还会再一遍一遍一遍又一遍听下来
12-30 11:27:42.098  2045  2131 D InfotainmentBridge_Native: fireSongInfo() -- duration: 275
12-30 11:27:42.098  2045  2131 D InfotainmentBridge_Native: fireSongInfo() -- duration: 0
12-30 11:27:42.098  2045  2131 D InfotainmentBridge_Native: fireSongInfo() -- duration: 0
12-30 11:27:42.098  2045  2131 D InfotainmentBridge_Native: fireSongInfo() -- cover size: 0
12-30 11:27:42.098  2045  2131 W COMMONAPI: writeByteBuffer _value == NULL
12-30 11:27:42.099 21940 21940 I CNS_MEDIA_BT_MUSIC__MediaMetadataUtil: get title: 恋人 · 李荣浩 and artist: 却还会再一遍一遍一遍又一遍听下来
12-30 11:27:42.099 21940 21940 I CNS_MEDIA_BT_MUSIC__HMIAdapter: notifyMediaInfo, mDeviceType: MT_BT_Music,lastPlayInfo: com.fawvw.hmi.cnslauncher.service.MediaPlayingInfo@2d6ab8c
12-30 11:27:42.100 21845 21891 I MediaMiniApp: onPlayingInfoChanged MT_BT_Music ; mediaPlayingInfo = {"albumName":"恋人 · 李荣浩","artistName":"却还会再一遍一遍一遍又一遍听下来","deviceType":"MT_BT_Music","duration":275911,"isFavor":false,"mediaId":"MEDIA_BT_SONG_ID","state":"MPS_PLAYING"}
12-30 11:27:42.100 21845 21891 D MediaCardController: curDeviceType = MT_BT_Music
12-30 11:27:42.100 21845 21891 D MediaCardController: deviceType = MT_BT_Music
12-30 11:27:42.101 21845 21891 D MediaMiniApp: playingInfo = {"albumName":"恋人 · 李荣浩","artistName":"却还会再一遍一遍一遍又一遍听下来","deviceType":"MT_BT_Music","duration":275911,"isFavor":false,"mediaId":"MEDIA_BT_SONG_ID","state":"MPS_PLAYING"}
12-30 11:27:42.101 21845 21891 D MediaMiniApp: mediaId = MEDIA_BT_SONG_ID
12-30 11:27:42.101 21845 21891 D MediaMiniApp: onCoverInfoChanged!! = null
12-30 11:27:42.101 21845 21891 D MediaMiniApp: coverBitmap null
12-30 11:27:42.102 21845 21845 D MediaMiniApp: bitmap = null
12-30 11:27:42.102 21940 21940 I CNS_MEDIA_BT_MUSIC__a: uploadData, eventId: lmPlayNewContent, data: {"songName":"恋人 · 李荣浩","singerName":"却还会再一遍一遍一遍又一遍听下来","albumName":"未知专辑","totalTime":275911,"songStatus":"新歌曲","operationType":"","source":"其他"}
12-30 11:27:42.102 21940 21940 D CNS_MEDIA_BT_MUSIC__c: sendMediaInfo2SDS: state = 2, item = Bundle[{android.media.metadata.ARTIST=却还会再一遍一遍一遍又一遍听下来, androidx.media2.metadata.BROWSABLE=1, androidx.media2.metadata.EXTRAS=Bundle[{com.mosi.mlsc.mediaengine.EXTRA_KEY_DEVICE_TYPE=5, com.mosi.mlsc.mediaengine.EXTRA_KEY_DEVICE_ID=34:10:BE:3D:C6:77}], android.media.metadata.DURATION=275911, android.media.metadata.ALBUM_ART_URI=null, android.media.metadata.MEDIA_ID=MEDIA_BT_SONG_ID, android.media.metadata.ALBUM=未知专辑, android.media.metadata.TITLE=恋人 · 李荣浩}]
12-30 11:27:42.102 21940 21940 I CNS_MEDIA_BT_MUSIC__MediaMetadataUtil: get title: 恋人 · 李荣浩 and artist: 却还会再一遍一遍一遍又一遍听下来
12-30 11:27:42.102 21940 21940 I CNS_MEDIA_BT_MUSIC__MediaMetadataUtil: get title: 恋人 · 李荣浩 and artist: 却还会再一遍一遍一遍又一遍听下来
12-30 11:27:42.102 21940 21940 I CNS_MEDIA_BT_MUSIC__HMIAdapter: mDeviceType: MT_BT_Music, state: MPS_PLAYING
12-30 11:27:42.102 21845 21891 I MediaMiniApp: onPlayStateChanged MT_BT_Music ; playState = MPS_PLAYING
12-30 11:27:42.102 21845 21891 D MediaMiniApp: onPlayStateChanged!! playState = MPS_PLAYING
12-30 11:27:42.102 21845 21845 I MediaMiniApp: playStateChanged = MPS_PLAYING
12-30 11:27:42.106  2358  2623 D RcfController: Rcf proxy is not connected!
12-30 11:27:42.114  1547  2118 D ANWAPI  : (1547|0x6EF3FCB0)[BTAPI] AnwhciEventCallback 19 1
12-30 11:27:42.120   360   931 D EvsDriver: forwardFrame
12-30 11:27:42.120   360   931 D EvsDriver: forwardFrameDirect
12-30 11:27:42.120   360   931 D EvsDriver: Delivered 0xb400e2ca9e40c7a0 as id 1
12-30 11:27:42.120   359  2784 D evsmanagerd: /dev/video-evs0 forwarded the buffer #1 to 0xb400f125d2b26dd0 from 0xb400f125e2b20710
12-30 11:27:42.129   360   458 D EvsDriver: doneWithFrame
12-30 11:27:42.130  1547  2118 D ANWStack: [  10197952][ANWBT] Rx: FCRT: I-frame,sar 0, reqseq 7, final 0, txseq 28
12-30 11:27:42.130  1547  2118 D ANWStack: 
12-30 11:27:42.130  1547  2118 D ANWStack: [  10197952][ANWBT] CheckTxSeqStatus: expected_tx_seq 28, txseq 28
12-30 11:27:42.130  1547  2118 D ANWStack: 
12-30 11:27:42.130  1547  2118 D ANWStack: [  10197952][ANWBT] l2_fcrt_rx_state_recv: TXSEQ_EXPECTED
12-30 11:27:42.130  1547  2118 D ANWStack: 
12-30 11:27:42.130  1547  2118 D ANWStack: [  10197952][ANWBT] l2_fcrt_process_reqseq: unacked num 1, reqseq 7, expected_ack_seq 6
12-30 11:27:42.130  1547  2118 D ANWStack: 
12-30 11:27:42.130  1547  2118 D ANWStack: [  10197952][ANWBT] l2_fcrt_process_reqseq: unacked num 1, expected_ack_seq 6
12-30 11:27:42.130  1547  2118 D ANWStack: 
12-30 11:27:42.130  1547  2118 D ANWStack: [  10197952][ANWBT] l2_fcrt_send_ack: unacked num 1
12-30 11:27:42.130  1547  2118 D ANWStack: 
12-30 11:27:42.130  1547  2118 D ANW_OBEX: >>>>>Obex_L2cap_DataHandler
12-30 11:27:42.130  1547  2118 D ANW_OBEX: (12)OBEX-TAL Client received 163 from peer:
12-30 11:27:42.130  1547  2118 D ANW_AVRCP: sqc test bip_data_handler length=163
12-30 11:27:42.130  1547  2118 D ANW_AVRCP: sqc test bip_data_handler data[0]=0xa0
12-30 11:27:42.130  1547  2118 D ANW_AVRCP: sqc test bip_data_handler data[162]=0xa
12-30 11:27:42.130  1547  2118 D ANW_AVRCP: sqc test bip_data_handler body_Length1=163
12-30 11:27:42.130  1547  2118 D ANWAPI  : (1547|0x6EF3FCB0)[BTAPI] btsdk_bipc_message_handler h=0xb400fa682e331df0 messageId=0x6604 status=3 data=0xb400fa685e340428 length=163
12-30 11:27:42.130  1547  2118 D ANWAPI  : (1547|0x6EF3FCB0)[BTAPI] ===BTAPI_MallocIdxMsg 1155 166
12-30 11:27:42.130  1547  2118 D ANWStack: [  10197952][ANWBT] l2_fcrt_ack_timeout_handler: unacked num 1
12-30 11:27:42.130  1547  2118 D ANWStack: 
12-30 11:27:42.130  1547  2118 D ANWStack: [  10197952][ANWBT]    0x0000:  01 1D 82 CD                                      ....
12-30 11:27:42.130  1547  2118 D ANWStack: 
12-30 11:27:42.130  1547  2118 D ANWStack: [  10197952][ANWBT] l2_fcrt_send_rr_or_rnr: sup 0, reqseq 29, poll 0, final 0
12-30 11:27:42.130  1547  2118 D ANWStack: 
12-30 11:27:42.130  1547  2118 D ANWAPI  : (1547|0x6EF3FCB0)[BTAPI] *BT_CB_Dispatch
12-30 11:27:42.130  1547  2118 D ANWAPI  : (1547|0x6EF3FCB0)[BTAPI] *****SDK callback(0x483)
12-30 11:27:42.130  1547  2118 D ANWAPI  : (1547|0x6EF3FCB0)[BTAPI] SDK***** [34:10:be:3d:c6:77][10485923]
12-30 11:27:42.130  1547  2118 D ANWAPI  : (1547|0x6EF3FCB0)[BTAPI] btsdk_exec_apicb start
12-30 11:27:42.130  1547  2118 D ANWAPI  : (1547|0x6EF3FCB0)[BTAPI] Up: AvrcpMsgHandler receive[34:10:BE:3D:C6:77], Get Device ID(0)
12-30 11:27:42.130  1547  2118 D ANWAPI  : 
12-30 11:27:42.130  1547  2118 D ANWAPI  : (1547|0x6EF3FCB0)[BTAPI] Up: AnWBT_AVRCP_CA_GET_IMAGE_PROPERTIES
12-30 11:27:42.130  1547  2118 D ANWAPI  : 
12-30 11:27:42.130  1547  2118 D ANWAPI  : (1547|0x6EF3FCB0)[BTAPI] Up: AnWBT_AVRCP_CA_GET_IMAGE_PROPERTIES size = 163
12-30 11:27:42.130  1547  2118 D ANWAPI  : 
12-30 11:27:42.130  1547  2118 D ANWAPI  : (1547|0x6EF3FCB0)[BTAPI] Up: AnWBT_AVRCP_CA_GET_IMAGE_PROPERTIES data[0] = 0xa0
12-30 11:27:42.130  1547  2118 D ANWAPI  : 
12-30 11:27:42.130  1547  2118 D ANWAPI  : (1547|0x6EF3FCB0)[BTAPI] Up: AnWBT_AVRCP_CA_GET_IMAGE_PROPERTIES data[0] = 0xa
12-30 11:27:42.130  1547  2118 D ANWAPI  : 
12-30 11:27:42.131  1547  2118 I ANWAPI  : on_l2cap_data_ind: 163
12-30 11:27:42.131  1547  2118 D ANW bt_btif: btsock_thread_add_fd, fd:213, type:3 flags:2, user_id:4
12-30 11:27:42.131  1547  2118 D ANW bt_btif: adding fd:213, flags:0x2
12-30 11:27:42.131  1547  2118 D ANWAPI  : (1547|0x6EF3FCB0)[BTAPI] btsdk_exec_apicb end
12-30 11:27:42.131  1547  1845 D ANW bt_btif: cmd.id:3
12-30 11:27:42.131  1547  1845 E ANW bt_btif: add_poll, fd:213
12-30 11:27:42.131  1547  1845 E ANW bt_btif: set_poll, fd:213, flags:7
12-30 11:27:42.131  1547  1845 D ANW bt_btif: need_process_data_fd: 0
12-30 11:27:42.131  1547  1845 D ANW bt_btif: run prepare_poll_fds
12-30 11:27:42.131  1547  1845 D ANW bt_btif: poll fd:91
12-30 11:27:42.131  1547  1845 D ANW bt_btif: poll fd:127
12-30 11:27:42.131  1547  1845 D ANW bt_btif: poll fd:129
12-30 11:27:42.131  1547  1845 D ANW bt_btif: poll fd:141
12-30 11:27:42.131  1547  1845 D ANW bt_btif: poll fd:142
12-30 11:27:42.131  1547  1845 D ANW bt_btif: poll fd:195
12-30 11:27:42.131  1547  1845 D ANW bt_btif: poll fd:213
12-30 11:27:42.131  1547  1845 D ANW bt_btif: need_process_data_fd: 1
12-30 11:27:42.131  1547  1845 D ANW bt_btif: print poll event:4 =  POLLOUT
12-30 11:27:42.131  1547  1845 E ANW bt_btif: remove_poll, flags:2!
12-30 11:27:42.131  1547  1845 I ANW bt_btif: btsock_signaled(), fd(213), type(3), flags(2), user_id(4), AnW
12-30 11:27:42.131  1547  1845 I ANWAPI  : run btsock_l2cap_signaled 0x2
12-30 11:27:42.131  1547  1845 I ANWAPI  : flush_incoming_que_on_wr_signal_l
12-30 11:27:42.131  1547  1845 I ANWAPI  : flush_incoming_que_on_wr_signal_l len=163
12-30 11:27:42.131  1547  1845 D ANW bt_btif: run prepare_poll_fds
12-30 11:27:42.131  1547  1845 D ANW bt_btif: poll fd:91
12-30 11:27:42.131  1547  1845 D ANW bt_btif: poll fd:127
12-30 11:27:42.131  1547  1845 D ANW bt_btif: poll fd:129
12-30 11:27:42.131  1547  1845 D ANW bt_btif: poll fd:141
12-30 11:27:42.131  1547  1845 D ANW bt_btif: poll fd:142
12-30 11:27:42.131  1547  1845 D ANW bt_btif: poll fd:195
12-30 11:27:42.131  1547  1845 D ANW bt_btif: poll fd:213
12-30 11:27:42.132  1547 19356 D avrcpcontroller.BipRequest: Response GetImageProperties - handle: 1000012, properties: <?xml version='1.0' encoding='UTF-8' standalone='yes' ?>
12-30 11:27:42.132  1547 19356 D avrcpcontroller.BipRequest: <image-properties version="1.0" handle="1000012">
12-30 11:27:42.132  1547 19356 D avrcpcontroller.BipRequest:   <native encoding="JPEG" pixel="200*200" />
12-30 11:27:42.132  1547 19356 D avrcpcontroller.BipRequest:   <variant encoding="JPEG" pixel="280*280" />
12-30 11:27:42.132  1547 19356 D avrcpcontroller.BipRequest: </image-properties>
12-30 11:27:42.132  1547 19356 D avrcpcontroller.BipRequest: GET final response code is '160'
12-30 11:27:42.132  1547 19356 D AvrcpBipClient: [XX:XX:XX:XX:C6:77] Notifying caller of request complete - avrcpcontroller.BipRequest (type: 0, mResponseCode: 160)
12-30 11:27:42.132  1547 19356 D AvrcpCoverArtManager: XX:XX:XX:XX:C6:77: Download image - handle='1000012'
12-30 11:27:42.132  1547 19356 D avrcpcontroller.BipRequest: GetImage - handle: 1000012, descriptor: <?xml version='1.0' encoding='UTF-8' standalone='yes' ?>
12-30 11:27:42.132  1547 19356 D avrcpcontroller.BipRequest: <image-descriptor version="1.0">
12-30 11:27:42.132  1547 19356 D avrcpcontroller.BipRequest:   <image encoding="JPEG" pixel="200*200" />
12-30 11:27:42.132  1547 19356 D avrcpcontroller.BipRequest: </image-descriptor>
12-30 11:27:42.132  1547 19356 D AvrcpBipClient: [XX:XX:XX:XX:C6:77] Completed request - avrcpcontroller.BipRequest (type: 0, mResponseCode: 160)
12-30 11:27:42.133  1547 19356 D avrcpcontroller.BipRequest: Exeucting GET
12-30 11:27:42.133  1547  1845 D ANW bt_btif: need_process_data_fd: 1
12-30 11:27:42.133  1547  1845 D ANW bt_btif: print poll event:1 =  POLLIN
12-30 11:27:42.133  1547  1845 E ANW bt_btif: remove_poll, flags:1!
12-30 11:27:42.133  1547  1845 I ANW bt_btif: btsock_signaled(), fd(213), type(3), flags(1), user_id(4), AnW
12-30 11:27:42.133  1547  1845 I ANWAPI  : run btsock_l2cap_signaled 0x1
12-30 11:27:42.133  1547  1845 I ANWAPI  : btsock_l2cap_signaled bytes received from socket: 204
12-30 11:27:42.133  1547  1845 I ANWAPI  : parse_sock_data_and_response	, Selected_Device_ID [0]
12-30 11:27:42.133  1547  1845 I ANWAPI  : opp lib: OBEX_GET_FINAL 112
12-30 11:27:42.133  1547  1845 I ANWAPI  : find bip get image
12-30 11:27:42.133  1547  1845 I ANWAPI  : find char [1][0x1000000]
12-30 11:27:42.133  1547  1845 I ANWAPI  : find char [0][0x1000000]
12-30 11:27:42.133  1547  1845 I ANWAPI  : find char [0][0x1000000]
12-30 11:27:42.133  1547  1845 I ANWAPI  : find char [0][0x1000000]
12-30 11:27:42.133  1547  1845 I ANWAPI  : find char [0][0x1000000]
12-30 11:27:42.133  1547  1845 I ANWAPI  : find char [1][0x1000010]
12-30 11:27:42.133  1547  1845 I ANWAPI  : find char [2][0x1000012]
12-30 11:27:42.133  1547  1845 I ANWAPI  : find bip get image bip_handle=0x1000012
12-30 11:27:42.133  1547  1845 I ANWAPI  : find bip get image pixelH=200
12-30 11:27:42.133  1547  1845 I ANWAPI  : find bip get image pixelW=200
12-30 11:27:42.133  1547  1845 I ANWAPI  : find bip get image encodingStrLen=4,encodingStr=JPEG
12-30 11:27:42.133  1547  1845 D ANWAPI  : (1547|0xB0437CB0)[BTAPI] SDK >>>>AnWBT_AVRCP_CA_GetImage
12-30 11:27:42.133  1547  1845 D ANWAPI  : 4 200 200 JPEG
12-30 11:27:42.133  1547  1845 D ANWAPI  : (1547|0xB0437CB0)[BTAPI] SDK <<<<AnWBT_AVRCP_CA_GetImage 0
12-30 11:27:42.133  1547  1845 I ANWAPI  : OBEX_GET_FINAL on_l2cap_write_done : adding fd to btsock_thread...
12-30 11:27:42.133  1547  1845 D ANW bt_btif: btsock_thread_add_fd, fd:213, type:3 flags:1, user_id:4
12-30 11:27:42.133  1547  1845 D ANW bt_btif: adding fd:213, flags:0x1
12-30 11:27:42.133  1547  1845 D ANW bt_btif: run prepare_poll_fds
12-30 11:27:42.133  1547  1845 D ANW bt_btif: poll fd:91
12-30 11:27:42.133  1547  1845 D ANW bt_btif: poll fd:127
12-30 11:27:42.133  1547  1845 D ANW bt_btif: poll fd:129
12-30 11:27:42.133  1547  1845 D ANW bt_btif: poll fd:141
