12-30 11:27:37.978   398   464 I VehiclePropertyStore: begin to write value to Store: {.timestamp = 10193799959213, .areaId = 0, .prop = 557850748, .status = AVAILABLE, .value = {.int32Values = [1]{0}, .floatValues = [0]{}, .int64Values = [0]{}, .bytes = [0]{}, .stringValue = ""}}
12-30 11:27:37.978   398   464 I DefaultVehicleHal_v2_0: DefaultVehicleHal::onPropertyValue, value:{.timestamp = 10193799959213, .areaId = 0, .prop = 557850748, .status = AVAILABLE, .value = {.int32Values = [1]{0}, .floatValues = [0]{}, .int64Values = [0]{}, .bytes = [0]{}, .stringValue = ""}}
12-30 11:27:37.978   398   464 D DiagPropHandler: is not DiagnosticConfig: 0x2140207c
12-30 11:27:37.978   398   464 I VehiclePropertyStore: begin to write value to Store: {.timestamp = 10193799959213, .areaId = 0, .prop = 557850748, .status = AVAILABLE, .value = {.int32Values = [1]{0}, .floatValues = [0]{}, .int64Values = [0]{}, .bytes = [0]{}, .stringValue = ""}}
12-30 11:27:37.978   398   464 D adayocomadapter-CommunicationManager: onUpstreamReceive mPropertyId 0x2140207c
12-30 11:27:37.978   398   464 D adayocomadapter-CommunicationManager: onUpstreamReceive mPropertyId 0x2140207e
12-30 11:27:37.978   398   464 D adayocomadapter-CommunicationManager: convertBytesToInt32Memcpy  0
12-30 11:27:37.978   398   464 I vw-vhal : notifyVehicleProperty, propId = 0x2140207e, data = {status: 2, int32Values: [0]}
12-30 11:27:37.978   398   464 I vw-vhal : CanSignalsAdapter::notifyVehicleProperty: solvedValue = {.timestamp = 10193800227213, .areaId = 0, .prop = 557850750, .status = AVAILABLE, .value = {.int32Values = [1]{0}, .floatValues = [0]{}, .int64Values = [0]{}, .bytes = [0]{}, .stringValue = ""}}
12-30 11:27:37.978   398   464 I VehiclePropertyStore: begin to write value to Store: {.timestamp = 10193800227213, .areaId = 0, .prop = 557850750, .status = AVAILABLE, .value = {.int32Values = [1]{0}, .floatValues = [0]{}, .int64Values = [0]{}, .bytes = [0]{}, .stringValue = ""}}
12-30 11:27:37.978   398   464 I DefaultVehicleHal_v2_0: DefaultVehicleHal::onPropertyValue, value:{.timestamp = 10193800227213, .areaId = 0, .prop = 557850750, .status = AVAILABLE, .value = {.int32Values = [1]{0}, .floatValues = [0]{}, .int64Values = [0]{}, .bytes = [0]{}, .stringValue = ""}}
12-30 11:27:37.978   398   464 D DiagPropHandler: is not DiagnosticConfig: 0x2140207e
12-30 11:27:37.978   398   464 I VehiclePropertyStore: begin to write value to Store: {.timestamp = 10193800227213, .areaId = 0, .prop = 557850750, .status = AVAILABLE, .value = {.int32Values = [1]{0}, .floatValues = [0]{}, .int64Values = [0]{}, .bytes = [0]{}, .stringValue = ""}}
12-30 11:27:37.978   398   464 D adayocomadapter-CommunicationManager: onUpstreamReceive mPropertyId 0x2140207e
12-30 11:27:37.978   398   464 D adayocomadapter-CommunicationManager: onUpstreamReceive mPropertyId 0x21402082
12-30 11:27:37.978   398   464 D adayocomadapter-CommunicationManager: convertBytesToInt32Memcpy  0
12-30 11:27:37.978   398   464 I vw-vhal : notifyVehicleProperty, propId = 0x21402082, data = {status: 2, int32Values: [0]}
12-30 11:27:37.978   398   464 I vw-vhal : CanSignalsAdapter::notifyVehicleProperty: solvedValue = {.timestamp = 10193800420213, .areaId = 0, .prop = 557850754, .status = AVAILABLE, .value = {.int32Values = [1]{0}, .floatValues = [0]{}, .int64Values = [0]{}, .bytes = [0]{}, .stringValue = ""}}
12-30 11:27:37.978   398   464 I VehiclePropertyStore: begin to write value to Store: {.timestamp = 10193800420213, .areaId = 0, .prop = 557850754, .status = AVAILABLE, .value = {.int32Values = [1]{0}, .floatValues = [0]{}, .int64Values = [0]{}, .bytes = [0]{}, .stringValue = ""}}
12-30 11:27:37.978   398   464 I DefaultVehicleHal_v2_0: DefaultVehicleHal::onPropertyValue, value:{.timestamp = 10193800420213, .areaId = 0, .prop = 557850754, .status = AVAILABLE, .value = {.int32Values = [1]{0}, .floatValues = [0]{}, .int64Values = [0]{}, .bytes = [0]{}, .stringValue = ""}}
12-30 11:27:37.978   398   464 D DiagPropHandler: is not DiagnosticConfig: 0x21402082
12-30 11:27:37.978   398   464 I VehiclePropertyStore: begin to write value to Store: {.timestamp = 10193800420213, .areaId = 0, .prop = 557850754, .status = AVAILABLE, .value = {.int32Values = [1]{0}, .floatValues = [0]{}, .int64Values = [0]{}, .bytes = [0]{}, .stringValue = ""}}
12-30 11:27:37.978   398   464 D adayocomadapter-CommunicationManager: onUpstreamReceive mPropertyId 0x21402082
12-30 11:27:37.978   398   464 D adayocomadapter-CommunicationManager: onUpstreamReceive mPropertyId 0x21402083
12-30 11:27:37.978   398   464 D adayocomadapter-CommunicationManager: convertBytesToInt32Memcpy  0
12-30 11:27:37.978   398   464 I vw-vhal : notifyVehicleProperty, propId = 0x21402083, data = {status: 2, int32Values: [0]}
12-30 11:27:37.978   398   464 I vw-vhal : CanSignalsAdapter::notifyVehicleProperty: solvedValue = {.timestamp = 10193800616879, .areaId = 0, .prop = 557850755, .status = AVAILABLE, .value = {.int32Values = [1]{0}, .floatValues = [0]{}, .int64Values = [0]{}, .bytes = [0]{}, .stringValue = ""}}
12-30 11:27:37.978   398   464 I VehiclePropertyStore: begin to write value to Store: {.timestamp = 10193800616879, .areaId = 0, .prop = 557850755, .status = AVAILABLE, .value = {.int32Values = [1]{0}, .floatValues = [0]{}, .int64Values = [0]{}, .bytes = [0]{}, .stringValue = ""}}
12-30 11:27:37.978   398   464 I DefaultVehicleHal_v2_0: DefaultVehicleHal::onPropertyValue, value:{.timestamp = 10193800616879, .areaId = 0, .prop = 557850755, .status = AVAILABLE, .value = {.int32Values = [1]{0}, .floatValues = [0]{}, .int64Values = [0]{}, .bytes = [0]{}, .stringValue = ""}}
12-30 11:27:37.978   398   464 D DiagPropHandler: is not DiagnosticConfig: 0x21402083
12-30 11:27:37.978   398   464 I VehiclePropertyStore: begin to write value to Store: {.timestamp = 10193800616879, .areaId = 0, .prop = 557850755, .status = AVAILABLE, .value = {.int32Values = [1]{0}, .floatValues = [0]{}, .int64Values = [0]{}, .bytes = [0]{}, .stringValue = ""}}
12-30 11:27:37.978   398   464 D adayocomadapter-CommunicationManager: onUpstreamReceive mPropertyId 0x21402083
12-30 11:27:37.978   398   464 D adayocomadapter-CommunicationManager: onUpstreamReceive mPropertyId 0x21402084
12-30 11:27:37.978   398   464 D adayocomadapter-CommunicationManager: convertBytesToInt32Memcpy  0
12-30 11:27:37.978   398   464 I vw-vhal : notifyVehicleProperty, propId = 0x21402084, data = {status: 2, int32Values: [0]}
12-30 11:27:37.978   398   464 I vw-vhal : CanSignalsAdapter::notifyVehicleProperty: solvedValue = {.timestamp = 10193800810213, .areaId = 0, .prop = 557850756, .status = AVAILABLE, .value = {.int32Values = [1]{0}, .floatValues = [0]{}, .int64Values = [0]{}, .bytes = [0]{}, .stringValue = ""}}
12-30 11:27:37.978   398   464 I VehiclePropertyStore: begin to write value to Store: {.timestamp = 10193800810213, .areaId = 0, .prop = 557850756, .status = AVAILABLE, .value = {.int32Values = [1]{0}, .floatValues = [0]{}, .int64Values = [0]{}, .bytes = [0]{}, .stringValue = ""}}
12-30 11:27:37.979   398   464 I DefaultVehicleHal_v2_0: DefaultVehicleHal::onPropertyValue, value:{.timestamp = 10193800810213, .areaId = 0, .prop = 557850756, .status = AVAILABLE, .value = {.int32Values = [1]{0}, .floatValues = [0]{}, .int64Values = [0]{}, .bytes = [0]{}, .stringValue = ""}}
12-30 11:27:37.979   398   464 D DiagPropHandler: is not DiagnosticConfig: 0x21402084
12-30 11:27:37.979   398   464 I VehiclePropertyStore: begin to write value to Store: {.timestamp = 10193800810213, .areaId = 0, .prop = 557850756, .status = AVAILABLE, .value = {.int32Values = [1]{0}, .floatValues = [0]{}, .int64Values = [0]{}, .bytes = [0]{}, .stringValue = ""}}
12-30 11:27:37.979   398   464 D adayocomadapter-CommunicationManager: onUpstreamReceive mPropertyId 0x21402084
12-30 11:27:37.979   398   464 D adayocomadapter-CommunicationManager: onUpstreamReceive mPropertyId 0x21402085
12-30 11:27:37.979   398   464 D adayocomadapter-CommunicationManager: convertBytesToInt32Memcpy  0
12-30 11:27:37.979   398   464 I vw-vhal : notifyVehicleProperty, propId = 0x21402085, data = {status: 2, int32Values: [0]}
12-30 11:27:37.979   398   464 I vw-vhal : CanSignalsAdapter::notifyVehicleProperty: solvedValue = {.timestamp = 10193801006879, .areaId = 0, .prop = 557850757, .status = AVAILABLE, .value = {.int32Values = [1]{0}, .floatValues = [0]{}, .int64Values = [0]{}, .bytes = [0]{}, .stringValue = ""}}
12-30 11:27:37.979   398   464 I VehiclePropertyStore: begin to write value to Store: {.timestamp = 10193801006879, .areaId = 0, .prop = 557850757, .status = AVAILABLE, .value = {.int32Values = [1]{0}, .floatValues = [0]{}, .int64Values = [0]{}, .bytes = [0]{}, .stringValue = ""}}
12-30 11:27:37.979   398   464 I DefaultVehicleHal_v2_0: DefaultVehicleHal::onPropertyValue, value:{.timestamp = 10193801006879, .areaId = 0, .prop = 557850757, .status = AVAILABLE, .value = {.int32Values = [1]{0}, .floatValues = [0]{}, .int64Values = [0]{}, .bytes = [0]{}, .stringValue = ""}}
12-30 11:27:37.979   398   464 D DiagPropHandler: is not DiagnosticConfig: 0x21402085
12-30 11:27:37.979   398   464 I VehiclePropertyStore: begin to write value to Store: {.timestamp = 10193801006879, .areaId = 0, .prop = 557850757, .status = AVAILABLE, .value = {.int32Values = [1]{0}, .floatValues = [0]{}, .int64Values = [0]{}, .bytes = [0]{}, .stringValue = ""}}
12-30 11:27:37.979   398   464 D adayocomadapter-CommunicationManager: onUpstreamReceive mPropertyId 0x21402085
12-30 11:27:37.979   398   464 D adayocomadapter-CommunicationManager: onUpstreamReceive mPropertyId 0x2140220a
12-30 11:27:37.979   398   464 D adayocomadapter-CommunicationManager: convertBytesToInt32Memcpy  0
12-30 11:27:37.979   398   464 I vw-vhal : notifyVehicleProperty, propId = 0x2140220a, data = {status: 2, int32Values: [0]}
12-30 11:27:37.979   398   464 I vw-vhal : CanSignalsAdapter::notifyVehicleProperty: solvedValue = {.timestamp = 10193801196213, .areaId = 0, .prop = 557851146, .status = AVAILABLE, .value = {.int32Values = [1]{0}, .floatValues = [0]{}, .int64Values = [0]{}, .bytes = [0]{}, .stringValue = ""}}
12-30 11:27:37.979   398   464 I VehiclePropertyStore: begin to write value to Store: {.timestamp = 10193801196213, .areaId = 0, .prop = 557851146, .status = AVAILABLE, .value = {.int32Values = [1]{0}, .floatValues = [0]{}, .int64Values = [0]{}, .bytes = [0]{}, .stringValue = ""}}
12-30 11:27:37.979   398   464 I DefaultVehicleHal_v2_0: DefaultVehicleHal::onPropertyValue, value:{.timestamp = 10193801196213, .areaId = 0, .prop = 557851146, .status = AVAILABLE, .value = {.int32Values = [1]{0}, .floatValues = [0]{}, .int64Values = [0]{}, .bytes = [0]{}, .stringValue = ""}}
12-30 11:27:37.979   398   464 D DiagPropHandler: is not DiagnosticConfig: 0x2140220a
12-30 11:27:37.979   398   464 I VehiclePropertyStore: begin to write value to Store: {.timestamp = 10193801196213, .areaId = 0, .prop = 557851146, .status = AVAILABLE, .value = {.int32Values = [1]{0}, .floatValues = [0]{}, .int64Values = [0]{}, .bytes = [0]{}, .stringValue = ""}}
12-30 11:27:37.979   398   464 D adayocomadapter-CommunicationManager: onUpstreamReceive mPropertyId 0x2140220a
12-30 11:27:37.979   398   464 D adayocomadapter-CommunicationManager: onUpstreamReceive mPropertyId 0x214021e6
12-30 11:27:37.979   398   464 D adayocomadapter-CommunicationManager: convertBytesToInt32Memcpy  0
12-30 11:27:37.979   398   464 I vw-vhal : notifyVehicleProperty, propId = 0x214021e6, data = {status: 2, int32Values: [0]}
12-30 11:27:37.979   398   464 I vw-vhal : CanSignalsAdapter::notifyVehicleProperty: solvedValue = {.timestamp = 10193801386879, .areaId = 0, .prop = 557851110, .status = AVAILABLE, .value = {.int32Values = [1]{0}, .floatValues = [0]{}, .int64Values = [0]{}, .bytes = [0]{}, .stringValue = ""}}
12-30 11:27:37.979   398   464 I VehiclePropertyStore: begin to write value to Store: {.timestamp = 10193801386879, .areaId = 0, .prop = 557851110, .status = AVAILABLE, .value = {.int32Values = [1]{0}, .floatValues = [0]{}, .int64Values = [0]{}, .bytes = [0]{}, .stringValue = ""}}
12-30 11:27:37.979   398   464 I DefaultVehicleHal_v2_0: DefaultVehicleHal::onPropertyValue, value:{.timestamp = 10193801386879, .areaId = 0, .prop = 557851110, .status = AVAILABLE, .value = {.int32Values = [1]{0}, .floatValues = [0]{}, .int64Values = [0]{}, .bytes = [0]{}, .stringValue = ""}}
12-30 11:27:37.979   398   464 D DiagPropHandler: is not DiagnosticConfig: 0x214021e6
12-30 11:27:37.979   398   464 I VehiclePropertyStore: begin to write value to Store: {.timestamp = 10193801386879, .areaId = 0, .prop = 557851110, .status = AVAILABLE, .value = {.int32Values = [1]{0}, .floatValues = [0]{}, .int64Values = [0]{}, .bytes = [0]{}, .stringValue = ""}}
12-30 11:27:37.979   398   464 D adayocomadapter-CommunicationManager: onUpstreamReceive mPropertyId 0x214021e6
12-30 11:27:37.986   360   931 D EvsDriver: forwardFrame
12-30 11:27:37.987   360   931 D EvsDriver: forwardFrameDirect
12-30 11:27:37.987  2358  2623 D RcfController: Rcf proxy is not connected!
12-30 11:27:37.987   360   931 D EvsDriver: Delivered 0xb400e2ca9e40d4b0 as id 1
12-30 11:27:37.987   359  2784 D evsmanagerd: /dev/video-evs0 forwarded the buffer #1 to 0xb400f125d2b26dd0 from 0xb400f125e2b20710
12-30 11:27:37.989   596  3076 E WifiHAL : Invalid data received from driver
12-30 11:27:37.996   360   458 D EvsDriver: doneWithFrame
12-30 11:27:37.998   650   729 D fgemcucomm: sd Uart data : 6AA6023E0A0002920220
12-30 11:27:37.999   650   729 D fgemcucomm: rev uart=84197,len=15, data : 6AA6813E0A000792020621414502ED
12-30 11:27:37.999   398   466 D adayocomadapter-ParseProtocolFunc: printRaWMsg Name[MCUToUPstream recv] len[7] data[92020621414502]
12-30 11:27:37.999   398   466 D adayocomadapter-CommunicationManager: onUpstreamback   member[6] dataLength[4] timePoint[10193821]
12-30 11:27:37.999   398   466 D adayocomadapter-ParseProtocolFunc: printRaWMsg Name[onUpstreamback] len[4] data[21414502]
12-30 11:27:37.999   398   464 D adayocomadapter-UpstreamHandler: processBeforePacket upSreamtProcessTimePoint[10193821] 
12-30 11:27:37.999   398   464 D adayocomadapter-ParseProtocolFunc: parseGeneralIPCLBytes Processing tablename[Table-3] tableSize[0]
12-30 11:27:37.999   398   464 D adayocomadapter-ParseProtocolFunc: printRaWMsg Name[byteStream recv] len[4] data[21414502]
12-30 11:27:38.001   398   464 D adayocomadapter-ParseProtocolFunc: printRaWMsg Name[IPCLtoVHAL] len[8520] data[214145020121414502000000000000000000000000010101000000A2B5000000000000000020C071CE6DFB00B450F071CE6DFB00B401010100000090C8000000000000000066668442000044420000984100008542014100000000EB42000000000000000001000000000000000000000000000000016000000000F4C50000000000000000214021C20000000000000000000000000141000000008FB8000000000000000001000000000000000000000000000000014100000000BDC500000000000000000000CA42000000000000000000000000014100000000B2190000000000000000000000000000000000000000000000000141000000008064000000000000000000000000000000000000000000000000014100000000D6E3000000000000000000000000000000000000000000000000014100000000E49E0000000000000000000000000000000000000000000000000101010000009F1400000000000000006666844200004442000098410000854201410000000049900000000000000000000000000000000000000000000000000141000000001F170000000000000000000000000000000000000000000000000141000000002D6A0000000000000000000000000000000000000000000000000141000000003D830000000000000000000000000
12-30 11:27:38.001   398   464 D adayocomadapter-CommunicationManager: onUpstreamReceive mPropertyId 0x21414502
12-30 11:27:38.002   398   464 D adayocomadapter-CommunicationManager: writeValue id=[557925634]
12-30 11:27:38.002   398   464 D adayocomadapter-VehiclePropertyStore: writeValue id=[557925634]
12-30 11:27:38.003  1667  3615 I libmficlientjni: [com_adayo_mficlient_Proxy.cpp][759]Enter 
12-30 11:27:38.003  1667  3615 I libmficlientjni: [com_adayo_mficlient_Proxy.cpp][772]Leave 
12-30 11:27:38.003   879  2332 I mfiserver: [MFiProxy.cpp][675]messageMID =1C LID=00 com.adayo.carplay 
12-30 11:27:38.003   879  2332 I libmfi  : [iAPUtils.c][654]Enter int iAPSendLocationData(iAPUtils_t *, char *) 
12-30 11:27:38.003   879  2332 I libmfi  : [iAP2Control.c][360]Send Control MessageID = 0xFFFB length=149
12-30 11:27:38.003   879  2332 I libmfi  : [iAP2Link.c][2399]iAP2LinkQueueSendData 
12-30 11:27:38.003   879  2332 E libmfi  : [iAP2BuffPoolImplementation.c][209]__iAP2BuffPoolGetSendPacket malloc lenth = 65591 
12-30 11:27:38.003   879  2332 I libmfi  : [iAP2Link.c][2310]iAP2LinkProcessOutQueue 
12-30 11:27:38.004   879  2332 I mfiserver: [MFiDataChannleSocket.cpp][127]len =166 
12-30 11:27:38.004   879  2332 I libmfi  : [iAP2Control.c][367]Send Control MessageID = 0xFFFB end state = 1 
12-30 11:27:38.004   879  2332 I libmfi  : [iAPUtils.c][682]Leave int iAPSendLocationData(iAPUtils_t *, char *) 
12-30 11:27:38.004  1667  2331 I libmficlient: [MFiClient.cpp][120]Receive Data MID=11 LID=04 
12-30 11:27:38.008   398   464 I vw-vhal : notifyVehicleProperty, propId = 0x21414502, data = {status: 2, int32Values: [33, 65, 69, 2, 0, 0, 0, 0, 0, 0, 0, 0, 0, 0, 0, 0, 1, 1, 1, 0, 0, 0, 162, 181, 0, 0, 0, 0, 0, 0, 0, 0, 32, 192, 113, 206, 109, 251, 0, 180, 80, 240, 113, 206, 109, 251, 0, 180, 1, 1, 1, 0, 0, 0, 144, 200, 0, 0, 0, 0, 0, 0, 0, 0, 102, 102, 132, 66, 0, 0, 68, 66, 0, 0, 152, 65, 0, 0, 133, 66, 1, 65, 0, 0, 0, 0, 235, 66, 0, 0, 0, 0, 0, 0, 0, 0, 1, 0, 0, 0, 0, 0, 0, 0, 0, 0, 0, 0, 0, 0, 0, 0, 1, 96, 0, 0, 0, 0, 244, 197, 0, 0, 0, 0, 0, 0, 0, 0, 33, 64, 33, 194, 0, 0, 0, 0, 0, 0, 0, 0, 0, 0, 0, 0, 1, 65, 0, 0, 0, 0, 143, 184, 0, 0, 0, 0, 0, 0, 0, 0, 1, 0, 0, 0, 0, 0, 0, 0, 0, 0, 0, 0, 0, 0, 0, 0, 1, 65, 0, 0, 0, 0, 189, 197, 0, 0, 0, 0, 0, 0, 0, 0, 0, 0, 202, 66, 0, 0, 0, 0, 0, 0, 0, 0, 0, 0, 0, 0, 1, 65, 0, 0, 0, 0, 178, 25, 0, 0, 0, 0, 0, 0, 0, 0, 0, 0, 0, 0, 0, 0, 0, 0, 0, 0, 0, 0, 0, 0, 0, 0, 1, 65, 0, 0, 0, 0, 128, 100, 0, 0, 0, 0, 0, 0, 0, 0, 0, 0, 0, 0, 0, 0, 0, 0, 0, 0, 0, 0, 0, 0, 0, 0, 1, 65, 0, 0, 0, 0, 214, 227, 0, 0, 0, 0, 0
12-30 11:27:38.015   398   464 I vw-vhal : CanSignalsAdapter::notifyDiagProperty: propId = 0x21414502, data = {status: 2, int32Values: [33, 65, 69, 2, 0, 0, 0, 0, 0, 0, 0, 0, 0, 0, 0, 0, 1, 1, 1, 0, 0, 0, 162, 181, 0, 0, 0, 0, 0, 0, 0, 0, 32, 192, 113, 206, 109, 251, 0, 180, 80, 240, 113, 206, 109, 251, 0, 180, 1, 1, 1, 0, 0, 0, 144, 200, 0, 0, 0, 0, 0, 0, 0, 0, 102, 102, 132, 66, 0, 0, 68, 66, 0, 0, 152, 65, 0, 0, 133, 66, 1, 65, 0, 0, 0, 0, 235, 66, 0, 0, 0, 0, 0, 0, 0, 0, 1, 0, 0, 0, 0, 0, 0, 0, 0, 0, 0, 0, 0, 0, 0, 0, 1, 96, 0, 0, 0, 0, 244, 197, 0, 0, 0, 0, 0, 0, 0, 0, 33, 64, 33, 194, 0, 0, 0, 0, 0, 0, 0, 0, 0, 0, 0, 0, 1, 65, 0, 0, 0, 0, 143, 184, 0, 0, 0, 0, 0, 0, 0, 0, 1, 0, 0, 0, 0, 0, 0, 0, 0, 0, 0, 0, 0, 0, 0, 0, 1, 65, 0, 0, 0, 0, 189, 197, 0, 0, 0, 0, 0, 0, 0, 0, 0, 0, 202, 66, 0, 0, 0, 0, 0, 0, 0, 0, 0, 0, 0, 0, 1, 65, 0, 0, 0, 0, 178, 25, 0, 0, 0, 0, 0, 0, 0, 0, 0, 0, 0, 0, 0, 0, 0, 0, 0, 0, 0, 0, 0, 0, 0, 0, 1, 65, 0, 0, 0, 0, 128, 100, 0, 0, 0, 0, 0, 0, 0, 0, 0, 0, 0, 0, 0, 0, 0, 0, 0, 0, 0, 0, 0, 0, 0, 0, 1, 65, 0, 0, 0, 0, 214, 22
12-30 11:27:38.017   815   834 E logcollector: usage = 0.133
12-30 11:27:38.017   815   834 E logcollector: scanFolder start
12-30 11:27:38.019   398   464 I vw-vhal : CanSignalsAdapter::notifyVehicleProperty: solvedValue = {.timestamp = 10193837621546, .areaId = 0, .prop = 557925634, .status = AVAILABLE, .value = {.int32Values = [8515]{33, 65, 69, 2, 0, 0, 0, 0, 0, 0, 0, 0, 0, 0, 0, 0, 1, 1, 1, 0, 0, 0, 162, 181, 0, 0, 0, 0, 0, 0, 0, 0, 32, 192, 113, 206, 109, 251, 0, 180, 80, 240, 113, 206, 109, 251, 0, 180, 1, 1, 1, 0, 0, 0, 144, 200, 0, 0, 0, 0, 0, 0, 0, 0, 102, 102, 132, 66, 0, 0, 68, 66, 0, 0, 152, 65, 0, 0, 133, 66, 1, 65, 0, 0, 0, 0, 235, 66, 0, 0, 0, 0, 0, 0, 0, 0, 1, 0, 0, 0, 0, 0, 0, 0, 0, 0, 0, 0, 0, 0, 0, 0, 1, 96, 0, 0, 0, 0, 244, 197, 0, 0, 0, 0, 0, 0, 0, 0, 33, 64, 33, 194, 0, 0, 0, 0, 0, 0, 0, 0, 0, 0, 0, 0, 1, 65, 0, 0, 0, 0, 143, 184, 0, 0, 0, 0, 0, 0, 0, 0, 1, 0, 0, 0, 0, 0, 0, 0, 0, 0, 0, 0, 0, 0, 0, 0, 1, 65, 0, 0, 0, 0, 189, 197, 0, 0, 0, 0, 0, 0, 0, 0, 0, 0, 202, 66, 0, 0, 0, 0, 0, 0, 0, 0, 0, 0, 0, 0, 1, 65, 0, 0, 0, 0, 178, 25, 0, 0, 0, 0, 0, 0, 0, 0, 0, 0, 0, 0, 0, 0, 0, 0, 0, 0, 0, 0, 0, 0, 0, 0, 1, 65, 0, 0, 0, 0, 128, 100, 0, 0, 0, 0, 0, 0, 0,
12-30 11:27:38.020   815   834 E logcollector: scanFolder end
12-30 11:27:38.020   815   834 E logcollector: sortFileList start
12-30 11:27:38.020   360   931 D EvsDriver: forwardFrame
12-30 11:27:38.020   360   931 D EvsDriver: forwardFrameDirect
12-30 11:27:38.020   360   931 D EvsDriver: Delivered 0xb400e2ca9e40c2d0 as id 0
12-30 11:27:38.020   359  2784 D evsmanagerd: /dev/video-evs0 forwarded the buffer #0 to 0xb400f125d2b26dd0 from 0xb400f125e2b20710
12-30 11:27:38.021   815   834 E logcollector: sortFileList end
12-30 11:27:38.022   815   834 D logcollector: [logcollector::removeFile]  Debug: remove  = /data/sdrv_logs/4/system_20251230_092425_43.zip
12-30 11:27:38.023   398   464 I VehiclePropertyStore: begin to write value to Store: {.timestamp = 10193837621546, .areaId = 0, .prop = 557925634, .status = AVAILABLE, .value = {.int32Values = [8515]{33, 65, 69, 2, 0, 0, 0, 0, 0, 0, 0, 0, 0, 0, 0, 0, 1, 1, 1, 0, 0, 0, 162, 181, 0, 0, 0, 0, 0, 0, 0, 0, 32, 192, 113, 206, 109, 251, 0, 180, 80, 240, 113, 206, 109, 251, 0, 180, 1, 1, 1, 0, 0, 0, 144, 200, 0, 0, 0, 0, 0, 0, 0, 0, 102, 102, 132, 66, 0, 0, 68, 66, 0, 0, 152, 65, 0, 0, 133, 66, 1, 65, 0, 0, 0, 0, 235, 66, 0, 0, 0, 0, 0, 0, 0, 0, 1, 0, 0, 0, 0, 0, 0, 0, 0, 0, 0, 0, 0, 0, 0, 0, 1, 96, 0, 0, 0, 0, 244, 197, 0, 0, 0, 0, 0, 0, 0, 0, 33, 64, 33, 194, 0, 0, 0, 0, 0, 0, 0, 0, 0, 0, 0, 0, 1, 65, 0, 0, 0, 0, 143, 184, 0, 0, 0, 0, 0, 0, 0, 0, 1, 0, 0, 0, 0, 0, 0, 0, 0, 0, 0, 0, 0, 0, 0, 0, 1, 65, 0, 0, 0, 0, 189, 197, 0, 0, 0, 0, 0, 0, 0, 0, 0, 0, 202, 66, 0, 0, 0, 0, 0, 0, 0, 0, 0, 0, 0, 0, 1, 65, 0, 0, 0, 0, 178, 25, 0, 0, 0, 0, 0, 0, 0, 0, 0, 0, 0, 0, 0, 0, 0, 0, 0, 0, 0, 0, 0, 0, 0, 0, 1, 65, 0, 0, 0, 0, 128, 100, 0, 0, 0, 0, 0, 0, 0, 0, 0, 0, 0, 0, 0, 0, 0, 
12-30 11:27:38.026   398   464 I VehiclePropertyStore: Prop wirte value to Store success: {.timestamp = 10193837621546, .areaId = 0, .prop = 557925634, .status = AVAILABLE, .value = {.int32Values = [8515]{33, 65, 69, 2, 0, 0, 0, 0, 0, 0, 0, 0, 0, 0, 0, 0, 1, 1, 1, 0, 0, 0, 162, 181, 0, 0, 0, 0, 0, 0, 0, 0, 32, 192, 113, 206, 109, 251, 0, 180, 80, 240, 113, 206, 109, 251, 0, 180, 1, 1, 1, 0, 0, 0, 144, 200, 0, 0, 0, 0, 0, 0, 0, 0, 102, 102, 132, 66, 0, 0, 68, 66, 0, 0, 152, 65, 0, 0, 133, 66, 1, 65, 0, 0, 0, 0, 235, 66, 0, 0, 0, 0, 0, 0, 0, 0, 1, 0, 0, 0, 0, 0, 0, 0, 0, 0, 0, 0, 0, 0, 0, 0, 1, 96, 0, 0, 0, 0, 244, 197, 0, 0, 0, 0, 0, 0, 0, 0, 33, 64, 33, 194, 0, 0, 0, 0, 0, 0, 0, 0, 0, 0, 0, 0, 1, 65, 0, 0, 0, 0, 143, 184, 0, 0, 0, 0, 0, 0, 0, 0, 1, 0, 0, 0, 0, 0, 0, 0, 0, 0, 0, 0, 0, 0, 0, 0, 1, 65, 0, 0, 0, 0, 189, 197, 0, 0, 0, 0, 0, 0, 0, 0, 0, 0, 202, 66, 0, 0, 0, 0, 0, 0, 0, 0, 0, 0, 0, 0, 1, 65, 0, 0, 0, 0, 178, 25, 0, 0, 0, 0, 0, 0, 0, 0, 0, 0, 0, 0, 0, 0, 0, 0, 0, 0, 0, 0, 0, 0, 0, 0, 1, 65, 0, 0, 0, 0, 128, 100, 0, 0, 0, 0, 0, 0, 0, 0, 0, 0, 0, 0, 0, 0,
12-30 11:27:38.027   360   458 D EvsDriver: doneWithFrame
12-30 11:27:38.030   398   464 I DefaultVehicleHal_v2_0: DefaultVehicleHal::onPropertyValue, value:{.timestamp = 10193837621546, .areaId = 0, .prop = 557925634, .status = AVAILABLE, .value = {.int32Values = [8515]{33, 65, 69, 2, 0, 0, 0, 0, 0, 0, 0, 0, 0, 0, 0, 0, 1, 1, 1, 0, 0, 0, 162, 181, 0, 0, 0, 0, 0, 0, 0, 0, 32, 192, 113, 206, 109, 251, 0, 180, 80, 240, 113, 206, 109, 251, 0, 180, 1, 1, 1, 0, 0, 0, 144, 200, 0, 0, 0, 0, 0, 0, 0, 0, 102, 102, 132, 66, 0, 0, 68, 66, 0, 0, 152, 65, 0, 0, 133, 66, 1, 65, 0, 0, 0, 0, 235, 66, 0, 0, 0, 0, 0, 0, 0, 0, 1, 0, 0, 0, 0, 0, 0, 0, 0, 0, 0, 0, 0, 0, 0, 0, 1, 96, 0, 0, 0, 0, 244, 197, 0, 0, 0, 0, 0, 0, 0, 0, 33, 64, 33, 194, 0, 0, 0, 0, 0, 0, 0, 0, 0, 0, 0, 0, 1, 65, 0, 0, 0, 0, 143, 184, 0, 0, 0, 0, 0, 0, 0, 0, 1, 0, 0, 0, 0, 0, 0, 0, 0, 0, 0, 0, 0, 0, 0, 0, 1, 65, 0, 0, 0, 0, 189, 197, 0, 0, 0, 0, 0, 0, 0, 0, 0, 0, 202, 66, 0, 0, 0, 0, 0, 0, 0, 0, 0, 0, 0, 0, 1, 65, 0, 0, 0, 0, 178, 25, 0, 0, 0, 0, 0, 0, 0, 0, 0, 0, 0, 0, 0, 0, 0, 0, 0, 0, 0, 0, 0, 0, 0, 0, 1, 65, 0, 0, 0, 0, 128, 100, 0, 0, 0, 0, 0, 0, 0, 0, 0, 0, 0, 0
12-30 11:27:38.030   398   464 D DiagPropHandler: is not DiagnosticConfig: 0x21414502
12-30 11:27:38.033   398   464 I VehiclePropertyStore: begin to write value to Store: {.timestamp = 10193837621546, .areaId = 0, .prop = 557925634, .status = AVAILABLE, .value = {.int32Values = [8515]{33, 65, 69, 2, 0, 0, 0, 0, 0, 0, 0, 0, 0, 0, 0, 0, 1, 1, 1, 0, 0, 0, 162, 181, 0, 0, 0, 0, 0, 0, 0, 0, 32, 192, 113, 206, 109, 251, 0, 180, 80, 240, 113, 206, 109, 251, 0, 180, 1, 1, 1, 0, 0, 0, 144, 200, 0, 0, 0, 0, 0, 0, 0, 0, 102, 102, 132, 66, 0, 0, 68, 66, 0, 0, 152, 65, 0, 0, 133, 66, 1, 65, 0, 0, 0, 0, 235, 66, 0, 0, 0, 0, 0, 0, 0, 0, 1, 0, 0, 0, 0, 0, 0, 0, 0, 0, 0, 0, 0, 0, 0, 0, 1, 96, 0, 0, 0, 0, 244, 197, 0, 0, 0, 0, 0, 0, 0, 0, 33, 64, 33, 194, 0, 0, 0, 0, 0, 0, 0, 0, 0, 0, 0, 0, 1, 65, 0, 0, 0, 0, 143, 184, 0, 0, 0, 0, 0, 0, 0, 0, 1, 0, 0, 0, 0, 0, 0, 0, 0, 0, 0, 0, 0, 0, 0, 0, 1, 65, 0, 0, 0, 0, 189, 197, 0, 0, 0, 0, 0, 0, 0, 0, 0, 0, 202, 66, 0, 0, 0, 0, 0, 0, 0, 0, 0, 0, 0, 0, 1, 65, 0, 0, 0, 0, 178, 25, 0, 0, 0, 0, 0, 0, 0, 0, 0, 0, 0, 0, 0, 0, 0, 0, 0, 0, 0, 0, 0, 0, 0, 0, 1, 65, 0, 0, 0, 0, 128, 100, 0, 0, 0, 0, 0, 0, 0, 0, 0, 0, 0, 0, 0, 0, 0, 
12-30 11:27:38.037   398   464 I VehiclePropertyStore: Prop wirte value to Store success: {.timestamp = 10193837621546, .areaId = 0, .prop = 557925634, .status = AVAILABLE, .value = {.int32Values = [8515]{33, 65, 69, 2, 0, 0, 0, 0, 0, 0, 0, 0, 0, 0, 0, 0, 1, 1, 1, 0, 0, 0, 162, 181, 0, 0, 0, 0, 0, 0, 0, 0, 32, 192, 113, 206, 109, 251, 0, 180, 80, 240, 113, 206, 109, 251, 0, 180, 1, 1, 1, 0, 0, 0, 144, 200, 0, 0, 0, 0, 0, 0, 0, 0, 102, 102, 132, 66, 0, 0, 68, 66, 0, 0, 152, 65, 0, 0, 133, 66, 1, 65, 0, 0, 0, 0, 235, 66, 0, 0, 0, 0, 0, 0, 0, 0, 1, 0, 0, 0, 0, 0, 0, 0, 0, 0, 0, 0, 0, 0, 0, 0, 1, 96, 0, 0, 0, 0, 244, 197, 0, 0, 0, 0, 0, 0, 0, 0, 33, 64, 33, 194, 0, 0, 0, 0, 0, 0, 0, 0, 0, 0, 0, 0, 1, 65, 0, 0, 0, 0, 143, 184, 0, 0, 0, 0, 0, 0, 0, 0, 1, 0, 0, 0, 0, 0, 0, 0, 0, 0, 0, 0, 0, 0, 0, 0, 1, 65, 0, 0, 0, 0, 189, 197, 0, 0, 0, 0, 0, 0, 0, 0, 0, 0, 202, 66, 0, 0, 0, 0, 0, 0, 0, 0, 0, 0, 0, 0, 1, 65, 0, 0, 0, 0, 178, 25, 0, 0, 0, 0, 0, 0, 0, 0, 0, 0, 0, 0, 0, 0, 0, 0, 0, 0, 0, 0, 0, 0, 0, 0, 1, 65, 0, 0, 0, 0, 128, 100, 0, 0, 0, 0, 0, 0, 0, 0, 0, 0, 0, 0, 0, 0,
12-30 11:27:38.037  2358  2623 D RcfController: Rcf proxy is not connected!
12-30 11:27:38.037   398   464 D adayocomadapter-CommunicationManager: onUpstreamReceive mPropertyId 0x21414502
12-30 11:27:38.043   596  3076 E WifiHAL : Invalid data received from driver
12-30 11:27:38.043   596  3076 E WifiHAL : Invalid data received from driver
12-30 11:27:38.043   596  3076 E WifiHAL : Invalid data received from driver
12-30 11:27:38.043   596  3076 E WifiHAL : Invalid data received from driver
12-30 11:27:38.043   596  3076 E WifiHAL : Invalid data received from driver
12-30 11:27:38.043   596  3076 E WifiHAL : Invalid data received from driver
12-30 11:27:38.044   596  3076 E WifiHAL : Invalid data received from driver
12-30 11:27:38.053   360   931 D EvsDriver: forwardFrame
12-30 11:27:38.053   360   931 D EvsDriver: forwardFrameDirect
12-30 11:27:38.053   360   931 D EvsDriver: Delivered 0xb400e2ca9e40d090 as id 1
12-30 11:27:38.053   359  2784 D evsmanagerd: /dev/video-evs0 forwarded the buffer #1 to 0xb400f125d2b26dd0 from 0xb400f125e2b20710
12-30 11:27:38.057   360   458 D EvsDriver: doneWithFrame
12-30 11:27:38.073   596  3076 E WifiHAL : Invalid data received from driver
12-30 11:27:38.086   360   931 D EvsDriver: forwardFrame
12-30 11:27:38.087   360   931 D EvsDriver: forwardFrameDirect
12-30 11:27:38.087   360   931 D EvsDriver: Delivered 0xb400e2ca9e40e110 as id 0
12-30 11:27:38.087   359  2784 D evsmanagerd: /dev/video-evs0 forwarded the buffer #0 to 0xb400f125d2b26dd0 from 0xb400f125e2b20710
12-30 11:27:38.087  2358  2623 D RcfController: Rcf proxy is not connected!
12-30 11:27:38.087   360   458 D EvsDriver: doneWithFrame
12-30 11:27:38.087  1667 19384 E CarPlay_Service: isConnected(MFiClientApiImpl.java:123)isConnected： true
12-30 11:27:38.088   879  2332 I mfiserver: [MFiProxy.cpp][675]messageMID =11 LID=03 com.adayo.carplay 
12-30 11:27:38.088   879  2332 I mfiserver: [MFiProxy.cpp][970]message channle=60 type=4 mode=1 buf=0xb400fc8d1fa65640 len=9 
12-30 11:27:38.088   879 19383 I libmfi  : [iAPUtils.c][134]buflen:9 packetlen=9
12-30 11:27:38.088   879 19383 E libmfi  : [iAP2BuffPoolImplementation.c][312]__iAP2BuffPoolGetRecvPacket malloc lenth = 4152 
12-30 11:27:38.088   879 19383 E libmfi  : [iAP2BuffPoolImplementation.c][252]__iAP2BuffPoolReturnSendPacket
12-30 11:27:38.088   879 19383 I libmfi  : [iAP2Link.c][2802]_CleanupAckedPackets 
12-30 11:27:38.088   879 19383 I libmfi  : [iAP2Link.c][3046]_iAP2LinkProcessInOrderPacketACK 
12-30 11:27:38.088   879 19383 E libmfi  : [iAP2BuffPoolImplementation.c][359]__iAP2BuffPoolReturnRecvPacket
12-30 11:27:38.120   360   931 D EvsDriver: forwardFrame
12-30 11:27:38.120   360   931 D EvsDriver: forwardFrameDirect
12-30 11:27:38.120   360   931 D EvsDriver: Delivered 0xb400e2ca9e40c7a0 as id 1
12-30 11:27:38.120   359  2784 D evsmanagerd: /dev/video-evs0 forwarded the buffer #1 to 0xb400f125d2b26dd0 from 0xb400f125e2b20710
12-30 11:27:38.127   360   458 D EvsDriver: doneWithFrame
12-30 11:27:38.137  2358  2623 D RcfController: Rcf proxy is not connected!
12-30 11:27:38.146  1667  2407 I media_message_log->MediaMessageProxy: (SourceFile:1)b connectToService action bind
12-30 11:27:38.147   916  1847 W ActivityManager: Unable to start service Intent { cmp=com.adayo.server.mediamessagetransfer/.MediaMessTransferService (has extras) } U=0: not found
12-30 11:27:38.147  1667  2407 E media_message_log->MediaMessageProxy: (SourceFile:7)a bindServiceAsUser isBound = false
12-30 11:27:38.153   360   931 D EvsDriver: forwardFrame
12-30 11:27:38.153   360   931 D EvsDriver: forwardFrameDirect
12-30 11:27:38.153   360   931 D EvsDriver: Delivered 0xb400e2ca9e40e270 as id 0
12-30 11:27:38.153   359  2784 D evsmanagerd: /dev/video-evs0 forwarded the buffer #0 to 0xb400f125d2b26dd0 from 0xb400f125e2b20710
12-30 11:27:38.158   360   458 D EvsDriver: doneWithFrame
12-30 11:27:38.164   596  3076 E WifiHAL : Invalid data received from driver
12-30 11:27:38.186   360   931 D EvsDriver: forwardFrame
12-30 11:27:38.187   360   931 D EvsDriver: forwardFrameDirect
12-30 11:27:38.187   360   931 D EvsDriver: Delivered 0xb400e2ca9e40d4b0 as id 1
12-30 11:27:38.187   359  2784 D evsmanagerd: /dev/video-evs0 forwarded the buffer #1 to 0xb400f125d2b26dd0 from 0xb400f125e2b20710
12-30 11:27:38.187  2358  2623 D RcfController: Rcf proxy is not connected!
12-30 11:27:38.188   360   458 D EvsDriver: doneWithFrame
12-30 11:27:38.208   798 20122 W adbd    : timed out while waiting for FUNCTIONFS_BIND, trying again
12-30 11:27:38.208   798 20122 I adbd    : UsbFfs: connection terminated: monitor thread finished
12-30 11:27:38.208   798   798 I adbd    : UsbFfs: already offline
12-30 11:27:38.208   798   798 I adbd    : destroying transport UsbFfs
12-30 11:27:38.208   798   798 I adbd    : UsbFfsConnection being destroyed
12-30 11:27:38.220   360   931 D EvsDriver: forwardFrame
12-30 11:27:38.220   360   931 D EvsDriver: forwardFrameDirect
12-30 11:27:38.220   360   931 D EvsDriver: Delivered 0xb400e2ca9e40c2d0 as id 0
12-30 11:27:38.220   359  2784 D evsmanagerd: /dev/video-evs0 forwarded the buffer #0 to 0xb400f125d2b26dd0 from 0xb400f125e2b20710
12-30 11:27:38.228   360   458 D EvsDriver: doneWithFrame
12-30 11:27:38.238  2358  2623 D RcfController: Rcf proxy is not connected!
12-30 11:27:38.250   798   838 I adbd    : opening control endpoint /dev/usb-ffs/adb/ep0
12-30 11:27:38.250   798   838 I adbd    : UsbFfsConnection constructed
12-30 11:27:38.251   798 20123 I adbd    : UsbFfs-monitor thread spawned
12-30 11:27:38.253   360   931 D EvsDriver: forwardFrame
12-30 11:27:38.253   360   931 D EvsDriver: forwardFrameDirect
12-30 11:27:38.253   360   931 D EvsDriver: Delivered 0xb400e2ca9e40d090 as id 1
12-30 11:27:38.253   359  2784 D evsmanagerd: /dev/video-evs0 forwarded the buffer #1 to 0xb400f125d2b26dd0 from 0xb400f125e2b20710
01-01 10:49:55.260   838   838 I         : read descriptors
12-30 11:27:38.258   596  3076 E WifiHAL : Invalid data received from driver
12-30 11:27:38.259   360   458 D EvsDriver: doneWithFrame
12-30 11:27:38.287   360   931 I EvsDriver: /dev/video-evs0 VideoCapture fps 30.0006
12-30 11:27:38.287   360   931 D EvsDriver: forwardFrame
12-30 11:27:38.287   360   931 D EvsDriver: forwardFrameDirect
12-30 11:27:38.287   360   931 D EvsDriver: Delivered 0xb400e2ca9e40e110 as id 0
12-30 11:27:38.287   359  2784 D evsmanagerd: /dev/video-evs0 forwarded the buffer #0 to 0xb400f125d2b26dd0 from 0xb400f125e2b20710
12-30 11:27:38.288  2358  2623 D RcfController: Rcf proxy is not connected!
12-30 11:27:38.289   360   458 D EvsDriver: doneWithFrame
12-30 11:27:38.307   596  3076 E WifiHAL : Invalid data received from driver
12-30 11:27:38.320   360   931 D EvsDriver: forwardFrame
12-30 11:27:38.320   360   931 D EvsDriver: forwardFrameDirect
12-30 11:27:38.320   360   931 D EvsDriver: Delivered 0xb400e2ca9e40c7a0 as id 1
12-30 11:27:38.320   359  2784 D evsmanagerd: /dev/video-evs0 forwarded the buffer #1 to 0xb400f125d2b26dd0 from 0xb400f125e2b20710
12-30 11:27:38.327  2338  2545 D SOAServiceManager: SOA Service is Available.
12-30 11:27:38.327  2358  2373 D RcfController: Rcf proxy is not connected!
12-30 11:27:38.328  2338  2545 D NetPermissionProxy: ┌──────────────────────────────────────────────────────────┐
12-30 11:27:38.328  2338  2545 D NetPermissionProxy: │[11:27:38.327][binder:2338_4][queryPermissionLargeSwitch:42]│
12-30 11:27:38.328  2338  2545 D NetPermissionProxy: │ Query network status is off.                             │
12-30 11:27:38.328  2338  2545 D NetPermissionProxy: └──────────────────────────────────────────────────────────┘
12-30 11:27:38.328  2338  2545 I CnsPermissionServiceImpl: ┌──────────────────────────────────────────────────────────┐
12-30 11:27:38.328  2338  2545 I CnsPermissionServiceImpl: │[11:27:38.328][binder:2338_4][queryPermissionLargeSwitch:63]│
12-30 11:27:38.328  2338  2545 I CnsPermissionServiceImpl: │ 18971 is querying Internet large switch, which is false. │
12-30 11:27:38.328  2338  2545 I CnsPermissionServiceImpl: └──────────────────────────────────────────────────────────┘
12-30 11:27:38.329 18971 18971 I CnsCarApp-CellularNetworkRepositoryImpl: Get Cellular network master switch, enabled: false
12-30 11:27:38.329   360   458 D EvsDriver: doneWithFrame
12-30 11:27:38.338  2358  2623 D RcfController: Rcf proxy is not connected!
12-30 11:27:38.353   360   931 D EvsDriver: forwardFrame
12-30 11:27:38.353   360   931 D EvsDriver: forwardFrameDirect
12-30 11:27:38.353   360   931 D EvsDriver: Delivered 0xb400e2ca9e40e270 as id 0
12-30 11:27:38.353   359  2784 D evsmanagerd: /dev/video-evs0 forwarded the buffer #0 to 0xb400f125d2b26dd0 from 0xb400f125e2b20710
12-30 11:27:38.359   360   458 D EvsDriver: doneWithFrame
12-30 11:27:38.370   596  3076 E WifiHAL : Invalid data received from driver
12-30 11:27:38.386   360   931 D EvsDriver: forwardFrame
12-30 11:27:38.387   360   931 D EvsDriver: forwardFrameDirect
12-30 11:27:38.387   360   931 D EvsDriver: Delivered 0xb400e2ca9e40d4b0 as id 1
12-30 11:27:38.387   359  2784 D evsmanagerd: /dev/video-evs0 forwarded the buffer #1 to 0xb400f125d2b26dd0 from 0xb400f125e2b20710
12-30 11:27:38.388  2358  2623 D RcfController: Rcf proxy is not connected!
12-30 11:27:38.389   360   458 D EvsDriver: doneWithFrame
12-30 11:27:38.420   360   931 D EvsDriver: forwardFrame
12-30 11:27:38.420   360   931 D EvsDriver: forwardFrameDirect
12-30 11:27:38.420   360   931 D EvsDriver: Delivered 0xb400e2ca9e40c2d0 as id 0
12-30 11:27:38.420   359  2784 D evsmanagerd: /dev/video-evs0 forwarded the buffer #0 to 0xb400f125d2b26dd0 from 0xb400f125e2b20710
12-30 11:27:38.430   360   458 D EvsDriver: doneWithFrame
12-30 11:27:38.438  2358  2623 D RcfController: Rcf proxy is not connected!
12-30 11:27:38.449   650   730 D fgemcucomm: sd Uart data : 6AA6001EC30002060116
12-30 11:27:38.453   360   931 D EvsDriver: forwardFrame
12-30 11:27:38.453   360   931 D EvsDriver: forwardFrameDirect
12-30 11:27:38.453   360   931 D EvsDriver: Delivered 0xb400e2ca9e40d090 as id 1
12-30 11:27:38.453   359  2784 D evsmanagerd: /dev/video-evs0 forwarded the buffer #1 to 0xb400f125d2b26dd0 from 0xb400f125e2b20710
12-30 11:27:38.460  1667  2513 W ContextImpl: Calling a method in the system process without a qualified user: android.app.ContextImpl.bindService:1988 android.content.ContextWrapper.bindService:861 com.ford.sync.fnvservice.analytics.AnalyticsManager$RetryHandler.a:126 com.ford.sync.fnvservice.analytics.AnalyticsManager$RetryHandler.handleMessage:103 android.os.Handler.dispatchMessage:106 
12-30 11:27:38.460   360   458 D EvsDriver: doneWithFrame
12-30 11:27:38.460   916  1847 W ActivityManager: Unable to start service Intent { cmp=com.ford.sync.fnvservice/.analytics.AnalyticsService } U=0: not found
12-30 11:27:38.460  1667  2513 W AnalyticsManager:  bind ford Analytics failed -> sendRetryMessage 
12-30 11:27:38.465   596  3076 E WifiHAL : Invalid data received from driver
12-30 11:27:38.474  1667  2410 I media_message_log->MediaMessageUserProxy: (SourceFile:1)b connectToService action bind
12-30 11:27:38.475   916  1847 W ActivityManager: Unable to start service Intent { cmp=com.adayo.server.mediamessagetransfer/.MediaMessTransferService (has extras) } U=0: not found
12-30 11:27:38.475  1667  2410 E media_message_log->MediaMessageUserProxy: (SourceFile:7)a bindServiceAsUser isBound = false
12-30 11:27:38.486   360   931 D EvsDriver: forwardFrame
12-30 11:27:38.487   360   931 D EvsDriver: forwardFrameDirect
12-30 11:27:38.487   360   931 D EvsDriver: Delivered 0xb400e2ca9e40e110 as id 0
12-30 11:27:38.487   359  2784 D evsmanagerd: /dev/video-evs0 forwarded the buffer #0 to 0xb400f125d2b26dd0 from 0xb400f125e2b20710
12-30 11:27:38.488  2358  2623 D RcfController: Rcf proxy is not connected!
12-30 11:27:38.490   360   458 D EvsDriver: doneWithFrame
12-30 11:27:38.500   916  1189 W ProcessStats: Tracking association SourceState{4a70b31 com.fawvw.hmi.cnslauncher/1000 BTop #1677} whose proc state 2 is better than process ProcessState{1d30d66 com.adayo.carlink/1000 pkg=com.adayo.carlink} proc state 5 (0 skipped)
12-30 11:27:38.501   916  1189 D JobScheduler.Background: Job status updated: 37/37 checked/total jobs, 203 us
12-30 11:27:38.501   916   916 D JobScheduler.DeviceIdle: Got temp whitelist []
12-30 11:27:38.501   916  1189 D NetworkPolicy: no need to update restrict power rules for uid 1002
12-30 11:27:38.520   360   931 D EvsDriver: forwardFrame
12-30 11:27:38.520   360   931 D EvsDriver: forwardFrameDirect
12-30 11:27:38.520   360   931 D EvsDriver: Delivered 0xb400e2ca9e40c7a0 as id 1
12-30 11:27:38.520   359  2784 D evsmanagerd: /dev/video-evs0 forwarded the buffer #1 to 0xb400f125d2b26dd0 from 0xb400f125e2b20710
12-30 11:27:38.530   916  1236 D ActivityManager: freezing 2546 android.process.acore
12-30 11:27:38.531   916  1236 I am_freeze: [2546,android.process.acore]
12-30 11:27:38.531   360   458 D EvsDriver: doneWithFrame
12-30 11:27:38.539  2358  2623 D RcfController: Rcf proxy is not connected!
12-30 11:27:38.539   650   729 D fgemcucomm: sd Uart data : 6AA6023E0B000292021F
12-30 11:27:38.539   650   729 D fgemcucomm: rev uart=84198,len=20, data : 6AA6813E0B000C92020005000000000000000091
12-30 11:27:38.539   398   466 D adayocomadapter-ParseProtocolFunc: printRaWMsg Name[MCUToUPstream recv] len[12] data[920200050000000000000000]
12-30 11:27:38.539   398   466 D adayocomadapter-CommunicationManager: onUpstreamback   member[0] dataLength[9] timePoint[10194361]
12-30 11:27:38.539   398   466 D adayocomadapter-ParseProtocolFunc: printRaWMsg Name[onUpstreamback] len[9] data[050000000000000000]
12-30 11:27:38.539   398   464 D adayocomadapter-UpstreamHandler: processBeforePacket upSreamtProcessTimePoint[10194361] 
12-30 11:27:38.539   398   464 D adayocomadapter-UpstreamHandler: processPacket UPSTREAM_QUEUE_DATA_TIMEOUT
12-30 11:27:38.539   398   464 D adayocomadapter-ParseProtocolFunc: parseCommonIPCLBytes Processing tableNumber[5]
12-30 11:27:38.539   398   464 D adayocomadapter-ParseProtocolFunc: parseCommonIPCLBytes Processing tablename[Table-5] tableSize[9]
12-30 11:27:38.539   398   464 D adayocomadapter-ParseProtocolFunc: printRaWMsg Name[byteStream recv] len[9] data[050000000000000000]
12-30 11:27:38.539   398   464 D adayocomadapter-ParseProtocolFunc: printRaWMsg Name[IPCLtoVHAL] len[7] data[21402134000000]
12-30 11:27:38.539   398   464 D adayocomadapter-ParseProtocolFunc: printRaWMsg Name[IPCLtoVHAL] len[7] data[21402135000000]
12-30 11:27:38.539   398   464 D adayocomadapter-ParseProtocolFunc: printRaWMsg Name[IPCLtoVHAL] len[7] data[21402136000000]
12-30 11:27:38.539   398   464 D adayocomadapter-ParseProtocolFunc: printRaWMsg Name[IPCLtoVHAL] len[7] data[21402137000000]
12-30 11:27:38.539   398   464 D adayocomadapter-CommunicationManager: onUpstreamReceive mPropertyId 0x21402134
12-30 11:27:38.539   398   464 D adayocomadapter-CommunicationManager: convertBytesToInt32Memcpy  0
12-30 11:27:38.540   398   464 I vw-vhal : notifyVehicleProperty, propId = 0x21402134, data = {status: 2, int32Values: [0]}
12-30 11:27:38.540   398   464 I vw-vhal : CanSignalsAdapter::notifyVehicleProperty: solvedValue = {.timestamp = 10194361937213, .areaId = 0, .prop = 557850932, .status = AVAILABLE, .value = {.int32Values = [1]{0}, .floatValues = [0]{}, .int64Values = [0]{}, .bytes = [0]{}, .stringValue = ""}}
12-30 11:27:38.540   398   464 I VehiclePropertyStore: begin to write value to Store: {.timestamp = 10194361937213, .areaId = 0, .prop = 557850932, .status = AVAILABLE, .value = {.int32Values = [1]{0}, .floatValues = [0]{}, .int64Values = [0]{}, .bytes = [0]{}, .stringValue = ""}}
12-30 11:27:38.540   398   464 I DefaultVehicleHal_v2_0: DefaultVehicleHal::onPropertyValue, value:{.timestamp = 10194361937213, .areaId = 0, .prop = 557850932, .status = AVAILABLE, .value = {.int32Values = [1]{0}, .floatValues = [0]{}, .int64Values = [0]{}, .bytes = [0]{}, .stringValue = ""}}
12-30 11:27:38.540   398   464 D DiagPropHandler: is not DiagnosticConfig: 0x21402134
12-30 11:27:38.540   398   464 I VehiclePropertyStore: begin to write value to Store: {.timestamp = 10194361937213, .areaId = 0, .prop = 557850932, .status = AVAILABLE, .value = {.int32Values = [1]{0}, .floatValues = [0]{}, .int64Values = [0]{}, .bytes = [0]{}, .stringValue = ""}}
12-30 11:27:38.540   398   464 D adayocomadapter-CommunicationManager: onUpstreamReceive mPropertyId 0x21402134
12-30 11:27:38.540   398   464 D adayocomadapter-CommunicationManager: onUpstreamReceive mPropertyId 0x21402135
12-30 11:27:38.540   398   464 D adayocomadapter-CommunicationManager: convertBytesToInt32Memcpy  0
12-30 11:27:38.540   398   464 I vw-vhal : notifyVehicleProperty, propId = 0x21402135, data = {status: 2, int32Values: [0]}
12-30 11:27:38.540   398   464 I vw-vhal : CanSignalsAdapter::notifyVehicleProperty: solvedValue = {.timestamp = 10194362190546, .areaId = 0, .prop = 557850933, .status = AVAILABLE, .value = {.int32Values = [1]{0}, .floatValues = [0]{}, .int64Values = [0]{}, .bytes = [0]{}, .stringValue = ""}}
12-30 11:27:38.540   398   464 I VehiclePropertyStore: begin to write value to Store: {.timestamp = 10194362190546, .areaId = 0, .prop = 557850933, .status = AVAILABLE, .value = {.int32Values = [1]{0}, .floatValues = [0]{}, .int64Values = [0]{}, .bytes = [0]{}, .stringValue = ""}}
12-30 11:27:38.540   398   464 I DefaultVehicleHal_v2_0: DefaultVehicleHal::onPropertyValue, value:{.timestamp = 10194362190546, .areaId = 0, .prop = 557850933, .status = AVAILABLE, .value = {.int32Values = [1]{0}, .floatValues = [0]{}, .int64Values = [0]{}, .bytes = [0]{}, .stringValue = ""}}
12-30 11:27:38.540   398   464 D DiagPropHandler: is not DiagnosticConfig: 0x21402135
12-30 11:27:38.540   398   464 I VehiclePropertyStore: begin to write value to Store: {.timestamp = 10194362190546, .areaId = 0, .prop = 557850933, .status = AVAILABLE, .value = {.int32Values = [1]{0}, .floatValues = [0]{}, .int64Values = [0]{}, .bytes = [0]{}, .stringValue = ""}}
12-30 11:27:38.540   398   464 D adayocomadapter-CommunicationManager: onUpstreamReceive mPropertyId 0x21402135
12-30 11:27:38.540   398   464 D adayocomadapter-CommunicationManager: onUpstreamReceive mPropertyId 0x21402136
12-30 11:27:38.540   398   464 D adayocomadapter-CommunicationManager: convertBytesToInt32Memcpy  0
12-30 11:27:38.540   398   464 I vw-vhal : notifyVehicleProperty, propId = 0x21402136, data = {status: 2, int32Values: [0]}
12-30 11:27:38.540   398   464 I vw-vhal : CanSignalsAdapter::notifyVehicleProperty: solvedValue = {.timestamp = 10194362416546, .areaId = 0, .prop = 557850934, .status = AVAILABLE, .value = {.int32Values = [1]{0}, .floatValues = [0]{}, .int64Values = [0]{}, .bytes = [0]{}, .stringValue = ""}}
12-30 11:27:38.540   398   464 I VehiclePropertyStore: begin to write value to Store: {.timestamp = 10194362416546, .areaId = 0, .prop = 557850934, .status = AVAILABLE, .value = {.int32Values = [1]{0}, .floatValues = [0]{}, .int64Values = [0]{}, .bytes = [0]{}, .stringValue = ""}}
12-30 11:27:38.540   398   464 I DefaultVehicleHal_v2_0: DefaultVehicleHal::onPropertyValue, value:{.timestamp = 10194362416546, .areaId = 0, .prop = 557850934, .status = AVAILABLE, .value = {.int32Values = [1]{0}, .floatValues = [0]{}, .int64Values = [0]{}, .bytes = [0]{}, .stringValue = ""}}
12-30 11:27:38.540   398   464 D DiagPropHandler: is not DiagnosticConfig: 0x21402136
12-30 11:27:38.540   398   464 I VehiclePropertyStore: begin to write value to Store: {.timestamp = 10194362416546, .areaId = 0, .prop = 557850934, .status = AVAILABLE, .value = {.int32Values = [1]{0}, .floatValues = [0]{}, .int64Values = [0]{}, .bytes = [0]{}, .stringValue = ""}}
12-30 11:27:38.540   398   464 D adayocomadapter-CommunicationManager: onUpstreamReceive mPropertyId 0x21402136
12-30 11:27:38.540   398   464 D adayocomadapter-CommunicationManager: onUpstreamReceive mPropertyId 0x21402137
12-30 11:27:38.540   398   464 D adayocomadapter-CommunicationManager: convertBytesToInt32Memcpy  0
12-30 11:27:38.540   398   464 I vw-vhal : notifyVehicleProperty, propId = 0x21402137, data = {status: 2, int32Values: [0]}
12-30 11:27:38.540   398   464 I vw-vhal : CanSignalsAdapter::notifyVehicleProperty: solvedValue = {.timestamp = 10194362624546, .areaId = 0, .prop = 557850935, .status = AVAILABLE, .value = {.int32Values = [1]{0}, .floatValues = [0]{}, .int64Values = [0]{}, .bytes = [0]{}, .stringValue = ""}}
12-30 11:27:38.540   596  3076 E WifiHAL : Invalid data received from driver
12-30 11:27:38.540   398   464 I VehiclePropertyStore: begin to write value to Store: {.timestamp = 10194362624546, .areaId = 0, .prop = 557850935, .status = AVAILABLE, .value = {.int32Values = [1]{0}, .floatValues = [0]{}, .int64Values = [0]{}, .bytes = [0]{}, .stringValue = ""}}
12-30 11:27:38.541   398   464 I DefaultVehicleHal_v2_0: DefaultVehicleHal::onPropertyValue, value:{.timestamp = 10194362624546, .areaId = 0, .prop = 557850935, .status = AVAILABLE, .value = {.int32Values = [1]{0}, .floatValues = [0]{}, .int64Values = [0]{}, .bytes = [0]{}, .stringValue = ""}}
12-30 11:27:38.541   398   464 D DiagPropHandler: is not DiagnosticConfig: 0x21402137
12-30 11:27:38.541   398   464 I VehiclePropertyStore: begin to write value to Store: {.timestamp = 10194362624546, .areaId = 0, .prop = 557850935, .status = AVAILABLE, .value = {.int32Values = [1]{0}, .floatValues = [0]{}, .int64Values = [0]{}, .bytes = [0]{}, .stringValue = ""}}
12-30 11:27:38.541   398   464 D adayocomadapter-CommunicationManager: onUpstreamReceive mPropertyId 0x21402137
12-30 11:27:38.553   360   931 D EvsDriver: forwardFrame
12-30 11:27:38.553   360   931 D EvsDriver: forwardFrameDirect
12-30 11:27:38.553   360   931 D EvsDriver: Delivered 0xb400e2ca9e40e270 as id 0
12-30 11:27:38.554   359  2784 D evsmanagerd: /dev/video-evs0 forwarded the buffer #0 to 0xb400f125d2b26dd0 from 0xb400f125e2b20710
12-30 11:27:38.561   360   458 D EvsDriver: doneWithFrame
12-30 11:27:38.567   596  3076 E WifiHAL : Invalid data received from driver
12-30 11:27:38.587   360   931 D EvsDriver: forwardFrame
12-30 11:27:38.587   360   931 D EvsDriver: forwardFrameDirect
12-30 11:27:38.587   360   931 D EvsDriver: Delivered 0xb400e2ca9e40d4b0 as id 1
12-30 11:27:38.587   359  2784 D evsmanagerd: /dev/video-evs0 forwarded the buffer #1 to 0xb400f125d2b26dd0 from 0xb400f125e2b20710
12-30 11:27:38.589  2358  2623 D RcfController: Rcf proxy is not connected!
12-30 11:27:38.591   360   458 D EvsDriver: doneWithFrame
12-30 11:27:38.620   360   931 D EvsDriver: forwardFrame
12-30 11:27:38.620   360   931 D EvsDriver: forwardFrameDirect
12-30 11:27:38.620   360   931 D EvsDriver: Delivered 0xb400e2ca9e40c2d0 as id 0
12-30 11:27:38.620   359  2784 D evsmanagerd: /dev/video-evs0 forwarded the buffer #0 to 0xb400f125d2b26dd0 from 0xb400f125e2b20710
12-30 11:27:38.621   360   458 D EvsDriver: doneWithFrame
12-30 11:27:38.639  2358  2623 D RcfController: Rcf proxy is not connected!
12-30 11:27:38.641   596  3076 E WifiHAL : Invalid data received from driver
12-30 11:27:38.653   360   931 D EvsDriver: forwardFrame
12-30 11:27:38.653   360   931 D EvsDriver: forwardFrameDirect
12-30 11:27:38.653   360   931 D EvsDriver: Delivered 0xb400e2ca9e40d090 as id 1
12-30 11:27:38.654   359  2784 D evsmanagerd: /dev/video-evs0 forwarded the buffer #1 to 0xb400f125d2b26dd0 from 0xb400f125e2b20710
