12-30 11:27:42.133  1547  1845 D ANW bt_btif: poll fd:142
12-30 11:27:42.133  1547  1845 D ANW bt_btif: poll fd:195
12-30 11:27:42.133  1547  1845 D ANW bt_btif: poll fd:213
12-30 11:27:42.133  1547  1845 D ANW bt_btif: cmd.id:3
12-30 11:27:42.133  1547  1845 E ANW bt_btif: add_poll, fd:213
12-30 11:27:42.133  1547  1845 E ANW bt_btif: set_poll, fd:213, flags:5
12-30 11:27:42.133  1547  1845 D ANW bt_btif: need_process_data_fd: 0
12-30 11:27:42.133  1547  1845 D ANW bt_btif: run prepare_poll_fds
12-30 11:27:42.133  1547  1845 D ANW bt_btif: poll fd:91
12-30 11:27:42.133  1547  1845 D ANW bt_btif: poll fd:127
12-30 11:27:42.133  1547  1845 D ANW bt_btif: poll fd:129
12-30 11:27:42.133  1547  1845 D ANW bt_btif: poll fd:141
12-30 11:27:42.133  1547  1845 D ANW bt_btif: poll fd:142
12-30 11:27:42.133  1547  1845 D ANW bt_btif: poll fd:195
12-30 11:27:42.133  1547  1845 D ANW bt_btif: poll fd:213
12-30 11:27:42.133  1547  2118 D ANWAPI  : (1547|0x6EF3FCB0)[BTAPI] >>>>_anwbt_AVRCP_CA_GetImage 0x1000012
12-30 11:27:42.133  1547  2118 D ANWStack: [  10197955][ANWBT] l2_fcrt_write: len 146
12-30 11:27:42.133  1547  2118 D ANWStack: 
12-30 11:27:42.134  1547  2118 D ANWStack: [  10197955][ANWBT] l2_fcrt_set_retran_timer! timeout 70 (unit in 100ms), retxTo 7000
12-30 11:27:42.134  1547  2118 D ANWStack: 
12-30 11:27:42.134  1547  2118 D ANWAPI  : (1547|0x6EF3FCB0)[BTAPI] <<<<_anwbt_AVRCP_CA_GetImage 0
12-30 11:27:42.139  1547  2118 D ANWAPI  : (1547|0x6EF3FCB0)[BTAPI] AnwhciEventCallback 19 1
12-30 11:27:42.143   596  3076 E WifiHAL : Invalid data received from driver
12-30 11:27:42.149  1547  2118 D ANWAPI  : (1547|0x6EF3FCB0)[BTAPI] AnwhciEventCallback 19 1
12-30 11:27:42.153   360   931 D EvsDriver: forwardFrame
12-30 11:27:42.153   360   931 D EvsDriver: forwardFrameDirect
12-30 11:27:42.153   360   931 D EvsDriver: Delivered 0xb400e2ca9e40e270 as id 0
12-30 11:27:42.153   359  2784 D evsmanagerd: /dev/video-evs0 forwarded the buffer #0 to 0xb400f125d2b26dd0 from 0xb400f125e2b20710
12-30 11:27:42.155  1667  2407 I media_message_log->MediaMessageProxy: (SourceFile:1)b connectToService action bind
12-30 11:27:42.155   916  1847 W ActivityManager: Unable to start service Intent { cmp=com.adayo.server.mediamessagetransfer/.MediaMessTransferService (has extras) } U=0: not found
12-30 11:27:42.156  1667  2407 E media_message_log->MediaMessageProxy: (SourceFile:7)a bindServiceAsUser isBound = false
12-30 11:27:42.156  2358  2623 D RcfController: Rcf proxy is not connected!
12-30 11:27:42.160   360   458 D EvsDriver: doneWithFrame
12-30 11:27:42.169  1547  2118 D ANWStack: [  10197991][ANWBT] FCRT: S-frame, reqseq 8, final 0, poll 0, sup 0
12-30 11:27:42.169  1547  2118 D ANWStack: 
12-30 11:27:42.169  1547  2118 D ANWStack: [  10197991][ANWBT] Rx RR packet
12-30 11:27:42.169  1547  2118 D ANWStack: 
12-30 11:27:42.169  1547  2118 D ANWStack: [  10197991][ANWBT] l2_fcrt_process_reqseq: unacked num 1, reqseq 8, expected_ack_seq 7
12-30 11:27:42.169  1547  2118 D ANWStack: 
12-30 11:27:42.169  1547  2118 D ANWStack: [  10197991][ANWBT] l2_fcrt_process_reqseq: unacked num 1, expected_ack_seq 7
12-30 11:27:42.169  1547  2118 D ANWStack: 
12-30 11:27:42.183   596  3076 E WifiHAL : Invalid data received from driver
12-30 11:27:42.186   360   931 D EvsDriver: forwardFrame
12-30 11:27:42.187   360   931 D EvsDriver: forwardFrameDirect
12-30 11:27:42.187   360   931 D EvsDriver: Delivered 0xb400e2ca9e40d4b0 as id 1
12-30 11:27:42.187   359  2784 D evsmanagerd: /dev/video-evs0 forwarded the buffer #1 to 0xb400f125d2b26dd0 from 0xb400f125e2b20710
12-30 11:27:42.190   360   458 D EvsDriver: doneWithFrame
12-30 11:27:42.206  2358  2623 D RcfController: Rcf proxy is not connected!
12-30 11:27:42.212   596  3076 E WifiHAL : Invalid data received from driver
12-30 11:27:42.220   360   931 D EvsDriver: forwardFrame
12-30 11:27:42.220   360   931 D EvsDriver: forwardFrameDirect
12-30 11:27:42.220   360   931 D EvsDriver: Delivered 0xb400e2ca9e40c2d0 as id 0
12-30 11:27:42.220   359  2784 D evsmanagerd: /dev/video-evs0 forwarded the buffer #0 to 0xb400f125d2b26dd0 from 0xb400f125e2b20710
12-30 11:27:42.228  1547  2118 D ANWStack: [  10198049][ANWBT] Rx: FCRT: I-frame,sar 1, reqseq 8, final 0, txseq 29
12-30 11:27:42.228  1547  2118 D ANWStack: 
12-30 11:27:42.228  1547  2118 D ANWStack: [  10198049][ANWBT] CheckTxSeqStatus: expected_tx_seq 29, txseq 29
12-30 11:27:42.228  1547  2118 D ANWStack: 
12-30 11:27:42.228  1547  2118 D ANWStack: [  10198049][ANWBT] l2_fcrt_rx_state_recv: TXSEQ_EXPECTED
12-30 11:27:42.228  1547  2118 D ANWStack: 
12-30 11:27:42.228  1547  2118 D ANWStack: [  10198050][ANWBT] l2_fcrt_process_reqseq: unacked num 0, reqseq 8, expected_ack_seq 8
12-30 11:27:42.228  1547  2118 D ANWStack: 
12-30 11:27:42.228  1547  2118 D ANWStack: [  10198050][ANWBT] l2_fcrt_send_ack: unacked num 1
12-30 11:27:42.228  1547  2118 D ANWStack: 
12-30 11:27:42.228  1547  2118 D ANWStack: [  10198050][ANWBT] l2_reassemble_sdu: SAR Start, psm 0x1009, sdu_len 4096, len 662
12-30 11:27:42.228  1547  2118 D ANWStack: 
12-30 11:27:42.228  1547  2118 D ANWStack: [  10198050][ANWBT] l2_fcrt_ack_timeout_handler: unacked num 1
12-30 11:27:42.228  1547  2118 D ANWStack: 
12-30 11:27:42.228  1547  2118 D ANWStack: [  10198050][ANWBT]    0x0000:  01 1E C2 CC                                      ....
12-30 11:27:42.228  1547  2118 D ANWStack: 
12-30 11:27:42.228  1547  2118 D ANWStack: [  10198050][ANWBT] l2_fcrt_send_rr_or_rnr: sup 0, reqseq 30, poll 0, final 0
12-30 11:27:42.228  1547  2118 D ANWStack: 
12-30 11:27:42.230   360   458 D EvsDriver: doneWithFrame
12-30 11:27:42.237  1547  2118 D ANWAPI  : (1547|0x6EF3FCB0)[BTAPI] AnwhciEventCallback 19 1
12-30 11:27:42.246  1547  2118 D ANWStack: [  10198068][ANWBT] Rx: FCRT: I-frame,sar 3, reqseq 8, final 0, txseq 30
12-30 11:27:42.246  1547  2118 D ANWStack: 
12-30 11:27:42.246  1547  2118 D ANWStack: [  10198068][ANWBT] CheckTxSeqStatus: expected_tx_seq 30, txseq 30
12-30 11:27:42.246  1547  2118 D ANWStack: 
12-30 11:27:42.246  1547  2118 D ANWStack: [  10198068][ANWBT] l2_fcrt_rx_state_recv: TXSEQ_EXPECTED
12-30 11:27:42.246  1547  2118 D ANWStack: 
12-30 11:27:42.246  1547  2118 D ANWStack: [  10198068][ANWBT] l2_fcrt_process_reqseq: unacked num 0, reqseq 8, expected_ack_seq 8
12-30 11:27:42.246  1547  2118 D ANWStack: 
12-30 11:27:42.247  1547  2118 D ANWStack: [  10198068][ANWBT] l2_fcrt_send_ack: unacked num 1
12-30 11:27:42.247  1547  2118 D ANWStack: 
12-30 11:27:42.247  1547  2118 D ANWStack: [  10198068][ANWBT] l2_reassemble_sdu: SAR Cont, psm 0x1009, len 664
12-30 11:27:42.247  1547  2118 D ANWStack: 
12-30 11:27:42.247  1547  2118 D ANWStack: [  10198069][ANWBT] l2_fcrt_ack_timeout_handler: unacked num 1
12-30 11:27:42.247  1547  2118 D ANWStack: 
12-30 11:27:42.247  1547  2118 D ANWStack: [  10198069][ANWBT]    0x0000:  01 1F 03 0C                                      ....
12-30 11:27:42.247  1547  2118 D ANWStack: 
12-30 11:27:42.247  1547  2118 D ANWStack: [  10198069][ANWBT] l2_fcrt_send_rr_or_rnr: sup 0, reqseq 31, poll 0, final 0
12-30 11:27:42.247  1547  2118 D ANWStack: 
12-30 11:27:42.253   360   931 D EvsDriver: forwardFrame
12-30 11:27:42.253   360   931 D EvsDriver: forwardFrameDirect
12-30 11:27:42.253   360   931 D EvsDriver: Delivered 0xb400e2ca9e40d090 as id 1
12-30 11:27:42.253   359  2784 D evsmanagerd: /dev/video-evs0 forwarded the buffer #1 to 0xb400f125d2b26dd0 from 0xb400f125e2b20710
12-30 11:27:42.256  2358  2623 D RcfController: Rcf proxy is not connected!
12-30 11:27:42.260   360   458 D EvsDriver: doneWithFrame
12-30 11:27:42.268  1547  2118 D ANWStack: [  10198089][ANWBT] Rx: FCRT: I-frame,sar 3, reqseq 8, final 0, txseq 31
12-30 11:27:42.268  1547  2118 D ANWStack: 
12-30 11:27:42.268  1547  2118 D ANWStack: [  10198089][ANWBT] CheckTxSeqStatus: expected_tx_seq 31, txseq 31
12-30 11:27:42.268  1547  2118 D ANWStack: 
12-30 11:27:42.268  1547  2118 D ANWStack: [  10198089][ANWBT] l2_fcrt_rx_state_recv: TXSEQ_EXPECTED
12-30 11:27:42.268  1547  2118 D ANWStack: 
12-30 11:27:42.268  1547  2118 D ANWStack: [  10198089][ANWBT] l2_fcrt_process_reqseq: unacked num 0, reqseq 8, expected_ack_seq 8
12-30 11:27:42.268  1547  2118 D ANWStack: 
12-30 11:27:42.268  1547  2118 D ANWStack: [  10198090][ANWBT] l2_fcrt_send_ack: unacked num 1
12-30 11:27:42.268  1547  2118 D ANWStack: 
12-30 11:27:42.268  1547  2118 D ANWStack: [  10198090][ANWBT] l2_reassemble_sdu: SAR Cont, psm 0x1009, len 664
12-30 11:27:42.268  1547  2118 D ANWStack: 
12-30 11:27:42.268  1547  2118 D ANWStack: [  10198090][ANWBT] l2_fcrt_ack_timeout_handler: unacked num 1
12-30 11:27:42.268  1547  2118 D ANWStack: 
12-30 11:27:42.268  1547  2118 D ANWStack: [  10198090][ANWBT]    0x0000:  01 20 43 1C                                      ..C.
12-30 11:27:42.268  1547  2118 D ANWStack: 
12-30 11:27:42.268  1547  2118 D ANWStack: [  10198090][ANWBT] l2_fcrt_send_rr_or_rnr: sup 0, reqseq 32, poll 0, final 0
12-30 11:27:42.268  1547  2118 D ANWStack: 
12-30 11:27:42.269  1547  2118 D ANWAPI  : (1547|0x6EF3FCB0)[BTAPI] AnwhciEventCallback 19 1
12-30 11:27:42.282   594 19977 D resolv  : retrying_poll: 13 retrying_poll timeout
12-30 11:27:42.282   594 19977 D resolv  : send_dg: timeout
12-30 11:27:42.282   594 19977 I resolv  : res_nsend: used send_dg 0 terrno: 110
12-30 11:27:42.282   594 19977 I resolv  : doQuery: rcode=255, ancount=0, return value=-110
12-30 11:27:42.282   594 19976 D resolv  : resolv_populate_res_for_net: netid=102
12-30 11:27:42.284  1614 19616 I okhttp.OkHttpClient: <-- HTTP FAILED: java.net.UnknownHostException: Unable to resolve host "api-c-data-uat.mosc.faw-vw.com": No address associated with hostname
12-30 11:27:42.284  1614 19616 E VinInterceptor: IOException Error java.net.UnknownHostException: Unable to resolve host "api-c-data-uat.mosc.faw-vw.com": No address associated with hostname
12-30 11:27:42.286   360   931 D EvsDriver: forwardFrame
12-30 11:27:42.287   360   931 D EvsDriver: forwardFrameDirect
12-30 11:27:42.287   360   931 D EvsDriver: Delivered 0xb400e2ca9e40e110 as id 0
12-30 11:27:42.287   359  2784 D evsmanagerd: /dev/video-evs0 forwarded the buffer #0 to 0xb400f125d2b26dd0 from 0xb400f125e2b20710
12-30 11:27:42.288   596  3076 E WifiHAL : Invalid data received from driver
12-30 11:27:42.284  1614  1614 I auditd  : type=1400 audit(0.0:1139988): avc:  denied  { lock } for  comm="pool-1-thread-4" path="/data/data/com.fawvw.mw.datacollection/databases/data_collect_database-shm" dev="mmcblk0p37" ino=2029 scontext=u:r:platform_app:s0:c512,c768 tcontext=u:object_r:app_data_file:s0:c512,c768 tclass=file permissive=1 app=com.fawvw.mw.datacollection
12-30 11:27:42.284  1614  1614 I pool-1-thread-4: type=1400 audit(0.0:1139988): avc:  denied  { lock } for  path="/data/data/com.fawvw.mw.datacollection/databases/data_collect_database-shm" dev="mmcblk0p37" ino=2029 scontext=u:r:platform_app:s0:c512,c768 tcontext=u:object_r:app_data_file:s0:c512,c768 tclass=file permissive=1 app=com.fawvw.mw.datacollection
12-30 11:27:42.291   360   458 D EvsDriver: doneWithFrame
12-30 11:27:42.304   650   729 D fgemcucomm: sd Uart data : 6AA6023E290002920201
12-30 11:27:42.304   650   729 D fgemcucomm: rev uart=84229,len=20, data : 6AA6813E29000C92020005000000000000000073
12-30 11:27:42.304   398   466 D adayocomadapter-ParseProtocolFunc: printRaWMsg Name[MCUToUPstream recv] len[12] data[920200050000000000000000]
12-30 11:27:42.304   398   466 D adayocomadapter-CommunicationManager: onUpstreamback   member[0] dataLength[9] timePoint[10198126]
12-30 11:27:42.304   398   466 D adayocomadapter-ParseProtocolFunc: printRaWMsg Name[onUpstreamback] len[9] data[050000000000000000]
12-30 11:27:42.304   398   464 D adayocomadapter-UpstreamHandler: processBeforePacket upSreamtProcessTimePoint[10198126] 
12-30 11:27:42.304   398   464 D adayocomadapter-UpstreamHandler: processPacket UPSTREAM_QUEUE_DATA_TIMEOUT
12-30 11:27:42.304   398   464 D adayocomadapter-ParseProtocolFunc: parseCommonIPCLBytes Processing tableNumber[5]
12-30 11:27:42.304   398   464 D adayocomadapter-ParseProtocolFunc: parseCommonIPCLBytes Processing tablename[Table-5] tableSize[9]
12-30 11:27:42.304   398   464 D adayocomadapter-ParseProtocolFunc: printRaWMsg Name[byteStream recv] len[9] data[050000000000000000]
12-30 11:27:42.304   398   464 D adayocomadapter-ParseProtocolFunc: printRaWMsg Name[IPCLtoVHAL] len[7] data[21402134000000]
12-30 11:27:42.304   398   464 D adayocomadapter-ParseProtocolFunc: printRaWMsg Name[IPCLtoVHAL] len[7] data[21402135000000]
12-30 11:27:42.304   398   464 D adayocomadapter-ParseProtocolFunc: printRaWMsg Name[IPCLtoVHAL] len[7] data[21402136000000]
12-30 11:27:42.304   398   464 D adayocomadapter-ParseProtocolFunc: printRaWMsg Name[IPCLtoVHAL] len[7] data[21402137000000]
12-30 11:27:42.304   398   464 D adayocomadapter-CommunicationManager: onUpstreamReceive mPropertyId 0x21402134
12-30 11:27:42.304   398   464 D adayocomadapter-CommunicationManager: convertBytesToInt32Memcpy  0
12-30 11:27:42.304   398   464 I vw-vhal : notifyVehicleProperty, propId = 0x21402134, data = {status: 2, int32Values: [0]}
12-30 11:27:42.304   398   464 I vw-vhal : CanSignalsAdapter::notifyVehicleProperty: solvedValue = {.timestamp = 10198126811547, .areaId = 0, .prop = 557850932, .status = AVAILABLE, .value = {.int32Values = [1]{0}, .floatValues = [0]{}, .int64Values = [0]{}, .bytes = [0]{}, .stringValue = ""}}
12-30 11:27:42.305   398   464 I VehiclePropertyStore: begin to write value to Store: {.timestamp = 10198126811547, .areaId = 0, .prop = 557850932, .status = AVAILABLE, .value = {.int32Values = [1]{0}, .floatValues = [0]{}, .int64Values = [0]{}, .bytes = [0]{}, .stringValue = ""}}
12-30 11:27:42.305   398   464 I DefaultVehicleHal_v2_0: DefaultVehicleHal::onPropertyValue, value:{.timestamp = 10198126811547, .areaId = 0, .prop = 557850932, .status = AVAILABLE, .value = {.int32Values = [1]{0}, .floatValues = [0]{}, .int64Values = [0]{}, .bytes = [0]{}, .stringValue = ""}}
12-30 11:27:42.305   398   464 D DiagPropHandler: is not DiagnosticConfig: 0x21402134
12-30 11:27:42.305   398   464 I VehiclePropertyStore: begin to write value to Store: {.timestamp = 10198126811547, .areaId = 0, .prop = 557850932, .status = AVAILABLE, .value = {.int32Values = [1]{0}, .floatValues = [0]{}, .int64Values = [0]{}, .bytes = [0]{}, .stringValue = ""}}
12-30 11:27:42.305   398   464 D adayocomadapter-CommunicationManager: onUpstreamReceive mPropertyId 0x21402134
12-30 11:27:42.305   398   464 D adayocomadapter-CommunicationManager: onUpstreamReceive mPropertyId 0x21402135
12-30 11:27:42.305   398   464 D adayocomadapter-CommunicationManager: convertBytesToInt32Memcpy  0
12-30 11:27:42.305   398   464 I vw-vhal : notifyVehicleProperty, propId = 0x21402135, data = {status: 2, int32Values: [0]}
12-30 11:27:42.305   398   464 I vw-vhal : CanSignalsAdapter::notifyVehicleProperty: solvedValue = {.timestamp = 10198127060547, .areaId = 0, .prop = 557850933, .status = AVAILABLE, .value = {.int32Values = [1]{0}, .floatValues = [0]{}, .int64Values = [0]{}, .bytes = [0]{}, .stringValue = ""}}
12-30 11:27:42.305   398   464 I VehiclePropertyStore: begin to write value to Store: {.timestamp = 10198127060547, .areaId = 0, .prop = 557850933, .status = AVAILABLE, .value = {.int32Values = [1]{0}, .floatValues = [0]{}, .int64Values = [0]{}, .bytes = [0]{}, .stringValue = ""}}
12-30 11:27:42.305   398   464 I DefaultVehicleHal_v2_0: DefaultVehicleHal::onPropertyValue, value:{.timestamp = 10198127060547, .areaId = 0, .prop = 557850933, .status = AVAILABLE, .value = {.int32Values = [1]{0}, .floatValues = [0]{}, .int64Values = [0]{}, .bytes = [0]{}, .stringValue = ""}}
12-30 11:27:42.305   398   464 D DiagPropHandler: is not DiagnosticConfig: 0x21402135
12-30 11:27:42.305   398   464 I VehiclePropertyStore: begin to write value to Store: {.timestamp = 10198127060547, .areaId = 0, .prop = 557850933, .status = AVAILABLE, .value = {.int32Values = [1]{0}, .floatValues = [0]{}, .int64Values = [0]{}, .bytes = [0]{}, .stringValue = ""}}
12-30 11:27:42.305   398   464 D adayocomadapter-CommunicationManager: onUpstreamReceive mPropertyId 0x21402135
12-30 11:27:42.305   398   464 D adayocomadapter-CommunicationManager: onUpstreamReceive mPropertyId 0x21402136
12-30 11:27:42.305   398   464 D adayocomadapter-CommunicationManager: convertBytesToInt32Memcpy  0
12-30 11:27:42.305   398   464 I vw-vhal : notifyVehicleProperty, propId = 0x21402136, data = {status: 2, int32Values: [0]}
12-30 11:27:42.305   398   464 I vw-vhal : CanSignalsAdapter::notifyVehicleProperty: solvedValue = {.timestamp = 10198127255213, .areaId = 0, .prop = 557850934, .status = AVAILABLE, .value = {.int32Values = [1]{0}, .floatValues = [0]{}, .int64Values = [0]{}, .bytes = [0]{}, .stringValue = ""}}
12-30 11:27:42.305   398   464 I VehiclePropertyStore: begin to write value to Store: {.timestamp = 10198127255213, .areaId = 0, .prop = 557850934, .status = AVAILABLE, .value = {.int32Values = [1]{0}, .floatValues = [0]{}, .int64Values = [0]{}, .bytes = [0]{}, .stringValue = ""}}
12-30 11:27:42.305   398   464 I DefaultVehicleHal_v2_0: DefaultVehicleHal::onPropertyValue, value:{.timestamp = 10198127255213, .areaId = 0, .prop = 557850934, .status = AVAILABLE, .value = {.int32Values = [1]{0}, .floatValues = [0]{}, .int64Values = [0]{}, .bytes = [0]{}, .stringValue = ""}}
12-30 11:27:42.305   398   464 D DiagPropHandler: is not DiagnosticConfig: 0x21402136
12-30 11:27:42.305   398   464 I VehiclePropertyStore: begin to write value to Store: {.timestamp = 10198127255213, .areaId = 0, .prop = 557850934, .status = AVAILABLE, .value = {.int32Values = [1]{0}, .floatValues = [0]{}, .int64Values = [0]{}, .bytes = [0]{}, .stringValue = ""}}
12-30 11:27:42.305   398   464 D adayocomadapter-CommunicationManager: onUpstreamReceive mPropertyId 0x21402136
12-30 11:27:42.305   398   464 D adayocomadapter-CommunicationManager: onUpstreamReceive mPropertyId 0x21402137
12-30 11:27:42.305   398   464 D adayocomadapter-CommunicationManager: convertBytesToInt32Memcpy  0
12-30 11:27:42.305   398   464 I vw-vhal : notifyVehicleProperty, propId = 0x21402137, data = {status: 2, int32Values: [0]}
12-30 11:27:42.305   398   464 I vw-vhal : CanSignalsAdapter::notifyVehicleProperty: solvedValue = {.timestamp = 10198127460213, .areaId = 0, .prop = 557850935, .status = AVAILABLE, .value = {.int32Values = [1]{0}, .floatValues = [0]{}, .int64Values = [0]{}, .bytes = [0]{}, .stringValue = ""}}
12-30 11:27:42.305   398   464 I VehiclePropertyStore: begin to write value to Store: {.timestamp = 10198127460213, .areaId = 0, .prop = 557850935, .status = AVAILABLE, .value = {.int32Values = [1]{0}, .floatValues = [0]{}, .int64Values = [0]{}, .bytes = [0]{}, .stringValue = ""}}
12-30 11:27:42.305   398   464 I DefaultVehicleHal_v2_0: DefaultVehicleHal::onPropertyValue, value:{.timestamp = 10198127460213, .areaId = 0, .prop = 557850935, .status = AVAILABLE, .value = {.int32Values = [1]{0}, .floatValues = [0]{}, .int64Values = [0]{}, .bytes = [0]{}, .stringValue = ""}}
12-30 11:27:42.305   398   464 D DiagPropHandler: is not DiagnosticConfig: 0x21402137
12-30 11:27:42.305   398   464 I VehiclePropertyStore: begin to write value to Store: {.timestamp = 10198127460213, .areaId = 0, .prop = 557850935, .status = AVAILABLE, .value = {.int32Values = [1]{0}, .floatValues = [0]{}, .int64Values = [0]{}, .bytes = [0]{}, .stringValue = ""}}
12-30 11:27:42.305   398   464 D adayocomadapter-CommunicationManager: onUpstreamReceive mPropertyId 0x21402137
12-30 11:27:42.306  2358  2623 D RcfController: Rcf proxy is not connected!
12-30 11:27:42.309  1547  2118 D ANWStack: [  10198131][ANWBT] Rx: FCRT: I-frame,sar 3, reqseq 8, final 0, txseq 32
12-30 11:27:42.309  1547  2118 D ANWStack: 
12-30 11:27:42.309  1547  2118 D ANWStack: [  10198131][ANWBT] CheckTxSeqStatus: expected_tx_seq 32, txseq 32
12-30 11:27:42.309  1547  2118 D ANWStack: 
12-30 11:27:42.309  1547  2118 D ANWStack: [  10198131][ANWBT] l2_fcrt_rx_state_recv: TXSEQ_EXPECTED
12-30 11:27:42.309  1547  2118 D ANWStack: 
12-30 11:27:42.309  1547  2118 D ANWStack: [  10198131][ANWBT] l2_fcrt_process_reqseq: unacked num 0, reqseq 8, expected_ack_seq 8
12-30 11:27:42.309  1547  2118 D ANWStack: 
12-30 11:27:42.309  1547  2118 D ANWStack: [  10198131][ANWBT] l2_fcrt_send_ack: unacked num 1
12-30 11:27:42.309  1547  2118 D ANWStack: 
12-30 11:27:42.309  1547  2118 D ANWStack: [  10198131][ANWBT] l2_reassemble_sdu: SAR Cont, psm 0x1009, len 664
12-30 11:27:42.309  1547  2118 D ANWStack: 
12-30 11:27:42.309  1547  2118 D ANWStack: [  10198131][ANWBT] l2_fcrt_ack_timeout_handler: unacked num 1
12-30 11:27:42.309  1547  2118 D ANWStack: 
12-30 11:27:42.309  1547  2118 D ANWStack: [  10198131][ANWBT]    0x0000:  01 21 82 DC                                      .!..
12-30 11:27:42.309  1547  2118 D ANWStack: 
12-30 11:27:42.309  1547  2118 D ANWStack: [  10198131][ANWBT] l2_fcrt_send_rr_or_rnr: sup 0, reqseq 33, poll 0, final 0
12-30 11:27:42.309  1547  2118 D ANWStack: 
12-30 11:27:42.310  1547  2118 D ANWAPI  : (1547|0x6EF3FCB0)[BTAPI] AnwhciEventCallback 19 1
12-30 11:27:42.314  1547  2118 D ANWAPI  : (1547|0x6EF3FCB0)[BTAPI] AnwhciEventCallback 19 1
12-30 11:27:42.320   360   931 D EvsDriver: forwardFrame
12-30 11:27:42.320   360   931 D EvsDriver: forwardFrameDirect
12-30 11:27:42.320   360   931 D EvsDriver: Delivered 0xb400e2ca9e40c7a0 as id 1
12-30 11:27:42.320   359  2784 D evsmanagerd: /dev/video-evs0 forwarded the buffer #1 to 0xb400f125d2b26dd0 from 0xb400f125e2b20710
12-30 11:27:42.321   360   458 D EvsDriver: doneWithFrame
01-01 10:49:59.343   699   699 W audit   : audit_lost=1115449 audit_rate_limit=5 audit_backlog_limit=64
12-30 11:27:42.334   594 20015 D resolv  : retrying_poll: 17 retrying_poll timeout
12-30 11:27:42.334   594 20015 D resolv  : send_dg: timeout
12-30 11:27:42.334   594 20015 I resolv  : res_nsend: used send_dg 0 terrno: 110
12-30 11:27:42.334   594 20015 D resolv  : res_nsend: Querying server (# 2) address = 8.8.8.8:53
12-30 11:27:42.334   594 20015 D resolv  : get_timeout: using timeout of 5000 msec
12-30 11:27:42.334   594 20015 D resolv  : retrying_poll: 11 retrying_poll
12-30 11:27:42.353   360   931 I EvsDriver: /dev/video-evs0 VideoCapture fps 30.0015
12-30 11:27:42.353   360   931 D EvsDriver: forwardFrame
12-30 11:27:42.353   360   931 D EvsDriver: forwardFrameDirect
12-30 11:27:42.353   360   931 D EvsDriver: Delivered 0xb400e2ca9e40e270 as id 0
12-30 11:27:42.353   359  2784 D evsmanagerd: /dev/video-evs0 forwarded the buffer #0 to 0xb400f125d2b26dd0 from 0xb400f125e2b20710
12-30 11:27:42.354   596  3076 E WifiHAL : Invalid data received from driver
12-30 11:27:42.355  1547  2118 D ANWStack: [  10198177][ANWBT] Rx: FCRT: I-frame,sar 3, reqseq 8, final 0, txseq 33
12-30 11:27:42.355  1547  2118 D ANWStack: 
12-30 11:27:42.355  1547  2118 D ANWStack: [  10198177][ANWBT] CheckTxSeqStatus: expected_tx_seq 33, txseq 33
12-30 11:27:42.355  1547  2118 D ANWStack: 
12-30 11:27:42.355  1547  2118 D ANWStack: [  10198177][ANWBT] l2_fcrt_rx_state_recv: TXSEQ_EXPECTED
12-30 11:27:42.355  1547  2118 D ANWStack: 
12-30 11:27:42.355  1547  2118 D ANWStack: [  10198177][ANWBT] l2_fcrt_process_reqseq: unacked num 0, reqseq 8, expected_ack_seq 8
12-30 11:27:42.355  1547  2118 D ANWStack: 
12-30 11:27:42.355  1547  2118 D ANWStack: [  10198177][ANWBT] l2_fcrt_send_ack: unacked num 1
12-30 11:27:42.355  1547  2118 D ANWStack: 
12-30 11:27:42.355  1547  2118 D ANWStack: [  10198177][ANWBT] l2_reassemble_sdu: SAR Cont, psm 0x1009, len 664
12-30 11:27:42.355  1547  2118 D ANWStack: 
12-30 11:27:42.355  1547  2118 D ANWStack: [  10198177][ANWBT] l2_fcrt_ack_timeout_handler: unacked num 1
12-30 11:27:42.355  1547  2118 D ANWStack: 
12-30 11:27:42.355  1547  2118 D ANWStack: [  10198177][ANWBT]    0x0000:  01 22 C2 DD                                      ."..
12-30 11:27:42.355  1547  2118 D ANWStack: 
12-30 11:27:42.355  1547  2118 D ANWStack: [  10198177][ANWBT] l2_fcrt_send_rr_or_rnr: sup 0, reqseq 34, poll 0, final 0
12-30 11:27:42.355  1547  2118 D ANWStack: 
12-30 11:27:42.356  2358  2623 D RcfController: Rcf proxy is not connected!
12-30 11:27:42.361   360   458 D EvsDriver: doneWithFrame
12-30 11:27:42.364  1547  2118 D ANWAPI  : (1547|0x6EF3FCB0)[BTAPI] AnwhciEventCallback 19 1
12-30 11:27:42.374  1547  2118 D ANWStack: [  10198196][ANWBT] Rx: FCRT: I-frame,sar 3, reqseq 8, final 0, txseq 34
12-30 11:27:42.374  1547  2118 D ANWStack: 
12-30 11:27:42.374  1547  2118 D ANWStack: [  10198196][ANWBT] CheckTxSeqStatus: expected_tx_seq 34, txseq 34
12-30 11:27:42.374  1547  2118 D ANWStack: 
12-30 11:27:42.374  1547  2118 D ANWStack: [  10198196][ANWBT] l2_fcrt_rx_state_recv: TXSEQ_EXPECTED
12-30 11:27:42.374  1547  2118 D ANWStack: 
12-30 11:27:42.374  1547  2118 D ANWStack: [  10198196][ANWBT] l2_fcrt_process_reqseq: unacked num 0, reqseq 8, expected_ack_seq 8
12-30 11:27:42.374  1547  2118 D ANWStack: 
12-30 11:27:42.374  1547  2118 D ANWStack: [  10198196][ANWBT] l2_fcrt_send_ack: unacked num 1
12-30 11:27:42.374  1547  2118 D ANWStack: 
12-30 11:27:42.374  1547  2118 D ANWStack: [  10198196][ANWBT] l2_reassemble_sdu: SAR Cont, psm 0x1009, len 664
12-30 11:27:42.374  1547  2118 D ANWStack: 
12-30 11:27:42.374  1547  2118 D ANWStack: [  10198196][ANWBT] l2_fcrt_ack_timeout_handler: unacked num 1
12-30 11:27:42.374  1547  2118 D ANWStack: 
12-30 11:27:42.374  1547  2118 D ANWStack: [  10198196][ANWBT]    0x0000:  01 23 03 1D                                      .#..
12-30 11:27:42.374  1547  2118 D ANWStack: 
12-30 11:27:42.374  1547  2118 D ANWStack: [  10198196][ANWBT] l2_fcrt_send_rr_or_rnr: sup 0, reqseq 35, poll 0, final 0
12-30 11:27:42.374  1547  2118 D ANWStack: 
12-30 11:27:42.383  1547  2118 D ANWStack: [  10198205][ANWBT] Rx: FCRT: I-frame,sar 2, reqseq 8, final 0, txseq 35
12-30 11:27:42.383  1547  2118 D ANWStack: 
12-30 11:27:42.383  1547  2118 D ANWStack: [  10198205][ANWBT] CheckTxSeqStatus: expected_tx_seq 35, txseq 35
12-30 11:27:42.383  1547  2118 D ANWStack: 
12-30 11:27:42.383  1547  2118 D ANWStack: [  10198205][ANWBT] l2_fcrt_rx_state_recv: TXSEQ_EXPECTED
12-30 11:27:42.383  1547  2118 D ANWStack: 
12-30 11:27:42.384  1547  2118 D ANWStack: [  10198205][ANWBT] l2_fcrt_process_reqseq: unacked num 0, reqseq 8, expected_ack_seq 8
12-30 11:27:42.384  1547  2118 D ANWStack: 
12-30 11:27:42.384  1547  2118 D ANWStack: [  10198205][ANWBT] l2_fcrt_send_ack: unacked num 1
12-30 11:27:42.384  1547  2118 D ANWStack: 
12-30 11:27:42.384  1547  2118 D ANWStack: [  10198205][ANWBT] l2_reassemble_sdu: SAR End, psm 0x1009, cur len 114, total len 4096
12-30 11:27:42.384  1547  2118 D ANWStack: 
12-30 11:27:42.384  1547  2118 D ANW_OBEX: >>>>>Obex_L2cap_DataHandler
12-30 11:27:42.384  1547  2118 D ANW_OBEX: (12)OBEX-TAL Client received 4096 from peer:
12-30 11:27:42.384  1547  2118 D ANW_AVRCP: sqc test bip_data_handler length=4096
12-30 11:27:42.384  1547  2118 D ANW_AVRCP: sqc test bip_data_handler data[0]=0x90
12-30 11:27:42.384  1547  2118 D ANW_AVRCP: sqc test bip_data_handler data[4095]=0xf8
12-30 11:27:42.384  1547  2118 D ANW_AVRCP: sqc test bip_data_handler body_Length4=4096
12-30 11:27:42.384  1547  2118 D ANWAPI  : (1547|0x6EF3FCB0)[BTAPI] btsdk_bipc_message_handler h=0xb400fa682e331df0 messageId=0x6605 status=2 data=0xb400fa68fe33cda8 length=4096
12-30 11:27:42.384  1547  2118 D ANWAPI  : (1547|0x6EF3FCB0)[BTAPI] BIPC_GET_IMG_IND:
12-30 11:27:42.384  1547  2118 D ANWAPI  : (1547|0x6EF3FCB0)[BTAPI] ===BTAPI_MallocIdxMsg 1156 4099
12-30 11:27:42.384  1547  2118 D ANWAPI  : (1547|0x6EF3FCB0)[BTAPI] sqc test btsdk_bipc_message_handler BIPC_GET_IMG_IND length=4096
12-30 11:27:42.384  1547  2118 D ANWAPI  : (1547|0x6EF3FCB0)[BTAPI] sqc test btsdk_bipc_message_handler BIPC_GET_IMG_IND data[0]=0x90
12-30 11:27:42.384  1547  2118 D ANWAPI  : (1547|0x6EF3FCB0)[BTAPI] sqc test btsdk_bipc_message_handler BIPC_GET_IMG_IND data[4095]=0xf8
12-30 11:27:42.384  1547  2118 D ANWStack: [  10198206][ANWBT] l2_fcrt_ack_timeout_handler: unacked num 1
12-30 11:27:42.384  1547  2118 D ANWStack: 
12-30 11:27:42.384  1547  2118 D ANWStack: [  10198206][ANWBT]    0x0000:  01 24 42 DF                                      .$B.
12-30 11:27:42.384  1547  2118 D ANWStack: 
12-30 11:27:42.384  1547  2118 D ANWStack: [  10198206][ANWBT] l2_fcrt_send_rr_or_rnr: sup 0, reqseq 36, poll 0, final 0
12-30 11:27:42.384  1547  2118 D ANWStack: 
12-30 11:27:42.384  1547  2118 D ANWAPI  : (1547|0x6EF3FCB0)[BTAPI] *BT_CB_Dispatch
12-30 11:27:42.384  1547  2118 D ANWAPI  : (1547|0x6EF3FCB0)[BTAPI] *****SDK callback(0x484)
12-30 11:27:42.384  1547  2118 D ANWAPI  : (1547|0x6EF3FCB0)[BTAPI] SDK***** [34:10:be:3d:c6:77][277876736]
12-30 11:27:42.384  1547  2118 D ANWAPI  : (1547|0x6EF3FCB0)[BTAPI] btsdk_exec_apicb start
12-30 11:27:42.384  1547  2118 D ANWAPI  : (1547|0x6EF3FCB0)[BTAPI] Up: AvrcpMsgHandler receive[34:10:BE:3D:C6:77], Get Device ID(0)
12-30 11:27:42.384  1547  2118 D ANWAPI  : 
12-30 11:27:42.384  1547  2118 D ANWAPI  : (1547|0x6EF3FCB0)[BTAPI] Up: AnWBT_AVRCP_CA_GET_IMAGE_CFM size = 4096
12-30 11:27:42.384  1547  2118 D ANWAPI  : 
12-30 11:27:42.384  1547  2118 D ANWAPI  : (1547|0x6EF3FCB0)[BTAPI] Up: AnWBT_AVRCP_CA_GET_IMAGE_CFM data[0] = 0x90
12-30 11:27:42.384  1547  2118 D ANWAPI  : 
12-30 11:27:42.384  1547  2118 D ANWAPI  : (1547|0x6EF3FCB0)[BTAPI] Up: AnWBT_AVRCP_CA_GET_IMAGE_CFM data[0] = 0xf8
12-30 11:27:42.384  1547  2118 D ANWAPI  : 
12-30 11:27:42.384  1547  2118 I ANWAPI  : on_l2cap_data_ind: 4096
12-30 11:27:42.384  1547  2118 D ANW bt_btif: btsock_thread_add_fd, fd:213, type:3 flags:2, user_id:4
12-30 11:27:42.384  1547  2118 D ANW bt_btif: adding fd:213, flags:0x2
12-30 11:27:42.384  1547  2118 D ANWAPI  : (1547|0x6EF3FCB0)[BTAPI] btsdk_exec_apicb end
12-30 11:27:42.384  1547  1845 D ANW bt_btif: cmd.id:3
12-30 11:27:42.384  1547  1845 E ANW bt_btif: add_poll, fd:213
12-30 11:27:42.384  1547  1845 E ANW bt_btif: set_poll, fd:213, flags:7
12-30 11:27:42.384  1547  1845 D ANW bt_btif: need_process_data_fd: 0
12-30 11:27:42.384  1547  1845 D ANW bt_btif: run prepare_poll_fds
12-30 11:27:42.384  1547  1845 D ANW bt_btif: poll fd:91
12-30 11:27:42.384  1547  1845 D ANW bt_btif: poll fd:127
12-30 11:27:42.384  1547  1845 D ANW bt_btif: poll fd:129
12-30 11:27:42.384  1547  1845 D ANW bt_btif: poll fd:141
12-30 11:27:42.384  1547  1845 D ANW bt_btif: poll fd:142
12-30 11:27:42.384  1547  1845 D ANW bt_btif: poll fd:195
12-30 11:27:42.384  1547  1845 D ANW bt_btif: poll fd:213
12-30 11:27:42.384  1547  2118 D ANWAPI  : (1547|0x6EF3FCB0)[BTAPI] AnwhciEventCallback 19 1
12-30 11:27:42.384  1547  1845 D ANW bt_btif: need_process_data_fd: 1
12-30 11:27:42.384  1547  1845 D ANW bt_btif: print poll event:4 =  POLLOUT
12-30 11:27:42.385  1547  1845 E ANW bt_btif: remove_poll, flags:2!
12-30 11:27:42.385  1547  1845 I ANW bt_btif: btsock_signaled(), fd(213), type(3), flags(2), user_id(4), AnW
12-30 11:27:42.385  1547  1845 I ANWAPI  : run btsock_l2cap_signaled 0x2
12-30 11:27:42.385  1547  1845 I ANWAPI  : flush_incoming_que_on_wr_signal_l
12-30 11:27:42.385  1547  1845 I ANWAPI  : flush_incoming_que_on_wr_signal_l len=4096
12-30 11:27:42.385  1547  1845 D ANW bt_btif: run prepare_poll_fds
12-30 11:27:42.385  1547  1845 D ANW bt_btif: poll fd:91
12-30 11:27:42.385  1547  1845 D ANW bt_btif: poll fd:127
12-30 11:27:42.385  1547  1845 D ANW bt_btif: poll fd:129
12-30 11:27:42.385  1547  1845 D ANW bt_btif: poll fd:141
12-30 11:27:42.385  1547  1845 D ANW bt_btif: poll fd:142
12-30 11:27:42.385  1547  1845 D ANW bt_btif: poll fd:195
12-30 11:27:42.385  1547  1845 D ANW bt_btif: poll fd:213
12-30 11:27:42.385  1547  1845 D ANW bt_btif: need_process_data_fd: 1
12-30 11:27:42.385  1547  1845 D ANW bt_btif: print poll event:1 =  POLLIN
12-30 11:27:42.385  1547  1845 E ANW bt_btif: remove_poll, flags:1!
12-30 11:27:42.385  1547  1845 I ANW bt_btif: btsock_signaled(), fd(213), type(3), flags(1), user_id(4), AnW
12-30 11:27:42.385  1547  1845 I ANWAPI  : run btsock_l2cap_signaled 0x1
12-30 11:27:42.385  1547  1845 I ANWAPI  : btsock_l2cap_signaled bytes received from socket: 3
12-30 11:27:42.385  1547  1845 I ANWAPI  : parse_sock_data_and_response	, Selected_Device_ID [0]
12-30 11:27:42.385  1547  1845 I ANWAPI  : opp lib: OBEX_GET_FINAL 112
12-30 11:27:42.385  1547  1845 D ANWAPI  : (1547|0xB0437CB0)[BTAPI] SDK >>>>AnWBT_AVRCP_CA_GetContinue
12-30 11:27:42.385  1547  1845 D ANWAPI  : (1547|0xB0437CB0)[BTAPI] SDK <<<<AnWBT_AVRCP_CA_GetContinue 0
12-30 11:27:42.385  1547  1845 I ANWAPI  : OBEX_GET_FINAL on_l2cap_write_done : adding fd to btsock_thread...
12-30 11:27:42.385  1547  2118 D ANWAPI  : (1547|0x6EF3FCB0)[BTAPI] >>>>_anwbt_AVRCP_CA_GetContinue
12-30 11:27:42.385  1547  1845 D ANW bt_btif: btsock_thread_add_fd, fd:213, type:3 flags:1, user_id:4
12-30 11:27:42.385  1547  2118 D ANWStack: [  10198207][ANWBT] l2_fcrt_write: len 12
12-30 11:27:42.385  1547  2118 D ANWStack: 
12-30 11:27:42.385  1547  1845 D ANW bt_btif: adding fd:213, flags:0x1
12-30 11:27:42.386  1547  2118 D ANWStack: [  10198207][ANWBT] l2_fcrt_set_retran_timer! timeout 70 (unit in 100ms), retxTo 7000
12-30 11:27:42.386  1547  2118 D ANWStack: 
12-30 11:27:42.386  1547  1845 D ANW bt_btif: run prepare_poll_fds
12-30 11:27:42.386  1547  1845 D ANW bt_btif: poll fd:91
12-30 11:27:42.386  1547  1845 D ANW bt_btif: poll fd:127
12-30 11:27:42.386  1547  1845 D ANW bt_btif: poll fd:129
12-30 11:27:42.386  1547  1845 D ANW bt_btif: poll fd:141
12-30 11:27:42.386  1547  1845 D ANW bt_btif: poll fd:142
12-30 11:27:42.386  1547  1845 D ANW bt_btif: poll fd:195
12-30 11:27:42.386  1547  1845 D ANW bt_btif: poll fd:213
12-30 11:27:42.386  1547  2118 D ANWAPI  : (1547|0x6EF3FCB0)[BTAPI] <<<<_anwbt_AVRCP_CA_GetContinue 0
12-30 11:27:42.386  1547  1845 D ANW bt_btif: cmd.id:3
12-30 11:27:42.386  1547  1845 E ANW bt_btif: add_poll, fd:213
12-30 11:27:42.386  1547  1845 E ANW bt_btif: set_poll, fd:213, flags:5
12-30 11:27:42.386  1547  1845 D ANW bt_btif: need_process_data_fd: 0
12-30 11:27:42.386  1547  1845 D ANW bt_btif: run prepare_poll_fds
12-30 11:27:42.386  1547  1845 D ANW bt_btif: poll fd:91
12-30 11:27:42.386  1547  1845 D ANW bt_btif: poll fd:127
12-30 11:27:42.386  1547  1845 D ANW bt_btif: poll fd:129
12-30 11:27:42.386  1547  1845 D ANW bt_btif: poll fd:141
12-30 11:27:42.386  1547  1845 D ANW bt_btif: poll fd:142
12-30 11:27:42.386  1547  1845 D ANW bt_btif: poll fd:195
12-30 11:27:42.386  1547  1845 D ANW bt_btif: poll fd:213
12-30 11:27:42.386   360   931 D EvsDriver: forwardFrame
12-30 11:27:42.386   360   931 D EvsDriver: forwardFrameDirect
12-30 11:27:42.387  1547  2118 D ANWAPI  : (1547|0x6EF3FCB0)[BTAPI] AnwhciEventCallback 19 1
12-30 11:27:42.387   360   931 D EvsDriver: Delivered 0xb400e2ca9e40d4b0 as id 1
12-30 11:27:42.387   359  2784 D evsmanagerd: /dev/video-evs0 forwarded the buffer #1 to 0xb400f125d2b26dd0 from 0xb400f125e2b20710
12-30 11:27:42.389  1547  2118 D ANWAPI  : (1547|0x6EF3FCB0)[BTAPI] AnwhciEventCallback 19 1
12-30 11:27:42.392   360   458 D EvsDriver: doneWithFrame
12-30 11:27:42.404  1547  2118 D ANWStack: [  10198226][ANWBT] Rx: FCRT: I-frame,sar 1, reqseq 9, final 0, txseq 36
12-30 11:27:42.404  1547  2118 D ANWStack: 
12-30 11:27:42.404  1547  2118 D ANWStack: [  10198226][ANWBT] CheckTxSeqStatus: expected_tx_seq 36, txseq 36
12-30 11:27:42.404  1547  2118 D ANWStack: 
12-30 11:27:42.404  1547  2118 D ANWStack: [  10198226][ANWBT] l2_fcrt_rx_state_recv: TXSEQ_EXPECTED
12-30 11:27:42.404  1547  2118 D ANWStack: 
12-30 11:27:42.404  1547  2118 D ANWStack: [  10198226][ANWBT] l2_fcrt_process_reqseq: unacked num 1, reqseq 9, expected_ack_seq 8
12-30 11:27:42.404  1547  2118 D ANWStack: 
12-30 11:27:42.404  1547  2118 D ANWStack: [  10198226][ANWBT] l2_fcrt_process_reqseq: unacked num 1, expected_ack_seq 8
12-30 11:27:42.404  1547  2118 D ANWStack: 
12-30 11:27:42.404  1547  2118 D ANWStack: [  10198226][ANWBT] l2_fcrt_send_ack: unacked num 1
12-30 11:27:42.404  1547  2118 D ANWStack: 
12-30 11:27:42.404  1547  2118 D ANWStack: [  10198226][ANWBT] l2_reassemble_sdu: SAR Start, psm 0x1009, sdu_len 4096, len 662
12-30 11:27:42.404  1547  2118 D ANWStack: 
12-30 11:27:42.404  1547  2118 D ANWStack: [  10198226][ANWBT] l2_fcrt_ack_timeout_handler: unacked num 1
12-30 11:27:42.404  1547  2118 D ANWStack: 
12-30 11:27:42.404  1547  2118 D ANWStack: [  10198226][ANWBT]    0x0000:  01 25 83 1F                                      .%..
12-30 11:27:42.404  1547  2118 D ANWStack: 
12-30 11:27:42.404  1547  2118 D ANWStack: [  10198226][ANWBT] l2_fcrt_send_rr_or_rnr: sup 0, reqseq 37, poll 0, final 0
12-30 11:27:42.404  1547  2118 D ANWStack: 
12-30 11:27:42.407  2358  2623 D RcfController: Rcf proxy is not connected!
12-30 11:27:42.414   594 20057 D resolv  : retrying_poll: 12 retrying_poll timeout
12-30 11:27:42.414   594 20057 D resolv  : send_dg: timeout
12-30 11:27:42.414   594 20057 I resolv  : res_nsend: used send_dg 0 terrno: 110
12-30 11:27:42.414   594 20057 D resolv  : res_stats_set_sample: rcode = 255, sec = 5004
12-30 11:27:42.414   594 20057 D resolv  : res_cache_add_stats_sample_locked: adding sample to stats, next = 6, count = 64
12-30 11:27:42.414   594 20057 D resolv  : res_nsend: Querying server (# 1) address = 114.114.114.114:53
12-30 11:27:42.414   594 20057 D resolv  : get_timeout: using timeout of 5000 msec
12-30 11:27:42.414   594 20057 D resolv  : retrying_poll: 52 retrying_poll
12-30 11:27:42.420   360   931 D EvsDriver: forwardFrame
12-30 11:27:42.420   360   931 D EvsDriver: forwardFrameDirect
12-30 11:27:42.420   360   931 D EvsDriver: Delivered 0xb400e2ca9e40c2d0 as id 0
12-30 11:27:42.420   359  2784 D evsmanagerd: /dev/video-evs0 forwarded the buffer #0 to 0xb400f125d2b26dd0 from 0xb400f125e2b20710
12-30 11:27:42.421   798 20154 W adbd    : timed out while waiting for FUNCTIONFS_BIND, trying again
12-30 11:27:42.421   798 20154 I adbd    : UsbFfs: connection terminated: monitor thread finished
12-30 11:27:42.421   798   798 I adbd    : UsbFfs: already offline
12-30 11:27:42.421   798   798 I adbd    : destroying transport UsbFfs
12-30 11:27:42.421   798   798 I adbd    : UsbFfsConnection being destroyed
12-30 11:27:42.422   360   458 D EvsDriver: doneWithFrame
12-30 11:27:42.425   596  3076 E WifiHAL : Invalid data received from driver
12-30 11:27:42.430  1547  2118 D ANWStack: [  10198252][ANWBT] Rx: FCRT: I-frame,sar 3, reqseq 9, final 0, txseq 37
12-30 11:27:42.430  1547  2118 D ANWStack: 
12-30 11:27:42.430  1547  2118 D ANWStack: [  10198252][ANWBT] CheckTxSeqStatus: expected_tx_seq 37, txseq 37
12-30 11:27:42.430  1547  2118 D ANWStack: 
12-30 11:27:42.430  1547  2118 D ANWStack: [  10198252][ANWBT] l2_fcrt_rx_state_recv: TXSEQ_EXPECTED
12-30 11:27:42.430  1547  2118 D ANWStack: 
12-30 11:27:42.430  1547  2118 D ANWStack: [  10198252][ANWBT] l2_fcrt_process_reqseq: unacked num 0, reqseq 9, expected_ack_seq 9
12-30 11:27:42.430  1547  2118 D ANWStack: 
12-30 11:27:42.430  1547  2118 D ANWStack: [  10198252][ANWBT] l2_fcrt_send_ack: unacked num 1
12-30 11:27:42.430  1547  2118 D ANWStack: 
12-30 11:27:42.430  1547  2118 D ANWStack: [  10198252][ANWBT] l2_reassemble_sdu: SAR Cont, psm 0x1009, len 664
12-30 11:27:42.430  1547  2118 D ANWStack: 
12-30 11:27:42.430  1547  2118 D ANWStack: [  10198252][ANWBT] l2_fcrt_ack_timeout_handler: unacked num 1
12-30 11:27:42.430  1547  2118 D ANWStack: 
12-30 11:27:42.430  1547  2118 D ANWStack: [  10198252][ANWBT]    0x0000:  01 26 C3 1E                                      .&..
12-30 11:27:42.430  1547  2118 D ANWStack: 
12-30 11:27:42.430  1547  2118 D ANWStack: [  10198252][ANWBT] l2_fcrt_send_rr_or_rnr: sup 0, reqseq 38, poll 0, final 0
12-30 11:27:42.430  1547  2118 D ANWStack: 
12-30 11:27:42.440  1547  2118 D ANWStack: [  10198262][ANWBT] Rx: FCRT: I-frame,sar 3, reqseq 9, final 0, txseq 38
12-30 11:27:42.440  1547  2118 D ANWStack: 
12-30 11:27:42.440  1547  2118 D ANWStack: [  10198262][ANWBT] CheckTxSeqStatus: expected_tx_seq 38, txseq 38
12-30 11:27:42.440  1547  2118 D ANWStack: 
12-30 11:27:42.440  1547  2118 D ANWStack: [  10198262][ANWBT] l2_fcrt_rx_state_recv: TXSEQ_EXPECTED
12-30 11:27:42.440  1547  2118 D ANWStack: 
12-30 11:27:42.440  1547  2118 D ANWStack: [  10198262][ANWBT] l2_fcrt_process_reqseq: unacked num 0, reqseq 9, expected_ack_seq 9
12-30 11:27:42.440  1547  2118 D ANWStack: 
12-30 11:27:42.440  1547  2118 D ANWStack: [  10198262][ANWBT] l2_fcrt_send_ack: unacked num 1
12-30 11:27:42.440  1547  2118 D ANWStack: 
12-30 11:27:42.440  1547  2118 D ANWStack: [  10198262][ANWBT] l2_reassemble_sdu: SAR Cont, psm 0x1009, len 664
12-30 11:27:42.440  1547  2118 D ANWStack: 
12-30 11:27:42.440  1547  2118 D ANWStack: [  10198262][ANWBT] l2_fcrt_ack_timeout_handler: unacked num 1
12-30 11:27:42.440  1547  2118 D ANWStack: 
12-30 11:27:42.440  1547  2118 D ANWStack: [  10198262][ANWBT]    0x0000:  01 27 02 DE                                      .'..
12-30 11:27:42.440  1547  2118 D ANWStack: 
12-30 11:27:42.440  1547  2118 D ANWStack: [  10198262][ANWBT] l2_fcrt_send_rr_or_rnr: sup 0, reqseq 39, poll 0, final 0
12-30 11:27:42.440  1547  2118 D ANWStack: 
12-30 11:27:42.442  1547  2118 D ANWAPI  : (1547|0x6EF3FCB0)[BTAPI] AnwhciEventCallback 19 1
12-30 11:27:42.449   650   730 D fgemcucomm: sd Uart data : 6AA6001EC60002060113
12-30 11:27:42.451  1547  2118 D ANWStack: [  10198273][ANWBT] Rx: FCRT: I-frame,sar 3, reqseq 9, final 0, txseq 39
12-30 11:27:42.451  1547  2118 D ANWStack: 
12-30 11:27:42.451  1547  2118 D ANWStack: [  10198273][ANWBT] CheckTxSeqStatus: expected_tx_seq 39, txseq 39
12-30 11:27:42.451  1547  2118 D ANWStack: 
12-30 11:27:42.451  1547  2118 D ANWStack: [  10198273][ANWBT] l2_fcrt_rx_state_recv: TXSEQ_EXPECTED
12-30 11:27:42.451  1547  2118 D ANWStack: 
12-30 11:27:42.451  1547  2118 D ANWStack: [  10198273][ANWBT] l2_fcrt_process_reqseq: unacked num 0, reqseq 9, expected_ack_seq 9
12-30 11:27:42.451  1547  2118 D ANWStack: 
12-30 11:27:42.451  1547  2118 D ANWStack: [  10198273][ANWBT] l2_fcrt_send_ack: unacked num 1
12-30 11:27:42.451  1547  2118 D ANWStack: 
12-30 11:27:42.451  1547  2118 D ANWStack: [  10198273][ANWBT] l2_reassemble_sdu: SAR Cont, psm 0x1009, len 664
12-30 11:27:42.451  1547  2118 D ANWStack: 
12-30 11:27:42.452  1547  2118 D ANWStack: [  10198273][ANWBT] l2_fcrt_ack_timeout_handler: unacked num 1
12-30 11:27:42.452  1547  2118 D ANWStack: 
12-30 11:27:42.452  1547  2118 D ANWStack: [  10198273][ANWBT]    0x0000:  01 28 42 DA                                      .(B.
12-30 11:27:42.452  1547  2118 D ANWStack: 
12-30 11:27:42.452  1547  2118 D ANWStack: [  10198273][ANWBT] l2_fcrt_send_rr_or_rnr: sup 0, reqseq 40, poll 0, final 0
12-30 11:27:42.452  1547  2118 D ANWStack: 
12-30 11:27:42.453   360   931 D EvsDriver: forwardFrame
12-30 11:27:42.453   360   931 D EvsDriver: forwardFrameDirect
12-30 11:27:42.453   360   931 D EvsDriver: Delivered 0xb400e2ca9e40d090 as id 1
12-30 11:27:42.453   359  2784 D evsmanagerd: /dev/video-evs0 forwarded the buffer #1 to 0xb400f125d2b26dd0 from 0xb400f125e2b20710
12-30 11:27:42.455  1547  2118 D ANWStack: [  10198277][ANWBT] Rx: FCRT: I-frame,sar 3, reqseq 9, final 0, txseq 40
12-30 11:27:42.455  1547  2118 D ANWStack: 
12-30 11:27:42.455  1547  2118 D ANWStack: [  10198277][ANWBT] CheckTxSeqStatus: expected_tx_seq 40, txseq 40
12-30 11:27:42.455  1547  2118 D ANWStack: 
12-30 11:27:42.455  1547  2118 D ANWStack: [  10198277][ANWBT] l2_fcrt_rx_state_recv: TXSEQ_EXPECTED
12-30 11:27:42.455  1547  2118 D ANWStack: 
12-30 11:27:42.455  1547  2118 D ANWStack: [  10198277][ANWBT] l2_fcrt_process_reqseq: unacked num 0, reqseq 9, expected_ack_seq 9
12-30 11:27:42.455  1547  2118 D ANWStack: 
12-30 11:27:42.455  1547  2118 D ANWStack: [  10198277][ANWBT] l2_fcrt_send_ack: unacked num 1
12-30 11:27:42.455  1547  2118 D ANWStack: 
12-30 11:27:42.455  1547  2118 D ANWStack: [  10198277][ANWBT] l2_reassemble_sdu: SAR Cont, psm 0x1009, len 664
12-30 11:27:42.455  1547  2118 D ANWStack: 
12-30 11:27:42.455  1547  2118 D ANWAPI  : (1547|0x6EF3FCB0)[BTAPI] AnwhciEventCallback 19 1
12-30 11:27:42.455  1547  2118 D ANWStack: [  10198277][ANWBT] l2_fcrt_ack_timeout_handler: unacked num 1
12-30 11:27:42.455  1547  2118 D ANWStack: 
12-30 11:27:42.455  1547  2118 D ANWStack: [  10198277][ANWBT]    0x0000:  01 29 83 1A                                      .)..
12-30 11:27:42.455  1547  2118 D ANWStack: 
12-30 11:27:42.455  1547  2118 D ANWStack: [  10198277][ANWBT] l2_fcrt_send_rr_or_rnr: sup 0, reqseq 41, poll 0, final 0
12-30 11:27:42.455  1547  2118 D ANWStack: 
12-30 11:27:42.457  2358  2623 D RcfController: Rcf proxy is not connected!
12-30 11:27:42.462   360   458 D EvsDriver: doneWithFrame
12-30 11:27:42.468  1667  2513 W ContextImpl: Calling a method in the system process without a qualified user: android.app.ContextImpl.bindService:1988 android.content.ContextWrapper.bindService:861 com.ford.sync.fnvservice.analytics.AnalyticsManager$RetryHandler.a:126 com.ford.sync.fnvservice.analytics.AnalyticsManager$RetryHandler.handleMessage:103 android.os.Handler.dispatchMessage:106 
12-30 11:27:42.468   916  1847 W ActivityManager: Unable to start service Intent { cmp=com.ford.sync.fnvservice/.analytics.AnalyticsService } U=0: not found
12-30 11:27:42.468  1667  2513 W AnalyticsManager:  bind ford Analytics failed -> sendRetryMessage 
12-30 11:27:42.478  1547  2118 D ANWStack: [  10198299][ANWBT] Rx: FCRT: I-frame,sar 3, reqseq 9, final 0, txseq 41
12-30 11:27:42.478  1547  2118 D ANWStack: 
12-30 11:27:42.478  1547  2118 D ANWStack: [  10198299][ANWBT] CheckTxSeqStatus: expected_tx_seq 41, txseq 41
12-30 11:27:42.478  1547  2118 D ANWStack: 
12-30 11:27:42.478  1547  2118 D ANWStack: [  10198299][ANWBT] l2_fcrt_rx_state_recv: TXSEQ_EXPECTED
12-30 11:27:42.478  1547  2118 D ANWStack: 
12-30 11:27:42.478  1547  2118 D ANWStack: [  10198300][ANWBT] l2_fcrt_process_reqseq: unacked num 0, reqseq 9, expected_ack_seq 9
12-30 11:27:42.478  1547  2118 D ANWStack: 
12-30 11:27:42.478  1547  2118 D ANWStack: [  10198300][ANWBT] l2_fcrt_send_ack: unacked num 1
12-30 11:27:42.478  1547  2118 D ANWStack: 
12-30 11:27:42.478  1547  2118 D ANWStack: [  10198300][ANWBT] l2_reassemble_sdu: SAR Cont, psm 0x1009, len 664
12-30 11:27:42.478  1547  2118 D ANWStack: 
12-30 11:27:42.478  1547  2118 D ANWStack: [  10198300][ANWBT] l2_fcrt_ack_timeout_handler: unacked num 1
12-30 11:27:42.478  1547  2118 D ANWStack: 
12-30 11:27:42.478  1547  2118 D ANWStack: [  10198300][ANWBT]    0x0000:  01 2A C3 1B                                      .*..
12-30 11:27:42.478  1547  2118 D ANWStack: 
12-30 11:27:42.478  1547  2118 D ANWStack: [  10198300][ANWBT] l2_fcrt_send_rr_or_rnr: sup 0, reqseq 42, poll 0, final 0
12-30 11:27:42.478  1547  2118 D ANWStack: 
12-30 11:27:42.478   798   838 I adbd    : opening control endpoint /dev/usb-ffs/adb/ep0
12-30 11:27:42.478   798   838 I adbd    : UsbFfsConnection constructed
12-30 11:27:42.479   798 20161 I adbd    : UsbFfs-monitor thread spawned
01-01 10:49:59.488   838   838 I         : read descriptors
12-30 11:27:42.483  1547  2118 D ANWAPI  : (1547|0x6EF3FCB0)[BTAPI] AnwhciEventCallback 19 1
12-30 11:27:42.484  1667  2410 I media_message_log->MediaMessageUserProxy: (SourceFile:1)b connectToService action bind
12-30 11:27:42.484   916  1847 W ActivityManager: Unable to start service Intent { cmp=com.adayo.server.mediamessagetransfer/.MediaMessTransferService (has extras) } U=0: not found
12-30 11:27:42.485  1667  2410 E media_message_log->MediaMessageUserProxy: (SourceFile:7)a bindServiceAsUser isBound = false
12-30 11:27:42.486   360   931 D EvsDriver: forwardFrame
12-30 11:27:42.487   360   931 D EvsDriver: forwardFrameDirect
12-30 11:27:42.487   360   931 D EvsDriver: Delivered 0xb400e2ca9e40e110 as id 0
12-30 11:27:42.487   359  2784 D evsmanagerd: /dev/video-evs0 forwarded the buffer #0 to 0xb400f125d2b26dd0 from 0xb400f125e2b20710
12-30 11:27:42.487  1547  2118 D ANWStack: [  10198309][ANWBT] Rx: FCRT: I-frame,sar 2, reqseq 9, final 0, txseq 42
12-30 11:27:42.487  1547  2118 D ANWStack: 
12-30 11:27:42.487  1547  2118 D ANWStack: [  10198309][ANWBT] CheckTxSeqStatus: expected_tx_seq 42, txseq 42
12-30 11:27:42.487  1547  2118 D ANWStack: 
12-30 11:27:42.487  1547  2118 D ANWStack: [  10198309][ANWBT] l2_fcrt_rx_state_recv: TXSEQ_EXPECTED
12-30 11:27:42.487  1547  2118 D ANWStack: 
12-30 11:27:42.487  1547  2118 D ANWStack: [  10198309][ANWBT] l2_fcrt_process_reqseq: unacked num 0, reqseq 9, expected_ack_seq 9
12-30 11:27:42.487  1547  2118 D ANWStack: 
12-30 11:27:42.487  1547  2118 D ANWStack: [  10198309][ANWBT] l2_fcrt_send_ack: unacked num 1
12-30 11:27:42.487  1547  2118 D ANWStack: 
12-30 11:27:42.487  1547  2118 D ANWStack: [  10198309][ANWBT] l2_reassemble_sdu: SAR End, psm 0x1009, cur len 114, total len 4096
12-30 11:27:42.487  1547  2118 D ANWStack: 
12-30 11:27:42.487  1547  2118 D ANW_OBEX: >>>>>Obex_L2cap_DataHandler
12-30 11:27:42.487  1547  2118 D ANW_OBEX: (12)OBEX-TAL Client received 4096 from peer:
12-30 11:27:42.487  1547  2118 D ANW_AVRCP: sqc test bip_data_handler length=4096
12-30 11:27:42.487  1547  2118 D ANW_AVRCP: sqc test bip_data_handler data[0]=0x90
12-30 11:27:42.487  1547  2118 D ANW_AVRCP: sqc test bip_data_handler data[4095]=0x5a
12-30 11:27:42.488  1547  2118 D ANW_AVRCP: sqc test bip_data_handler body_Length4=4096
12-30 11:27:42.488  1547  2118 D ANWAPI  : (1547|0x6EF3FCB0)[BTAPI] btsdk_bipc_message_handler h=0xb400fa682e331df0 messageId=0x6605 status=2 data=0xb400fa68fe337358 length=4096
12-30 11:27:42.488  1547  2118 D ANWAPI  : (1547|0x6EF3FCB0)[BTAPI] BIPC_GET_IMG_IND:
12-30 11:27:42.488  1547  2118 D ANWAPI  : (1547|0x6EF3FCB0)[BTAPI] ===BTAPI_MallocIdxMsg 1156 4099
12-30 11:27:42.488  1547  2118 D ANWAPI  : (1547|0x6EF3FCB0)[BTAPI] sqc test btsdk_bipc_message_handler BIPC_GET_IMG_IND length=4096
