12-30 11:27:41.560  1547  2118 D ANWAPI  : 
12-30 11:27:41.560   398   464 I DefaultVehicleHal_v2_0: DefaultVehicleHal::onPropertyValue, value:{.timestamp = 10197382245547, .areaId = 0, .prop = 557851196, .status = AVAILABLE, .value = {.int32Values = [1]{0}, .floatValues = [0]{}, .int64Values = [0]{}, .bytes = [0]{}, .stringValue = ""}}
12-30 11:27:41.560  1547  2118 D ANWAPI  : (1547|0x6EF3FCB0)[BTAPI] Up: AnWBT_AVRCP_CURRENT_PLAY_STATUS_IND
12-30 11:27:41.560  1547  2118 D ANWAPI  : 
12-30 11:27:41.560   398   464 D DiagPropHandler: is not DiagnosticConfig: 0x2140223c
12-30 11:27:41.560  1547  2118 D ANWAPI  : (1547|0x6EF3FCB0)[BTAPI] songLengthMs     =275911
12-30 11:27:41.560  1547  2118 D ANWAPI  : 
12-30 11:27:41.560  1547  2118 D ANWAPI  : (1547|0x6EF3FCB0)[BTAPI] songPositionMs   =172438
12-30 11:27:41.560  1547  2118 D ANWAPI  : 
12-30 11:27:41.560   398   464 I VehiclePropertyStore: begin to write value to Store: {.timestamp = 10197382245547, .areaId = 0, .prop = 557851196, .status = AVAILABLE, .value = {.int32Values = [1]{0}, .floatValues = [0]{}, .int64Values = [0]{}, .bytes = [0]{}, .stringValue = ""}}
12-30 11:27:41.560  1547  2118 I ANW bt_btif: AvrcpMsgHandler: HAL bt_rc_ctrl_callbacks->play_position_changed_cb
12-30 11:27:41.560   398   464 D adayocomadapter-CommunicationManager: onUpstreamReceive mPropertyId 0x2140223c
12-30 11:27:41.560  1547  2118 I BluetoothAvrcpControllerJni: btavrcp_play_position_changed_callback
12-30 11:27:41.560   398   464 D adayocomadapter-CommunicationManager: onUpstreamReceive mPropertyId 0x21402241
12-30 11:27:41.560   398   464 D adayocomadapter-CommunicationManager: convertBytesToInt32Memcpy  0
12-30 11:27:41.560  1547  2118 D AvrcpControllerService: onPlayPositionChanged pos 172438
12-30 11:27:41.561   398   464 I vw-vhal : notifyVehicleProperty, propId = 0x21402241, data = {status: 2, int32Values: [0]}
12-30 11:27:41.561   398   464 I vw-vhal : CanSignalsAdapter::notifyVehicleProperty: solvedValue = {.timestamp = 10197382910547, .areaId = 0, .prop = 557851201, .status = AVAILABLE, .value = {.int32Values = [1]{0}, .floatValues = [0]{}, .int64Values = [0]{}, .bytes = [0]{}, .stringValue = ""}}
12-30 11:27:41.561   398   464 I VehiclePropertyStore: begin to write value to Store: {.timestamp = 10197382910547, .areaId = 0, .prop = 557851201, .status = AVAILABLE, .value = {.int32Values = [1]{0}, .floatValues = [0]{}, .int64Values = [0]{}, .bytes = [0]{}, .stringValue = ""}}
12-30 11:27:41.561   398   464 I DefaultVehicleHal_v2_0: DefaultVehicleHal::onPropertyValue, value:{.timestamp = 10197382910547, .areaId = 0, .prop = 557851201, .status = AVAILABLE, .value = {.int32Values = [1]{0}, .floatValues = [0]{}, .int64Values = [0]{}, .bytes = [0]{}, .stringValue = ""}}
12-30 11:27:41.561   398   464 D DiagPropHandler: is not DiagnosticConfig: 0x21402241
12-30 11:27:41.561  1547  2118 D ANWAPI  : (1547|0x6EF3FCB0)[BTAPI] currentPlayStatus=1
12-30 11:27:41.561  1547  2118 D ANWAPI  : 
12-30 11:27:41.561   398   464 I VehiclePropertyStore: begin to write value to Store: {.timestamp = 10197382910547, .areaId = 0, .prop = 557851201, .status = AVAILABLE, .value = {.int32Values = [1]{0}, .floatValues = [0]{}, .int64Values = [0]{}, .bytes = [0]{}, .stringValue = ""}}
12-30 11:27:41.561  1547  2118 I ANW bt_btif: AvrcpMsgHandler: HAL bt_rc_ctrl_callbacks->play_status_changed_cb
12-30 11:27:41.561   398   464 D adayocomadapter-CommunicationManager: onUpstreamReceive mPropertyId 0x21402241
12-30 11:27:41.561  1547  2118 I BluetoothAvrcpControllerJni: btavrcp_play_status_changed_callback
12-30 11:27:41.561   398   464 D adayocomadapter-CommunicationManager: onUpstreamReceive mPropertyId 0x21402242
12-30 11:27:41.561   398   464 D adayocomadapter-CommunicationManager: convertBytesToInt32Memcpy  0
12-30 11:27:41.561  1547  2118 D AvrcpControllerService: onPlayStatusChanged 1
12-30 11:27:41.561   398   464 I vw-vhal : notifyVehicleProperty, propId = 0x21402242, data = {status: 2, int32Values: [0]}
12-30 11:27:41.561   398   464 I vw-vhal : CanSignalsAdapter::notifyVehicleProperty: solvedValue = {.timestamp = 10197383575880, .areaId = 0, .prop = 557851202, .status = AVAILABLE, .value = {.int32Values = [1]{0}, .floatValues = [0]{}, .int64Values = [0]{}, .bytes = [0]{}, .stringValue = ""}}
12-30 11:27:41.561   398   464 I VehiclePropertyStore: begin to write value to Store: {.timestamp = 10197383575880, .areaId = 0, .prop = 557851202, .status = AVAILABLE, .value = {.int32Values = [1]{0}, .floatValues = [0]{}, .int64Values = [0]{}, .bytes = [0]{}, .stringValue = ""}}
12-30 11:27:41.561  1547  2118 D ANWAPI  : (1547|0x6EF3FCB0)[BTAPI] btsdk_exec_apicb end
12-30 11:27:41.561   398   464 I DefaultVehicleHal_v2_0: DefaultVehicleHal::onPropertyValue, value:{.timestamp = 10197383575880, .areaId = 0, .prop = 557851202, .status = AVAILABLE, .value = {.int32Values = [1]{0}, .floatValues = [0]{}, .int64Values = [0]{}, .bytes = [0]{}, .stringValue = ""}}
12-30 11:27:41.561   398   464 D DiagPropHandler: is not DiagnosticConfig: 0x21402242
12-30 11:27:41.562  1547 19344 D AvrcpControllerStateMachine: Avrcp.ConnectedAvrcpController processMessage MESSAGE_PROCESS_PLAY_POS_CHANGED
12-30 11:27:41.562   398   464 I VehiclePropertyStore: begin to write value to Store: {.timestamp = 10197383575880, .areaId = 0, .prop = 557851202, .status = AVAILABLE, .value = {.int32Values = [1]{0}, .floatValues = [0]{}, .int64Values = [0]{}, .bytes = [0]{}, .stringValue = ""}}
12-30 11:27:41.562   398   464 D adayocomadapter-CommunicationManager: onUpstreamReceive mPropertyId 0x21402242
12-30 11:27:41.562  1547 19344 D AvrcpPlayer: getPlayBackState state 2 time 172438
12-30 11:27:41.562   398   464 D adayocomadapter-CommunicationManager: onUpstreamReceive mPropertyId 0x214021e1
12-30 11:27:41.562   398   464 D adayocomadapter-CommunicationManager: convertBytesToInt32Memcpy  0
12-30 11:27:41.562  1547 19344 D BluetoothMediaBrowserService: notifyChanged PlaybackStatePlaybackState {state=2, position=172438, buffered position=0, speed=0.0, updated=10197383, actions=2375735, error code=0, error message=null, custom actions=[], active item id=-1}
12-30 11:27:41.562   398   464 I vw-vhal : notifyVehicleProperty, propId = 0x214021e1, data = {status: 2, int32Values: [0]}
12-30 11:27:41.562   398   464 I vw-vhal : CanSignalsAdapter::notifyVehicleProperty: solvedValue = {.timestamp = 10197384270213, .areaId = 0, .prop = 557851105, .status = AVAILABLE, .value = {.int32Values = [1]{0}, .floatValues = [0]{}, .int64Values = [0]{}, .bytes = [0]{}, .stringValue = ""}}
12-30 11:27:41.562   398   464 I VehiclePropertyStore: begin to write value to Store: {.timestamp = 10197384270213, .areaId = 0, .prop = 557851105, .status = AVAILABLE, .value = {.int32Values = [1]{0}, .floatValues = [0]{}, .int64Values = [0]{}, .bytes = [0]{}, .stringValue = ""}}
12-30 11:27:41.562   398   464 I DefaultVehicleHal_v2_0: DefaultVehicleHal::onPropertyValue, value:{.timestamp = 10197384270213, .areaId = 0, .prop = 557851105, .status = AVAILABLE, .value = {.int32Values = [1]{0}, .floatValues = [0]{}, .int64Values = [0]{}, .bytes = [0]{}, .stringValue = ""}}
12-30 11:27:41.562   398   464 D DiagPropHandler: is not DiagnosticConfig: 0x214021e1
12-30 11:27:41.562   398   464 I VehiclePropertyStore: begin to write value to Store: {.timestamp = 10197384270213, .areaId = 0, .prop = 557851105, .status = AVAILABLE, .value = {.int32Values = [1]{0}, .floatValues = [0]{}, .int64Values = [0]{}, .bytes = [0]{}, .stringValue = ""}}
12-30 11:27:41.562   398   464 D adayocomadapter-CommunicationManager: onUpstreamReceive mPropertyId 0x214021e1
12-30 11:27:41.562   398   464 D adayocomadapter-CommunicationManager: onUpstreamReceive mPropertyId 0x21402243
12-30 11:27:41.562   398   464 D adayocomadapter-CommunicationManager: convertBytesToInt32Memcpy  0
12-30 11:27:41.563   398   464 I vw-vhal : notifyVehicleProperty, propId = 0x21402243, data = {status: 2, int32Values: [0]}
12-30 11:27:41.563   398   464 I vw-vhal : CanSignalsAdapter::notifyVehicleProperty: solvedValue = {.timestamp = 10197384935880, .areaId = 0, .prop = 557851203, .status = AVAILABLE, .value = {.int32Values = [1]{0}, .floatValues = [0]{}, .int64Values = [0]{}, .bytes = [0]{}, .stringValue = ""}}
12-30 11:27:41.563   398   464 I VehiclePropertyStore: begin to write value to Store: {.timestamp = 10197384935880, .areaId = 0, .prop = 557851203, .status = AVAILABLE, .value = {.int32Values = [1]{0}, .floatValues = [0]{}, .int64Values = [0]{}, .bytes = [0]{}, .stringValue = ""}}
12-30 11:27:41.563   398   464 I DefaultVehicleHal_v2_0: DefaultVehicleHal::onPropertyValue, value:{.timestamp = 10197384935880, .areaId = 0, .prop = 557851203, .status = AVAILABLE, .value = {.int32Values = [1]{0}, .floatValues = [0]{}, .int64Values = [0]{}, .bytes = [0]{}, .stringValue = ""}}
12-30 11:27:41.563   398   464 D DiagPropHandler: is not DiagnosticConfig: 0x21402243
12-30 11:27:41.563   398   464 I VehiclePropertyStore: begin to write value to Store: {.timestamp = 10197384935880, .areaId = 0, .prop = 557851203, .status = AVAILABLE, .value = {.int32Values = [1]{0}, .floatValues = [0]{}, .int64Values = [0]{}, .bytes = [0]{}, .stringValue = ""}}
12-30 11:27:41.563   398   464 D adayocomadapter-CommunicationManager: onUpstreamReceive mPropertyId 0x21402243
12-30 11:27:41.563   398   464 D adayocomadapter-CommunicationManager: onUpstreamReceive mPropertyId 0x21402244
12-30 11:27:41.563   398   464 D adayocomadapter-CommunicationManager: convertBytesToInt32Memcpy  0
12-30 11:27:41.563   398   464 I vw-vhal : notifyVehicleProperty, propId = 0x21402244, data = {status: 2, int32Values: [0]}
12-30 11:27:41.563   398   464 I vw-vhal : CanSignalsAdapter::notifyVehicleProperty: solvedValue = {.timestamp = 10197385586213, .areaId = 0, .prop = 557851204, .status = AVAILABLE, .value = {.int32Values = [1]{0}, .floatValues = [0]{}, .int64Values = [0]{}, .bytes = [0]{}, .stringValue = ""}}
12-30 11:27:41.563   398   464 I VehiclePropertyStore: begin to write value to Store: {.timestamp = 10197385586213, .areaId = 0, .prop = 557851204, .status = AVAILABLE, .value = {.int32Values = [1]{0}, .floatValues = [0]{}, .int64Values = [0]{}, .bytes = [0]{}, .stringValue = ""}}
12-30 11:27:41.563   398   464 I DefaultVehicleHal_v2_0: DefaultVehicleHal::onPropertyValue, value:{.timestamp = 10197385586213, .areaId = 0, .prop = 557851204, .status = AVAILABLE, .value = {.int32Values = [1]{0}, .floatValues = [0]{}, .int64Values = [0]{}, .bytes = [0]{}, .stringValue = ""}}
12-30 11:27:41.564   398   464 D DiagPropHandler: is not DiagnosticConfig: 0x21402244
12-30 11:27:41.564   398   464 I VehiclePropertyStore: begin to write value to Store: {.timestamp = 10197385586213, .areaId = 0, .prop = 557851204, .status = AVAILABLE, .value = {.int32Values = [1]{0}, .floatValues = [0]{}, .int64Values = [0]{}, .bytes = [0]{}, .stringValue = ""}}
12-30 11:27:41.564   398   464 D adayocomadapter-CommunicationManager: onUpstreamReceive mPropertyId 0x21402244
12-30 11:27:41.564  1547 19344 D AvrcpControllerStateMachine: Avrcp.ConnectedAvrcpController processMessage MESSAGE_PROCESS_PLAY_STATUS_CHANGED
12-30 11:27:41.564   398   464 D adayocomadapter-CommunicationManager: onUpstreamReceive mPropertyId 0x21402245
12-30 11:27:41.564   398   464 D adayocomadapter-CommunicationManager: convertBytesToInt32Memcpy  0
12-30 11:27:41.564  1547 19344 D AvrcpControllerStateMachine: Playback status changed to 3
12-30 11:27:41.564   398   464 I vw-vhal : notifyVehicleProperty, propId = 0x21402245, data = {status: 2, int32Values: [0]}
12-30 11:27:41.564  1547 19344 D AvrcpPlayer: getPlayBackState state 3 time 172438
12-30 11:27:41.564   398   464 I vw-vhal : CanSignalsAdapter::notifyVehicleProperty: solvedValue = {.timestamp = 10197386280213, .areaId = 0, .prop = 557851205, .status = AVAILABLE, .value = {.int32Values = [1]{0}, .floatValues = [0]{}, .int64Values = [0]{}, .bytes = [0]{}, .stringValue = ""}}
12-30 11:27:41.564 21940 19613 D MC2ImplBase: onCustomCommand cmd=com.fawvw.mw.mediaengine.ACTION_PLAYER_POSITION_CHANGED
12-30 11:27:41.564   398   464 I VehiclePropertyStore: begin to write value to Store: {.timestamp = 10197386280213, .areaId = 0, .prop = 557851205, .status = AVAILABLE, .value = {.int32Values = [1]{0}, .floatValues = [0]{}, .int64Values = [0]{}, .bytes = [0]{}, .stringValue = ""}}
12-30 11:27:41.564  1547 19344 D BluetoothMediaBrowserService: notifyChanged PlaybackStatePlaybackState {state=3, position=172438, buffered position=0, speed=1.0, updated=10197386, actions=2375735, error code=0, error message=null, custom actions=[], active item id=-1}
12-30 11:27:41.564   398   464 I DefaultVehicleHal_v2_0: DefaultVehicleHal::onPropertyValue, value:{.timestamp = 10197386280213, .areaId = 0, .prop = 557851205, .status = AVAILABLE, .value = {.int32Values = [1]{0}, .floatValues = [0]{}, .int64Values = [0]{}, .bytes = [0]{}, .stringValue = ""}}
12-30 11:27:41.564 21940 21940 I CNS_MEDIA_BT_MUSIC__MediaClient: onCustomCommand, action: com.fawvw.mw.mediaengine.ACTION_PLAYER_POSITION_CHANGED, extra: Bundle[mParcelledData.dataSize=124]
12-30 11:27:41.564   398   464 D DiagPropHandler: is not DiagnosticConfig: 0x21402245
12-30 11:27:41.564   360   458 D EvsDriver: doneWithFrame
12-30 11:27:41.565   398   464 I VehiclePropertyStore: begin to write value to Store: {.timestamp = 10197386280213, .areaId = 0, .prop = 557851205, .status = AVAILABLE, .value = {.int32Values = [1]{0}, .floatValues = [0]{}, .int64Values = [0]{}, .bytes = [0]{}, .stringValue = ""}}
12-30 11:27:41.565   398   464 D adayocomadapter-CommunicationManager: onUpstreamReceive mPropertyId 0x21402245
12-30 11:27:41.565   398   464 D adayocomadapter-CommunicationManager: onUpstreamReceive mPropertyId 0x21402246
12-30 11:27:41.565   398   464 D adayocomadapter-CommunicationManager: convertBytesToInt32Memcpy  0
12-30 11:27:41.565   398   464 I vw-vhal : notifyVehicleProperty, propId = 0x21402246, data = {status: 2, int32Values: [0]}
12-30 11:27:41.565   398   464 I vw-vhal : CanSignalsAdapter::notifyVehicleProperty: solvedValue = {.timestamp = 10197387163547, .areaId = 0, .prop = 557851206, .status = AVAILABLE, .value = {.int32Values = [1]{0}, .floatValues = [0]{}, .int64Values = [0]{}, .bytes = [0]{}, .stringValue = ""}}
12-30 11:27:41.565   398   464 I VehiclePropertyStore: begin to write value to Store: {.timestamp = 10197387163547, .areaId = 0, .prop = 557851206, .status = AVAILABLE, .value = {.int32Values = [1]{0}, .floatValues = [0]{}, .int64Values = [0]{}, .bytes = [0]{}, .stringValue = ""}}
12-30 11:27:41.565  2045  2131 D InfotainmentBridge_Native: fireDuration
12-30 11:27:41.565   398   464 I DefaultVehicleHal_v2_0: DefaultVehicleHal::onPropertyValue, value:{.timestamp = 10197387163547, .areaId = 0, .prop = 557851206, .status = AVAILABLE, .value = {.int32Values = [1]{0}, .floatValues = [0]{}, .int64Values = [0]{}, .bytes = [0]{}, .stringValue = ""}}
12-30 11:27:41.565  2045  2131 D InfotainmentBridge_Native: fireDuration() -- source: 3
12-30 11:27:41.565   398   464 D DiagPropHandler: is not DiagnosticConfig: 0x21402246
12-30 11:27:41.565   916  2591 I MediaSessionStack: onPlaybackStateChanged - Pushing session to top | record: com.android.bluetooth/BluetoothMediaBrowserService (userId=0)
12-30 11:27:41.565   398   464 I VehiclePropertyStore: begin to write value to Store: {.timestamp = 10197387163547, .areaId = 0, .prop = 557851206, .status = AVAILABLE, .value = {.int32Values = [1]{0}, .floatValues = [0]{}, .int64Values = [0]{}, .bytes = [0]{}, .stringValue = ""}}
12-30 11:27:41.565   398   464 D adayocomadapter-CommunicationManager: onUpstreamReceive mPropertyId 0x21402246
12-30 11:27:41.565   398   464 D adayocomadapter-CommunicationManager: onUpstreamReceive mPropertyId 0x21402247
12-30 11:27:41.565   398   464 D adayocomadapter-CommunicationManager: convertBytesToInt32Memcpy  0
12-30 11:27:41.565   398   464 I vw-vhal : notifyVehicleProperty, propId = 0x21402247, data = {status: 2, int32Values: [0]}
12-30 11:27:41.565   398   464 I vw-vhal : CanSignalsAdapter::notifyVehicleProperty: solvedValue = {.timestamp = 10197387809213, .areaId = 0, .prop = 557851207, .status = AVAILABLE, .value = {.int32Values = [1]{0}, .floatValues = [0]{}, .int64Values = [0]{}, .bytes = [0]{}, .stringValue = ""}}
12-30 11:27:41.566   398   464 I VehiclePropertyStore: begin to write value to Store: {.timestamp = 10197387809213, .areaId = 0, .prop = 557851207, .status = AVAILABLE, .value = {.int32Values = [1]{0}, .floatValues = [0]{}, .int64Values = [0]{}, .bytes = [0]{}, .stringValue = ""}}
12-30 11:27:41.566   398   464 I DefaultVehicleHal_v2_0: DefaultVehicleHal::onPropertyValue, value:{.timestamp = 10197387809213, .areaId = 0, .prop = 557851207, .status = AVAILABLE, .value = {.int32Values = [1]{0}, .floatValues = [0]{}, .int64Values = [0]{}, .bytes = [0]{}, .stringValue = ""}}
12-30 11:27:41.566   398   464 D DiagPropHandler: is not DiagnosticConfig: 0x21402247
12-30 11:27:41.566  1547 19344 D AvrcpPlayer: getPlayBackState state 3 time 172438
12-30 11:27:41.566   398   464 I VehiclePropertyStore: begin to write value to Store: {.timestamp = 10197387809213, .areaId = 0, .prop = 557851207, .status = AVAILABLE, .value = {.int32Values = [1]{0}, .floatValues = [0]{}, .int64Values = [0]{}, .bytes = [0]{}, .stringValue = ""}}
12-30 11:27:41.566   398   464 D adayocomadapter-CommunicationManager: onUpstreamReceive mPropertyId 0x21402247
12-30 11:27:41.566   398   464 D adayocomadapter-CommunicationManager: onUpstreamReceive mPropertyId 0x21402248
12-30 11:27:41.566   398   464 D adayocomadapter-CommunicationManager: convertBytesToInt32Memcpy  0
12-30 11:27:41.566   398   464 I vw-vhal : notifyVehicleProperty, propId = 0x21402248, data = {status: 2, int32Values: [0]}
12-30 11:27:41.566  2045  2131 D InfotainmentBridge_Native: fireDuration() -- value_16: 172
12-30 11:27:41.567   398   464 I vw-vhal : CanSignalsAdapter::notifyVehicleProperty: solvedValue = {.timestamp = 10197388830547, .areaId = 0, .prop = 557851208, .status = AVAILABLE, .value = {.int32Values = [1]{0}, .floatValues = [0]{}, .int64Values = [0]{}, .bytes = [0]{}, .stringValue = ""}}
12-30 11:27:41.567  2425  2425 I ME_MEDIA_BTSessionPlayer: onPlaybackStateChanged: previous:1, now:2
12-30 11:27:41.567   398   464 I VehiclePropertyStore: begin to write value to Store: {.timestamp = 10197388830547, .areaId = 0, .prop = 557851208, .status = AVAILABLE, .value = {.int32Values = [1]{0}, .floatValues = [0]{}, .int64Values = [0]{}, .bytes = [0]{}, .stringValue = ""}}
12-30 11:27:41.567   398   464 I DefaultVehicleHal_v2_0: DefaultVehicleHal::onPropertyValue, value:{.timestamp = 10197388830547, .areaId = 0, .prop = 557851208, .status = AVAILABLE, .value = {.int32Values = [1]{0}, .floatValues = [0]{}, .int64Values = [0]{}, .bytes = [0]{}, .stringValue = ""}}
12-30 11:27:41.567   398   464 D DiagPropHandler: is not DiagnosticConfig: 0x21402248
12-30 11:27:41.567   398   464 I VehiclePropertyStore: begin to write value to Store: {.timestamp = 10197388830547, .areaId = 0, .prop = 557851208, .status = AVAILABLE, .value = {.int32Values = [1]{0}, .floatValues = [0]{}, .int64Values = [0]{}, .bytes = [0]{}, .stringValue = ""}}
12-30 11:27:41.567   398   464 D adayocomadapter-CommunicationManager: onUpstreamReceive mPropertyId 0x21402248
12-30 11:27:41.567   398   464 D adayocomadapter-CommunicationManager: onUpstreamReceive mPropertyId 0x21402249
12-30 11:27:41.567   398   464 D adayocomadapter-CommunicationManager: convertBytesToInt32Memcpy  0
12-30 11:27:41.567   398   464 I vw-vhal : notifyVehicleProperty, propId = 0x21402249, data = {status: 2, int32Values: [0]}
12-30 11:27:41.567   398   464 I vw-vhal : CanSignalsAdapter::notifyVehicleProperty: solvedValue = {.timestamp = 10197389552547, .areaId = 0, .prop = 557851209, .status = AVAILABLE, .value = {.int32Values = [1]{0}, .floatValues = [0]{}, .int64Values = [0]{}, .bytes = [0]{}, .stringValue = ""}}
12-30 11:27:41.567   398   464 I VehiclePropertyStore: begin to write value to Store: {.timestamp = 10197389552547, .areaId = 0, .prop = 557851209, .status = AVAILABLE, .value = {.int32Values = [1]{0}, .floatValues = [0]{}, .int64Values = [0]{}, .bytes = [0]{}, .stringValue = ""}}
12-30 11:27:41.567   398   464 I DefaultVehicleHal_v2_0: DefaultVehicleHal::onPropertyValue, value:{.timestamp = 10197389552547, .areaId = 0, .prop = 557851209, .status = AVAILABLE, .value = {.int32Values = [1]{0}, .floatValues = [0]{}, .int64Values = [0]{}, .bytes = [0]{}, .stringValue = ""}}
12-30 11:27:41.567   398   464 D DiagPropHandler: is not DiagnosticConfig: 0x21402249
12-30 11:27:41.568   398   464 I VehiclePropertyStore: begin to write value to Store: {.timestamp = 10197389552547, .areaId = 0, .prop = 557851209, .status = AVAILABLE, .value = {.int32Values = [1]{0}, .floatValues = [0]{}, .int64Values = [0]{}, .bytes = [0]{}, .stringValue = ""}}
12-30 11:27:41.568 21940 21952 D MC2ImplBase: onCustomCommand cmd=com.fawvw.mw.mediaengine.ACTION_PLAYER_STATE_CHANGED
12-30 11:27:41.568   398   464 D adayocomadapter-CommunicationManager: onUpstreamReceive mPropertyId 0x21402249
12-30 11:27:41.568   398   464 D adayocomadapter-CommunicationManager: onUpstreamReceive mPropertyId 0x2140224b
12-30 11:27:41.568   398   464 D adayocomadapter-CommunicationManager: convertBytesToInt32Memcpy  0
12-30 11:27:41.568   398   464 I vw-vhal : notifyVehicleProperty, propId = 0x2140224b, data = {status: 2, int32Values: [0]}
12-30 11:27:41.568 21940 21940 D MediaSessionMonitor: onPlaybackStateChanged: [com.android.bluetooth] state = 2
12-30 11:27:41.568   398   464 I vw-vhal : CanSignalsAdapter::notifyVehicleProperty: solvedValue = {.timestamp = 10197390216880, .areaId = 0, .prop = 557851211, .status = AVAILABLE, .value = {.int32Values = [1]{0}, .floatValues = [0]{}, .int64Values = [0]{}, .bytes = [0]{}, .stringValue = ""}}
12-30 11:27:41.568 21940 21940 D MediaSessionMonitor: updateSourcePlayState: pkg = com.android.bluetooth, state = 2
12-30 11:27:41.568   398   464 I VehiclePropertyStore: begin to write value to Store: {.timestamp = 10197390216880, .areaId = 0, .prop = 557851211, .status = AVAILABLE, .value = {.int32Values = [1]{0}, .floatValues = [0]{}, .int64Values = [0]{}, .bytes = [0]{}, .stringValue = ""}}
12-30 11:27:41.568   398   464 I DefaultVehicleHal_v2_0: DefaultVehicleHal::onPropertyValue, value:{.timestamp = 10197390216880, .areaId = 0, .prop = 557851211, .status = AVAILABLE, .value = {.int32Values = [1]{0}, .floatValues = [0]{}, .int64Values = [0]{}, .bytes = [0]{}, .stringValue = ""}}
12-30 11:27:41.568   398   464 D DiagPropHandler: is not DiagnosticConfig: 0x2140224b
12-30 11:27:41.568   398   464 I VehiclePropertyStore: begin to write value to Store: {.timestamp = 10197390216880, .areaId = 0, .prop = 557851211, .status = AVAILABLE, .value = {.int32Values = [1]{0}, .floatValues = [0]{}, .int64Values = [0]{}, .bytes = [0]{}, .stringValue = ""}}
12-30 11:27:41.568   398   464 D adayocomadapter-CommunicationManager: onUpstreamReceive mPropertyId 0x2140224b
12-30 11:27:41.568   398   464 D adayocomadapter-CommunicationManager: onUpstreamReceive mPropertyId 0x2140224d
12-30 11:27:41.568   398   464 D adayocomadapter-CommunicationManager: convertBytesToInt32Memcpy  0
12-30 11:27:41.568   398   464 I vw-vhal : notifyVehicleProperty, propId = 0x2140224d, data = {status: 2, int32Values: [0]}
12-30 11:27:41.569 21940 21940 D MediaSessionMonitor: onPlaybackStateChanged: [com.android.bluetooth] state = 3
12-30 11:27:41.569 21940 21940 I MediaSessionMonitor: onPlaybackStateChanged: active source switch to com.android.bluetooth
12-30 11:27:41.569   398   464 I vw-vhal : CanSignalsAdapter::notifyVehicleProperty: solvedValue = {.timestamp = 10197391067213, .areaId = 0, .prop = 557851213, .status = AVAILABLE, .value = {.int32Values = [1]{0}, .floatValues = [0]{}, .int64Values = [0]{}, .bytes = [0]{}, .stringValue = ""}}
12-30 11:27:41.569 21940 21940 D MediaSessionMonitor: updateSourcePlayState: pkg = com.android.bluetooth, state = 3
12-30 11:27:41.569   398   464 I VehiclePropertyStore: begin to write value to Store: {.timestamp = 10197391067213, .areaId = 0, .prop = 557851213, .status = AVAILABLE, .value = {.int32Values = [1]{0}, .floatValues = [0]{}, .int64Values = [0]{}, .bytes = [0]{}, .stringValue = ""}}
12-30 11:27:41.569 21940 21940 D SourceManager: updateActiveSourceState: state = ActiveSourceState:[pkg]=com.fawvw.hmi.btmusic, [state]=3, last activeState = ActiveSourceState:[pkg]=com.fawvw.hmi.btmusic, [state]=2
12-30 11:27:41.569   398   464 I DefaultVehicleHal_v2_0: DefaultVehicleHal::onPropertyValue, value:{.timestamp = 10197391067213, .areaId = 0, .prop = 557851213, .status = AVAILABLE, .value = {.int32Values = [1]{0}, .floatValues = [0]{}, .int64Values = [0]{}, .bytes = [0]{}, .stringValue = ""}}
12-30 11:27:41.569   398   464 D DiagPropHandler: is not DiagnosticConfig: 0x2140224d
12-30 11:27:41.569 21940 21940 I CNS_MEDIA_BT_MUSIC__MediaClient: onCustomCommand, action: com.fawvw.mw.mediaengine.ACTION_PLAYER_STATE_CHANGED, extra: Bundle[mParcelledData.dataSize=112]
12-30 11:27:41.569   398   464 I VehiclePropertyStore: begin to write value to Store: {.timestamp = 10197391067213, .areaId = 0, .prop = 557851213, .status = AVAILABLE, .value = {.int32Values = [1]{0}, .floatValues = [0]{}, .int64Values = [0]{}, .bytes = [0]{}, .stringValue = ""}}
12-30 11:27:41.569 21940 21940 I CNS_MEDIA_BT_MUSIC__MediaClient: onCustomCommand: player state changed: 2
12-30 11:27:41.569   398   464 D adayocomadapter-CommunicationManager: onUpstreamReceive mPropertyId 0x2140224d
12-30 11:27:41.569   398   464 D adayocomadapter-CommunicationManager: onUpstreamReceive mPropertyId 0x2140224f
12-30 11:27:41.569   398   464 D adayocomadapter-CommunicationManager: convertBytesToInt32Memcpy  0
12-30 11:27:41.569   398   464 I vw-vhal : notifyVehicleProperty, propId = 0x2140224f, data = {status: 2, int32Values: [0]}
12-30 11:27:41.569   398   464 I vw-vhal : CanSignalsAdapter::notifyVehicleProperty: solvedValue = {.timestamp = 10197391734880, .areaId = 0, .prop = 557851215, .status = AVAILABLE, .value = {.int32Values = [1]{0}, .floatValues = [0]{}, .int64Values = [0]{}, .bytes = [0]{}, .stringValue = ""}}
12-30 11:27:41.570   398   464 I VehiclePropertyStore: begin to write value to Store: {.timestamp = 10197391734880, .areaId = 0, .prop = 557851215, .status = AVAILABLE, .value = {.int32Values = [1]{0}, .floatValues = [0]{}, .int64Values = [0]{}, .bytes = [0]{}, .stringValue = ""}}
12-30 11:27:41.570   398   464 I DefaultVehicleHal_v2_0: DefaultVehicleHal::onPropertyValue, value:{.timestamp = 10197391734880, .areaId = 0, .prop = 557851215, .status = AVAILABLE, .value = {.int32Values = [1]{0}, .floatValues = [0]{}, .int64Values = [0]{}, .bytes = [0]{}, .stringValue = ""}}
12-30 11:27:41.570   398   464 D DiagPropHandler: is not DiagnosticConfig: 0x2140224f
12-30 11:27:41.570   398   464 I VehiclePropertyStore: begin to write value to Store: {.timestamp = 10197391734880, .areaId = 0, .prop = 557851215, .status = AVAILABLE, .value = {.int32Values = [1]{0}, .floatValues = [0]{}, .int64Values = [0]{}, .bytes = [0]{}, .stringValue = ""}}
12-30 11:27:41.570   398   464 D adayocomadapter-CommunicationManager: onUpstreamReceive mPropertyId 0x2140224f
12-30 11:27:41.570   398   464 D adayocomadapter-CommunicationManager: onUpstreamReceive mPropertyId 0x21402251
12-30 11:27:41.570   398   464 D adayocomadapter-CommunicationManager: convertBytesToInt32Memcpy  0
12-30 11:27:41.570   398   464 I vw-vhal : notifyVehicleProperty, propId = 0x21402251, data = {status: 2, int32Values: [0]}
12-30 11:27:41.570   398   464 I vw-vhal : CanSignalsAdapter::notifyVehicleProperty: solvedValue = {.timestamp = 10197392428213, .areaId = 0, .prop = 557851217, .status = AVAILABLE, .value = {.int32Values = [1]{0}, .floatValues = [0]{}, .int64Values = [0]{}, .bytes = [0]{}, .stringValue = ""}}
12-30 11:27:41.570   398   464 I VehiclePropertyStore: begin to write value to Store: {.timestamp = 10197392428213, .areaId = 0, .prop = 557851217, .status = AVAILABLE, .value = {.int32Values = [1]{0}, .floatValues = [0]{}, .int64Values = [0]{}, .bytes = [0]{}, .stringValue = ""}}
12-30 11:27:41.570 21940 21940 I CNS_MEDIA_BT_MUSIC__a: uploadData, eventId: lmPlayNewContent, data: {"songName":"未知歌曲","singerName":"未知艺术家","albumName":"未知专辑","totalTime":0,"songStatus":"新歌曲","operationType":"","source":"其他"}
12-30 11:27:41.570   398   464 I DefaultVehicleHal_v2_0: DefaultVehicleHal::onPropertyValue, value:{.timestamp = 10197392428213, .areaId = 0, .prop = 557851217, .status = AVAILABLE, .value = {.int32Values = [1]{0}, .floatValues = [0]{}, .int64Values = [0]{}, .bytes = [0]{}, .stringValue = ""}}
12-30 11:27:41.570   398   464 D DiagPropHandler: is not DiagnosticConfig: 0x21402251
12-30 11:27:41.570   398   464 I VehiclePropertyStore: begin to write value to Store: {.timestamp = 10197392428213, .areaId = 0, .prop = 557851217, .status = AVAILABLE, .value = {.int32Values = [1]{0}, .floatValues = [0]{}, .int64Values = [0]{}, .bytes = [0]{}, .stringValue = ""}}
12-30 11:27:41.570 21940 21940 D CNS_MEDIA_BT_MUSIC__c: sendMediaInfo2SDS: state = 2, item = Bundle[{android.media.metadata.ARTIST=未知艺术家, androidx.media2.metadata.BROWSABLE=1, androidx.media2.metadata.EXTRAS=Bundle[{com.mosi.mlsc.mediaengine.EXTRA_KEY_DEVICE_TYPE=5, com.mosi.mlsc.mediaengine.EXTRA_KEY_DEVICE_ID=34:10:BE:3D:C6:77}], android.media.metadata.DURATION=0, android.media.metadata.ALBUM_ART_URI=null, android.media.metadata.MEDIA_ID=MEDIA_BT_SONG_ID, android.media.metadata.ALBUM=未知专辑, android.media.metadata.TITLE=未知歌曲}]
12-30 11:27:41.570   398   464 D adayocomadapter-CommunicationManager: onUpstreamReceive mPropertyId 0x21402251
12-30 11:27:41.571   398   464 D adayocomadapter-CommunicationManager: onUpstreamReceive mPropertyId 0x21402253
12-30 11:27:41.571 21940 21940 I CNS_MEDIA_BT_MUSIC__MediaMetadataUtil: get title: 未知歌曲 and artist: 未知艺术家
12-30 11:27:41.571   398   464 D adayocomadapter-CommunicationManager: convertBytesToInt32Memcpy  0
12-30 11:27:41.571 21940 21940 I CNS_MEDIA_BT_MUSIC__MediaMetadataUtil: get title: 未知歌曲 and artist: 未知艺术家
12-30 11:27:41.571   398   464 I vw-vhal : notifyVehicleProperty, propId = 0x21402253, data = {status: 2, int32Values: [0]}
12-30 11:27:41.571   398   464 I vw-vhal : CanSignalsAdapter::notifyVehicleProperty: solvedValue = {.timestamp = 10197393068880, .areaId = 0, .prop = 557851219, .status = AVAILABLE, .value = {.int32Values = [1]{0}, .floatValues = [0]{}, .int64Values = [0]{}, .bytes = [0]{}, .stringValue = ""}}
12-30 11:27:41.571   398   464 I VehiclePropertyStore: begin to write value to Store: {.timestamp = 10197393068880, .areaId = 0, .prop = 557851219, .status = AVAILABLE, .value = {.int32Values = [1]{0}, .floatValues = [0]{}, .int64Values = [0]{}, .bytes = [0]{}, .stringValue = ""}}
12-30 11:27:41.571   398   464 I DefaultVehicleHal_v2_0: DefaultVehicleHal::onPropertyValue, value:{.timestamp = 10197393068880, .areaId = 0, .prop = 557851219, .status = AVAILABLE, .value = {.int32Values = [1]{0}, .floatValues = [0]{}, .int64Values = [0]{}, .bytes = [0]{}, .stringValue = ""}}
12-30 11:27:41.571   398   464 D DiagPropHandler: is not DiagnosticConfig: 0x21402253
12-30 11:27:41.571   398   464 I VehiclePropertyStore: begin to write value to Store: {.timestamp = 10197393068880, .areaId = 0, .prop = 557851219, .status = AVAILABLE, .value = {.int32Values = [1]{0}, .floatValues = [0]{}, .int64Values = [0]{}, .bytes = [0]{}, .stringValue = ""}}
12-30 11:27:41.571   398   464 D adayocomadapter-CommunicationManager: onUpstreamReceive mPropertyId 0x21402253
12-30 11:27:41.571 21940 21940 D SdsAdapterServiceManager: sendAppStatus:{"activeStatus":"fg","scene":"default","sceneStatus":"playing","service":"musicX","state":{"data":{"dataInfo":{"app":"BluetoothMusic","artist":"","itemid":"MEDIA_BT_SONG_ID","song":"未知歌手"}}}}
12-30 11:27:41.571   398   464 D adayocomadapter-CommunicationManager: onUpstreamReceive mPropertyId 0x21402254
12-30 11:27:41.571   398   464 D adayocomadapter-CommunicationManager: convertBytesToInt32Memcpy  0
12-30 11:27:41.571   398   464 I vw-vhal : notifyVehicleProperty, propId = 0x21402254, data = {status: 2, int32Values: [0]}
12-30 11:27:41.571   398   464 I vw-vhal : CanSignalsAdapter::notifyVehicleProperty: solvedValue = {.timestamp = 10197393705213, .areaId = 0, .prop = 557851220, .status = AVAILABLE, .value = {.int32Values = [1]{0}, .floatValues = [0]{}, .int64Values = [0]{}, .bytes = [0]{}, .stringValue = ""}}
12-30 11:27:41.571   398   464 I VehiclePropertyStore: begin to write value to Store: {.timestamp = 10197393705213, .areaId = 0, .prop = 557851220, .status = AVAILABLE, .value = {.int32Values = [1]{0}, .floatValues = [0]{}, .int64Values = [0]{}, .bytes = [0]{}, .stringValue = ""}}
12-30 11:27:41.572   398   464 I DefaultVehicleHal_v2_0: DefaultVehicleHal::onPropertyValue, value:{.timestamp = 10197393705213, .areaId = 0, .prop = 557851220, .status = AVAILABLE, .value = {.int32Values = [1]{0}, .floatValues = [0]{}, .int64Values = [0]{}, .bytes = [0]{}, .stringValue = ""}}
12-30 11:27:41.572   398   464 D DiagPropHandler: is not DiagnosticConfig: 0x21402254
12-30 11:27:41.572   398   464 I VehiclePropertyStore: begin to write value to Store: {.timestamp = 10197393705213, .areaId = 0, .prop = 557851220, .status = AVAILABLE, .value = {.int32Values = [1]{0}, .floatValues = [0]{}, .int64Values = [0]{}, .bytes = [0]{}, .stringValue = ""}}
12-30 11:27:41.572   398   464 D adayocomadapter-CommunicationManager: onUpstreamReceive mPropertyId 0x21402254
12-30 11:27:41.572   916  1847 W ActivityManager: Unable to start service Intent { act=com.iflytek.autofly.business.response pkg=com.iflytek.cutefly.speechclient.hmi (has extras) } U=0: not found
12-30 11:27:41.573 21940 21940 I CNS_MEDIA_BT_MUSIC__HMIAdapter: mDeviceType: MT_BT_Music, state: MPS_PLAYING
12-30 11:27:41.573 21845 21891 I MediaMiniApp: onPlayStateChanged MT_BT_Music ; playState = MPS_PLAYING
12-30 11:27:41.573 21845 21891 D MediaMiniApp: onPlayStateChanged!! playState = MPS_PLAYING
12-30 11:27:41.574 21845 21845 I MediaMiniApp: playStateChanged = MPS_PLAYING
12-30 11:27:41.587   360   931 D EvsDriver: forwardFrame
12-30 11:27:41.587   360   931 D EvsDriver: forwardFrameDirect
12-30 11:27:41.587   360   931 D EvsDriver: Delivered 0xb400e2ca9e40d4b0 as id 1
12-30 11:27:41.587   359  2784 D evsmanagerd: /dev/video-evs0 forwarded the buffer #1 to 0xb400f125d2b26dd0 from 0xb400f125e2b20710
12-30 11:27:41.594   596  3076 E WifiHAL : Invalid data received from driver
12-30 11:27:41.595   360   458 D EvsDriver: doneWithFrame
12-30 11:27:41.603  2358  2623 D RcfController: Rcf proxy is not connected!
12-30 11:27:41.615  1667 19384 I app_process64: [AirPlay] ### Time sync select() error: -6722/0xFFFFE5BE 
12-30 11:27:41.615  1667 19384 I app_process64: [AirPlay] Time negotiate receive error: -6722
12-30 11:27:41.620   360   931 D EvsDriver: forwardFrame
12-30 11:27:41.620   360   931 D EvsDriver: forwardFrameDirect
12-30 11:27:41.620   360   931 D EvsDriver: Delivered 0xb400e2ca9e40c2d0 as id 0
12-30 11:27:41.621   359  2784 D evsmanagerd: /dev/video-evs0 forwarded the buffer #0 to 0xb400f125d2b26dd0 from 0xb400f125e2b20710
12-30 11:27:41.625   360   458 D EvsDriver: doneWithFrame
12-30 11:27:41.626   596  3076 E WifiHAL : Invalid data received from driver
12-30 11:27:41.639  1667 19384 I app_process64: [AirPlay] Timing started - continuous=1
12-30 11:27:41.636  1667  1667 I auditd  : type=1400 audit(0.0:1139984): avc:  denied  { read } for  comm="Thread-32" name="rmem_max" dev="proc" ino=1278791 scontext=u:r:system_app:s0 tcontext=u:object_r:proc_net:s0 tclass=file permissive=1
12-30 11:27:41.636  1667  1667 I Thread-32: type=1400 audit(0.0:1139984): avc:  denied  { read } for  name="rmem_max" dev="proc" ino=1278791 scontext=u:r:system_app:s0 tcontext=u:object_r:proc_net:s0 tclass=file permissive=1
12-30 11:27:41.636  1667  1667 I auditd  : type=1400 audit(0.0:1139985): avc:  denied  { open } for  comm="Thread-32" path="/proc/sys/net/core/rmem_max" dev="proc" ino=1278791 scontext=u:r:system_app:s0 tcontext=u:object_r:proc_net:s0 tclass=file permissive=1
12-30 11:27:41.636  1667  1667 I Thread-32: type=1400 audit(0.0:1139985): avc:  denied  { open } for  path="/proc/sys/net/core/rmem_max" dev="proc" ino=1278791 scontext=u:r:system_app:s0 tcontext=u:object_r:proc_net:s0 tclass=file permissive=1
12-30 11:27:41.636  1667  1667 I auditd  : type=1400 audit(0.0:1139986): avc:  denied  { getattr } for  comm="Thread-32" path="/proc/sys/net/core/rmem_max" dev="proc" ino=1278791 scontext=u:r:system_app:s0 tcontext=u:object_r:proc_net:s0 tclass=file permissive=1
12-30 11:27:41.636  1667  1667 I Thread-32: type=1400 audit(0.0:1139986): avc:  denied  { getattr } for  path="/proc/sys/net/core/rmem_max" dev="proc" ino=1278791 scontext=u:r:system_app:s0 tcontext=u:object_r:proc_net:s0 tclass=file permissive=1
12-30 11:27:41.643  1667 19384 I app_process64: [AirPlayReceiverSessionAudio] MainHighAudio setting up AAC-LC/44100/2 for media, direction Output, loopback no
12-30 11:27:41.644  1667 20156 I app_process64: [AirPlay] [_GeneralAudioThread][Line:3357]_GeneralAudioThread start
12-30 11:27:41.645  1667 19384 I app_process64: [AudioStream] _AudioStreamSetProperty: inProperty = threadPriority 
12-30 11:27:41.645  1667 19384 I app_process64:  
12-30 11:27:41.645  1667 19384 I app_process64: [AudioStream] _AudioStreamSetProperty: inProperty = streamType 
12-30 11:27:41.645  1667 19384 I app_process64:  
12-30 11:27:41.645  1667 19384 I app_process64: [AudioStream] _AudioStreamSetProperty: inProperty = threadName 
12-30 11:27:41.645  1667 19384 I app_process64:  
12-30 11:27:41.646  1667 19384 I app_process64: [AudioStream] _AudioStreamSetProperty: inProperty = direction 
12-30 11:27:41.646  1667 19384 I app_process64:  
12-30 11:27:41.646  1667 19384 I app_process64: [AudioStream] _AudioStreamSetProperty: inProperty = audioType 
12-30 11:27:41.646  1667 19384 I app_process64:  
12-30 11:27:41.646  1667 19384 I app_process64: [AudioStream] _AudioStreamSetProperty: inValue = media 
12-30 11:27:41.646  1667 19384 I app_process64:  
12-30 11:27:41.646  1667 19384 I app_process64: [AudioStream] *** before audio player init = 0x0000FA66B0A594E4:  streamType =102 time= 10197468425882 
12-30 11:27:41.646  1667 19384 I app_process64:  
12-30 11:27:41.646  1667 19384 D CarPlayJNIProxy: [CarPlayServer.cpp](390) AudioPlayerInit Enter 
12-30 11:27:41.646  1667 19384 D CarPlayJNIProxy: [CarPlayServer.cpp](391) AudioPlayerInit libCarPlayServer.so compileDate [Nov  3 2025] [18:53:48]-----
12-30 11:27:41.646  1667 19384 D CarPlayJNIProxy: [CarPlayServer.cpp](356) getAudioDealWithType [mediaAction:AUDIO_MEDIA_ACTION_START]=======
12-30 11:27:41.646  1667 19384 D CarPlayJNIProxy: [CarPlayServer.cpp](362) getAudioDealWithType [isTelephony:0][blAudioInput:0][mediaAction:0]
12-30 11:27:41.647  1667 19384 D CarPlayJNIProxy: [CarPlayServer.cpp](363) getAudioDealWithType [streamType:102][SpeechRecognition:0][sampleRate:44100][channelsPerFrame:2]
12-30 11:27:41.647  1667 19384 D CarPlayJNIProxy: [CarPlayServer.cpp](364) getAudioDealWithType [isNormalSiriAudio:0]
12-30 11:27:41.647  1667 19384 D CarPlayJNIProxy: [CarPlayServer.cpp](369) getAudioDealWithType [dealWithType:AUDIO_DEALWITH_AUDIOTRACK]
12-30 11:27:41.647  1667 19384 I CarPlay_Service: onAudioEvent(CarPlaySDKAdapter.java:1899)onAudioEvent playAction:START volumeType:MEDIA streamType:MUSIC audioInfo:AudioInfo{streamType=3, sampleRate=44100, formatID=1819304813, formatFlags=12, bytesPerPacket=4, framesPerPacket=1, bytesPerFrame=4, channelsPerFrame=2, bitsPerChannel=16, reserved=0, length=3528}
12-30 11:27:41.647  1667 19384 D CarPlay_Service: a(CarPlaySDKAdapter.java:1785)Carplay.apk compileDate 2025-09-11
12-30 11:27:41.648  1667 19384 I CarPlay_Service: reportPlayStatus(CarAdapter.java:554)reportPlayStatus1  Action:true VolumeType: MEDIA
12-30 11:27:41.648  1667 19384 I CarPlay_Service: reportPlayStatus(CarAdapter.java:573)set isAudioSourceLoss false
12-30 11:27:41.648  1667 19384 I CarPlay_Service: reportPlayStatus(CarAdapter.java:582)reportPlayStatus2 PlayStatusArray[1]: 1
12-30 11:27:41.648  1667 19384 I CarPlay_Service: reportPlayStatus(CarAdapter.java:585)reportPlayStatus3.1 PlayStatusArray[1]: true
12-30 11:27:41.648  1667 19384 I CarPlay_Service: requestAudioSource(VehicleInfoTrans.java:815)[requestAudioSource] action:true, volumeType:1
12-30 11:27:41.648  1667 19384 I CarPlay_Service: requestAudioSource(VehicleInfoTrans.java:824)[requestAudioSource]fordCarAudioManager=null
12-30 11:27:41.649  1667 19384 D CarPlay_Service: <init>(AudioPlayer.java:34)audioDataQueue size: 200
12-30 11:27:41.649  1667 19384 I CarPlay_Service: init(AudioPlayer.java:47)AudioPlayer init
12-30 11:27:41.649  1667 19384 D CarPlayJNIProxy: [CarPlayServer.cpp](443) AudioPlayerInit Leave 
12-30 11:27:41.650  1667 19384 I app_process64: [AudioStream] *** after  audio player init = 0x0000FA66B0A594E4:  streamType =102 time= 10197471734548 
12-30 11:27:41.650  1667 19384 I app_process64:  
12-30 11:27:41.650  1667 20157 I CarPlay_Service: run(AudioPlayer.java:60)createAudioPlayer streamType: 3 sampleRate: 44100 channelsPerFrame: 2 bitsPerChannel: 16
12-30 11:27:41.650  1667 19384 I app_process64: [AirPlayReceiverSessionAudio] MainHighAudio started
12-30 11:27:41.650  1667 20158 I CarPlayJNIProxy: [CallbackToListener.cpp](84) new thread attach tid:2189397168
12-30 11:27:41.650  1667 20158 I CarPlayJNIProxy: [CallbackToListener.cpp](46) ScopedJniThreadAttach
12-30 11:27:41.651  1667 20158 D CarPlay_Service: a(CarPlaySDKAdapter.java:1667)onAudioEvent-- play interval:5 curPlaySource:0 volumeType:MEDIA isLocalSpeechActive:false Idx:1
12-30 11:27:41.651   683  1920 I APM::AudioPolicyEngine: getDevicesForStrategyInt no device found for strategy 0
12-30 11:27:41.653   360   931 D EvsDriver: forwardFrame
12-30 11:27:41.653   683  1920 I APM::AudioPolicyEngine: getDevicesForStrategyInt no device found for strategy 0
12-30 11:27:41.653   360   931 D EvsDriver: forwardFrameDirect
12-30 11:27:41.654   360   931 D EvsDriver: Delivered 0xb400e2ca9e40d090 as id 1
12-30 11:27:41.654  2358  2623 D RcfController: Rcf proxy is not connected!
12-30 11:27:41.654   359  2784 D evsmanagerd: /dev/video-evs0 forwarded the buffer #1 to 0xb400f125d2b26dd0 from 0xb400f125e2b20710
12-30 11:27:41.655   683  1920 I APM::AudioPolicyEngine: getDevicesForStrategyInt no device found for strategy 0
12-30 11:27:41.655   360   458 D EvsDriver: doneWithFrame
12-30 11:27:41.655  1667 20157 D AudioTrack: getMinFrameCount(): getMinFrameCount=3544: afFrameCount=960, afSampleRate=48000, afLatency=80
12-30 11:27:41.656  1667 20157 I CarPlay_Service: run(AudioPlayer.java:69)minBufferSize:28352
12-30 11:27:41.656  1667 20157 D CarPlay_Service: a(AudioPlayer.java:160)[createAudioTrack]audioInfo:AudioInfo{streamType=3, sampleRate=44100, formatID=1819304813, formatFlags=12, bytesPerPacket=4, framesPerPacket=1, bytesPerFrame=4, channelsPerFrame=2, bitsPerChannel=16, reserved=0, length=3528}
12-30 11:27:41.657   683  1920 I APM::AudioPolicyEngine: getDevicesForStrategyInt no device found for strategy 0
12-30 11:27:41.659   683  1920 I APM::AudioPolicyEngine: getDevicesForStrategyInt no device found for strategy 0
12-30 11:27:41.660   683  1920 I APM::AudioPolicyEngine: getDevicesForStrategyInt no device found for strategy 0
12-30 11:27:41.661  1667 20157 D AudioTrack: getMinFrameCount(): getMinFrameCount=3544: afFrameCount=960, afSampleRate=48000, afLatency=80
12-30 11:27:41.661  1667 20157 D AudioAttributes: setUsage->1
12-30 11:27:41.661  1667 20157 D AudioTrack: set(): streamType -1, sampleRate 44100, format 0x1, channelMask 0x3, frameCount 14176, flags 0, notificationFrames 0, sessionId 0, transferType 3, uid 1000, pid 1667
12-30 11:27:41.661  1667 20157 D AudioTrack: set(): Building AudioTrack with attributes: usage=1 content=2 flags=0xa00 tags=[]
12-30 11:27:41.664  2475  2681 I TtsServiceAgent: check thread start checking, threadId = 29
12-30 11:27:41.664  2475  2681 D TtsServiceAgent: start bind service...
12-30 11:27:41.664  2475  2681 D TtsServiceAgent: ----->initService, usage = 16
12-30 11:27:41.664  2475  2681 W ContextImpl: Calling a method in the system process without a qualified user: android.app.ContextImpl.bindService:1988 android.content.ContextWrapper.bindService:861 com.iflytek.autofly.ttsaidl.ttsproxy.TtsServiceAgent.initService:189 com.iflytek.autofly.ttsaidl.ttsproxy.TtsServiceAgent.initService:133 com.iflytek.autofly.ttsaidl.ttsproxy.TtsServiceAgent$2.run:517 
12-30 11:27:41.665   916  2591 W ActivityManager: Unable to start service Intent { act=com.iflytek.autofly.tts.ttsservice.TtsAdapterService cmp=com.iflytek.cutefly.speechclient.hmi/com.iflytek.autofly.tts.ttsservice.TtsAdapterService } U=0: not found
12-30 11:27:41.666  2475  2681 D TtsServiceAgent: bindService: false
12-30 11:27:41.666  2475  2681 D TtsServiceAgent: start reInitService
12-30 11:27:41.666  2475  2681 D TtsServiceAgent: aidlCheckThreadRunning = true
12-30 11:27:41.666  2475  2681 D TtsServiceAgent: ----->check connection status in 1000s...
12-30 11:27:41.669   683  1920 D APM_AudioPolicyManager: getOutputForAttrInt hq--->16777216    bus0_media_out    3     3
12-30 11:27:41.669   683  1920 W AudioFlinger: createTrack_l(): mismatch between requested flags (00000008) and output flags (00000002)
12-30 11:27:41.670   683  1920 D AudioFlinger: Client defaulted notificationFrames to 7088 for frameCount 14176
12-30 11:27:41.684  1667 20157 D AudioTrack: start(191): prior state:STATE_STOPPED
12-30 11:27:41.685   916   916 D AudioPlayerStateMonitor: Found a new active media playback. AudioPlaybackConfiguration piid:1239 deviceId:0 type:android.media.AudioTrack u/pid:1000/1667 state:started attr:AudioAttributes: usage=USAGE_MEDIA content=CONTENT_TYPE_MUSIC flags=0xA00 tags= bundle=null sessionId:1225 mutedState:none  FormatInfo{isSpatialized=false, channelMask=0x0, sampleRate=0}
12-30 11:27:41.686   683  1920 I APM::AudioPolicyEngine: getDevicesForStrategyInt no device found for strategy 0
12-30 11:27:41.686   916   916 D MediaRouterService: onAudioPlayerActiveStateChanged: uid=1000, active=true, restoreUid=1000
12-30 11:27:41.686   916   916 D MediaSessionService: Audio playback is changed, config=AudioPlaybackConfiguration piid:1239 deviceId:0 type:android.media.AudioTrack u/pid:1000/1667 state:started attr:AudioAttributes: usage=USAGE_MEDIA content=CONTENT_TYPE_MUSIC flags=0xA00 tags= bundle=null sessionId:1225 mutedState:none  FormatInfo{isSpatialized=false, channelMask=0x0, sampleRate=0}, removed=false       playState = 2    usage = 1
12-30 11:27:41.687   360   931 D EvsDriver: forwardFrame
12-30 11:27:41.687   360   931 D EvsDriver: forwardFrameDirect
12-30 11:27:41.687   360   931 D EvsDriver: Delivered 0xb400e2ca9e40e110 as id 0
12-30 11:27:41.687   359  2784 D evsmanagerd: /dev/video-evs0 forwarded the buffer #0 to 0xb400f125d2b26dd0 from 0xb400f125e2b20710
12-30 11:27:41.688   916   916 W ContextImpl: Calling a method in the system process without a qualified user: android.app.ContextImpl.sendBroadcast:1220 com.android.server.media.MediaSessionService.lambda$onStart$0:205 com.android.server.media.MediaSessionService.$r8$lambda$qhw4JSWDto_5EGuRWq2JfFSIdD4:0 com.android.server.media.MediaSessionService$$ExternalSyntheticLambda0.onAudioPlayerActiveStateChanged:0 com.android.server.media.AudioPlayerStateMonitor$MessageHandler.handleMessage:78 
12-30 11:27:41.688   596  3076 E WifiHAL : Invalid data received from driver
12-30 11:27:41.689   916   916 D MediaSessionStack: updateMediaButtonSessionIfNeeded, callers=com.android.server.media.MediaSessionService.lambda$onStart$0:216 com.android.server.media.MediaSessionService.$r8$lambda$qhw4JSWDto_5EGuRWq2JfFSIdD4:0 
12-30 11:27:41.690   916   916 D MediaSessionStack: updateMediaButtonSessionIfNeeded, checking uid=1000, mediaButtonSession=com.fawvw.mw.mediaengine/androidx.media2.session.id.com.fawvw.hmi.btmusic (userId=0), ignoreButtonSession=false
12-30 11:27:41.690   683  1920 I APM::AudioPolicyEngine: getDevicesForStrategyInt no device found for strategy 3
12-30 11:27:41.690   916   916 D MediaRouter: onRestoreRoute() : route=RouteInfo{ name=平板电脑, description=null, status=null, category=RouteCategory{ name=系统 types=ROUTE_TYPE_LIVE_AUDIO ROUTE_TYPE_LIVE_VIDEO  groupable=false }, supportedTypes=ROUTE_TYPE_LIVE_AUDIO ROUTE_TYPE_LIVE_VIDEO , presentationDisplay=null }
12-30 11:27:41.691  1365  1365 I CarAudioLogCAR.AUDIO: playPauseReceiver---> Intent { act=com.adayo.playPauseAction flg=0x10 }
12-30 11:27:41.691  1365  1365 I CarAudioLog: in fawvw_isFixedGroupsMuted-->0
12-30 11:27:41.691   683  1920 I APM::AudioPolicyEngine: getDevicesForStrategyInt no device found for strategy 1
12-30 11:27:41.692   683  1920 I APM::AudioPolicyEngine: getDevicesForStrategyInt no device found for strategy 2
12-30 11:27:41.693   683  1920 I APM::AudioPolicyEngine: getDevicesForStrategyInt no device found for strategy 5
12-30 11:27:41.693   683  1920 I APM::AudioPolicyEngine: getDevicesForStrategyInt no device found for strategy 7
12-30 11:27:41.694   683  1920 I APM::AudioPolicyEngine: getDevicesForStrategyInt no device found for strategy 3
12-30 11:27:41.694   683  1920 I APM::AudioPolicyEngine: getDevicesForStrategyInt no device found for strategy 0
12-30 11:27:41.695   683  1920 I APM::AudioPolicyEngine: getDevicesForStrategyInt no device found for strategy 4
12-30 11:27:41.695   683  1920 I APM::AudioPolicyEngine: getDevicesForStrategyInt no device found for strategy 9
12-30 11:27:41.696   360   458 D EvsDriver: doneWithFrame
12-30 11:27:41.696   683  1920 I APM::AudioPolicyEngine: getDevicesForStrategyInt no device found for strategy 6
12-30 11:27:41.697   683  1920 I APM::AudioPolicyEngine: getDevicesForStrategyInt no device found for strategy 8
