12-30 11:27:42.623  1547  2118 D ANWStack: [  10198445][ANWBT] l2_fcrt_set_retran_timer! timeout 70 (unit in 100ms), retxTo 7000
12-30 11:27:42.623  1547  2118 D ANWStack: 
12-30 11:27:42.623  1547  2118 D ANWAPI  : (1547|0x6EF3FCB0)[BTAPI] <<<<_anwbt_AVRCP_CA_GetContinue 0
12-30 11:27:42.623  1547  2118 D ANWAPI  : (1547|0x6EF3FCB0)[BTAPI] AnwhciEventCallback 19 1
12-30 11:27:42.624   360   458 D EvsDriver: doneWithFrame
12-30 11:27:42.624  1547  2118 D ANWAPI  : (1547|0x6EF3FCB0)[BTAPI] AnwhciEventCallback 19 1
12-30 11:27:42.625  1547  2118 D ANWAPI  : (1547|0x6EF3FCB0)[BTAPI] AnwhciEventCallback 19 1
12-30 11:27:42.635  1547  2118 D ANWAPI  : (1547|0x6EF3FCB0)[BTAPI] AnwhciEventCallback 19 1
12-30 11:27:42.646  1547  2118 D ANW_AVRCP: (1547|0x6EF3FCB0)[AVRCP] API getPlayStatusTimerHandler
12-30 11:27:42.646  1547  2118 D ANW_AVRCP: (1547|0x6EF3FCB0)[AVRCP] API AVRCP_GetPlayStatus
12-30 11:27:42.646  1547  2118 D ANWStack: [  10198468][ANWBT] <<Avctp_Send_Message 0/1:
12-30 11:27:42.646  1547  2118 D ANWStack: 
12-30 11:27:42.646  1547  2118 D ANWStack: [  10198468][ANWBT] L2CAP: L2_RetrieveHandle called, cid=0x83
12-30 11:27:42.646  1547  2118 D ANWStack: 
12-30 11:27:42.653   360   931 D EvsDriver: forwardFrame
12-30 11:27:42.653   360   931 D EvsDriver: forwardFrameDirect
12-30 11:27:42.653   360   931 D EvsDriver: Delivered 0xb400e2ca9e40d090 as id 1
12-30 11:27:42.653   359  2784 D evsmanagerd: /dev/video-evs0 forwarded the buffer #1 to 0xb400f125d2b26dd0 from 0xb400f125e2b20710
12-30 11:27:42.654   360   458 D EvsDriver: doneWithFrame
12-30 11:27:42.658  2358  2623 D RcfController: Rcf proxy is not connected!
12-30 11:27:42.661  1547  2118 D ANWStack: [  10198483][ANWBT] Rx: FCRT: I-frame,sar 1, reqseq 11, final 0, txseq 50
12-30 11:27:42.661  1547  2118 D ANWStack: 
12-30 11:27:42.661  1547  2118 D ANWStack: [  10198483][ANWBT] CheckTxSeqStatus: expected_tx_seq 50, txseq 50
12-30 11:27:42.661  1547  2118 D ANWStack: 
12-30 11:27:42.661  1547  2118 D ANWStack: [  10198483][ANWBT] l2_fcrt_rx_state_recv: TXSEQ_EXPECTED
12-30 11:27:42.661  1547  2118 D ANWStack: 
12-30 11:27:42.661  1547  2118 D ANWStack: [  10198483][ANWBT] l2_fcrt_process_reqseq: unacked num 1, reqseq 11, expected_ack_seq 10
12-30 11:27:42.661  1547  2118 D ANWStack: 
12-30 11:27:42.661  1547  2118 D ANWStack: [  10198483][ANWBT] l2_fcrt_process_reqseq: unacked num 1, expected_ack_seq 10
12-30 11:27:42.661  1547  2118 D ANWStack: 
12-30 11:27:42.661  1547  2118 D ANWStack: [  10198483][ANWBT] l2_fcrt_send_ack: unacked num 1
12-30 11:27:42.661  1547  2118 D ANWStack: 
12-30 11:27:42.661  1547  2118 D ANWStack: [  10198483][ANWBT] l2_reassemble_sdu: SAR Start, psm 0x1009, sdu_len 2405, len 662
12-30 11:27:42.661  1547  2118 D ANWStack: 
12-30 11:27:42.661  1547  2118 D ANWStack: [  10198483][ANWBT] l2_fcrt_ack_timeout_handler: unacked num 1
12-30 11:27:42.661  1547  2118 D ANWStack: 
12-30 11:27:42.662  1547  2118 D ANWStack: [  10198483][ANWBT]    0x0000:  01 33 02 D1                                      .3..
12-30 11:27:42.662  1547  2118 D ANWStack: 
12-30 11:27:42.662  1547  2118 D ANWStack: [  10198483][ANWBT] l2_fcrt_send_rr_or_rnr: sup 0, reqseq 51, poll 0, final 0
12-30 11:27:42.662  1547  2118 D ANWStack: 
12-30 11:27:42.663  1547  2118 D ANWAPI  : (1547|0x6EF3FCB0)[BTAPI] AnwhciEventCallback 19 1
12-30 11:27:42.666  2475  2681 I TtsServiceAgent: check thread start checking, threadId = 29
12-30 11:27:42.666  2475  2681 D TtsServiceAgent: start bind service...
12-30 11:27:42.666  2475  2681 D TtsServiceAgent: ----->initService, usage = 16
12-30 11:27:42.666   650   729 D fgemcucomm: sd Uart data : 6AA6023E2B00029202FF
12-30 11:27:42.666  2475  2681 W ContextImpl: Calling a method in the system process without a qualified user: android.app.ContextImpl.bindService:1988 android.content.ContextWrapper.bindService:861 com.iflytek.autofly.ttsaidl.ttsproxy.TtsServiceAgent.initService:189 com.iflytek.autofly.ttsaidl.ttsproxy.TtsServiceAgent.initService:133 com.iflytek.autofly.ttsaidl.ttsproxy.TtsServiceAgent$2.run:517 
12-30 11:27:42.666   650   729 D fgemcucomm: rev uart=84231,len=14, data : 6AA6813E2B00069202000B000071
12-30 11:27:42.667   398   466 D adayocomadapter-ParseProtocolFunc: printRaWMsg Name[MCUToUPstream recv] len[6] data[9202000B0000]
12-30 11:27:42.667   398   466 D adayocomadapter-CommunicationManager: onUpstreamback   member[0] dataLength[3] timePoint[10198488]
12-30 11:27:42.667   398   466 D adayocomadapter-ParseProtocolFunc: printRaWMsg Name[onUpstreamback] len[3] data[0B0000]
12-30 11:27:42.667   398   464 D adayocomadapter-UpstreamHandler: processBeforePacket upSreamtProcessTimePoint[10198489] 
12-30 11:27:42.667   398   464 D adayocomadapter-UpstreamHandler: processPacket UPSTREAM_QUEUE_DATA_TIMEOUT
12-30 11:27:42.667   398   464 D adayocomadapter-ParseProtocolFunc: parseCommonIPCLBytes Processing tableNumber[11]
12-30 11:27:42.667   398   464 D adayocomadapter-ParseProtocolFunc: parseCommonIPCLBytes Processing tablename[Table-11] tableSize[3]
12-30 11:27:42.667   398   464 D adayocomadapter-ParseProtocolFunc: printRaWMsg Name[byteStream recv] len[3] data[0B0000]
12-30 11:27:42.667   398   464 D adayocomadapter-ParseProtocolFunc: printRaWMsg Name[IPCLtoVHAL] len[7] data[2140200B000000]
12-30 11:27:42.667   916  1847 W ActivityManager: Unable to start service Intent { act=com.iflytek.autofly.tts.ttsservice.TtsAdapterService cmp=com.iflytek.cutefly.speechclient.hmi/com.iflytek.autofly.tts.ttsservice.TtsAdapterService } U=0: not found
12-30 11:27:42.667   398   464 D adayocomadapter-CommunicationManager: onUpstreamReceive mPropertyId 0x2140200b
12-30 11:27:42.667   398   464 D adayocomadapter-CommunicationManager: convertBytesToInt32Memcpy  0
12-30 11:27:42.667   398   464 I vw-vhal : notifyVehicleProperty, propId = 0x2140200b, data = {status: 2, int32Values: [0]}
12-30 11:27:42.667   398   464 I vw-vhal : CanSignalsAdapter::notifyVehicleProperty: solvedValue = {.timestamp = 10198489263547, .areaId = 0, .prop = 557850635, .status = AVAILABLE, .value = {.int32Values = [1]{0}, .floatValues = [0]{}, .int64Values = [0]{}, .bytes = [0]{}, .stringValue = ""}}
12-30 11:27:42.667   398   464 I VehiclePropertyStore: begin to write value to Store: {.timestamp = 10198489263547, .areaId = 0, .prop = 557850635, .status = AVAILABLE, .value = {.int32Values = [1]{0}, .floatValues = [0]{}, .int64Values = [0]{}, .bytes = [0]{}, .stringValue = ""}}
12-30 11:27:42.667   398   464 I DefaultVehicleHal_v2_0: DefaultVehicleHal::onPropertyValue, value:{.timestamp = 10198489263547, .areaId = 0, .prop = 557850635, .status = AVAILABLE, .value = {.int32Values = [1]{0}, .floatValues = [0]{}, .int64Values = [0]{}, .bytes = [0]{}, .stringValue = ""}}
12-30 11:27:42.667   398   464 D DiagPropHandler: is not DiagnosticConfig: 0x2140200b
12-30 11:27:42.667   398   464 I VehiclePropertyStore: begin to write value to Store: {.timestamp = 10198489263547, .areaId = 0, .prop = 557850635, .status = AVAILABLE, .value = {.int32Values = [1]{0}, .floatValues = [0]{}, .int64Values = [0]{}, .bytes = [0]{}, .stringValue = ""}}
12-30 11:27:42.667  2475  2681 D TtsServiceAgent: bindService: false
12-30 11:27:42.667   398   464 D adayocomadapter-CommunicationManager: onUpstreamReceive mPropertyId 0x2140200b
12-30 11:27:42.667  2475  2681 D TtsServiceAgent: start reInitService
12-30 11:27:42.667  2475  2681 D TtsServiceAgent: aidlCheckThreadRunning = true
12-30 11:27:42.667  2475  2681 D TtsServiceAgent: ----->check connection status in 1000s...
12-30 11:27:42.668  1547  2118 D ANWAPI  : (1547|0x6EF3FCB0)[BTAPI] AnwhciEventCallback 19 1
12-30 11:27:42.686   360   931 D EvsDriver: forwardFrame
12-30 11:27:42.686   360   931 D EvsDriver: forwardFrameDirect
12-30 11:27:42.687   360   931 D EvsDriver: Delivered 0xb400e2ca9e40e110 as id 0
12-30 11:27:42.687   359  2784 D evsmanagerd: /dev/video-evs0 forwarded the buffer #0 to 0xb400f125d2b26dd0 from 0xb400f125e2b20710
12-30 11:27:42.690   596  3076 E WifiHAL : Invalid data received from driver
12-30 11:27:42.694   360   458 D EvsDriver: doneWithFrame
12-30 11:27:42.701  1547  2118 D ANWStack: [  10198523][ANWBT] Rx: FCRT: I-frame,sar 3, reqseq 11, final 0, txseq 51
12-30 11:27:42.701  1547  2118 D ANWStack: 
12-30 11:27:42.701  1547  2118 D ANWStack: [  10198523][ANWBT] CheckTxSeqStatus: expected_tx_seq 51, txseq 51
12-30 11:27:42.701  1547  2118 D ANWStack: 
12-30 11:27:42.701  1547  2118 D ANWStack: [  10198523][ANWBT] l2_fcrt_rx_state_recv: TXSEQ_EXPECTED
12-30 11:27:42.701  1547  2118 D ANWStack: 
12-30 11:27:42.701  1547  2118 D ANWStack: [  10198523][ANWBT] l2_fcrt_process_reqseq: unacked num 0, reqseq 11, expected_ack_seq 11
12-30 11:27:42.701  1547  2118 D ANWStack: 
12-30 11:27:42.701  1547  2118 D ANWStack: [  10198523][ANWBT] l2_fcrt_send_ack: unacked num 1
12-30 11:27:42.701  1547  2118 D ANWStack: 
12-30 11:27:42.701  1547  2118 D ANWStack: [  10198523][ANWBT] l2_reassemble_sdu: SAR Cont, psm 0x1009, len 664
12-30 11:27:42.701  1547  2118 D ANWStack: 
12-30 11:27:42.701  1547  2118 D ANWStack: [  10198523][ANWBT] l2_fcrt_ack_timeout_handler: unacked num 1
12-30 11:27:42.701  1547  2118 D ANWStack: 
12-30 11:27:42.702  1547  2118 D ANWStack: [  10198523][ANWBT]    0x0000:  01 34 43 13                                      .4C.
12-30 11:27:42.702  1547  2118 D ANWStack: 
12-30 11:27:42.702  1547  2118 D ANWStack: [  10198523][ANWBT] l2_fcrt_send_rr_or_rnr: sup 0, reqseq 52, poll 0, final 0
12-30 11:27:42.702  1547  2118 D ANWStack: 
12-30 11:27:42.708  2358  2623 D RcfController: Rcf proxy is not connected!
12-30 11:27:42.710  1547  2118 D ANWAPI  : (1547|0x6EF3FCB0)[BTAPI] AnwhciEventCallback 19 1
12-30 11:27:42.716  1547  2118 D ANWStack: [  10198538][ANWBT] Rx: FCRT: I-frame,sar 3, reqseq 11, final 0, txseq 52
12-30 11:27:42.716  1547  2118 D ANWStack: 
12-30 11:27:42.716  1547  2118 D ANWStack: [  10198538][ANWBT] CheckTxSeqStatus: expected_tx_seq 52, txseq 52
12-30 11:27:42.716  1547  2118 D ANWStack: 
12-30 11:27:42.716  1547  2118 D ANWStack: [  10198538][ANWBT] l2_fcrt_rx_state_recv: TXSEQ_EXPECTED
12-30 11:27:42.716  1547  2118 D ANWStack: 
12-30 11:27:42.716  1547  2118 D ANWStack: [  10198538][ANWBT] l2_fcrt_process_reqseq: unacked num 0, reqseq 11, expected_ack_seq 11
12-30 11:27:42.716  1547  2118 D ANWStack: 
12-30 11:27:42.716  1547  2118 D ANWStack: [  10198538][ANWBT] l2_fcrt_send_ack: unacked num 1
12-30 11:27:42.716  1547  2118 D ANWStack: 
12-30 11:27:42.716  1547  2118 D ANWStack: [  10198538][ANWBT] l2_reassemble_sdu: SAR Cont, psm 0x1009, len 664
12-30 11:27:42.716  1547  2118 D ANWStack: 
12-30 11:27:42.716  1547  2118 D ANWStack: [  10198538][ANWBT] l2_fcrt_ack_timeout_handler: unacked num 1
12-30 11:27:42.716  1547  2118 D ANWStack: 
12-30 11:27:42.716  1547  2118 D ANWStack: [  10198538][ANWBT]    0x0000:  01 35 82 D3                                      .5..
12-30 11:27:42.716  1547  2118 D ANWStack: 
12-30 11:27:42.716  1547  2118 D ANWStack: [  10198538][ANWBT] l2_fcrt_send_rr_or_rnr: sup 0, reqseq 53, poll 0, final 0
12-30 11:27:42.716  1547  2118 D ANWStack: 
12-30 11:27:42.717   650   729 D fgemcucomm: sd Uart data : 6AA6023E2C00029202FE
12-30 11:27:42.717   650   729 D fgemcucomm: rev uart=84232,len=19, data : 6AA6813E2C000B9202000F0000000000000067
12-30 11:27:42.717   398   466 D adayocomadapter-ParseProtocolFunc: printRaWMsg Name[MCUToUPstream recv] len[11] data[9202000F00000000000000]
12-30 11:27:42.717   398   466 D adayocomadapter-CommunicationManager: onUpstreamback   member[0] dataLength[8] timePoint[10198539]
12-30 11:27:42.717   398   466 D adayocomadapter-ParseProtocolFunc: printRaWMsg Name[onUpstreamback] len[8] data[0F00000000000000]
12-30 11:27:42.717   398   464 D adayocomadapter-UpstreamHandler: processBeforePacket upSreamtProcessTimePoint[10198539] 
12-30 11:27:42.717   398   464 D adayocomadapter-UpstreamHandler: processPacket UPSTREAM_QUEUE_DATA_TIMEOUT
12-30 11:27:42.717   398   464 D adayocomadapter-ParseProtocolFunc: parseCommonIPCLBytes Processing tableNumber[15]
12-30 11:27:42.717   398   464 D adayocomadapter-ParseProtocolFunc: parseCommonIPCLBytes Processing tablename[Table-15] tableSize[8]
12-30 11:27:42.717   398   464 D adayocomadapter-ParseProtocolFunc: printRaWMsg Name[byteStream recv] len[8] data[0F00000000000000]
12-30 11:27:42.717   398   464 D adayocomadapter-ParseProtocolFunc: printRaWMsg Name[IPCLtoVHAL] len[6] data[214020F30000]
12-30 11:27:42.717   398   464 D adayocomadapter-ParseProtocolFunc: printRaWMsg Name[IPCLtoVHAL] len[6] data[214020F40000]
12-30 11:27:42.717   398   464 D adayocomadapter-ParseProtocolFunc: printRaWMsg Name[IPCLtoVHAL] len[6] data[214020F50000]
12-30 11:27:42.717   398   464 D adayocomadapter-ParseProtocolFunc: printRaWMsg Name[IPCLtoVHAL] len[6] data[214020F60000]
12-30 11:27:42.717   398   464 D adayocomadapter-ParseProtocolFunc: printRaWMsg Name[IPCLtoVHAL] len[6] data[214020F70000]
12-30 11:27:42.717   398   464 D adayocomadapter-ParseProtocolFunc: printRaWMsg Name[IPCLtoVHAL] len[6] data[214020F80000]
12-30 11:27:42.717   398   464 D adayocomadapter-ParseProtocolFunc: printRaWMsg Name[IPCLtoVHAL] len[6] data[214020F90000]
12-30 11:27:42.717   398   464 D adayocomadapter-CommunicationManager: onUpstreamReceive mPropertyId 0x214020f3
12-30 11:27:42.717   398   464 D adayocomadapter-CommunicationManager: convertBytesToInt32Memcpy  0
12-30 11:27:42.717   398   464 I vw-vhal : notifyVehicleProperty, propId = 0x214020f3, data = {status: 2, int32Values: [0]}
12-30 11:27:42.717   398   464 I vw-vhal : CanSignalsAdapter::notifyVehicleProperty: solvedValue = {.timestamp = 10198539694880, .areaId = 0, .prop = 557850867, .status = AVAILABLE, .value = {.int32Values = [1]{0}, .floatValues = [0]{}, .int64Values = [0]{}, .bytes = [0]{}, .stringValue = ""}}
12-30 11:27:42.717   398   464 I VehiclePropertyStore: begin to write value to Store: {.timestamp = 10198539694880, .areaId = 0, .prop = 557850867, .status = AVAILABLE, .value = {.int32Values = [1]{0}, .floatValues = [0]{}, .int64Values = [0]{}, .bytes = [0]{}, .stringValue = ""}}
12-30 11:27:42.717   398   464 I DefaultVehicleHal_v2_0: DefaultVehicleHal::onPropertyValue, value:{.timestamp = 10198539694880, .areaId = 0, .prop = 557850867, .status = AVAILABLE, .value = {.int32Values = [1]{0}, .floatValues = [0]{}, .int64Values = [0]{}, .bytes = [0]{}, .stringValue = ""}}
12-30 11:27:42.717   398   464 D DiagPropHandler: is not DiagnosticConfig: 0x214020f3
12-30 11:27:42.717   398   464 I VehiclePropertyStore: begin to write value to Store: {.timestamp = 10198539694880, .areaId = 0, .prop = 557850867, .status = AVAILABLE, .value = {.int32Values = [1]{0}, .floatValues = [0]{}, .int64Values = [0]{}, .bytes = [0]{}, .stringValue = ""}}
12-30 11:27:42.718   398   464 D adayocomadapter-CommunicationManager: onUpstreamReceive mPropertyId 0x214020f3
12-30 11:27:42.718   398   464 D adayocomadapter-CommunicationManager: onUpstreamReceive mPropertyId 0x214020f4
12-30 11:27:42.718   398   464 D adayocomadapter-CommunicationManager: convertBytesToInt32Memcpy  0
12-30 11:27:42.718   398   464 I vw-vhal : notifyVehicleProperty, propId = 0x214020f4, data = {status: 2, int32Values: [0]}
12-30 11:27:42.718   398   464 I vw-vhal : CanSignalsAdapter::notifyVehicleProperty: solvedValue = {.timestamp = 10198539940213, .areaId = 0, .prop = 557850868, .status = AVAILABLE, .value = {.int32Values = [1]{0}, .floatValues = [0]{}, .int64Values = [0]{}, .bytes = [0]{}, .stringValue = ""}}
12-30 11:27:42.718   398   464 I VehiclePropertyStore: begin to write value to Store: {.timestamp = 10198539940213, .areaId = 0, .prop = 557850868, .status = AVAILABLE, .value = {.int32Values = [1]{0}, .floatValues = [0]{}, .int64Values = [0]{}, .bytes = [0]{}, .stringValue = ""}}
12-30 11:27:42.718   398   464 I DefaultVehicleHal_v2_0: DefaultVehicleHal::onPropertyValue, value:{.timestamp = 10198539940213, .areaId = 0, .prop = 557850868, .status = AVAILABLE, .value = {.int32Values = [1]{0}, .floatValues = [0]{}, .int64Values = [0]{}, .bytes = [0]{}, .stringValue = ""}}
12-30 11:27:42.718   398   464 D DiagPropHandler: is not DiagnosticConfig: 0x214020f4
12-30 11:27:42.718   398   464 I VehiclePropertyStore: begin to write value to Store: {.timestamp = 10198539940213, .areaId = 0, .prop = 557850868, .status = AVAILABLE, .value = {.int32Values = [1]{0}, .floatValues = [0]{}, .int64Values = [0]{}, .bytes = [0]{}, .stringValue = ""}}
12-30 11:27:42.718   398   464 D adayocomadapter-CommunicationManager: onUpstreamReceive mPropertyId 0x214020f4
12-30 11:27:42.718   398   464 D adayocomadapter-CommunicationManager: onUpstreamReceive mPropertyId 0x214020f5
12-30 11:27:42.718   398   464 D adayocomadapter-CommunicationManager: convertBytesToInt32Memcpy  0
12-30 11:27:42.718   398   464 I vw-vhal : notifyVehicleProperty, propId = 0x214020f5, data = {status: 2, int32Values: [0]}
12-30 11:27:42.718   398   464 I vw-vhal : CanSignalsAdapter::notifyVehicleProperty: solvedValue = {.timestamp = 10198540185547, .areaId = 0, .prop = 557850869, .status = AVAILABLE, .value = {.int32Values = [1]{0}, .floatValues = [0]{}, .int64Values = [0]{}, .bytes = [0]{}, .stringValue = ""}}
12-30 11:27:42.718   398   464 I VehiclePropertyStore: begin to write value to Store: {.timestamp = 10198540185547, .areaId = 0, .prop = 557850869, .status = AVAILABLE, .value = {.int32Values = [1]{0}, .floatValues = [0]{}, .int64Values = [0]{}, .bytes = [0]{}, .stringValue = ""}}
12-30 11:27:42.718   398   464 I DefaultVehicleHal_v2_0: DefaultVehicleHal::onPropertyValue, value:{.timestamp = 10198540185547, .areaId = 0, .prop = 557850869, .status = AVAILABLE, .value = {.int32Values = [1]{0}, .floatValues = [0]{}, .int64Values = [0]{}, .bytes = [0]{}, .stringValue = ""}}
12-30 11:27:42.718   398   464 D DiagPropHandler: is not DiagnosticConfig: 0x214020f5
12-30 11:27:42.718   398   464 I VehiclePropertyStore: begin to write value to Store: {.timestamp = 10198540185547, .areaId = 0, .prop = 557850869, .status = AVAILABLE, .value = {.int32Values = [1]{0}, .floatValues = [0]{}, .int64Values = [0]{}, .bytes = [0]{}, .stringValue = ""}}
12-30 11:27:42.718   398   464 D adayocomadapter-CommunicationManager: onUpstreamReceive mPropertyId 0x214020f5
12-30 11:27:42.718   398   464 D adayocomadapter-CommunicationManager: onUpstreamReceive mPropertyId 0x214020f6
12-30 11:27:42.718   398   464 D adayocomadapter-CommunicationManager: convertBytesToInt32Memcpy  0
12-30 11:27:42.718   398   464 I vw-vhal : notifyVehicleProperty, propId = 0x214020f6, data = {status: 2, int32Values: [0]}
12-30 11:27:42.718   398   464 I vw-vhal : CanSignalsAdapter::notifyVehicleProperty: solvedValue = {.timestamp = 10198540379880, .areaId = 0, .prop = 557850870, .status = AVAILABLE, .value = {.int32Values = [1]{0}, .floatValues = [0]{}, .int64Values = [0]{}, .bytes = [0]{}, .stringValue = ""}}
12-30 11:27:42.718   398   464 I VehiclePropertyStore: begin to write value to Store: {.timestamp = 10198540379880, .areaId = 0, .prop = 557850870, .status = AVAILABLE, .value = {.int32Values = [1]{0}, .floatValues = [0]{}, .int64Values = [0]{}, .bytes = [0]{}, .stringValue = ""}}
12-30 11:27:42.718   398   464 I DefaultVehicleHal_v2_0: DefaultVehicleHal::onPropertyValue, value:{.timestamp = 10198540379880, .areaId = 0, .prop = 557850870, .status = AVAILABLE, .value = {.int32Values = [1]{0}, .floatValues = [0]{}, .int64Values = [0]{}, .bytes = [0]{}, .stringValue = ""}}
12-30 11:27:42.718   398   464 D DiagPropHandler: is not DiagnosticConfig: 0x214020f6
12-30 11:27:42.718   398   464 I VehiclePropertyStore: begin to write value to Store: {.timestamp = 10198540379880, .areaId = 0, .prop = 557850870, .status = AVAILABLE, .value = {.int32Values = [1]{0}, .floatValues = [0]{}, .int64Values = [0]{}, .bytes = [0]{}, .stringValue = ""}}
12-30 11:27:42.718   398   464 D adayocomadapter-CommunicationManager: onUpstreamReceive mPropertyId 0x214020f6
12-30 11:27:42.718   398   464 D adayocomadapter-CommunicationManager: onUpstreamReceive mPropertyId 0x214020f7
12-30 11:27:42.718   398   464 D adayocomadapter-CommunicationManager: convertBytesToInt32Memcpy  0
12-30 11:27:42.718   398   464 I vw-vhal : notifyVehicleProperty, propId = 0x214020f7, data = {status: 2, int32Values: [0]}
12-30 11:27:42.718   398   464 I vw-vhal : CanSignalsAdapter::notifyVehicleProperty: solvedValue = {.timestamp = 10198540578213, .areaId = 0, .prop = 557850871, .status = AVAILABLE, .value = {.int32Values = [1]{0}, .floatValues = [0]{}, .int64Values = [0]{}, .bytes = [0]{}, .stringValue = ""}}
12-30 11:27:42.718   398   464 I VehiclePropertyStore: begin to write value to Store: {.timestamp = 10198540578213, .areaId = 0, .prop = 557850871, .status = AVAILABLE, .value = {.int32Values = [1]{0}, .floatValues = [0]{}, .int64Values = [0]{}, .bytes = [0]{}, .stringValue = ""}}
12-30 11:27:42.718   398   464 I DefaultVehicleHal_v2_0: DefaultVehicleHal::onPropertyValue, value:{.timestamp = 10198540578213, .areaId = 0, .prop = 557850871, .status = AVAILABLE, .value = {.int32Values = [1]{0}, .floatValues = [0]{}, .int64Values = [0]{}, .bytes = [0]{}, .stringValue = ""}}
12-30 11:27:42.718   398   464 D DiagPropHandler: is not DiagnosticConfig: 0x214020f7
12-30 11:27:42.718   398   464 I VehiclePropertyStore: begin to write value to Store: {.timestamp = 10198540578213, .areaId = 0, .prop = 557850871, .status = AVAILABLE, .value = {.int32Values = [1]{0}, .floatValues = [0]{}, .int64Values = [0]{}, .bytes = [0]{}, .stringValue = ""}}
12-30 11:27:42.718   398   464 D adayocomadapter-CommunicationManager: onUpstreamReceive mPropertyId 0x214020f7
12-30 11:27:42.718   398   464 D adayocomadapter-CommunicationManager: onUpstreamReceive mPropertyId 0x214020f8
12-30 11:27:42.718   398   464 D adayocomadapter-CommunicationManager: convertBytesToInt32Memcpy  0
12-30 11:27:42.718   398   464 I vw-vhal : notifyVehicleProperty, propId = 0x214020f8, data = {status: 2, int32Values: [0]}
12-30 11:27:42.718   398   464 I vw-vhal : CanSignalsAdapter::notifyVehicleProperty: solvedValue = {.timestamp = 10198540763213, .areaId = 0, .prop = 557850872, .status = AVAILABLE, .value = {.int32Values = [1]{0}, .floatValues = [0]{}, .int64Values = [0]{}, .bytes = [0]{}, .stringValue = ""}}
12-30 11:27:42.718   398   464 I VehiclePropertyStore: begin to write value to Store: {.timestamp = 10198540763213, .areaId = 0, .prop = 557850872, .status = AVAILABLE, .value = {.int32Values = [1]{0}, .floatValues = [0]{}, .int64Values = [0]{}, .bytes = [0]{}, .stringValue = ""}}
12-30 11:27:42.718   398   464 I DefaultVehicleHal_v2_0: DefaultVehicleHal::onPropertyValue, value:{.timestamp = 10198540763213, .areaId = 0, .prop = 557850872, .status = AVAILABLE, .value = {.int32Values = [1]{0}, .floatValues = [0]{}, .int64Values = [0]{}, .bytes = [0]{}, .stringValue = ""}}
12-30 11:27:42.718   398   464 D DiagPropHandler: is not DiagnosticConfig: 0x214020f8
12-30 11:27:42.719   398   464 I VehiclePropertyStore: begin to write value to Store: {.timestamp = 10198540763213, .areaId = 0, .prop = 557850872, .status = AVAILABLE, .value = {.int32Values = [1]{0}, .floatValues = [0]{}, .int64Values = [0]{}, .bytes = [0]{}, .stringValue = ""}}
12-30 11:27:42.719   398   464 D adayocomadapter-CommunicationManager: onUpstreamReceive mPropertyId 0x214020f8
12-30 11:27:42.719   398   464 D adayocomadapter-CommunicationManager: onUpstreamReceive mPropertyId 0x214020f9
12-30 11:27:42.719   398   464 D adayocomadapter-CommunicationManager: convertBytesToInt32Memcpy  0
12-30 11:27:42.719   398   464 I vw-vhal : notifyVehicleProperty, propId = 0x214020f9, data = {status: 2, int32Values: [0]}
12-30 11:27:42.719   398   464 I vw-vhal : CanSignalsAdapter::notifyVehicleProperty: solvedValue = {.timestamp = 10198540955880, .areaId = 0, .prop = 557850873, .status = AVAILABLE, .value = {.int32Values = [1]{0}, .floatValues = [0]{}, .int64Values = [0]{}, .bytes = [0]{}, .stringValue = ""}}
12-30 11:27:42.719   398   464 I VehiclePropertyStore: begin to write value to Store: {.timestamp = 10198540955880, .areaId = 0, .prop = 557850873, .status = AVAILABLE, .value = {.int32Values = [1]{0}, .floatValues = [0]{}, .int64Values = [0]{}, .bytes = [0]{}, .stringValue = ""}}
12-30 11:27:42.719   398   464 I DefaultVehicleHal_v2_0: DefaultVehicleHal::onPropertyValue, value:{.timestamp = 10198540955880, .areaId = 0, .prop = 557850873, .status = AVAILABLE, .value = {.int32Values = [1]{0}, .floatValues = [0]{}, .int64Values = [0]{}, .bytes = [0]{}, .stringValue = ""}}
12-30 11:27:42.719   398   464 D DiagPropHandler: is not DiagnosticConfig: 0x214020f9
12-30 11:27:42.719   398   464 I VehiclePropertyStore: begin to write value to Store: {.timestamp = 10198540955880, .areaId = 0, .prop = 557850873, .status = AVAILABLE, .value = {.int32Values = [1]{0}, .floatValues = [0]{}, .int64Values = [0]{}, .bytes = [0]{}, .stringValue = ""}}
12-30 11:27:42.719   398   464 D adayocomadapter-CommunicationManager: onUpstreamReceive mPropertyId 0x214020f9
12-30 11:27:42.720   360   931 D EvsDriver: forwardFrame
12-30 11:27:42.720   360   931 D EvsDriver: forwardFrameDirect
12-30 11:27:42.720   360   931 D EvsDriver: Delivered 0xb400e2ca9e40c7a0 as id 1
12-30 11:27:42.720   359  2784 D evsmanagerd: /dev/video-evs0 forwarded the buffer #1 to 0xb400f125d2b26dd0 from 0xb400f125e2b20710
12-30 11:27:42.722  1547  2118 D ANWStack: [  10198544][ANWBT] Rx: FCRT: I-frame,sar 2, reqseq 11, final 0, txseq 53
12-30 11:27:42.722  1547  2118 D ANWStack: 
12-30 11:27:42.722  1547  2118 D ANWStack: [  10198544][ANWBT] CheckTxSeqStatus: expected_tx_seq 53, txseq 53
12-30 11:27:42.722  1547  2118 D ANWStack: 
12-30 11:27:42.722  1547  2118 D ANWStack: [  10198544][ANWBT] l2_fcrt_rx_state_recv: TXSEQ_EXPECTED
12-30 11:27:42.722  1547  2118 D ANWStack: 
12-30 11:27:42.722  1547  2118 D ANWStack: [  10198544][ANWBT] l2_fcrt_process_reqseq: unacked num 0, reqseq 11, expected_ack_seq 11
12-30 11:27:42.722  1547  2118 D ANWStack: 
12-30 11:27:42.722  1547  2118 D ANWStack: [  10198544][ANWBT] l2_fcrt_send_ack: unacked num 1
12-30 11:27:42.722  1547  2118 D ANWStack: 
12-30 11:27:42.722  1547  2118 D ANWStack: [  10198544][ANWBT] l2_reassemble_sdu: SAR End, psm 0x1009, cur len 415, total len 2405
12-30 11:27:42.722  1547  2118 D ANWStack: 
12-30 11:27:42.722  1547  2118 D ANW_OBEX: >>>>>Obex_L2cap_DataHandler
12-30 11:27:42.722  1547  2118 D ANW_OBEX: (12)OBEX-TAL Client received 2405 from peer:
12-30 11:27:42.722  1547  2118 D ANW_AVRCP: sqc test bip_data_handler length=2405
12-30 11:27:42.722  1547  2118 D ANW_AVRCP: sqc test bip_data_handler data[0]=0xa0
12-30 11:27:42.722  1547  2118 D ANW_AVRCP: sqc test bip_data_handler data[2404]=0xd9
12-30 11:27:42.722  1547  2118 D ANW_AVRCP: sqc test bip_data_handler body_Length3=2405
12-30 11:27:42.722  1547  2118 D ANWAPI  : (1547|0x6EF3FCB0)[BTAPI] btsdk_bipc_message_handler h=0xb400fa682e331df0 messageId=0x6605 status=3 data=0xb400fa678e326ca8 length=2405
12-30 11:27:42.722  1547  2118 D ANWAPI  : (1547|0x6EF3FCB0)[BTAPI] BIPC_GET_IMG_IND:
12-30 11:27:42.722  1547  2118 D ANWAPI  : (1547|0x6EF3FCB0)[BTAPI] ===BTAPI_MallocIdxMsg 1156 2408
12-30 11:27:42.722  1547  2118 D ANWAPI  : (1547|0x6EF3FCB0)[BTAPI] sqc test btsdk_bipc_message_handler BIPC_GET_IMG_IND length=2405
12-30 11:27:42.722  1547  2118 D ANWAPI  : (1547|0x6EF3FCB0)[BTAPI] sqc test btsdk_bipc_message_handler BIPC_GET_IMG_IND data[0]=0xa0
12-30 11:27:42.722  1547  2118 D ANWAPI  : (1547|0x6EF3FCB0)[BTAPI] sqc test btsdk_bipc_message_handler BIPC_GET_IMG_IND data[2404]=0xd9
12-30 11:27:42.722  1547  2118 D ANWStack: [  10198544][ANWBT] l2_fcrt_ack_timeout_handler: unacked num 1
12-30 11:27:42.722  1547  2118 D ANWStack: 
12-30 11:27:42.722  1547  2118 D ANWStack: [  10198544][ANWBT]    0x0000:  01 36 C2 D2                                      .6..
12-30 11:27:42.722  1547  2118 D ANWStack: 
12-30 11:27:42.722  1547  2118 D ANWStack: [  10198544][ANWBT] l2_fcrt_send_rr_or_rnr: sup 0, reqseq 54, poll 0, final 0
12-30 11:27:42.722  1547  2118 D ANWStack: 
12-30 11:27:42.722  1547  2118 D ANWAPI  : (1547|0x6EF3FCB0)[BTAPI] *BT_CB_Dispatch
12-30 11:27:42.722  1547  2118 D ANWAPI  : (1547|0x6EF3FCB0)[BTAPI] *****SDK callback(0x484)
12-30 11:27:42.722  1547  2118 D ANWAPI  : (1547|0x6EF3FCB0)[BTAPI] SDK***** [34:10:be:3d:c6:77][161483109]
12-30 11:27:42.722  1547  2118 D ANWAPI  : (1547|0x6EF3FCB0)[BTAPI] btsdk_exec_apicb start
12-30 11:27:42.722  1547  2118 D ANWAPI  : (1547|0x6EF3FCB0)[BTAPI] Up: AvrcpMsgHandler receive[34:10:BE:3D:C6:77], Get Device ID(0)
12-30 11:27:42.722  1547  2118 D ANWAPI  : 
12-30 11:27:42.722  1547  2118 D ANWAPI  : (1547|0x6EF3FCB0)[BTAPI] Up: AnWBT_AVRCP_CA_GET_IMAGE_CFM size = 2405
12-30 11:27:42.722  1547  2118 D ANWAPI  : 
12-30 11:27:42.722  1547  2118 D ANWAPI  : (1547|0x6EF3FCB0)[BTAPI] Up: AnWBT_AVRCP_CA_GET_IMAGE_CFM data[0] = 0xa0
12-30 11:27:42.722  1547  2118 D ANWAPI  : 
12-30 11:27:42.722  1547  2118 D ANWAPI  : (1547|0x6EF3FCB0)[BTAPI] Up: AnWBT_AVRCP_CA_GET_IMAGE_CFM data[0] = 0xd9
12-30 11:27:42.722  1547  2118 D ANWAPI  : 
12-30 11:27:42.723  1547  2118 I ANWAPI  : on_l2cap_data_ind: 2405
12-30 11:27:42.723  1547  2118 D ANW bt_btif: btsock_thread_add_fd, fd:213, type:3 flags:2, user_id:4
12-30 11:27:42.723  1547  2118 D ANW bt_btif: adding fd:213, flags:0x2
12-30 11:27:42.723  1547  2118 D ANWAPI  : (1547|0x6EF3FCB0)[BTAPI] btsdk_exec_apicb end
12-30 11:27:42.723  1547  1845 D ANW bt_btif: cmd.id:3
12-30 11:27:42.723  1547  1845 E ANW bt_btif: add_poll, fd:213
12-30 11:27:42.723  1547  1845 E ANW bt_btif: set_poll, fd:213, flags:7
12-30 11:27:42.723  1547  1845 D ANW bt_btif: need_process_data_fd: 0
12-30 11:27:42.723  1547  1845 D ANW bt_btif: run prepare_poll_fds
12-30 11:27:42.723  1547  1845 D ANW bt_btif: poll fd:91
12-30 11:27:42.723  1547  1845 D ANW bt_btif: poll fd:127
12-30 11:27:42.723  1547  1845 D ANW bt_btif: poll fd:129
12-30 11:27:42.723  1547  1845 D ANW bt_btif: poll fd:141
12-30 11:27:42.723  1547  1845 D ANW bt_btif: poll fd:142
12-30 11:27:42.723  1547  1845 D ANW bt_btif: poll fd:195
12-30 11:27:42.723  1547  1845 D ANW bt_btif: poll fd:213
12-30 11:27:42.723  1547  1845 D ANW bt_btif: need_process_data_fd: 1
12-30 11:27:42.723  1547  1845 D ANW bt_btif: print poll event:4 =  POLLOUT
12-30 11:27:42.723  1547  2118 D ANWAPI  : (1547|0x6EF3FCB0)[BTAPI] AnwhciEventCallback 19 1
12-30 11:27:42.723  1547  1845 E ANW bt_btif: remove_poll, flags:2!
12-30 11:27:42.723  1547  1845 I ANW bt_btif: btsock_signaled(), fd(213), type(3), flags(2), user_id(4), AnW
12-30 11:27:42.723  1547  1845 I ANWAPI  : run btsock_l2cap_signaled 0x2
12-30 11:27:42.723  1547  1845 I ANWAPI  : flush_incoming_que_on_wr_signal_l
12-30 11:27:42.723  1547  1845 I ANWAPI  : flush_incoming_que_on_wr_signal_l len=2405
12-30 11:27:42.723  1547  1845 D ANW bt_btif: run prepare_poll_fds
12-30 11:27:42.723  1547  1845 D ANW bt_btif: poll fd:91
12-30 11:27:42.723  1547  1845 D ANW bt_btif: poll fd:127
12-30 11:27:42.723  1547  1845 D ANW bt_btif: poll fd:129
12-30 11:27:42.723  1547  1845 D ANW bt_btif: poll fd:141
12-30 11:27:42.723  1547  1845 D ANW bt_btif: poll fd:142
12-30 11:27:42.723  1547  1845 D ANW bt_btif: poll fd:195
12-30 11:27:42.723  1547  1845 D ANW bt_btif: poll fd:213
12-30 11:27:42.724  1547 19356 D avrcpcontroller.BipRequest: Response GetImage - handle:1000012, image: com.android.bluetooth.avrcpcontroller.BipImage@af63b40
12-30 11:27:42.724  1547 19356 D avrcpcontroller.BipRequest: GET final response code is '160'
12-30 11:27:42.724  1547 19356 D AvrcpBipClient: [XX:XX:XX:XX:C6:77] Notifying caller of request complete - avrcpcontroller.BipRequest (type: 1, mResponseCode: 160)
12-30 11:27:42.724  1547 19356 D AvrcpCoverArtManager: XX:XX:XX:XX:C6:77: Received image data for handle: 1000012, uuid: d129a1a0-7bce-42e2-b583-79beb8abaec5, image: com.android.bluetooth.avrcpcontroller.BipImage@af63b40
12-30 11:27:42.724  1547 19356 D AvrcpCoverArtStorage: Storing image 'd129a1a0-7bce-42e2-b583-79beb8abaec5' from device XX:XX:XX:XX:C6:77
12-30 11:27:42.724  1547 19356 D AvrcpCoverArtProvider: getImageUri -> content://com.android.bluetooth.avrcpcontroller.AvrcpCoverArtProvider?device=34%3A10%3ABE%3A3D%3AC6%3A77&uuid=d129a1a0-7bce-42e2-b583-79beb8abaec5
12-30 11:27:42.725   360   458 D EvsDriver: doneWithFrame
12-30 11:27:42.725  1547 19356 D AvrcpCoverArtStorage: Image 'd129a1a0-7bce-42e2-b583-79beb8abaec5' stored for device 'XX:XX:XX:XX:C6:77'
12-30 11:27:42.725  1547 19356 D AvrcpControllerService: Image downloaded [device: XX:XX:XX:XX:C6:77, uuid: d129a1a0-7bce-42e2-b583-79beb8abaec5, uri: content://com.android.bluetooth.avrcpcontroller.AvrcpCoverArtProvider?device=34%3A10%3ABE%3A3D%3AC6%3A77&uuid=d129a1a0-7bce-42e2-b583-79beb8abaec5
12-30 11:27:42.725  1547 19356 D AvrcpBipClient: [XX:XX:XX:XX:C6:77] Completed request - avrcpcontroller.BipRequest (type: 1, mResponseCode: 160)
12-30 11:27:42.725  1547 19344 D AvrcpControllerStateMachine: Avrcp.ConnectedAvrcpController processMessage MESSAGE_PROCESS_IMAGE_DOWNLOADED
12-30 11:27:42.725  1547 19344 D AvrcpControllerStateMachine: Received image for d129a1a0-7bce-42e2-b583-79beb8abaec5 at content://com.android.bluetooth.avrcpcontroller.AvrcpCoverArtProvider?device=34%3A10%3ABE%3A3D%3AC6%3A77&uuid=d129a1a0-7bce-42e2-b583-79beb8abaec5
12-30 11:27:42.725  1547 19344 D AvrcpPlayer: Got an image download -- uuid=d129a1a0-7bce-42e2-b583-79beb8abaec5, uri=content://com.android.bluetooth.avrcpcontroller.AvrcpCoverArtProvider?device=34%3A10%3ABE%3A3D%3AC6%3A77&uuid=d129a1a0-7bce-42e2-b583-79beb8abaec5
12-30 11:27:42.725  1547 19344 D AvrcpPlayer: Image UUID 'd129a1a0-7bce-42e2-b583-79beb8abaec5' was added to current track.
12-30 11:27:42.725  1547 19344 D BluetoothMediaBrowserService: trackChanged setMetadata=AvrcpItem{mUuid=5e8334a5-8eab-466d-bda8-ec23a0a1bf03, mUid=0, mItemType=3, mType=0, mDisplayableName=null, mTitle=恋人 · 李荣浩 mPlayingTime=275911 mTrack=0/0, mPlayable=false, mBrowsable=false, mCoverArtHandle=1000012, mImageUuid=d129a1a0-7bce-42e2-b583-79beb8abaec5, mImageUricontent://com.android.bluetooth.avrcpcontroller.AvrcpCoverArtProvider?device=34%3A10%3ABE%3A3D%3AC6%3A77&uuid=d129a1a0-7bce-42e2-b583-79beb8abaec5}
12-30 11:27:42.727  1547 19344 D BrowseTree: Received downloaded image handle to cascade to BrowseNodes using it
12-30 11:27:42.729  1547  2889 D A2dpSinkService: getDevicesMatchingConnectionStates[2]
12-30 11:27:42.729  1547  2889 D A2dpSinkService: Device: XX:XX:XX:XX:C6:77State: 2
12-30 11:27:42.729  1547  2889 D A2dpSinkService: Device: XX:XX:XX:XX:F8:60State: 0
12-30 11:27:42.729  1547  2889 D A2dpSinkService: Device: XX:XX:XX:XX:8D:47State: 0
12-30 11:27:42.729  1547  2889 D A2dpSinkService: [XX:XX:XX:XX:C6:77]
12-30 11:27:42.729  1547  2889 D A2dpSinkService: GetDevicesDone
12-30 11:27:42.729  1547  2118 D ANWStack: [  10198551][ANWBT] >>Avctp_L2cap_Data_Ind_Cb
12-30 11:27:42.729  1547  2118 D ANWStack: 
12-30 11:27:42.729  1547  2118 D ANWStack: [  10198551][ANWBT] AVCTP Message Length = 22
12-30 11:27:42.729  1547  2118 D ANWStack: [  10198551][ANWBT] Receive AVCTP_SINGLE_PACKET
12-30 11:27:42.729  1547  2118 D ANW_AVRCP: (1547|0x6EF3FCB0)[AVRCP] [**AVRCP**] 0x02 0x110e
12-30 11:27:42.729  1547  2118 D ANW_AVRCP: (1547|0x6EF3FCB0)[AVRCP] opcode match 0x0
12-30 11:27:42.729  1547  2118 D ANW_AVRCP: 
12-30 11:27:42.729  1547  2118 D ANW_AVRCP: (1547|0x6EF3FCB0)[AVRCP] subopcode match 0x30, update ctype 0x1->0xc
12-30 11:27:42.729  1547  2118 D ANW_AVRCP: 
12-30 11:27:42.729  1547  2118 D ANW_AVRCP: (1547|0x6EF3FCB0)[AVRCP] AVRCP_Packet_Parser Response
12-30 11:27:42.729  1547  2118 D ANW_AVRCP: 
12-30 11:27:42.729  1547  2118 D ANW_AVRCP: (1547|0x6EF3FCB0)[AVRCP] AVRCP_Get_Play_Status_RSP_Handler 173555/275911 1
12-30 11:27:42.729  1547  2118 D ANWAPI  : (1547|0x6EF3FCB0)[BTAPI] connmgr_find_by_handle pData = 0xb400fa68ee34c5e0,7
12-30 11:27:42.729  1547  2118 D ANWAPI  : (1547|0x6EF3FCB0)[BTAPI] ===BTAPI_MallocIdxMsg 1030 16
12-30 11:27:42.729  1547  2118 D ANWAPI  : (1547|0x6EF3FCB0)[BTAPI] *BT_CB_Dispatch
12-30 11:27:42.729  1547  2118 D ANWAPI  : (1547|0x6EF3FCB0)[BTAPI] *****SDK callback(0x406)
12-30 11:27:42.729  1547  2118 D ANWAPI  : (1547|0x6EF3FCB0)[BTAPI] SDK***** [34:10:be:3d:c6:77][0]
12-30 11:27:42.729  1547  2118 D ANWAPI  : (1547|0x6EF3FCB0)[BTAPI] btsdk_exec_apicb start
12-30 11:27:42.729  1547  2118 D ANWAPI  : (1547|0x6EF3FCB0)[BTAPI] Up: AvrcpMsgHandler receive[34:10:BE:3D:C6:77], Get Device ID(0)
12-30 11:27:42.729  1547  2118 D ANWAPI  : 
12-30 11:27:42.729  1547  2118 D ANWAPI  : (1547|0x6EF3FCB0)[BTAPI] Up: AnWBT_AVRCP_CURRENT_PLAY_STATUS_IND
12-30 11:27:42.729  1547  2118 D ANWAPI  : 
12-30 11:27:42.729  1547  2118 D ANWAPI  : (1547|0x6EF3FCB0)[BTAPI] songLengthMs     =275911
12-30 11:27:42.729  1547  2118 D ANWAPI  : 
12-30 11:27:42.729  1547  2118 D ANWAPI  : (1547|0x6EF3FCB0)[BTAPI] songPositionMs   =173555
12-30 11:27:42.729  1547  2118 D ANWAPI  : 
12-30 11:27:42.729  1547  2118 I ANW bt_btif: AvrcpMsgHandler: HAL bt_rc_ctrl_callbacks->play_position_changed_cb
12-30 11:27:42.729  1547  2118 I BluetoothAvrcpControllerJni: btavrcp_play_position_changed_callback
12-30 11:27:42.730  1547  2118 D AvrcpControllerService: onPlayPositionChanged pos 173555
12-30 11:27:42.730  1547  2118 D ANWAPI  : (1547|0x6EF3FCB0)[BTAPI] currentPlayStatus=1
12-30 11:27:42.730  1547  2118 D ANWAPI  : 
12-30 11:27:42.730  1547  2118 I ANW bt_btif: AvrcpMsgHandler: HAL bt_rc_ctrl_callbacks->play_status_changed_cb
12-30 11:27:42.730  1547  2118 I BluetoothAvrcpControllerJni: btavrcp_play_status_changed_callback
12-30 11:27:42.730  1547 19344 D AvrcpControllerStateMachine: Avrcp.ConnectedAvrcpController processMessage MESSAGE_PROCESS_PLAY_POS_CHANGED
12-30 11:27:42.730  1547  2118 D AvrcpControllerService: onPlayStatusChanged 1
12-30 11:27:42.730  1547 19344 D AvrcpPlayer: getPlayBackState state 3 time 173555
12-30 11:27:42.730  1547  2118 D ANWAPI  : (1547|0x6EF3FCB0)[BTAPI] btsdk_exec_apicb end
12-30 11:27:42.730  1547 19344 D BluetoothMediaBrowserService: notifyChanged PlaybackStatePlaybackState {state=3, position=173555, buffered position=0, speed=1.0, updated=10198552, actions=2375735, error code=0, error message=null, custom actions=[], active item id=-1}
12-30 11:27:42.730  1547 19344 D AvrcpControllerStateMachine: Avrcp.ConnectedAvrcpController processMessage MESSAGE_PROCESS_PLAY_STATUS_CHANGED
12-30 11:27:42.731  1547 19344 D AvrcpControllerStateMachine: Playback status changed to 3
12-30 11:27:42.731  1547 19344 D AvrcpPlayer: getPlayBackState state 3 time 173555
12-30 11:27:42.731  1547 19344 D BluetoothMediaBrowserService: notifyChanged PlaybackStatePlaybackState {state=3, position=173555, buffered position=0, speed=1.0, updated=10198552, actions=2375735, error code=0, error message=null, custom actions=[], active item id=-1}
12-30 11:27:42.731 21940 21940 D MediaSessionMonitor: onPlaybackStateChanged: [com.android.bluetooth] state = 3
12-30 11:27:42.731 21940 21940 D MediaSessionMonitor: updateSourcePlayState: pkg = com.android.bluetooth, state = 3
12-30 11:27:42.731  1547 19344 D AvrcpPlayer: getPlayBackState state 3 time 173555
12-30 11:27:42.731 21940 21940 D MediaSessionMonitor: onPlaybackStateChanged: [com.android.bluetooth] state = 3
12-30 11:27:42.731 21940 21940 D MediaSessionMonitor: updateSourcePlayState: pkg = com.android.bluetooth, state = 3
12-30 11:27:42.731  1547  2889 D A2dpSinkService: getDevicesMatchingConnectionStates[2]
12-30 11:27:42.731  1547  2889 D A2dpSinkService: Device: XX:XX:XX:XX:C6:77State: 2
12-30 11:27:42.731  1547  2889 D A2dpSinkService: Device: XX:XX:XX:XX:F8:60State: 0
12-30 11:27:42.732  1547  2889 D A2dpSinkService: Device: XX:XX:XX:XX:8D:47State: 0
12-30 11:27:42.732  1547  2889 D A2dpSinkService: [XX:XX:XX:XX:C6:77]
12-30 11:27:42.732  1547  2889 D A2dpSinkService: GetDevicesDone
12-30 11:27:42.732  2425  2425 D ME_MEDIA_BTSessionPlayer: onMetadataChanged, mMediaItem: MediaItem{Media Id=MEDIA_BT_SONG_ID, mMetadata=Bundle[{android.media.metadata.ARTIST=却还会再一遍一遍一遍又一遍听下来, androidx.media2.metadata.BROWSABLE=1, androidx.media2.metadata.EXTRAS=Bundle[{com.mosi.mlsc.mediaengine.EXTRA_KEY_DEVICE_TYPE=5, com.mosi.mlsc.mediaengine.EXTRA_KEY_DEVICE_ID=34:10:BE:3D:C6:77}], android.media.metadata.DURATION=275911, android.media.metadata.ALBUM_ART_URI=content://com.android.bluetooth.avrcpcontroller.AvrcpCoverArtProvider?device=34%3A10%3ABE%3A3D%3AC6%3A77&uuid=d129a1a0-7bce-42e2-b583-79beb8abaec5, android.media.metadata.MEDIA_ID=MEDIA_BT_SONG_ID, android.media.metadata.ALBUM=未知专辑, android.media.metadata.TITLE=恋人 · 李荣浩}], mStartPositionMs=0, mEndPositionMs=576460752303423487}
12-30 11:27:42.733  1547  2118 D ANWAPI  : (1547|0x6EF3FCB0)[BTAPI] AnwhciEventCallback 19 1
12-30 11:27:42.733 21940 21952 D MC2ImplBase: onCustomCommand cmd=com.fawvw.mw.mediaengine.ACTION_MEDIA_STATE_CHANGED
12-30 11:27:42.733 21940 21940 I CNS_MEDIA_BT_MUSIC__MediaClient: onCustomCommand, action: com.fawvw.mw.mediaengine.ACTION_MEDIA_STATE_CHANGED, extra: Bundle[mParcelledData.dataSize=1800]
12-30 11:27:42.733 21940 21952 D MC2ImplBase: onCustomCommand cmd=com.fawvw.mw.mediaengine.ACTION_PLAYER_POSITION_CHANGED
12-30 11:27:42.734 21940 21940 D CNS_MEDIA_BT_MUSIC__c: sendMediaInfo2SDS: state = 2, item = Bundle[mParcelledData.dataSize=1284]
12-30 11:27:42.734 21940 21940 I CNS_MEDIA_BT_MUSIC__MediaMetadataUtil: get title: 恋人 · 李荣浩 and artist: 却还会再一遍一遍一遍又一遍听下来
12-30 11:27:42.734 21940 21940 I CNS_MEDIA_BT_MUSIC__MediaMetadataUtil: get title: 恋人 · 李荣浩 and artist: 却还会再一遍一遍一遍又一遍听下来
12-30 11:27:42.734 21940 21940 D CNS_MEDIA_BT_MUSIC__c: notifyCurrentMediaItemChanged: isActive = true, item = MediaItem{Media Id=MEDIA_BT_SONG_ID, mMetadata=Bundle[{android.media.metadata.ARTIST=却还会再一遍一遍一遍又一遍听下来, androidx.media2.metadata.BROWSABLE=1, androidx.media2.metadata.EXTRAS=Bundle[mParcelledData.dataSize=252], android.media.metadata.DURATION=275911, android.media.metadata.ALBUM_ART_URI=content://com.android.bluetooth.avrcpcontroller.AvrcpCoverArtProvider?device=34%3A10%3ABE%3A3D%3AC6%3A77&uuid=d129a1a0-7bce-42e2-b583-79beb8abaec5, android.media.metadata.MEDIA_ID=MEDIA_BT_SONG_ID, android.media.metadata.ALBUM=未知专辑, android.media.metadata.TITLE=恋人 · 李荣浩}], mStartPositionMs=0, mEndPositionMs=576460752303423487}
12-30 11:27:42.734 21940 21940 I CNS_MEDIA_BT_MUSIC__b: notifyMediaInfo: metadata = Bundle[{android.media.metadata.ARTIST=却还会再一遍一遍一遍又一遍听下来, androidx.media2.metadata.BROWSABLE=1, androidx.media2.metadata.EXTRAS=Bundle[mParcelledData.dataSize=252], android.media.metadata.DURATION=275911, android.media.metadata.ALBUM_ART_URI=content://com.android.bluetooth.avrcpcontroller.AvrcpCoverArtProvider?device=34%3A10%3ABE%3A3D%3AC6%3A77&uuid=d129a1a0-7bce-42e2-b583-79beb8abaec5, android.media.metadata.MEDIA_ID=MEDIA_BT_SONG_ID, android.media.metadata.ALBUM=未知专辑, android.media.metadata.TITLE=恋人 · 李荣浩}]
12-30 11:27:42.734 21940 21940 I CNS_MEDIA_BT_MUSIC__MediaMetadataUtil: get title: 恋人 · 李荣浩 and artist: 却还会再一遍一遍一遍又一遍听下来
12-30 11:27:42.735 21940 21940 I CNS_MEDIA_BT_MUSIC__MediaClient: onCustomCommand, action: com.fawvw.mw.mediaengine.ACTION_PLAYER_POSITION_CHANGED, extra: Bundle[mParcelledData.dataSize=124]
12-30 11:27:42.735  2045  2131 D InfotainmentBridge_Native: fireDuration
12-30 11:27:42.735  2045  2131 D InfotainmentBridge_Native: fireDuration() -- source: 3
12-30 11:27:42.735  2045  2131 D InfotainmentBridge_Native: fireDuration() -- value_16: 173
12-30 11:27:42.735 21940 21940 I CNS_MEDIA_BT_MUSIC__MainActivity: update ID3 info, uri:, title:恋人 · 李荣浩, artist:却还会再一遍一遍一遍又一遍听下来
12-30 11:27:42.736 21940 21940 I CNS_MEDIA_BT_MUSIC__MediaMetadataUtil: get title: 恋人 · 李荣浩 and artist: 却还会再一遍一遍一遍又一遍听下来
12-30 11:27:42.736 21940 21940 D CNS_MEDIA_BT_MUSIC__ImageViewExt: loadAudioCover, uri: content://com.android.bluetooth.avrcpcontroller.AvrcpCoverArtProvider?device=34%3A10%3ABE%3A3D%3AC6%3A77&uuid=d129a1a0-7bce-42e2-b583-79beb8abaec5
12-30 11:27:42.739  1547  2889 D AvrcpCoverArtProvider: openFile(content://com.android.bluetooth.avrcpcontroller.AvrcpCoverArtProvider?device=34%3A10%3ABE%3A3D%3AC6%3A77&uuid=d129a1a0-7bce-42e2-b583-79beb8abaec5, 'r')
12-30 11:27:42.739  1547  2889 D AvrcpCoverArtProvider: getImageDescriptor(XX:XX:XX:XX:C6:77, d129a1a0-7bce-42e2-b583-79beb8abaec5)
12-30 11:27:42.740   596  3076 E WifiHAL : Invalid data received from driver
12-30 11:27:42.752   596  3076 E WifiHAL : Invalid data received from driver
12-30 11:27:42.752   596  3076 E WifiHAL : Invalid data received from driver
12-30 11:27:42.752   596  3076 E WifiHAL : Invalid data received from driver
12-30 11:27:42.752   596  3076 E WifiHAL : Invalid data received from driver
12-30 11:27:42.752   596  3076 E WifiHAL : Invalid data received from driver
12-30 11:27:42.752   596  3076 E WifiHAL : Invalid data received from driver
12-30 11:27:42.752   596  3076 E WifiHAL : Invalid data received from driver
12-30 11:27:42.753   360   931 D EvsDriver: forwardFrame
12-30 11:27:42.753   360   931 D EvsDriver: forwardFrameDirect
12-30 11:27:42.753   360   931 D EvsDriver: Delivered 0xb400e2ca9e40e270 as id 0
12-30 11:27:42.753   359  2784 D evsmanagerd: /dev/video-evs0 forwarded the buffer #0 to 0xb400f125d2b26dd0 from 0xb400f125e2b20710
12-30 11:27:42.755   360   458 D EvsDriver: doneWithFrame
12-30 11:27:42.758  2358  2623 D RcfController: Rcf proxy is not connected!
12-30 11:27:42.774 21940 21940 I CNS_MEDIA_BT_MUSIC__MediaMetadataUtil: get title: 恋人 · 李荣浩 and artist: 却还会再一遍一遍一遍又一遍听下来
12-30 11:27:42.775 21940 21940 I CNS_MEDIA_BT_MUSIC__MediaMetadataUtil: get title: 恋人 · 李荣浩 and artist: 却还会再一遍一遍一遍又一遍听下来
12-30 11:27:42.775 21940 21940 I CNS_MEDIA_BT_MUSIC__MediaMetadataUtil: get title: 恋人 · 李荣浩 and artist: 却还会再一遍一遍一遍又一遍听下来
12-30 11:27:42.775 21940 21940 D CNS_MEDIA_BT_MUSIC__ImageViewExt: loadAudioCover, uri: content://com.android.bluetooth.avrcpcontroller.AvrcpCoverArtProvider?device=34%3A10%3ABE%3A3D%3AC6%3A77&uuid=d129a1a0-7bce-42e2-b583-79beb8abaec5
12-30 11:27:42.776  1547  2889 D AvrcpCoverArtProvider: openFile(content://com.android.bluetooth.avrcpcontroller.AvrcpCoverArtProvider?device=34%3A10%3ABE%3A3D%3AC6%3A77&uuid=d129a1a0-7bce-42e2-b583-79beb8abaec5, 'r')
12-30 11:27:42.777  1547  2889 D AvrcpCoverArtProvider: getImageDescriptor(XX:XX:XX:XX:C6:77, d129a1a0-7bce-42e2-b583-79beb8abaec5)
12-30 11:27:42.786   360   931 D EvsDriver: forwardFrame
12-30 11:27:42.787   360   931 D EvsDriver: forwardFrameDirect
12-30 11:27:42.787   360   931 D EvsDriver: Delivered 0xb400e2ca9e40d4b0 as id 1
12-30 11:27:42.787   359  2784 D evsmanagerd: /dev/video-evs0 forwarded the buffer #1 to 0xb400f125d2b26dd0 from 0xb400f125e2b20710
12-30 11:27:42.795   360   458 D EvsDriver: doneWithFrame
12-30 11:27:42.799   596  3076 E WifiHAL : Invalid data received from driver
12-30 11:27:42.808  2358  2623 D RcfController: Rcf proxy is not connected!
12-30 11:27:42.812 21940 21940 I CNS_MEDIA_BT_MUSIC__MediaMetadataUtil: get title: 恋人 · 李荣浩 and artist: 却还会再一遍一遍一遍又一遍听下来
12-30 11:27:42.812 21940 21940 I CNS_MEDIA_BT_MUSIC__MainActivity: update bt ID3Info, first: 未知歌手, second: 
12-30 11:27:42.818 21940 21940 I CNS_MEDIA_BT_MUSIC__ColorTintedImageView: setSourceBitmap: android.graphics.Bitmap@c37c49c
12-30 11:27:42.819 21940 21940 I CNS_MEDIA_BT_MUSIC__ColorTintedImageView: setSourceBitmap: android.graphics.Bitmap@c37c49c
12-30 11:27:42.820   360   931 D EvsDriver: forwardFrame
12-30 11:27:42.820   360   931 D EvsDriver: forwardFrameDirect
12-30 11:27:42.820   360   931 D EvsDriver: Delivered 0xb400e2ca9e40c2d0 as id 0
12-30 11:27:42.820   359  2784 D evsmanagerd: /dev/video-evs0 forwarded the buffer #0 to 0xb400f125d2b26dd0 from 0xb400f125e2b20710
12-30 11:27:42.825   360   458 D EvsDriver: doneWithFrame
12-30 11:27:42.836  1582  3078 I c       : checkService in back thread add: adayo.upgrade.v2.0
12-30 11:27:42.837  1582  3078 E upgradeApp_251223_V1  l: d(null:11)pre->c(null:23)-> serviceBinder is null
12-30 11:27:42.837  1582  3078 W c       : doBindService in back thread fail: adayo.upgrade.v2.0
12-30 11:27:42.838  1667  2594 W ContextImpl: Calling a method in the system process without a qualified user: android.app.ContextImpl.bindService:1988 android.content.ContextWrapper.bindService:861 com.ford.sync.fnvservice.FordFnv.c:202 com.ford.sync.fnvservice.FordFnv.c:43 com.ford.sync.fnvservice.FordFnv$RetryHandler.handleMessage:245 
12-30 11:27:42.838   916  2591 W ActivityManager: Unable to start service Intent { cmp=com.ford.sync.fnvservice/.FordFnvService } U=0: not found
12-30 11:27:42.839  1667  2594 W FordFnv :  bind ford fnv failed -> sendRetryMessage 
12-30 11:27:42.847 21940 21940 I CNS_MEDIA_BT_MUSIC__MediaMetadataUtil: get title: 恋人 · 李荣浩 and artist: 却还会再一遍一遍一遍又一遍听下来
12-30 11:27:42.847 21940 21940 I CNS_MEDIA_BT_MUSIC__HMIAdapter: notifyMediaInfo, mDeviceType: MT_BT_Music,lastPlayInfo: com.fawvw.hmi.cnslauncher.service.MediaPlayingInfo@294e66
12-30 11:27:42.849 21845 21891 I MediaMiniApp: onPlayingInfoChanged MT_BT_Music ; mediaPlayingInfo = {"albumName":"恋人 · 李荣浩","artistName":"却还会再一遍一遍一遍又一遍听下来","coverDescriptor":{"mClosed":false,"mFd":{"descriptor":88,"ownerId":576460752316438800,"releaseLock":{}},"mGuard":{"closerNameOrAllocationInfo":"close"}},"deviceType":"MT_BT_Music","duration":275911,"isFavor":false,"mediaId":"MEDIA_BT_SONG_ID","state":"MPS_PLAYING"}
12-30 11:27:42.849 21845 21891 D MediaCardController: curDeviceType = MT_BT_Music
12-30 11:27:42.849 21845 21891 D MediaCardController: deviceType = MT_BT_Music
12-30 11:27:42.850 21845 21891 D MediaMiniApp: playingInfo = {"albumName":"恋人 · 李荣浩","artistName":"却还会再一遍一遍一遍又一遍听下来","coverDescriptor":{"mClosed":false,"mFd":{"descriptor":88,"ownerId":576460752316438800,"releaseLock":{}},"mGuard":{"closerNameOrAllocationInfo":"close"}},"deviceType":"MT_BT_Music","duration":275911,"isFavor":false,"mediaId":"MEDIA_BT_SONG_ID","state":"MPS_PLAYING"}
12-30 11:27:42.850 21845 21891 D MediaMiniApp: mediaId = MEDIA_BT_SONG_ID
12-30 11:27:42.850 21845 21891 I snet_event_log: [190188264,-1,]
