12-30 11:27:43.220   360   931 D EvsDriver: forwardFrameDirect
12-30 11:27:43.220   360   931 D EvsDriver: Delivered 0xb400e2ca9e40c2d0 as id 0
12-30 11:27:43.220   359  2784 D evsmanagerd: /dev/video-evs0 forwarded the buffer #0 to 0xb400f125d2b26dd0 from 0xb400f125e2b20710
12-30 11:27:43.230   360   458 D EvsDriver: doneWithFrame
12-30 11:27:43.232   596  3076 E WifiHAL : Invalid data received from driver
12-30 11:27:43.236  1611  1611 I ADAYO_LOG_: handleMessage(UsbFunc.java:3)copyQnx = 0
12-30 11:27:43.236  1611  1611 I ADAYO_LOG_: handleMessage(UsbFunc.java:12)copyState = 2
12-30 11:27:43.253   360   931 D EvsDriver: forwardFrame
12-30 11:27:43.253   360   931 D EvsDriver: forwardFrameDirect
12-30 11:27:43.253   360   931 D EvsDriver: Delivered 0xb400e2ca9e40d090 as id 1
12-30 11:27:43.253   359  2784 D evsmanagerd: /dev/video-evs0 forwarded the buffer #1 to 0xb400f125d2b26dd0 from 0xb400f125e2b20710
12-30 11:27:43.260  2358  2623 D RcfController: Rcf proxy is not connected!
12-30 11:27:43.260   360   458 D EvsDriver: doneWithFrame
12-30 11:27:43.286   360   931 D EvsDriver: forwardFrame
12-30 11:27:43.287   360   931 D EvsDriver: forwardFrameDirect
12-30 11:27:43.287   360   931 D EvsDriver: Delivered 0xb400e2ca9e40e110 as id 0
12-30 11:27:43.287   359  2784 D evsmanagerd: /dev/video-evs0 forwarded the buffer #0 to 0xb400f125d2b26dd0 from 0xb400f125e2b20710
12-30 11:27:43.291   360   458 D EvsDriver: doneWithFrame
12-30 11:27:43.306   596  3076 E WifiHAL : Invalid data received from driver
12-30 11:27:43.310  2358  2623 D RcfController: Rcf proxy is not connected!
12-30 11:27:43.319   650   729 D fgemcucomm: sd Uart data : 6AA6023E3200029202F8
12-30 11:27:43.320   650   729 D fgemcucomm: rev uart=84238,len=51, data : 6AA6813E32002B920200110000000000000000000000000000000000000000000000000000000000000000000000000000003F
12-30 11:27:43.320   398   882 D adayocomadapter-ParseProtocolFunc: printRaWMsg Name[MCUToUPstream recv] len[43] data[92020011000000000000000000000000000000000000000000000000000000000000000000000000000000]
12-30 11:27:43.320   398   882 D adayocomadapter-CommunicationManager: onUpstreamback   member[0] dataLength[40] timePoint[10199142]
12-30 11:27:43.320   360   931 D EvsDriver: forwardFrame
12-30 11:27:43.320   398   882 D adayocomadapter-ParseProtocolFunc: printRaWMsg Name[onUpstreamback] len[40] data[11000000000000000000000000000000000000000000000000000000000000000000000000000000]
12-30 11:27:43.320   360   931 D EvsDriver: forwardFrameDirect
12-30 11:27:43.320   398   464 D adayocomadapter-UpstreamHandler: processBeforePacket upSreamtProcessTimePoint[10199142] 
12-30 11:27:43.320   398   464 D adayocomadapter-UpstreamHandler: processPacket UPSTREAM_QUEUE_DATA_TIMEOUT
12-30 11:27:43.320   398   464 D adayocomadapter-ParseProtocolFunc: parseCommonIPCLBytes Processing tableNumber[17]
12-30 11:27:43.320   398   464 D adayocomadapter-ParseProtocolFunc: parseCommonIPCLBytes Processing tablename[Table-17] tableSize[40]
12-30 11:27:43.320   398   464 D adayocomadapter-ParseProtocolFunc: printRaWMsg Name[byteStream recv] len[40] data[11000000000000000000000000000000000000000000000000000000000000000000000000000000]
12-30 11:27:43.320   398   464 D adayocomadapter-ParseProtocolFunc: printRaWMsg Name[IPCLtoVHAL] len[22] data[21102047010000000000000000000000000000000000]
12-30 11:27:43.320   398   464 D adayocomadapter-ParseProtocolFunc: printRaWMsg Name[IPCLtoVHAL] len[6] data[214020130000]
12-30 11:27:43.320   360   931 D EvsDriver: Delivered 0xb400e2ca9e40c7a0 as id 1
12-30 11:27:43.320   398   464 D adayocomadapter-ParseProtocolFunc: printRaWMsg Name[IPCLtoVHAL] len[6] data[2140216C0000]
12-30 11:27:43.320   398   464 D adayocomadapter-ParseProtocolFunc: printRaWMsg Name[IPCLtoVHAL] len[6] data[214020A60000]
12-30 11:27:43.320   398   464 D adayocomadapter-ParseProtocolFunc: pr