12-30 11:24:40.145   398   464 I VehiclePropertyStore: begin to write value to Store: {.timestamp = 10015967336525, .areaId = 0, .prop = 557851153, .status = AVAILABLE, .value = {.int32Values = [1]{0}, .floatValues = [0]{}, .int64Values = [0]{}, .bytes = [0]{}, .stringValue = ""}}
12-30 11:24:40.145   398   464 D adayocomadapter-CommunicationManager: onUpstreamReceive mPropertyId 0x21402211
12-30 11:24:40.145   398   464 D adayocomadapter-CommunicationManager: onUpstreamReceive mPropertyId 0x214021b6
12-30 11:24:40.146   398   464 D adayocomadapter-CommunicationManager: convertBytesToInt32Memcpy  0
12-30 11:24:40.146   398   464 I vw-vhal : notifyVehicleProperty, propId = 0x214021b6, data = {status: 2, int32Values: [0]}
12-30 11:24:40.146   398   464 I vw-vhal : CanSignalsAdapter::notifyVehicleProperty: solvedValue = {.timestamp = 10015967995525, .areaId = 0, .prop = 557851062, .status = AVAILABLE, .value = {.int32Values = [1]{0}, .floatValues = [0]{}, .int64Values = [0]{}, .bytes = [0]{}, .stringValue = ""}}
12-30 11:24:40.146   398   464 I VehiclePropertyStore: begin to write value to Store: {.timestamp = 10015967995525, .areaId = 0, .prop = 557851062, .status = AVAILABLE, .value = {.int32Values = [1]{0}, .floatValues = [0]{}, .int64Values = [0]{}, .bytes = [0]{}, .stringValue = ""}}
12-30 11:24:40.146   398   464 I DefaultVehicleHal_v2_0: DefaultVehicleHal::onPropertyValue, value:{.timestamp = 10015967995525, .areaId = 0, .prop = 557851062, .status = AVAILABLE, .value = {.int32Values = [1]{0}, .floatValues = [0]{}, .int64Values = [0]{}, .bytes = [0]{}, .stringValue = ""}}
12-30 11:24:40.146   398   464 D DiagPropHandler: is not DiagnosticConfig: 0x214021b6
12-30 11:24:40.146   398   464 I VehiclePropertyStore: begin to write value to Store: {.timestamp = 10015967995525, .areaId = 0, .prop = 557851062, .status = AVAILABLE, .value = {.int32Values = [1]{0}, .floatValues = [0]{}, .int64Values = [0]{}, .bytes = [0]{}, .stringValue = ""}}
12-30 11:24:40.146   398   464 D adayocomadapter-CommunicationManager: onUpstreamReceive mPropertyId 0x214021b6
12-30 11:24:40.146   398   464 D adayocomadapter-CommunicationManager: onUpstreamReceive mPropertyId 0x21402155
12-30 11:24:40.146   398   464 D adayocomadapter-CommunicationManager: convertBytesToInt32Memcpy  0
12-30 11:24:40.146   398   464 I vw-vhal : notifyVehicleProperty, propId = 0x21402155, data = {status: 2, int32Values: [0]}
12-30 11:24:40.146   398   464 I vw-vhal : CanSignalsAdapter::notifyVehicleProperty: solvedValue = {.timestamp = 10015968679525, .areaId = 0, .prop = 557850965, .status = AVAILABLE, .value = {.int32Values = [1]{0}, .floatValues = [0]{}, .int64Values = [0]{}, .bytes = [0]{}, .stringValue = ""}}
12-30 11:24:40.146   398   464 I VehiclePropertyStore: begin to write value to Store: {.timestamp = 10015968679525, .areaId = 0, .prop = 557850965, .status = AVAILABLE, .value = {.int32Values = [1]{0}, .floatValues = [0]{}, .int64Values = [0]{}, .bytes = [0]{}, .stringValue = ""}}
12-30 11:24:40.147   398   464 I DefaultVehicleHal_v2_0: DefaultVehicleHal::onPropertyValue, value:{.timestamp = 10015968679525, .areaId = 0, .prop = 557850965, .status = AVAILABLE, .value = {.int32Values = [1]{0}, .floatValues = [0]{}, .int64Values = [0]{}, .bytes = [0]{}, .stringValue = ""}}
12-30 11:24:40.147   398   464 D DiagPropHandler: is not DiagnosticConfig: 0x21402155
12-30 11:24:40.147   398   464 I VehiclePropertyStore: begin to write value to Store: {.timestamp = 10015968679525, .areaId = 0, .prop = 557850965, .status = AVAILABLE, .value = {.int32Values = [1]{0}, .floatValues = [0]{}, .int64Values = [0]{}, .bytes = [0]{}, .stringValue = ""}}
12-30 11:24:40.147   398   464 D adayocomadapter-CommunicationManager: onUpstreamReceive mPropertyId 0x21402155
12-30 11:24:40.147   398   464 D adayocomadapter-CommunicationManager: onUpstreamReceive mPropertyId 0x214021ba
12-30 11:24:40.147   398   464 D adayocomadapter-CommunicationManager: convertBytesToInt32Memcpy  0
12-30 11:24:40.147   398   464 I vw-vhal : notifyVehicleProperty, propId = 0x214021ba, data = {status: 2, int32Values: [0]}
12-30 11:24:40.147   398   464 I vw-vhal : CanSignalsAdapter::notifyVehicleProperty: solvedValue = {.timestamp = 10015969312858, .areaId = 0, .prop = 557851066, .status = AVAILABLE, .value = {.int32Values = [1]{0}, .floatValues = [0]{}, .int64Values = [0]{}, .bytes = [0]{}, .stringValue = ""}}
12-30 11:24:40.147   398   464 I VehiclePropertyStore: begin to write value to Store: {.timestamp = 10015969312858, .areaId = 0, .prop = 557851066, .status = AVAILABLE, .value = {.int32Values = [1]{0}, .floatValues = [0]{}, .int64Values = [0]{}, .bytes = [0]{}, .stringValue = ""}}
12-30 11:24:40.147   398   464 I DefaultVehicleHal_v2_0: DefaultVehicleHal::onPropertyValue, value:{.timestamp = 10015969312858, .areaId = 0, .prop = 557851066, .status = AVAILABLE, .value = {.int32Values = [1]{0}, .floatValues = [0]{}, .int64Values = [0]{}, .bytes = [0]{}, .stringValue = ""}}
12-30 11:24:40.147   398   464 D DiagPropHandler: is not DiagnosticConfig: 0x214021ba
12-30 11:24:40.147   398   464 I VehiclePropertyStore: begin to write value to Store: {.timestamp = 10015969312858, .areaId = 0, .prop = 557851066, .status = AVAILABLE, .value = {.int32Values = [1]{0}, .floatValues = [0]{}, .int64Values = [0]{}, .bytes = [0]{}, .stringValue = ""}}
12-30 11:24:40.147   398   464 D adayocomadapter-CommunicationManager: onUpstreamReceive mPropertyId 0x214021ba
12-30 11:24:40.147   398   464 D adayocomadapter-CommunicationManager: onUpstreamReceive mPropertyId 0x21402159
12-30 11:24:40.147   398   464 D adayocomadapter-CommunicationManager: convertBytesToInt32Memcpy  0
12-30 11:24:40.148   398   464 I vw-vhal : notifyVehicleProperty, propId = 0x21402159, data = {status: 2, int32Values: [0]}
12-30 11:24:40.148   398   464 I vw-vhal : CanSignalsAdapter::notifyVehicleProperty: solvedValue = {.timestamp = 10015969949525, .areaId = 0, .prop = 557850969, .status = AVAILABLE, .value = {.int32Values = [1]{0}, .floatValues = [0]{}, .int64Values = [0]{}, .bytes = [0]{}, .stringValue = ""}}
12-30 11:24:40.148   398   464 I VehiclePropertyStore: begin to write value to Store: {.timestamp = 10015969949525, .areaId = 0, .prop = 557850969, .status = AVAILABLE, .value = {.int32Values = [1]{0}, .floatValues = [0]{}, .int64Values = [0]{}, .bytes = [0]{}, .stringValue = ""}}
12-30 11:24:40.148   398   464 I DefaultVehicleHal_v2_0: DefaultVehicleHal::onPropertyValue, value:{.timestamp = 10015969949525, .areaId = 0, .prop = 557850969, .status = AVAILABLE, .value = {.int32Values = [1]{0}, .floatValues = [0]{}, .int64Values = [0]{}, .bytes = [0]{}, .stringValue = ""}}
12-30 11:24:40.148   398   464 D DiagPropHandler: is not DiagnosticConfig: 0x21402159
12-30 11:24:40.148   398   464 I VehiclePropertyStore: begin to write value to Store: {.timestamp = 10015969949525, .areaId = 0, .prop = 557850969, .status = AVAILABLE, .value = {.int32Values = [1]{0}, .floatValues = [0]{}, .int64Values = [0]{}, .bytes = [0]{}, .stringValue = ""}}
12-30 11:24:40.148   398   464 D adayocomadapter-CommunicationManager: onUpstreamReceive mPropertyId 0x21402159
12-30 11:24:40.148   398   464 D adayocomadapter-CommunicationManager: onUpstreamReceive mPropertyId 0x214021bf
12-30 11:24:40.148   398   464 D adayocomadapter-CommunicationManager: convertBytesToInt32Memcpy  0
12-30 11:24:40.148   650   729 D fgemcucomm: sd Uart data : 6AA602387B00029202B5
12-30 11:24:40.149   398   464 I vw-vhal : notifyVehicleProperty, propId = 0x214021bf, data = {status: 2, int32Values: [0]}
12-30 11:24:40.149   398   464 I vw-vhal : CanSignalsAdapter::notifyVehicleProperty: solvedValue = {.timestamp = 10015970905525, .areaId = 0, .prop = 557851071, .status = AVAILABLE, .value = {.int32Values = [1]{0}, .floatValues = [0]{}, .int64Values = [0]{}, .bytes = [0]{}, .stringValue = ""}}
12-30 11:24:40.149   398   464 I VehiclePropertyStore: begin to write value to Store: {.timestamp = 10015970905525, .areaId = 0, .prop = 557851071, .status = AVAILABLE, .value = {.int32Values = [1]{0}, .floatValues = [0]{}, .int64Values = [0]{}, .bytes = [0]{}, .stringValue = ""}}
12-30 11:24:40.149   398   464 I DefaultVehicleHal_v2_0: DefaultVehicleHal::onPropertyValue, value:{.timestamp = 10015970905525, .areaId = 0, .prop = 557851071, .status = AVAILABLE, .value = {.int32Values = [1]{0}, .floatValues = [0]{}, .int64Values = [0]{}, .bytes = [0]{}, .stringValue = ""}}
12-30 11:24:40.149   398   464 D DiagPropHandler: is not DiagnosticConfig: 0x214021bf
12-30 11:24:40.149   650   729 D fgemcucomm: rev uart=82723,len=14, data : 6AA681387B00069202000B000027
12-30 11:24:40.149   398   464 I VehiclePropertyStore: begin to write value to Store: {.timestamp = 10015970905525, .areaId = 0, .prop = 557851071, .status = AVAILABLE, .value = {.int32Values = [1]{0}, .floatValues = [0]{}, .int64Values = [0]{}, .bytes = [0]{}, .stringValue = ""}}
12-30 11:24:40.149   398   464 D adayocomadapter-CommunicationManager: onUpstreamReceive mPropertyId 0x214021bf
12-30 11:24:40.149   398   464 D adayocomadapter-CommunicationManager: onUpstreamReceive mPropertyId 0x2140215e
12-30 11:24:40.149   398   464 D adayocomadapter-CommunicationManager: convertBytesToInt32Memcpy  0
12-30 11:24:40.149   398   464 I vw-vhal : notifyVehicleProperty, propId = 0x2140215e, data = {status: 2, int32Values: [0]}
12-30 11:24:40.149   398   466 D adayocomadapter-ParseProtocolFunc: printRaWMsg Name[MCUToUPstream recv] len[6] data[9202000B0000]
12-30 11:24:40.149   398   466 D adayocomadapter-CommunicationManager: onUpstreamback   member[0] dataLength[3] timePoint[10015971]
12-30 11:24:40.149   398   464 I vw-vhal : CanSignalsAdapter::notifyVehicleProperty: solvedValue = {.timestamp = 10015971563858, .areaId = 0, .prop = 557850974, .status = AVAILABLE, .value = {.int32Values = [1]{0}, .floatValues = [0]{}, .int64Values = [0]{}, .bytes = [0]{}, .stringValue = ""}}
12-30 11:24:40.149   398   466 D adayocomadapter-ParseProtocolFunc: printRaWMsg Name[onUpstreamback] len[3] data[0B0000]
12-30 11:24:40.149   398   464 I VehiclePropertyStore: begin to write value to Store: {.timestamp = 10015971563858, .areaId = 0, .prop = 557850974, .status = AVAILABLE, .value = {.int32Values = [1]{0}, .floatValues = [0]{}, .int64Values = [0]{}, .bytes = [0]{}, .stringValue = ""}}
12-30 11:24:40.149   398   464 I DefaultVehicleHal_v2_0: DefaultVehicleHal::onPropertyValue, value:{.timestamp = 10015971563858, .areaId = 0, .prop = 557850974, .status = AVAILABLE, .value = {.int32Values = [1]{0}, .floatValues = [0]{}, .int64Values = [0]{}, .bytes = [0]{}, .stringValue = ""}}
12-30 11:24:40.150   398   464 D DiagPropHandler: is not DiagnosticConfig: 0x2140215e
12-30 11:24:40.150   398   464 I VehiclePropertyStore: begin to write value to Store: {.timestamp = 10015971563858, .areaId = 0, .prop = 557850974, .status = AVAILABLE, .value = {.int32Values = [1]{0}, .floatValues = [0]{}, .int64Values = [0]{}, .bytes = [0]{}, .stringValue = ""}}
12-30 11:24:40.150   398   464 D adayocomadapter-CommunicationManager: onUpstreamReceive mPropertyId 0x2140215e
12-30 11:24:40.150   398   464 D adayocomadapter-CommunicationManager: onUpstreamReceive mPropertyId 0x21402220
12-30 11:24:40.150  2358  2623 D RcfController: Rcf proxy is not connected!
12-30 11:24:40.150   398   464 D adayocomadapter-CommunicationManager: convertBytesToInt32Memcpy  0
12-30 11:24:40.150   398   464 I vw-vhal : notifyVehicleProperty, propId = 0x21402220, data = {status: 2, int32Values: [0]}
12-30 11:24:40.150   398   464 I vw-vhal : CanSignalsAdapter::notifyVehicleProperty: solvedValue = {.timestamp = 10015972288525, .areaId = 0, .prop = 557851168, .status = AVAILABLE, .value = {.int32Values = [1]{0}, .floatValues = [0]{}, .int64Values = [0]{}, .bytes = [0]{}, .stringValue = ""}}
12-30 11:24:40.150   398   464 I VehiclePropertyStore: begin to write value to Store: {.timestamp = 10015972288525, .areaId = 0, .prop = 557851168, .status = AVAILABLE, .value = {.int32Values = [1]{0}, .floatValues = [0]{}, .int64Values = [0]{}, .bytes = [0]{}, .stringValue = ""}}
12-30 11:24:40.150   398   464 I DefaultVehicleHal_v2_0: DefaultVehicleHal::onPropertyValue, value:{.timestamp = 10015972288525, .areaId = 0, .prop = 557851168, .status = AVAILABLE, .value = {.int32Values = [1]{0}, .floatValues = [0]{}, .int64Values = [0]{}, .bytes = [0]{}, .stringValue = ""}}
12-30 11:24:40.150   398   464 D DiagPropHandler: is not DiagnosticConfig: 0x21402220
12-30 11:24:40.150   398   464 I VehiclePropertyStore: begin to write value to Store: {.timestamp = 10015972288525, .areaId = 0, .prop = 557851168, .status = AVAILABLE, .value = {.int32Values = [1]{0}, .floatValues = [0]{}, .int64Values = [0]{}, .bytes = [0]{}, .stringValue = ""}}
12-30 11:24:40.150   398   464 D adayocomadapter-CommunicationManager: onUpstreamReceive mPropertyId 0x21402220
12-30 11:24:40.150   398   464 D adayocomadapter-CommunicationManager: onUpstreamReceive mPropertyId 0x214021c0
12-30 11:24:40.150   398   464 D adayocomadapter-CommunicationManager: convertBytesToInt32Memcpy  0
12-30 11:24:40.151   398   464 I vw-vhal : notifyVehicleProperty, propId = 0x214021c0, data = {status: 2, int32Values: [0]}
12-30 11:24:40.151   398   464 I vw-vhal : CanSignalsAdapter::notifyVehicleProperty: solvedValue = {.timestamp = 10015972950858, .areaId = 0, .prop = 557851072, .status = AVAILABLE, .value = {.int32Values = [1]{0}, .floatValues = [0]{}, .int64Values = [0]{}, .bytes = [0]{}, .stringValue = ""}}
12-30 11:24:40.151   398   464 I VehiclePropertyStore: begin to write value to Store: {.timestamp = 10015972950858, .areaId = 0, .prop = 557851072, .status = AVAILABLE, .value = {.int32Values = [1]{0}, .floatValues = [0]{}, .int64Values = [0]{}, .bytes = [0]{}, .stringValue = ""}}
12-30 11:24:40.151   398   464 I DefaultVehicleHal_v2_0: DefaultVehicleHal::onPropertyValue, value:{.timestamp = 10015972950858, .areaId = 0, .prop = 557851072, .status = AVAILABLE, .value = {.int32Values = [1]{0}, .floatValues = [0]{}, .int64Values = [0]{}, .bytes = [0]{}, .stringValue = ""}}
12-30 11:24:40.151   398   464 D DiagPropHandler: is not DiagnosticConfig: 0x214021c0
12-30 11:24:40.151   398   464 I VehiclePropertyStore: begin to write value to Store: {.timestamp = 10015972950858, .areaId = 0, .prop = 557851072, .status = AVAILABLE, .value = {.int32Values = [1]{0}, .floatValues = [0]{}, .int64Values = [0]{}, .bytes = [0]{}, .stringValue = ""}}
12-30 11:24:40.151   398   464 D adayocomadapter-CommunicationManager: onUpstreamReceive mPropertyId 0x214021c0
12-30 11:24:40.151   398   464 D adayocomadapter-CommunicationManager: onUpstreamReceive mPropertyId 0x2140215f
12-30 11:24:40.151   398   464 D adayocomadapter-CommunicationManager: convertBytesToInt32Memcpy  0
12-30 11:24:40.151   398   464 I vw-vhal : notifyVehicleProperty, propId = 0x2140215f, data = {status: 2, int32Values: [0]}
12-30 11:24:40.151   398   464 I vw-vhal : CanSignalsAdapter::notifyVehicleProperty: solvedValue = {.timestamp = 10015973680858, .areaId = 0, .prop = 557850975, .status = AVAILABLE, .value = {.int32Values = [1]{0}, .floatValues = [0]{}, .int64Values = [0]{}, .bytes = [0]{}, .stringValue = ""}}
12-30 11:24:40.151   398   464 I VehiclePropertyStore: begin to write value to Store: {.timestamp = 10015973680858, .areaId = 0, .prop = 557850975, .status = AVAILABLE, .value = {.int32Values = [1]{0}, .floatValues = [0]{}, .int64Values = [0]{}, .bytes = [0]{}, .stringValue = ""}}
12-30 11:24:40.152   398   464 I DefaultVehicleHal_v2_0: DefaultVehicleHal::onPropertyValue, value:{.timestamp = 10015973680858, .areaId = 0, .prop = 557850975, .status = AVAILABLE, .value = {.int32Values = [1]{0}, .floatValues = [0]{}, .int64Values = [0]{}, .bytes = [0]{}, .stringValue = ""}}
12-30 11:24:40.152   398   464 D DiagPropHandler: is not DiagnosticConfig: 0x2140215f
12-30 11:24:40.152   398   464 I VehiclePropertyStore: begin to write value to Store: {.timestamp = 10015973680858, .areaId = 0, .prop = 557850975, .status = AVAILABLE, .value = {.int32Values = [1]{0}, .floatValues = [0]{}, .int64Values = [0]{}, .bytes = [0]{}, .stringValue = ""}}
12-30 11:24:40.152   398   464 D adayocomadapter-CommunicationManager: onUpstreamReceive mPropertyId 0x2140215f
12-30 11:24:40.152   398   464 D adayocomadapter-CommunicationManager: onUpstreamReceive mPropertyId 0x214021c1
12-30 11:24:40.152   398   464 D adayocomadapter-CommunicationManager: convertBytesToInt32Memcpy  0
12-30 11:24:40.152   398   464 I vw-vhal : notifyVehicleProperty, propId = 0x214021c1, data = {status: 2, int32Values: [0]}
12-30 11:24:40.152   398   464 I vw-vhal : CanSignalsAdapter::notifyVehicleProperty: solvedValue = {.timestamp = 10015974392525, .areaId = 0, .prop = 557851073, .status = AVAILABLE, .value = {.int32Values = [1]{0}, .floatValues = [0]{}, .int64Values = [0]{}, .bytes = [0]{}, .stringValue = ""}}
12-30 11:24:40.152   398   464 I VehiclePropertyStore: begin to write value to Store: {.timestamp = 10015974392525, .areaId = 0, .prop = 557851073, .status = AVAILABLE, .value = {.int32Values = [1]{0}, .floatValues = [0]{}, .int64Values = [0]{}, .bytes = [0]{}, .stringValue = ""}}
12-30 11:24:40.152   398   464 I DefaultVehicleHal_v2_0: DefaultVehicleHal::onPropertyValue, value:{.timestamp = 10015974392525, .areaId = 0, .prop = 557851073, .status = AVAILABLE, .value = {.int32Values = [1]{0}, .floatValues = [0]{}, .int64Values = [0]{}, .bytes = [0]{}, .stringValue = ""}}
12-30 11:24:40.152   398   464 D DiagPropHandler: is not DiagnosticConfig: 0x214021c1
12-30 11:24:40.152   398   464 I VehiclePropertyStore: begin to write value to Store: {.timestamp = 10015974392525, .areaId = 0, .prop = 557851073, .status = AVAILABLE, .value = {.int32Values = [1]{0}, .floatValues = [0]{}, .int64Values = [0]{}, .bytes = [0]{}, .stringValue = ""}}
12-30 11:24:40.153   398   464 D adayocomadapter-CommunicationManager: onUpstreamReceive mPropertyId 0x214021c1
12-30 11:24:40.153   398   464 D adayocomadapter-CommunicationManager: onUpstreamReceive mPropertyId 0x21402160
12-30 11:24:40.153   398   464 D adayocomadapter-CommunicationManager: convertBytesToInt32Memcpy  0
12-30 11:24:40.153   398   464 I vw-vhal : notifyVehicleProperty, propId = 0x21402160, data = {status: 2, int32Values: [0]}
12-30 11:24:40.153   398   464 I vw-vhal : CanSignalsAdapter::notifyVehicleProperty: solvedValue = {.timestamp = 10015975142525, .areaId = 0, .prop = 557850976, .status = AVAILABLE, .value = {.int32Values = [1]{0}, .floatValues = [0]{}, .int64Values = [0]{}, .bytes = [0]{}, .stringValue = ""}}
12-30 11:24:40.153   398   464 I VehiclePropertyStore: begin to write value to Store: {.timestamp = 10015975142525, .areaId = 0, .prop = 557850976, .status = AVAILABLE, .value = {.int32Values = [1]{0}, .floatValues = [0]{}, .int64Values = [0]{}, .bytes = [0]{}, .stringValue = ""}}
12-30 11:24:40.153   398   464 I DefaultVehicleHal_v2_0: DefaultVehicleHal::onPropertyValue, value:{.timestamp = 10015975142525, .areaId = 0, .prop = 557850976, .status = AVAILABLE, .value = {.int32Values = [1]{0}, .floatValues = [0]{}, .int64Values = [0]{}, .bytes = [0]{}, .stringValue = ""}}
12-30 11:24:40.153   398   464 D DiagPropHandler: is not DiagnosticConfig: 0x21402160
12-30 11:24:40.153   398   464 I VehiclePropertyStore: begin to write value to Store: {.timestamp = 10015975142525, .areaId = 0, .prop = 557850976, .status = AVAILABLE, .value = {.int32Values = [1]{0}, .floatValues = [0]{}, .int64Values = [0]{}, .bytes = [0]{}, .stringValue = ""}}
12-30 11:24:40.153   398   464 D adayocomadapter-CommunicationManager: onUpstreamReceive mPropertyId 0x21402160
12-30 11:24:40.153   398   464 D adayocomadapter-CommunicationManager: onUpstreamReceive mPropertyId 0x21402222
12-30 11:24:40.153   398   464 D adayocomadapter-CommunicationManager: convertBytesToInt32Memcpy  0
12-30 11:24:40.153   398   464 I vw-vhal : notifyVehicleProperty, propId = 0x21402222, data = {status: 2, int32Values: [0]}
12-30 11:24:40.154   398   464 I vw-vhal : CanSignalsAdapter::notifyVehicleProperty: solvedValue = {.timestamp = 10015975890525, .areaId = 0, .prop = 557851170, .status = AVAILABLE, .value = {.int32Values = [1]{0}, .floatValues = [0]{}, .int64Values = [0]{}, .bytes = [0]{}, .stringValue = ""}}
12-30 11:24:40.154   398   464 I VehiclePropertyStore: begin to write value to Store: {.timestamp = 10015975890525, .areaId = 0, .prop = 557851170, .status = AVAILABLE, .value = {.int32Values = [1]{0}, .floatValues = [0]{}, .int64Values = [0]{}, .bytes = [0]{}, .stringValue = ""}}
12-30 11:24:40.154   398   464 I DefaultVehicleHal_v2_0: DefaultVehicleHal::onPropertyValue, value:{.timestamp = 10015975890525, .areaId = 0, .prop = 557851170, .status = AVAILABLE, .value = {.int32Values = [1]{0}, .floatValues = [0]{}, .int64Values = [0]{}, .bytes = [0]{}, .stringValue = ""}}
12-30 11:24:40.154   398   464 D DiagPropHandler: is not DiagnosticConfig: 0x21402222
12-30 11:24:40.154   398   464 I VehiclePropertyStore: begin to write value to Store: {.timestamp = 10015975890525, .areaId = 0, .prop = 557851170, .status = AVAILABLE, .value = {.int32Values = [1]{0}, .floatValues = [0]{}, .int64Values = [0]{}, .bytes = [0]{}, .stringValue = ""}}
12-30 11:24:40.154   398   464 D adayocomadapter-CommunicationManager: onUpstreamReceive mPropertyId 0x21402222
12-30 11:24:40.154   398   464 D adayocomadapter-CommunicationManager: onUpstreamReceive mPropertyId 0x214021c2
12-30 11:24:40.154   398   464 D adayocomadapter-CommunicationManager: convertBytesToInt32Memcpy  0
12-30 11:24:40.154   398   464 I vw-vhal : notifyVehicleProperty, propId = 0x214021c2, data = {status: 2, int32Values: [0]}
12-30 11:24:40.154   398   464 I vw-vhal : CanSignalsAdapter::notifyVehicleProperty: solvedValue = {.timestamp = 10015976692525, .areaId = 0, .prop = 557851074, .status = AVAILABLE, .value = {.int32Values = [1]{0}, .floatValues = [0]{}, .int64Values = [0]{}, .bytes = [0]{}, .stringValue = ""}}
12-30 11:24:40.154   398   464 I VehiclePropertyStore: begin to write value to Store: {.timestamp = 10015976692525, .areaId = 0, .prop = 557851074, .status = AVAILABLE, .value = {.int32Values = [1]{0}, .floatValues = [0]{}, .int64Values = [0]{}, .bytes = [0]{}, .stringValue = ""}}
12-30 11:24:40.155   398   464 I DefaultVehicleHal_v2_0: DefaultVehicleHal::onPropertyValue, value:{.timestamp = 10015976692525, .areaId = 0, .prop = 557851074, .status = AVAILABLE, .value = {.int32Values = [1]{0}, .floatValues = [0]{}, .int64Values = [0]{}, .bytes = [0]{}, .stringValue = ""}}
12-30 11:24:40.155   398   464 D DiagPropHandler: is not DiagnosticConfig: 0x214021c2
12-30 11:24:40.155   398   464 I VehiclePropertyStore: begin to write value to Store: {.timestamp = 10015976692525, .areaId = 0, .prop = 557851074, .status = AVAILABLE, .value = {.int32Values = [1]{0}, .floatValues = [0]{}, .int64Values = [0]{}, .bytes = [0]{}, .stringValue = ""}}
12-30 11:24:40.155   398   464 D adayocomadapter-CommunicationManager: onUpstreamReceive mPropertyId 0x214021c2
12-30 11:24:40.155   398   464 D adayocomadapter-CommunicationManager: onUpstreamReceive mPropertyId 0x214021c4
12-30 11:24:40.155   398   464 D adayocomadapter-CommunicationManager: convertBytesToInt32Memcpy  0
12-30 11:24:40.155   398   464 I vw-vhal : notifyVehicleProperty, propId = 0x214021c4, data = {status: 2, int32Values: [0]}
12-30 11:24:40.155   398   464 I vw-vhal : CanSignalsAdapter::notifyVehicleProperty: solvedValue = {.timestamp = 10015977425192, .areaId = 0, .prop = 557851076, .status = AVAILABLE, .value = {.int32Values = [1]{0}, .floatValues = [0]{}, .int64Values = [0]{}, .bytes = [0]{}, .stringValue = ""}}
12-30 11:24:40.155   398   464 I VehiclePropertyStore: begin to write value to Store: {.timestamp = 10015977425192, .areaId = 0, .prop = 557851076, .status = AVAILABLE, .value = {.int32Values = [1]{0}, .floatValues = [0]{}, .int64Values = [0]{}, .bytes = [0]{}, .stringValue = ""}}
12-30 11:24:40.155   398   464 I DefaultVehicleHal_v2_0: DefaultVehicleHal::onPropertyValue, value:{.timestamp = 10015977425192, .areaId = 0, .prop = 557851076, .status = AVAILABLE, .value = {.int32Values = [1]{0}, .floatValues = [0]{}, .int64Values = [0]{}, .bytes = [0]{}, .stringValue = ""}}
12-30 11:24:40.155   398   464 D DiagPropHandler: is not DiagnosticConfig: 0x214021c4
12-30 11:24:40.155   398   464 I VehiclePropertyStore: begin to write value to Store: {.timestamp = 10015977425192, .areaId = 0, .prop = 557851076, .status = AVAILABLE, .value = {.int32Values = [1]{0}, .floatValues = [0]{}, .int64Values = [0]{}, .bytes = [0]{}, .stringValue = ""}}
12-30 11:24:40.156   398   464 D adayocomadapter-CommunicationManager: onUpstreamReceive mPropertyId 0x214021c4
12-30 11:24:40.156   398   464 D adayocomadapter-CommunicationManager: onUpstreamReceive mPropertyId 0x21402225
12-30 11:24:40.156   398   464 D adayocomadapter-CommunicationManager: convertBytesToInt32Memcpy  0
12-30 11:24:40.156   398   464 I vw-vhal : notifyVehicleProperty, propId = 0x21402225, data = {status: 2, int32Values: [0]}
12-30 11:24:40.156   398   464 I vw-vhal : CanSignalsAdapter::notifyVehicleProperty: solvedValue = {.timestamp = 10015978093192, .areaId = 0, .prop = 557851173, .status = AVAILABLE, .value = {.int32Values = [1]{0}, .floatValues = [0]{}, .int64Values = [0]{}, .bytes = [0]{}, .stringValue = ""}}
12-30 11:24:40.156   398   464 I VehiclePropertyStore: begin to write value to Store: {.timestamp = 10015978093192, .areaId = 0, .prop = 557851173, .status = AVAILABLE, .value = {.int32Values = [1]{0}, .floatValues = [0]{}, .int64Values = [0]{}, .bytes = [0]{}, .stringValue = ""}}
12-30 11:24:40.156   398   464 I DefaultVehicleHal_v2_0: DefaultVehicleHal::onPropertyValue, value:{.timestamp = 10015978093192, .areaId = 0, .prop = 557851173, .status = AVAILABLE, .value = {.int32Values = [1]{0}, .floatValues = [0]{}, .int64Values = [0]{}, .bytes = [0]{}, .stringValue = ""}}
12-30 11:24:40.156   398   464 D DiagPropHandler: is not DiagnosticConfig: 0x21402225
12-30 11:24:40.156   360   931 D EvsDriver: forwardFrame
12-30 11:24:40.156   398   464 I VehiclePropertyStore: begin to write value to Store: {.timestamp = 10015978093192, .areaId = 0, .prop = 557851173, .status = AVAILABLE, .value = {.int32Values = [1]{0}, .floatValues = [0]{}, .int64Values = [0]{}, .bytes = [0]{}, .stringValue = ""}}
12-30 11:24:40.156   360   931 D EvsDriver: forwardFrameDirect
12-30 11:24:40.156   398   464 D adayocomadapter-CommunicationManager: onUpstreamReceive mPropertyId 0x21402225
12-30 11:24:40.156   398   464 D adayocomadapter-CommunicationManager: onUpstreamReceive mPropertyId 0x214021c5
12-30 11:24:40.156   398   464 D adayocomadapter-CommunicationManager: convertBytesToInt32Memcpy  0
12-30 11:24:40.156   398   464 I vw-vhal : notifyVehicleProperty, propId = 0x214021c5, data = {status: 2, int32Values: [0]}
12-30 11:24:40.156   398   464 I vw-vhal : CanSignalsAdapter::notifyVehicleProperty: solvedValue = {.timestamp = 10015978746525, .areaId = 0, .prop = 557851077, .status = AVAILABLE, .value = {.int32Values = [1]{0}, .floatValues = [0]{}, .int64Values = [0]{}, .bytes = [0]{}, .stringValue = ""}}
12-30 11:24:40.156   360   931 D EvsDriver: Delivered 0xb400e2ca9e40e270 as id 0
12-30 11:24:40.157   398   464 I VehiclePropertyStore: begin to write value to Store: {.timestamp = 10015978746525, .areaId = 0, .prop = 557851077, .status = AVAILABLE, .value = {.int32Values = [1]{0}, .floatValues = [0]{}, .int64Values = [0]{}, .bytes = [0]{}, .stringValue = ""}}
12-30 11:24:40.157   398   464 I DefaultVehicleHal_v2_0: DefaultVehicleHal::onPropertyValue, value:{.timestamp = 10015978746525, .areaId = 0, .prop = 557851077, .status = AVAILABLE, .value = {.int32Values = [1]{0}, .floatValues = [0]{}, .int64Values = [0]{}, .bytes = [0]{}, .stringValue = ""}}
12-30 11:24:40.157   359  2784 D evsmanagerd: /dev/video-evs0 forwarded the buffer #0 to 0xb400f125d2b26dd0 from 0xb400f125e2b20710
12-30 11:24:40.157   398   464 D DiagPropHandler: is not DiagnosticConfig: 0x214021c5
12-30 11:24:40.157   398   464 I VehiclePropertyStore: begin to write value to Store: {.timestamp = 10015978746525, .areaId = 0, .prop = 557851077, .status = AVAILABLE, .value = {.int32Values = [1]{0}, .floatValues = [0]{}, .int64Values = [0]{}, .bytes = [0]{}, .stringValue = ""}}
12-30 11:24:40.157   398   464 D adayocomadapter-CommunicationManager: onUpstreamReceive mPropertyId 0x214021c5
12-30 11:24:40.157   398   464 D adayocomadapter-CommunicationManager: onUpstreamReceive mPropertyId 0x21402226
12-30 11:24:40.157   398   464 D adayocomadapter-CommunicationManager: convertBytesToInt32Memcpy  0
12-30 11:24:40.157   398   464 I vw-vhal : notifyVehicleProperty, propId = 0x21402226, data = {status: 2, int32Values: [0]}
12-30 11:24:40.157   398   464 I vw-vhal : CanSignalsAdapter::notifyVehicleProperty: solvedValue = {.timestamp = 10015979414525, .areaId = 0, .prop = 557851174, .status = AVAILABLE, .value = {.int32Values = [1]{0}, .floatValues = [0]{}, .int64Values = [0]{}, .bytes = [0]{}, .stringValue = ""}}
12-30 11:24:40.157   398   464 I VehiclePropertyStore: begin to write value to Store: {.timestamp = 10015979414525, .areaId = 0, .prop = 557851174, .status = AVAILABLE, .value = {.int32Values = [1]{0}, .floatValues = [0]{}, .int64Values = [0]{}, .bytes = [0]{}, .stringValue = ""}}
12-30 11:24:40.157   398   464 I DefaultVehicleHal_v2_0: DefaultVehicleHal::onPropertyValue, value:{.timestamp = 10015979414525, .areaId = 0, .prop = 557851174, .status = AVAILABLE, .value = {.int32Values = [1]{0}, .floatValues = [0]{}, .int64Values = [0]{}, .bytes = [0]{}, .stringValue = ""}}
12-30 11:24:40.157   398   464 D DiagPropHandler: is not DiagnosticConfig: 0x21402226
12-30 11:24:40.157   398   464 I VehiclePropertyStore: begin to write value to Store: {.timestamp = 10015979414525, .areaId = 0, .prop = 557851174, .status = AVAILABLE, .value = {.int32Values = [1]{0}, .floatValues = [0]{}, .int64Values = [0]{}, .bytes = [0]{}, .stringValue = ""}}
12-30 11:24:40.158   398   464 D adayocomadapter-CommunicationManager: onUpstreamReceive mPropertyId 0x21402226
12-30 11:24:40.158   398   464 D adayocomadapter-CommunicationManager: onUpstreamReceive mPropertyId 0x214021c6
12-30 11:24:40.158   398   464 D adayocomadapter-CommunicationManager: convertBytesToInt32Memcpy  0
12-30 11:24:40.158   398   464 I vw-vhal : notifyVehicleProperty, propId = 0x214021c6, data = {status: 2, int32Values: [0]}
12-30 11:24:40.158   398   464 I vw-vhal : CanSignalsAdapter::notifyVehicleProperty: solvedValue = {.timestamp = 10015980125858, .areaId = 0, .prop = 557851078, .status = AVAILABLE, .value = {.int32Values = [1]{0}, .floatValues = [0]{}, .int64Values = [0]{}, .bytes = [0]{}, .stringValue = ""}}
12-30 11:24:40.158   398   464 I VehiclePropertyStore: begin to write value to Store: {.timestamp = 10015980125858, .areaId = 0, .prop = 557851078, .status = AVAILABLE, .value = {.int32Values = [1]{0}, .floatValues = [0]{}, .int64Values = [0]{}, .bytes = [0]{}, .stringValue = ""}}
12-30 11:24:40.158   398   464 I DefaultVehicleHal_v2_0: DefaultVehicleHal::onPropertyValue, value:{.timestamp = 10015980125858, .areaId = 0, .prop = 557851078, .status = AVAILABLE, .value = {.int32Values = [1]{0}, .floatValues = [0]{}, .int64Values = [0]{}, .bytes = [0]{}, .stringValue = ""}}
12-30 11:24:40.158   398   464 D DiagPropHandler: is not DiagnosticConfig: 0x214021c6
12-30 11:24:40.158   398   464 I VehiclePropertyStore: begin to write value to Store: {.timestamp = 10015980125858, .areaId = 0, .prop = 557851078, .status = AVAILABLE, .value = {.int32Values = [1]{0}, .floatValues = [0]{}, .int64Values = [0]{}, .bytes = [0]{}, .stringValue = ""}}
12-30 11:24:40.158   398   464 D adayocomadapter-CommunicationManager: onUpstreamReceive mPropertyId 0x214021c6
12-30 11:24:40.158   398   464 D adayocomadapter-CommunicationManager: onUpstreamReceive mPropertyId 0x21402227
12-30 11:24:40.158   398   464 D adayocomadapter-CommunicationManager: convertBytesToInt32Memcpy  0
12-30 11:24:40.158   398   464 I vw-vhal : notifyVehicleProperty, propId = 0x21402227, data = {status: 2, int32Values: [0]}
12-30 11:24:40.158   398   464 I vw-vhal : CanSignalsAdapter::notifyVehicleProperty: solvedValue = {.timestamp = 10015980766192, .areaId = 0, .prop = 557851175, .status = AVAILABLE, .value = {.int32Values = [1]{0}, .floatValues = [0]{}, .int64Values = [0]{}, .bytes = [0]{}, .stringValue = ""}}
12-30 11:24:40.159   398   464 I VehiclePropertyStore: begin to write value to Store: {.timestamp = 10015980766192, .areaId = 0, .prop = 557851175, .status = AVAILABLE, .value = {.int32Values = [1]{0}, .floatValues = [0]{}, .int64Values = [0]{}, .bytes = [0]{}, .stringValue = ""}}
12-30 11:24:40.159   398   464 I DefaultVehicleHal_v2_0: DefaultVehicleHal::onPropertyValue, value:{.timestamp = 10015980766192, .areaId = 0, .prop = 557851175, .status = AVAILABLE, .value = {.int32Values = [1]{0}, .floatValues = [0]{}, .int64Values = [0]{}, .bytes = [0]{}, .stringValue = ""}}
12-30 11:24:40.159   398   464 D DiagPropHandler: is not DiagnosticConfig: 0x21402227
12-30 11:24:40.159   398   464 I VehiclePropertyStore: begin to write value to Store: {.timestamp = 10015980766192, .areaId = 0, .prop = 557851175, .status = AVAILABLE, .value = {.int32Values = [1]{0}, .floatValues = [0]{}, .int64Values = [0]{}, .bytes = [0]{}, .stringValue = ""}}
12-30 11:24:40.159   398   464 D adayocomadapter-CommunicationManager: onUpstreamReceive mPropertyId 0x21402227
12-30 11:24:40.159   398   464 D adayocomadapter-CommunicationManager: onUpstreamReceive mPropertyId 0x214021d3
12-30 11:24:40.159   398   464 D adayocomadapter-CommunicationManager: convertBytesToInt32Memcpy  0
12-30 11:24:40.159   398   464 I vw-vhal : notifyVehicleProperty, propId = 0x214021d3, data = {status: 2, int32Values: [0]}
12-30 11:24:40.159   398   464 I vw-vhal : CanSignalsAdapter::notifyVehicleProperty: solvedValue = {.timestamp = 10015981408858, .areaId = 0, .prop = 557851091, .status = AVAILABLE, .value = {.int32Values = [1]{0}, .floatValues = [0]{}, .int64Values = [0]{}, .bytes = [0]{}, .stringValue = ""}}
12-30 11:24:40.159   398   464 I VehiclePropertyStore: begin to write value to Store: {.timestamp = 10015981408858, .areaId = 0, .prop = 557851091, .status = AVAILABLE, .value = {.int32Values = [1]{0}, .floatValues = [0]{}, .int64Values = [0]{}, .bytes = [0]{}, .stringValue = ""}}
12-30 11:24:40.159   398   464 I DefaultVehicleHal_v2_0: DefaultVehicleHal::onPropertyValue, value:{.timestamp = 10015981408858, .areaId = 0, .prop = 557851091, .status = AVAILABLE, .value = {.int32Values = [1]{0}, .floatValues = [0]{}, .int64Values = [0]{}, .bytes = [0]{}, .stringValue = ""}}
12-30 11:24:40.159   398   464 D DiagPropHandler: is not DiagnosticConfig: 0x214021d3
12-30 11:24:40.159   398   464 I VehiclePropertyStore: begin to write value to Store: {.timestamp = 10015981408858, .areaId = 0, .prop = 557851091, .status = AVAILABLE, .value = {.int32Values = [1]{0}, .floatValues = [0]{}, .int64Values = [0]{}, .bytes = [0]{}, .stringValue = ""}}
12-30 11:24:40.159   398   464 D adayocomadapter-CommunicationManager: onUpstreamReceive mPropertyId 0x214021d3
12-30 11:24:40.160   398   464 D adayocomadapter-CommunicationManager: onUpstreamReceive mPropertyId 0x21402234
12-30 11:24:40.160   398   464 D adayocomadapter-CommunicationManager: convertBytesToInt32Memcpy  0
12-30 11:24:40.160   398   464 I vw-vhal : notifyVehicleProperty, propId = 0x21402234, data = {status: 2, int32Values: [0]}
12-30 11:24:40.160   398   464 I vw-vhal : CanSignalsAdapter::notifyVehicleProperty: solvedValue = {.timestamp = 10015982040525, .areaId = 0, .prop = 557851188, .status = AVAILABLE, .value = {.int32Values = [1]{0}, .floatValues = [0]{}, .int64Values = [0]{}, .bytes = [0]{}, .stringValue = ""}}
12-30 11:24:40.160   398   464 I VehiclePropertyStore: begin to write value to Store: {.timestamp = 10015982040525, .areaId = 0, .prop = 557851188, .status = AVAILABLE, .value = {.int32Values = [1]{0}, .floatValues = [0]{}, .int64Values = [0]{}, .bytes = [0]{}, .stringValue = ""}}
12-30 11:24:40.160   398   464 I DefaultVehicleHal_v2_0: DefaultVehicleHal::onPropertyValue, value:{.timestamp = 10015982040525, .areaId = 0, .prop = 557851188, .status = AVAILABLE, .value = {.int32Values = [1]{0}, .floatValues = [0]{}, .int64Values = [0]{}, .bytes = [0]{}, .stringValue = ""}}
12-30 11:24:40.160   398   464 D DiagPropHandler: is not DiagnosticConfig: 0x21402234
12-30 11:24:40.160   398   464 I VehiclePropertyStore: begin to write value to Store: {.timestamp = 10015982040525, .areaId = 0, .prop = 557851188, .status = AVAILABLE, .value = {.int32Values = [1]{0}, .floatValues = [0]{}, .int64Values = [0]{}, .bytes = [0]{}, .stringValue = ""}}
12-30 11:24:40.160   398   464 D adayocomadapter-CommunicationManager: onUpstreamReceive mPropertyId 0x21402234
12-30 11:24:40.160   398   464 D adayocomadapter-CommunicationManager: onUpstreamReceive mPropertyId 0x214021d4
12-30 11:24:40.160   398   464 D adayocomadapter-CommunicationManager: convertBytesToInt32Memcpy  0
12-30 11:24:40.160   398   464 I vw-vhal : notifyVehicleProperty, propId = 0x214021d4, data = {status: 2, int32Values: [0]}
12-30 11:24:40.161   398   464 I vw-vhal : CanSignalsAdapter::notifyVehicleProperty: solvedValue = {.timestamp = 10015982897525, .areaId = 0, .prop = 557851092, .status = AVAILABLE, .value = {.int32Values = [1]{0}, .floatValues = [0]{}, .int64Values = [0]{}, .bytes = [0]{}, .stringValue = ""}}
12-30 11:24:40.161   398   464 I VehiclePropertyStore: begin to write value to Store: {.timestamp = 10015982897525, .areaId = 0, .prop = 557851092, .status = AVAILABLE, .value = {.int32Values = [1]{0}, .floatValues = [0]{}, .int64Values = [0]{}, .bytes = [0]{}, .stringValue = ""}}
12-30 11:24:40.161   398   464 I DefaultVehicleHal_v2_0: DefaultVehicleHal::onPropertyValue, value:{.timestamp = 10015982897525, .areaId = 0, .prop = 557851092, .status = AVAILABLE, .value = {.int32Values = [1]{0}, .floatValues = [0]{}, .int64Values = [0]{}, .bytes = [0]{}, .stringValue = ""}}
12-30 11:24:40.161   398   464 D DiagPropHandler: is not DiagnosticConfig: 0x214021d4
12-30 11:24:40.161   398   464 I VehiclePropertyStore: begin to write value to Store: {.timestamp = 10015982897525, .areaId = 0, .prop = 557851092, .status = AVAILABLE, .value = {.int32Values = [1]{0}, .floatValues = [0]{}, .int64Values = [0]{}, .bytes = [0]{}, .stringValue = ""}}
12-30 11:24:40.156   699   699 I auditd  : type=1400 audit(0.0:1119834): avc:  denied  { read } for  comm="name_server" laddr=172.20.2.35 lport=34880 faddr=172.20.2.36 fport=60000 scontext=u:r:name_server:s0 tcontext=u:r:name_server:s0 tclass=tcp_socket permissive=1
12-30 11:24:40.161   398   464 D adayocomadapter-CommunicationManager: onUpstreamReceive mPropertyId 0x214021d4
12-30 11:24:40.156   699   699 I name_server: type=1400 audit(0.0:1119834): avc:  denied  { read } for  laddr=172.20.2.35 lport=34880 faddr=172.20.2.36 fport=60000 scontext=u:r:name_server:s0 tcontext=u:r:name_server:s0 tclass=tcp_socket permissive=1
12-30 11:24:40.161   398   464 D adayocomadapter-CommunicationManager: onUpstreamReceive mPropertyId 0x21402235
12-30 11:24:40.161   398   464 D adayocomadapter-CommunicationManager: convertBytesToInt32Memcpy  0
12-30 11:24:40.161   398   464 I vw-vhal : notifyVehicleProperty, propId = 0x21402235, data = {status: 2, int32Values: [0]}
12-30 11:24:40.161   398   464 I vw-vhal : CanSignalsAdapter::notifyVehicleProperty: solvedValue = {.timestamp = 10015983557525, .areaId = 0, .prop = 557851189, .status = AVAILABLE, .value = {.int32Values = [1]{0}, .floatValues = [0]{}, .int64Values = [0]{}, .bytes = [0]{}, .stringValue = ""}}
12-30 11:24:40.161   398   464 I VehiclePropertyStore: begin to write value to Store: {.timestamp = 10015983557525, .areaId = 0, .prop = 557851189, .status = AVAILABLE, .value = {.int32Values = [1]{0}, .floatValues = [0]{}, .int64Values = [0]{}, .bytes = [0]{}, .stringValue = ""}}
12-30 11:24:40.161   398   464 I DefaultVehicleHal_v2_0: DefaultVehicleHal::onPropertyValue, value:{.timestamp = 10015983557525, .areaId = 0, .prop = 557851189, .status = AVAILABLE, .value = {.int32Values = [1]{0}, .floatValues = [0]{}, .int64Values = [0]{}, .bytes = [0]{}, .stringValue = ""}}
12-30 11:24:40.161   398   464 D DiagPropHandler: is not DiagnosticConfig: 0x21402235
12-30 11:24:40.162   398   464 I VehiclePropertyStore: begin to write value to Store: {.timestamp = 10015983557525, .areaId = 0, .prop = 557851189, .status = AVAILABLE, .value = {.int32Values = [1]{0}, .floatValues = [0]{}, .int64Values = [0]{}, .bytes = [0]{}, .stringValue = ""}}
12-30 11:24:40.162   398   464 D adayocomadapter-CommunicationManager: onUpstreamReceive mPropertyId 0x21402235
12-30 11:24:40.162   398   464 D adayocomadapter-CommunicationManager: onUpstreamReceive mPropertyId 0x21402228
12-30 11:24:40.162   398   464 D adayocomadapter-CommunicationManager: convertBytesToInt32Memcpy  0
12-30 11:24:40.162   398   464 I vw-vhal : notifyVehicleProperty, propId = 0x21402228, data = {status: 2, int32Values: [0]}
12-30 11:24:40.162   398   464 I vw-vhal : CanSignalsAdapter::notifyVehicleProperty: solvedValue = {.timestamp = 10015984244525, .areaId = 0, .prop = 557851176, .status = AVAILABLE, .value = {.int32Values = [1]{0}, .floatValues = [0]{}, .int64Values = [0]{}, .bytes = [0]{}, .stringValue = ""}}
12-30 11:24:40.162   398   464 I VehiclePropertyStore: begin to write value to Store: {.timestamp = 10015984244525, .areaId = 0, .prop = 557851176, .status = AVAILABLE, .value = {.int32Values = [1]{0}, .floatValues = [0]{}, .int64Values = [0]{}, .bytes = [0]{}, .stringValue = ""}}
12-30 11:24:40.162   398   464 I DefaultVehicleHal_v2_0: DefaultVehicleHal::onPropertyValue, value:{.timestamp = 10015984244525, .areaId = 0, .prop = 557851176, .status = AVAILABLE, .value = {.int32Values = [1]{0}, .floatValues = [0]{}, .int64Values = [0]{}, .bytes = [0]{}, .stringValue = ""}}
12-30 11:24:40.156   699   699 I auditd  : type=1400 audit(0.0:1119835): avc:  denied  { write } for  comm="name_server" laddr=172.20.2.35 lport=34880 faddr=172.20.2.36 fport=60000 scontext=u:r:name_server:s0 tcontext=u:r:name_server:s0 tclass=tcp_socket permissive=1
12-30 11:24:40.162   398   464 D DiagPropHandler: is not DiagnosticConfig: 0x21402228
12-30 11:24:40.156   699   699 I name_server: type=1400 audit(0.0:1119835): avc:  denied  { write } for  laddr=172.20.2.35 lport=34880 faddr=172.20.2.36 fport=60000 scontext=u:r:name_server:s0 tcontext=u:r:name_server:s0 tclass=tcp_socket permissive=1
12-30 11:24:40.162   398   464 I VehiclePropertyStore: begin to write value to Store: {.timestamp = 10015984244525, .areaId = 0, .prop = 557851176, .status = AVAILABLE, .value = {.int32Values = [1]{0}, .floatValues = [0]{}, .int64Values = [0]{}, .bytes = [0]{}, .stringValue = ""}}
12-30 11:24:40.162   398   464 D adayocomadapter-CommunicationManager: onUpstreamReceive mPropertyId 0x21402228
12-30 11:24:40.162   398   464 D adayocomadapter-CommunicationManager: onUpstreamReceive mPropertyId 0x21402229
12-30 11:24:40.162   398   464 D adayocomadapter-CommunicationManager: convertBytesToInt32Memcpy  0
12-30 11:24:40.163   398   464 I vw-vhal : notifyVehicleProperty, propId = 0x21402229, data = {status: 2, int32Values: [0]}
12-30 11:24:40.163   398   464 I vw-vhal : CanSignalsAdapter::notifyVehicleProperty: solvedValue = {.timestamp = 10015984946192, .areaId = 0, .prop = 557851177, .status = AVAILABLE, .value = {.int32Values = [1]{0}, .floatValues = [0]{}, .int64Values = [0]{}, .bytes = [0]{}, .stringValue = ""}}
12-30 11:24:40.163   398   464 I VehiclePropertyStore: begin to write value to Store: {.timestamp = 10015984946192, .areaId = 0, .prop = 557851177, .status = AVAILABLE, .value = {.int32Values = [1]{0}, .floatValues = [0]{}, .int64Values = [0]{}, .bytes = [0]{}, .stringValue = ""}}
12-30 11:24:40.163   398   464 I DefaultVehicleHal_v2_0: DefaultVehicleHal::onPropertyValue, value:{.timestamp = 10015984946192, .areaId = 0, .prop = 557851177, .status = AVAILABLE, .value = {.int32Values = [1]{0}, .floatValues = [0]{}, .int64Values = [0]{}, .bytes = [0]{}, .stringValue = ""}}
12-30 11:24:40.163   398   464 D DiagPropHandler: is not DiagnosticConfig: 0x21402229
12-30 11:24:40.163   398   464 I VehiclePropertyStore: begin to write value to Store: {.timestamp = 10015984946192, .areaId = 0, .prop = 557851177, .status = AVAILABLE, .value = {.int32Values = [1]{0}, .floatValues = [0]{}, .int64Values = [0]{}, .bytes = [0]{}, .stringValue = ""}}
12-30 11:24:40.163   398   464 D adayocomadapter-CommunicationManager: onUpstreamReceive mPropertyId 0x21402229
12-30 11:24:40.163   398   464 D adayocomadapter-CommunicationManager: onUpstreamReceive mPropertyId 0x21402236
12-30 11:24:40.163   398   464 D adayocomadapter-CommunicationManager: convertBytesToInt32Memcpy  0
12-30 11:24:40.163   398   464 I vw-vhal : notifyVehicleProperty, propId = 0x21402236, data = {status: 2, int32Values: [0]}
12-30 11:24:40.163   398   464 I vw-vhal : CanSignalsAdapter::notifyVehicleProperty: solvedValue = {.timestamp = 10015985629192, .areaId = 0, .prop = 557851190, .status = AVAILABLE, .value = {.int32Values = [1]{0}, .floatValues = [0]{}, .int64Values = [0]{}, .bytes = [0]{}, .stringValue = ""}}
12-30 11:24:40.163   398   464 I VehiclePropertyStore: begin to write value to Store: {.timestamp = 10015985629192, .areaId = 0, .prop = 557851190, .status = AVAILABLE, .value = {.int32Values = [1]{0}, .floatValues = [0]{}, .int64Values = [0]{}, .bytes = [0]{}, .stringValue = ""}}
12-30 11:24:40.164   398   464 I DefaultVehicleHal_v2_0: DefaultVehicleHal::onPropertyValue, value:{.timestamp = 10015985629192, .areaId = 0, .prop = 557851190, .status = AVAILABLE, .value = {.int32Values = [1]{0}, .floatValues = [0]{}, .int64Values = [0]{}, .bytes = [0]{}, .stringValue = ""}}
12-30 11:24:40.164   398   464 D DiagPropHandler: is not DiagnosticConfig: 0x21402236
12-30 11:24:40.164   398   464 I VehiclePropertyStore: begin to write value to Store: {.timestamp = 10015985629192, .areaId = 0, .prop = 557851190, .status = AVAILABLE, .value = {.int32Values = [1]{0}, .floatValues = [0]{}, .int64Values = [0]{}, .bytes = [0]{}, .stringValue = ""}}
12-30 11:24:40.164   398   464 D adayocomadapter-CommunicationManager: onUpstreamReceive mPropertyId 0x21402236
12-30 11:24:40.164   398   464 D adayocomadapter-CommunicationManager: onUpstreamReceive mPropertyId 0x21402237
12-30 11:24:40.164   398   464 D adayocomadapter-CommunicationManager: convertBytesToInt32Memcpy  0
12-30 11:24:40.164   398   464 I vw-vhal : notifyVehicleProperty, propId = 0x21402237, data = {status: 2, int32Values: [0]}
12-30 11:24:40.164   398   464 I vw-vhal : CanSignalsAdapter::notifyVehicleProperty: solvedValue = {.timestamp = 10015986289525, .areaId = 0, .prop = 557851191, .status = AVAILABLE, .value = {.int32Values = [1]{0}, .floatValues = [0]{}, .int64Values = [0]{}, .bytes = [0]{}, .stringValue = ""}}
12-30 11:24:40.164   398   464 I VehiclePropertyStore: begin to write value to Store: {.timestamp = 10015986289525, .areaId = 0, .prop = 557851191, .status = AVAILABLE, .value = {.int32Values = [1]{0}, .floatValues = [0]{}, .int64Values = [0]{}, .bytes = [0]{}, .stringValue = ""}}
12-30 11:24:40.164   398   464 I DefaultVehicleHal_v2_0: DefaultVehicleHal::onPropertyValue, value:{.timestamp = 10015986289525, .areaId = 0, .prop = 557851191, .status = AVAILABLE, .value = {.int32Values = [1]{0}, .floatValues = [0]{}, .int64Values = [0]{}, .bytes = [0]{}, .stringValue = ""}}
12-30 11:24:40.164   398   464 D DiagPropHandler: is not DiagnosticConfig: 0x21402237
12-30 11:24:40.164   398   464 I VehiclePropertyStore: begin to write value to Store: {.timestamp = 10015986289525, .areaId = 0, .prop = 557851191, .status = AVAILABLE, .value = {.int32Values = [1]{0}, .floatValues = [0]{}, .int64Values = [0]{}, .bytes = [0]{}, .stringValue = ""}}
12-30 11:24:40.164   360   458 D EvsDriver: doneWithFrame
12-30 11:24:40.164   398   464 D adayocomadapter-CommunicationManager: onUpstreamReceive mPropertyId 0x21402237
12-30 11:24:40.164   398   464 D adayocomadapter-CommunicationManager: onUpstreamReceive mPropertyId 0x21402238
12-30 11:24:40.165   398   464 D adayocomadapter-CommunicationManager: convertBytesToInt32Memcpy  0
12-30 11:24:40.165   398   464 I vw-vhal : notifyVehicleProperty, propId = 0x21402238, data = {status: 2, int32Values: [0]}
12-30 11:24:40.165   398   464 I vw-vhal : CanSignalsAdapter::notifyVehicleProperty: solvedValue = {.timestamp = 10015987055858, .areaId = 0, .prop = 557851192, .status = AVAILABLE, .value = {.int32Values = [1]{0}, .floatValues = [0]{}, .int64Values = [0]{}, .bytes = [0]{}, .stringValue = ""}}
12-30 11:24:40.165   398   464 I VehiclePropertyStore: begin to write value to Store: {.timestamp = 10015987055858, .areaId = 0, .prop = 557851192, .status = AVAILABLE, .value = {.int32Values = [1]{0}, .floatValues = [0]{}, .int64Values = [0]{}, .bytes = [0]{}, .stringValue = ""}}
12-30 11:24:40.165   398   464 I DefaultVehicleHal_v2_0: DefaultVehicleHal::onPropertyValue, value:{.timestamp = 10015987055858, .areaId = 0, .prop = 557851192, .status = AVAILABLE, .value = {.int32Values = [1]{0}, .floatValues = [0]{}, .int64Values = [0]{}, .bytes = [0]{}, .stringValue = ""}}
12-30 11:24:40.165   398   464 D DiagPropHandler: is not DiagnosticConfig: 0x21402238
12-30 11:24:40.165   398   464 I VehiclePropertyStore: begin to write value to Store: {.timestamp = 10015987055858, .areaId = 0, .prop = 557851192, .status = AVAILABLE, .value = {.int32Values = [1]{0}, .floatValues = [0]{}, .int64Values = [0]{}, .bytes = [0]{}, .stringValue = ""}}
12-30 11:24:40.165   398   464 D adayocomadapter-CommunicationManager: onUpstreamReceive mPropertyId 0x21402238
12-30 11:24:40.165   398   464 D adayocomadapter-CommunicationManager: onUpstreamReceive mPropertyId 0x21402239
12-30 11:24:40.165   398   464 D adayocomadapter-CommunicationManager: convertBytesToInt32Memcpy  0
