12-30 11:24:42.192   398   464 D DiagPropHandler: is not DiagnosticConfig: 0x21402042
12-30 11:24:42.192   398   464 I VehiclePropertyStore: begin to write value to Store: {.timestamp = 10018014003858, .areaId = 0, .prop = 557850690, .status = AVAILABLE, .value = {.int32Values = [1]{0}, .floatValues = [0]{}, .int64Values = [0]{}, .bytes = [0]{}, .stringValue = ""}}
12-30 11:24:42.192   398   464 D adayocomadapter-CommunicationManager: onUpstreamReceive mPropertyId 0x21402042
12-30 11:24:42.192   398   464 D adayocomadapter-CommunicationManager: onUpstreamReceive mPropertyId 0x21402039
12-30 11:24:42.192   398   464 D adayocomadapter-CommunicationManager: convertBytesToInt32Memcpy  0
12-30 11:24:42.192   398   464 I vw-vhal : notifyVehicleProperty, propId = 0x21402039, data = {status: 2, int32Values: [0]}
12-30 11:24:42.192   398   464 I vw-vhal : CanSignalsAdapter::notifyVehicleProperty: solvedValue = {.timestamp = 10018014337858, .areaId = 0, .prop = 557850681, .status = AVAILABLE, .value = {.int32Values = [1]{0}, .floatValues = [0]{}, .int64Values = [0]{}, .bytes = [0]{}, .stringValue = ""}}
12-30 11:24:42.192   398   464 I VehiclePropertyStore: begin to write value to Store: {.timestamp = 10018014337858, .areaId = 0, .prop = 557850681, .status = AVAILABLE, .value = {.int32Values = [1]{0}, .floatValues = [0]{}, .int64Values = [0]{}, .bytes = [0]{}, .stringValue = ""}}
12-30 11:24:42.192   398   464 I DefaultVehicleHal_v2_0: DefaultVehicleHal::onPropertyValue, value:{.timestamp = 10018014337858, .areaId = 0, .prop = 557850681, .status = AVAILABLE, .value = {.int32Values = [1]{0}, .floatValues = [0]{}, .int64Values = [0]{}, .bytes = [0]{}, .stringValue = ""}}
12-30 11:24:42.192   398   464 D DiagPropHandler: is not DiagnosticConfig: 0x21402039
12-30 11:24:42.192   398   464 I VehiclePropertyStore: begin to write value to Store: {.timestamp = 10018014337858, .areaId = 0, .prop = 557850681, .status = AVAILABLE, .value = {.int32Values = [1]{0}, .floatValues = [0]{}, .int64Values = [0]{}, .bytes = [0]{}, .stringValue = ""}}
12-30 11:24:42.192   398   464 D adayocomadapter-CommunicationManager: onUpstreamReceive mPropertyId 0x21402039
12-30 11:24:42.192   398   464 D adayocomadapter-CommunicationManager: onUpstreamReceive mPropertyId 0x2140203d
12-30 11:24:42.192   398   464 D adayocomadapter-CommunicationManager: convertBytesToInt32Memcpy  0
12-30 11:24:42.192   398   464 I vw-vhal : notifyVehicleProperty, propId = 0x2140203d, data = {status: 2, int32Values: [0]}
12-30 11:24:42.192   398   464 I vw-vhal : CanSignalsAdapter::notifyVehicleProperty: solvedValue = {.timestamp = 10018014680525, .areaId = 0, .prop = 557850685, .status = AVAILABLE, .value = {.int32Values = [1]{0}, .floatValues = [0]{}, .int64Values = [0]{}, .bytes = [0]{}, .stringValue = ""}}
12-30 11:24:42.192   398   464 I VehiclePropertyStore: begin to write value to Store: {.timestamp = 10018014680525, .areaId = 0, .prop = 557850685, .status = AVAILABLE, .value = {.int32Values = [1]{0}, .floatValues = [0]{}, .int64Values = [0]{}, .bytes = [0]{}, .stringValue = ""}}
12-30 11:24:42.192   398   464 I DefaultVehicleHal_v2_0: DefaultVehicleHal::onPropertyValue, value:{.timestamp = 10018014680525, .areaId = 0, .prop = 557850685, .status = AVAILABLE, .value = {.int32Values = [1]{0}, .floatValues = [0]{}, .int64Values = [0]{}, .bytes = [0]{}, .stringValue = ""}}
12-30 11:24:42.192   398   464 D DiagPropHandler: is not DiagnosticConfig: 0x2140203d
12-30 11:24:42.193   398   464 I VehiclePropertyStore: begin to write value to Store: {.timestamp = 10018014680525, .areaId = 0, .prop = 557850685, .status = AVAILABLE, .value = {.int32Values = [1]{0}, .floatValues = [0]{}, .int64Values = [0]{}, .bytes = [0]{}, .stringValue = ""}}
12-30 11:24:42.193   398   464 D adayocomadapter-CommunicationManager: onUpstreamReceive mPropertyId 0x2140203d
12-30 11:24:42.193   398   464 D adayocomadapter-CommunicationManager: onUpstreamReceive mPropertyId 0x21402041
12-30 11:24:42.193   398   464 D adayocomadapter-CommunicationManager: convertBytesToInt32Memcpy  0
12-30 11:24:42.193   398   464 I vw-vhal : notifyVehicleProperty, propId = 0x21402041, data = {status: 2, int32Values: [0]}
12-30 11:24:42.193   398   464 I vw-vhal : CanSignalsAdapter::notifyVehicleProperty: solvedValue = {.timestamp = 10018015009525, .areaId = 0, .prop = 557850689, .status = AVAILABLE, .value = {.int32Values = [1]{0}, .floatValues = [0]{}, .int64Values = [0]{}, .bytes = [0]{}, .stringValue = ""}}
12-30 11:24:42.193   398   464 I VehiclePropertyStore: begin to write value to Store: {.timestamp = 10018015009525, .areaId = 0, .prop = 557850689, .status = AVAILABLE, .value = {.int32Values = [1]{0}, .floatValues = [0]{}, .int64Values = [0]{}, .bytes = [0]{}, .stringValue = ""}}
12-30 11:24:42.193   398   464 I DefaultVehicleHal_v2_0: DefaultVehicleHal::onPropertyValue, value:{.timestamp = 10018015009525, .areaId = 0, .prop = 557850689, .status = AVAILABLE, .value = {.int32Values = [1]{0}, .floatValues = [0]{}, .int64Values = [0]{}, .bytes = [0]{}, .stringValue = ""}}
12-30 11:24:42.193   398   464 D DiagPropHandler: is not DiagnosticConfig: 0x21402041
12-30 11:24:42.193   398   464 I VehiclePropertyStore: begin to write value to Store: {.timestamp = 10018015009525, .areaId = 0, .prop = 557850689, .status = AVAILABLE, .value = {.int32Values = [1]{0}, .floatValues = [0]{}, .int64Values = [0]{}, .bytes = [0]{}, .stringValue = ""}}
12-30 11:24:42.193   398   464 D adayocomadapter-CommunicationManager: onUpstreamReceive mPropertyId 0x21402041
12-30 11:24:42.193   398   464 D adayocomadapter-CommunicationManager: onUpstreamReceive mPropertyId 0x21402045
12-30 11:24:42.193   398   464 D adayocomadapter-CommunicationManager: convertBytesToInt32Memcpy  0
12-30 11:24:42.193   398   464 I vw-vhal : notifyVehicleProperty, propId = 0x21402045, data = {status: 2, int32Values: [0]}
12-30 11:24:42.193   398   464 I vw-vhal : CanSignalsAdapter::notifyVehicleProperty: solvedValue = {.timestamp = 10018015338525, .areaId = 0, .prop = 557850693, .status = AVAILABLE, .value = {.int32Values = [1]{0}, .floatValues = [0]{}, .int64Values = [0]{}, .bytes = [0]{}, .stringValue = ""}}
12-30 11:24:42.193   398   464 I VehiclePropertyStore: begin to write value to Store: {.timestamp = 10018015338525, .areaId = 0, .prop = 557850693, .status = AVAILABLE, .value = {.int32Values = [1]{0}, .floatValues = [0]{}, .int64Values = [0]{}, .bytes = [0]{}, .stringValue = ""}}
12-30 11:24:42.193   398   464 I DefaultVehicleHal_v2_0: DefaultVehicleHal::onPropertyValue, value:{.timestamp = 10018015338525, .areaId = 0, .prop = 557850693, .status = AVAILABLE, .value = {.int32Values = [1]{0}, .floatValues = [0]{}, .int64Values = [0]{}, .bytes = [0]{}, .stringValue = ""}}
12-30 11:24:42.193   398   464 D DiagPropHandler: is not DiagnosticConfig: 0x21402045
12-30 11:24:42.193   398   464 I VehiclePropertyStore: begin to write value to Store: {.timestamp = 10018015338525, .areaId = 0, .prop = 557850693, .status = AVAILABLE, .value = {.int32Values = [1]{0}, .floatValues = [0]{}, .int64Values = [0]{}, .bytes = [0]{}, .stringValue = ""}}
12-30 11:24:42.193   398   464 D adayocomadapter-CommunicationManager: onUpstreamReceive mPropertyId 0x21402045
12-30 11:24:42.193   398   464 D adayocomadapter-CommunicationManager: onUpstreamReceive mPropertyId 0x2140204d
12-30 11:24:42.193   398   464 D adayocomadapter-CommunicationManager: convertBytesToInt32Memcpy  0
12-30 11:24:42.193   398   464 I vw-vhal : notifyVehicleProperty, propId = 0x2140204d, data = {status: 2, int32Values: [0]}
12-30 11:24:42.193   398   464 I vw-vhal : CanSignalsAdapter::notifyVehicleProperty: solvedValue = {.timestamp = 10018015678192, .areaId = 0, .prop = 557850701, .status = AVAILABLE, .value = {.int32Values = [1]{0}, .floatValues = [0]{}, .int64Values = [0]{}, .bytes = [0]{}, .stringValue = ""}}
12-30 11:24:42.193   398   464 I VehiclePropertyStore: begin to write value to Store: {.timestamp = 10018015678192, .areaId = 0, .prop = 557850701, .status = AVAILABLE, .value = {.int32Values = [1]{0}, .floatValues = [0]{}, .int64Values = [0]{}, .bytes = [0]{}, .stringValue = ""}}
12-30 11:24:42.193   398   464 I DefaultVehicleHal_v2_0: DefaultVehicleHal::onPropertyValue, value:{.timestamp = 10018015678192, .areaId = 0, .prop = 557850701, .status = AVAILABLE, .value = {.int32Values = [1]{0}, .floatValues = [0]{}, .int64Values = [0]{}, .bytes = [0]{}, .stringValue = ""}}
12-30 11:24:42.193   398   464 D DiagPropHandler: is not DiagnosticConfig: 0x2140204d
12-30 11:24:42.194   398   464 I VehiclePropertyStore: begin to write value to Store: {.timestamp = 10018015678192, .areaId = 0, .prop = 557850701, .status = AVAILABLE, .value = {.int32Values = [1]{0}, .floatValues = [0]{}, .int64Values = [0]{}, .bytes = [0]{}, .stringValue = ""}}
12-30 11:24:42.194   398   464 D adayocomadapter-CommunicationManager: onUpstreamReceive mPropertyId 0x2140204d
12-30 11:24:42.194   398   464 D adayocomadapter-CommunicationManager: onUpstreamReceive mPropertyId 0x2140220b
12-30 11:24:42.194   398   464 D adayocomadapter-CommunicationManager: convertBytesToInt32Memcpy  0
12-30 11:24:42.194   398   464 I vw-vhal : notifyVehicleProperty, propId = 0x2140220b, data = {status: 2, int32Values: [0]}
12-30 11:24:42.194   398   464 I vw-vhal : CanSignalsAdapter::notifyVehicleProperty: solvedValue = {.timestamp = 10018016049192, .areaId = 0, .prop = 557851147, .status = AVAILABLE, .value = {.int32Values = [1]{0}, .floatValues = [0]{}, .int64Values = [0]{}, .bytes = [0]{}, .stringValue = ""}}
12-30 11:24:42.194   398   464 I VehiclePropertyStore: begin to write value to Store: {.timestamp = 10018016049192, .areaId = 0, .prop = 557851147, .status = AVAILABLE, .value = {.int32Values = [1]{0}, .floatValues = [0]{}, .int64Values = [0]{}, .bytes = [0]{}, .stringValue = ""}}
12-30 11:24:42.194   398   464 I DefaultVehicleHal_v2_0: DefaultVehicleHal::onPropertyValue, value:{.timestamp = 10018016049192, .areaId = 0, .prop = 557851147, .status = AVAILABLE, .value = {.int32Values = [1]{0}, .floatValues = [0]{}, .int64Values = [0]{}, .bytes = [0]{}, .stringValue = ""}}
12-30 11:24:42.194   398   464 D DiagPropHandler: is not DiagnosticConfig: 0x2140220b
12-30 11:24:42.194   398   464 I VehiclePropertyStore: begin to write value to Store: {.timestamp = 10018016049192, .areaId = 0, .prop = 557851147, .status = AVAILABLE, .value = {.int32Values = [1]{0}, .floatValues = [0]{}, .int64Values = [0]{}, .bytes = [0]{}, .stringValue = ""}}
12-30 11:24:42.194   398   464 D adayocomadapter-CommunicationManager: onUpstreamReceive mPropertyId 0x2140220b
12-30 11:24:42.197   360   458 D EvsDriver: doneWithFrame
12-30 11:24:42.203   596  3076 E WifiHAL : Invalid data received from driver
12-30 11:24:42.210  2358  2623 D RcfController: Rcf proxy is not connected!
12-30 11:24:42.215  3066  3066 D hostapd : nl80211: BSS Event 59 (NL80211_CMD_FRAME) received for wlan1
12-30 11:24:42.215  3066  3066 D hostapd : nl80211: RX frame da=ff:ff:ff:ff:ff:ff sa=ea:9d:d5:49:2d:ed bssid=ea:9d:d5:49:2d:ed freq=5745 ssi_signal=-9200 fc=0xd0 seq_ctrl=0xcc70 stype=13 (WLAN_FC_STYPE_ACTION) len=42
12-30 11:24:42.215  3066  3066 D hostapd : wlan1: Event RX_MGMT (18) received
12-30 11:24:42.215  3066  3066 D hostapd : Receive wpa msg : Event RX_MGMT (18) received
12-30 11:24:42.223   360   931 D EvsDriver: forwardFrame
12-30 11:24:42.223   360   931 D EvsDriver: forwardFrameDirect
12-30 11:24:42.223   360   931 D EvsDriver: Delivered 0xb400e2ca9e40c2d0 as id 0
12-30 11:24:42.223   359  2784 D evsmanagerd: /dev/video-evs0 forwarded the buffer #0 to 0xb400f125d2b26dd0 from 0xb400f125e2b20710
12-30 11:24:42.227   360   458 D EvsDriver: doneWithFrame
12-30 11:24:42.230   650   729 D fgemcucomm: sd Uart data : 6AA602388800029202A8
12-30 11:24:42.230   650   729 D fgemcucomm: rev uart=82737,len=35, data : 6AA6813888001B9202020300000000000000000000000000000000000000000000000B
12-30 11:24:42.230   398   466 D adayocomadapter-ParseProtocolFunc: printRaWMsg Name[MCUToUPstream recv] len[27] data[920202030000000000000000000000000000000000000000000000]
12-30 11:24:42.231   398   466 D adayocomadapter-CommunicationManager: onUpstreamback   member[2] dataLength[24] timePoint[10018052]
12-30 11:24:42.231   398   466 D adayocomadapter-ParseProtocolFunc: printRaWMsg Name[onUpstreamback] len[24] data[030000000000000000000000000000000000000000000000]
12-30 11:24:42.231   398   464 D adayocomadapter-UpstreamHandler: processBeforePacket upSreamtProcessTimePoint[10018053] 
12-30 11:24:42.231   398   464 D adayocomadapter-ParseProtocolFunc: parseGeneralIPCLBytes Processing tablename[Table-3] tableSize[23]
12-30 11:24:42.231   398   464 D adayocomadapter-ParseProtocolFunc: printRaWMsg Name[byteStream recv] len[24] data[030000000000000000000000000000000000000000000000]
12-30 11:24:42.231   398   464 D adayocomadapter-ParseProtocolFunc: printRaWMsg Name[IPCLtoVHAL] len[28] data[2110208E010000000000000000000000000000000000000000000000]
12-30 11:24:42.231   398   464 D adayocomadapter-CommunicationManager: onUpstreamReceive mPropertyId 0x2110208e
12-30 11:24:42.231   398   464 D adayocomadapter-CommunicationManager: byteArrayToHexString  
12-30 11:24:42.231   398   464 I vw-vhal : notifyVehicleProperty, propId = 0x2110208e, data = {status: 2, stringValue: "
12-30 11:24:42.231   398   464 I vw-vhal : CanSignalsAdapter::notifyVehicleProperty: solvedValue = {.timestamp = 10018053356525, .areaId = 0, .prop = 554705038, .status = AVAILABLE, .value = {.int32Values = [0]{}, .floatValues = [0]{}, .int64Values = [0]{}, .bytes = [0]{}, .stringValue = ""}}
12-30 11:24:42.231   398   464 I VehiclePropertyStore: begin to write value to Store: {.timestamp = 10018053356525, .areaId = 0, .prop = 554705038, .status = AVAILABLE, .value = {.int32Values = [0]{}, .floatValues = [0]{}, .int64Values = [0]{}, .bytes = [0]{}, .stringValue = ""}}
12-30 11:24:42.231   398   464 I DefaultVehicleHal_v2_0: DefaultVehicleHal::onPropertyValue, value:{.timestamp = 10018053356525, .areaId = 0, .prop = 554705038, .status = AVAILABLE, .value = {.int32Values = [0]{}, .floatValues = [0]{}, .int64Values = [0]{}, .bytes = [0]{}, .stringValue = ""}}
12-30 11:24:42.231   398   464 D DiagPropHandler: is not DiagnosticConfig: 0x2110208e
12-30 11:24:42.231   398   464 I VehiclePropertyStore: begin to write value to Store: {.timestamp = 10018053356525, .areaId = 0, .prop = 554705038, .status = AVAILABLE, .value = {.int32Values = [0]{}, .floatValues = [0]{}, .int64Values = [0]{}, .bytes = [0]{}, .stringValue = ""}}
12-30 11:24:42.231   398   464 D adayocomadapter-CommunicationManager: onUpstreamReceive mPropertyId 0x2110208e
12-30 11:24:42.235   596  3076 E WifiHAL : Invalid data received from driver
12-30 11:24:42.235  3066  3066 D hostapd : nl80211: BSS Event 59 (NL80211_CMD_FRAME) received for wlan1
12-30 11:24:42.236  3066  3066 D hostapd : nl80211: RX frame da=ff:ff:ff:ff:ff:ff sa=ea:9d:d5:49:2d:ed bssid=ea:9d:d5:49:2d:ed freq=5745 ssi_signal=-9200 fc=0xd0 seq_ctrl=0xcc80 stype=13 (WLAN_FC_STYPE_ACTION) len=42
12-30 11:24:42.236  3066  3066 D hostapd : wlan1: Event RX_MGMT (18) received
12-30 11:24:42.236  3066  3066 D hostapd : Receive wpa msg : Event RX_MGMT (18) received
12-30 11:24:42.256   360   931 D EvsDriver: forwardFrame
12-30 11:24:42.256   360   931 D EvsDriver: forwardFrameDirect
12-30 11:24:42.256   360   931 D EvsDriver: Delivered 0xb400e2ca9e40d090 as id 1
12-30 11:24:42.256   359  2784 D evsmanagerd: /dev/video-evs0 forwarded the buffer #1 to 0xb400f125d2b26dd0 from 0xb400f125e2b20710
12-30 11:24:42.257   360   458 D EvsDriver: doneWithFrame
12-30 11:24:42.260  2358  2623 D RcfController: Rcf proxy is not connected!
12-30 11:24:42.276   596  3076 E WifiHAL : Invalid data received from driver
12-30 11:24:42.276  3066  3066 D hostapd : nl80211: BSS Event 59 (NL80211_CMD_FRAME) received for wlan1
12-30 11:24:42.276  3066  3066 D hostapd : nl80211: RX frame da=ff:ff:ff:ff:ff:ff sa=ea:9d:d5:49:2d:ed bssid=ea:9d:d5:49:2d:ed freq=5745 ssi_signal=-9200 fc=0xd0 seq_ctrl=0xcca0 stype=13 (WLAN_FC_STYPE_ACTION) len=42
12-30 11:24:42.276  3066  3066 D hostapd : wlan1: Event RX_MGMT (18) received
12-30 11:24:42.276  3066  3066 D hostapd : Receive wpa msg : Event RX_MGMT (18) received
12-30 11:24:42.289   360   931 D EvsDriver: forwardFrame
12-30 11:24:42.289   360   931 D EvsDriver: forwardFrameDirect
12-30 11:24:42.290   360   931 D EvsDriver: Delivered 0xb400e2ca9e40e110 as id 0
12-30 11:24:42.290   359  2784 D evsmanagerd: /dev/video-evs0 forwarded the buffer #0 to 0xb400f125d2b26dd0 from 0xb400f125e2b20710
12-30 11:24:42.297   360   458 D EvsDriver: doneWithFrame
12-30 11:24:42.310  2358  2623 D RcfController: Rcf proxy is not connected!
12-30 11:24:42.323   360   931 D EvsDriver: forwardFrame
12-30 11:24:42.323   360   931 D EvsDriver: forwardFrameDirect
12-30 11:24:42.323   360   931 D EvsDriver: Delivered 0xb400e2ca9e40c7a0 as id 1
12-30 11:24:42.323   359  2784 D evsmanagerd: /dev/video-evs0 forwarded the buffer #1 to 0xb400f125d2b26dd0 from 0xb400f125e2b20710
12-30 11:24:42.328   360   458 D EvsDriver: doneWithFrame
12-30 11:24:42.337   596  3076 E WifiHAL : Invalid data received from driver
12-30 11:24:42.337  3066  3066 D hostapd : nl80211: BSS Event 59 (NL80211_CMD_FRAME) received for wlan1
12-30 11:24:42.337  3066  3066 D hostapd : nl80211: RX frame da=ff:ff:ff:ff:ff:ff sa=ea:9d:d5:49:2d:ed bssid=ea:9d:d5:49:2d:ed freq=5745 ssi_signal=-9100 fc=0xd0 seq_ctrl=0xccd0 stype=13 (WLAN_FC_STYPE_ACTION) len=42
12-30 11:24:42.337  3066  3066 D hostapd : wlan1: Event RX_MGMT (18) received
12-30 11:24:42.337  3066  3066 D hostapd : Receive wpa msg : Event RX_MGMT (18) received
12-30 11:24:42.356   360   931 D EvsDriver: forwardFrame
12-30 11:24:42.356   360   931 D EvsDriver: forwardFrameDirect
12-30 11:24:42.356   360   931 D EvsDriver: Delivered 0xb400e2ca9e40e270 as id 0
12-30 11:24:42.356   359  2784 D evsmanagerd: /dev/video-evs0 forwarded the buffer #0 to 0xb400f125d2b26dd0 from 0xb400f125e2b20710
12-30 11:24:42.357   596  3076 E WifiHAL : Invalid data received from driver
12-30 11:24:42.357  3066  3066 D hostapd : nl80211: BSS Event 59 (NL80211_CMD_FRAME) received for wlan1
12-30 11:24:42.358  3066  3066 D hostapd : nl80211: RX frame da=ff:ff:ff:ff:ff:ff sa=ea:9d:d5:49:2d:ed bssid=ea:9d:d5:49:2d:ed freq=5745 ssi_signal=-9000 fc=0xd0 seq_ctrl=0xcce0 stype=13 (WLAN_FC_STYPE_ACTION) len=42
12-30 11:24:42.358  3066  3066 D hostapd : wlan1: Event RX_MGMT (18) received
12-30 11:24:42.358  3066  3066 D hostapd : Receive wpa msg : Event RX_MGMT (18) received
12-30 11:24:42.358   360   458 D EvsDriver: doneWithFrame
12-30 11:24:42.361  2358  2623 D RcfController: Rcf proxy is not connected!
12-30 11:24:42.377  2475  2681 I TtsServiceAgent: check thread start checking, threadId = 29
12-30 11:24:42.378  2475  2681 D TtsServiceAgent: start bind service...
12-30 11:24:42.378  2475  2681 D TtsServiceAgent: ----->initService, usage = 16
12-30 11:24:42.378  2475  2681 W ContextImpl: Calling a method in the system process without a qualified user: android.app.ContextImpl.bindService:1988 android.content.ContextWrapper.bindService:861 com.iflytek.autofly.ttsaidl.ttsproxy.TtsServiceAgent.initService:189 com.iflytek.autofly.ttsaidl.ttsproxy.TtsServiceAgent.initService:133 com.iflytek.autofly.ttsaidl.ttsproxy.TtsServiceAgent$2.run:517 
12-30 11:24:42.379   916  2591 W ActivityManager: Unable to start service Intent { act=com.iflytek.autofly.tts.ttsservice.TtsAdapterService cmp=com.iflytek.cutefly.speechclient.hmi/com.iflytek.autofly.tts.ttsservice.TtsAdapterService } U=0: not found
12-30 11:24:42.379  2475  2681 D TtsServiceAgent: bindService: false
12-30 11:24:42.379  2475  2681 D TtsServiceAgent: start reInitService
12-30 11:24:42.379  2475  2681 D TtsServiceAgent: aidlCheckThreadRunning = true
12-30 11:24:42.379  2475  2681 D TtsServiceAgent: ----->check connection status in 1000s...
12-30 11:24:42.389   360   931 D EvsDriver: forwardFrame
12-30 11:24:42.389   360   931 D EvsDriver: forwardFrameDirect
12-30 11:24:42.390   360   931 D EvsDriver: Delivered 0xb400e2ca9e40d4b0 as id 1
12-30 11:24:42.390   359  2784 D evsmanagerd: /dev/video-evs0 forwarded the buffer #1 to 0xb400f125d2b26dd0 from 0xb400f125e2b20710
12-30 11:24:42.399   360   458 D EvsDriver: doneWithFrame
12-30 11:24:42.411  2358  2623 D RcfController: Rcf proxy is not connected!
12-30 11:24:42.423   360   931 D EvsDriver: forwardFrame
12-30 11:24:42.423   360   931 D EvsDriver: forwardFrameDirect
12-30 11:24:42.423   360   931 D EvsDriver: Delivered 0xb400e2ca9e40c2d0 as id 0
12-30 11:24:42.423   359  2784 D evsmanagerd: /dev/video-evs0 forwarded the buffer #0 to 0xb400f125d2b26dd0 from 0xb400f125e2b20710
12-30 11:24:42.429   360   458 D EvsDriver: doneWithFrame
12-30 11:24:42.446   596  3076 E WifiHAL : Invalid data received from driver
12-30 11:24:42.450   650   730 D fgemcucomm: sd Uart data : 6AA6001E3900020601A0
12-30 11:24:42.456   360   931 D EvsDriver: forwardFrame
12-30 11:24:42.456   360   931 D EvsDriver: forwardFrameDirect
12-30 11:24:42.456   360   931 D EvsDriver: Delivered 0xb400e2ca9e40d090 as id 1
12-30 11:24:42.457   359  2784 D evsmanagerd: /dev/video-evs0 forwarded the buffer #1 to 0xb400f125d2b26dd0 from 0xb400f125e2b20710
12-30 11:24:42.459   360   458 D EvsDriver: doneWithFrame
12-30 11:24:42.461  2358  2623 D RcfController: Rcf proxy is not connected!
12-30 11:24:42.475  1667  2594 W ContextImpl: Calling a method in the system process without a qualified user: android.app.ContextImpl.bindService:1988 android.content.ContextWrapper.bindService:861 com.ford.sync.fnvservice.FordFnv.c:202 com.ford.sync.fnvservice.FordFnv.c:43 com.ford.sync.fnvservice.FordFnv$RetryHandler.handleMessage:245 
12-30 11:24:42.476   916  2591 W ActivityManager: Unable to start service Intent { cmp=com.ford.sync.fnvservice/.FordFnvService } U=0: not found
12-30 11:24:42.476  1667  2594 W FordFnv :  bind ford fnv failed -> sendRetryMessage 
12-30 11:24:42.482   594 18268 D resolv  : retrying_poll: 12 retrying_poll timeout
12-30 11:24:42.482   594 18268 D resolv  : send_dg: timeout
12-30 11:24:42.483   594 18268 I resolv  : res_nsend: used send_dg 0 terrno: 110
12-30 11:24:42.483   594 18268 D resolv  : res_nsend: Querying server (# 2) address = 8.8.8.8:53
12-30 11:24:42.483   594 18268 D resolv  : get_timeout: using timeout of 5000 msec
12-30 11:24:42.483   594 18268 D resolv  : retrying_poll: 13 retrying_poll
12-30 11:24:42.489   360   931 D EvsDriver: forwardFrame
12-30 11:24:42.489   360   931 D EvsDriver: forwardFrameDirect
12-30 11:24:42.490   360   931 D EvsDriver: Delivered 0xb400e2ca9e40e110 as id 0
12-30 11:24:42.490   359  2784 D evsmanagerd: /dev/video-evs0 forwarded the buffer #0 to 0xb400f125d2b26dd0 from 0xb400f125e2b20710
12-30 11:24:42.500   360   458 D EvsDriver: doneWithFrame
12-30 11:24:42.511   596  3076 E WifiHAL : Invalid data received from driver
12-30 11:24:42.511  2358  2623 D RcfController: Rcf proxy is not connected!
12-30 11:24:42.518   665  1525 I gps_hdbd: [gps_upgrade_thread 3403]Enter
12-30 11:24:42.518   665  1525 I gps_hdbd: [gps_upgrade_thread 3432] sys.gps.update:0 ,file:not ,upgrate_ing:0
12-30 11:24:42.522  3066  3066 D hostapd : nl80211: BSS Event 59 (NL80211_CMD_FRAME) received for wlan1
12-30 11:24:42.522  3066  3066 D hostapd : nl80211: RX frame da=ff:ff:ff:ff:ff:ff sa=ea:9d:d5:49:2d:ed bssid=ea:9d:d5:49:2d:ed freq=5745 ssi_signal=-9100 fc=0xd0 seq_ctrl=0xcd80 stype=13 (WLAN_FC_STYPE_ACTION) len=42
12-30 11:24:42.522  3066  3066 D hostapd : wlan1: Event RX_MGMT (18) received
12-30 11:24:42.522  3066  3066 D hostapd : Receive wpa msg : Event RX_MGMT (18) received
12-30 11:24:42.523   360   931 D EvsDriver: forwardFrame
12-30 11:24:42.523   360   931 D EvsDriver: forwardFrameDirect
12-30 11:24:42.523   360   931 D EvsDriver: Delivered 0xb400e2ca9e40c7a0 as id 1
12-30 11:24:42.523   359  2784 D evsmanagerd: /dev/video-evs0 forwarded the buffer #1 to 0xb400f125d2b26dd0 from 0xb400f125e2b20710
12-30 11:24:42.530   360   458 D EvsDriver: doneWithFrame
12-30 11:24:42.548   596  3076 E WifiHAL : Invalid data received from driver
12-30 11:24:42.556   360   931 D EvsDriver: forwardFrame
12-30 11:24:42.556   360   931 D EvsDriver: forwardFrameDirect
12-30 11:24:42.556   360   931 D EvsDriver: Delivered 0xb400e2ca9e40e270 as id 0
12-30 11:24:42.557   359  2784 D evsmanagerd: /dev/video-evs0 forwarded the buffer #0 to 0xb400f125d2b26dd0 from 0xb400f125e2b20710
12-30 11:24:42.561   360   458 D EvsDriver: doneWithFrame
12-30 11:24:42.562  2358  2623 D RcfController: Rcf proxy is not connected!
12-30 11:24:42.589   360   931 I EvsDriver: /dev/video-evs0 VideoCapture fps 30.0005
12-30 11:24:42.590   360   931 D EvsDriver: forwardFrame
12-30 11:24:42.590   360   931 D EvsDriver: forwardFrameDirect
12-30 11:24:42.590   360   931 D EvsDriver: Delivered 0xb400e2ca9e40d4b0 as id 1
12-30 11:24:42.590   359  2784 D evsmanagerd: /dev/video-evs0 forwarded the buffer #1 to 0xb400f125d2b26dd0 from 0xb400f125e2b20710
12-30 11:24:42.591   360   458 D EvsDriver: doneWithFrame
12-30 11:24:42.599   650   729 D fgemcucomm: sd Uart data : 6AA602388900029202A7
12-30 11:24:42.599   650   729 D fgemcucomm: rev uart=82738,len=18, data : 6AA6813889000A9202000700000000000019
12-30 11:24:42.599   398   466 D adayocomadapter-ParseProtocolFunc: printRaWMsg Name[MCUToUPstream recv] len[10] data[92020007000000000000]
12-30 11:24:42.600   398   466 D adayocomadapter-CommunicationManager: onUpstreamback   member[0] dataLength[7] timePoint[10018421]
12-30 11:24:42.600   398   466 D adayocomadapter-ParseProtocolFunc: printRaWMsg Name[onUpstreamback] len[7] data[07000000000000]
12-30 11:24:42.600   398   464 D adayocomadapter-UpstreamHandler: processBeforePacket upSreamtProcessTimePoint[10018422] 
12-30 11:24:42.600   398   464 D adayocomadapter-UpstreamHandler: processPacket UPSTREAM_QUEUE_DATA_TIMEOUT
12-30 11:24:42.600   398   464 D adayocomadapter-ParseProtocolFunc: parseCommonIPCLBytes Processing tableNumber[7]
12-30 11:24:42.600   398   464 D adayocomadapter-ParseProtocolFunc: parseCommonIPCLBytes Processing tablename[Table-7] tableSize[7]
12-30 11:24:42.600   398   464 D adayocomadapter-ParseProtocolFunc: printRaWMsg Name[byteStream recv] len[7] data[07000000000000]
12-30 11:24:42.600   398   464 D adayocomadapter-ParseProtocolFunc: printRaWMsg Name[IPCLtoVHAL] len[6] data[214020530000]
12-30 11:24:42.600   398   464 D adayocomadapter-ParseProtocolFunc: printRaWMsg Name[IPCLtoVHAL] len[6] data[214020A00000]
12-30 11:24:42.600   398   464 D adayocomadapter-ParseProtocolFunc: printRaWMsg Name[IPCLtoVHAL] len[6] data[214021310000]
12-30 11:24:42.600   398   464 D adayocomadapter-ParseProtocolFunc: printRaWMsg Name[IPCLtoVHAL] len[6] data[214020A20000]
12-30 11:24:42.600   398   464 D adayocomadapter-ParseProtocolFunc: printRaWMsg Name[IPCLtoVHAL] len[6] data[214020A40000]
12-30 11:24:42.600   398   464 D adayocomadapter-ParseProtocolFunc: printRaWMsg Name[IPCLtoVHAL] len[6] data[214021CE0000]
12-30 11:24:42.600   398   464 D adayocomadapter-CommunicationManager: onUpstreamReceive mPropertyId 0x21402053
12-30 11:24:42.600   398   464 D adayocomadapter-CommunicationManager: convertBytesToInt32Memcpy  0
12-30 11:24:42.601   398   464 I vw-vhal : notifyVehicleProperty, propId = 0x21402053, data = {status: 2, int32Values: [0]}
12-30 11:24:42.601   398   464 I vw-vhal : CanSignalsAdapter::notifyVehicleProperty: solvedValue = {.timestamp = 10018422938192, .areaId = 0, .prop = 557850707, .status = AVAILABLE, .value = {.int32Values = [1]{0}, .floatValues = [0]{}, .int64Values = [0]{}, .bytes = [0]{}, .stringValue = ""}}
12-30 11:24:42.601   398   464 I VehiclePropertyStore: begin to write value to Store: {.timestamp = 10018422938192, .areaId = 0, .prop = 557850707, .status = AVAILABLE, .value = {.int32Values = [1]{0}, .floatValues = [0]{}, .int64Values = [0]{}, .bytes = [0]{}, .stringValue = ""}}
12-30 11:24:42.601   398   464 I DefaultVehicleHal_v2_0: DefaultVehicleHal::onPropertyValue, value:{.timestamp = 10018422938192, .areaId = 0, .prop = 557850707, .status = AVAILABLE, .value = {.int32Values = [1]{0}, .floatValues = [0]{}, .int64Values = [0]{}, .bytes = [0]{}, .stringValue = ""}}
12-30 11:24:42.601   398   464 D DiagPropHandler: is not DiagnosticConfig: 0x21402053
12-30 11:24:42.601   398   464 I VehiclePropertyStore: begin to write value to Store: {.timestamp = 10018422938192, .areaId = 0, .prop = 557850707, .status = AVAILABLE, .value = {.int32Values = [1]{0}, .floatValues = [0]{}, .int64Values = [0]{}, .bytes = [0]{}, .stringValue = ""}}
12-30 11:24:42.601   398   464 D adayocomadapter-CommunicationManager: onUpstreamReceive mPropertyId 0x21402053
12-30 11:24:42.601   398   464 D adayocomadapter-CommunicationManager: onUpstreamReceive mPropertyId 0x214020a0
12-30 11:24:42.601   398   464 D adayocomadapter-CommunicationManager: convertBytesToInt32Memcpy  0
12-30 11:24:42.601   398   464 I vw-vhal : notifyVehicleProperty, propId = 0x214020a0, data = {status: 2, int32Values: [0]}
12-30 11:24:42.601   398   464 I vw-vhal : CanSignalsAdapter::notifyVehicleProperty: solvedValue = {.timestamp = 10018423621859, .areaId = 0, .prop = 557850784, .status = AVAILABLE, .value = {.int32Values = [1]{0}, .floatValues = [0]{}, .int64Values = [0]{}, .bytes = [0]{}, .stringValue = ""}}
12-30 11:24:42.601   398   464 I VehiclePropertyStore: begin to write value to Store: {.timestamp = 10018423621859, .areaId = 0, .prop = 557850784, .status = AVAILABLE, .value = {.int32Values = [1]{0}, .floatValues = [0]{}, .int64Values = [0]{}, .bytes = [0]{}, .stringValue = ""}}
12-30 11:24:42.601   398   464 I DefaultVehicleHal_v2_0: DefaultVehicleHal::onPropertyValue, value:{.timestamp = 10018423621859, .areaId = 0, .prop = 557850784, .status = AVAILABLE, .value = {.int32Values = [1]{0}, .floatValues = [0]{}, .int64Values = [0]{}, .bytes = [0]{}, .stringValue = ""}}
12-30 11:24:42.602   398   464 D DiagPropHandler: is not DiagnosticConfig: 0x214020a0
12-30 11:24:42.602   398   464 I VehiclePropertyStore: begin to write value to Store: {.timestamp = 10018423621859, .areaId = 0, .prop = 557850784, .status = AVAILABLE, .value = {.int32Values = [1]{0}, .floatValues = [0]{}, .int64Values = [0]{}, .bytes = [0]{}, .stringValue = ""}}
12-30 11:24:42.602   398   464 D adayocomadapter-CommunicationManager: onUpstreamReceive mPropertyId 0x214020a0
12-30 11:24:42.602   398   464 D adayocomadapter-CommunicationManager: onUpstreamReceive mPropertyId 0x21402131
12-30 11:24:42.602   398   464 D adayocomadapter-CommunicationManager: convertBytesToInt32Memcpy  0
12-30 11:24:42.602   398   464 I vw-vhal : notifyVehicleProperty, propId = 0x21402131, data = {status: 2, int32Values: [0]}
12-30 11:24:42.602   398   464 I vw-vhal : CanSignalsAdapter::notifyVehicleProperty: solvedValue = {.timestamp = 10018424314859, .areaId = 0, .prop = 557850929, .status = AVAILABLE, .value = {.int32Values = [1]{0}, .floatValues = [0]{}, .int64Values = [0]{}, .bytes = [0]{}, .stringValue = ""}}
12-30 11:24:42.602   398   464 I VehiclePropertyStore: begin to write value to Store: {.timestamp = 10018424314859, .areaId = 0, .prop = 557850929, .status = AVAILABLE, .value = {.int32Values = [1]{0}, .floatValues = [0]{}, .int64Values = [0]{}, .bytes = [0]{}, .stringValue = ""}}
12-30 11:24:42.602   398   464 I DefaultVehicleHal_v2_0: DefaultVehicleHal::onPropertyValue, value:{.timestamp = 10018424314859, .areaId = 0, .prop = 557850929, .status = AVAILABLE, .value = {.int32Values = [1]{0}, .floatValues = [0]{}, .int64Values = [0]{}, .bytes = [0]{}, .stringValue = ""}}
12-30 11:24:42.602   398   464 D DiagPropHandler: is not DiagnosticConfig: 0x21402131
12-30 11:24:42.602   398   464 I VehiclePropertyStore: begin to write value to Store: {.timestamp = 10018424314859, .areaId = 0, .prop = 557850929, .status = AVAILABLE, .value = {.int32Values = [1]{0}, .floatValues = [0]{}, .int64Values = [0]{}, .bytes = [0]{}, .stringValue = ""}}
12-30 11:24:42.602   398   464 D adayocomadapter-CommunicationManager: onUpstreamReceive mPropertyId 0x21402131
12-30 11:24:42.603   596  3076 E WifiHAL : Invalid data received from driver
12-30 11:24:42.603   398   464 D adayocomadapter-CommunicationManager: onUpstreamReceive mPropertyId 0x214020a2
12-30 11:24:42.603   596  3076 E WifiHAL : Invalid data received from driver
12-30 11:24:42.603   398   464 D adayocomadapter-CommunicationManager: convertBytesToInt32Memcpy  0
12-30 11:24:42.603   596  3076 E WifiHAL : Invalid data received from driver
12-30 11:24:42.603   398   464 I vw-vhal : notifyVehicleProperty, propId = 0x214020a2, data = {status: 2, int32Values: [0]}
12-30 11:24:42.603   596  3076 E WifiHAL : Invalid data received from driver
12-30 11:24:42.603   398   464 I vw-vhal : CanSignalsAdapter::notifyVehicleProperty: solvedValue = {.timestamp = 10018425589192, .areaId = 0, .prop = 557850786, .status = AVAILABLE, .value = {.int32Values = [1]{0}, .floatValues = [0]{}, .int64Values = [0]{}, .bytes = [0]{}, .stringValue = ""}}
12-30 11:24:42.603   596  3076 E WifiHAL : Invalid data received from driver
12-30 11:24:42.603   398   464 I VehiclePropertyStore: begin to write value to Store: {.timestamp = 10018425589192, .areaId = 0, .prop = 557850786, .status = AVAILABLE, .value = {.int32Values = [1]{0}, .floatValues = [0]{}, .int64Values = [0]{}, .bytes = [0]{}, .stringValue = ""}}
12-30 11:24:42.603   596  3076 E WifiHAL : Invalid data received from driver
12-30 11:24:42.603   398   464 I DefaultVehicleHal_v2_0: DefaultVehicleHal::onPropertyValue, value:{.timestamp = 10018425589192, .areaId = 0, .prop = 557850786, .status = AVAILABLE, .value = {.int32Values = [1]{0}, .floatValues = [0]{}, .int64Values = [0]{}, .bytes = [0]{}, .stringValue = ""}}
12-30 11:24:42.604   398   464 D DiagPropHandler: is not DiagnosticConfig: 0x214020a2
12-30 11:24:42.604   596  3076 E WifiHAL : Invalid data received from driver
12-30 11:24:42.604   398   464 I VehiclePropertyStore: begin to write value to Store: {.timestamp = 10018425589192, .areaId = 0, .prop = 557850786, .status = AVAILABLE, .value = {.int32Values = [1]{0}, .floatValues = [0]{}, .int64Values = [0]{}, .bytes = [0]{}, .stringValue = ""}}
12-30 11:24:42.604   398   464 D adayocomadapter-CommunicationManager: onUpstreamReceive mPropertyId 0x214020a2
12-30 11:24:42.604   398   464 D adayocomadapter-CommunicationManager: onUpstreamReceive mPropertyId 0x214020a4
12-30 11:24:42.604   398   464 D adayocomadapter-CommunicationManager: convertBytesToInt32Memcpy  0
12-30 11:24:42.604   398   464 I vw-vhal : notifyVehicleProperty, propId = 0x214020a4, data = {status: 2, int32Values: [0]}
12-30 11:24:42.604   398   464 I vw-vhal : CanSignalsAdapter::notifyVehicleProperty: solvedValue = {.timestamp = 10018426268525, .areaId = 0, .prop = 557850788, .status = AVAILABLE, .value = {.int32Values = [1]{0}, .floatValues = [0]{}, .int64Values = [0]{}, .bytes = [0]{}, .stringValue = ""}}
12-30 11:24:42.604   398   464 I VehiclePropertyStore: begin to write value to Store: {.timestamp = 10018426268525, .areaId = 0, .prop = 557850788, .status = AVAILABLE, .value = {.int32Values = [1]{0}, .floatValues = [0]{}, .int64Values = [0]{}, .bytes = [0]{}, .stringValue = ""}}
12-30 11:24:42.604   398   464 I DefaultVehicleHal_v2_0: DefaultVehicleHal::onPropertyValue, value:{.timestamp = 10018426268525, .areaId = 0, .prop = 557850788, .status = AVAILABLE, .value = {.int32Values = [1]{0}, .floatValues = [0]{}, .int64Values = [0]{}, .bytes = [0]{}, .stringValue = ""}}
12-30 11:24:42.604   398   464 D DiagPropHandler: is not DiagnosticConfig: 0x214020a4
12-30 11:24:42.604   398   464 I VehiclePropertyStore: begin to write value to Store: {.timestamp = 10018426268525, .areaId = 0, .prop = 557850788, .status = AVAILABLE, .value = {.int32Values = [1]{0}, .floatValues = [0]{}, .int64Values = [0]{}, .bytes = [0]{}, .stringValue = ""}}
12-30 11:24:42.604   398   464 D adayocomadapter-CommunicationManager: onUpstreamReceive mPropertyId 0x214020a4
12-30 11:24:42.604   398   464 D adayocomadapter-CommunicationManager: onUpstreamReceive mPropertyId 0x214021ce
12-30 11:24:42.604   398   464 D adayocomadapter-CommunicationManager: convertBytesToInt32Memcpy  0
12-30 11:24:42.605   398   464 I vw-vhal : notifyVehicleProperty, propId = 0x214021ce, data = {status: 2, int32Values: [0]}
12-30 11:24:42.605   398   464 I vw-vhal : CanSignalsAdapter::notifyVehicleProperty: solvedValue = {.timestamp = 10018426929859, .areaId = 0, .prop = 557851086, .status = AVAILABLE, .value = {.int32Values = [1]{0}, .floatValues = [0]{}, .int64Values = [0]{}, .bytes = [0]{}, .stringValue = ""}}
12-30 11:24:42.605   398   464 I VehiclePropertyStore: begin to write value to Store: {.timestamp = 10018426929859, .areaId = 0, .prop = 557851086, .status = AVAILABLE, .value = {.int32Values = [1]{0}, .floatValues = [0]{}, .int64Values = [0]{}, .bytes = [0]{}, .stringValue = ""}}
12-30 11:24:42.605   398   464 I DefaultVehicleHal_v2_0: DefaultVehicleHal::onPropertyValue, value:{.timestamp = 10018426929859, .areaId = 0, .prop = 557851086, .status = AVAILABLE, .value = {.int32Values = [1]{0}, .floatValues = [0]{}, .int64Values = [0]{}, .bytes = [0]{}, .stringValue = ""}}
12-30 11:24:42.605   398   464 D DiagPropHandler: is not DiagnosticConfig: 0x214021ce
12-30 11:24:42.605   398   464 I VehiclePropertyStore: begin to write value to Store: {.timestamp = 10018426929859, .areaId = 0, .prop = 557851086, .status = AVAILABLE, .value = {.int32Values = [1]{0}, .floatValues = [0]{}, .int64Values = [0]{}, .bytes = [0]{}, .stringValue = ""}}
12-30 11:24:42.605   398   464 D adayocomadapter-CommunicationManager: onUpstreamReceive mPropertyId 0x214021ce
12-30 11:24:42.612  2358  2623 D RcfController: Rcf proxy is not connected!
12-30 11:24:42.613   596  3076 E WifiHAL : Invalid data received from driver
12-30 11:24:42.623   360   931 D EvsDriver: forwardFrame
12-30 11:24:42.623   360   931 D EvsDriver: forwardFrameDirect
12-30 11:24:42.623   360   931 D EvsDriver: Delivered 0xb400e2ca9e40c2d0 as id 0
12-30 11:24:42.623   359  2784 D evsmanagerd: /dev/video-evs0 forwarded the buffer #0 to 0xb400f125d2b26dd0 from 0xb400f125e2b20710
12-30 11:24:42.632   360   458 D EvsDriver: doneWithFrame
12-30 11:24:42.655  1582  3078 I c       : checkService in back thread add: adayo.upgrade.v2.0
12-30 11:24:42.656  1582  3078 E upgradeApp_251223_V1  l: d(null:11)pre->c(null:23)-> serviceBinder is null
12-30 11:24:42.656  1582  3078 W c       : doBindService in back thread fail: adayo.upgrade.v2.0
12-30 11:24:42.656   360   931 D EvsDriver: forwardFrame
12-30 11:24:42.656   360   931 D EvsDriver: forwardFrameDirect
12-30 11:24:42.656   596  3076 E WifiHAL : Invalid data received from driver
12-30 11:24:42.657   360   931 D EvsDriver: Delivered 0xb400e2ca9e40d090 as id 1
12-30 11:24:42.657   359  2784 D evsmanagerd: /dev/video-evs0 forwarded the buffer #1 to 0xb400f125d2b26dd0 from 0xb400f125e2b20710
12-30 11:24:42.662   360   458 D EvsDriver: doneWithFrame
12-30 11:24:42.662  2358  2623 D RcfController: Rcf proxy is not connected!
12-30 11:24:42.689   360   931 D EvsDriver: forwardFrame
12-30 11:24:42.689   360   931 D EvsDriver: forwardFrameDirect
12-30 11:24:42.690   360   931 D EvsDriver: Delivered 0xb400e2ca9e40e110 as id 0
12-30 11:24:42.690   359  2784 D evsmanagerd: /dev/video-evs0 forwarded the buffer #0 to 0xb400f125d2b26dd0 from 0xb400f125e2b20710
12-30 11:24:42.692   360   458 D EvsDriver: doneWithFrame
12-30 11:24:42.693   596  3076 E WifiHAL : Invalid data received from driver
01-01 10:46:59.703   722   722 I [schedu][0x2552667bc][03:24:42.693027] qcn7605: [722:I:PE] lim_process_action_frame_no_session: Unhandled action frame without session: 7f
12-30 11:24:42.712  2358  2623 D RcfController: Rcf proxy is not connected!
12-30 11:24:42.723   360   931 D EvsDriver: forwardFrame
12-30 11:24:42.723   360   931 D EvsDriver: forwardFrameDirect
12-30 11:24:42.723   360   931 D EvsDriver: Delivered 0xb400e2ca9e40c7a0 as id 1
12-30 11:24:42.723   359  2784 D evsmanagerd: /dev/video-evs0 forwarded the buffer #1 to 0xb400f125d2b26dd0 from 0xb400f125e2b20710
12-30 11:24:42.729  1667  2407 I media_message_log->MediaMessageProxy: (SourceFile:1)b connectToService action bind
12-30 11:24:42.730   916  2591 W ActivityManager: Unable to start service Intent { cmp=com.adayo.server.mediamessagetransfer/.MediaMessTransferService (has extras) } U=0: not found
12-30 11:24:42.731  1667  2407 E media_message_log->MediaMessageProxy: (SourceFile:7)a bindServiceAsUser isBound = false
12-30 11:24:42.733   360   458 D EvsDriver: doneWithFrame
12-30 11:24:42.740   650   729 D fgemcucomm: sd Uart data : 6AA602388A00029202A6
12-30 11:24:42.740   650   729 D fgemcucomm: rev uart=82739,len=29, data : 6AA681388A001592020013000000000000000000000000000000000001
12-30 11:24:42.740   398   466 D adayocomadapter-ParseProtocolFunc: printRaWMsg Name[MCUToUPstream recv] len[21] data[920200130000000000000000000000000000000000]
12-30 11:24:42.740   398   466 D adayocomadapter-CommunicationManager: onUpstreamback   member[0] dataLength[18] timePoint[10018562]
12-30 11:24:42.741   398   466 D adayocomadapter-ParseProtocolFunc: printRaWMsg Name[onUpstreamback] len[18] data[130000000000000000000000000000000000]
12-30 11:24:42.741   398   464 D adayocomadapter-UpstreamHandler: processBeforePacket upSreamtProcessTimePoint[10018562] 
12-30 11:24:42.741   398   464 D adayocomadapter-UpstreamHandler: processPacket UPSTREAM_QUEUE_DATA_TIMEOUT
12-30 11:24:42.741   398   464 D adayocomadapter-ParseProtocolFunc: parseCommonIPCLBytes Processing tableNumber[19]
12-30 11:24:42.741   398   464 D adayocomadapter-ParseProtocolFunc: parseCommonIPCLBytes Processing tablename[Table-19] tableSize[18]
12-30 11:24:42.741   398   464 D adayocomadapter-ParseProtocolFunc: printRaWMsg Name[byteStream recv] len[18] data[130000000000000000000000000000000000]
12-30 11:24:42.741   398   464 D adayocomadapter-ParseProtocolFunc: printRaWMsg Name[IPCLtoVHAL] len[6] data[214010280000]
12-30 11:24:42.741   398   464 D adayocomadapter-ParseProtocolFunc: printRaWMsg Name[IPCLtoVHAL] len[6] data[214010290000]
12-30 11:24:42.741   398   464 D adayocomadapter-ParseProtocolFunc: printRaWMsg Name[IPCLtoVHAL] len[6] data[2140102E0000]
12-30 11:24:42.741   398   464 D adayocomadapter-ParseProtocolFunc: printRaWMsg Name[IPCLtoVHAL] len[6] data[2140102B0000]
12-30 11:24:42.741   398   464 D adayocomadapter-ParseProtocolFunc: printRaWMsg Name[IPCLtoVHAL] len[6] data[2140104C0000]
12-30 11:24:42.741   398   464 D adayocomadapter-ParseProtocolFunc: printRaWMsg Name[IPCLtoVHAL] len[6] data[2140102C0000]
12-30 11:24:42.741   398   464 D adayocomadapter-ParseProtocolFunc: printRaWMsg Name[IPCLtoVHAL] len[7] data[21402007000000]
12-30 11:24:42.741   398   464 D adayocomadapter-ParseProtocolFunc: printRaWMsg Name[IPCLtoVHAL] len[6] data[2140102F0000]
12-30 11:24:42.741   398   464 D adayocomadapter-ParseProtocolFunc: printRaWMsg Name[IPCLtoVHAL] len[6] data[214010310000]
12-30 11:24:42.742   398   464 D adayocomadapter-ParseProtocolFunc: printRaWMsg Name[IPCLtoVHAL] len[7] data[21402022000000]
12-30 11:24:42.742   398   464 D adayocomadapter-ParseProtocolFunc: printRaWMsg Name[IPCLtoVHAL] len[9] data[214020230000000000]
12-30 11:24:42.742   398   464 D adayocomadapter-ParseProtocolFunc: printRaWMsg Name[IPCLtoVHAL] len[6] data[2140104D0000]
12-30 11:24:42.742   398   464 D adayocomadapter-CommunicationManager: onUpstreamReceive mPropertyId 0x21401028
12-30 11:24:42.742   398   464 D adayocomadapter-CommunicationManager: convertBytesToInt32Memcpy  0
12-30 11:24:42.742   398   464 I vw-vhal : notifyVehicleProperty, propId = 0x21401028, data = {status: 2, int32Values: [0]}
12-30 11:24:42.742   398   464 I vw-vhal : CanSignalsAdapter::notifyVehicleProperty: solvedValue = {.timestamp = 10018564367525, .areaId = 0, .prop = 557846568, .status = AVAILABLE, .value = {.int32Values = [1]{0}, .floatValues = [0]{}, .int64Values = [0]{}, .bytes = [0]{}, .stringValue = ""}}
12-30 11:24:42.742   398   464 I VehiclePropertyStore: begin to write value to Store: {.timestamp = 10018564367525, .areaId = 0, .prop = 557846568, .status = AVAILABLE, .value = {.int32Values = [1]{0}, .floatValues = [0]{}, .int64Values = [0]{}, .bytes = [0]{}, .stringValue = ""}}
12-30 11:24:42.742   398   464 I DefaultVehicleHal_v2_0: DefaultVehicleHal::onPropertyValue, value:{.timestamp = 10018564367525, .areaId = 0, .prop = 557846568, .status = AVAILABLE, .value = {.int32Values = [1]{0}, .floatValues = [0]{}, .int64Values = [0]{}, .bytes = [0]{}, .stringValue = ""}}
12-30 11:24:42.742   398   464 D DiagPropHandler: is not DiagnosticConfig: 0x21401028
12-30 11:24:42.742   398   464 I VehiclePropertyStore: begin to write value to Store: {.timestamp = 10018564367525, .areaId = 0, .prop = 557846568, .status = AVAILABLE, .value = {.int32Values = [1]{0}, .floatValues = [0]{}, .int64Values = [0]{}, .bytes = [0]{}, .stringValue = ""}}
12-30 11:24:42.743   398   464 D adayocomadapter-CommunicationManager: onUpstreamReceive mPropertyId 0x21401028
12-30 11:24:42.743   398   464 D adayocomadapter-CommunicationManager: onUpstreamReceive mPropertyId 0x21401029
12-30 11:24:42.743   398   464 D adayocomadapter-CommunicationManager: convertBytesToInt32Memcpy  0
12-30 11:24:42.743   398   464 I vw-vhal : notifyVehicleProperty, propId = 0x21401029, data = {status: 2, int32Values: [0]}
12-30 11:24:42.743   398   464 I vw-vhal : CanSignalsAdapter::notifyVehicleProperty: solvedValue = {.timestamp = 10018565114859, .areaId = 0, .prop = 557846569, .status = AVAILABLE, .value = {.int32Values = [1]{0}, .floatValues = [0]{}, .int64Values = [0]{}, .bytes = [0]{}, .stringValue = ""}}
12-30 11:24:42.743   398   464 I VehiclePropertyStore: begin to write value to Store: {.timestamp = 10018565114859, .areaId = 0, .prop = 557846569, .status = AVAILABLE, .value = {.int32Values = [1]{0}, .floatValues = [0]{}, .int64Values = [0]{}, .bytes = [0]{}, .stringValue = ""}}
12-30 11:24:42.743   398   464 I DefaultVehicleHal_v2_0: DefaultVehicleHal::onPropertyValue, value:{.timestamp = 10018565114859, .areaId = 0, .prop = 557846569, .status = AVAILABLE, .value = {.int32Values = [1]{0}, .floatValues = [0]{}, .int64Values = [0]{}, .bytes = [0]{}, .stringValue = ""}}
12-30 11:24:42.743   398   464 D DiagPropHandler: is not DiagnosticConfig: 0x21401029
12-30 11:24:42.743   398   464 I VehiclePropertyStore: begin to write value to Store: {.timestamp = 10018565114859, .areaId = 0, .prop = 557846569, .status = AVAILABLE, .value = {.int32Values = [1]{0}, .floatValues = [0]{}, .int64Values = [0]{}, .bytes = [0]{}, .stringValue = ""}}
12-30 11:24:42.743   398   464 D adayocomadapter-CommunicationManager: onUpstreamReceive mPropertyId 0x21401029
12-30 11:24:42.743   398   464 D adayocomadapter-CommunicationManager: onUpstreamReceive mPropertyId 0x2140102e
12-30 11:24:42.743   398   464 D adayocomadapter-CommunicationManager: convertBytesToInt32Memcpy  0
12-30 11:24:42.743   398   464 I vw-vhal : notifyVehicleProperty, propId = 0x2140102e, data = {status: 2, int32Values: [0]}
12-30 11:24:42.744   398   464 I vw-vhal : CanSignalsAdapter::notifyVehicleProperty: solvedValue = {.timestamp = 10018565818859, .areaId = 0, .prop = 557846574, .status = AVAILABLE, .value = {.int32Values = [1]{0}, .floatValues = [0]{}, .int64Values = [0]{}, .bytes = [0]{}, .stringValue = ""}}
12-30 11:24:42.744   398   464 I VehiclePropertyStore: begin to write value to Store: {.timestamp = 10018565818859, .areaId = 0, .prop = 557846574, .status = AVAILABLE, .value = {.int32Values = [1]{0}, .floatValues = [0]{}, .int64Values = [0]{}, .bytes = [0]{}, .stringValue = ""}}
12-30 11:24:42.744   398   464 I DefaultVehicleHal_v2_0: DefaultVehicleHal::onPropertyValue, value:{.timestamp = 10018565818859, .areaId = 0, .prop = 557846574, .status = AVAILABLE, .value = {.int32Values = [1]{0}, .floatValues = [0]{}, .int64Values = [0]{}, .bytes = [0]{}, .stringValue = ""}}
12-30 11:24:42.744   398   464 D DiagPropHandler: is not DiagnosticConfig: 0x2140102e
12-30 11:24:42.744   398   464 I VehiclePropertyStore: begin to write value to Store: {.timestamp = 10018565818859, .areaId = 0, .prop = 557846574, .status = AVAILABLE, .value = {.int32Values = [1]{0}, .floatValues = [0]{}, .int64Values = [0]{}, .bytes = [0]{}, .stringValue = ""}}
12-30 11:24:42.744   398   464 D adayocomadapter-CommunicationManager: onUpstreamReceive mPropertyId 0x2140102e
12-30 11:24:42.744   398   464 D adayocomadapter-CommunicationManager: onUpstreamReceive mPropertyId 0x2140102b
12-30 11:24:42.744   398   464 D adayocomadapter-CommunicationManager: convertBytesToInt32Memcpy  0
12-30 11:24:42.744   398   464 I vw-vhal : notifyVehicleProperty, propId = 0x2140102b, data = {status: 2, int32Values: [0]}
12-30 11:24:42.744   398   464 I vw-vhal : CanSignalsAdapter::notifyVehicleProperty: solvedValue = {.timestamp = 10018566514192, .areaId = 0, .prop = 557846571, .status = AVAILABLE, .value = {.int32Values = [1]{0}, .floatValues = [0]{}, .int64Values = [0]{}, .bytes = [0]{}, .stringValue = ""}}
12-30 11:24:42.744   398   464 I VehiclePropertyStore: begin to write value to Store: {.timestamp = 10018566514192, .areaId = 0, .prop = 557846571, .status = AVAILABLE, .value = {.int32Values = [1]{0}, .floatValues = [0]{}, .int64Values = [0]{}, .bytes = [0]{}, .stringValue = ""}}
12-30 11:24:42.744   398   464 I DefaultVehicleHal_v2_0: DefaultVehicleHal::onPropertyValue, value:{.timestamp = 10018566514192, .areaId = 0, .prop = 557846571, .status = AVAILABLE, .value = {.int32Values = [1]{0}, .floatValues = [0]{}, .int64Values = [0]{}, .bytes = [0]{}, .stringValue = ""}}
12-30 11:24:42.744   398   464 D DiagPropHandler: is not DiagnosticConfig: 0x2140102b
