12-30 11:24:34.037   398   464 I VehiclePropertyStore: begin to write value to Store: {.timestamp = 10009858870524, .areaId = 0, .prop = 557850689, .status = AVAILABLE, .value = {.int32Values = [1]{0}, .floatValues = [0]{}, .int64Values = [0]{}, .bytes = [0]{}, .stringValue = ""}}
12-30 11:24:34.037   398   464 D adayocomadapter-CommunicationManager: onUpstreamReceive mPropertyId 0x21402041
12-30 11:24:34.037   398   464 D adayocomadapter-CommunicationManager: onUpstreamReceive mPropertyId 0x21402045
12-30 11:24:34.037   398   464 D adayocomadapter-CommunicationManager: convertBytesToInt32Memcpy  0
12-30 11:24:34.037   398   464 I vw-vhal : notifyVehicleProperty, propId = 0x21402045, data = {status: 2, int32Values: [0]}
12-30 11:24:34.037   398   464 I vw-vhal : CanSignalsAdapter::notifyVehicleProperty: solvedValue = {.timestamp = 10009859055857, .areaId = 0, .prop = 557850693, .status = AVAILABLE, .value = {.int32Values = [1]{0}, .floatValues = [0]{}, .int64Values = [0]{}, .bytes = [0]{}, .stringValue = ""}}
12-30 11:24:34.037   398   464 I VehiclePropertyStore: begin to write value to Store: {.timestamp = 10009859055857, .areaId = 0, .prop = 557850693, .status = AVAILABLE, .value = {.int32Values = [1]{0}, .floatValues = [0]{}, .int64Values = [0]{}, .bytes = [0]{}, .stringValue = ""}}
12-30 11:24:34.037   398   464 I DefaultVehicleHal_v2_0: DefaultVehicleHal::onPropertyValue, value:{.timestamp = 10009859055857, .areaId = 0, .prop = 557850693, .status = AVAILABLE, .value = {.int32Values = [1]{0}, .floatValues = [0]{}, .int64Values = [0]{}, .bytes = [0]{}, .stringValue = ""}}
12-30 11:24:34.037   398   464 D DiagPropHandler: is not DiagnosticConfig: 0x21402045
12-30 11:24:34.037   398   464 I VehiclePropertyStore: begin to write value to Store: {.timestamp = 10009859055857, .areaId = 0, .prop = 557850693, .status = AVAILABLE, .value = {.int32Values = [1]{0}, .floatValues = [0]{}, .int64Values = [0]{}, .bytes = [0]{}, .stringValue = ""}}
12-30 11:24:34.037   398   464 D adayocomadapter-CommunicationManager: onUpstreamReceive mPropertyId 0x21402045
12-30 11:24:34.037   398   464 D adayocomadapter-CommunicationManager: onUpstreamReceive mPropertyId 0x2140204d
12-30 11:24:34.037   398   464 D adayocomadapter-CommunicationManager: convertBytesToInt32Memcpy  0
12-30 11:24:34.037   398   464 I vw-vhal : notifyVehicleProperty, propId = 0x2140204d, data = {status: 2, int32Values: [0]}
12-30 11:24:34.037   398   464 I vw-vhal : CanSignalsAdapter::notifyVehicleProperty: solvedValue = {.timestamp = 10009859242857, .areaId = 0, .prop = 557850701, .status = AVAILABLE, .value = {.int32Values = [1]{0}, .floatValues = [0]{}, .int64Values = [0]{}, .bytes = [0]{}, .stringValue = ""}}
12-30 11:24:34.037   398   464 I VehiclePropertyStore: begin to write value to Store: {.timestamp = 10009859242857, .areaId = 0, .prop = 557850701, .status = AVAILABLE, .value = {.int32Values = [1]{0}, .floatValues = [0]{}, .int64Values = [0]{}, .bytes = [0]{}, .stringValue = ""}}
12-30 11:24:34.037   398   464 I DefaultVehicleHal_v2_0: DefaultVehicleHal::onPropertyValue, value:{.timestamp = 10009859242857, .areaId = 0, .prop = 557850701, .status = AVAILABLE, .value = {.int32Values = [1]{0}, .floatValues = [0]{}, .int64Values = [0]{}, .bytes = [0]{}, .stringValue = ""}}
12-30 11:24:34.037   398   464 D DiagPropHandler: is not DiagnosticConfig: 0x2140204d
12-30 11:24:34.037   398   464 I VehiclePropertyStore: begin to write value to Store: {.timestamp = 10009859242857, .areaId = 0, .prop = 557850701, .status = AVAILABLE, .value = {.int32Values = [1]{0}, .floatValues = [0]{}, .int64Values = [0]{}, .bytes = [0]{}, .stringValue = ""}}
12-30 11:24:34.037   398   464 D adayocomadapter-CommunicationManager: onUpstreamReceive mPropertyId 0x2140204d
12-30 11:24:34.037   398   464 D adayocomadapter-CommunicationManager: onUpstreamReceive mPropertyId 0x2140220b
12-30 11:24:34.037   398   464 D adayocomadapter-CommunicationManager: convertBytesToInt32Memcpy  0
12-30 11:24:34.037   398   464 I vw-vhal : notifyVehicleProperty, propId = 0x2140220b, data = {status: 2, int32Values: [0]}
12-30 11:24:34.037   398   464 I vw-vhal : CanSignalsAdapter::notifyVehicleProperty: solvedValue = {.timestamp = 10009859482857, .areaId = 0, .prop = 557851147, .status = AVAILABLE, .value = {.int32Values = [1]{0}, .floatValues = [0]{}, .int64Values = [0]{}, .bytes = [0]{}, .stringValue = ""}}
12-30 11:24:34.037   398   464 I VehiclePropertyStore: begin to write value to Store: {.timestamp = 10009859482857, .areaId = 0, .prop = 557851147, .status = AVAILABLE, .value = {.int32Values = [1]{0}, .floatValues = [0]{}, .int64Values = [0]{}, .bytes = [0]{}, .stringValue = ""}}
12-30 11:24:34.037   398   464 I DefaultVehicleHal_v2_0: DefaultVehicleHal::onPropertyValue, value:{.timestamp = 10009859482857, .areaId = 0, .prop = 557851147, .status = AVAILABLE, .value = {.int32Values = [1]{0}, .floatValues = [0]{}, .int64Values = [0]{}, .bytes = [0]{}, .stringValue = ""}}
12-30 11:24:34.037   398   464 D DiagPropHandler: is not DiagnosticConfig: 0x2140220b
12-30 11:24:34.037   398   464 I VehiclePropertyStore: begin to write value to Store: {.timestamp = 10009859482857, .areaId = 0, .prop = 557851147, .status = AVAILABLE, .value = {.int32Values = [1]{0}, .floatValues = [0]{}, .int64Values = [0]{}, .bytes = [0]{}, .stringValue = ""}}
12-30 11:24:34.037   398   464 D adayocomadapter-CommunicationManager: onUpstreamReceive mPropertyId 0x2140220b
12-30 11:24:34.043  3066  3066 D hostapd : nl80211: BSS Event 59 (NL80211_CMD_FRAME) received for wlan1
12-30 11:24:34.043  3066  3066 D hostapd : nl80211: RX frame da=ff:ff:ff:ff:ff:ff sa=ea:9d:d5:49:2d:ed bssid=ea:9d:d5:49:2d:ed freq=5745 ssi_signal=-9100 fc=0xd0 seq_ctrl=0xb080 stype=13 (WLAN_FC_STYPE_ACTION) len=42
12-30 11:24:34.043  3066  3066 D hostapd : wlan1: Event RX_MGMT (18) received
12-30 11:24:34.043  3066  3066 D hostapd : Receive wpa msg : Event RX_MGMT (18) received
12-30 11:24:34.056   360   931 D EvsDriver: forwardFrame
12-30 11:24:34.056   360   931 D EvsDriver: forwardFrameDirect
12-30 11:24:34.056   360   931 D EvsDriver: Delivered 0xb400e2ca9e40d090 as id 1
12-30 11:24:34.057   359  2784 D evsmanagerd: /dev/video-evs0 forwarded the buffer #1 to 0xb400f125d2b26dd0 from 0xb400f125e2b20710
12-30 11:24:34.058   596  3076 E WifiHAL : Invalid data received from driver
12-30 11:24:34.064   360   458 D EvsDriver: doneWithFrame
12-30 11:24:34.069  2358  2623 D RcfController: Rcf proxy is not connected!
12-30 11:24:34.076 18345 18345 I ADAYO_LOG_TRACE_RESOURCE: file_path:/mnt/sdcard/logcat_GNSS//gnss_log.log
12-30 11:24:34.089   360   931 D EvsDriver: forwardFrame
12-30 11:24:34.090   360   931 D EvsDriver: forwardFrameDirect
12-30 11:24:34.090   360   931 D EvsDriver: Delivered 0xb400e2ca9e40e110 as id 0
12-30 11:24:34.090   359  2784 D evsmanagerd: /dev/video-evs0 forwarded the buffer #0 to 0xb400f125d2b26dd0 from 0xb400f125e2b20710
12-30 11:24:34.095   360   458 D EvsDriver: doneWithFrame
12-30 11:24:34.119  2358  2623 D RcfController: Rcf proxy is not connected!
12-30 11:24:34.123   360   931 D EvsDriver: forwardFrame
12-30 11:24:34.123   360   931 D EvsDriver: forwardFrameDirect
12-30 11:24:34.123   360   931 D EvsDriver: Delivered 0xb400e2ca9e40c7a0 as id 1
12-30 11:24:34.123   359  2784 D evsmanagerd: /dev/video-evs0 forwarded the buffer #1 to 0xb400f125d2b26dd0 from 0xb400f125e2b20710
12-30 11:24:34.125   360   458 D EvsDriver: doneWithFrame
12-30 11:24:34.127 18348 18348 I ADAYO_LOG_TRACE_RESOURCE: folder_size:0
12-30 11:24:34.144   596  3076 E WifiHAL : Invalid data received from driver
12-30 11:24:34.156   360   931 D EvsDriver: forwardFrame
12-30 11:24:34.156   360   931 D EvsDriver: forwardFrameDirect
12-30 11:24:34.156   360   931 D EvsDriver: Delivered 0xb400e2ca9e40e270 as id 0
12-30 11:24:34.156   359  2784 D evsmanagerd: /dev/video-evs0 forwarded the buffer #0 to 0xb400f125d2b26dd0 from 0xb400f125e2b20710
12-30 11:24:34.166   360   458 D EvsDriver: doneWithFrame
12-30 11:24:34.169  2358  2623 D RcfController: Rcf proxy is not connected!
12-30 11:24:34.189   360   931 D EvsDriver: forwardFrame
12-30 11:24:34.190   360   931 D EvsDriver: forwardFrameDirect
12-30 11:24:34.190   360   931 D EvsDriver: Delivered 0xb400e2ca9e40d4b0 as id 1
12-30 11:24:34.190   359  2784 D evsmanagerd: /dev/video-evs0 forwarded the buffer #1 to 0xb400f125d2b26dd0 from 0xb400f125e2b20710
12-30 11:24:34.196   650   729 D fgemcucomm: sd Uart data : 6AA602384800029202E8
12-30 11:24:34.196   360   458 D EvsDriver: doneWithFrame
12-30 11:24:34.196   650   729 D fgemcucomm: rev uart=82671,len=18, data : 6AA6813848000A9202000D00000000000054
12-30 11:24:34.196   398   466 D adayocomadapter-ParseProtocolFunc: printRaWMsg Name[MCUToUPstream recv] len[10] data[9202000D000000000000]
12-30 11:24:34.196   398   466 D adayocomadapter-CommunicationManager: onUpstreamback   member[0] dataLength[7] timePoint[10010018]
12-30 11:24:34.196   398   466 D adayocomadapter-ParseProtocolFunc: printRaWMsg Name[onUpstreamback] len[7] data[0D000000000000]
12-30 11:24:34.196   398   464 D adayocomadapter-UpstreamHandler: processBeforePacket upSreamtProcessTimePoint[10010018] 
12-30 11:24:34.196   398   464 D adayocomadapter-UpstreamHandler: processPacket UPSTREAM_QUEUE_DATA_TIMEOUT
12-30 11:24:34.196   398   464 D adayocomadapter-ParseProtocolFunc: parseCommonIPCLBytes Processing tableNumber[13]
12-30 11:24:34.196   398   464 D adayocomadapter-ParseProtocolFunc: parseCommonIPCLBytes Processing tablename[Table-13] tableSize[7]
12-30 11:24:34.196   398   464 D adayocomadapter-ParseProtocolFunc: printRaWMsg Name[byteStream recv] len[7] data[0D000000000000]
12-30 11:24:34.196   398   464 D adayocomadapter-ParseProtocolFunc: printRaWMsg Name[IPCLtoVHAL] len[6] data[214020BB0000]
12-30 11:24:34.196   398   464 D adayocomadapter-ParseProtocolFunc: printRaWMsg Name[IPCLtoVHAL] len[6] data[214020E30000]
12-30 11:24:34.196   398   464 D adayocomadapter-ParseProtocolFunc: printRaWMsg Name[IPCLtoVHAL] len[6] data[214020C70000]
12-30 11:24:34.196   398   464 D adayocomadapter-ParseProtocolFunc: printRaWMsg Name[IPCLtoVHAL] len[6] data[214020DD0000]
12-30 11:24:34.196   398   464 D adayocomadapter-ParseProtocolFunc: printRaWMsg Name[IPCLtoVHAL] len[6] data[214020DF0000]
12-30 11:24:34.196   398   464 D adayocomadapter-ParseProtocolFunc: printRaWMsg Name[IPCLtoVHAL] len[6] data[214020E40000]
12-30 11:24:34.196   398   464 D adayocomadapter-CommunicationManager: onUpstreamReceive mPropertyId 0x214020bb
12-30 11:24:34.196   398   464 D adayocomadapter-CommunicationManager: convertBytesToInt32Memcpy  0
12-30 11:24:34.196   398   464 I vw-vhal : notifyVehicleProperty, propId = 0x214020bb, data = {status: 2, int32Values: [0]}
12-30 11:24:34.196   398   464 I vw-vhal : CanSignalsAdapter::notifyVehicleProperty: solvedValue = {.timestamp = 10010018818191, .areaId = 0, .prop = 557850811, .status = AVAILABLE, .value = {.int32Values = [1]{0}, .floatValues = [0]{}, .int64Values = [0]{}, .bytes = [0]{}, .stringValue = ""}}
12-30 11:24:34.197   398   464 I VehiclePropertyStore: begin to write value to Store: {.timestamp = 10010018818191, .areaId = 0, .prop = 557850811, .status = AVAILABLE, .value = {.int32Values = [1]{0}, .floatValues = [0]{}, .int64Values = [0]{}, .bytes = [0]{}, .stringValue = ""}}
12-30 11:24:34.197   398   464 I DefaultVehicleHal_v2_0: DefaultVehicleHal::onPropertyValue, value:{.timestamp = 10010018818191, .areaId = 0, .prop = 557850811, .status = AVAILABLE, .value = {.int32Values = [1]{0}, .floatValues = [0]{}, .int64Values = [0]{}, .bytes = [0]{}, .stringValue = ""}}
12-30 11:24:34.197   398   464 D DiagPropHandler: is not DiagnosticConfig: 0x214020bb
12-30 11:24:34.197   398   464 I VehiclePropertyStore: begin to write value to Store: {.timestamp = 10010018818191, .areaId = 0, .prop = 557850811, .status = AVAILABLE, .value = {.int32Values = [1]{0}, .floatValues = [0]{}, .int64Values = [0]{}, .bytes = [0]{}, .stringValue = ""}}
12-30 11:24:34.197   398   464 D adayocomadapter-CommunicationManager: onUpstreamReceive mPropertyId 0x214020bb
12-30 11:24:34.197   398   464 D adayocomadapter-CommunicationManager: onUpstreamReceive mPropertyId 0x214020e3
12-30 11:24:34.197   398   464 D adayocomadapter-CommunicationManager: convertBytesToInt32Memcpy  0
12-30 11:24:34.197   398   464 I vw-vhal : notifyVehicleProperty, propId = 0x214020e3, data = {status: 2, int32Values: [0]}
12-30 11:24:34.197   398   464 I vw-vhal : CanSignalsAdapter::notifyVehicleProperty: solvedValue = {.timestamp = 10010019062858, .areaId = 0, .prop = 557850851, .status = AVAILABLE, .value = {.int32Values = [1]{0}, .floatValues = [0]{}, .int64Values = [0]{}, .bytes = [0]{}, .stringValue = ""}}
12-30 11:24:34.197   398   464 I VehiclePropertyStore: begin to write value to Store: {.timestamp = 10010019062858, .areaId = 0, .prop = 557850851, .status = AVAILABLE, .value = {.int32Values = [1]{0}, .floatValues = [0]{}, .int64Values = [0]{}, .bytes = [0]{}, .stringValue = ""}}
12-30 11:24:34.197   398   464 I DefaultVehicleHal_v2_0: DefaultVehicleHal::onPropertyValue, value:{.timestamp = 10010019062858, .areaId = 0, .prop = 557850851, .status = AVAILABLE, .value = {.int32Values = [1]{0}, .floatValues = [0]{}, .int64Values = [0]{}, .bytes = [0]{}, .stringValue = ""}}
12-30 11:24:34.197   398   464 D DiagPropHandler: is not DiagnosticConfig: 0x214020e3
12-30 11:24:34.197   398   464 I VehiclePropertyStore: begin to write value to Store: {.timestamp = 10010019062858, .areaId = 0, .prop = 557850851, .status = AVAILABLE, .value = {.int32Values = [1]{0}, .floatValues = [0]{}, .int64Values = [0]{}, .bytes = [0]{}, .stringValue = ""}}
12-30 11:24:34.197   398   464 D adayocomadapter-CommunicationManager: onUpstreamReceive mPropertyId 0x214020e3
12-30 11:24:34.197   398   464 D adayocomadapter-CommunicationManager: onUpstreamReceive mPropertyId 0x214020c7
12-30 11:24:34.197   398   464 D adayocomadapter-CommunicationManager: convertBytesToInt32Memcpy  0
12-30 11:24:34.197   398   464 I vw-vhal : notifyVehicleProperty, propId = 0x214020c7, data = {status: 2, int32Values: [0]}
12-30 11:24:34.197   398   464 I vw-vhal : CanSignalsAdapter::notifyVehicleProperty: solvedValue = {.timestamp = 10010019273524, .areaId = 0, .prop = 557850823, .status = AVAILABLE, .value = {.int32Values = [1]{0}, .floatValues = [0]{}, .int64Values = [0]{}, .bytes = [0]{}, .stringValue = ""}}
12-30 11:24:34.197   398   464 I VehiclePropertyStore: begin to write value to Store: {.timestamp = 10010019273524, .areaId = 0, .prop = 557850823, .status = AVAILABLE, .value = {.int32Values = [1]{0}, .floatValues = [0]{}, .int64Values = [0]{}, .bytes = [0]{}, .stringValue = ""}}
12-30 11:24:34.197   398   464 I DefaultVehicleHal_v2_0: DefaultVehicleHal::onPropertyValue, value:{.timestamp = 10010019273524, .areaId = 0, .prop = 557850823, .status = AVAILABLE, .value = {.int32Values = [1]{0}, .floatValues = [0]{}, .int64Values = [0]{}, .bytes = [0]{}, .stringValue = ""}}
12-30 11:24:34.197   398   464 D DiagPropHandler: is not DiagnosticConfig: 0x214020c7
12-30 11:24:34.197   398   464 I VehiclePropertyStore: begin to write value to Store: {.timestamp = 10010019273524, .areaId = 0, .prop = 557850823, .status = AVAILABLE, .value = {.int32Values = [1]{0}, .floatValues = [0]{}, .int64Values = [0]{}, .bytes = [0]{}, .stringValue = ""}}
12-30 11:24:34.197   398   464 D adayocomadapter-CommunicationManager: onUpstreamReceive mPropertyId 0x214020c7
12-30 11:24:34.197   398   464 D adayocomadapter-CommunicationManager: onUpstreamReceive mPropertyId 0x214020dd
12-30 11:24:34.197   398   464 D adayocomadapter-CommunicationManager: convertBytesToInt32Memcpy  0
12-30 11:24:34.197   398   464 I vw-vhal : notifyVehicleProperty, propId = 0x214020dd, data = {status: 2, int32Values: [0]}
12-30 11:24:34.197   398   464 I vw-vhal : CanSignalsAdapter::notifyVehicleProperty: solvedValue = {.timestamp = 10010019482191, .areaId = 0, .prop = 557850845, .status = AVAILABLE, .value = {.int32Values = [1]{0}, .floatValues = [0]{}, .int64Values = [0]{}, .bytes = [0]{}, .stringValue = ""}}
12-30 11:24:34.197   398   464 I VehiclePropertyStore: begin to write value to Store: {.timestamp = 10010019482191, .areaId = 0, .prop = 557850845, .status = AVAILABLE, .value = {.int32Values = [1]{0}, .floatValues = [0]{}, .int64Values = [0]{}, .bytes = [0]{}, .stringValue = ""}}
12-30 11:24:34.197   398   464 I DefaultVehicleHal_v2_0: DefaultVehicleHal::onPropertyValue, value:{.timestamp = 10010019482191, .areaId = 0, .prop = 557850845, .status = AVAILABLE, .value = {.int32Values = [1]{0}, .floatValues = [0]{}, .int64Values = [0]{}, .bytes = [0]{}, .stringValue = ""}}
12-30 11:24:34.197   398   464 D DiagPropHandler: is not DiagnosticConfig: 0x214020dd
12-30 11:24:34.197   398   464 I VehiclePropertyStore: begin to write value to Store: {.timestamp = 10010019482191, .areaId = 0, .prop = 557850845, .status = AVAILABLE, .value = {.int32Values = [1]{0}, .floatValues = [0]{}, .int64Values = [0]{}, .bytes = [0]{}, .stringValue = ""}}
12-30 11:24:34.197   398   464 D adayocomadapter-CommunicationManager: onUpstreamReceive mPropertyId 0x214020dd
12-30 11:24:34.197   398   464 D adayocomadapter-CommunicationManager: onUpstreamReceive mPropertyId 0x214020df
12-30 11:24:34.197   398   464 D adayocomadapter-CommunicationManager: convertBytesToInt32Memcpy  0
12-30 11:24:34.197   398   464 I vw-vhal : notifyVehicleProperty, propId = 0x214020df, data = {status: 2, int32Values: [0]}
12-30 11:24:34.197   398   464 I vw-vhal : CanSignalsAdapter::notifyVehicleProperty: solvedValue = {.timestamp = 10010019686191, .areaId = 0, .prop = 557850847, .status = AVAILABLE, .value = {.int32Values = [1]{0}, .floatValues = [0]{}, .int64Values = [0]{}, .bytes = [0]{}, .stringValue = ""}}
12-30 11:24:34.197   398   464 I VehiclePropertyStore: begin to write value to Store: {.timestamp = 10010019686191, .areaId = 0, .prop = 557850847, .status = AVAILABLE, .value = {.int32Values = [1]{0}, .floatValues = [0]{}, .int64Values = [0]{}, .bytes = [0]{}, .stringValue = ""}}
12-30 11:24:34.197   398   464 I DefaultVehicleHal_v2_0: DefaultVehicleHal::onPropertyValue, value:{.timestamp = 10010019686191, .areaId = 0, .prop = 557850847, .status = AVAILABLE, .value = {.int32Values = [1]{0}, .floatValues = [0]{}, .int64Values = [0]{}, .bytes = [0]{}, .stringValue = ""}}
12-30 11:24:34.197   398   464 D DiagPropHandler: is not DiagnosticConfig: 0x214020df
12-30 11:24:34.197   398   464 I VehiclePropertyStore: begin to write value to Store: {.timestamp = 10010019686191, .areaId = 0, .prop = 557850847, .status = AVAILABLE, .value = {.int32Values = [1]{0}, .floatValues = [0]{}, .int64Values = [0]{}, .bytes = [0]{}, .stringValue = ""}}
12-30 11:24:34.197   398   464 D adayocomadapter-CommunicationManager: onUpstreamReceive mPropertyId 0x214020df
12-30 11:24:34.197   398   464 D adayocomadapter-CommunicationManager: onUpstreamReceive mPropertyId 0x214020e4
12-30 11:24:34.197   398   464 D adayocomadapter-CommunicationManager: convertBytesToInt32Memcpy  0
12-30 11:24:34.198   398   464 I vw-vhal : notifyVehicleProperty, propId = 0x214020e4, data = {status: 2, int32Values: [0]}
12-30 11:24:34.198   398   464 I vw-vhal : CanSignalsAdapter::notifyVehicleProperty: solvedValue = {.timestamp = 10010019882191, .areaId = 0, .prop = 557850852, .status = AVAILABLE, .value = {.int32Values = [1]{0}, .floatValues = [0]{}, .int64Values = [0]{}, .bytes = [0]{}, .stringValue = ""}}
12-30 11:24:34.198   398   464 I VehiclePropertyStore: begin to write value to Store: {.timestamp = 10010019882191, .areaId = 0, .prop = 557850852, .status = AVAILABLE, .value = {.int32Values = [1]{0}, .floatValues = [0]{}, .int64Values = [0]{}, .bytes = [0]{}, .stringValue = ""}}
12-30 11:24:34.198   398   464 I DefaultVehicleHal_v2_0: DefaultVehicleHal::onPropertyValue, value:{.timestamp = 10010019882191, .areaId = 0, .prop = 557850852, .status = AVAILABLE, .value = {.int32Values = [1]{0}, .floatValues = [0]{}, .int64Values = [0]{}, .bytes = [0]{}, .stringValue = ""}}
12-30 11:24:34.198   398   464 D DiagPropHandler: is not DiagnosticConfig: 0x214020e4
12-30 11:24:34.198   398   464 I VehiclePropertyStore: begin to write value to Store: {.timestamp = 10010019882191, .areaId = 0, .prop = 557850852, .status = AVAILABLE, .value = {.int32Values = [1]{0}, .floatValues = [0]{}, .int64Values = [0]{}, .bytes = [0]{}, .stringValue = ""}}
12-30 11:24:34.198   398   464 D adayocomadapter-CommunicationManager: onUpstreamReceive mPropertyId 0x214020e4
12-30 11:24:34.217   596  3076 E WifiHAL : Invalid data received from driver
12-30 11:24:34.219  2358  2623 D RcfController: Rcf proxy is not connected!
12-30 11:24:34.223   360   931 D EvsDriver: forwardFrame
12-30 11:24:34.223   360   931 D EvsDriver: forwardFrameDirect
12-30 11:24:34.223   360   931 D EvsDriver: Delivered 0xb400e2ca9e40c2d0 as id 0
12-30 11:24:34.223   359  2784 D evsmanagerd: /dev/video-evs0 forwarded the buffer #0 to 0xb400f125d2b26dd0 from 0xb400f125e2b20710
12-30 11:24:34.226   360   458 D EvsDriver: doneWithFrame
12-30 11:24:34.256   360   931 D EvsDriver: forwardFrame
12-30 11:24:34.256   360   931 D EvsDriver: forwardFrameDirect
12-30 11:24:34.256   360   931 D EvsDriver: Delivered 0xb400e2ca9e40d090 as id 1
12-30 11:24:34.256   359  2784 D evsmanagerd: /dev/video-evs0 forwarded the buffer #1 to 0xb400f125d2b26dd0 from 0xb400f125e2b20710
12-30 11:24:34.267   360   458 D EvsDriver: doneWithFrame
12-30 11:24:34.269  2358  2623 D RcfController: Rcf proxy is not connected!
12-30 11:24:34.276   650   729 D fgemcucomm: sd Uart data : 6AA602384900029202E7
12-30 11:24:34.276   650   729 D fgemcucomm: rev uart=82672,len=23, data : 6AA6813849000F92020004000000000000000000000057
12-30 11:24:34.276   398   466 D adayocomadapter-ParseProtocolFunc: printRaWMsg Name[MCUToUPstream recv] len[15] data[920200040000000000000000000000]
12-30 11:24:34.277   398   466 D adayocomadapter-CommunicationManager: onUpstreamback   member[0] dataLength[12] timePoint[10010098]
12-30 11:24:34.277   398   466 D adayocomadapter-ParseProtocolFunc: printRaWMsg Name[onUpstreamback] len[12] data[040000000000000000000000]
12-30 11:24:34.277   398   464 D adayocomadapter-UpstreamHandler: processBeforePacket upSreamtProcessTimePoint[10010098] 
12-30 11:24:34.277   398   464 D adayocomadapter-UpstreamHandler: processPacket UPSTREAM_QUEUE_DATA_TIMEOUT
12-30 11:24:34.277   398   464 D adayocomadapter-ParseProtocolFunc: parseCommonIPCLBytes Processing tableNumber[4]
12-30 11:24:34.277   398   464 D adayocomadapter-ParseProtocolFunc: parseCommonIPCLBytes Processing tablename[Table-4] tableSize[12]
12-30 11:24:34.277   398   464 D adayocomadapter-ParseProtocolFunc: printRaWMsg Name[byteStream recv] len[12] data[040000000000000000000000]
12-30 11:24:34.277   398   464 D adayocomadapter-ParseProtocolFunc: printRaWMsg Name[IPCLtoVHAL] len[7] data[2140200C000000]
12-30 11:24:34.277   398   464 D adayocomadapter-ParseProtocolFunc: printRaWMsg Name[IPCLtoVHAL] len[7] data[2140200D000000]
12-30 11:24:34.277   398   464 D adayocomadapter-ParseProtocolFunc: printRaWMsg Name[IPCLtoVHAL] len[6] data[214022330000]
12-30 11:24:34.277   398   464 D adayocomadapter-ParseProtocolFunc: printRaWMsg Name[IPCLtoVHAL] len[9] data[2140201D0000000000]
12-30 11:24:34.277   398   464 D adayocomadapter-ParseProtocolFunc: printRaWMsg Name[IPCLtoVHAL] len[7] data[2140201E000000]
12-30 11:24:34.277   398   464 D adayocomadapter-CommunicationManager: onUpstreamReceive mPropertyId 0x2140200c
12-30 11:24:34.277   398   464 D adayocomadapter-CommunicationManager: convertBytesToInt32Memcpy  0
12-30 11:24:34.277   398   464 I vw-vhal : notifyVehicleProperty, propId = 0x2140200c, data = {status: 2, int32Values: [0]}
12-30 11:24:34.277   398   464 I vw-vhal : CanSignalsAdapter::notifyVehicleProperty: solvedValue = {.timestamp = 10010099208858, .areaId = 0, .prop = 557850636, .status = AVAILABLE, .value = {.int32Values = [1]{0}, .floatValues = [0]{}, .int64Values = [0]{}, .bytes = [0]{}, .stringValue = ""}}
12-30 11:24:34.277   398   464 I VehiclePropertyStore: begin to write value to Store: {.timestamp = 10010099208858, .areaId = 0, .prop = 557850636, .status = AVAILABLE, .value = {.int32Values = [1]{0}, .floatValues = [0]{}, .int64Values = [0]{}, .bytes = [0]{}, .stringValue = ""}}
12-30 11:24:34.277   398   464 I DefaultVehicleHal_v2_0: DefaultVehicleHal::onPropertyValue, value:{.timestamp = 10010099208858, .areaId = 0, .prop = 557850636, .status = AVAILABLE, .value = {.int32Values = [1]{0}, .floatValues = [0]{}, .int64Values = [0]{}, .bytes = [0]{}, .stringValue = ""}}
12-30 11:24:34.277   398   464 D DiagPropHandler: is not DiagnosticConfig: 0x2140200c
12-30 11:24:34.277   398   464 I VehiclePropertyStore: begin to write value to Store: {.timestamp = 10010099208858, .areaId = 0, .prop = 557850636, .status = AVAILABLE, .value = {.int32Values = [1]{0}, .floatValues = [0]{}, .int64Values = [0]{}, .bytes = [0]{}, .stringValue = ""}}
12-30 11:24:34.277   398   464 D adayocomadapter-CommunicationManager: onUpstreamReceive mPropertyId 0x2140200c
12-30 11:24:34.277   398   464 D adayocomadapter-CommunicationManager: onUpstreamReceive mPropertyId 0x2140200d
12-30 11:24:34.277   398   464 D adayocomadapter-CommunicationManager: convertBytesToInt32Memcpy  0
12-30 11:24:34.277   398   464 I vw-vhal : notifyVehicleProperty, propId = 0x2140200d, data = {status: 2, int32Values: [0]}
12-30 11:24:34.277   398   464 I vw-vhal : CanSignalsAdapter::notifyVehicleProperty: solvedValue = {.timestamp = 10010099450858, .areaId = 0, .prop = 557850637, .status = AVAILABLE, .value = {.int32Values = [1]{0}, .floatValues = [0]{}, .int64Values = [0]{}, .bytes = [0]{}, .stringValue = ""}}
12-30 11:24:34.277   398   464 I VehiclePropertyStore: begin to write value to Store: {.timestamp = 10010099450858, .areaId = 0, .prop = 557850637, .status = AVAILABLE, .value = {.int32Values = [1]{0}, .floatValues = [0]{}, .int64Values = [0]{}, .bytes = [0]{}, .stringValue = ""}}
12-30 11:24:34.277   398   464 I DefaultVehicleHal_v2_0: DefaultVehicleHal::onPropertyValue, value:{.timestamp = 10010099450858, .areaId = 0, .prop = 557850637, .status = AVAILABLE, .value = {.int32Values = [1]{0}, .floatValues = [0]{}, .int64Values = [0]{}, .bytes = [0]{}, .stringValue = ""}}
12-30 11:24:34.277   398   464 D DiagPropHandler: is not DiagnosticConfig: 0x2140200d
12-30 11:24:34.277   398   464 I VehiclePropertyStore: begin to write value to Store: {.timestamp = 10010099450858, .areaId = 0, .prop = 557850637, .status = AVAILABLE, .value = {.int32Values = [1]{0}, .floatValues = [0]{}, .int64Values = [0]{}, .bytes = [0]{}, .stringValue = ""}}
12-30 11:24:34.277   398   464 D adayocomadapter-CommunicationManager: onUpstreamReceive mPropertyId 0x2140200d
12-30 11:24:34.277   398   464 D adayocomadapter-CommunicationManager: onUpstreamReceive mPropertyId 0x21402233
12-30 11:24:34.277   398   464 D adayocomadapter-CommunicationManager: convertBytesToInt32Memcpy  0
12-30 11:24:34.277   398   464 I vw-vhal : notifyVehicleProperty, propId = 0x21402233, data = {status: 2, int32Values: [0]}
12-30 11:24:34.277   398   464 I vw-vhal : CanSignalsAdapter::notifyVehicleProperty: solvedValue = {.timestamp = 10010099644524, .areaId = 0, .prop = 557851187, .status = AVAILABLE, .value = {.int32Values = [1]{0}, .floatValues = [0]{}, .int64Values = [0]{}, .bytes = [0]{}, .stringValue = ""}}
12-30 11:24:34.277   398   464 I VehiclePropertyStore: begin to write value to Store: {.timestamp = 10010099644524, .areaId = 0, .prop = 557851187, .status = AVAILABLE, .value = {.int32Values = [1]{0}, .floatValues = [0]{}, .int64Values = [0]{}, .bytes = [0]{}, .stringValue = ""}}
12-30 11:24:34.277   398   464 I DefaultVehicleHal_v2_0: DefaultVehicleHal::onPropertyValue, value:{.timestamp = 10010099644524, .areaId = 0, .prop = 557851187, .status = AVAILABLE, .value = {.int32Values = [1]{0}, .floatValues = [0]{}, .int64Values = [0]{}, .bytes = [0]{}, .stringValue = ""}}
12-30 11:24:34.277   398   464 D DiagPropHandler: is not DiagnosticConfig: 0x21402233
12-30 11:24:34.277   398   464 I VehiclePropertyStore: begin to write value to Store: {.timestamp = 10010099644524, .areaId = 0, .prop = 557851187, .status = AVAILABLE, .value = {.int32Values = [1]{0}, .floatValues = [0]{}, .int64Values = [0]{}, .bytes = [0]{}, .stringValue = ""}}
12-30 11:24:34.277   398   464 D adayocomadapter-CommunicationManager: onUpstreamReceive mPropertyId 0x21402233
12-30 11:24:34.277   398   464 D adayocomadapter-CommunicationManager: onUpstreamReceive mPropertyId 0x2140201d
12-30 11:24:34.277   398   464 D adayocomadapter-CommunicationManager: convertBytesToInt32Memcpy  0
12-30 11:24:34.277   398   464 I vw-vhal : notifyVehicleProperty, propId = 0x2140201d, data = {status: 2, int32Values: [0]}
12-30 11:24:34.278   398   464 I vw-vhal : CanSignalsAdapter::notifyVehicleProperty: solvedValue = {.timestamp = 10010099846524, .areaId = 0, .prop = 557850653, .status = AVAILABLE, .value = {.int32Values = [1]{0}, .floatValues = [0]{}, .int64Values = [0]{}, .bytes = [0]{}, .stringValue = ""}}
12-30 11:24:34.278   398   464 I VehiclePropertyStore: begin to write value to Store: {.timestamp = 10010099846524, .areaId = 0, .prop = 557850653, .status = AVAILABLE, .value = {.int32Values = [1]{0}, .floatValues = [0]{}, .int64Values = [0]{}, .bytes = [0]{}, .stringValue = ""}}
12-30 11:24:34.278   398   464 I DefaultVehicleHal_v2_0: DefaultVehicleHal::onPropertyValue, value:{.timestamp = 10010099846524, .areaId = 0, .prop = 557850653, .status = AVAILABLE, .value = {.int32Values = [1]{0}, .floatValues = [0]{}, .int64Values = [0]{}, .bytes = [0]{}, .stringValue = ""}}
12-30 11:24:34.278   398   464 D DiagPropHandler: is not DiagnosticConfig: 0x2140201d
12-30 11:24:34.278   398   464 I VehiclePropertyStore: begin to write value to Store: {.timestamp = 10010099846524, .areaId = 0, .prop = 557850653, .status = AVAILABLE, .value = {.int32Values = [1]{0}, .floatValues = [0]{}, .int64Values = [0]{}, .bytes = [0]{}, .stringValue = ""}}
12-30 11:24:34.278   398   464 D adayocomadapter-CommunicationManager: onUpstreamReceive mPropertyId 0x2140201d
12-30 11:24:34.278   398   464 D adayocomadapter-CommunicationManager: onUpstreamReceive mPropertyId 0x2140201e
12-30 11:24:34.278   398   464 D adayocomadapter-CommunicationManager: convertBytesToInt32Memcpy  0
12-30 11:24:34.278   398   464 I vw-vhal : notifyVehicleProperty, propId = 0x2140201e, data = {status: 2, int32Values: [0]}
12-30 11:24:34.278   398   464 I vw-vhal : CanSignalsAdapter::notifyVehicleProperty: solvedValue = {.timestamp = 10010100070524, .areaId = 0, .prop = 557850654, .status = AVAILABLE, .value = {.int32Values = [1]{0}, .floatValues = [0]{}, .int64Values = [0]{}, .bytes = [0]{}, .stringValue = ""}}
12-30 11:24:34.278   596  3076 E WifiHAL : Invalid data received from driver
12-30 11:24:34.278   398   464 I VehiclePropertyStore: begin to write value to Store: {.timestamp = 10010100070524, .areaId = 0, .prop = 557850654, .status = AVAILABLE, .value = {.int32Values = [1]{0}, .floatValues = [0]{}, .int64Values = [0]{}, .bytes = [0]{}, .stringValue = ""}}
12-30 11:24:34.278   398   464 I DefaultVehicleHal_v2_0: DefaultVehicleHal::onPropertyValue, value:{.timestamp = 10010100070524, .areaId = 0, .prop = 557850654, .status = AVAILABLE, .value = {.int32Values = [1]{0}, .floatValues = [0]{}, .int64Values = [0]{}, .bytes = [0]{}, .stringValue = ""}}
12-30 11:24:34.278   398   464 D DiagPropHandler: is not DiagnosticConfig: 0x2140201e
12-30 11:24:34.278   398   464 I VehiclePropertyStore: begin to write value to Store: {.timestamp = 10010100070524, .areaId = 0, .prop = 557850654, .status = AVAILABLE, .value = {.int32Values = [1]{0}, .floatValues = [0]{}, .int64Values = [0]{}, .bytes = [0]{}, .stringValue = ""}}
12-30 11:24:34.278   398   464 D adayocomadapter-CommunicationManager: onUpstreamReceive mPropertyId 0x2140201e
12-30 11:24:34.289   360   931 D EvsDriver: forwardFrame
12-30 11:24:34.290   360   931 D EvsDriver: forwardFrameDirect
12-30 11:24:34.290   360   931 D EvsDriver: Delivered 0xb400e2ca9e40e110 as id 0
12-30 11:24:34.290   359  2784 D evsmanagerd: /dev/video-evs0 forwarded the buffer #0 to 0xb400f125d2b26dd0 from 0xb400f125e2b20710
12-30 11:24:34.297   360   458 D EvsDriver: doneWithFrame
12-30 11:24:34.320  2358  2623 D RcfController: Rcf proxy is not connected!
12-30 11:24:34.323   360   931 D EvsDriver: forwardFrame
12-30 11:24:34.323   360   931 D EvsDriver: forwardFrameDirect
12-30 11:24:34.323   360   931 D EvsDriver: Delivered 0xb400e2ca9e40c7a0 as id 1
12-30 11:24:34.323   359  2784 D evsmanagerd: /dev/video-evs0 forwarded the buffer #1 to 0xb400f125d2b26dd0 from 0xb400f125e2b20710
12-30 11:24:34.327   360   458 D EvsDriver: doneWithFrame
12-30 11:24:34.346   596  3076 E WifiHAL : Invalid data received from driver
12-30 11:24:34.349 18357 18357 I ADAYO_LOG_TRACE_RESOURCE: execute interrupt
12-30 11:24:34.356   360   931 D EvsDriver: forwardFrame
12-30 11:24:34.356   360   931 D EvsDriver: forwardFrameDirect
12-30 11:24:34.356   360   931 D EvsDriver: Delivered 0xb400e2ca9e40e270 as id 0
12-30 11:24:34.357   359  2784 D evsmanagerd: /dev/video-evs0 forwarded the buffer #0 to 0xb400f125d2b26dd0 from 0xb400f125e2b20710
12-30 11:24:34.357   360   458 D EvsDriver: doneWithFrame
12-30 11:24:34.362  2475  2681 I TtsServiceAgent: check thread start checking, threadId = 29
12-30 11:24:34.362  2475  2681 D TtsServiceAgent: start bind service...
12-30 11:24:34.362  2475  2681 D TtsServiceAgent: ----->initService, usage = 16
12-30 11:24:34.362  2475  2681 W ContextImpl: Calling a method in the system process without a qualified user: android.app.ContextImpl.bindService:1988 android.content.ContextWrapper.bindService:861 com.iflytek.autofly.ttsaidl.ttsproxy.TtsServiceAgent.initService:189 com.iflytek.autofly.ttsaidl.ttsproxy.TtsServiceAgent.initService:133 com.iflytek.autofly.ttsaidl.ttsproxy.TtsServiceAgent$2.run:517 
12-30 11:24:34.363   916  2591 W ActivityManager: Unable to start service Intent { act=com.iflytek.autofly.tts.ttsservice.TtsAdapterService cmp=com.iflytek.cutefly.speechclient.hmi/com.iflytek.autofly.tts.ttsservice.TtsAdapterService } U=0: not found
12-30 11:24:34.363  2475  2681 D TtsServiceAgent: bindService: false
12-30 11:24:34.363  2475  2681 D TtsServiceAgent: start reInitService
12-30 11:24:34.363  2475  2681 D TtsServiceAgent: aidlCheckThreadRunning = true
12-30 11:24:34.363  2475  2681 D TtsServiceAgent: ----->check connection status in 1000s...
12-30 11:24:34.370  2358  2623 D RcfController: Rcf proxy is not connected!
12-30 11:24:34.373 18359 18359 I ADAYO_LOG_TRACE_RESOURCE: execute end
01-01 10:46:51.390     1     1 I init    : processing action (sys.init.updatable_crashing=1) from (/system/etc/init/flags_health_check.rc:10)
01-01 10:46:51.391     1     1 I init    : starting service 'exec 1861 (/system/bin/flags_health_check UPDATABLE_CRASHING)'...
12-30 11:24:34.389   360   931 I EvsDriver: /dev/video-evs0 VideoCapture fps 30.0006
12-30 11:24:34.390   360   931 D EvsDriver: forwardFrame
12-30 11:24:34.390   360   931 D EvsDriver: forwardFrameDirect
12-30 11:24:34.390   360   931 D EvsDriver: Delivered 0xb400e2ca9e40d4b0 as id 1
12-30 11:24:34.390   359  2784 D evsmanagerd: /dev/video-evs0 forwarded the buffer #1 to 0xb400f125d2b26dd0 from 0xb400f125e2b20710
12-30 11:24:34.398   360   458 D EvsDriver: doneWithFrame
01-01 10:46:51.421     1     1 I init    : ... started service 'exec 1861 (/system/bin/flags_health_check UPDATABLE_CRASHING)' has pid 18360
12-30 11:24:34.414   596  3076 E WifiHAL : Invalid data received from driver
12-30 11:24:34.420  2358  2623 D RcfController: Rcf proxy is not connected!
12-30 11:24:34.423   360   931 D EvsDriver: forwardFrame
12-30 11:24:34.423   360   931 D EvsDriver: forwardFrameDirect
12-30 11:24:34.423   360   931 D EvsDriver: Delivered 0xb400e2ca9e40c2d0 as id 0
12-30 11:24:34.423   359  2784 D evsmanagerd: /dev/video-evs0 forwarded the buffer #0 to 0xb400f125d2b26dd0 from 0xb400f125e2b20710
12-30 11:24:34.428   360   458 D EvsDriver: doneWithFrame
12-30 11:24:34.428 18360 18360 I flags_health_check: ServerConfigurableFlagsReset reset_mode value: 1
12-30 11:24:34.429 18360 18360 I flags_health_check: ServerConfigurableFlagsReset updatable crashing detected, resetting flags.
12-30 11:24:34.450   650   730 D fgemcucomm: sd Uart data : 6AA6001E3300020601A6
12-30 11:24:34.456   360   931 D EvsDriver: forwardFrame
12-30 11:24:34.456   360   931 D EvsDriver: forwardFrameDirect
12-30 11:24:34.456  1667  2594 W ContextImpl: Calling a method in the system process without a qualified user: android.app.ContextImpl.bindService:1988 android.content.ContextWrapper.bindService:861 com.ford.sync.fnvservice.FordFnv.c:202 com.ford.sync.fnvservice.FordFnv.c:43 com.ford.sync.fnvservice.FordFnv$RetryHandler.handleMessage:245 
12-30 11:24:34.456   360   931 D EvsDriver: Delivered 0xb400e2ca9e40d090 as id 1
12-30 11:24:34.457   359  2784 D evsmanagerd: /dev/video-evs0 forwarded the buffer #1 to 0xb400f125d2b26dd0 from 0xb400f125e2b20710
12-30 11:24:34.457   916  2591 W ActivityManager: Unable to start service Intent { cmp=com.ford.sync.fnvservice/.FordFnvService } U=0: not found
12-30 11:24:34.457  1667  2594 W FordFnv :  bind ford fnv failed -> sendRetryMessage 
12-30 11:24:34.459   360   458 D EvsDriver: doneWithFrame
12-30 11:24:34.470  2358  2623 D RcfController: Rcf proxy is not connected!
12-30 11:24:34.489   360   931 D EvsDriver: forwardFrame
12-30 11:24:34.490   360   931 D EvsDriver: forwardFrameDirect
12-30 11:24:34.490   360   931 D EvsDriver: Delivered 0xb400e2ca9e40e110 as id 0
12-30 11:24:34.490   359  2784 D evsmanagerd: /dev/video-evs0 forwarded the buffer #0 to 0xb400f125d2b26dd0 from 0xb400f125e2b20710
12-30 11:24:34.494   596  3076 E WifiHAL : Invalid data received from driver
12-30 11:24:34.499   360   458 D EvsDriver: doneWithFrame
12-30 11:24:34.521  2358  2623 D RcfController: Rcf proxy is not connected!
12-30 11:24:34.523   360   931 D EvsDriver: forwardFrame
12-30 11:24:34.523   360   931 D EvsDriver: forwardFrameDirect
12-30 11:24:34.523   360   931 D EvsDriver: Delivered 0xb400e2ca9e40c7a0 as id 1
12-30 11:24:34.523   359  2784 D evsmanagerd: /dev/video-evs0 forwarded the buffer #1 to 0xb400f125d2b26dd0 from 0xb400f125e2b20710
12-30 11:24:34.529   360   458 D EvsDriver: doneWithFrame
12-30 11:24:34.552   596  3076 E WifiHAL : Invalid data received from driver
12-30 11:24:34.556   360   931 D EvsDriver: forwardFrame
12-30 11:24:34.556   360   931 D EvsDriver: forwardFrameDirect
12-30 11:24:34.556   360   931 D EvsDriver: Delivered 0xb400e2ca9e40e270 as id 0
12-30 11:24:34.556   359  2784 D evsmanagerd: /dev/video-evs0 forwarded the buffer #0 to 0xb400f125d2b26dd0 from 0xb400f125e2b20710
12-30 11:24:34.559   360   458 D EvsDriver: doneWithFrame
12-30 11:24:34.571  2358  2623 D RcfController: Rcf proxy is not connected!
12-30 11:24:34.585   596  3076 E WifiHAL : Invalid data received from driver
12-30 11:24:34.589   360   931 D EvsDriver: forwardFrame
12-30 11:24:34.589   360   931 D EvsDriver: forwardFrameDirect
12-30 11:24:34.590   360   931 D EvsDriver: Delivered 0xb400e2ca9e40d4b0 as id 1
12-30 11:24:34.590   359  2784 D evsmanagerd: /dev/video-evs0 forwarded the buffer #1 to 0xb400f125d2b26dd0 from 0xb400f125e2b20710
12-30 11:24:34.600   360   458 D EvsDriver: doneWithFrame
12-30 11:24:34.621  2358  2623 D RcfController: Rcf proxy is not connected!
12-30 11:24:34.623   360   931 D EvsDriver: forwardFrame
12-30 11:24:34.623   360   931 D EvsDriver: forwardFrameDirect
12-30 11:24:34.623   360   931 D EvsDriver: Delivered 0xb400e2ca9e40c2d0 as id 0
12-30 11:24:34.623   359  2784 D evsmanagerd: /dev/video-evs0 forwarded the buffer #0 to 0xb400f125d2b26dd0 from 0xb400f125e2b20710
12-30 11:24:34.630   360   458 D EvsDriver: doneWithFrame
12-30 11:24:34.645  1582  3078 I c       : checkService in back thread add: adayo.upgrade.v2.0
12-30 11:24:34.646  1582  3078 E upgradeApp_251223_V1  l: d(null:11)pre->c(null:23)-> serviceBinder is null
12-30 11:24:34.646  1582  3078 W c       : doBindService in back thread fail: adayo.upgrade.v2.0
12-30 11:24:34.656   360   931 D EvsDriver: forwardFrame
12-30 11:24:34.656   360   931 D EvsDriver: forwardFrameDirect
12-30 11:24:34.656   360   931 D EvsDriver: Delivered 0xb400e2ca9e40d090 as id 1
12-30 11:24:34.656   359  2784 D evsmanagerd: /dev/video-evs0 forwarded the buffer #1 to 0xb400f125d2b26dd0 from 0xb400f125e2b20710
12-30 11:24:34.657   596  3076 E WifiHAL : Invalid data received from driver
12-30 11:24:34.660   360   458 D EvsDriver: doneWithFrame
12-30 11:24:34.671  2358  2623 D RcfController: Rcf proxy is not connected!
12-30 11:24:34.688  1611 15258 I ADAYO_LOG_: e(LogcatFunc.java:11)zipFile:true,txtFilePath: /mnt/sdcard/AndroidLog/logcat/logcat_2025_12_30_11_20_00_505-17.txt
12-30 11:24:34.689   360   931 D EvsDriver: forwardFrame
12-30 11:24:34.689   360   931 D EvsDriver: forwardFrameDirect
12-30 11:24:34.690   360   931 D EvsDriver: Delivered 0xb400e2ca9e40e110 as id 0
12-30 11:24:34.690   359  2784 D evsmanagerd: /dev/video-evs0 forwarded the buffer #0 to 0xb400f125d2b26dd0 from 0xb400f125e2b20710
12-30 11:24:34.690   360   458 D EvsDriver: doneWithFrame
12-30 11:24:34.704  1667  2407 I media_message_log->MediaMessageProxy: (SourceFile:1)b connectToService action bind
12-30 11:24:34.704   798 18336 W adbd    : timed out while waiting for FUNCTIONFS_BIND, trying again
12-30 11:24:34.704   798 18336 I adbd    : UsbFfs: connection terminated: monitor thread finished
12-30 11:24:34.705   798   798 I adbd    : UsbFfs: already offline
12-30 11:24:34.705   798   798 I adbd    : destroying transport UsbFfs
12-30 11:24:34.705   798   798 I adbd    : UsbFfsConnection being destroyed
12-30 11:24:34.707   916  2591 W ActivityManager: Unable to start service Intent { cmp=com.adayo.server.mediamessagetransfer/.MediaMessTransferService (has extras) } U=0: not found
12-30 11:24:34.707  1667  2407 E media_message_log->MediaMessageProxy: (SourceFile:7)a bindServiceAsUser isBound = false
12-30 11:24:34.711   596  3076 E WifiHAL : Invalid data received from driver
12-30 11:24:34.721  2358  2623 D RcfController: Rcf proxy is not connected!
12-30 11:24:34.723   360   931 D EvsDriver: forwardFrame
12-30 11:24:34.723   360   931 D EvsDriver: forwardFrameDirect
12-30 11:24:34.723   360   931 D EvsDriver: Delivered 0xb400e2ca9e40c7a0 as id 1
12-30 11:24:34.723   359  2784 D evsmanagerd: /dev/video-evs0 forwarded the buffer #1 to 0xb400f125d2b26dd0 from 0xb400f125e2b20710
12-30 11:24:34.725  2310  2721 D FuseDaemon: Node: 12970642256212321104 deleted.
12-30 11:24:34.725  1611 15258 I ADAYO_LOG_: e(LogcatFunc.java:14)deleteFile:logcat_2025_12_30_11_20_00_505-17.txt,delete:true
12-30 11:24:34.725  1611 15258 I ADAYO_LOG_: a(LogcatFunc.java:15)startZip over
12-30 11:24:34.731   360   458 D EvsDriver: doneWithFrame
12-30 11:24:34.756   360   931 D EvsDriver: forwardFrame
12-30 11:24:34.756   360   931 D EvsDriver: forwardFrameDirect
12-30 11:24:34.756   360   931 D EvsDriver: Delivered 0xb400e2ca9e40e270 as id 0
12-30 11:24:34.756   359  2784 D evsmanagerd: /dev/video-evs0 forwarded the buffer #0 to 0xb400f125d2b26dd0 from 0xb400f125e2b20710
12-30 11:24:34.761   360   458 D EvsDriver: doneWithFrame
12-30 11:24:34.771  2358  2623 D RcfController: Rcf proxy is not connected!
12-30 11:24:34.778   798   838 I adbd    : opening control endpoint /dev/usb-ffs/adb/ep0
12-30 11:24:34.779   798   838 I adbd    : UsbFfsConnection constructed
12-30 11:24:34.779   798 18365 I adbd    : UsbFfs-monitor thread spawned
12-30 11:24:34.789   360   931 D EvsDriver: forwardFrame
12-30 11:24:34.790   360   931 D EvsDriver: forwardFrameDirect
12-30 11:24:34.790   360   931 D EvsDriver: Delivered 0xb400e2ca9e40d4b0 as id 1
12-30 11:24:34.790   359  2784 D evsmanagerd: /dev/video-evs0 forwarded the buffer #1 to 0xb400f125d2b26dd0 from 0xb400f125e2b20710
12-30 11:24:34.791   596  3076 E WifiHAL : Invalid data received from driver
12-30 11:24:34.791   596  3076 E WifiHAL : Invalid data received from driver
12-30 11:24:34.791   596  3076 E WifiHAL : Invalid data received from driver
12-30 11:24:34.791   596  3076 E WifiHAL : Invalid data received from driver
12-30 11:24:34.791   596  3076 E WifiHAL : Invalid data received from driver
12-30 11:24:34.791   596  3076 E WifiHAL : Invalid data received from driver
12-30 11:24:34.791   596  3076 E WifiHAL : Invalid data received from driver
12-30 11:24:34.791   596  3076 E WifiHAL : Invalid data received from driver
12-30 11:24:34.791   360   458 D EvsDriver: doneWithFrame
12-30 11:24:34.822  2358  2623 D RcfController: Rcf proxy is not connected!
12-30 11:24:34.823   360   931 D EvsDriver: forwardFrame
12-30 11:24:34.823   360   931 D EvsDriver: forwardFrameDirect
12-30 11:24:34.823   360   931 D EvsDriver: Delivered 0xb400e2ca9e40c2d0 as id 0
12-30 11:24:34.823   359  2784 D evsmanagerd: /dev/video-evs0 forwarded the buffer #0 to 0xb400f125d2b26dd0 from 0xb400f125e2b20710
12-30 11:24:34.832   360   458 D EvsDriver: doneWithFrame
12-30 11:24:34.856   360   931 D EvsDriver: forwardFrame
12-30 11:24:34.856   360   931 D EvsDriver: forwardFrameDirect
12-30 11:24:34.856   360   931 D EvsDriver: Delivered 0xb400e2ca9e40d090 as id 1
12-30 11:24:34.856   359  2784 D evsmanagerd: /dev/video-evs0 forwarded the buffer #1 to 0xb400f125d2b26dd0 from 0xb400f125e2b20710
12-30 11:24:34.862   360   458 D EvsDriver: doneWithFrame
12-30 11:24:34.864   596  3076 E WifiHAL : Invalid data received from driver
12-30 11:24:34.872  2358  2623 D RcfController: Rcf proxy is not connected!
12-30 11:24:34.889   360   931 D EvsDriver: forwardFrame
12-30 11:24:34.889   360   931 D EvsDriver: forwardFrameDirect
12-30 11:24:34.890   360   931 D EvsDriver: Delivered 0xb400e2ca9e40e110 as id 0
12-30 11:24:34.890   359  2784 D evsmanagerd: /dev/video-evs0 forwarded the buffer #0 to 0xb400f125d2b26dd0 from 0xb400f125e2b20710
12-30 11:24:34.892   360   458 D EvsDriver: doneWithFrame
12-30 11:24:34.922  2358  2623 D RcfController: Rcf proxy is not connected!
12-30 11:24:34.923   596  3076 E WifiHAL : Invalid data received from driver
12-30 11:24:34.923   360   931 D EvsDriver: forwardFrame
12-30 11:24:34.923   360   931 D EvsDriver: forwardFrameDirect
12-30 11:24:34.923   360   931 D EvsDriver: Delivered 0xb400e2ca9e40c7a0 as id 1
12-30 11:24:34.923   359  2784 D evsmanagerd: /dev/video-evs0 forwarded the buffer #1 to 0xb400f125d2b26dd0 from 0xb400f125e2b20710
12-30 11:24:34.932   360   458 D EvsDriver: doneWithFrame
12-30 11:24:34.956   360   931 D EvsDriver: forwardFrame
12-30 11:24:34.956   360   931 D EvsDriver: forwardFrameDirect
12-30 11:24:34.956   360   931 D EvsDriver: Delivered 0xb400e2ca9e40e270 as id 0
12-30 11:24:34.956   359  2784 D evsmanagerd: /dev/video-evs0 forwarded the buffer #0 to 0xb400f125d2b26dd0 from 0xb400f125e2b20710
12-30 11:24:34.962  1667  2513 W ContextImpl: Calling a method in the system process without a qualified user: android.app.ContextImpl.bindService:1988 android.content.ContextWrapper.bindService:861 com.ford.sync.fnvservice.analytics.AnalyticsManager$RetryHandler.a:126 com.ford.sync.fnvservice.analytics.AnalyticsManager$RetryHandler.handleMessage:103 android.os.Handler.dispatchMessage:106 
12-30 11:24:34.963   360   458 D EvsDriver: doneWithFrame
12-30 11:24:34.963   916  2591 W ActivityManager: Unable to start service Intent { cmp=com.ford.sync.fnvservice/.analytics.AnalyticsService } U=0: not found
12-30 11:24:34.963  1667  2513 W AnalyticsManager:  bind ford Analytics failed -> sendRetryMessage 
12-30 11:24:34.972  2358  2623 D RcfController: Rcf proxy is not connected!
12-30 11:24:34.977   650   729 D fgemcucomm: sd Uart data : 6AA602384A00029202E6
12-30 11:24:34.978   650   729 D fgemcucomm: rev uart=82673,len=40, data : 6AA681384A0020920200160000000000000000000000000000000000000000000000000000000033
12-30 11:24:34.978   398   466 D adayocomadapter-ParseProtocolFunc: printRaWMsg Name[MCUToUPstream recv] len[32] data[9202001600000000000000000000000000000000000000000000000000000000]
12-30 11:24:34.978   398   466 D adayocomadapter-CommunicationManager: onUpstreamback   member[0] dataLength[29] timePoint[10010800]
12-30 11:24:34.978   398   466 D adayocomadapter-ParseProtocolFunc: printRaWMsg Name[onUpstreamback] len[29] data[1600000000000000000000000000000000000000000000000000000000]
12-30 11:24:34.978   398   464 D adayocomadapter-UpstreamHandler: processBeforePacket upSreamtProcessTimePoint[10010800] 
12-30 11:24:34.978   398   464 D adayocomadapter-UpstreamHandler: processPacket UPSTREAM_QUEUE_DATA_TIMEOUT
12-30 11:24:34.978   398   464 D adayocomadapter-ParseProtocolFunc: parseCommonIPCLBytes Processing tableNumber[22]
12-30 11:24:34.978   398   464 D adayocomadapter-ParseProtocolFunc: parseCommonIPCLBytes Processing tablename[Table-22] tableSize[29]
12-30 11:24:34.978   398   464 D adayocomadapter-ParseProtocolFunc: printRaWMsg Name[byteStream recv] len[29] data[1600000000000000000000000000000000000000000000000000000000]
12-30 11:24:34.978   398   464 D adayocomadapter-ParseProtocolFunc: printRaWMsg Name[IPCLtoVHAL] len[6] data[2140213F0000]
12-30 11:24:34.978   398   464 D adayocomadapter-ParseProtocolFunc: printRaWMsg Name[IPCLtoVHAL] len[6] data[214021400000]
12-30 11:24:34.978   398   464 D adayocomadapter-ParseProtocolFunc: printRaWMsg Name[IPCLtoVHAL] len[9] data[214021CA0000000000]
12-30 11:24:34.978   398   464 D adayocomadapter-ParseProtocolFunc: printRaWMsg Name[IPCLtoVHAL] len[6] data[2140214B0000]
12-30 11:24:34.978   398   464 D adayocomadapter-ParseProtocolFunc: printRaWMsg Name[IPCLtoVHAL] len[6] data[214021410000]
12-30 11:24:34.978   398   464 D adayocomadapter-ParseProtocolFunc: printRaWMsg Name[IPCLtoVHAL] len[6] data[214021420000]
12-30 11:24:34.978   398   464 D adayocomadapter-ParseProtocolFunc: printRaWMsg Name[IPCLtoVHAL] len[6] data[2140214D0000]
