12-30 11:24:38.126   398   464 I VehiclePropertyStore: begin to write value to Store: {.timestamp = 10013947771858, .areaId = 0, .prop = 557850906, .status = AVAILABLE, .value = {.int32Values = [1]{0}, .floatValues = [0]{}, .int64Values = [0]{}, .bytes = [0]{}, .stringValue = ""}}
12-30 11:24:38.126   650   729 D fgemcucomm: sd Uart data : 6AA602386800029202C8
12-30 11:24:38.126   398   464 D adayocomadapter-CommunicationManager: onUpstreamReceive mPropertyId 0x2140211a
12-30 11:24:38.126   398   464 D adayocomadapter-CommunicationManager: onUpstreamReceive mPropertyId 0x2140204b
12-30 11:24:38.126   398   464 D adayocomadapter-CommunicationManager: convertBytesToInt32Memcpy  0
12-30 11:24:38.126   398   464 I vw-vhal : notifyVehicleProperty, propId = 0x2140204b, data = {status: 2, int32Values: [0]}
12-30 11:24:38.126   398   464 I vw-vhal : CanSignalsAdapter::notifyVehicleProperty: solvedValue = {.timestamp = 10013948453858, .areaId = 0, .prop = 557850699, .status = AVAILABLE, .value = {.int32Values = [1]{0}, .floatValues = [0]{}, .int64Values = [0]{}, .bytes = [0]{}, .stringValue = ""}}
12-30 11:24:38.126   650   729 D fgemcucomm: rev uart=82704,len=18, data : 6AA6813868000A9202000D00000000000034
12-30 11:24:38.126   398   464 I VehiclePropertyStore: begin to write value to Store: {.timestamp = 10013948453858, .areaId = 0, .prop = 557850699, .status = AVAILABLE, .value = {.int32Values = [1]{0}, .floatValues = [0]{}, .int64Values = [0]{}, .bytes = [0]{}, .stringValue = ""}}
12-30 11:24:38.126   398   464 I DefaultVehicleHal_v2_0: DefaultVehicleHal::onPropertyValue, value:{.timestamp = 10013948453858, .areaId = 0, .prop = 557850699, .status = AVAILABLE, .value = {.int32Values = [1]{0}, .floatValues = [0]{}, .int64Values = [0]{}, .bytes = [0]{}, .stringValue = ""}}
12-30 11:24:38.126   398   464 D DiagPropHandler: is not DiagnosticConfig: 0x2140204b
12-30 11:24:38.126   398   464 I VehiclePropertyStore: begin to write value to Store: {.timestamp = 10013948453858, .areaId = 0, .prop = 557850699, .status = AVAILABLE, .value = {.int32Values = [1]{0}, .floatValues = [0]{}, .int64Values = [0]{}, .bytes = [0]{}, .stringValue = ""}}
12-30 11:24:38.127   398   464 D adayocomadapter-CommunicationManager: onUpstreamReceive mPropertyId 0x2140204b
12-30 11:24:38.127   398   464 D adayocomadapter-CommunicationManager: onUpstreamReceive mPropertyId 0x2140211b
12-30 11:24:38.127   398   466 D adayocomadapter-ParseProtocolFunc: printRaWMsg Name[MCUToUPstream recv] len[10] data[9202000D000000000000]
12-30 11:24:38.127   398   464 D adayocomadapter-CommunicationManager: convertBytesToInt32Memcpy  0
12-30 11:24:38.127   398   466 D adayocomadapter-CommunicationManager: onUpstreamback   member[0] dataLength[7] timePoint[10013948]
12-30 11:24:38.127   398   466 D adayocomadapter-ParseProtocolFunc: printRaWMsg Name[onUpstreamback] len[7] data[0D000000000000]
12-30 11:24:38.127   398   464 I vw-vhal : notifyVehicleProperty, propId = 0x2140211b, data = {status: 2, int32Values: [0]}
12-30 11:24:38.127   398   464 I vw-vhal : CanSignalsAdapter::notifyVehicleProperty: solvedValue = {.timestamp = 10013949133858, .areaId = 0, .prop = 557850907, .status = AVAILABLE, .value = {.int32Values = [1]{0}, .floatValues = [0]{}, .int64Values = [0]{}, .bytes = [0]{}, .stringValue = ""}}
12-30 11:24:38.127   398   464 I VehiclePropertyStore: begin to write value to Store: {.timestamp = 10013949133858, .areaId = 0, .prop = 557850907, .status = AVAILABLE, .value = {.int32Values = [1]{0}, .floatValues = [0]{}, .int64Values = [0]{}, .bytes = [0]{}, .stringValue = ""}}
12-30 11:24:38.127   398   464 I DefaultVehicleHal_v2_0: DefaultVehicleHal::onPropertyValue, value:{.timestamp = 10013949133858, .areaId = 0, .prop = 557850907, .status = AVAILABLE, .value = {.int32Values = [1]{0}, .floatValues = [0]{}, .int64Values = [0]{}, .bytes = [0]{}, .stringValue = ""}}
12-30 11:24:38.127   398   464 D DiagPropHandler: is not DiagnosticConfig: 0x2140211b
12-30 11:24:38.127   398   464 I VehiclePropertyStore: begin to write value to Store: {.timestamp = 10013949133858, .areaId = 0, .prop = 557850907, .status = AVAILABLE, .value = {.int32Values = [1]{0}, .floatValues = [0]{}, .int64Values = [0]{}, .bytes = [0]{}, .stringValue = ""}}
12-30 11:24:38.127   398   464 D adayocomadapter-CommunicationManager: onUpstreamReceive mPropertyId 0x2140211b
12-30 11:24:38.127   398   464 D adayocomadapter-CommunicationManager: onUpstreamReceive mPropertyId 0x2140203b
12-30 11:24:38.127   398   464 D adayocomadapter-CommunicationManager: convertBytesToInt32Memcpy  0
12-30 11:24:38.127   398   464 I vw-vhal : notifyVehicleProperty, propId = 0x2140203b, data = {status: 2, int32Values: [0]}
12-30 11:24:38.127   398   464 I vw-vhal : CanSignalsAdapter::notifyVehicleProperty: solvedValue = {.timestamp = 10013949774191, .areaId = 0, .prop = 557850683, .status = AVAILABLE, .value = {.int32Values = [1]{0}, .floatValues = [0]{}, .int64Values = [0]{}, .bytes = [0]{}, .stringValue = ""}}
12-30 11:24:38.128   398   464 I VehiclePropertyStore: begin to write value to Store: {.timestamp = 10013949774191, .areaId = 0, .prop = 557850683, .status = AVAILABLE, .value = {.int32Values = [1]{0}, .floatValues = [0]{}, .int64Values = [0]{}, .bytes = [0]{}, .stringValue = ""}}
12-30 11:24:38.128   398   464 I DefaultVehicleHal_v2_0: DefaultVehicleHal::onPropertyValue, value:{.timestamp = 10013949774191, .areaId = 0, .prop = 557850683, .status = AVAILABLE, .value = {.int32Values = [1]{0}, .floatValues = [0]{}, .int64Values = [0]{}, .bytes = [0]{}, .stringValue = ""}}
12-30 11:24:38.128   398   464 D DiagPropHandler: is not DiagnosticConfig: 0x2140203b
12-30 11:24:38.128   398   464 I VehiclePropertyStore: begin to write value to Store: {.timestamp = 10013949774191, .areaId = 0, .prop = 557850683, .status = AVAILABLE, .value = {.int32Values = [1]{0}, .floatValues = [0]{}, .int64Values = [0]{}, .bytes = [0]{}, .stringValue = ""}}
12-30 11:24:38.128   398   464 D adayocomadapter-CommunicationManager: onUpstreamReceive mPropertyId 0x2140203b
12-30 11:24:38.128   398   464 D adayocomadapter-CommunicationManager: onUpstreamReceive mPropertyId 0x2140203f
12-30 11:24:38.128   398   464 D adayocomadapter-CommunicationManager: convertBytesToInt32Memcpy  0
12-30 11:24:38.128   398   464 I vw-vhal : notifyVehicleProperty, propId = 0x2140203f, data = {status: 2, int32Values: [0]}
12-30 11:24:38.128   398   464 I vw-vhal : CanSignalsAdapter::notifyVehicleProperty: solvedValue = {.timestamp = 10013950424525, .areaId = 0, .prop = 557850687, .status = AVAILABLE, .value = {.int32Values = [1]{0}, .floatValues = [0]{}, .int64Values = [0]{}, .bytes = [0]{}, .stringValue = ""}}
12-30 11:24:38.128   398   464 I VehiclePropertyStore: begin to write value to Store: {.timestamp = 10013950424525, .areaId = 0, .prop = 557850687, .status = AVAILABLE, .value = {.int32Values = [1]{0}, .floatValues = [0]{}, .int64Values = [0]{}, .bytes = [0]{}, .stringValue = ""}}
12-30 11:24:38.128   398   464 I DefaultVehicleHal_v2_0: DefaultVehicleHal::onPropertyValue, value:{.timestamp = 10013950424525, .areaId = 0, .prop = 557850687, .status = AVAILABLE, .value = {.int32Values = [1]{0}, .floatValues = [0]{}, .int64Values = [0]{}, .bytes = [0]{}, .stringValue = ""}}
12-30 11:24:38.128   398   464 D DiagPropHandler: is not DiagnosticConfig: 0x2140203f
12-30 11:24:38.128   398   464 I VehiclePropertyStore: begin to write value to Store: {.timestamp = 10013950424525, .areaId = 0, .prop = 557850687, .status = AVAILABLE, .value = {.int32Values = [1]{0}, .floatValues = [0]{}, .int64Values = [0]{}, .bytes = [0]{}, .stringValue = ""}}
12-30 11:24:38.128   398   464 D adayocomadapter-CommunicationManager: onUpstreamReceive mPropertyId 0x2140203f
12-30 11:24:38.129   398   464 D adayocomadapter-CommunicationManager: onUpstreamReceive mPropertyId 0x2140203a
12-30 11:24:38.129   398   464 D adayocomadapter-CommunicationManager: convertBytesToInt32Memcpy  0
12-30 11:24:38.129   398   464 I vw-vhal : notifyVehicleProperty, propId = 0x2140203a, data = {status: 2, int32Values: [0]}
12-30 11:24:38.129   398   464 I vw-vhal : CanSignalsAdapter::notifyVehicleProperty: solvedValue = {.timestamp = 10013951057525, .areaId = 0, .prop = 557850682, .status = AVAILABLE, .value = {.int32Values = [1]{0}, .floatValues = [0]{}, .int64Values = [0]{}, .bytes = [0]{}, .stringValue = ""}}
12-30 11:24:38.129   398   464 I VehiclePropertyStore: begin to write value to Store: {.timestamp = 10013951057525, .areaId = 0, .prop = 557850682, .status = AVAILABLE, .value = {.int32Values = [1]{0}, .floatValues = [0]{}, .int64Values = [0]{}, .bytes = [0]{}, .stringValue = ""}}
12-30 11:24:38.129   398   464 I DefaultVehicleHal_v2_0: DefaultVehicleHal::onPropertyValue, value:{.timestamp = 10013951057525, .areaId = 0, .prop = 557850682, .status = AVAILABLE, .value = {.int32Values = [1]{0}, .floatValues = [0]{}, .int64Values = [0]{}, .bytes = [0]{}, .stringValue = ""}}
12-30 11:24:38.129   398   464 D DiagPropHandler: is not DiagnosticConfig: 0x2140203a
12-30 11:24:38.129   398   464 I VehiclePropertyStore: begin to write value to Store: {.timestamp = 10013951057525, .areaId = 0, .prop = 557850682, .status = AVAILABLE, .value = {.int32Values = [1]{0}, .floatValues = [0]{}, .int64Values = [0]{}, .bytes = [0]{}, .stringValue = ""}}
12-30 11:24:38.129   398   464 D adayocomadapter-CommunicationManager: onUpstreamReceive mPropertyId 0x2140203a
12-30 11:24:38.129   398   464 D adayocomadapter-CommunicationManager: onUpstreamReceive mPropertyId 0x2140203e
12-30 11:24:38.129   398   464 D adayocomadapter-CommunicationManager: convertBytesToInt32Memcpy  0
12-30 11:24:38.129   398   464 I vw-vhal : notifyVehicleProperty, propId = 0x2140203e, data = {status: 2, int32Values: [0]}
12-30 11:24:38.129   398   464 I vw-vhal : CanSignalsAdapter::notifyVehicleProperty: solvedValue = {.timestamp = 10013951707525, .areaId = 0, .prop = 557850686, .status = AVAILABLE, .value = {.int32Values = [1]{0}, .floatValues = [0]{}, .int64Values = [0]{}, .bytes = [0]{}, .stringValue = ""}}
12-30 11:24:38.129   398   464 I VehiclePropertyStore: begin to write value to Store: {.timestamp = 10013951707525, .areaId = 0, .prop = 557850686, .status = AVAILABLE, .value = {.int32Values = [1]{0}, .floatValues = [0]{}, .int64Values = [0]{}, .bytes = [0]{}, .stringValue = ""}}
12-30 11:24:38.130   398   464 I DefaultVehicleHal_v2_0: DefaultVehicleHal::onPropertyValue, value:{.timestamp = 10013951707525, .areaId = 0, .prop = 557850686, .status = AVAILABLE, .value = {.int32Values = [1]{0}, .floatValues = [0]{}, .int64Values = [0]{}, .bytes = [0]{}, .stringValue = ""}}
12-30 11:24:38.130   398   464 D DiagPropHandler: is not DiagnosticConfig: 0x2140203e
12-30 11:24:38.130   398   464 I VehiclePropertyStore: begin to write value to Store: {.timestamp = 10013951707525, .areaId = 0, .prop = 557850686, .status = AVAILABLE, .value = {.int32Values = [1]{0}, .floatValues = [0]{}, .int64Values = [0]{}, .bytes = [0]{}, .stringValue = ""}}
12-30 11:24:38.130   398   464 D adayocomadapter-CommunicationManager: onUpstreamReceive mPropertyId 0x2140203e
12-30 11:24:38.130   398   464 D adayocomadapter-CommunicationManager: onUpstreamReceive mPropertyId 0x21402042
12-30 11:24:38.130   398   464 D adayocomadapter-CommunicationManager: convertBytesToInt32Memcpy  0
12-30 11:24:38.130   398   464 I vw-vhal : notifyVehicleProperty, propId = 0x21402042, data = {status: 2, int32Values: [0]}
12-30 11:24:38.130   398   464 I vw-vhal : CanSignalsAdapter::notifyVehicleProperty: solvedValue = {.timestamp = 10013952379858, .areaId = 0, .prop = 557850690, .status = AVAILABLE, .value = {.int32Values = [1]{0}, .floatValues = [0]{}, .int64Values = [0]{}, .bytes = [0]{}, .stringValue = ""}}
12-30 11:24:38.130   398   464 I VehiclePropertyStore: begin to write value to Store: {.timestamp = 10013952379858, .areaId = 0, .prop = 557850690, .status = AVAILABLE, .value = {.int32Values = [1]{0}, .floatValues = [0]{}, .int64Values = [0]{}, .bytes = [0]{}, .stringValue = ""}}
12-30 11:24:38.130   398   464 I DefaultVehicleHal_v2_0: DefaultVehicleHal::onPropertyValue, value:{.timestamp = 10013952379858, .areaId = 0, .prop = 557850690, .status = AVAILABLE, .value = {.int32Values = [1]{0}, .floatValues = [0]{}, .int64Values = [0]{}, .bytes = [0]{}, .stringValue = ""}}
12-30 11:24:38.130   360   458 D EvsDriver: doneWithFrame
12-30 11:24:38.130   398   464 D DiagPropHandler: is not DiagnosticConfig: 0x21402042
12-30 11:24:38.130   398   464 I VehiclePropertyStore: begin to write value to Store: {.timestamp = 10013952379858, .areaId = 0, .prop = 557850690, .status = AVAILABLE, .value = {.int32Values = [1]{0}, .floatValues = [0]{}, .int64Values = [0]{}, .bytes = [0]{}, .stringValue = ""}}
12-30 11:24:38.130   398   464 D adayocomadapter-CommunicationManager: onUpstreamReceive mPropertyId 0x21402042
12-30 11:24:38.131   398   464 D adayocomadapter-CommunicationManager: onUpstreamReceive mPropertyId 0x21402039
12-30 11:24:38.131   398   464 D adayocomadapter-CommunicationManager: convertBytesToInt32Memcpy  0
12-30 11:24:38.131   398   464 I vw-vhal : notifyVehicleProperty, propId = 0x21402039, data = {status: 2, int32Values: [0]}
12-30 11:24:38.131   398   464 I vw-vhal : CanSignalsAdapter::notifyVehicleProperty: solvedValue = {.timestamp = 10013953022191, .areaId = 0, .prop = 557850681, .status = AVAILABLE, .value = {.int32Values = [1]{0}, .floatValues = [0]{}, .int64Values = [0]{}, .bytes = [0]{}, .stringValue = ""}}
12-30 11:24:38.131   398   464 I VehiclePropertyStore: begin to write value to Store: {.timestamp = 10013953022191, .areaId = 0, .prop = 557850681, .status = AVAILABLE, .value = {.int32Values = [1]{0}, .floatValues = [0]{}, .int64Values = [0]{}, .bytes = [0]{}, .stringValue = ""}}
12-30 11:24:38.131   398   464 I DefaultVehicleHal_v2_0: DefaultVehicleHal::onPropertyValue, value:{.timestamp = 10013953022191, .areaId = 0, .prop = 557850681, .status = AVAILABLE, .value = {.int32Values = [1]{0}, .floatValues = [0]{}, .int64Values = [0]{}, .bytes = [0]{}, .stringValue = ""}}
12-30 11:24:38.131   398   464 D DiagPropHandler: is not DiagnosticConfig: 0x21402039
12-30 11:24:38.131   398   464 I VehiclePropertyStore: begin to write value to Store: {.timestamp = 10013953022191, .areaId = 0, .prop = 557850681, .status = AVAILABLE, .value = {.int32Values = [1]{0}, .floatValues = [0]{}, .int64Values = [0]{}, .bytes = [0]{}, .stringValue = ""}}
12-30 11:24:38.131   398   464 D adayocomadapter-CommunicationManager: onUpstreamReceive mPropertyId 0x21402039
12-30 11:24:38.131   398   464 D adayocomadapter-CommunicationManager: onUpstreamReceive mPropertyId 0x2140203d
12-30 11:24:38.131   398   464 D adayocomadapter-CommunicationManager: convertBytesToInt32Memcpy  0
12-30 11:24:38.131   398   464 I vw-vhal : notifyVehicleProperty, propId = 0x2140203d, data = {status: 2, int32Values: [0]}
12-30 11:24:38.131   398   464 I vw-vhal : CanSignalsAdapter::notifyVehicleProperty: solvedValue = {.timestamp = 10013953647191, .areaId = 0, .prop = 557850685, .status = AVAILABLE, .value = {.int32Values = [1]{0}, .floatValues = [0]{}, .int64Values = [0]{}, .bytes = [0]{}, .stringValue = ""}}
12-30 11:24:38.131   398   464 I VehiclePropertyStore: begin to write value to Store: {.timestamp = 10013953647191, .areaId = 0, .prop = 557850685, .status = AVAILABLE, .value = {.int32Values = [1]{0}, .floatValues = [0]{}, .int64Values = [0]{}, .bytes = [0]{}, .stringValue = ""}}
12-30 11:24:38.132   398   464 I DefaultVehicleHal_v2_0: DefaultVehicleHal::onPropertyValue, value:{.timestamp = 10013953647191, .areaId = 0, .prop = 557850685, .status = AVAILABLE, .value = {.int32Values = [1]{0}, .floatValues = [0]{}, .int64Values = [0]{}, .bytes = [0]{}, .stringValue = ""}}
12-30 11:24:38.132   398   464 D DiagPropHandler: is not DiagnosticConfig: 0x2140203d
12-30 11:24:38.132   398   464 I VehiclePropertyStore: begin to write value to Store: {.timestamp = 10013953647191, .areaId = 0, .prop = 557850685, .status = AVAILABLE, .value = {.int32Values = [1]{0}, .floatValues = [0]{}, .int64Values = [0]{}, .bytes = [0]{}, .stringValue = ""}}
12-30 11:24:38.132   398   464 D adayocomadapter-CommunicationManager: onUpstreamReceive mPropertyId 0x2140203d
12-30 11:24:38.132   398   464 D adayocomadapter-CommunicationManager: onUpstreamReceive mPropertyId 0x21402041
12-30 11:24:38.132   398   464 D adayocomadapter-CommunicationManager: convertBytesToInt32Memcpy  0
12-30 11:24:38.132   398   464 I vw-vhal : notifyVehicleProperty, propId = 0x21402041, data = {status: 2, int32Values: [0]}
12-30 11:24:38.132   398   464 I vw-vhal : CanSignalsAdapter::notifyVehicleProperty: solvedValue = {.timestamp = 10013954273858, .areaId = 0, .prop = 557850689, .status = AVAILABLE, .value = {.int32Values = [1]{0}, .floatValues = [0]{}, .int64Values = [0]{}, .bytes = [0]{}, .stringValue = ""}}
12-30 11:24:38.132   398   464 I VehiclePropertyStore: begin to write value to Store: {.timestamp = 10013954273858, .areaId = 0, .prop = 557850689, .status = AVAILABLE, .value = {.int32Values = [1]{0}, .floatValues = [0]{}, .int64Values = [0]{}, .bytes = [0]{}, .stringValue = ""}}
12-30 11:24:38.132   398   464 I DefaultVehicleHal_v2_0: DefaultVehicleHal::onPropertyValue, value:{.timestamp = 10013954273858, .areaId = 0, .prop = 557850689, .status = AVAILABLE, .value = {.int32Values = [1]{0}, .floatValues = [0]{}, .int64Values = [0]{}, .bytes = [0]{}, .stringValue = ""}}
12-30 11:24:38.132   398   464 D DiagPropHandler: is not DiagnosticConfig: 0x21402041
12-30 11:24:38.132   398   464 I VehiclePropertyStore: begin to write value to Store: {.timestamp = 10013954273858, .areaId = 0, .prop = 557850689, .status = AVAILABLE, .value = {.int32Values = [1]{0}, .floatValues = [0]{}, .int64Values = [0]{}, .bytes = [0]{}, .stringValue = ""}}
12-30 11:24:38.132   398   464 D adayocomadapter-CommunicationManager: onUpstreamReceive mPropertyId 0x21402041
12-30 11:24:38.132   398   464 D adayocomadapter-CommunicationManager: onUpstreamReceive mPropertyId 0x21402045
12-30 11:24:38.132   398   464 D adayocomadapter-CommunicationManager: convertBytesToInt32Memcpy  0
12-30 11:24:38.133   398   464 I vw-vhal : notifyVehicleProperty, propId = 0x21402045, data = {status: 2, int32Values: [0]}
12-30 11:24:38.133   398   464 I vw-vhal : CanSignalsAdapter::notifyVehicleProperty: solvedValue = {.timestamp = 10013954908858, .areaId = 0, .prop = 557850693, .status = AVAILABLE, .value = {.int32Values = [1]{0}, .floatValues = [0]{}, .int64Values = [0]{}, .bytes = [0]{}, .stringValue = ""}}
12-30 11:24:38.133   398   464 I VehiclePropertyStore: begin to write value to Store: {.timestamp = 10013954908858, .areaId = 0, .prop = 557850693, .status = AVAILABLE, .value = {.int32Values = [1]{0}, .floatValues = [0]{}, .int64Values = [0]{}, .bytes = [0]{}, .stringValue = ""}}
12-30 11:24:38.133   398   464 I DefaultVehicleHal_v2_0: DefaultVehicleHal::onPropertyValue, value:{.timestamp = 10013954908858, .areaId = 0, .prop = 557850693, .status = AVAILABLE, .value = {.int32Values = [1]{0}, .floatValues = [0]{}, .int64Values = [0]{}, .bytes = [0]{}, .stringValue = ""}}
12-30 11:24:38.133   398   464 D DiagPropHandler: is not DiagnosticConfig: 0x21402045
12-30 11:24:38.133   398   464 I VehiclePropertyStore: begin to write value to Store: {.timestamp = 10013954908858, .areaId = 0, .prop = 557850693, .status = AVAILABLE, .value = {.int32Values = [1]{0}, .floatValues = [0]{}, .int64Values = [0]{}, .bytes = [0]{}, .stringValue = ""}}
12-30 11:24:38.133   398   464 D adayocomadapter-CommunicationManager: onUpstreamReceive mPropertyId 0x21402045
12-30 11:24:38.133   398   464 D adayocomadapter-CommunicationManager: onUpstreamReceive mPropertyId 0x2140204d
12-30 11:24:38.133   398   464 D adayocomadapter-CommunicationManager: convertBytesToInt32Memcpy  0
12-30 11:24:38.133   398   464 I vw-vhal : notifyVehicleProperty, propId = 0x2140204d, data = {status: 2, int32Values: [0]}
12-30 11:24:38.133   398   464 I vw-vhal : CanSignalsAdapter::notifyVehicleProperty: solvedValue = {.timestamp = 10013955550191, .areaId = 0, .prop = 557850701, .status = AVAILABLE, .value = {.int32Values = [1]{0}, .floatValues = [0]{}, .int64Values = [0]{}, .bytes = [0]{}, .stringValue = ""}}
12-30 11:24:38.133   398   464 I VehiclePropertyStore: begin to write value to Store: {.timestamp = 10013955550191, .areaId = 0, .prop = 557850701, .status = AVAILABLE, .value = {.int32Values = [1]{0}, .floatValues = [0]{}, .int64Values = [0]{}, .bytes = [0]{}, .stringValue = ""}}
12-30 11:24:38.133   398   464 I DefaultVehicleHal_v2_0: DefaultVehicleHal::onPropertyValue, value:{.timestamp = 10013955550191, .areaId = 0, .prop = 557850701, .status = AVAILABLE, .value = {.int32Values = [1]{0}, .floatValues = [0]{}, .int64Values = [0]{}, .bytes = [0]{}, .stringValue = ""}}
12-30 11:24:38.133   398   464 D DiagPropHandler: is not DiagnosticConfig: 0x2140204d
12-30 11:24:38.134   398   464 I VehiclePropertyStore: begin to write value to Store: {.timestamp = 10013955550191, .areaId = 0, .prop = 557850701, .status = AVAILABLE, .value = {.int32Values = [1]{0}, .floatValues = [0]{}, .int64Values = [0]{}, .bytes = [0]{}, .stringValue = ""}}
12-30 11:24:38.134   398   464 D adayocomadapter-CommunicationManager: onUpstreamReceive mPropertyId 0x2140204d
12-30 11:24:38.134   398   464 D adayocomadapter-CommunicationManager: onUpstreamReceive mPropertyId 0x2140220b
12-30 11:24:38.134   398   464 D adayocomadapter-CommunicationManager: convertBytesToInt32Memcpy  0
12-30 11:24:38.134   398   464 I vw-vhal : notifyVehicleProperty, propId = 0x2140220b, data = {status: 2, int32Values: [0]}
12-30 11:24:38.134   398   464 I vw-vhal : CanSignalsAdapter::notifyVehicleProperty: solvedValue = {.timestamp = 10013956260191, .areaId = 0, .prop = 557851147, .status = AVAILABLE, .value = {.int32Values = [1]{0}, .floatValues = [0]{}, .int64Values = [0]{}, .bytes = [0]{}, .stringValue = ""}}
12-30 11:24:38.134   596  3076 E WifiHAL : Invalid data received from driver
12-30 11:24:38.134   398   464 I VehiclePropertyStore: begin to write value to Store: {.timestamp = 10013956260191, .areaId = 0, .prop = 557851147, .status = AVAILABLE, .value = {.int32Values = [1]{0}, .floatValues = [0]{}, .int64Values = [0]{}, .bytes = [0]{}, .stringValue = ""}}
12-30 11:24:38.134   398   464 I DefaultVehicleHal_v2_0: DefaultVehicleHal::onPropertyValue, value:{.timestamp = 10013956260191, .areaId = 0, .prop = 557851147, .status = AVAILABLE, .value = {.int32Values = [1]{0}, .floatValues = [0]{}, .int64Values = [0]{}, .bytes = [0]{}, .stringValue = ""}}
12-30 11:24:38.134   398   464 D DiagPropHandler: is not DiagnosticConfig: 0x2140220b
12-30 11:24:38.134   398   464 I VehiclePropertyStore: begin to write value to Store: {.timestamp = 10013956260191, .areaId = 0, .prop = 557851147, .status = AVAILABLE, .value = {.int32Values = [1]{0}, .floatValues = [0]{}, .int64Values = [0]{}, .bytes = [0]{}, .stringValue = ""}}
12-30 11:24:38.134   398   464 D adayocomadapter-CommunicationManager: onUpstreamReceive mPropertyId 0x2140220b
12-30 11:24:38.134   398   464 D adayocomadapter-UpstreamHandler: processBeforePacket upSreamtProcessTimePoint[10013956] 
12-30 11:24:38.134   398   464 D adayocomadapter-UpstreamHandler: processPacket UPSTREAM_QUEUE_DATA_TIMEOUT
12-30 11:24:38.135   398   464 D adayocomadapter-ParseProtocolFunc: parseCommonIPCLBytes Processing tableNumber[13]
12-30 11:24:38.135   398   464 D adayocomadapter-ParseProtocolFunc: parseCommonIPCLBytes Processing tablename[Table-13] tableSize[7]
12-30 11:24:38.135   398   464 D adayocomadapter-ParseProtocolFunc: printRaWMsg Name[byteStream recv] len[7] data[0D000000000000]
12-30 11:24:38.135   398   464 D adayocomadapter-ParseProtocolFunc: printRaWMsg Name[IPCLtoVHAL] len[6] data[214020BB0000]
12-30 11:24:38.135   398   464 D adayocomadapter-ParseProtocolFunc: printRaWMsg Name[IPCLtoVHAL] len[6] data[214020E30000]
12-30 11:24:38.135   398   464 D adayocomadapter-ParseProtocolFunc: printRaWMsg Name[IPCLtoVHAL] len[6] data[214020C70000]
12-30 11:24:38.135   398   464 D adayocomadapter-ParseProtocolFunc: printRaWMsg Name[IPCLtoVHAL] len[6] data[214020DD0000]
12-30 11:24:38.135   398   464 D adayocomadapter-ParseProtocolFunc: printRaWMsg Name[IPCLtoVHAL] len[6] data[214020DF0000]
12-30 11:24:38.135   398   464 D adayocomadapter-ParseProtocolFunc: printRaWMsg Name[IPCLtoVHAL] len[6] data[214020E40000]
12-30 11:24:38.135   398   464 D adayocomadapter-CommunicationManager: onUpstreamReceive mPropertyId 0x214020bb
12-30 11:24:38.135   398   464 D adayocomadapter-CommunicationManager: convertBytesToInt32Memcpy  0
12-30 11:24:38.136   398   464 I vw-vhal : notifyVehicleProperty, propId = 0x214020bb, data = {status: 2, int32Values: [0]}
12-30 11:24:38.136   398   464 I vw-vhal : CanSignalsAdapter::notifyVehicleProperty: solvedValue = {.timestamp = 10013957979525, .areaId = 0, .prop = 557850811, .status = AVAILABLE, .value = {.int32Values = [1]{0}, .floatValues = [0]{}, .int64Values = [0]{}, .bytes = [0]{}, .stringValue = ""}}
12-30 11:24:38.136   398   464 I VehiclePropertyStore: begin to write value to Store: {.timestamp = 10013957979525, .areaId = 0, .prop = 557850811, .status = AVAILABLE, .value = {.int32Values = [1]{0}, .floatValues = [0]{}, .int64Values = [0]{}, .bytes = [0]{}, .stringValue = ""}}
12-30 11:24:38.136   398   464 I DefaultVehicleHal_v2_0: DefaultVehicleHal::onPropertyValue, value:{.timestamp = 10013957979525, .areaId = 0, .prop = 557850811, .status = AVAILABLE, .value = {.int32Values = [1]{0}, .floatValues = [0]{}, .int64Values = [0]{}, .bytes = [0]{}, .stringValue = ""}}
12-30 11:24:38.136   398   464 D DiagPropHandler: is not DiagnosticConfig: 0x214020bb
12-30 11:24:38.136   398   464 I VehiclePropertyStore: begin to write value to Store: {.timestamp = 10013957979525, .areaId = 0, .prop = 557850811, .status = AVAILABLE, .value = {.int32Values = [1]{0}, .floatValues = [0]{}, .int64Values = [0]{}, .bytes = [0]{}, .stringValue = ""}}
12-30 11:24:38.136   398   464 D adayocomadapter-CommunicationManager: onUpstreamReceive mPropertyId 0x214020bb
12-30 11:24:38.136   398   464 D adayocomadapter-CommunicationManager: onUpstreamReceive mPropertyId 0x214020e3
12-30 11:24:38.136   398   464 D adayocomadapter-CommunicationManager: convertBytesToInt32Memcpy  0
12-30 11:24:38.136   398   464 I vw-vhal : notifyVehicleProperty, propId = 0x214020e3, data = {status: 2, int32Values: [0]}
12-30 11:24:38.136   398   464 I vw-vhal : CanSignalsAdapter::notifyVehicleProperty: solvedValue = {.timestamp = 10013958624525, .areaId = 0, .prop = 557850851, .status = AVAILABLE, .value = {.int32Values = [1]{0}, .floatValues = [0]{}, .int64Values = [0]{}, .bytes = [0]{}, .stringValue = ""}}
12-30 11:24:38.136   398   464 I VehiclePropertyStore: begin to write value to Store: {.timestamp = 10013958624525, .areaId = 0, .prop = 557850851, .status = AVAILABLE, .value = {.int32Values = [1]{0}, .floatValues = [0]{}, .int64Values = [0]{}, .bytes = [0]{}, .stringValue = ""}}
12-30 11:24:38.136   398   464 I DefaultVehicleHal_v2_0: DefaultVehicleHal::onPropertyValue, value:{.timestamp = 10013958624525, .areaId = 0, .prop = 557850851, .status = AVAILABLE, .value = {.int32Values = [1]{0}, .floatValues = [0]{}, .int64Values = [0]{}, .bytes = [0]{}, .stringValue = ""}}
12-30 11:24:38.137   398   464 D DiagPropHandler: is not DiagnosticConfig: 0x214020e3
12-30 11:24:38.137   398   464 I VehiclePropertyStore: begin to write value to Store: {.timestamp = 10013958624525, .areaId = 0, .prop = 557850851, .status = AVAILABLE, .value = {.int32Values = [1]{0}, .floatValues = [0]{}, .int64Values = [0]{}, .bytes = [0]{}, .stringValue = ""}}
12-30 11:24:38.137   398   464 D adayocomadapter-CommunicationManager: onUpstreamReceive mPropertyId 0x214020e3
12-30 11:24:38.137   398   464 D adayocomadapter-CommunicationManager: onUpstreamReceive mPropertyId 0x214020c7
12-30 11:24:38.137   398   464 D adayocomadapter-CommunicationManager: convertBytesToInt32Memcpy  0
12-30 11:24:38.137   398   464 I vw-vhal : notifyVehicleProperty, propId = 0x214020c7, data = {status: 2, int32Values: [0]}
12-30 11:24:38.137   398   464 I vw-vhal : CanSignalsAdapter::notifyVehicleProperty: solvedValue = {.timestamp = 10013959263525, .areaId = 0, .prop = 557850823, .status = AVAILABLE, .value = {.int32Values = [1]{0}, .floatValues = [0]{}, .int64Values = [0]{}, .bytes = [0]{}, .stringValue = ""}}
12-30 11:24:38.137   398   464 I VehiclePropertyStore: begin to write value to Store: {.timestamp = 10013959263525, .areaId = 0, .prop = 557850823, .status = AVAILABLE, .value = {.int32Values = [1]{0}, .floatValues = [0]{}, .int64Values = [0]{}, .bytes = [0]{}, .stringValue = ""}}
12-30 11:24:38.137   398   464 I DefaultVehicleHal_v2_0: DefaultVehicleHal::onPropertyValue, value:{.timestamp = 10013959263525, .areaId = 0, .prop = 557850823, .status = AVAILABLE, .value = {.int32Values = [1]{0}, .floatValues = [0]{}, .int64Values = [0]{}, .bytes = [0]{}, .stringValue = ""}}
12-30 11:24:38.137   398   464 D DiagPropHandler: is not DiagnosticConfig: 0x214020c7
12-30 11:24:38.137   398   464 I VehiclePropertyStore: begin to write value to Store: {.timestamp = 10013959263525, .areaId = 0, .prop = 557850823, .status = AVAILABLE, .value = {.int32Values = [1]{0}, .floatValues = [0]{}, .int64Values = [0]{}, .bytes = [0]{}, .stringValue = ""}}
12-30 11:24:38.137   398   464 D adayocomadapter-CommunicationManager: onUpstreamReceive mPropertyId 0x214020c7
12-30 11:24:38.137   398   464 D adayocomadapter-CommunicationManager: onUpstreamReceive mPropertyId 0x214020dd
12-30 11:24:38.138   398   464 D adayocomadapter-CommunicationManager: convertBytesToInt32Memcpy  0
12-30 11:24:38.138   398   464 I vw-vhal : notifyVehicleProperty, propId = 0x214020dd, data = {status: 2, int32Values: [0]}
12-30 11:24:38.138   398   464 I vw-vhal : CanSignalsAdapter::notifyVehicleProperty: solvedValue = {.timestamp = 10013960043191, .areaId = 0, .prop = 557850845, .status = AVAILABLE, .value = {.int32Values = [1]{0}, .floatValues = [0]{}, .int64Values = [0]{}, .bytes = [0]{}, .stringValue = ""}}
12-30 11:24:38.138   398   464 I VehiclePropertyStore: begin to write value to Store: {.timestamp = 10013960043191, .areaId = 0, .prop = 557850845, .status = AVAILABLE, .value = {.int32Values = [1]{0}, .floatValues = [0]{}, .int64Values = [0]{}, .bytes = [0]{}, .stringValue = ""}}
12-30 11:24:38.138   398   464 I DefaultVehicleHal_v2_0: DefaultVehicleHal::onPropertyValue, value:{.timestamp = 10013960043191, .areaId = 0, .prop = 557850845, .status = AVAILABLE, .value = {.int32Values = [1]{0}, .floatValues = [0]{}, .int64Values = [0]{}, .bytes = [0]{}, .stringValue = ""}}
12-30 11:24:38.138   398   464 D DiagPropHandler: is not DiagnosticConfig: 0x214020dd
12-30 11:24:38.138   398   464 I VehiclePropertyStore: begin to write value to Store: {.timestamp = 10013960043191, .areaId = 0, .prop = 557850845, .status = AVAILABLE, .value = {.int32Values = [1]{0}, .floatValues = [0]{}, .int64Values = [0]{}, .bytes = [0]{}, .stringValue = ""}}
12-30 11:24:38.138   398   464 D adayocomadapter-CommunicationManager: onUpstreamReceive mPropertyId 0x214020dd
12-30 11:24:38.138   398   464 D adayocomadapter-CommunicationManager: onUpstreamReceive mPropertyId 0x214020df
12-30 11:24:38.138   398   464 D adayocomadapter-CommunicationManager: convertBytesToInt32Memcpy  0
12-30 11:24:38.138   398   464 I vw-vhal : notifyVehicleProperty, propId = 0x214020df, data = {status: 2, int32Values: [0]}
12-30 11:24:38.138   398   464 I vw-vhal : CanSignalsAdapter::notifyVehicleProperty: solvedValue = {.timestamp = 10013960701858, .areaId = 0, .prop = 557850847, .status = AVAILABLE, .value = {.int32Values = [1]{0}, .floatValues = [0]{}, .int64Values = [0]{}, .bytes = [0]{}, .stringValue = ""}}
12-30 11:24:38.138   398   464 I VehiclePropertyStore: begin to write value to Store: {.timestamp = 10013960701858, .areaId = 0, .prop = 557850847, .status = AVAILABLE, .value = {.int32Values = [1]{0}, .floatValues = [0]{}, .int64Values = [0]{}, .bytes = [0]{}, .stringValue = ""}}
12-30 11:24:38.139   398   464 I DefaultVehicleHal_v2_0: DefaultVehicleHal::onPropertyValue, value:{.timestamp = 10013960701858, .areaId = 0, .prop = 557850847, .status = AVAILABLE, .value = {.int32Values = [1]{0}, .floatValues = [0]{}, .int64Values = [0]{}, .bytes = [0]{}, .stringValue = ""}}
12-30 11:24:38.139   398   464 D DiagPropHandler: is not DiagnosticConfig: 0x214020df
12-30 11:24:38.139   398   464 I VehiclePropertyStore: begin to write value to Store: {.timestamp = 10013960701858, .areaId = 0, .prop = 557850847, .status = AVAILABLE, .value = {.int32Values = [1]{0}, .floatValues = [0]{}, .int64Values = [0]{}, .bytes = [0]{}, .stringValue = ""}}
12-30 11:24:38.139   398   464 D adayocomadapter-CommunicationManager: onUpstreamReceive mPropertyId 0x214020df
12-30 11:24:38.139   398   464 D adayocomadapter-CommunicationManager: onUpstreamReceive mPropertyId 0x214020e4
12-30 11:24:38.139   398   464 D adayocomadapter-CommunicationManager: convertBytesToInt32Memcpy  0
12-30 11:24:38.139   398   464 I vw-vhal : notifyVehicleProperty, propId = 0x214020e4, data = {status: 2, int32Values: [0]}
12-30 11:24:38.139  2358  2623 D RcfController: Rcf proxy is not connected!
12-30 11:24:38.139   398   464 I vw-vhal : CanSignalsAdapter::notifyVehicleProperty: solvedValue = {.timestamp = 10013961378858, .areaId = 0, .prop = 557850852, .status = AVAILABLE, .value = {.int32Values = [1]{0}, .floatValues = [0]{}, .int64Values = [0]{}, .bytes = [0]{}, .stringValue = ""}}
12-30 11:24:38.139  3066  3066 D hostapd : nl80211: BSS Event 59 (NL80211_CMD_FRAME) received for wlan1
12-30 11:24:38.139   398   464 I VehiclePropertyStore: begin to write value to Store: {.timestamp = 10013961378858, .areaId = 0, .prop = 557850852, .status = AVAILABLE, .value = {.int32Values = [1]{0}, .floatValues = [0]{}, .int64Values = [0]{}, .bytes = [0]{}, .stringValue = ""}}
12-30 11:24:38.139  3066  3066 D hostapd : nl80211: RX frame da=ff:ff:ff:ff:ff:ff sa=ea:9d:d5:49:2d:ed bssid=ea:9d:d5:49:2d:ed freq=5745 ssi_signal=-9200 fc=0xd0 seq_ctrl=0xbe80 stype=13 (WLAN_FC_STYPE_ACTION) len=42
12-30 11:24:38.139   398   464 I DefaultVehicleHal_v2_0: DefaultVehicleHal::onPropertyValue, value:{.timestamp = 10013961378858, .areaId = 0, .prop = 557850852, .status = AVAILABLE, .value = {.int32Values = [1]{0}, .floatValues = [0]{}, .int64Values = [0]{}, .bytes = [0]{}, .stringValue = ""}}
12-30 11:24:38.139  3066  3066 D hostapd : wlan1: Event RX_MGMT (18) received
12-30 11:24:38.139  3066  3066 D hostapd : Receive wpa msg : Event RX_MGMT (18) received
12-30 11:24:38.139   398   464 D DiagPropHandler: is not DiagnosticConfig: 0x214020e4
12-30 11:24:38.139   398   464 I VehiclePropertyStore: begin to write value to Store: {.timestamp = 10013961378858, .areaId = 0, .prop = 557850852, .status = AVAILABLE, .value = {.int32Values = [1]{0}, .floatValues = [0]{}, .int64Values = [0]{}, .bytes = [0]{}, .stringValue = ""}}
12-30 11:24:38.139   398   464 D adayocomadapter-CommunicationManager: onUpstreamReceive mPropertyId 0x214020e4
12-30 11:24:38.156   360   931 D EvsDriver: forwardFrame
12-30 11:24:38.156   360   931 D EvsDriver: forwardFrameDirect
12-30 11:24:38.157   360   931 D EvsDriver: Delivered 0xb400e2ca9e40e270 as id 0
12-30 11:24:38.157   359  2784 D evsmanagerd: /dev/video-evs0 forwarded the buffer #0 to 0xb400f125d2b26dd0 from 0xb400f125e2b20710
12-30 11:24:38.158   596  3076 E WifiHAL : Invalid data received from driver
12-30 11:24:38.160  3066  3066 D hostapd : nl80211: BSS Event 59 (NL80211_CMD_FRAME) received for wlan1
12-30 11:24:38.160  3066  3066 D hostapd : nl80211: RX frame da=ff:ff:ff:ff:ff:ff sa=ea:9d:d5:49:2d:ed bssid=ea:9d:d5:49:2d:ed freq=5745 ssi_signal=-9100 fc=0xd0 seq_ctrl=0xbe90 stype=13 (WLAN_FC_STYPE_ACTION) len=42
12-30 11:24:38.160  3066  3066 D hostapd : wlan1: Event RX_MGMT (18) received
12-30 11:24:38.160  3066  3066 D hostapd : Receive wpa msg : Event RX_MGMT (18) received
12-30 11:24:38.161   360   458 D EvsDriver: doneWithFrame
12-30 11:24:38.189  2358  2623 D RcfController: Rcf proxy is not connected!
12-30 11:24:38.189   360   931 D EvsDriver: forwardFrame
12-30 11:24:38.190   360   931 D EvsDriver: forwardFrameDirect
12-30 11:24:38.190   360   931 D EvsDriver: Delivered 0xb400e2ca9e40d4b0 as id 1
12-30 11:24:38.190   359  2784 D evsmanagerd: /dev/video-evs0 forwarded the buffer #1 to 0xb400f125d2b26dd0 from 0xb400f125e2b20710
12-30 11:24:38.191   360   458 D EvsDriver: doneWithFrame
12-30 11:24:38.199   596  3076 E WifiHAL : Invalid data received from driver
12-30 11:24:38.221  3066  3066 D hostapd : nl80211: BSS Event 59 (NL80211_CMD_FRAME) received for wlan1
12-30 11:24:38.221  3066  3066 D hostapd : nl80211: RX frame da=ff:ff:ff:ff:ff:ff sa=ea:9d:d5:49:2d:ed bssid=ea:9d:d5:49:2d:ed freq=5745 ssi_signal=-9100 fc=0xd0 seq_ctrl=0xbec0 stype=13 (WLAN_FC_STYPE_ACTION) len=42
12-30 11:24:38.221  3066  3066 D hostapd : wlan1: Event RX_MGMT (18) received
12-30 11:24:38.221  3066  3066 D hostapd : Receive wpa msg : Event RX_MGMT (18) received
12-30 11:24:38.223   360   931 D EvsDriver: forwardFrame
12-30 11:24:38.223   360   931 D EvsDriver: forwardFrameDirect
12-30 11:24:38.223   360   931 D EvsDriver: Delivered 0xb400e2ca9e40c2d0 as id 0
12-30 11:24:38.223   359  2784 D evsmanagerd: /dev/video-evs0 forwarded the buffer #0 to 0xb400f125d2b26dd0 from 0xb400f125e2b20710
12-30 11:24:38.231   360   458 D EvsDriver: doneWithFrame
12-30 11:24:38.240  2358  2623 D RcfController: Rcf proxy is not connected!
12-30 11:24:38.241   596  3076 E WifiHAL : Invalid data received from driver
12-30 11:24:38.241  3066  3066 D hostapd : nl80211: BSS Event 59 (NL80211_CMD_FRAME) received for wlan1
12-30 11:24:38.241  3066  3066 D hostapd : nl80211: RX frame da=ff:ff:ff:ff:ff:ff sa=ea:9d:d5:49:2d:ed bssid=ea:9d:d5:49:2d:ed freq=5745 ssi_signal=-9200 fc=0xd0 seq_ctrl=0xbef0 stype=13 (WLAN_FC_STYPE_ACTION) len=42
12-30 11:24:38.241  3066  3066 D hostapd : wlan1: Event RX_MGMT (18) received
12-30 11:24:38.241  3066  3066 D hostapd : Receive wpa msg : Event RX_MGMT (18) received
12-30 11:24:38.256   360   931 D EvsDriver: forwardFrame
12-30 11:24:38.256   360   931 D EvsDriver: forwardFrameDirect
12-30 11:24:38.257   360   931 D EvsDriver: Delivered 0xb400e2ca9e40d090 as id 1
12-30 11:24:38.257   359  2784 D evsmanagerd: /dev/video-evs0 forwarded the buffer #1 to 0xb400f125d2b26dd0 from 0xb400f125e2b20710
12-30 11:24:38.262  3066  3066 D hostapd : nl80211: BSS Event 59 (NL80211_CMD_FRAME) received for wlan1
12-30 11:24:38.262  3066  3066 D hostapd : nl80211: RX frame da=ff:ff:ff:ff:ff:ff sa=ea:9d:d5:49:2d:ed bssid=ea:9d:d5:49:2d:ed freq=5745 ssi_signal=-8900 fc=0xd0 seq_ctrl=0xbf00 stype=13 (WLAN_FC_STYPE_ACTION) len=42
12-30 11:24:38.262  3066  3066 D hostapd : wlan1: Event RX_MGMT (18) received
12-30 11:24:38.262   360   458 D EvsDriver: doneWithFrame
12-30 11:24:38.262  3066  3066 D hostapd : Receive wpa msg : Event RX_MGMT (18) received
12-30 11:24:38.270   596  3076 E WifiHAL : Invalid data received from driver
12-30 11:24:38.282  3066  3066 D hostapd : nl80211: BSS Event 59 (NL80211_CMD_FRAME) received for wlan1
12-30 11:24:38.282  3066  3066 D hostapd : nl80211: RX frame da=ff:ff:ff:ff:ff:ff sa=ea:9d:d5:49:2d:ed bssid=ea:9d:d5:49:2d:ed freq=5745 ssi_signal=-8900 fc=0xd0 seq_ctrl=0xbf10 stype=13 (WLAN_FC_STYPE_ACTION) len=42
12-30 11:24:38.282  3066  3066 D hostapd : wlan1: Event RX_MGMT (18) received
12-30 11:24:38.282  3066  3066 D hostapd : Receive wpa msg : Event RX_MGMT (18) received
12-30 11:24:38.289   360   931 D EvsDriver: forwardFrame
12-30 11:24:38.289   360   931 D EvsDriver: forwardFrameDirect
12-30 11:24:38.290  2358  2623 D RcfController: Rcf proxy is not connected!
12-30 11:24:38.290   360   931 D EvsDriver: Delivered 0xb400e2ca9e40e110 as id 0
12-30 11:24:38.290   359  2784 D evsmanagerd: /dev/video-evs0 forwarded the buffer #0 to 0xb400f125d2b26dd0 from 0xb400f125e2b20710
12-30 11:24:38.291   596  3076 E WifiHAL : Invalid data received from driver
12-30 11:24:38.292   360   458 D EvsDriver: doneWithFrame
12-30 11:24:38.323   360   931 D EvsDriver: forwardFrame
12-30 11:24:38.323   360   931 D EvsDriver: forwardFrameDirect
12-30 11:24:38.323   596  3076 E WifiHAL : Invalid data received from driver
12-30 11:24:38.323  3066  3066 D hostapd : nl80211: BSS Event 59 (NL80211_CMD_FRAME) received for wlan1
12-30 11:24:38.323  3066  3066 D hostapd : nl80211: RX frame da=ff:ff:ff:ff:ff:ff sa=ea:9d:d5:49:2d:ed bssid=ea:9d:d5:49:2d:ed freq=5745 ssi_signal=-9200 fc=0xd0 seq_ctrl=0xbf30 stype=13 (WLAN_FC_STYPE_ACTION) len=42
12-30 11:24:38.323  3066  3066 D hostapd : wlan1: Event RX_MGMT (18) received
12-30 11:24:38.323  3066  3066 D hostapd : Receive wpa msg : Event RX_MGMT (18) received
12-30 11:24:38.323   360   931 D EvsDriver: Delivered 0xb400e2ca9e40c7a0 as id 1
12-30 11:24:38.323   359  2784 D evsmanagerd: /dev/video-evs0 forwarded the buffer #1 to 0xb400f125d2b26dd0 from 0xb400f125e2b20710
12-30 11:24:38.333   360   458 D EvsDriver: doneWithFrame
12-30 11:24:38.340  2358  2623 D RcfController: Rcf proxy is not connected!
12-30 11:24:38.345  3066  3066 D hostapd : nl80211: BSS Event 59 (NL80211_CMD_FRAME) received for wlan1
12-30 11:24:38.345  3066  3066 D hostapd : nl80211: RX frame da=ff:ff:ff:ff:ff:ff sa=ea:9d:d5:49:2d:ed bssid=ea:9d:d5:49:2d:ed freq=5745 ssi_signal=-9100 fc=0xd0 seq_ctrl=0xbf40 stype=13 (WLAN_FC_STYPE_ACTION) len=42
12-30 11:24:38.345  3066  3066 D hostapd : wlan1: Event RX_MGMT (18) received
12-30 11:24:38.345  3066  3066 D hostapd : Receive wpa msg : Event RX_MGMT (18) received
12-30 11:24:38.356   360   931 D EvsDriver: forwardFrame
12-30 11:24:38.356   360   931 D EvsDriver: forwardFrameDirect
12-30 11:24:38.356   360   931 D EvsDriver: Delivered 0xb400e2ca9e40e270 as id 0
12-30 11:24:38.357   359  2784 D evsmanagerd: /dev/video-evs0 forwarded the buffer #0 to 0xb400f125d2b26dd0 from 0xb400f125e2b20710
12-30 11:24:38.360   596  3076 E WifiHAL : Invalid data received from driver
12-30 11:24:38.363   360   458 D EvsDriver: doneWithFrame
12-30 11:24:38.364  3066  3066 D hostapd : nl80211: BSS Event 59 (NL80211_CMD_FRAME) received for wlan1
12-30 11:24:38.364  3066  3066 D hostapd : nl80211: RX frame da=ff:ff:ff:ff:ff:ff sa=ea:9d:d5:49:2d:ed bssid=ea:9d:d5:49:2d:ed freq=5745 ssi_signal=-9100 fc=0xd0 seq_ctrl=0xbf50 stype=13 (WLAN_FC_STYPE_ACTION) len=42
12-30 11:24:38.364  3066  3066 D hostapd : wlan1: Event RX_MGMT (18) received
12-30 11:24:38.364  3066  3066 D hostapd : Receive wpa msg : Event RX_MGMT (18) received
12-30 11:24:38.370  2475  2681 I TtsServiceAgent: check thread start checking, threadId = 29
12-30 11:24:38.370  2475  2681 D TtsServiceAgent: start bind service...
12-30 11:24:38.371  2475  2681 D TtsServiceAgent: ----->initService, usage = 16
12-30 11:24:38.371  2475  2681 W ContextImpl: Calling a method in the system process without a qualified user: android.app.ContextImpl.bindService:1988 android.content.ContextWrapper.bindService:861 com.iflytek.autofly.ttsaidl.ttsproxy.TtsServiceAgent.initService:189 com.iflytek.autofly.ttsaidl.ttsproxy.TtsServiceAgent.initService:133 com.iflytek.autofly.ttsaidl.ttsproxy.TtsServiceAgent$2.run:517 
12-30 11:24:38.372   916  2591 W ActivityManager: Unable to start service Intent { act=com.iflytek.autofly.tts.ttsservice.TtsAdapterService cmp=com.iflytek.cutefly.speechclient.hmi/com.iflytek.autofly.tts.ttsservice.TtsAdapterService } U=0: not found
12-30 11:24:38.372  2475  2681 D TtsServiceAgent: bindService: false
12-30 11:24:38.372  2475  2681 D TtsServiceAgent: start reInitService
12-30 11:24:38.372  2475  2681 D TtsServiceAgent: aidlCheckThreadRunning = true
12-30 11:24:38.372  2475  2681 D TtsServiceAgent: ----->check connection status in 1000s...
12-30 11:24:38.384   596  3076 E WifiHAL : Invalid data received from driver
12-30 11:24:38.384  3066  3066 D hostapd : nl80211: BSS Event 59 (NL80211_CMD_FRAME) received for wlan1
12-30 11:24:38.384  3066  3066 D hostapd : nl80211: RX frame da=ff:ff:ff:ff:ff:ff sa=ea:9d:d5:49:2d:ed bssid=ea:9d:d5:49:2d:ed freq=5745 ssi_signal=-9100 fc=0xd0 seq_ctrl=0xbf70 stype=13 (WLAN_FC_STYPE_ACTION) len=42
12-30 11:24:38.385  3066  3066 D hostapd : wlan1: Event RX_MGMT (18) received
12-30 11:24:38.385  3066  3066 D hostapd : Receive wpa msg : Event RX_MGMT (18) received
12-30 11:24:38.389   360   931 D EvsDriver: forwardFrame
12-30 11:24:38.390   360   931 D EvsDriver: forwardFrameDirect
12-30 11:24:38.390   360   931 D EvsDriver: Delivered 0xb400e2ca9e40d4b0 as id 1
12-30 11:24:38.390   359  2784 D evsmanagerd: /dev/video-evs0 forwarded the buffer #1 to 0xb400f125d2b26dd0 from 0xb400f125e2b20710
12-30 11:24:38.390  2358  2623 D RcfController: Rcf proxy is not connected!
12-30 11:24:38.393   360   458 D EvsDriver: doneWithFrame
12-30 11:24:38.423   360   931 D EvsDriver: forwardFrame
12-30 11:24:38.423   360   931 D EvsDriver: forwardFrameDirect
12-30 11:24:38.423   360   931 D EvsDriver: Delivered 0xb400e2ca9e40c2d0 as id 0
12-30 11:24:38.423   359  2784 D evsmanagerd: /dev/video-evs0 forwarded the buffer #0 to 0xb400f125d2b26dd0 from 0xb400f125e2b20710
12-30 11:24:38.426  3066  3066 D hostapd : nl80211: BSS Event 59 (NL80211_CMD_FRAME) received for wlan1
12-30 11:24:38.426  3066  3066 D hostapd : nl80211: RX frame da=ff:ff:ff:ff:ff:ff sa=ea:9d:d5:49:2d:ed bssid=ea:9d:d5:49:2d:ed freq=5745 ssi_signal=-9100 fc=0xd0 seq_ctrl=0xbf90 stype=13 (WLAN_FC_STYPE_ACTION) len=42
12-30 11:24:38.426  3066  3066 D hostapd : wlan1: Event RX_MGMT (18) received
12-30 11:24:38.426  3066  3066 D hostapd : Receive wpa msg : Event RX_MGMT (18) received
12-30 11:24:38.434   360   458 D EvsDriver: doneWithFrame
12-30 11:24:38.441  2358  2623 D RcfController: Rcf proxy is not connected!
12-30 11:24:38.441   596  3076 E WifiHAL : Invalid data received from driver
12-30 11:24:38.450   650   730 D fgemcucomm: sd Uart data : 6AA6001E3600020601A3
12-30 11:24:38.456   360   931 D EvsDriver: forwardFrame
12-30 11:24:38.456   360   931 D EvsDriver: forwardFrameDirect
12-30 11:24:38.456   360   931 D EvsDriver: Delivered 0xb400e2ca9e40d090 as id 1
12-30 11:24:38.457   359  2784 D evsmanagerd: /dev/video-evs0 forwarded the buffer #1 to 0xb400f125d2b26dd0 from 0xb400f125e2b20710
12-30 11:24:38.464   360   458 D EvsDriver: doneWithFrame
12-30 11:24:38.466  1667  2594 W ContextImpl: Calling a method in the system process without a qualified user: android.app.ContextImpl.bindService:1988 android.content.ContextWrapper.bindService:861 com.ford.sync.fnvservice.FordFnv.c:202 com.ford.sync.fnvservice.FordFnv.c:43 com.ford.sync.fnvservice.FordFnv$RetryHandler.handleMessage:245 
12-30 11:24:38.467   916  2591 W ActivityManager: Unable to start service Intent { cmp=com.ford.sync.fnvservice/.FordFnvService } U=0: not found
12-30 11:24:38.467  1667  2594 W FordFnv :  bind ford fnv failed -> sendRetryMessage 
12-30 11:24:38.479   596  3076 E WifiHAL : Invalid data received from driver
12-30 11:24:38.489   360   931 I EvsDriver: /dev/video-evs0 VideoCapture fps 30.0006
12-30 11:24:38.490   360   931 D EvsDriver: forwardFrame
12-30 11:24:38.490   360   931 D EvsDriver: forwardFrameDirect
12-30 11:24:38.490   360   931 D EvsDriver: Delivered 0xb400e2ca9e40e110 as id 0
12-30 11:24:38.490   359  2784 D evsmanagerd: /dev/video-evs0 forwarded the buffer #0 to 0xb400f125d2b26dd0 from 0xb400f125e2b20710
12-30 11:24:38.491  2358  2623 D RcfController: Rcf proxy is not connected!
12-30 11:24:38.495   360   458 D EvsDriver: doneWithFrame
12-30 11:24:38.523   360   931 D EvsDriver: forwardFrame
12-30 11:24:38.523   360   931 D EvsDriver: forwardFrameDirect
12-30 11:24:38.523   360   931 D EvsDriver: Delivered 0xb400e2ca9e40c7a0 as id 1
12-30 11:24:38.523   359  2784 D evsmanagerd: /dev/video-evs0 forwarded the buffer #1 to 0xb400f125d2b26dd0 from 0xb400f125e2b20710
12-30 11:24:38.525   360   458 D EvsDriver: doneWithFrame
12-30 11:24:38.541  2358  2623 D RcfController: Rcf proxy is not connected!
12-30 11:24:38.548   596  3076 E WifiHAL : Invalid data received from driver
12-30 11:24:38.556   360   931 D EvsDriver: forwardFrame
12-30 11:24:38.556   360   931 D EvsDriver: forwardFrameDirect
12-30 11:24:38.556   360   931 D EvsDriver: Delivered 0xb400e2ca9e40e270 as id 0
12-30 11:24:38.557   359  2784 D evsmanagerd: /dev/video-evs0 forwarded the buffer #0 to 0xb400f125d2b26dd0 from 0xb400f125e2b20710
12-30 11:24:38.565   360   458 D EvsDriver: doneWithFrame
12-30 11:24:38.583   596  3076 E WifiHAL : Invalid data received from driver
12-30 11:24:38.589   360   931 D EvsDriver: forwardFrame
12-30 11:24:38.590   360   931 D EvsDriver: forwardFrameDirect
12-30 11:24:38.590   360   931 D EvsDriver: Delivered 0xb400e2ca9e40d4b0 as id 1
12-30 11:24:38.590   359  2784 D evsmanagerd: /dev/video-evs0 forwarded the buffer #1 to 0xb400f125d2b26dd0 from 0xb400f125e2b20710
12-30 11:24:38.591  2358  2623 D RcfController: Rcf proxy is not connected!
12-30 11:24:38.596   360   458 D EvsDriver: doneWithFrame
12-30 11:24:38.623   360   931 D EvsDriver: forwardFrame
12-30 11:24:38.623   360   931 D EvsDriver: forwardFrameDirect
12-30 11:24:38.623   360   931 D EvsDriver: Delivered 0xb400e2ca9e40c2d0 as id 0
12-30 11:24:38.623   359  2784 D evsmanagerd: /dev/video-evs0 forwarded the buffer #0 to 0xb400f125d2b26dd0 from 0xb400f125e2b20710
12-30 11:24:38.626   360   458 D EvsDriver: doneWithFrame
12-30 11:24:38.635   650   729 D fgemcucomm: sd Uart data : 6AA602386900028B30A0
12-30 11:24:38.635   650   729 D fgemcucomm: rev uart=82705,len=120, data : 6AA681386900708B30B01E0B1825000100000000025D0100010201010000000000A55A820001000000010000000C00000000000100000000000000A55A830504500000000000000000000000000101010101000000000000A55A841010090000000700010000000000009EA55A850001873C00000100002C
12-30 11:24:38.642  2358  2623 D RcfController: Rcf proxy is not connected!
12-30 11:24:38.645   596  3076 E WifiHAL : Invalid data received from driver
