12-30 11:24:36.332   398   464 I VehiclePropertyStore: begin to write value to Store: {.timestamp = 10012154157191, .areaId = 0, .prop = 557850873, .status = AVAILABLE, .value = {.int32Values = [1]{0}, .floatValues = [0]{}, .int64Values = [0]{}, .bytes = [0]{}, .stringValue = ""}}
12-30 11:24:36.332   398   464 I DefaultVehicleHal_v2_0: DefaultVehicleHal::onPropertyValue, value:{.timestamp = 10012154157191, .areaId = 0, .prop = 557850873, .status = AVAILABLE, .value = {.int32Values = [1]{0}, .floatValues = [0]{}, .int64Values = [0]{}, .bytes = [0]{}, .stringValue = ""}}
12-30 11:24:36.332   398   464 D DiagPropHandler: is not DiagnosticConfig: 0x214020f9
12-30 11:24:36.332   398   464 I VehiclePropertyStore: begin to write value to Store: {.timestamp = 10012154157191, .areaId = 0, .prop = 557850873, .status = AVAILABLE, .value = {.int32Values = [1]{0}, .floatValues = [0]{}, .int64Values = [0]{}, .bytes = [0]{}, .stringValue = ""}}
12-30 11:24:36.332   398   464 D adayocomadapter-CommunicationManager: onUpstreamReceive mPropertyId 0x214020f9
12-30 11:24:36.351   596  3076 E WifiHAL : Invalid data received from driver
12-30 11:24:36.351   596  3076 E WifiHAL : Invalid data received from driver
12-30 11:24:36.352   596  3076 E WifiHAL : Invalid data received from driver
12-30 11:24:36.352   596  3076 E WifiHAL : Invalid data received from driver
12-30 11:24:36.352   596  3076 E WifiHAL : Invalid data received from driver
12-30 11:24:36.352   596  3076 E WifiHAL : Invalid data received from driver
12-30 11:24:36.352   596  3076 E WifiHAL : Invalid data received from driver
12-30 11:24:36.356   360   931 D EvsDriver: forwardFrame
12-30 11:24:36.356   360   931 D EvsDriver: forwardFrameDirect
12-30 11:24:36.357   360   931 D EvsDriver: Delivered 0xb400e2ca9e40e270 as id 0
12-30 11:24:36.357   359  2784 D evsmanagerd: /dev/video-evs0 forwarded the buffer #0 to 0xb400f125d2b26dd0 from 0xb400f125e2b20710
12-30 11:24:36.359   360   458 D EvsDriver: doneWithFrame
12-30 11:24:36.366  2475  2681 I TtsServiceAgent: check thread start checking, threadId = 29
12-30 11:24:36.366  2475  2681 D TtsServiceAgent: start bind service...
12-30 11:24:36.366  2475  2681 D TtsServiceAgent: ----->initService, usage = 16
12-30 11:24:36.366  2475  2681 W ContextImpl: Calling a method in the system process without a qualified user: android.app.ContextImpl.bindService:1988 android.content.ContextWrapper.bindService:861 com.iflytek.autofly.ttsaidl.ttsproxy.TtsServiceAgent.initService:189 com.iflytek.autofly.ttsaidl.ttsproxy.TtsServiceAgent.initService:133 com.iflytek.autofly.ttsaidl.ttsproxy.TtsServiceAgent$2.run:517 
12-30 11:24:36.367   916  2591 W ActivityManager: Unable to start service Intent { act=com.iflytek.autofly.tts.ttsservice.TtsAdapterService cmp=com.iflytek.cutefly.speechclient.hmi/com.iflytek.autofly.tts.ttsservice.TtsAdapterService } U=0: not found
12-30 11:24:36.368  2475  2681 D TtsServiceAgent: bindService: false
12-30 11:24:36.368  2475  2681 D TtsServiceAgent: start reInitService
12-30 11:24:36.368  2475  2681 D TtsServiceAgent: aidlCheckThreadRunning = true
12-30 11:24:36.368  2475  2681 D TtsServiceAgent: ----->check connection status in 1000s...
12-30 11:24:36.380  2358  2623 D RcfController: Rcf proxy is not connected!
12-30 11:24:36.389   360   931 D EvsDriver: forwardFrame
12-30 11:24:36.390   360   931 D EvsDriver: forwardFrameDirect
12-30 11:24:36.390   360   931 D EvsDriver: Delivered 0xb400e2ca9e40d4b0 as id 1
12-30 11:24:36.390   359  2784 D evsmanagerd: /dev/video-evs0 forwarded the buffer #1 to 0xb400f125d2b26dd0 from 0xb400f125e2b20710
12-30 11:24:36.394   596  3076 E WifiHAL : Invalid data received from driver
12-30 11:24:36.400   360   458 D EvsDriver: doneWithFrame
12-30 11:24:36.423   360   931 I EvsDriver: /dev/video-evs0 VideoCapture fps 29.9996
12-30 11:24:36.423   360   931 D EvsDriver: forwardFrame
12-30 11:24:36.423   360   931 D EvsDriver: forwardFrameDirect
12-30 11:24:36.423   360   931 D EvsDriver: Delivered 0xb400e2ca9e40c2d0 as id 0
12-30 11:24:36.423   359  2784 D evsmanagerd: /dev/video-evs0 forwarded the buffer #0 to 0xb400f125d2b26dd0 from 0xb400f125e2b20710
12-30 11:24:36.430  2358  2623 D RcfController: Rcf proxy is not connected!
12-30 11:24:36.430   360   458 D EvsDriver: doneWithFrame
12-30 11:24:36.444   596  3076 E WifiHAL : Invalid data received from driver
12-30 11:24:36.450   650   730 D fgemcucomm: sd Uart data : 6AA6001E3500020601A4
12-30 11:24:36.456   360   931 D EvsDriver: forwardFrame
12-30 11:24:36.456   360   931 D EvsDriver: forwardFrameDirect
12-30 11:24:36.457   360   931 D EvsDriver: Delivered 0xb400e2ca9e40d090 as id 1
12-30 11:24:36.457   359  2784 D evsmanagerd: /dev/video-evs0 forwarded the buffer #1 to 0xb400f125d2b26dd0 from 0xb400f125e2b20710
12-30 11:24:36.460  1667  2594 W ContextImpl: Calling a method in the system process without a qualified user: android.app.ContextImpl.bindService:1988 android.content.ContextWrapper.bindService:861 com.ford.sync.fnvservice.FordFnv.c:202 com.ford.sync.fnvservice.FordFnv.c:43 com.ford.sync.fnvservice.FordFnv$RetryHandler.handleMessage:245 
12-30 11:24:36.460   360   458 D EvsDriver: doneWithFrame
12-30 11:24:36.461   916  2591 W ActivityManager: Unable to start service Intent { cmp=com.ford.sync.fnvservice/.FordFnvService } U=0: not found
12-30 11:24:36.461  1667  2594 W FordFnv :  bind ford fnv failed -> sendRetryMessage 
12-30 11:24:36.480  2358  2623 D RcfController: Rcf proxy is not connected!
12-30 11:24:36.489   360   931 D EvsDriver: forwardFrame
12-30 11:24:36.490   360   931 D EvsDriver: forwardFrameDirect
12-30 11:24:36.490   360   931 D EvsDriver: Delivered 0xb400e2ca9e40e110 as id 0
12-30 11:24:36.490   359  2784 D evsmanagerd: /dev/video-evs0 forwarded the buffer #0 to 0xb400f125d2b26dd0 from 0xb400f125e2b20710
12-30 11:24:36.498   596  3076 E WifiHAL : Invalid data received from driver
12-30 11:24:36.501  3066  3066 D hostapd : nl80211: BSS Event 59 (NL80211_CMD_FRAME) received for wlan1
12-30 11:24:36.501   360   458 D EvsDriver: doneWithFrame
12-30 11:24:36.501  3066  3066 D hostapd : nl80211: RX frame da=ff:ff:ff:ff:ff:ff sa=ea:9d:d5:49:2d:ed bssid=ea:9d:d5:49:2d:ed freq=5745 ssi_signal=-8900 fc=0xd0 seq_ctrl=0xb8f0 stype=13 (WLAN_FC_STYPE_ACTION) len=42
12-30 11:24:36.501  3066  3066 D hostapd : wlan1: Event RX_MGMT (18) received
12-30 11:24:36.501  3066  3066 D hostapd : Receive wpa msg : Event RX_MGMT (18) received
01-01 10:46:53.508   722   722 I [schedu][0x254c7e2cd][03:24:36.498612] qcn7605: [722:I:PE] lim_process_action_frame_no_session: Unhandled action frame without session: 7f
12-30 11:24:36.507   596  3076 E WifiHAL : Invalid data received from driver
12-30 11:24:36.517   665  1525 I gps_hdbd: [gps_upgrade_thread 3403]Enter
12-30 11:24:36.517   665  1525 I gps_hdbd: [gps_upgrade_thread 3432] sys.gps.update:0 ,file:not ,upgrate_ing:0
12-30 11:24:36.521  3066  3066 D hostapd : nl80211: BSS Event 59 (NL80211_CMD_FRAME) received for wlan1
12-30 11:24:36.521  3066  3066 D hostapd : nl80211: RX frame da=ff:ff:ff:ff:ff:ff sa=ea:9d:d5:49:2d:ed bssid=ea:9d:d5:49:2d:ed freq=5745 ssi_signal=-9100 fc=0xd0 seq_ctrl=0xb900 stype=13 (WLAN_FC_STYPE_ACTION) len=42
12-30 11:24:36.521  3066  3066 D hostapd : wlan1: Event RX_MGMT (18) received
12-30 11:24:36.522  3066  3066 D hostapd : Receive wpa msg : Event RX_MGMT (18) received
12-30 11:24:36.523   360   931 D EvsDriver: forwardFrame
12-30 11:24:36.523   360   931 D EvsDriver: forwardFrameDirect
12-30 11:24:36.523   360   931 D EvsDriver: Delivered 0xb400e2ca9e40c7a0 as id 1
12-30 11:24:36.523   359  2784 D evsmanagerd: /dev/video-evs0 forwarded the buffer #1 to 0xb400f125d2b26dd0 from 0xb400f125e2b20710
12-30 11:24:36.530  2358  2623 D RcfController: Rcf proxy is not connected!
12-30 11:24:36.531   360   458 D EvsDriver: doneWithFrame
12-30 11:24:36.542   596  3076 E WifiHAL : Invalid data received from driver
12-30 11:24:36.556   360   931 D EvsDriver: forwardFrame
12-30 11:24:36.556   360   931 D EvsDriver: forwardFrameDirect
12-30 11:24:36.557   360   931 D EvsDriver: Delivered 0xb400e2ca9e40e270 as id 0
12-30 11:24:36.557   359  2784 D evsmanagerd: /dev/video-evs0 forwarded the buffer #0 to 0xb400f125d2b26dd0 from 0xb400f125e2b20710
12-30 11:24:36.562   360   458 D EvsDriver: doneWithFrame
12-30 11:24:36.581  2358  2623 D RcfController: Rcf proxy is not connected!
12-30 11:24:36.589   360   931 D EvsDriver: forwardFrame
12-30 11:24:36.590   360   931 D EvsDriver: forwardFrameDirect
12-30 11:24:36.590   360   931 D EvsDriver: Delivered 0xb400e2ca9e40d4b0 as id 1
12-30 11:24:36.590   359  2784 D evsmanagerd: /dev/video-evs0 forwarded the buffer #1 to 0xb400f125d2b26dd0 from 0xb400f125e2b20710
12-30 11:24:36.592   360   458 D EvsDriver: doneWithFrame
12-30 11:24:36.597   596  3076 E WifiHAL : Invalid data received from driver
12-30 11:24:36.623   360   931 D EvsDriver: forwardFrame
12-30 11:24:36.623   360   931 D EvsDriver: forwardFrameDirect
12-30 11:24:36.623   360   931 D EvsDriver: Delivered 0xb400e2ca9e40c2d0 as id 0
12-30 11:24:36.623   359  2784 D evsmanagerd: /dev/video-evs0 forwarded the buffer #0 to 0xb400f125d2b26dd0 from 0xb400f125e2b20710
12-30 11:24:36.631  2358  2623 D RcfController: Rcf proxy is not connected!
12-30 11:24:36.633   360   458 D EvsDriver: doneWithFrame
12-30 11:24:36.634   596  3076 E WifiHAL : Invalid data received from driver
12-30 11:24:36.648  1582  3078 I c       : checkService in back thread add: adayo.upgrade.v2.0
12-30 11:24:36.648  1582  3078 E upgradeApp_251223_V1  l: d(null:11)pre->c(null:23)-> serviceBinder is null
12-30 11:24:36.649  1582  3078 W c       : doBindService in back thread fail: adayo.upgrade.v2.0
12-30 11:24:36.656   360   931 D EvsDriver: forwardFrame
12-30 11:24:36.656   360   931 D EvsDriver: forwardFrameDirect
12-30 11:24:36.657   360   931 D EvsDriver: Delivered 0xb400e2ca9e40d090 as id 1
12-30 11:24:36.657   359  2784 D evsmanagerd: /dev/video-evs0 forwarded the buffer #1 to 0xb400f125d2b26dd0 from 0xb400f125e2b20710
12-30 11:24:36.663   360   458 D EvsDriver: doneWithFrame
12-30 11:24:36.666   596  3076 E WifiHAL : Invalid data received from driver
12-30 11:24:36.681  2358  2623 D RcfController: Rcf proxy is not connected!
12-30 11:24:36.689   360   931 D EvsDriver: forwardFrame
12-30 11:24:36.690   360   931 D EvsDriver: forwardFrameDirect
12-30 11:24:36.690   360   931 D EvsDriver: Delivered 0xb400e2ca9e40e110 as id 0
12-30 11:24:36.690   359  2784 D evsmanagerd: /dev/video-evs0 forwarded the buffer #0 to 0xb400f125d2b26dd0 from 0xb400f125e2b20710
12-30 11:24:36.693   360   458 D EvsDriver: doneWithFrame
12-30 11:24:36.709  3066  3066 D hostapd : nl80211: BSS Event 59 (NL80211_CMD_FRAME) received for wlan1
12-30 11:24:36.709  3066  3066 D hostapd : nl80211: RX frame da=ff:ff:ff:ff:ff:ff sa=ea:9d:d5:49:2d:ed bssid=ea:9d:d5:49:2d:ed freq=5745 ssi_signal=-9000 fc=0xd0 seq_ctrl=0xb950 stype=13 (WLAN_FC_STYPE_ACTION) len=42
12-30 11:24:36.709  3066  3066 D hostapd : wlan1: Event RX_MGMT (18) received
12-30 11:24:36.709  3066  3066 D hostapd : Receive wpa msg : Event RX_MGMT (18) received
12-30 11:24:36.713  1667  2407 I media_message_log->MediaMessageProxy: (SourceFile:1)b connectToService action bind
12-30 11:24:36.714   916  2591 W ActivityManager: Unable to start service Intent { cmp=com.adayo.server.mediamessagetransfer/.MediaMessTransferService (has extras) } U=0: not found
12-30 11:24:36.714  1667  2407 E media_message_log->MediaMessageProxy: (SourceFile:7)a bindServiceAsUser isBound = false
12-30 11:24:36.720   596  3076 E WifiHAL : Invalid data received from driver
12-30 11:24:36.723   360   931 D EvsDriver: forwardFrame
12-30 11:24:36.723   360   931 D EvsDriver: forwardFrameDirect
12-30 11:24:36.723   360   931 D EvsDriver: Delivered 0xb400e2ca9e40c7a0 as id 1
12-30 11:24:36.723   359  2784 D evsmanagerd: /dev/video-evs0 forwarded the buffer #1 to 0xb400f125d2b26dd0 from 0xb400f125e2b20710
12-30 11:24:36.726  3066  3066 D hostapd : nl80211: BSS Event 59 (NL80211_CMD_FRAME) received for wlan1
12-30 11:24:36.726  3066  3066 D hostapd : nl80211: RX frame da=ff:ff:ff:ff:ff:ff sa=ea:9d:d5:49:2d:ed bssid=ea:9d:d5:49:2d:ed freq=5745 ssi_signal=-9100 fc=0xd0 seq_ctrl=0xb970 stype=13 (WLAN_FC_STYPE_ACTION) len=42
12-30 11:24:36.726  3066  3066 D hostapd : wlan1: Event RX_MGMT (18) received
12-30 11:24:36.726  3066  3066 D hostapd : Receive wpa msg : Event RX_MGMT (18) received
12-30 11:24:36.732  2358  2623 D RcfController: Rcf proxy is not connected!
12-30 11:24:36.734   360   458 D EvsDriver: doneWithFrame
12-30 11:24:36.756   360   931 D EvsDriver: forwardFrame
12-30 11:24:36.756   360   931 D EvsDriver: forwardFrameDirect
12-30 11:24:36.756   360   931 D EvsDriver: Delivered 0xb400e2ca9e40e270 as id 0
12-30 11:24:36.757   359  2784 D evsmanagerd: /dev/video-evs0 forwarded the buffer #0 to 0xb400f125d2b26dd0 from 0xb400f125e2b20710
12-30 11:24:36.764   360   458 D EvsDriver: doneWithFrame
12-30 11:24:36.777   596  3076 E WifiHAL : Invalid data received from driver
12-30 11:24:36.782  2358  2623 D RcfController: Rcf proxy is not connected!
12-30 11:24:36.787  3066  3066 D hostapd : nl80211: BSS Event 59 (NL80211_CMD_FRAME) received for wlan1
12-30 11:24:36.787  3066  3066 D hostapd : nl80211: RX frame da=ff:ff:ff:ff:ff:ff sa=ea:9d:d5:49:2d:ed bssid=ea:9d:d5:49:2d:ed freq=5745 ssi_signal=-9200 fc=0xd0 seq_ctrl=0xb9c0 stype=13 (WLAN_FC_STYPE_ACTION) len=42
12-30 11:24:36.787  3066  3066 D hostapd : wlan1: Event RX_MGMT (18) received
12-30 11:24:36.787  3066  3066 D hostapd : Receive wpa msg : Event RX_MGMT (18) received
12-30 11:24:36.789   360   931 D EvsDriver: forwardFrame
12-30 11:24:36.790   360   931 D EvsDriver: forwardFrameDirect
12-30 11:24:36.790   360   931 D EvsDriver: Delivered 0xb400e2ca9e40d4b0 as id 1
12-30 11:24:36.790   359  2784 D evsmanagerd: /dev/video-evs0 forwarded the buffer #1 to 0xb400f125d2b26dd0 from 0xb400f125e2b20710
12-30 11:24:36.795   360   458 D EvsDriver: doneWithFrame
12-30 11:24:36.817   596  3076 E WifiHAL : Invalid data received from driver
12-30 11:24:36.823   360   931 D EvsDriver: forwardFrame
12-30 11:24:36.823   360   931 D EvsDriver: forwardFrameDirect
12-30 11:24:36.823   360   931 D EvsDriver: Delivered 0xb400e2ca9e40c2d0 as id 0
12-30 11:24:36.823   359  2784 D evsmanagerd: /dev/video-evs0 forwarded the buffer #0 to 0xb400f125d2b26dd0 from 0xb400f125e2b20710
12-30 11:24:36.825   360   458 D EvsDriver: doneWithFrame
12-30 11:24:36.832  2358  2623 D RcfController: Rcf proxy is not connected!
12-30 11:24:36.844   798 18367 W adbd    : timed out while waiting for FUNCTIONFS_BIND, trying again
12-30 11:24:36.845   798 18367 I adbd    : UsbFfs: connection terminated: monitor thread finished
12-30 11:24:36.845   798   798 I adbd    : UsbFfs: already offline
12-30 11:24:36.845   798   798 I adbd    : destroying transport UsbFfs
12-30 11:24:36.845   798   798 I adbd    : UsbFfsConnection being destroyed
12-30 11:24:36.856   360   931 D EvsDriver: forwardFrame
12-30 11:24:36.856   360   931 D EvsDriver: forwardFrameDirect
12-30 11:24:36.857   360   931 D EvsDriver: Delivered 0xb400e2ca9e40d090 as id 1
12-30 11:24:36.857   359  2784 D evsmanagerd: /dev/video-evs0 forwarded the buffer #1 to 0xb400f125d2b26dd0 from 0xb400f125e2b20710
12-30 11:24:36.865   360   458 D EvsDriver: doneWithFrame
12-30 11:24:36.874   798   838 I adbd    : opening control endpoint /dev/usb-ffs/adb/ep0
12-30 11:24:36.875   798   838 I adbd    : UsbFfsConnection constructed
12-30 11:24:36.876   798 18368 I adbd    : UsbFfs-monitor thread spawned
01-01 10:46:53.884   838   838 I         : read descriptors
12-30 11:24:36.882  2358  2623 D RcfController: Rcf proxy is not connected!
12-30 11:24:36.889   360   931 D EvsDriver: forwardFrame
12-30 11:24:36.890   360   931 D EvsDriver: forwardFrameDirect
12-30 11:24:36.890   360   931 D EvsDriver: Delivered 0xb400e2ca9e40e110 as id 0
12-30 11:24:36.890   359  2784 D evsmanagerd: /dev/video-evs0 forwarded the buffer #0 to 0xb400f125d2b26dd0 from 0xb400f125e2b20710
12-30 11:24:36.896   360   458 D EvsDriver: doneWithFrame
12-30 11:24:36.904   596  3076 E WifiHAL : Invalid data received from driver
12-30 11:24:36.923   360   931 D EvsDriver: forwardFrame
12-30 11:24:36.923   360   931 D EvsDriver: forwardFrameDirect
12-30 11:24:36.923   360   931 D EvsDriver: Delivered 0xb400e2ca9e40c7a0 as id 1
12-30 11:24:36.923   359  2784 D evsmanagerd: /dev/video-evs0 forwarded the buffer #1 to 0xb400f125d2b26dd0 from 0xb400f125e2b20710
12-30 11:24:36.926   360   458 D EvsDriver: doneWithFrame
12-30 11:24:36.933  2358  2623 D RcfController: Rcf proxy is not connected!
12-30 11:24:36.945   596  3076 E WifiHAL : Invalid data received from driver
12-30 11:24:36.956   360   931 D EvsDriver: forwardFrame
12-30 11:24:36.956   360   931 D EvsDriver: forwardFrameDirect
12-30 11:24:36.956   360   931 D EvsDriver: Delivered 0xb400e2ca9e40e270 as id 0
12-30 11:24:36.957   359  2784 D evsmanagerd: /dev/video-evs0 forwarded the buffer #0 to 0xb400f125d2b26dd0 from 0xb400f125e2b20710
12-30 11:24:36.966  1667  2513 W ContextImpl: Calling a method in the system process without a qualified user: android.app.ContextImpl.bindService:1988 android.content.ContextWrapper.bindService:861 com.ford.sync.fnvservice.analytics.AnalyticsManager$RetryHandler.a:126 com.ford.sync.fnvservice.analytics.AnalyticsManager$RetryHandler.handleMessage:103 android.os.Handler.dispatchMessage:106 
12-30 11:24:36.967   360   458 D EvsDriver: doneWithFrame
12-30 11:24:36.967   916  2591 W ActivityManager: Unable to start service Intent { cmp=com.ford.sync.fnvservice/.analytics.AnalyticsService } U=0: not found
12-30 11:24:36.967  1667  2513 W AnalyticsManager:  bind ford Analytics failed -> sendRetryMessage 
12-30 11:24:36.983  2358  2623 D RcfController: Rcf proxy is not connected!
12-30 11:24:36.989  1667  2410 I media_message_log->MediaMessageUserProxy: (SourceFile:1)b connectToService action bind
12-30 11:24:36.989   360   931 D EvsDriver: forwardFrame
12-30 11:24:36.990   360   931 D EvsDriver: forwardFrameDirect
12-30 11:24:36.990   360   931 D EvsDriver: Delivered 0xb400e2ca9e40d4b0 as id 1
12-30 11:24:36.990   359  2784 D evsmanagerd: /dev/video-evs0 forwarded the buffer #1 to 0xb400f125d2b26dd0 from 0xb400f125e2b20710
12-30 11:24:36.990   916  2591 W ActivityManager: Unable to start service Intent { cmp=com.adayo.server.mediamessagetransfer/.MediaMessTransferService (has extras) } U=0: not found
12-30 11:24:36.991  1667  2410 E media_message_log->MediaMessageUserProxy: (SourceFile:7)a bindServiceAsUser isBound = false
12-30 11:24:36.997   360   458 D EvsDriver: doneWithFrame
12-30 11:24:37.011   596  3076 E WifiHAL : Invalid data received from driver
12-30 11:24:37.023   360   931 D EvsDriver: forwardFrame
12-30 11:24:37.023   360   931 D EvsDriver: forwardFrameDirect
12-30 11:24:37.023   360   931 D EvsDriver: Delivered 0xb400e2ca9e40c2d0 as id 0
12-30 11:24:37.023   359  2784 D evsmanagerd: /dev/video-evs0 forwarded the buffer #0 to 0xb400f125d2b26dd0 from 0xb400f125e2b20710
12-30 11:24:37.026   650   729 D fgemcucomm: sd Uart data : 6AA602386000029202D0
12-30 11:24:37.026   650   729 D fgemcucomm: rev uart=82696,len=15, data : 6AA68138600007920200020000004A
12-30 11:24:37.026   398   466 D adayocomadapter-ParseProtocolFunc: printRaWMsg Name[MCUToUPstream recv] len[7] data[92020002000000]
12-30 11:24:37.026   398   466 D adayocomadapter-CommunicationManager: onUpstreamback   member[0] dataLength[4] timePoint[10012848]
12-30 11:24:37.027   398   466 D adayocomadapter-ParseProtocolFunc: printRaWMsg Name[onUpstreamback] len[4] data[02000000]
12-30 11:24:37.027   398   464 D adayocomadapter-UpstreamHandler: processBeforePacket upSreamtProcessTimePoint[10012849] 
12-30 11:24:37.027   398   464 D adayocomadapter-UpstreamHandler: processPacket UPSTREAM_QUEUE_DATA_TIMEOUT
12-30 11:24:37.027   398   464 D adayocomadapter-ParseProtocolFunc: parseCommonIPCLBytes Processing tableNumber[2]
12-30 11:24:37.027   398   464 D adayocomadapter-ParseProtocolFunc: parseCommonIPCLBytes Processing tablename[Table-2] tableSize[4]
12-30 11:24:37.027   398   464 D adayocomadapter-ParseProtocolFunc: printRaWMsg Name[byteStream recv] len[4] data[02000000]
12-30 11:24:37.027   398   464 D adayocomadapter-ParseProtocolFunc: printRaWMsg Name[IPCLtoVHAL] len[6] data[214020490000]
12-30 11:24:37.027   398   464 D adayocomadapter-ParseProtocolFunc: printRaWMsg Name[IPCLtoVHAL] len[6] data[214021A20000]
12-30 11:24:37.027   398   464 D adayocomadapter-ParseProtocolFunc: printRaWMsg Name[IPCLtoVHAL] len[6] data[214020EA0000]
12-30 11:24:37.027   398   464 D adayocomadapter-CommunicationManager: onUpstreamReceive mPropertyId 0x21402049
12-30 11:24:37.027   398   464 D adayocomadapter-CommunicationManager: convertBytesToInt32Memcpy  0
12-30 11:24:37.027   398   464 I vw-vhal : notifyVehicleProperty, propId = 0x21402049, data = {status: 2, int32Values: [0]}
12-30 11:24:37.027   398   464 I vw-vhal : CanSignalsAdapter::notifyVehicleProperty: solvedValue = {.timestamp = 10012849724525, .areaId = 0, .prop = 557850697, .status = AVAILABLE, .value = {.int32Values = [1]{0}, .floatValues = [0]{}, .int64Values = [0]{}, .bytes = [0]{}, .stringValue = ""}}
12-30 11:24:37.028   398   464 I VehiclePropertyStore: begin to write value to Store: {.timestamp = 10012849724525, .areaId = 0, .prop = 557850697, .status = AVAILABLE, .value = {.int32Values = [1]{0}, .floatValues = [0]{}, .int64Values = [0]{}, .bytes = [0]{}, .stringValue = ""}}
12-30 11:24:37.028   360   458 D EvsDriver: doneWithFrame
12-30 11:24:37.028   398   464 I DefaultVehicleHal_v2_0: DefaultVehicleHal::onPropertyValue, value:{.timestamp = 10012849724525, .areaId = 0, .prop = 557850697, .status = AVAILABLE, .value = {.int32Values = [1]{0}, .floatValues = [0]{}, .int64Values = [0]{}, .bytes = [0]{}, .stringValue = ""}}
12-30 11:24:37.028   398   464 D DiagPropHandler: is not DiagnosticConfig: 0x21402049
12-30 11:24:37.028   398   464 I VehiclePropertyStore: begin to write value to Store: {.timestamp = 10012849724525, .areaId = 0, .prop = 557850697, .status = AVAILABLE, .value = {.int32Values = [1]{0}, .floatValues = [0]{}, .int64Values = [0]{}, .bytes = [0]{}, .stringValue = ""}}
12-30 11:24:37.028   398   464 D adayocomadapter-CommunicationManager: onUpstreamReceive mPropertyId 0x21402049
12-30 11:24:37.028   398   464 D adayocomadapter-CommunicationManager: onUpstreamReceive mPropertyId 0x214021a2
12-30 11:24:37.028   398   464 D adayocomadapter-CommunicationManager: convertBytesToInt32Memcpy  0
12-30 11:24:37.028   398   464 I vw-vhal : notifyVehicleProperty, propId = 0x214021a2, data = {status: 2, int32Values: [0]}
12-30 11:24:37.028   398   464 I vw-vhal : CanSignalsAdapter::notifyVehicleProperty: solvedValue = {.timestamp = 10012850407191, .areaId = 0, .prop = 557851042, .status = AVAILABLE, .value = {.int32Values = [1]{0}, .floatValues = [0]{}, .int64Values = [0]{}, .bytes = [0]{}, .stringValue = ""}}
12-30 11:24:37.028   398   464 I VehiclePropertyStore: begin to write value to Store: {.timestamp = 10012850407191, .areaId = 0, .prop = 557851042, .status = AVAILABLE, .value = {.int32Values = [1]{0}, .floatValues = [0]{}, .int64Values = [0]{}, .bytes = [0]{}, .stringValue = ""}}
12-30 11:24:37.028   398   464 I DefaultVehicleHal_v2_0: DefaultVehicleHal::onPropertyValue, value:{.timestamp = 10012850407191, .areaId = 0, .prop = 557851042, .status = AVAILABLE, .value = {.int32Values = [1]{0}, .floatValues = [0]{}, .int64Values = [0]{}, .bytes = [0]{}, .stringValue = ""}}
12-30 11:24:37.028   398   464 D DiagPropHandler: is not DiagnosticConfig: 0x214021a2
12-30 11:24:37.028   398   464 I VehiclePropertyStore: begin to write value to Store: {.timestamp = 10012850407191, .areaId = 0, .prop = 557851042, .status = AVAILABLE, .value = {.int32Values = [1]{0}, .floatValues = [0]{}, .int64Values = [0]{}, .bytes = [0]{}, .stringValue = ""}}
12-30 11:24:37.028   398   464 D adayocomadapter-CommunicationManager: onUpstreamReceive mPropertyId 0x214021a2
12-30 11:24:37.029   398   464 D adayocomadapter-CommunicationManager: onUpstreamReceive mPropertyId 0x214020ea
12-30 11:24:37.029   398   464 D adayocomadapter-CommunicationManager: convertBytesToInt32Memcpy  0
12-30 11:24:37.029   398   464 I vw-vhal : notifyVehicleProperty, propId = 0x214020ea, data = {status: 2, int32Values: [0]}
12-30 11:24:37.029   398   464 I vw-vhal : CanSignalsAdapter::notifyVehicleProperty: solvedValue = {.timestamp = 10012851044191, .areaId = 0, .prop = 557850858, .status = AVAILABLE, .value = {.int32Values = [1]{0}, .floatValues = [0]{}, .int64Values = [0]{}, .bytes = [0]{}, .stringValue = ""}}
12-30 11:24:37.029   398   464 I VehiclePropertyStore: begin to write value to Store: {.timestamp = 10012851044191, .areaId = 0, .prop = 557850858, .status = AVAILABLE, .value = {.int32Values = [1]{0}, .floatValues = [0]{}, .int64Values = [0]{}, .bytes = [0]{}, .stringValue = ""}}
12-30 11:24:37.029   398   464 I DefaultVehicleHal_v2_0: DefaultVehicleHal::onPropertyValue, value:{.timestamp = 10012851044191, .areaId = 0, .prop = 557850858, .status = AVAILABLE, .value = {.int32Values = [1]{0}, .floatValues = [0]{}, .int64Values = [0]{}, .bytes = [0]{}, .stringValue = ""}}
12-30 11:24:37.029   398   464 D DiagPropHandler: is not DiagnosticConfig: 0x214020ea
12-30 11:24:37.029   398   464 I VehiclePropertyStore: begin to write value to Store: {.timestamp = 10012851044191, .areaId = 0, .prop = 557850858, .status = AVAILABLE, .value = {.int32Values = [1]{0}, .floatValues = [0]{}, .int64Values = [0]{}, .bytes = [0]{}, .stringValue = ""}}
12-30 11:24:37.029   398   464 D adayocomadapter-CommunicationManager: onUpstreamReceive mPropertyId 0x214020ea
12-30 11:24:37.033  2358  2623 D RcfController: Rcf proxy is not connected!
12-30 11:24:37.051   596  3076 E WifiHAL : Invalid data received from driver
01-01 10:46:54.061   722   722 I [schedu][0x254d0523b][03:24:37.051426] qcn7605: [722:I:PE] lim_process_action_frame_no_session: Unhandled action frame without session: 7f
12-30 11:24:37.054  1611  1611 I ADAYO_LOG_: handleMessage(UsbFunc.java:3)copyQnx = 0
12-30 11:24:37.054  1611  1611 I ADAYO_LOG_: handleMessage(UsbFunc.java:12)copyState = 2
12-30 11:24:37.056   360   931 D EvsDriver: forwardFrame
12-30 11:24:37.056   360   931 D EvsDriver: forwardFrameDirect
12-30 11:24:37.057   360   931 D EvsDriver: Delivered 0xb400e2ca9e40d090 as id 1
12-30 11:24:37.057   359  2784 D evsmanagerd: /dev/video-evs0 forwarded the buffer #1 to 0xb400f125d2b26dd0 from 0xb400f125e2b20710
12-30 11:24:37.058   360   458 D EvsDriver: doneWithFrame
12-30 11:24:37.067   596  3076 E WifiHAL : Invalid data received from driver
12-30 11:24:37.067   596  3076 E WifiHAL : Invalid data received from driver
12-30 11:24:37.067   596  3076 E WifiHAL : Invalid data received from driver
12-30 11:24:37.067   596  3076 E WifiHAL : Invalid data received from driver
12-30 11:24:37.067   596  3076 E WifiHAL : Invalid data received from driver
12-30 11:24:37.067   596  3076 E WifiHAL : Invalid data received from driver
12-30 11:24:37.068   596  3076 E WifiHAL : Invalid data received from driver
12-30 11:24:37.083  2358  2623 D RcfController: Rcf proxy is not connected!
12-30 11:24:37.089   360   931 D EvsDriver: forwardFrame
12-30 11:24:37.090   360   931 D EvsDriver: forwardFrameDirect
12-30 11:24:37.090   360   931 D EvsDriver: Delivered 0xb400e2ca9e40e110 as id 0
12-30 11:24:37.090   359  2784 D evsmanagerd: /dev/video-evs0 forwarded the buffer #0 to 0xb400f125d2b26dd0 from 0xb400f125e2b20710
12-30 11:24:37.098   360   458 D EvsDriver: doneWithFrame
12-30 11:24:37.098   596  3076 E WifiHAL : Invalid data received from driver
12-30 11:24:37.123   650   729 D fgemcucomm: sd Uart data : 6AA602386100028B30A8
12-30 11:24:37.123   360   931 D EvsDriver: forwardFrame
12-30 11:24:37.123   360   931 D EvsDriver: forwardFrameDirect
12-30 11:24:37.123   360   931 D EvsDriver: Delivered 0xb400e2ca9e40c7a0 as id 1
12-30 11:24:37.123   359  2784 D evsmanagerd: /dev/video-evs0 forwarded the buffer #1 to 0xb400f125d2b26dd0 from 0xb400f125e2b20710
12-30 11:24:37.124   650   729 D fgemcucomm: rev uart=82697,len=96, data : 6AA681386100588B30B01E0B1824A55A8B000101010000000000002A000000000000000000002A000000000201000000012A000401040100000000FF2A010000000002000001002A00000101000A0000002A000001090000000000000000000E
12-30 11:24:37.129   360   458 D EvsDriver: doneWithFrame
12-30 11:24:37.134  2358  2623 D RcfController: Rcf proxy is not connected!
12-30 11:24:37.148   596  3076 E WifiHAL : Invalid data received from driver
12-30 11:24:37.156   360   931 D EvsDriver: forwardFrame
12-30 11:24:37.156   360   931 D EvsDriver: forwardFrameDirect
12-30 11:24:37.156   360   931 D EvsDriver: Delivered 0xb400e2ca9e40e270 as id 0
12-30 11:24:37.157   359  2784 D evsmanagerd: /dev/video-evs0 forwarded the buffer #0 to 0xb400f125d2b26dd0 from 0xb400f125e2b20710
12-30 11:24:37.159   360   458 D EvsDriver: doneWithFrame
12-30 11:24:37.175   650   729 D fgemcucomm: sd Uart data : 6AA602386200029202CE
12-30 11:24:37.176   650   729 D fgemcucomm: rev uart=82698,len=14, data : 6AA681386200069202000100004A
12-30 11:24:37.176   398   466 D adayocomadapter-ParseProtocolFunc: printRaWMsg Name[MCUToUPstream recv] len[6] data[920200010000]
12-30 11:24:37.176   398   466 D adayocomadapter-CommunicationManager: onUpstreamback   member[0] dataLength[3] timePoint[10012998]
12-30 11:24:37.176   398   466 D adayocomadapter-ParseProtocolFunc: printRaWMsg Name[onUpstreamback] len[3] data[010000]
12-30 11:24:37.176   398   464 D adayocomadapter-UpstreamHandler: processBeforePacket upSreamtProcessTimePoint[10012998] 
12-30 11:24:37.176   398   464 D adayocomadapter-UpstreamHandler: processPacket UPSTREAM_QUEUE_DATA_TIMEOUT
12-30 11:24:37.177   398   464 D adayocomadapter-ParseProtocolFunc: parseCommonIPCLBytes Processing tableNumber[1]
12-30 11:24:37.177   398   464 D adayocomadapter-ParseProtocolFunc: parseCommonIPCLBytes Processing tablename[Table-1] tableSize[3]
12-30 11:24:37.177   398   464 D adayocomadapter-ParseProtocolFunc: printRaWMsg Name[byteStream recv] len[3] data[010000]
12-30 11:24:37.177   398   464 D adayocomadapter-ParseProtocolFunc: printRaWMsg Name[IPCLtoVHAL] len[7] data[21402048000000]
12-30 11:24:37.177   398   464 D adayocomadapter-CommunicationManager: onUpstreamReceive mPropertyId 0x21402048
12-30 11:24:37.177   398   464 D adayocomadapter-CommunicationManager: convertBytesToInt32Memcpy  0
12-30 11:24:37.177   398   464 I vw-vhal : notifyVehicleProperty, propId = 0x21402048, data = {status: 2, int32Values: [0]}
12-30 11:24:37.177   398   464 I vw-vhal : CanSignalsAdapter::notifyVehicleProperty: solvedValue = {.timestamp = 10012999313191, .areaId = 0, .prop = 557850696, .status = AVAILABLE, .value = {.int32Values = [1]{0}, .floatValues = [0]{}, .int64Values = [0]{}, .bytes = [0]{}, .stringValue = ""}}
12-30 11:24:37.177   398   464 I VehiclePropertyStore: begin to write value to Store: {.timestamp = 10012999313191, .areaId = 0, .prop = 557850696, .status = AVAILABLE, .value = {.int32Values = [1]{0}, .floatValues = [0]{}, .int64Values = [0]{}, .bytes = [0]{}, .stringValue = ""}}
12-30 11:24:37.177   398   464 I DefaultVehicleHal_v2_0: DefaultVehicleHal::onPropertyValue, value:{.timestamp = 10012999313191, .areaId = 0, .prop = 557850696, .status = AVAILABLE, .value = {.int32Values = [1]{0}, .floatValues = [0]{}, .int64Values = [0]{}, .bytes = [0]{}, .stringValue = ""}}
12-30 11:24:37.177   398   464 D DiagPropHandler: is not DiagnosticConfig: 0x21402048
12-30 11:24:37.177   398   464 I VehiclePropertyStore: begin to write value to Store: {.timestamp = 10012999313191, .areaId = 0, .prop = 557850696, .status = AVAILABLE, .value = {.int32Values = [1]{0}, .floatValues = [0]{}, .int64Values = [0]{}, .bytes = [0]{}, .stringValue = ""}}
12-30 11:24:37.177   398   464 D adayocomadapter-CommunicationManager: onUpstreamReceive mPropertyId 0x21402048
12-30 11:24:37.181   596  3076 E WifiHAL : Invalid data received from driver
12-30 11:24:37.184  2358  2623 D RcfController: Rcf proxy is not connected!
12-30 11:24:37.189   360   931 D EvsDriver: forwardFrame
12-30 11:24:37.190   360   931 D EvsDriver: forwardFrameDirect
12-30 11:24:37.190   360   931 D EvsDriver: Delivered 0xb400e2ca9e40d4b0 as id 1
12-30 11:24:37.190   359  2784 D evsmanagerd: /dev/video-evs0 forwarded the buffer #1 to 0xb400f125d2b26dd0 from 0xb400f125e2b20710
12-30 11:24:37.196   650   729 D fgemcucomm: sd Uart data : 6AA602386300029202CD
12-30 11:24:37.196   650   729 D fgemcucomm: rev uart=82699,len=16, data : 6AA68138630008920200030000000045
12-30 11:24:37.196   398   466 D adayocomadapter-ParseProtocolFunc: printRaWMsg Name[MCUToUPstream recv] len[8] data[9202000300000000]
12-30 11:24:37.196   398   466 D adayocomadapter-CommunicationManager: onUpstreamback   member[0] dataLength[5] timePoint[10013018]
12-30 11:24:37.196   398   466 D adayocomadapter-ParseProtocolFunc: printRaWMsg Name[onUpstreamback] len[5] data[0300000000]
12-30 11:24:37.197   398   464 D adayocomadapter-UpstreamHandler: processBeforePacket upSreamtProcessTimePoint[10013018] 
12-30 11:24:37.197   398   464 D adayocomadapter-UpstreamHandler: processPacket UPSTREAM_QUEUE_DATA_TIMEOUT
12-30 11:24:37.197   398   464 D adayocomadapter-ParseProtocolFunc: parseCommonIPCLBytes Processing tableNumber[3]
12-30 11:24:37.197   398   464 D adayocomadapter-ParseProtocolFunc: parseCommonIPCLBytes Processing tablename[Table-3] tableSize[5]
12-30 11:24:37.197   398   464 D adayocomadapter-ParseProtocolFunc: printRaWMsg Name[byteStream recv] len[5] data[0300000000]
12-30 11:24:37.197   398   464 D adayocomadapter-ParseProtocolFunc: printRaWMsg Name[IPCLtoVHAL] len[8] data[2141213801000000]
12-30 11:24:37.197   398   464 D adayocomadapter-ParseProtocolFunc: printRaWMsg Name[IPCLtoVHAL] len[6] data[214021D60000]
12-30 11:24:37.197   398   464 D adayocomadapter-CommunicationManager: onUpstreamReceive mPropertyId 0x21412138
12-30 11:24:37.197   398   464 I vw-vhal : notifyVehicleProperty, propId = 0x21412138, data = {status: 2, int32Values: [0, 0, 0]}
12-30 11:24:37.197   398   464 I vw-vhal : CanSignalsAdapter::notifyVehicleProperty: solvedValue = {.timestamp = 10013019489858, .areaId = 0, .prop = 557916472, .status = AVAILABLE, .value = {.int32Values = [3]{0, 0, 0}, .floatValues = [0]{}, .int64Values = [0]{}, .bytes = [0]{}, .stringValue = ""}}
12-30 11:24:37.197   398   464 I VehiclePropertyStore: begin to write value to Store: {.timestamp = 10013019489858, .areaId = 0, .prop = 557916472, .status = AVAILABLE, .value = {.int32Values = [3]{0, 0, 0}, .floatValues = [0]{}, .int64Values = [0]{}, .bytes = [0]{}, .stringValue = ""}}
12-30 11:24:37.197   398   464 I DefaultVehicleHal_v2_0: DefaultVehicleHal::onPropertyValue, value:{.timestamp = 10013019489858, .areaId = 0, .prop = 557916472, .status = AVAILABLE, .value = {.int32Values = [3]{0, 0, 0}, .floatValues = [0]{}, .int64Values = [0]{}, .bytes = [0]{}, .stringValue = ""}}
12-30 11:24:37.198   398   464 D DiagPropHandler: is not DiagnosticConfig: 0x21412138
12-30 11:24:37.198   398   464 I VehiclePropertyStore: begin to write value to Store: {.timestamp = 10013019489858, .areaId = 0, .prop = 557916472, .status = AVAILABLE, .value = {.int32Values = [3]{0, 0, 0}, .floatValues = [0]{}, .int64Values = [0]{}, .bytes = [0]{}, .stringValue = ""}}
12-30 11:24:37.198   398   464 D adayocomadapter-CommunicationManager: onUpstreamReceive mPropertyId 0x21412138
12-30 11:24:37.198   398   464 D adayocomadapter-CommunicationManager: onUpstreamReceive mPropertyId 0x214021d6
12-30 11:24:37.198   398   464 D adayocomadapter-CommunicationManager: convertBytesToInt32Memcpy  0
12-30 11:24:37.198   398   464 I vw-vhal : notifyVehicleProperty, propId = 0x214021d6, data = {status: 2, int32Values: [0]}
12-30 11:24:37.198   398   464 I vw-vhal : CanSignalsAdapter::notifyVehicleProperty: solvedValue = {.timestamp = 10013020431191, .areaId = 0, .prop = 557851094, .status = AVAILABLE, .value = {.int32Values = [1]{0}, .floatValues = [0]{}, .int64Values = [0]{}, .bytes = [0]{}, .stringValue = ""}}
12-30 11:24:37.198   398   464 I VehiclePropertyStore: begin to write value to Store: {.timestamp = 10013020431191, .areaId = 0, .prop = 557851094, .status = AVAILABLE, .value = {.int32Values = [1]{0}, .floatValues = [0]{}, .int64Values = [0]{}, .bytes = [0]{}, .stringValue = ""}}
12-30 11:24:37.198   398   464 I DefaultVehicleHal_v2_0: DefaultVehicleHal::onPropertyValue, value:{.timestamp = 10013020431191, .areaId = 0, .prop = 557851094, .status = AVAILABLE, .value = {.int32Values = [1]{0}, .floatValues = [0]{}, .int64Values = [0]{}, .bytes = [0]{}, .stringValue = ""}}
12-30 11:24:37.198   398   464 D DiagPropHandler: is not DiagnosticConfig: 0x214021d6
12-30 11:24:37.198   398   464 I VehiclePropertyStore: begin to write value to Store: {.timestamp = 10013020431191, .areaId = 0, .prop = 557851094, .status = AVAILABLE, .value = {.int32Values = [1]{0}, .floatValues = [0]{}, .int64Values = [0]{}, .bytes = [0]{}, .stringValue = ""}}
12-30 11:24:37.199   398   464 D adayocomadapter-CommunicationManager: onUpstreamReceive mPropertyId 0x214021d6
12-30 11:24:37.200   360   458 D EvsDriver: doneWithFrame
12-30 11:24:37.223   360   931 D EvsDriver: forwardFrame
12-30 11:24:37.223   360   931 D EvsDriver: forwardFrameDirect
12-30 11:24:37.223   360   931 D EvsDriver: Delivered 0xb400e2ca9e40c2d0 as id 0
12-30 11:24:37.223   359  2784 D evsmanagerd: /dev/video-evs0 forwarded the buffer #0 to 0xb400f125d2b26dd0 from 0xb400f125e2b20710
12-30 11:24:37.230   360   458 D EvsDriver: doneWithFrame
12-30 11:24:37.233   596  3076 E WifiHAL : Invalid data received from driver
12-30 11:24:37.234  2358  2623 D RcfController: Rcf proxy is not connected!
12-30 11:24:37.238  3066  3066 D hostapd : nl80211: BSS Event 59 (NL80211_CMD_FRAME) received for wlan1
12-30 11:24:37.238  3066  3066 D hostapd : nl80211: RX frame da=ff:ff:ff:ff:ff:ff sa=ea:9d:d5:49:2d:ed bssid=ea:9d:d5:49:2d:ed freq=5745 ssi_signal=-9100 fc=0xd0 seq_ctrl=0xbb20 stype=13 (WLAN_FC_STYPE_ACTION) len=42
12-30 11:24:37.238  3066  3066 D hostapd : wlan1: Event RX_MGMT (18) received
12-30 11:24:37.238  3066  3066 D hostapd : Receive wpa msg : Event RX_MGMT (18) received
12-30 11:24:37.256   360   931 D EvsDriver: forwardFrame
12-30 11:24:37.256   360   931 D EvsDriver: forwardFrameDirect
12-30 11:24:37.257   360   931 D EvsDriver: Delivered 0xb400e2ca9e40d090 as id 1
12-30 11:24:37.257   359  2784 D evsmanagerd: /dev/video-evs0 forwarded the buffer #1 to 0xb400f125d2b26dd0 from 0xb400f125e2b20710
12-30 11:24:37.260   360   458 D EvsDriver: doneWithFrame
12-30 11:24:37.276   596  3076 E WifiHAL : Invalid data received from driver
12-30 11:24:37.285  2358  2623 D RcfController: Rcf proxy is not connected!
12-30 11:24:37.289   360   931 D EvsDriver: forwardFrame
12-30 11:24:37.290   360   931 D EvsDriver: forwardFrameDirect
12-30 11:24:37.290   360   931 D EvsDriver: Delivered 0xb400e2ca9e40e110 as id 0
12-30 11:24:37.290   359  2784 D evsmanagerd: /dev/video-evs0 forwarded the buffer #0 to 0xb400f125d2b26dd0 from 0xb400f125e2b20710
12-30 11:24:37.300   596  3076 E WifiHAL : Invalid data received from driver
12-30 11:24:37.300  3066  3066 D hostapd : nl80211: BSS Event 59 (NL80211_CMD_FRAME) received for wlan1
12-30 11:24:37.300  3066  3066 D hostapd : nl80211: RX frame da=ff:ff:ff:ff:ff:ff sa=ea:9d:d5:49:2d:ed bssid=ea:9d:d5:49:2d:ed freq=5745 ssi_signal=-9200 fc=0xd0 seq_ctrl=0xbb50 stype=13 (WLAN_FC_STYPE_ACTION) len=42
12-30 11:24:37.300  3066  3066 D hostapd : wlan1: Event RX_MGMT (18) received
12-30 11:24:37.300  3066  3066 D hostapd : Receive wpa msg : Event RX_MGMT (18) received
12-30 11:24:37.301   360   458 D EvsDriver: doneWithFrame
12-30 11:24:37.320  3066  3066 D hostapd : nl80211: BSS Event 59 (NL80211_CMD_FRAME) received for wlan1
12-30 11:24:37.320  3066  3066 D hostapd : nl80211: RX frame da=ff:ff:ff:ff:ff:ff sa=ea:9d:d5:49:2d:ed bssid=ea:9d:d5:49:2d:ed freq=5745 ssi_signal=-9100 fc=0xd0 seq_ctrl=0xbb60 stype=13 (WLAN_FC_STYPE_ACTION) len=42
12-30 11:24:37.320  3066  3066 D hostapd : wlan1: Event RX_MGMT (18) received
12-30 11:24:37.320  3066  3066 D hostapd : Receive wpa msg : Event RX_MGMT (18) received
12-30 11:24:37.323   360   931 D EvsDriver: forwardFrame
12-30 11:24:37.323   360   931 D EvsDriver: forwardFrameDirect
12-30 11:24:37.323   360   931 D EvsDriver: Delivered 0xb400e2ca9e40c7a0 as id 1
12-30 11:24:37.323   359  2784 D evsmanagerd: /dev/video-evs0 forwarded the buffer #1 to 0xb400f125d2b26dd0 from 0xb400f125e2b20710
12-30 11:24:37.331   596  3076 E WifiHAL : Invalid data received from driver
12-30 11:24:37.331   360   458 D EvsDriver: doneWithFrame
12-30 11:24:37.335  2358  2623 D RcfController: Rcf proxy is not connected!
12-30 11:24:37.340  3066  3066 D hostapd : nl80211: BSS Event 59 (NL80211_CMD_FRAME) received for wlan1
12-30 11:24:37.341  3066  3066 D hostapd : nl80211: RX frame da=ff:ff:ff:ff:ff:ff sa=ea:9d:d5:49:2d:ed bssid=ea:9d:d5:49:2d:ed freq=5745 ssi_signal=-9100 fc=0xd0 seq_ctrl=0xbb70 stype=13 (WLAN_FC_STYPE_ACTION) len=42
12-30 11:24:37.341  3066  3066 D hostapd : wlan1: Event RX_MGMT (18) received
12-30 11:24:37.341  3066  3066 D hostapd : Receive wpa msg : Event RX_MGMT (18) received
12-30 11:24:37.356   360   931 D EvsDriver: forwardFrame
12-30 11:24:37.356   360   931 D EvsDriver: forwardFrameDirect
12-30 11:24:37.357   360   931 D EvsDriver: Delivered 0xb400e2ca9e40e270 as id 0
12-30 11:24:37.357   359  2784 D evsmanagerd: /dev/video-evs0 forwarded the buffer #0 to 0xb400f125d2b26dd0 from 0xb400f125e2b20710
12-30 11:24:37.361   596  3076 E WifiHAL : Invalid data received from driver
12-30 11:24:37.361  3066  3066 D hostapd : nl80211: BSS Event 59 (NL80211_CMD_FRAME) received for wlan1
12-30 11:24:37.361  3066  3066 D hostapd : nl80211: RX frame da=ff:ff:ff:ff:ff:ff sa=ea:9d:d5:49:2d:ed bssid=ea:9d:d5:49:2d:ed freq=5745 ssi_signal=-9000 fc=0xd0 seq_ctrl=0xbb80 stype=13 (WLAN_FC_STYPE_ACTION) len=42
12-30 11:24:37.361  3066  3066 D hostapd : wlan1: Event RX_MGMT (18) received
12-30 11:24:37.361  3066  3066 D hostapd : Receive wpa msg : Event RX_MGMT (18) received
12-30 11:24:37.362   360   458 D EvsDriver: doneWithFrame
12-30 11:24:37.368  2475  2681 I TtsServiceAgent: check thread start checking, threadId = 29
12-30 11:24:37.368  2475  2681 D TtsServiceAgent: start bind service...
12-30 11:24:37.368  2475  2681 D TtsServiceAgent: ----->initService, usage = 16
12-30 11:24:37.369  2475  2681 W ContextImpl: Calling a method in the system process without a qualified user: android.app.ContextImpl.bindService:1988 android.content.ContextWrapper.bindService:861 com.iflytek.autofly.ttsaidl.ttsproxy.TtsServiceAgent.initService:189 com.iflytek.autofly.ttsaidl.ttsproxy.TtsServiceAgent.initService:133 com.iflytek.autofly.ttsaidl.ttsproxy.TtsServiceAgent$2.run:517 
12-30 11:24:37.369   916  2591 W ActivityManager: Unable to start service Intent { act=com.iflytek.autofly.tts.ttsservice.TtsAdapterService cmp=com.iflytek.cutefly.speechclient.hmi/com.iflytek.autofly.tts.ttsservice.TtsAdapterService } U=0: not found
12-30 11:24:37.370  2475  2681 D TtsServiceAgent: bindService: false
12-30 11:24:37.370  2475  2681 D TtsServiceAgent: start reInitService
12-30 11:24:37.370  2475  2681 D TtsServiceAgent: aidlCheckThreadRunning = true
12-30 11:24:37.370  2475  2681 D TtsServiceAgent: ----->check connection status in 1000s...
12-30 11:24:37.385  2358  2623 D RcfController: Rcf proxy is not connected!
12-30 11:24:37.386   815   834 E logcollector: getCheckStatus = 0
12-30 11:24:37.389   360   931 D EvsDriver: forwardFrame
12-30 11:24:37.390   360   931 D EvsDriver: forwardFrameDirect
12-30 11:24:37.390   360   931 D EvsDriver: Delivered 0xb400e2ca9e40d4b0 as id 1
12-30 11:24:37.390   359  2784 D evsmanagerd: /dev/video-evs0 forwarded the buffer #1 to 0xb400f125d2b26dd0 from 0xb400f125e2b20710
12-30 11:24:37.392   360   458 D EvsDriver: doneWithFrame
12-30 11:24:37.403   596  3076 E WifiHAL : Invalid data received from driver
12-30 11:24:37.403  3066  3066 D hostapd : nl80211: BSS Event 59 (NL80211_CMD_FRAME) received for wlan1
12-30 11:24:37.403  3066  3066 D hostapd : nl80211: RX frame da=ff:ff:ff:ff:ff:ff sa=ea:9d:d5:49:2d:ed bssid=ea:9d:d5:49:2d:ed freq=5745 ssi_signal=-9100 fc=0xd0 seq_ctrl=0xbc00 stype=13 (WLAN_FC_STYPE_ACTION) len=42
12-30 11:24:37.403  3066  3066 D hostapd : wlan1: Event RX_MGMT (18) received
12-30 11:24:37.403  3066  3066 D hostapd : Receive wpa msg : Event RX_MGMT (18) received
12-30 11:24:37.423   360   931 D EvsDriver: forwardFrame
12-30 11:24:37.423   360   931 D EvsDriver: forwardFrameDirect
12-30 11:24:37.423   360   931 D EvsDriver: Delivered 0xb400e2ca9e40c2d0 as id 0
12-30 11:24:37.423   359  2784 D evsmanagerd: /dev/video-evs0 forwarded the buffer #0 to 0xb400f125d2b26dd0 from 0xb400f125e2b20710
12-30 11:24:37.432   360   458 D EvsDriver: doneWithFrame
12-30 11:24:37.435  2358  2623 D RcfController: Rcf proxy is not connected!
12-30 11:24:37.442  3066  3066 D hostapd : nl80211: BSS Event 59 (NL80211_CMD_FRAME) received for wlan1
12-30 11:24:37.443  3066  3066 D hostapd : nl80211: RX frame da=ff:ff:ff:ff:ff:ff sa=ea:9d:d5:49:2d:ed bssid=ea:9d:d5:49:2d:ed freq=5745 ssi_signal=-9100 fc=0xd0 seq_ctrl=0xbc40 stype=13 (WLAN_FC_STYPE_ACTION) len=42
12-30 11:24:37.443  3066  3066 D hostapd : wlan1: Event RX_MGMT (18) received
12-30 11:24:37.443  3066  3066 D hostapd : Receive wpa msg : Event RX_MGMT (18) received
12-30 11:24:37.456   596  3076 E WifiHAL : Invalid data received from driver
12-30 11:24:37.456   360   931 I EvsDriver: /dev/video-evs0 VideoCapture fps 30.0001
12-30 11:24:37.456   360   931 D EvsDriver: forwardFrame
12-30 11:24:37.456   360   931 D EvsDriver: forwardFrameDirect
12-30 11:24:37.457   360   931 D EvsDriver: Delivered 0xb400e2ca9e40d090 as id 1
12-30 11:24:37.457   359  2784 D evsmanagerd: /dev/video-evs0 forwarded the buffer #1 to 0xb400f125d2b26dd0 from 0xb400f125e2b20710
12-30 11:24:37.463   360   458 D EvsDriver: doneWithFrame
12-30 11:24:37.463  1667  2594 W ContextImpl: Calling a method in the system process without a qualified user: android.app.ContextImpl.bindService:1988 android.content.ContextWrapper.bindService:861 com.ford.sync.fnvservice.FordFnv.c:202 com.ford.sync.fnvservice.FordFnv.c:43 com.ford.sync.fnvservice.FordFnv$RetryHandler.handleMessage:245 
12-30 11:24:37.464   916  2591 W ActivityManager: Unable to start service Intent { cmp=com.ford.sync.fnvservice/.FordFnvService } U=0: not found
12-30 11:24:37.464  1667  2594 W FordFnv :  bind ford fnv failed -> sendRetryMessage 
12-30 11:24:37.466   650   729 D fgemcucomm: sd Uart data : 6AA602386400029202CC
12-30 11:24:37.466   650   729 D fgemcucomm: rev uart=82700,len=20, data : 6AA6813864000C9202000800000000000000003B
12-30 11:24:37.467   398   466 D adayocomadapter-ParseProtocolFunc: printRaWMsg Name[MCUToUPstream recv] len[12] data[920200080000000000000000]
12-30 11:24:37.467   398   466 D adayocomadapter-CommunicationManager: onUpstreamback   member[0] dataLength[9] timePoint[10013289]
12-30 11:24:37.467   398   466 D adayocomadapter-ParseProtocolFunc: printRaWMsg Name[onUpstreamback] len[9] data[080000000000000000]
12-30 11:24:37.467   398   464 D adayocomadapter-UpstreamHandler: processBeforePacket upSreamtProcessTimePoint[10013289] 
12-30 11:24:37.467   398   464 D adayocomadapter-UpstreamHandler: processPacket UPSTREAM_QUEUE_DATA_TIMEOUT
12-30 11:24:37.467   398   464 D adayocomadapter-ParseProtocolFunc: parseCommonIPCLBytes Processing tableNumber[8]
12-30 11:24:37.467   398   464 D adayocomadapter-ParseProtocolFunc: parseCommonIPCLBytes Processing tablename[Table-8] tableSize[9]
12-30 11:24:37.467   398   464 D adayocomadapter-ParseProtocolFunc: printRaWMsg Name[byteStream recv] len[9] data[080000000000000000]
12-30 11:24:37.467   398   464 D adayocomadapter-ParseProtocolFunc: printRaWMsg Name[IPCLtoVHAL] len[7] data[2141208F010000]
12-30 11:24:37.467   398   464 D adayocomadapter-ParseProtocolFunc: printRaWMsg Name[IPCLtoVHAL] len[7] data[21412090010000]
12-30 11:24:37.467   398   464 D adayocomadapter-ParseProtocolFunc: printRaWMsg Name[IPCLtoVHAL] len[7] data[21412091010000]
12-30 11:24:37.468   398   464 D adayocomadapter-ParseProtocolFunc: printRaWMsg Name[IPCLtoVHAL] len[7] data[21412092010000]
12-30 11:24:37.468   398   464 D adayocomadapter-CommunicationManager: onUpstreamReceive mPropertyId 0x2141208f
12-30 11:24:37.468   398   464 I vw-vhal : notifyVehicleProperty, propId = 0x2141208f, data = {status: 2, int32Values: [0, 0]}
12-30 11:24:37.468   398   464 I vw-vhal : CanSignalsAdapter::notifyVehicleProperty: solvedValue = {.timestamp = 10013290149191, .areaId = 0, .prop = 557916303, .status = AVAILABLE, .value = {.int32Values = [2]{0, 0}, .floatValues = [0]{}, .int64Values = [0]{}, .bytes = [0]{}, .stringValue = ""}}
12-30 11:24:37.468   398   464 I VehiclePropertyStore: begin to write value to Store: {.timestamp = 10013290149191, .areaId = 0, .prop = 557916303, .status = AVAILABLE, .value = {.int32Values = [2]{0, 0}, .floatValues = [0]{}, .int64Values = [0]{}, .bytes = [0]{}, .stringValue = ""}}
12-30 11:24:37.468   398   464 I DefaultVehicleHal_v2_0: DefaultVehicleHal::onPropertyValue, value:{.timestamp = 10013290149191, .areaId = 0, .prop = 557916303, .status = AVAILABLE, .value = {.int32Values = [2]{0, 0}, .floatValues = [0]{}, .int64Values = [0]{}, .bytes = [0]{}, .stringValue = ""}}
12-30 11:24:37.468   398   464 D DiagPropHandler: is not DiagnosticConfig: 0x2141208f
12-30 11:24:37.468   398   464 I VehiclePropertyStore: begin to write value to Store: {.timestamp = 10013290149191, .areaId = 0, .prop = 557916303, .status = AVAILABLE, .value = {.int32Values = [2]{0, 0}, .floatValues = [0]{}, .int64Values = [0]{}, .bytes = [0]{}, .stringValue = ""}}
12-30 11:24:37.468   398   464 D adayocomadapter-CommunicationManager: onUpstreamReceive mPropertyId 0x2141208f
