12-30 11:24:37.595   398   464 I vw-vhal : notifyVehicleProperty, propId = 0x21401022, data = {status: 2, int32Values: [0]}
12-30 11:24:37.595   398   464 I vw-vhal : CanSignalsAdapter::notifyVehicleProperty: solvedValue = {.timestamp = 10013416898525, .areaId = 0, .prop = 557846562, .status = AVAILABLE, .value = {.int32Values = [1]{0}, .floatValues = [0]{}, .int64Values = [0]{}, .bytes = [0]{}, .stringValue = ""}}
12-30 11:24:37.595   398   464 I VehiclePropertyStore: begin to write value to Store: {.timestamp = 10013416898525, .areaId = 0, .prop = 557846562, .status = AVAILABLE, .value = {.int32Values = [1]{0}, .floatValues = [0]{}, .int64Values = [0]{}, .bytes = [0]{}, .stringValue = ""}}
12-30 11:24:37.595   398   464 I DefaultVehicleHal_v2_0: DefaultVehicleHal::onPropertyValue, value:{.timestamp = 10013416898525, .areaId = 0, .prop = 557846562, .status = AVAILABLE, .value = {.int32Values = [1]{0}, .floatValues = [0]{}, .int64Values = [0]{}, .bytes = [0]{}, .stringValue = ""}}
12-30 11:24:37.595   398   464 D DiagPropHandler: is not DiagnosticConfig: 0x21401022
12-30 11:24:37.595   398   464 I VehiclePropertyStore: begin to write value to Store: {.timestamp = 10013416898525, .areaId = 0, .prop = 557846562, .status = AVAILABLE, .value = {.int32Values = [1]{0}, .floatValues = [0]{}, .int64Values = [0]{}, .bytes = [0]{}, .stringValue = ""}}
12-30 11:24:37.595   398   464 D adayocomadapter-CommunicationManager: onUpstreamReceive mPropertyId 0x21401022
12-30 11:24:37.595   398   464 D adayocomadapter-CommunicationManager: onUpstreamReceive mPropertyId 0x21402164
12-30 11:24:37.595   398   464 D adayocomadapter-CommunicationManager: convertBytesToInt32Memcpy  0
12-30 11:24:37.595   398   464 I vw-vhal : notifyVehicleProperty, propId = 0x21402164, data = {status: 2, int32Values: [0]}
12-30 11:24:37.595   398   464 I vw-vhal : CanSignalsAdapter::notifyVehicleProperty: solvedValue = {.timestamp = 10013417085191, .areaId = 0, .prop = 557850980, .status = AVAILABLE, .value = {.int32Values = [1]{0}, .floatValues = [0]{}, .int64Values = [0]{}, .bytes = [0]{}, .stringValue = ""}}
12-30 11:24:37.595   398   464 I VehiclePropertyStore: begin to write value to Store: {.timestamp = 10013417085191, .areaId = 0, .prop = 557850980, .status = AVAILABLE, .value = {.int32Values = [1]{0}, .floatValues = [0]{}, .int64Values = [0]{}, .bytes = [0]{}, .stringValue = ""}}
12-30 11:24:37.595   398   464 I DefaultVehicleHal_v2_0: DefaultVehicleHal::onPropertyValue, value:{.timestamp = 10013417085191, .areaId = 0, .prop = 557850980, .status = AVAILABLE, .value = {.int32Values = [1]{0}, .floatValues = [0]{}, .int64Values = [0]{}, .bytes = [0]{}, .stringValue = ""}}
12-30 11:24:37.595   398   464 D DiagPropHandler: is not DiagnosticConfig: 0x21402164
12-30 11:24:37.595   398   464 I VehiclePropertyStore: begin to write value to Store: {.timestamp = 10013417085191, .areaId = 0, .prop = 557850980, .status = AVAILABLE, .value = {.int32Values = [1]{0}, .floatValues = [0]{}, .int64Values = [0]{}, .bytes = [0]{}, .stringValue = ""}}
12-30 11:24:37.595   398   464 D adayocomadapter-CommunicationManager: onUpstreamReceive mPropertyId 0x21402164
12-30 11:24:37.595   398   464 D adayocomadapter-CommunicationManager: onUpstreamReceive mPropertyId 0x21401039
12-30 11:24:37.595   398   464 D adayocomadapter-CommunicationManager: convertBytesToInt32Memcpy  0
12-30 11:24:37.595   398   464 I vw-vhal : notifyVehicleProperty, propId = 0x21401039, data = {status: 2, int32Values: [0]}
12-30 11:24:37.595   398   464 I vw-vhal : CanSignalsAdapter::notifyVehicleProperty: solvedValue = {.timestamp = 10013417277525, .areaId = 0, .prop = 557846585, .status = AVAILABLE, .value = {.int32Values = [1]{0}, .floatValues = [0]{}, .int64Values = [0]{}, .bytes = [0]{}, .stringValue = ""}}
12-30 11:24:37.595   398   464 I VehiclePropertyStore: begin to write value to Store: {.timestamp = 10013417277525, .areaId = 0, .prop = 557846585, .status = AVAILABLE, .value = {.int32Values = [1]{0}, .floatValues = [0]{}, .int64Values = [0]{}, .bytes = [0]{}, .stringValue = ""}}
12-30 11:24:37.595   398   464 I DefaultVehicleHal_v2_0: DefaultVehicleHal::onPropertyValue, value:{.timestamp = 10013417277525, .areaId = 0, .prop = 557846585, .status = AVAILABLE, .value = {.int32Values = [1]{0}, .floatValues = [0]{}, .int64Values = [0]{}, .bytes = [0]{}, .stringValue = ""}}
12-30 11:24:37.595   398   464 D DiagPropHandler: is not DiagnosticConfig: 0x21401039
12-30 11:24:37.595   398   464 I VehiclePropertyStore: begin to write value to Store: {.timestamp = 10013417277525, .areaId = 0, .prop = 557846585, .status = AVAILABLE, .value = {.int32Values = [1]{0}, .floatValues = [0]{}, .int64Values = [0]{}, .bytes = [0]{}, .stringValue = ""}}
12-30 11:24:37.595   398   464 D adayocomadapter-CommunicationManager: onUpstreamReceive mPropertyId 0x21401039
12-30 11:24:37.595   398   464 D adayocomadapter-CommunicationManager: onUpstreamReceive mPropertyId 0x214021d9
12-30 11:24:37.595   398   464 D adayocomadapter-CommunicationManager: convertBytesToInt32Memcpy  0
12-30 11:24:37.595   398   464 I vw-vhal : notifyVehicleProperty, propId = 0x214021d9, data = {status: 2, int32Values: [0]}
12-30 11:24:37.595   398   464 I vw-vhal : CanSignalsAdapter::notifyVehicleProperty: solvedValue = {.timestamp = 10013417468858, .areaId = 0, .prop = 557851097, .status = AVAILABLE, .value = {.int32Values = [1]{0}, .floatValues = [0]{}, .int64Values = [0]{}, .bytes = [0]{}, .stringValue = ""}}
12-30 11:24:37.595   398   464 I VehiclePropertyStore: begin to write value to Store: {.timestamp = 10013417468858, .areaId = 0, .prop = 557851097, .status = AVAILABLE, .value = {.int32Values = [1]{0}, .floatValues = [0]{}, .int64Values = [0]{}, .bytes = [0]{}, .stringValue = ""}}
12-30 11:24:37.595   398   464 I DefaultVehicleHal_v2_0: DefaultVehicleHal::onPropertyValue, value:{.timestamp = 10013417468858, .areaId = 0, .prop = 557851097, .status = AVAILABLE, .value = {.int32Values = [1]{0}, .floatValues = [0]{}, .int64Values = [0]{}, .bytes = [0]{}, .stringValue = ""}}
12-30 11:24:37.595   398   464 D DiagPropHandler: is not DiagnosticConfig: 0x214021d9
12-30 11:24:37.595   398   464 I VehiclePropertyStore: begin to write value to Store: {.timestamp = 10013417468858, .areaId = 0, .prop = 557851097, .status = AVAILABLE, .value = {.int32Values = [1]{0}, .floatValues = [0]{}, .int64Values = [0]{}, .bytes = [0]{}, .stringValue = ""}}
12-30 11:24:37.595   398   464 D adayocomadapter-CommunicationManager: onUpstreamReceive mPropertyId 0x214021d9
12-30 11:24:37.595   398   464 D adayocomadapter-CommunicationManager: onUpstreamReceive mPropertyId 0x21401024
12-30 11:24:37.595   398   464 D adayocomadapter-CommunicationManager: convertBytesToInt32Memcpy  0
12-30 11:24:37.595   398   464 I vw-vhal : notifyVehicleProperty, propId = 0x21401024, data = {status: 2, int32Values: [0]}
12-30 11:24:37.595   398   464 I vw-vhal : CanSignalsAdapter::notifyVehicleProperty: solvedValue = {.timestamp = 10013417658525, .areaId = 0, .prop = 557846564, .status = AVAILABLE, .value = {.int32Values = [1]{0}, .floatValues = [0]{}, .int64Values = [0]{}, .bytes = [0]{}, .stringValue = ""}}
12-30 11:24:37.595   398   464 I VehiclePropertyStore: begin to write value to Store: {.timestamp = 10013417658525, .areaId = 0, .prop = 557846564, .status = AVAILABLE, .value = {.int32Values = [1]{0}, .floatValues = [0]{}, .int64Values = [0]{}, .bytes = [0]{}, .stringValue = ""}}
12-30 11:24:37.595   398   464 I DefaultVehicleHal_v2_0: DefaultVehicleHal::onPropertyValue, value:{.timestamp = 10013417658525, .areaId = 0, .prop = 557846564, .status = AVAILABLE, .value = {.int32Values = [1]{0}, .floatValues = [0]{}, .int64Values = [0]{}, .bytes = [0]{}, .stringValue = ""}}
12-30 11:24:37.595   398   464 D DiagPropHandler: is not DiagnosticConfig: 0x21401024
12-30 11:24:37.595   398   464 I VehiclePropertyStore: begin to write value to Store: {.timestamp = 10013417658525, .areaId = 0, .prop = 557846564, .status = AVAILABLE, .value = {.int32Values = [1]{0}, .floatValues = [0]{}, .int64Values = [0]{}, .bytes = [0]{}, .stringValue = ""}}
12-30 11:24:37.595   398   464 D adayocomadapter-CommunicationManager: onUpstreamReceive mPropertyId 0x21401024
12-30 11:24:37.595   398   464 D adayocomadapter-CommunicationManager: onUpstreamReceive mPropertyId 0x2140103b
12-30 11:24:37.595   398   464 D adayocomadapter-CommunicationManager: convertBytesToInt32Memcpy  0
12-30 11:24:37.595   398   464 I vw-vhal : notifyVehicleProperty, propId = 0x2140103b, data = {status: 2, int32Values: [0]}
12-30 11:24:37.596   398   464 I vw-vhal : CanSignalsAdapter::notifyVehicleProperty: solvedValue = {.timestamp = 10013417846191, .areaId = 0, .prop = 557846587, .status = AVAILABLE, .value = {.int32Values = [1]{0}, .floatValues = [0]{}, .int64Values = [0]{}, .bytes = [0]{}, .stringValue = ""}}
12-30 11:24:37.596   398   464 I VehiclePropertyStore: begin to write value to Store: {.timestamp = 10013417846191, .areaId = 0, .prop = 557846587, .status = AVAILABLE, .value = {.int32Values = [1]{0}, .floatValues = [0]{}, .int64Values = [0]{}, .bytes = [0]{}, .stringValue = ""}}
12-30 11:24:37.596   398   464 I DefaultVehicleHal_v2_0: DefaultVehicleHal::onPropertyValue, value:{.timestamp = 10013417846191, .areaId = 0, .prop = 557846587, .status = AVAILABLE, .value = {.int32Values = [1]{0}, .floatValues = [0]{}, .int64Values = [0]{}, .bytes = [0]{}, .stringValue = ""}}
12-30 11:24:37.596   398   464 D DiagPropHandler: is not DiagnosticConfig: 0x2140103b
12-30 11:24:37.596   398   464 I VehiclePropertyStore: begin to write value to Store: {.timestamp = 10013417846191, .areaId = 0, .prop = 557846587, .status = AVAILABLE, .value = {.int32Values = [1]{0}, .floatValues = [0]{}, .int64Values = [0]{}, .bytes = [0]{}, .stringValue = ""}}
12-30 11:24:37.596   398   464 D adayocomadapter-CommunicationManager: onUpstreamReceive mPropertyId 0x2140103b
12-30 11:24:37.596   398   464 D adayocomadapter-CommunicationManager: onUpstreamReceive mPropertyId 0x2140100c
12-30 11:24:37.596   398   464 D adayocomadapter-CommunicationManager: convertBytesToInt32Memcpy  0
12-30 11:24:37.596   398   464 I vw-vhal : notifyVehicleProperty, propId = 0x2140100c, data = {status: 2, int32Values: [0]}
12-30 11:24:37.596   398   464 I vw-vhal : CanSignalsAdapter::notifyVehicleProperty: solvedValue = {.timestamp = 10013418051858, .areaId = 0, .prop = 557846540, .status = AVAILABLE, .value = {.int32Values = [1]{0}, .floatValues = [0]{}, .int64Values = [0]{}, .bytes = [0]{}, .stringValue = ""}}
12-30 11:24:37.596   398   464 I VehiclePropertyStore: begin to write value to Store: {.timestamp = 10013418051858, .areaId = 0, .prop = 557846540, .status = AVAILABLE, .value = {.int32Values = [1]{0}, .floatValues = [0]{}, .int64Values = [0]{}, .bytes = [0]{}, .stringValue = ""}}
12-30 11:24:37.596   398   464 I DefaultVehicleHal_v2_0: DefaultVehicleHal::onPropertyValue, value:{.timestamp = 10013418051858, .areaId = 0, .prop = 557846540, .status = AVAILABLE, .value = {.int32Values = [1]{0}, .floatValues = [0]{}, .int64Values = [0]{}, .bytes = [0]{}, .stringValue = ""}}
12-30 11:24:37.596   398   464 D DiagPropHandler: is not DiagnosticConfig: 0x2140100c
12-30 11:24:37.596   398   464 I VehiclePropertyStore: begin to write value to Store: {.timestamp = 10013418051858, .areaId = 0, .prop = 557846540, .status = AVAILABLE, .value = {.int32Values = [1]{0}, .floatValues = [0]{}, .int64Values = [0]{}, .bytes = [0]{}, .stringValue = ""}}
12-30 11:24:37.596   398   464 D adayocomadapter-CommunicationManager: onUpstreamReceive mPropertyId 0x2140100c
12-30 11:24:37.596   398   464 D adayocomadapter-CommunicationManager: onUpstreamReceive mPropertyId 0x214021db
12-30 11:24:37.596   398   464 D adayocomadapter-CommunicationManager: convertBytesToInt32Memcpy  0
12-30 11:24:37.596   398   464 I vw-vhal : notifyVehicleProperty, propId = 0x214021db, data = {status: 2, int32Values: [0]}
12-30 11:24:37.596   398   464 I vw-vhal : CanSignalsAdapter::notifyVehicleProperty: solvedValue = {.timestamp = 10013418262191, .areaId = 0, .prop = 557851099, .status = AVAILABLE, .value = {.int32Values = [1]{0}, .floatValues = [0]{}, .int64Values = [0]{}, .bytes = [0]{}, .stringValue = ""}}
12-30 11:24:37.596   398   464 I VehiclePropertyStore: begin to write value to Store: {.timestamp = 10013418262191, .areaId = 0, .prop = 557851099, .status = AVAILABLE, .value = {.int32Values = [1]{0}, .floatValues = [0]{}, .int64Values = [0]{}, .bytes = [0]{}, .stringValue = ""}}
12-30 11:24:37.596   398   464 I DefaultVehicleHal_v2_0: DefaultVehicleHal::onPropertyValue, value:{.timestamp = 10013418262191, .areaId = 0, .prop = 557851099, .status = AVAILABLE, .value = {.int32Values = [1]{0}, .floatValues = [0]{}, .int64Values = [0]{}, .bytes = [0]{}, .stringValue = ""}}
12-30 11:24:37.596   398   464 D DiagPropHandler: is not DiagnosticConfig: 0x214021db
12-30 11:24:37.596   398   464 I VehiclePropertyStore: begin to write value to Store: {.timestamp = 10013418262191, .areaId = 0, .prop = 557851099, .status = AVAILABLE, .value = {.int32Values = [1]{0}, .floatValues = [0]{}, .int64Values = [0]{}, .bytes = [0]{}, .stringValue = ""}}
12-30 11:24:37.596   398   464 D adayocomadapter-CommunicationManager: onUpstreamReceive mPropertyId 0x214021db
12-30 11:24:37.596   398   464 D adayocomadapter-CommunicationManager: onUpstreamReceive mPropertyId 0x21401026
12-30 11:24:37.596   398   464 D adayocomadapter-CommunicationManager: convertBytesToInt32Memcpy  0
12-30 11:24:37.596   398   464 I vw-vhal : notifyVehicleProperty, propId = 0x21401026, data = {status: 2, int32Values: [0]}
12-30 11:24:37.596   398   464 I vw-vhal : CanSignalsAdapter::notifyVehicleProperty: solvedValue = {.timestamp = 10013418464191, .areaId = 0, .prop = 557846566, .status = AVAILABLE, .value = {.int32Values = [1]{0}, .floatValues = [0]{}, .int64Values = [0]{}, .bytes = [0]{}, .stringValue = ""}}
12-30 11:24:37.596   398   464 I VehiclePropertyStore: begin to write value to Store: {.timestamp = 10013418464191, .areaId = 0, .prop = 557846566, .status = AVAILABLE, .value = {.int32Values = [1]{0}, .floatValues = [0]{}, .int64Values = [0]{}, .bytes = [0]{}, .stringValue = ""}}
12-30 11:24:37.596   398   464 I DefaultVehicleHal_v2_0: DefaultVehicleHal::onPropertyValue, value:{.timestamp = 10013418464191, .areaId = 0, .prop = 557846566, .status = AVAILABLE, .value = {.int32Values = [1]{0}, .floatValues = [0]{}, .int64Values = [0]{}, .bytes = [0]{}, .stringValue = ""}}
12-30 11:24:37.596   398   464 D DiagPropHandler: is not DiagnosticConfig: 0x21401026
12-30 11:24:37.596   398   464 I VehiclePropertyStore: begin to write value to Store: {.timestamp = 10013418464191, .areaId = 0, .prop = 557846566, .status = AVAILABLE, .value = {.int32Values = [1]{0}, .floatValues = [0]{}, .int64Values = [0]{}, .bytes = [0]{}, .stringValue = ""}}
12-30 11:24:37.596   398   464 D adayocomadapter-CommunicationManager: onUpstreamReceive mPropertyId 0x21401026
12-30 11:24:37.596   398   464 D adayocomadapter-CommunicationManager: onUpstreamReceive mPropertyId 0x21402168
12-30 11:24:37.596   398   464 D adayocomadapter-CommunicationManager: convertBytesToInt32Memcpy  0
12-30 11:24:37.596   398   464 I vw-vhal : notifyVehicleProperty, propId = 0x21402168, data = {status: 2, int32Values: [0]}
12-30 11:24:37.596   398   464 I vw-vhal : CanSignalsAdapter::notifyVehicleProperty: solvedValue = {.timestamp = 10013418648858, .areaId = 0, .prop = 557850984, .status = AVAILABLE, .value = {.int32Values = [1]{0}, .floatValues = [0]{}, .int64Values = [0]{}, .bytes = [0]{}, .stringValue = ""}}
12-30 11:24:37.596   398   464 I VehiclePropertyStore: begin to write value to Store: {.timestamp = 10013418648858, .areaId = 0, .prop = 557850984, .status = AVAILABLE, .value = {.int32Values = [1]{0}, .floatValues = [0]{}, .int64Values = [0]{}, .bytes = [0]{}, .stringValue = ""}}
12-30 11:24:37.596   398   464 I DefaultVehicleHal_v2_0: DefaultVehicleHal::onPropertyValue, value:{.timestamp = 10013418648858, .areaId = 0, .prop = 557850984, .status = AVAILABLE, .value = {.int32Values = [1]{0}, .floatValues = [0]{}, .int64Values = [0]{}, .bytes = [0]{}, .stringValue = ""}}
12-30 11:24:37.596   398   464 D DiagPropHandler: is not DiagnosticConfig: 0x21402168
12-30 11:24:37.596   398   464 I VehiclePropertyStore: begin to write value to Store: {.timestamp = 10013418648858, .areaId = 0, .prop = 557850984, .status = AVAILABLE, .value = {.int32Values = [1]{0}, .floatValues = [0]{}, .int64Values = [0]{}, .bytes = [0]{}, .stringValue = ""}}
12-30 11:24:37.596   398   464 D adayocomadapter-CommunicationManager: onUpstreamReceive mPropertyId 0x21402168
12-30 11:24:37.596   398   464 D adayocomadapter-CommunicationManager: onUpstreamReceive mPropertyId 0x2140103e
12-30 11:24:37.596   398   464 D adayocomadapter-CommunicationManager: convertBytesToInt32Memcpy  0
12-30 11:24:37.596   398   464 I vw-vhal : notifyVehicleProperty, propId = 0x2140103e, data = {status: 2, int32Values: [0]}
12-30 11:24:37.597   398   464 I vw-vhal : CanSignalsAdapter::notifyVehicleProperty: solvedValue = {.timestamp = 10013418847858, .areaId = 0, .prop = 557846590, .status = AVAILABLE, .value = {.int32Values = [1]{0}, .floatValues = [0]{}, .int64Values = [0]{}, .bytes = [0]{}, .stringValue = ""}}
12-30 11:24:37.597   398   464 I VehiclePropertyStore: begin to write value to Store: {.timestamp = 10013418847858, .areaId = 0, .prop = 557846590, .status = AVAILABLE, .value = {.int32Values = [1]{0}, .floatValues = [0]{}, .int64Values = [0]{}, .bytes = [0]{}, .stringValue = ""}}
12-30 11:24:37.597   398   464 I DefaultVehicleHal_v2_0: DefaultVehicleHal::onPropertyValue, value:{.timestamp = 10013418847858, .areaId = 0, .prop = 557846590, .status = AVAILABLE, .value = {.int32Values = [1]{0}, .floatValues = [0]{}, .int64Values = [0]{}, .bytes = [0]{}, .stringValue = ""}}
12-30 11:24:37.597   398   464 D DiagPropHandler: is not DiagnosticConfig: 0x2140103e
12-30 11:24:37.597   398   464 I VehiclePropertyStore: begin to write value to Store: {.timestamp = 10013418847858, .areaId = 0, .prop = 557846590, .status = AVAILABLE, .value = {.int32Values = [1]{0}, .floatValues = [0]{}, .int64Values = [0]{}, .bytes = [0]{}, .stringValue = ""}}
12-30 11:24:37.597   398   464 D adayocomadapter-CommunicationManager: onUpstreamReceive mPropertyId 0x2140103e
12-30 11:24:37.597   398   464 D adayocomadapter-CommunicationManager: onUpstreamReceive mPropertyId 0x2140216a
12-30 11:24:37.597   398   464 D adayocomadapter-CommunicationManager: convertBytesToInt32Memcpy  0
12-30 11:24:37.597   398   464 I vw-vhal : notifyVehicleProperty, propId = 0x2140216a, data = {status: 2, int32Values: [0]}
12-30 11:24:37.597   398   464 I vw-vhal : CanSignalsAdapter::notifyVehicleProperty: solvedValue = {.timestamp = 10013419050858, .areaId = 0, .prop = 557850986, .status = AVAILABLE, .value = {.int32Values = [1]{0}, .floatValues = [0]{}, .int64Values = [0]{}, .bytes = [0]{}, .stringValue = ""}}
12-30 11:24:37.597   398   464 I VehiclePropertyStore: begin to write value to Store: {.timestamp = 10013419050858, .areaId = 0, .prop = 557850986, .status = AVAILABLE, .value = {.int32Values = [1]{0}, .floatValues = [0]{}, .int64Values = [0]{}, .bytes = [0]{}, .stringValue = ""}}
12-30 11:24:37.597   398   464 I DefaultVehicleHal_v2_0: DefaultVehicleHal::onPropertyValue, value:{.timestamp = 10013419050858, .areaId = 0, .prop = 557850986, .status = AVAILABLE, .value = {.int32Values = [1]{0}, .floatValues = [0]{}, .int64Values = [0]{}, .bytes = [0]{}, .stringValue = ""}}
12-30 11:24:37.597   398   464 D DiagPropHandler: is not DiagnosticConfig: 0x2140216a
12-30 11:24:37.597   398   464 I VehiclePropertyStore: begin to write value to Store: {.timestamp = 10013419050858, .areaId = 0, .prop = 557850986, .status = AVAILABLE, .value = {.int32Values = [1]{0}, .floatValues = [0]{}, .int64Values = [0]{}, .bytes = [0]{}, .stringValue = ""}}
12-30 11:24:37.597   398   464 D adayocomadapter-CommunicationManager: onUpstreamReceive mPropertyId 0x2140216a
12-30 11:24:37.597   398   464 D adayocomadapter-CommunicationManager: onUpstreamReceive mPropertyId 0x2140216e
12-30 11:24:37.597   398   464 D adayocomadapter-CommunicationManager: convertBytesToInt32Memcpy  0
12-30 11:24:37.597   398   464 I vw-vhal : notifyVehicleProperty, propId = 0x2140216e, data = {status: 2, int32Values: [0]}
12-30 11:24:37.597   398   464 I vw-vhal : CanSignalsAdapter::notifyVehicleProperty: solvedValue = {.timestamp = 10013419257191, .areaId = 0, .prop = 557850990, .status = AVAILABLE, .value = {.int32Values = [1]{0}, .floatValues = [0]{}, .int64Values = [0]{}, .bytes = [0]{}, .stringValue = ""}}
12-30 11:24:37.597   398   464 I VehiclePropertyStore: begin to write value to Store: {.timestamp = 10013419257191, .areaId = 0, .prop = 557850990, .status = AVAILABLE, .value = {.int32Values = [1]{0}, .floatValues = [0]{}, .int64Values = [0]{}, .bytes = [0]{}, .stringValue = ""}}
12-30 11:24:37.597   398   464 I DefaultVehicleHal_v2_0: DefaultVehicleHal::onPropertyValue, value:{.timestamp = 10013419257191, .areaId = 0, .prop = 557850990, .status = AVAILABLE, .value = {.int32Values = [1]{0}, .floatValues = [0]{}, .int64Values = [0]{}, .bytes = [0]{}, .stringValue = ""}}
12-30 11:24:37.597   398   464 D DiagPropHandler: is not DiagnosticConfig: 0x2140216e
12-30 11:24:37.597   398   464 I VehiclePropertyStore: begin to write value to Store: {.timestamp = 10013419257191, .areaId = 0, .prop = 557850990, .status = AVAILABLE, .value = {.int32Values = [1]{0}, .floatValues = [0]{}, .int64Values = [0]{}, .bytes = [0]{}, .stringValue = ""}}
12-30 11:24:37.597   398   464 D adayocomadapter-CommunicationManager: onUpstreamReceive mPropertyId 0x2140216e
12-30 11:24:37.597   398   464 D adayocomadapter-CommunicationManager: onUpstreamReceive mPropertyId 0x21402170
12-30 11:24:37.597   398   464 D adayocomadapter-CommunicationManager: convertBytesToInt32Memcpy  0
12-30 11:24:37.597   398   464 I vw-vhal : notifyVehicleProperty, propId = 0x21402170, data = {status: 2, int32Values: [0]}
12-30 11:24:37.597   398   464 I vw-vhal : CanSignalsAdapter::notifyVehicleProperty: solvedValue = {.timestamp = 10013419466858, .areaId = 0, .prop = 557850992, .status = AVAILABLE, .value = {.int32Values = [1]{0}, .floatValues = [0]{}, .int64Values = [0]{}, .bytes = [0]{}, .stringValue = ""}}
12-30 11:24:37.597   398   464 I VehiclePropertyStore: begin to write value to Store: {.timestamp = 10013419466858, .areaId = 0, .prop = 557850992, .status = AVAILABLE, .value = {.int32Values = [1]{0}, .floatValues = [0]{}, .int64Values = [0]{}, .bytes = [0]{}, .stringValue = ""}}
12-30 11:24:37.597   398   464 I DefaultVehicleHal_v2_0: DefaultVehicleHal::onPropertyValue, value:{.timestamp = 10013419466858, .areaId = 0, .prop = 557850992, .status = AVAILABLE, .value = {.int32Values = [1]{0}, .floatValues = [0]{}, .int64Values = [0]{}, .bytes = [0]{}, .stringValue = ""}}
12-30 11:24:37.597   398   464 D DiagPropHandler: is not DiagnosticConfig: 0x21402170
12-30 11:24:37.597   398   464 I VehiclePropertyStore: begin to write value to Store: {.timestamp = 10013419466858, .areaId = 0, .prop = 557850992, .status = AVAILABLE, .value = {.int32Values = [1]{0}, .floatValues = [0]{}, .int64Values = [0]{}, .bytes = [0]{}, .stringValue = ""}}
12-30 11:24:37.597   398   464 D adayocomadapter-CommunicationManager: onUpstreamReceive mPropertyId 0x21402170
12-30 11:24:37.597   398   464 D adayocomadapter-CommunicationManager: onUpstreamReceive mPropertyId 0x21402172
12-30 11:24:37.597   398   464 D adayocomadapter-CommunicationManager: convertBytesToInt32Memcpy  0
12-30 11:24:37.597   398   464 I vw-vhal : notifyVehicleProperty, propId = 0x21402172, data = {status: 2, int32Values: [0]}
12-30 11:24:37.597   398   464 I vw-vhal : CanSignalsAdapter::notifyVehicleProperty: solvedValue = {.timestamp = 10013419671191, .areaId = 0, .prop = 557850994, .status = AVAILABLE, .value = {.int32Values = [1]{0}, .floatValues = [0]{}, .int64Values = [0]{}, .bytes = [0]{}, .stringValue = ""}}
12-30 11:24:37.597   398   464 I VehiclePropertyStore: begin to write value to Store: {.timestamp = 10013419671191, .areaId = 0, .prop = 557850994, .status = AVAILABLE, .value = {.int32Values = [1]{0}, .floatValues = [0]{}, .int64Values = [0]{}, .bytes = [0]{}, .stringValue = ""}}
12-30 11:24:37.597   398   464 I DefaultVehicleHal_v2_0: DefaultVehicleHal::onPropertyValue, value:{.timestamp = 10013419671191, .areaId = 0, .prop = 557850994, .status = AVAILABLE, .value = {.int32Values = [1]{0}, .floatValues = [0]{}, .int64Values = [0]{}, .bytes = [0]{}, .stringValue = ""}}
12-30 11:24:37.597   398   464 D DiagPropHandler: is not DiagnosticConfig: 0x21402172
12-30 11:24:37.597   398   464 I VehiclePropertyStore: begin to write value to Store: {.timestamp = 10013419671191, .areaId = 0, .prop = 557850994, .status = AVAILABLE, .value = {.int32Values = [1]{0}, .floatValues = [0]{}, .int64Values = [0]{}, .bytes = [0]{}, .stringValue = ""}}
12-30 11:24:37.597   398   464 D adayocomadapter-CommunicationManager: onUpstreamReceive mPropertyId 0x21402172
12-30 11:24:37.597   398   464 D adayocomadapter-CommunicationManager: onUpstreamReceive mPropertyId 0x21402174
12-30 11:24:37.597   398   464 D adayocomadapter-CommunicationManager: convertBytesToInt32Memcpy  0
12-30 11:24:37.598   398   464 I vw-vhal : notifyVehicleProperty, propId = 0x21402174, data = {status: 2, int32Values: [0]}
12-30 11:24:37.598   398   464 I vw-vhal : CanSignalsAdapter::notifyVehicleProperty: solvedValue = {.timestamp = 10013419877858, .areaId = 0, .prop = 557850996, .status = AVAILABLE, .value = {.int32Values = [1]{0}, .floatValues = [0]{}, .int64Values = [0]{}, .bytes = [0]{}, .stringValue = ""}}
12-30 11:24:37.598   398   464 I VehiclePropertyStore: begin to write value to Store: {.timestamp = 10013419877858, .areaId = 0, .prop = 557850996, .status = AVAILABLE, .value = {.int32Values = [1]{0}, .floatValues = [0]{}, .int64Values = [0]{}, .bytes = [0]{}, .stringValue = ""}}
12-30 11:24:37.598   398   464 I DefaultVehicleHal_v2_0: DefaultVehicleHal::onPropertyValue, value:{.timestamp = 10013419877858, .areaId = 0, .prop = 557850996, .status = AVAILABLE, .value = {.int32Values = [1]{0}, .floatValues = [0]{}, .int64Values = [0]{}, .bytes = [0]{}, .stringValue = ""}}
12-30 11:24:37.598   398   464 D DiagPropHandler: is not DiagnosticConfig: 0x21402174
12-30 11:24:37.598   398   464 I VehiclePropertyStore: begin to write value to Store: {.timestamp = 10013419877858, .areaId = 0, .prop = 557850996, .status = AVAILABLE, .value = {.int32Values = [1]{0}, .floatValues = [0]{}, .int64Values = [0]{}, .bytes = [0]{}, .stringValue = ""}}
12-30 11:24:37.598   398   464 D adayocomadapter-CommunicationManager: onUpstreamReceive mPropertyId 0x21402174
12-30 11:24:37.598   398   464 D adayocomadapter-CommunicationManager: onUpstreamReceive mPropertyId 0x21402176
12-30 11:24:37.598   398   464 D adayocomadapter-CommunicationManager: convertBytesToInt32Memcpy  0
12-30 11:24:37.598   398   464 I vw-vhal : notifyVehicleProperty, propId = 0x21402176, data = {status: 2, int32Values: [0]}
12-30 11:24:37.598   398   464 I vw-vhal : CanSignalsAdapter::notifyVehicleProperty: solvedValue = {.timestamp = 10013420164858, .areaId = 0, .prop = 557850998, .status = AVAILABLE, .value = {.int32Values = [1]{0}, .floatValues = [0]{}, .int64Values = [0]{}, .bytes = [0]{}, .stringValue = ""}}
12-30 11:24:37.598   398   464 I VehiclePropertyStore: begin to write value to Store: {.timestamp = 10013420164858, .areaId = 0, .prop = 557850998, .status = AVAILABLE, .value = {.int32Values = [1]{0}, .floatValues = [0]{}, .int64Values = [0]{}, .bytes = [0]{}, .stringValue = ""}}
12-30 11:24:37.598   398   464 I DefaultVehicleHal_v2_0: DefaultVehicleHal::onPropertyValue, value:{.timestamp = 10013420164858, .areaId = 0, .prop = 557850998, .status = AVAILABLE, .value = {.int32Values = [1]{0}, .floatValues = [0]{}, .int64Values = [0]{}, .bytes = [0]{}, .stringValue = ""}}
12-30 11:24:37.598   398   464 D DiagPropHandler: is not DiagnosticConfig: 0x21402176
12-30 11:24:37.598   398   464 I VehiclePropertyStore: begin to write value to Store: {.timestamp = 10013420164858, .areaId = 0, .prop = 557850998, .status = AVAILABLE, .value = {.int32Values = [1]{0}, .floatValues = [0]{}, .int64Values = [0]{}, .bytes = [0]{}, .stringValue = ""}}
12-30 11:24:37.598   398   464 D adayocomadapter-CommunicationManager: onUpstreamReceive mPropertyId 0x21402176
12-30 11:24:37.598   398   464 D adayocomadapter-CommunicationManager: onUpstreamReceive mPropertyId 0x21402178
12-30 11:24:37.598   398   464 D adayocomadapter-CommunicationManager: convertBytesToInt32Memcpy  0
12-30 11:24:37.598   398   464 I vw-vhal : notifyVehicleProperty, propId = 0x21402178, data = {status: 2, int32Values: [0]}
12-30 11:24:37.598   398   464 I vw-vhal : CanSignalsAdapter::notifyVehicleProperty: solvedValue = {.timestamp = 10013420370525, .areaId = 0, .prop = 557851000, .status = AVAILABLE, .value = {.int32Values = [1]{0}, .floatValues = [0]{}, .int64Values = [0]{}, .bytes = [0]{}, .stringValue = ""}}
12-30 11:24:37.598   398   464 I VehiclePropertyStore: begin to write value to Store: {.timestamp = 10013420370525, .areaId = 0, .prop = 557851000, .status = AVAILABLE, .value = {.int32Values = [1]{0}, .floatValues = [0]{}, .int64Values = [0]{}, .bytes = [0]{}, .stringValue = ""}}
12-30 11:24:37.598   398   464 I DefaultVehicleHal_v2_0: DefaultVehicleHal::onPropertyValue, value:{.timestamp = 10013420370525, .areaId = 0, .prop = 557851000, .status = AVAILABLE, .value = {.int32Values = [1]{0}, .floatValues = [0]{}, .int64Values = [0]{}, .bytes = [0]{}, .stringValue = ""}}
12-30 11:24:37.598   398   464 D DiagPropHandler: is not DiagnosticConfig: 0x21402178
12-30 11:24:37.598   398   464 I VehiclePropertyStore: begin to write value to Store: {.timestamp = 10013420370525, .areaId = 0, .prop = 557851000, .status = AVAILABLE, .value = {.int32Values = [1]{0}, .floatValues = [0]{}, .int64Values = [0]{}, .bytes = [0]{}, .stringValue = ""}}
12-30 11:24:37.598   398   464 D adayocomadapter-CommunicationManager: onUpstreamReceive mPropertyId 0x21402178
12-30 11:24:37.598   398   464 D adayocomadapter-CommunicationManager: onUpstreamReceive mPropertyId 0x2140205e
12-30 11:24:37.598   398   464 D adayocomadapter-CommunicationManager: convertBytesToInt32Memcpy  0
12-30 11:24:37.598   398   464 I vw-vhal : notifyVehicleProperty, propId = 0x2140205e, data = {status: 2, int32Values: [0]}
12-30 11:24:37.598   398   464 I vw-vhal : CanSignalsAdapter::notifyVehicleProperty: solvedValue = {.timestamp = 10013420576525, .areaId = 0, .prop = 557850718, .status = AVAILABLE, .value = {.int32Values = [1]{0}, .floatValues = [0]{}, .int64Values = [0]{}, .bytes = [0]{}, .stringValue = ""}}
12-30 11:24:37.598   398   464 I VehiclePropertyStore: begin to write value to Store: {.timestamp = 10013420576525, .areaId = 0, .prop = 557850718, .status = AVAILABLE, .value = {.int32Values = [1]{0}, .floatValues = [0]{}, .int64Values = [0]{}, .bytes = [0]{}, .stringValue = ""}}
12-30 11:24:37.598   398   464 I DefaultVehicleHal_v2_0: DefaultVehicleHal::onPropertyValue, value:{.timestamp = 10013420576525, .areaId = 0, .prop = 557850718, .status = AVAILABLE, .value = {.int32Values = [1]{0}, .floatValues = [0]{}, .int64Values = [0]{}, .bytes = [0]{}, .stringValue = ""}}
12-30 11:24:37.598   398   464 D DiagPropHandler: is not DiagnosticConfig: 0x2140205e
12-30 11:24:37.598   398   464 I VehiclePropertyStore: begin to write value to Store: {.timestamp = 10013420576525, .areaId = 0, .prop = 557850718, .status = AVAILABLE, .value = {.int32Values = [1]{0}, .floatValues = [0]{}, .int64Values = [0]{}, .bytes = [0]{}, .stringValue = ""}}
12-30 11:24:37.598   398   464 D adayocomadapter-CommunicationManager: onUpstreamReceive mPropertyId 0x2140205e
12-30 11:24:37.598   398   464 D adayocomadapter-CommunicationManager: onUpstreamReceive mPropertyId 0x2140217a
12-30 11:24:37.598   398   464 D adayocomadapter-CommunicationManager: convertBytesToInt32Memcpy  0
12-30 11:24:37.598   398   464 I vw-vhal : notifyVehicleProperty, propId = 0x2140217a, data = {status: 2, int32Values: [0]}
12-30 11:24:37.598   398   464 I vw-vhal : CanSignalsAdapter::notifyVehicleProperty: solvedValue = {.timestamp = 10013420775525, .areaId = 0, .prop = 557851002, .status = AVAILABLE, .value = {.int32Values = [1]{0}, .floatValues = [0]{}, .int64Values = [0]{}, .bytes = [0]{}, .stringValue = ""}}
12-30 11:24:37.598   398   464 I VehiclePropertyStore: begin to write value to Store: {.timestamp = 10013420775525, .areaId = 0, .prop = 557851002, .status = AVAILABLE, .value = {.int32Values = [1]{0}, .floatValues = [0]{}, .int64Values = [0]{}, .bytes = [0]{}, .stringValue = ""}}
12-30 11:24:37.598   398   464 I DefaultVehicleHal_v2_0: DefaultVehicleHal::onPropertyValue, value:{.timestamp = 10013420775525, .areaId = 0, .prop = 557851002, .status = AVAILABLE, .value = {.int32Values = [1]{0}, .floatValues = [0]{}, .int64Values = [0]{}, .bytes = [0]{}, .stringValue = ""}}
12-30 11:24:37.599   398   464 D DiagPropHandler: is not DiagnosticConfig: 0x2140217a
12-30 11:24:37.599   398   464 I VehiclePropertyStore: begin to write value to Store: {.timestamp = 10013420775525, .areaId = 0, .prop = 557851002, .status = AVAILABLE, .value = {.int32Values = [1]{0}, .floatValues = [0]{}, .int64Values = [0]{}, .bytes = [0]{}, .stringValue = ""}}
12-30 11:24:37.599   398   464 D adayocomadapter-CommunicationManager: onUpstreamReceive mPropertyId 0x2140217a
12-30 11:24:37.599   398   464 D adayocomadapter-CommunicationManager: onUpstreamReceive mPropertyId 0x21402207
12-30 11:24:37.599   398   464 D adayocomadapter-CommunicationManager: convertBytesToInt32Memcpy  0
12-30 11:24:37.599   398   464 I vw-vhal : notifyVehicleProperty, propId = 0x21402207, data = {status: 2, int32Values: [0]}
12-30 11:24:37.599   398   464 I vw-vhal : CanSignalsAdapter::notifyVehicleProperty: solvedValue = {.timestamp = 10013420971191, .areaId = 0, .prop = 557851143, .status = AVAILABLE, .value = {.int32Values = [1]{0}, .floatValues = [0]{}, .int64Values = [0]{}, .bytes = [0]{}, .stringValue = ""}}
12-30 11:24:37.599   398   464 I VehiclePropertyStore: begin to write value to Store: {.timestamp = 10013420971191, .areaId = 0, .prop = 557851143, .status = AVAILABLE, .value = {.int32Values = [1]{0}, .floatValues = [0]{}, .int64Values = [0]{}, .bytes = [0]{}, .stringValue = ""}}
12-30 11:24:37.599   398   464 I DefaultVehicleHal_v2_0: DefaultVehicleHal::onPropertyValue, value:{.timestamp = 10013420971191, .areaId = 0, .prop = 557851143, .status = AVAILABLE, .value = {.int32Values = [1]{0}, .floatValues = [0]{}, .int64Values = [0]{}, .bytes = [0]{}, .stringValue = ""}}
12-30 11:24:37.599   398   464 D DiagPropHandler: is not DiagnosticConfig: 0x21402207
12-30 11:24:37.599   398   464 I VehiclePropertyStore: begin to write value to Store: {.timestamp = 10013420971191, .areaId = 0, .prop = 557851143, .status = AVAILABLE, .value = {.int32Values = [1]{0}, .floatValues = [0]{}, .int64Values = [0]{}, .bytes = [0]{}, .stringValue = ""}}
12-30 11:24:37.599   398   464 D adayocomadapter-CommunicationManager: onUpstreamReceive mPropertyId 0x21402207
12-30 11:24:37.599   398   464 D adayocomadapter-CommunicationManager: onUpstreamReceive mPropertyId 0x2140217c
12-30 11:24:37.599   398   464 D adayocomadapter-CommunicationManager: convertBytesToInt32Memcpy  0
12-30 11:24:37.599   398   464 I vw-vhal : notifyVehicleProperty, propId = 0x2140217c, data = {status: 2, int32Values: [0]}
12-30 11:24:37.599   398   464 I vw-vhal : CanSignalsAdapter::notifyVehicleProperty: solvedValue = {.timestamp = 10013421159525, .areaId = 0, .prop = 557851004, .status = AVAILABLE, .value = {.int32Values = [1]{0}, .floatValues = [0]{}, .int64Values = [0]{}, .bytes = [0]{}, .stringValue = ""}}
12-30 11:24:37.599   398   464 I VehiclePropertyStore: begin to write value to Store: {.timestamp = 10013421159525, .areaId = 0, .prop = 557851004, .status = AVAILABLE, .value = {.int32Values = [1]{0}, .floatValues = [0]{}, .int64Values = [0]{}, .bytes = [0]{}, .stringValue = ""}}
12-30 11:24:37.599   398   464 I DefaultVehicleHal_v2_0: DefaultVehicleHal::onPropertyValue, value:{.timestamp = 10013421159525, .areaId = 0, .prop = 557851004, .status = AVAILABLE, .value = {.int32Values = [1]{0}, .floatValues = [0]{}, .int64Values = [0]{}, .bytes = [0]{}, .stringValue = ""}}
12-30 11:24:37.599   398   464 D DiagPropHandler: is not DiagnosticConfig: 0x2140217c
12-30 11:24:37.599   398   464 I VehiclePropertyStore: begin to write value to Store: {.timestamp = 10013421159525, .areaId = 0, .prop = 557851004, .status = AVAILABLE, .value = {.int32Values = [1]{0}, .floatValues = [0]{}, .int64Values = [0]{}, .bytes = [0]{}, .stringValue = ""}}
12-30 11:24:37.599   398   464 D adayocomadapter-CommunicationManager: onUpstreamReceive mPropertyId 0x2140217c
12-30 11:24:37.599   398   464 D adayocomadapter-CommunicationManager: onUpstreamReceive mPropertyId 0x2140219c
12-30 11:24:37.599   398   464 D adayocomadapter-CommunicationManager: convertBytesToInt32Memcpy  0
12-30 11:24:37.599   398   464 D adayocomadapter-CommunicationManager: writeValue id=[557851036]
12-30 11:24:37.599   398   464 D adayocomadapter-VehiclePropertyStore: writeValue id=[557851036]
12-30 11:24:37.599   398   464 I vw-vhal : notifyVehicleProperty, propId = 0x2140219c, data = {status: 2, int32Values: [0]}
12-30 11:24:37.599   398   464 I vw-vhal : CanSignalsAdapter::notifyVehicleProperty: solvedValue = {.timestamp = 10013421385525, .areaId = 0, .prop = 557851036, .status = AVAILABLE, .value = {.int32Values = [1]{0}, .floatValues = [0]{}, .int64Values = [0]{}, .bytes = [0]{}, .stringValue = ""}}
12-30 11:24:37.599   398   464 I VehiclePropertyStore: begin to write value to Store: {.timestamp = 10013421385525, .areaId = 0, .prop = 557851036, .status = AVAILABLE, .value = {.int32Values = [1]{0}, .floatValues = [0]{}, .int64Values = [0]{}, .bytes = [0]{}, .stringValue = ""}}
12-30 11:24:37.599   398   464 I DefaultVehicleHal_v2_0: DefaultVehicleHal::onPropertyValue, value:{.timestamp = 10013421385525, .areaId = 0, .prop = 557851036, .status = AVAILABLE, .value = {.int32Values = [1]{0}, .floatValues = [0]{}, .int64Values = [0]{}, .bytes = [0]{}, .stringValue = ""}}
12-30 11:24:37.599   398   464 D DiagPropHandler: is not DiagnosticConfig: 0x2140219c
12-30 11:24:37.599   398   464 I VehiclePropertyStore: begin to write value to Store: {.timestamp = 10013421385525, .areaId = 0, .prop = 557851036, .status = AVAILABLE, .value = {.int32Values = [1]{0}, .floatValues = [0]{}, .int64Values = [0]{}, .bytes = [0]{}, .stringValue = ""}}
12-30 11:24:37.599   398   464 D adayocomadapter-CommunicationManager: onUpstreamReceive mPropertyId 0x2140219c
12-30 11:24:37.599   398   464 D adayocomadapter-CommunicationManager: onUpstreamReceive mPropertyId 0x214021df
12-30 11:24:37.599   398   464 D adayocomadapter-CommunicationManager: convertBytesToInt32Memcpy  0
12-30 11:24:37.599   398   464 I vw-vhal : notifyVehicleProperty, propId = 0x214021df, data = {status: 2, int32Values: [0]}
12-30 11:24:37.599   398   464 I vw-vhal : CanSignalsAdapter::notifyVehicleProperty: solvedValue = {.timestamp = 10013421576525, .areaId = 0, .prop = 557851103, .status = AVAILABLE, .value = {.int32Values = [1]{0}, .floatValues = [0]{}, .int64Values = [0]{}, .bytes = [0]{}, .stringValue = ""}}
12-30 11:24:37.599   398   464 I VehiclePropertyStore: begin to write value to Store: {.timestamp = 10013421576525, .areaId = 0, .prop = 557851103, .status = AVAILABLE, .value = {.int32Values = [1]{0}, .floatValues = [0]{}, .int64Values = [0]{}, .bytes = [0]{}, .stringValue = ""}}
12-30 11:24:37.599   398   464 I DefaultVehicleHal_v2_0: DefaultVehicleHal::onPropertyValue, value:{.timestamp = 10013421576525, .areaId = 0, .prop = 557851103, .status = AVAILABLE, .value = {.int32Values = [1]{0}, .floatValues = [0]{}, .int64Values = [0]{}, .bytes = [0]{}, .stringValue = ""}}
12-30 11:24:37.599   398   464 D DiagPropHandler: is not DiagnosticConfig: 0x214021df
12-30 11:24:37.599   398   464 I VehiclePropertyStore: begin to write value to Store: {.timestamp = 10013421576525, .areaId = 0, .prop = 557851103, .status = AVAILABLE, .value = {.int32Values = [1]{0}, .floatValues = [0]{}, .int64Values = [0]{}, .bytes = [0]{}, .stringValue = ""}}
12-30 11:24:37.599   398   464 D adayocomadapter-CommunicationManager: onUpstreamReceive mPropertyId 0x214021df
12-30 11:24:37.606  3066  3066 D hostapd : nl80211: BSS Event 59 (NL80211_CMD_FRAME) received for wlan1
12-30 11:24:37.606  3066  3066 D hostapd : nl80211: RX frame da=ff:ff:ff:ff:ff:ff sa=ea:9d:d5:49:2d:ed bssid=ea:9d:d5:49:2d:ed freq=5745 ssi_signal=-9100 fc=0xd0 seq_ctrl=0xbcd0 stype=13 (WLAN_FC_STYPE_ACTION) len=42
12-30 11:24:37.606  3066  3066 D hostapd : wlan1: Event RX_MGMT (18) received
12-30 11:24:37.606  3066  3066 D hostapd : Receive wpa msg : Event RX_MGMT (18) received
12-30 11:24:37.623   360   931 D EvsDriver: forwardFrame
12-30 11:24:37.623   360   931 D EvsDriver: forwardFrameDirect
12-30 11:24:37.623   360   931 D EvsDriver: Delivered 0xb400e2ca9e40c2d0 as id 0
12-30 11:24:37.623   359  2784 D evsmanagerd: /dev/video-evs0 forwarded the buffer #0 to 0xb400f125d2b26dd0 from 0xb400f125e2b20710
12-30 11:24:37.625   360   458 D EvsDriver: doneWithFrame
12-30 11:24:37.626   596  3076 E WifiHAL : Invalid data received from driver
12-30 11:24:37.637  2358  2623 D RcfController: Rcf proxy is not connected!
12-30 11:24:37.646   596  3076 E WifiHAL : Invalid data received from driver
12-30 11:24:37.649  1582  3078 I c       : checkService in back thread add: adayo.upgrade.v2.0
12-30 11:24:37.649  1582  3078 E upgradeApp_251223_V1  l: d(null:11)pre->c(null:23)-> serviceBinder is null
12-30 11:24:37.649  1582  3078 W c       : doBindService in back thread fail: adayo.upgrade.v2.0
12-30 11:24:37.656   360   931 D EvsDriver: forwardFrame
12-30 11:24:37.656   360   931 D EvsDriver: forwardFrameDirect
12-30 11:24:37.656   360   931 D EvsDriver: Delivered 0xb400e2ca9e40d090 as id 1
12-30 11:24:37.656   359  2784 D evsmanagerd: /dev/video-evs0 forwarded the buffer #1 to 0xb400f125d2b26dd0 from 0xb400f125e2b20710
12-30 11:24:37.665   360   458 D EvsDriver: doneWithFrame
12-30 11:24:37.687  2358  2623 D RcfController: Rcf proxy is not connected!
12-30 11:24:37.689   360   931 D EvsDriver: forwardFrame
12-30 11:24:37.689   360   931 D EvsDriver: forwardFrameDirect
12-30 11:24:37.690   360   931 D EvsDriver: Delivered 0xb400e2ca9e40e110 as id 0
12-30 11:24:37.690   359  2784 D evsmanagerd: /dev/video-evs0 forwarded the buffer #0 to 0xb400f125d2b26dd0 from 0xb400f125e2b20710
12-30 11:24:37.695   360   458 D EvsDriver: doneWithFrame
12-30 11:24:37.715  1667  2407 I media_message_log->MediaMessageProxy: (SourceFile:1)b connectToService action bind
12-30 11:24:37.716   916  2591 W ActivityManager: Unable to start service Intent { cmp=com.adayo.server.mediamessagetransfer/.MediaMessTransferService (has extras) } U=0: not found
12-30 11:24:37.716  1667  2407 E media_message_log->MediaMessageProxy: (SourceFile:7)a bindServiceAsUser isBound = false
12-30 11:24:37.723   360   931 D EvsDriver: forwardFrame
12-30 11:24:37.723   360   931 D EvsDriver: forwardFrameDirect
12-30 11:24:37.723   360   931 D EvsDriver: Delivered 0xb400e2ca9e40c7a0 as id 1
12-30 11:24:37.723   359  2784 D evsmanagerd: /dev/video-evs0 forwarded the buffer #1 to 0xb400f125d2b26dd0 from 0xb400f125e2b20710
12-30 11:24:37.725   596  3076 E WifiHAL : Invalid data received from driver
12-30 11:24:37.726   360   458 D EvsDriver: doneWithFrame
12-30 11:24:37.737  2358  2623 D RcfController: Rcf proxy is not connected!
12-30 11:24:37.756   360   931 D EvsDriver: forwardFrame
12-30 11:24:37.756   360   931 D EvsDriver: forwardFrameDirect
12-30 11:24:37.756   360   931 D EvsDriver: Delivered 0xb400e2ca9e40e270 as id 0
12-30 11:24:37.756   359  2784 D evsmanagerd: /dev/video-evs0 forwarded the buffer #0 to 0xb400f125d2b26dd0 from 0xb400f125e2b20710
12-30 11:24:37.766   360   458 D EvsDriver: doneWithFrame
12-30 11:24:37.776   596  3076 E WifiHAL : Invalid data received from driver
12-30 11:24:37.787  2358  2623 D RcfController: Rcf proxy is not connected!
12-30 11:24:37.789   360   931 D EvsDriver: forwardFrame
12-30 11:24:37.789   360   931 D EvsDriver: forwardFrameDirect
12-30 11:24:37.790   360   931 D EvsDriver: Delivered 0xb400e2ca9e40d4b0 as id 1
12-30 11:24:37.790   359  2784 D evsmanagerd: /dev/video-evs0 forwarded the buffer #1 to 0xb400f125d2b26dd0 from 0xb400f125e2b20710
12-30 11:24:37.796   360   458 D EvsDriver: doneWithFrame
12-30 11:24:37.823   360   931 D EvsDriver: forwardFrame
12-30 11:24:37.823   360   931 D EvsDriver: forwardFrameDirect
12-30 11:24:37.823   360   931 D EvsDriver: Delivered 0xb400e2ca9e40c2d0 as id 0
12-30 11:24:37.823   359  2784 D evsmanagerd: /dev/video-evs0 forwarded the buffer #0 to 0xb400f125d2b26dd0 from 0xb400f125e2b20710
12-30 11:24:37.827   360   458 D EvsDriver: doneWithFrame
12-30 11:24:37.828   596  3076 E WifiHAL : Invalid data received from driver
12-30 11:24:37.828   596  3076 E WifiHAL : Invalid data received from driver
12-30 11:24:37.828   596  3076 E WifiHAL : Invalid data received from driver
12-30 11:24:37.828   596  3076 E WifiHAL : Invalid data received from driver
12-30 11:24:37.828   596  3076 E WifiHAL : Invalid data received from driver
12-30 11:24:37.828   596  3076 E WifiHAL : Invalid data received from driver
12-30 11:24:37.828   596  3076 E WifiHAL : Invalid data received from driver
12-30 11:24:37.837  2358  2623 D RcfController: Rcf proxy is not connected!
12-30 11:24:37.856   360   931 D EvsDriver: forwardFrame
12-30 11:24:37.856   360   931 D EvsDriver: forwardFrameDirect
12-30 11:24:37.856   360   931 D EvsDriver: Delivered 0xb400e2ca9e40d090 as id 1
12-30 11:24:37.856   359  2784 D evsmanagerd: /dev/video-evs0 forwarded the buffer #1 to 0xb400f125d2b26dd0 from 0xb400f125e2b20710
12-30 11:24:37.857   360   458 D EvsDriver: doneWithFrame
12-30 11:24:37.862   596  3076 E WifiHAL : Invalid data received from driver
12-30 11:24:37.877   798 18368 W adbd    : timed out while waiting for FUNCTIONFS_BIND, trying again
12-30 11:24:37.877   798 18368 I adbd    : UsbFfs: connection terminated: monitor thread finished
12-30 11:24:37.878   798   798 I adbd    : UsbFfs: already offline
12-30 11:24:37.878   798   798 I adbd    : destroying transport UsbFfs
12-30 11:24:37.878   798   798 I adbd    : UsbFfsConnection being destroyed
12-30 11:24:37.888  2358  2623 D RcfController: Rcf proxy is not connected!
12-30 11:24:37.889   360   931 D EvsDriver: forwardFrame
12-30 11:24:37.889   360   931 D EvsDriver: forwardFrameDirect
12-30 11:24:37.890   360   931 D EvsDriver: Delivered 0xb400e2ca9e40e110 as id 0
12-30 11:24:37.890   359  2784 D evsmanagerd: /dev/video-evs0 forwarded the buffer #0 to 0xb400f125d2b26dd0 from 0xb400f125e2b20710
12-30 11:24:37.897   360   458 D EvsDriver: doneWithFrame
12-30 11:24:37.923   360   931 D EvsDriver: forwardFrame
12-30 11:24:37.923   360   931 D EvsDriver: forwardFrameDirect
12-30 11:24:37.923   360   931 D EvsDriver: Delivered 0xb400e2ca9e40c7a0 as id 1
12-30 11:24:37.923   359  2784 D evsmanagerd: /dev/video-evs0 forwarded the buffer #1 to 0xb400f125d2b26dd0 from 0xb400f125e2b20710
12-30 11:24:37.926   798   838 I adbd    : opening control endpoint /dev/usb-ffs/adb/ep0
12-30 11:24:37.927   798   838 I adbd    : UsbFfsConnection constructed
12-30 11:24:37.927   798 18374 I adbd    : UsbFfs-monitor thread spawned
12-30 11:24:37.928   360   458 D EvsDriver: doneWithFrame
12-30 11:24:37.928   596  3076 E WifiHAL : Invalid data received from driver
01-01 10:46:54.936   838   838 I         : read descriptors
01-01 10:46:54.936   838   838 I         : read strings
12-30 11:24:37.938  2358  2623 D RcfController: Rcf proxy is not connected!
12-30 11:24:37.953   596  3076 E WifiHAL : Invalid data received from driver
12-30 11:24:37.956   360   931 D EvsDriver: forwardFrame
12-30 11:24:37.956   360   931 D EvsDriver: forwardFrameDirect
12-30 11:24:37.956   360   931 D EvsDriver: Delivered 0xb400e2ca9e40e270 as id 0
12-30 11:24:37.956   359  2784 D evsmanagerd: /dev/video-evs0 forwarded the buffer #0 to 0xb400f125d2b26dd0 from 0xb400f125e2b20710
12-30 11:24:37.958   360   458 D EvsDriver: doneWithFrame
12-30 11:24:37.969  1667  2513 W ContextImpl: Calling a method in the system process without a qualified user: android.app.ContextImpl.bindService:1988 android.content.ContextWrapper.bindService:861 com.ford.sync.fnvservice.analytics.AnalyticsManager$RetryHandler.a:126 com.ford.sync.fnvservice.analytics.AnalyticsManager$RetryHandler.handleMessage:103 android.os.Handler.dispatchMessage:106 
12-30 11:24:37.970   916  2591 W ActivityManager: Unable to start service Intent { cmp=com.ford.sync.fnvservice/.analytics.AnalyticsService } U=0: not found
12-30 11:24:37.970  1667  2513 W AnalyticsManager:  bind ford Analytics failed -> sendRetryMessage 
12-30 11:24:37.988  2358  2623 D RcfController: Rcf proxy is not connected!
12-30 11:24:37.989   360   931 D EvsDriver: forwardFrame
12-30 11:24:37.990   360   931 D EvsDriver: forwardFrameDirect
12-30 11:24:37.990   360   931 D EvsDriver: Delivered 0xb400e2ca9e40d4b0 as id 1
12-30 11:24:37.990   359  2784 D evsmanagerd: /dev/video-evs0 forwarded the buffer #1 to 0xb400f125d2b26dd0 from 0xb400f125e2b20710
12-30 11:24:37.992  1667  2410 I media_message_log->MediaMessageUserProxy: (SourceFile:1)b connectToService action bind
12-30 11:24:37.993   916  2591 W ActivityManager: Unable to start service Intent { cmp=com.adayo.server.mediamessagetransfer/.MediaMessTransferService (has extras) } U=0: not found
12-30 11:24:37.994  1667  2410 E media_message_log->MediaMessageUserProxy: (SourceFile:7)a bindServiceAsUser isBound = false
12-30 11:24:37.996   650   729 D fgemcucomm: sd Uart data : 6AA602386600029202CA
