12-30 11:24:39.528   398   464 I VehiclePropertyStore: begin to write value to Store: {.timestamp = 10015350572858, .areaId = 0, .prop = 557850715, .status = AVAILABLE, .value = {.int32Values = [1]{0}, .floatValues = [0]{}, .int64Values = [0]{}, .bytes = [0]{}, .stringValue = ""}}
12-30 11:24:39.528   398   464 I DefaultVehicleHal_v2_0: DefaultVehicleHal::onPropertyValue, value:{.timestamp = 10015350572858, .areaId = 0, .prop = 557850715, .status = AVAILABLE, .value = {.int32Values = [1]{0}, .floatValues = [0]{}, .int64Values = [0]{}, .bytes = [0]{}, .stringValue = ""}}
12-30 11:24:39.528   398   464 D DiagPropHandler: is not DiagnosticConfig: 0x2140205b
12-30 11:24:39.528   398   464 I VehiclePropertyStore: begin to write value to Store: {.timestamp = 10015350572858, .areaId = 0, .prop = 557850715, .status = AVAILABLE, .value = {.int32Values = [1]{0}, .floatValues = [0]{}, .int64Values = [0]{}, .bytes = [0]{}, .stringValue = ""}}
12-30 11:24:39.528   398   464 D adayocomadapter-CommunicationManager: onUpstreamReceive mPropertyId 0x2140205b
12-30 11:24:39.528   398   464 D adayocomadapter-CommunicationManager: onUpstreamReceive mPropertyId 0x2140205c
12-30 11:24:39.528   398   464 D adayocomadapter-CommunicationManager: convertBytesToInt32Memcpy  0
12-30 11:24:39.528   398   464 I vw-vhal : notifyVehicleProperty, propId = 0x2140205c, data = {status: 2, int32Values: [0]}
12-30 11:24:39.528   398   464 I vw-vhal : CanSignalsAdapter::notifyVehicleProperty: solvedValue = {.timestamp = 10015350766191, .areaId = 0, .prop = 557850716, .status = AVAILABLE, .value = {.int32Values = [1]{0}, .floatValues = [0]{}, .int64Values = [0]{}, .bytes = [0]{}, .stringValue = ""}}
12-30 11:24:39.528   398   464 I VehiclePropertyStore: begin to write value to Store: {.timestamp = 10015350766191, .areaId = 0, .prop = 557850716, .status = AVAILABLE, .value = {.int32Values = [1]{0}, .floatValues = [0]{}, .int64Values = [0]{}, .bytes = [0]{}, .stringValue = ""}}
12-30 11:24:39.528   398   464 I DefaultVehicleHal_v2_0: DefaultVehicleHal::onPropertyValue, value:{.timestamp = 10015350766191, .areaId = 0, .prop = 557850716, .status = AVAILABLE, .value = {.int32Values = [1]{0}, .floatValues = [0]{}, .int64Values = [0]{}, .bytes = [0]{}, .stringValue = ""}}
12-30 11:24:39.529   398   464 D DiagPropHandler: is not DiagnosticConfig: 0x2140205c
12-30 11:24:39.529   398   464 I VehiclePropertyStore: begin to write value to Store: {.timestamp = 10015350766191, .areaId = 0, .prop = 557850716, .status = AVAILABLE, .value = {.int32Values = [1]{0}, .floatValues = [0]{}, .int64Values = [0]{}, .bytes = [0]{}, .stringValue = ""}}
12-30 11:24:39.529   398   464 D adayocomadapter-CommunicationManager: onUpstreamReceive mPropertyId 0x2140205c
12-30 11:24:39.529   398   464 D adayocomadapter-CommunicationManager: onUpstreamReceive mPropertyId 0x2140218e
12-30 11:24:39.529   398   464 D adayocomadapter-CommunicationManager: convertBytesToInt32Memcpy  0
12-30 11:24:39.529   398   464 I vw-vhal : notifyVehicleProperty, propId = 0x2140218e, data = {status: 2, int32Values: [0]}
12-30 11:24:39.529   398   464 I vw-vhal : CanSignalsAdapter::notifyVehicleProperty: solvedValue = {.timestamp = 10015350967525, .areaId = 0, .prop = 557851022, .status = AVAILABLE, .value = {.int32Values = [1]{0}, .floatValues = [0]{}, .int64Values = [0]{}, .bytes = [0]{}, .stringValue = ""}}
12-30 11:24:39.529   398   464 I VehiclePropertyStore: begin to write value to Store: {.timestamp = 10015350967525, .areaId = 0, .prop = 557851022, .status = AVAILABLE, .value = {.int32Values = [1]{0}, .floatValues = [0]{}, .int64Values = [0]{}, .bytes = [0]{}, .stringValue = ""}}
12-30 11:24:39.529   398   464 I DefaultVehicleHal_v2_0: DefaultVehicleHal::onPropertyValue, value:{.timestamp = 10015350967525, .areaId = 0, .prop = 557851022, .status = AVAILABLE, .value = {.int32Values = [1]{0}, .floatValues = [0]{}, .int64Values = [0]{}, .bytes = [0]{}, .stringValue = ""}}
12-30 11:24:39.529   398   464 D DiagPropHandler: is not DiagnosticConfig: 0x2140218e
12-30 11:24:39.529   398   464 I VehiclePropertyStore: begin to write value to Store: {.timestamp = 10015350967525, .areaId = 0, .prop = 557851022, .status = AVAILABLE, .value = {.int32Values = [1]{0}, .floatValues = [0]{}, .int64Values = [0]{}, .bytes = [0]{}, .stringValue = ""}}
12-30 11:24:39.529   398   464 D adayocomadapter-CommunicationManager: onUpstreamReceive mPropertyId 0x2140218e
12-30 11:24:39.529   398   464 D adayocomadapter-CommunicationManager: onUpstreamReceive mPropertyId 0x2140218f
12-30 11:24:39.529   398   464 D adayocomadapter-CommunicationManager: convertBytesToInt32Memcpy  0
12-30 11:24:39.529   398   464 I vw-vhal : notifyVehicleProperty, propId = 0x2140218f, data = {status: 2, int32Values: [0]}
12-30 11:24:39.529   398   464 I vw-vhal : CanSignalsAdapter::notifyVehicleProperty: solvedValue = {.timestamp = 10015351167191, .areaId = 0, .prop = 557851023, .status = AVAILABLE, .value = {.int32Values = [1]{0}, .floatValues = [0]{}, .int64Values = [0]{}, .bytes = [0]{}, .stringValue = ""}}
12-30 11:24:39.529   398   464 I VehiclePropertyStore: begin to write value to Store: {.timestamp = 10015351167191, .areaId = 0, .prop = 557851023, .status = AVAILABLE, .value = {.int32Values = [1]{0}, .floatValues = [0]{}, .int64Values = [0]{}, .bytes = [0]{}, .stringValue = ""}}
12-30 11:24:39.529   398   464 I DefaultVehicleHal_v2_0: DefaultVehicleHal::onPropertyValue, value:{.timestamp = 10015351167191, .areaId = 0, .prop = 557851023, .status = AVAILABLE, .value = {.int32Values = [1]{0}, .floatValues = [0]{}, .int64Values = [0]{}, .bytes = [0]{}, .stringValue = ""}}
12-30 11:24:39.529   398   464 D DiagPropHandler: is not DiagnosticConfig: 0x2140218f
12-30 11:24:39.529   398   464 I VehiclePropertyStore: begin to write value to Store: {.timestamp = 10015351167191, .areaId = 0, .prop = 557851023, .status = AVAILABLE, .value = {.int32Values = [1]{0}, .floatValues = [0]{}, .int64Values = [0]{}, .bytes = [0]{}, .stringValue = ""}}
12-30 11:24:39.529   398   464 D adayocomadapter-CommunicationManager: onUpstreamReceive mPropertyId 0x2140218f
12-30 11:24:39.529   398   464 D adayocomadapter-CommunicationManager: onUpstreamReceive mPropertyId 0x21402191
12-30 11:24:39.529   398   464 D adayocomadapter-CommunicationManager: convertBytesToInt32Memcpy  0
12-30 11:24:39.529   398   464 I vw-vhal : notifyVehicleProperty, propId = 0x21402191, data = {status: 2, int32Values: [0]}
12-30 11:24:39.529   398   464 I vw-vhal : CanSignalsAdapter::notifyVehicleProperty: solvedValue = {.timestamp = 10015351380191, .areaId = 0, .prop = 557851025, .status = AVAILABLE, .value = {.int32Values = [1]{0}, .floatValues = [0]{}, .int64Values = [0]{}, .bytes = [0]{}, .stringValue = ""}}
12-30 11:24:39.529   398   464 I VehiclePropertyStore: begin to write value to Store: {.timestamp = 10015351380191, .areaId = 0, .prop = 557851025, .status = AVAILABLE, .value = {.int32Values = [1]{0}, .floatValues = [0]{}, .int64Values = [0]{}, .bytes = [0]{}, .stringValue = ""}}
12-30 11:24:39.529   398   464 I DefaultVehicleHal_v2_0: DefaultVehicleHal::onPropertyValue, value:{.timestamp = 10015351380191, .areaId = 0, .prop = 557851025, .status = AVAILABLE, .value = {.int32Values = [1]{0}, .floatValues = [0]{}, .int64Values = [0]{}, .bytes = [0]{}, .stringValue = ""}}
12-30 11:24:39.529   398   464 D DiagPropHandler: is not DiagnosticConfig: 0x21402191
12-30 11:24:39.529   398   464 I VehiclePropertyStore: begin to write value to Store: {.timestamp = 10015351380191, .areaId = 0, .prop = 557851025, .status = AVAILABLE, .value = {.int32Values = [1]{0}, .floatValues = [0]{}, .int64Values = [0]{}, .bytes = [0]{}, .stringValue = ""}}
12-30 11:24:39.529   398   464 D adayocomadapter-CommunicationManager: onUpstreamReceive mPropertyId 0x21402191
12-30 11:24:39.529   398   464 D adayocomadapter-CommunicationManager: onUpstreamReceive mPropertyId 0x2140223d
12-30 11:24:39.529   398   464 D adayocomadapter-CommunicationManager: convertBytesToInt32Memcpy  0
12-30 11:24:39.529   398   464 I vw-vhal : notifyVehicleProperty, propId = 0x2140223d, data = {status: 2, int32Values: [0]}
12-30 11:24:39.529   398   464 I vw-vhal : CanSignalsAdapter::notifyVehicleProperty: solvedValue = {.timestamp = 10015351578191, .areaId = 0, .prop = 557851197, .status = AVAILABLE, .value = {.int32Values = [1]{0}, .floatValues = [0]{}, .int64Values = [0]{}, .bytes = [0]{}, .stringValue = ""}}
12-30 11:24:39.529   398   464 I VehiclePropertyStore: begin to write value to Store: {.timestamp = 10015351578191, .areaId = 0, .prop = 557851197, .status = AVAILABLE, .value = {.int32Values = [1]{0}, .floatValues = [0]{}, .int64Values = [0]{}, .bytes = [0]{}, .stringValue = ""}}
12-30 11:24:39.529   398   464 I DefaultVehicleHal_v2_0: DefaultVehicleHal::onPropertyValue, value:{.timestamp = 10015351578191, .areaId = 0, .prop = 557851197, .status = AVAILABLE, .value = {.int32Values = [1]{0}, .floatValues = [0]{}, .int64Values = [0]{}, .bytes = [0]{}, .stringValue = ""}}
12-30 11:24:39.529   398   464 D DiagPropHandler: is not DiagnosticConfig: 0x2140223d
12-30 11:24:39.529   398   464 I VehiclePropertyStore: begin to write value to Store: {.timestamp = 10015351578191, .areaId = 0, .prop = 557851197, .status = AVAILABLE, .value = {.int32Values = [1]{0}, .floatValues = [0]{}, .int64Values = [0]{}, .bytes = [0]{}, .stringValue = ""}}
12-30 11:24:39.529   398   464 D adayocomadapter-CommunicationManager: onUpstreamReceive mPropertyId 0x2140223d
12-30 11:24:39.546  2358  2623 D RcfController: Rcf proxy is not connected!
12-30 11:24:39.549   650   729 D fgemcucomm: sd Uart data : 6AA602387500029202BB
12-30 11:24:39.549   650   729 D fgemcucomm: rev uart=82717,len=16, data : 6AA681387500089202000E0000000028
12-30 11:24:39.549   398   466 D adayocomadapter-ParseProtocolFunc: printRaWMsg Name[MCUToUPstream recv] len[8] data[9202000E00000000]
12-30 11:24:39.549   398   466 D adayocomadapter-CommunicationManager: onUpstreamback   member[0] dataLength[5] timePoint[10015371]
12-30 11:24:39.549   398   466 D adayocomadapter-ParseProtocolFunc: printRaWMsg Name[onUpstreamback] len[5] data[0E00000000]
12-30 11:24:39.549   398   464 D adayocomadapter-UpstreamHandler: processBeforePacket upSreamtProcessTimePoint[10015371] 
12-30 11:24:39.549   398   464 D adayocomadapter-UpstreamHandler: processPacket UPSTREAM_QUEUE_DATA_TIMEOUT
12-30 11:24:39.549   398   464 D adayocomadapter-ParseProtocolFunc: parseCommonIPCLBytes Processing tableNumber[14]
12-30 11:24:39.549   398   464 D adayocomadapter-ParseProtocolFunc: parseCommonIPCLBytes Processing tablename[Table-14] tableSize[5]
12-30 11:24:39.549   398   464 D adayocomadapter-ParseProtocolFunc: printRaWMsg Name[byteStream recv] len[5] data[0E00000000]
12-30 11:24:39.549   398   464 D adayocomadapter-ParseProtocolFunc: printRaWMsg Name[IPCLtoVHAL] len[6] data[214020DE0000]
12-30 11:24:39.549   398   464 D adayocomadapter-ParseProtocolFunc: printRaWMsg Name[IPCLtoVHAL] len[6] data[214020E00000]
12-30 11:24:39.549   398   464 D adayocomadapter-ParseProtocolFunc: printRaWMsg Name[IPCLtoVHAL] len[6] data[214020E50000]
12-30 11:24:39.549   398   464 D adayocomadapter-ParseProtocolFunc: printRaWMsg Name[IPCLtoVHAL] len[6] data[214020E60000]
12-30 11:24:39.549   398   464 D adayocomadapter-CommunicationManager: onUpstreamReceive mPropertyId 0x214020de
12-30 11:24:39.549   398   464 D adayocomadapter-CommunicationManager: convertBytesToInt32Memcpy  0
12-30 11:24:39.549   398   464 I vw-vhal : notifyVehicleProperty, propId = 0x214020de, data = {status: 2, int32Values: [0]}
12-30 11:24:39.549   398   464 I vw-vhal : CanSignalsAdapter::notifyVehicleProperty: solvedValue = {.timestamp = 10015371540525, .areaId = 0, .prop = 557850846, .status = AVAILABLE, .value = {.int32Values = [1]{0}, .floatValues = [0]{}, .int64Values = [0]{}, .bytes = [0]{}, .stringValue = ""}}
12-30 11:24:39.549   398   464 I VehiclePropertyStore: begin to write value to Store: {.timestamp = 10015371540525, .areaId = 0, .prop = 557850846, .status = AVAILABLE, .value = {.int32Values = [1]{0}, .floatValues = [0]{}, .int64Values = [0]{}, .bytes = [0]{}, .stringValue = ""}}
12-30 11:24:39.549   398   464 I DefaultVehicleHal_v2_0: DefaultVehicleHal::onPropertyValue, value:{.timestamp = 10015371540525, .areaId = 0, .prop = 557850846, .status = AVAILABLE, .value = {.int32Values = [1]{0}, .floatValues = [0]{}, .int64Values = [0]{}, .bytes = [0]{}, .stringValue = ""}}
12-30 11:24:39.549   398   464 D DiagPropHandler: is not DiagnosticConfig: 0x214020de
12-30 11:24:39.549   398   464 I VehiclePropertyStore: begin to write value to Store: {.timestamp = 10015371540525, .areaId = 0, .prop = 557850846, .status = AVAILABLE, .value = {.int32Values = [1]{0}, .floatValues = [0]{}, .int64Values = [0]{}, .bytes = [0]{}, .stringValue = ""}}
12-30 11:24:39.549   398   464 D adayocomadapter-CommunicationManager: onUpstreamReceive mPropertyId 0x214020de
12-30 11:24:39.549   398   464 D adayocomadapter-CommunicationManager: onUpstreamReceive mPropertyId 0x214020e0
12-30 11:24:39.549   398   464 D adayocomadapter-CommunicationManager: convertBytesToInt32Memcpy  0
12-30 11:24:39.549   398   464 I vw-vhal : notifyVehicleProperty, propId = 0x214020e0, data = {status: 2, int32Values: [0]}
12-30 11:24:39.549   398   464 I vw-vhal : CanSignalsAdapter::notifyVehicleProperty: solvedValue = {.timestamp = 10015371765858, .areaId = 0, .prop = 557850848, .status = AVAILABLE, .value = {.int32Values = [1]{0}, .floatValues = [0]{}, .int64Values = [0]{}, .bytes = [0]{}, .stringValue = ""}}
12-30 11:24:39.549   398   464 I VehiclePropertyStore: begin to write value to Store: {.timestamp = 10015371765858, .areaId = 0, .prop = 557850848, .status = AVAILABLE, .value = {.int32Values = [1]{0}, .floatValues = [0]{}, .int64Values = [0]{}, .bytes = [0]{}, .stringValue = ""}}
12-30 11:24:39.549   398   464 I DefaultVehicleHal_v2_0: DefaultVehicleHal::onPropertyValue, value:{.timestamp = 10015371765858, .areaId = 0, .prop = 557850848, .status = AVAILABLE, .value = {.int32Values = [1]{0}, .floatValues = [0]{}, .int64Values = [0]{}, .bytes = [0]{}, .stringValue = ""}}
12-30 11:24:39.549   398   464 D DiagPropHandler: is not DiagnosticConfig: 0x214020e0
12-30 11:24:39.550   398   464 I VehiclePropertyStore: begin to write value to Store: {.timestamp = 10015371765858, .areaId = 0, .prop = 557850848, .status = AVAILABLE, .value = {.int32Values = [1]{0}, .floatValues = [0]{}, .int64Values = [0]{}, .bytes = [0]{}, .stringValue = ""}}
12-30 11:24:39.550   398   464 D adayocomadapter-CommunicationManager: onUpstreamReceive mPropertyId 0x214020e0
12-30 11:24:39.550   398   464 D adayocomadapter-CommunicationManager: onUpstreamReceive mPropertyId 0x214020e5
12-30 11:24:39.550   398   464 D adayocomadapter-CommunicationManager: convertBytesToInt32Memcpy  0
12-30 11:24:39.550   398   464 I vw-vhal : notifyVehicleProperty, propId = 0x214020e5, data = {status: 2, int32Values: [0]}
12-30 11:24:39.550   398   464 I vw-vhal : CanSignalsAdapter::notifyVehicleProperty: solvedValue = {.timestamp = 10015371961191, .areaId = 0, .prop = 557850853, .status = AVAILABLE, .value = {.int32Values = [1]{0}, .floatValues = [0]{}, .int64Values = [0]{}, .bytes = [0]{}, .stringValue = ""}}
12-30 11:24:39.550   398   464 I VehiclePropertyStore: begin to write value to Store: {.timestamp = 10015371961191, .areaId = 0, .prop = 557850853, .status = AVAILABLE, .value = {.int32Values = [1]{0}, .floatValues = [0]{}, .int64Values = [0]{}, .bytes = [0]{}, .stringValue = ""}}
12-30 11:24:39.550   398   464 I DefaultVehicleHal_v2_0: DefaultVehicleHal::onPropertyValue, value:{.timestamp = 10015371961191, .areaId = 0, .prop = 557850853, .status = AVAILABLE, .value = {.int32Values = [1]{0}, .floatValues = [0]{}, .int64Values = [0]{}, .bytes = [0]{}, .stringValue = ""}}
12-30 11:24:39.550   398   464 D DiagPropHandler: is not DiagnosticConfig: 0x214020e5
12-30 11:24:39.550   398   464 I VehiclePropertyStore: begin to write value to Store: {.timestamp = 10015371961191, .areaId = 0, .prop = 557850853, .status = AVAILABLE, .value = {.int32Values = [1]{0}, .floatValues = [0]{}, .int64Values = [0]{}, .bytes = [0]{}, .stringValue = ""}}
12-30 11:24:39.550   398   464 D adayocomadapter-CommunicationManager: onUpstreamReceive mPropertyId 0x214020e5
12-30 11:24:39.550   398   464 D adayocomadapter-CommunicationManager: onUpstreamReceive mPropertyId 0x214020e6
12-30 11:24:39.550   398   464 D adayocomadapter-CommunicationManager: convertBytesToInt32Memcpy  0
12-30 11:24:39.550   398   464 I vw-vhal : notifyVehicleProperty, propId = 0x214020e6, data = {status: 2, int32Values: [0]}
12-30 11:24:39.550   398   464 I vw-vhal : CanSignalsAdapter::notifyVehicleProperty: solvedValue = {.timestamp = 10015372182525, .areaId = 0, .prop = 557850854, .status = AVAILABLE, .value = {.int32Values = [1]{0}, .floatValues = [0]{}, .int64Values = [0]{}, .bytes = [0]{}, .stringValue = ""}}
12-30 11:24:39.550   398   464 I VehiclePropertyStore: begin to write value to Store: {.timestamp = 10015372182525, .areaId = 0, .prop = 557850854, .status = AVAILABLE, .value = {.int32Values = [1]{0}, .floatValues = [0]{}, .int64Values = [0]{}, .bytes = [0]{}, .stringValue = ""}}
12-30 11:24:39.550   398   464 I DefaultVehicleHal_v2_0: DefaultVehicleHal::onPropertyValue, value:{.timestamp = 10015372182525, .areaId = 0, .prop = 557850854, .status = AVAILABLE, .value = {.int32Values = [1]{0}, .floatValues = [0]{}, .int64Values = [0]{}, .bytes = [0]{}, .stringValue = ""}}
12-30 11:24:39.550   398   464 D DiagPropHandler: is not DiagnosticConfig: 0x214020e6
12-30 11:24:39.550   398   464 I VehiclePropertyStore: begin to write value to Store: {.timestamp = 10015372182525, .areaId = 0, .prop = 557850854, .status = AVAILABLE, .value = {.int32Values = [1]{0}, .floatValues = [0]{}, .int64Values = [0]{}, .bytes = [0]{}, .stringValue = ""}}
12-30 11:24:39.550   398   464 D adayocomadapter-CommunicationManager: onUpstreamReceive mPropertyId 0x214020e6
12-30 11:24:39.556   360   931 D EvsDriver: forwardFrame
12-30 11:24:39.556   360   931 D EvsDriver: forwardFrameDirect
12-30 11:24:39.556   360   931 D EvsDriver: Delivered 0xb400e2ca9e40e270 as id 0
12-30 11:24:39.556   359  2784 D evsmanagerd: /dev/video-evs0 forwarded the buffer #0 to 0xb400f125d2b26dd0 from 0xb400f125e2b20710
12-30 11:24:39.566   360   458 D EvsDriver: doneWithFrame
12-30 11:24:39.567   596  3076 E WifiHAL : Invalid data received from driver
12-30 11:24:39.589   360   931 D EvsDriver: forwardFrame
12-30 11:24:39.590   360   931 D EvsDriver: forwardFrameDirect
12-30 11:24:39.590   360   931 D EvsDriver: Delivered 0xb400e2ca9e40d4b0 as id 1
12-30 11:24:39.590   359  2784 D evsmanagerd: /dev/video-evs0 forwarded the buffer #1 to 0xb400f125d2b26dd0 from 0xb400f125e2b20710
12-30 11:24:39.597  2358  2623 D RcfController: Rcf proxy is not connected!
12-30 11:24:39.597   360   458 D EvsDriver: doneWithFrame
12-30 11:24:39.602   596  3076 E WifiHAL : Invalid data received from driver
12-30 11:24:39.623   360   931 D EvsDriver: forwardFrame
12-30 11:24:39.623   360   931 D EvsDriver: forwardFrameDirect
12-30 11:24:39.623   360   931 D EvsDriver: Delivered 0xb400e2ca9e40c2d0 as id 0
12-30 11:24:39.623   359  2784 D evsmanagerd: /dev/video-evs0 forwarded the buffer #0 to 0xb400f125d2b26dd0 from 0xb400f125e2b20710
12-30 11:24:39.627   360   458 D EvsDriver: doneWithFrame
12-30 11:24:39.647  2358  2623 D RcfController: Rcf proxy is not connected!
12-30 11:24:39.651  1582  3078 I c       : checkService in back thread add: adayo.upgrade.v2.0
12-30 11:24:39.652  1582  3078 E upgradeApp_251223_V1  l: d(null:11)pre->c(null:23)-> serviceBinder is null
12-30 11:24:39.652  1582  3078 W c       : doBindService in back thread fail: adayo.upgrade.v2.0
12-30 11:24:39.654  3066  3066 D hostapd : nl80211: BSS Event 59 (NL80211_CMD_FRAME) received for wlan1
12-30 11:24:39.655  3066  3066 D hostapd : nl80211: RX frame da=ff:ff:ff:ff:ff:ff sa=ea:9d:d5:49:2d:ed bssid=ea:9d:d5:49:2d:ed freq=5745 ssi_signal=-9000 fc=0xd0 seq_ctrl=0xc3e0 stype=13 (WLAN_FC_STYPE_ACTION) len=42
12-30 11:24:39.655  3066  3066 D hostapd : wlan1: Event RX_MGMT (18) received
12-30 11:24:39.655  3066  3066 D hostapd : Receive wpa msg : Event RX_MGMT (18) received
12-30 11:24:39.656   360   931 D EvsDriver: forwardFrame
12-30 11:24:39.656   360   931 D EvsDriver: forwardFrameDirect
12-30 11:24:39.657   360   931 D EvsDriver: Delivered 0xb400e2ca9e40d090 as id 1
12-30 11:24:39.657   359  2784 D evsmanagerd: /dev/video-evs0 forwarded the buffer #1 to 0xb400f125d2b26dd0 from 0xb400f125e2b20710
12-30 11:24:39.658   360   458 D EvsDriver: doneWithFrame
12-30 11:24:39.660   596  3076 E WifiHAL : Invalid data received from driver
12-30 11:24:39.689   360   931 D EvsDriver: forwardFrame
12-30 11:24:39.689   360   931 D EvsDriver: forwardFrameDirect
12-30 11:24:39.690   360   931 D EvsDriver: Delivered 0xb400e2ca9e40e110 as id 0
12-30 11:24:39.690   359  2784 D evsmanagerd: /dev/video-evs0 forwarded the buffer #0 to 0xb400f125d2b26dd0 from 0xb400f125e2b20710
12-30 11:24:39.690   596  3076 E WifiHAL : Invalid data received from driver
12-30 11:24:39.695  3066  3066 D hostapd : nl80211: BSS Event 59 (NL80211_CMD_FRAME) received for wlan1
12-30 11:24:39.695  3066  3066 D hostapd : nl80211: RX frame da=ff:ff:ff:ff:ff:ff sa=ea:9d:d5:49:2d:ed bssid=ea:9d:d5:49:2d:ed freq=5745 ssi_signal=-9000 fc=0xd0 seq_ctrl=0xc400 stype=13 (WLAN_FC_STYPE_ACTION) len=42
12-30 11:24:39.695  3066  3066 D hostapd : wlan1: Event RX_MGMT (18) received
12-30 11:24:39.695  3066  3066 D hostapd : Receive wpa msg : Event RX_MGMT (18) received
12-30 11:24:39.697  2358  2623 D RcfController: Rcf proxy is not connected!
12-30 11:24:39.698   360   458 D EvsDriver: doneWithFrame
12-30 11:24:39.701   650   729 D fgemcucomm: sd Uart data : 6AA602387600029202BA
12-30 11:24:39.702   650   729 D fgemcucomm: rev uart=82718,len=48, data : 6AA681387600289202001B4A503130333531353242204A5031303335313532422041303100000000000000000000009E
12-30 11:24:39.702   398   466 D adayocomadapter-ParseProtocolFunc: printRaWMsg Name[MCUToUPstream recv] len[40] data[9202001B4A503130333531353242204A503130333531353242204130310000000000000000000000]
12-30 11:24:39.702   398   466 D adayocomadapter-CommunicationManager: onUpstreamback   member[0] dataLength[37] timePoint[10015524]
12-30 11:24:39.702   398   466 D adayocomadapter-ParseProtocolFunc: printRaWMsg Name[onUpstreamback] len[37] data[1B4A503130333531353242204A503130333531353242204130310000000000000000000000]
12-30 11:24:39.702   398   464 D adayocomadapter-UpstreamHandler: processBeforePacket upSreamtProcessTimePoint[10015524] 
12-30 11:24:39.702   398   464 D adayocomadapter-UpstreamHandler: processPacket UPSTREAM_QUEUE_DATA_TIMEOUT
12-30 11:24:39.703   398   464 D adayocomadapter-ParseProtocolFunc: parseCommonIPCLBytes Processing tableNumber[27]
12-30 11:24:39.703   398   464 D adayocomadapter-ParseProtocolFunc: parseCommonIPCLBytes Processing tablename[Table-27] tableSize[37]
12-30 11:24:39.703   398   464 D adayocomadapter-ParseProtocolFunc: printRaWMsg Name[byteStream recv] len[37] data[1B4A503130333531353242204A503130333531353242204130310000000000000000000000]
12-30 11:24:39.703   398   464 D adayocomadapter-ParseProtocolFunc: printRaWMsg Name[IPCLtoVHAL] len[16] data[21414157014A50313033353135324220]
12-30 11:24:39.703   398   464 D adayocomadapter-ParseProtocolFunc: printRaWMsg Name[IPCLtoVHAL] len[16] data[21414158014A50313033353135324220]
12-30 11:24:39.703   398   464 D adayocomadapter-ParseProtocolFunc: printRaWMsg Name[IPCLtoVHAL] len[8] data[2141415901413031]
12-30 11:24:39.703   398   464 D adayocomadapter-ParseProtocolFunc: printRaWMsg Name[IPCLtoVHAL] len[16] data[2141415A010000000000000000000000]
12-30 11:24:39.703   398   464 D adayocomadapter-CommunicationManager: onUpstreamReceive mPropertyId 0x21414157
12-30 11:24:39.703   398   464 D adayocomadapter-CommunicationManager: writeValue id=[557924695]
12-30 11:24:39.703   398   464 D adayocomadapter-VehiclePropertyStore: writeValue id=[557924695]
12-30 11:24:39.703   398   464 I vw-vhal : notifyVehicleProperty, propId = 0x21414157, data = {status: 2, int32Values: [74, 80, 49, 48, 51, 53, 49, 53, 50, 66, 32]}
12-30 11:24:39.703   398   464 I vw-vhal : CanSignalsAdapter::notifyDiagProperty: propId = 0x21414157, data = {status: 2, int32Values: [74, 80, 49, 48, 51, 53, 49, 53, 50, 66, 32]}
12-30 11:24:39.703   398   464 I vw-vhal : CanSignalsAdapter::notifyVehicleProperty: solvedValue = {.timestamp = 10015525760858, .areaId = 0, .prop = 557924695, .status = AVAILABLE, .value = {.int32Values = [11]{74, 80, 49, 48, 51, 53, 49, 53, 50, 66, 32}, .floatValues = [0]{}, .int64Values = [0]{}, .bytes = [0]{}, .stringValue = ""}}
12-30 11:24:39.704   398   464 I VehiclePropertyStore: begin to write value to Store: {.timestamp = 10015525760858, .areaId = 0, .prop = 557924695, .status = AVAILABLE, .value = {.int32Values = [11]{74, 80, 49, 48, 51, 53, 49, 53, 50, 66, 32}, .floatValues = [0]{}, .int64Values = [0]{}, .bytes = [0]{}, .stringValue = ""}}
12-30 11:24:39.704   398   464 I DefaultVehicleHal_v2_0: DefaultVehicleHal::onPropertyValue, value:{.timestamp = 10015525760858, .areaId = 0, .prop = 557924695, .status = AVAILABLE, .value = {.int32Values = [11]{74, 80, 49, 48, 51, 53, 49, 53, 50, 66, 32}, .floatValues = [0]{}, .int64Values = [0]{}, .bytes = [0]{}, .stringValue = ""}}
12-30 11:24:39.704   398   464 D DiagPropHandler: isDiagnosticConfig: 0x21414157
12-30 11:24:39.704   398   464 D DefaultVehicleHal_v2_0: onPropertyValue: Diagnostic config property: 0x21414157
12-30 11:24:39.704   398   464 D DiagPropHandler: Processing request for prop: 0x21414157
12-30 11:24:39.704   398   464 D DiagPropHandler: String length: 11, size = 11
12-30 11:24:39.705   682   682 I vendor.fawvw.hardware.persistenceservice: [193][persistence_client_library_prct_access::get_db_context] key VW_Spare_Part_Number is not in RCT,will be stored in cached
12-30 11:24:39.705   682   682 I vendor.fawvw.hardware.persistenceservice: [39][PersistenceService::setValue]Receive aidl setValue:key is VW_Spare_Part_Number,value is JP1035152B ,serviceid is 2
12-30 11:24:39.706   398   464 D DiagPropHandler: Successfully set property [VW_Spare_Part_Number] = JP1035152B 
12-30 11:24:39.706   398   464 I VehiclePropertyStore: begin to write value to Store: {.timestamp = 10015525760858, .areaId = 0, .prop = 557924695, .status = AVAILABLE, .value = {.int32Values = [11]{74, 80, 49, 48, 51, 53, 49, 53, 50, 66, 32}, .floatValues = [0]{}, .int64Values = [0]{}, .bytes = [0]{}, .stringValue = ""}}
12-30 11:24:39.706   398   464 D adayocomadapter-CommunicationManager: onUpstreamReceive mPropertyId 0x21414157
12-30 11:24:39.706   398   464 D adayocomadapter-CommunicationManager: onUpstreamReceive mPropertyId 0x21414158
12-30 11:24:39.706   398   464 D adayocomadapter-CommunicationManager: writeValue id=[557924696]
12-30 11:24:39.706   398   464 D adayocomadapter-VehiclePropertyStore: writeValue id=[557924696]
12-30 11:24:39.706   398   464 I vw-vhal : notifyVehicleProperty, propId = 0x21414158, data = {status: 2, int32Values: [74, 80, 49, 48, 51, 53, 49, 53, 50, 66, 32]}
12-30 11:24:39.706   398   464 I vw-vhal : CanSignalsAdapter::notifyDiagProperty: propId = 0x21414158, data = {status: 2, int32Values: [74, 80, 49, 48, 51, 53, 49, 53, 50, 66, 32]}
12-30 11:24:39.706   398   464 I vw-vhal : CanSignalsAdapter::notifyVehicleProperty: solvedValue = {.timestamp = 10015528760525, .areaId = 0, .prop = 557924696, .status = AVAILABLE, .value = {.int32Values = [11]{74, 80, 49, 48, 51, 53, 49, 53, 50, 66, 32}, .floatValues = [0]{}, .int64Values = [0]{}, .bytes = [0]{}, .stringValue = ""}}
12-30 11:24:39.707   398   464 I VehiclePropertyStore: begin to write value to Store: {.timestamp = 10015528760525, .areaId = 0, .prop = 557924696, .status = AVAILABLE, .value = {.int32Values = [11]{74, 80, 49, 48, 51, 53, 49, 53, 50, 66, 32}, .floatValues = [0]{}, .int64Values = [0]{}, .bytes = [0]{}, .stringValue = ""}}
12-30 11:24:39.707   398   464 I DefaultVehicleHal_v2_0: DefaultVehicleHal::onPropertyValue, value:{.timestamp = 10015528760525, .areaId = 0, .prop = 557924696, .status = AVAILABLE, .value = {.int32Values = [11]{74, 80, 49, 48, 51, 53, 49, 53, 50, 66, 32}, .floatValues = [0]{}, .int64Values = [0]{}, .bytes = [0]{}, .stringValue = ""}}
12-30 11:24:39.707   398   464 D DiagPropHandler: is not DiagnosticConfig: 0x21414158
12-30 11:24:39.707   398   464 I VehiclePropertyStore: begin to write value to Store: {.timestamp = 10015528760525, .areaId = 0, .prop = 557924696, .status = AVAILABLE, .value = {.int32Values = [11]{74, 80, 49, 48, 51, 53, 49, 53, 50, 66, 32}, .floatValues = [0]{}, .int64Values = [0]{}, .bytes = [0]{}, .stringValue = ""}}
12-30 11:24:39.707   398   464 D adayocomadapter-CommunicationManager: onUpstreamReceive mPropertyId 0x21414158
12-30 11:24:39.707   398   464 D adayocomadapter-CommunicationManager: onUpstreamReceive mPropertyId 0x21414159
12-30 11:24:39.707   398   464 D adayocomadapter-CommunicationManager: writeValue id=[557924697]
12-30 11:24:39.707   398   464 D adayocomadapter-VehiclePropertyStore: writeValue id=[557924697]
12-30 11:24:39.707   398   464 I vw-vhal : notifyVehicleProperty, propId = 0x21414159, data = {status: 2, int32Values: [65, 48, 49]}
12-30 11:24:39.707   398   464 I vw-vhal : CanSignalsAdapter::notifyDiagProperty: propId = 0x21414159, data = {status: 2, int32Values: [65, 48, 49]}
12-30 11:24:39.707   398   464 I vw-vhal : CanSignalsAdapter::notifyVehicleProperty: solvedValue = {.timestamp = 10015529656191, .areaId = 0, .prop = 557924697, .status = AVAILABLE, .value = {.int32Values = [3]{65, 48, 49}, .floatValues = [0]{}, .int64Values = [0]{}, .bytes = [0]{}, .stringValue = ""}}
12-30 11:24:39.707   398   464 I VehiclePropertyStore: begin to write value to Store: {.timestamp = 10015529656191, .areaId = 0, .prop = 557924697, .status = AVAILABLE, .value = {.int32Values = [3]{65, 48, 49}, .floatValues = [0]{}, .int64Values = [0]{}, .bytes = [0]{}, .stringValue = ""}}
12-30 11:24:39.708   398   464 I DefaultVehicleHal_v2_0: DefaultVehicleHal::onPropertyValue, value:{.timestamp = 10015529656191, .areaId = 0, .prop = 557924697, .status = AVAILABLE, .value = {.int32Values = [3]{65, 48, 49}, .floatValues = [0]{}, .int64Values = [0]{}, .bytes = [0]{}, .stringValue = ""}}
12-30 11:24:39.708   398   464 D DiagPropHandler: is not DiagnosticConfig: 0x21414159
12-30 11:24:39.708   398   464 I VehiclePropertyStore: begin to write value to Store: {.timestamp = 10015529656191, .areaId = 0, .prop = 557924697, .status = AVAILABLE, .value = {.int32Values = [3]{65, 48, 49}, .floatValues = [0]{}, .int64Values = [0]{}, .bytes = [0]{}, .stringValue = ""}}
12-30 11:24:39.708   398   464 D adayocomadapter-CommunicationManager: onUpstreamReceive mPropertyId 0x21414159
12-30 11:24:39.708   398   464 D adayocomadapter-CommunicationManager: onUpstreamReceive mPropertyId 0x2141415a
12-30 11:24:39.708   398   464 D adayocomadapter-CommunicationManager: writeValue id=[557924698]
12-30 11:24:39.708   398   464 D adayocomadapter-VehiclePropertyStore: writeValue id=[557924698]
12-30 11:24:39.708   398   464 I vw-vhal : notifyVehicleProperty, propId = 0x2141415a, data = {status: 2, int32Values: [0, 0, 0, 0, 0, 0, 0, 0, 0, 0, 0]}
12-30 11:24:39.708   398   464 I vw-vhal : CanSignalsAdapter::notifyDiagProperty: propId = 0x2141415a, data = {status: 2, int32Values: [0, 0, 0, 0, 0, 0, 0, 0, 0, 0, 0]}
12-30 11:24:39.708   398   464 I vw-vhal : CanSignalsAdapter::notifyVehicleProperty: solvedValue = {.timestamp = 10015530561858, .areaId = 0, .prop = 557924698, .status = AVAILABLE, .value = {.int32Values = [11]{0, 0, 0, 0, 0, 0, 0, 0, 0, 0, 0}, .floatValues = [0]{}, .int64Values = [0]{}, .bytes = [0]{}, .stringValue = ""}}
12-30 11:24:39.708   398   464 I VehiclePropertyStore: begin to write value to Store: {.timestamp = 10015530561858, .areaId = 0, .prop = 557924698, .status = AVAILABLE, .value = {.int32Values = [11]{0, 0, 0, 0, 0, 0, 0, 0, 0, 0, 0}, .floatValues = [0]{}, .int64Values = [0]{}, .bytes = [0]{}, .stringValue = ""}}
12-30 11:24:39.708   398   464 I DefaultVehicleHal_v2_0: DefaultVehicleHal::onPropertyValue, value:{.timestamp = 10015530561858, .areaId = 0, .prop = 557924698, .status = AVAILABLE, .value = {.int32Values = [11]{0, 0, 0, 0, 0, 0, 0, 0, 0, 0, 0}, .floatValues = [0]{}, .int64Values = [0]{}, .bytes = [0]{}, .stringValue = ""}}
12-30 11:24:39.709   398   464 D DiagPropHandler: is not DiagnosticConfig: 0x2141415a
12-30 11:24:39.709   398   464 I VehiclePropertyStore: begin to write value to Store: {.timestamp = 10015530561858, .areaId = 0, .prop = 557924698, .status = AVAILABLE, .value = {.int32Values = [11]{0, 0, 0, 0, 0, 0, 0, 0, 0, 0, 0}, .floatValues = [0]{}, .int64Values = [0]{}, .bytes = [0]{}, .stringValue = ""}}
12-30 11:24:39.709   398   464 D adayocomadapter-CommunicationManager: onUpstreamReceive mPropertyId 0x2141415a
12-30 11:24:39.720  1667  2407 I media_message_log->MediaMessageProxy: (SourceFile:1)b connectToService action bind
12-30 11:24:39.722   916  2591 W ActivityManager: Unable to start service Intent { cmp=com.adayo.server.mediamessagetransfer/.MediaMessTransferService (has extras) } U=0: not found
12-30 11:24:39.722  1667  2407 E media_message_log->MediaMessageProxy: (SourceFile:7)a bindServiceAsUser isBound = false
12-30 11:24:39.723   360   931 D EvsDriver: forwardFrame
12-30 11:24:39.723   360   931 D EvsDriver: forwardFrameDirect
12-30 11:24:39.723   360   931 D EvsDriver: Delivered 0xb400e2ca9e40c7a0 as id 1
12-30 11:24:39.723   359  2784 D evsmanagerd: /dev/video-evs0 forwarded the buffer #1 to 0xb400f125d2b26dd0 from 0xb400f125e2b20710
12-30 11:24:39.729   360   458 D EvsDriver: doneWithFrame
12-30 11:24:39.746   596  3076 E WifiHAL : Invalid data received from driver
12-30 11:24:39.747  2358  2623 D RcfController: Rcf proxy is not connected!
12-30 11:24:39.756   360   931 D EvsDriver: forwardFrame
12-30 11:24:39.756   360   931 D EvsDriver: forwardFrameDirect
12-30 11:24:39.757   360   931 D EvsDriver: Delivered 0xb400e2ca9e40e270 as id 0
12-30 11:24:39.757   359  2784 D evsmanagerd: /dev/video-evs0 forwarded the buffer #0 to 0xb400f125d2b26dd0 from 0xb400f125e2b20710
12-30 11:24:39.757  3066  3066 D hostapd : nl80211: BSS Event 59 (NL80211_CMD_FRAME) received for wlan1
12-30 11:24:39.757  3066  3066 D hostapd : nl80211: RX frame da=ff:ff:ff:ff:ff:ff sa=ea:9d:d5:49:2d:ed bssid=ea:9d:d5:49:2d:ed freq=5745 ssi_signal=-8900 fc=0xd0 seq_ctrl=0xc430 stype=13 (WLAN_FC_STYPE_ACTION) len=42
12-30 11:24:39.757  3066  3066 D hostapd : wlan1: Event RX_MGMT (18) received
12-30 11:24:39.757  3066  3066 D hostapd : Receive wpa msg : Event RX_MGMT (18) received
12-30 11:24:39.759   360   458 D EvsDriver: doneWithFrame
12-30 11:24:39.777   596  3076 E WifiHAL : Invalid data received from driver
12-30 11:24:39.777  3066  3066 D hostapd : nl80211: BSS Event 59 (NL80211_CMD_FRAME) received for wlan1
12-30 11:24:39.777  3066  3066 D hostapd : nl80211: RX frame da=ff:ff:ff:ff:ff:ff sa=ea:9d:d5:49:2d:ed bssid=ea:9d:d5:49:2d:ed freq=5745 ssi_signal=-9000 fc=0xd0 seq_ctrl=0xc440 stype=13 (WLAN_FC_STYPE_ACTION) len=42
12-30 11:24:39.778  3066  3066 D hostapd : wlan1: Event RX_MGMT (18) received
12-30 11:24:39.778  3066  3066 D hostapd : Receive wpa msg : Event RX_MGMT (18) received
12-30 11:24:39.789   360   931 D EvsDriver: forwardFrame
12-30 11:24:39.790   360   931 D EvsDriver: forwardFrameDirect
12-30 11:24:39.790   360   931 D EvsDriver: Delivered 0xb400e2ca9e40d4b0 as id 1
12-30 11:24:39.790   359  2784 D evsmanagerd: /dev/video-evs0 forwarded the buffer #1 to 0xb400f125d2b26dd0 from 0xb400f125e2b20710
12-30 11:24:39.798  2358  2623 D RcfController: Rcf proxy is not connected!
12-30 11:24:39.798  3066  3066 D hostapd : nl80211: BSS Event 59 (NL80211_CMD_FRAME) received for wlan1
12-30 11:24:39.798  3066  3066 D hostapd : nl80211: RX frame da=ff:ff:ff:ff:ff:ff sa=ea:9d:d5:49:2d:ed bssid=ea:9d:d5:49:2d:ed freq=5745 ssi_signal=-9100 fc=0xd0 seq_ctrl=0xc450 stype=13 (WLAN_FC_STYPE_ACTION) len=42
12-30 11:24:39.798  3066  3066 D hostapd : wlan1: Event RX_MGMT (18) received
12-30 11:24:39.798   596  3076 E WifiHAL : Invalid data received from driver
12-30 11:24:39.798  3066  3066 D hostapd : Receive wpa msg : Event RX_MGMT (18) received
12-30 11:24:39.799   360   458 D EvsDriver: doneWithFrame
01-01 10:46:56.808   722   722 I [schedu][0x254fa3d65][03:24:39.798604] qcn7605: [722:I:PE] lim_process_action_frame_no_session: Unhandled action frame without session: 7f
12-30 11:24:39.818   596  3076 E WifiHAL : Invalid data received from driver
12-30 11:24:39.818  3066  3066 D hostapd : nl80211: BSS Event 59 (NL80211_CMD_FRAME) received for wlan1
12-30 11:24:39.818  3066  3066 D hostapd : nl80211: RX frame da=ff:ff:ff:ff:ff:ff sa=ea:9d:d5:49:2d:ed bssid=ea:9d:d5:49:2d:ed freq=5745 ssi_signal=-9000 fc=0xd0 seq_ctrl=0xc460 stype=13 (WLAN_FC_STYPE_ACTION) len=42
12-30 11:24:39.818  3066  3066 D hostapd : wlan1: Event RX_MGMT (18) received
12-30 11:24:39.818  3066  3066 D hostapd : Receive wpa msg : Event RX_MGMT (18) received
12-30 11:24:39.823   360   931 D EvsDriver: forwardFrame
12-30 11:24:39.823   360   931 D EvsDriver: forwardFrameDirect
12-30 11:24:39.823   360   931 D EvsDriver: Delivered 0xb400e2ca9e40c2d0 as id 0
12-30 11:24:39.823   359  2784 D evsmanagerd: /dev/video-evs0 forwarded the buffer #0 to 0xb400f125d2b26dd0 from 0xb400f125e2b20710
12-30 11:24:39.830   360   458 D EvsDriver: doneWithFrame
12-30 11:24:39.848  2358  2623 D RcfController: Rcf proxy is not connected!
12-30 11:24:39.856   360   931 D EvsDriver: forwardFrame
12-30 11:24:39.856   360   931 D EvsDriver: forwardFrameDirect
12-30 11:24:39.856   360   931 D EvsDriver: Delivered 0xb400e2ca9e40d090 as id 1
12-30 11:24:39.857   359  2784 D evsmanagerd: /dev/video-evs0 forwarded the buffer #1 to 0xb400f125d2b26dd0 from 0xb400f125e2b20710
12-30 11:24:39.859   596  3076 E WifiHAL : Invalid data received from driver
12-30 11:24:39.859  3066  3066 D hostapd : nl80211: BSS Event 59 (NL80211_CMD_FRAME) received for wlan1
12-30 11:24:39.859  3066  3066 D hostapd : nl80211: RX frame da=ff:ff:ff:ff:ff:ff sa=ea:9d:d5:49:2d:ed bssid=ea:9d:d5:49:2d:ed freq=5745 ssi_signal=-9100 fc=0xd0 seq_ctrl=0xc480 stype=13 (WLAN_FC_STYPE_ACTION) len=42
12-30 11:24:39.859  3066  3066 D hostapd : wlan1: Event RX_MGMT (18) received
12-30 11:24:39.859  3066  3066 D hostapd : Receive wpa msg : Event RX_MGMT (18) received
12-30 11:24:39.860   360   458 D EvsDriver: doneWithFrame
12-30 11:24:39.880   596  3076 E WifiHAL : Invalid data received from driver
12-30 11:24:39.880  3066  3066 D hostapd : nl80211: BSS Event 59 (NL80211_CMD_FRAME) received for wlan1
12-30 11:24:39.880  3066  3066 D hostapd : nl80211: RX frame da=ff:ff:ff:ff:ff:ff sa=ea:9d:d5:49:2d:ed bssid=ea:9d:d5:49:2d:ed freq=5745 ssi_signal=-9000 fc=0xd0 seq_ctrl=0xc490 stype=13 (WLAN_FC_STYPE_ACTION) len=42
12-30 11:24:39.880  3066  3066 D hostapd : wlan1: Event RX_MGMT (18) received
12-30 11:24:39.880  3066  3066 D hostapd : Receive wpa msg : Event RX_MGMT (18) received
12-30 11:24:39.886   596  3076 E WifiHAL : Invalid data received from driver
12-30 11:24:39.889   360   931 D EvsDriver: forwardFrame
12-30 11:24:39.890   360   931 D EvsDriver: forwardFrameDirect
12-30 11:24:39.890   360   931 D EvsDriver: Delivered 0xb400e2ca9e40e110 as id 0
12-30 11:24:39.890   359  2784 D evsmanagerd: /dev/video-evs0 forwarded the buffer #0 to 0xb400f125d2b26dd0 from 0xb400f125e2b20710
12-30 11:24:39.891   596  3076 E WifiHAL : Invalid data received from driver
12-30 11:24:39.891   596  3076 E WifiHAL : Invalid data received from driver
12-30 11:24:39.898  2358  2623 D RcfController: Rcf proxy is not connected!
12-30 11:24:39.901   360   458 D EvsDriver: doneWithFrame
12-30 11:24:39.913   596  3076 E WifiHAL : Invalid data received from driver
12-30 11:24:39.920  3066  3066 D hostapd : nl80211: BSS Event 59 (NL80211_CMD_FRAME) received for wlan1
12-30 11:24:39.920  3066  3066 D hostapd : nl80211: RX frame da=ff:ff:ff:ff:ff:ff sa=ea:9d:d5:49:2d:ed bssid=ea:9d:d5:49:2d:ed freq=5745 ssi_signal=-9000 fc=0xd0 seq_ctrl=0xc4b0 stype=13 (WLAN_FC_STYPE_ACTION) len=42
12-30 11:24:39.921  3066  3066 D hostapd : wlan1: Event RX_MGMT (18) received
12-30 11:24:39.921  3066  3066 D hostapd : Receive wpa msg : Event RX_MGMT (18) received
12-30 11:24:39.923   360   931 D EvsDriver: forwardFrame
12-30 11:24:39.923   360   931 D EvsDriver: forwardFrameDirect
12-30 11:24:39.923   360   931 D EvsDriver: Delivered 0xb400e2ca9e40c7a0 as id 1
12-30 11:24:39.923   359  2784 D evsmanagerd: /dev/video-evs0 forwarded the buffer #1 to 0xb400f125d2b26dd0 from 0xb400f125e2b20710
12-30 11:24:39.931   360   458 D EvsDriver: doneWithFrame
12-30 11:24:39.949  2358  2623 D RcfController: Rcf proxy is not connected!
12-30 11:24:39.951   596  3076 E WifiHAL : Invalid data received from driver
12-30 11:24:39.956   360   931 D EvsDriver: forwardFrame
12-30 11:24:39.956   360   931 D EvsDriver: forwardFrameDirect
12-30 11:24:39.956   360   931 D EvsDriver: Delivered 0xb400e2ca9e40e270 as id 0
12-30 11:24:39.957   359  2784 D evsmanagerd: /dev/video-evs0 forwarded the buffer #0 to 0xb400f125d2b26dd0 from 0xb400f125e2b20710
12-30 11:24:39.961   360   458 D EvsDriver: doneWithFrame
12-30 11:24:39.962  3066  3066 D hostapd : nl80211: BSS Event 59 (NL80211_CMD_FRAME) received for wlan1
12-30 11:24:39.962  3066  3066 D hostapd : nl80211: RX frame da=ff:ff:ff:ff:ff:ff sa=ea:9d:d5:49:2d:ed bssid=ea:9d:d5:49:2d:ed freq=5745 ssi_signal=-9200 fc=0xd0 seq_ctrl=0xc4d0 stype=13 (WLAN_FC_STYPE_ACTION) len=42
12-30 11:24:39.962  3066  3066 D hostapd : wlan1: Event RX_MGMT (18) received
12-30 11:24:39.962  3066  3066 D hostapd : Receive wpa msg : Event RX_MGMT (18) received
12-30 11:24:39.974  1667  2513 W ContextImpl: Calling a method in the system process without a qualified user: android.app.ContextImpl.bindService:1988 android.content.ContextWrapper.bindService:861 com.ford.sync.fnvservice.analytics.AnalyticsManager$RetryHandler.a:126 com.ford.sync.fnvservice.analytics.AnalyticsManager$RetryHandler.handleMessage:103 android.os.Handler.dispatchMessage:106 
12-30 11:24:39.975   916  2591 W ActivityManager: Unable to start service Intent { cmp=com.ford.sync.fnvservice/.analytics.AnalyticsService } U=0: not found
12-30 11:24:39.975  1667  2513 W AnalyticsManager:  bind ford Analytics failed -> sendRetryMessage 
12-30 11:24:39.982   596  3076 E WifiHAL : Invalid data received from driver
12-30 11:24:39.982  3066  3066 D hostapd : nl80211: BSS Event 59 (NL80211_CMD_FRAME) received for wlan1
12-30 11:24:39.982  3066  3066 D hostapd : nl80211: RX frame da=ff:ff:ff:ff:ff:ff sa=ea:9d:d5:49:2d:ed bssid=ea:9d:d5:49:2d:ed freq=5745 ssi_signal=-9200 fc=0xd0 seq_ctrl=0xc4e0 stype=13 (WLAN_FC_STYPE_ACTION) len=42
12-30 11:24:39.982  3066  3066 D hostapd : wlan1: Event RX_MGMT (18) received
12-30 11:24:39.982  3066  3066 D hostapd : Receive wpa msg : Event RX_MGMT (18) received
12-30 11:24:39.989   360   931 D EvsDriver: forwardFrame
12-30 11:24:39.989   360   931 D EvsDriver: forwardFrameDirect
12-30 11:24:39.990   360   931 D EvsDriver: Delivered 0xb400e2ca9e40d4b0 as id 1
12-30 11:24:39.990   798 18377 W adbd    : timed out while waiting for FUNCTIONFS_BIND, trying again
12-30 11:24:39.990   798 18377 I adbd    : UsbFfs: connection terminated: monitor thread finished
12-30 11:24:39.990   359  2784 D evsmanagerd: /dev/video-evs0 forwarded the buffer #1 to 0xb400f125d2b26dd0 from 0xb400f125e2b20710
12-30 11:24:39.990   798   798 I adbd    : UsbFfs: already offline
12-30 11:24:39.990   798   798 I adbd    : destroying transport UsbFfs
12-30 11:24:39.991   798   798 I adbd    : UsbFfsConnection being destroyed
12-30 11:24:39.992   360   458 D EvsDriver: doneWithFrame
12-30 11:24:39.997  1667  2410 I media_message_log->MediaMessageUserProxy: (SourceFile:1)b connectToService action bind
12-30 11:24:39.998   916  2591 W ActivityManager: Unable to start service Intent { cmp=com.adayo.server.mediamessagetransfer/.MediaMessTransferService (has extras) } U=0: not found
12-30 11:24:39.999  2358  2623 D RcfController: Rcf proxy is not connected!
12-30 11:24:39.999  1667  2410 E media_message_log->MediaMessageUserProxy: (SourceFile:7)a bindServiceAsUser isBound = false
12-30 11:24:40.003   596  3076 E WifiHAL : Invalid data received from driver
12-30 11:24:40.003  3066  3066 D hostapd : nl80211: BSS Event 59 (NL80211_CMD_FRAME) received for wlan1
12-30 11:24:40.003  3066  3066 D hostapd : nl80211: RX frame da=ff:ff:ff:ff:ff:ff sa=ea:9d:d5:49:2d:ed bssid=ea:9d:d5:49:2d:ed freq=5745 ssi_signal=-9200 fc=0xd0 seq_ctrl=0xc4f0 stype=13 (WLAN_FC_STYPE_ACTION) len=42
12-30 11:24:40.003  3066  3066 D hostapd : wlan1: Event RX_MGMT (18) received
12-30 11:24:40.003  3066  3066 D hostapd : Receive wpa msg : Event RX_MGMT (18) received
12-30 11:24:40.023   360   931 D EvsDriver: forwardFrame
12-30 11:24:40.023   360   931 D EvsDriver: forwardFrameDirect
12-30 11:24:40.023  3066  3066 D hostapd : nl80211: BSS Event 59 (NL80211_CMD_FRAME) received for wlan1
12-30 11:24:40.023   360   931 D EvsDriver: Delivered 0xb400e2ca9e40c2d0 as id 0
12-30 11:24:40.023  3066  3066 D hostapd : nl80211: RX frame da=ff:ff:ff:ff:ff:ff sa=ea:9d:d5:49:2d:ed bssid=ea:9d:d5:49:2d:ed freq=5745 ssi_signal=-9200 fc=0xd0 seq_ctrl=0xc500 stype=13 (WLAN_FC_STYPE_ACTION) len=42
12-30 11:24:40.023  3066  3066 D hostapd : wlan1: Event RX_MGMT (18) received
12-30 11:24:40.023  3066  3066 D hostapd : Receive wpa msg : Event RX_MGMT (18) received
12-30 11:24:40.023   359  2784 D evsmanagerd: /dev/video-evs0 forwarded the buffer #0 to 0xb400f125d2b26dd0 from 0xb400f125e2b20710
12-30 11:24:40.024   650   729 D fgemcucomm: sd Uart data : 6AA602387700029202B9
12-30 11:24:40.024   650   729 D fgemcucomm: rev uart=82719,len=17, data : 6AA681387700099202000A000000000029
12-30 11:24:40.024   650   729 D fgemcucomm: sd Uart data : 6AA602387800029202B8
12-30 11:24:40.025   398   466 D adayocomadapter-ParseProtocolFunc: printRaWMsg Name[MCUToUPstream recv] len[9] data[9202000A0000000000]
12-30 11:24:40.025   398   466 D adayocomadapter-CommunicationManager: onUpstreamback   member[0] dataLength[6] timePoint[10015846]
12-30 11:24:40.025   398   466 D adayocomadapter-ParseProtocolFunc: printRaWMsg Name[onUpstreamback] len[6] data[0A0000000000]
12-30 11:24:40.025   398   464 D adayocomadapter-UpstreamHandler: processBeforePacket upSreamtProcessTimePoint[10015847] 
12-30 11:24:40.025   398   464 D adayocomadapter-UpstreamHandler: processPacket UPSTREAM_QUEUE_DATA_TIMEOUT
12-30 11:24:40.025   650   729 D fgemcucomm: rev uart=82720,len=60, data : 6AA6813878003492020018000000000000000000000000000000000000000000000000000000000000000000000000000000000000000000000000EF
12-30 11:24:40.025   398   464 D adayocomadapter-ParseProtocolFunc: parseCommonIPCLBytes Processing tableNumber[10]
12-30 11:24:40.025   398   464 D adayocomadapter-ParseProtocolFunc: parseCommonIPCLBytes Processing tablename[Table-10] tableSize[6]
12-30 11:24:40.025   398   466 D adayocomadapter-ParseProtocolFunc: printRaWMsg Name[MCUToUPstream recv] len[52] data[92020018000000000000000000000000000000000000000000000000000000000000000000000000000000000000000000000000]
12-30 11:24:40.025   398   464 D adayocomadapter-ParseProtocolFunc: printRaWMsg Name[byteStream recv] len[6] data[0A0000000000]
12-30 11:24:40.025   398   466 D adayocomadapter-CommunicationManager: onUpstreamback   member[0] dataLength[49] timePoint[10015847]
12-30 11:24:40.025   398   464 D adayocomadapter-ParseProtocolFunc: printRaWMsg Name[IPCLtoVHAL] len[9] data[2140201C0000000000]
12-30 11:24:40.025   398   464 D adayocomadapter-ParseProtocolFunc: printRaWMsg Name[IPCLtoVHAL] len[6] data[214022320000]
12-30 11:24:40.025   398   466 D adayocomadapter-ParseProtocolFunc: printRaWMsg Name[onUpstreamback] len[49] data[18000000000000000000000000000000000000000000000000000000000000000000000000000000000000000000000000]
12-30 11:24:40.025   398   464 D adayocomadapter-CommunicationManager: onUpstreamReceive mPropertyId 0x2140201c
12-30 11:24:40.025   398   464 D adayocomadapter-CommunicationManager: convertBytesToInt32Memcpy  0
12-30 11:24:40.025   398   464 I vw-vhal : notifyVehicleProperty, propId = 0x2140201c, data = {status: 2, int32Values: [0]}
12-30 11:24:40.026   398   464 I vw-vhal : CanSignalsAdapter::notifyVehicleProperty: solvedValue = {.timestamp = 10015847823525, .areaId = 0, .prop = 557850652, .status = AVAILABLE, .value = {.int32Values = [1]{0}, .floatValues = [0]{}, .int64Values = [0]{}, .bytes = [0]{}, .stringValue = ""}}
12-30 11:24:40.026   398   464 I VehiclePropertyStore: begin to write value to Store: {.timestamp = 10015847823525, .areaId = 0, .prop = 557850652, .status = AVAILABLE, .value = {.int32Values = [1]{0}, .floatValues = [0]{}, .int64Values = [0]{}, .bytes = [0]{}, .stringValue = ""}}
12-30 11:24:40.026   398   464 I DefaultVehicleHal_v2_0: DefaultVehicleHal::onPropertyValue, value:{.timestamp = 10015847823525, .areaId = 0, .prop = 557850652, .status = AVAILABLE, .value = {.int32Values = [1]{0}, .floatValues = [0]{}, .int64Values = [0]{}, .bytes = [0]{}, .stringValue = ""}}
12-30 11:24:40.026   398   464 D DiagPropHandler: is not DiagnosticConfig: 0x2140201c
12-30 11:24:40.026   398   464 I VehiclePropertyStore: begin to write value to Store: {.timestamp = 10015847823525, .areaId = 0, .prop = 557850652, .status = AVAILABLE, .value = {.int32Values = [1]{0}, .floatValues = [0]{}, .int64Values = [0]{}, .bytes = [0]{}, .stringValue = ""}}
12-30 11:24:40.026   398   464 D adayocomadapter-CommunicationManager: onUpstreamReceive mPropertyId 0x2140201c
12-30 11:24:40.026   398   464 D adayocomadapter-CommunicationManager: onUpstreamReceive mPropertyId 0x21402232
12-30 11:24:40.026   398   464 D adayocomadapter-CommunicationManager: convertBytesToInt32Memcpy  0
