01-01 10:46:55.655   722   722 I [schedu][0x254e8a3d4][03:24:38.645179] qcn7605: [722:I:PE] lim_process_action_frame_no_session: Unhandled action frame without session: 7f
12-30 11:24:38.647   596  3076 E WifiHAL : Invalid data received from driver
12-30 11:24:38.647   596  3076 E WifiHAL : Invalid data received from driver
12-30 11:24:38.647   596  3076 E WifiHAL : Invalid data received from driver
12-30 11:24:38.647   596  3076 E WifiHAL : Invalid data received from driver
12-30 11:24:38.647   596  3076 E WifiHAL : Invalid data received from driver
12-30 11:24:38.647   596  3076 E WifiHAL : Invalid data received from driver
12-30 11:24:38.647   596  3076 E WifiHAL : Invalid data received from driver
12-30 11:24:38.650  1582  3078 I c       : checkService in back thread add: adayo.upgrade.v2.0
12-30 11:24:38.651  1582  3078 E upgradeApp_251223_V1  l: d(null:11)pre->c(null:23)-> serviceBinder is null
12-30 11:24:38.651  1582  3078 W c       : doBindService in back thread fail: adayo.upgrade.v2.0
12-30 11:24:38.656   360   931 D EvsDriver: forwardFrame
12-30 11:24:38.656   360   931 D EvsDriver: forwardFrameDirect
12-30 11:24:38.657   360   931 D EvsDriver: Delivered 0xb400e2ca9e40d090 as id 1
12-30 11:24:38.657   359  2784 D evsmanagerd: /dev/video-evs0 forwarded the buffer #1 to 0xb400f125d2b26dd0 from 0xb400f125e2b20710
12-30 11:24:38.666   596  3076 E WifiHAL : Invalid data received from driver
12-30 11:24:38.667   360   458 D EvsDriver: doneWithFrame
12-30 11:24:38.689   360   931 D EvsDriver: forwardFrame
12-30 11:24:38.689   360   931 D EvsDriver: forwardFrameDirect
12-30 11:24:38.690   360   931 D EvsDriver: Delivered 0xb400e2ca9e40e110 as id 0
12-30 11:24:38.690   359  2784 D evsmanagerd: /dev/video-evs0 forwarded the buffer #0 to 0xb400f125d2b26dd0 from 0xb400f125e2b20710
12-30 11:24:38.692  2358  2623 D RcfController: Rcf proxy is not connected!
12-30 11:24:38.697   360   458 D EvsDriver: doneWithFrame
12-30 11:24:38.717  1667  2407 I media_message_log->MediaMessageProxy: (SourceFile:1)b connectToService action bind
12-30 11:24:38.718   916  2591 W ActivityManager: Unable to start service Intent { cmp=com.adayo.server.mediamessagetransfer/.MediaMessTransferService (has extras) } U=0: not found
12-30 11:24:38.719  1667  2407 E media_message_log->MediaMessageProxy: (SourceFile:7)a bindServiceAsUser isBound = false
12-30 11:24:38.723   360   931 D EvsDriver: forwardFrame
12-30 11:24:38.723   360   931 D EvsDriver: forwardFrameDirect
12-30 11:24:38.723   360   931 D EvsDriver: Delivered 0xb400e2ca9e40c7a0 as id 1
12-30 11:24:38.723   359  2784 D evsmanagerd: /dev/video-evs0 forwarded the buffer #1 to 0xb400f125d2b26dd0 from 0xb400f125e2b20710
12-30 11:24:38.727   360   458 D EvsDriver: doneWithFrame
12-30 11:24:38.742  2358  2623 D RcfController: Rcf proxy is not connected!
12-30 11:24:38.749   596  3076 E WifiHAL : Invalid data received from driver
12-30 11:24:38.756   360   931 D EvsDriver: forwardFrame
12-30 11:24:38.756   360   931 D EvsDriver: forwardFrameDirect
12-30 11:24:38.756   360   931 D EvsDriver: Delivered 0xb400e2ca9e40e270 as id 0
12-30 11:24:38.757   359  2784 D evsmanagerd: /dev/video-evs0 forwarded the buffer #0 to 0xb400f125d2b26dd0 from 0xb400f125e2b20710
12-30 11:24:38.758   360   458 D EvsDriver: doneWithFrame
12-30 11:24:38.782   596  3076 E WifiHAL : Invalid data received from driver
12-30 11:24:38.789   360   931 D EvsDriver: forwardFrame
12-30 11:24:38.790   360   931 D EvsDriver: forwardFrameDirect
12-30 11:24:38.790   360   931 D EvsDriver: Delivered 0xb400e2ca9e40d4b0 as id 1
12-30 11:24:38.790   359  2784 D evsmanagerd: /dev/video-evs0 forwarded the buffer #1 to 0xb400f125d2b26dd0 from 0xb400f125e2b20710
12-30 11:24:38.793  2358  2623 D RcfController: Rcf proxy is not connected!
12-30 11:24:38.798   360   458 D EvsDriver: doneWithFrame
12-30 11:24:38.816   650   729 D fgemcucomm: sd Uart data : 6AA602386A00029202C6
12-30 11:24:38.816   650   729 D fgemcucomm: rev uart=82706,len=18, data : 6AA681386A000A9202000700000000000038
12-30 11:24:38.816   398   466 D adayocomadapter-ParseProtocolFunc: printRaWMsg Name[MCUToUPstream recv] len[10] data[92020007000000000000]
12-30 11:24:38.817   398   466 D adayocomadapter-CommunicationManager: onUpstreamback   member[0] dataLength[7] timePoint[10014638]
12-30 11:24:38.817   398   466 D adayocomadapter-ParseProtocolFunc: printRaWMsg Name[onUpstreamback] len[7] data[07000000000000]
12-30 11:24:38.817   398   464 D adayocomadapter-UpstreamHandler: processBeforePacket upSreamtProcessTimePoint[10014639] 
12-30 11:24:38.817   398   464 D adayocomadapter-UpstreamHandler: processPacket UPSTREAM_QUEUE_DATA_TIMEOUT
12-30 11:24:38.817   398   464 D adayocomadapter-ParseProtocolFunc: parseCommonIPCLBytes Processing tableNumber[7]
12-30 11:24:38.817   398   464 D adayocomadapter-ParseProtocolFunc: parseCommonIPCLBytes Processing tablename[Table-7] tableSize[7]
12-30 11:24:38.817   398   464 D adayocomadapter-ParseProtocolFunc: printRaWMsg Name[byteStream recv] len[7] data[07000000000000]
12-30 11:24:38.817   398   464 D adayocomadapter-ParseProtocolFunc: printRaWMsg Name[IPCLtoVHAL] len[6] data[214020530000]
12-30 11:24:38.817   398   464 D adayocomadapter-ParseProtocolFunc: printRaWMsg Name[IPCLtoVHAL] len[6] data[214020A00000]
12-30 11:24:38.817   398   464 D adayocomadapter-ParseProtocolFunc: printRaWMsg Name[IPCLtoVHAL] len[6] data[214021310000]
12-30 11:24:38.817   398   464 D adayocomadapter-ParseProtocolFunc: printRaWMsg Name[IPCLtoVHAL] len[6] data[214020A20000]
12-30 11:24:38.817   398   464 D adayocomadapter-ParseProtocolFunc: printRaWMsg Name[IPCLtoVHAL] len[6] data[214020A40000]
12-30 11:24:38.817   398   464 D adayocomadapter-ParseProtocolFunc: printRaWMsg Name[IPCLtoVHAL] len[6] data[214021CE0000]
12-30 11:24:38.817   398   464 D adayocomadapter-CommunicationManager: onUpstreamReceive mPropertyId 0x21402053
12-30 11:24:38.817   398   464 D adayocomadapter-CommunicationManager: convertBytesToInt32Memcpy  0
12-30 11:24:38.818   398   464 I vw-vhal : notifyVehicleProperty, propId = 0x21402053, data = {status: 2, int32Values: [0]}
12-30 11:24:38.818   398   464 I vw-vhal : CanSignalsAdapter::notifyVehicleProperty: solvedValue = {.timestamp = 10014639952191, .areaId = 0, .prop = 557850707, .status = AVAILABLE, .value = {.int32Values = [1]{0}, .floatValues = [0]{}, .int64Values = [0]{}, .bytes = [0]{}, .stringValue = ""}}
12-30 11:24:38.818   398   464 I VehiclePropertyStore: begin to write value to Store: {.timestamp = 10014639952191, .areaId = 0, .prop = 557850707, .status = AVAILABLE, .value = {.int32Values = [1]{0}, .floatValues = [0]{}, .int64Values = [0]{}, .bytes = [0]{}, .stringValue = ""}}
12-30 11:24:38.818   398   464 I DefaultVehicleHal_v2_0: DefaultVehicleHal::onPropertyValue, value:{.timestamp = 10014639952191, .areaId = 0, .prop = 557850707, .status = AVAILABLE, .value = {.int32Values = [1]{0}, .floatValues = [0]{}, .int64Values = [0]{}, .bytes = [0]{}, .stringValue = ""}}
12-30 11:24:38.818   398   464 D DiagPropHandler: is not DiagnosticConfig: 0x21402053
12-30 11:24:38.818   398   464 I VehiclePropertyStore: begin to write value to Store: {.timestamp = 10014639952191, .areaId = 0, .prop = 557850707, .status = AVAILABLE, .value = {.int32Values = [1]{0}, .floatValues = [0]{}, .int64Values = [0]{}, .bytes = [0]{}, .stringValue = ""}}
12-30 11:24:38.818   398   464 D adayocomadapter-CommunicationManager: onUpstreamReceive mPropertyId 0x21402053
12-30 11:24:38.818   398   464 D adayocomadapter-CommunicationManager: onUpstreamReceive mPropertyId 0x214020a0
12-30 11:24:38.818   398   464 D adayocomadapter-CommunicationManager: convertBytesToInt32Memcpy  0
12-30 11:24:38.818   398   464 I vw-vhal : notifyVehicleProperty, propId = 0x214020a0, data = {status: 2, int32Values: [0]}
12-30 11:24:38.818   398   464 I vw-vhal : CanSignalsAdapter::notifyVehicleProperty: solvedValue = {.timestamp = 10014640722858, .areaId = 0, .prop = 557850784, .status = AVAILABLE, .value = {.int32Values = [1]{0}, .floatValues = [0]{}, .int64Values = [0]{}, .bytes = [0]{}, .stringValue = ""}}
12-30 11:24:38.819   398   464 I VehiclePropertyStore: begin to write value to Store: {.timestamp = 10014640722858, .areaId = 0, .prop = 557850784, .status = AVAILABLE, .value = {.int32Values = [1]{0}, .floatValues = [0]{}, .int64Values = [0]{}, .bytes = [0]{}, .stringValue = ""}}
12-30 11:24:38.819   398   464 I DefaultVehicleHal_v2_0: DefaultVehicleHal::onPropertyValue, value:{.timestamp = 10014640722858, .areaId = 0, .prop = 557850784, .status = AVAILABLE, .value = {.int32Values = [1]{0}, .floatValues = [0]{}, .int64Values = [0]{}, .bytes = [0]{}, .stringValue = ""}}
12-30 11:24:38.819   398   464 D DiagPropHandler: is not DiagnosticConfig: 0x214020a0
12-30 11:24:38.819   398   464 I VehiclePropertyStore: begin to write value to Store: {.timestamp = 10014640722858, .areaId = 0, .prop = 557850784, .status = AVAILABLE, .value = {.int32Values = [1]{0}, .floatValues = [0]{}, .int64Values = [0]{}, .bytes = [0]{}, .stringValue = ""}}
12-30 11:24:38.819   398   464 D adayocomadapter-CommunicationManager: onUpstreamReceive mPropertyId 0x214020a0
12-30 11:24:38.819   398   464 D adayocomadapter-CommunicationManager: onUpstreamReceive mPropertyId 0x21402131
12-30 11:24:38.819   398   464 D adayocomadapter-CommunicationManager: convertBytesToInt32Memcpy  0
12-30 11:24:38.819   398   464 I vw-vhal : notifyVehicleProperty, propId = 0x21402131, data = {status: 2, int32Values: [0]}
12-30 11:24:38.819   398   464 I vw-vhal : CanSignalsAdapter::notifyVehicleProperty: solvedValue = {.timestamp = 10014641387525, .areaId = 0, .prop = 557850929, .status = AVAILABLE, .value = {.int32Values = [1]{0}, .floatValues = [0]{}, .int64Values = [0]{}, .bytes = [0]{}, .stringValue = ""}}
12-30 11:24:38.819   398   464 I VehiclePropertyStore: begin to write value to Store: {.timestamp = 10014641387525, .areaId = 0, .prop = 557850929, .status = AVAILABLE, .value = {.int32Values = [1]{0}, .floatValues = [0]{}, .int64Values = [0]{}, .bytes = [0]{}, .stringValue = ""}}
12-30 11:24:38.819   398   464 I DefaultVehicleHal_v2_0: DefaultVehicleHal::onPropertyValue, value:{.timestamp = 10014641387525, .areaId = 0, .prop = 557850929, .status = AVAILABLE, .value = {.int32Values = [1]{0}, .floatValues = [0]{}, .int64Values = [0]{}, .bytes = [0]{}, .stringValue = ""}}
12-30 11:24:38.819   398   464 D DiagPropHandler: is not DiagnosticConfig: 0x21402131
12-30 11:24:38.819   398   464 I VehiclePropertyStore: begin to write value to Store: {.timestamp = 10014641387525, .areaId = 0, .prop = 557850929, .status = AVAILABLE, .value = {.int32Values = [1]{0}, .floatValues = [0]{}, .int64Values = [0]{}, .bytes = [0]{}, .stringValue = ""}}
12-30 11:24:38.819   398   464 D adayocomadapter-CommunicationManager: onUpstreamReceive mPropertyId 0x21402131
12-30 11:24:38.820   398   464 D adayocomadapter-CommunicationManager: onUpstreamReceive mPropertyId 0x214020a2
12-30 11:24:38.820   398   464 D adayocomadapter-CommunicationManager: convertBytesToInt32Memcpy  0
12-30 11:24:38.820   398   464 I vw-vhal : notifyVehicleProperty, propId = 0x214020a2, data = {status: 2, int32Values: [0]}
12-30 11:24:38.820   398   464 I vw-vhal : CanSignalsAdapter::notifyVehicleProperty: solvedValue = {.timestamp = 10014642080191, .areaId = 0, .prop = 557850786, .status = AVAILABLE, .value = {.int32Values = [1]{0}, .floatValues = [0]{}, .int64Values = [0]{}, .bytes = [0]{}, .stringValue = ""}}
12-30 11:24:38.820   398   464 I VehiclePropertyStore: begin to write value to Store: {.timestamp = 10014642080191, .areaId = 0, .prop = 557850786, .status = AVAILABLE, .value = {.int32Values = [1]{0}, .floatValues = [0]{}, .int64Values = [0]{}, .bytes = [0]{}, .stringValue = ""}}
12-30 11:24:38.820   398   464 I DefaultVehicleHal_v2_0: DefaultVehicleHal::onPropertyValue, value:{.timestamp = 10014642080191, .areaId = 0, .prop = 557850786, .status = AVAILABLE, .value = {.int32Values = [1]{0}, .floatValues = [0]{}, .int64Values = [0]{}, .bytes = [0]{}, .stringValue = ""}}
12-30 11:24:38.820   398   464 D DiagPropHandler: is not DiagnosticConfig: 0x214020a2
12-30 11:24:38.820   398   464 I VehiclePropertyStore: begin to write value to Store: {.timestamp = 10014642080191, .areaId = 0, .prop = 557850786, .status = AVAILABLE, .value = {.int32Values = [1]{0}, .floatValues = [0]{}, .int64Values = [0]{}, .bytes = [0]{}, .stringValue = ""}}
12-30 11:24:38.820   398   464 D adayocomadapter-CommunicationManager: onUpstreamReceive mPropertyId 0x214020a2
12-30 11:24:38.820   398   464 D adayocomadapter-CommunicationManager: onUpstreamReceive mPropertyId 0x214020a4
12-30 11:24:38.820   398   464 D adayocomadapter-CommunicationManager: convertBytesToInt32Memcpy  0
12-30 11:24:38.820   398   464 I vw-vhal : notifyVehicleProperty, propId = 0x214020a4, data = {status: 2, int32Values: [0]}
12-30 11:24:38.821   398   464 I vw-vhal : CanSignalsAdapter::notifyVehicleProperty: solvedValue = {.timestamp = 10014642896191, .areaId = 0, .prop = 557850788, .status = AVAILABLE, .value = {.int32Values = [1]{0}, .floatValues = [0]{}, .int64Values = [0]{}, .bytes = [0]{}, .stringValue = ""}}
12-30 11:24:38.821   398   464 I VehiclePropertyStore: begin to write value to Store: {.timestamp = 10014642896191, .areaId = 0, .prop = 557850788, .status = AVAILABLE, .value = {.int32Values = [1]{0}, .floatValues = [0]{}, .int64Values = [0]{}, .bytes = [0]{}, .stringValue = ""}}
12-30 11:24:38.821   398   464 I DefaultVehicleHal_v2_0: DefaultVehicleHal::onPropertyValue, value:{.timestamp = 10014642896191, .areaId = 0, .prop = 557850788, .status = AVAILABLE, .value = {.int32Values = [1]{0}, .floatValues = [0]{}, .int64Values = [0]{}, .bytes = [0]{}, .stringValue = ""}}
12-30 11:24:38.821   398   464 D DiagPropHandler: is not DiagnosticConfig: 0x214020a4
12-30 11:24:38.821   398   464 I VehiclePropertyStore: begin to write value to Store: {.timestamp = 10014642896191, .areaId = 0, .prop = 557850788, .status = AVAILABLE, .value = {.int32Values = [1]{0}, .floatValues = [0]{}, .int64Values = [0]{}, .bytes = [0]{}, .stringValue = ""}}
12-30 11:24:38.821   398   464 D adayocomadapter-CommunicationManager: onUpstreamReceive mPropertyId 0x214020a4
12-30 11:24:38.821   398   464 D adayocomadapter-CommunicationManager: onUpstreamReceive mPropertyId 0x214021ce
12-30 11:24:38.821   398   464 D adayocomadapter-CommunicationManager: convertBytesToInt32Memcpy  0
12-30 11:24:38.821   398   464 I vw-vhal : notifyVehicleProperty, propId = 0x214021ce, data = {status: 2, int32Values: [0]}
12-30 11:24:38.821   398   464 I vw-vhal : CanSignalsAdapter::notifyVehicleProperty: solvedValue = {.timestamp = 10014643623858, .areaId = 0, .prop = 557851086, .status = AVAILABLE, .value = {.int32Values = [1]{0}, .floatValues = [0]{}, .int64Values = [0]{}, .bytes = [0]{}, .stringValue = ""}}
12-30 11:24:38.821   398   464 I VehiclePropertyStore: begin to write value to Store: {.timestamp = 10014643623858, .areaId = 0, .prop = 557851086, .status = AVAILABLE, .value = {.int32Values = [1]{0}, .floatValues = [0]{}, .int64Values = [0]{}, .bytes = [0]{}, .stringValue = ""}}
12-30 11:24:38.821   398   464 I DefaultVehicleHal_v2_0: DefaultVehicleHal::onPropertyValue, value:{.timestamp = 10014643623858, .areaId = 0, .prop = 557851086, .status = AVAILABLE, .value = {.int32Values = [1]{0}, .floatValues = [0]{}, .int64Values = [0]{}, .bytes = [0]{}, .stringValue = ""}}
12-30 11:24:38.822   398   464 D DiagPropHandler: is not DiagnosticConfig: 0x214021ce
12-30 11:24:38.822   398   464 I VehiclePropertyStore: begin to write value to Store: {.timestamp = 10014643623858, .areaId = 0, .prop = 557851086, .status = AVAILABLE, .value = {.int32Values = [1]{0}, .floatValues = [0]{}, .int64Values = [0]{}, .bytes = [0]{}, .stringValue = ""}}
12-30 11:24:38.822   398   464 D adayocomadapter-CommunicationManager: onUpstreamReceive mPropertyId 0x214021ce
12-30 11:24:38.823   360   931 D EvsDriver: forwardFrame
12-30 11:24:38.823   360   931 D EvsDriver: forwardFrameDirect
12-30 11:24:38.823   360   931 D EvsDriver: Delivered 0xb400e2ca9e40c2d0 as id 0
12-30 11:24:38.823   359  2784 D evsmanagerd: /dev/video-evs0 forwarded the buffer #0 to 0xb400f125d2b26dd0 from 0xb400f125e2b20710
12-30 11:24:38.829   360   458 D EvsDriver: doneWithFrame
12-30 11:24:38.835   596  3076 E WifiHAL : Invalid data received from driver
12-30 11:24:38.835  3066  3066 D hostapd : nl80211: BSS Event 59 (NL80211_CMD_FRAME) received for wlan1
12-30 11:24:38.835  3066  3066 D hostapd : nl80211: RX frame da=ff:ff:ff:ff:ff:ff sa=ea:9d:d5:49:2d:ed bssid=ea:9d:d5:49:2d:ed freq=5745 ssi_signal=-9100 fc=0xd0 seq_ctrl=0xc120 stype=13 (WLAN_FC_STYPE_ACTION) len=42
12-30 11:24:38.835  3066  3066 D hostapd : wlan1: Event RX_MGMT (18) received
12-30 11:24:38.835  3066  3066 D hostapd : Receive wpa msg : Event RX_MGMT (18) received
12-30 11:24:38.843  2358  2623 D RcfController: Rcf proxy is not connected!
12-30 11:24:38.849  3066  3066 D hostapd : nl80211: BSS Event 59 (NL80211_CMD_FRAME) received for wlan1
12-30 11:24:38.849  3066  3066 D hostapd : nl80211: RX frame da=ff:ff:ff:ff:ff:ff sa=cc:53:69:80:0a:c9 bssid=ff:ff:ff:ff:ff:ff freq=5745 ssi_signal=-8800 fc=0x40 seq_ctrl=0xe820 stype=4 (WLAN_FC_STYPE_PROBE_REQ) len=260
12-30 11:24:38.849  3066  3066 D hostapd : Receive wpa msg : Event RX_MGMT (18) received
12-30 11:24:38.849   596  3076 E WifiHAL : Invalid data received from driver
12-30 11:24:38.849  3066  3066 D hostapd : Receive wpa msg : RX-PROBE-REQUEST sa=cc:53:69:80:0a:c9 signal=-8800
12-30 11:24:38.849  3066  3066 D hostapd : nl80211: send_mlme - da=cc:53:69:80:0a:c9 noack=1 freq=0 no_cck=0 offchanok=0 wait_time=0 no_encrypt=0 fc=0x50 (WLAN_FC_STYPE_PROBE_RESP) nlmode=3
12-30 11:24:38.849  3066  3066 D hostapd : nl80211: Use bss->freq=5745
12-30 11:24:38.849  3066  3066 D hostapd : nl80211: send_mlme -> send_frame_cmd
12-30 11:24:38.850  3066  3066 D hostapd : nl80211: Drv Event 60 (NL80211_CMD_FRAME_TX_STATUS) received for wlan1
12-30 11:24:38.850  3066  3066 D hostapd : nl80211: Frame TX status event A1=cc:53:69:80:0a:c9 stype=5 cookie=0x0 ack=0
12-30 11:24:38.850   596  3076 E WifiHAL : Invalid data received from driver
12-30 11:24:38.850  3066  3066 D hostapd : wlan1: Event TX_STATUS (16) received
12-30 11:24:38.850  3066  3066 D hostapd : Receive wpa msg : Event TX_STATUS (16) received
12-30 11:24:38.856   360   931 D EvsDriver: forwardFrame
12-30 11:24:38.856   360   931 D EvsDriver: forwardFrameDirect
12-30 11:24:38.857   360   931 D EvsDriver: Delivered 0xb400e2ca9e40d090 as id 1
12-30 11:24:38.857   359  2784 D evsmanagerd: /dev/video-evs0 forwarded the buffer #1 to 0xb400f125d2b26dd0 from 0xb400f125e2b20710
12-30 11:24:38.859   360   458 D EvsDriver: doneWithFrame
01-01 10:46:55.869     1     1 I init    : starting service 'trace_resource'...
12-30 11:24:38.876   596  3076 E WifiHAL : Invalid data received from driver
12-30 11:24:38.876  3066  3066 D hostapd : nl80211: BSS Event 59 (NL80211_CMD_FRAME) received for wlan1
12-30 11:24:38.876  3066  3066 D hostapd : nl80211: RX frame da=ff:ff:ff:ff:ff:ff sa=ea:9d:d5:49:2d:ed bssid=ea:9d:d5:49:2d:ed freq=5745 ssi_signal=-9200 fc=0xd0 seq_ctrl=0xc140 stype=13 (WLAN_FC_STYPE_ACTION) len=42
12-30 11:24:38.876  3066  3066 D hostapd : wlan1: Event RX_MGMT (18) received
12-30 11:24:38.876  3066  3066 D hostapd : Receive wpa msg : Event RX_MGMT (18) received
12-30 11:24:38.884 18375 18375 I auditd  : type=1400 audit(0.0:1119247): avc:  denied  { entrypoint } for  comm="init" path="/system/bin/sh" dev="dm-1" ino=8660711 scontext=u:r:trace_resource:s0 tcontext=u:object_r:shell_exec:s0 tclass=file permissive=1
12-30 11:24:38.884 18375 18375 I init    : type=1400 audit(0.0:1119247): avc:  denied  { entrypoint } for  path="/system/bin/sh" dev="dm-1" ino=8660711 scontext=u:r:trace_resource:s0 tcontext=u:object_r:shell_exec:s0 tclass=file permissive=1
12-30 11:24:38.889   360   931 D EvsDriver: forwardFrame
12-30 11:24:38.890   360   931 D EvsDriver: forwardFrameDirect
12-30 11:24:38.890   360   931 D EvsDriver: Delivered 0xb400e2ca9e40e110 as id 0
12-30 11:24:38.890   359  2784 D evsmanagerd: /dev/video-evs0 forwarded the buffer #0 to 0xb400f125d2b26dd0 from 0xb400f125e2b20710
12-30 11:24:38.893  2358  2623 D RcfController: Rcf proxy is not connected!
12-30 11:24:38.892 18375 18375 I auditd  : type=1400 audit(0.0:1119248): avc:  denied  { map } for  comm="sh" path="/system/bin/sh" dev="dm-1" ino=8660711 scontext=u:r:trace_resource:s0 tcontext=u:object_r:shell_exec:s0 tclass=file permissive=1
12-30 11:24:38.892 18375 18375 I sh      : type=1400 audit(0.0:1119248): avc:  denied  { map } for  path="/system/bin/sh" dev="dm-1" ino=8660711 scontext=u:r:trace_resource:s0 tcontext=u:object_r:shell_exec:s0 tclass=file permissive=1
12-30 11:24:38.892 18375 18375 I auditd  : type=1400 audit(0.0:1119249): avc:  denied  { read } for  comm="sh" path="/system/bin/sh" dev="dm-1" ino=8660711 scontext=u:r:trace_resource:s0 tcontext=u:object_r:shell_exec:s0 tclass=file permissive=1
12-30 11:24:38.892 18375 18375 I sh      : type=1400 audit(0.0:1119249): avc:  denied  { read } for  path="/system/bin/sh" dev="dm-1" ino=8660711 scontext=u:r:trace_resource:s0 tcontext=u:object_r:shell_exec:s0 tclass=file permissive=1
12-30 11:24:38.892 18375 18375 I auditd  : type=1400 audit(0.0:1119250): avc:  denied  { execute } for  comm="sh" path="/system/bin/sh" dev="dm-1" ino=8660711 scontext=u:r:trace_resource:s0 tcontext=u:object_r:shell_exec:s0 tclass=file permissive=1
12-30 11:24:38.892 18375 18375 I sh      : type=1400 audit(0.0:1119250): avc:  denied  { execute } for  path="/system/bin/sh" dev="dm-1" ino=8660711 scontext=u:r:trace_resource:s0 tcontext=u:object_r:shell_exec:s0 tclass=file permissive=1
12-30 11:24:38.900   360   458 D EvsDriver: doneWithFrame
12-30 11:24:38.896 18375 18375 I auditd  : type=1400 audit(0.0:1119251): avc:  denied  { getattr } for  comm="sh" path="/system/bin/sh" dev="dm-1" ino=8660711 scontext=u:r:trace_resource:s0 tcontext=u:object_r:shell_exec:s0 tclass=file permissive=1
12-30 11:24:38.896 18375 18375 I sh      : type=1400 audit(0.0:1119251): avc:  denied  { getattr } for  path="/system/bin/sh" dev="dm-1" ino=8660711 scontext=u:r:trace_resource:s0 tcontext=u:object_r:shell_exec:s0 tclass=file permissive=1
12-30 11:24:38.923   360   931 D EvsDriver: forwardFrame
12-30 11:24:38.923   360   931 D EvsDriver: forwardFrameDirect
12-30 11:24:38.923   360   931 D EvsDriver: Delivered 0xb400e2ca9e40c7a0 as id 1
12-30 11:24:38.923   359  2784 D evsmanagerd: /dev/video-evs0 forwarded the buffer #1 to 0xb400f125d2b26dd0 from 0xb400f125e2b20710
12-30 11:24:38.929   798 18374 W adbd    : timed out while waiting for FUNCTIONFS_BIND, trying again
12-30 11:24:38.929   798 18374 I adbd    : UsbFfs: connection terminated: monitor thread finished
12-30 11:24:38.929   798   798 I adbd    : UsbFfs: already offline
12-30 11:24:38.929   798   798 I adbd    : destroying transport UsbFfs
12-30 11:24:38.930   798   798 I adbd    : UsbFfsConnection being destroyed
12-30 11:24:38.930   360   458 D EvsDriver: doneWithFrame
12-30 11:24:38.932   596  3076 E WifiHAL : Invalid data received from driver
12-30 11:24:38.937  3066  3066 D hostapd : nl80211: BSS Event 59 (NL80211_CMD_FRAME) received for wlan1
12-30 11:24:38.938  3066  3066 D hostapd : nl80211: RX frame da=ff:ff:ff:ff:ff:ff sa=ea:9d:d5:49:2d:ed bssid=ea:9d:d5:49:2d:ed freq=5745 ssi_signal=-9100 fc=0xd0 seq_ctrl=0xc170 stype=13 (WLAN_FC_STYPE_ACTION) len=42
12-30 11:24:38.938  3066  3066 D hostapd : wlan1: Event RX_MGMT (18) received
12-30 11:24:38.938  3066  3066 D hostapd : Receive wpa msg : Event RX_MGMT (18) received
12-30 11:24:38.943  2358  2623 D RcfController: Rcf proxy is not connected!
12-30 11:24:38.956   360   931 D EvsDriver: forwardFrame
12-30 11:24:38.956   360   931 D EvsDriver: forwardFrameDirect
12-30 11:24:38.957   360   931 D EvsDriver: Delivered 0xb400e2ca9e40e270 as id 0
12-30 11:24:38.957   359  2784 D evsmanagerd: /dev/video-evs0 forwarded the buffer #0 to 0xb400f125d2b26dd0 from 0xb400f125e2b20710
12-30 11:24:38.957   650   729 D fgemcucomm: sd Uart data : 6AA602386B00029202C5
12-30 11:24:38.958   650   729 D fgemcucomm: rev uart=82707,len=29, data : 6AA681386B001592020013000000000000000000000000000000000020
12-30 11:24:38.958   398   466 D adayocomadapter-ParseProtocolFunc: printRaWMsg Name[MCUToUPstream recv] len[21] data[920200130000000000000000000000000000000000]
12-30 11:24:38.958   398   466 D adayocomadapter-CommunicationManager: onUpstreamback   member[0] dataLength[18] timePoint[10014780]
12-30 11:24:38.958   398   466 D adayocomadapter-ParseProtocolFunc: printRaWMsg Name[onUpstreamback] len[18] data[130000000000000000000000000000000000]
12-30 11:24:38.958   398   464 D adayocomadapter-UpstreamHandler: processBeforePacket upSreamtProcessTimePoint[10014780] 
12-30 11:24:38.959   398   464 D adayocomadapter-UpstreamHandler: processPacket UPSTREAM_QUEUE_DATA_TIMEOUT
12-30 11:24:38.959   398   464 D adayocomadapter-ParseProtocolFunc: parseCommonIPCLBytes Processing tableNumber[19]
12-30 11:24:38.959   398   464 D adayocomadapter-ParseProtocolFunc: parseCommonIPCLBytes Processing tablename[Table-19] tableSize[18]
12-30 11:24:38.959   398   464 D adayocomadapter-ParseProtocolFunc: printRaWMsg Name[byteStream recv] len[18] data[130000000000000000000000000000000000]
12-30 11:24:38.959   398   464 D adayocomadapter-ParseProtocolFunc: printRaWMsg Name[IPCLtoVHAL] len[6] data[214010280000]
12-30 11:24:38.959   398   464 D adayocomadapter-ParseProtocolFunc: printRaWMsg Name[IPCLtoVHAL] len[6] data[214010290000]
12-30 11:24:38.959   398   464 D adayocomadapter-ParseProtocolFunc: printRaWMsg Name[IPCLtoVHAL] len[6] data[2140102E0000]
12-30 11:24:38.959   398   464 D adayocomadapter-ParseProtocolFunc: printRaWMsg Name[IPCLtoVHAL] len[6] data[2140102B0000]
12-30 11:24:38.959   398   464 D adayocomadapter-ParseProtocolFunc: printRaWMsg Name[IPCLtoVHAL] len[6] data[2140104C0000]
12-30 11:24:38.959   398   464 D adayocomadapter-ParseProtocolFunc: printRaWMsg Name[IPCLtoVHAL] len[6] data[2140102C0000]
12-30 11:24:38.959   398   464 D adayocomadapter-ParseProtocolFunc: printRaWMsg Name[IPCLtoVHAL] len[7] data[21402007000000]
12-30 11:24:38.959   398   464 D adayocomadapter-ParseProtocolFunc: printRaWMsg Name[IPCLtoVHAL] len[6] data[2140102F0000]
12-30 11:24:38.959   398   464 D adayocomadapter-ParseProtocolFunc: printRaWMsg Name[IPCLtoVHAL] len[6] data[214010310000]
12-30 11:24:38.959   398   464 D adayocomadapter-ParseProtocolFunc: printRaWMsg Name[IPCLtoVHAL] len[7] data[21402022000000]
12-30 11:24:38.959   398   464 D adayocomadapter-ParseProtocolFunc: printRaWMsg Name[IPCLtoVHAL] len[9] data[214020230000000000]
12-30 11:24:38.960   398   464 D adayocomadapter-ParseProtocolFunc: printRaWMsg Name[IPCLtoVHAL] len[6] data[2140104D0000]
12-30 11:24:38.960   398   464 D adayocomadapter-CommunicationManager: onUpstreamReceive mPropertyId 0x21401028
12-30 11:24:38.960   398   464 D adayocomadapter-CommunicationManager: convertBytesToInt32Memcpy  0
12-30 11:24:38.960   398   464 I vw-vhal : notifyVehicleProperty, propId = 0x21401028, data = {status: 2, int32Values: [0]}
12-30 11:24:38.960   398   464 I vw-vhal : CanSignalsAdapter::notifyVehicleProperty: solvedValue = {.timestamp = 10014782156858, .areaId = 0, .prop = 557846568, .status = AVAILABLE, .value = {.int32Values = [1]{0}, .floatValues = [0]{}, .int64Values = [0]{}, .bytes = [0]{}, .stringValue = ""}}
12-30 11:24:38.960   398   464 I VehiclePropertyStore: begin to write value to Store: {.timestamp = 10014782156858, .areaId = 0, .prop = 557846568, .status = AVAILABLE, .value = {.int32Values = [1]{0}, .floatValues = [0]{}, .int64Values = [0]{}, .bytes = [0]{}, .stringValue = ""}}
12-30 11:24:38.960   398   464 I DefaultVehicleHal_v2_0: DefaultVehicleHal::onPropertyValue, value:{.timestamp = 10014782156858, .areaId = 0, .prop = 557846568, .status = AVAILABLE, .value = {.int32Values = [1]{0}, .floatValues = [0]{}, .int64Values = [0]{}, .bytes = [0]{}, .stringValue = ""}}
12-30 11:24:38.960   398   464 D DiagPropHandler: is not DiagnosticConfig: 0x21401028
12-30 11:24:38.960   398   464 I VehiclePropertyStore: begin to write value to Store: {.timestamp = 10014782156858, .areaId = 0, .prop = 557846568, .status = AVAILABLE, .value = {.int32Values = [1]{0}, .floatValues = [0]{}, .int64Values = [0]{}, .bytes = [0]{}, .stringValue = ""}}
12-30 11:24:38.960   398   464 D adayocomadapter-CommunicationManager: onUpstreamReceive mPropertyId 0x21401028
12-30 11:24:38.960   398   464 D adayocomadapter-CommunicationManager: onUpstreamReceive mPropertyId 0x21401029
12-30 11:24:38.960   398   464 D adayocomadapter-CommunicationManager: convertBytesToInt32Memcpy  0
12-30 11:24:38.961   398   464 I vw-vhal : notifyVehicleProperty, propId = 0x21401029, data = {status: 2, int32Values: [0]}
12-30 11:24:38.961   360   458 D EvsDriver: doneWithFrame
12-30 11:24:38.961   398   464 I vw-vhal : CanSignalsAdapter::notifyVehicleProperty: solvedValue = {.timestamp = 10014782968525, .areaId = 0, .prop = 557846569, .status = AVAILABLE, .value = {.int32Values = [1]{0}, .floatValues = [0]{}, .int64Values = [0]{}, .bytes = [0]{}, .stringValue = ""}}
12-30 11:24:38.961   398   464 I VehiclePropertyStore: begin to write value to Store: {.timestamp = 10014782968525, .areaId = 0, .prop = 557846569, .status = AVAILABLE, .value = {.int32Values = [1]{0}, .floatValues = [0]{}, .int64Values = [0]{}, .bytes = [0]{}, .stringValue = ""}}
12-30 11:24:38.961   398   464 I DefaultVehicleHal_v2_0: DefaultVehicleHal::onPropertyValue, value:{.timestamp = 10014782968525, .areaId = 0, .prop = 557846569, .status = AVAILABLE, .value = {.int32Values = [1]{0}, .floatValues = [0]{}, .int64Values = [0]{}, .bytes = [0]{}, .stringValue = ""}}
12-30 11:24:38.961   398   464 D DiagPropHandler: is not DiagnosticConfig: 0x21401029
12-30 11:24:38.961   398   464 I VehiclePropertyStore: begin to write value to Store: {.timestamp = 10014782968525, .areaId = 0, .prop = 557846569, .status = AVAILABLE, .value = {.int32Values = [1]{0}, .floatValues = [0]{}, .int64Values = [0]{}, .bytes = [0]{}, .stringValue = ""}}
12-30 11:24:38.961   398   464 D adayocomadapter-CommunicationManager: onUpstreamReceive mPropertyId 0x21401029
12-30 11:24:38.961   398   464 D adayocomadapter-CommunicationManager: onUpstreamReceive mPropertyId 0x2140102e
12-30 11:24:38.961   398   464 D adayocomadapter-CommunicationManager: convertBytesToInt32Memcpy  0
12-30 11:24:38.961   398   464 I vw-vhal : notifyVehicleProperty, propId = 0x2140102e, data = {status: 2, int32Values: [0]}
12-30 11:24:38.961   398   464 I vw-vhal : CanSignalsAdapter::notifyVehicleProperty: solvedValue = {.timestamp = 10014783767858, .areaId = 0, .prop = 557846574, .status = AVAILABLE, .value = {.int32Values = [1]{0}, .floatValues = [0]{}, .int64Values = [0]{}, .bytes = [0]{}, .stringValue = ""}}
12-30 11:24:38.962   398   464 I VehiclePropertyStore: begin to write value to Store: {.timestamp = 10014783767858, .areaId = 0, .prop = 557846574, .status = AVAILABLE, .value = {.int32Values = [1]{0}, .floatValues = [0]{}, .int64Values = [0]{}, .bytes = [0]{}, .stringValue = ""}}
12-30 11:24:38.962   398   464 I DefaultVehicleHal_v2_0: DefaultVehicleHal::onPropertyValue, value:{.timestamp = 10014783767858, .areaId = 0, .prop = 557846574, .status = AVAILABLE, .value = {.int32Values = [1]{0}, .floatValues = [0]{}, .int64Values = [0]{}, .bytes = [0]{}, .stringValue = ""}}
12-30 11:24:38.962   398   464 D DiagPropHandler: is not DiagnosticConfig: 0x2140102e
12-30 11:24:38.962   398   464 I VehiclePropertyStore: begin to write value to Store: {.timestamp = 10014783767858, .areaId = 0, .prop = 557846574, .status = AVAILABLE, .value = {.int32Values = [1]{0}, .floatValues = [0]{}, .int64Values = [0]{}, .bytes = [0]{}, .stringValue = ""}}
12-30 11:24:38.962   398   464 D adayocomadapter-CommunicationManager: onUpstreamReceive mPropertyId 0x2140102e
12-30 11:24:38.962   398   464 D adayocomadapter-CommunicationManager: onUpstreamReceive mPropertyId 0x2140102b
12-30 11:24:38.962   398   464 D adayocomadapter-CommunicationManager: convertBytesToInt32Memcpy  0
12-30 11:24:38.962   398   464 I vw-vhal : notifyVehicleProperty, propId = 0x2140102b, data = {status: 2, int32Values: [0]}
12-30 11:24:38.962   398   464 I vw-vhal : CanSignalsAdapter::notifyVehicleProperty: solvedValue = {.timestamp = 10014784577191, .areaId = 0, .prop = 557846571, .status = AVAILABLE, .value = {.int32Values = [1]{0}, .floatValues = [0]{}, .int64Values = [0]{}, .bytes = [0]{}, .stringValue = ""}}
12-30 11:24:38.962   398   464 I VehiclePropertyStore: begin to write value to Store: {.timestamp = 10014784577191, .areaId = 0, .prop = 557846571, .status = AVAILABLE, .value = {.int32Values = [1]{0}, .floatValues = [0]{}, .int64Values = [0]{}, .bytes = [0]{}, .stringValue = ""}}
12-30 11:24:38.962   398   464 I DefaultVehicleHal_v2_0: DefaultVehicleHal::onPropertyValue, value:{.timestamp = 10014784577191, .areaId = 0, .prop = 557846571, .status = AVAILABLE, .value = {.int32Values = [1]{0}, .floatValues = [0]{}, .int64Values = [0]{}, .bytes = [0]{}, .stringValue = ""}}
12-30 11:24:38.963   398   464 D DiagPropHandler: is not DiagnosticConfig: 0x2140102b
12-30 11:24:38.963   398   464 I VehiclePropertyStore: begin to write value to Store: {.timestamp = 10014784577191, .areaId = 0, .prop = 557846571, .status = AVAILABLE, .value = {.int32Values = [1]{0}, .floatValues = [0]{}, .int64Values = [0]{}, .bytes = [0]{}, .stringValue = ""}}
12-30 11:24:38.963   398   464 D adayocomadapter-CommunicationManager: onUpstreamReceive mPropertyId 0x2140102b
12-30 11:24:38.963   398   464 D adayocomadapter-CommunicationManager: onUpstreamReceive mPropertyId 0x2140104c
12-30 11:24:38.963   398   464 D adayocomadapter-CommunicationManager: convertBytesToInt32Memcpy  0
12-30 11:24:38.963   398   464 I vw-vhal : notifyVehicleProperty, propId = 0x2140104c, data = {status: 2, int32Values: [0]}
12-30 11:24:38.963   398   464 I vw-vhal : CanSignalsAdapter::notifyVehicleProperty: solvedValue = {.timestamp = 10014785277191, .areaId = 0, .prop = 557846604, .status = AVAILABLE, .value = {.int32Values = [1]{0}, .floatValues = [0]{}, .int64Values = [0]{}, .bytes = [0]{}, .stringValue = ""}}
12-30 11:24:38.963   398   464 I VehiclePropertyStore: begin to write value to Store: {.timestamp = 10014785277191, .areaId = 0, .prop = 557846604, .status = AVAILABLE, .value = {.int32Values = [1]{0}, .floatValues = [0]{}, .int64Values = [0]{}, .bytes = [0]{}, .stringValue = ""}}
12-30 11:24:38.963   398   464 I DefaultVehicleHal_v2_0: DefaultVehicleHal::onPropertyValue, value:{.timestamp = 10014785277191, .areaId = 0, .prop = 557846604, .status = AVAILABLE, .value = {.int32Values = [1]{0}, .floatValues = [0]{}, .int64Values = [0]{}, .bytes = [0]{}, .stringValue = ""}}
12-30 11:24:38.963   398   464 D DiagPropHandler: is not DiagnosticConfig: 0x2140104c
12-30 11:24:38.963   398   464 I VehiclePropertyStore: begin to write value to Store: {.timestamp = 10014785277191, .areaId = 0, .prop = 557846604, .status = AVAILABLE, .value = {.int32Values = [1]{0}, .floatValues = [0]{}, .int64Values = [0]{}, .bytes = [0]{}, .stringValue = ""}}
12-30 11:24:38.963   398   464 D adayocomadapter-CommunicationManager: onUpstreamReceive mPropertyId 0x2140104c
12-30 11:24:38.963   398   464 D adayocomadapter-CommunicationManager: onUpstreamReceive mPropertyId 0x2140102c
12-30 11:24:38.963   398   464 D adayocomadapter-CommunicationManager: convertBytesToInt32Memcpy  0
12-30 11:24:38.964   398   464 I vw-vhal : notifyVehicleProperty, propId = 0x2140102c, data = {status: 2, int32Values: [0]}
12-30 11:24:38.964   398   464 I vw-vhal : CanSignalsAdapter::notifyVehicleProperty: solvedValue = {.timestamp = 10014785905191, .areaId = 0, .prop = 557846572, .status = AVAILABLE, .value = {.int32Values = [1]{0}, .floatValues = [0]{}, .int64Values = [0]{}, .bytes = [0]{}, .stringValue = ""}}
12-30 11:24:38.964   398   464 I VehiclePropertyStore: begin to write value to Store: {.timestamp = 10014785905191, .areaId = 0, .prop = 557846572, .status = AVAILABLE, .value = {.int32Values = [1]{0}, .floatValues = [0]{}, .int64Values = [0]{}, .bytes = [0]{}, .stringValue = ""}}
12-30 11:24:38.964   398   464 I DefaultVehicleHal_v2_0: DefaultVehicleHal::onPropertyValue, value:{.timestamp = 10014785905191, .areaId = 0, .prop = 557846572, .status = AVAILABLE, .value = {.int32Values = [1]{0}, .floatValues = [0]{}, .int64Values = [0]{}, .bytes = [0]{}, .stringValue = ""}}
12-30 11:24:38.964   398   464 D DiagPropHandler: is not DiagnosticConfig: 0x2140102c
12-30 11:24:38.964   398   464 I VehiclePropertyStore: begin to write value to Store: {.timestamp = 10014785905191, .areaId = 0, .prop = 557846572, .status = AVAILABLE, .value = {.int32Values = [1]{0}, .floatValues = [0]{}, .int64Values = [0]{}, .bytes = [0]{}, .stringValue = ""}}
12-30 11:24:38.964   398   464 D adayocomadapter-CommunicationManager: onUpstreamReceive mPropertyId 0x2140102c
12-30 11:24:38.964   398   464 D adayocomadapter-CommunicationManager: onUpstreamReceive mPropertyId 0x21402007
12-30 11:24:38.964   398   464 D adayocomadapter-CommunicationManager: convertBytesToInt32Memcpy  0
12-30 11:24:38.964   398   464 I vw-vhal : notifyVehicleProperty, propId = 0x21402007, data = {status: 2, int32Values: [0]}
12-30 11:24:38.964   398   464 I vw-vhal : CanSignalsAdapter::notifyVehicleProperty: solvedValue = {.timestamp = 10014786545191, .areaId = 0, .prop = 557850631, .status = AVAILABLE, .value = {.int32Values = [1]{0}, .floatValues = [0]{}, .int64Values = [0]{}, .bytes = [0]{}, .stringValue = ""}}
12-30 11:24:38.964   398   464 I VehiclePropertyStore: begin to write value to Store: {.timestamp = 10014786545191, .areaId = 0, .prop = 557850631, .status = AVAILABLE, .value = {.int32Values = [1]{0}, .floatValues = [0]{}, .int64Values = [0]{}, .bytes = [0]{}, .stringValue = ""}}
12-30 11:24:38.964   398   464 I DefaultVehicleHal_v2_0: DefaultVehicleHal::onPropertyValue, value:{.timestamp = 10014786545191, .areaId = 0, .prop = 557850631, .status = AVAILABLE, .value = {.int32Values = [1]{0}, .floatValues = [0]{}, .int64Values = [0]{}, .bytes = [0]{}, .stringValue = ""}}
12-30 11:24:38.964   398   464 D DiagPropHandler: is not DiagnosticConfig: 0x21402007
12-30 11:24:38.965   398   464 I VehiclePropertyStore: begin to write value to Store: {.timestamp = 10014786545191, .areaId = 0, .prop = 557850631, .status = AVAILABLE, .value = {.int32Values = [1]{0}, .floatValues = [0]{}, .int64Values = [0]{}, .bytes = [0]{}, .stringValue = ""}}
12-30 11:24:38.965   398   464 D adayocomadapter-CommunicationManager: onUpstreamReceive mPropertyId 0x21402007
12-30 11:24:38.965   398   464 D adayocomadapter-CommunicationManager: onUpstreamReceive mPropertyId 0x2140102f
12-30 11:24:38.965   398   464 D adayocomadapter-CommunicationManager: convertBytesToInt32Memcpy  0
12-30 11:24:38.965   398   464 I vw-vhal : notifyVehicleProperty, propId = 0x2140102f, data = {status: 2, int32Values: [0]}
12-30 11:24:38.965   398   464 I vw-vhal : CanSignalsAdapter::notifyVehicleProperty: solvedValue = {.timestamp = 10014787190525, .areaId = 0, .prop = 557846575, .status = AVAILABLE, .value = {.int32Values = [1]{0}, .floatValues = [0]{}, .int64Values = [0]{}, .bytes = [0]{}, .stringValue = ""}}
12-30 11:24:38.965   398   464 I VehiclePropertyStore: begin to write value to Store: {.timestamp = 10014787190525, .areaId = 0, .prop = 557846575, .status = AVAILABLE, .value = {.int32Values = [1]{0}, .floatValues = [0]{}, .int64Values = [0]{}, .bytes = [0]{}, .stringValue = ""}}
12-30 11:24:38.965   398   464 I DefaultVehicleHal_v2_0: DefaultVehicleHal::onPropertyValue, value:{.timestamp = 10014787190525, .areaId = 0, .prop = 557846575, .status = AVAILABLE, .value = {.int32Values = [1]{0}, .floatValues = [0]{}, .int64Values = [0]{}, .bytes = [0]{}, .stringValue = ""}}
12-30 11:24:38.965   398   464 D DiagPropHandler: is not DiagnosticConfig: 0x2140102f
12-30 11:24:38.965   398   464 I VehiclePropertyStore: begin to write value to Store: {.timestamp = 10014787190525, .areaId = 0, .prop = 557846575, .status = AVAILABLE, .value = {.int32Values = [1]{0}, .floatValues = [0]{}, .int64Values = [0]{}, .bytes = [0]{}, .stringValue = ""}}
12-30 11:24:38.965   398   464 D adayocomadapter-CommunicationManager: onUpstreamReceive mPropertyId 0x2140102f
12-30 11:24:38.965   398   464 D adayocomadapter-CommunicationManager: onUpstreamReceive mPropertyId 0x21401031
12-30 11:24:38.965   398   464 D adayocomadapter-CommunicationManager: convertBytesToInt32Memcpy  0
12-30 11:24:38.965   398   464 I vw-vhal : notifyVehicleProperty, propId = 0x21401031, data = {status: 2, int32Values: [0]}
12-30 11:24:38.966   398   464 I vw-vhal : CanSignalsAdapter::notifyVehicleProperty: solvedValue = {.timestamp = 10014787820191, .areaId = 0, .prop = 557846577, .status = AVAILABLE, .value = {.int32Values = [1]{0}, .floatValues = [0]{}, .int64Values = [0]{}, .bytes = [0]{}, .stringValue = ""}}
12-30 11:24:38.966   398   464 I VehiclePropertyStore: begin to write value to Store: {.timestamp = 10014787820191, .areaId = 0, .prop = 557846577, .status = AVAILABLE, .value = {.int32Values = [1]{0}, .floatValues = [0]{}, .int64Values = [0]{}, .bytes = [0]{}, .stringValue = ""}}
12-30 11:24:38.966   398   464 I DefaultVehicleHal_v2_0: DefaultVehicleHal::onPropertyValue, value:{.timestamp = 10014787820191, .areaId = 0, .prop = 557846577, .status = AVAILABLE, .value = {.int32Values = [1]{0}, .floatValues = [0]{}, .int64Values = [0]{}, .bytes = [0]{}, .stringValue = ""}}
12-30 11:24:38.966   398   464 D DiagPropHandler: is not DiagnosticConfig: 0x21401031
12-30 11:24:38.966   398   464 I VehiclePropertyStore: begin to write value to Store: {.timestamp = 10014787820191, .areaId = 0, .prop = 557846577, .status = AVAILABLE, .value = {.int32Values = [1]{0}, .floatValues = [0]{}, .int64Values = [0]{}, .bytes = [0]{}, .stringValue = ""}}
12-30 11:24:38.966   398   464 D adayocomadapter-CommunicationManager: onUpstreamReceive mPropertyId 0x21401031
12-30 11:24:38.966   398   464 D adayocomadapter-CommunicationManager: onUpstreamReceive mPropertyId 0x21402022
12-30 11:24:38.966   398   464 D adayocomadapter-CommunicationManager: convertBytesToInt32Memcpy  0
12-30 11:24:38.966   398   464 I vw-vhal : notifyVehicleProperty, propId = 0x21402022, data = {status: 2, int32Values: [0]}
12-30 11:24:38.966   398   464 I vw-vhal : CanSignalsAdapter::notifyVehicleProperty: solvedValue = {.timestamp = 10014788551191, .areaId = 0, .prop = 557850658, .status = AVAILABLE, .value = {.int32Values = [1]{0}, .floatValues = [0]{}, .int64Values = [0]{}, .bytes = [0]{}, .stringValue = ""}}
12-30 11:24:38.966   398   464 I VehiclePropertyStore: begin to write value to Store: {.timestamp = 10014788551191, .areaId = 0, .prop = 557850658, .status = AVAILABLE, .value = {.int32Values = [1]{0}, .floatValues = [0]{}, .int64Values = [0]{}, .bytes = [0]{}, .stringValue = ""}}
12-30 11:24:38.966   398   464 I DefaultVehicleHal_v2_0: DefaultVehicleHal::onPropertyValue, value:{.timestamp = 10014788551191, .areaId = 0, .prop = 557850658, .status = AVAILABLE, .value = {.int32Values = [1]{0}, .floatValues = [0]{}, .int64Values = [0]{}, .bytes = [0]{}, .stringValue = ""}}
12-30 11:24:38.966   398   464 D DiagPropHandler: is not DiagnosticConfig: 0x21402022
12-30 11:24:38.967   398   464 I VehiclePropertyStore: begin to write value to Store: {.timestamp = 10014788551191, .areaId = 0, .prop = 557850658, .status = AVAILABLE, .value = {.int32Values = [1]{0}, .floatValues = [0]{}, .int64Values = [0]{}, .bytes = [0]{}, .stringValue = ""}}
12-30 11:24:38.967   398   464 D adayocomadapter-CommunicationManager: onUpstreamReceive mPropertyId 0x21402022
12-30 11:24:38.967   398   464 D adayocomadapter-CommunicationManager: onUpstreamReceive mPropertyId 0x21402023
12-30 11:24:38.967   398   464 D adayocomadapter-CommunicationManager: convertBytesToInt32Memcpy  0
12-30 11:24:38.967   398   464 I vw-vhal : notifyVehicleProperty, propId = 0x21402023, data = {status: 2, int32Values: [0]}
12-30 11:24:38.967   398   464 I vw-vhal : CanSignalsAdapter::notifyVehicleProperty: solvedValue = {.timestamp = 10014789209858, .areaId = 0, .prop = 557850659, .status = AVAILABLE, .value = {.int32Values = [1]{0}, .floatValues = [0]{}, .int64Values = [0]{}, .bytes = [0]{}, .stringValue = ""}}
12-30 11:24:38.967   398   464 I VehiclePropertyStore: begin to write value to Store: {.timestamp = 10014789209858, .areaId = 0, .prop = 557850659, .status = AVAILABLE, .value = {.int32Values = [1]{0}, .floatValues = [0]{}, .int64Values = [0]{}, .bytes = [0]{}, .stringValue = ""}}
12-30 11:24:38.967   398   464 I DefaultVehicleHal_v2_0: DefaultVehicleHal::onPropertyValue, value:{.timestamp = 10014789209858, .areaId = 0, .prop = 557850659, .status = AVAILABLE, .value = {.int32Values = [1]{0}, .floatValues = [0]{}, .int64Values = [0]{}, .bytes = [0]{}, .stringValue = ""}}
12-30 11:24:38.967   398   464 D DiagPropHandler: is not DiagnosticConfig: 0x21402023
12-30 11:24:38.967   398   464 I VehiclePropertyStore: begin to write value to Store: {.timestamp = 10014789209858, .areaId = 0, .prop = 557850659, .status = AVAILABLE, .value = {.int32Values = [1]{0}, .floatValues = [0]{}, .int64Values = [0]{}, .bytes = [0]{}, .stringValue = ""}}
12-30 11:24:38.967   398   464 D adayocomadapter-CommunicationManager: onUpstreamReceive mPropertyId 0x21402023
12-30 11:24:38.967   398   464 D adayocomadapter-CommunicationManager: onUpstreamReceive mPropertyId 0x2140104d
12-30 11:24:38.967   398   464 D adayocomadapter-CommunicationManager: convertBytesToInt32Memcpy  0
12-30 11:24:38.967   398   464 I vw-vhal : notifyVehicleProperty, propId = 0x2140104d, data = {status: 2, int32Values: [0]}
12-30 11:24:38.968   398   464 I vw-vhal : CanSignalsAdapter::notifyVehicleProperty: solvedValue = {.timestamp = 10014789889858, .areaId = 0, .prop = 557846605, .status = AVAILABLE, .value = {.int32Values = [1]{0}, .floatValues = [0]{}, .int64Values = [0]{}, .bytes = [0]{}, .stringValue = ""}}
12-30 11:24:38.968   398   464 I VehiclePropertyStore: begin to write value to Store: {.timestamp = 10014789889858, .areaId = 0, .prop = 557846605, .status = AVAILABLE, .value = {.int32Values = [1]{0}, .floatValues = [0]{}, .int64Values = [0]{}, .bytes = [0]{}, .stringValue = ""}}
12-30 11:24:38.968   398   464 I DefaultVehicleHal_v2_0: DefaultVehicleHal::onPropertyValue, value:{.timestamp = 10014789889858, .areaId = 0, .prop = 557846605, .status = AVAILABLE, .value = {.int32Values = [1]{0}, .floatValues = [0]{}, .int64Values = [0]{}, .bytes = [0]{}, .stringValue = ""}}
12-30 11:24:38.968   398   464 D DiagPropHandler: is not DiagnosticConfig: 0x2140104d
12-30 11:24:38.968   398   464 I VehiclePropertyStore: begin to write value to Store: {.timestamp = 10014789889858, .areaId = 0, .prop = 557846605, .status = AVAILABLE, .value = {.int32Values = [1]{0}, .floatValues = [0]{}, .int64Values = [0]{}, .bytes = [0]{}, .stringValue = ""}}
12-30 11:24:38.968   398   464 D adayocomadapter-CommunicationManager: onUpstreamReceive mPropertyId 0x2140104d
12-30 11:24:38.968   596  3076 E WifiHAL : Invalid data received from driver
12-30 11:24:38.971  1667  2513 W ContextImpl: Calling a method in the system process without a qualified user: android.app.ContextImpl.bindService:1988 android.content.ContextWrapper.bindService:861 com.ford.sync.fnvservice.analytics.AnalyticsManager$RetryHandler.a:126 com.ford.sync.fnvservice.analytics.AnalyticsManager$RetryHandler.handleMessage:103 android.os.Handler.dispatchMessage:106 
12-30 11:24:38.972   916  2591 W ActivityManager: Unable to start service Intent { cmp=com.ford.sync.fnvservice/.analytics.AnalyticsService } U=0: not found
12-30 11:24:38.973  1667  2513 W AnalyticsManager:  bind ford Analytics failed -> sendRetryMessage 
12-30 11:24:38.979  3066  3066 D hostapd : nl80211: BSS Event 59 (NL80211_CMD_FRAME) received for wlan1
12-30 11:24:38.979  3066  3066 D hostapd : nl80211: RX frame da=ff:ff:ff:ff:ff:ff sa=ea:9d:d5:49:2d:ed bssid=ea:9d:d5:49:2d:ed freq=5745 ssi_signal=-9100 fc=0xd0 seq_ctrl=0xc190 stype=13 (WLAN_FC_STYPE_ACTION) len=42
12-30 11:24:38.979  3066  3066 D hostapd : wlan1: Event RX_MGMT (18) received
12-30 11:24:38.979  3066  3066 D hostapd : Receive wpa msg : Event RX_MGMT (18) received
12-30 11:24:38.986   798   838 I adbd    : opening control endpoint /dev/usb-ffs/adb/ep0
12-30 11:24:38.987   596  3076 E WifiHAL : Invalid data received from driver
12-30 11:24:38.988   798   838 I adbd    : UsbFfsConnection constructed
12-30 11:24:38.989   798 18377 I adbd    : UsbFfs-monitor thread spawned
12-30 11:24:38.989   360   931 D EvsDriver: forwardFrame
12-30 11:24:38.989   360   931 D EvsDriver: forwardFrameDirect
12-30 11:24:38.990   360   931 D EvsDriver: Delivered 0xb400e2ca9e40d4b0 as id 1
12-30 11:24:38.990   359  2784 D evsmanagerd: /dev/video-evs0 forwarded the buffer #1 to 0xb400f125d2b26dd0 from 0xb400f125e2b20710
12-30 11:24:38.991   360   458 D EvsDriver: doneWithFrame
12-30 11:24:38.994  2358  2623 D RcfController: Rcf proxy is not connected!
12-30 11:24:38.994 18376 18376 I ADAYO_LOG_TRACE_RESOURCE: execute start
12-30 11:24:38.995  1667  2410 I media_message_log->MediaMessageUserProxy: (SourceFile:1)b connectToService action bind
12-30 11:24:38.996   916  2591 W ActivityManager: Unable to start service Intent { cmp=com.adayo.server.mediamessagetransfer/.MediaMessTransferService (has extras) } U=0: not found
12-30 11:24:38.996  1667  2410 E media_message_log->MediaMessageUserProxy: (SourceFile:7)a bindServiceAsUser isBound = false
12-30 11:24:38.999  3066  3066 D hostapd : nl80211: BSS Event 59 (NL80211_CMD_FRAME) received for wlan1
12-30 11:24:38.999  3066  3066 D hostapd : nl80211: RX frame da=ff:ff:ff:ff:ff:ff sa=ea:9d:d5:49:2d:ed bssid=ea:9d:d5:49:2d:ed freq=5745 ssi_signal=-9000 fc=0xd0 seq_ctrl=0xc1a0 stype=13 (WLAN_FC_STYPE_ACTION) len=42
