--------- beginning of main
12-30 11:20:00.561   360   931 D EvsDriver: forwardFrame
12-30 11:20:00.561   360   931 D EvsDriver: forwardFrameDirect
12-30 11:20:00.561   360   931 D EvsDriver: Delivered 0xb400e2ca9e40e270 as id 0
12-30 11:20:00.561   359  2784 D evsmanagerd: /dev/video-evs0 forwarded the buffer #0 to 0xb400f125d2b26dd0 from 0xb400f125e2b20710
12-30 11:20:00.569  2358  2623 D RcfController: Rcf proxy is not connected!
12-30 11:20:00.570   360   458 D EvsDriver: doneWithFrame
12-30 11:20:00.594   360   931 D EvsDriver: forwardFrame
12-30 11:20:00.594   360   931 D EvsDriver: forwardFrameDirect
12-30 11:20:00.594   360   931 D EvsDriver: Delivered 0xb400e2ca9e40d4b0 as id 1
12-30 11:20:00.594   359  2784 D evsmanagerd: /dev/video-evs0 forwarded the buffer #1 to 0xb400f125d2b26dd0 from 0xb400f125e2b20710
12-30 11:20:00.600   360   458 D EvsDriver: doneWithFrame
12-30 11:20:00.619  2358  2623 D RcfController: Rcf proxy is not connected!
12-30 11:20:00.627   360   931 D EvsDriver: forwardFrame
12-30 11:20:00.627   360   931 D EvsDriver: forwardFrameDirect
12-30 11:20:00.628   360   931 D EvsDriver: Delivered 0xb400e2ca9e40c2d0 as id 0
12-30 11:20:00.628   359  2784 D evsmanagerd: /dev/video-evs0 forwarded the buffer #0 to 0xb400f125d2b26dd0 from 0xb400f125e2b20710
12-30 11:20:00.630   360   458 D EvsDriver: doneWithFrame
12-30 11:20:00.633   596  3076 E WifiHAL : Invalid data received from driver
12-30 11:20:00.661   360   931 I EvsDriver: /dev/video-evs0 VideoCapture fps 30.0018
12-30 11:20:00.661   360   931 D EvsDriver: forwardFrame
12-30 11:20:00.661   360   931 D EvsDriver: forwardFrameDirect
12-30 11:20:00.661   360   931 D EvsDriver: Delivered 0xb400e2ca9e40d090 as id 1
12-30 11:20:00.661   359  2784 D evsmanagerd: /dev/video-evs0 forwarded the buffer #1 to 0xb400f125d2b26dd0 from 0xb400f125e2b20710
12-30 11:20:00.663  1628  1858 I CCarServiceManager: CarServiceManager->t()35:link:[48]     ---29:pool-2-thread-2
12-30 11:20:00.663  1628  1858 I CCarServiceManager: CarServiceManager->t()64:link 转换后:48     ---29:pool-2-thread-2
12-30 11:20:00.663  1628  1858 I CCarServiceManager: CarServiceManager->t()84:link 转换后:48     ---29:pool-2-thread-2
12-30 11:20:00.663  1628  1858 D CarPropertyManager: setProperty, propertyId: 0x2141400f, areaId: 0x0, class: class [Ljava.lang.Integer;, val: [Ljava.lang.Integer;@3639593
12-30 11:20:00.665   398   466 I DefaultVehicleHal_v2_0: DefaultVehicleHal::set, current value:{.timestamp = 0, .areaId = 0, .prop = 557924367, .status = AVAILABLE, .value = {.int32Values = [1]{0}, .floatValues = [0]{}, .int64Values = [0]{}, .bytes = [0]{}, .stringValue = ""}}
12-30 11:20:00.665   398   466 I DefaultVehicleHalServer: onSetProperty(0x2141400f)
12-30 11:20:00.665   398   466 D vw-vhal : CanSignalsAdapter::setVehicleProperty: propValue = {.timestamp = 0, .areaId = 0, .prop = 557924367, .status = AVAILABLE, .value = {.int32Values = [1]{1}, .floatValues = [0]{}, .int64Values = [0]{}, .bytes = [0]{}, .stringValue = ""}}
12-30 11:20:00.665   398   466 D vw-vhal : CanSignalsAdapter::setVehicleProperty: propId = 0x2141400f, data = {status: 0, int32Values: [1]}
12-30 11:20:00.665   398   466 D adayocomadapter-CommunicationManager: setProperty id=[557924367]
12-30 11:20:00.665   398   466 D adayocomadapter-CommunicationManager: writeValue id=[557924367]
12-30 11:20:00.665   398   466 D adayocomadapter-VehiclePropertyStore: writeValue id=[557924367]
12-30 11:20:00.665   398   466 D adayocomadapter-CommunicationManager: sendToDownstream mPropertyId 0x2141400f
12-30 11:20:00.665   398   466 D adayocomadapter-ParseProtocolFunc: printRaWMsg Name[sendToDownstream] len[4] data[00000000]
12-30 11:20:00.665   398   466 D adayocomadapter-ParseProtocolFunc: printRaWMsg Name[sendToDownstream] len[4] data[2141400F]
12-30 11:20:00.665   398   466 D adayocomadapter-ParseProtocolFunc: printRaWMsg Name[sendToDownstream] len[5] data[2141400F01]
12-30 11:20:00.665   398   466 D adayocomadapter-CommunicationManager: sendToDownstream ret[0]   member[130] dataLength[1] timePoint[9736487] 
12-30 11:20:00.665   398   466 D adayocomadapter-ParseProtocolFunc: printRaWMsg Name[sendToDownstream] len[5] data[2141400F01]
12-30 11:20:00.665   398   466 D adayocomadapter-CommunicationManager: sendToDownstream  000 mPropertyId[0x557924367]  
12-30 11:20:00.665   398   698 D adayocomadapter-DownstreamHandler: processBeforePacket downSreamtProcessTimePoint[9736487] 
12-30 11:20:00.665   398   698 D adayocomadapter-DownstreamHandler: DownstreamHandler processPacket 
12-30 11:20:00.665   398   698 D adayocomadapter-DownstreamHandler: DownstreamHandler processPacket valueIndex 0x2141400f
12-30 11:20:00.665   398   698 D adayocomadapter-DownstreamHandler: DownstreamHandler processPacket 0002
12-30 11:20:00.665   398   698 D adayocomadapter-DownstreamHandler: DownstreamHandler processPacket sendMCUData2 
12-30 11:20:00.665   398   698 D adayocomadapter-CommunicationManager: sendMCUData 
12-30 11:20:00.665   398   698 D adayocomadapter-MCUInterfaceHandler: sendToMCU start
12-30 11:20:00.665   650   730 D fgemcucomm: sd Uart data : 6AA6011D6000081202022141400F01B2
12-30 11:20:00.665   398   698 D adayocomadapter-ParseProtocolFunc: printRaWMsg Name[sendToMCU] len[8] data[1202022141400F01]
12-30 11:20:00.665  1628  1858 I CCarServiceManager: CarServiceManager->t()118:link:0     ---29:pool-2-thread-2
12-30 11:20:00.665  1628  1858 D CarPropertyManager: setProperty, propertyId: 0x2141400b, areaId: 0x0, class: class [Ljava.lang.Integer;, val: [Ljava.lang.Integer;@baba9d0
--------- beginning of system
12-30 11:20:00.666  1365  2014 D CarPropertyService: mSyncGetSetPropertyOpCount: 1
12-30 11:20:00.667   398   466 I DefaultVehicleHal_v2_0: DefaultVehicleHal::set, current value:{.timestamp = 0, .areaId = 0, .prop = 557924363, .status = AVAILABLE, .value = {.int32Values = [1]{0}, .floatValues = [0]{}, .int64Values = [0]{}, .bytes = [0]{}, .stringValue = ""}}
12-30 11:20:00.667   398   466 I DefaultVehicleHalServer: onSetProperty(0x2141400b)
12-30 11:20:00.667   398   466 D vw-vhal : CanSignalsAdapter::setVehicleProperty: propValue = {.timestamp = 0, .areaId = 0, .prop = 557924363, .status = AVAILABLE, .value = {.int32Values = [1]{2}, .floatValues = [0]{}, .int64Values = [0]{}, .bytes = [0]{}, .stringValue = ""}}
12-30 11:20:00.667   398   466 D vw-vhal : CanSignalsAdapter::setVehicleProperty: propId = 0x2141400b, data = {status: 0, int32Values: [2]}
12-30 11:20:00.667   398   466 D adayocomadapter-CommunicationManager: setProperty id=[557924363]
12-30 11:20:00.667   398   466 D adayocomadapter-CommunicationManager: writeValue id=[557924363]
12-30 11:20:00.667   398   466 D adayocomadapter-VehiclePropertyStore: writeValue id=[557924363]
12-30 11:20:00.667   398   466 D adayocomadapter-CommunicationManager: sendToDownstream mPropertyId 0x2141400b
12-30 11:20:00.667   398   466 D adayocomadapter-ParseProtocolFunc: printRaWMsg Name[sendToDownstream] len[4] data[00000000]
12-30 11:20:00.667   398   466 D adayocomadapter-ParseProtocolFunc: printRaWMsg Name[sendToDownstream] len[4] data[2141400B]
12-30 11:20:00.667   398   466 D adayocomadapter-ParseProtocolFunc: printRaWMsg Name[sendToDownstream] len[5] data[2141400B02]
12-30 11:20:00.667   398   466 D adayocomadapter-CommunicationManager: sendToDownstream ret[0]   member[130] dataLength[1] timePoint[9736489] 
12-30 11:20:00.667   398   466 D adayocomadapter-ParseProtocolFunc: printRaWMsg Name[sendToDownstream] len[5] data[2141400B02]
12-30 11:20:00.667   398   466 D adayocomadapter-CommunicationManager: sendToDownstream  000 mPropertyId[0x557924363]  
12-30 11:20:00.667   398   698 D adayocomadapter-DownstreamHandler: processBeforePacket downSreamtProcessTimePoint[9736489] 
12-30 11:20:00.667   398   698 D adayocomadapter-DownstreamHandler: DownstreamHandler processPacket 
12-30 11:20:00.667   398   698 D adayocomadapter-DownstreamHandler: DownstreamHandler processPacket valueIndex 0x2141400b
12-30 11:20:00.667   398   698 D adayocomadapter-DownstreamHandler: DownstreamHandler processPacket 0002
12-30 11:20:00.667   398   698 D adayocomadapter-DownstreamHandler: DownstreamHandler processPacket sendMCUData2 
12-30 11:20:00.667  1365  2014 D CarPropertyService: mSyncGetSetPropertyOpCount: 0
12-30 11:20:00.667   398   698 D adayocomadapter-CommunicationManager: sendMCUData 
12-30 11:20:00.667   398   698 D adayocomadapter-MCUInterfaceHandler: sendToMCU start
12-30 11:20:00.667   398   698 D adayocomadapter-ParseProtocolFunc: printRaWMsg Name[sendToMCU] len[8] data[1202022141400B02]
12-30 11:20:00.667  1628  1858 I CCarServiceManager: CarServiceManager->t()178:temp:[52, 49]     ---29:pool-2-thread-2
12-30 11:20:00.667  1628  1858 D CarPropertyManager: setProperty, propertyId: 0x2141400d, areaId: 0x0, class: class [Ljava.lang.Integer;, val: [Ljava.lang.Integer;@cb4ddc9
12-30 11:20:00.668  1365  2014 D CarPropertyService: mSyncGetSetPropertyOpCount: 1
12-30 11:20:00.668   398   466 I DefaultVehicleHal_v2_0: DefaultVehicleHal::set, current value:{.timestamp = 0, .areaId = 0, .prop = 557924365, .status = AVAILABLE, .value = {.int32Values = [1]{0}, .floatValues = [0]{}, .int64Values = [0]{}, .bytes = [0]{}, .stringValue = ""}}
12-30 11:20:00.668   398   466 I DefaultVehicleHalServer: onSetProperty(0x2141400d)
12-30 11:20:00.668   398   466 D vw-vhal : CanSignalsAdapter::setVehicleProperty: propValue = {.timestamp = 0, .areaId = 0, .prop = 557924365, .status = AVAILABLE, .value = {.int32Values = [1]{3}, .floatValues = [0]{}, .int64Values = [0]{}, .bytes = [0]{}, .stringValue = ""}}
12-30 11:20:00.668   398   466 D vw-vhal : CanSignalsAdapter::setVehicleProperty: propId = 0x2141400d, data = {status: 0, int32Values: [3]}
12-30 11:20:00.668   398   466 D adayocomadapter-CommunicationManager: setProperty id=[557924365]
12-30 11:20:00.668   398   466 D adayocomadapter-CommunicationManager: writeValue id=[557924365]
12-30 11:20:00.668   398   466 D adayocomadapter-VehiclePropertyStore: writeValue id=[557924365]
12-30 11:20:00.668   398   466 D adayocomadapter-CommunicationManager: sendToDownstream mPropertyId 0x2141400d
12-30 11:20:00.668   398   466 D adayocomadapter-ParseProtocolFunc: printRaWMsg Name[sendToDownstream] len[4] data[00000000]
12-30 11:20:00.668   398   466 D adayocomadapter-ParseProtocolFunc: printRaWMsg Name[sendToDownstream] len[4] data[2141400D]
12-30 11:20:00.668   398   466 D adayocomadapter-ParseProtocolFunc: printRaWMsg Name[sendToDownstream] len[5] data[2141400D03]
12-30 11:20:00.668   398   466 D adayocomadapter-CommunicationManager: sendToDownstream ret[0]   member[130] dataLength[1] timePoint[9736490] 
12-30 11:20:00.668   398   466 D adayocomadapter-ParseProtocolFunc: printRaWMsg Name[sendToDownstream] len[5] data[2141400D03]
12-30 11:20:00.668   398   466 D adayocomadapter-CommunicationManager: sendToDownstream  000 mPropertyId[0x557924365]  
12-30 11:20:00.668   398   698 D adayocomadapter-DownstreamHandler: processBeforePacket downSreamtProcessTimePoint[9736490] 
12-30 11:20:00.668   398   698 D adayocomadapter-DownstreamHandler: DownstreamHandler processPacket 
12-30 11:20:00.668   398   698 D adayocomadapter-DownstreamHandler: DownstreamHandler processPacket valueIndex 0x2141400d
12-30 11:20:00.668   398   698 D adayocomadapter-DownstreamHandler: DownstreamHandler processPacket 0002
12-30 11:20:00.668   398   698 D adayocomadapter-DownstreamHandler: DownstreamHandler processPacket sendMCUData2 
12-30 11:20:00.668  1365  2014 D CarPropertyService: mSyncGetSetPropertyOpCount: 0
12-30 11:20:00.668   398   698 D adayocomadapter-CommunicationManager: sendMCUData 
12-30 11:20:00.668   398   698 D adayocomadapter-MCUInterfaceHandler: sendToMCU start
12-30 11:20:00.668   398   698 D adayocomadapter-ParseProtocolFunc: printRaWMsg Name[sendToMCU] len[8] data[1202022141400D03]
12-30 11:20:00.669  1628  1858 I CCarServiceManager: CarServiceManager->t()223:version:[48, 48, 48, 51, 48, 48, 48, 52]     ---29:pool-2-thread-2
12-30 11:20:00.669  2358  2623 D RcfController: Rcf proxy is not connected!
12-30 11:20:00.671   360   458 D EvsDriver: doneWithFrame
--------- beginning of kernel
01-01 10:42:17.681   348   348 W logd    : Skipping entries from slow reader, pid 14495, fd 19, from LogBuffer::Prune()
12-30 11:20:00.676  1611 15258 I ADAYO_LOG_: a(CmdFunc.java:22)logcat execute command finally : [logcat -b all -c]
12-30 11:20:00.676  1611 15258 I ADAYO_LOG_: a(CmdFunc.java:38)logcatexecute command end, errorMsg: , and status: 0: 
12-30 11:20:00.685   650   729 D fgemcucomm: sd Uart data : 6AA6022FC600028B304C
12-30 11:20:00.685   650   729 D fgemcucomm: rev uart=80418,len=92, data : 6AA6812FC600548B30B01E0B133BA55A880000010001010E000000000000000000000000000000000000000023C204C30428808080808086808031040AFF0A0D0D09000900BBBBBBBBBBBBBBBBBB000000000000000000004F020581
12-30 11:20:00.686   650   730 D fgemcucomm: file = hardware/interfaces/fgemcucomm/1.0/default/mcucomm/src/mcuCommFunctionTimer.cpp, function = startTimer  start timer OK = 7520 
12-30 11:20:00.690  1611 15258 I ADAYO_LOG_: b(LogcatFunc.java:5)path:/mnt/sdcard/AndroidLog/logcat/logcat_2025_12_30_11_20_00_505-17.txt
12-30 11:20:00.693   596  3076 E WifiHAL : Invalid data received from driver
12-30 11:20:00.694   360   931 D EvsDriver: forwardFrame
12-30 11:20:00.694   360   931 D EvsDriver: forwardFrameDirect
12-30 11:20:00.694   360   931 D EvsDriver: Delivered 0xb400e2ca9e40e110 as id 0
12-30 11:20:00.694   359  2784 D evsmanagerd: /dev/video-evs0 forwarded the buffer #0 to 0xb400f125d2b26dd0 from 0xb400f125e2b20710
12-30 11:20:00.694  1611 15258 I ADAYO_LOG_: b(LogcatFunc.java:7)COLLECT_INT_START
12-30 11:20:00.695  1611 15258 I ADAYO_LOG_: g(null:15)logcat file is zip packing, zipFilePath: /mnt/sdcard/AndroidLog/logcat/logcat_2025_12_30_11_20_00_505-16.zip
12-30 11:20:00.695  1611 15258 I ADAYO_LOG_: e(LogcatFunc.java:2)isOpenEncrypt: false
12-30 11:20:00.696  2310  2842 D FuseDaemon: Node: 12970642256212308624 created.
12-30 11:20:00.696   650   730 D fgemcucomm: sd Uart data : 6AA6011D6100081202022141400B02B4
12-30 11:20:00.699   650   729 D fgemcucomm: file = hardware/interfaces/fgemcucomm/1.0/default/mcucomm/src/mcuCommFunctionTimer.cpp, func = stopTimer  stop timer = 7520 
12-30 11:20:00.699   650   729 D fgemcucomm: rev uart=80419,len=10, data : 6AA6821D6000021202EB
12-30 11:20:00.699   650   729 D fgemcucomm: sd Uart data : 6AA6022FC70002920272
12-30 11:20:00.700   650   729 D fgemcucomm: rev uart=80420,len=14, data : 6AA6812FC700069202000B0000E4
12-30 11:20:00.700   650   730 D fgemcucomm: file = hardware/interfaces/fgemcucomm/1.0/default/mcucomm/src/mcuCommFunctionTimer.cpp, function = startTimer  start timer OK = 7521 
12-30 11:20:00.700   398   466 D adayocomadapter-ParseProtocolFunc: printRaWMsg Name[MCUToUPstream recv] len[6] data[9202000B0000]
12-30 11:20:00.700   398   466 D adayocomadapter-CommunicationManager: onUpstreamback   member[0] dataLength[3] timePoint[9736522]
12-30 11:20:00.700   398   466 D adayocomadapter-ParseProtocolFunc: printRaWMsg Name[onUpstreamback] len[3] data[0B0000]
12-30 11:20:00.700   398   464 D adayocomadapter-UpstreamHandler: processBeforePacket upSreamtProcessTimePoint[9736522] 
12-30 11:20:00.700   398   464 D adayocomadapter-UpstreamHandler: processPacket UPSTREAM_QUEUE_DATA_TIMEOUT
12-30 11:20:00.700   398   464 D adayocomadapter-ParseProtocolFunc: parseCommonIPCLBytes Processing tableNumber[11]
12-30 11:20:00.700   398   464 D adayocomadapter-ParseProtocolFunc: parseCommonIPCLBytes Processing tablename[Table-11] tableSize[3]
12-30 11:20:00.700   398   464 D adayocomadapter-ParseProtocolFunc: printRaWMsg Name[byteStream recv] len[3] data[0B0000]
12-30 11:20:00.700   398   464 D adayocomadapter-ParseProtocolFunc: printRaWMsg Name[IPCLtoVHAL] len[7] data[2140200B000000]
12-30 11:20:00.700   398   464 D adayocomadapter-CommunicationManager: onUpstreamReceive mPropertyId 0x2140200b
12-30 11:20:00.700   398   464 D adayocomadapter-CommunicationManager: convertBytesToInt32Memcpy  0
12-30 11:20:00.700   398   464 I vw-vhal : notifyVehicleProperty, propId = 0x2140200b, data = {status: 2, int32Values: [0]}
12-30 11:20:00.700   398   464 I vw-vhal : CanSignalsAdapter::notifyVehicleProperty: solvedValue = {.timestamp = 9736522430825, .areaId = 0, .prop = 557850635, .status = AVAILABLE, .value = {.int32Values = [1]{0}, .floatValues = [0]{}, .int64Values = [0]{}, .bytes = [0]{}, .stringValue = ""}}
12-30 11:20:00.700   398   464 I VehiclePropertyStore: begin to write value to Store: {.timestamp = 9736522430825, .areaId = 0, .prop = 557850635, .status = AVAILABLE, .value = {.int32Values = [1]{0}, .floatValues = [0]{}, .int64Values = [0]{}, .bytes = [0]{}, .stringValue = ""}}
12-30 11:20:00.700   398   464 I DefaultVehicleHal_v2_0: DefaultVehicleHal::onPropertyValue, value:{.timestamp = 9736522430825, .areaId = 0, .prop = 557850635, .status = AVAILABLE, .value = {.int32Values = [1]{0}, .floatValues = [0]{}, .int64Values = [0]{}, .bytes = [0]{}, .stringValue = ""}}
12-30 11:20:00.700   398   464 D DiagPropHandler: is not DiagnosticConfig: 0x2140200b
12-30 11:20:00.700   398   464 I VehiclePropertyStore: begin to write value to Store: {.timestamp = 9736522430825, .areaId = 0, .prop = 557850635, .status = AVAILABLE, .value = {.int32Values = [1]{0}, .floatValues = [0]{}, .int64Values = [0]{}, .bytes = [0]{}, .stringValue = ""}}
12-30 11:20:00.700   398   464 D adayocomadapter-CommunicationManager: onUpstreamReceive mPropertyId 0x2140200b
12-30 11:20:00.701   360   458 D EvsDriver: doneWithFrame
12-30 11:20:00.710   650   730 D fgemcucomm: sd Uart data : 6AA6011D6200081202022141400D03B0
12-30 11:20:00.718   650   729 D fgemcucomm: file = hardware/interfaces/fgemcucomm/1.0/default/mcucomm/src/mcuCommFunctionTimer.cpp, func = stopTimer  stop timer = 7521 
12-30 11:20:00.718   650   729 D fgemcucomm: rev uart=80421,len=10, data : 6AA6821D6100021202EA
12-30 11:20:00.719   650   730 D fgemcucomm: file = hardware/interfaces/fgemcucomm/1.0/default/mcucomm/src/mcuCommFunctionTimer.cpp, function = startTimer  start timer OK = 7522 
12-30 11:20:00.720  2358  2623 D RcfController: Rcf proxy is not connected!
--------- beginning of events
12-30 11:20:00.720 16277 16277 I auditd  : type=1400 audit(0.0:1088417): avc:  denied  { entrypoint } for  comm="init" path="/system/bin/sh" dev="dm-1" ino=8660711 scontext=u:r:trace_logcat:s0 tcontext=u:object_r:shell_exec:s0 tclass=file permissive=1
12-30 11:20:00.720 16277 16277 I init    : type=1400 audit(0.0:1088417): avc:  denied  { entrypoint } for  path="/system/bin/sh" dev="dm-1" ino=8660711 scontext=u:r:trace_logcat:s0 tcontext=u:object_r:shell_exec:s0 tclass=file permissive=1
12-30 11:20:00.724 16277 16277 I auditd  : type=1400 audit(0.0:1088418): avc:  denied  { map } for  comm="sh" path="/system/bin/sh" dev="dm-1" ino=8660711 scontext=u:r:trace_logcat:s0 tcontext=u:object_r:shell_exec:s0 tclass=file permissive=1
12-30 11:20:00.724 16277 16277 I sh      : type=1400 audit(0.0:1088418): avc:  denied  { map } for  path="/system/bin/sh" dev="dm-1" ino=8660711 scontext=u:r:trace_logcat:s0 tcontext=u:object_r:shell_exec:s0 tclass=file permissive=1
12-30 11:20:00.724 16277 16277 I auditd  : type=1400 audit(0.0:1088419): avc:  denied  { read } for  comm="sh" path="/system/bin/sh" dev="dm-1" ino=8660711 scontext=u:r:trace_logcat:s0 tcontext=u:object_r:shell_exec:s0 tclass=file permissive=1
12-30 11:20:00.724 16277 16277 I sh      : type=1400 audit(0.0:1088419): avc:  denied  { read } for  path="/system/bin/sh" dev="dm-1" ino=8660711 scontext=u:r:trace_logcat:s0 tcontext=u:object_r:shell_exec:s0 tclass=file permissive=1
12-30 11:20:00.727   360   931 D EvsDriver: forwardFrame
12-30 11:20:00.727   360   931 D EvsDriver: forwardFrameDirect
12-30 11:20:00.728   360   931 D EvsDriver: Delivered 0xb400e2ca9e40c7a0 as id 1
12-30 11:20:00.728   359  2784 D evsmanagerd: /dev/video-evs0 forwarded the buffer #1 to 0xb400f125d2b26dd0 from 0xb400f125e2b20710
12-30 11:20:00.731   360   458 D EvsDriver: doneWithFrame
12-30 11:20:00.738   650   729 D fgemcucomm: file = hardware/interfaces/fgemcucomm/1.0/default/mcucomm/src/mcuCommFunctionTimer.cpp, func = stopTimer  stop timer = 7522 
12-30 11:20:00.738   650   729 D fgemcucomm: rev uart=80422,len=10, data : 6AA6821D6200021202E9
12-30 11:20:00.757   596  3076 E WifiHAL : Invalid data received from driver
12-30 11:20:00.759   650   729 D fgemcucomm: sd Uart data : 6AA6022FC80002920271
12-30 11:20:00.759   650   729 D fgemcucomm: rev uart=80423,len=19, data : 6AA6812FC8000B9202000F00000000000000DA
12-30 11:20:00.759   398   466 D adayocomadapter-ParseProtocolFunc: printRaWMsg Name[MCUToUPstream recv] len[11] data[9202000F00000000000000]
12-30 11:20:00.759   398   466 D adayocomadapter-CommunicationManager: onUpstreamback   member[0] dataLength[8] timePoint[9736581]
12-30 11:20:00.759   398   466 D adayocomadapter-ParseProtocolFunc: printRaWMsg Name[onUpstreamback] len[8] data[0F00000000000000]
12-30 11:20:00.759   398   464 D adayocomadapter-UpstreamHandler: processBeforePacket upSreamtProcessTimePoint[9736581] 
12-30 11:20:00.759   398   464 D adayocomadapter-UpstreamHandler: processPacket UPSTREAM_QUEUE_DATA_TIMEOUT
12-30 11:20:00.759   398   464 D adayocomadapter-ParseProtocolFunc: parseCommonIPCLBytes Processing tableNumber[15]
12-30 11:20:00.759   398   464 D adayocomadapter-ParseProtocolFunc: parseCommonIPCLBytes Processing tablename[Table-15] tableSize[8]
12-30 11:20:00.759   398   464 D adayocomadapter-ParseProtocolFunc: printRaWMsg Name[byteStream recv] len[8] data[0F00000000000000]
12-30 11:20:00.759   398   464 D adayocomadapter-ParseProtocolFunc: printRaWMsg Name[IPCLtoVHAL] len[6] data[214020F30000]
12-30 11:20:00.759   398   464 D adayocomadapter-ParseProtocolFunc: printRaWMsg Name[IPCLtoVHAL] len[6] data[214020F40000]
12-30 11:20:00.759   398   464 D adayocomadapter-ParseProtocolFunc: printRaWMsg Name[IPCLtoVHAL] len[6] data[214020F50000]
12-30 11:20:00.759   398   464 D adayocomadapter-ParseProtocolFunc: printRaWMsg Name[IPCLtoVHAL] len[6] data[214020F60000]
12-30 11:20:00.760   398   464 D adayocomadapter-ParseProtocolFunc: printRaWMsg Name[IPCLtoVHAL] len[6] data[214020F70000]
12-30 11:20:00.760   398   464 D adayocomadapter-ParseProtocolFunc: printRaWMsg Name[IPCLtoVHAL] len[6] data[214020F80000]
12-30 11:20:00.760   398   464 D adayocomadapter-ParseProtocolFunc: printRaWMsg Name[IPCLtoVHAL] len[6] data[214020F90000]
12-30 11:20:00.760   398   464 D adayocomadapter-CommunicationManager: onUpstreamReceive mPropertyId 0x214020f3
12-30 11:20:00.760   398   464 D adayocomadapter-CommunicationManager: convertBytesToInt32Memcpy  0
12-30 11:20:00.760   398   464 I vw-vhal : notifyVehicleProperty, propId = 0x214020f3, data = {status: 2, int32Values: [0]}
12-30 11:20:00.760   398   464 I vw-vhal : CanSignalsAdapter::notifyVehicleProperty: solvedValue = {.timestamp = 9736582010825, .areaId = 0, .prop = 557850867, .status = AVAILABLE, .value = {.int32Values = [1]{0}, .floatValues = [0]{}, .int64Values = [0]{}, .bytes = [0]{}, .stringValue = ""}}
12-30 11:20:00.760   398   464 I VehiclePropertyStore: begin to write value to Store: {.timestamp = 9736582010825, .areaId = 0, .prop = 557850867, .status = AVAILABLE, .value = {.int32Values = [1]{0}, .floatValues = [0]{}, .int64Values = [0]{}, .bytes = [0]{}, .stringValue = ""}}
12-30 11:20:00.760   398   464 I DefaultVehicleHal_v2_0: DefaultVehicleHal::onPropertyValue, value:{.timestamp = 9736582010825, .areaId = 0, .prop = 557850867, .status = AVAILABLE, .value = {.int32Values = [1]{0}, .floatValues = [0]{}, .int64Values = [0]{}, .bytes = [0]{}, .stringValue = ""}}
12-30 11:20:00.760   398   464 D DiagPropHandler: is not DiagnosticConfig: 0x214020f3
12-30 11:20:00.760   398   464 I VehiclePropertyStore: begin to write value to Store: {.timestamp = 9736582010825, .areaId = 0, .prop = 557850867, .status = AVAILABLE, .value = {.int32Values = [1]{0}, .floatValues = [0]{}, .int64Values = [0]{}, .bytes = [0]{}, .stringValue = ""}}
12-30 11:20:00.760   398   464 D adayocomadapter-CommunicationManager: onUpstreamReceive mPropertyId 0x214020f3
12-30 11:20:00.760   398   464 D adayocomadapter-CommunicationManager: onUpstreamReceive mPropertyId 0x214020f4
12-30 11:20:00.760   398   464 D adayocomadapter-CommunicationManager: convertBytesToInt32Memcpy  0
12-30 11:20:00.760   398   464 I vw-vhal : notifyVehicleProperty, propId = 0x214020f4, data = {status: 2, int32Values: [0]}
12-30 11:20:00.760   398   464 I vw-vhal : CanSignalsAdapter::notifyVehicleProperty: solvedValue = {.timestamp = 9736582249158, .areaId = 0, .prop = 557850868, .status = AVAILABLE, .value = {.int32Values = [1]{0}, .floatValues = [0]{}, .int64Values = [0]{}, .bytes = [0]{}, .stringValue = ""}}
12-30 11:20:00.760   398   464 I VehiclePropertyStore: begin to write value to Store: {.timestamp = 9736582249158, .areaId = 0, .prop = 557850868, .status = AVAILABLE, .value = {.int32Values = [1]{0}, .floatValues = [0]{}, .int64Values = [0]{}, .bytes = [0]{}, .stringValue = ""}}
12-30 11:20:00.760   398   464 I DefaultVehicleHal_v2_0: DefaultVehicleHal::onPropertyValue, value:{.timestamp = 9736582249158, .areaId = 0, .prop = 557850868, .status = AVAILABLE, .value = {.int32Values = [1]{0}, .floatValues = [0]{}, .int64Values = [0]{}, .bytes = [0]{}, .stringValue = ""}}
12-30 11:20:00.760   398   464 D DiagPropHandler: is not DiagnosticConfig: 0x214020f4
12-30 11:20:00.760   398   464 I VehiclePropertyStore: begin to write value to Store: {.timestamp = 9736582249158, .areaId = 0, .prop = 557850868, .status = AVAILABLE, .value = {.int32Values = [1]{0}, .floatValues = [0]{}, .int64Values = [0]{}, .bytes = [0]{}, .stringValue = ""}}
12-30 11:20:00.760   398   464 D adayocomadapter-CommunicationManager: onUpstreamReceive mPropertyId 0x214020f4
12-30 11:20:00.760   398   464 D adayocomadapter-CommunicationManager: onUpstreamReceive mPropertyId 0x214020f5
12-30 11:20:00.760   398   464 D adayocomadapter-CommunicationManager: convertBytesToInt32Memcpy  0
12-30 11:20:00.760   398   464 I vw-vhal : notifyVehicleProperty, propId = 0x214020f5, data = {status: 2, int32Values: [0]}
12-30 11:20:00.760   398   464 I vw-vhal : CanSignalsAdapter::notifyVehicleProperty: solvedValue = {.timestamp = 9736582448492, .areaId = 0, .prop = 557850869, .status = AVAILABLE, .value = {.int32Values = [1]{0}, .floatValues = [0]{}, .int64Values = [0]{}, .bytes = [0]{}, .stringValue = ""}}
12-30 11:20:00.760   398   464 I VehiclePropertyStore: begin to write value to Store: {.timestamp = 9736582448492, .areaId = 0, .prop = 557850869, .status = AVAILABLE, .value = {.int32Values = [1]{0}, .floatValues = [0]{}, .int64Values = [0]{}, .bytes = [0]{}, .stringValue = ""}}
12-30 11:20:00.760   398   464 I DefaultVehicleHal_v2_0: DefaultVehicleHal::onPropertyValue, value:{.timestamp = 9736582448492, .areaId = 0, .prop = 557850869, .status = AVAILABLE, .value = {.int32Values = [1]{0}, .floatValues = [0]{}, .int64Values = [0]{}, .bytes = [0]{}, .stringValue = ""}}
12-30 11:20:00.760   398   464 D DiagPropHandler: is not DiagnosticConfig: 0x214020f5
12-30 11:20:00.760   398   464 I VehiclePropertyStore: begin to write value to Store: {.timestamp = 9736582448492, .areaId = 0, .prop = 557850869, .status = AVAILABLE, .value = {.int32Values = [1]{0}, .floatValues = [0]{}, .int64Values = [0]{}, .bytes = [0]{}, .stringValue = ""}}
12-30 11:20:00.760   398   464 D adayocomadapter-CommunicationManager: onUpstreamReceive mPropertyId 0x214020f5
12-30 11:20:00.760   398   464 D adayocomadapter-CommunicationManager: onUpstreamReceive mPropertyId 0x214020f6
12-30 11:20:00.760   398   464 D adayocomadapter-CommunicationManager: convertBytesToInt32Memcpy  0
12-30 11:20:00.760   398   464 I vw-vhal : notifyVehicleProperty, propId = 0x214020f6, data = {status: 2, int32Values: [0]}
12-30 11:20:00.760   398   464 I vw-vhal : CanSignalsAdapter::notifyVehicleProperty: solvedValue = {.timestamp = 9736582645492, .areaId = 0, .prop = 557850870, .status = AVAILABLE, .value = {.int32Values = [1]{0}, .floatValues = [0]{}, .int64Values = [0]{}, .bytes = [0]{}, .stringValue = ""}}
12-30 11:20:00.760   398   464 I VehiclePropertyStore: begin to write value to Store: {.timestamp = 9736582645492, .areaId = 0, .prop = 557850870, .status = AVAILABLE, .value = {.int32Values = [1]{0}, .floatValues = [0]{}, .int64Values = [0]{}, .bytes = [0]{}, .stringValue = ""}}
12-30 11:20:00.760   398   464 I DefaultVehicleHal_v2_0: DefaultVehicleHal::onPropertyValue, value:{.timestamp = 9736582645492, .areaId = 0, .prop = 557850870, .status = AVAILABLE, .value = {.int32Values = [1]{0}, .floatValues = [0]{}, .int64Values = [0]{}, .bytes = [0]{}, .stringValue = ""}}
12-30 11:20:00.760   398   464 D DiagPropHandler: is not DiagnosticConfig: 0x214020f6
12-30 11:20:00.760   398   464 I VehiclePropertyStore: begin to write value to Store: {.timestamp = 9736582645492, .areaId = 0, .prop = 557850870, .status = AVAILABLE, .value = {.int32Values = [1]{0}, .floatValues = [0]{}, .int64Values = [0]{}, .bytes = [0]{}, .stringValue = ""}}
12-30 11:20:00.760   398   464 D adayocomadapter-CommunicationManager: onUpstreamReceive mPropertyId 0x214020f6
12-30 11:20:00.760   398   464 D adayocomadapter-CommunicationManager: onUpstreamReceive mPropertyId 0x214020f7
12-30 11:20:00.760   398   464 D adayocomadapter-CommunicationManager: convertBytesToInt32Memcpy  0
12-30 11:20:00.760   398   464 I vw-vhal : notifyVehicleProperty, propId = 0x214020f7, data = {status: 2, int32Values: [0]}
12-30 11:20:00.761   398   464 I vw-vhal : CanSignalsAdapter::notifyVehicleProperty: solvedValue = {.timestamp = 9736582843825, .areaId = 0, .prop = 557850871, .status = AVAILABLE, .value = {.int32Values = [1]{0}, .floatValues = [0]{}, .int64Values = [0]{}, .bytes = [0]{}, .stringValue = ""}}
12-30 11:20:00.761   398   464 I VehiclePropertyStore: begin to write value to Store: {.timestamp = 9736582843825, .areaId = 0, .prop = 557850871, .status = AVAILABLE, .value = {.int32Values = [1]{0}, .floatValues = [0]{}, .int64Values = [0]{}, .bytes = [0]{}, .stringValue = ""}}
12-30 11:20:00.761   398   464 I DefaultVehicleHal_v2_0: DefaultVehicleHal::onPropertyValue, value:{.timestamp = 9736582843825, .areaId = 0, .prop = 557850871, .status = AVAILABLE, .value = {.int32Values = [1]{0}, .floatValues = [0]{}, .int64Values = [0]{}, .bytes = [0]{}, .stringValue = ""}}
12-30 11:20:00.761   398   464 D DiagPropHandler: is not DiagnosticConfig: 0x214020f7
12-30 11:20:00.761   398   464 I VehiclePropertyStore: begin to write value to Store: {.timestamp = 9736582843825, .areaId = 0, .prop = 557850871, .status = AVAILABLE, .value = {.int32Values = [1]{0}, .floatValues = [0]{}, .int64Values = [0]{}, .bytes = [0]{}, .stringValue = ""}}
12-30 11:20:00.761   360   931 D EvsDriver: forwardFrame
12-30 11:20:00.761   398   464 D adayocomadapter-CommunicationManager: onUpstreamReceive mPropertyId 0x214020f7
12-30 11:20:00.761   398   464 D adayocomadapter-CommunicationManager: onUpstreamReceive mPropertyId 0x214020f8
12-30 11:20:00.761   360   931 D EvsDriver: forwardFrameDirect
12-30 11:20:00.761   398   464 D adayocomadapter-CommunicationManager: convertBytesToInt32Memcpy  0
12-30 11:20:00.761   398   464 I vw-vhal : notifyVehicleProperty, propId = 0x214020f8, data = {status: 2, int32Values: [0]}
12-30 11:20:00.761   398   464 I vw-vhal : CanSignalsAdapter::notifyVehicleProperty: solvedValue = {.timestamp = 9736583044158, .areaId = 0, .prop = 557850872, .status = AVAILABLE, .value = {.int32Values = [1]{0}, .floatValues = [0]{}, .int64Values = [0]{}, .bytes = [0]{}, .stringValue = ""}}
12-30 11:20:00.761   398   464 I VehiclePropertyStore: begin to write value to Store: {.timestamp = 9736583044158, .areaId = 0, .prop = 557850872, .status = AVAILABLE, .value = {.int32Values = [1]{0}, .floatValues = [0]{}, .int64Values = [0]{}, .bytes = [0]{}, .stringValue = ""}}
12-30 11:20:00.761   398   464 I DefaultVehicleHal_v2_0: DefaultVehicleHal::onPropertyValue, value:{.timestamp = 9736583044158, .areaId = 0, .prop = 557850872, .status = AVAILABLE, .value = {.int32Values = [1]{0}, .floatValues = [0]{}, .int64Values = [0]{}, .bytes = [0]{}, .stringValue = ""}}
12-30 11:20:00.761   398   464 D DiagPropHandler: is not DiagnosticConfig: 0x214020f8
12-30 11:20:00.761   398   464 I VehiclePropertyStore: begin to write value to Store: {.timestamp = 9736583044158, .areaId = 0, .prop = 557850872, .status = AVAILABLE, .value = {.int32Values = [1]{0}, .floatValues = [0]{}, .int64Values = [0]{}, .bytes = [0]{}, .stringValue = ""}}
12-30 11:20:00.761   360   931 D EvsDriver: Delivered 0xb400e2ca9e40e270 as id 0
12-30 11:20:00.761   398   464 D adayocomadapter-CommunicationManager: onUpstreamReceive mPropertyId 0x214020f8
12-30 11:20:00.761   398   464 D adayocomadapter-CommunicationManager: onUpstreamReceive mPropertyId 0x214020f9
12-30 11:20:00.761   398   464 D adayocomadapter-CommunicationManager: convertBytesToInt32Memcpy  0
12-30 11:20:00.761   398   464 I vw-vhal : notifyVehicleProperty, propId = 0x214020f9, data = {status: 2, int32Values: [0]}
12-30 11:20:00.761   398   464 I vw-vhal : CanSignalsAdapter::notifyVehicleProperty: solvedValue = {.timestamp = 9736583238492, .areaId = 0, .prop = 557850873, .status = AVAILABLE, .value = {.int32Values = [1]{0}, .floatValues = [0]{}, .int64Values = [0]{}, .bytes = [0]{}, .stringValue = ""}}
12-30 11:20:00.761   398   464 I VehiclePropertyStore: begin to write value to Store: {.timestamp = 9736583238492, .areaId = 0, .prop = 557850873, .status = AVAILABLE, .value = {.int32Values = [1]{0}, .floatValues = [0]{}, .int64Values = [0]{}, .bytes = [0]{}, .stringValue = ""}}
12-30 11:20:00.761   359  2784 D evsmanagerd: /dev/video-evs0 forwarded the buffer #0 to 0xb400f125d2b26dd0 from 0xb400f125e2b20710
12-30 11:20:00.761   398   464 I DefaultVehicleHal_v2_0: DefaultVehicleHal::onPropertyValue, value:{.timestamp = 9736583238492, .areaId = 0, .prop = 557850873, .status = AVAILABLE, .value = {.int32Values = [1]{0}, .floatValues = [0]{}, .int64Values = [0]{}, .bytes = [0]{}, .stringValue = ""}}
12-30 11:20:00.761   398   464 D DiagPropHandler: is not DiagnosticConfig: 0x214020f9
12-30 11:20:00.761   398   464 I VehiclePropertyStore: begin to write value to Store: {.timestamp = 9736583238492, .areaId = 0, .prop = 557850873, .status = AVAILABLE, .value = {.int32Values = [1]{0}, .floatValues = [0]{}, .int64Values = [0]{}, .bytes = [0]{}, .stringValue = ""}}
12-30 11:20:00.761   398   464 D adayocomadapter-CommunicationManager: onUpstreamReceive mPropertyId 0x214020f9
12-30 11:20:00.761   360   458 D EvsDriver: doneWithFrame
12-30 11:20:00.763 16280 16280 I ADAYO_LOG_TRACE_LOGCAT: execute start
12-30 11:20:00.770  2358  2623 D RcfController: Rcf proxy is not connected!
12-30 11:20:00.777  1611  1611 I ADAYO_LOG_: handleMessage(UsbFunc.java:3)copyQnx = 0
12-30 11:20:00.777  1611  1611 I ADAYO_LOG_: handleMessage(UsbFunc.java:12)copyState = 2
12-30 11:20:00.794   360   931 D EvsDriver: forwardFrame
12-30 11:20:00.794   360   931 D EvsDriver: forwardFrameDirect
12-30 11:20:00.794   360   931 D EvsDriver: Delivered 0xb400e2ca9e40d4b0 as id 1
12-30 11:20:00.794   359  2784 D evsmanagerd: /dev/video-evs0 forwarded the buffer #1 to 0xb400f125d2b26dd0 from 0xb400f125e2b20710
12-30 11:20:00.802   360   458 D EvsDriver: doneWithFrame
12-30 11:20:00.804 16282 16282 I ADAYO_LOG_TRACE_LOGCAT: executing
12-30 11:20:00.820  2358  2623 D RcfController: Rcf proxy is not connected!
12-30 11:20:00.827   360   931 D EvsDriver: forwardFrame
12-30 11:20:00.827   360   931 D EvsDriver: forwardFrameDirect
12-30 11:20:00.828   360   931 D EvsDriver: Delivered 0xb400e2ca9e40c2d0 as id 0
12-30 11:20:00.828   359  2784 D evsmanagerd: /dev/video-evs0 forwarded the buffer #0 to 0xb400f125d2b26dd0 from 0xb400f125e2b20710
12-30 11:20:00.830  2475  2681 I TtsServiceAgent: check thread start checking, threadId = 29
12-30 11:20:00.830  2475  2681 D TtsServiceAgent: start bind service...
12-30 11:20:00.830  2475  2681 D TtsServiceAgent: ----->initService, usage = 16
12-30 11:20:00.830  1667  2594 W ContextImpl: Calling a method in the system process without a qualified user: android.app.ContextImpl.bindService:1988 android.content.ContextWrapper.bindService:861 com.ford.sync.fnvservice.FordFnv.c:202 com.ford.sync.fnvservice.FordFnv.c:43 com.ford.sync.fnvservice.FordFnv$RetryHandler.handleMessage:245 
12-30 11:20:00.831  2475  2681 W ContextImpl: Calling a method in the system process without a qualified user: android.app.ContextImpl.bindService:1988 android.content.ContextWrapper.bindService:861 com.iflytek.autofly.ttsaidl.ttsproxy.TtsServiceAgent.initService:189 com.iflytek.autofly.ttsaidl.ttsproxy.TtsServiceAgent.initService:133 com.iflytek.autofly.ttsaidl.ttsproxy.TtsServiceAgent$2.run:517 
12-30 11:20:00.831   916  5915 W ActivityManager: Unable to start service Intent { cmp=com.ford.sync.fnvservice/.FordFnvService } U=0: not found
12-30 11:20:00.831   916  1847 W ActivityManager: Unable to start service Intent { act=com.iflytek.autofly.tts.ttsservice.TtsAdapterService cmp=com.iflytek.cutefly.speechclient.hmi/com.iflytek.autofly.tts.ttsservice.TtsAdapterService } U=0: not found
12-30 11:20:00.831  1667  2594 W FordFnv :  bind ford fnv failed -> sendRetryMessage 
12-30 11:20:00.831  2475  2681 D TtsServiceAgent: bindService: false
12-30 11:20:00.832  2475  2681 D TtsServiceAgent: start reInitService
12-30 11:20:00.832  2475  2681 D TtsServiceAgent: aidlCheckThreadRunning = true
12-30 11:20:00.832  2475  2681 D TtsServiceAgent: ----->check connection status in 1000s...
12-30 11:20:00.832   360   458 D EvsDriver: doneWithFrame
12-30 11:20:00.837   596  3076 E WifiHAL : Invalid data received from driver
12-30 11:20:00.844 16284 16284 I ADAYO_LOG_TRACE_LOGCAT: collect_dest_path:/mnt/sdcard/AndroidLog/logcat
12-30 11:20:00.861   360   931 D EvsDriver: forwardFrame
12-30 11:20:00.861   360   931 D EvsDriver: forwardFrameDirect
12-30 11:20:00.861   360   931 D EvsDriver: Delivered 0xb400e2ca9e40d090 as id 1
12-30 11:20:00.861   359  2784 D evsmanagerd: /dev/video-evs0 forwarded the buffer #1 to 0xb400f125d2b26dd0 from 0xb400f125e2b20710
12-30 11:20:00.862   360   458 D EvsDriver: doneWithFrame
12-30 11:20:00.870  2358  2623 D RcfController: Rcf proxy is not connected!
12-30 11:20:00.887   596  3076 E WifiHAL : Invalid data received from driver
12-30 11:20:00.894   360   931 D EvsDriver: forwardFrame
12-30 11:20:00.894   360   931 D EvsDriver: forwardFrameDirect
12-30 11:20:00.894   360   931 D EvsDriver: Delivered 0xb400e2ca9e40e110 as id 0
12-30 11:20:00.894   359  2784 D evsmanagerd: /dev/video-evs0 forwarded the buffer #0 to 0xb400f125d2b26dd0 from 0xb400f125e2b20710
12-30 11:20:00.903   360   458 D EvsDriver: doneWithFrame
12-30 11:20:00.920  2358  2623 D RcfController: Rcf proxy is not connected!
12-30 11:20:00.927   360   931 D EvsDriver: forwardFrame
12-30 11:20:00.927   360   931 D EvsDriver: forwardFrameDirect
12-30 11:20:00.928   360   931 D EvsDriver: Delivered 0xb400e2ca9e40c7a0 as id 1
12-30 11:20:00.928   359  2784 D evsmanagerd: /dev/video-evs0 forwarded the buffer #1 to 0xb400f125d2b26dd0 from 0xb400f125e2b20710
12-30 11:20:00.933 16288 16288 I ADAYO_LOG_TRACE_LOGCAT: file_path:/mnt/sdcard/AndroidLog/logcat/logcat_2025_12_30_11_20_00_505-17.txt
12-30 11:20:00.933   360   458 D EvsDriver: doneWithFrame
12-30 11:20:00.947   596  3076 E WifiHAL : Invalid data received from driver
12-30 11:20:00.948  1611  1820 I ADAYO_LOG_: call(lambda:8)computeLogSize mFileSizes[0]: 98830340
12-30 11:20:00.949  1611  1820 I ADAYO_LOG_: call(lambda:8)computeLogSize mFileSizes[1]: 2007178
12-30 11:20:00.949  1611  1820 I ADAYO_LOG_: call(lambda:8)computeLogSize mFileSizes[2]: 0
12-30 11:20:00.950  1611  1820 I ADAYO_LOG_: call(lambda:11)type: /logcat/, typeMaxSize: 2684354560, size: 98830340
12-30 11:20:00.950  1611  1820 I ADAYO_LOG_: call(lambda:11)type: /kernel/, typeMaxSize: 524288000, size: 2007178
12-30 11:20:00.950  1611  1820 I ADAYO_LOG_: call(lambda:11)type: /logcat_GNSS/, typeMaxSize: 104857600, size: 0
12-30 11:20:00.961   360   931 D EvsDriver: forwardFrame
12-30 11:20:00.961   360   931 D EvsDriver: forwardFrameDirect
12-30 11:20:00.961   360   931 D EvsDriver: Delivered 0xb400e2ca9e40e270 as id 0
12-30 11:20:00.961   359  2784 D evsmanagerd: /dev/video-evs0 forwarded the buffer #0 to 0xb400f125d2b26dd0 from 0xb400f125e2b20710
12-30 11:20:00.964   360   458 D EvsDriver: doneWithFrame
12-30 11:20:00.971  2358  2623 D RcfController: Rcf proxy is not connected!
12-30 11:20:00.981 16291 16291 I ADAYO_LOG_TRACE_LOGCAT: folder_size:
12-30 11:20:00.982  1667  2407 I media_message_log->MediaMessageProxy: (SourceFile:1)b connectToService action bind
12-30 11:20:00.983   916  1847 W ActivityManager: Unable to start service Intent { cmp=com.adayo.server.mediamessagetransfer/.MediaMessTransferService (has extras) } U=0: not found
12-30 11:20:00.983  1667  2407 E media_message_log->MediaMessageProxy: (SourceFile:7)a bindServiceAsUser isBound = false
12-30 11:20:00.994   360   931 D EvsDriver: forwardFrame
12-30 11:20:00.994   360   931 D EvsDriver: forwardFrameDirect
12-30 11:20:00.994   360   931 D EvsDriver: Delivered 0xb400e2ca9e40d4b0 as id 1
12-30 11:20:00.994   359  2784 D evsmanagerd: /dev/video-evs0 forwarded the buffer #1 to 0xb400f125d2b26dd0 from 0xb400f125e2b20710
12-30 11:20:01.004   360   458 D EvsDriver: doneWithFrame
12-30 11:20:01.009   650   729 D fgemcucomm: sd Uart data : 6AA6022FC90002920270
12-30 11:20:01.009   650   729 D fgemcucomm: rev uart=80424,len=17, data : 6AA6812FC90009920200060000000000E4
12-30 11:20:01.009   398   466 D adayocomadapter-ParseProtocolFunc: printRaWMsg Name[MCUToUPstream recv] len[9] data[920200060000000000]
12-30 11:20:01.009   398   466 D adayocomadapter-CommunicationManager: onUpstreamback   member[0] dataLength[6] timePoint[9736831]
12-30 11:20:01.009   398   466 D adayocomadapter-ParseProtocolFunc: printRaWMsg Name[onUpstreamback] len[6] data[060000000000]
12-30 11:20:01.009   398   464 D adayocomadapter-UpstreamHandler: processBeforePacket upSreamtProcessTimePoint[9736831] 
12-30 11:20:01.009   398   464 D adayocomadapter-UpstreamHandler: processPacket UPSTREAM_QUEUE_DATA_TIMEOUT
12-30 11:20:01.009   398   464 D adayocomadapter-ParseProtocolFunc: parseCommonIPCLBytes Processing tableNumber[6]
12-30 11:20:01.009   398   464 D adayocomadapter-ParseProtocolFunc: parseCommonIPCLBytes Processing tablename[Table-6] tableSize[6]
12-30 11:20:01.009   398   464 D adayocomadapter-ParseProtocolFunc: printRaWMsg Name[byteStream recv] len[6] data[060000000000]
12-30 11:20:01.009   398   464 D adayocomadapter-ParseProtocolFunc: printRaWMsg Name[IPCLtoVHAL] len[6] data[214020020000]
12-30 11:20:01.009   398   464 D adayocomadapter-ParseProtocolFunc: printRaWMsg Name[IPCLtoVHAL] len[6] data[214020200000]
12-30 11:20:01.009   398   464 D adayocomadapter-ParseProtocolFunc: printRaWMsg Name[IPCLtoVHAL] len[6] data[214020040000]
12-30 11:20:01.009   398   464 D adayocomadapter-ParseProtocolFunc: printRaWMsg Name[IPCLtoVHAL] len[6] data[214020090000]
12-30 11:20:01.009   398   464 D adayocomadapter-ParseProtocolFunc: printRaWMsg Name[IPCLtoVHAL] len[6] data[214020080000]
12-30 11:20:01.010   398   464 D adayocomadapter-CommunicationManager: onUpstreamReceive mPropertyId 0x21402002
12-30 11:20:01.010   398   464 D adayocomadapter-CommunicationManager: convertBytesToInt32Memcpy  0
12-30 11:20:01.010   398   464 I vw-vhal : notifyVehicleProperty, propId = 0x21402002, data = {status: 2, int32Values: [0]}
12-30 11:20:01.010   398   464 I vw-vhal : CanSignalsAdapter::notifyVehicleProperty: solvedValue = {.timestamp = 9736831956492, .areaId = 0, .prop = 557850626, .status = AVAILABLE, .value = {.int32Values = [1]{0}, .floatValues = [0]{}, .int64Values = [0]{}, .bytes = [0]{}, .stringValue = ""}}
12-30 11:20:01.010   398   464 I VehiclePropertyStore: begin to write value to Store: {.timestamp = 9736831956492, .areaId = 0, .prop = 557850626, .status = AVAILABLE, .value = {.int32Values = [1]{0}, .floatValues = [0]{}, .int64Values = [0]{}, .bytes = [0]{}, .stringValue = ""}}
12-30 11:20:01.010   398   464 I DefaultVehicleHal_v2_0: DefaultVehicleHal::onPropertyValue, value:{.timestamp = 9736831956492, .areaId = 0, .prop = 557850626, .status = AVAILABLE, .value = {.int32Values = [1]{0}, .floatValues = [0]{}, .int64Values = [0]{}, .bytes = [0]{}, .stringValue = ""}}
12-30 11:20:01.010   398   464 D DiagPropHandler: is not DiagnosticConfig: 0x21402002
12-30 11:20:01.010   398   464 I VehiclePropertyStore: begin to write value to Store: {.timestamp = 9736831956492, .areaId = 0, .prop = 557850626, .status = AVAILABLE, .value = {.int32Values = [1]{0}, .floatValues = [0]{}, .int64Values = [0]{}, .bytes = [0]{}, .stringValue = ""}}
12-30 11:20:01.010   398   464 D adayocomadapter-CommunicationManager: onUpstreamReceive mPropertyId 0x21402002
12-30 11:20:01.010   398   464 D adayocomadapter-CommunicationManager: onUpstreamReceive mPropertyId 0x21402020
12-30 11:20:01.010   398   464 D adayocomadapter-CommunicationManager: convertBytesToInt32Memcpy  0
12-30 11:20:01.010   398   464 I vw-vhal : notifyVehicleProperty, propId = 0x21402020, data = {status: 2, int32Values: [0]}
12-30 11:20:01.010   398   464 I vw-vhal : CanSignalsAdapter::notifyVehicleProperty: solvedValue = {.timestamp = 9736832236492, .areaId = 0, .prop = 557850656, .status = AVAILABLE, .value = {.int32Values = [1]{0}, .floatValues = [0]{}, .int64Values = [0]{}, .bytes = [0]{}, .stringValue = ""}}
12-30 11:20:01.010   398   464 I VehiclePropertyStore: begin to write value to Store: {.timestamp = 9736832236492, .areaId = 0, .prop = 557850656, .status = AVAILABLE, .value = {.int32Values = [1]{0}, .floatValues = [0]{}, .int64Values = [0]{}, .bytes = [0]{}, .stringValue = ""}}
12-30 11:20:01.010   398   464 I DefaultVehicleHal_v2_0: DefaultVehicleHal::onPropertyValue, value:{.timestamp = 9736832236492, .areaId = 0, .prop = 557850656, .status = AVAILABLE, .value = {.int32Values = [1]{0}, .floatValues = [0]{}, .int64Values = [0]{}, .bytes = [0]{}, .stringValue = ""}}
12-30 11:20:01.010   398   464 D DiagPropHandler: is not DiagnosticConfig: 0x21402020
12-30 11:20:01.010   398   464 I VehiclePropertyStore: begin to write value to Store: {.timestamp = 9736832236492, .areaId = 0, .prop = 557850656, .status = AVAILABLE, .value = {.int32Values = [1]{0}, .floatValues = [0]{}, .int64Values = [0]{}, .bytes = [0]{}, .stringValue = ""}}
12-30 11:20:01.010   398   464 D adayocomadapter-CommunicationManager: onUpstreamReceive mPropertyId 0x21402020
12-30 11:20:01.010   398   464 D adayocomadapter-CommunicationManager: onUpstreamReceive mPropertyId 0x21402004
12-30 11:20:01.010   398   464 D adayocomadapter-CommunicationManager: convertBytesToInt32Memcpy  0
12-30 11:20:01.010   398   464 I vw-vhal : notifyVehicleProperty, propId = 0x21402004, data = {status: 2, int32Values: [0]}
12-30 11:20:01.010   398   464 I vw-vhal : CanSignalsAdapter::notifyVehicleProperty: solvedValue = {.timestamp = 9736832466158, .areaId = 0, .prop = 557850628, .status = AVAILABLE, .value = {.int32Values = [1]{0}, .floatValues = [0]{}, .int64Values = [0]{}, .bytes = [0]{}, .stringValue = ""}}
12-30 11:20:01.010   398   464 I VehiclePropertyStore: begin to write value to Store: {.timestamp = 9736832466158, .areaId = 0, .prop = 557850628, .status = AVAILABLE, .value = {.int32Values = [1]{0}, .floatValues = [0]{}, .int64Values = [0]{}, .bytes = [0]{}, .stringValue = ""}}
12-30 11:20:01.010   398   464 I DefaultVehicleHal_v2_0: DefaultVehicleHal::onPropertyValue, value:{.timestamp = 9736832466158, .areaId = 0, .prop = 557850628, .status = AVAILABLE, .value = {.int32Values = [1]{0}, .floatValues = [0]{}, .int64Values = [0]{}, .bytes = [0]{}, .stringValue = ""}}
12-30 11:20:01.010   398   464 D DiagPropHandler: is not DiagnosticConfig: 0x21402004
12-30 11:20:01.010   398   464 I VehiclePropertyStore: begin to write value to Store: {.timestamp = 9736832466158, .areaId = 0, .prop = 557850628, .status = AVAILABLE, .value = {.int32Values = [1]{0}, .floatValues = [0]{}, .int64Values = [0]{}, .bytes = [0]{}, .stringValue = ""}}
12-30 11:20:01.010   398   464 D adayocomadapter-CommunicationManager: onUpstreamReceive mPropertyId 0x21402004
12-30 11:20:01.010   398   464 D adayocomadapter-CommunicationManager: onUpstreamReceive mPropertyId 0x21402009
12-30 11:20:01.010   398   464 D adayocomadapter-CommunicationManager: convertBytesToInt32Memcpy  0
12-30 11:20:01.010   398   464 I vw-vhal : notifyVehicleProperty, propId = 0x21402009, data = {status: 2, int32Values: [0]}
12-30 11:20:01.010   398   464 I vw-vhal : CanSignalsAdapter::notifyVehicleProperty: solvedValue = {.timestamp = 9736832669158, .areaId = 0, .prop = 557850633, .status = AVAILABLE, .value = {.int32Values = [1]{0}, .floatValues = [0]{}, .int64Values = [0]{}, .bytes = [0]{}, .stringValue = ""}}
12-30 11:20:01.010   398   464 I VehiclePropertyStore: begin to write value to Store: {.timestamp = 9736832669158, .areaId = 0, .prop = 557850633, .status = AVAILABLE, .value = {.int32Values = [1]{0}, .floatValues = [0]{}, .int64Values = [0]{}, .bytes = [0]{}, .stringValue = ""}}
12-30 11:20:01.010   398   464 I DefaultVehicleHal_v2_0: DefaultVehicleHal::onPropertyValue, value:{.timestamp = 9736832669158, .areaId = 0, .prop = 557850633, .status = AVAILABLE, .value = {.int32Values = [1]{0}, .floatValues = [0]{}, .int64Values = [0]{}, .bytes = [0]{}, .stringValue = ""}}
12-30 11:20:01.010   398   464 D DiagPropHandler: is not DiagnosticConfig: 0x21402009
12-30 11:20:01.010   398   464 I VehiclePropertyStore: begin to write value to Store: {.timestamp = 9736832669158, .areaId = 0, .prop = 557850633, .status = AVAILABLE, .value = {.int32Values = [1]{0}, .floatValues = [0]{}, .int64Values = [0]{}, .bytes = [0]{}, .stringValue = ""}}
12-30 11:20:01.010   398   464 D adayocomadapter-CommunicationManager: onUpstreamReceive mPropertyId 0x21402009
