12-30 11:20:02.283   398   464 I VehiclePropertyStore: begin to write value to Store: {.timestamp = 9738105660825, .areaId = 0, .prop = 557850846, .status = AVAILABLE, .value = {.int32Values = [1]{0}, .floatValues = [0]{}, .int64Values = [0]{}, .bytes = [0]{}, .stringValue = ""}}
12-30 11:20:02.283   398   464 I DefaultVehicleHal_v2_0: DefaultVehicleHal::onPropertyValue, value:{.timestamp = 9738105660825, .areaId = 0, .prop = 557850846, .status = AVAILABLE, .value = {.int32Values = [1]{0}, .floatValues = [0]{}, .int64Values = [0]{}, .bytes = [0]{}, .stringValue = ""}}
12-30 11:20:02.283   398   464 D DiagPropHandler: is not DiagnosticConfig: 0x214020de
12-30 11:20:02.283   398   464 I VehiclePropertyStore: begin to write value to Store: {.timestamp = 9738105660825, .areaId = 0, .prop = 557850846, .status = AVAILABLE, .value = {.int32Values = [1]{0}, .floatValues = [0]{}, .int64Values = [0]{}, .bytes = [0]{}, .stringValue = ""}}
12-30 11:20:02.283   398   464 D adayocomadapter-CommunicationManager: onUpstreamReceive mPropertyId 0x214020de
12-30 11:20:02.283   398   464 D adayocomadapter-CommunicationManager: onUpstreamReceive mPropertyId 0x214020e0
12-30 11:20:02.284   398   464 D adayocomadapter-CommunicationManager: convertBytesToInt32Memcpy  0
12-30 11:20:02.284   398   464 I vw-vhal : notifyVehicleProperty, propId = 0x214020e0, data = {status: 2, int32Values: [0]}
12-30 11:20:02.284   398   464 I vw-vhal : CanSignalsAdapter::notifyVehicleProperty: solvedValue = {.timestamp = 9738105912825, .areaId = 0, .prop = 557850848, .status = AVAILABLE, .value = {.int32Values = [1]{0}, .floatValues = [0]{}, .int64Values = [0]{}, .bytes = [0]{}, .stringValue = ""}}
12-30 11:20:02.284   398   464 I VehiclePropertyStore: begin to write value to Store: {.timestamp = 9738105912825, .areaId = 0, .prop = 557850848, .status = AVAILABLE, .value = {.int32Values = [1]{0}, .floatValues = [0]{}, .int64Values = [0]{}, .bytes = [0]{}, .stringValue = ""}}
12-30 11:20:02.284   398   464 I DefaultVehicleHal_v2_0: DefaultVehicleHal::onPropertyValue, value:{.timestamp = 9738105912825, .areaId = 0, .prop = 557850848, .status = AVAILABLE, .value = {.int32Values = [1]{0}, .floatValues = [0]{}, .int64Values = [0]{}, .bytes = [0]{}, .stringValue = ""}}
12-30 11:20:02.284   398   464 D DiagPropHandler: is not DiagnosticConfig: 0x214020e0
12-30 11:20:02.284   398   464 I VehiclePropertyStore: begin to write value to Store: {.timestamp = 9738105912825, .areaId = 0, .prop = 557850848, .status = AVAILABLE, .value = {.int32Values = [1]{0}, .floatValues = [0]{}, .int64Values = [0]{}, .bytes = [0]{}, .stringValue = ""}}
12-30 11:20:02.284   398   464 D adayocomadapter-CommunicationManager: onUpstreamReceive mPropertyId 0x214020e0
12-30 11:20:02.284   398   464 D adayocomadapter-CommunicationManager: onUpstreamReceive mPropertyId 0x214020e5
12-30 11:20:02.284   398   464 D adayocomadapter-CommunicationManager: convertBytesToInt32Memcpy  0
12-30 11:20:02.284   398   464 I vw-vhal : notifyVehicleProperty, propId = 0x214020e5, data = {status: 2, int32Values: [0]}
12-30 11:20:02.284   398   464 I vw-vhal : CanSignalsAdapter::notifyVehicleProperty: solvedValue = {.timestamp = 9738106103492, .areaId = 0, .prop = 557850853, .status = AVAILABLE, .value = {.int32Values = [1]{0}, .floatValues = [0]{}, .int64Values = [0]{}, .bytes = [0]{}, .stringValue = ""}}
12-30 11:20:02.284   398   464 I VehiclePropertyStore: begin to write value to Store: {.timestamp = 9738106103492, .areaId = 0, .prop = 557850853, .status = AVAILABLE, .value = {.int32Values = [1]{0}, .floatValues = [0]{}, .int64Values = [0]{}, .bytes = [0]{}, .stringValue = ""}}
12-30 11:20:02.284   398   464 I DefaultVehicleHal_v2_0: DefaultVehicleHal::onPropertyValue, value:{.timestamp = 9738106103492, .areaId = 0, .prop = 557850853, .status = AVAILABLE, .value = {.int32Values = [1]{0}, .floatValues = [0]{}, .int64Values = [0]{}, .bytes = [0]{}, .stringValue = ""}}
12-30 11:20:02.284   398   464 D DiagPropHandler: is not DiagnosticConfig: 0x214020e5
12-30 11:20:02.284   398   464 I VehiclePropertyStore: begin to write value to Store: {.timestamp = 9738106103492, .areaId = 0, .prop = 557850853, .status = AVAILABLE, .value = {.int32Values = [1]{0}, .floatValues = [0]{}, .int64Values = [0]{}, .bytes = [0]{}, .stringValue = ""}}
12-30 11:20:02.284   398   464 D adayocomadapter-CommunicationManager: onUpstreamReceive mPropertyId 0x214020e5
12-30 11:20:02.284   398   464 D adayocomadapter-CommunicationManager: onUpstreamReceive mPropertyId 0x214020e6
12-30 11:20:02.284   398   464 D adayocomadapter-CommunicationManager: convertBytesToInt32Memcpy  0
12-30 11:20:02.284   398   464 I vw-vhal : notifyVehicleProperty, propId = 0x214020e6, data = {status: 2, int32Values: [0]}
12-30 11:20:02.284   398   464 I vw-vhal : CanSignalsAdapter::notifyVehicleProperty: solvedValue = {.timestamp = 9738106299492, .areaId = 0, .prop = 557850854, .status = AVAILABLE, .value = {.int32Values = [1]{0}, .floatValues = [0]{}, .int64Values = [0]{}, .bytes = [0]{}, .stringValue = ""}}
12-30 11:20:02.284   398   464 I VehiclePropertyStore: begin to write value to Store: {.timestamp = 9738106299492, .areaId = 0, .prop = 557850854, .status = AVAILABLE, .value = {.int32Values = [1]{0}, .floatValues = [0]{}, .int64Values = [0]{}, .bytes = [0]{}, .stringValue = ""}}
12-30 11:20:02.284   398   464 I DefaultVehicleHal_v2_0: DefaultVehicleHal::onPropertyValue, value:{.timestamp = 9738106299492, .areaId = 0, .prop = 557850854, .status = AVAILABLE, .value = {.int32Values = [1]{0}, .floatValues = [0]{}, .int64Values = [0]{}, .bytes = [0]{}, .stringValue = ""}}
12-30 11:20:02.284   398   464 D DiagPropHandler: is not DiagnosticConfig: 0x214020e6
12-30 11:20:02.284   398   464 I VehiclePropertyStore: begin to write value to Store: {.timestamp = 9738106299492, .areaId = 0, .prop = 557850854, .status = AVAILABLE, .value = {.int32Values = [1]{0}, .floatValues = [0]{}, .int64Values = [0]{}, .bytes = [0]{}, .stringValue = ""}}
12-30 11:20:02.284   398   464 D adayocomadapter-CommunicationManager: onUpstreamReceive mPropertyId 0x214020e6
12-30 11:20:02.294   360   931 D EvsDriver: forwardFrame
12-30 11:20:02.294   360   931 D EvsDriver: forwardFrameDirect
12-30 11:20:02.294   360   931 D EvsDriver: Delivered 0xb400e2ca9e40e110 as id 0
12-30 11:20:02.294   359  2784 D evsmanagerd: /dev/video-evs0 forwarded the buffer #0 to 0xb400f125d2b26dd0 from 0xb400f125e2b20710
12-30 11:20:02.296   360   458 D EvsDriver: doneWithFrame
12-30 11:20:02.312  1582  3078 I c       : checkService in back thread add: adayo.upgrade.v2.0
12-30 11:20:02.312  1582  3078 E upgradeApp_251223_V1  l: d(null:11)pre->c(null:23)-> serviceBinder is null
12-30 11:20:02.312  1582  3078 W c       : doBindService in back thread fail: adayo.upgrade.v2.0
12-30 11:20:02.313   650   729 D fgemcucomm: sd Uart data : 6AA6022FCF000292026A
12-30 11:20:02.313   650   729 D fgemcucomm: rev uart=80430,len=17, data : 6AA6812FCF00099202000A0000000000DA
12-30 11:20:02.313   398   466 D adayocomadapter-ParseProtocolFunc: printRaWMsg Name[MCUToUPstream recv] len[9] data[9202000A0000000000]
12-30 11:20:02.313   398   466 D adayocomadapter-CommunicationManager: onUpstreamback   member[0] dataLength[6] timePoint[9738135]
12-30 11:20:02.313   398   466 D adayocomadapter-ParseProtocolFunc: printRaWMsg Name[onUpstreamback] len[6] data[0A0000000000]
12-30 11:20:02.313   398   464 D adayocomadapter-UpstreamHandler: processBeforePacket upSreamtProcessTimePoint[9738135] 
12-30 11:20:02.313   398   464 D adayocomadapter-UpstreamHandler: processPacket UPSTREAM_QUEUE_DATA_TIMEOUT
12-30 11:20:02.313   398   464 D adayocomadapter-ParseProtocolFunc: parseCommonIPCLBytes Processing tableNumber[10]
12-30 11:20:02.313   398   464 D adayocomadapter-ParseProtocolFunc: parseCommonIPCLBytes Processing tablename[Table-10] tableSize[6]
12-30 11:20:02.313   398   464 D adayocomadapter-ParseProtocolFunc: printRaWMsg Name[byteStream recv] len[6] data[0A0000000000]
12-30 11:20:02.313   398   464 D adayocomadapter-ParseProtocolFunc: printRaWMsg Name[IPCLtoVHAL] len[9] data[2140201C0000000000]
12-30 11:20:02.313   398   464 D adayocomadapter-ParseProtocolFunc: printRaWMsg Name[IPCLtoVHAL] len[6] data[214022320000]
12-30 11:20:02.313   398   464 D adayocomadapter-CommunicationManager: onUpstreamReceive mPropertyId 0x2140201c
12-30 11:20:02.313   398   464 D adayocomadapter-CommunicationManager: convertBytesToInt32Memcpy  0
12-30 11:20:02.313   398   464 I vw-vhal : notifyVehicleProperty, propId = 0x2140201c, data = {status: 2, int32Values: [0]}
12-30 11:20:02.314   398   464 I vw-vhal : CanSignalsAdapter::notifyVehicleProperty: solvedValue = {.timestamp = 9738135857492, .areaId = 0, .prop = 557850652, .status = AVAILABLE, .value = {.int32Values = [1]{0}, .floatValues = [0]{}, .int64Values = [0]{}, .bytes = [0]{}, .stringValue = ""}}
12-30 11:20:02.314   398   464 I VehiclePropertyStore: begin to write value to Store: {.timestamp = 9738135857492, .areaId = 0, .prop = 557850652, .status = AVAILABLE, .value = {.int32Values = [1]{0}, .floatValues = [0]{}, .int64Values = [0]{}, .bytes = [0]{}, .stringValue = ""}}
12-30 11:20:02.314   398   464 I DefaultVehicleHal_v2_0: DefaultVehicleHal::onPropertyValue, value:{.timestamp = 9738135857492, .areaId = 0, .prop = 557850652, .status = AVAILABLE, .value = {.int32Values = [1]{0}, .floatValues = [0]{}, .int64Values = [0]{}, .bytes = [0]{}, .stringValue = ""}}
12-30 11:20:02.314   398   464 D DiagPropHandler: is not DiagnosticConfig: 0x2140201c
12-30 11:20:02.314   398   464 I VehiclePropertyStore: begin to write value to Store: {.timestamp = 9738135857492, .areaId = 0, .prop = 557850652, .status = AVAILABLE, .value = {.int32Values = [1]{0}, .floatValues = [0]{}, .int64Values = [0]{}, .bytes = [0]{}, .stringValue = ""}}
12-30 11:20:02.314   398   464 D adayocomadapter-CommunicationManager: onUpstreamReceive mPropertyId 0x2140201c
12-30 11:20:02.314   398   464 D adayocomadapter-CommunicationManager: onUpstreamReceive mPropertyId 0x21402232
12-30 11:20:02.314   398   464 D adayocomadapter-CommunicationManager: convertBytesToInt32Memcpy  0
12-30 11:20:02.314   398   464 I vw-vhal : notifyVehicleProperty, propId = 0x21402232, data = {status: 2, int32Values: [0]}
12-30 11:20:02.314   398   464 I vw-vhal : CanSignalsAdapter::notifyVehicleProperty: solvedValue = {.timestamp = 9738136148158, .areaId = 0, .prop = 557851186, .status = AVAILABLE, .value = {.int32Values = [1]{0}, .floatValues = [0]{}, .int64Values = [0]{}, .bytes = [0]{}, .stringValue = ""}}
12-30 11:20:02.314   398   464 I VehiclePropertyStore: begin to write value to Store: {.timestamp = 9738136148158, .areaId = 0, .prop = 557851186, .status = AVAILABLE, .value = {.int32Values = [1]{0}, .floatValues = [0]{}, .int64Values = [0]{}, .bytes = [0]{}, .stringValue = ""}}
12-30 11:20:02.314  1667  1667 D BridgeManager: retry bindService
12-30 11:20:02.314   398   464 I DefaultVehicleHal_v2_0: DefaultVehicleHal::onPropertyValue, value:{.timestamp = 9738136148158, .areaId = 0, .prop = 557851186, .status = AVAILABLE, .value = {.int32Values = [1]{0}, .floatValues = [0]{}, .int64Values = [0]{}, .bytes = [0]{}, .stringValue = ""}}
12-30 11:20:02.314   398   464 D DiagPropHandler: is not DiagnosticConfig: 0x21402232
12-30 11:20:02.314   398   464 I VehiclePropertyStore: begin to write value to Store: {.timestamp = 9738136148158, .areaId = 0, .prop = 557851186, .status = AVAILABLE, .value = {.int32Values = [1]{0}, .floatValues = [0]{}, .int64Values = [0]{}, .bytes = [0]{}, .stringValue = ""}}
12-30 11:20:02.314   398   464 D adayocomadapter-CommunicationManager: onUpstreamReceive mPropertyId 0x21402232
12-30 11:20:02.314  1667  1667 W ContextImpl: Calling a method in the system process without a qualified user: android.app.ContextImpl.bindService:1988 android.content.ContextWrapper.bindService:861 com.baidu.che.voice.control.BridgeManager.b:499 com.baidu.che.voice.control.BridgeManager.retry:731 com.baidu.che.voice.control.RetryBindStrategy.retryBind:67 
12-30 11:20:02.315   916  1847 W ActivityManager: Unable to start service Intent { cmp=com.baidu.che.codriver/.dcsservice.CoDriverService } U=0: not found
12-30 11:20:02.315  1667  1667 D BridgeManager: bind com.baidu.che.codriver
12-30 11:20:02.315  1667  1667 D BridgeManager: bind result = false
12-30 11:20:02.319   596  3076 E WifiHAL : Invalid data received from driver
12-30 11:20:02.323  1667  2513 W ContextImpl: Calling a method in the system process without a qualified user: android.app.ContextImpl.bindService:1988 android.content.ContextWrapper.bindService:861 com.ford.sync.fnvservice.analytics.AnalyticsManager$RetryHandler.a:126 com.ford.sync.fnvservice.analytics.AnalyticsManager$RetryHandler.handleMessage:103 android.os.Handler.dispatchMessage:106 
12-30 11:20:02.324   916  1847 W ActivityManager: Unable to start service Intent { cmp=com.ford.sync.fnvservice/.analytics.AnalyticsService } U=0: not found
12-30 11:20:02.324  1667  2513 W AnalyticsManager:  bind ford Analytics failed -> sendRetryMessage 
12-30 11:20:02.326  2358  2623 D RcfController: Rcf proxy is not connected!
12-30 11:20:02.327   360   931 D EvsDriver: forwardFrame
12-30 11:20:02.327   360   931 D EvsDriver: forwardFrameDirect
12-30 11:20:02.327   360   931 D EvsDriver: Delivered 0xb400e2ca9e40c7a0 as id 1
12-30 11:20:02.328   359  2784 D evsmanagerd: /dev/video-evs0 forwarded the buffer #1 to 0xb400f125d2b26dd0 from 0xb400f125e2b20710
12-30 11:20:02.336   360   458 D EvsDriver: doneWithFrame
12-30 11:20:02.361   360   931 D EvsDriver: forwardFrame
12-30 11:20:02.361   360   931 D EvsDriver: forwardFrameDirect
12-30 11:20:02.361   360   931 D EvsDriver: Delivered 0xb400e2ca9e40e270 as id 0
12-30 11:20:02.361   359  2784 D evsmanagerd: /dev/video-evs0 forwarded the buffer #0 to 0xb400f125d2b26dd0 from 0xb400f125e2b20710
12-30 11:20:02.366   360   458 D EvsDriver: doneWithFrame
12-30 11:20:02.376  2358  2623 D RcfController: Rcf proxy is not connected!
12-30 11:20:02.387   596  3076 E WifiHAL : Invalid data received from driver
12-30 11:20:02.391   650   729 D fgemcucomm: sd Uart data : 6AA6022FD00002920269
12-30 11:20:02.391   650   729 D fgemcucomm: rev uart=80431,len=109, data : 6AA6812FD00065920200100000000000000000000000000000000000000000000000000000000000000000000000000000000000000000000000000000000000000000000000000000000000000000000000000000000000000000000000000000000000000000000000000077
12-30 11:20:02.391   398   466 D adayocomadapter-ParseProtocolFunc: printRaWMsg Name[MCUToUPstream recv] len[101] data[9202001000000000000000000000000000000000000000000000000000000000000000000000000000000000000000000000000000000000000000000000000000000000000000000000000000000000000000000000000000000000000000000000000000]
12-30 11:20:02.391   398   466 D adayocomadapter-CommunicationManager: onUpstreamback   member[0] dataLength[98] timePoint[9738213]
12-30 11:20:02.391   398   466 D adayocomadapter-ParseProtocolFunc: printRaWMsg Name[onUpstreamback] len[98] data[1000000000000000000000000000000000000000000000000000000000000000000000000000000000000000000000000000000000000000000000000000000000000000000000000000000000000000000000000000000000000000000000000000]
12-30 11:20:02.391   398   464 D adayocomadapter-UpstreamHandler: processBeforePacket upSreamtProcessTimePoint[9738213] 
12-30 11:20:02.391   398   464 D adayocomadapter-UpstreamHandler: processPacket UPSTREAM_QUEUE_DATA_TIMEOUT
12-30 11:20:02.391   398   464 D adayocomadapter-ParseProtocolFunc: parseCommonIPCLBytes Processing tableNumber[16]
12-30 11:20:02.391   398   464 D adayocomadapter-ParseProtocolFunc: parseCommonIPCLBytes Processing tablename[Table-16] tableSize[98]
12-30 11:20:02.391   398   464 D adayocomadapter-ParseProtocolFunc: printRaWMsg Name[byteStream recv] len[98] data[1000000000000000000000000000000000000000000000000000000000000000000000000000000000000000000000000000000000000000000000000000000000000000000000000000000000000000000000000000000000000000000000000000]
12-30 11:20:02.391   398   464 D adayocomadapter-ParseProtocolFunc: printRaWMsg Name[IPCLtoVHAL] len[6] data[214021B10000]
12-30 11:20:02.391   398   464 D adayocomadapter-ParseProtocolFunc: printRaWMsg Name[IPCLtoVHAL] len[6] data[214022120000]
12-30 11:20:02.391   398   464 D adayocomadapter-ParseProtocolFunc: printRaWMsg Name[IPCLtoVHAL] len[6] data[214021B20000]
12-30 11:20:02.391   398   464 D adayocomadapter-ParseProtocolFunc: printRaWMsg Name[IPCLtoVHAL] len[6] data[214021BD0000]
12-30 11:20:02.391   398   464 D adayocomadapter-ParseProtocolFunc: printRaWMsg Name[IPCLtoVHAL] len[6] data[2140221E0000]
12-30 11:20:02.391   398   464 D adayocomadapter-ParseProtocolFunc: printRaWMsg Name[IPCLtoVHAL] len[6] data[214021B30000]
12-30 11:20:02.391   398   464 D adayocomadapter-ParseProtocolFunc: printRaWMsg Name[IPCLtoVHAL] len[6] data[214022140000]
12-30 11:20:02.391   398   464 D adayocomadapter-ParseProtocolFunc: printRaWMsg Name[IPCLtoVHAL] len[6] data[214021B40000]
12-30 11:20:02.391   398   464 D adayocomadapter-ParseProtocolFunc: printRaWMsg Name[IPCLtoVHAL] len[6] data[214021530000]
12-30 11:20:02.391   398   464 D adayocomadapter-ParseProtocolFunc: printRaWMsg Name[IPCLtoVHAL] len[6] data[214022150000]
12-30 11:20:02.391   398   464 D adayocomadapter-ParseProtocolFunc: printRaWMsg Name[IPCLtoVHAL] len[6] data[214021B50000]
12-30 11:20:02.391   398   464 D adayocomadapter-ParseProtocolFunc: printRaWMsg Name[IPCLtoVHAL] len[6] data[214021540000]
12-30 11:20:02.391   398   464 D adayocomadapter-ParseProtocolFunc: printRaWMsg Name[IPCLtoVHAL] len[6] data[214021B70000]
12-30 11:20:02.391   398   464 D adayocomadapter-ParseProtocolFunc: printRaWMsg Name[IPCLtoVHAL] len[6] data[214021560000]
12-30 11:20:02.391   398   464 D adayocomadapter-ParseProtocolFunc: printRaWMsg Name[IPCLtoVHAL] len[6] data[214021B80000]
12-30 11:20:02.391   398   464 D adayocomadapter-ParseProtocolFunc: printRaWMsg Name[IPCLtoVHAL] len[6] data[214021570000]
12-30 11:20:02.391   398   464 D adayocomadapter-ParseProtocolFunc: printRaWMsg Name[IPCLtoVHAL] len[6] data[214022190000]
12-30 11:20:02.391   398   464 D adayocomadapter-ParseProtocolFunc: printRaWMsg Name[IPCLtoVHAL] len[6] data[2140215B0000]
12-30 11:20:02.392   398   464 D adayocomadapter-ParseProtocolFunc: printRaWMsg Name[IPCLtoVHAL] len[6] data[214021BC0000]
12-30 11:20:02.392   398   464 D adayocomadapter-ParseProtocolFunc: printRaWMsg Name[IPCLtoVHAL] len[6] data[2140221D0000]
12-30 11:20:02.392   398   464 D adayocomadapter-ParseProtocolFunc: printRaWMsg Name[IPCLtoVHAL] len[6] data[214021B90000]
12-30 11:20:02.392   398   464 D adayocomadapter-ParseProtocolFunc: printRaWMsg Name[IPCLtoVHAL] len[6] data[2140221A0000]
12-30 11:20:02.392   398   464 D adayocomadapter-ParseProtocolFunc: printRaWMsg Name[IPCLtoVHAL] len[6] data[214021BB0000]
12-30 11:20:02.392   398   464 D adayocomadapter-ParseProtocolFunc: printRaWMsg Name[IPCLtoVHAL] len[6] data[2140215A0000]
12-30 11:20:02.392   398   464 D adayocomadapter-ParseProtocolFunc: printRaWMsg Name[IPCLtoVHAL] len[6] data[2140221C0000]
12-30 11:20:02.392   398   464 D adayocomadapter-ParseProtocolFunc: printRaWMsg Name[IPCLtoVHAL] len[6] data[214021BE0000]
12-30 11:20:02.392   398   464 D adayocomadapter-ParseProtocolFunc: printRaWMsg Name[IPCLtoVHAL] len[6] data[2140215D0000]
12-30 11:20:02.392   398   464 D adayocomadapter-ParseProtocolFunc: printRaWMsg Name[IPCLtoVHAL] len[6] data[2140221F0000]
12-30 11:20:02.392   398   464 D adayocomadapter-ParseProtocolFunc: printRaWMsg Name[IPCLtoVHAL] len[6] data[214021A50000]
12-30 11:20:02.392   398   464 D adayocomadapter-ParseProtocolFunc: printRaWMsg Name[IPCLtoVHAL] len[6] data[214021070000]
12-30 11:20:02.392   398   464 D adayocomadapter-ParseProtocolFunc: printRaWMsg Name[IPCLtoVHAL] len[6] data[2140222A0000]
12-30 11:20:02.392   398   464 D adayocomadapter-ParseProtocolFunc: printRaWMsg Name[IPCLtoVHAL] len[6] data[214021C30000]
12-30 11:20:02.392   398   464 D adayocomadapter-ParseProtocolFunc: printRaWMsg Name[IPCLtoVHAL] len[6] data[214021A80000]
12-30 11:20:02.392   398   464 D adayocomadapter-ParseProtocolFunc: printRaWMsg Name[IPCLtoVHAL] len[6] data[214021A60000]
12-30 11:20:02.392   398   464 D adayocomadapter-ParseProtocolFunc: printRaWMsg Name[IPCLtoVHAL] len[6] data[214021A70000]
12-30 11:20:02.392   398   464 D adayocomadapter-ParseProtocolFunc: printRaWMsg Name[IPCLtoVHAL] len[6] data[214022080000]
12-30 11:20:02.392   398   464 D adayocomadapter-ParseProtocolFunc: printRaWMsg Name[IPCLtoVHAL] len[6] data[214021A90000]
12-30 11:20:02.392   398   464 D adayocomadapter-ParseProtocolFunc: printRaWMsg Name[IPCLtoVHAL] len[6] data[214021AA0000]
12-30 11:20:02.392   398   464 D adayocomadapter-ParseProtocolFunc: printRaWMsg Name[IPCLtoVHAL] len[6] data[214021AB0000]
12-30 11:20:02.392   398   464 D adayocomadapter-ParseProtocolFunc: printRaWMsg Name[IPCLtoVHAL] len[6] data[214021AC0000]
12-30 11:20:02.392   398   464 D adayocomadapter-ParseProtocolFunc: printRaWMsg Name[IPCLtoVHAL] len[6] data[2140220D0000]
12-30 11:20:02.392   398   464 D adayocomadapter-ParseProtocolFunc: printRaWMsg Name[IPCLtoVHAL] len[6] data[214021AD0000]
12-30 11:20:02.392   398   464 D adayocomadapter-ParseProtocolFunc: printRaWMsg Name[IPCLtoVHAL] len[6] data[214021AE0000]
12-30 11:20:02.392   398   464 D adayocomadapter-ParseProtocolFunc: printRaWMsg Name[IPCLtoVHAL] len[6] data[214021AF0000]
12-30 11:20:02.392   398   464 D adayocomadapter-ParseProtocolFunc: printRaWMsg Name[IPCLtoVHAL] len[6] data[214022100000]
12-30 11:20:02.392   398   464 D adayocomadapter-ParseProtocolFunc: printRaWMsg Name[IPCLtoVHAL] len[6] data[214021B00000]
12-30 11:20:02.392   398   464 D adayocomadapter-ParseProtocolFunc: printRaWMsg Name[IPCLtoVHAL] len[6] data[214022110000]
12-30 11:20:02.392   398   464 D adayocomadapter-ParseProtocolFunc: printRaWMsg Name[IPCLtoVHAL] len[6] data[214021B60000]
12-30 11:20:02.392   398   464 D adayocomadapter-ParseProtocolFunc: printRaWMsg Name[IPCLtoVHAL] len[6] data[214021550000]
12-30 11:20:02.392   398   464 D adayocomadapter-ParseProtocolFunc: printRaWMsg Name[IPCLtoVHAL] len[6] data[214021BA0000]
12-30 11:20:02.392   398   464 D adayocomadapter-ParseProtocolFunc: printRaWMsg Name[IPCLtoVHAL] len[6] data[214021590000]
12-30 11:20:02.392   398   464 D adayocomadapter-ParseProtocolFunc: printRaWMsg Name[IPCLtoVHAL] len[6] data[214021BF0000]
12-30 11:20:02.392   398   464 D adayocomadapter-ParseProtocolFunc: printRaWMsg Name[IPCLtoVHAL] len[6] data[2140215E0000]
12-30 11:20:02.392   398   464 D adayocomadapter-ParseProtocolFunc: printRaWMsg Name[IPCLtoVHAL] len[6] data[214022200000]
12-30 11:20:02.392   398   464 D adayocomadapter-ParseProtocolFunc: printRaWMsg Name[IPCLtoVHAL] len[6] data[214021C00000]
12-30 11:20:02.392   398   464 D adayocomadapter-ParseProtocolFunc: printRaWMsg Name[IPCLtoVHAL] len[6] data[2140215F0000]
12-30 11:20:02.392   398   464 D adayocomadapter-ParseProtocolFunc: printRaWMsg Name[IPCLtoVHAL] len[6] data[214021C10000]
12-30 11:20:02.392   398   464 D adayocomadapter-ParseProtocolFunc: printRaWMsg Name[IPCLtoVHAL] len[6] data[214021600000]
12-30 11:20:02.392   398   464 D adayocomadapter-ParseProtocolFunc: printRaWMsg Name[IPCLtoVHAL] len[6] data[214022220000]
12-30 11:20:02.392   398   464 D adayocomadapter-ParseProtocolFunc: printRaWMsg Name[IPCLtoVHAL] len[6] data[214021C20000]
12-30 11:20:02.392   398   464 D adayocomadapter-ParseProtocolFunc: printRaWMsg Name[IPCLtoVHAL] len[6] data[214021C40000]
12-30 11:20:02.392   398   464 D adayocomadapter-ParseProtocolFunc: printRaWMsg Name[IPCLtoVHAL] len[6] data[214022250000]
12-30 11:20:02.392   398   464 D adayocomadapter-ParseProtocolFunc: printRaWMsg Name[IPCLtoVHAL] len[6] data[214021C50000]
12-30 11:20:02.392   398   464 D adayocomadapter-ParseProtocolFunc: printRaWMsg Name[IPCLtoVHAL] len[6] data[214022260000]
12-30 11:20:02.392   398   464 D adayocomadapter-ParseProtocolFunc: printRaWMsg Name[IPCLtoVHAL] len[6] data[214021C60000]
12-30 11:20:02.392   398   464 D adayocomadapter-ParseProtocolFunc: printRaWMsg Name[IPCLtoVHAL] len[6] data[214022270000]
12-30 11:20:02.392   398   464 D adayocomadapter-ParseProtocolFunc: printRaWMsg Name[IPCLtoVHAL] len[6] data[214021D30000]
12-30 11:20:02.392   398   464 D adayocomadapter-ParseProtocolFunc: printRaWMsg Name[IPCLtoVHAL] len[6] data[214022340000]
12-30 11:20:02.392   398   464 D adayocomadapter-ParseProtocolFunc: printRaWMsg Name[IPCLtoVHAL] len[6] data[214021D40000]
12-30 11:20:02.392   398   464 D adayocomadapter-ParseProtocolFunc: printRaWMsg Name[IPCLtoVHAL] len[6] data[214022350000]
12-30 11:20:02.392   398   464 D adayocomadapter-ParseProtocolFunc: printRaWMsg Name[IPCLtoVHAL] len[6] data[214022280000]
12-30 11:20:02.392   398   464 D adayocomadapter-ParseProtocolFunc: printRaWMsg Name[IPCLtoVHAL] len[6] data[214022290000]
12-30 11:20:02.392   398   464 D adayocomadapter-ParseProtocolFunc: printRaWMsg Name[IPCLtoVHAL] len[6] data[214022360000]
12-30 11:20:02.392   398   464 D adayocomadapter-ParseProtocolFunc: printRaWMsg Name[IPCLtoVHAL] len[6] data[214022370000]
12-30 11:20:02.392   398   464 D adayocomadapter-ParseProtocolFunc: printRaWMsg Name[IPCLtoVHAL] len[6] data[214022380000]
12-30 11:20:02.392   398   464 D adayocomadapter-ParseProtocolFunc: printRaWMsg Name[IPCLtoVHAL] len[6] data[214022390000]
12-30 11:20:02.392   398   464 D adayocomadapter-ParseProtocolFunc: printRaWMsg Name[IPCLtoVHAL] len[6] data[2140223A0000]
12-30 11:20:02.392   398   464 D adayocomadapter-ParseProtocolFunc: printRaWMsg Name[IPCLtoVHAL] len[6] data[2140223B0000]
12-30 11:20:02.392   398   464 D adayocomadapter-ParseProtocolFunc: printRaWMsg Name[IPCLtoVHAL] len[7] data[2140223C000000]
12-30 11:20:02.393   398   464 D adayocomadapter-ParseProtocolFunc: printRaWMsg Name[IPCLtoVHAL] len[6] data[214022410000]
12-30 11:20:02.393   398   464 D adayocomadapter-ParseProtocolFunc: printRaWMsg Name[IPCLtoVHAL] len[6] data[214022420000]
12-30 11:20:02.393   398   464 D adayocomadapter-ParseProtocolFunc: printRaWMsg Name[IPCLtoVHAL] len[6] data[214021E10000]
12-30 11:20:02.393   398   464 D adayocomadapter-ParseProtocolFunc: printRaWMsg Name[IPCLtoVHAL] len[6] data[214022430000]
12-30 11:20:02.393   398   464 D adayocomadapter-ParseProtocolFunc: printRaWMsg Name[IPCLtoVHAL] len[6] data[214022440000]
12-30 11:20:02.393   398   464 D adayocomadapter-ParseProtocolFunc: printRaWMsg Name[IPCLtoVHAL] len[6] data[214022450000]
12-30 11:20:02.393   398   464 D adayocomadapter-ParseProtocolFunc: printRaWMsg Name[IPCLtoVHAL] len[6] data[214022460000]
12-30 11:20:02.393   398   464 D adayocomadapter-ParseProtocolFunc: printRaWMsg Name[IPCLtoVHAL] len[6] data[214022470000]
12-30 11:20:02.393   398   464 D adayocomadapter-ParseProtocolFunc: printRaWMsg Name[IPCLtoVHAL] len[7] data[21402248000000]
12-30 11:20:02.393   398   464 D adayocomadapter-ParseProtocolFunc: printRaWMsg Name[IPCLtoVHAL] len[6] data[214022490000]
12-30 11:20:02.393   398   464 D adayocomadapter-ParseProtocolFunc: printRaWMsg Name[IPCLtoVHAL] len[6] data[2140224B0000]
12-30 11:20:02.393   398   464 D adayocomadapter-ParseProtocolFunc: printRaWMsg Name[IPCLtoVHAL] len[6] data[2140224D0000]
12-30 11:20:02.393   398   464 D adayocomadapter-ParseProtocolFunc: printRaWMsg Name[IPCLtoVHAL] len[6] data[2140224F0000]
12-30 11:20:02.393   398   464 D adayocomadapter-ParseProtocolFunc: printRaWMsg Name[IPCLtoVHAL] len[6] data[214022510000]
12-30 11:20:02.393   398   464 D adayocomadapter-ParseProtocolFunc: printRaWMsg Name[IPCLtoVHAL] len[6] data[214022530000]
12-30 11:20:02.393   398   464 D adayocomadapter-ParseProtocolFunc: printRaWMsg Name[IPCLtoVHAL] len[6] data[214022540000]
12-30 11:20:02.393   398   464 D adayocomadapter-CommunicationManager: onUpstreamReceive mPropertyId 0x214021b1
12-30 11:20:02.393   398   464 D adayocomadapter-CommunicationManager: convertBytesToInt32Memcpy  0
12-30 11:20:02.393   398   464 I vw-vhal : notifyVehicleProperty, propId = 0x214021b1, data = {status: 2, int32Values: [0]}
12-30 11:20:02.393   398   464 I vw-vhal : CanSignalsAdapter::notifyVehicleProperty: solvedValue = {.timestamp = 9738215225492, .areaId = 0, .prop = 557851057, .status = AVAILABLE, .value = {.int32Values = [1]{0}, .floatValues = [0]{}, .int64Values = [0]{}, .bytes = [0]{}, .stringValue = ""}}
12-30 11:20:02.393   398   464 I VehiclePropertyStore: begin to write value to Store: {.timestamp = 9738215225492, .areaId = 0, .prop = 557851057, .status = AVAILABLE, .value = {.int32Values = [1]{0}, .floatValues = [0]{}, .int64Values = [0]{}, .bytes = [0]{}, .stringValue = ""}}
12-30 11:20:02.393   398   464 I DefaultVehicleHal_v2_0: DefaultVehicleHal::onPropertyValue, value:{.timestamp = 9738215225492, .areaId = 0, .prop = 557851057, .status = AVAILABLE, .value = {.int32Values = [1]{0}, .floatValues = [0]{}, .int64Values = [0]{}, .bytes = [0]{}, .stringValue = ""}}
12-30 11:20:02.393   398   464 D DiagPropHandler: is not DiagnosticConfig: 0x214021b1
12-30 11:20:02.393   398   464 I VehiclePropertyStore: begin to write value to Store: {.timestamp = 9738215225492, .areaId = 0, .prop = 557851057, .status = AVAILABLE, .value = {.int32Values = [1]{0}, .floatValues = [0]{}, .int64Values = [0]{}, .bytes = [0]{}, .stringValue = ""}}
12-30 11:20:02.393   398   464 D adayocomadapter-CommunicationManager: onUpstreamReceive mPropertyId 0x214021b1
12-30 11:20:02.393   398   464 D adayocomadapter-CommunicationManager: onUpstreamReceive mPropertyId 0x21402212
12-30 11:20:02.393   398   464 D adayocomadapter-CommunicationManager: convertBytesToInt32Memcpy  0
12-30 11:20:02.393   398   464 I vw-vhal : notifyVehicleProperty, propId = 0x21402212, data = {status: 2, int32Values: [0]}
12-30 11:20:02.393   398   464 I vw-vhal : CanSignalsAdapter::notifyVehicleProperty: solvedValue = {.timestamp = 9738215454825, .areaId = 0, .prop = 557851154, .status = AVAILABLE, .value = {.int32Values = [1]{0}, .floatValues = [0]{}, .int64Values = [0]{}, .bytes = [0]{}, .stringValue = ""}}
12-30 11:20:02.393   398   464 I VehiclePropertyStore: begin to write value to Store: {.timestamp = 9738215454825, .areaId = 0, .prop = 557851154, .status = AVAILABLE, .value = {.int32Values = [1]{0}, .floatValues = [0]{}, .int64Values = [0]{}, .bytes = [0]{}, .stringValue = ""}}
12-30 11:20:02.393   398   464 I DefaultVehicleHal_v2_0: DefaultVehicleHal::onPropertyValue, value:{.timestamp = 9738215454825, .areaId = 0, .prop = 557851154, .status = AVAILABLE, .value = {.int32Values = [1]{0}, .floatValues = [0]{}, .int64Values = [0]{}, .bytes = [0]{}, .stringValue = ""}}
12-30 11:20:02.393   398   464 D DiagPropHandler: is not DiagnosticConfig: 0x21402212
12-30 11:20:02.393   398   464 I VehiclePropertyStore: begin to write value to Store: {.timestamp = 9738215454825, .areaId = 0, .prop = 557851154, .status = AVAILABLE, .value = {.int32Values = [1]{0}, .floatValues = [0]{}, .int64Values = [0]{}, .bytes = [0]{}, .stringValue = ""}}
12-30 11:20:02.393   398   464 D adayocomadapter-CommunicationManager: onUpstreamReceive mPropertyId 0x21402212
12-30 11:20:02.393   398   464 D adayocomadapter-CommunicationManager: onUpstreamReceive mPropertyId 0x214021b2
12-30 11:20:02.393   398   464 D adayocomadapter-CommunicationManager: convertBytesToInt32Memcpy  0
12-30 11:20:02.393   398   464 I vw-vhal : notifyVehicleProperty, propId = 0x214021b2, data = {status: 2, int32Values: [0]}
12-30 11:20:02.393   398   464 I vw-vhal : CanSignalsAdapter::notifyVehicleProperty: solvedValue = {.timestamp = 9738215661158, .areaId = 0, .prop = 557851058, .status = AVAILABLE, .value = {.int32Values = [1]{0}, .floatValues = [0]{}, .int64Values = [0]{}, .bytes = [0]{}, .stringValue = ""}}
12-30 11:20:02.393   398   464 I VehiclePropertyStore: begin to write value to Store: {.timestamp = 9738215661158, .areaId = 0, .prop = 557851058, .status = AVAILABLE, .value = {.int32Values = [1]{0}, .floatValues = [0]{}, .int64Values = [0]{}, .bytes = [0]{}, .stringValue = ""}}
12-30 11:20:02.393   398   464 I DefaultVehicleHal_v2_0: DefaultVehicleHal::onPropertyValue, value:{.timestamp = 9738215661158, .areaId = 0, .prop = 557851058, .status = AVAILABLE, .value = {.int32Values = [1]{0}, .floatValues = [0]{}, .int64Values = [0]{}, .bytes = [0]{}, .stringValue = ""}}
12-30 11:20:02.393   398   464 D DiagPropHandler: is not DiagnosticConfig: 0x214021b2
12-30 11:20:02.393   398   464 I VehiclePropertyStore: begin to write value to Store: {.timestamp = 9738215661158, .areaId = 0, .prop = 557851058, .status = AVAILABLE, .value = {.int32Values = [1]{0}, .floatValues = [0]{}, .int64Values = [0]{}, .bytes = [0]{}, .stringValue = ""}}
12-30 11:20:02.393   398   464 D adayocomadapter-CommunicationManager: onUpstreamReceive mPropertyId 0x214021b2
12-30 11:20:02.393   398   464 D adayocomadapter-CommunicationManager: onUpstreamReceive mPropertyId 0x214021bd
12-30 11:20:02.393   398   464 D adayocomadapter-CommunicationManager: convertBytesToInt32Memcpy  0
12-30 11:20:02.393   398   464 I vw-vhal : notifyVehicleProperty, propId = 0x214021bd, data = {status: 2, int32Values: [0]}
12-30 11:20:02.394   398   464 I vw-vhal : CanSignalsAdapter::notifyVehicleProperty: solvedValue = {.timestamp = 9738215856492, .areaId = 0, .prop = 557851069, .status = AVAILABLE, .value = {.int32Values = [1]{0}, .floatValues = [0]{}, .int64Values = [0]{}, .bytes = [0]{}, .stringValue = ""}}
12-30 11:20:02.394   398   464 I VehiclePropertyStore: begin to write value to Store: {.timestamp = 9738215856492, .areaId = 0, .prop = 557851069, .status = AVAILABLE, .value = {.int32Values = [1]{0}, .floatValues = [0]{}, .int64Values = [0]{}, .bytes = [0]{}, .stringValue = ""}}
12-30 11:20:02.394   398   464 I DefaultVehicleHal_v2_0: DefaultVehicleHal::onPropertyValue, value:{.timestamp = 9738215856492, .areaId = 0, .prop = 557851069, .status = AVAILABLE, .value = {.int32Values = [1]{0}, .floatValues = [0]{}, .int64Values = [0]{}, .bytes = [0]{}, .stringValue = ""}}
12-30 11:20:02.394   398   464 D DiagPropHandler: is not DiagnosticConfig: 0x214021bd
12-30 11:20:02.394   398   464 I VehiclePropertyStore: begin to write value to Store: {.timestamp = 9738215856492, .areaId = 0, .prop = 557851069, .status = AVAILABLE, .value = {.int32Values = [1]{0}, .floatValues = [0]{}, .int64Values = [0]{}, .bytes = [0]{}, .stringValue = ""}}
12-30 11:20:02.394   398   464 D adayocomadapter-CommunicationManager: onUpstreamReceive mPropertyId 0x214021bd
12-30 11:20:02.394   398   464 D adayocomadapter-CommunicationManager: onUpstreamReceive mPropertyId 0x2140221e
12-30 11:20:02.394   398   464 D adayocomadapter-CommunicationManager: convertBytesToInt32Memcpy  0
12-30 11:20:02.394   398   464 I vw-vhal : notifyVehicleProperty, propId = 0x2140221e, data = {status: 2, int32Values: [0]}
12-30 11:20:02.394   398   464 I vw-vhal : CanSignalsAdapter::notifyVehicleProperty: solvedValue = {.timestamp = 9738216086492, .areaId = 0, .prop = 557851166, .status = AVAILABLE, .value = {.int32Values = [1]{0}, .floatValues = [0]{}, .int64Values = [0]{}, .bytes = [0]{}, .stringValue = ""}}
12-30 11:20:02.394   398   464 I VehiclePropertyStore: begin to write value to Store: {.timestamp = 9738216086492, .areaId = 0, .prop = 557851166, .status = AVAILABLE, .value = {.int32Values = [1]{0}, .floatValues = [0]{}, .int64Values = [0]{}, .bytes = [0]{}, .stringValue = ""}}
12-30 11:20:02.394   398   464 I DefaultVehicleHal_v2_0: DefaultVehicleHal::onPropertyValue, value:{.timestamp = 9738216086492, .areaId = 0, .prop = 557851166, .status = AVAILABLE, .value = {.int32Values = [1]{0}, .floatValues = [0]{}, .int64Values = [0]{}, .bytes = [0]{}, .stringValue = ""}}
12-30 11:20:02.394   398   464 D DiagPropHandler: is not DiagnosticConfig: 0x2140221e
12-30 11:20:02.394   398   464 I VehiclePropertyStore: begin to write value to Store: {.timestamp = 9738216086492, .areaId = 0, .prop = 557851166, .status = AVAILABLE, .value = {.int32Values = [1]{0}, .floatValues = [0]{}, .int64Values = [0]{}, .bytes = [0]{}, .stringValue = ""}}
12-30 11:20:02.394   398   464 D adayocomadapter-CommunicationManager: onUpstreamReceive mPropertyId 0x2140221e
12-30 11:20:02.394   398   464 D adayocomadapter-CommunicationManager: onUpstreamReceive mPropertyId 0x214021b3
12-30 11:20:02.394   398   464 D adayocomadapter-CommunicationManager: convertBytesToInt32Memcpy  0
12-30 11:20:02.394   398   464 I vw-vhal : notifyVehicleProperty, propId = 0x214021b3, data = {status: 2, int32Values: [0]}
12-30 11:20:02.394   398   464 I vw-vhal : CanSignalsAdapter::notifyVehicleProperty: solvedValue = {.timestamp = 9738216279492, .areaId = 0, .prop = 557851059, .status = AVAILABLE, .value = {.int32Values = [1]{0}, .floatValues = [0]{}, .int64Values = [0]{}, .bytes = [0]{}, .stringValue = ""}}
12-30 11:20:02.394   360   931 D EvsDriver: forwardFrame
12-30 11:20:02.394   398   464 I VehiclePropertyStore: begin to write value to Store: {.timestamp = 9738216279492, .areaId = 0, .prop = 557851059, .status = AVAILABLE, .value = {.int32Values = [1]{0}, .floatValues = [0]{}, .int64Values = [0]{}, .bytes = [0]{}, .stringValue = ""}}
12-30 11:20:02.394   360   931 D EvsDriver: forwardFrameDirect
12-30 11:20:02.394   398   464 I DefaultVehicleHal_v2_0: DefaultVehicleHal::onPropertyValue, value:{.timestamp = 9738216279492, .areaId = 0, .prop = 557851059, .status = AVAILABLE, .value = {.int32Values = [1]{0}, .floatValues = [0]{}, .int64Values = [0]{}, .bytes = [0]{}, .stringValue = ""}}
12-30 11:20:02.394   398   464 D DiagPropHandler: is not DiagnosticConfig: 0x214021b3
12-30 11:20:02.394   398   464 I VehiclePropertyStore: begin to write value to Store: {.timestamp = 9738216279492, .areaId = 0, .prop = 557851059, .status = AVAILABLE, .value = {.int32Values = [1]{0}, .floatValues = [0]{}, .int64Values = [0]{}, .bytes = [0]{}, .stringValue = ""}}
12-30 11:20:02.394   398   464 D adayocomadapter-CommunicationManager: onUpstreamReceive mPropertyId 0x214021b3
12-30 11:20:02.394   398   464 D adayocomadapter-CommunicationManager: onUpstreamReceive mPropertyId 0x21402214
12-30 11:20:02.394   398   464 D adayocomadapter-CommunicationManager: convertBytesToInt32Memcpy  0
12-30 11:20:02.394   398   464 I vw-vhal : notifyVehicleProperty, propId = 0x21402214, data = {status: 2, int32Values: [0]}
12-30 11:20:02.394   398   464 I vw-vhal : CanSignalsAdapter::notifyVehicleProperty: solvedValue = {.timestamp = 9738216467825, .areaId = 0, .prop = 557851156, .status = AVAILABLE, .value = {.int32Values = [1]{0}, .floatValues = [0]{}, .int64Values = [0]{}, .bytes = [0]{}, .stringValue = ""}}
12-30 11:20:02.394   398   464 I VehiclePropertyStore: begin to write value to Store: {.timestamp = 9738216467825, .areaId = 0, .prop = 557851156, .status = AVAILABLE, .value = {.int32Values = [1]{0}, .floatValues = [0]{}, .int64Values = [0]{}, .bytes = [0]{}, .stringValue = ""}}
12-30 11:20:02.394   398   464 I DefaultVehicleHal_v2_0: DefaultVehicleHal::onPropertyValue, value:{.timestamp = 9738216467825, .areaId = 0, .prop = 557851156, .status = AVAILABLE, .value = {.int32Values = [1]{0}, .floatValues = [0]{}, .int64Values = [0]{}, .bytes = [0]{}, .stringValue = ""}}
12-30 11:20:02.394   398   464 D DiagPropHandler: is not DiagnosticConfig: 0x21402214
12-30 11:20:02.394   398   464 I VehiclePropertyStore: begin to write value to Store: {.timestamp = 9738216467825, .areaId = 0, .prop = 557851156, .status = AVAILABLE, .value = {.int32Values = [1]{0}, .floatValues = [0]{}, .int64Values = [0]{}, .bytes = [0]{}, .stringValue = ""}}
12-30 11:20:02.394   398   464 D adayocomadapter-CommunicationManager: onUpstreamReceive mPropertyId 0x21402214
12-30 11:20:02.394   398   464 D adayocomadapter-CommunicationManager: onUpstreamReceive mPropertyId 0x214021b4
12-30 11:20:02.394   360   931 D EvsDriver: Delivered 0xb400e2ca9e40d4b0 as id 1
12-30 11:20:02.394   398   464 D adayocomadapter-CommunicationManager: convertBytesToInt32Memcpy  0
12-30 11:20:02.394   398   464 I vw-vhal : notifyVehicleProperty, propId = 0x214021b4, data = {status: 2, int32Values: [0]}
12-30 11:20:02.394   398   464 I vw-vhal : CanSignalsAdapter::notifyVehicleProperty: solvedValue = {.timestamp = 9738216656158, .areaId = 0, .prop = 557851060, .status = AVAILABLE, .value = {.int32Values = [1]{0}, .floatValues = [0]{}, .int64Values = [0]{}, .bytes = [0]{}, .stringValue = ""}}
12-30 11:20:02.394   398   464 I VehiclePropertyStore: begin to write value to Store: {.timestamp = 9738216656158, .areaId = 0, .prop = 557851060, .status = AVAILABLE, .value = {.int32Values = [1]{0}, .floatValues = [0]{}, .int64Values = [0]{}, .bytes = [0]{}, .stringValue = ""}}
12-30 11:20:02.394   398   464 I DefaultVehicleHal_v2_0: DefaultVehicleHal::onPropertyValue, value:{.timestamp = 9738216656158, .areaId = 0, .prop = 557851060, .status = AVAILABLE, .value = {.int32Values = [1]{0}, .floatValues = [0]{}, .int64Values = [0]{}, .bytes = [0]{}, .stringValue = ""}}
12-30 11:20:02.394   359  2784 D evsmanagerd: /dev/video-evs0 forwarded the buffer #1 to 0xb400f125d2b26dd0 from 0xb400f125e2b20710
12-30 11:20:02.394   398   464 D DiagPropHandler: is not DiagnosticConfig: 0x214021b4
12-30 11:20:02.394   398   464 I VehiclePropertyStore: begin to write value to Store: {.timestamp = 9738216656158, .areaId = 0, .prop = 557851060, .status = AVAILABLE, .value = {.int32Values = [1]{0}, .floatValues = [0]{}, .int64Values = [0]{}, .bytes = [0]{}, .stringValue = ""}}
12-30 11:20:02.394   398   464 D adayocomadapter-CommunicationManager: onUpstreamReceive mPropertyId 0x214021b4
12-30 11:20:02.394   398   464 D adayocomadapter-CommunicationManager: onUpstreamReceive mPropertyId 0x21402153
12-30 11:20:02.394   398   464 D adayocomadapter-CommunicationManager: convertBytesToInt32Memcpy  0
12-30 11:20:02.394   398   464 I vw-vhal : notifyVehicleProperty, propId = 0x21402153, data = {status: 2, int32Values: [0]}
12-30 11:20:02.395   398   464 I vw-vhal : CanSignalsAdapter::notifyVehicleProperty: solvedValue = {.timestamp = 9738216848825, .areaId = 0, .prop = 557850963, .status = AVAILABLE, .value = {.int32Values = [1]{0}, .floatValues = [0]{}, .int64Values = [0]{}, .bytes = [0]{}, .stringValue = ""}}
12-30 11:20:02.395   398   464 I VehiclePropertyStore: begin to write value to Store: {.timestamp = 9738216848825, .areaId = 0, .prop = 557850963, .status = AVAILABLE, .value = {.int32Values = [1]{0}, .floatValues = [0]{}, .int64Values = [0]{}, .bytes = [0]{}, .stringValue = ""}}
12-30 11:20:02.395   398   464 I DefaultVehicleHal_v2_0: DefaultVehicleHal::onPropertyValue, value:{.timestamp = 9738216848825, .areaId = 0, .prop = 557850963, .status = AVAILABLE, .value = {.int32Values = [1]{0}, .floatValues = [0]{}, .int64Values = [0]{}, .bytes = [0]{}, .stringValue = ""}}
12-30 11:20:02.395   398   464 D DiagPropHandler: is not DiagnosticConfig: 0x21402153
12-30 11:20:02.395   398   464 I VehiclePropertyStore: begin to write value to Store: {.timestamp = 9738216848825, .areaId = 0, .prop = 557850963, .status = AVAILABLE, .value = {.int32Values = [1]{0}, .floatValues = [0]{}, .int64Values = [0]{}, .bytes = [0]{}, .stringValue = ""}}
12-30 11:20:02.395   398   464 D adayocomadapter-CommunicationManager: onUpstreamReceive mPropertyId 0x21402153
12-30 11:20:02.395   398   464 D adayocomadapter-CommunicationManager: onUpstreamReceive mPropertyId 0x21402215
12-30 11:20:02.395   398   464 D adayocomadapter-CommunicationManager: convertBytesToInt32Memcpy  0
12-30 11:20:02.395   398   464 I vw-vhal : notifyVehicleProperty, propId = 0x21402215, data = {status: 2, int32Values: [0]}
12-30 11:20:02.395   398   464 I vw-vhal : CanSignalsAdapter::notifyVehicleProperty: solvedValue = {.timestamp = 9738217035825, .areaId = 0, .prop = 557851157, .status = AVAILABLE, .value = {.int32Values = [1]{0}, .floatValues = [0]{}, .int64Values = [0]{}, .bytes = [0]{}, .stringValue = ""}}
12-30 11:20:02.395   398   464 I VehiclePropertyStore: begin to write value to Store: {.timestamp = 9738217035825, .areaId = 0, .prop = 557851157, .status = AVAILABLE, .value = {.int32Values = [1]{0}, .floatValues = [0]{}, .int64Values = [0]{}, .bytes = [0]{}, .stringValue = ""}}
12-30 11:20:02.395   398   464 I DefaultVehicleHal_v2_0: DefaultVehicleHal::onPropertyValue, value:{.timestamp = 9738217035825, .areaId = 0, .prop = 557851157, .status = AVAILABLE, .value = {.int32Values = [1]{0}, .floatValues = [0]{}, .int64Values = [0]{}, .bytes = [0]{}, .stringValue = ""}}
12-30 11:20:02.395   398   464 D DiagPropHandler: is not DiagnosticConfig: 0x21402215
12-30 11:20:02.395   398   464 I VehiclePropertyStore: begin to write value to Store: {.timestamp = 9738217035825, .areaId = 0, .prop = 557851157, .status = AVAILABLE, .value = {.int32Values = [1]{0}, .floatValues = [0]{}, .int64Values = [0]{}, .bytes = [0]{}, .stringValue = ""}}
12-30 11:20:02.395   398   464 D adayocomadapter-CommunicationManager: onUpstreamReceive mPropertyId 0x21402215
12-30 11:20:02.395   398   464 D adayocomadapter-CommunicationManager: onUpstreamReceive mPropertyId 0x214021b5
12-30 11:20:02.395   398   464 D adayocomadapter-CommunicationManager: convertBytesToInt32Memcpy  0
12-30 11:20:02.395   398   464 I vw-vhal : notifyVehicleProperty, propId = 0x214021b5, data = {status: 2, int32Values: [0]}
12-30 11:20:02.395   398   464 I vw-vhal : CanSignalsAdapter::notifyVehicleProperty: solvedValue = {.timestamp = 9738217224825, .areaId = 0, .prop = 557851061, .status = AVAILABLE, .value = {.int32Values = [1]{0}, .floatValues = [0]{}, .int64Values = [0]{}, .bytes = [0]{}, .stringValue = ""}}
12-30 11:20:02.395   398   464 I VehiclePropertyStore: begin to write value to Store: {.timestamp = 9738217224825, .areaId = 0, .prop = 557851061, .status = AVAILABLE, .value = {.int32Values = [1]{0}, .floatValues = [0]{}, .int64Values = [0]{}, .bytes = [0]{}, .stringValue = ""}}
12-30 11:20:02.395   398   464 I DefaultVehicleHal_v2_0: DefaultVehicleHal::onPropertyValue, value:{.timestamp = 9738217224825, .areaId = 0, .prop = 557851061, .status = AVAILABLE, .value = {.int32Values = [1]{0}, .floatValues = [0]{}, .int64Values = [0]{}, .bytes = [0]{}, .stringValue = ""}}
12-30 11:20:02.395   398   464 D DiagPropHandler: is not DiagnosticConfig: 0x214021b5
12-30 11:20:02.395   398   464 I VehiclePropertyStore: begin to write value to Store: {.timestamp = 9738217224825, .areaId = 0, .prop = 557851061, .status = AVAILABLE, .value = {.int32Values = [1]{0}, .floatValues = [0]{}, .int64Values = [0]{}, .bytes = [0]{}, .stringValue = ""}}
12-30 11:20:02.395   398   464 D adayocomadapter-CommunicationManager: onUpstreamReceive mPropertyId 0x214021b5
12-30 11:20:02.395   398   464 D adayocomadapter-CommunicationManager: onUpstreamReceive mPropertyId 0x21402154
12-30 11:20:02.395   398   464 D adayocomadapter-CommunicationManager: convertBytesToInt32Memcpy  0
12-30 11:20:02.395   398   464 I vw-vhal : notifyVehicleProperty, propId = 0x21402154, data = {status: 2, int32Values: [0]}
12-30 11:20:02.395   398   464 I vw-vhal : CanSignalsAdapter::notifyVehicleProperty: solvedValue = {.timestamp = 9738217409158, .areaId = 0, .prop = 557850964, .status = AVAILABLE, .value = {.int32Values = [1]{0}, .floatValues = [0]{}, .int64Values = [0]{}, .bytes = [0]{}, .stringValue = ""}}
12-30 11:20:02.395   398   464 I VehiclePropertyStore: begin to write value to Store: {.timestamp = 9738217409158, .areaId = 0, .prop = 557850964, .status = AVAILABLE, .value = {.int32Values = [1]{0}, .floatValues = [0]{}, .int64Values = [0]{}, .bytes = [0]{}, .stringValue = ""}}
12-30 11:20:02.395   398   464 I DefaultVehicleHal_v2_0: DefaultVehicleHal::onPropertyValue, value:{.timestamp = 9738217409158, .areaId = 0, .prop = 557850964, .status = AVAILABLE, .value = {.int32Values = [1]{0}, .floatValues = [0]{}, .int64Values = [0]{}, .bytes = [0]{}, .stringValue = ""}}
12-30 11:20:02.395   398   464 D DiagPropHandler: is not DiagnosticConfig: 0x21402154
12-30 11:20:02.395   398   464 I VehiclePropertyStore: begin to write value to Store: {.timestamp = 9738217409158, .areaId = 0, .prop = 557850964, .status = AVAILABLE, .value = {.int32Values = [1]{0}, .floatValues = [0]{}, .int64Values = [0]{}, .bytes = [0]{}, .stringValue = ""}}
12-30 11:20:02.395   398   464 D adayocomadapter-CommunicationManager: onUpstreamReceive mPropertyId 0x21402154
12-30 11:20:02.395   398   464 D adayocomadapter-CommunicationManager: onUpstreamReceive mPropertyId 0x214021b7
12-30 11:20:02.395   398   464 D adayocomadapter-CommunicationManager: convertBytesToInt32Memcpy  0
12-30 11:20:02.395   398   464 I vw-vhal : notifyVehicleProperty, propId = 0x214021b7, data = {status: 2, int32Values: [0]}
12-30 11:20:02.395   398   464 I vw-vhal : CanSignalsAdapter::notifyVehicleProperty: solvedValue = {.timestamp = 9738217610825, .areaId = 0, .prop = 557851063, .status = AVAILABLE, .value = {.int32Values = [1]{0}, .floatValues = [0]{}, .int64Values = [0]{}, .bytes = [0]{}, .stringValue = ""}}
12-30 11:20:02.395   398   464 I VehiclePropertyStore: begin to write value to Store: {.timestamp = 9738217610825, .areaId = 0, .prop = 557851063, .status = AVAILABLE, .value = {.int32Values = [1]{0}, .floatValues = [0]{}, .int64Values = [0]{}, .bytes = [0]{}, .stringValue = ""}}
12-30 11:20:02.395   398   464 I DefaultVehicleHal_v2_0: DefaultVehicleHal::onPropertyValue, value:{.timestamp = 9738217610825, .areaId = 0, .prop = 557851063, .status = AVAILABLE, .value = {.int32Values = [1]{0}, .floatValues = [0]{}, .int64Values = [0]{}, .bytes = [0]{}, .stringValue = ""}}
12-30 11:20:02.395   398   464 D DiagPropHandler: is not DiagnosticConfig: 0x214021b7
12-30 11:20:02.395   398   464 I VehiclePropertyStore: begin to write value to Store: {.timestamp = 9738217610825, .areaId = 0, .prop = 557851063, .status = AVAILABLE, .value = {.int32Values = [1]{0}, .floatValues = [0]{}, .int64Values = [0]{}, .bytes = [0]{}, .stringValue = ""}}
12-30 11:20:02.395   398   464 D adayocomadapter-CommunicationManager: onUpstreamReceive mPropertyId 0x214021b7
