12-30 11:20:09.266   398   464 D DiagPropHandler: is not DiagnosticConfig: 0x21402094
12-30 11:20:09.266   398   464 I VehiclePropertyStore: begin to write value to Store: {.timestamp = 9745088725159, .areaId = 0, .prop = 557850772, .status = AVAILABLE, .value = {.int32Values = [1]{0}, .floatValues = [0]{}, .int64Values = [0]{}, .bytes = [0]{}, .stringValue = ""}}
12-30 11:20:09.266   398   464 D adayocomadapter-CommunicationManager: onUpstreamReceive mPropertyId 0x21402094
12-30 11:20:09.267   398   464 D adayocomadapter-CommunicationManager: onUpstreamReceive mPropertyId 0x21402036
12-30 11:20:09.267   398   464 D adayocomadapter-CommunicationManager: convertBytesToInt32Memcpy  0
12-30 11:20:09.267   398   464 I vw-vhal : notifyVehicleProperty, propId = 0x21402036, data = {status: 2, int32Values: [0]}
12-30 11:20:09.267   398   464 I vw-vhal : CanSignalsAdapter::notifyVehicleProperty: solvedValue = {.timestamp = 9745088920493, .areaId = 0, .prop = 557850678, .status = AVAILABLE, .value = {.int32Values = [1]{0}, .floatValues = [0]{}, .int64Values = [0]{}, .bytes = [0]{}, .stringValue = ""}}
12-30 11:20:09.267   398   464 I VehiclePropertyStore: begin to write value to Store: {.timestamp = 9745088920493, .areaId = 0, .prop = 557850678, .status = AVAILABLE, .value = {.int32Values = [1]{0}, .floatValues = [0]{}, .int64Values = [0]{}, .bytes = [0]{}, .stringValue = ""}}
12-30 11:20:09.267   398   464 I DefaultVehicleHal_v2_0: DefaultVehicleHal::onPropertyValue, value:{.timestamp = 9745088920493, .areaId = 0, .prop = 557850678, .status = AVAILABLE, .value = {.int32Values = [1]{0}, .floatValues = [0]{}, .int64Values = [0]{}, .bytes = [0]{}, .stringValue = ""}}
12-30 11:20:09.267   398   464 D DiagPropHandler: is not DiagnosticConfig: 0x21402036
12-30 11:20:09.267   398   464 I VehiclePropertyStore: begin to write value to Store: {.timestamp = 9745088920493, .areaId = 0, .prop = 557850678, .status = AVAILABLE, .value = {.int32Values = [1]{0}, .floatValues = [0]{}, .int64Values = [0]{}, .bytes = [0]{}, .stringValue = ""}}
12-30 11:20:09.267   398   464 D adayocomadapter-CommunicationManager: onUpstreamReceive mPropertyId 0x21402036
12-30 11:20:09.267   398   464 D adayocomadapter-CommunicationManager: onUpstreamReceive mPropertyId 0x214020c3
12-30 11:20:09.267   398   464 D adayocomadapter-CommunicationManager: convertBytesToInt32Memcpy  0
12-30 11:20:09.267   398   464 I vw-vhal : notifyVehicleProperty, propId = 0x214020c3, data = {status: 2, int32Values: [0]}
12-30 11:20:09.267   398   464 I vw-vhal : CanSignalsAdapter::notifyVehicleProperty: solvedValue = {.timestamp = 9745089113493, .areaId = 0, .prop = 557850819, .status = AVAILABLE, .value = {.int32Values = [1]{0}, .floatValues = [0]{}, .int64Values = [0]{}, .bytes = [0]{}, .stringValue = ""}}
12-30 11:20:09.267   398   464 I VehiclePropertyStore: begin to write value to Store: {.timestamp = 9745089113493, .areaId = 0, .prop = 557850819, .status = AVAILABLE, .value = {.int32Values = [1]{0}, .floatValues = [0]{}, .int64Values = [0]{}, .bytes = [0]{}, .stringValue = ""}}
12-30 11:20:09.267   398   464 I DefaultVehicleHal_v2_0: DefaultVehicleHal::onPropertyValue, value:{.timestamp = 9745089113493, .areaId = 0, .prop = 557850819, .status = AVAILABLE, .value = {.int32Values = [1]{0}, .floatValues = [0]{}, .int64Values = [0]{}, .bytes = [0]{}, .stringValue = ""}}
12-30 11:20:09.267   398   464 D DiagPropHandler: is not DiagnosticConfig: 0x214020c3
12-30 11:20:09.267   398   464 I VehiclePropertyStore: begin to write value to Store: {.timestamp = 9745089113493, .areaId = 0, .prop = 557850819, .status = AVAILABLE, .value = {.int32Values = [1]{0}, .floatValues = [0]{}, .int64Values = [0]{}, .bytes = [0]{}, .stringValue = ""}}
12-30 11:20:09.267   398   464 D adayocomadapter-CommunicationManager: onUpstreamReceive mPropertyId 0x214020c3
12-30 11:20:09.267   398   464 D adayocomadapter-CommunicationManager: onUpstreamReceive mPropertyId 0x21402114
12-30 11:20:09.267   398   464 D adayocomadapter-CommunicationManager: convertBytesToInt32Memcpy  0
12-30 11:20:09.267   398   464 I vw-vhal : notifyVehicleProperty, propId = 0x21402114, data = {status: 2, int32Values: [0]}
12-30 11:20:09.267   398   464 I vw-vhal : CanSignalsAdapter::notifyVehicleProperty: solvedValue = {.timestamp = 9745089313826, .areaId = 0, .prop = 557850900, .status = AVAILABLE, .value = {.int32Values = [1]{0}, .floatValues = [0]{}, .int64Values = [0]{}, .bytes = [0]{}, .stringValue = ""}}
12-30 11:20:09.267   398   464 I VehiclePropertyStore: begin to write value to Store: {.timestamp = 9745089313826, .areaId = 0, .prop = 557850900, .status = AVAILABLE, .value = {.int32Values = [1]{0}, .floatValues = [0]{}, .int64Values = [0]{}, .bytes = [0]{}, .stringValue = ""}}
12-30 11:20:09.267   398   464 I DefaultVehicleHal_v2_0: DefaultVehicleHal::onPropertyValue, value:{.timestamp = 9745089313826, .areaId = 0, .prop = 557850900, .status = AVAILABLE, .value = {.int32Values = [1]{0}, .floatValues = [0]{}, .int64Values = [0]{}, .bytes = [0]{}, .stringValue = ""}}
12-30 11:20:09.267   398   464 D DiagPropHandler: is not DiagnosticConfig: 0x21402114
12-30 11:20:09.267   398   464 I VehiclePropertyStore: begin to write value to Store: {.timestamp = 9745089313826, .areaId = 0, .prop = 557850900, .status = AVAILABLE, .value = {.int32Values = [1]{0}, .floatValues = [0]{}, .int64Values = [0]{}, .bytes = [0]{}, .stringValue = ""}}
12-30 11:20:09.267   398   464 D adayocomadapter-CommunicationManager: onUpstreamReceive mPropertyId 0x21402114
12-30 11:20:09.267   398   464 D adayocomadapter-CommunicationManager: onUpstreamReceive mPropertyId 0x214020b6
12-30 11:20:09.267   398   464 D adayocomadapter-CommunicationManager: convertBytesToInt32Memcpy  0
12-30 11:20:09.267   398   464 I vw-vhal : notifyVehicleProperty, propId = 0x214020b6, data = {status: 2, int32Values: [0]}
12-30 11:20:09.267   398   464 I vw-vhal : CanSignalsAdapter::notifyVehicleProperty: solvedValue = {.timestamp = 9745089511159, .areaId = 0, .prop = 557850806, .status = AVAILABLE, .value = {.int32Values = [1]{0}, .floatValues = [0]{}, .int64Values = [0]{}, .bytes = [0]{}, .stringValue = ""}}
12-30 11:20:09.267   398   464 I VehiclePropertyStore: begin to write value to Store: {.timestamp = 9745089511159, .areaId = 0, .prop = 557850806, .status = AVAILABLE, .value = {.int32Values = [1]{0}, .floatValues = [0]{}, .int64Values = [0]{}, .bytes = [0]{}, .stringValue = ""}}
12-30 11:20:09.267   398   464 I DefaultVehicleHal_v2_0: DefaultVehicleHal::onPropertyValue, value:{.timestamp = 9745089511159, .areaId = 0, .prop = 557850806, .status = AVAILABLE, .value = {.int32Values = [1]{0}, .floatValues = [0]{}, .int64Values = [0]{}, .bytes = [0]{}, .stringValue = ""}}
12-30 11:20:09.267   398   464 D DiagPropHandler: is not DiagnosticConfig: 0x214020b6
12-30 11:20:09.267   398   464 I VehiclePropertyStore: begin to write value to Store: {.timestamp = 9745089511159, .areaId = 0, .prop = 557850806, .status = AVAILABLE, .value = {.int32Values = [1]{0}, .floatValues = [0]{}, .int64Values = [0]{}, .bytes = [0]{}, .stringValue = ""}}
12-30 11:20:09.267   398   464 D adayocomadapter-CommunicationManager: onUpstreamReceive mPropertyId 0x214020b6
12-30 11:20:09.267   398   464 D adayocomadapter-CommunicationManager: onUpstreamReceive mPropertyId 0x21402115
12-30 11:20:09.267   398   464 D adayocomadapter-CommunicationManager: convertBytesToInt32Memcpy  0
12-30 11:20:09.267   398   464 I vw-vhal : notifyVehicleProperty, propId = 0x21402115, data = {status: 2, int32Values: [0]}
12-30 11:20:09.267   398   464 I vw-vhal : CanSignalsAdapter::notifyVehicleProperty: solvedValue = {.timestamp = 9745089697493, .areaId = 0, .prop = 557850901, .status = AVAILABLE, .value = {.int32Values = [1]{0}, .floatValues = [0]{}, .int64Values = [0]{}, .bytes = [0]{}, .stringValue = ""}}
12-30 11:20:09.267   398   464 I VehiclePropertyStore: begin to write value to Store: {.timestamp = 9745089697493, .areaId = 0, .prop = 557850901, .status = AVAILABLE, .value = {.int32Values = [1]{0}, .floatValues = [0]{}, .int64Values = [0]{}, .bytes = [0]{}, .stringValue = ""}}
12-30 11:20:09.267   398   464 I DefaultVehicleHal_v2_0: DefaultVehicleHal::onPropertyValue, value:{.timestamp = 9745089697493, .areaId = 0, .prop = 557850901, .status = AVAILABLE, .value = {.int32Values = [1]{0}, .floatValues = [0]{}, .int64Values = [0]{}, .bytes = [0]{}, .stringValue = ""}}
12-30 11:20:09.267   398   464 D DiagPropHandler: is not DiagnosticConfig: 0x21402115
12-30 11:20:09.267   398   464 I VehiclePropertyStore: begin to write value to Store: {.timestamp = 9745089697493, .areaId = 0, .prop = 557850901, .status = AVAILABLE, .value = {.int32Values = [1]{0}, .floatValues = [0]{}, .int64Values = [0]{}, .bytes = [0]{}, .stringValue = ""}}
12-30 11:20:09.267   398   464 D adayocomadapter-CommunicationManager: onUpstreamReceive mPropertyId 0x21402115
12-30 11:20:09.267   398   464 D adayocomadapter-CommunicationManager: onUpstreamReceive mPropertyId 0x2140211a
12-30 11:20:09.267   398   464 D adayocomadapter-CommunicationManager: convertBytesToInt32Memcpy  0
12-30 11:20:09.268   398   464 I vw-vhal : notifyVehicleProperty, propId = 0x2140211a, data = {status: 2, int32Values: [0]}
12-30 11:20:09.268   398   464 I vw-vhal : CanSignalsAdapter::notifyVehicleProperty: solvedValue = {.timestamp = 9745089889159, .areaId = 0, .prop = 557850906, .status = AVAILABLE, .value = {.int32Values = [1]{0}, .floatValues = [0]{}, .int64Values = [0]{}, .bytes = [0]{}, .stringValue = ""}}
12-30 11:20:09.268   398   464 I VehiclePropertyStore: begin to write value to Store: {.timestamp = 9745089889159, .areaId = 0, .prop = 557850906, .status = AVAILABLE, .value = {.int32Values = [1]{0}, .floatValues = [0]{}, .int64Values = [0]{}, .bytes = [0]{}, .stringValue = ""}}
12-30 11:20:09.268   398   464 I DefaultVehicleHal_v2_0: DefaultVehicleHal::onPropertyValue, value:{.timestamp = 9745089889159, .areaId = 0, .prop = 557850906, .status = AVAILABLE, .value = {.int32Values = [1]{0}, .floatValues = [0]{}, .int64Values = [0]{}, .bytes = [0]{}, .stringValue = ""}}
12-30 11:20:09.268   398   464 D DiagPropHandler: is not DiagnosticConfig: 0x2140211a
12-30 11:20:09.268   398   464 I VehiclePropertyStore: begin to write value to Store: {.timestamp = 9745089889159, .areaId = 0, .prop = 557850906, .status = AVAILABLE, .value = {.int32Values = [1]{0}, .floatValues = [0]{}, .int64Values = [0]{}, .bytes = [0]{}, .stringValue = ""}}
12-30 11:20:09.268   398   464 D adayocomadapter-CommunicationManager: onUpstreamReceive mPropertyId 0x2140211a
12-30 11:20:09.268   398   464 D adayocomadapter-CommunicationManager: onUpstreamReceive mPropertyId 0x2140204b
12-30 11:20:09.268   398   464 D adayocomadapter-CommunicationManager: convertBytesToInt32Memcpy  0
12-30 11:20:09.268   398   464 I vw-vhal : notifyVehicleProperty, propId = 0x2140204b, data = {status: 2, int32Values: [0]}
12-30 11:20:09.268   398   464 I vw-vhal : CanSignalsAdapter::notifyVehicleProperty: solvedValue = {.timestamp = 9745090078493, .areaId = 0, .prop = 557850699, .status = AVAILABLE, .value = {.int32Values = [1]{0}, .floatValues = [0]{}, .int64Values = [0]{}, .bytes = [0]{}, .stringValue = ""}}
12-30 11:20:09.268   398   464 I VehiclePropertyStore: begin to write value to Store: {.timestamp = 9745090078493, .areaId = 0, .prop = 557850699, .status = AVAILABLE, .value = {.int32Values = [1]{0}, .floatValues = [0]{}, .int64Values = [0]{}, .bytes = [0]{}, .stringValue = ""}}
12-30 11:20:09.268   398   464 I DefaultVehicleHal_v2_0: DefaultVehicleHal::onPropertyValue, value:{.timestamp = 9745090078493, .areaId = 0, .prop = 557850699, .status = AVAILABLE, .value = {.int32Values = [1]{0}, .floatValues = [0]{}, .int64Values = [0]{}, .bytes = [0]{}, .stringValue = ""}}
12-30 11:20:09.268   398   464 D DiagPropHandler: is not DiagnosticConfig: 0x2140204b
12-30 11:20:09.268   398   464 I VehiclePropertyStore: begin to write value to Store: {.timestamp = 9745090078493, .areaId = 0, .prop = 557850699, .status = AVAILABLE, .value = {.int32Values = [1]{0}, .floatValues = [0]{}, .int64Values = [0]{}, .bytes = [0]{}, .stringValue = ""}}
12-30 11:20:09.268   398   464 D adayocomadapter-CommunicationManager: onUpstreamReceive mPropertyId 0x2140204b
12-30 11:20:09.268   398   464 D adayocomadapter-CommunicationManager: onUpstreamReceive mPropertyId 0x2140211b
12-30 11:20:09.268   398   464 D adayocomadapter-CommunicationManager: convertBytesToInt32Memcpy  0
12-30 11:20:09.268   398   464 I vw-vhal : notifyVehicleProperty, propId = 0x2140211b, data = {status: 2, int32Values: [0]}
12-30 11:20:09.268   398   464 I vw-vhal : CanSignalsAdapter::notifyVehicleProperty: solvedValue = {.timestamp = 9745090272159, .areaId = 0, .prop = 557850907, .status = AVAILABLE, .value = {.int32Values = [1]{0}, .floatValues = [0]{}, .int64Values = [0]{}, .bytes = [0]{}, .stringValue = ""}}
12-30 11:20:09.268   398   464 I VehiclePropertyStore: begin to write value to Store: {.timestamp = 9745090272159, .areaId = 0, .prop = 557850907, .status = AVAILABLE, .value = {.int32Values = [1]{0}, .floatValues = [0]{}, .int64Values = [0]{}, .bytes = [0]{}, .stringValue = ""}}
12-30 11:20:09.268   398   464 I DefaultVehicleHal_v2_0: DefaultVehicleHal::onPropertyValue, value:{.timestamp = 9745090272159, .areaId = 0, .prop = 557850907, .status = AVAILABLE, .value = {.int32Values = [1]{0}, .floatValues = [0]{}, .int64Values = [0]{}, .bytes = [0]{}, .stringValue = ""}}
12-30 11:20:09.268   398   464 D DiagPropHandler: is not DiagnosticConfig: 0x2140211b
12-30 11:20:09.268   398   464 I VehiclePropertyStore: begin to write value to Store: {.timestamp = 9745090272159, .areaId = 0, .prop = 557850907, .status = AVAILABLE, .value = {.int32Values = [1]{0}, .floatValues = [0]{}, .int64Values = [0]{}, .bytes = [0]{}, .stringValue = ""}}
12-30 11:20:09.268   398   464 D adayocomadapter-CommunicationManager: onUpstreamReceive mPropertyId 0x2140211b
12-30 11:20:09.268   398   464 D adayocomadapter-CommunicationManager: onUpstreamReceive mPropertyId 0x2140203b
12-30 11:20:09.268   398   464 D adayocomadapter-CommunicationManager: convertBytesToInt32Memcpy  0
12-30 11:20:09.268   398   464 I vw-vhal : notifyVehicleProperty, propId = 0x2140203b, data = {status: 2, int32Values: [0]}
12-30 11:20:09.268   398   464 I vw-vhal : CanSignalsAdapter::notifyVehicleProperty: solvedValue = {.timestamp = 9745090465159, .areaId = 0, .prop = 557850683, .status = AVAILABLE, .value = {.int32Values = [1]{0}, .floatValues = [0]{}, .int64Values = [0]{}, .bytes = [0]{}, .stringValue = ""}}
12-30 11:20:09.268   398   464 I VehiclePropertyStore: begin to write value to Store: {.timestamp = 9745090465159, .areaId = 0, .prop = 557850683, .status = AVAILABLE, .value = {.int32Values = [1]{0}, .floatValues = [0]{}, .int64Values = [0]{}, .bytes = [0]{}, .stringValue = ""}}
12-30 11:20:09.268   398   464 I DefaultVehicleHal_v2_0: DefaultVehicleHal::onPropertyValue, value:{.timestamp = 9745090465159, .areaId = 0, .prop = 557850683, .status = AVAILABLE, .value = {.int32Values = [1]{0}, .floatValues = [0]{}, .int64Values = [0]{}, .bytes = [0]{}, .stringValue = ""}}
12-30 11:20:09.268   398   464 D DiagPropHandler: is not DiagnosticConfig: 0x2140203b
12-30 11:20:09.268   398   464 I VehiclePropertyStore: begin to write value to Store: {.timestamp = 9745090465159, .areaId = 0, .prop = 557850683, .status = AVAILABLE, .value = {.int32Values = [1]{0}, .floatValues = [0]{}, .int64Values = [0]{}, .bytes = [0]{}, .stringValue = ""}}
12-30 11:20:09.268   398   464 D adayocomadapter-CommunicationManager: onUpstreamReceive mPropertyId 0x2140203b
12-30 11:20:09.268   398   464 D adayocomadapter-CommunicationManager: onUpstreamReceive mPropertyId 0x2140203f
12-30 11:20:09.268   398   464 D adayocomadapter-CommunicationManager: convertBytesToInt32Memcpy  0
12-30 11:20:09.268   398   464 I vw-vhal : notifyVehicleProperty, propId = 0x2140203f, data = {status: 2, int32Values: [0]}
12-30 11:20:09.268   398   464 I vw-vhal : CanSignalsAdapter::notifyVehicleProperty: solvedValue = {.timestamp = 9745090653159, .areaId = 0, .prop = 557850687, .status = AVAILABLE, .value = {.int32Values = [1]{0}, .floatValues = [0]{}, .int64Values = [0]{}, .bytes = [0]{}, .stringValue = ""}}
12-30 11:20:09.268   398   464 I VehiclePropertyStore: begin to write value to Store: {.timestamp = 9745090653159, .areaId = 0, .prop = 557850687, .status = AVAILABLE, .value = {.int32Values = [1]{0}, .floatValues = [0]{}, .int64Values = [0]{}, .bytes = [0]{}, .stringValue = ""}}
12-30 11:20:09.268   398   464 I DefaultVehicleHal_v2_0: DefaultVehicleHal::onPropertyValue, value:{.timestamp = 9745090653159, .areaId = 0, .prop = 557850687, .status = AVAILABLE, .value = {.int32Values = [1]{0}, .floatValues = [0]{}, .int64Values = [0]{}, .bytes = [0]{}, .stringValue = ""}}
12-30 11:20:09.268   398   464 D DiagPropHandler: is not DiagnosticConfig: 0x2140203f
12-30 11:20:09.268   398   464 I VehiclePropertyStore: begin to write value to Store: {.timestamp = 9745090653159, .areaId = 0, .prop = 557850687, .status = AVAILABLE, .value = {.int32Values = [1]{0}, .floatValues = [0]{}, .int64Values = [0]{}, .bytes = [0]{}, .stringValue = ""}}
12-30 11:20:09.268   398   464 D adayocomadapter-CommunicationManager: onUpstreamReceive mPropertyId 0x2140203f
12-30 11:20:09.268   398   464 D adayocomadapter-CommunicationManager: onUpstreamReceive mPropertyId 0x2140203a
12-30 11:20:09.268   398   464 D adayocomadapter-CommunicationManager: convertBytesToInt32Memcpy  0
12-30 11:20:09.268   398   464 I vw-vhal : notifyVehicleProperty, propId = 0x2140203a, data = {status: 2, int32Values: [0]}
12-30 11:20:09.269   398   464 I vw-vhal : CanSignalsAdapter::notifyVehicleProperty: solvedValue = {.timestamp = 9745090844159, .areaId = 0, .prop = 557850682, .status = AVAILABLE, .value = {.int32Values = [1]{0}, .floatValues = [0]{}, .int64Values = [0]{}, .bytes = [0]{}, .stringValue = ""}}
12-30 11:20:09.269   398   464 I VehiclePropertyStore: begin to write value to Store: {.timestamp = 9745090844159, .areaId = 0, .prop = 557850682, .status = AVAILABLE, .value = {.int32Values = [1]{0}, .floatValues = [0]{}, .int64Values = [0]{}, .bytes = [0]{}, .stringValue = ""}}
12-30 11:20:09.269   398   464 I DefaultVehicleHal_v2_0: DefaultVehicleHal::onPropertyValue, value:{.timestamp = 9745090844159, .areaId = 0, .prop = 557850682, .status = AVAILABLE, .value = {.int32Values = [1]{0}, .floatValues = [0]{}, .int64Values = [0]{}, .bytes = [0]{}, .stringValue = ""}}
12-30 11:20:09.269   398   464 D DiagPropHandler: is not DiagnosticConfig: 0x2140203a
12-30 11:20:09.269   398   464 I VehiclePropertyStore: begin to write value to Store: {.timestamp = 9745090844159, .areaId = 0, .prop = 557850682, .status = AVAILABLE, .value = {.int32Values = [1]{0}, .floatValues = [0]{}, .int64Values = [0]{}, .bytes = [0]{}, .stringValue = ""}}
12-30 11:20:09.269   398   464 D adayocomadapter-CommunicationManager: onUpstreamReceive mPropertyId 0x2140203a
12-30 11:20:09.269   398   464 D adayocomadapter-CommunicationManager: onUpstreamReceive mPropertyId 0x2140203e
12-30 11:20:09.269   398   464 D adayocomadapter-CommunicationManager: convertBytesToInt32Memcpy  0
12-30 11:20:09.269   398   464 I vw-vhal : notifyVehicleProperty, propId = 0x2140203e, data = {status: 2, int32Values: [0]}
12-30 11:20:09.269   398   464 I vw-vhal : CanSignalsAdapter::notifyVehicleProperty: solvedValue = {.timestamp = 9745091037493, .areaId = 0, .prop = 557850686, .status = AVAILABLE, .value = {.int32Values = [1]{0}, .floatValues = [0]{}, .int64Values = [0]{}, .bytes = [0]{}, .stringValue = ""}}
12-30 11:20:09.269   398   464 I VehiclePropertyStore: begin to write value to Store: {.timestamp = 9745091037493, .areaId = 0, .prop = 557850686, .status = AVAILABLE, .value = {.int32Values = [1]{0}, .floatValues = [0]{}, .int64Values = [0]{}, .bytes = [0]{}, .stringValue = ""}}
12-30 11:20:09.269   398   464 I DefaultVehicleHal_v2_0: DefaultVehicleHal::onPropertyValue, value:{.timestamp = 9745091037493, .areaId = 0, .prop = 557850686, .status = AVAILABLE, .value = {.int32Values = [1]{0}, .floatValues = [0]{}, .int64Values = [0]{}, .bytes = [0]{}, .stringValue = ""}}
12-30 11:20:09.269   398   464 D DiagPropHandler: is not DiagnosticConfig: 0x2140203e
12-30 11:20:09.269   398   464 I VehiclePropertyStore: begin to write value to Store: {.timestamp = 9745091037493, .areaId = 0, .prop = 557850686, .status = AVAILABLE, .value = {.int32Values = [1]{0}, .floatValues = [0]{}, .int64Values = [0]{}, .bytes = [0]{}, .stringValue = ""}}
12-30 11:20:09.269   398   464 D adayocomadapter-CommunicationManager: onUpstreamReceive mPropertyId 0x2140203e
12-30 11:20:09.269   398   464 D adayocomadapter-CommunicationManager: onUpstreamReceive mPropertyId 0x21402042
12-30 11:20:09.269   398   464 D adayocomadapter-CommunicationManager: convertBytesToInt32Memcpy  0
12-30 11:20:09.269   398   464 I vw-vhal : notifyVehicleProperty, propId = 0x21402042, data = {status: 2, int32Values: [0]}
12-30 11:20:09.269   398   464 I vw-vhal : CanSignalsAdapter::notifyVehicleProperty: solvedValue = {.timestamp = 9745091230159, .areaId = 0, .prop = 557850690, .status = AVAILABLE, .value = {.int32Values = [1]{0}, .floatValues = [0]{}, .int64Values = [0]{}, .bytes = [0]{}, .stringValue = ""}}
12-30 11:20:09.269   398   464 I VehiclePropertyStore: begin to write value to Store: {.timestamp = 9745091230159, .areaId = 0, .prop = 557850690, .status = AVAILABLE, .value = {.int32Values = [1]{0}, .floatValues = [0]{}, .int64Values = [0]{}, .bytes = [0]{}, .stringValue = ""}}
12-30 11:20:09.269   398   464 I DefaultVehicleHal_v2_0: DefaultVehicleHal::onPropertyValue, value:{.timestamp = 9745091230159, .areaId = 0, .prop = 557850690, .status = AVAILABLE, .value = {.int32Values = [1]{0}, .floatValues = [0]{}, .int64Values = [0]{}, .bytes = [0]{}, .stringValue = ""}}
12-30 11:20:09.269   398   464 D DiagPropHandler: is not DiagnosticConfig: 0x21402042
12-30 11:20:09.269   398   464 I VehiclePropertyStore: begin to write value to Store: {.timestamp = 9745091230159, .areaId = 0, .prop = 557850690, .status = AVAILABLE, .value = {.int32Values = [1]{0}, .floatValues = [0]{}, .int64Values = [0]{}, .bytes = [0]{}, .stringValue = ""}}
12-30 11:20:09.269   398   464 D adayocomadapter-CommunicationManager: onUpstreamReceive mPropertyId 0x21402042
12-30 11:20:09.269   398   464 D adayocomadapter-CommunicationManager: onUpstreamReceive mPropertyId 0x21402039
12-30 11:20:09.269   398   464 D adayocomadapter-CommunicationManager: convertBytesToInt32Memcpy  0
12-30 11:20:09.269   398   464 I vw-vhal : notifyVehicleProperty, propId = 0x21402039, data = {status: 2, int32Values: [0]}
12-30 11:20:09.269   398   464 I vw-vhal : CanSignalsAdapter::notifyVehicleProperty: solvedValue = {.timestamp = 9745091426493, .areaId = 0, .prop = 557850681, .status = AVAILABLE, .value = {.int32Values = [1]{0}, .floatValues = [0]{}, .int64Values = [0]{}, .bytes = [0]{}, .stringValue = ""}}
12-30 11:20:09.269   398   464 I VehiclePropertyStore: begin to write value to Store: {.timestamp = 9745091426493, .areaId = 0, .prop = 557850681, .status = AVAILABLE, .value = {.int32Values = [1]{0}, .floatValues = [0]{}, .int64Values = [0]{}, .bytes = [0]{}, .stringValue = ""}}
12-30 11:20:09.269   398   464 I DefaultVehicleHal_v2_0: DefaultVehicleHal::onPropertyValue, value:{.timestamp = 9745091426493, .areaId = 0, .prop = 557850681, .status = AVAILABLE, .value = {.int32Values = [1]{0}, .floatValues = [0]{}, .int64Values = [0]{}, .bytes = [0]{}, .stringValue = ""}}
12-30 11:20:09.269   398   464 D DiagPropHandler: is not DiagnosticConfig: 0x21402039
12-30 11:20:09.269   398   464 I VehiclePropertyStore: begin to write value to Store: {.timestamp = 9745091426493, .areaId = 0, .prop = 557850681, .status = AVAILABLE, .value = {.int32Values = [1]{0}, .floatValues = [0]{}, .int64Values = [0]{}, .bytes = [0]{}, .stringValue = ""}}
12-30 11:20:09.269   398   464 D adayocomadapter-CommunicationManager: onUpstreamReceive mPropertyId 0x21402039
12-30 11:20:09.269   398   464 D adayocomadapter-CommunicationManager: onUpstreamReceive mPropertyId 0x2140203d
12-30 11:20:09.269   398   464 D adayocomadapter-CommunicationManager: convertBytesToInt32Memcpy  0
12-30 11:20:09.269   398   464 I vw-vhal : notifyVehicleProperty, propId = 0x2140203d, data = {status: 2, int32Values: [0]}
12-30 11:20:09.269   398   464 I vw-vhal : CanSignalsAdapter::notifyVehicleProperty: solvedValue = {.timestamp = 9745091609159, .areaId = 0, .prop = 557850685, .status = AVAILABLE, .value = {.int32Values = [1]{0}, .floatValues = [0]{}, .int64Values = [0]{}, .bytes = [0]{}, .stringValue = ""}}
12-30 11:20:09.269   398   464 I VehiclePropertyStore: begin to write value to Store: {.timestamp = 9745091609159, .areaId = 0, .prop = 557850685, .status = AVAILABLE, .value = {.int32Values = [1]{0}, .floatValues = [0]{}, .int64Values = [0]{}, .bytes = [0]{}, .stringValue = ""}}
12-30 11:20:09.269   398   464 I DefaultVehicleHal_v2_0: DefaultVehicleHal::onPropertyValue, value:{.timestamp = 9745091609159, .areaId = 0, .prop = 557850685, .status = AVAILABLE, .value = {.int32Values = [1]{0}, .floatValues = [0]{}, .int64Values = [0]{}, .bytes = [0]{}, .stringValue = ""}}
12-30 11:20:09.269   398   464 D DiagPropHandler: is not DiagnosticConfig: 0x2140203d
12-30 11:20:09.269   398   464 I VehiclePropertyStore: begin to write value to Store: {.timestamp = 9745091609159, .areaId = 0, .prop = 557850685, .status = AVAILABLE, .value = {.int32Values = [1]{0}, .floatValues = [0]{}, .int64Values = [0]{}, .bytes = [0]{}, .stringValue = ""}}
12-30 11:20:09.269   596  3076 E WifiHAL : Invalid data received from driver
12-30 11:20:09.269   398   464 D adayocomadapter-CommunicationManager: onUpstreamReceive mPropertyId 0x2140203d
12-30 11:20:09.269   398   464 D adayocomadapter-CommunicationManager: onUpstreamReceive mPropertyId 0x21402041
12-30 11:20:09.269   398   464 D adayocomadapter-CommunicationManager: convertBytesToInt32Memcpy  0
12-30 11:20:09.269   398   464 I vw-vhal : notifyVehicleProperty, propId = 0x21402041, data = {status: 2, int32Values: [0]}
12-30 11:20:09.269   398   464 I vw-vhal : CanSignalsAdapter::notifyVehicleProperty: solvedValue = {.timestamp = 9745091798826, .areaId = 0, .prop = 557850689, .status = AVAILABLE, .value = {.int32Values = [1]{0}, .floatValues = [0]{}, .int64Values = [0]{}, .bytes = [0]{}, .stringValue = ""}}
12-30 11:20:09.269   398   464 I VehiclePropertyStore: begin to write value to Store: {.timestamp = 9745091798826, .areaId = 0, .prop = 557850689, .status = AVAILABLE, .value = {.int32Values = [1]{0}, .floatValues = [0]{}, .int64Values = [0]{}, .bytes = [0]{}, .stringValue = ""}}
12-30 11:20:09.270   398   464 I DefaultVehicleHal_v2_0: DefaultVehicleHal::onPropertyValue, value:{.timestamp = 9745091798826, .areaId = 0, .prop = 557850689, .status = AVAILABLE, .value = {.int32Values = [1]{0}, .floatValues = [0]{}, .int64Values = [0]{}, .bytes = [0]{}, .stringValue = ""}}
12-30 11:20:09.270   398   464 D DiagPropHandler: is not DiagnosticConfig: 0x21402041
12-30 11:20:09.270   398   464 I VehiclePropertyStore: begin to write value to Store: {.timestamp = 9745091798826, .areaId = 0, .prop = 557850689, .status = AVAILABLE, .value = {.int32Values = [1]{0}, .floatValues = [0]{}, .int64Values = [0]{}, .bytes = [0]{}, .stringValue = ""}}
12-30 11:20:09.270   398   464 D adayocomadapter-CommunicationManager: onUpstreamReceive mPropertyId 0x21402041
12-30 11:20:09.270   398   464 D adayocomadapter-CommunicationManager: onUpstreamReceive mPropertyId 0x21402045
12-30 11:20:09.270   398   464 D adayocomadapter-CommunicationManager: convertBytesToInt32Memcpy  0
12-30 11:20:09.270   398   464 I vw-vhal : notifyVehicleProperty, propId = 0x21402045, data = {status: 2, int32Values: [0]}
12-30 11:20:09.270   398   464 I vw-vhal : CanSignalsAdapter::notifyVehicleProperty: solvedValue = {.timestamp = 9745091995826, .areaId = 0, .prop = 557850693, .status = AVAILABLE, .value = {.int32Values = [1]{0}, .floatValues = [0]{}, .int64Values = [0]{}, .bytes = [0]{}, .stringValue = ""}}
12-30 11:20:09.270   398   464 I VehiclePropertyStore: begin to write value to Store: {.timestamp = 9745091995826, .areaId = 0, .prop = 557850693, .status = AVAILABLE, .value = {.int32Values = [1]{0}, .floatValues = [0]{}, .int64Values = [0]{}, .bytes = [0]{}, .stringValue = ""}}
12-30 11:20:09.270   398   464 I DefaultVehicleHal_v2_0: DefaultVehicleHal::onPropertyValue, value:{.timestamp = 9745091995826, .areaId = 0, .prop = 557850693, .status = AVAILABLE, .value = {.int32Values = [1]{0}, .floatValues = [0]{}, .int64Values = [0]{}, .bytes = [0]{}, .stringValue = ""}}
12-30 11:20:09.270   398   464 D DiagPropHandler: is not DiagnosticConfig: 0x21402045
12-30 11:20:09.270   398   464 I VehiclePropertyStore: begin to write value to Store: {.timestamp = 9745091995826, .areaId = 0, .prop = 557850693, .status = AVAILABLE, .value = {.int32Values = [1]{0}, .floatValues = [0]{}, .int64Values = [0]{}, .bytes = [0]{}, .stringValue = ""}}
12-30 11:20:09.270   398   464 D adayocomadapter-CommunicationManager: onUpstreamReceive mPropertyId 0x21402045
12-30 11:20:09.270   398   464 D adayocomadapter-CommunicationManager: onUpstreamReceive mPropertyId 0x2140204d
12-30 11:20:09.270   398   464 D adayocomadapter-CommunicationManager: convertBytesToInt32Memcpy  0
12-30 11:20:09.270   398   464 I vw-vhal : notifyVehicleProperty, propId = 0x2140204d, data = {status: 2, int32Values: [0]}
12-30 11:20:09.270   398   464 I vw-vhal : CanSignalsAdapter::notifyVehicleProperty: solvedValue = {.timestamp = 9745092216826, .areaId = 0, .prop = 557850701, .status = AVAILABLE, .value = {.int32Values = [1]{0}, .floatValues = [0]{}, .int64Values = [0]{}, .bytes = [0]{}, .stringValue = ""}}
12-30 11:20:09.270   398   464 I VehiclePropertyStore: begin to write value to Store: {.timestamp = 9745092216826, .areaId = 0, .prop = 557850701, .status = AVAILABLE, .value = {.int32Values = [1]{0}, .floatValues = [0]{}, .int64Values = [0]{}, .bytes = [0]{}, .stringValue = ""}}
12-30 11:20:09.270   398   464 I DefaultVehicleHal_v2_0: DefaultVehicleHal::onPropertyValue, value:{.timestamp = 9745092216826, .areaId = 0, .prop = 557850701, .status = AVAILABLE, .value = {.int32Values = [1]{0}, .floatValues = [0]{}, .int64Values = [0]{}, .bytes = [0]{}, .stringValue = ""}}
12-30 11:20:09.270   398   464 D DiagPropHandler: is not DiagnosticConfig: 0x2140204d
12-30 11:20:09.270   398   464 I VehiclePropertyStore: begin to write value to Store: {.timestamp = 9745092216826, .areaId = 0, .prop = 557850701, .status = AVAILABLE, .value = {.int32Values = [1]{0}, .floatValues = [0]{}, .int64Values = [0]{}, .bytes = [0]{}, .stringValue = ""}}
12-30 11:20:09.270   398   464 D adayocomadapter-CommunicationManager: onUpstreamReceive mPropertyId 0x2140204d
12-30 11:20:09.270   398   464 D adayocomadapter-CommunicationManager: onUpstreamReceive mPropertyId 0x2140220b
12-30 11:20:09.270   398   464 D adayocomadapter-CommunicationManager: convertBytesToInt32Memcpy  0
12-30 11:20:09.270   398   464 I vw-vhal : notifyVehicleProperty, propId = 0x2140220b, data = {status: 2, int32Values: [0]}
12-30 11:20:09.270   398   464 I vw-vhal : CanSignalsAdapter::notifyVehicleProperty: solvedValue = {.timestamp = 9745092412826, .areaId = 0, .prop = 557851147, .status = AVAILABLE, .value = {.int32Values = [1]{0}, .floatValues = [0]{}, .int64Values = [0]{}, .bytes = [0]{}, .stringValue = ""}}
12-30 11:20:09.270   398   464 I VehiclePropertyStore: begin to write value to Store: {.timestamp = 9745092412826, .areaId = 0, .prop = 557851147, .status = AVAILABLE, .value = {.int32Values = [1]{0}, .floatValues = [0]{}, .int64Values = [0]{}, .bytes = [0]{}, .stringValue = ""}}
12-30 11:20:09.270   398   464 I DefaultVehicleHal_v2_0: DefaultVehicleHal::onPropertyValue, value:{.timestamp = 9745092412826, .areaId = 0, .prop = 557851147, .status = AVAILABLE, .value = {.int32Values = [1]{0}, .floatValues = [0]{}, .int64Values = [0]{}, .bytes = [0]{}, .stringValue = ""}}
12-30 11:20:09.270   398   464 D DiagPropHandler: is not DiagnosticConfig: 0x2140220b
12-30 11:20:09.270   398   464 I VehiclePropertyStore: begin to write value to Store: {.timestamp = 9745092412826, .areaId = 0, .prop = 557851147, .status = AVAILABLE, .value = {.int32Values = [1]{0}, .floatValues = [0]{}, .int64Values = [0]{}, .bytes = [0]{}, .stringValue = ""}}
12-30 11:20:09.270   398   464 D adayocomadapter-CommunicationManager: onUpstreamReceive mPropertyId 0x2140220b
12-30 11:20:09.291  1667  2410 I media_message_log->MediaMessageUserProxy: (SourceFile:1)b connectToService action bind
12-30 11:20:09.291   916  5915 W ActivityManager: Unable to start service Intent { cmp=com.adayo.server.mediamessagetransfer/.MediaMessTransferService (has extras) } U=0: not found
12-30 11:20:09.292  1667  2410 E media_message_log->MediaMessageUserProxy: (SourceFile:7)a bindServiceAsUser isBound = false
12-30 11:20:09.294   360   931 D EvsDriver: forwardFrame
12-30 11:20:09.294   360   931 D EvsDriver: forwardFrameDirect
12-30 11:20:09.294   360   931 D EvsDriver: Delivered 0xb400e2ca9e40e110 as id 0
12-30 11:20:09.294   359  2784 D evsmanagerd: /dev/video-evs0 forwarded the buffer #0 to 0xb400f125d2b26dd0 from 0xb400f125e2b20710
12-30 11:20:09.302   596  3076 E WifiHAL : Invalid data received from driver
12-30 11:20:09.302   596  3076 E WifiHAL : Invalid data received from driver
12-30 11:20:09.304   360   458 D EvsDriver: doneWithFrame
12-30 11:20:09.312  2358  2623 D RcfController: Rcf proxy is not connected!
12-30 11:20:09.321  1582  3078 I c       : checkService in back thread add: adayo.upgrade.v2.0
12-30 11:20:09.321  1582  3078 E upgradeApp_251223_V1  l: d(null:11)pre->c(null:23)-> serviceBinder is null
12-30 11:20:09.321  1582  3078 W c       : doBindService in back thread fail: adayo.upgrade.v2.0
12-30 11:20:09.327   360   931 D EvsDriver: forwardFrame
12-30 11:20:09.327   360   931 D EvsDriver: forwardFrameDirect
12-30 11:20:09.327   360   931 D EvsDriver: Delivered 0xb400e2ca9e40c7a0 as id 1
12-30 11:20:09.327   359  2784 D evsmanagerd: /dev/video-evs0 forwarded the buffer #1 to 0xb400f125d2b26dd0 from 0xb400f125e2b20710
12-30 11:20:09.335   360   458 D EvsDriver: doneWithFrame
12-30 11:20:09.336   596  3076 E WifiHAL : Invalid data received from driver
12-30 11:20:09.339  1667  2513 W ContextImpl: Calling a method in the system process without a qualified user: android.app.ContextImpl.bindService:1988 android.content.ContextWrapper.bindService:861 com.ford.sync.fnvservice.analytics.AnalyticsManager$RetryHandler.a:126 com.ford.sync.fnvservice.analytics.AnalyticsManager$RetryHandler.handleMessage:103 android.os.Handler.dispatchMessage:106 
12-30 11:20:09.340   916  5915 W ActivityManager: Unable to start service Intent { cmp=com.ford.sync.fnvservice/.analytics.AnalyticsService } U=0: not found
12-30 11:20:09.341   596  3076 E WifiHAL : Invalid data received from driver
12-30 11:20:09.341  1667  2513 W AnalyticsManager:  bind ford Analytics failed -> sendRetryMessage 
12-30 11:20:09.361   360   931 D EvsDriver: forwardFrame
12-30 11:20:09.361   360   931 D EvsDriver: forwardFrameDirect
12-30 11:20:09.361   360   931 D EvsDriver: Delivered 0xb400e2ca9e40e270 as id 0
12-30 11:20:09.361   359  2784 D evsmanagerd: /dev/video-evs0 forwarded the buffer #0 to 0xb400f125d2b26dd0 from 0xb400f125e2b20710
12-30 11:20:09.363  2358  2623 D RcfController: Rcf proxy is not connected!
12-30 11:20:09.365   360   458 D EvsDriver: doneWithFrame
12-30 11:20:09.376   596  3076 E WifiHAL : Invalid data received from driver
12-30 11:20:09.394   360   931 D EvsDriver: forwardFrame
12-30 11:20:09.394   360   931 D EvsDriver: forwardFrameDirect
12-30 11:20:09.394   360   931 D EvsDriver: Delivered 0xb400e2ca9e40d4b0 as id 1
12-30 11:20:09.394   359  2784 D evsmanagerd: /dev/video-evs0 forwarded the buffer #1 to 0xb400f125d2b26dd0 from 0xb400f125e2b20710
12-30 11:20:09.396   360   458 D EvsDriver: doneWithFrame
12-30 11:20:09.409   650   729 D fgemcucomm: sd Uart data : 6AA60230080002920230
12-30 11:20:09.409   650   729 D fgemcucomm: rev uart=80488,len=15, data : 6AA6813008000792020002000000AA
12-30 11:20:09.409   398   466 D adayocomadapter-ParseProtocolFunc: printRaWMsg Name[MCUToUPstream recv] len[7] data[92020002000000]
12-30 11:20:09.409   398   466 D adayocomadapter-CommunicationManager: onUpstreamback   member[0] dataLength[4] timePoint[9745231]
12-30 11:20:09.409   398   466 D adayocomadapter-ParseProtocolFunc: printRaWMsg Name[onUpstreamback] len[4] data[02000000]
12-30 11:20:09.410   398   464 D adayocomadapter-UpstreamHandler: processBeforePacket upSreamtProcessTimePoint[9745231] 
12-30 11:20:09.410   398   464 D adayocomadapter-UpstreamHandler: processPacket UPSTREAM_QUEUE_DATA_TIMEOUT
12-30 11:20:09.410   398   464 D adayocomadapter-ParseProtocolFunc: parseCommonIPCLBytes Processing tableNumber[2]
12-30 11:20:09.410   398   464 D adayocomadapter-ParseProtocolFunc: parseCommonIPCLBytes Processing tablename[Table-2] tableSize[4]
12-30 11:20:09.410   398   464 D adayocomadapter-ParseProtocolFunc: printRaWMsg Name[byteStream recv] len[4] data[02000000]
12-30 11:20:09.410   398   464 D adayocomadapter-ParseProtocolFunc: printRaWMsg Name[IPCLtoVHAL] len[6] data[214020490000]
12-30 11:20:09.410   398   464 D adayocomadapter-ParseProtocolFunc: printRaWMsg Name[IPCLtoVHAL] len[6] data[214021A20000]
12-30 11:20:09.410   398   464 D adayocomadapter-ParseProtocolFunc: printRaWMsg Name[IPCLtoVHAL] len[6] data[214020EA0000]
12-30 11:20:09.410   398   464 D adayocomadapter-CommunicationManager: onUpstreamReceive mPropertyId 0x21402049
12-30 11:20:09.410   398   464 D adayocomadapter-CommunicationManager: convertBytesToInt32Memcpy  0
12-30 11:20:09.410   398   464 I vw-vhal : notifyVehicleProperty, propId = 0x21402049, data = {status: 2, int32Values: [0]}
12-30 11:20:09.410   398   464 I vw-vhal : CanSignalsAdapter::notifyVehicleProperty: solvedValue = {.timestamp = 9745232692159, .areaId = 0, .prop = 557850697, .status = AVAILABLE, .value = {.int32Values = [1]{0}, .floatValues = [0]{}, .int64Values = [0]{}, .bytes = [0]{}, .stringValue = ""}}
12-30 11:20:09.410   398   464 I VehiclePropertyStore: begin to write value to Store: {.timestamp = 9745232692159, .areaId = 0, .prop = 557850697, .status = AVAILABLE, .value = {.int32Values = [1]{0}, .floatValues = [0]{}, .int64Values = [0]{}, .bytes = [0]{}, .stringValue = ""}}
12-30 11:20:09.411   398   464 I DefaultVehicleHal_v2_0: DefaultVehicleHal::onPropertyValue, value:{.timestamp = 9745232692159, .areaId = 0, .prop = 557850697, .status = AVAILABLE, .value = {.int32Values = [1]{0}, .floatValues = [0]{}, .int64Values = [0]{}, .bytes = [0]{}, .stringValue = ""}}
12-30 11:20:09.411   398   464 D DiagPropHandler: is not DiagnosticConfig: 0x21402049
12-30 11:20:09.411   398   464 I VehiclePropertyStore: begin to write value to Store: {.timestamp = 9745232692159, .areaId = 0, .prop = 557850697, .status = AVAILABLE, .value = {.int32Values = [1]{0}, .floatValues = [0]{}, .int64Values = [0]{}, .bytes = [0]{}, .stringValue = ""}}
12-30 11:20:09.411   398   464 D adayocomadapter-CommunicationManager: onUpstreamReceive mPropertyId 0x21402049
12-30 11:20:09.411   398   464 D adayocomadapter-CommunicationManager: onUpstreamReceive mPropertyId 0x214021a2
12-30 11:20:09.411   398   464 D adayocomadapter-CommunicationManager: convertBytesToInt32Memcpy  0
12-30 11:20:09.411   398   464 I vw-vhal : notifyVehicleProperty, propId = 0x214021a2, data = {status: 2, int32Values: [0]}
12-30 11:20:09.411   398   464 I vw-vhal : CanSignalsAdapter::notifyVehicleProperty: solvedValue = {.timestamp = 9745233418159, .areaId = 0, .prop = 557851042, .status = AVAILABLE, .value = {.int32Values = [1]{0}, .floatValues = [0]{}, .int64Values = [0]{}, .bytes = [0]{}, .stringValue = ""}}
12-30 11:20:09.411   398   464 I VehiclePropertyStore: begin to write value to Store: {.timestamp = 9745233418159, .areaId = 0, .prop = 557851042, .status = AVAILABLE, .value = {.int32Values = [1]{0}, .floatValues = [0]{}, .int64Values = [0]{}, .bytes = [0]{}, .stringValue = ""}}
12-30 11:20:09.411   398   464 I DefaultVehicleHal_v2_0: DefaultVehicleHal::onPropertyValue, value:{.timestamp = 9745233418159, .areaId = 0, .prop = 557851042, .status = AVAILABLE, .value = {.int32Values = [1]{0}, .floatValues = [0]{}, .int64Values = [0]{}, .bytes = [0]{}, .stringValue = ""}}
12-30 11:20:09.411   398   464 D DiagPropHandler: is not DiagnosticConfig: 0x214021a2
12-30 11:20:09.411   398   464 I VehiclePropertyStore: begin to write value to Store: {.timestamp = 9745233418159, .areaId = 0, .prop = 557851042, .status = AVAILABLE, .value = {.int32Values = [1]{0}, .floatValues = [0]{}, .int64Values = [0]{}, .bytes = [0]{}, .stringValue = ""}}
12-30 11:20:09.411   398   464 D adayocomadapter-CommunicationManager: onUpstreamReceive mPropertyId 0x214021a2
12-30 11:20:09.412   398   464 D adayocomadapter-CommunicationManager: onUpstreamReceive mPropertyId 0x214020ea
12-30 11:20:09.412   398   464 D adayocomadapter-CommunicationManager: convertBytesToInt32Memcpy  0
12-30 11:20:09.412   398   464 I vw-vhal : notifyVehicleProperty, propId = 0x214020ea, data = {status: 2, int32Values: [0]}
12-30 11:20:09.412   398   464 I vw-vhal : CanSignalsAdapter::notifyVehicleProperty: solvedValue = {.timestamp = 9745234064159, .areaId = 0, .prop = 557850858, .status = AVAILABLE, .value = {.int32Values = [1]{0}, .floatValues = [0]{}, .int64Values = [0]{}, .bytes = [0]{}, .stringValue = ""}}
12-30 11:20:09.412   398   464 I VehiclePropertyStore: begin to write value to Store: {.timestamp = 9745234064159, .areaId = 0, .prop = 557850858, .status = AVAILABLE, .value = {.int32Values = [1]{0}, .floatValues = [0]{}, .int64Values = [0]{}, .bytes = [0]{}, .stringValue = ""}}
12-30 11:20:09.412   398   464 I DefaultVehicleHal_v2_0: DefaultVehicleHal::onPropertyValue, value:{.timestamp = 9745234064159, .areaId = 0, .prop = 557850858, .status = AVAILABLE, .value = {.int32Values = [1]{0}, .floatValues = [0]{}, .int64Values = [0]{}, .bytes = [0]{}, .stringValue = ""}}
12-30 11:20:09.412   398   464 D DiagPropHandler: is not DiagnosticConfig: 0x214020ea
12-30 11:20:09.412   398   464 I VehiclePropertyStore: begin to write value to Store: {.timestamp = 9745234064159, .areaId = 0, .prop = 557850858, .status = AVAILABLE, .value = {.int32Values = [1]{0}, .floatValues = [0]{}, .int64Values = [0]{}, .bytes = [0]{}, .stringValue = ""}}
12-30 11:20:09.412   398   464 D adayocomadapter-CommunicationManager: onUpstreamReceive mPropertyId 0x214020ea
12-30 11:20:09.413  2358  2623 D RcfController: Rcf proxy is not connected!
12-30 11:20:09.427   360   931 D EvsDriver: forwardFrame
12-30 11:20:09.427   360   931 D EvsDriver: forwardFrameDirect
12-30 11:20:09.428   360   931 D EvsDriver: Delivered 0xb400e2ca9e40c2d0 as id 0
12-30 11:20:09.428   359  2784 D evsmanagerd: /dev/video-evs0 forwarded the buffer #0 to 0xb400f125d2b26dd0 from 0xb400f125e2b20710
12-30 11:20:09.436   360   458 D EvsDriver: doneWithFrame
12-30 11:20:09.460   596  3076 E WifiHAL : Invalid data received from driver
12-30 11:20:09.461   360   931 D EvsDriver: forwardFrame
12-30 11:20:09.461   360   931 D EvsDriver: forwardFrameDirect
12-30 11:20:09.461   360   931 D EvsDriver: Delivered 0xb400e2ca9e40d090 as id 1
12-30 11:20:09.461   359  2784 D evsmanagerd: /dev/video-evs0 forwarded the buffer #1 to 0xb400f125d2b26dd0 from 0xb400f125e2b20710
12-30 11:20:09.463  2358  2623 D RcfController: Rcf proxy is not connected!
12-30 11:20:09.466   360   458 D EvsDriver: doneWithFrame
12-30 11:20:09.484   665  1525 I gps_hdbd: [gps_upgrade_thread 3403]Enter
12-30 11:20:09.484   665  1525 I gps_hdbd: [gps_upgrade_thread 3432] sys.gps.update:0 ,file:not ,upgrate_ing:0
12-30 11:20:09.494   360   931 D EvsDriver: forwardFrame
12-30 11:20:09.494   360   931 D EvsDriver: forwardFrameDirect
12-30 11:20:09.494   360   931 D EvsDriver: Delivered 0xb400e2ca9e40e110 as id 0
12-30 11:20:09.494   359  2784 D evsmanagerd: /dev/video-evs0 forwarded the buffer #0 to 0xb400f125d2b26dd0 from 0xb400f125e2b20710
12-30 11:20:09.497   360   458 D EvsDriver: doneWithFrame
12-30 11:20:09.514  2358  2623 D RcfController: Rcf proxy is not connected!
12-30 11:20:09.527   360   931 D EvsDriver: forwardFrame
12-30 11:20:09.527   360   931 D EvsDriver: forwardFrameDirect
12-30 11:20:09.528   360   931 D EvsDriver: Delivered 0xb400e2ca9e40c7a0 as id 1
12-30 11:20:09.528   359  2784 D evsmanagerd: /dev/video-evs0 forwarded the buffer #1 to 0xb400f125d2b26dd0 from 0xb400f125e2b20710
12-30 11:20:09.537   360   458 D EvsDriver: doneWithFrame
12-30 11:20:09.543   596  3076 E WifiHAL : Invalid data received from driver
12-30 11:20:09.549   596  3076 E WifiHAL : Invalid data received from driver
12-30 11:20:09.549   596  3076 E WifiHAL : Invalid data received from driver
12-30 11:20:09.549   596  3076 E WifiHAL : Invalid data received from driver
12-30 11:20:09.549   596  3076 E WifiHAL : Invalid data received from driver
12-30 11:20:09.549   596  3076 E WifiHAL : Invalid data received from driver
12-30 11:20:09.549   596  3076 E WifiHAL : Invalid data received from driver
12-30 11:20:09.550   596  3076 E WifiHAL : Invalid data received from driver
12-30 11:20:09.561   360   931 D EvsDriver: forwardFrame
12-30 11:20:09.561   360   931 D EvsDriver: forwardFrameDirect
12-30 11:20:09.561   360   931 D EvsDriver: Delivered 0xb400e2ca9e40e270 as id 0
12-30 11:20:09.561   359  2784 D evsmanagerd: /dev/video-evs0 forwarded the buffer #0 to 0xb400f125d2b26dd0 from 0xb400f125e2b20710
12-30 11:20:09.564  2358  2623 D RcfController: Rcf proxy is not connected!
12-30 11:20:09.568   360   458 D EvsDriver: doneWithFrame
12-30 11:20:09.577   657   908 D EvsApp  : state:255,subState:255,desiredState:0,subDesiredState:0
12-30 11:20:09.594   360   931 D EvsDriver: forwardFrame
12-30 11:20:09.594   360   931 D EvsDriver: forwardFrameDirect
12-30 11:20:09.594   360   931 D EvsDriver: Delivered 0xb400e2ca9e40d4b0 as id 1
12-30 11:20:09.594   359  2784 D evsmanagerd: /dev/video-evs0 forwarded the buffer #1 to 0xb400f125d2b26dd0 from 0xb400f125e2b20710
12-30 11:20:09.598   360   458 D EvsDriver: doneWithFrame
12-30 11:20:09.602   596  3076 E WifiHAL : Invalid data received from driver
12-30 11:20:09.614  2358  2623 D RcfController: Rcf proxy is not connected!
12-30 11:20:09.627   360   931 D EvsDriver: forwardFrame
12-30 11:20:09.627   360   931 D EvsDriver: forwardFrameDirect
12-30 11:20:09.628   360   931 D EvsDriver: Delivered 0xb400e2ca9e40c2d0 as id 0
12-30 11:20:09.628   359  2784 D evsmanagerd: /dev/video-evs0 forwarded the buffer #0 to 0xb400f125d2b26dd0 from 0xb400f125e2b20710
12-30 11:20:09.638   360   458 D EvsDriver: doneWithFrame
12-30 11:20:09.661   360   931 D EvsDriver: forwardFrame
12-30 11:20:09.661   360   931 D EvsDriver: forwardFrameDirect
12-30 11:20:09.661   360   931 D EvsDriver: Delivered 0xb400e2ca9e40d090 as id 1
12-30 11:20:09.661   359  2784 D evsmanagerd: /dev/video-evs0 forwarded the buffer #1 to 0xb400f125d2b26dd0 from 0xb400f125e2b20710
12-30 11:20:09.664  2358  2623 D RcfController: Rcf proxy is not connected!
12-30 11:20:09.669   360   458 D EvsDriver: doneWithFrame
12-30 11:20:09.670   596  3076 E WifiHAL : Invalid data received from driver
12-30 11:20:09.694   360   931 D EvsDriver: forwardFrame
12-30 11:20:09.694   360   931 D EvsDriver: forwardFrameDirect
12-30 11:20:09.694   360   931 D EvsDriver: Delivered 0xb400e2ca9e40e110 as id 0
12-30 11:20:09.694   359  2784 D evsmanagerd: /dev/video-evs0 forwarded the buffer #0 to 0xb400f125d2b26dd0 from 0xb400f125e2b20710
12-30 11:20:09.699   360   458 D EvsDriver: doneWithFrame
12-30 11:20:09.715  2358  2623 D RcfController: Rcf proxy is not connected!
12-30 11:20:09.727   360   931 D EvsDriver: forwardFrame
12-30 11:20:09.727   360   931 D EvsDriver: forwardFrameDirect
12-30 11:20:09.728   360   931 D EvsDriver: Delivered 0xb400e2ca9e40c7a0 as id 1
12-30 11:20:09.728   359  2784 D evsmanagerd: /dev/video-evs0 forwarded the buffer #1 to 0xb400f125d2b26dd0 from 0xb400f125e2b20710
12-30 11:20:09.729   360   458 D EvsDriver: doneWithFrame
12-30 11:20:09.743   596  3076 E WifiHAL : Invalid data received from driver
12-30 11:20:09.761   360   931 D EvsDriver: forwardFrame
12-30 11:20:09.761   360   931 D EvsDriver: forwardFrameDirect
12-30 11:20:09.761   360   931 D EvsDriver: Delivered 0xb400e2ca9e40e270 as id 0
12-30 11:20:09.761   359  2784 D evsmanagerd: /dev/video-evs0 forwarded the buffer #0 to 0xb400f125d2b26dd0 from 0xb400f125e2b20710
12-30 11:20:09.765  2358  2623 D RcfController: Rcf proxy is not connected!
12-30 11:20:09.770   360   458 D EvsDriver: doneWithFrame
12-30 11:20:09.786   596  3076 E WifiHAL : Invalid data received from driver
12-30 11:20:09.794   360   931 D EvsDriver: forwardFrame
12-30 11:20:09.794   360   931 D EvsDriver: forwardFrameDirect
12-30 11:20:09.794   360   931 D EvsDriver: Delivered 0xb400e2ca9e40d4b0 as id 1
12-30 11:20:09.794   359  2784 D evsmanagerd: /dev/video-evs0 forwarded the buffer #1 to 0xb400f125d2b26dd0 from 0xb400f125e2b20710
12-30 11:20:09.800   360   458 D EvsDriver: doneWithFrame
12-30 11:20:09.815  2358  2623 D RcfController: Rcf proxy is not connected!
12-30 11:20:09.827   360   931 D EvsDriver: forwardFrame
12-30 11:20:09.827   360   931 D EvsDriver: forwardFrameDirect
12-30 11:20:09.828   360   931 D EvsDriver: Delivered 0xb400e2ca9e40c2d0 as id 0
12-30 11:20:09.828   359  2784 D evsmanagerd: /dev/video-evs0 forwarded the buffer #0 to 0xb400f125d2b26dd0 from 0xb400f125e2b20710
12-30 11:20:09.831   360   458 D EvsDriver: doneWithFrame
12-30 11:20:09.844   798 16361 W adbd    : timed out while waiting for FUNCTIONFS_BIND, trying again
12-30 11:20:09.845   798 16361 I adbd    : UsbFfs: connection terminated: monitor thread finished
12-30 11:20:09.845   798   798 I adbd    : UsbFfs: already offline
