12-30 11:20:01.176   398   464 I vw-vhal : CanSignalsAdapter::notifyVehicleProperty: solvedValue = {.timestamp = 9736998329825, .areaId = 0, .prop = 557850711, .status = AVAILABLE, .value = {.int32Values = [1]{0}, .floatValues = [0]{}, .int64Values = [0]{}, .bytes = [0]{}, .stringValue = ""}}
12-30 11:20:01.176   398   464 I VehiclePropertyStore: begin to write value to Store: {.timestamp = 9736998329825, .areaId = 0, .prop = 557850711, .status = AVAILABLE, .value = {.int32Values = [1]{0}, .floatValues = [0]{}, .int64Values = [0]{}, .bytes = [0]{}, .stringValue = ""}}
12-30 11:20:01.176   398   464 I DefaultVehicleHal_v2_0: DefaultVehicleHal::onPropertyValue, value:{.timestamp = 9736998329825, .areaId = 0, .prop = 557850711, .status = AVAILABLE, .value = {.int32Values = [1]{0}, .floatValues = [0]{}, .int64Values = [0]{}, .bytes = [0]{}, .stringValue = ""}}
12-30 11:20:01.176   398   464 D DiagPropHandler: is not DiagnosticConfig: 0x21402057
12-30 11:20:01.176   398   464 I VehiclePropertyStore: begin to write value to Store: {.timestamp = 9736998329825, .areaId = 0, .prop = 557850711, .status = AVAILABLE, .value = {.int32Values = [1]{0}, .floatValues = [0]{}, .int64Values = [0]{}, .bytes = [0]{}, .stringValue = ""}}
12-30 11:20:01.176   398   464 D adayocomadapter-CommunicationManager: onUpstreamReceive mPropertyId 0x21402057
12-30 11:20:01.176   398   464 D adayocomadapter-CommunicationManager: onUpstreamReceive mPropertyId 0x21402058
12-30 11:20:01.176   398   464 D adayocomadapter-CommunicationManager: convertBytesToInt32Memcpy  0
12-30 11:20:01.176   398   464 I vw-vhal : notifyVehicleProperty, propId = 0x21402058, data = {status: 2, int32Values: [0]}
12-30 11:20:01.176   398   464 I vw-vhal : CanSignalsAdapter::notifyVehicleProperty: solvedValue = {.timestamp = 9736998527492, .areaId = 0, .prop = 557850712, .status = AVAILABLE, .value = {.int32Values = [1]{0}, .floatValues = [0]{}, .int64Values = [0]{}, .bytes = [0]{}, .stringValue = ""}}
12-30 11:20:01.176   398   464 I VehiclePropertyStore: begin to write value to Store: {.timestamp = 9736998527492, .areaId = 0, .prop = 557850712, .status = AVAILABLE, .value = {.int32Values = [1]{0}, .floatValues = [0]{}, .int64Values = [0]{}, .bytes = [0]{}, .stringValue = ""}}
12-30 11:20:01.176   398   464 I DefaultVehicleHal_v2_0: DefaultVehicleHal::onPropertyValue, value:{.timestamp = 9736998527492, .areaId = 0, .prop = 557850712, .status = AVAILABLE, .value = {.int32Values = [1]{0}, .floatValues = [0]{}, .int64Values = [0]{}, .bytes = [0]{}, .stringValue = ""}}
12-30 11:20:01.176   398   464 D DiagPropHandler: is not DiagnosticConfig: 0x21402058
12-30 11:20:01.176   398   464 I VehiclePropertyStore: begin to write value to Store: {.timestamp = 9736998527492, .areaId = 0, .prop = 557850712, .status = AVAILABLE, .value = {.int32Values = [1]{0}, .floatValues = [0]{}, .int64Values = [0]{}, .bytes = [0]{}, .stringValue = ""}}
12-30 11:20:01.176   398   464 D adayocomadapter-CommunicationManager: onUpstreamReceive mPropertyId 0x21402058
12-30 11:20:01.176   398   464 D adayocomadapter-CommunicationManager: onUpstreamReceive mPropertyId 0x2140205a
12-30 11:20:01.176   398   464 D adayocomadapter-CommunicationManager: convertBytesToInt32Memcpy  0
12-30 11:20:01.176   398   464 I vw-vhal : notifyVehicleProperty, propId = 0x2140205a, data = {status: 2, int32Values: [0]}
12-30 11:20:01.176   398   464 I vw-vhal : CanSignalsAdapter::notifyVehicleProperty: solvedValue = {.timestamp = 9736998722492, .areaId = 0, .prop = 557850714, .status = AVAILABLE, .value = {.int32Values = [1]{0}, .floatValues = [0]{}, .int64Values = [0]{}, .bytes = [0]{}, .stringValue = ""}}
12-30 11:20:01.176   398   464 I VehiclePropertyStore: begin to write value to Store: {.timestamp = 9736998722492, .areaId = 0, .prop = 557850714, .status = AVAILABLE, .value = {.int32Values = [1]{0}, .floatValues = [0]{}, .int64Values = [0]{}, .bytes = [0]{}, .stringValue = ""}}
12-30 11:20:01.176   398   464 I DefaultVehicleHal_v2_0: DefaultVehicleHal::onPropertyValue, value:{.timestamp = 9736998722492, .areaId = 0, .prop = 557850714, .status = AVAILABLE, .value = {.int32Values = [1]{0}, .floatValues = [0]{}, .int64Values = [0]{}, .bytes = [0]{}, .stringValue = ""}}
12-30 11:20:01.176   398   464 D DiagPropHandler: is not DiagnosticConfig: 0x2140205a
12-30 11:20:01.176   398   464 I VehiclePropertyStore: begin to write value to Store: {.timestamp = 9736998722492, .areaId = 0, .prop = 557850714, .status = AVAILABLE, .value = {.int32Values = [1]{0}, .floatValues = [0]{}, .int64Values = [0]{}, .bytes = [0]{}, .stringValue = ""}}
12-30 11:20:01.176   398   464 D adayocomadapter-CommunicationManager: onUpstreamReceive mPropertyId 0x2140205a
12-30 11:20:01.177   398   464 D adayocomadapter-CommunicationManager: onUpstreamReceive mPropertyId 0x2140205b
12-30 11:20:01.177   398   464 D adayocomadapter-CommunicationManager: convertBytesToInt32Memcpy  0
12-30 11:20:01.177   398   464 I vw-vhal : notifyVehicleProperty, propId = 0x2140205b, data = {status: 2, int32Values: [0]}
12-30 11:20:01.177   398   464 I vw-vhal : CanSignalsAdapter::notifyVehicleProperty: solvedValue = {.timestamp = 9736998911158, .areaId = 0, .prop = 557850715, .status = AVAILABLE, .value = {.int32Values = [1]{0}, .floatValues = [0]{}, .int64Values = [0]{}, .bytes = [0]{}, .stringValue = ""}}
12-30 11:20:01.177   398   464 I VehiclePropertyStore: begin to write value to Store: {.timestamp = 9736998911158, .areaId = 0, .prop = 557850715, .status = AVAILABLE, .value = {.int32Values = [1]{0}, .floatValues = [0]{}, .int64Values = [0]{}, .bytes = [0]{}, .stringValue = ""}}
12-30 11:20:01.177   398   464 I DefaultVehicleHal_v2_0: DefaultVehicleHal::onPropertyValue, value:{.timestamp = 9736998911158, .areaId = 0, .prop = 557850715, .status = AVAILABLE, .value = {.int32Values = [1]{0}, .floatValues = [0]{}, .int64Values = [0]{}, .bytes = [0]{}, .stringValue = ""}}
12-30 11:20:01.177   398   464 D DiagPropHandler: is not DiagnosticConfig: 0x2140205b
12-30 11:20:01.177   398   464 I VehiclePropertyStore: begin to write value to Store: {.timestamp = 9736998911158, .areaId = 0, .prop = 557850715, .status = AVAILABLE, .value = {.int32Values = [1]{0}, .floatValues = [0]{}, .int64Values = [0]{}, .bytes = [0]{}, .stringValue = ""}}
12-30 11:20:01.177   398   464 D adayocomadapter-CommunicationManager: onUpstreamReceive mPropertyId 0x2140205b
12-30 11:20:01.177   398   464 D adayocomadapter-CommunicationManager: onUpstreamReceive mPropertyId 0x2140205c
12-30 11:20:01.177   398   464 D adayocomadapter-CommunicationManager: convertBytesToInt32Memcpy  0
12-30 11:20:01.177   398   464 I vw-vhal : notifyVehicleProperty, propId = 0x2140205c, data = {status: 2, int32Values: [0]}
12-30 11:20:01.177   398   464 I vw-vhal : CanSignalsAdapter::notifyVehicleProperty: solvedValue = {.timestamp = 9736999113492, .areaId = 0, .prop = 557850716, .status = AVAILABLE, .value = {.int32Values = [1]{0}, .floatValues = [0]{}, .int64Values = [0]{}, .bytes = [0]{}, .stringValue = ""}}
12-30 11:20:01.177   398   464 I VehiclePropertyStore: begin to write value to Store: {.timestamp = 9736999113492, .areaId = 0, .prop = 557850716, .status = AVAILABLE, .value = {.int32Values = [1]{0}, .floatValues = [0]{}, .int64Values = [0]{}, .bytes = [0]{}, .stringValue = ""}}
12-30 11:20:01.177   398   464 I DefaultVehicleHal_v2_0: DefaultVehicleHal::onPropertyValue, value:{.timestamp = 9736999113492, .areaId = 0, .prop = 557850716, .status = AVAILABLE, .value = {.int32Values = [1]{0}, .floatValues = [0]{}, .int64Values = [0]{}, .bytes = [0]{}, .stringValue = ""}}
12-30 11:20:01.177   398   464 D DiagPropHandler: is not DiagnosticConfig: 0x2140205c
12-30 11:20:01.177   398   464 I VehiclePropertyStore: begin to write value to Store: {.timestamp = 9736999113492, .areaId = 0, .prop = 557850716, .status = AVAILABLE, .value = {.int32Values = [1]{0}, .floatValues = [0]{}, .int64Values = [0]{}, .bytes = [0]{}, .stringValue = ""}}
12-30 11:20:01.177   398   464 D adayocomadapter-CommunicationManager: onUpstreamReceive mPropertyId 0x2140205c
12-30 11:20:01.177   398   464 D adayocomadapter-CommunicationManager: onUpstreamReceive mPropertyId 0x2140218e
12-30 11:20:01.177   398   464 D adayocomadapter-CommunicationManager: convertBytesToInt32Memcpy  0
12-30 11:20:01.177   398   464 I vw-vhal : notifyVehicleProperty, propId = 0x2140218e, data = {status: 2, int32Values: [0]}
12-30 11:20:01.177   398   464 I vw-vhal : CanSignalsAdapter::notifyVehicleProperty: solvedValue = {.timestamp = 9736999305492, .areaId = 0, .prop = 557851022, .status = AVAILABLE, .value = {.int32Values = [1]{0}, .floatValues = [0]{}, .int64Values = [0]{}, .bytes = [0]{}, .stringValue = ""}}
12-30 11:20:01.177   398   464 I VehiclePropertyStore: begin to write value to Store: {.timestamp = 9736999305492, .areaId = 0, .prop = 557851022, .status = AVAILABLE, .value = {.int32Values = [1]{0}, .floatValues = [0]{}, .int64Values = [0]{}, .bytes = [0]{}, .stringValue = ""}}
12-30 11:20:01.177   398   464 I DefaultVehicleHal_v2_0: DefaultVehicleHal::onPropertyValue, value:{.timestamp = 9736999305492, .areaId = 0, .prop = 557851022, .status = AVAILABLE, .value = {.int32Values = [1]{0}, .floatValues = [0]{}, .int64Values = [0]{}, .bytes = [0]{}, .stringValue = ""}}
12-30 11:20:01.177   398   464 D DiagPropHandler: is not DiagnosticConfig: 0x2140218e
12-30 11:20:01.177   398   464 I VehiclePropertyStore: begin to write value to Store: {.timestamp = 9736999305492, .areaId = 0, .prop = 557851022, .status = AVAILABLE, .value = {.int32Values = [1]{0}, .floatValues = [0]{}, .int64Values = [0]{}, .bytes = [0]{}, .stringValue = ""}}
12-30 11:20:01.177   398   464 D adayocomadapter-CommunicationManager: onUpstreamReceive mPropertyId 0x2140218e
12-30 11:20:01.177   398   464 D adayocomadapter-CommunicationManager: onUpstreamReceive mPropertyId 0x2140218f
12-30 11:20:01.177   398   464 D adayocomadapter-CommunicationManager: convertBytesToInt32Memcpy  0
12-30 11:20:01.177   398   464 I vw-vhal : notifyVehicleProperty, propId = 0x2140218f, data = {status: 2, int32Values: [0]}
12-30 11:20:01.177   398   464 I vw-vhal : CanSignalsAdapter::notifyVehicleProperty: solvedValue = {.timestamp = 9736999509825, .areaId = 0, .prop = 557851023, .status = AVAILABLE, .value = {.int32Values = [1]{0}, .floatValues = [0]{}, .int64Values = [0]{}, .bytes = [0]{}, .stringValue = ""}}
12-30 11:20:01.177   398   464 I VehiclePropertyStore: begin to write value to Store: {.timestamp = 9736999509825, .areaId = 0, .prop = 557851023, .status = AVAILABLE, .value = {.int32Values = [1]{0}, .floatValues = [0]{}, .int64Values = [0]{}, .bytes = [0]{}, .stringValue = ""}}
12-30 11:20:01.177   398   464 I DefaultVehicleHal_v2_0: DefaultVehicleHal::onPropertyValue, value:{.timestamp = 9736999509825, .areaId = 0, .prop = 557851023, .status = AVAILABLE, .value = {.int32Values = [1]{0}, .floatValues = [0]{}, .int64Values = [0]{}, .bytes = [0]{}, .stringValue = ""}}
12-30 11:20:01.177   398   464 D DiagPropHandler: is not DiagnosticConfig: 0x2140218f
12-30 11:20:01.177   398   464 I VehiclePropertyStore: begin to write value to Store: {.timestamp = 9736999509825, .areaId = 0, .prop = 557851023, .status = AVAILABLE, .value = {.int32Values = [1]{0}, .floatValues = [0]{}, .int64Values = [0]{}, .bytes = [0]{}, .stringValue = ""}}
12-30 11:20:01.177   398   464 D adayocomadapter-CommunicationManager: onUpstreamReceive mPropertyId 0x2140218f
12-30 11:20:01.177   398   464 D adayocomadapter-CommunicationManager: onUpstreamReceive mPropertyId 0x21402191
12-30 11:20:01.177   398   464 D adayocomadapter-CommunicationManager: convertBytesToInt32Memcpy  0
12-30 11:20:01.177   398   464 I vw-vhal : notifyVehicleProperty, propId = 0x21402191, data = {status: 2, int32Values: [0]}
12-30 11:20:01.177   398   464 I vw-vhal : CanSignalsAdapter::notifyVehicleProperty: solvedValue = {.timestamp = 9736999702492, .areaId = 0, .prop = 557851025, .status = AVAILABLE, .value = {.int32Values = [1]{0}, .floatValues = [0]{}, .int64Values = [0]{}, .bytes = [0]{}, .stringValue = ""}}
12-30 11:20:01.177   398   464 I VehiclePropertyStore: begin to write value to Store: {.timestamp = 9736999702492, .areaId = 0, .prop = 557851025, .status = AVAILABLE, .value = {.int32Values = [1]{0}, .floatValues = [0]{}, .int64Values = [0]{}, .bytes = [0]{}, .stringValue = ""}}
12-30 11:20:01.177   398   464 I DefaultVehicleHal_v2_0: DefaultVehicleHal::onPropertyValue, value:{.timestamp = 9736999702492, .areaId = 0, .prop = 557851025, .status = AVAILABLE, .value = {.int32Values = [1]{0}, .floatValues = [0]{}, .int64Values = [0]{}, .bytes = [0]{}, .stringValue = ""}}
12-30 11:20:01.177   398   464 D DiagPropHandler: is not DiagnosticConfig: 0x21402191
12-30 11:20:01.177   398   464 I VehiclePropertyStore: begin to write value to Store: {.timestamp = 9736999702492, .areaId = 0, .prop = 557851025, .status = AVAILABLE, .value = {.int32Values = [1]{0}, .floatValues = [0]{}, .int64Values = [0]{}, .bytes = [0]{}, .stringValue = ""}}
12-30 11:20:01.177   398   464 D adayocomadapter-CommunicationManager: onUpstreamReceive mPropertyId 0x21402191
12-30 11:20:01.177   398   464 D adayocomadapter-CommunicationManager: onUpstreamReceive mPropertyId 0x2140223d
12-30 11:20:01.178   398   464 D adayocomadapter-CommunicationManager: convertBytesToInt32Memcpy  0
12-30 11:20:01.178   398   464 I vw-vhal : notifyVehicleProperty, propId = 0x2140223d, data = {status: 2, int32Values: [0]}
12-30 11:20:01.178   398   464 I vw-vhal : CanSignalsAdapter::notifyVehicleProperty: solvedValue = {.timestamp = 9736999896825, .areaId = 0, .prop = 557851197, .status = AVAILABLE, .value = {.int32Values = [1]{0}, .floatValues = [0]{}, .int64Values = [0]{}, .bytes = [0]{}, .stringValue = ""}}
12-30 11:20:01.178   398   464 I VehiclePropertyStore: begin to write value to Store: {.timestamp = 9736999896825, .areaId = 0, .prop = 557851197, .status = AVAILABLE, .value = {.int32Values = [1]{0}, .floatValues = [0]{}, .int64Values = [0]{}, .bytes = [0]{}, .stringValue = ""}}
12-30 11:20:01.178   398   464 I DefaultVehicleHal_v2_0: DefaultVehicleHal::onPropertyValue, value:{.timestamp = 9736999896825, .areaId = 0, .prop = 557851197, .status = AVAILABLE, .value = {.int32Values = [1]{0}, .floatValues = [0]{}, .int64Values = [0]{}, .bytes = [0]{}, .stringValue = ""}}
12-30 11:20:01.178   398   464 D DiagPropHandler: is not DiagnosticConfig: 0x2140223d
12-30 11:20:01.178   398   464 I VehiclePropertyStore: begin to write value to Store: {.timestamp = 9736999896825, .areaId = 0, .prop = 557851197, .status = AVAILABLE, .value = {.int32Values = [1]{0}, .floatValues = [0]{}, .int64Values = [0]{}, .bytes = [0]{}, .stringValue = ""}}
12-30 11:20:01.178   398   464 D adayocomadapter-CommunicationManager: onUpstreamReceive mPropertyId 0x2140223d
12-30 11:20:01.181   596  3076 E WifiHAL : Invalid data received from driver
12-30 11:20:01.194   360   931 D EvsDriver: forwardFrame
12-30 11:20:01.194   360   931 D EvsDriver: forwardFrameDirect
12-30 11:20:01.194   360   931 D EvsDriver: Delivered 0xb400e2ca9e40d4b0 as id 1
12-30 11:20:01.194   359  2784 D evsmanagerd: /dev/video-evs0 forwarded the buffer #1 to 0xb400f125d2b26dd0 from 0xb400f125e2b20710
12-30 11:20:01.196   360   458 D EvsDriver: doneWithFrame
12-30 11:20:01.222  2358  2623 D RcfController: Rcf proxy is not connected!
12-30 11:20:01.227   360   931 D EvsDriver: forwardFrame
12-30 11:20:01.227   360   931 D EvsDriver: forwardFrameDirect
12-30 11:20:01.228   360   931 D EvsDriver: Delivered 0xb400e2ca9e40c2d0 as id 0
12-30 11:20:01.228   359  2784 D evsmanagerd: /dev/video-evs0 forwarded the buffer #0 to 0xb400f125d2b26dd0 from 0xb400f125e2b20710
12-30 11:20:01.236   360   458 D EvsDriver: doneWithFrame
12-30 11:20:01.246   682   821 W vendor.fawvw.hardware.persistenceservice: [RecoveryTBoxSomeIPClient::connectSomeIPServer] Waiting proxy available1...
12-30 11:20:01.254   596  3076 E WifiHAL : Invalid data received from driver
12-30 11:20:01.261   360   931 D EvsDriver: forwardFrame
12-30 11:20:01.261   360   931 D EvsDriver: forwardFrameDirect
12-30 11:20:01.261   360   931 D EvsDriver: Delivered 0xb400e2ca9e40d090 as id 1
12-30 11:20:01.261   359  2784 D evsmanagerd: /dev/video-evs0 forwarded the buffer #1 to 0xb400f125d2b26dd0 from 0xb400f125e2b20710
12-30 11:20:01.267   360   458 D EvsDriver: doneWithFrame
12-30 11:20:01.269  1667  2410 I media_message_log->MediaMessageUserProxy: (SourceFile:1)b connectToService action bind
12-30 11:20:01.269   916  1847 W ActivityManager: Unable to start service Intent { cmp=com.adayo.server.mediamessagetransfer/.MediaMessTransferService (has extras) } U=0: not found
12-30 11:20:01.270  1667  2410 E media_message_log->MediaMessageUserProxy: (SourceFile:7)a bindServiceAsUser isBound = false
12-30 11:20:01.272  2358  2623 D RcfController: Rcf proxy is not connected!
12-30 11:20:01.294   360   931 D EvsDriver: forwardFrame
12-30 11:20:01.294   360   931 D EvsDriver: forwardFrameDirect
12-30 11:20:01.294   360   931 D EvsDriver: Delivered 0xb400e2ca9e40e110 as id 0
12-30 11:20:01.294   359  2784 D evsmanagerd: /dev/video-evs0 forwarded the buffer #0 to 0xb400f125d2b26dd0 from 0xb400f125e2b20710
12-30 11:20:01.297   360   458 D EvsDriver: doneWithFrame
12-30 11:20:01.311  1582  3078 I c       : checkService in back thread add: adayo.upgrade.v2.0
12-30 11:20:01.312  1582  3078 E upgradeApp_251223_V1  l: d(null:11)pre->c(null:23)-> serviceBinder is null
12-30 11:20:01.312  1582  3078 W c       : doBindService in back thread fail: adayo.upgrade.v2.0
12-30 11:20:01.321  1667  2513 W ContextImpl: Calling a method in the system process without a qualified user: android.app.ContextImpl.bindService:1988 android.content.ContextWrapper.bindService:861 com.ford.sync.fnvservice.analytics.AnalyticsManager$RetryHandler.a:126 com.ford.sync.fnvservice.analytics.AnalyticsManager$RetryHandler.handleMessage:103 android.os.Handler.dispatchMessage:106 
12-30 11:20:01.322   916  1847 W ActivityManager: Unable to start service Intent { cmp=com.ford.sync.fnvservice/.analytics.AnalyticsService } U=0: not found
12-30 11:20:01.322  1667  2513 W AnalyticsManager:  bind ford Analytics failed -> sendRetryMessage 
12-30 11:20:01.322  2358  2623 D RcfController: Rcf proxy is not connected!
12-30 11:20:01.326   596  3076 E WifiHAL : Invalid data received from driver
12-30 11:20:01.327   360   931 D EvsDriver: forwardFrame
12-30 11:20:01.327   360   931 D EvsDriver: forwardFrameDirect
12-30 11:20:01.327   360   931 D EvsDriver: Delivered 0xb400e2ca9e40c7a0 as id 1
12-30 11:20:01.328   359  2784 D evsmanagerd: /dev/video-evs0 forwarded the buffer #1 to 0xb400f125d2b26dd0 from 0xb400f125e2b20710
12-30 11:20:01.337   360   458 D EvsDriver: doneWithFrame
12-30 11:20:01.361   360   931 D EvsDriver: forwardFrame
12-30 11:20:01.361   360   931 D EvsDriver: forwardFrameDirect
12-30 11:20:01.361   360   931 D EvsDriver: Delivered 0xb400e2ca9e40e270 as id 0
12-30 11:20:01.361   359  2784 D evsmanagerd: /dev/video-evs0 forwarded the buffer #0 to 0xb400f125d2b26dd0 from 0xb400f125e2b20710
12-30 11:20:01.368   360   458 D EvsDriver: doneWithFrame
12-30 11:20:01.372  2358  2623 D RcfController: Rcf proxy is not connected!
12-30 11:20:01.375   596  3076 E WifiHAL : Invalid data received from driver
12-30 11:20:01.394   360   931 D EvsDriver: forwardFrame
12-30 11:20:01.394   360   931 D EvsDriver: forwardFrameDirect
12-30 11:20:01.394   360   931 D EvsDriver: Delivered 0xb400e2ca9e40d4b0 as id 1
12-30 11:20:01.394   359  2784 D evsmanagerd: /dev/video-evs0 forwarded the buffer #1 to 0xb400f125d2b26dd0 from 0xb400f125e2b20710
12-30 11:20:01.398   360   458 D EvsDriver: doneWithFrame
12-30 11:20:01.423  2358  2623 D RcfController: Rcf proxy is not connected!
12-30 11:20:01.427   360   931 D EvsDriver: forwardFrame
12-30 11:20:01.427   360   931 D EvsDriver: forwardFrameDirect
12-30 11:20:01.428   360   931 D EvsDriver: Delivered 0xb400e2ca9e40c2d0 as id 0
12-30 11:20:01.428   359  2784 D evsmanagerd: /dev/video-evs0 forwarded the buffer #0 to 0xb400f125d2b26dd0 from 0xb400f125e2b20710
12-30 11:20:01.438   360   458 D EvsDriver: doneWithFrame
12-30 11:20:01.449   596  3076 E WifiHAL : Invalid data received from driver
12-30 11:20:01.456   798 16272 W adbd    : timed out while waiting for FUNCTIONFS_BIND, trying again
12-30 11:20:01.456   798 16272 I adbd    : UsbFfs: connection terminated: monitor thread finished
12-30 11:20:01.456   798   798 I adbd    : UsbFfs: already offline
12-30 11:20:01.456   798   798 I adbd    : destroying transport UsbFfs
12-30 11:20:01.456   798   798 I adbd    : UsbFfsConnection being destroyed
12-30 11:20:01.461   360   931 D EvsDriver: forwardFrame
12-30 11:20:01.461   360   931 D EvsDriver: forwardFrameDirect
12-30 11:20:01.461   360   931 D EvsDriver: Delivered 0xb400e2ca9e40d090 as id 1
12-30 11:20:01.461   359  2784 D evsmanagerd: /dev/video-evs0 forwarded the buffer #1 to 0xb400f125d2b26dd0 from 0xb400f125e2b20710
12-30 11:20:01.469   360   458 D EvsDriver: doneWithFrame
12-30 11:20:01.473  2358  2623 D RcfController: Rcf proxy is not connected!
12-30 11:20:01.494   360   931 D EvsDriver: forwardFrame
12-30 11:20:01.494   360   931 D EvsDriver: forwardFrameDirect
12-30 11:20:01.494   360   931 D EvsDriver: Delivered 0xb400e2ca9e40e110 as id 0
12-30 11:20:01.494   359  2784 D evsmanagerd: /dev/video-evs0 forwarded the buffer #0 to 0xb400f125d2b26dd0 from 0xb400f125e2b20710
12-30 11:20:01.499   360   458 D EvsDriver: doneWithFrame
12-30 11:20:01.514   798   838 I adbd    : opening control endpoint /dev/usb-ffs/adb/ep0
12-30 11:20:01.515   798   838 I adbd    : UsbFfsConnection constructed
12-30 11:20:01.515   798 16307 I adbd    : UsbFfs-monitor thread spawned
01-01 10:42:18.524   838   838 I         : read descriptors
01-01 10:42:18.524   838   838 I         : read strings
12-30 11:20:01.523  2358  2623 D RcfController: Rcf proxy is not connected!
12-30 11:20:01.527   360   931 D EvsDriver: forwardFrame
12-30 11:20:01.527   360   931 D EvsDriver: forwardFrameDirect
12-30 11:20:01.528   360   931 D EvsDriver: Delivered 0xb400e2ca9e40c7a0 as id 1
12-30 11:20:01.528   359  2784 D evsmanagerd: /dev/video-evs0 forwarded the buffer #1 to 0xb400f125d2b26dd0 from 0xb400f125e2b20710
12-30 11:20:01.529   360   458 D EvsDriver: doneWithFrame
12-30 11:20:01.531   596  3076 E WifiHAL : Invalid data received from driver
12-30 11:20:01.561   360   931 D EvsDriver: forwardFrame
12-30 11:20:01.561   360   931 D EvsDriver: forwardFrameDirect
12-30 11:20:01.561   360   931 D EvsDriver: Delivered 0xb400e2ca9e40e270 as id 0
12-30 11:20:01.561   359  2784 D evsmanagerd: /dev/video-evs0 forwarded the buffer #0 to 0xb400f125d2b26dd0 from 0xb400f125e2b20710
12-30 11:20:01.570   360   458 D EvsDriver: doneWithFrame
12-30 11:20:01.573  2358  2623 D RcfController: Rcf proxy is not connected!
12-30 11:20:01.575   596  3076 E WifiHAL : Invalid data received from driver
12-30 11:20:01.594   360   931 D EvsDriver: forwardFrame
12-30 11:20:01.594   360   931 D EvsDriver: forwardFrameDirect
12-30 11:20:01.594   360   931 D EvsDriver: Delivered 0xb400e2ca9e40d4b0 as id 1
12-30 11:20:01.594   359  2784 D evsmanagerd: /dev/video-evs0 forwarded the buffer #1 to 0xb400f125d2b26dd0 from 0xb400f125e2b20710
12-30 11:20:01.600   360   458 D EvsDriver: doneWithFrame
12-30 11:20:01.623  2358  2623 D RcfController: Rcf proxy is not connected!
12-30 11:20:01.627   360   931 D EvsDriver: forwardFrame
12-30 11:20:01.627   360   931 D EvsDriver: forwardFrameDirect
12-30 11:20:01.627   360   931 D EvsDriver: Delivered 0xb400e2ca9e40c2d0 as id 0
12-30 11:20:01.628   359  2784 D evsmanagerd: /dev/video-evs0 forwarded the buffer #0 to 0xb400f125d2b26dd0 from 0xb400f125e2b20710
12-30 11:20:01.630   360   458 D EvsDriver: doneWithFrame
12-30 11:20:01.633   596  3076 E WifiHAL : Invalid data received from driver
12-30 11:20:01.661   360   931 D EvsDriver: forwardFrame
12-30 11:20:01.661   360   931 D EvsDriver: forwardFrameDirect
12-30 11:20:01.661   360   931 D EvsDriver: Delivered 0xb400e2ca9e40d090 as id 1
12-30 11:20:01.661   359  2784 D evsmanagerd: /dev/video-evs0 forwarded the buffer #1 to 0xb400f125d2b26dd0 from 0xb400f125e2b20710
12-30 11:20:01.670   360   458 D EvsDriver: doneWithFrame
12-30 11:20:01.674  2358  2623 D RcfController: Rcf proxy is not connected!
12-30 11:20:01.694   360   931 I EvsDriver: /dev/video-evs0 VideoCapture fps 30.0009
12-30 11:20:01.694   360   931 D EvsDriver: forwardFrame
12-30 11:20:01.694   360   931 D EvsDriver: forwardFrameDirect
12-30 11:20:01.694   360   931 D EvsDriver: Delivered 0xb400e2ca9e40e110 as id 0
12-30 11:20:01.694   359  2784 D evsmanagerd: /dev/video-evs0 forwarded the buffer #0 to 0xb400f125d2b26dd0 from 0xb400f125e2b20710
12-30 11:20:01.701   360   458 D EvsDriver: doneWithFrame
12-30 11:20:01.706   596  3076 E WifiHAL : Invalid data received from driver
12-30 11:20:01.724  2358  2623 D RcfController: Rcf proxy is not connected!
12-30 11:20:01.727   360   931 D EvsDriver: forwardFrame
12-30 11:20:01.727   360   931 D EvsDriver: forwardFrameDirect
12-30 11:20:01.727   360   931 D EvsDriver: Delivered 0xb400e2ca9e40c7a0 as id 1
12-30 11:20:01.728   359  2784 D evsmanagerd: /dev/video-evs0 forwarded the buffer #1 to 0xb400f125d2b26dd0 from 0xb400f125e2b20710
12-30 11:20:01.731   360   458 D EvsDriver: doneWithFrame
12-30 11:20:01.761   360   931 D EvsDriver: forwardFrame
12-30 11:20:01.761   360   931 D EvsDriver: forwardFrameDirect
12-30 11:20:01.761   360   931 D EvsDriver: Delivered 0xb400e2ca9e40e270 as id 0
12-30 11:20:01.761   359  2784 D evsmanagerd: /dev/video-evs0 forwarded the buffer #0 to 0xb400f125d2b26dd0 from 0xb400f125e2b20710
12-30 11:20:01.771   360   458 D EvsDriver: doneWithFrame
12-30 11:20:01.773   596  3076 E WifiHAL : Invalid data received from driver
12-30 11:20:01.774  2358  2623 D RcfController: Rcf proxy is not connected!
12-30 11:20:01.794   360   931 D EvsDriver: forwardFrame
12-30 11:20:01.794   360   931 D EvsDriver: forwardFrameDirect
12-30 11:20:01.794   360   931 D EvsDriver: Delivered 0xb400e2ca9e40d4b0 as id 1
12-30 11:20:01.794   359  2784 D evsmanagerd: /dev/video-evs0 forwarded the buffer #1 to 0xb400f125d2b26dd0 from 0xb400f125e2b20710
12-30 11:20:01.802   360   458 D EvsDriver: doneWithFrame
12-30 11:20:01.824  2358  2623 D RcfController: Rcf proxy is not connected!
12-30 11:20:01.827   360   931 D EvsDriver: forwardFrame
12-30 11:20:01.827   360   931 D EvsDriver: forwardFrameDirect
12-30 11:20:01.827   360   931 D EvsDriver: Delivered 0xb400e2ca9e40c2d0 as id 0
12-30 11:20:01.828   359  2784 D evsmanagerd: /dev/video-evs0 forwarded the buffer #0 to 0xb400f125d2b26dd0 from 0xb400f125e2b20710
12-30 11:20:01.832  2475  2681 I TtsServiceAgent: check thread start checking, threadId = 29
12-30 11:20:01.832  2475  2681 D TtsServiceAgent: start bind service...
12-30 11:20:01.832   360   458 D EvsDriver: doneWithFrame
12-30 11:20:01.832  2475  2681 D TtsServiceAgent: ----->initService, usage = 16
12-30 11:20:01.832  2475  2681 W ContextImpl: Calling a method in the system process without a qualified user: android.app.ContextImpl.bindService:1988 android.content.ContextWrapper.bindService:861 com.iflytek.autofly.ttsaidl.ttsproxy.TtsServiceAgent.initService:189 com.iflytek.autofly.ttsaidl.ttsproxy.TtsServiceAgent.initService:133 com.iflytek.autofly.ttsaidl.ttsproxy.TtsServiceAgent$2.run:517 
12-30 11:20:01.832  1667  2594 W ContextImpl: Calling a method in the system process without a qualified user: android.app.ContextImpl.bindService:1988 android.content.ContextWrapper.bindService:861 com.ford.sync.fnvservice.FordFnv.c:202 com.ford.sync.fnvservice.FordFnv.c:43 com.ford.sync.fnvservice.FordFnv$RetryHandler.handleMessage:245 
12-30 11:20:01.833   916  5915 W ActivityManager: Unable to start service Intent { act=com.iflytek.autofly.tts.ttsservice.TtsAdapterService cmp=com.iflytek.cutefly.speechclient.hmi/com.iflytek.autofly.tts.ttsservice.TtsAdapterService } U=0: not found
12-30 11:20:01.833   916  1847 W ActivityManager: Unable to start service Intent { cmp=com.ford.sync.fnvservice/.FordFnvService } U=0: not found
12-30 11:20:01.833  2475  2681 D TtsServiceAgent: bindService: false
12-30 11:20:01.833  1667  2594 W FordFnv :  bind ford fnv failed -> sendRetryMessage 
12-30 11:20:01.833  2475  2681 D TtsServiceAgent: start reInitService
12-30 11:20:01.833  2475  2681 D TtsServiceAgent: aidlCheckThreadRunning = true
12-30 11:20:01.833  2475  2681 D TtsServiceAgent: ----->check connection status in 1000s...
12-30 11:20:01.861   360   931 D EvsDriver: forwardFrame
12-30 11:20:01.861   360   931 D EvsDriver: forwardFrameDirect
12-30 11:20:01.861   360   931 D EvsDriver: Delivered 0xb400e2ca9e40d090 as id 1
12-30 11:20:01.861   359  2784 D evsmanagerd: /dev/video-evs0 forwarded the buffer #1 to 0xb400f125d2b26dd0 from 0xb400f125e2b20710
12-30 11:20:01.862   596  3076 E WifiHAL : Invalid data received from driver
12-30 11:20:01.862   360   458 D EvsDriver: doneWithFrame
12-30 11:20:01.874  2358  2623 D RcfController: Rcf proxy is not connected!
12-30 11:20:01.887   596  3076 E WifiHAL : Invalid data received from driver
12-30 11:20:01.887   596  3076 E WifiHAL : Invalid data received from driver
12-30 11:20:01.887   596  3076 E WifiHAL : Invalid data received from driver
12-30 11:20:01.887   596  3076 E WifiHAL : Invalid data received from driver
12-30 11:20:01.887   596  3076 E WifiHAL : Invalid data received from driver
12-30 11:20:01.887   596  3076 E WifiHAL : Invalid data received from driver
12-30 11:20:01.887   596  3076 E WifiHAL : Invalid data received from driver
12-30 11:20:01.894   360   931 D EvsDriver: forwardFrame
12-30 11:20:01.894   360   931 D EvsDriver: forwardFrameDirect
12-30 11:20:01.894   360   931 D EvsDriver: Delivered 0xb400e2ca9e40e110 as id 0
12-30 11:20:01.894   359  2784 D evsmanagerd: /dev/video-evs0 forwarded the buffer #0 to 0xb400f125d2b26dd0 from 0xb400f125e2b20710
12-30 11:20:01.902   360   458 D EvsDriver: doneWithFrame
12-30 11:20:01.910   596  3076 E WifiHAL : Invalid data received from driver
12-30 11:20:01.912   699   699 I auditd  : type=1400 audit(0.0:1088456): avc:  denied  { read } for  comm="name_server" laddr=172.20.2.35 lport=34880 faddr=172.20.2.36 fport=60000 scontext=u:r:name_server:s0 tcontext=u:r:name_server:s0 tclass=tcp_socket permissive=1
12-30 11:20:01.912   699   699 I name_server: type=1400 audit(0.0:1088456): avc:  denied  { read } for  laddr=172.20.2.35 lport=34880 faddr=172.20.2.36 fport=60000 scontext=u:r:name_server:s0 tcontext=u:r:name_server:s0 tclass=tcp_socket permissive=1
12-30 11:20:01.912   699   699 I auditd  : type=1400 audit(0.0:1088457): avc:  denied  { write } for  comm="name_server" laddr=172.20.2.35 lport=34880 faddr=172.20.2.36 fport=60000 scontext=u:r:name_server:s0 tcontext=u:r:name_server:s0 tclass=tcp_socket permissive=1
12-30 11:20:01.912   699   699 I name_server: type=1400 audit(0.0:1088457): avc:  denied  { write } for  laddr=172.20.2.35 lport=34880 faddr=172.20.2.36 fport=60000 scontext=u:r:name_server:s0 tcontext=u:r:name_server:s0 tclass=tcp_socket permissive=1
12-30 11:20:01.925  2358  2623 D RcfController: Rcf proxy is not connected!
12-30 11:20:01.927   360   931 D EvsDriver: forwardFrame
12-30 11:20:01.927   360   931 D EvsDriver: forwardFrameDirect
12-30 11:20:01.927   360   931 D EvsDriver: Delivered 0xb400e2ca9e40c7a0 as id 1
12-30 11:20:01.928   359  2784 D evsmanagerd: /dev/video-evs0 forwarded the buffer #1 to 0xb400f125d2b26dd0 from 0xb400f125e2b20710
12-30 11:20:01.933   360   458 D EvsDriver: doneWithFrame
12-30 11:20:01.961   360   931 D EvsDriver: forwardFrame
12-30 11:20:01.961   360   931 D EvsDriver: forwardFrameDirect
12-30 11:20:01.961   360   931 D EvsDriver: Delivered 0xb400e2ca9e40e270 as id 0
12-30 11:20:01.961   359  2784 D evsmanagerd: /dev/video-evs0 forwarded the buffer #0 to 0xb400f125d2b26dd0 from 0xb400f125e2b20710
12-30 11:20:01.963   360   458 D EvsDriver: doneWithFrame
12-30 11:20:01.975  2358  2623 D RcfController: Rcf proxy is not connected!
12-30 11:20:01.977   596  3076 E WifiHAL : Invalid data received from driver
12-30 11:20:01.985  1667  2407 I media_message_log->MediaMessageProxy: (SourceFile:1)b connectToService action bind
12-30 11:20:01.985   916  1847 W ActivityManager: Unable to start service Intent { cmp=com.adayo.server.mediamessagetransfer/.MediaMessTransferService (has extras) } U=0: not found
12-30 11:20:01.986  1667  2407 E media_message_log->MediaMessageProxy: (SourceFile:7)a bindServiceAsUser isBound = false
12-30 11:20:01.988   705   705 I auditd  : type=1400 audit(0.0:1088458): avc:  denied  { read } for  comm="sDefaultContext" laddr=239.0.2.1 lport=30490 scontext=u:r:generic-someip-gateway:s0 tcontext=u:r:generic-someip-gateway:s0 tclass=udp_socket permissive=1
12-30 11:20:01.988   705   705 I sDefaultContext: type=1400 audit(0.0:1088458): avc:  denied  { read } for  laddr=239.0.2.1 lport=30490 scontext=u:r:generic-someip-gateway:s0 tcontext=u:r:generic-someip-gateway:s0 tclass=udp_socket permissive=1
12-30 11:20:01.994   360   931 D EvsDriver: forwardFrame
12-30 11:20:01.994   360   931 D EvsDriver: forwardFrameDirect
12-30 11:20:01.994   360   931 D EvsDriver: Delivered 0xb400e2ca9e40d4b0 as id 1
12-30 11:20:01.994   359  2784 D evsmanagerd: /dev/video-evs0 forwarded the buffer #1 to 0xb400f125d2b26dd0 from 0xb400f125e2b20710
12-30 11:20:02.003   360   458 D EvsDriver: doneWithFrame
12-30 11:20:02.024   596  3076 E WifiHAL : Invalid data received from driver
12-30 11:20:02.025  2358  2623 D RcfController: Rcf proxy is not connected!
12-30 11:20:02.027   360   931 D EvsDriver: forwardFrame
12-30 11:20:02.027   360   931 D EvsDriver: forwardFrameDirect
12-30 11:20:02.027   360   931 D EvsDriver: Delivered 0xb400e2ca9e40c2d0 as id 0
12-30 11:20:02.028   359  2784 D evsmanagerd: /dev/video-evs0 forwarded the buffer #0 to 0xb400f125d2b26dd0 from 0xb400f125e2b20710
12-30 11:20:02.033   360   458 D EvsDriver: doneWithFrame
12-30 11:20:02.061   360   931 D EvsDriver: forwardFrame
12-30 11:20:02.061   360   931 D EvsDriver: forwardFrameDirect
12-30 11:20:02.061   360   931 D EvsDriver: Delivered 0xb400e2ca9e40d090 as id 1
12-30 11:20:02.061   359  2784 D evsmanagerd: /dev/video-evs0 forwarded the buffer #1 to 0xb400f125d2b26dd0 from 0xb400f125e2b20710
12-30 11:20:02.064   360   458 D EvsDriver: doneWithFrame
12-30 11:20:02.075  2358  2623 D RcfController: Rcf proxy is not connected!
12-30 11:20:02.094   360   931 D EvsDriver: forwardFrame
12-30 11:20:02.094   360   931 D EvsDriver: forwardFrameDirect
12-30 11:20:02.094   360   931 D EvsDriver: Delivered 0xb400e2ca9e40e110 as id 0
12-30 11:20:02.094   359  2784 D evsmanagerd: /dev/video-evs0 forwarded the buffer #0 to 0xb400f125d2b26dd0 from 0xb400f125e2b20710
12-30 11:20:02.104   360   458 D EvsDriver: doneWithFrame
12-30 11:20:02.120   881   913 I PerfService: perfservice: restore_cpu /sys/devices/system/cpu/cpufreq/policy0/scaling_min_freq min=550000
12-30 11:20:02.122   650   729 D fgemcucomm: sd Uart data : 6AA6022FCC000292026D
12-30 11:20:02.122   650   729 D fgemcucomm: rev uart=80427,len=15, data : 6AA6812FCC000792020002000000E7
12-30 11:20:02.122   398   466 D adayocomadapter-ParseProtocolFunc: printRaWMsg Name[MCUToUPstream recv] len[7] data[92020002000000]
12-30 11:20:02.122   398   466 D adayocomadapter-CommunicationManager: onUpstreamback   member[0] dataLength[4] timePoint[9737944]
12-30 11:20:02.122   398   466 D adayocomadapter-ParseProtocolFunc: printRaWMsg Name[onUpstreamback] len[4] data[02000000]
12-30 11:20:02.122   398   464 D adayocomadapter-UpstreamHandler: processBeforePacket upSreamtProcessTimePoint[9737944] 
12-30 11:20:02.122   398   464 D adayocomadapter-UpstreamHandler: processPacket UPSTREAM_QUEUE_DATA_TIMEOUT
12-30 11:20:02.122   398   464 D adayocomadapter-ParseProtocolFunc: parseCommonIPCLBytes Processing tableNumber[2]
12-30 11:20:02.122   398   464 D adayocomadapter-ParseProtocolFunc: parseCommonIPCLBytes Processing tablename[Table-2] tableSize[4]
12-30 11:20:02.122   398   464 D adayocomadapter-ParseProtocolFunc: printRaWMsg Name[byteStream recv] len[4] data[02000000]
12-30 11:20:02.122   398   464 D adayocomadapter-ParseProtocolFunc: printRaWMsg Name[IPCLtoVHAL] len[6] data[214020490000]
12-30 11:20:02.122   398   464 D adayocomadapter-ParseProtocolFunc: printRaWMsg Name[IPCLtoVHAL] len[6] data[214021A20000]
12-30 11:20:02.122   398   464 D adayocomadapter-ParseProtocolFunc: printRaWMsg Name[IPCLtoVHAL] len[6] data[214020EA0000]
12-30 11:20:02.122   398   464 D adayocomadapter-CommunicationManager: onUpstreamReceive mPropertyId 0x21402049
12-30 11:20:02.122   398   464 D adayocomadapter-CommunicationManager: convertBytesToInt32Memcpy  0
12-30 11:20:02.122   398   464 I vw-vhal : notifyVehicleProperty, propId = 0x21402049, data = {status: 2, int32Values: [0]}
12-30 11:20:02.122   398   464 I vw-vhal : CanSignalsAdapter::notifyVehicleProperty: solvedValue = {.timestamp = 9737944601492, .areaId = 0, .prop = 557850697, .status = AVAILABLE, .value = {.int32Values = [1]{0}, .floatValues = [0]{}, .int64Values = [0]{}, .bytes = [0]{}, .stringValue = ""}}
12-30 11:20:02.122   398   464 I VehiclePropertyStore: begin to write value to Store: {.timestamp = 9737944601492, .areaId = 0, .prop = 557850697, .status = AVAILABLE, .value = {.int32Values = [1]{0}, .floatValues = [0]{}, .int64Values = [0]{}, .bytes = [0]{}, .stringValue = ""}}
12-30 11:20:02.122   398   464 I DefaultVehicleHal_v2_0: DefaultVehicleHal::onPropertyValue, value:{.timestamp = 9737944601492, .areaId = 0, .prop = 557850697, .status = AVAILABLE, .value = {.int32Values = [1]{0}, .floatValues = [0]{}, .int64Values = [0]{}, .bytes = [0]{}, .stringValue = ""}}
12-30 11:20:02.122   398   464 D DiagPropHandler: is not DiagnosticConfig: 0x21402049
12-30 11:20:02.122   398   464 I VehiclePropertyStore: begin to write value to Store: {.timestamp = 9737944601492, .areaId = 0, .prop = 557850697, .status = AVAILABLE, .value = {.int32Values = [1]{0}, .floatValues = [0]{}, .int64Values = [0]{}, .bytes = [0]{}, .stringValue = ""}}
12-30 11:20:02.122   398   464 D adayocomadapter-CommunicationManager: onUpstreamReceive mPropertyId 0x21402049
12-30 11:20:02.122   398   464 D adayocomadapter-CommunicationManager: onUpstreamReceive mPropertyId 0x214021a2
12-30 11:20:02.122   398   464 D adayocomadapter-CommunicationManager: convertBytesToInt32Memcpy  0
12-30 11:20:02.122   398   464 I vw-vhal : notifyVehicleProperty, propId = 0x214021a2, data = {status: 2, int32Values: [0]}
12-30 11:20:02.123   398   464 I vw-vhal : CanSignalsAdapter::notifyVehicleProperty: solvedValue = {.timestamp = 9737944853492, .areaId = 0, .prop = 557851042, .status = AVAILABLE, .value = {.int32Values = [1]{0}, .floatValues = [0]{}, .int64Values = [0]{}, .bytes = [0]{}, .stringValue = ""}}
12-30 11:20:02.123   398   464 I VehiclePropertyStore: begin to write value to Store: {.timestamp = 9737944853492, .areaId = 0, .prop = 557851042, .status = AVAILABLE, .value = {.int32Values = [1]{0}, .floatValues = [0]{}, .int64Values = [0]{}, .bytes = [0]{}, .stringValue = ""}}
12-30 11:20:02.123   398   464 I DefaultVehicleHal_v2_0: DefaultVehicleHal::onPropertyValue, value:{.timestamp = 9737944853492, .areaId = 0, .prop = 557851042, .status = AVAILABLE, .value = {.int32Values = [1]{0}, .floatValues = [0]{}, .int64Values = [0]{}, .bytes = [0]{}, .stringValue = ""}}
12-30 11:20:02.123   398   464 D DiagPropHandler: is not DiagnosticConfig: 0x214021a2
12-30 11:20:02.123   398   464 I VehiclePropertyStore: begin to write value to Store: {.timestamp = 9737944853492, .areaId = 0, .prop = 557851042, .status = AVAILABLE, .value = {.int32Values = [1]{0}, .floatValues = [0]{}, .int64Values = [0]{}, .bytes = [0]{}, .stringValue = ""}}
12-30 11:20:02.123   398   464 D adayocomadapter-CommunicationManager: onUpstreamReceive mPropertyId 0x214021a2
12-30 11:20:02.123   398   464 D adayocomadapter-CommunicationManager: onUpstreamReceive mPropertyId 0x214020ea
12-30 11:20:02.123   398   464 D adayocomadapter-CommunicationManager: convertBytesToInt32Memcpy  0
12-30 11:20:02.123   398   464 I vw-vhal : notifyVehicleProperty, propId = 0x214020ea, data = {status: 2, int32Values: [0]}
12-30 11:20:02.123   398   464 I vw-vhal : CanSignalsAdapter::notifyVehicleProperty: solvedValue = {.timestamp = 9737945048825, .areaId = 0, .prop = 557850858, .status = AVAILABLE, .value = {.int32Values = [1]{0}, .floatValues = [0]{}, .int64Values = [0]{}, .bytes = [0]{}, .stringValue = ""}}
12-30 11:20:02.123   398   464 I VehiclePropertyStore: begin to write value to Store: {.timestamp = 9737945048825, .areaId = 0, .prop = 557850858, .status = AVAILABLE, .value = {.int32Values = [1]{0}, .floatValues = [0]{}, .int64Values = [0]{}, .bytes = [0]{}, .stringValue = ""}}
12-30 11:20:02.123   398   464 I DefaultVehicleHal_v2_0: DefaultVehicleHal::onPropertyValue, value:{.timestamp = 9737945048825, .areaId = 0, .prop = 557850858, .status = AVAILABLE, .value = {.int32Values = [1]{0}, .floatValues = [0]{}, .int64Values = [0]{}, .bytes = [0]{}, .stringValue = ""}}
12-30 11:20:02.123   398   464 D DiagPropHandler: is not DiagnosticConfig: 0x214020ea
12-30 11:20:02.123   398   464 I VehiclePropertyStore: begin to write value to Store: {.timestamp = 9737945048825, .areaId = 0, .prop = 557850858, .status = AVAILABLE, .value = {.int32Values = [1]{0}, .floatValues = [0]{}, .int64Values = [0]{}, .bytes = [0]{}, .stringValue = ""}}
12-30 11:20:02.123   398   464 D adayocomadapter-CommunicationManager: onUpstreamReceive mPropertyId 0x214020ea
12-30 11:20:02.125  2358  2623 D RcfController: Rcf proxy is not connected!
12-30 11:20:02.126   596  3076 E WifiHAL : Invalid data received from driver
12-30 11:20:02.127   360   931 D EvsDriver: forwardFrame
12-30 11:20:02.127   360   931 D EvsDriver: forwardFrameDirect
12-30 11:20:02.127   360   931 D EvsDriver: Delivered 0xb400e2ca9e40c7a0 as id 1
12-30 11:20:02.128   359  2784 D evsmanagerd: /dev/video-evs0 forwarded the buffer #1 to 0xb400f125d2b26dd0 from 0xb400f125e2b20710
12-30 11:20:02.134   360   458 D EvsDriver: doneWithFrame
12-30 11:20:02.161   360   931 D EvsDriver: forwardFrame
12-30 11:20:02.161   360   931 D EvsDriver: forwardFrameDirect
12-30 11:20:02.161   360   931 D EvsDriver: Delivered 0xb400e2ca9e40e270 as id 0
12-30 11:20:02.161   359  2784 D evsmanagerd: /dev/video-evs0 forwarded the buffer #0 to 0xb400f125d2b26dd0 from 0xb400f125e2b20710
12-30 11:20:02.165   360   458 D EvsDriver: doneWithFrame
12-30 11:20:02.172   596  3076 E WifiHAL : Invalid data received from driver
01-01 10:42:19.182   722   722 I [schedu][0x2446e0080][03:20:02.172519] qcn7605: [722:I:PE] lim_process_action_frame_no_session: Unhandled action frame without session: 7f
12-30 11:20:02.175  2358  2623 D RcfController: Rcf proxy is not connected!
12-30 11:20:02.194   360   931 D EvsDriver: forwardFrame
12-30 11:20:02.194   360   931 D EvsDriver: forwardFrameDirect
12-30 11:20:02.194   360   931 D EvsDriver: Delivered 0xb400e2ca9e40d4b0 as id 1
12-30 11:20:02.194   359  2784 D evsmanagerd: /dev/video-evs0 forwarded the buffer #1 to 0xb400f125d2b26dd0 from 0xb400f125e2b20710
12-30 11:20:02.195   360   458 D EvsDriver: doneWithFrame
12-30 11:20:02.226  2358  2623 D RcfController: Rcf proxy is not connected!
12-30 11:20:02.227   360   931 D EvsDriver: forwardFrame
12-30 11:20:02.227   360   931 D EvsDriver: forwardFrameDirect
12-30 11:20:02.227   360   931 D EvsDriver: Delivered 0xb400e2ca9e40c2d0 as id 0
12-30 11:20:02.228   359  2784 D evsmanagerd: /dev/video-evs0 forwarded the buffer #0 to 0xb400f125d2b26dd0 from 0xb400f125e2b20710
12-30 11:20:02.235   360   458 D EvsDriver: doneWithFrame
12-30 11:20:02.247   596  3076 E WifiHAL : Invalid data received from driver
12-30 11:20:02.261   360   931 D EvsDriver: forwardFrame
12-30 11:20:02.261   360   931 D EvsDriver: forwardFrameDirect
12-30 11:20:02.261   360   931 D EvsDriver: Delivered 0xb400e2ca9e40d090 as id 1
12-30 11:20:02.261   359  2784 D evsmanagerd: /dev/video-evs0 forwarded the buffer #1 to 0xb400f125d2b26dd0 from 0xb400f125e2b20710
12-30 11:20:02.261   650   729 D fgemcucomm: sd Uart data : 6AA6022FCD000292026C
12-30 11:20:02.262   650   729 D fgemcucomm: rev uart=80428,len=13, data : 6AA6812FCD00059202000C00DE
12-30 11:20:02.262   398   466 D adayocomadapter-ParseProtocolFunc: printRaWMsg Name[MCUToUPstream recv] len[5] data[9202000C00]
12-30 11:20:02.262   398   466 D adayocomadapter-CommunicationManager: onUpstreamback   member[0] dataLength[2] timePoint[9738084]
12-30 11:20:02.262   398   466 D adayocomadapter-ParseProtocolFunc: printRaWMsg Name[onUpstreamback] len[2] data[0C00]
12-30 11:20:02.262   398   464 D adayocomadapter-UpstreamHandler: processBeforePacket upSreamtProcessTimePoint[9738084] 
12-30 11:20:02.262   398   464 D adayocomadapter-UpstreamHandler: processPacket UPSTREAM_QUEUE_DATA_TIMEOUT
12-30 11:20:02.262   398   464 D adayocomadapter-ParseProtocolFunc: parseCommonIPCLBytes Processing tableNumber[12]
12-30 11:20:02.262   398   464 D adayocomadapter-ParseProtocolFunc: parseCommonIPCLBytes Processing tablename[Table-12] tableSize[2]
12-30 11:20:02.262   398   464 D adayocomadapter-ParseProtocolFunc: printRaWMsg Name[byteStream recv] len[2] data[0C00]
12-30 11:20:02.262   398   464 D adayocomadapter-ParseProtocolFunc: printRaWMsg Name[IPCLtoVHAL] len[6] data[214021660000]
12-30 11:20:02.262   398   464 D adayocomadapter-CommunicationManager: onUpstreamReceive mPropertyId 0x21402166
12-30 11:20:02.262   398   464 D adayocomadapter-CommunicationManager: convertBytesToInt32Memcpy  0
12-30 11:20:02.262   398   464 I vw-vhal : notifyVehicleProperty, propId = 0x21402166, data = {status: 2, int32Values: [0]}
12-30 11:20:02.262   398   464 I vw-vhal : CanSignalsAdapter::notifyVehicleProperty: solvedValue = {.timestamp = 9738084326492, .areaId = 0, .prop = 557850982, .status = AVAILABLE, .value = {.int32Values = [1]{0}, .floatValues = [0]{}, .int64Values = [0]{}, .bytes = [0]{}, .stringValue = ""}}
12-30 11:20:02.262   398   464 I VehiclePropertyStore: begin to write value to Store: {.timestamp = 9738084326492, .areaId = 0, .prop = 557850982, .status = AVAILABLE, .value = {.int32Values = [1]{0}, .floatValues = [0]{}, .int64Values = [0]{}, .bytes = [0]{}, .stringValue = ""}}
12-30 11:20:02.262   398   464 I DefaultVehicleHal_v2_0: DefaultVehicleHal::onPropertyValue, value:{.timestamp = 9738084326492, .areaId = 0, .prop = 557850982, .status = AVAILABLE, .value = {.int32Values = [1]{0}, .floatValues = [0]{}, .int64Values = [0]{}, .bytes = [0]{}, .stringValue = ""}}
12-30 11:20:02.262   398   464 D DiagPropHandler: is not DiagnosticConfig: 0x21402166
12-30 11:20:02.262   398   464 I VehiclePropertyStore: begin to write value to Store: {.timestamp = 9738084326492, .areaId = 0, .prop = 557850982, .status = AVAILABLE, .value = {.int32Values = [1]{0}, .floatValues = [0]{}, .int64Values = [0]{}, .bytes = [0]{}, .stringValue = ""}}
12-30 11:20:02.262   398   464 D adayocomadapter-CommunicationManager: onUpstreamReceive mPropertyId 0x21402166
12-30 11:20:02.265   360   458 D EvsDriver: doneWithFrame
12-30 11:20:02.271  1667  2410 I media_message_log->MediaMessageUserProxy: (SourceFile:1)b connectToService action bind
12-30 11:20:02.272   916  1847 W ActivityManager: Unable to start service Intent { cmp=com.adayo.server.mediamessagetransfer/.MediaMessTransferService (has extras) } U=0: not found
12-30 11:20:02.272  1667  2410 E media_message_log->MediaMessageUserProxy: (SourceFile:7)a bindServiceAsUser isBound = false
12-30 11:20:02.276  2358  2623 D RcfController: Rcf proxy is not connected!
12-30 11:20:02.283   650   729 D fgemcucomm: sd Uart data : 6AA6022FCE000292026B
12-30 11:20:02.283   650   729 D fgemcucomm: rev uart=80429,len=16, data : 6AA6812FCE00089202000E00000000D8
12-30 11:20:02.283   398   466 D adayocomadapter-ParseProtocolFunc: printRaWMsg Name[MCUToUPstream recv] len[8] data[9202000E00000000]
12-30 11:20:02.283   398   466 D adayocomadapter-CommunicationManager: onUpstreamback   member[0] dataLength[5] timePoint[9738105]
12-30 11:20:02.283   398   466 D adayocomadapter-ParseProtocolFunc: printRaWMsg Name[onUpstreamback] len[5] data[0E00000000]
12-30 11:20:02.283   398   464 D adayocomadapter-UpstreamHandler: processBeforePacket upSreamtProcessTimePoint[9738105] 
12-30 11:20:02.283   398   464 D adayocomadapter-UpstreamHandler: processPacket UPSTREAM_QUEUE_DATA_TIMEOUT
12-30 11:20:02.283   398   464 D adayocomadapter-ParseProtocolFunc: parseCommonIPCLBytes Processing tableNumber[14]
12-30 11:20:02.283   398   464 D adayocomadapter-ParseProtocolFunc: parseCommonIPCLBytes Processing tablename[Table-14] tableSize[5]
12-30 11:20:02.283   398   464 D adayocomadapter-ParseProtocolFunc: printRaWMsg Name[byteStream recv] len[5] data[0E00000000]
12-30 11:20:02.283   398   464 D adayocomadapter-ParseProtocolFunc: printRaWMsg Name[IPCLtoVHAL] len[6] data[214020DE0000]
12-30 11:20:02.283   398   464 D adayocomadapter-ParseProtocolFunc: printRaWMsg Name[IPCLtoVHAL] len[6] data[214020E00000]
12-30 11:20:02.283   398   464 D adayocomadapter-ParseProtocolFunc: printRaWMsg Name[IPCLtoVHAL] len[6] data[214020E50000]
12-30 11:20:02.283   398   464 D adayocomadapter-ParseProtocolFunc: printRaWMsg Name[IPCLtoVHAL] len[6] data[214020E60000]
12-30 11:20:02.283   398   464 D adayocomadapter-CommunicationManager: onUpstreamReceive mPropertyId 0x214020de
12-30 11:20:02.283   398   464 D adayocomadapter-CommunicationManager: convertBytesToInt32Memcpy  0
12-30 11:20:02.283   398   464 I vw-vhal : notifyVehicleProperty, propId = 0x214020de, data = {status: 2, int32Values: [0]}
12-30 11:20:02.283   398   464 I vw-vhal : CanSignalsAdapter::notifyVehicleProperty: solvedValue = {.timestamp = 9738105660825, .areaId = 0, .prop = 557850846, .status = AVAILABLE, .value = {.int32Values = [1]{0}, .floatValues = [0]{}, .int64Values = [0]{}, .bytes = [0]{}, .stringValue = ""}}
