12-30 11:20:04.928   398   464 D adayocomadapter-CommunicationManager: onUpstreamReceive mPropertyId 0x21402055
12-30 11:20:04.928   398   464 D adayocomadapter-CommunicationManager: convertBytesToInt32Memcpy  0
12-30 11:20:04.928   398   464 I vw-vhal : notifyVehicleProperty, propId = 0x21402055, data = {status: 2, int32Values: [0]}
12-30 11:20:04.928   398   464 I vw-vhal : CanSignalsAdapter::notifyVehicleProperty: solvedValue = {.timestamp = 9740750661825, .areaId = 0, .prop = 557850709, .status = AVAILABLE, .value = {.int32Values = [1]{0}, .floatValues = [0]{}, .int64Values = [0]{}, .bytes = [0]{}, .stringValue = ""}}
12-30 11:20:04.929   398   464 I VehiclePropertyStore: begin to write value to Store: {.timestamp = 9740750661825, .areaId = 0, .prop = 557850709, .status = AVAILABLE, .value = {.int32Values = [1]{0}, .floatValues = [0]{}, .int64Values = [0]{}, .bytes = [0]{}, .stringValue = ""}}
12-30 11:20:04.929   398   464 I DefaultVehicleHal_v2_0: DefaultVehicleHal::onPropertyValue, value:{.timestamp = 9740750661825, .areaId = 0, .prop = 557850709, .status = AVAILABLE, .value = {.int32Values = [1]{0}, .floatValues = [0]{}, .int64Values = [0]{}, .bytes = [0]{}, .stringValue = ""}}
12-30 11:20:04.929   398   464 D DiagPropHandler: is not DiagnosticConfig: 0x21402055
12-30 11:20:04.929   398   464 I VehiclePropertyStore: begin to write value to Store: {.timestamp = 9740750661825, .areaId = 0, .prop = 557850709, .status = AVAILABLE, .value = {.int32Values = [1]{0}, .floatValues = [0]{}, .int64Values = [0]{}, .bytes = [0]{}, .stringValue = ""}}
12-30 11:20:04.929   398   464 D adayocomadapter-CommunicationManager: onUpstreamReceive mPropertyId 0x21402055
12-30 11:20:04.929   398   464 D adayocomadapter-CommunicationManager: onUpstreamReceive mPropertyId 0x214020b1
12-30 11:20:04.929   398   464 D adayocomadapter-CommunicationManager: convertBytesToInt32Memcpy  0
12-30 11:20:04.929   398   464 I vw-vhal : notifyVehicleProperty, propId = 0x214020b1, data = {status: 2, int32Values: [0]}
12-30 11:20:04.929   398   464 I vw-vhal : CanSignalsAdapter::notifyVehicleProperty: solvedValue = {.timestamp = 9740751176492, .areaId = 0, .prop = 557850801, .status = AVAILABLE, .value = {.int32Values = [1]{0}, .floatValues = [0]{}, .int64Values = [0]{}, .bytes = [0]{}, .stringValue = ""}}
12-30 11:20:04.929   398   464 I VehiclePropertyStore: begin to write value to Store: {.timestamp = 9740751176492, .areaId = 0, .prop = 557850801, .status = AVAILABLE, .value = {.int32Values = [1]{0}, .floatValues = [0]{}, .int64Values = [0]{}, .bytes = [0]{}, .stringValue = ""}}
12-30 11:20:04.929   398   464 I DefaultVehicleHal_v2_0: DefaultVehicleHal::onPropertyValue, value:{.timestamp = 9740751176492, .areaId = 0, .prop = 557850801, .status = AVAILABLE, .value = {.int32Values = [1]{0}, .floatValues = [0]{}, .int64Values = [0]{}, .bytes = [0]{}, .stringValue = ""}}
12-30 11:20:04.929   398   464 D DiagPropHandler: is not DiagnosticConfig: 0x214020b1
12-30 11:20:04.929   398   464 I VehiclePropertyStore: begin to write value to Store: {.timestamp = 9740751176492, .areaId = 0, .prop = 557850801, .status = AVAILABLE, .value = {.int32Values = [1]{0}, .floatValues = [0]{}, .int64Values = [0]{}, .bytes = [0]{}, .stringValue = ""}}
12-30 11:20:04.929   398   464 D adayocomadapter-CommunicationManager: onUpstreamReceive mPropertyId 0x214020b1
12-30 11:20:04.929   398   464 D adayocomadapter-CommunicationManager: onUpstreamReceive mPropertyId 0x2140201b
12-30 11:20:04.929   398   464 D adayocomadapter-CommunicationManager: convertBytesToInt32Memcpy  0
12-30 11:20:04.929   398   464 I vw-vhal : notifyVehicleProperty, propId = 0x2140201b, data = {status: 2, int32Values: [0]}
12-30 11:20:04.929   398   464 I vw-vhal : CanSignalsAdapter::notifyVehicleProperty: solvedValue = {.timestamp = 9740751522825, .areaId = 0, .prop = 557850651, .status = AVAILABLE, .value = {.int32Values = [1]{0}, .floatValues = [0]{}, .int64Values = [0]{}, .bytes = [0]{}, .stringValue = ""}}
12-30 11:20:04.929   398   464 I VehiclePropertyStore: begin to write value to Store: {.timestamp = 9740751522825, .areaId = 0, .prop = 557850651, .status = AVAILABLE, .value = {.int32Values = [1]{0}, .floatValues = [0]{}, .int64Values = [0]{}, .bytes = [0]{}, .stringValue = ""}}
12-30 11:20:04.929   398   464 I DefaultVehicleHal_v2_0: DefaultVehicleHal::onPropertyValue, value:{.timestamp = 9740751522825, .areaId = 0, .prop = 557850651, .status = AVAILABLE, .value = {.int32Values = [1]{0}, .floatValues = [0]{}, .int64Values = [0]{}, .bytes = [0]{}, .stringValue = ""}}
12-30 11:20:04.929   398   464 D DiagPropHandler: is not DiagnosticConfig: 0x2140201b
12-30 11:20:04.929   398   464 I VehiclePropertyStore: begin to write value to Store: {.timestamp = 9740751522825, .areaId = 0, .prop = 557850651, .status = AVAILABLE, .value = {.int32Values = [1]{0}, .floatValues = [0]{}, .int64Values = [0]{}, .bytes = [0]{}, .stringValue = ""}}
12-30 11:20:04.929   398   464 D adayocomadapter-CommunicationManager: onUpstreamReceive mPropertyId 0x2140201b
12-30 11:20:04.929   398   464 D adayocomadapter-CommunicationManager: onUpstreamReceive mPropertyId 0x21402018
12-30 11:20:04.929   398   464 D adayocomadapter-CommunicationManager: convertBytesToInt32Memcpy  0
12-30 11:20:04.929   398   464 I vw-vhal : notifyVehicleProperty, propId = 0x21402018, data = {status: 2, int32Values: [0]}
12-30 11:20:04.930   398   464 I vw-vhal : CanSignalsAdapter::notifyVehicleProperty: solvedValue = {.timestamp = 9740751861159, .areaId = 0, .prop = 557850648, .status = AVAILABLE, .value = {.int32Values = [1]{0}, .floatValues = [0]{}, .int64Values = [0]{}, .bytes = [0]{}, .stringValue = ""}}
12-30 11:20:04.930   398   464 I VehiclePropertyStore: begin to write value to Store: {.timestamp = 9740751861159, .areaId = 0, .prop = 557850648, .status = AVAILABLE, .value = {.int32Values = [1]{0}, .floatValues = [0]{}, .int64Values = [0]{}, .bytes = [0]{}, .stringValue = ""}}
12-30 11:20:04.930   398   464 I DefaultVehicleHal_v2_0: DefaultVehicleHal::onPropertyValue, value:{.timestamp = 9740751861159, .areaId = 0, .prop = 557850648, .status = AVAILABLE, .value = {.int32Values = [1]{0}, .floatValues = [0]{}, .int64Values = [0]{}, .bytes = [0]{}, .stringValue = ""}}
12-30 11:20:04.930   398   464 D DiagPropHandler: is not DiagnosticConfig: 0x21402018
12-30 11:20:04.930   398   464 I VehiclePropertyStore: begin to write value to Store: {.timestamp = 9740751861159, .areaId = 0, .prop = 557850648, .status = AVAILABLE, .value = {.int32Values = [1]{0}, .floatValues = [0]{}, .int64Values = [0]{}, .bytes = [0]{}, .stringValue = ""}}
12-30 11:20:04.930   398   464 D adayocomadapter-CommunicationManager: onUpstreamReceive mPropertyId 0x21402018
12-30 11:20:04.930   398   464 D adayocomadapter-CommunicationManager: onUpstreamReceive mPropertyId 0x21402190
12-30 11:20:04.930   398   464 D adayocomadapter-CommunicationManager: convertBytesToInt32Memcpy  0
12-30 11:20:04.930   398   464 I vw-vhal : notifyVehicleProperty, propId = 0x21402190, data = {status: 2, int32Values: [0]}
12-30 11:20:04.930   398   464 I vw-vhal : CanSignalsAdapter::notifyVehicleProperty: solvedValue = {.timestamp = 9740752253159, .areaId = 0, .prop = 557851024, .status = AVAILABLE, .value = {.int32Values = [1]{0}, .floatValues = [0]{}, .int64Values = [0]{}, .bytes = [0]{}, .stringValue = ""}}
12-30 11:20:04.930   398   464 I VehiclePropertyStore: begin to write value to Store: {.timestamp = 9740752253159, .areaId = 0, .prop = 557851024, .status = AVAILABLE, .value = {.int32Values = [1]{0}, .floatValues = [0]{}, .int64Values = [0]{}, .bytes = [0]{}, .stringValue = ""}}
12-30 11:20:04.930   398   464 I DefaultVehicleHal_v2_0: DefaultVehicleHal::onPropertyValue, value:{.timestamp = 9740752253159, .areaId = 0, .prop = 557851024, .status = AVAILABLE, .value = {.int32Values = [1]{0}, .floatValues = [0]{}, .int64Values = [0]{}, .bytes = [0]{}, .stringValue = ""}}
12-30 11:20:04.930   398   464 D DiagPropHandler: is not DiagnosticConfig: 0x21402190
12-30 11:20:04.930   398   464 I VehiclePropertyStore: begin to write value to Store: {.timestamp = 9740752253159, .areaId = 0, .prop = 557851024, .status = AVAILABLE, .value = {.int32Values = [1]{0}, .floatValues = [0]{}, .int64Values = [0]{}, .bytes = [0]{}, .stringValue = ""}}
12-30 11:20:04.930   398   464 D adayocomadapter-CommunicationManager: onUpstreamReceive mPropertyId 0x21402190
12-30 11:20:04.930   398   464 D adayocomadapter-CommunicationManager: onUpstreamReceive mPropertyId 0x21402021
12-30 11:20:04.930   398   464 D adayocomadapter-CommunicationManager: convertBytesToInt32Memcpy  0
12-30 11:20:04.930   398   464 I vw-vhal : notifyVehicleProperty, propId = 0x21402021, data = {status: 2, int32Values: [0]}
12-30 11:20:04.930   398   464 I vw-vhal : CanSignalsAdapter::notifyVehicleProperty: solvedValue = {.timestamp = 9740752592825, .areaId = 0, .prop = 557850657, .status = AVAILABLE, .value = {.int32Values = [1]{0}, .floatValues = [0]{}, .int64Values = [0]{}, .bytes = [0]{}, .stringValue = ""}}
12-30 11:20:04.930   398   464 I VehiclePropertyStore: begin to write value to Store: {.timestamp = 9740752592825, .areaId = 0, .prop = 557850657, .status = AVAILABLE, .value = {.int32Values = [1]{0}, .floatValues = [0]{}, .int64Values = [0]{}, .bytes = [0]{}, .stringValue = ""}}
12-30 11:20:04.930   398   464 I DefaultVehicleHal_v2_0: DefaultVehicleHal::onPropertyValue, value:{.timestamp = 9740752592825, .areaId = 0, .prop = 557850657, .status = AVAILABLE, .value = {.int32Values = [1]{0}, .floatValues = [0]{}, .int64Values = [0]{}, .bytes = [0]{}, .stringValue = ""}}
12-30 11:20:04.930   398   464 D DiagPropHandler: is not DiagnosticConfig: 0x21402021
12-30 11:20:04.930   398   464 I VehiclePropertyStore: begin to write value to Store: {.timestamp = 9740752592825, .areaId = 0, .prop = 557850657, .status = AVAILABLE, .value = {.int32Values = [1]{0}, .floatValues = [0]{}, .int64Values = [0]{}, .bytes = [0]{}, .stringValue = ""}}
12-30 11:20:04.930   398   464 D adayocomadapter-CommunicationManager: onUpstreamReceive mPropertyId 0x21402021
12-30 11:20:04.930   398   464 D adayocomadapter-CommunicationManager: onUpstreamReceive mPropertyId 0x214021c8
12-30 11:20:04.931   398   464 D adayocomadapter-CommunicationManager: convertBytesToInt32Memcpy  0
12-30 11:20:04.931   398   464 I vw-vhal : notifyVehicleProperty, propId = 0x214021c8, data = {status: 2, int32Values: [0]}
12-30 11:20:04.931   398   464 I vw-vhal : CanSignalsAdapter::notifyVehicleProperty: solvedValue = {.timestamp = 9740752940492, .areaId = 0, .prop = 557851080, .status = AVAILABLE, .value = {.int32Values = [1]{0}, .floatValues = [0]{}, .int64Values = [0]{}, .bytes = [0]{}, .stringValue = ""}}
12-30 11:20:04.931   398   464 I VehiclePropertyStore: begin to write value to Store: {.timestamp = 9740752940492, .areaId = 0, .prop = 557851080, .status = AVAILABLE, .value = {.int32Values = [1]{0}, .floatValues = [0]{}, .int64Values = [0]{}, .bytes = [0]{}, .stringValue = ""}}
12-30 11:20:04.931   398   464 I DefaultVehicleHal_v2_0: DefaultVehicleHal::onPropertyValue, value:{.timestamp = 9740752940492, .areaId = 0, .prop = 557851080, .status = AVAILABLE, .value = {.int32Values = [1]{0}, .floatValues = [0]{}, .int64Values = [0]{}, .bytes = [0]{}, .stringValue = ""}}
12-30 11:20:04.931   398   464 D DiagPropHandler: is not DiagnosticConfig: 0x214021c8
12-30 11:20:04.931   398   464 I VehiclePropertyStore: begin to write value to Store: {.timestamp = 9740752940492, .areaId = 0, .prop = 557851080, .status = AVAILABLE, .value = {.int32Values = [1]{0}, .floatValues = [0]{}, .int64Values = [0]{}, .bytes = [0]{}, .stringValue = ""}}
12-30 11:20:04.931   398   464 D adayocomadapter-CommunicationManager: onUpstreamReceive mPropertyId 0x214021c8
12-30 11:20:04.931   398   464 D adayocomadapter-CommunicationManager: onUpstreamReceive mPropertyId 0x2140200a
12-30 11:20:04.931   398   464 D adayocomadapter-CommunicationManager: convertBytesToInt32Memcpy  0
12-30 11:20:04.931   398   464 I vw-vhal : notifyVehicleProperty, propId = 0x2140200a, data = {status: 2, int32Values: [0]}
12-30 11:20:04.931   398   464 I vw-vhal : CanSignalsAdapter::notifyVehicleProperty: solvedValue = {.timestamp = 9740753283492, .areaId = 0, .prop = 557850634, .status = AVAILABLE, .value = {.int32Values = [1]{0}, .floatValues = [0]{}, .int64Values = [0]{}, .bytes = [0]{}, .stringValue = ""}}
12-30 11:20:04.931   398   464 I VehiclePropertyStore: begin to write value to Store: {.timestamp = 9740753283492, .areaId = 0, .prop = 557850634, .status = AVAILABLE, .value = {.int32Values = [1]{0}, .floatValues = [0]{}, .int64Values = [0]{}, .bytes = [0]{}, .stringValue = ""}}
12-30 11:20:04.931   398   464 I DefaultVehicleHal_v2_0: DefaultVehicleHal::onPropertyValue, value:{.timestamp = 9740753283492, .areaId = 0, .prop = 557850634, .status = AVAILABLE, .value = {.int32Values = [1]{0}, .floatValues = [0]{}, .int64Values = [0]{}, .bytes = [0]{}, .stringValue = ""}}
12-30 11:20:04.931   398   464 D DiagPropHandler: is not DiagnosticConfig: 0x2140200a
12-30 11:20:04.931   398   464 I VehiclePropertyStore: begin to write value to Store: {.timestamp = 9740753283492, .areaId = 0, .prop = 557850634, .status = AVAILABLE, .value = {.int32Values = [1]{0}, .floatValues = [0]{}, .int64Values = [0]{}, .bytes = [0]{}, .stringValue = ""}}
12-30 11:20:04.931   398   464 D adayocomadapter-CommunicationManager: onUpstreamReceive mPropertyId 0x2140200a
12-30 11:20:04.931   398   464 D adayocomadapter-CommunicationManager: onUpstreamReceive mPropertyId 0x2140223e
12-30 11:20:04.931   398   464 D adayocomadapter-CommunicationManager: convertBytesToInt32Memcpy  0
12-30 11:20:04.931   398   464 I vw-vhal : notifyVehicleProperty, propId = 0x2140223e, data = {status: 2, int32Values: [0]}
12-30 11:20:04.931   398   464 I vw-vhal : CanSignalsAdapter::notifyVehicleProperty: solvedValue = {.timestamp = 9740753622492, .areaId = 0, .prop = 557851198, .status = AVAILABLE, .value = {.int32Values = [1]{0}, .floatValues = [0]{}, .int64Values = [0]{}, .bytes = [0]{}, .stringValue = ""}}
12-30 11:20:04.931   398   464 I VehiclePropertyStore: begin to write value to Store: {.timestamp = 9740753622492, .areaId = 0, .prop = 557851198, .status = AVAILABLE, .value = {.int32Values = [1]{0}, .floatValues = [0]{}, .int64Values = [0]{}, .bytes = [0]{}, .stringValue = ""}}
12-30 11:20:04.931   398   464 I DefaultVehicleHal_v2_0: DefaultVehicleHal::onPropertyValue, value:{.timestamp = 9740753622492, .areaId = 0, .prop = 557851198, .status = AVAILABLE, .value = {.int32Values = [1]{0}, .floatValues = [0]{}, .int64Values = [0]{}, .bytes = [0]{}, .stringValue = ""}}
12-30 11:20:04.931   398   464 D DiagPropHandler: is not DiagnosticConfig: 0x2140223e
12-30 11:20:04.931   398   464 I VehiclePropertyStore: begin to write value to Store: {.timestamp = 9740753622492, .areaId = 0, .prop = 557851198, .status = AVAILABLE, .value = {.int32Values = [1]{0}, .floatValues = [0]{}, .int64Values = [0]{}, .bytes = [0]{}, .stringValue = ""}}
12-30 11:20:04.931   398   464 D adayocomadapter-CommunicationManager: onUpstreamReceive mPropertyId 0x2140223e
12-30 11:20:04.932   398   464 D adayocomadapter-CommunicationManager: onUpstreamReceive mPropertyId 0x21402119
12-30 11:20:04.932   398   464 D adayocomadapter-CommunicationManager: convertBytesToInt32Memcpy  0
12-30 11:20:04.932   398   464 I vw-vhal : notifyVehicleProperty, propId = 0x21402119, data = {status: 2, int32Values: [0]}
12-30 11:20:04.932   398   464 I vw-vhal : CanSignalsAdapter::notifyVehicleProperty: solvedValue = {.timestamp = 9740753973159, .areaId = 0, .prop = 557850905, .status = AVAILABLE, .value = {.int32Values = [1]{0}, .floatValues = [0]{}, .int64Values = [0]{}, .bytes = [0]{}, .stringValue = ""}}
12-30 11:20:04.932   398   464 I VehiclePropertyStore: begin to write value to Store: {.timestamp = 9740753973159, .areaId = 0, .prop = 557850905, .status = AVAILABLE, .value = {.int32Values = [1]{0}, .floatValues = [0]{}, .int64Values = [0]{}, .bytes = [0]{}, .stringValue = ""}}
12-30 11:20:04.932   398   464 I DefaultVehicleHal_v2_0: DefaultVehicleHal::onPropertyValue, value:{.timestamp = 9740753973159, .areaId = 0, .prop = 557850905, .status = AVAILABLE, .value = {.int32Values = [1]{0}, .floatValues = [0]{}, .int64Values = [0]{}, .bytes = [0]{}, .stringValue = ""}}
12-30 11:20:04.932   398   464 D DiagPropHandler: is not DiagnosticConfig: 0x21402119
12-30 11:20:04.932   398   464 I VehiclePropertyStore: begin to write value to Store: {.timestamp = 9740753973159, .areaId = 0, .prop = 557850905, .status = AVAILABLE, .value = {.int32Values = [1]{0}, .floatValues = [0]{}, .int64Values = [0]{}, .bytes = [0]{}, .stringValue = ""}}
12-30 11:20:04.932   398   464 D adayocomadapter-CommunicationManager: onUpstreamReceive mPropertyId 0x21402119
12-30 11:20:04.932   398   464 D adayocomadapter-CommunicationManager: onUpstreamReceive mPropertyId 0x21402005
12-30 11:20:04.932   398   464 D adayocomadapter-CommunicationManager: convertBytesToInt32Memcpy  0
12-30 11:20:04.932   398   464 I vw-vhal : notifyVehicleProperty, propId = 0x21402005, data = {status: 2, int32Values: [0]}
12-30 11:20:04.932   398   464 I vw-vhal : CanSignalsAdapter::notifyVehicleProperty: solvedValue = {.timestamp = 9740754321825, .areaId = 0, .prop = 557850629, .status = AVAILABLE, .value = {.int32Values = [1]{0}, .floatValues = [0]{}, .int64Values = [0]{}, .bytes = [0]{}, .stringValue = ""}}
12-30 11:20:04.932   398   464 I VehiclePropertyStore: begin to write value to Store: {.timestamp = 9740754321825, .areaId = 0, .prop = 557850629, .status = AVAILABLE, .value = {.int32Values = [1]{0}, .floatValues = [0]{}, .int64Values = [0]{}, .bytes = [0]{}, .stringValue = ""}}
12-30 11:20:04.932   398   464 I DefaultVehicleHal_v2_0: DefaultVehicleHal::onPropertyValue, value:{.timestamp = 9740754321825, .areaId = 0, .prop = 557850629, .status = AVAILABLE, .value = {.int32Values = [1]{0}, .floatValues = [0]{}, .int64Values = [0]{}, .bytes = [0]{}, .stringValue = ""}}
12-30 11:20:04.932   398   464 D DiagPropHandler: is not DiagnosticConfig: 0x21402005
12-30 11:20:04.932   398   464 I VehiclePropertyStore: begin to write value to Store: {.timestamp = 9740754321825, .areaId = 0, .prop = 557850629, .status = AVAILABLE, .value = {.int32Values = [1]{0}, .floatValues = [0]{}, .int64Values = [0]{}, .bytes = [0]{}, .stringValue = ""}}
12-30 11:20:04.932   398   464 D adayocomadapter-CommunicationManager: onUpstreamReceive mPropertyId 0x21402005
12-30 11:20:04.932   398   464 D adayocomadapter-CommunicationManager: onUpstreamReceive mPropertyId 0x2140214e
12-30 11:20:04.932   398   464 D adayocomadapter-CommunicationManager: convertBytesToInt32Memcpy  0
12-30 11:20:04.932   398   464 I vw-vhal : notifyVehicleProperty, propId = 0x2140214e, data = {status: 2, int32Values: [0]}
12-30 11:20:04.932   398   464 I vw-vhal : CanSignalsAdapter::notifyVehicleProperty: solvedValue = {.timestamp = 9740754663159, .areaId = 0, .prop = 557850958, .status = AVAILABLE, .value = {.int32Values = [1]{0}, .floatValues = [0]{}, .int64Values = [0]{}, .bytes = [0]{}, .stringValue = ""}}
12-30 11:20:04.932   398   464 I VehiclePropertyStore: begin to write value to Store: {.timestamp = 9740754663159, .areaId = 0, .prop = 557850958, .status = AVAILABLE, .value = {.int32Values = [1]{0}, .floatValues = [0]{}, .int64Values = [0]{}, .bytes = [0]{}, .stringValue = ""}}
12-30 11:20:04.933   398   464 I DefaultVehicleHal_v2_0: DefaultVehicleHal::onPropertyValue, value:{.timestamp = 9740754663159, .areaId = 0, .prop = 557850958, .status = AVAILABLE, .value = {.int32Values = [1]{0}, .floatValues = [0]{}, .int64Values = [0]{}, .bytes = [0]{}, .stringValue = ""}}
12-30 11:20:04.933   398   464 D DiagPropHandler: is not DiagnosticConfig: 0x2140214e
12-30 11:20:04.933   398   464 I VehiclePropertyStore: begin to write value to Store: {.timestamp = 9740754663159, .areaId = 0, .prop = 557850958, .status = AVAILABLE, .value = {.int32Values = [1]{0}, .floatValues = [0]{}, .int64Values = [0]{}, .bytes = [0]{}, .stringValue = ""}}
12-30 11:20:04.933   398   464 D adayocomadapter-CommunicationManager: onUpstreamReceive mPropertyId 0x2140214e
12-30 11:20:04.933   398   464 D adayocomadapter-CommunicationManager: onUpstreamReceive mPropertyId 0x21402056
12-30 11:20:04.933   398   464 D adayocomadapter-CommunicationManager: convertBytesToInt32Memcpy  0
12-30 11:20:04.933   398   464 I vw-vhal : notifyVehicleProperty, propId = 0x21402056, data = {status: 2, int32Values: [0]}
12-30 11:20:04.933   398   464 I vw-vhal : CanSignalsAdapter::notifyVehicleProperty: solvedValue = {.timestamp = 9740755103492, .areaId = 0, .prop = 557850710, .status = AVAILABLE, .value = {.int32Values = [1]{0}, .floatValues = [0]{}, .int64Values = [0]{}, .bytes = [0]{}, .stringValue = ""}}
12-30 11:20:04.933   398   464 I VehiclePropertyStore: begin to write value to Store: {.timestamp = 9740755103492, .areaId = 0, .prop = 557850710, .status = AVAILABLE, .value = {.int32Values = [1]{0}, .floatValues = [0]{}, .int64Values = [0]{}, .bytes = [0]{}, .stringValue = ""}}
12-30 11:20:04.933   398   464 I DefaultVehicleHal_v2_0: DefaultVehicleHal::onPropertyValue, value:{.timestamp = 9740755103492, .areaId = 0, .prop = 557850710, .status = AVAILABLE, .value = {.int32Values = [1]{0}, .floatValues = [0]{}, .int64Values = [0]{}, .bytes = [0]{}, .stringValue = ""}}
12-30 11:20:04.933   398   464 D DiagPropHandler: is not DiagnosticConfig: 0x21402056
12-30 11:20:04.933   398   464 I VehiclePropertyStore: begin to write value to Store: {.timestamp = 9740755103492, .areaId = 0, .prop = 557850710, .status = AVAILABLE, .value = {.int32Values = [1]{0}, .floatValues = [0]{}, .int64Values = [0]{}, .bytes = [0]{}, .stringValue = ""}}
12-30 11:20:04.933   398   464 D adayocomadapter-CommunicationManager: onUpstreamReceive mPropertyId 0x21402056
12-30 11:20:04.933   398   464 D adayocomadapter-CommunicationManager: onUpstreamReceive mPropertyId 0x21402057
12-30 11:20:04.933   398   464 D adayocomadapter-CommunicationManager: convertBytesToInt32Memcpy  0
12-30 11:20:04.933   398   464 I vw-vhal : notifyVehicleProperty, propId = 0x21402057, data = {status: 2, int32Values: [0]}
12-30 11:20:04.933   398   464 I vw-vhal : CanSignalsAdapter::notifyVehicleProperty: solvedValue = {.timestamp = 9740755452825, .areaId = 0, .prop = 557850711, .status = AVAILABLE, .value = {.int32Values = [1]{0}, .floatValues = [0]{}, .int64Values = [0]{}, .bytes = [0]{}, .stringValue = ""}}
12-30 11:20:04.933   398   464 I VehiclePropertyStore: begin to write value to Store: {.timestamp = 9740755452825, .areaId = 0, .prop = 557850711, .status = AVAILABLE, .value = {.int32Values = [1]{0}, .floatValues = [0]{}, .int64Values = [0]{}, .bytes = [0]{}, .stringValue = ""}}
12-30 11:20:04.933   398   464 I DefaultVehicleHal_v2_0: DefaultVehicleHal::onPropertyValue, value:{.timestamp = 9740755452825, .areaId = 0, .prop = 557850711, .status = AVAILABLE, .value = {.int32Values = [1]{0}, .floatValues = [0]{}, .int64Values = [0]{}, .bytes = [0]{}, .stringValue = ""}}
12-30 11:20:04.933   398   464 D DiagPropHandler: is not DiagnosticConfig: 0x21402057
12-30 11:20:04.933   398   464 I VehiclePropertyStore: begin to write value to Store: {.timestamp = 9740755452825, .areaId = 0, .prop = 557850711, .status = AVAILABLE, .value = {.int32Values = [1]{0}, .floatValues = [0]{}, .int64Values = [0]{}, .bytes = [0]{}, .stringValue = ""}}
12-30 11:20:04.933   398   464 D adayocomadapter-CommunicationManager: onUpstreamReceive mPropertyId 0x21402057
12-30 11:20:04.933   398   464 D adayocomadapter-CommunicationManager: onUpstreamReceive mPropertyId 0x21402058
12-30 11:20:04.933   398   464 D adayocomadapter-CommunicationManager: convertBytesToInt32Memcpy  0
12-30 11:20:04.933   398   464 I vw-vhal : notifyVehicleProperty, propId = 0x21402058, data = {status: 2, int32Values: [0]}
12-30 11:20:04.933   398   464 I vw-vhal : CanSignalsAdapter::notifyVehicleProperty: solvedValue = {.timestamp = 9740755790492, .areaId = 0, .prop = 557850712, .status = AVAILABLE, .value = {.int32Values = [1]{0}, .floatValues = [0]{}, .int64Values = [0]{}, .bytes = [0]{}, .stringValue = ""}}
12-30 11:20:04.934   398   464 I VehiclePropertyStore: begin to write value to Store: {.timestamp = 9740755790492, .areaId = 0, .prop = 557850712, .status = AVAILABLE, .value = {.int32Values = [1]{0}, .floatValues = [0]{}, .int64Values = [0]{}, .bytes = [0]{}, .stringValue = ""}}
12-30 11:20:04.934   398   464 I DefaultVehicleHal_v2_0: DefaultVehicleHal::onPropertyValue, value:{.timestamp = 9740755790492, .areaId = 0, .prop = 557850712, .status = AVAILABLE, .value = {.int32Values = [1]{0}, .floatValues = [0]{}, .int64Values = [0]{}, .bytes = [0]{}, .stringValue = ""}}
12-30 11:20:04.934   398   464 D DiagPropHandler: is not DiagnosticConfig: 0x21402058
12-30 11:20:04.934   398   464 I VehiclePropertyStore: begin to write value to Store: {.timestamp = 9740755790492, .areaId = 0, .prop = 557850712, .status = AVAILABLE, .value = {.int32Values = [1]{0}, .floatValues = [0]{}, .int64Values = [0]{}, .bytes = [0]{}, .stringValue = ""}}
12-30 11:20:04.934   398   464 D adayocomadapter-CommunicationManager: onUpstreamReceive mPropertyId 0x21402058
12-30 11:20:04.934   398   464 D adayocomadapter-CommunicationManager: onUpstreamReceive mPropertyId 0x2140205a
12-30 11:20:04.934   398   464 D adayocomadapter-CommunicationManager: convertBytesToInt32Memcpy  0
12-30 11:20:04.934   398   464 I vw-vhal : notifyVehicleProperty, propId = 0x2140205a, data = {status: 2, int32Values: [0]}
12-30 11:20:04.934   398   464 I vw-vhal : CanSignalsAdapter::notifyVehicleProperty: solvedValue = {.timestamp = 9740756288825, .areaId = 0, .prop = 557850714, .status = AVAILABLE, .value = {.int32Values = [1]{0}, .floatValues = [0]{}, .int64Values = [0]{}, .bytes = [0]{}, .stringValue = ""}}
12-30 11:20:04.934   398   464 I VehiclePropertyStore: begin to write value to Store: {.timestamp = 9740756288825, .areaId = 0, .prop = 557850714, .status = AVAILABLE, .value = {.int32Values = [1]{0}, .floatValues = [0]{}, .int64Values = [0]{}, .bytes = [0]{}, .stringValue = ""}}
12-30 11:20:04.934   398   464 I DefaultVehicleHal_v2_0: DefaultVehicleHal::onPropertyValue, value:{.timestamp = 9740756288825, .areaId = 0, .prop = 557850714, .status = AVAILABLE, .value = {.int32Values = [1]{0}, .floatValues = [0]{}, .int64Values = [0]{}, .bytes = [0]{}, .stringValue = ""}}
12-30 11:20:04.934   398   464 D DiagPropHandler: is not DiagnosticConfig: 0x2140205a
12-30 11:20:04.934   398   464 I VehiclePropertyStore: begin to write value to Store: {.timestamp = 9740756288825, .areaId = 0, .prop = 557850714, .status = AVAILABLE, .value = {.int32Values = [1]{0}, .floatValues = [0]{}, .int64Values = [0]{}, .bytes = [0]{}, .stringValue = ""}}
12-30 11:20:04.934   398   464 D adayocomadapter-CommunicationManager: onUpstreamReceive mPropertyId 0x2140205a
12-30 11:20:04.934   398   464 D adayocomadapter-CommunicationManager: onUpstreamReceive mPropertyId 0x2140205b
12-30 11:20:04.934   398   464 D adayocomadapter-CommunicationManager: convertBytesToInt32Memcpy  0
12-30 11:20:04.934   398   464 I vw-vhal : notifyVehicleProperty, propId = 0x2140205b, data = {status: 2, int32Values: [0]}
12-30 11:20:04.934   398   464 I vw-vhal : CanSignalsAdapter::notifyVehicleProperty: solvedValue = {.timestamp = 9740756784492, .areaId = 0, .prop = 557850715, .status = AVAILABLE, .value = {.int32Values = [1]{0}, .floatValues = [0]{}, .int64Values = [0]{}, .bytes = [0]{}, .stringValue = ""}}
12-30 11:20:04.935   398   464 I VehiclePropertyStore: begin to write value to Store: {.timestamp = 9740756784492, .areaId = 0, .prop = 557850715, .status = AVAILABLE, .value = {.int32Values = [1]{0}, .floatValues = [0]{}, .int64Values = [0]{}, .bytes = [0]{}, .stringValue = ""}}
12-30 11:20:04.935   398   464 I DefaultVehicleHal_v2_0: DefaultVehicleHal::onPropertyValue, value:{.timestamp = 9740756784492, .areaId = 0, .prop = 557850715, .status = AVAILABLE, .value = {.int32Values = [1]{0}, .floatValues = [0]{}, .int64Values = [0]{}, .bytes = [0]{}, .stringValue = ""}}
12-30 11:20:04.935   398   464 D DiagPropHandler: is not DiagnosticConfig: 0x2140205b
12-30 11:20:04.935   398   464 I VehiclePropertyStore: begin to write value to Store: {.timestamp = 9740756784492, .areaId = 0, .prop = 557850715, .status = AVAILABLE, .value = {.int32Values = [1]{0}, .floatValues = [0]{}, .int64Values = [0]{}, .bytes = [0]{}, .stringValue = ""}}
12-30 11:20:04.935   398   464 D adayocomadapter-CommunicationManager: onUpstreamReceive mPropertyId 0x2140205b
12-30 11:20:04.935   398   464 D adayocomadapter-CommunicationManager: onUpstreamReceive mPropertyId 0x2140205c
12-30 11:20:04.935   398   464 D adayocomadapter-CommunicationManager: convertBytesToInt32Memcpy  0
12-30 11:20:04.935   398   464 I vw-vhal : notifyVehicleProperty, propId = 0x2140205c, data = {status: 2, int32Values: [0]}
12-30 11:20:04.935   398   464 I vw-vhal : CanSignalsAdapter::notifyVehicleProperty: solvedValue = {.timestamp = 9740757128825, .areaId = 0, .prop = 557850716, .status = AVAILABLE, .value = {.int32Values = [1]{0}, .floatValues = [0]{}, .int64Values = [0]{}, .bytes = [0]{}, .stringValue = ""}}
12-30 11:20:04.935   398   464 I VehiclePropertyStore: begin to write value to Store: {.timestamp = 9740757128825, .areaId = 0, .prop = 557850716, .status = AVAILABLE, .value = {.int32Values = [1]{0}, .floatValues = [0]{}, .int64Values = [0]{}, .bytes = [0]{}, .stringValue = ""}}
12-30 11:20:04.935   398   464 I DefaultVehicleHal_v2_0: DefaultVehicleHal::onPropertyValue, value:{.timestamp = 9740757128825, .areaId = 0, .prop = 557850716, .status = AVAILABLE, .value = {.int32Values = [1]{0}, .floatValues = [0]{}, .int64Values = [0]{}, .bytes = [0]{}, .stringValue = ""}}
12-30 11:20:04.935   398   464 D DiagPropHandler: is not DiagnosticConfig: 0x2140205c
12-30 11:20:04.935   398   464 I VehiclePropertyStore: begin to write value to Store: {.timestamp = 9740757128825, .areaId = 0, .prop = 557850716, .status = AVAILABLE, .value = {.int32Values = [1]{0}, .floatValues = [0]{}, .int64Values = [0]{}, .bytes = [0]{}, .stringValue = ""}}
12-30 11:20:04.935   398   464 D adayocomadapter-CommunicationManager: onUpstreamReceive mPropertyId 0x2140205c
12-30 11:20:04.935   398   464 D adayocomadapter-CommunicationManager: onUpstreamReceive mPropertyId 0x2140218e
12-30 11:20:04.935   398   464 D adayocomadapter-CommunicationManager: convertBytesToInt32Memcpy  0
12-30 11:20:04.935   398   464 I vw-vhal : notifyVehicleProperty, propId = 0x2140218e, data = {status: 2, int32Values: [0]}
12-30 11:20:04.935   398   464 I vw-vhal : CanSignalsAdapter::notifyVehicleProperty: solvedValue = {.timestamp = 9740757497159, .areaId = 0, .prop = 557851022, .status = AVAILABLE, .value = {.int32Values = [1]{0}, .floatValues = [0]{}, .int64Values = [0]{}, .bytes = [0]{}, .stringValue = ""}}
12-30 11:20:04.935   398   464 I VehiclePropertyStore: begin to write value to Store: {.timestamp = 9740757497159, .areaId = 0, .prop = 557851022, .status = AVAILABLE, .value = {.int32Values = [1]{0}, .floatValues = [0]{}, .int64Values = [0]{}, .bytes = [0]{}, .stringValue = ""}}
12-30 11:20:04.935   398   464 I DefaultVehicleHal_v2_0: DefaultVehicleHal::onPropertyValue, value:{.timestamp = 9740757497159, .areaId = 0, .prop = 557851022, .status = AVAILABLE, .value = {.int32Values = [1]{0}, .floatValues = [0]{}, .int64Values = [0]{}, .bytes = [0]{}, .stringValue = ""}}
12-30 11:20:04.935   398   464 D DiagPropHandler: is not DiagnosticConfig: 0x2140218e
12-30 11:20:04.935   360   458 D EvsDriver: doneWithFrame
12-30 11:20:04.935   398   464 I VehiclePropertyStore: begin to write value to Store: {.timestamp = 9740757497159, .areaId = 0, .prop = 557851022, .status = AVAILABLE, .value = {.int32Values = [1]{0}, .floatValues = [0]{}, .int64Values = [0]{}, .bytes = [0]{}, .stringValue = ""}}
12-30 11:20:04.935   398   464 D adayocomadapter-CommunicationManager: onUpstreamReceive mPropertyId 0x2140218e
12-30 11:20:04.935   398   464 D adayocomadapter-CommunicationManager: onUpstreamReceive mPropertyId 0x2140218f
12-30 11:20:04.935   398   464 D adayocomadapter-CommunicationManager: convertBytesToInt32Memcpy  0
12-30 11:20:04.935   398   464 I vw-vhal : notifyVehicleProperty, propId = 0x2140218f, data = {status: 2, int32Values: [0]}
12-30 11:20:04.936   398   464 I vw-vhal : CanSignalsAdapter::notifyVehicleProperty: solvedValue = {.timestamp = 9740757834825, .areaId = 0, .prop = 557851023, .status = AVAILABLE, .value = {.int32Values = [1]{0}, .floatValues = [0]{}, .int64Values = [0]{}, .bytes = [0]{}, .stringValue = ""}}
12-30 11:20:04.936   398   464 I VehiclePropertyStore: begin to write value to Store: {.timestamp = 9740757834825, .areaId = 0, .prop = 557851023, .status = AVAILABLE, .value = {.int32Values = [1]{0}, .floatValues = [0]{}, .int64Values = [0]{}, .bytes = [0]{}, .stringValue = ""}}
12-30 11:20:04.936   398   464 I DefaultVehicleHal_v2_0: DefaultVehicleHal::onPropertyValue, value:{.timestamp = 9740757834825, .areaId = 0, .prop = 557851023, .status = AVAILABLE, .value = {.int32Values = [1]{0}, .floatValues = [0]{}, .int64Values = [0]{}, .bytes = [0]{}, .stringValue = ""}}
12-30 11:20:04.936   398   464 D DiagPropHandler: is not DiagnosticConfig: 0x2140218f
12-30 11:20:04.936   398   464 I VehiclePropertyStore: begin to write value to Store: {.timestamp = 9740757834825, .areaId = 0, .prop = 557851023, .status = AVAILABLE, .value = {.int32Values = [1]{0}, .floatValues = [0]{}, .int64Values = [0]{}, .bytes = [0]{}, .stringValue = ""}}
12-30 11:20:04.936   398   464 D adayocomadapter-CommunicationManager: onUpstreamReceive mPropertyId 0x2140218f
12-30 11:20:04.936   398   464 D adayocomadapter-CommunicationManager: onUpstreamReceive mPropertyId 0x21402191
12-30 11:20:04.936   398   464 D adayocomadapter-CommunicationManager: convertBytesToInt32Memcpy  0
12-30 11:20:04.936   398   464 I vw-vhal : notifyVehicleProperty, propId = 0x21402191, data = {status: 2, int32Values: [0]}
12-30 11:20:04.936   398   464 I vw-vhal : CanSignalsAdapter::notifyVehicleProperty: solvedValue = {.timestamp = 9740758173159, .areaId = 0, .prop = 557851025, .status = AVAILABLE, .value = {.int32Values = [1]{0}, .floatValues = [0]{}, .int64Values = [0]{}, .bytes = [0]{}, .stringValue = ""}}
12-30 11:20:04.936   398   464 I VehiclePropertyStore: begin to write value to Store: {.timestamp = 9740758173159, .areaId = 0, .prop = 557851025, .status = AVAILABLE, .value = {.int32Values = [1]{0}, .floatValues = [0]{}, .int64Values = [0]{}, .bytes = [0]{}, .stringValue = ""}}
12-30 11:20:04.936   398   464 I DefaultVehicleHal_v2_0: DefaultVehicleHal::onPropertyValue, value:{.timestamp = 9740758173159, .areaId = 0, .prop = 557851025, .status = AVAILABLE, .value = {.int32Values = [1]{0}, .floatValues = [0]{}, .int64Values = [0]{}, .bytes = [0]{}, .stringValue = ""}}
12-30 11:20:04.936   398   464 D DiagPropHandler: is not DiagnosticConfig: 0x21402191
12-30 11:20:04.936   398   464 I VehiclePropertyStore: begin to write value to Store: {.timestamp = 9740758173159, .areaId = 0, .prop = 557851025, .status = AVAILABLE, .value = {.int32Values = [1]{0}, .floatValues = [0]{}, .int64Values = [0]{}, .bytes = [0]{}, .stringValue = ""}}
12-30 11:20:04.936   398   464 D adayocomadapter-CommunicationManager: onUpstreamReceive mPropertyId 0x21402191
12-30 11:20:04.936   398   464 D adayocomadapter-CommunicationManager: onUpstreamReceive mPropertyId 0x2140223d
12-30 11:20:04.936   398   464 D adayocomadapter-CommunicationManager: convertBytesToInt32Memcpy  0
12-30 11:20:04.936   398   464 I vw-vhal : notifyVehicleProperty, propId = 0x2140223d, data = {status: 2, int32Values: [0]}
12-30 11:20:04.936   398   464 I vw-vhal : CanSignalsAdapter::notifyVehicleProperty: solvedValue = {.timestamp = 9740758648825, .areaId = 0, .prop = 557851197, .status = AVAILABLE, .value = {.int32Values = [1]{0}, .floatValues = [0]{}, .int64Values = [0]{}, .bytes = [0]{}, .stringValue = ""}}
12-30 11:20:04.936   398   464 I VehiclePropertyStore: begin to write value to Store: {.timestamp = 9740758648825, .areaId = 0, .prop = 557851197, .status = AVAILABLE, .value = {.int32Values = [1]{0}, .floatValues = [0]{}, .int64Values = [0]{}, .bytes = [0]{}, .stringValue = ""}}
12-30 11:20:04.936   398   464 I DefaultVehicleHal_v2_0: DefaultVehicleHal::onPropertyValue, value:{.timestamp = 9740758648825, .areaId = 0, .prop = 557851197, .status = AVAILABLE, .value = {.int32Values = [1]{0}, .floatValues = [0]{}, .int64Values = [0]{}, .bytes = [0]{}, .stringValue = ""}}
12-30 11:20:04.936   398   464 D DiagPropHandler: is not DiagnosticConfig: 0x2140223d
12-30 11:20:04.936   398   464 I VehiclePropertyStore: begin to write value to Store: {.timestamp = 9740758648825, .areaId = 0, .prop = 557851197, .status = AVAILABLE, .value = {.int32Values = [1]{0}, .floatValues = [0]{}, .int64Values = [0]{}, .bytes = [0]{}, .stringValue = ""}}
12-30 11:20:04.937   398   464 D adayocomadapter-CommunicationManager: onUpstreamReceive mPropertyId 0x2140223d
12-30 11:20:04.939   596  3076 E WifiHAL : Invalid data received from driver
12-30 11:20:04.940  2358  2623 D RcfController: Rcf proxy is not connected!
12-30 11:20:04.961   360   931 D EvsDriver: forwardFrame
12-30 11:20:04.961   360   931 D EvsDriver: forwardFrameDirect
12-30 11:20:04.961   360   931 D EvsDriver: Delivered 0xb400e2ca9e40e270 as id 0
12-30 11:20:04.961   359  2784 D evsmanagerd: /dev/video-evs0 forwarded the buffer #0 to 0xb400f125d2b26dd0 from 0xb400f125e2b20710
12-30 11:20:04.965   360   458 D EvsDriver: doneWithFrame
12-30 11:20:04.990  2358  2623 D RcfController: Rcf proxy is not connected!
12-30 11:20:04.992  1667  2407 I media_message_log->MediaMessageProxy: (SourceFile:1)b connectToService action bind
12-30 11:20:04.993   916  5915 W ActivityManager: Unable to start service Intent { cmp=com.adayo.server.mediamessagetransfer/.MediaMessTransferService (has extras) } U=0: not found
12-30 11:20:04.993  1667  2407 E media_message_log->MediaMessageProxy: (SourceFile:7)a bindServiceAsUser isBound = false
12-30 11:20:04.988   705   705 I auditd  : type=1400 audit(0.0:1089063): avc:  denied  { read } for  comm="sDefaultContext" laddr=239.0.2.1 lport=30490 scontext=u:r:generic-someip-gateway:s0 tcontext=u:r:generic-someip-gateway:s0 tclass=udp_socket permissive=1
12-30 11:20:04.988   705   705 I sDefaultContext: type=1400 audit(0.0:1089063): avc:  denied  { read } for  laddr=239.0.2.1 lport=30490 scontext=u:r:generic-someip-gateway:s0 tcontext=u:r:generic-someip-gateway:s0 tclass=udp_socket permissive=1
12-30 11:20:04.994   360   931 D EvsDriver: forwardFrame
12-30 11:20:04.994   360   931 D EvsDriver: forwardFrameDirect
12-30 11:20:04.994   360   931 D EvsDriver: Delivered 0xb400e2ca9e40d4b0 as id 1
12-30 11:20:04.994   359  2784 D evsmanagerd: /dev/video-evs0 forwarded the buffer #1 to 0xb400f125d2b26dd0 from 0xb400f125e2b20710
12-30 11:20:04.996   360   458 D EvsDriver: doneWithFrame
12-30 11:20:05.012   596  3076 E WifiHAL : Invalid data received from driver
12-30 11:20:05.027   360   931 D EvsDriver: forwardFrame
12-30 11:20:05.027   360   931 D EvsDriver: forwardFrameDirect
12-30 11:20:05.027   360   931 D EvsDriver: Delivered 0xb400e2ca9e40c2d0 as id 0
12-30 11:20:05.028   359  2784 D evsmanagerd: /dev/video-evs0 forwarded the buffer #0 to 0xb400f125d2b26dd0 from 0xb400f125e2b20710
12-30 11:20:05.036   360   458 D EvsDriver: doneWithFrame
12-30 11:20:05.040  2358  2623 D RcfController: Rcf proxy is not connected!
12-30 11:20:05.056   596  3076 E WifiHAL : Invalid data received from driver
12-30 11:20:05.061   360   931 D EvsDriver: forwardFrame
12-30 11:20:05.061   360   931 D EvsDriver: forwardFrameDirect
12-30 11:20:05.061   360   931 D EvsDriver: Delivered 0xb400e2ca9e40d090 as id 1
12-30 11:20:05.061   359  2784 D evsmanagerd: /dev/video-evs0 forwarded the buffer #1 to 0xb400f125d2b26dd0 from 0xb400f125e2b20710
12-30 11:20:05.066   360   458 D EvsDriver: doneWithFrame
12-30 11:20:05.090  2358  2623 D RcfController: Rcf proxy is not connected!
12-30 11:20:05.094   360   931 D EvsDriver: forwardFrame
12-30 11:20:05.094   360   931 D EvsDriver: forwardFrameDirect
12-30 11:20:05.094   360   931 D EvsDriver: Delivered 0xb400e2ca9e40e110 as id 0
12-30 11:20:05.094   359  2784 D evsmanagerd: /dev/video-evs0 forwarded the buffer #0 to 0xb400f125d2b26dd0 from 0xb400f125e2b20710
12-30 11:20:05.097   360   458 D EvsDriver: doneWithFrame
12-30 11:20:05.127   360   931 D EvsDriver: forwardFrame
12-30 11:20:05.127   360   931 D EvsDriver: forwardFrameDirect
12-30 11:20:05.128   360   931 D EvsDriver: Delivered 0xb400e2ca9e40c7a0 as id 1
12-30 11:20:05.128   359  2784 D evsmanagerd: /dev/video-evs0 forwarded the buffer #1 to 0xb400f125d2b26dd0 from 0xb400f125e2b20710
12-30 11:20:05.129   596  3076 E WifiHAL : Invalid data received from driver
12-30 11:20:05.137   360   458 D EvsDriver: doneWithFrame
12-30 11:20:05.141  2358  2623 D RcfController: Rcf proxy is not connected!
12-30 11:20:05.161   360   931 D EvsDriver: forwardFrame
12-30 11:20:05.161   360   931 D EvsDriver: forwardFrameDirect
12-30 11:20:05.161   360   931 D EvsDriver: Delivered 0xb400e2ca9e40e270 as id 0
12-30 11:20:05.161   359  2784 D evsmanagerd: /dev/video-evs0 forwarded the buffer #0 to 0xb400f125d2b26dd0 from 0xb400f125e2b20710
12-30 11:20:05.168   360   458 D EvsDriver: doneWithFrame
12-30 11:20:05.174   596  3076 E WifiHAL : Invalid data received from driver
12-30 11:20:05.191  2358  2623 D RcfController: Rcf proxy is not connected!
12-30 11:20:05.194   360   931 D EvsDriver: forwardFrame
12-30 11:20:05.194   360   931 D EvsDriver: forwardFrameDirect
12-30 11:20:05.194   360   931 D EvsDriver: Delivered 0xb400e2ca9e40d4b0 as id 1
12-30 11:20:05.194   359  2784 D evsmanagerd: /dev/video-evs0 forwarded the buffer #1 to 0xb400f125d2b26dd0 from 0xb400f125e2b20710
12-30 11:20:05.197   650   729 D fgemcucomm: sd Uart data : 6AA6022FE80002920251
12-30 11:20:05.197   650   729 D fgemcucomm: rev uart=80455,len=65, data : 6AA6812FE8003992020017000000000000000000000000000000000000000000000000000000000000000000000000000000000000000000000000000000000084
12-30 11:20:05.198   398   882 D adayocomadapter-ParseProtocolFunc: printRaWMsg Name[MCUToUPstream recv] len[57] data[920200170000000000000000000000000000000000000000000000000000000000000000000000000000000000000000000000000000000000]
12-30 11:20:05.198   398   882 D adayocomadapter-CommunicationManager: onUpstreamback   member[0] dataLength[54] timePoint[9741020]
12-30 11:20:05.198   398   882 D adayocomadapter-ParseProtocolFunc: printRaWMsg Name[onUpstreamback] len[54] data[170000000000000000000000000000000000000000000000000000000000000000000000000000000000000000000000000000000000]
12-30 11:20:05.198   360   458 D EvsDriver: doneWithFrame
12-30 11:20:05.198   398   464 D adayocomadapter-UpstreamHandler: processBeforePacket upSreamtProcessTimePoint[9741020] 
12-30 11:20:05.198   398   464 D adayocomadapter-UpstreamHandler: processPacket UPSTREAM_QUEUE_DATA_TIMEOUT
12-30 11:20:05.198   398   464 D adayocomadapter-ParseProtocolFunc: parseCommonIPCLBytes Processing tableNumber[23]
12-30 11:20:05.198   398   464 D adayocomadapter-ParseProtocolFunc: parseCommonIPCLBytes Processing tablename[Table-23] tableSize[54]
12-30 11:20:05.198   596  3076 E WifiHAL : Invalid data received from driver
12-30 11:20:05.198   398   464 D adayocomadapter-ParseProtocolFunc: printRaWMsg Name[byteStream recv] len[54] data[170000000000000000000000000000000000000000000000000000000000000000000000000000000000000000000000000000000000]
12-30 11:20:05.199   398   464 D adayocomadapter-ParseProtocolFunc: printRaWMsg Name[IPCLtoVHAL] len[6] data[214021020000]
12-30 11:20:05.199   398   464 D adayocomadapter-ParseProtocolFunc: printRaWMsg Name[IPCLtoVHAL] len[6] data[214021100000]
12-30 11:20:05.199   398   464 D adayocomadapter-ParseProtocolFunc: printRaWMsg Name[IPCLtoVHAL] len[6] data[214020E20000]
12-30 11:20:05.199   398   464 D adayocomadapter-ParseProtocolFunc: printRaWMsg Name[IPCLtoVHAL] len[7] data[21402043000000]
12-30 11:20:05.199   398   464 D adayocomadapter-ParseProtocolFunc: printRaWMsg Name[IPCLtoVHAL] len[9] data[214020370000000000]
12-30 11:20:05.199   398   464 D adayocomadapter-ParseProtocolFunc: printRaWMsg Name[IPCLtoVHAL] len[6] data[214020EE0000]
12-30 11:20:05.199   596  3076 E WifiHAL : Invalid data received from driver
12-30 11:20:05.199   398   464 D adayocomadapter-ParseProtocolFunc: printRaWMsg Name[IPCLtoVHAL] len[6] data[214021330000]
12-30 11:20:05.199   398   464 D adayocomadapter-ParseProtocolFunc: printRaWMsg Name[IPCLtoVHAL] len[6] data[2140210F0000]
12-30 11:20:05.199   398   464 D adayocomadapter-ParseProtocolFunc: printRaWMsg Name[IPCLtoVHAL] len[6] data[214020F00000]
12-30 11:20:05.199   398   464 D adayocomadapter-ParseProtocolFunc: printRaWMsg Name[IPCLtoVHAL] len[6] data[214020C10000]
12-30 11:20:05.199   398   464 D adayocomadapter-ParseProtocolFunc: printRaWMsg Name[IPCLtoVHAL] len[6] data[2140211F0000]
12-30 11:20:05.199   398   464 D adayocomadapter-ParseProtocolFunc: printRaWMsg Name[IPCLtoVHAL] len[6] data[214020940000]
12-30 11:20:05.199   596  3076 E WifiHAL : Invalid data received from driver
12-30 11:20:05.199   398   464 D adayocomadapter-ParseProtocolFunc: printRaWMsg Name[IPCLtoVHAL] len[9] data[214020360000000000]
12-30 11:20:05.199   398   464 D adayocomadapter-ParseProtocolFunc: printRaWMsg Name[IPCLtoVHAL] len[6] data[214020C30000]
12-30 11:20:05.199   398   464 D adayocomadapter-ParseProtocolFunc: printRaWMsg Name[IPCLtoVHAL] len[6] data[214021140000]
12-30 11:20:05.199   398   464 D adayocomadapter-ParseProtocolFunc: printRaWMsg Name[IPCLtoVHAL] len[6] data[214020B60000]
12-30 11:20:05.199   398   464 D adayocomadapter-ParseProtocolFunc: printRaWMsg Name[IPCLtoVHAL] len[6] data[214021150000]
12-30 11:20:05.200   398   464 D adayocomadapter-ParseProtocolFunc: printRaWMsg Name[IPCLtoVHAL] len[6] data[2140211A0000]
12-30 11:20:05.200   398   464 D adayocomadapter-ParseProtocolFunc: printRaWMsg Name[IPCLtoVHAL] len[9] data[2140204B0000000000]
12-30 11:20:05.200   398   464 D adayocomadapter-ParseProtocolFunc: printRaWMsg Name[IPCLtoVHAL] len[6] data[2140211B0000]
12-30 11:20:05.200   398   464 D adayocomadapter-ParseProtocolFunc: printRaWMsg Name[IPCLtoVHAL] len[9] data[2140203B0000000000]
12-30 11:20:05.200   398   464 D adayocomadapter-ParseProtocolFunc: printRaWMsg Name[IPCLtoVHAL] len[7] data[2140203F000000]
12-30 11:20:05.200   398   464 D adayocomadapter-ParseProtocolFunc: printRaWMsg Name[IPCLtoVHAL] len[7] data[2140203A000000]
12-30 11:20:05.200   398   464 D adayocomadapter-ParseProtocolFunc: printRaWMsg Name[IPCLtoVHAL] len[7] data[2140203E000000]
12-30 11:20:05.200   398   464 D adayocomadapter-ParseProtocolFunc: printRaWMsg Name[IPCLtoVHAL] len[7] data[21402042000000]
12-30 11:20:05.200   398   464 D adayocomadapter-ParseProtocolFunc: printRaWMsg Name[IPCLtoVHAL] len[7] data[21402039000000]
12-30 11:20:05.200   398   464 D adayocomadapter-ParseProtocolFunc: printRaWMsg Name[IPCLtoVHAL] len[7] data[2140203D000000]
12-30 11:20:05.200   398   464 D adayocomadapter-ParseProtocolFunc: printRaWMsg Name[IPCLtoVHAL] len[7] data[21402041000000]
12-30 11:20:05.200   398   464 D adayocomadapter-ParseProtocolFunc: printRaWMsg Name[IPCLtoVHAL] len[7] data[21402045000000]
12-30 11:20:05.200   398   464 D adayocomadapter-ParseProtocolFunc: printRaWMsg Name[IPCLtoVHAL] len[7] data[2140204D000000]
12-30 11:20:05.200   398   464 D adayocomadapter-ParseProtocolFunc: printRaWMsg Name[IPCLtoVHAL] len[6] data[2140220B0000]
12-30 11:20:05.200   398   464 D adayocomadapter-CommunicationManager: onUpstreamReceive mPropertyId 0x21402102
12-30 11:20:05.200   398   464 D adayocomadapter-CommunicationManager: convertBytesToInt32Memcpy  0
12-30 11:20:05.200   398   464 I vw-vhal : notifyVehicleProperty, propId = 0x21402102, data = {status: 2, int32Values: [0]}
12-30 11:20:05.201   398   464 I vw-vhal : CanSignalsAdapter::notifyVehicleProperty: solvedValue = {.timestamp = 9741022844159, .areaId = 0, .prop = 557850882, .status = AVAILABLE, .value = {.int32Values = [1]{0}, .floatValues = [0]{}, .int64Values = [0]{}, .bytes = [0]{}, .stringValue = ""}}
12-30 11:20:05.201   398   464 I VehiclePropertyStore: begin to write value to Store: {.timestamp = 9741022844159, .areaId = 0, .prop = 557850882, .status = AVAILABLE, .value = {.int32Values = [1]{0}, .floatValues = [0]{}, .int64Values = [0]{}, .bytes = [0]{}, .stringValue = ""}}
12-30 11:20:05.201   398   464 I DefaultVehicleHal_v2_0: DefaultVehicleHal::onPropertyValue, value:{.timestamp = 9741022844159, .areaId = 0, .prop = 557850882, .status = AVAILABLE, .value = {.int32Values = [1]{0}, .floatValues = [0]{}, .int64Values = [0]{}, .bytes = [0]{}, .stringValue = ""}}
12-30 11:20:05.201   398   464 D DiagPropHandler: is not DiagnosticConfig: 0x21402102
12-30 11:20:05.201   398   464 I VehiclePropertyStore: begin to write value to Store: {.timestamp = 9741022844159, .areaId = 0, .prop = 557850882, .status = AVAILABLE, .value = {.int32Values = [1]{0}, .floatValues = [0]{}, .int64Values = [0]{}, .bytes = [0]{}, .stringValue = ""}}
12-30 11:20:05.201   398   464 D adayocomadapter-CommunicationManager: onUpstreamReceive mPropertyId 0x21402102
12-30 11:20:05.201   398   464 D adayocomadapter-CommunicationManager: onUpstreamReceive mPropertyId 0x21402110
12-30 11:20:05.201   398   464 D adayocomadapter-CommunicationManager: convertBytesToInt32Memcpy  0
12-30 11:20:05.201   398   464 I vw-vhal : notifyVehicleProperty, propId = 0x21402110, data = {status: 2, int32Values: [0]}
12-30 11:20:05.201   398   464 I vw-vhal : CanSignalsAdapter::notifyVehicleProperty: solvedValue = {.timestamp = 9741023582159, .areaId = 0, .prop = 557850896, .status = AVAILABLE, .value = {.int32Values = [1]{0}, .floatValues = [0]{}, .int64Values = [0]{}, .bytes = [0]{}, .stringValue = ""}}
