12-30 11:20:05.227   360   931 D EvsDriver: forwardFrame
12-30 11:20:05.227   360   931 D EvsDriver: forwardFrameDirect
12-30 11:20:05.228   360   931 D EvsDriver: Delivered 0xb400e2ca9e40c2d0 as id 0
12-30 11:20:05.228   359  2784 D evsmanagerd: /dev/video-evs0 forwarded the buffer #0 to 0xb400f125d2b26dd0 from 0xb400f125e2b20710
12-30 11:20:05.235  3066  3066 D hostapd : nl80211: BSS Event 59 (NL80211_CMD_FRAME) received for wlan1
12-30 11:20:05.235  3066  3066 D hostapd : nl80211: RX frame da=ff:ff:ff:ff:ff:ff sa=cc:53:69:80:0a:c9 bssid=ff:ff:ff:ff:ff:ff freq=5745 ssi_signal=-9200 fc=0x40 seq_ctrl=0x5c0 stype=4 (WLAN_FC_STYPE_PROBE_REQ) len=260
12-30 11:20:05.235  3066  3066 D hostapd : Receive wpa msg : Event RX_MGMT (18) received
12-30 11:20:05.235  3066  3066 D hostapd : Receive wpa msg : RX-PROBE-REQUEST sa=cc:53:69:80:0a:c9 signal=-9200
12-30 11:20:05.235   596  3076 E WifiHAL : Invalid data received from driver
12-30 11:20:05.235  3066  3066 D hostapd : nl80211: send_mlme - da=cc:53:69:80:0a:c9 noack=1 freq=0 no_cck=0 offchanok=0 wait_time=0 no_encrypt=0 fc=0x50 (WLAN_FC_STYPE_PROBE_RESP) nlmode=3
12-30 11:20:05.235  3066  3066 D hostapd : nl80211: Use bss->freq=5745
12-30 11:20:05.235  3066  3066 D hostapd : nl80211: send_mlme -> send_frame_cmd
12-30 11:20:05.236  3066  3066 D hostapd : nl80211: Drv Event 60 (NL80211_CMD_FRAME_TX_STATUS) received for wlan1
12-30 11:20:05.236  3066  3066 D hostapd : nl80211: Frame TX status event A1=cc:53:69:80:0a:c9 stype=5 cookie=0x0 ack=0
12-30 11:20:05.236  3066  3066 D hostapd : wlan1: Event TX_STATUS (16) received
12-30 11:20:05.236  3066  3066 D hostapd : Receive wpa msg : Event TX_STATUS (16) received
12-30 11:20:05.239   360   458 D EvsDriver: doneWithFrame
12-30 11:20:05.241  2358  2623 D RcfController: Rcf proxy is not connected!
12-30 11:20:05.246   596  3076 E WifiHAL : Invalid data received from driver
12-30 11:20:05.261   360   931 D EvsDriver: forwardFrame
12-30 11:20:05.261   360   931 D EvsDriver: forwardFrameDirect
12-30 11:20:05.261   360   931 D EvsDriver: Delivered 0xb400e2ca9e40d090 as id 1
12-30 11:20:05.261   359  2784 D evsmanagerd: /dev/video-evs0 forwarded the buffer #1 to 0xb400f125d2b26dd0 from 0xb400f125e2b20710
12-30 11:20:05.269   360   458 D EvsDriver: doneWithFrame
12-30 11:20:05.279  1667  2410 I media_message_log->MediaMessageUserProxy: (SourceFile:1)b connectToService action bind
12-30 11:20:05.280   916  5915 W ActivityManager: Unable to start service Intent { cmp=com.adayo.server.mediamessagetransfer/.MediaMessTransferService (has extras) } U=0: not found
12-30 11:20:05.281  1667  2410 E media_message_log->MediaMessageUserProxy: (SourceFile:7)a bindServiceAsUser isBound = false
12-30 11:20:05.291  2358  2623 D RcfController: Rcf proxy is not connected!
12-30 11:20:05.294   360   931 D EvsDriver: forwardFrame
12-30 11:20:05.294   360   931 D EvsDriver: forwardFrameDirect
12-30 11:20:05.294   360   931 D EvsDriver: Delivered 0xb400e2ca9e40e110 as id 0
12-30 11:20:05.294   359  2784 D evsmanagerd: /dev/video-evs0 forwarded the buffer #0 to 0xb400f125d2b26dd0 from 0xb400f125e2b20710
12-30 11:20:05.299   360   458 D EvsDriver: doneWithFrame
12-30 11:20:05.300   596  3076 E WifiHAL : Invalid data received from driver
12-30 11:20:05.316  1582  3078 I c       : checkService in back thread add: adayo.upgrade.v2.0
12-30 11:20:05.317  1582  3078 E upgradeApp_251223_V1  l: d(null:11)pre->c(null:23)-> serviceBinder is null
12-30 11:20:05.317  1582  3078 W c       : doBindService in back thread fail: adayo.upgrade.v2.0
12-30 11:20:05.327   360   931 D EvsDriver: forwardFrame
12-30 11:20:05.327   360   931 D EvsDriver: forwardFrameDirect
12-30 11:20:05.328   360   931 D EvsDriver: Delivered 0xb400e2ca9e40c7a0 as id 1
12-30 11:20:05.328   359  2784 D evsmanagerd: /dev/video-evs0 forwarded the buffer #1 to 0xb400f125d2b26dd0 from 0xb400f125e2b20710
12-30 11:20:05.330  1667  2513 W ContextImpl: Calling a method in the system process without a qualified user: android.app.ContextImpl.bindService:1988 android.content.ContextWrapper.bindService:861 com.ford.sync.fnvservice.analytics.AnalyticsManager$RetryHandler.a:126 com.ford.sync.fnvservice.analytics.AnalyticsManager$RetryHandler.handleMessage:103 android.os.Handler.dispatchMessage:106 
12-30 11:20:05.330   360   458 D EvsDriver: doneWithFrame
12-30 11:20:05.331   916  5915 W ActivityManager: Unable to start service Intent { cmp=com.ford.sync.fnvservice/.analytics.AnalyticsService } U=0: not found
12-30 11:20:05.331  1667  2513 W AnalyticsManager:  bind ford Analytics failed -> sendRetryMessage 
01-01 10:42:22.346   722   722 I [schedu][0x2449e48df][03:20:05.336774] qcn7605: [722:I:PE] lim_process_action_frame_no_session: Unhandled action frame without session: 7f
12-30 11:20:05.342  2358  2623 D RcfController: Rcf proxy is not connected!
12-30 11:20:05.347   596  3076 E WifiHAL : Invalid data received from driver
12-30 11:20:05.361   360   931 D EvsDriver: forwardFrame
12-30 11:20:05.361   360   931 D EvsDriver: forwardFrameDirect
12-30 11:20:05.361   360   931 D EvsDriver: Delivered 0xb400e2ca9e40e270 as id 0
12-30 11:20:05.361   359  2784 D evsmanagerd: /dev/video-evs0 forwarded the buffer #0 to 0xb400f125d2b26dd0 from 0xb400f125e2b20710
12-30 11:20:05.370   360   458 D EvsDriver: doneWithFrame
12-30 11:20:05.391   596  3076 E WifiHAL : Invalid data received from driver
12-30 11:20:05.392  2358  2623 D RcfController: Rcf proxy is not connected!
12-30 11:20:05.394   360   931 D EvsDriver: forwardFrame
12-30 11:20:05.394   360   931 D EvsDriver: forwardFrameDirect
12-30 11:20:05.394   360   931 D EvsDriver: Delivered 0xb400e2ca9e40d4b0 as id 1
12-30 11:20:05.394   359  2784 D evsmanagerd: /dev/video-evs0 forwarded the buffer #1 to 0xb400f125d2b26dd0 from 0xb400f125e2b20710
12-30 11:20:05.401   360   458 D EvsDriver: doneWithFrame
12-30 11:20:05.427   360   931 D EvsDriver: forwardFrame
12-30 11:20:05.427   360   931 D EvsDriver: forwardFrameDirect
12-30 11:20:05.428   360   931 D EvsDriver: Delivered 0xb400e2ca9e40c2d0 as id 0
12-30 11:20:05.428   359  2784 D evsmanagerd: /dev/video-evs0 forwarded the buffer #0 to 0xb400f125d2b26dd0 from 0xb400f125e2b20710
12-30 11:20:05.431   360   458 D EvsDriver: doneWithFrame
12-30 11:20:05.442  2358  2623 D RcfController: Rcf proxy is not connected!
12-30 11:20:05.449   596  3076 E WifiHAL : Invalid data received from driver
12-30 11:20:05.461   360   931 D EvsDriver: forwardFrame
12-30 11:20:05.461   360   931 D EvsDriver: forwardFrameDirect
12-30 11:20:05.461   360   931 D EvsDriver: Delivered 0xb400e2ca9e40d090 as id 1
12-30 11:20:05.461   359  2784 D evsmanagerd: /dev/video-evs0 forwarded the buffer #1 to 0xb400f125d2b26dd0 from 0xb400f125e2b20710
12-30 11:20:05.471   360   458 D EvsDriver: doneWithFrame
12-30 11:20:05.493  2358  2623 D RcfController: Rcf proxy is not connected!
12-30 11:20:05.494   360   931 D EvsDriver: forwardFrame
12-30 11:20:05.494   360   931 D EvsDriver: forwardFrameDirect
12-30 11:20:05.494   360   931 D EvsDriver: Delivered 0xb400e2ca9e40e110 as id 0
12-30 11:20:05.494   359  2784 D evsmanagerd: /dev/video-evs0 forwarded the buffer #0 to 0xb400f125d2b26dd0 from 0xb400f125e2b20710
12-30 11:20:05.498   596  3076 E WifiHAL : Invalid data received from driver
12-30 11:20:05.502   360   458 D EvsDriver: doneWithFrame
12-30 11:20:05.525   596  3076 E WifiHAL : Invalid data received from driver
12-30 11:20:05.525   596  3076 E WifiHAL : Invalid data received from driver
12-30 11:20:05.525   596  3076 E WifiHAL : Invalid data received from driver
12-30 11:20:05.526   596  3076 E WifiHAL : Invalid data received from driver
12-30 11:20:05.526   596  3076 E WifiHAL : Invalid data received from driver
12-30 11:20:05.526   596  3076 E WifiHAL : Invalid data received from driver
12-30 11:20:05.526   596  3076 E WifiHAL : Invalid data received from driver
12-30 11:20:05.527   360   931 D EvsDriver: forwardFrame
12-30 11:20:05.527   360   931 D EvsDriver: forwardFrameDirect
12-30 11:20:05.528   360   931 D EvsDriver: Delivered 0xb400e2ca9e40c7a0 as id 1
12-30 11:20:05.528   359  2784 D evsmanagerd: /dev/video-evs0 forwarded the buffer #1 to 0xb400f125d2b26dd0 from 0xb400f125e2b20710
12-30 11:20:05.532   360   458 D EvsDriver: doneWithFrame
12-30 11:20:05.533   650   729 D fgemcucomm: sd Uart data : 6AA6022FE90002800A5A
12-30 11:20:05.533   650   729 D fgemcucomm: rev uart=80456,len=13, data : 6AA6812FE90005800A040000D4
12-30 11:20:05.533   398   882 D adayocomadapter-ParseProtocolFunc: printRaWMsg Name[MCUToUPstream recv] len[4] data[800A0400]
12-30 11:20:05.533   398   882 D adayocomadapter-CommunicationManager: onUpstreamback   member[7] dataLength[2] timePoint[9741355]
12-30 11:20:05.533   398   882 D adayocomadapter-ParseProtocolFunc: printRaWMsg Name[onUpstreamback] len[2] data[0400]
12-30 11:20:05.533   398   464 D adayocomadapter-UpstreamHandler: processBeforePacket upSreamtProcessTimePoint[9741355] 
12-30 11:20:05.534   398   464 D adayocomadapter-ParseProtocolFunc: parseGeneralIPCLBytes Processing tablename[Table-0] tableSize[2]
12-30 11:20:05.534   398   464 D adayocomadapter-ParseProtocolFunc: printRaWMsg Name[byteStream recv] len[2] data[0400]
12-30 11:20:05.534   398   464 D adayocomadapter-ParseProtocolFunc: printRaWMsg Name[IPCLtoVHAL] len[6] data[314010020000]
12-30 11:20:05.534   398   464 D adayocomadapter-ParseProtocolFunc: printRaWMsg Name[IPCLtoVHAL] len[6] data[314010010004]
12-30 11:20:05.534   398   464 D adayocomadapter-CommunicationManager: onUpstreamReceive mPropertyId 0x31401002
12-30 11:20:05.534   398   464 D adayocomadapter-CommunicationManager: convertBytesToInt32Memcpy  0
12-30 11:20:05.534   398   464 I vw-vhal : notifyVehicleProperty, propId = 0x31401002, data = {status: 2, int32Values: [0]}
12-30 11:20:05.534   398   464 I vw-vhal : CanSignalsAdapter::notifyVehicleProperty: solvedValue = {.timestamp = 9741356450159, .areaId = 0, .prop = 826281986, .status = AVAILABLE, .value = {.int32Values = [1]{0}, .floatValues = [0]{}, .int64Values = [0]{}, .bytes = [0]{}, .stringValue = ""}}
12-30 11:20:05.534   398   464 I VehiclePropertyStore: begin to write value to Store: {.timestamp = 9741356450159, .areaId = 0, .prop = 826281986, .status = AVAILABLE, .value = {.int32Values = [1]{0}, .floatValues = [0]{}, .int64Values = [0]{}, .bytes = [0]{}, .stringValue = ""}}
12-30 11:20:05.534   398   464 I DefaultVehicleHal_v2_0: DefaultVehicleHal::onPropertyValue, value:{.timestamp = 9741356450159, .areaId = 0, .prop = 826281986, .status = AVAILABLE, .value = {.int32Values = [1]{0}, .floatValues = [0]{}, .int64Values = [0]{}, .bytes = [0]{}, .stringValue = ""}}
12-30 11:20:05.534   398   464 D DiagPropHandler: is not DiagnosticConfig: 0x31401002
12-30 11:20:05.535   398   464 I VehiclePropertyStore: begin to write value to Store: {.timestamp = 9741356450159, .areaId = 0, .prop = 826281986, .status = AVAILABLE, .value = {.int32Values = [1]{0}, .floatValues = [0]{}, .int64Values = [0]{}, .bytes = [0]{}, .stringValue = ""}}
12-30 11:20:05.535   398   464 D adayocomadapter-CommunicationManager: onUpstreamReceive mPropertyId 0x31401002
12-30 11:20:05.535   398   464 D adayocomadapter-CommunicationManager: onUpstreamReceive mPropertyId 0x31401001
12-30 11:20:05.535   398   464 D adayocomadapter-CommunicationManager: convertBytesToInt32Memcpy  4
12-30 11:20:05.535   398   464 I vw-vhal : notifyVehicleProperty, propId = 0x31401001, data = {status: 2, int32Values: [4]}
12-30 11:20:05.535   398   464 I vw-vhal : CanSignalsAdapter::notifyVehicleProperty: solvedValue = {.timestamp = 9741357156492, .areaId = 0, .prop = 826281985, .status = AVAILABLE, .value = {.int32Values = [1]{4}, .floatValues = [0]{}, .int64Values = [0]{}, .bytes = [0]{}, .stringValue = ""}}
12-30 11:20:05.535   398   464 I VehiclePropertyStore: begin to write value to Store: {.timestamp = 9741357156492, .areaId = 0, .prop = 826281985, .status = AVAILABLE, .value = {.int32Values = [1]{4}, .floatValues = [0]{}, .int64Values = [0]{}, .bytes = [0]{}, .stringValue = ""}}
12-30 11:20:05.535   398   464 I DefaultVehicleHal_v2_0: DefaultVehicleHal::onPropertyValue, value:{.timestamp = 9741357156492, .areaId = 0, .prop = 826281985, .status = AVAILABLE, .value = {.int32Values = [1]{4}, .floatValues = [0]{}, .int64Values = [0]{}, .bytes = [0]{}, .stringValue = ""}}
12-30 11:20:05.535   398   464 D DiagPropHandler: is not DiagnosticConfig: 0x31401001
12-30 11:20:05.535   398   464 I VehiclePropertyStore: begin to write value to Store: {.timestamp = 9741357156492, .areaId = 0, .prop = 826281985, .status = AVAILABLE, .value = {.int32Values = [1]{4}, .floatValues = [0]{}, .int64Values = [0]{}, .bytes = [0]{}, .stringValue = ""}}
12-30 11:20:05.535   398   464 D adayocomadapter-CommunicationManager: onUpstreamReceive mPropertyId 0x31401001
12-30 11:20:05.543  2358  2623 D RcfController: Rcf proxy is not connected!
12-30 11:20:05.561   360   931 D EvsDriver: forwardFrame
12-30 11:20:05.561   360   931 D EvsDriver: forwardFrameDirect
12-30 11:20:05.561   360   931 D EvsDriver: Delivered 0xb400e2ca9e40e270 as id 0
12-30 11:20:05.561   359  2784 D evsmanagerd: /dev/video-evs0 forwarded the buffer #0 to 0xb400f125d2b26dd0 from 0xb400f125e2b20710
12-30 11:20:05.562   360   458 D EvsDriver: doneWithFrame
12-30 11:20:05.569   596  3076 E WifiHAL : Invalid data received from driver
12-30 11:20:05.593  2358  2623 D RcfController: Rcf proxy is not connected!
12-30 11:20:05.594   360   931 D EvsDriver: forwardFrame
12-30 11:20:05.594   360   931 D EvsDriver: forwardFrameDirect
12-30 11:20:05.594   360   931 D EvsDriver: Delivered 0xb400e2ca9e40d4b0 as id 1
12-30 11:20:05.594   359  2784 D evsmanagerd: /dev/video-evs0 forwarded the buffer #1 to 0xb400f125d2b26dd0 from 0xb400f125e2b20710
12-30 11:20:05.603   360   458 D EvsDriver: doneWithFrame
12-30 11:20:05.608   596  3076 E WifiHAL : Invalid data received from driver
12-30 11:20:05.627   360   931 D EvsDriver: forwardFrame
12-30 11:20:05.627   360   931 D EvsDriver: forwardFrameDirect
12-30 11:20:05.628   360   931 D EvsDriver: Delivered 0xb400e2ca9e40c2d0 as id 0
12-30 11:20:05.628   359  2784 D evsmanagerd: /dev/video-evs0 forwarded the buffer #0 to 0xb400f125d2b26dd0 from 0xb400f125e2b20710
12-30 11:20:05.633   360   458 D EvsDriver: doneWithFrame
12-30 11:20:05.643  2358  2623 D RcfController: Rcf proxy is not connected!
12-30 11:20:05.650   798 16335 W adbd    : timed out while waiting for FUNCTIONFS_BIND, trying again
12-30 11:20:05.650   798 16335 I adbd    : UsbFfs: connection terminated: monitor thread finished
12-30 11:20:05.650   798   798 I adbd    : UsbFfs: already offline
12-30 11:20:05.650   798   798 I adbd    : destroying transport UsbFfs
12-30 11:20:05.650   798   798 I adbd    : UsbFfsConnection being destroyed
12-30 11:20:05.661   360   931 D EvsDriver: forwardFrame
12-30 11:20:05.661   360   931 D EvsDriver: forwardFrameDirect
12-30 11:20:05.661   360   931 D EvsDriver: Delivered 0xb400e2ca9e40d090 as id 1
12-30 11:20:05.661   359  2784 D evsmanagerd: /dev/video-evs0 forwarded the buffer #1 to 0xb400f125d2b26dd0 from 0xb400f125e2b20710
12-30 11:20:05.663  1628  1858 I CCarServiceManager: CarServiceManager->t()35:link:[48]     ---29:pool-2-thread-2
12-30 11:20:05.663  1628  1858 I CCarServiceManager: CarServiceManager->t()64:link 转换后:48     ---29:pool-2-thread-2
12-30 11:20:05.664  1628  1858 I CCarServiceManager: CarServiceManager->t()84:link 转换后:48     ---29:pool-2-thread-2
12-30 11:20:05.664   360   458 D EvsDriver: doneWithFrame
12-30 11:20:05.664  1628  1858 D CarPropertyManager: setProperty, propertyId: 0x2141400f, areaId: 0x0, class: class [Ljava.lang.Integer;, val: [Ljava.lang.Integer;@70bdcce
12-30 11:20:05.665  1365  2014 D CarPropertyService: mSyncGetSetPropertyOpCount: 1
12-30 11:20:05.666   398   882 I DefaultVehicleHal_v2_0: DefaultVehicleHal::set, current value:{.timestamp = 0, .areaId = 0, .prop = 557924367, .status = AVAILABLE, .value = {.int32Values = [1]{0}, .floatValues = [0]{}, .int64Values = [0]{}, .bytes = [0]{}, .stringValue = ""}}
12-30 11:20:05.666   398   882 I DefaultVehicleHalServer: onSetProperty(0x2141400f)
12-30 11:20:05.666   398   882 D vw-vhal : CanSignalsAdapter::setVehicleProperty: propValue = {.timestamp = 0, .areaId = 0, .prop = 557924367, .status = AVAILABLE, .value = {.int32Values = [1]{1}, .floatValues = [0]{}, .int64Values = [0]{}, .bytes = [0]{}, .stringValue = ""}}
12-30 11:20:05.666   398   882 D vw-vhal : CanSignalsAdapter::setVehicleProperty: propId = 0x2141400f, data = {status: 0, int32Values: [1]}
12-30 11:20:05.666   398   882 D adayocomadapter-CommunicationManager: setProperty id=[557924367]
12-30 11:20:05.666   398   882 D adayocomadapter-CommunicationManager: writeValue id=[557924367]
12-30 11:20:05.666   398   882 D adayocomadapter-VehiclePropertyStore: writeValue id=[557924367]
12-30 11:20:05.666   398   882 D adayocomadapter-CommunicationManager: sendToDownstream mPropertyId 0x2141400f
12-30 11:20:05.666   398   882 D adayocomadapter-ParseProtocolFunc: printRaWMsg Name[sendToDownstream] len[4] data[00000000]
12-30 11:20:05.666   398   882 D adayocomadapter-ParseProtocolFunc: printRaWMsg Name[sendToDownstream] len[4] data[2141400F]
12-30 11:20:05.667   398   882 D adayocomadapter-ParseProtocolFunc: printRaWMsg Name[sendToDownstream] len[5] data[2141400F01]
12-30 11:20:05.667   398   882 D adayocomadapter-CommunicationManager: sendToDownstream ret[0]   member[130] dataLength[1] timePoint[9741488] 
12-30 11:20:05.667   398   882 D adayocomadapter-ParseProtocolFunc: printRaWMsg Name[sendToDownstream] len[5] data[2141400F01]
12-30 11:20:05.667   398   882 D adayocomadapter-CommunicationManager: sendToDownstream  000 mPropertyId[0x557924367]  
12-30 11:20:05.667   398   698 D adayocomadapter-DownstreamHandler: processBeforePacket downSreamtProcessTimePoint[9741489] 
12-30 11:20:05.667   398   698 D adayocomadapter-DownstreamHandler: DownstreamHandler processPacket 
12-30 11:20:05.667   398   698 D adayocomadapter-DownstreamHandler: DownstreamHandler processPacket valueIndex 0x2141400f
12-30 11:20:05.667   398   698 D adayocomadapter-DownstreamHandler: DownstreamHandler processPacket 0002
12-30 11:20:05.667   398   698 D adayocomadapter-DownstreamHandler: DownstreamHandler processPacket sendMCUData2 
12-30 11:20:05.667  1365  2014 D CarPropertyService: mSyncGetSetPropertyOpCount: 0
12-30 11:20:05.667   398   698 D adayocomadapter-CommunicationManager: sendMCUData 
12-30 11:20:05.667   398   698 D adayocomadapter-MCUInterfaceHandler: sendToMCU start
12-30 11:20:05.668   398   698 D adayocomadapter-ParseProtocolFunc: printRaWMsg Name[sendToMCU] len[8] data[1202022141400F01]
12-30 11:20:05.668   650   730 D fgemcucomm: sd Uart data : 6AA6011D6500081202022141400F01AD
12-30 11:20:05.668  1628  1858 I CCarServiceManager: CarServiceManager->t()118:link:0     ---29:pool-2-thread-2
12-30 11:20:05.673   596  3076 E WifiHAL : Invalid data received from driver
12-30 11:20:05.679   650   729 D fgemcucomm: sd Uart data : 6AA6022FEA00028B3028
12-30 11:20:05.680   650   729 D fgemcucomm: rev uart=80457,len=92, data : 6AA6812FEA00548B30B01E0B1404A55A880000010001010E000000000000000000000000000000000000000023C204C30428808080808082808031040AFF0A0D0D09000900BBBBBBBBBBBBBBBBBB000000000000000000004F020597
12-30 11:20:05.680   650   730 D fgemcucomm: file = hardware/interfaces/fgemcucomm/1.0/default/mcucomm/src/mcuCommFunctionTimer.cpp, function = startTimer  start timer OK = 7525 
12-30 11:20:05.694  2358  2623 D RcfController: Rcf proxy is not connected!
12-30 11:20:05.694   360   931 D EvsDriver: forwardFrame
12-30 11:20:05.694   360   931 D EvsDriver: forwardFrameDirect
12-30 11:20:05.694   360   931 D EvsDriver: Delivered 0xb400e2ca9e40e110 as id 0
12-30 11:20:05.695   359  2784 D evsmanagerd: /dev/video-evs0 forwarded the buffer #0 to 0xb400f125d2b26dd0 from 0xb400f125e2b20710
12-30 11:20:05.702   650   729 D fgemcucomm: file = hardware/interfaces/fgemcucomm/1.0/default/mcucomm/src/mcuCommFunctionTimer.cpp, func = stopTimer  stop timer = 7525 
12-30 11:20:05.702   650   729 D fgemcucomm: rev uart=80458,len=10, data : 6AA6821D6500021202E6
12-30 11:20:05.704   360   458 D EvsDriver: doneWithFrame
12-30 11:20:05.706   798   838 I adbd    : opening control endpoint /dev/usb-ffs/adb/ep0
12-30 11:20:05.707   798   838 I adbd    : UsbFfsConnection constructed
12-30 11:20:05.709   798 16341 I adbd    : UsbFfs-monitor thread spawned
01-01 10:42:22.717   838   838 I         : read descriptors
01-01 10:42:22.717   838   838 I         : read strings
12-30 11:20:05.727   360   931 D EvsDriver: forwardFrame
12-30 11:20:05.727   360   931 D EvsDriver: forwardFrameDirect
12-30 11:20:05.727   360   931 D EvsDriver: Delivered 0xb400e2ca9e40c7a0 as id 1
12-30 11:20:05.728   359  2784 D evsmanagerd: /dev/video-evs0 forwarded the buffer #1 to 0xb400f125d2b26dd0 from 0xb400f125e2b20710
12-30 11:20:05.734   360   458 D EvsDriver: doneWithFrame
12-30 11:20:05.744  2358  2623 D RcfController: Rcf proxy is not connected!
12-30 11:20:05.753   596  3076 E WifiHAL : Invalid data received from driver
12-30 11:20:05.760   360   931 D EvsDriver: forwardFrame
12-30 11:20:05.761   360   931 D EvsDriver: forwardFrameDirect
12-30 11:20:05.761   360   931 D EvsDriver: Delivered 0xb400e2ca9e40e270 as id 0
12-30 11:20:05.761   359  2784 D evsmanagerd: /dev/video-evs0 forwarded the buffer #0 to 0xb400f125d2b26dd0 from 0xb400f125e2b20710
12-30 11:20:05.762   650   729 D fgemcucomm: sd Uart data : 6AA6022FEB000292024E
12-30 11:20:05.763   650   729 D fgemcucomm: rev uart=80459,len=15, data : 6AA6812FEB000792020002000000C8
12-30 11:20:05.763   398   882 D adayocomadapter-ParseProtocolFunc: printRaWMsg Name[MCUToUPstream recv] len[7] data[92020002000000]
12-30 11:20:05.763   398   882 D adayocomadapter-CommunicationManager: onUpstreamback   member[0] dataLength[4] timePoint[9741585]
12-30 11:20:05.763   398   882 D adayocomadapter-ParseProtocolFunc: printRaWMsg Name[onUpstreamback] len[4] data[02000000]
12-30 11:20:05.763   398   464 D adayocomadapter-UpstreamHandler: processBeforePacket upSreamtProcessTimePoint[9741585] 
12-30 11:20:05.763   398   464 D adayocomadapter-UpstreamHandler: processPacket UPSTREAM_QUEUE_DATA_TIMEOUT
12-30 11:20:05.763   398   464 D adayocomadapter-ParseProtocolFunc: parseCommonIPCLBytes Processing tableNumber[2]
12-30 11:20:05.763   398   464 D adayocomadapter-ParseProtocolFunc: parseCommonIPCLBytes Processing tablename[Table-2] tableSize[4]
12-30 11:20:05.763   398   464 D adayocomadapter-ParseProtocolFunc: printRaWMsg Name[byteStream recv] len[4] data[02000000]
12-30 11:20:05.763   398   464 D adayocomadapter-ParseProtocolFunc: printRaWMsg Name[IPCLtoVHAL] len[6] data[214020490000]
12-30 11:20:05.763   398   464 D adayocomadapter-ParseProtocolFunc: printRaWMsg Name[IPCLtoVHAL] len[6] data[214021A20000]
12-30 11:20:05.763   398   464 D adayocomadapter-ParseProtocolFunc: printRaWMsg Name[IPCLtoVHAL] len[6] data[214020EA0000]
12-30 11:20:05.763   398   464 D adayocomadapter-CommunicationManager: onUpstreamReceive mPropertyId 0x21402049
12-30 11:20:05.763   398   464 D adayocomadapter-CommunicationManager: convertBytesToInt32Memcpy  0
12-30 11:20:05.763   398   464 I vw-vhal : notifyVehicleProperty, propId = 0x21402049, data = {status: 2, int32Values: [0]}
12-30 11:20:05.763   398   464 I vw-vhal : CanSignalsAdapter::notifyVehicleProperty: solvedValue = {.timestamp = 9741585443492, .areaId = 0, .prop = 557850697, .status = AVAILABLE, .value = {.int32Values = [1]{0}, .floatValues = [0]{}, .int64Values = [0]{}, .bytes = [0]{}, .stringValue = ""}}
12-30 11:20:05.763   398   464 I VehiclePropertyStore: begin to write value to Store: {.timestamp = 9741585443492, .areaId = 0, .prop = 557850697, .status = AVAILABLE, .value = {.int32Values = [1]{0}, .floatValues = [0]{}, .int64Values = [0]{}, .bytes = [0]{}, .stringValue = ""}}
12-30 11:20:05.763   398   464 I DefaultVehicleHal_v2_0: DefaultVehicleHal::onPropertyValue, value:{.timestamp = 9741585443492, .areaId = 0, .prop = 557850697, .status = AVAILABLE, .value = {.int32Values = [1]{0}, .floatValues = [0]{}, .int64Values = [0]{}, .bytes = [0]{}, .stringValue = ""}}
12-30 11:20:05.763   398   464 D DiagPropHandler: is not DiagnosticConfig: 0x21402049
12-30 11:20:05.763   398   464 I VehiclePropertyStore: begin to write value to Store: {.timestamp = 9741585443492, .areaId = 0, .prop = 557850697, .status = AVAILABLE, .value = {.int32Values = [1]{0}, .floatValues = [0]{}, .int64Values = [0]{}, .bytes = [0]{}, .stringValue = ""}}
12-30 11:20:05.763   398   464 D adayocomadapter-CommunicationManager: onUpstreamReceive mPropertyId 0x21402049
12-30 11:20:05.763   398   464 D adayocomadapter-CommunicationManager: onUpstreamReceive mPropertyId 0x214021a2
12-30 11:20:05.763   398   464 D adayocomadapter-CommunicationManager: convertBytesToInt32Memcpy  0
12-30 11:20:05.763   398   464 I vw-vhal : notifyVehicleProperty, propId = 0x214021a2, data = {status: 2, int32Values: [0]}
12-30 11:20:05.763   398   464 I vw-vhal : CanSignalsAdapter::notifyVehicleProperty: solvedValue = {.timestamp = 9741585659159, .areaId = 0, .prop = 557851042, .status = AVAILABLE, .value = {.int32Values = [1]{0}, .floatValues = [0]{}, .int64Values = [0]{}, .bytes = [0]{}, .stringValue = ""}}
12-30 11:20:05.763   398   464 I VehiclePropertyStore: begin to write value to Store: {.timestamp = 9741585659159, .areaId = 0, .prop = 557851042, .status = AVAILABLE, .value = {.int32Values = [1]{0}, .floatValues = [0]{}, .int64Values = [0]{}, .bytes = [0]{}, .stringValue = ""}}
12-30 11:20:05.763   398   464 I DefaultVehicleHal_v2_0: DefaultVehicleHal::onPropertyValue, value:{.timestamp = 9741585659159, .areaId = 0, .prop = 557851042, .status = AVAILABLE, .value = {.int32Values = [1]{0}, .floatValues = [0]{}, .int64Values = [0]{}, .bytes = [0]{}, .stringValue = ""}}
12-30 11:20:05.763   398   464 D DiagPropHandler: is not DiagnosticConfig: 0x214021a2
12-30 11:20:05.763   398   464 I VehiclePropertyStore: begin to write value to Store: {.timestamp = 9741585659159, .areaId = 0, .prop = 557851042, .status = AVAILABLE, .value = {.int32Values = [1]{0}, .floatValues = [0]{}, .int64Values = [0]{}, .bytes = [0]{}, .stringValue = ""}}
12-30 11:20:05.763   398   464 D adayocomadapter-CommunicationManager: onUpstreamReceive mPropertyId 0x214021a2
12-30 11:20:05.763   398   464 D adayocomadapter-CommunicationManager: onUpstreamReceive mPropertyId 0x214020ea
12-30 11:20:05.763   398   464 D adayocomadapter-CommunicationManager: convertBytesToInt32Memcpy  0
12-30 11:20:05.763   398   464 I vw-vhal : notifyVehicleProperty, propId = 0x214020ea, data = {status: 2, int32Values: [0]}
12-30 11:20:05.764   398   464 I vw-vhal : CanSignalsAdapter::notifyVehicleProperty: solvedValue = {.timestamp = 9741585846826, .areaId = 0, .prop = 557850858, .status = AVAILABLE, .value = {.int32Values = [1]{0}, .floatValues = [0]{}, .int64Values = [0]{}, .bytes = [0]{}, .stringValue = ""}}
12-30 11:20:05.764   398   464 I VehiclePropertyStore: begin to write value to Store: {.timestamp = 9741585846826, .areaId = 0, .prop = 557850858, .status = AVAILABLE, .value = {.int32Values = [1]{0}, .floatValues = [0]{}, .int64Values = [0]{}, .bytes = [0]{}, .stringValue = ""}}
12-30 11:20:05.764   398   464 I DefaultVehicleHal_v2_0: DefaultVehicleHal::onPropertyValue, value:{.timestamp = 9741585846826, .areaId = 0, .prop = 557850858, .status = AVAILABLE, .value = {.int32Values = [1]{0}, .floatValues = [0]{}, .int64Values = [0]{}, .bytes = [0]{}, .stringValue = ""}}
12-30 11:20:05.764   398   464 D DiagPropHandler: is not DiagnosticConfig: 0x214020ea
12-30 11:20:05.764   398   464 I VehiclePropertyStore: begin to write value to Store: {.timestamp = 9741585846826, .areaId = 0, .prop = 557850858, .status = AVAILABLE, .value = {.int32Values = [1]{0}, .floatValues = [0]{}, .int64Values = [0]{}, .bytes = [0]{}, .stringValue = ""}}
12-30 11:20:05.764   398   464 D adayocomadapter-CommunicationManager: onUpstreamReceive mPropertyId 0x214020ea
12-30 11:20:05.764   360   458 D EvsDriver: doneWithFrame
12-30 11:20:05.794   360   931 D EvsDriver: forwardFrame
12-30 11:20:05.794   360   931 D EvsDriver: forwardFrameDirect
12-30 11:20:05.794   360   931 D EvsDriver: Delivered 0xb400e2ca9e40d4b0 as id 1
12-30 11:20:05.794   359  2784 D evsmanagerd: /dev/video-evs0 forwarded the buffer #1 to 0xb400f125d2b26dd0 from 0xb400f125e2b20710
12-30 11:20:05.794  2358  2623 D RcfController: Rcf proxy is not connected!
12-30 11:20:05.795   360   458 D EvsDriver: doneWithFrame
12-30 11:20:05.801   596  3076 E WifiHAL : Invalid data received from driver
12-30 11:20:05.827   360   931 I EvsDriver: /dev/video-evs0 VideoCapture fps 30.0021
12-30 11:20:05.827   360   931 D EvsDriver: forwardFrame
12-30 11:20:05.827   360   931 D EvsDriver: forwardFrameDirect
12-30 11:20:05.827   360   931 D EvsDriver: Delivered 0xb400e2ca9e40c2d0 as id 0
12-30 11:20:05.827   359  2784 D evsmanagerd: /dev/video-evs0 forwarded the buffer #0 to 0xb400f125d2b26dd0 from 0xb400f125e2b20710
12-30 11:20:05.835   360   458 D EvsDriver: doneWithFrame
12-30 11:20:05.839  2475  2681 I TtsServiceAgent: check thread start checking, threadId = 29
12-30 11:20:05.839  2475  2681 D TtsServiceAgent: start bind service...
12-30 11:20:05.839  2475  2681 D TtsServiceAgent: ----->initService, usage = 16
12-30 11:20:05.839  2475  2681 W ContextImpl: Calling a method in the system process without a qualified user: android.app.ContextImpl.bindService:1988 android.content.ContextWrapper.bindService:861 com.iflytek.autofly.ttsaidl.ttsproxy.TtsServiceAgent.initService:189 com.iflytek.autofly.ttsaidl.ttsproxy.TtsServiceAgent.initService:133 com.iflytek.autofly.ttsaidl.ttsproxy.TtsServiceAgent$2.run:517 
12-30 11:20:05.839  1667  2594 W ContextImpl: Calling a method in the system process without a qualified user: android.app.ContextImpl.bindService:1988 android.content.ContextWrapper.bindService:861 com.ford.sync.fnvservice.FordFnv.c:202 com.ford.sync.fnvservice.FordFnv.c:43 com.ford.sync.fnvservice.FordFnv$RetryHandler.handleMessage:245 
12-30 11:20:05.839   916  1847 W ActivityManager: Unable to start service Intent { cmp=com.ford.sync.fnvservice/.FordFnvService } U=0: not found
12-30 11:20:05.840   916  5915 W ActivityManager: Unable to start service Intent { act=com.iflytek.autofly.tts.ttsservice.TtsAdapterService cmp=com.iflytek.cutefly.speechclient.hmi/com.iflytek.autofly.tts.ttsservice.TtsAdapterService } U=0: not found
12-30 11:20:05.840  1667  2594 W FordFnv :  bind ford fnv failed -> sendRetryMessage 
12-30 11:20:05.840  2475  2681 D TtsServiceAgent: bindService: false
12-30 11:20:05.840  2475  2681 D TtsServiceAgent: start reInitService
12-30 11:20:05.840  2475  2681 D TtsServiceAgent: aidlCheckThreadRunning = true
12-30 11:20:05.840  2475  2681 D TtsServiceAgent: ----->check connection status in 1000s...
12-30 11:20:05.844  2358  2623 D RcfController: Rcf proxy is not connected!
12-30 11:20:05.861   360   931 D EvsDriver: forwardFrame
12-30 11:20:05.861   360   931 D EvsDriver: forwardFrameDirect
12-30 11:20:05.861   360   931 D EvsDriver: Delivered 0xb400e2ca9e40d090 as id 1
12-30 11:20:05.861   359  2784 D evsmanagerd: /dev/video-evs0 forwarded the buffer #1 to 0xb400f125d2b26dd0 from 0xb400f125e2b20710
12-30 11:20:05.865   360   458 D EvsDriver: doneWithFrame
12-30 11:20:05.876   596  3076 E WifiHAL : Invalid data received from driver
12-30 11:20:05.894   360   931 D EvsDriver: forwardFrame
12-30 11:20:05.894   360   931 D EvsDriver: forwardFrameDirect
12-30 11:20:05.894   360   931 D EvsDriver: Delivered 0xb400e2ca9e40e110 as id 0
12-30 11:20:05.894   359  2784 D evsmanagerd: /dev/video-evs0 forwarded the buffer #0 to 0xb400f125d2b26dd0 from 0xb400f125e2b20710
12-30 11:20:05.895  2358  2623 D RcfController: Rcf proxy is not connected!
12-30 11:20:05.895   360   458 D EvsDriver: doneWithFrame
12-30 11:20:05.927   360   931 D EvsDriver: forwardFrame
12-30 11:20:05.927   360   931 D EvsDriver: forwardFrameDirect
12-30 11:20:05.928   360   931 D EvsDriver: Delivered 0xb400e2ca9e40c7a0 as id 1
12-30 11:20:05.928   359  2784 D evsmanagerd: /dev/video-evs0 forwarded the buffer #1 to 0xb400f125d2b26dd0 from 0xb400f125e2b20710
12-30 11:20:05.936   360   458 D EvsDriver: doneWithFrame
12-30 11:20:05.945  2358  2623 D RcfController: Rcf proxy is not connected!
12-30 11:20:05.958   596  3076 E WifiHAL : Invalid data received from driver
12-30 11:20:05.961   360   931 D EvsDriver: forwardFrame
12-30 11:20:05.961   360   931 D EvsDriver: forwardFrameDirect
12-30 11:20:05.961   360   931 D EvsDriver: Delivered 0xb400e2ca9e40e270 as id 0
12-30 11:20:05.961   359  2784 D evsmanagerd: /dev/video-evs0 forwarded the buffer #0 to 0xb400f125d2b26dd0 from 0xb400f125e2b20710
12-30 11:20:05.966   360   458 D EvsDriver: doneWithFrame
12-30 11:20:05.994   596  3076 E WifiHAL : Invalid data received from driver
12-30 11:20:05.994   360   931 D EvsDriver: forwardFrame
12-30 11:20:05.994   360   931 D EvsDriver: forwardFrameDirect
12-30 11:20:05.994   360   931 D EvsDriver: Delivered 0xb400e2ca9e40d4b0 as id 1
12-30 11:20:05.995   359  2784 D evsmanagerd: /dev/video-evs0 forwarded the buffer #1 to 0xb400f125d2b26dd0 from 0xb400f125e2b20710
12-30 11:20:05.995  1667  2407 I media_message_log->MediaMessageProxy: (SourceFile:1)b connectToService action bind
12-30 11:20:05.995  2358  2623 D RcfController: Rcf proxy is not connected!
12-30 11:20:05.996   916  5915 W ActivityManager: Unable to start service Intent { cmp=com.adayo.server.mediamessagetransfer/.MediaMessTransferService (has extras) } U=0: not found
12-30 11:20:05.996  1667  2407 E media_message_log->MediaMessageProxy: (SourceFile:7)a bindServiceAsUser isBound = false
12-30 11:20:05.997   360   458 D EvsDriver: doneWithFrame
12-30 11:20:06.027   360   931 D EvsDriver: forwardFrame
12-30 11:20:06.027   360   931 D EvsDriver: forwardFrameDirect
12-30 11:20:06.028   360   931 D EvsDriver: Delivered 0xb400e2ca9e40c2d0 as id 0
12-30 11:20:06.028   359  2784 D evsmanagerd: /dev/video-evs0 forwarded the buffer #0 to 0xb400f125d2b26dd0 from 0xb400f125e2b20710
12-30 11:20:06.037   360   458 D EvsDriver: doneWithFrame
12-30 11:20:06.045  2358  2623 D RcfController: Rcf proxy is not connected!
12-30 11:20:06.059   596  3076 E WifiHAL : Invalid data received from driver
12-30 11:20:06.061   360   931 D EvsDriver: forwardFrame
12-30 11:20:06.061   360   931 D EvsDriver: forwardFrameDirect
12-30 11:20:06.061   360   931 D EvsDriver: Delivered 0xb400e2ca9e40d090 as id 1
12-30 11:20:06.061   359  2784 D evsmanagerd: /dev/video-evs0 forwarded the buffer #1 to 0xb400f125d2b26dd0 from 0xb400f125e2b20710
12-30 11:20:06.068   360   458 D EvsDriver: doneWithFrame
12-30 11:20:06.094   360   931 D EvsDriver: forwardFrame
12-30 11:20:06.094   360   931 D EvsDriver: forwardFrameDirect
12-30 11:20:06.094   360   931 D EvsDriver: Delivered 0xb400e2ca9e40e110 as id 0
12-30 11:20:06.094   359  2784 D evsmanagerd: /dev/video-evs0 forwarded the buffer #0 to 0xb400f125d2b26dd0 from 0xb400f125e2b20710
12-30 11:20:06.096  2358  2623 D RcfController: Rcf proxy is not connected!
12-30 11:20:06.098   360   458 D EvsDriver: doneWithFrame
12-30 11:20:06.120   596  3076 E WifiHAL : Invalid data received from driver
12-30 11:20:06.127   360   931 D EvsDriver: forwardFrame
12-30 11:20:06.127   360   931 D EvsDriver: forwardFrameDirect
12-30 11:20:06.128   360   931 D EvsDriver: Delivered 0xb400e2ca9e40c7a0 as id 1
12-30 11:20:06.128   359  2784 D evsmanagerd: /dev/video-evs0 forwarded the buffer #1 to 0xb400f125d2b26dd0 from 0xb400f125e2b20710
12-30 11:20:06.138   360   458 D EvsDriver: doneWithFrame
12-30 11:20:06.146  2358  2623 D RcfController: Rcf proxy is not connected!
12-30 11:20:06.154   650   729 D fgemcucomm: sd Uart data : 6AA6022FEC000292024D
12-30 11:20:06.154   650   729 D fgemcucomm: rev uart=80460,len=17, data : 6AA6812FEC00099202000A0000000000BD
12-30 11:20:06.155   650   729 D fgemcucomm: sd Uart data : 6AA6022FED000292024C
12-30 11:20:06.155   398   882 D adayocomadapter-ParseProtocolFunc: printRaWMsg Name[MCUToUPstream recv] len[9] data[9202000A0000000000]
12-30 11:20:06.155   398   882 D adayocomadapter-CommunicationManager: onUpstreamback   member[0] dataLength[6] timePoint[9741977]
12-30 11:20:06.155   398   882 D adayocomadapter-ParseProtocolFunc: printRaWMsg Name[onUpstreamback] len[6] data[0A0000000000]
12-30 11:20:06.155   650   729 D fgemcucomm: rev uart=80461,len=13, data : 6AA6812FED00059202000C00BE
12-30 11:20:06.155   398   464 D adayocomadapter-UpstreamHandler: processBeforePacket upSreamtProcessTimePoint[9741977] 
12-30 11:20:06.155   398   466 D adayocomadapter-ParseProtocolFunc: printRaWMsg Name[MCUToUPstream recv] len[5] data[9202000C00]
12-30 11:20:06.155   398   464 D adayocomadapter-UpstreamHandler: processPacket UPSTREAM_QUEUE_DATA_TIMEOUT
12-30 11:20:06.155   398   466 D adayocomadapter-CommunicationManager: onUpstreamback   member[0] dataLength[2] timePoint[9741977]
12-30 11:20:06.155   398   464 D adayocomadapter-ParseProtocolFunc: parseCommonIPCLBytes Processing tableNumber[10]
12-30 11:20:06.155   398   464 D adayocomadapter-ParseProtocolFunc: parseCommonIPCLBytes Processing tablename[Table-10] tableSize[6]
12-30 11:20:06.155   398   466 D adayocomadapter-ParseProtocolFunc: printRaWMsg Name[onUpstreamback] len[2] data[0C00]
12-30 11:20:06.155   398   464 D adayocomadapter-ParseProtocolFunc: printRaWMsg Name[byteStream recv] len[6] data[0A0000000000]
12-30 11:20:06.155   398   464 D adayocomadapter-ParseProtocolFunc: printRaWMsg Name[IPCLtoVHAL] len[9] data[2140201C0000000000]
12-30 11:20:06.155   398   464 D adayocomadapter-ParseProtocolFunc: printRaWMsg Name[IPCLtoVHAL] len[6] data[214022320000]
12-30 11:20:06.155   398   464 D adayocomadapter-CommunicationManager: onUpstreamReceive mPropertyId 0x2140201c
12-30 11:20:06.156   398   464 D adayocomadapter-CommunicationManager: convertBytesToInt32Memcpy  0
12-30 11:20:06.156   398   464 I vw-vhal : notifyVehicleProperty, propId = 0x2140201c, data = {status: 2, int32Values: [0]}
12-30 11:20:06.156   398   464 I vw-vhal : CanSignalsAdapter::notifyVehicleProperty: solvedValue = {.timestamp = 9741978069826, .areaId = 0, .prop = 557850652, .status = AVAILABLE, .value = {.int32Values = [1]{0}, .floatValues = [0]{}, .int64Values = [0]{}, .bytes = [0]{}, .stringValue = ""}}
12-30 11:20:06.156   398   464 I VehiclePropertyStore: begin to write value to Store: {.timestamp = 9741978069826, .areaId = 0, .prop = 557850652, .status = AVAILABLE, .value = {.int32Values = [1]{0}, .floatValues = [0]{}, .int64Values = [0]{}, .bytes = [0]{}, .stringValue = ""}}
12-30 11:20:06.156   398   464 I DefaultVehicleHal_v2_0: DefaultVehicleHal::onPropertyValue, value:{.timestamp = 9741978069826, .areaId = 0, .prop = 557850652, .status = AVAILABLE, .value = {.int32Values = [1]{0}, .floatValues = [0]{}, .int64Values = [0]{}, .bytes = [0]{}, .stringValue = ""}}
12-30 11:20:06.156   398   464 D DiagPropHandler: is not DiagnosticConfig: 0x2140201c
12-30 11:20:06.156   398   464 I VehiclePropertyStore: begin to write value to Store: {.timestamp = 9741978069826, .areaId = 0, .prop = 557850652, .status = AVAILABLE, .value = {.int32Values = [1]{0}, .floatValues = [0]{}, .int64Values = [0]{}, .bytes = [0]{}, .stringValue = ""}}
12-30 11:20:06.156   398   464 D adayocomadapter-CommunicationManager: onUpstreamReceive mPropertyId 0x2140201c
12-30 11:20:06.156   398   464 D adayocomadapter-CommunicationManager: onUpstreamReceive mPropertyId 0x21402232
12-30 11:20:06.156   398   464 D adayocomadapter-CommunicationManager: convertBytesToInt32Memcpy  0
12-30 11:20:06.156   398   464 I vw-vhal : notifyVehicleProperty, propId = 0x21402232, data = {status: 2, int32Values: [0]}
12-30 11:20:06.156   398   464 I vw-vhal : CanSignalsAdapter::notifyVehicleProperty: solvedValue = {.timestamp = 9741978796492, .areaId = 0, .prop = 557851186, .status = AVAILABLE, .value = {.int32Values = [1]{0}, .floatValues = [0]{}, .int64Values = [0]{}, .bytes = [0]{}, .stringValue = ""}}
12-30 11:20:06.157   398   464 I VehiclePropertyStore: begin to write value to Store: {.timestamp = 9741978796492, .areaId = 0, .prop = 557851186, .status = AVAILABLE, .value = {.int32Values = [1]{0}, .floatValues = [0]{}, .int64Values = [0]{}, .bytes = [0]{}, .stringValue = ""}}
12-30 11:20:06.157   398   464 I DefaultVehicleHal_v2_0: DefaultVehicleHal::onPropertyValue, value:{.timestamp = 9741978796492, .areaId = 0, .prop = 557851186, .status = AVAILABLE, .value = {.int32Values = [1]{0}, .floatValues = [0]{}, .int64Values = [0]{}, .bytes = [0]{}, .stringValue = ""}}
12-30 11:20:06.157   398   464 D DiagPropHandler: is not DiagnosticConfig: 0x21402232
12-30 11:20:06.157   398   464 I VehiclePropertyStore: begin to write value to Store: {.timestamp = 9741978796492, .areaId = 0, .prop = 557851186, .status = AVAILABLE, .value = {.int32Values = [1]{0}, .floatValues = [0]{}, .int64Values = [0]{}, .bytes = [0]{}, .stringValue = ""}}
12-30 11:20:06.157   398   464 D adayocomadapter-CommunicationManager: onUpstreamReceive mPropertyId 0x21402232
12-30 11:20:06.157   398   464 D adayocomadapter-UpstreamHandler: processBeforePacket upSreamtProcessTimePoint[9741979] 
12-30 11:20:06.157   398   464 D adayocomadapter-UpstreamHandler: processPacket UPSTREAM_QUEUE_DATA_TIMEOUT
12-30 11:20:06.157   398   464 D adayocomadapter-ParseProtocolFunc: parseCommonIPCLBytes Processing tableNumber[12]
12-30 11:20:06.157   398   464 D adayocomadapter-ParseProtocolFunc: parseCommonIPCLBytes Processing tablename[Table-12] tableSize[2]
12-30 11:20:06.157   398   464 D adayocomadapter-ParseProtocolFunc: printRaWMsg Name[byteStream recv] len[2] data[0C00]
12-30 11:20:06.157   398   464 D adayocomadapter-ParseProtocolFunc: printRaWMsg Name[IPCLtoVHAL] len[6] data[214021660000]
12-30 11:20:06.157   398   464 D adayocomadapter-CommunicationManager: onUpstreamReceive mPropertyId 0x21402166
12-30 11:20:06.157   398   464 D adayocomadapter-CommunicationManager: convertBytesToInt32Memcpy  0
12-30 11:20:06.157   398   464 I vw-vhal : notifyVehicleProperty, propId = 0x21402166, data = {status: 2, int32Values: [0]}
12-30 11:20:06.157   398   464 I vw-vhal : CanSignalsAdapter::notifyVehicleProperty: solvedValue = {.timestamp = 9741979790492, .areaId = 0, .prop = 557850982, .status = AVAILABLE, .value = {.int32Values = [1]{0}, .floatValues = [0]{}, .int64Values = [0]{}, .bytes = [0]{}, .stringValue = ""}}
12-30 11:20:06.158   398   464 I VehiclePropertyStore: begin to write value to Store: {.timestamp = 9741979790492, .areaId = 0, .prop = 557850982, .status = AVAILABLE, .value = {.int32Values = [1]{0}, .floatValues = [0]{}, .int64Values = [0]{}, .bytes = [0]{}, .stringValue = ""}}
12-30 11:20:06.158   398   464 I DefaultVehicleHal_v2_0: DefaultVehicleHal::onPropertyValue, value:{.timestamp = 9741979790492, .areaId = 0, .prop = 557850982, .status = AVAILABLE, .value = {.int32Values = [1]{0}, .floatValues = [0]{}, .int64Values = [0]{}, .bytes = [0]{}, .stringValue = ""}}
12-30 11:20:06.158   398   464 D DiagPropHandler: is not DiagnosticConfig: 0x21402166
12-30 11:20:06.158   398   464 I VehiclePropertyStore: begin to write value to Store: {.timestamp = 9741979790492, .areaId = 0, .prop = 557850982, .status = AVAILABLE, .value = {.int32Values = [1]{0}, .floatValues = [0]{}, .int64Values = [0]{}, .bytes = [0]{}, .stringValue = ""}}
12-30 11:20:06.158   398   464 D adayocomadapter-CommunicationManager: onUpstreamReceive mPropertyId 0x21402166
12-30 11:20:06.161   360   931 D EvsDriver: forwardFrame
12-30 11:20:06.161   360   931 D EvsDriver: forwardFrameDirect
12-30 11:20:06.161   360   931 D EvsDriver: Delivered 0xb400e2ca9e40e270 as id 0
12-30 11:20:06.161   359  2784 D evsmanagerd: /dev/video-evs0 forwarded the buffer #0 to 0xb400f125d2b26dd0 from 0xb400f125e2b20710
12-30 11:20:06.169   360   458 D EvsDriver: doneWithFrame
12-30 11:20:06.173   650   729 D fgemcucomm: sd Uart data : 6AA6022FEE000292024B
12-30 11:20:06.173   650   729 D fgemcucomm: rev uart=80462,len=16, data : 6AA6812FEE00089202000E00000000B8
12-30 11:20:06.173   398   466 D adayocomadapter-ParseProtocolFunc: printRaWMsg Name[MCUToUPstream recv] len[8] data[9202000E00000000]
12-30 11:20:06.174   398   466 D adayocomadapter-CommunicationManager: onUpstreamback   member[0] dataLength[5] timePoint[9741995]
12-30 11:20:06.174   398   466 D adayocomadapter-ParseProtocolFunc: printRaWMsg Name[onUpstreamback] len[5] data[0E00000000]
12-30 11:20:06.174   398   464 D adayocomadapter-UpstreamHandler: processBeforePacket upSreamtProcessTimePoint[9741996] 
12-30 11:20:06.174   398   464 D adayocomadapter-UpstreamHandler: processPacket UPSTREAM_QUEUE_DATA_TIMEOUT
12-30 11:20:06.174   398   464 D adayocomadapter-ParseProtocolFunc: parseCommonIPCLBytes Processing tableNumber[14]
12-30 11:20:06.174   398   464 D adayocomadapter-ParseProtocolFunc: parseCommonIPCLBytes Processing tablename[Table-14] tableSize[5]
12-30 11:20:06.174   398   464 D adayocomadapter-ParseProtocolFunc: printRaWMsg Name[byteStream recv] len[5] data[0E00000000]
12-30 11:20:06.174   398   464 D adayocomadapter-ParseProtocolFunc: printRaWMsg Name[IPCLtoVHAL] len[6] data[214020DE0000]
12-30 11:20:06.174   398   464 D adayocomadapter-ParseProtocolFunc: printRaWMsg Name[IPCLtoVHAL] len[6] data[214020E00000]
12-30 11:20:06.174   398   464 D adayocomadapter-ParseProtocolFunc: printRaWMsg Name[IPCLtoVHAL] len[6] data[214020E50000]
12-30 11:20:06.174   398   464 D adayocomadapter-ParseProtocolFunc: printRaWMsg Name[IPCLtoVHAL] len[6] data[214020E60000]
12-30 11:20:06.174   398   464 D adayocomadapter-CommunicationManager: onUpstreamReceive mPropertyId 0x214020de
12-30 11:20:06.174   398   464 D adayocomadapter-CommunicationManager: convertBytesToInt32Memcpy  0
12-30 11:20:06.174   398   464 I vw-vhal : notifyVehicleProperty, propId = 0x214020de, data = {status: 2, int32Values: [0]}
12-30 11:20:06.175   398   464 I vw-vhal : CanSignalsAdapter::notifyVehicleProperty: solvedValue = {.timestamp = 9741996873159, .areaId = 0, .prop = 557850846, .status = AVAILABLE, .value = {.int32Values = [1]{0}, .floatValues = [0]{}, .int64Values = [0]{}, .bytes = [0]{}, .stringValue = ""}}
12-30 11:20:06.175   398   464 I VehiclePropertyStore: begin to write value to Store: {.timestamp = 9741996873159, .areaId = 0, .prop = 557850846, .status = AVAILABLE, .value = {.int32Values = [1]{0}, .floatValues = [0]{}, .int64Values = [0]{}, .bytes = [0]{}, .stringValue = ""}}
12-30 11:20:06.175   398   464 I DefaultVehicleHal_v2_0: DefaultVehicleHal::onPropertyValue, value:{.timestamp = 9741996873159, .areaId = 0, .prop = 557850846, .status = AVAILABLE, .value = {.int32Values = [1]{0}, .floatValues = [0]{}, .int64Values = [0]{}, .bytes = [0]{}, .stringValue = ""}}
12-30 11:20:06.175   398   464 D DiagPropHandler: is not DiagnosticConfig: 0x214020de
12-30 11:20:06.175   398   464 I VehiclePropertyStore: begin to write value to Store: {.timestamp = 9741996873159, .areaId = 0, .prop = 557850846, .status = AVAILABLE, .value = {.int32Values = [1]{0}, .floatValues = [0]{}, .int64Values = [0]{}, .bytes = [0]{}, .stringValue = ""}}
12-30 11:20:06.175   398   464 D adayocomadapter-CommunicationManager: onUpstreamReceive mPropertyId 0x214020de
12-30 11:20:06.175   398   464 D adayocomadapter-CommunicationManager: onUpstreamReceive mPropertyId 0x214020e0
12-30 11:20:06.175   398   464 D adayocomadapter-CommunicationManager: convertBytesToInt32Memcpy  0
12-30 11:20:06.175   398   464 I vw-vhal : notifyVehicleProperty, propId = 0x214020e0, data = {status: 2, int32Values: [0]}
12-30 11:20:06.175   398   464 I vw-vhal : CanSignalsAdapter::notifyVehicleProperty: solvedValue = {.timestamp = 9741997547159, .areaId = 0, .prop = 557850848, .status = AVAILABLE, .value = {.int32Values = [1]{0}, .floatValues = [0]{}, .int64Values = [0]{}, .bytes = [0]{}, .stringValue = ""}}
12-30 11:20:06.175   398   464 I VehiclePropertyStore: begin to write value to Store: {.timestamp = 9741997547159, .areaId = 0, .prop = 557850848, .status = AVAILABLE, .value = {.int32Values = [1]{0}, .floatValues = [0]{}, .int64Values = [0]{}, .bytes = [0]{}, .stringValue = ""}}
12-30 11:20:06.175   398   464 I DefaultVehicleHal_v2_0: DefaultVehicleHal::onPropertyValue, value:{.timestamp = 9741997547159, .areaId = 0, .prop = 557850848, .status = AVAILABLE, .value = {.int32Values = [1]{0}, .floatValues = [0]{}, .int64Values = [0]{}, .bytes = [0]{}, .stringValue = ""}}
12-30 11:20:06.175   398   464 D DiagPropHandler: is not DiagnosticConfig: 0x214020e0
12-30 11:20:06.176   398   464 I VehiclePropertyStore: begin to write value to Store: {.timestamp = 9741997547159, .areaId = 0, .prop = 557850848, .status = AVAILABLE, .value = {.int32Values = [1]{0}, .floatValues = [0]{}, .int64Values = [0]{}, .bytes = [0]{}, .stringValue = ""}}
12-30 11:20:06.176   398   464 D adayocomadapter-CommunicationManager: onUpstreamReceive mPropertyId 0x214020e0
12-30 11:20:06.176   398   464 D adayocomadapter-CommunicationManager: onUpstreamReceive mPropertyId 0x214020e5
12-30 11:20:06.176   398   464 D adayocomadapter-CommunicationManager: convertBytesToInt32Memcpy  0
12-30 11:20:06.176   398   464 I vw-vhal : notifyVehicleProperty, propId = 0x214020e5, data = {status: 2, int32Values: [0]}
12-30 11:20:06.176   398   464 I vw-vhal : CanSignalsAdapter::notifyVehicleProperty: solvedValue = {.timestamp = 9741998249159, .areaId = 0, .prop = 557850853, .status = AVAILABLE, .value = {.int32Values = [1]{0}, .floatValues = [0]{}, .int64Values = [0]{}, .bytes = [0]{}, .stringValue = ""}}
12-30 11:20:06.176   398   464 I VehiclePropertyStore: begin to write value to Store: {.timestamp = 9741998249159, .areaId = 0, .prop = 557850853, .status = AVAILABLE, .value = {.int32Values = [1]{0}, .floatValues = [0]{}, .int64Values = [0]{}, .bytes = [0]{}, .stringValue = ""}}
