12-30 11:20:06.332  1667  2513 W ContextImpl: Calling a method in the system process without a qualified user: android.app.ContextImpl.bindService:1988 android.content.ContextWrapper.bindService:861 com.ford.sync.fnvservice.analytics.AnalyticsManager$RetryHandler.a:126 com.ford.sync.fnvservice.analytics.AnalyticsManager$RetryHandler.handleMessage:103 android.os.Handler.dispatchMessage:106 
12-30 11:20:06.332   916  5915 W ActivityManager: Unable to start service Intent { cmp=com.ford.sync.fnvservice/.analytics.AnalyticsService } U=0: not found
12-30 11:20:06.332  1667  2513 W AnalyticsManager:  bind ford Analytics failed -> sendRetryMessage 
12-30 11:20:06.336   650   729 D fgemcucomm: sd Uart data : 6AA6022FF20002920247
12-30 11:20:06.336   650   729 D fgemcucomm: rev uart=80466,len=48, data : 6AA6812FF200289202001B4A503130333531353242204A5031303335313532422041303100000000000000000000002B
12-30 11:20:06.336   398   466 D adayocomadapter-ParseProtocolFunc: printRaWMsg Name[MCUToUPstream recv] len[40] data[9202001B4A503130333531353242204A503130333531353242204130310000000000000000000000]
12-30 11:20:06.336   398   466 D adayocomadapter-CommunicationManager: onUpstreamback   member[0] dataLength[37] timePoint[9742158]
12-30 11:20:06.336   398   466 D adayocomadapter-ParseProtocolFunc: printRaWMsg Name[onUpstreamback] len[37] data[1B4A503130333531353242204A503130333531353242204130310000000000000000000000]
12-30 11:20:06.336   398   464 D adayocomadapter-UpstreamHandler: processBeforePacket upSreamtProcessTimePoint[9742158] 
12-30 11:20:06.336   398   464 D adayocomadapter-UpstreamHandler: processPacket UPSTREAM_QUEUE_DATA_TIMEOUT
12-30 11:20:06.336   398   464 D adayocomadapter-ParseProtocolFunc: parseCommonIPCLBytes Processing tableNumber[27]
12-30 11:20:06.336   398   464 D adayocomadapter-ParseProtocolFunc: parseCommonIPCLBytes Processing tablename[Table-27] tableSize[37]
12-30 11:20:06.336   398   464 D adayocomadapter-ParseProtocolFunc: printRaWMsg Name[byteStream recv] len[37] data[1B4A503130333531353242204A503130333531353242204130310000000000000000000000]
12-30 11:20:06.336   398   464 D adayocomadapter-ParseProtocolFunc: printRaWMsg Name[IPCLtoVHAL] len[16] data[21414157014A50313033353135324220]
12-30 11:20:06.336   398   464 D adayocomadapter-ParseProtocolFunc: printRaWMsg Name[IPCLtoVHAL] len[16] data[21414158014A50313033353135324220]
12-30 11:20:06.336   398   464 D adayocomadapter-ParseProtocolFunc: printRaWMsg Name[IPCLtoVHAL] len[8] data[2141415901413031]
12-30 11:20:06.336   398   464 D adayocomadapter-ParseProtocolFunc: printRaWMsg Name[IPCLtoVHAL] len[16] data[2141415A010000000000000000000000]
12-30 11:20:06.337   398   464 D adayocomadapter-CommunicationManager: onUpstreamReceive mPropertyId 0x21414157
12-30 11:20:06.337   398   464 D adayocomadapter-CommunicationManager: writeValue id=[557924695]
12-30 11:20:06.337   398   464 D adayocomadapter-VehiclePropertyStore: writeValue id=[557924695]
12-30 11:20:06.337   398   464 I vw-vhal : notifyVehicleProperty, propId = 0x21414157, data = {status: 2, int32Values: [74, 80, 49, 48, 51, 53, 49, 53, 50, 66, 32]}
12-30 11:20:06.337   398   464 I vw-vhal : CanSignalsAdapter::notifyDiagProperty: propId = 0x21414157, data = {status: 2, int32Values: [74, 80, 49, 48, 51, 53, 49, 53, 50, 66, 32]}
12-30 11:20:06.337   398   464 I vw-vhal : CanSignalsAdapter::notifyVehicleProperty: solvedValue = {.timestamp = 9742159074826, .areaId = 0, .prop = 557924695, .status = AVAILABLE, .value = {.int32Values = [11]{74, 80, 49, 48, 51, 53, 49, 53, 50, 66, 32}, .floatValues = [0]{}, .int64Values = [0]{}, .bytes = [0]{}, .stringValue = ""}}
12-30 11:20:06.337   398   464 I VehiclePropertyStore: begin to write value to Store: {.timestamp = 9742159074826, .areaId = 0, .prop = 557924695, .status = AVAILABLE, .value = {.int32Values = [11]{74, 80, 49, 48, 51, 53, 49, 53, 50, 66, 32}, .floatValues = [0]{}, .int64Values = [0]{}, .bytes = [0]{}, .stringValue = ""}}
12-30 11:20:06.337   398   464 I DefaultVehicleHal_v2_0: DefaultVehicleHal::onPropertyValue, value:{.timestamp = 9742159074826, .areaId = 0, .prop = 557924695, .status = AVAILABLE, .value = {.int32Values = [11]{74, 80, 49, 48, 51, 53, 49, 53, 50, 66, 32}, .floatValues = [0]{}, .int64Values = [0]{}, .bytes = [0]{}, .stringValue = ""}}
12-30 11:20:06.337   398   464 D DiagPropHandler: isDiagnosticConfig: 0x21414157
12-30 11:20:06.337   398   464 D DefaultVehicleHal_v2_0: onPropertyValue: Diagnostic config property: 0x21414157
12-30 11:20:06.337   398   464 D DiagPropHandler: Processing request for prop: 0x21414157
12-30 11:20:06.337   398   464 D DiagPropHandler: String length: 11, size = 11
12-30 11:20:06.338   682   682 I vendor.fawvw.hardware.persistenceservice: [193][persistence_client_library_prct_access::get_db_context] key VW_Spare_Part_Number is not in RCT,will be stored in cached
12-30 11:20:06.338   682   682 I vendor.fawvw.hardware.persistenceservice: [39][PersistenceService::setValue]Receive aidl setValue:key is VW_Spare_Part_Number,value is JP1035152B ,serviceid is 2
12-30 11:20:06.338   398   464 D DiagPropHandler: Successfully set property [VW_Spare_Part_Number] = JP1035152B 
12-30 11:20:06.338   398   464 I VehiclePropertyStore: begin to write value to Store: {.timestamp = 9742159074826, .areaId = 0, .prop = 557924695, .status = AVAILABLE, .value = {.int32Values = [11]{74, 80, 49, 48, 51, 53, 49, 53, 50, 66, 32}, .floatValues = [0]{}, .int64Values = [0]{}, .bytes = [0]{}, .stringValue = ""}}
12-30 11:20:06.338   398   464 D adayocomadapter-CommunicationManager: onUpstreamReceive mPropertyId 0x21414157
12-30 11:20:06.338   398   464 D adayocomadapter-CommunicationManager: onUpstreamReceive mPropertyId 0x21414158
12-30 11:20:06.338   398   464 D adayocomadapter-CommunicationManager: writeValue id=[557924696]
12-30 11:20:06.338   398   464 D adayocomadapter-VehiclePropertyStore: writeValue id=[557924696]
12-30 11:20:06.338   398   464 I vw-vhal : notifyVehicleProperty, propId = 0x21414158, data = {status: 2, int32Values: [74, 80, 49, 48, 51, 53, 49, 53, 50, 66, 32]}
12-30 11:20:06.339   398   464 I vw-vhal : CanSignalsAdapter::notifyDiagProperty: propId = 0x21414158, data = {status: 2, int32Values: [74, 80, 49, 48, 51, 53, 49, 53, 50, 66, 32]}
12-30 11:20:06.339   398   464 I vw-vhal : CanSignalsAdapter::notifyVehicleProperty: solvedValue = {.timestamp = 9742160933492, .areaId = 0, .prop = 557924696, .status = AVAILABLE, .value = {.int32Values = [11]{74, 80, 49, 48, 51, 53, 49, 53, 50, 66, 32}, .floatValues = [0]{}, .int64Values = [0]{}, .bytes = [0]{}, .stringValue = ""}}
12-30 11:20:06.339   398   464 I VehiclePropertyStore: begin to write value to Store: {.timestamp = 9742160933492, .areaId = 0, .prop = 557924696, .status = AVAILABLE, .value = {.int32Values = [11]{74, 80, 49, 48, 51, 53, 49, 53, 50, 66, 32}, .floatValues = [0]{}, .int64Values = [0]{}, .bytes = [0]{}, .stringValue = ""}}
12-30 11:20:06.339   398   464 I DefaultVehicleHal_v2_0: DefaultVehicleHal::onPropertyValue, value:{.timestamp = 9742160933492, .areaId = 0, .prop = 557924696, .status = AVAILABLE, .value = {.int32Values = [11]{74, 80, 49, 48, 51, 53, 49, 53, 50, 66, 32}, .floatValues = [0]{}, .int64Values = [0]{}, .bytes = [0]{}, .stringValue = ""}}
12-30 11:20:06.339   398   464 D DiagPropHandler: is not DiagnosticConfig: 0x21414158
12-30 11:20:06.339   398   464 I VehiclePropertyStore: begin to write value to Store: {.timestamp = 9742160933492, .areaId = 0, .prop = 557924696, .status = AVAILABLE, .value = {.int32Values = [11]{74, 80, 49, 48, 51, 53, 49, 53, 50, 66, 32}, .floatValues = [0]{}, .int64Values = [0]{}, .bytes = [0]{}, .stringValue = ""}}
12-30 11:20:06.339   398   464 D adayocomadapter-CommunicationManager: onUpstreamReceive mPropertyId 0x21414158
12-30 11:20:06.339   398   464 D adayocomadapter-CommunicationManager: onUpstreamReceive mPropertyId 0x21414159
12-30 11:20:06.339   398   464 D adayocomadapter-CommunicationManager: writeValue id=[557924697]
12-30 11:20:06.339   398   464 D adayocomadapter-VehiclePropertyStore: writeValue id=[557924697]
12-30 11:20:06.339   398   464 I vw-vhal : notifyVehicleProperty, propId = 0x21414159, data = {status: 2, int32Values: [65, 48, 49]}
12-30 11:20:06.339   398   464 I vw-vhal : CanSignalsAdapter::notifyDiagProperty: propId = 0x21414159, data = {status: 2, int32Values: [65, 48, 49]}
12-30 11:20:06.339   398   464 I vw-vhal : CanSignalsAdapter::notifyVehicleProperty: solvedValue = {.timestamp = 9742161413159, .areaId = 0, .prop = 557924697, .status = AVAILABLE, .value = {.int32Values = [3]{65, 48, 49}, .floatValues = [0]{}, .int64Values = [0]{}, .bytes = [0]{}, .stringValue = ""}}
12-30 11:20:06.339   398   464 I VehiclePropertyStore: begin to write value to Store: {.timestamp = 9742161413159, .areaId = 0, .prop = 557924697, .status = AVAILABLE, .value = {.int32Values = [3]{65, 48, 49}, .floatValues = [0]{}, .int64Values = [0]{}, .bytes = [0]{}, .stringValue = ""}}
12-30 11:20:06.339   398   464 I DefaultVehicleHal_v2_0: DefaultVehicleHal::onPropertyValue, value:{.timestamp = 9742161413159, .areaId = 0, .prop = 557924697, .status = AVAILABLE, .value = {.int32Values = [3]{65, 48, 49}, .floatValues = [0]{}, .int64Values = [0]{}, .bytes = [0]{}, .stringValue = ""}}
12-30 11:20:06.339   398   464 D DiagPropHandler: is not DiagnosticConfig: 0x21414159
12-30 11:20:06.339   398   464 I VehiclePropertyStore: begin to write value to Store: {.timestamp = 9742161413159, .areaId = 0, .prop = 557924697, .status = AVAILABLE, .value = {.int32Values = [3]{65, 48, 49}, .floatValues = [0]{}, .int64Values = [0]{}, .bytes = [0]{}, .stringValue = ""}}
12-30 11:20:06.339   398   464 D adayocomadapter-CommunicationManager: onUpstreamReceive mPropertyId 0x21414159
12-30 11:20:06.339   398   464 D adayocomadapter-CommunicationManager: onUpstreamReceive mPropertyId 0x2141415a
12-30 11:20:06.339   398   464 D adayocomadapter-CommunicationManager: writeValue id=[557924698]
12-30 11:20:06.339   398   464 D adayocomadapter-VehiclePropertyStore: writeValue id=[557924698]
12-30 11:20:06.339   398   464 I vw-vhal : notifyVehicleProperty, propId = 0x2141415a, data = {status: 2, int32Values: [0, 0, 0, 0, 0, 0, 0, 0, 0, 0, 0]}
12-30 11:20:06.340   398   464 I vw-vhal : CanSignalsAdapter::notifyDiagProperty: propId = 0x2141415a, data = {status: 2, int32Values: [0, 0, 0, 0, 0, 0, 0, 0, 0, 0, 0]}
12-30 11:20:06.340   398   464 I vw-vhal : CanSignalsAdapter::notifyVehicleProperty: solvedValue = {.timestamp = 9742161889159, .areaId = 0, .prop = 557924698, .status = AVAILABLE, .value = {.int32Values = [11]{0, 0, 0, 0, 0, 0, 0, 0, 0, 0, 0}, .floatValues = [0]{}, .int64Values = [0]{}, .bytes = [0]{}, .stringValue = ""}}
12-30 11:20:06.340   398   464 I VehiclePropertyStore: begin to write value to Store: {.timestamp = 9742161889159, .areaId = 0, .prop = 557924698, .status = AVAILABLE, .value = {.int32Values = [11]{0, 0, 0, 0, 0, 0, 0, 0, 0, 0, 0}, .floatValues = [0]{}, .int64Values = [0]{}, .bytes = [0]{}, .stringValue = ""}}
12-30 11:20:06.340   398   464 I DefaultVehicleHal_v2_0: DefaultVehicleHal::onPropertyValue, value:{.timestamp = 9742161889159, .areaId = 0, .prop = 557924698, .status = AVAILABLE, .value = {.int32Values = [11]{0, 0, 0, 0, 0, 0, 0, 0, 0, 0, 0}, .floatValues = [0]{}, .int64Values = [0]{}, .bytes = [0]{}, .stringValue = ""}}
12-30 11:20:06.340   398   464 D DiagPropHandler: is not DiagnosticConfig: 0x2141415a
12-30 11:20:06.340   398   464 I VehiclePropertyStore: begin to write value to Store: {.timestamp = 9742161889159, .areaId = 0, .prop = 557924698, .status = AVAILABLE, .value = {.int32Values = [11]{0, 0, 0, 0, 0, 0, 0, 0, 0, 0, 0}, .floatValues = [0]{}, .int64Values = [0]{}, .bytes = [0]{}, .stringValue = ""}}
12-30 11:20:06.340   398   464 D adayocomadapter-CommunicationManager: onUpstreamReceive mPropertyId 0x2141415a
12-30 11:20:06.347  2358  2623 D RcfController: Rcf proxy is not connected!
12-30 11:20:06.358   596  3076 E WifiHAL : Invalid data received from driver
12-30 11:20:06.358   596  3076 E WifiHAL : Invalid data received from driver
12-30 11:20:06.358   596  3076 E WifiHAL : Invalid data received from driver
12-30 11:20:06.358   596  3076 E WifiHAL : Invalid data received from driver
12-30 11:20:06.359   596  3076 E WifiHAL : Invalid data received from driver
12-30 11:20:06.359   596  3076 E WifiHAL : Invalid data received from driver
12-30 11:20:06.359   596  3076 E WifiHAL : Invalid data received from driver
12-30 11:20:06.361   360   931 D EvsDriver: forwardFrame
12-30 11:20:06.361   360   931 D EvsDriver: forwardFrameDirect
12-30 11:20:06.361   360   931 D EvsDriver: Delivered 0xb400e2ca9e40e270 as id 0
12-30 11:20:06.361   359  2784 D evsmanagerd: /dev/video-evs0 forwarded the buffer #0 to 0xb400f125d2b26dd0 from 0xb400f125e2b20710
12-30 11:20:06.371   360   458 D EvsDriver: doneWithFrame
12-30 11:20:06.388   596  3076 E WifiHAL : Invalid data received from driver
12-30 11:20:06.394   360   931 D EvsDriver: forwardFrame
12-30 11:20:06.394   360   931 D EvsDriver: forwardFrameDirect
12-30 11:20:06.394   360   931 D EvsDriver: Delivered 0xb400e2ca9e40d4b0 as id 1
12-30 11:20:06.394   359  2784 D evsmanagerd: /dev/video-evs0 forwarded the buffer #1 to 0xb400f125d2b26dd0 from 0xb400f125e2b20710
12-30 11:20:06.397  2358  2623 D RcfController: Rcf proxy is not connected!
12-30 11:20:06.401   360   458 D EvsDriver: doneWithFrame
12-30 11:20:06.404   650   729 D fgemcucomm: sd Uart data : 6AA6022FF30002920246
12-30 11:20:06.404   650   729 D fgemcucomm: rev uart=80467,len=29, data : 6AA6812FF30015920200130000000000000000000000000000000000A1
12-30 11:20:06.404   398   466 D adayocomadapter-ParseProtocolFunc: printRaWMsg Name[MCUToUPstream recv] len[21] data[920200130000000000000000000000000000000000]
12-30 11:20:06.404   398   466 D adayocomadapter-CommunicationManager: onUpstreamback   member[0] dataLength[18] timePoint[9742226]
12-30 11:20:06.404   398   466 D adayocomadapter-ParseProtocolFunc: printRaWMsg Name[onUpstreamback] len[18] data[130000000000000000000000000000000000]
12-30 11:20:06.404   398   464 D adayocomadapter-UpstreamHandler: processBeforePacket upSreamtProcessTimePoint[9742226] 
12-30 11:20:06.404   398   464 D adayocomadapter-UpstreamHandler: processPacket UPSTREAM_QUEUE_DATA_TIMEOUT
12-30 11:20:06.404   398   464 D adayocomadapter-ParseProtocolFunc: parseCommonIPCLBytes Processing tableNumber[19]
12-30 11:20:06.404   398   464 D adayocomadapter-ParseProtocolFunc: parseCommonIPCLBytes Processing tablename[Table-19] tableSize[18]
12-30 11:20:06.404   398   464 D adayocomadapter-ParseProtocolFunc: printRaWMsg Name[byteStream recv] len[18] data[130000000000000000000000000000000000]
12-30 11:20:06.405   398   464 D adayocomadapter-ParseProtocolFunc: printRaWMsg Name[IPCLtoVHAL] len[6] data[214010280000]
12-30 11:20:06.405   398   464 D adayocomadapter-ParseProtocolFunc: printRaWMsg Name[IPCLtoVHAL] len[6] data[214010290000]
12-30 11:20:06.405   398   464 D adayocomadapter-ParseProtocolFunc: printRaWMsg Name[IPCLtoVHAL] len[6] data[2140102E0000]
12-30 11:20:06.405   398   464 D adayocomadapter-ParseProtocolFunc: printRaWMsg Name[IPCLtoVHAL] len[6] data[2140102B0000]
12-30 11:20:06.405   398   464 D adayocomadapter-ParseProtocolFunc: printRaWMsg Name[IPCLtoVHAL] len[6] data[2140104C0000]
12-30 11:20:06.405   398   464 D adayocomadapter-ParseProtocolFunc: printRaWMsg Name[IPCLtoVHAL] len[6] data[2140102C0000]
12-30 11:20:06.405   398   464 D adayocomadapter-ParseProtocolFunc: printRaWMsg Name[IPCLtoVHAL] len[7] data[21402007000000]
12-30 11:20:06.405   398   464 D adayocomadapter-ParseProtocolFunc: printRaWMsg Name[IPCLtoVHAL] len[6] data[2140102F0000]
12-30 11:20:06.405   398   464 D adayocomadapter-ParseProtocolFunc: printRaWMsg Name[IPCLtoVHAL] len[6] data[214010310000]
12-30 11:20:06.405   398   464 D adayocomadapter-ParseProtocolFunc: printRaWMsg Name[IPCLtoVHAL] len[7] data[21402022000000]
12-30 11:20:06.405   398   464 D adayocomadapter-ParseProtocolFunc: printRaWMsg Name[IPCLtoVHAL] len[9] data[214020230000000000]
12-30 11:20:06.405   398   464 D adayocomadapter-ParseProtocolFunc: printRaWMsg Name[IPCLtoVHAL] len[6] data[2140104D0000]
12-30 11:20:06.405   398   464 D adayocomadapter-CommunicationManager: onUpstreamReceive mPropertyId 0x21401028
12-30 11:20:06.405   398   464 D adayocomadapter-CommunicationManager: convertBytesToInt32Memcpy  0
12-30 11:20:06.405   398   464 I vw-vhal : notifyVehicleProperty, propId = 0x21401028, data = {status: 2, int32Values: [0]}
12-30 11:20:06.405   398   464 I vw-vhal : CanSignalsAdapter::notifyVehicleProperty: solvedValue = {.timestamp = 9742227360492, .areaId = 0, .prop = 557846568, .status = AVAILABLE, .value = {.int32Values = [1]{0}, .floatValues = [0]{}, .int64Values = [0]{}, .bytes = [0]{}, .stringValue = ""}}
12-30 11:20:06.405   398   464 I VehiclePropertyStore: begin to write value to Store: {.timestamp = 9742227360492, .areaId = 0, .prop = 557846568, .status = AVAILABLE, .value = {.int32Values = [1]{0}, .floatValues = [0]{}, .int64Values = [0]{}, .bytes = [0]{}, .stringValue = ""}}
12-30 11:20:06.405   398   464 I DefaultVehicleHal_v2_0: DefaultVehicleHal::onPropertyValue, value:{.timestamp = 9742227360492, .areaId = 0, .prop = 557846568, .status = AVAILABLE, .value = {.int32Values = [1]{0}, .floatValues = [0]{}, .int64Values = [0]{}, .bytes = [0]{}, .stringValue = ""}}
12-30 11:20:06.405   398   464 D DiagPropHandler: is not DiagnosticConfig: 0x21401028
12-30 11:20:06.405   398   464 I VehiclePropertyStore: begin to write value to Store: {.timestamp = 9742227360492, .areaId = 0, .prop = 557846568, .status = AVAILABLE, .value = {.int32Values = [1]{0}, .floatValues = [0]{}, .int64Values = [0]{}, .bytes = [0]{}, .stringValue = ""}}
12-30 11:20:06.405   398   464 D adayocomadapter-CommunicationManager: onUpstreamReceive mPropertyId 0x21401028
12-30 11:20:06.405   398   464 D adayocomadapter-CommunicationManager: onUpstreamReceive mPropertyId 0x21401029
12-30 11:20:06.405   398   464 D adayocomadapter-CommunicationManager: convertBytesToInt32Memcpy  0
12-30 11:20:06.405   398   464 I vw-vhal : notifyVehicleProperty, propId = 0x21401029, data = {status: 2, int32Values: [0]}
12-30 11:20:06.405   398   464 I vw-vhal : CanSignalsAdapter::notifyVehicleProperty: solvedValue = {.timestamp = 9742227740159, .areaId = 0, .prop = 557846569, .status = AVAILABLE, .value = {.int32Values = [1]{0}, .floatValues = [0]{}, .int64Values = [0]{}, .bytes = [0]{}, .stringValue = ""}}
12-30 11:20:06.405   398   464 I VehiclePropertyStore: begin to write value to Store: {.timestamp = 9742227740159, .areaId = 0, .prop = 557846569, .status = AVAILABLE, .value = {.int32Values = [1]{0}, .floatValues = [0]{}, .int64Values = [0]{}, .bytes = [0]{}, .stringValue = ""}}
12-30 11:20:06.406   398   464 I DefaultVehicleHal_v2_0: DefaultVehicleHal::onPropertyValue, value:{.timestamp = 9742227740159, .areaId = 0, .prop = 557846569, .status = AVAILABLE, .value = {.int32Values = [1]{0}, .floatValues = [0]{}, .int64Values = [0]{}, .bytes = [0]{}, .stringValue = ""}}
12-30 11:20:06.406   398   464 D DiagPropHandler: is not DiagnosticConfig: 0x21401029
12-30 11:20:06.406   398   464 I VehiclePropertyStore: begin to write value to Store: {.timestamp = 9742227740159, .areaId = 0, .prop = 557846569, .status = AVAILABLE, .value = {.int32Values = [1]{0}, .floatValues = [0]{}, .int64Values = [0]{}, .bytes = [0]{}, .stringValue = ""}}
12-30 11:20:06.406   398   464 D adayocomadapter-CommunicationManager: onUpstreamReceive mPropertyId 0x21401029
12-30 11:20:06.406   398   464 D adayocomadapter-CommunicationManager: onUpstreamReceive mPropertyId 0x2140102e
12-30 11:20:06.406   398   464 D adayocomadapter-CommunicationManager: convertBytesToInt32Memcpy  0
12-30 11:20:06.406   398   464 I vw-vhal : notifyVehicleProperty, propId = 0x2140102e, data = {status: 2, int32Values: [0]}
12-30 11:20:06.406   398   464 I vw-vhal : CanSignalsAdapter::notifyVehicleProperty: solvedValue = {.timestamp = 9742228122826, .areaId = 0, .prop = 557846574, .status = AVAILABLE, .value = {.int32Values = [1]{0}, .floatValues = [0]{}, .int64Values = [0]{}, .bytes = [0]{}, .stringValue = ""}}
12-30 11:20:06.406   398   464 I VehiclePropertyStore: begin to write value to Store: {.timestamp = 9742228122826, .areaId = 0, .prop = 557846574, .status = AVAILABLE, .value = {.int32Values = [1]{0}, .floatValues = [0]{}, .int64Values = [0]{}, .bytes = [0]{}, .stringValue = ""}}
12-30 11:20:06.406   398   464 I DefaultVehicleHal_v2_0: DefaultVehicleHal::onPropertyValue, value:{.timestamp = 9742228122826, .areaId = 0, .prop = 557846574, .status = AVAILABLE, .value = {.int32Values = [1]{0}, .floatValues = [0]{}, .int64Values = [0]{}, .bytes = [0]{}, .stringValue = ""}}
12-30 11:20:06.406   398   464 D DiagPropHandler: is not DiagnosticConfig: 0x2140102e
12-30 11:20:06.406   398   464 I VehiclePropertyStore: begin to write value to Store: {.timestamp = 9742228122826, .areaId = 0, .prop = 557846574, .status = AVAILABLE, .value = {.int32Values = [1]{0}, .floatValues = [0]{}, .int64Values = [0]{}, .bytes = [0]{}, .stringValue = ""}}
12-30 11:20:06.406   398   464 D adayocomadapter-CommunicationManager: onUpstreamReceive mPropertyId 0x2140102e
12-30 11:20:06.406   398   464 D adayocomadapter-CommunicationManager: onUpstreamReceive mPropertyId 0x2140102b
12-30 11:20:06.406   398   464 D adayocomadapter-CommunicationManager: convertBytesToInt32Memcpy  0
12-30 11:20:06.406   398   464 I vw-vhal : notifyVehicleProperty, propId = 0x2140102b, data = {status: 2, int32Values: [0]}
12-30 11:20:06.406   398   464 I vw-vhal : CanSignalsAdapter::notifyVehicleProperty: solvedValue = {.timestamp = 9742228487159, .areaId = 0, .prop = 557846571, .status = AVAILABLE, .value = {.int32Values = [1]{0}, .floatValues = [0]{}, .int64Values = [0]{}, .bytes = [0]{}, .stringValue = ""}}
12-30 11:20:06.406   398   464 I VehiclePropertyStore: begin to write value to Store: {.timestamp = 9742228487159, .areaId = 0, .prop = 557846571, .status = AVAILABLE, .value = {.int32Values = [1]{0}, .floatValues = [0]{}, .int64Values = [0]{}, .bytes = [0]{}, .stringValue = ""}}
12-30 11:20:06.406   398   464 I DefaultVehicleHal_v2_0: DefaultVehicleHal::onPropertyValue, value:{.timestamp = 9742228487159, .areaId = 0, .prop = 557846571, .status = AVAILABLE, .value = {.int32Values = [1]{0}, .floatValues = [0]{}, .int64Values = [0]{}, .bytes = [0]{}, .stringValue = ""}}
12-30 11:20:06.406   398   464 D DiagPropHandler: is not DiagnosticConfig: 0x2140102b
12-30 11:20:06.406   398   464 I VehiclePropertyStore: begin to write value to Store: {.timestamp = 9742228487159, .areaId = 0, .prop = 557846571, .status = AVAILABLE, .value = {.int32Values = [1]{0}, .floatValues = [0]{}, .int64Values = [0]{}, .bytes = [0]{}, .stringValue = ""}}
12-30 11:20:06.406   398   464 D adayocomadapter-CommunicationManager: onUpstreamReceive mPropertyId 0x2140102b
12-30 11:20:06.406   398   464 D adayocomadapter-CommunicationManager: onUpstreamReceive mPropertyId 0x2140104c
12-30 11:20:06.406   398   464 D adayocomadapter-CommunicationManager: convertBytesToInt32Memcpy  0
12-30 11:20:06.406   398   464 I vw-vhal : notifyVehicleProperty, propId = 0x2140104c, data = {status: 2, int32Values: [0]}
12-30 11:20:06.407   398   464 I vw-vhal : CanSignalsAdapter::notifyVehicleProperty: solvedValue = {.timestamp = 9742228842159, .areaId = 0, .prop = 557846604, .status = AVAILABLE, .value = {.int32Values = [1]{0}, .floatValues = [0]{}, .int64Values = [0]{}, .bytes = [0]{}, .stringValue = ""}}
12-30 11:20:06.407   398   464 I VehiclePropertyStore: begin to write value to Store: {.timestamp = 9742228842159, .areaId = 0, .prop = 557846604, .status = AVAILABLE, .value = {.int32Values = [1]{0}, .floatValues = [0]{}, .int64Values = [0]{}, .bytes = [0]{}, .stringValue = ""}}
12-30 11:20:06.407   398   464 I DefaultVehicleHal_v2_0: DefaultVehicleHal::onPropertyValue, value:{.timestamp = 9742228842159, .areaId = 0, .prop = 557846604, .status = AVAILABLE, .value = {.int32Values = [1]{0}, .floatValues = [0]{}, .int64Values = [0]{}, .bytes = [0]{}, .stringValue = ""}}
12-30 11:20:06.407   398   464 D DiagPropHandler: is not DiagnosticConfig: 0x2140104c
12-30 11:20:06.407   398   464 I VehiclePropertyStore: begin to write value to Store: {.timestamp = 9742228842159, .areaId = 0, .prop = 557846604, .status = AVAILABLE, .value = {.int32Values = [1]{0}, .floatValues = [0]{}, .int64Values = [0]{}, .bytes = [0]{}, .stringValue = ""}}
12-30 11:20:06.407   398   464 D adayocomadapter-CommunicationManager: onUpstreamReceive mPropertyId 0x2140104c
12-30 11:20:06.407   398   464 D adayocomadapter-CommunicationManager: onUpstreamReceive mPropertyId 0x2140102c
12-30 11:20:06.407   398   464 D adayocomadapter-CommunicationManager: convertBytesToInt32Memcpy  0
12-30 11:20:06.407   398   464 I vw-vhal : notifyVehicleProperty, propId = 0x2140102c, data = {status: 2, int32Values: [0]}
12-30 11:20:06.407   398   464 I vw-vhal : CanSignalsAdapter::notifyVehicleProperty: solvedValue = {.timestamp = 9742229173492, .areaId = 0, .prop = 557846572, .status = AVAILABLE, .value = {.int32Values = [1]{0}, .floatValues = [0]{}, .int64Values = [0]{}, .bytes = [0]{}, .stringValue = ""}}
12-30 11:20:06.407   398   464 I VehiclePropertyStore: begin to write value to Store: {.timestamp = 9742229173492, .areaId = 0, .prop = 557846572, .status = AVAILABLE, .value = {.int32Values = [1]{0}, .floatValues = [0]{}, .int64Values = [0]{}, .bytes = [0]{}, .stringValue = ""}}
12-30 11:20:06.407   398   464 I DefaultVehicleHal_v2_0: DefaultVehicleHal::onPropertyValue, value:{.timestamp = 9742229173492, .areaId = 0, .prop = 557846572, .status = AVAILABLE, .value = {.int32Values = [1]{0}, .floatValues = [0]{}, .int64Values = [0]{}, .bytes = [0]{}, .stringValue = ""}}
12-30 11:20:06.407   398   464 D DiagPropHandler: is not DiagnosticConfig: 0x2140102c
12-30 11:20:06.407   398   464 I VehiclePropertyStore: begin to write value to Store: {.timestamp = 9742229173492, .areaId = 0, .prop = 557846572, .status = AVAILABLE, .value = {.int32Values = [1]{0}, .floatValues = [0]{}, .int64Values = [0]{}, .bytes = [0]{}, .stringValue = ""}}
12-30 11:20:06.407   398   464 D adayocomadapter-CommunicationManager: onUpstreamReceive mPropertyId 0x2140102c
12-30 11:20:06.407   398   464 D adayocomadapter-CommunicationManager: onUpstreamReceive mPropertyId 0x21402007
12-30 11:20:06.407   398   464 D adayocomadapter-CommunicationManager: convertBytesToInt32Memcpy  0
12-30 11:20:06.407   398   464 I vw-vhal : notifyVehicleProperty, propId = 0x21402007, data = {status: 2, int32Values: [0]}
12-30 11:20:06.407   398   464 I vw-vhal : CanSignalsAdapter::notifyVehicleProperty: solvedValue = {.timestamp = 9742229522492, .areaId = 0, .prop = 557850631, .status = AVAILABLE, .value = {.int32Values = [1]{0}, .floatValues = [0]{}, .int64Values = [0]{}, .bytes = [0]{}, .stringValue = ""}}
12-30 11:20:06.407   398   464 I VehiclePropertyStore: begin to write value to Store: {.timestamp = 9742229522492, .areaId = 0, .prop = 557850631, .status = AVAILABLE, .value = {.int32Values = [1]{0}, .floatValues = [0]{}, .int64Values = [0]{}, .bytes = [0]{}, .stringValue = ""}}
12-30 11:20:06.407   398   464 I DefaultVehicleHal_v2_0: DefaultVehicleHal::onPropertyValue, value:{.timestamp = 9742229522492, .areaId = 0, .prop = 557850631, .status = AVAILABLE, .value = {.int32Values = [1]{0}, .floatValues = [0]{}, .int64Values = [0]{}, .bytes = [0]{}, .stringValue = ""}}
12-30 11:20:06.407   398   464 D DiagPropHandler: is not DiagnosticConfig: 0x21402007
12-30 11:20:06.407   398   464 I VehiclePropertyStore: begin to write value to Store: {.timestamp = 9742229522492, .areaId = 0, .prop = 557850631, .status = AVAILABLE, .value = {.int32Values = [1]{0}, .floatValues = [0]{}, .int64Values = [0]{}, .bytes = [0]{}, .stringValue = ""}}
12-30 11:20:06.407   398   464 D adayocomadapter-CommunicationManager: onUpstreamReceive mPropertyId 0x21402007
12-30 11:20:06.407   398   464 D adayocomadapter-CommunicationManager: onUpstreamReceive mPropertyId 0x2140102f
12-30 11:20:06.407   398   464 D adayocomadapter-CommunicationManager: convertBytesToInt32Memcpy  0
12-30 11:20:06.407   398   464 I vw-vhal : notifyVehicleProperty, propId = 0x2140102f, data = {status: 2, int32Values: [0]}
12-30 11:20:06.408   398   464 I vw-vhal : CanSignalsAdapter::notifyVehicleProperty: solvedValue = {.timestamp = 9742229867159, .areaId = 0, .prop = 557846575, .status = AVAILABLE, .value = {.int32Values = [1]{0}, .floatValues = [0]{}, .int64Values = [0]{}, .bytes = [0]{}, .stringValue = ""}}
12-30 11:20:06.408   398   464 I VehiclePropertyStore: begin to write value to Store: {.timestamp = 9742229867159, .areaId = 0, .prop = 557846575, .status = AVAILABLE, .value = {.int32Values = [1]{0}, .floatValues = [0]{}, .int64Values = [0]{}, .bytes = [0]{}, .stringValue = ""}}
12-30 11:20:06.408   398   464 I DefaultVehicleHal_v2_0: DefaultVehicleHal::onPropertyValue, value:{.timestamp = 9742229867159, .areaId = 0, .prop = 557846575, .status = AVAILABLE, .value = {.int32Values = [1]{0}, .floatValues = [0]{}, .int64Values = [0]{}, .bytes = [0]{}, .stringValue = ""}}
12-30 11:20:06.408   398   464 D DiagPropHandler: is not DiagnosticConfig: 0x2140102f
12-30 11:20:06.408   398   464 I VehiclePropertyStore: begin to write value to Store: {.timestamp = 9742229867159, .areaId = 0, .prop = 557846575, .status = AVAILABLE, .value = {.int32Values = [1]{0}, .floatValues = [0]{}, .int64Values = [0]{}, .bytes = [0]{}, .stringValue = ""}}
12-30 11:20:06.408   398   464 D adayocomadapter-CommunicationManager: onUpstreamReceive mPropertyId 0x2140102f
12-30 11:20:06.408   398   464 D adayocomadapter-CommunicationManager: onUpstreamReceive mPropertyId 0x21401031
12-30 11:20:06.408   398   464 D adayocomadapter-CommunicationManager: convertBytesToInt32Memcpy  0
12-30 11:20:06.408   398   464 I vw-vhal : notifyVehicleProperty, propId = 0x21401031, data = {status: 2, int32Values: [0]}
12-30 11:20:06.408   398   464 I vw-vhal : CanSignalsAdapter::notifyVehicleProperty: solvedValue = {.timestamp = 9742230211492, .areaId = 0, .prop = 557846577, .status = AVAILABLE, .value = {.int32Values = [1]{0}, .floatValues = [0]{}, .int64Values = [0]{}, .bytes = [0]{}, .stringValue = ""}}
12-30 11:20:06.408   398   464 I VehiclePropertyStore: begin to write value to Store: {.timestamp = 9742230211492, .areaId = 0, .prop = 557846577, .status = AVAILABLE, .value = {.int32Values = [1]{0}, .floatValues = [0]{}, .int64Values = [0]{}, .bytes = [0]{}, .stringValue = ""}}
12-30 11:20:06.408   398   464 I DefaultVehicleHal_v2_0: DefaultVehicleHal::onPropertyValue, value:{.timestamp = 9742230211492, .areaId = 0, .prop = 557846577, .status = AVAILABLE, .value = {.int32Values = [1]{0}, .floatValues = [0]{}, .int64Values = [0]{}, .bytes = [0]{}, .stringValue = ""}}
12-30 11:20:06.408   398   464 D DiagPropHandler: is not DiagnosticConfig: 0x21401031
12-30 11:20:06.408   398   464 I VehiclePropertyStore: begin to write value to Store: {.timestamp = 9742230211492, .areaId = 0, .prop = 557846577, .status = AVAILABLE, .value = {.int32Values = [1]{0}, .floatValues = [0]{}, .int64Values = [0]{}, .bytes = [0]{}, .stringValue = ""}}
12-30 11:20:06.408   398   464 D adayocomadapter-CommunicationManager: onUpstreamReceive mPropertyId 0x21401031
12-30 11:20:06.408   398   464 D adayocomadapter-CommunicationManager: onUpstreamReceive mPropertyId 0x21402022
12-30 11:20:06.408   398   464 D adayocomadapter-CommunicationManager: convertBytesToInt32Memcpy  0
12-30 11:20:06.408   398   464 I vw-vhal : notifyVehicleProperty, propId = 0x21402022, data = {status: 2, int32Values: [0]}
12-30 11:20:06.408   398   464 I vw-vhal : CanSignalsAdapter::notifyVehicleProperty: solvedValue = {.timestamp = 9742230561492, .areaId = 0, .prop = 557850658, .status = AVAILABLE, .value = {.int32Values = [1]{0}, .floatValues = [0]{}, .int64Values = [0]{}, .bytes = [0]{}, .stringValue = ""}}
12-30 11:20:06.408   398   464 I VehiclePropertyStore: begin to write value to Store: {.timestamp = 9742230561492, .areaId = 0, .prop = 557850658, .status = AVAILABLE, .value = {.int32Values = [1]{0}, .floatValues = [0]{}, .int64Values = [0]{}, .bytes = [0]{}, .stringValue = ""}}
12-30 11:20:06.408   398   464 I DefaultVehicleHal_v2_0: DefaultVehicleHal::onPropertyValue, value:{.timestamp = 9742230561492, .areaId = 0, .prop = 557850658, .status = AVAILABLE, .value = {.int32Values = [1]{0}, .floatValues = [0]{}, .int64Values = [0]{}, .bytes = [0]{}, .stringValue = ""}}
12-30 11:20:06.408   398   464 D DiagPropHandler: is not DiagnosticConfig: 0x21402022
12-30 11:20:06.408   398   464 I VehiclePropertyStore: begin to write value to Store: {.timestamp = 9742230561492, .areaId = 0, .prop = 557850658, .status = AVAILABLE, .value = {.int32Values = [1]{0}, .floatValues = [0]{}, .int64Values = [0]{}, .bytes = [0]{}, .stringValue = ""}}
12-30 11:20:06.408   398   464 D adayocomadapter-CommunicationManager: onUpstreamReceive mPropertyId 0x21402022
12-30 11:20:06.408   398   464 D adayocomadapter-CommunicationManager: onUpstreamReceive mPropertyId 0x21402023
12-30 11:20:06.408   398   464 D adayocomadapter-CommunicationManager: convertBytesToInt32Memcpy  0
12-30 11:20:06.409   398   464 I vw-vhal : notifyVehicleProperty, propId = 0x21402023, data = {status: 2, int32Values: [0]}
12-30 11:20:06.409   398   464 I vw-vhal : CanSignalsAdapter::notifyVehicleProperty: solvedValue = {.timestamp = 9742230914159, .areaId = 0, .prop = 557850659, .status = AVAILABLE, .value = {.int32Values = [1]{0}, .floatValues = [0]{}, .int64Values = [0]{}, .bytes = [0]{}, .stringValue = ""}}
12-30 11:20:06.409   398   464 I VehiclePropertyStore: begin to write value to Store: {.timestamp = 9742230914159, .areaId = 0, .prop = 557850659, .status = AVAILABLE, .value = {.int32Values = [1]{0}, .floatValues = [0]{}, .int64Values = [0]{}, .bytes = [0]{}, .stringValue = ""}}
12-30 11:20:06.409   398   464 I DefaultVehicleHal_v2_0: DefaultVehicleHal::onPropertyValue, value:{.timestamp = 9742230914159, .areaId = 0, .prop = 557850659, .status = AVAILABLE, .value = {.int32Values = [1]{0}, .floatValues = [0]{}, .int64Values = [0]{}, .bytes = [0]{}, .stringValue = ""}}
12-30 11:20:06.409   398   464 D DiagPropHandler: is not DiagnosticConfig: 0x21402023
12-30 11:20:06.409   398   464 I VehiclePropertyStore: begin to write value to Store: {.timestamp = 9742230914159, .areaId = 0, .prop = 557850659, .status = AVAILABLE, .value = {.int32Values = [1]{0}, .floatValues = [0]{}, .int64Values = [0]{}, .bytes = [0]{}, .stringValue = ""}}
12-30 11:20:06.409   398   464 D adayocomadapter-CommunicationManager: onUpstreamReceive mPropertyId 0x21402023
12-30 11:20:06.409   398   464 D adayocomadapter-CommunicationManager: onUpstreamReceive mPropertyId 0x2140104d
12-30 11:20:06.409   398   464 D adayocomadapter-CommunicationManager: convertBytesToInt32Memcpy  0
12-30 11:20:06.409   398   464 I vw-vhal : notifyVehicleProperty, propId = 0x2140104d, data = {status: 2, int32Values: [0]}
12-30 11:20:06.409   398   464 I vw-vhal : CanSignalsAdapter::notifyVehicleProperty: solvedValue = {.timestamp = 9742231265826, .areaId = 0, .prop = 557846605, .status = AVAILABLE, .value = {.int32Values = [1]{0}, .floatValues = [0]{}, .int64Values = [0]{}, .bytes = [0]{}, .stringValue = ""}}
12-30 11:20:06.409   398   464 I VehiclePropertyStore: begin to write value to Store: {.timestamp = 9742231265826, .areaId = 0, .prop = 557846605, .status = AVAILABLE, .value = {.int32Values = [1]{0}, .floatValues = [0]{}, .int64Values = [0]{}, .bytes = [0]{}, .stringValue = ""}}
12-30 11:20:06.409   398   464 I DefaultVehicleHal_v2_0: DefaultVehicleHal::onPropertyValue, value:{.timestamp = 9742231265826, .areaId = 0, .prop = 557846605, .status = AVAILABLE, .value = {.int32Values = [1]{0}, .floatValues = [0]{}, .int64Values = [0]{}, .bytes = [0]{}, .stringValue = ""}}
12-30 11:20:06.409   398   464 D DiagPropHandler: is not DiagnosticConfig: 0x2140104d
12-30 11:20:06.409   398   464 I VehiclePropertyStore: begin to write value to Store: {.timestamp = 9742231265826, .areaId = 0, .prop = 557846605, .status = AVAILABLE, .value = {.int32Values = [1]{0}, .floatValues = [0]{}, .int64Values = [0]{}, .bytes = [0]{}, .stringValue = ""}}
12-30 11:20:06.409   398   464 D adayocomadapter-CommunicationManager: onUpstreamReceive mPropertyId 0x2140104d
12-30 11:20:06.427   360   931 D EvsDriver: forwardFrame
12-30 11:20:06.427   360   931 D EvsDriver: forwardFrameDirect
12-30 11:20:06.427   360   931 D EvsDriver: Delivered 0xb400e2ca9e40c2d0 as id 0
12-30 11:20:06.428   359  2784 D evsmanagerd: /dev/video-evs0 forwarded the buffer #0 to 0xb400f125d2b26dd0 from 0xb400f125e2b20710
12-30 11:20:06.428   650   729 D fgemcucomm: sd Uart data : 6AA6022FF40002920245
12-30 11:20:06.428   650   729 D fgemcucomm: rev uart=80468,len=23, data : 6AA6812FF4000F920200150000000000000000000000A4
12-30 11:20:06.428   650   729 D fgemcucomm: sd Uart data : 6AA6022FF50002920244
12-30 11:20:06.428   398   466 D adayocomadapter-ParseProtocolFunc: printRaWMsg Name[MCUToUPstream recv] len[15] data[920200150000000000000000000000]
12-30 11:20:06.428   398   466 D adayocomadapter-CommunicationManager: onUpstreamback   member[0] dataLength[12] timePoint[9742250]
12-30 11:20:06.429   398   466 D adayocomadapter-ParseProtocolFunc: printRaWMsg Name[onUpstreamback] len[12] data[150000000000000000000000]
12-30 11:20:06.429   650   729 D fgemcucomm: rev uart=80469,len=56, data : 6AA6812FF500309202001900000000000000000000000000000000000000000000000000000000000000000000000000000000000000007E
12-30 11:20:06.429   398   464 D adayocomadapter-UpstreamHandler: processBeforePacket upSreamtProcessTimePoint[9742250] 
12-30 11:20:06.429   398   464 D adayocomadapter-UpstreamHandler: processPacket UPSTREAM_QUEUE_DATA_TIMEOUT
12-30 11:20:06.429   398   466 D adayocomadapter-ParseProtocolFunc: printRaWMsg Name[MCUToUPstream recv] len[48] data[920200190000000000000000000000000000000000000000000000000000000000000000000000000000000000000000]
12-30 11:20:06.429   398   464 D adayocomadapter-ParseProtocolFunc: parseCommonIPCLBytes Processing tableNumber[21]
12-30 11:20:06.429   398   466 D adayocomadapter-CommunicationManager: onUpstreamback   member[0] dataLength[45] timePoint[9742251]
12-30 11:20:06.429   398   464 D adayocomadapter-ParseProtocolFunc: parseCommonIPCLBytes Processing tablename[Table-21] tableSize[12]
12-30 11:20:06.429   398   464 D adayocomadapter-ParseProtocolFunc: printRaWMsg Name[byteStream recv] len[12] data[150000000000000000000000]
12-30 11:20:06.429   398   466 D adayocomadapter-ParseProtocolFunc: printRaWMsg Name[onUpstreamback] len[45] data[190000000000000000000000000000000000000000000000000000000000000000000000000000000000000000]
12-30 11:20:06.429   398   464 D adayocomadapter-ParseProtocolFunc: printRaWMsg Name[IPCLtoVHAL] len[6] data[2140208B0000]
12-30 11:20:06.429   398   464 D adayocomadapter-ParseProtocolFunc: printRaWMsg Name[IPCLtoVHAL] len[6] data[214021930000]
12-30 11:20:06.429   398   464 D adayocomadapter-ParseProtocolFunc: printRaWMsg Name[IPCLtoVHAL] len[6] data[2140208C0000]
12-30 11:20:06.429   398   464 D adayocomadapter-ParseProtocolFunc: printRaWMsg Name[IPCLtoVHAL] len[6] data[214021940000]
12-30 11:20:06.429   398   464 D adayocomadapter-ParseProtocolFunc: printRaWMsg Name[IPCLtoVHAL] len[6] data[2140208D0000]
12-30 11:20:06.429   398   464 D adayocomadapter-ParseProtocolFunc: printRaWMsg Name[IPCLtoVHAL] len[6] data[214021950000]
12-30 11:20:06.429   398   464 D adayocomadapter-ParseProtocolFunc: printRaWMsg Name[IPCLtoVHAL] len[6] data[214021920000]
12-30 11:20:06.429   398   464 D adayocomadapter-ParseProtocolFunc: printRaWMsg Name[IPCLtoVHAL] len[6] data[2140208A0000]
12-30 11:20:06.429   398   464 D adayocomadapter-ParseProtocolFunc: printRaWMsg Name[IPCLtoVHAL] len[6] data[214021960000]
12-30 11:20:06.429   398   464 D adayocomadapter-ParseProtocolFunc: printRaWMsg Name[IPCLtoVHAL] len[6] data[214021970000]
12-30 11:20:06.429   398   464 D adayocomadapter-ParseProtocolFunc: printRaWMsg Name[IPCLtoVHAL] len[6] data[214021990000]
12-30 11:20:06.429   398   464 D adayocomadapter-CommunicationManager: onUpstreamReceive mPropertyId 0x2140208b
12-30 11:20:06.429   398   464 D adayocomadapter-CommunicationManager: convertBytesToInt32Memcpy  0
12-30 11:20:06.429   398   464 I vw-vhal : notifyVehicleProperty, propId = 0x2140208b, data = {status: 2, int32Values: [0]}
12-30 11:20:06.429   398   464 I vw-vhal : CanSignalsAdapter::notifyVehicleProperty: solvedValue = {.timestamp = 9742251615492, .areaId = 0, .prop = 557850763, .status = AVAILABLE, .value = {.int32Values = [1]{0}, .floatValues = [0]{}, .int64Values = [0]{}, .bytes = [0]{}, .stringValue = ""}}
12-30 11:20:06.429   398   464 I VehiclePropertyStore: begin to write value to Store: {.timestamp = 9742251615492, .areaId = 0, .prop = 557850763, .status = AVAILABLE, .value = {.int32Values = [1]{0}, .floatValues = [0]{}, .int64Values = [0]{}, .bytes = [0]{}, .stringValue = ""}}
12-30 11:20:06.429   398   464 I DefaultVehicleHal_v2_0: DefaultVehicleHal::onPropertyValue, value:{.timestamp = 9742251615492, .areaId = 0, .prop = 557850763, .status = AVAILABLE, .value = {.int32Values = [1]{0}, .floatValues = [0]{}, .int64Values = [0]{}, .bytes = [0]{}, .stringValue = ""}}
12-30 11:20:06.429   398   464 D DiagPropHandler: is not DiagnosticConfig: 0x2140208b
12-30 11:20:06.429   398   464 I VehiclePropertyStore: begin to write value to Store: {.timestamp = 9742251615492, .areaId = 0, .prop = 557850763, .status = AVAILABLE, .value = {.int32Values = [1]{0}, .floatValues = [0]{}, .int64Values = [0]{}, .bytes = [0]{}, .stringValue = ""}}
12-30 11:20:06.430   398   464 D adayocomadapter-CommunicationManager: onUpstreamReceive mPropertyId 0x2140208b
12-30 11:20:06.430   398   464 D adayocomadapter-CommunicationManager: onUpstreamReceive mPropertyId 0x21402193
12-30 11:20:06.430   398   464 D adayocomadapter-CommunicationManager: convertBytesToInt32Memcpy  0
12-30 11:20:06.430   398   464 I vw-vhal : notifyVehicleProperty, propId = 0x21402193, data = {status: 2, int32Values: [0]}
12-30 11:20:06.430   398   464 I vw-vhal : CanSignalsAdapter::notifyVehicleProperty: solvedValue = {.timestamp = 9742252042826, .areaId = 0, .prop = 557851027, .status = AVAILABLE, .value = {.int32Values = [1]{0}, .floatValues = [0]{}, .int64Values = [0]{}, .bytes = [0]{}, .stringValue = ""}}
12-30 11:20:06.430   398   464 I VehiclePropertyStore: begin to write value to Store: {.timestamp = 9742252042826, .areaId = 0, .prop = 557851027, .status = AVAILABLE, .value = {.int32Values = [1]{0}, .floatValues = [0]{}, .int64Values = [0]{}, .bytes = [0]{}, .stringValue = ""}}
12-30 11:20:06.430   398   464 I DefaultVehicleHal_v2_0: DefaultVehicleHal::onPropertyValue, value:{.timestamp = 9742252042826, .areaId = 0, .prop = 557851027, .status = AVAILABLE, .value = {.int32Values = [1]{0}, .floatValues = [0]{}, .int64Values = [0]{}, .bytes = [0]{}, .stringValue = ""}}
12-30 11:20:06.430   398   464 D DiagPropHandler: is not DiagnosticConfig: 0x21402193
12-30 11:20:06.430   398   464 I VehiclePropertyStore: begin to write value to Store: {.timestamp = 9742252042826, .areaId = 0, .prop = 557851027, .status = AVAILABLE, .value = {.int32Values = [1]{0}, .floatValues = [0]{}, .int64Values = [0]{}, .bytes = [0]{}, .stringValue = ""}}
12-30 11:20:06.430   398   464 D adayocomadapter-CommunicationManager: onUpstreamReceive mPropertyId 0x21402193
12-30 11:20:06.430   398   464 D adayocomadapter-CommunicationManager: onUpstreamReceive mPropertyId 0x2140208c
12-30 11:20:06.430   398   464 D adayocomadapter-CommunicationManager: convertBytesToInt32Memcpy  0
12-30 11:20:06.430   398   464 I vw-vhal : notifyVehicleProperty, propId = 0x2140208c, data = {status: 2, int32Values: [0]}
12-30 11:20:06.430   398   464 I vw-vhal : CanSignalsAdapter::notifyVehicleProperty: solvedValue = {.timestamp = 9742252403159, .areaId = 0, .prop = 557850764, .status = AVAILABLE, .value = {.int32Values = [1]{0}, .floatValues = [0]{}, .int64Values = [0]{}, .bytes = [0]{}, .stringValue = ""}}
12-30 11:20:06.430   398   464 I VehiclePropertyStore: begin to write value to Store: {.timestamp = 9742252403159, .areaId = 0, .prop = 557850764, .status = AVAILABLE, .value = {.int32Values = [1]{0}, .floatValues = [0]{}, .int64Values = [0]{}, .bytes = [0]{}, .stringValue = ""}}
12-30 11:20:06.430   398   464 I DefaultVehicleHal_v2_0: DefaultVehicleHal::onPropertyValue, value:{.timestamp = 9742252403159, .areaId = 0, .prop = 557850764, .status = AVAILABLE, .value = {.int32Values = [1]{0}, .floatValues = [0]{}, .int64Values = [0]{}, .bytes = [0]{}, .stringValue = ""}}
12-30 11:20:06.430   398   464 D DiagPropHandler: is not DiagnosticConfig: 0x2140208c
12-30 11:20:06.430   398   464 I VehiclePropertyStore: begin to write value to Store: {.timestamp = 9742252403159, .areaId = 0, .prop = 557850764, .status = AVAILABLE, .value = {.int32Values = [1]{0}, .floatValues = [0]{}, .int64Values = [0]{}, .bytes = [0]{}, .stringValue = ""}}
12-30 11:20:06.430   398   464 D adayocomadapter-CommunicationManager: onUpstreamReceive mPropertyId 0x2140208c
12-30 11:20:06.430   398   464 D adayocomadapter-CommunicationManager: onUpstreamReceive mPropertyId 0x21402194
12-30 11:20:06.430   398   464 D adayocomadapter-CommunicationManager: convertBytesToInt32Memcpy  0
12-30 11:20:06.430   398   464 I vw-vhal : notifyVehicleProperty, propId = 0x21402194, data = {status: 2, int32Values: [0]}
12-30 11:20:06.430   398   464 I vw-vhal : CanSignalsAdapter::notifyVehicleProperty: solvedValue = {.timestamp = 9742252775826, .areaId = 0, .prop = 557851028, .status = AVAILABLE, .value = {.int32Values = [1]{0}, .floatValues = [0]{}, .int64Values = [0]{}, .bytes = [0]{}, .stringValue = ""}}
12-30 11:20:06.430   398   464 I VehiclePropertyStore: begin to write value to Store: {.timestamp = 9742252775826, .areaId = 0, .prop = 557851028, .status = AVAILABLE, .value = {.int32Values = [1]{0}, .floatValues = [0]{}, .int64Values = [0]{}, .bytes = [0]{}, .stringValue = ""}}
12-30 11:20:06.431   398   464 I DefaultVehicleHal_v2_0: DefaultVehicleHal::onPropertyValue, value:{.timestamp = 9742252775826, .areaId = 0, .prop = 557851028, .status = AVAILABLE, .value = {.int32Values = [1]{0}, .floatValues = [0]{}, .int64Values = [0]{}, .bytes = [0]{}, .stringValue = ""}}
12-30 11:20:06.431   398   464 D DiagPropHandler: is not DiagnosticConfig: 0x21402194
12-30 11:20:06.431   398   464 I VehiclePropertyStore: begin to write value to Store: {.timestamp = 9742252775826, .areaId = 0, .prop = 557851028, .status = AVAILABLE, .value = {.int32Values = [1]{0}, .floatValues = [0]{}, .int64Values = [0]{}, .bytes = [0]{}, .stringValue = ""}}
12-30 11:20:06.431   398   464 D adayocomadapter-CommunicationManager: onUpstreamReceive mPropertyId 0x21402194
12-30 11:20:06.431   398   464 D adayocomadapter-CommunicationManager: onUpstreamReceive mPropertyId 0x2140208d
12-30 11:20:06.431   398   464 D adayocomadapter-CommunicationManager: convertBytesToInt32Memcpy  0
12-30 11:20:06.431   398   464 I vw-vhal : notifyVehicleProperty, propId = 0x2140208d, data = {status: 2, int32Values: [0]}
12-30 11:20:06.431   398   464 I vw-vhal : CanSignalsAdapter::notifyVehicleProperty: solvedValue = {.timestamp = 9742253119159, .areaId = 0, .prop = 557850765, .status = AVAILABLE, .value = {.int32Values = [1]{0}, .floatValues = [0]{}, .int64Values = [0]{}, .bytes = [0]{}, .stringValue = ""}}
12-30 11:20:06.431   398   464 I VehiclePropertyStore: begin to write value to Store: {.timestamp = 9742253119159, .areaId = 0, .prop = 557850765, .status = AVAILABLE, .value = {.int32Values = [1]{0}, .floatValues = [0]{}, .int64Values = [0]{}, .bytes = [0]{}, .stringValue = ""}}
12-30 11:20:06.431   398   464 I DefaultVehicleHal_v2_0: DefaultVehicleHal::onPropertyValue, value:{.timestamp = 9742253119159, .areaId = 0, .prop = 557850765, .status = AVAILABLE, .value = {.int32Values = [1]{0}, .floatValues = [0]{}, .int64Values = [0]{}, .bytes = [0]{}, .stringValue = ""}}
12-30 11:20:06.431   398   464 D DiagPropHandler: is not DiagnosticConfig: 0x2140208d
12-30 11:20:06.431   398   464 I VehiclePropertyStore: begin to write value to Store: {.timestamp = 9742253119159, .areaId = 0, .prop = 557850765, .status = AVAILABLE, .value = {.int32Values = [1]{0}, .floatValues = [0]{}, .int64Values = [0]{}, .bytes = [0]{}, .stringValue = ""}}
12-30 11:20:06.431   398   464 D adayocomadapter-CommunicationManager: onUpstreamReceive mPropertyId 0x2140208d
12-30 11:20:06.431   398   464 D adayocomadapter-CommunicationManager: onUpstreamReceive mPropertyId 0x21402195
12-30 11:20:06.431   398   464 D adayocomadapter-CommunicationManager: convertBytesToInt32Memcpy  0
12-30 11:20:06.431   398   464 I vw-vhal : notifyVehicleProperty, propId = 0x21402195, data = {status: 2, int32Values: [0]}
12-30 11:20:06.431   398   464 I vw-vhal : CanSignalsAdapter::notifyVehicleProperty: solvedValue = {.timestamp = 9742253474492, .areaId = 0, .prop = 557851029, .status = AVAILABLE, .value = {.int32Values = [1]{0}, .floatValues = [0]{}, .int64Values = [0]{}, .bytes = [0]{}, .stringValue = ""}}
12-30 11:20:06.431   398   464 I VehiclePropertyStore: begin to write value to Store: {.timestamp = 9742253474492, .areaId = 0, .prop = 557851029, .status = AVAILABLE, .value = {.int32Values = [1]{0}, .floatValues = [0]{}, .int64Values = [0]{}, .bytes = [0]{}, .stringValue = ""}}
12-30 11:20:06.431   398   464 I DefaultVehicleHal_v2_0: DefaultVehicleHal::onPropertyValue, value:{.timestamp = 9742253474492, .areaId = 0, .prop = 557851029, .status = AVAILABLE, .value = {.int32Values = [1]{0}, .floatValues = [0]{}, .int64Values = [0]{}, .bytes = [0]{}, .stringValue = ""}}
12-30 11:20:06.431   398   464 D DiagPropHandler: is not DiagnosticConfig: 0x21402195
