12-30 11:20:07.114   398   464 I DefaultVehicleHal_v2_0: DefaultVehicleHal::onPropertyValue, value:{.timestamp = 9742936523159, .areaId = 0, .prop = 557846562, .status = AVAILABLE, .value = {.int32Values = [1]{0}, .floatValues = [0]{}, .int64Values = [0]{}, .bytes = [0]{}, .stringValue = ""}}
12-30 11:20:07.114   398   464 D DiagPropHandler: is not DiagnosticConfig: 0x21401022
12-30 11:20:07.115   398   464 I VehiclePropertyStore: begin to write value to Store: {.timestamp = 9742936523159, .areaId = 0, .prop = 557846562, .status = AVAILABLE, .value = {.int32Values = [1]{0}, .floatValues = [0]{}, .int64Values = [0]{}, .bytes = [0]{}, .stringValue = ""}}
12-30 11:20:07.115   398   464 D adayocomadapter-CommunicationManager: onUpstreamReceive mPropertyId 0x21401022
12-30 11:20:07.115   398   464 D adayocomadapter-CommunicationManager: onUpstreamReceive mPropertyId 0x21402164
12-30 11:20:07.115   398   464 D adayocomadapter-CommunicationManager: convertBytesToInt32Memcpy  0
12-30 11:20:07.115   398   464 I vw-vhal : notifyVehicleProperty, propId = 0x21402164, data = {status: 2, int32Values: [0]}
12-30 11:20:07.115   398   464 I vw-vhal : CanSignalsAdapter::notifyVehicleProperty: solvedValue = {.timestamp = 9742937218159, .areaId = 0, .prop = 557850980, .status = AVAILABLE, .value = {.int32Values = [1]{0}, .floatValues = [0]{}, .int64Values = [0]{}, .bytes = [0]{}, .stringValue = ""}}
12-30 11:20:07.115   398   464 I VehiclePropertyStore: begin to write value to Store: {.timestamp = 9742937218159, .areaId = 0, .prop = 557850980, .status = AVAILABLE, .value = {.int32Values = [1]{0}, .floatValues = [0]{}, .int64Values = [0]{}, .bytes = [0]{}, .stringValue = ""}}
12-30 11:20:07.115   398   464 I DefaultVehicleHal_v2_0: DefaultVehicleHal::onPropertyValue, value:{.timestamp = 9742937218159, .areaId = 0, .prop = 557850980, .status = AVAILABLE, .value = {.int32Values = [1]{0}, .floatValues = [0]{}, .int64Values = [0]{}, .bytes = [0]{}, .stringValue = ""}}
12-30 11:20:07.115   398   464 D DiagPropHandler: is not DiagnosticConfig: 0x21402164
12-30 11:20:07.115   398   464 I VehiclePropertyStore: begin to write value to Store: {.timestamp = 9742937218159, .areaId = 0, .prop = 557850980, .status = AVAILABLE, .value = {.int32Values = [1]{0}, .floatValues = [0]{}, .int64Values = [0]{}, .bytes = [0]{}, .stringValue = ""}}
12-30 11:20:07.115   398   464 D adayocomadapter-CommunicationManager: onUpstreamReceive mPropertyId 0x21402164
12-30 11:20:07.115   398   464 D adayocomadapter-CommunicationManager: onUpstreamReceive mPropertyId 0x21401039
12-30 11:20:07.115   398   464 D adayocomadapter-CommunicationManager: convertBytesToInt32Memcpy  0
12-30 11:20:07.115   398   464 I vw-vhal : notifyVehicleProperty, propId = 0x21401039, data = {status: 2, int32Values: [0]}
12-30 11:20:07.116   398   464 I vw-vhal : CanSignalsAdapter::notifyVehicleProperty: solvedValue = {.timestamp = 9742937870492, .areaId = 0, .prop = 557846585, .status = AVAILABLE, .value = {.int32Values = [1]{0}, .floatValues = [0]{}, .int64Values = [0]{}, .bytes = [0]{}, .stringValue = ""}}
12-30 11:20:07.116   398   464 I VehiclePropertyStore: begin to write value to Store: {.timestamp = 9742937870492, .areaId = 0, .prop = 557846585, .status = AVAILABLE, .value = {.int32Values = [1]{0}, .floatValues = [0]{}, .int64Values = [0]{}, .bytes = [0]{}, .stringValue = ""}}
12-30 11:20:07.116   398   464 I DefaultVehicleHal_v2_0: DefaultVehicleHal::onPropertyValue, value:{.timestamp = 9742937870492, .areaId = 0, .prop = 557846585, .status = AVAILABLE, .value = {.int32Values = [1]{0}, .floatValues = [0]{}, .int64Values = [0]{}, .bytes = [0]{}, .stringValue = ""}}
12-30 11:20:07.116   398   464 D DiagPropHandler: is not DiagnosticConfig: 0x21401039
12-30 11:20:07.116   398   464 I VehiclePropertyStore: begin to write value to Store: {.timestamp = 9742937870492, .areaId = 0, .prop = 557846585, .status = AVAILABLE, .value = {.int32Values = [1]{0}, .floatValues = [0]{}, .int64Values = [0]{}, .bytes = [0]{}, .stringValue = ""}}
12-30 11:20:07.116   398   464 D adayocomadapter-CommunicationManager: onUpstreamReceive mPropertyId 0x21401039
12-30 11:20:07.116   398   464 D adayocomadapter-CommunicationManager: onUpstreamReceive mPropertyId 0x214021d9
12-30 11:20:07.116   398   464 D adayocomadapter-CommunicationManager: convertBytesToInt32Memcpy  0
12-30 11:20:07.116   398   464 I vw-vhal : notifyVehicleProperty, propId = 0x214021d9, data = {status: 2, int32Values: [0]}
12-30 11:20:07.116   398   464 I vw-vhal : CanSignalsAdapter::notifyVehicleProperty: solvedValue = {.timestamp = 9742938536826, .areaId = 0, .prop = 557851097, .status = AVAILABLE, .value = {.int32Values = [1]{0}, .floatValues = [0]{}, .int64Values = [0]{}, .bytes = [0]{}, .stringValue = ""}}
12-30 11:20:07.116   398   464 I VehiclePropertyStore: begin to write value to Store: {.timestamp = 9742938536826, .areaId = 0, .prop = 557851097, .status = AVAILABLE, .value = {.int32Values = [1]{0}, .floatValues = [0]{}, .int64Values = [0]{}, .bytes = [0]{}, .stringValue = ""}}
12-30 11:20:07.116   398   464 I DefaultVehicleHal_v2_0: DefaultVehicleHal::onPropertyValue, value:{.timestamp = 9742938536826, .areaId = 0, .prop = 557851097, .status = AVAILABLE, .value = {.int32Values = [1]{0}, .floatValues = [0]{}, .int64Values = [0]{}, .bytes = [0]{}, .stringValue = ""}}
12-30 11:20:07.117   398   464 D DiagPropHandler: is not DiagnosticConfig: 0x214021d9
12-30 11:20:07.117   398   464 I VehiclePropertyStore: begin to write value to Store: {.timestamp = 9742938536826, .areaId = 0, .prop = 557851097, .status = AVAILABLE, .value = {.int32Values = [1]{0}, .floatValues = [0]{}, .int64Values = [0]{}, .bytes = [0]{}, .stringValue = ""}}
12-30 11:20:07.117   398   464 D adayocomadapter-CommunicationManager: onUpstreamReceive mPropertyId 0x214021d9
12-30 11:20:07.117   398   464 D adayocomadapter-CommunicationManager: onUpstreamReceive mPropertyId 0x21401024
12-30 11:20:07.117   398   464 D adayocomadapter-CommunicationManager: convertBytesToInt32Memcpy  0
12-30 11:20:07.117   398   464 I vw-vhal : notifyVehicleProperty, propId = 0x21401024, data = {status: 2, int32Values: [0]}
12-30 11:20:07.117   398   464 I vw-vhal : CanSignalsAdapter::notifyVehicleProperty: solvedValue = {.timestamp = 9742939239159, .areaId = 0, .prop = 557846564, .status = AVAILABLE, .value = {.int32Values = [1]{0}, .floatValues = [0]{}, .int64Values = [0]{}, .bytes = [0]{}, .stringValue = ""}}
12-30 11:20:07.117   398   464 I VehiclePropertyStore: begin to write value to Store: {.timestamp = 9742939239159, .areaId = 0, .prop = 557846564, .status = AVAILABLE, .value = {.int32Values = [1]{0}, .floatValues = [0]{}, .int64Values = [0]{}, .bytes = [0]{}, .stringValue = ""}}
12-30 11:20:07.117   398   464 I DefaultVehicleHal_v2_0: DefaultVehicleHal::onPropertyValue, value:{.timestamp = 9742939239159, .areaId = 0, .prop = 557846564, .status = AVAILABLE, .value = {.int32Values = [1]{0}, .floatValues = [0]{}, .int64Values = [0]{}, .bytes = [0]{}, .stringValue = ""}}
12-30 11:20:07.117   398   464 D DiagPropHandler: is not DiagnosticConfig: 0x21401024
12-30 11:20:07.117   398   464 I VehiclePropertyStore: begin to write value to Store: {.timestamp = 9742939239159, .areaId = 0, .prop = 557846564, .status = AVAILABLE, .value = {.int32Values = [1]{0}, .floatValues = [0]{}, .int64Values = [0]{}, .bytes = [0]{}, .stringValue = ""}}
12-30 11:20:07.117   398   464 D adayocomadapter-CommunicationManager: onUpstreamReceive mPropertyId 0x21401024
12-30 11:20:07.117   398   464 D adayocomadapter-CommunicationManager: onUpstreamReceive mPropertyId 0x2140103b
12-30 11:20:07.117   398   464 D adayocomadapter-CommunicationManager: convertBytesToInt32Memcpy  0
12-30 11:20:07.117   398   464 I vw-vhal : notifyVehicleProperty, propId = 0x2140103b, data = {status: 2, int32Values: [0]}
12-30 11:20:07.118   398   464 I vw-vhal : CanSignalsAdapter::notifyVehicleProperty: solvedValue = {.timestamp = 9742939890492, .areaId = 0, .prop = 557846587, .status = AVAILABLE, .value = {.int32Values = [1]{0}, .floatValues = [0]{}, .int64Values = [0]{}, .bytes = [0]{}, .stringValue = ""}}
12-30 11:20:07.118   398   464 I VehiclePropertyStore: begin to write value to Store: {.timestamp = 9742939890492, .areaId = 0, .prop = 557846587, .status = AVAILABLE, .value = {.int32Values = [1]{0}, .floatValues = [0]{}, .int64Values = [0]{}, .bytes = [0]{}, .stringValue = ""}}
12-30 11:20:07.118   398   464 I DefaultVehicleHal_v2_0: DefaultVehicleHal::onPropertyValue, value:{.timestamp = 9742939890492, .areaId = 0, .prop = 557846587, .status = AVAILABLE, .value = {.int32Values = [1]{0}, .floatValues = [0]{}, .int64Values = [0]{}, .bytes = [0]{}, .stringValue = ""}}
12-30 11:20:07.118   398   464 D DiagPropHandler: is not DiagnosticConfig: 0x2140103b
12-30 11:20:07.118   398   464 I VehiclePropertyStore: begin to write value to Store: {.timestamp = 9742939890492, .areaId = 0, .prop = 557846587, .status = AVAILABLE, .value = {.int32Values = [1]{0}, .floatValues = [0]{}, .int64Values = [0]{}, .bytes = [0]{}, .stringValue = ""}}
12-30 11:20:07.118   398   464 D adayocomadapter-CommunicationManager: onUpstreamReceive mPropertyId 0x2140103b
12-30 11:20:07.118   398   464 D adayocomadapter-CommunicationManager: onUpstreamReceive mPropertyId 0x2140100c
12-30 11:20:07.118   398   464 D adayocomadapter-CommunicationManager: convertBytesToInt32Memcpy  0
12-30 11:20:07.118   398   464 I vw-vhal : notifyVehicleProperty, propId = 0x2140100c, data = {status: 2, int32Values: [0]}
12-30 11:20:07.118   398   464 I vw-vhal : CanSignalsAdapter::notifyVehicleProperty: solvedValue = {.timestamp = 9742940623826, .areaId = 0, .prop = 557846540, .status = AVAILABLE, .value = {.int32Values = [1]{0}, .floatValues = [0]{}, .int64Values = [0]{}, .bytes = [0]{}, .stringValue = ""}}
12-30 11:20:07.118   398   464 I VehiclePropertyStore: begin to write value to Store: {.timestamp = 9742940623826, .areaId = 0, .prop = 557846540, .status = AVAILABLE, .value = {.int32Values = [1]{0}, .floatValues = [0]{}, .int64Values = [0]{}, .bytes = [0]{}, .stringValue = ""}}
12-30 11:20:07.118   398   464 I DefaultVehicleHal_v2_0: DefaultVehicleHal::onPropertyValue, value:{.timestamp = 9742940623826, .areaId = 0, .prop = 557846540, .status = AVAILABLE, .value = {.int32Values = [1]{0}, .floatValues = [0]{}, .int64Values = [0]{}, .bytes = [0]{}, .stringValue = ""}}
12-30 11:20:07.119   398   464 D DiagPropHandler: is not DiagnosticConfig: 0x2140100c
12-30 11:20:07.119   398   464 I VehiclePropertyStore: begin to write value to Store: {.timestamp = 9742940623826, .areaId = 0, .prop = 557846540, .status = AVAILABLE, .value = {.int32Values = [1]{0}, .floatValues = [0]{}, .int64Values = [0]{}, .bytes = [0]{}, .stringValue = ""}}
12-30 11:20:07.119   398   464 D adayocomadapter-CommunicationManager: onUpstreamReceive mPropertyId 0x2140100c
12-30 11:20:07.119   398   464 D adayocomadapter-CommunicationManager: onUpstreamReceive mPropertyId 0x214021db
12-30 11:20:07.119   398   464 D adayocomadapter-CommunicationManager: convertBytesToInt32Memcpy  0
12-30 11:20:07.119   398   464 I vw-vhal : notifyVehicleProperty, propId = 0x214021db, data = {status: 2, int32Values: [0]}
12-30 11:20:07.119   398   464 I vw-vhal : CanSignalsAdapter::notifyVehicleProperty: solvedValue = {.timestamp = 9742941273492, .areaId = 0, .prop = 557851099, .status = AVAILABLE, .value = {.int32Values = [1]{0}, .floatValues = [0]{}, .int64Values = [0]{}, .bytes = [0]{}, .stringValue = ""}}
12-30 11:20:07.119   398   464 I VehiclePropertyStore: begin to write value to Store: {.timestamp = 9742941273492, .areaId = 0, .prop = 557851099, .status = AVAILABLE, .value = {.int32Values = [1]{0}, .floatValues = [0]{}, .int64Values = [0]{}, .bytes = [0]{}, .stringValue = ""}}
12-30 11:20:07.119   398   464 I DefaultVehicleHal_v2_0: DefaultVehicleHal::onPropertyValue, value:{.timestamp = 9742941273492, .areaId = 0, .prop = 557851099, .status = AVAILABLE, .value = {.int32Values = [1]{0}, .floatValues = [0]{}, .int64Values = [0]{}, .bytes = [0]{}, .stringValue = ""}}
12-30 11:20:07.119   398   464 D DiagPropHandler: is not DiagnosticConfig: 0x214021db
12-30 11:20:07.119   398   464 I VehiclePropertyStore: begin to write value to Store: {.timestamp = 9742941273492, .areaId = 0, .prop = 557851099, .status = AVAILABLE, .value = {.int32Values = [1]{0}, .floatValues = [0]{}, .int64Values = [0]{}, .bytes = [0]{}, .stringValue = ""}}
12-30 11:20:07.119   398   464 D adayocomadapter-CommunicationManager: onUpstreamReceive mPropertyId 0x214021db
12-30 11:20:07.119   398   464 D adayocomadapter-CommunicationManager: onUpstreamReceive mPropertyId 0x21401026
12-30 11:20:07.119   398   464 D adayocomadapter-CommunicationManager: convertBytesToInt32Memcpy  0
12-30 11:20:07.120   398   464 I vw-vhal : notifyVehicleProperty, propId = 0x21401026, data = {status: 2, int32Values: [0]}
12-30 11:20:07.120   398   464 I vw-vhal : CanSignalsAdapter::notifyVehicleProperty: solvedValue = {.timestamp = 9742941932159, .areaId = 0, .prop = 557846566, .status = AVAILABLE, .value = {.int32Values = [1]{0}, .floatValues = [0]{}, .int64Values = [0]{}, .bytes = [0]{}, .stringValue = ""}}
12-30 11:20:07.120   398   464 I VehiclePropertyStore: begin to write value to Store: {.timestamp = 9742941932159, .areaId = 0, .prop = 557846566, .status = AVAILABLE, .value = {.int32Values = [1]{0}, .floatValues = [0]{}, .int64Values = [0]{}, .bytes = [0]{}, .stringValue = ""}}
12-30 11:20:07.120   398   464 I DefaultVehicleHal_v2_0: DefaultVehicleHal::onPropertyValue, value:{.timestamp = 9742941932159, .areaId = 0, .prop = 557846566, .status = AVAILABLE, .value = {.int32Values = [1]{0}, .floatValues = [0]{}, .int64Values = [0]{}, .bytes = [0]{}, .stringValue = ""}}
12-30 11:20:07.120   398   464 D DiagPropHandler: is not DiagnosticConfig: 0x21401026
12-30 11:20:07.120   398   464 I VehiclePropertyStore: begin to write value to Store: {.timestamp = 9742941932159, .areaId = 0, .prop = 557846566, .status = AVAILABLE, .value = {.int32Values = [1]{0}, .floatValues = [0]{}, .int64Values = [0]{}, .bytes = [0]{}, .stringValue = ""}}
12-30 11:20:07.120   398   464 D adayocomadapter-CommunicationManager: onUpstreamReceive mPropertyId 0x21401026
12-30 11:20:07.120   398   464 D adayocomadapter-CommunicationManager: onUpstreamReceive mPropertyId 0x21402168
12-30 11:20:07.120   398   464 D adayocomadapter-CommunicationManager: convertBytesToInt32Memcpy  0
12-30 11:20:07.120   398   464 I vw-vhal : notifyVehicleProperty, propId = 0x21402168, data = {status: 2, int32Values: [0]}
12-30 11:20:07.120   398   464 I vw-vhal : CanSignalsAdapter::notifyVehicleProperty: solvedValue = {.timestamp = 9742942581159, .areaId = 0, .prop = 557850984, .status = AVAILABLE, .value = {.int32Values = [1]{0}, .floatValues = [0]{}, .int64Values = [0]{}, .bytes = [0]{}, .stringValue = ""}}
12-30 11:20:07.120   398   464 I VehiclePropertyStore: begin to write value to Store: {.timestamp = 9742942581159, .areaId = 0, .prop = 557850984, .status = AVAILABLE, .value = {.int32Values = [1]{0}, .floatValues = [0]{}, .int64Values = [0]{}, .bytes = [0]{}, .stringValue = ""}}
12-30 11:20:07.120   398   464 I DefaultVehicleHal_v2_0: DefaultVehicleHal::onPropertyValue, value:{.timestamp = 9742942581159, .areaId = 0, .prop = 557850984, .status = AVAILABLE, .value = {.int32Values = [1]{0}, .floatValues = [0]{}, .int64Values = [0]{}, .bytes = [0]{}, .stringValue = ""}}
12-30 11:20:07.121   398   464 D DiagPropHandler: is not DiagnosticConfig: 0x21402168
12-30 11:20:07.121   398   464 I VehiclePropertyStore: begin to write value to Store: {.timestamp = 9742942581159, .areaId = 0, .prop = 557850984, .status = AVAILABLE, .value = {.int32Values = [1]{0}, .floatValues = [0]{}, .int64Values = [0]{}, .bytes = [0]{}, .stringValue = ""}}
12-30 11:20:07.121   398   464 D adayocomadapter-CommunicationManager: onUpstreamReceive mPropertyId 0x21402168
12-30 11:20:07.121   398   464 D adayocomadapter-CommunicationManager: onUpstreamReceive mPropertyId 0x2140103e
12-30 11:20:07.121   398   464 D adayocomadapter-CommunicationManager: convertBytesToInt32Memcpy  0
12-30 11:20:07.121   398   464 I vw-vhal : notifyVehicleProperty, propId = 0x2140103e, data = {status: 2, int32Values: [0]}
12-30 11:20:07.121   398   464 I vw-vhal : CanSignalsAdapter::notifyVehicleProperty: solvedValue = {.timestamp = 9742943230159, .areaId = 0, .prop = 557846590, .status = AVAILABLE, .value = {.int32Values = [1]{0}, .floatValues = [0]{}, .int64Values = [0]{}, .bytes = [0]{}, .stringValue = ""}}
12-30 11:20:07.121   398   464 I VehiclePropertyStore: begin to write value to Store: {.timestamp = 9742943230159, .areaId = 0, .prop = 557846590, .status = AVAILABLE, .value = {.int32Values = [1]{0}, .floatValues = [0]{}, .int64Values = [0]{}, .bytes = [0]{}, .stringValue = ""}}
12-30 11:20:07.121   398   464 I DefaultVehicleHal_v2_0: DefaultVehicleHal::onPropertyValue, value:{.timestamp = 9742943230159, .areaId = 0, .prop = 557846590, .status = AVAILABLE, .value = {.int32Values = [1]{0}, .floatValues = [0]{}, .int64Values = [0]{}, .bytes = [0]{}, .stringValue = ""}}
12-30 11:20:07.121   398   464 D DiagPropHandler: is not DiagnosticConfig: 0x2140103e
12-30 11:20:07.121   398   464 I VehiclePropertyStore: begin to write value to Store: {.timestamp = 9742943230159, .areaId = 0, .prop = 557846590, .status = AVAILABLE, .value = {.int32Values = [1]{0}, .floatValues = [0]{}, .int64Values = [0]{}, .bytes = [0]{}, .stringValue = ""}}
12-30 11:20:07.121   398   464 D adayocomadapter-CommunicationManager: onUpstreamReceive mPropertyId 0x2140103e
12-30 11:20:07.121   398   464 D adayocomadapter-CommunicationManager: onUpstreamReceive mPropertyId 0x2140216a
12-30 11:20:07.121   398   464 D adayocomadapter-CommunicationManager: convertBytesToInt32Memcpy  0
12-30 11:20:07.121   398   464 I vw-vhal : notifyVehicleProperty, propId = 0x2140216a, data = {status: 2, int32Values: [0]}
12-30 11:20:07.122   398   464 I vw-vhal : CanSignalsAdapter::notifyVehicleProperty: solvedValue = {.timestamp = 9742943888826, .areaId = 0, .prop = 557850986, .status = AVAILABLE, .value = {.int32Values = [1]{0}, .floatValues = [0]{}, .int64Values = [0]{}, .bytes = [0]{}, .stringValue = ""}}
12-30 11:20:07.122   398   464 I VehiclePropertyStore: begin to write value to Store: {.timestamp = 9742943888826, .areaId = 0, .prop = 557850986, .status = AVAILABLE, .value = {.int32Values = [1]{0}, .floatValues = [0]{}, .int64Values = [0]{}, .bytes = [0]{}, .stringValue = ""}}
12-30 11:20:07.122   398   464 I DefaultVehicleHal_v2_0: DefaultVehicleHal::onPropertyValue, value:{.timestamp = 9742943888826, .areaId = 0, .prop = 557850986, .status = AVAILABLE, .value = {.int32Values = [1]{0}, .floatValues = [0]{}, .int64Values = [0]{}, .bytes = [0]{}, .stringValue = ""}}
12-30 11:20:07.122   398   464 D DiagPropHandler: is not DiagnosticConfig: 0x2140216a
12-30 11:20:07.122   398   464 I VehiclePropertyStore: begin to write value to Store: {.timestamp = 9742943888826, .areaId = 0, .prop = 557850986, .status = AVAILABLE, .value = {.int32Values = [1]{0}, .floatValues = [0]{}, .int64Values = [0]{}, .bytes = [0]{}, .stringValue = ""}}
12-30 11:20:07.122   398   464 D adayocomadapter-CommunicationManager: onUpstreamReceive mPropertyId 0x2140216a
12-30 11:20:07.122   398   464 D adayocomadapter-CommunicationManager: onUpstreamReceive mPropertyId 0x2140216e
12-30 11:20:07.122   398   464 D adayocomadapter-CommunicationManager: convertBytesToInt32Memcpy  0
12-30 11:20:07.122   398   464 I vw-vhal : notifyVehicleProperty, propId = 0x2140216e, data = {status: 2, int32Values: [0]}
12-30 11:20:07.122   398   464 I vw-vhal : CanSignalsAdapter::notifyVehicleProperty: solvedValue = {.timestamp = 9742944574826, .areaId = 0, .prop = 557850990, .status = AVAILABLE, .value = {.int32Values = [1]{0}, .floatValues = [0]{}, .int64Values = [0]{}, .bytes = [0]{}, .stringValue = ""}}
12-30 11:20:07.122   398   464 I VehiclePropertyStore: begin to write value to Store: {.timestamp = 9742944574826, .areaId = 0, .prop = 557850990, .status = AVAILABLE, .value = {.int32Values = [1]{0}, .floatValues = [0]{}, .int64Values = [0]{}, .bytes = [0]{}, .stringValue = ""}}
12-30 11:20:07.123   398   464 I DefaultVehicleHal_v2_0: DefaultVehicleHal::onPropertyValue, value:{.timestamp = 9742944574826, .areaId = 0, .prop = 557850990, .status = AVAILABLE, .value = {.int32Values = [1]{0}, .floatValues = [0]{}, .int64Values = [0]{}, .bytes = [0]{}, .stringValue = ""}}
12-30 11:20:07.123   398   464 D DiagPropHandler: is not DiagnosticConfig: 0x2140216e
12-30 11:20:07.123   398   464 I VehiclePropertyStore: begin to write value to Store: {.timestamp = 9742944574826, .areaId = 0, .prop = 557850990, .status = AVAILABLE, .value = {.int32Values = [1]{0}, .floatValues = [0]{}, .int64Values = [0]{}, .bytes = [0]{}, .stringValue = ""}}
12-30 11:20:07.123   398   464 D adayocomadapter-CommunicationManager: onUpstreamReceive mPropertyId 0x2140216e
12-30 11:20:07.123   398   464 D adayocomadapter-CommunicationManager: onUpstreamReceive mPropertyId 0x21402170
12-30 11:20:07.123   398   464 D adayocomadapter-CommunicationManager: convertBytesToInt32Memcpy  0
12-30 11:20:07.123   398   464 I vw-vhal : notifyVehicleProperty, propId = 0x21402170, data = {status: 2, int32Values: [0]}
12-30 11:20:07.123   398   464 I vw-vhal : CanSignalsAdapter::notifyVehicleProperty: solvedValue = {.timestamp = 9742945304492, .areaId = 0, .prop = 557850992, .status = AVAILABLE, .value = {.int32Values = [1]{0}, .floatValues = [0]{}, .int64Values = [0]{}, .bytes = [0]{}, .stringValue = ""}}
12-30 11:20:07.123   398   464 I VehiclePropertyStore: begin to write value to Store: {.timestamp = 9742945304492, .areaId = 0, .prop = 557850992, .status = AVAILABLE, .value = {.int32Values = [1]{0}, .floatValues = [0]{}, .int64Values = [0]{}, .bytes = [0]{}, .stringValue = ""}}
12-30 11:20:07.123   398   464 I DefaultVehicleHal_v2_0: DefaultVehicleHal::onPropertyValue, value:{.timestamp = 9742945304492, .areaId = 0, .prop = 557850992, .status = AVAILABLE, .value = {.int32Values = [1]{0}, .floatValues = [0]{}, .int64Values = [0]{}, .bytes = [0]{}, .stringValue = ""}}
12-30 11:20:07.123   398   464 D DiagPropHandler: is not DiagnosticConfig: 0x21402170
12-30 11:20:07.123   398   464 I VehiclePropertyStore: begin to write value to Store: {.timestamp = 9742945304492, .areaId = 0, .prop = 557850992, .status = AVAILABLE, .value = {.int32Values = [1]{0}, .floatValues = [0]{}, .int64Values = [0]{}, .bytes = [0]{}, .stringValue = ""}}
12-30 11:20:07.123   398   464 D adayocomadapter-CommunicationManager: onUpstreamReceive mPropertyId 0x21402170
12-30 11:20:07.123   398   464 D adayocomadapter-CommunicationManager: onUpstreamReceive mPropertyId 0x21402172
12-30 11:20:07.123   398   464 D adayocomadapter-CommunicationManager: convertBytesToInt32Memcpy  0
12-30 11:20:07.124   398   464 I vw-vhal : notifyVehicleProperty, propId = 0x21402172, data = {status: 2, int32Values: [0]}
12-30 11:20:07.124   398   464 I vw-vhal : CanSignalsAdapter::notifyVehicleProperty: solvedValue = {.timestamp = 9742945976826, .areaId = 0, .prop = 557850994, .status = AVAILABLE, .value = {.int32Values = [1]{0}, .floatValues = [0]{}, .int64Values = [0]{}, .bytes = [0]{}, .stringValue = ""}}
12-30 11:20:07.124   398   464 I VehiclePropertyStore: begin to write value to Store: {.timestamp = 9742945976826, .areaId = 0, .prop = 557850994, .status = AVAILABLE, .value = {.int32Values = [1]{0}, .floatValues = [0]{}, .int64Values = [0]{}, .bytes = [0]{}, .stringValue = ""}}
12-30 11:20:07.124   398   464 I DefaultVehicleHal_v2_0: DefaultVehicleHal::onPropertyValue, value:{.timestamp = 9742945976826, .areaId = 0, .prop = 557850994, .status = AVAILABLE, .value = {.int32Values = [1]{0}, .floatValues = [0]{}, .int64Values = [0]{}, .bytes = [0]{}, .stringValue = ""}}
12-30 11:20:07.124   398   464 D DiagPropHandler: is not DiagnosticConfig: 0x21402172
12-30 11:20:07.124   398   464 I VehiclePropertyStore: begin to write value to Store: {.timestamp = 9742945976826, .areaId = 0, .prop = 557850994, .status = AVAILABLE, .value = {.int32Values = [1]{0}, .floatValues = [0]{}, .int64Values = [0]{}, .bytes = [0]{}, .stringValue = ""}}
12-30 11:20:07.124   398   464 D adayocomadapter-CommunicationManager: onUpstreamReceive mPropertyId 0x21402172
12-30 11:20:07.124   398   464 D adayocomadapter-CommunicationManager: onUpstreamReceive mPropertyId 0x21402174
12-30 11:20:07.124   398   464 D adayocomadapter-CommunicationManager: convertBytesToInt32Memcpy  0
12-30 11:20:07.124   398   464 I vw-vhal : notifyVehicleProperty, propId = 0x21402174, data = {status: 2, int32Values: [0]}
12-30 11:20:07.124   398   464 I vw-vhal : CanSignalsAdapter::notifyVehicleProperty: solvedValue = {.timestamp = 9742946624159, .areaId = 0, .prop = 557850996, .status = AVAILABLE, .value = {.int32Values = [1]{0}, .floatValues = [0]{}, .int64Values = [0]{}, .bytes = [0]{}, .stringValue = ""}}
12-30 11:20:07.124   398   464 I VehiclePropertyStore: begin to write value to Store: {.timestamp = 9742946624159, .areaId = 0, .prop = 557850996, .status = AVAILABLE, .value = {.int32Values = [1]{0}, .floatValues = [0]{}, .int64Values = [0]{}, .bytes = [0]{}, .stringValue = ""}}
12-30 11:20:07.125   398   464 I DefaultVehicleHal_v2_0: DefaultVehicleHal::onPropertyValue, value:{.timestamp = 9742946624159, .areaId = 0, .prop = 557850996, .status = AVAILABLE, .value = {.int32Values = [1]{0}, .floatValues = [0]{}, .int64Values = [0]{}, .bytes = [0]{}, .stringValue = ""}}
12-30 11:20:07.125   398   464 D DiagPropHandler: is not DiagnosticConfig: 0x21402174
12-30 11:20:07.125   398   464 I VehiclePropertyStore: begin to write value to Store: {.timestamp = 9742946624159, .areaId = 0, .prop = 557850996, .status = AVAILABLE, .value = {.int32Values = [1]{0}, .floatValues = [0]{}, .int64Values = [0]{}, .bytes = [0]{}, .stringValue = ""}}
12-30 11:20:07.125   398   464 D adayocomadapter-CommunicationManager: onUpstreamReceive mPropertyId 0x21402174
12-30 11:20:07.125   398   464 D adayocomadapter-CommunicationManager: onUpstreamReceive mPropertyId 0x21402176
12-30 11:20:07.125   398   464 D adayocomadapter-CommunicationManager: convertBytesToInt32Memcpy  0
12-30 11:20:07.125   398   464 I vw-vhal : notifyVehicleProperty, propId = 0x21402176, data = {status: 2, int32Values: [0]}
12-30 11:20:07.125   398   464 I vw-vhal : CanSignalsAdapter::notifyVehicleProperty: solvedValue = {.timestamp = 9742947288159, .areaId = 0, .prop = 557850998, .status = AVAILABLE, .value = {.int32Values = [1]{0}, .floatValues = [0]{}, .int64Values = [0]{}, .bytes = [0]{}, .stringValue = ""}}
12-30 11:20:07.125   398   464 I VehiclePropertyStore: begin to write value to Store: {.timestamp = 9742947288159, .areaId = 0, .prop = 557850998, .status = AVAILABLE, .value = {.int32Values = [1]{0}, .floatValues = [0]{}, .int64Values = [0]{}, .bytes = [0]{}, .stringValue = ""}}
12-30 11:20:07.125   398   464 I DefaultVehicleHal_v2_0: DefaultVehicleHal::onPropertyValue, value:{.timestamp = 9742947288159, .areaId = 0, .prop = 557850998, .status = AVAILABLE, .value = {.int32Values = [1]{0}, .floatValues = [0]{}, .int64Values = [0]{}, .bytes = [0]{}, .stringValue = ""}}
12-30 11:20:07.125   398   464 D DiagPropHandler: is not DiagnosticConfig: 0x21402176
12-30 11:20:07.125   398   464 I VehiclePropertyStore: begin to write value to Store: {.timestamp = 9742947288159, .areaId = 0, .prop = 557850998, .status = AVAILABLE, .value = {.int32Values = [1]{0}, .floatValues = [0]{}, .int64Values = [0]{}, .bytes = [0]{}, .stringValue = ""}}
12-30 11:20:07.125   398   464 D adayocomadapter-CommunicationManager: onUpstreamReceive mPropertyId 0x21402176
12-30 11:20:07.125   398   464 D adayocomadapter-CommunicationManager: onUpstreamReceive mPropertyId 0x21402178
12-30 11:20:07.125   398   464 D adayocomadapter-CommunicationManager: convertBytesToInt32Memcpy  0
12-30 11:20:07.126   398   464 I vw-vhal : notifyVehicleProperty, propId = 0x21402178, data = {status: 2, int32Values: [0]}
12-30 11:20:07.126   398   464 I vw-vhal : CanSignalsAdapter::notifyVehicleProperty: solvedValue = {.timestamp = 9742947937826, .areaId = 0, .prop = 557851000, .status = AVAILABLE, .value = {.int32Values = [1]{0}, .floatValues = [0]{}, .int64Values = [0]{}, .bytes = [0]{}, .stringValue = ""}}
12-30 11:20:07.126   398   464 I VehiclePropertyStore: begin to write value to Store: {.timestamp = 9742947937826, .areaId = 0, .prop = 557851000, .status = AVAILABLE, .value = {.int32Values = [1]{0}, .floatValues = [0]{}, .int64Values = [0]{}, .bytes = [0]{}, .stringValue = ""}}
12-30 11:20:07.126   398   464 I DefaultVehicleHal_v2_0: DefaultVehicleHal::onPropertyValue, value:{.timestamp = 9742947937826, .areaId = 0, .prop = 557851000, .status = AVAILABLE, .value = {.int32Values = [1]{0}, .floatValues = [0]{}, .int64Values = [0]{}, .bytes = [0]{}, .stringValue = ""}}
12-30 11:20:07.126   398   464 D DiagPropHandler: is not DiagnosticConfig: 0x21402178
12-30 11:20:07.126   398   464 I VehiclePropertyStore: begin to write value to Store: {.timestamp = 9742947937826, .areaId = 0, .prop = 557851000, .status = AVAILABLE, .value = {.int32Values = [1]{0}, .floatValues = [0]{}, .int64Values = [0]{}, .bytes = [0]{}, .stringValue = ""}}
12-30 11:20:07.126   398   464 D adayocomadapter-CommunicationManager: onUpstreamReceive mPropertyId 0x21402178
12-30 11:20:07.126   398   464 D adayocomadapter-CommunicationManager: onUpstreamReceive mPropertyId 0x2140205e
12-30 11:20:07.126   398   464 D adayocomadapter-CommunicationManager: convertBytesToInt32Memcpy  0
12-30 11:20:07.126   398   464 I vw-vhal : notifyVehicleProperty, propId = 0x2140205e, data = {status: 2, int32Values: [0]}
12-30 11:20:07.126   398   464 I vw-vhal : CanSignalsAdapter::notifyVehicleProperty: solvedValue = {.timestamp = 9742948641492, .areaId = 0, .prop = 557850718, .status = AVAILABLE, .value = {.int32Values = [1]{0}, .floatValues = [0]{}, .int64Values = [0]{}, .bytes = [0]{}, .stringValue = ""}}
12-30 11:20:07.126   398   464 I VehiclePropertyStore: begin to write value to Store: {.timestamp = 9742948641492, .areaId = 0, .prop = 557850718, .status = AVAILABLE, .value = {.int32Values = [1]{0}, .floatValues = [0]{}, .int64Values = [0]{}, .bytes = [0]{}, .stringValue = ""}}
12-30 11:20:07.127   398   464 I DefaultVehicleHal_v2_0: DefaultVehicleHal::onPropertyValue, value:{.timestamp = 9742948641492, .areaId = 0, .prop = 557850718, .status = AVAILABLE, .value = {.int32Values = [1]{0}, .floatValues = [0]{}, .int64Values = [0]{}, .bytes = [0]{}, .stringValue = ""}}
12-30 11:20:07.127   398   464 D DiagPropHandler: is not DiagnosticConfig: 0x2140205e
12-30 11:20:07.127   398   464 I VehiclePropertyStore: begin to write value to Store: {.timestamp = 9742948641492, .areaId = 0, .prop = 557850718, .status = AVAILABLE, .value = {.int32Values = [1]{0}, .floatValues = [0]{}, .int64Values = [0]{}, .bytes = [0]{}, .stringValue = ""}}
12-30 11:20:07.127   398   464 D adayocomadapter-CommunicationManager: onUpstreamReceive mPropertyId 0x2140205e
12-30 11:20:07.127   398   464 D adayocomadapter-CommunicationManager: onUpstreamReceive mPropertyId 0x2140217a
12-30 11:20:07.127   398   464 D adayocomadapter-CommunicationManager: convertBytesToInt32Memcpy  0
12-30 11:20:07.127   398   464 I vw-vhal : notifyVehicleProperty, propId = 0x2140217a, data = {status: 2, int32Values: [0]}
12-30 11:20:07.127   398   464 I vw-vhal : CanSignalsAdapter::notifyVehicleProperty: solvedValue = {.timestamp = 9742949316492, .areaId = 0, .prop = 557851002, .status = AVAILABLE, .value = {.int32Values = [1]{0}, .floatValues = [0]{}, .int64Values = [0]{}, .bytes = [0]{}, .stringValue = ""}}
12-30 11:20:07.127   398   464 I VehiclePropertyStore: begin to write value to Store: {.timestamp = 9742949316492, .areaId = 0, .prop = 557851002, .status = AVAILABLE, .value = {.int32Values = [1]{0}, .floatValues = [0]{}, .int64Values = [0]{}, .bytes = [0]{}, .stringValue = ""}}
12-30 11:20:07.127   398   464 I DefaultVehicleHal_v2_0: DefaultVehicleHal::onPropertyValue, value:{.timestamp = 9742949316492, .areaId = 0, .prop = 557851002, .status = AVAILABLE, .value = {.int32Values = [1]{0}, .floatValues = [0]{}, .int64Values = [0]{}, .bytes = [0]{}, .stringValue = ""}}
12-30 11:20:07.127   398   464 D DiagPropHandler: is not DiagnosticConfig: 0x2140217a
12-30 11:20:07.127   360   931 D EvsDriver: forwardFrame
12-30 11:20:07.127   398   464 I VehiclePropertyStore: begin to write value to Store: {.timestamp = 9742949316492, .areaId = 0, .prop = 557851002, .status = AVAILABLE, .value = {.int32Values = [1]{0}, .floatValues = [0]{}, .int64Values = [0]{}, .bytes = [0]{}, .stringValue = ""}}
12-30 11:20:07.127   360   931 D EvsDriver: forwardFrameDirect
12-30 11:20:07.127   398   464 D adayocomadapter-CommunicationManager: onUpstreamReceive mPropertyId 0x2140217a
12-30 11:20:07.127   398   464 D adayocomadapter-CommunicationManager: onUpstreamReceive mPropertyId 0x21402207
12-30 11:20:07.128   398   464 D adayocomadapter-CommunicationManager: convertBytesToInt32Memcpy  0
12-30 11:20:07.128   398   464 I vw-vhal : notifyVehicleProperty, propId = 0x21402207, data = {status: 2, int32Values: [0]}
12-30 11:20:07.128   398   464 I vw-vhal : CanSignalsAdapter::notifyVehicleProperty: solvedValue = {.timestamp = 9742949984492, .areaId = 0, .prop = 557851143, .status = AVAILABLE, .value = {.int32Values = [1]{0}, .floatValues = [0]{}, .int64Values = [0]{}, .bytes = [0]{}, .stringValue = ""}}
12-30 11:20:07.128   360   931 D EvsDriver: Delivered 0xb400e2ca9e40c7a0 as id 1
12-30 11:20:07.128   398   464 I VehiclePropertyStore: begin to write value to Store: {.timestamp = 9742949984492, .areaId = 0, .prop = 557851143, .status = AVAILABLE, .value = {.int32Values = [1]{0}, .floatValues = [0]{}, .int64Values = [0]{}, .bytes = [0]{}, .stringValue = ""}}
12-30 11:20:07.128   398   464 I DefaultVehicleHal_v2_0: DefaultVehicleHal::onPropertyValue, value:{.timestamp = 9742949984492, .areaId = 0, .prop = 557851143, .status = AVAILABLE, .value = {.int32Values = [1]{0}, .floatValues = [0]{}, .int64Values = [0]{}, .bytes = [0]{}, .stringValue = ""}}
12-30 11:20:07.128   359  2784 D evsmanagerd: /dev/video-evs0 forwarded the buffer #1 to 0xb400f125d2b26dd0 from 0xb400f125e2b20710
12-30 11:20:07.128   398   464 D DiagPropHandler: is not DiagnosticConfig: 0x21402207
12-30 11:20:07.128   398   464 I VehiclePropertyStore: begin to write value to Store: {.timestamp = 9742949984492, .areaId = 0, .prop = 557851143, .status = AVAILABLE, .value = {.int32Values = [1]{0}, .floatValues = [0]{}, .int64Values = [0]{}, .bytes = [0]{}, .stringValue = ""}}
12-30 11:20:07.128   398   464 D adayocomadapter-CommunicationManager: onUpstreamReceive mPropertyId 0x21402207
12-30 11:20:07.128   398   464 D adayocomadapter-CommunicationManager: onUpstreamReceive mPropertyId 0x2140217c
12-30 11:20:07.128   398   464 D adayocomadapter-CommunicationManager: convertBytesToInt32Memcpy  0
12-30 11:20:07.128   398   464 I vw-vhal : notifyVehicleProperty, propId = 0x2140217c, data = {status: 2, int32Values: [0]}
12-30 11:20:07.128   398   464 I vw-vhal : CanSignalsAdapter::notifyVehicleProperty: solvedValue = {.timestamp = 9742950651492, .areaId = 0, .prop = 557851004, .status = AVAILABLE, .value = {.int32Values = [1]{0}, .floatValues = [0]{}, .int64Values = [0]{}, .bytes = [0]{}, .stringValue = ""}}
12-30 11:20:07.128   398   464 I VehiclePropertyStore: begin to write value to Store: {.timestamp = 9742950651492, .areaId = 0, .prop = 557851004, .status = AVAILABLE, .value = {.int32Values = [1]{0}, .floatValues = [0]{}, .int64Values = [0]{}, .bytes = [0]{}, .stringValue = ""}}
12-30 11:20:07.129   398   464 I DefaultVehicleHal_v2_0: DefaultVehicleHal::onPropertyValue, value:{.timestamp = 9742950651492, .areaId = 0, .prop = 557851004, .status = AVAILABLE, .value = {.int32Values = [1]{0}, .floatValues = [0]{}, .int64Values = [0]{}, .bytes = [0]{}, .stringValue = ""}}
12-30 11:20:07.129   398   464 D DiagPropHandler: is not DiagnosticConfig: 0x2140217c
12-30 11:20:07.129   398   464 I VehiclePropertyStore: begin to write value to Store: {.timestamp = 9742950651492, .areaId = 0, .prop = 557851004, .status = AVAILABLE, .value = {.int32Values = [1]{0}, .floatValues = [0]{}, .int64Values = [0]{}, .bytes = [0]{}, .stringValue = ""}}
12-30 11:20:07.129   398   464 D adayocomadapter-CommunicationManager: onUpstreamReceive mPropertyId 0x2140217c
12-30 11:20:07.129   398   464 D adayocomadapter-CommunicationManager: onUpstreamReceive mPropertyId 0x2140219c
12-30 11:20:07.129   398   464 D adayocomadapter-CommunicationManager: convertBytesToInt32Memcpy  0
12-30 11:20:07.129   398   464 D adayocomadapter-CommunicationManager: writeValue id=[557851036]
12-30 11:20:07.129   398   464 D adayocomadapter-VehiclePropertyStore: writeValue id=[557851036]
12-30 11:20:07.129   398   464 I vw-vhal : notifyVehicleProperty, propId = 0x2140219c, data = {status: 2, int32Values: [0]}
12-30 11:20:07.129   398   464 I vw-vhal : CanSignalsAdapter::notifyVehicleProperty: solvedValue = {.timestamp = 9742951397159, .areaId = 0, .prop = 557851036, .status = AVAILABLE, .value = {.int32Values = [1]{0}, .floatValues = [0]{}, .int64Values = [0]{}, .bytes = [0]{}, .stringValue = ""}}
12-30 11:20:07.129   398   464 I VehiclePropertyStore: begin to write value to Store: {.timestamp = 9742951397159, .areaId = 0, .prop = 557851036, .status = AVAILABLE, .value = {.int32Values = [1]{0}, .floatValues = [0]{}, .int64Values = [0]{}, .bytes = [0]{}, .stringValue = ""}}
12-30 11:20:07.129   398   464 I DefaultVehicleHal_v2_0: DefaultVehicleHal::onPropertyValue, value:{.timestamp = 9742951397159, .areaId = 0, .prop = 557851036, .status = AVAILABLE, .value = {.int32Values = [1]{0}, .floatValues = [0]{}, .int64Values = [0]{}, .bytes = [0]{}, .stringValue = ""}}
12-30 11:20:07.129   398   464 D DiagPropHandler: is not DiagnosticConfig: 0x2140219c
12-30 11:20:07.129   398   464 I VehiclePropertyStore: begin to write value to Store: {.timestamp = 9742951397159, .areaId = 0, .prop = 557851036, .status = AVAILABLE, .value = {.int32Values = [1]{0}, .floatValues = [0]{}, .int64Values = [0]{}, .bytes = [0]{}, .stringValue = ""}}
12-30 11:20:07.130   398   464 D adayocomadapter-CommunicationManager: onUpstreamReceive mPropertyId 0x2140219c
12-30 11:20:07.130   398   464 D adayocomadapter-CommunicationManager: onUpstreamReceive mPropertyId 0x214021df
12-30 11:20:07.130   398   464 D adayocomadapter-CommunicationManager: convertBytesToInt32Memcpy  0
12-30 11:20:07.130   398   464 I vw-vhal : notifyVehicleProperty, propId = 0x214021df, data = {status: 2, int32Values: [0]}
12-30 11:20:07.130   398   464 I vw-vhal : CanSignalsAdapter::notifyVehicleProperty: solvedValue = {.timestamp = 9742952136159, .areaId = 0, .prop = 557851103, .status = AVAILABLE, .value = {.int32Values = [1]{0}, .floatValues = [0]{}, .int64Values = [0]{}, .bytes = [0]{}, .stringValue = ""}}
12-30 11:20:07.130   398   464 I VehiclePropertyStore: begin to write value to Store: {.timestamp = 9742952136159, .areaId = 0, .prop = 557851103, .status = AVAILABLE, .value = {.int32Values = [1]{0}, .floatValues = [0]{}, .int64Values = [0]{}, .bytes = [0]{}, .stringValue = ""}}
12-30 11:20:07.130   398   464 I DefaultVehicleHal_v2_0: DefaultVehicleHal::onPropertyValue, value:{.timestamp = 9742952136159, .areaId = 0, .prop = 557851103, .status = AVAILABLE, .value = {.int32Values = [1]{0}, .floatValues = [0]{}, .int64Values = [0]{}, .bytes = [0]{}, .stringValue = ""}}
12-30 11:20:07.130   398   464 D DiagPropHandler: is not DiagnosticConfig: 0x214021df
12-30 11:20:07.130   398   464 I VehiclePropertyStore: begin to write value to Store: {.timestamp = 9742952136159, .areaId = 0, .prop = 557851103, .status = AVAILABLE, .value = {.int32Values = [1]{0}, .floatValues = [0]{}, .int64Values = [0]{}, .bytes = [0]{}, .stringValue = ""}}
12-30 11:20:07.130   398   464 D adayocomadapter-CommunicationManager: onUpstreamReceive mPropertyId 0x214021df
12-30 11:20:07.131   360   458 D EvsDriver: doneWithFrame
12-30 11:20:07.151  2358  2623 D RcfController: Rcf proxy is not connected!
12-30 11:20:07.159   596  3076 E WifiHAL : Invalid data received from driver
12-30 11:20:07.161   360   931 D EvsDriver: forwardFrame
12-30 11:20:07.161   360   931 D EvsDriver: forwardFrameDirect
12-30 11:20:07.161   360   931 D EvsDriver: Delivered 0xb400e2ca9e40e270 as id 0
12-30 11:20:07.161   359  2784 D evsmanagerd: /dev/video-evs0 forwarded the buffer #0 to 0xb400f125d2b26dd0 from 0xb400f125e2b20710
12-30 11:20:07.171   360   458 D EvsDriver: doneWithFrame
12-30 11:20:07.194   360   931 D EvsDriver: forwardFrame
12-30 11:20:07.194   360   931 D EvsDriver: forwardFrameDirect
12-30 11:20:07.194   360   931 D EvsDriver: Delivered 0xb400e2ca9e40d4b0 as id 1
12-30 11:20:07.194   359  2784 D evsmanagerd: /dev/video-evs0 forwarded the buffer #1 to 0xb400f125d2b26dd0 from 0xb400f125e2b20710
12-30 11:20:07.202  2358  2623 D RcfController: Rcf proxy is not connected!
12-30 11:20:07.202   360   458 D EvsDriver: doneWithFrame
12-30 11:20:07.222   596  3076 E WifiHAL : Invalid data received from driver
12-30 11:20:07.227   360   931 D EvsDriver: forwardFrame
12-30 11:20:07.227   360   931 D EvsDriver: forwardFrameDirect
12-30 11:20:07.228   360   931 D EvsDriver: Delivered 0xb400e2ca9e40c2d0 as id 0
12-30 11:20:07.228   359  2784 D evsmanagerd: /dev/video-evs0 forwarded the buffer #0 to 0xb400f125d2b26dd0 from 0xb400f125e2b20710
12-30 11:20:07.232   360   458 D EvsDriver: doneWithFrame
12-30 11:20:07.237   650   729 D fgemcucomm: sd Uart data : 6AA60230000002920238
12-30 11:20:07.237   650   729 D fgemcucomm: rev uart=80480,len=60, data : 6AA68130000034920200180000000000000000000000000000000000000000000000000000000000000000000000000000000000000000000000006F
12-30 11:20:07.237   398   466 D adayocomadapter-ParseProtocolFunc: printRaWMsg Name[MCUToUPstream recv] len[52] data[92020018000000000000000000000000000000000000000000000000000000000000000000000000000000000000000000000000]
12-30 11:20:07.237   398   466 D adayocomadapter-CommunicationManager: onUpstreamback   member[0] dataLength[49] timePoint[9743059]
12-30 11:20:07.237   398   466 D adayocomadapter-ParseProtocolFunc: printRaWMsg Name[onUpstreamback] len[49] data[18000000000000000000000000000000000000000000000000000000000000000000000000000000000000000000000000]
12-30 11:20:07.238   398   464 D adayocomadapter-UpstreamHandler: processBeforePacket upSreamtProcessTimePoint[9743059] 
12-30 11:20:07.238   398   464 D adayocomadapter-UpstreamHandler: processPacket UPSTREAM_QUEUE_DATA_TIMEOUT
12-30 11:20:07.238   398   464 D adayocomadapter-ParseProtocolFunc: parseCommonIPCLBytes Processing tableNumber[24]
12-30 11:20:07.238   398   464 D adayocomadapter-ParseProtocolFunc: parseCommonIPCLBytes Processing tablename[Table-24] tableSize[49]
12-30 11:20:07.238   398   464 D adayocomadapter-ParseProtocolFunc: printRaWMsg Name[byteStream recv] len[49] data[18000000000000000000000000000000000000000000000000000000000000000000000000000000000000000000000000]
12-30 11:20:07.238   398   464 D adayocomadapter-ParseProtocolFunc: printRaWMsg Name[IPCLtoVHAL] len[8] data[2141211D01000000]
12-30 11:20:07.238   398   464 D adayocomadapter-ParseProtocolFunc: printRaWMsg Name[IPCLtoVHAL] len[7] data[2140207A000000]
12-30 11:20:07.238   398   464 D adayocomadapter-ParseProtocolFunc: printRaWMsg Name[IPCLtoVHAL] len[6] data[214020D30000]
12-30 11:20:07.238   398   464 D adayocomadapter-ParseProtocolFunc: printRaWMsg Name[IPCLtoVHAL] len[6] data[214020CB0000]
12-30 11:20:07.238   398   464 D adayocomadapter-ParseProtocolFunc: printRaWMsg Name[IPCLtoVHAL] len[7] data[2140203C000000]
12-30 11:20:07.238   398   464 D adayocomadapter-ParseProtocolFunc: printRaWMsg Name[IPCLtoVHAL] len[6] data[214020C90000]
12-30 11:20:07.238   398   464 D adayocomadapter-ParseProtocolFunc: printRaWMsg Name[IPCLtoVHAL] len[6] data[214020CF0000]
12-30 11:20:07.239   398   464 D adayocomadapter-ParseProtocolFunc: printRaWMsg Name[IPCLtoVHAL] len[7] data[21402040000000]
12-30 11:20:07.239   398   464 D adayocomadapter-ParseProtocolFunc: printRaWMsg Name[IPCLtoVHAL] len[6] data[214020D10000]
12-30 11:20:07.239   398   464 D adayocomadapter-ParseProtocolFunc: printRaWMsg Name[IPCLtoVHAL] len[7] data[21402044000000]
12-30 11:20:07.239   398   464 D adayocomadapter-ParseProtocolFunc: printRaWMsg Name[IPCLtoVHAL] len[6] data[214020D50000]
12-30 11:20:07.239   398   464 D adayocomadapter-ParseProtocolFunc: printRaWMsg Name[IPCLtoVHAL] len[7] data[21402038000000]
12-30 11:20:07.239   398   464 D adayocomadapter-ParseProtocolFunc: printRaWMsg Name[IPCLtoVHAL] len[7] data[2140207D000000]
12-30 11:20:07.239   398   464 D adayocomadapter-ParseProtocolFunc: printRaWMsg Name[IPCLtoVHAL] len[7] data[2140207F000000]
12-30 11:20:07.239   398   464 D adayocomadapter-ParseProtocolFunc: printRaWMsg Name[IPCLtoVHAL] len[6] data[214020520000]
12-30 11:20:07.239   398   464 D adayocomadapter-ParseProtocolFunc: printRaWMsg Name[IPCLtoVHAL] len[7] data[21402081000000]
12-30 11:20:07.239   398   464 D adayocomadapter-ParseProtocolFunc: printRaWMsg Name[IPCLtoVHAL] len[7] data[21402080000000]
12-30 11:20:07.239   398   464 D adayocomadapter-ParseProtocolFunc: printRaWMsg Name[IPCLtoVHAL] len[7] data[21402051000000]
12-30 11:20:07.239   398   464 D adayocomadapter-ParseProtocolFunc: printRaWMsg Name[IPCLtoVHAL] len[7] data[2140207B000000]
12-30 11:20:07.239   398   464 D adayocomadapter-ParseProtocolFunc: printRaWMsg Name[IPCLtoVHAL] len[7] data[2140204C000000]
12-30 11:20:07.239   398   464 D adayocomadapter-ParseProtocolFunc: printRaWMsg Name[IPCLtoVHAL] len[7] data[2140207C000000]
12-30 11:20:07.239   398   464 D adayocomadapter-ParseProtocolFunc: printRaWMsg Name[IPCLtoVHAL] len[7] data[2140207E000000]
12-30 11:20:07.239   398   464 D adayocomadapter-ParseProtocolFunc: printRaWMsg Name[IPCLtoVHAL] len[7] data[21402082000000]
12-30 11:20:07.239   398   464 D adayocomadapter-ParseProtocolFunc: printRaWMsg Name[IPCLtoVHAL] len[7] data[21402083000000]
12-30 11:20:07.239   398   464 D adayocomadapter-ParseProtocolFunc: printRaWMsg Name[IPCLtoVHAL] len[7] data[21402084000000]
12-30 11:20:07.240   398   464 D adayocomadapter-ParseProtocolFunc: printRaWMsg Name[IPCLtoVHAL] len[7] data[21402085000000]
12-30 11:20:07.240   398   464 D adayocomadapter-ParseProtocolFunc: printRaWMsg Name[IPCLtoVHAL] len[6] data[2140220A0000]
12-30 11:20:07.240   398   464 D adayocomadapter-ParseProtocolFunc: printRaWMsg Name[IPCLtoVHAL] len[6] data[214021E60000]
12-30 11:20:07.240   398   464 D adayocomadapter-CommunicationManager: onUpstreamReceive mPropertyId 0x2141211d
12-30 11:20:07.240   398   464 I vw-vhal : notifyVehicleProperty, propId = 0x2141211d, data = {status: 2, int32Values: [0, 0, 0]}
12-30 11:20:07.240   398   464 I vw-vhal : CanSignalsAdapter::notifyVehicleProperty: solvedValue = {.timestamp = 9743062215492, .areaId = 0, .prop = 557916445, .status = AVAILABLE, .value = {.int32Values = [3]{0, 0, 0}, .floatValues = [0]{}, .int64Values = [0]{}, .bytes = [0]{}, .stringValue = ""}}
12-30 11:20:07.240   398   464 I VehiclePropertyStore: begin to write value to Store: {.timestamp = 9743062215492, .areaId = 0, .prop = 557916445, .status = AVAILABLE, .value = {.int32Values = [3]{0, 0, 0}, .floatValues = [0]{}, .int64Values = [0]{}, .bytes = [0]{}, .stringValue = ""}}
12-30 11:20:07.240   398   464 I DefaultVehicleHal_v2_0: DefaultVehicleHal::onPropertyValue, value:{.timestamp = 9743062215492, .areaId = 0, .prop = 557916445, .status = AVAILABLE, .value = {.int32Values = [3]{0, 0, 0}, .floatValues = [0]{}, .int64Values = [0]{}, .bytes = [0]{}, .stringValue = ""}}
12-30 11:20:07.240   398   464 D DiagPropHandler: is not DiagnosticConfig: 0x2141211d
12-30 11:20:07.240   398   464 I VehiclePropertyStore: begin to write value to Store: {.timestamp = 9743062215492, .areaId = 0, .prop = 557916445, .status = AVAILABLE, .value = {.int32Values = [3]{0, 0, 0}, .floatValues = [0]{}, .int64Values = [0]{}, .bytes = [0]{}, .stringValue = ""}}
12-30 11:20:07.240   398   464 D adayocomadapter-CommunicationManager: onUpstreamReceive mPropertyId 0x2141211d
12-30 11:20:07.240   398   464 D adayocomadapter-CommunicationManager: onUpstreamReceive mPropertyId 0x2140207a
12-30 11:20:07.240   398   464 D adayocomadapter-CommunicationManager: convertBytesToInt32Memcpy  0
12-30 11:20:07.241   398   464 I vw-vhal : notifyVehicleProperty, propId = 0x2140207a, data = {status: 2, int32Values: [0]}
12-30 11:20:07.241   398   464 I vw-vhal : CanSignalsAdapter::notifyVehicleProperty: solvedValue = {.timestamp = 9743062944159, .areaId = 0, .prop = 557850746, .status = AVAILABLE, .value = {.int32Values = [1]{0}, .floatValues = [0]{}, .int64Values = [0]{}, .bytes = [0]{}, .stringValue = ""}}
12-30 11:20:07.241   398   464 I VehiclePropertyStore: begin to write value to Store: {.timestamp = 9743062944159, .areaId = 0, .prop = 557850746, .status = AVAILABLE, .value = {.int32Values = [1]{0}, .floatValues = [0]{}, .int64Values = [0]{}, .bytes = [0]{}, .stringValue = ""}}
12-30 11:20:07.241   398   464 I DefaultVehicleHal_v2_0: DefaultVehicleHal::onPropertyValue, value:{.timestamp = 9743062944159, .areaId = 0, .prop = 557850746, .status = AVAILABLE, .value = {.int32Values = [1]{0}, .floatValues = [0]{}, .int64Values = [0]{}, .bytes = [0]{}, .stringValue = ""}}
12-30 11:20:07.241   398   464 D DiagPropHandler: is not DiagnosticConfig: 0x2140207a
12-30 11:20:07.241   398   464 I VehiclePropertyStore: begin to write value to Store: {.timestamp = 9743062944159, .areaId = 0, .prop = 557850746, .status = AVAILABLE, .value = {.int32Values = [1]{0}, .floatValues = [0]{}, .int64Values = [0]{}, .bytes = [0]{}, .stringValue = ""}}
12-30 11:20:07.241   398   464 D adayocomadapter-CommunicationManager: onUpstreamReceive mPropertyId 0x2140207a
