12-30 11:20:03.346   398   464 D adayocomadapter-CommunicationManager: onUpstreamReceive mPropertyId 0x2140220a
12-30 11:20:03.346   398   464 D adayocomadapter-CommunicationManager: convertBytesToInt32Memcpy  0
12-30 11:20:03.346   398   464 I vw-vhal : notifyVehicleProperty, propId = 0x2140220a, data = {status: 2, int32Values: [0]}
12-30 11:20:03.347   398   464 I vw-vhal : CanSignalsAdapter::notifyVehicleProperty: solvedValue = {.timestamp = 9739168812159, .areaId = 0, .prop = 557851146, .status = AVAILABLE, .value = {.int32Values = [1]{0}, .floatValues = [0]{}, .int64Values = [0]{}, .bytes = [0]{}, .stringValue = ""}}
12-30 11:20:03.347   398   464 I VehiclePropertyStore: begin to write value to Store: {.timestamp = 9739168812159, .areaId = 0, .prop = 557851146, .status = AVAILABLE, .value = {.int32Values = [1]{0}, .floatValues = [0]{}, .int64Values = [0]{}, .bytes = [0]{}, .stringValue = ""}}
12-30 11:20:03.347   398   464 I DefaultVehicleHal_v2_0: DefaultVehicleHal::onPropertyValue, value:{.timestamp = 9739168812159, .areaId = 0, .prop = 557851146, .status = AVAILABLE, .value = {.int32Values = [1]{0}, .floatValues = [0]{}, .int64Values = [0]{}, .bytes = [0]{}, .stringValue = ""}}
12-30 11:20:03.347   398   464 D DiagPropHandler: is not DiagnosticConfig: 0x2140220a
12-30 11:20:03.347   398   464 I VehiclePropertyStore: begin to write value to Store: {.timestamp = 9739168812159, .areaId = 0, .prop = 557851146, .status = AVAILABLE, .value = {.int32Values = [1]{0}, .floatValues = [0]{}, .int64Values = [0]{}, .bytes = [0]{}, .stringValue = ""}}
12-30 11:20:03.347   398   464 D adayocomadapter-CommunicationManager: onUpstreamReceive mPropertyId 0x2140220a
12-30 11:20:03.347   398   464 D adayocomadapter-CommunicationManager: onUpstreamReceive mPropertyId 0x214021e6
12-30 11:20:03.347   398   464 D adayocomadapter-CommunicationManager: convertBytesToInt32Memcpy  0
12-30 11:20:03.347   398   464 I vw-vhal : notifyVehicleProperty, propId = 0x214021e6, data = {status: 2, int32Values: [0]}
12-30 11:20:03.347   398   464 I vw-vhal : CanSignalsAdapter::notifyVehicleProperty: solvedValue = {.timestamp = 9739169482159, .areaId = 0, .prop = 557851110, .status = AVAILABLE, .value = {.int32Values = [1]{0}, .floatValues = [0]{}, .int64Values = [0]{}, .bytes = [0]{}, .stringValue = ""}}
12-30 11:20:03.347   398   464 I VehiclePropertyStore: begin to write value to Store: {.timestamp = 9739169482159, .areaId = 0, .prop = 557851110, .status = AVAILABLE, .value = {.int32Values = [1]{0}, .floatValues = [0]{}, .int64Values = [0]{}, .bytes = [0]{}, .stringValue = ""}}
12-30 11:20:03.347   398   464 I DefaultVehicleHal_v2_0: DefaultVehicleHal::onPropertyValue, value:{.timestamp = 9739169482159, .areaId = 0, .prop = 557851110, .status = AVAILABLE, .value = {.int32Values = [1]{0}, .floatValues = [0]{}, .int64Values = [0]{}, .bytes = [0]{}, .stringValue = ""}}
12-30 11:20:03.347   398   464 D DiagPropHandler: is not DiagnosticConfig: 0x214021e6
12-30 11:20:03.348   398   464 I VehiclePropertyStore: begin to write value to Store: {.timestamp = 9739169482159, .areaId = 0, .prop = 557851110, .status = AVAILABLE, .value = {.int32Values = [1]{0}, .floatValues = [0]{}, .int64Values = [0]{}, .bytes = [0]{}, .stringValue = ""}}
12-30 11:20:03.348   398   464 D adayocomadapter-CommunicationManager: onUpstreamReceive mPropertyId 0x214021e6
12-30 11:20:03.361   360   931 D EvsDriver: forwardFrame
12-30 11:20:03.361   360   931 D EvsDriver: forwardFrameDirect
12-30 11:20:03.361   360   931 D EvsDriver: Delivered 0xb400e2ca9e40e270 as id 0
12-30 11:20:03.361   359  2784 D evsmanagerd: /dev/video-evs0 forwarded the buffer #0 to 0xb400f125d2b26dd0 from 0xb400f125e2b20710
12-30 11:20:03.369   360   458 D EvsDriver: doneWithFrame
12-30 11:20:03.378   596  3076 E WifiHAL : Invalid data received from driver
12-30 11:20:03.382  2358  2623 D RcfController: Rcf proxy is not connected!
12-30 11:20:03.394   360   931 D EvsDriver: forwardFrame
12-30 11:20:03.394   360   931 D EvsDriver: forwardFrameDirect
12-30 11:20:03.394   360   931 D EvsDriver: Delivered 0xb400e2ca9e40d4b0 as id 1
12-30 11:20:03.395   359  2784 D evsmanagerd: /dev/video-evs0 forwarded the buffer #1 to 0xb400f125d2b26dd0 from 0xb400f125e2b20710
12-30 11:20:03.399   360   458 D EvsDriver: doneWithFrame
12-30 11:20:03.419   596  3076 E WifiHAL : Invalid data received from driver
12-30 11:20:03.427   360   931 D EvsDriver: forwardFrame
12-30 11:20:03.427   360   931 D EvsDriver: forwardFrameDirect
12-30 11:20:03.428   360   931 D EvsDriver: Delivered 0xb400e2ca9e40c2d0 as id 0
12-30 11:20:03.428   359  2784 D evsmanagerd: /dev/video-evs0 forwarded the buffer #0 to 0xb400f125d2b26dd0 from 0xb400f125e2b20710
12-30 11:20:03.429   360   458 D EvsDriver: doneWithFrame
12-30 11:20:03.432  2358  2623 D RcfController: Rcf proxy is not connected!
12-30 11:20:03.461   360   931 D EvsDriver: forwardFrame
12-30 11:20:03.461   360   931 D EvsDriver: forwardFrameDirect
12-30 11:20:03.461   360   931 D EvsDriver: Delivered 0xb400e2ca9e40d090 as id 1
12-30 11:20:03.461   359  2784 D evsmanagerd: /dev/video-evs0 forwarded the buffer #1 to 0xb400f125d2b26dd0 from 0xb400f125e2b20710
12-30 11:20:03.470   360   458 D EvsDriver: doneWithFrame
12-30 11:20:03.483  2358  2623 D RcfController: Rcf proxy is not connected!
12-30 11:20:03.483   665  1525 I gps_hdbd: [gps_upgrade_thread 3403]Enter
12-30 11:20:03.483   665  1525 I gps_hdbd: [gps_upgrade_thread 3432] sys.gps.update:0 ,file:not ,upgrate_ing:0
12-30 11:20:03.494   360   931 D EvsDriver: forwardFrame
12-30 11:20:03.494   360   931 D EvsDriver: forwardFrameDirect
12-30 11:20:03.494   360   931 D EvsDriver: Delivered 0xb400e2ca9e40e110 as id 0
12-30 11:20:03.494   359  2784 D evsmanagerd: /dev/video-evs0 forwarded the buffer #0 to 0xb400f125d2b26dd0 from 0xb400f125e2b20710
12-30 11:20:03.500   360   458 D EvsDriver: doneWithFrame
12-30 11:20:03.516 16310 16310 I auditd  : type=1400 audit(0.0:1088459): avc:  denied  { entrypoint } for  comm="init" path="/system/bin/sh" dev="dm-1" ino=8660711 scontext=u:r:trace_resource:s0 tcontext=u:object_r:shell_exec:s0 tclass=file permissive=1
12-30 11:20:03.516 16310 16310 I init    : type=1400 audit(0.0:1088459): avc:  denied  { entrypoint } for  path="/system/bin/sh" dev="dm-1" ino=8660711 scontext=u:r:trace_resource:s0 tcontext=u:object_r:shell_exec:s0 tclass=file permissive=1
12-30 11:20:03.521   596  3076 E WifiHAL : Invalid data received from driver
01-01 10:42:20.530     1     1 I init    : ... started service 'trace_resource' has pid 16310
12-30 11:20:03.520 16310 16310 I auditd  : type=1400 audit(0.0:1088460): avc:  denied  { map } for  comm="sh" path="/system/bin/sh" dev="dm-1" ino=8660711 scontext=u:r:trace_resource:s0 tcontext=u:object_r:shell_exec:s0 tclass=file permissive=1
12-30 11:20:03.520 16310 16310 I sh      : type=1400 audit(0.0:1088460): avc:  denied  { map } for  path="/system/bin/sh" dev="dm-1" ino=8660711 scontext=u:r:trace_resource:s0 tcontext=u:object_r:shell_exec:s0 tclass=file permissive=1
12-30 11:20:03.520 16310 16310 I auditd  : type=1400 audit(0.0:1088461): avc:  denied  { read } for  comm="sh" path="/system/bin/sh" dev="dm-1" ino=8660711 scontext=u:r:trace_resource:s0 tcontext=u:object_r:shell_exec:s0 tclass=file permissive=1
12-30 11:20:03.520 16310 16310 I sh      : type=1400 audit(0.0:1088461): avc:  denied  { read } for  path="/system/bin/sh" dev="dm-1" ino=8660711 scontext=u:r:trace_resource:s0 tcontext=u:object_r:shell_exec:s0 tclass=file permissive=1
12-30 11:20:03.520 16310 16310 I auditd  : type=1400 audit(0.0:1088462): avc:  denied  { execute } for  comm="sh" path="/system/bin/sh" dev="dm-1" ino=8660711 scontext=u:r:trace_resource:s0 tcontext=u:object_r:shell_exec:s0 tclass=file permissive=1
12-30 11:20:03.520 16310 16310 I sh      : type=1400 audit(0.0:1088462): avc:  denied  { execute } for  path="/system/bin/sh" dev="dm-1" ino=8660711 scontext=u:r:trace_resource:s0 tcontext=u:object_r:shell_exec:s0 tclass=file permissive=1
12-30 11:20:03.524 16310 16310 I auditd  : type=1400 audit(0.0:1088463): avc:  denied  { getattr } for  comm="sh" path="/system/bin/sh" dev="dm-1" ino=8660711 scontext=u:r:trace_resource:s0 tcontext=u:object_r:shell_exec:s0 tclass=file permissive=1
12-30 11:20:03.524 16310 16310 I sh      : type=1400 audit(0.0:1088463): avc:  denied  { getattr } for  path="/system/bin/sh" dev="dm-1" ino=8660711 scontext=u:r:trace_resource:s0 tcontext=u:object_r:shell_exec:s0 tclass=file permissive=1
12-30 11:20:03.527   360   931 D EvsDriver: forwardFrame
12-30 11:20:03.527   360   931 D EvsDriver: forwardFrameDirect
12-30 11:20:03.527   360   931 D EvsDriver: Delivered 0xb400e2ca9e40c7a0 as id 1
12-30 11:20:03.528   359  2784 D evsmanagerd: /dev/video-evs0 forwarded the buffer #1 to 0xb400f125d2b26dd0 from 0xb400f125e2b20710
12-30 11:20:03.530   360   458 D EvsDriver: doneWithFrame
12-30 11:20:03.533  2358  2623 D RcfController: Rcf proxy is not connected!
12-30 11:20:03.536 16310 16310 I auditd  : type=1400 audit(0.0:1088464): avc:  denied  { getattr } for  comm="sh" path="/system/bin/toybox" dev="dm-1" ino=8926292 scontext=u:r:trace_resource:s0 tcontext=u:object_r:toolbox_exec:s0 tclass=file permissive=1
12-30 11:20:03.536 16310 16310 I sh      : type=1400 audit(0.0:1088464): avc:  denied  { getattr } for  path="/system/bin/toybox" dev="dm-1" ino=8926292 scontext=u:r:trace_resource:s0 tcontext=u:object_r:toolbox_exec:s0 tclass=file permissive=1
12-30 11:20:03.536 16310 16310 I auditd  : type=1400 audit(0.0:1088465): avc:  denied  { execute } for  comm="sh" name="toybox" dev="dm-1" ino=8926292 scontext=u:r:trace_resource:s0 tcontext=u:object_r:toolbox_exec:s0 tclass=file permissive=1
12-30 11:20:03.536 16310 16310 I sh      : type=1400 audit(0.0:1088465): avc:  denied  { execute } for  name="toybox" dev="dm-1" ino=8926292 scontext=u:r:trace_resource:s0 tcontext=u:object_r:toolbox_exec:s0 tclass=file permissive=1
01-01 10:42:20.550 16311 16311 W audit   : audit_lost=1065011 audit_rate_limit=5 audit_backlog_limit=64
12-30 11:20:03.549   798 16309 W adbd    : timed out while waiting for FUNCTIONFS_BIND, trying again
12-30 11:20:03.549   798 16309 I adbd    : UsbFfs: connection terminated: monitor thread finished
12-30 11:20:03.549   798   798 I adbd    : UsbFfs: already offline
12-30 11:20:03.549   798   798 I adbd    : destroying transport UsbFfs
12-30 11:20:03.549   798   798 I adbd    : UsbFfsConnection being destroyed
12-30 11:20:03.560 16311 16311 I ADAYO_LOG_TRACE_RESOURCE: execute start
12-30 11:20:03.561   360   931 D EvsDriver: forwardFrame
12-30 11:20:03.561   360   931 D EvsDriver: forwardFrameDirect
12-30 11:20:03.561   360   931 D EvsDriver: Delivered 0xb400e2ca9e40e270 as id 0
12-30 11:20:03.561   359  2784 D evsmanagerd: /dev/video-evs0 forwarded the buffer #0 to 0xb400f125d2b26dd0 from 0xb400f125e2b20710
12-30 11:20:03.569   596  3076 E WifiHAL : Invalid data received from driver
12-30 11:20:03.571   360   458 D EvsDriver: doneWithFrame
12-30 11:20:03.583  2358  2623 D RcfController: Rcf proxy is not connected!
12-30 11:20:03.594   798   838 I adbd    : opening control endpoint /dev/usb-ffs/adb/ep0
12-30 11:20:03.594   360   931 D EvsDriver: forwardFrame
12-30 11:20:03.594   360   931 D EvsDriver: forwardFrameDirect
12-30 11:20:03.594   360   931 D EvsDriver: Delivered 0xb400e2ca9e40d4b0 as id 1
12-30 11:20:03.594   359  2784 D evsmanagerd: /dev/video-evs0 forwarded the buffer #1 to 0xb400f125d2b26dd0 from 0xb400f125e2b20710
12-30 11:20:03.595   798   838 I adbd    : UsbFfsConnection constructed
12-30 11:20:03.595   798 16314 I adbd    : UsbFfs-monitor thread spawned
01-01 10:42:20.604   838   838 I         : read strings
01-01 10:42:20.606     1     1 I init    : Command 'symlink /config/usb_gadget/g1/functions/ffs.adb /config/usb_gadget/g1/configs/b.1/f1' action=sys.usb.config=adb && sys.usb.configfs=1 && sys.usb.ffs.ready=1 (/system/etc/init/hw/init.usb.configfs.rc:22) took 0ms and failed: symlink() failed: File exists
01-01 10:42:20.607     1     1 I init    : processing action (sys.usb.config=adb && sys.usb.configfs=1 && sys.usb.ffs.ready=1) from (/vendor/etc/init/init.x9hp_ms.usb.rc:72)
12-30 11:20:03.599 16313 16313 I ADAYO_LOG_TRACE_RESOURCE: executing
12-30 11:20:03.601   360   458 D EvsDriver: doneWithFrame
12-30 11:20:03.624   596  3076 E WifiHAL : Invalid data received from driver
12-30 11:20:03.627   360   931 D EvsDriver: forwardFrame
12-30 11:20:03.627   360   931 D EvsDriver: forwardFrameDirect
12-30 11:20:03.627   360   931 D EvsDriver: Delivered 0xb400e2ca9e40c2d0 as id 0
12-30 11:20:03.628   359  2784 D evsmanagerd: /dev/video-evs0 forwarded the buffer #0 to 0xb400f125d2b26dd0 from 0xb400f125e2b20710
12-30 11:20:03.631   360   458 D EvsDriver: doneWithFrame
12-30 11:20:03.633  2358  2623 D RcfController: Rcf proxy is not connected!
12-30 11:20:03.638 16316 16316 I ADAYO_LOG_TRACE_RESOURCE: collect_dest_path:/mnt/sdcard/logcat_GNSS/
12-30 11:20:03.661   360   931 D EvsDriver: forwardFrame
12-30 11:20:03.661   360   931 D EvsDriver: forwardFrameDirect
12-30 11:20:03.661   360   931 D EvsDriver: Delivered 0xb400e2ca9e40d090 as id 1
12-30 11:20:03.661   359  2784 D evsmanagerd: /dev/video-evs0 forwarded the buffer #1 to 0xb400f125d2b26dd0 from 0xb400f125e2b20710
12-30 11:20:03.661   360   458 D EvsDriver: doneWithFrame
12-30 11:20:03.663   650   729 D fgemcucomm: sd Uart data : 6AA6022FE20002920257
12-30 11:20:03.663   650   729 D fgemcucomm: rev uart=80449,len=14, data : 6AA6812FE200069202001A0000BA
12-30 11:20:03.663   398   882 D adayocomadapter-ParseProtocolFunc: printRaWMsg Name[MCUToUPstream recv] len[6] data[9202001A0000]
12-30 11:20:03.663   398   882 D adayocomadapter-CommunicationManager: onUpstreamback   member[0] dataLength[3] timePoint[9739485]
12-30 11:20:03.663   398   882 D adayocomadapter-ParseProtocolFunc: printRaWMsg Name[onUpstreamback] len[3] data[1A0000]
12-30 11:20:03.663   398   464 D adayocomadapter-UpstreamHandler: processBeforePacket upSreamtProcessTimePoint[9739485] 
12-30 11:20:03.663   398   464 D adayocomadapter-UpstreamHandler: processPacket UPSTREAM_QUEUE_DATA_TIMEOUT
12-30 11:20:03.663   398   464 D adayocomadapter-ParseProtocolFunc: parseCommonIPCLBytes Processing tableNumber[26]
12-30 11:20:03.663   398   464 D adayocomadapter-ParseProtocolFunc: parseCommonIPCLBytes Processing tablename[Table-26] tableSize[3]
12-30 11:20:03.663   398   464 D adayocomadapter-ParseProtocolFunc: printRaWMsg Name[byteStream recv] len[3] data[1A0000]
12-30 11:20:03.664   398   464 D adayocomadapter-ParseProtocolFunc: printRaWMsg Name[IPCLtoVHAL] len[6] data[214021C90000]
12-30 11:20:03.664   398   464 D adayocomadapter-ParseProtocolFunc: printRaWMsg Name[IPCLtoVHAL] len[6] data[214022060000]
12-30 11:20:03.664   398   464 D adayocomadapter-CommunicationManager: onUpstreamReceive mPropertyId 0x214021c9
12-30 11:20:03.664   398   464 D adayocomadapter-CommunicationManager: convertBytesToInt32Memcpy  0
12-30 11:20:03.664   398   464 I vw-vhal : notifyVehicleProperty, propId = 0x214021c9, data = {status: 2, int32Values: [0]}
12-30 11:20:03.664   398   464 I vw-vhal : CanSignalsAdapter::notifyVehicleProperty: solvedValue = {.timestamp = 9739485994159, .areaId = 0, .prop = 557851081, .status = AVAILABLE, .value = {.int32Values = [1]{0}, .floatValues = [0]{}, .int64Values = [0]{}, .bytes = [0]{}, .stringValue = ""}}
12-30 11:20:03.664   398   464 I VehiclePropertyStore: begin to write value to Store: {.timestamp = 9739485994159, .areaId = 0, .prop = 557851081, .status = AVAILABLE, .value = {.int32Values = [1]{0}, .floatValues = [0]{}, .int64Values = [0]{}, .bytes = [0]{}, .stringValue = ""}}
12-30 11:20:03.664   398   464 I DefaultVehicleHal_v2_0: DefaultVehicleHal::onPropertyValue, value:{.timestamp = 9739485994159, .areaId = 0, .prop = 557851081, .status = AVAILABLE, .value = {.int32Values = [1]{0}, .floatValues = [0]{}, .int64Values = [0]{}, .bytes = [0]{}, .stringValue = ""}}
12-30 11:20:03.664   398   464 D DiagPropHandler: is not DiagnosticConfig: 0x214021c9
12-30 11:20:03.664   398   464 I VehiclePropertyStore: begin to write value to Store: {.timestamp = 9739485994159, .areaId = 0, .prop = 557851081, .status = AVAILABLE, .value = {.int32Values = [1]{0}, .floatValues = [0]{}, .int64Values = [0]{}, .bytes = [0]{}, .stringValue = ""}}
12-30 11:20:03.664   398   464 D adayocomadapter-CommunicationManager: onUpstreamReceive mPropertyId 0x214021c9
12-30 11:20:03.664   398   464 D adayocomadapter-CommunicationManager: onUpstreamReceive mPropertyId 0x21402206
12-30 11:20:03.664   398   464 D adayocomadapter-CommunicationManager: convertBytesToInt32Memcpy  0
12-30 11:20:03.664   398   464 I vw-vhal : notifyVehicleProperty, propId = 0x21402206, data = {status: 2, int32Values: [0]}
12-30 11:20:03.664   398   464 I vw-vhal : CanSignalsAdapter::notifyVehicleProperty: solvedValue = {.timestamp = 9739486225492, .areaId = 0, .prop = 557851142, .status = AVAILABLE, .value = {.int32Values = [1]{0}, .floatValues = [0]{}, .int64Values = [0]{}, .bytes = [0]{}, .stringValue = ""}}
12-30 11:20:03.664   398   464 I VehiclePropertyStore: begin to write value to Store: {.timestamp = 9739486225492, .areaId = 0, .prop = 557851142, .status = AVAILABLE, .value = {.int32Values = [1]{0}, .floatValues = [0]{}, .int64Values = [0]{}, .bytes = [0]{}, .stringValue = ""}}
12-30 11:20:03.664   398   464 I DefaultVehicleHal_v2_0: DefaultVehicleHal::onPropertyValue, value:{.timestamp = 9739486225492, .areaId = 0, .prop = 557851142, .status = AVAILABLE, .value = {.int32Values = [1]{0}, .floatValues = [0]{}, .int64Values = [0]{}, .bytes = [0]{}, .stringValue = ""}}
12-30 11:20:03.664   398   464 D DiagPropHandler: is not DiagnosticConfig: 0x21402206
12-30 11:20:03.664   398   464 I VehiclePropertyStore: begin to write value to Store: {.timestamp = 9739486225492, .areaId = 0, .prop = 557851142, .status = AVAILABLE, .value = {.int32Values = [1]{0}, .floatValues = [0]{}, .int64Values = [0]{}, .bytes = [0]{}, .stringValue = ""}}
12-30 11:20:03.664   398   464 D adayocomadapter-CommunicationManager: onUpstreamReceive mPropertyId 0x21402206
12-30 11:20:03.681   596  3076 E WifiHAL : Invalid data received from driver
12-30 11:20:03.683  2358  2623 D RcfController: Rcf proxy is not connected!
12-30 11:20:03.694   360   931 D EvsDriver: forwardFrame
12-30 11:20:03.694   360   931 D EvsDriver: forwardFrameDirect
12-30 11:20:03.694   360   931 D EvsDriver: Delivered 0xb400e2ca9e40e110 as id 0
12-30 11:20:03.694   359  2784 D evsmanagerd: /dev/video-evs0 forwarded the buffer #0 to 0xb400f125d2b26dd0 from 0xb400f125e2b20710
12-30 11:20:03.702   360   458 D EvsDriver: doneWithFrame
12-30 11:20:03.707 16319 16319 I ADAYO_LOG_TRACE_RESOURCE: file_path:/mnt/sdcard/logcat_GNSS//gnss_log.log
12-30 11:20:03.727   360   931 D EvsDriver: forwardFrame
12-30 11:20:03.727   360   931 D EvsDriver: forwardFrameDirect
12-30 11:20:03.728   360   931 D EvsDriver: Delivered 0xb400e2ca9e40c7a0 as id 1
12-30 11:20:03.728   359  2784 D evsmanagerd: /dev/video-evs0 forwarded the buffer #1 to 0xb400f125d2b26dd0 from 0xb400f125e2b20710
12-30 11:20:03.732   360   458 D EvsDriver: doneWithFrame
12-30 11:20:03.734  2358  2623 D RcfController: Rcf proxy is not connected!
12-30 11:20:03.744   596  3076 E WifiHAL : Invalid data received from driver
12-30 11:20:03.755 16322 16322 I ADAYO_LOG_TRACE_RESOURCE: folder_size:0
12-30 11:20:03.761   360   931 I EvsDriver: /dev/video-evs0 VideoCapture fps 30.0011
12-30 11:20:03.761   360   931 D EvsDriver: forwardFrame
12-30 11:20:03.761   360   931 D EvsDriver: forwardFrameDirect
12-30 11:20:03.761   360   931 D EvsDriver: Delivered 0xb400e2ca9e40e270 as id 0
12-30 11:20:03.761   359  2784 D evsmanagerd: /dev/video-evs0 forwarded the buffer #0 to 0xb400f125d2b26dd0 from 0xb400f125e2b20710
12-30 11:20:03.762   360   458 D EvsDriver: doneWithFrame
12-30 11:20:03.765   596  3076 E WifiHAL : Invalid data received from driver
12-30 11:20:03.784  2358  2623 D RcfController: Rcf proxy is not connected!
12-30 11:20:03.794   360   931 D EvsDriver: forwardFrame
12-30 11:20:03.794   360   931 D EvsDriver: forwardFrameDirect
12-30 11:20:03.794   360   931 D EvsDriver: Delivered 0xb400e2ca9e40d4b0 as id 1
12-30 11:20:03.794   359  2784 D evsmanagerd: /dev/video-evs0 forwarded the buffer #1 to 0xb400f125d2b26dd0 from 0xb400f125e2b20710
12-30 11:20:03.803   360   458 D EvsDriver: doneWithFrame
12-30 11:20:03.827   360   931 D EvsDriver: forwardFrame
12-30 11:20:03.827   360   931 D EvsDriver: forwardFrameDirect
12-30 11:20:03.828   360   931 D EvsDriver: Delivered 0xb400e2ca9e40c2d0 as id 0
12-30 11:20:03.828   359  2784 D evsmanagerd: /dev/video-evs0 forwarded the buffer #0 to 0xb400f125d2b26dd0 from 0xb400f125e2b20710
12-30 11:20:03.833   360   458 D EvsDriver: doneWithFrame
12-30 11:20:03.834  2358  2623 D RcfController: Rcf proxy is not connected!
12-30 11:20:03.836  2475  2681 I TtsServiceAgent: check thread start checking, threadId = 29
12-30 11:20:03.836  2475  2681 D TtsServiceAgent: start bind service...
12-30 11:20:03.836  2475  2681 D TtsServiceAgent: ----->initService, usage = 16
12-30 11:20:03.836  2475  2681 W ContextImpl: Calling a method in the system process without a qualified user: android.app.ContextImpl.bindService:1988 android.content.ContextWrapper.bindService:861 com.iflytek.autofly.ttsaidl.ttsproxy.TtsServiceAgent.initService:189 com.iflytek.autofly.ttsaidl.ttsproxy.TtsServiceAgent.initService:133 com.iflytek.autofly.ttsaidl.ttsproxy.TtsServiceAgent$2.run:517 
12-30 11:20:03.837   916  5915 W ActivityManager: Unable to start service Intent { act=com.iflytek.autofly.tts.ttsservice.TtsAdapterService cmp=com.iflytek.cutefly.speechclient.hmi/com.iflytek.autofly.tts.ttsservice.TtsAdapterService } U=0: not found
12-30 11:20:03.837  2475  2681 D TtsServiceAgent: bindService: false
12-30 11:20:03.837  2475  2681 D TtsServiceAgent: start reInitService
12-30 11:20:03.837  2475  2681 D TtsServiceAgent: aidlCheckThreadRunning = true
12-30 11:20:03.837  2475  2681 D TtsServiceAgent: ----->check connection status in 1000s...
12-30 11:20:03.837  1667  2594 W ContextImpl: Calling a method in the system process without a qualified user: android.app.ContextImpl.bindService:1988 android.content.ContextWrapper.bindService:861 com.ford.sync.fnvservice.FordFnv.c:202 com.ford.sync.fnvservice.FordFnv.c:43 com.ford.sync.fnvservice.FordFnv$RetryHandler.handleMessage:245 
12-30 11:20:03.838   916  5915 W ActivityManager: Unable to start service Intent { cmp=com.ford.sync.fnvservice/.FordFnvService } U=0: not found
12-30 11:20:03.838  1667  2594 W FordFnv :  bind ford fnv failed -> sendRetryMessage 
12-30 11:20:03.839   596  3076 E WifiHAL : Invalid data received from driver
12-30 11:20:03.861   360   931 D EvsDriver: forwardFrame
12-30 11:20:03.861   360   931 D EvsDriver: forwardFrameDirect
12-30 11:20:03.861   360   931 D EvsDriver: Delivered 0xb400e2ca9e40d090 as id 1
12-30 11:20:03.861   359  2784 D evsmanagerd: /dev/video-evs0 forwarded the buffer #1 to 0xb400f125d2b26dd0 from 0xb400f125e2b20710
12-30 11:20:03.864   360   458 D EvsDriver: doneWithFrame
12-30 11:20:03.884  2358  2623 D RcfController: Rcf proxy is not connected!
12-30 11:20:03.894   360   931 D EvsDriver: forwardFrame
12-30 11:20:03.894   360   931 D EvsDriver: forwardFrameDirect
12-30 11:20:03.894   360   931 D EvsDriver: Delivered 0xb400e2ca9e40e110 as id 0
12-30 11:20:03.894   359  2784 D evsmanagerd: /dev/video-evs0 forwarded the buffer #0 to 0xb400f125d2b26dd0 from 0xb400f125e2b20710
12-30 11:20:03.904   360   458 D EvsDriver: doneWithFrame
12-30 11:20:03.913   596  3076 E WifiHAL : Invalid data received from driver
12-30 11:20:03.913   596  3076 E WifiHAL : Invalid data received from driver
12-30 11:20:03.913   596  3076 E WifiHAL : Invalid data received from driver
12-30 11:20:03.913   596  3076 E WifiHAL : Invalid data received from driver
12-30 11:20:03.913   596  3076 E WifiHAL : Invalid data received from driver
12-30 11:20:03.914   596  3076 E WifiHAL : Invalid data received from driver
12-30 11:20:03.914   596  3076 E WifiHAL : Invalid data received from driver
12-30 11:20:03.914   596  3076 E WifiHAL : Invalid data received from driver
12-30 11:20:03.927   360   931 D EvsDriver: forwardFrame
12-30 11:20:03.927   360   931 D EvsDriver: forwardFrameDirect
12-30 11:20:03.928   360   931 D EvsDriver: Delivered 0xb400e2ca9e40c7a0 as id 1
12-30 11:20:03.928   359  2784 D evsmanagerd: /dev/video-evs0 forwarded the buffer #1 to 0xb400f125d2b26dd0 from 0xb400f125e2b20710
12-30 11:20:03.934   360   458 D EvsDriver: doneWithFrame
12-30 11:20:03.935  2358  2623 D RcfController: Rcf proxy is not connected!
12-30 11:20:03.961   360   931 D EvsDriver: forwardFrame
12-30 11:20:03.961   360   931 D EvsDriver: forwardFrameDirect
12-30 11:20:03.961   360   931 D EvsDriver: Delivered 0xb400e2ca9e40e270 as id 0
12-30 11:20:03.961   359  2784 D evsmanagerd: /dev/video-evs0 forwarded the buffer #0 to 0xb400f125d2b26dd0 from 0xb400f125e2b20710
12-30 11:20:03.964   360   458 D EvsDriver: doneWithFrame
12-30 11:20:03.977 16330 16330 I ADAYO_LOG_TRACE_RESOURCE: execute interrupt
12-30 11:20:03.985  2358  2623 D RcfController: Rcf proxy is not connected!
12-30 11:20:03.990  1667  2407 I media_message_log->MediaMessageProxy: (SourceFile:1)b connectToService action bind
12-30 11:20:03.990   916  5915 W ActivityManager: Unable to start service Intent { cmp=com.adayo.server.mediamessagetransfer/.MediaMessTransferService (has extras) } U=0: not found
12-30 11:20:03.991  1667  2407 E media_message_log->MediaMessageProxy: (SourceFile:7)a bindServiceAsUser isBound = false
12-30 11:20:03.994   360   931 D EvsDriver: forwardFrame
12-30 11:20:03.994   360   931 D EvsDriver: forwardFrameDirect
12-30 11:20:03.994   360   931 D EvsDriver: Delivered 0xb400e2ca9e40d4b0 as id 1
12-30 11:20:03.994   359  2784 D evsmanagerd: /dev/video-evs0 forwarded the buffer #1 to 0xb400f125d2b26dd0 from 0xb400f125e2b20710
12-30 11:20:03.995   360   458 D EvsDriver: doneWithFrame
12-30 11:20:03.999 16331 16331 I ADAYO_LOG_TRACE_RESOURCE: execute end
01-01 10:42:21.013     1     1 I init    : Sending signal 9 to service 'trace_resource' (pid 16310) process group...
01-01 10:42:21.013     1     1 E init    : process with updatable components 'trace_resource' exited 4 times in 4 minutes
12-30 11:20:04.011   596  3076 E WifiHAL : Invalid data received from driver
12-30 11:20:04.027   360   931 D EvsDriver: forwardFrame
12-30 11:20:04.027   360   931 D EvsDriver: forwardFrameDirect
12-30 11:20:04.027   360   931 D EvsDriver: Delivered 0xb400e2ca9e40c2d0 as id 0
12-30 11:20:04.028   359  2784 D evsmanagerd: /dev/video-evs0 forwarded the buffer #0 to 0xb400f125d2b26dd0 from 0xb400f125e2b20710
12-30 11:20:04.035  2358  2623 D RcfController: Rcf proxy is not connected!
12-30 11:20:04.035   360   458 D EvsDriver: doneWithFrame
12-30 11:20:04.051 16332 16332 I flags_health_check: ServerConfigurableFlagsReset reset_mode value: 1
12-30 11:20:04.051 16332 16332 I flags_health_check: ServerConfigurableFlagsReset updatable crashing detected, resetting flags.
12-30 11:20:04.061   360   931 D EvsDriver: forwardFrame
12-30 11:20:04.061   360   931 D EvsDriver: forwardFrameDirect
12-30 11:20:04.061   360   931 D EvsDriver: Delivered 0xb400e2ca9e40d090 as id 1
12-30 11:20:04.061   359  2784 D evsmanagerd: /dev/video-evs0 forwarded the buffer #1 to 0xb400f125d2b26dd0 from 0xb400f125e2b20710
12-30 11:20:04.061   596  3076 E WifiHAL : Invalid data received from driver
12-30 11:20:04.065   360   458 D EvsDriver: doneWithFrame
12-30 11:20:04.085  2358  2623 D RcfController: Rcf proxy is not connected!
12-30 11:20:04.094   360   931 D EvsDriver: forwardFrame
12-30 11:20:04.094   360   931 D EvsDriver: forwardFrameDirect
12-30 11:20:04.094   360   931 D EvsDriver: Delivered 0xb400e2ca9e40e110 as id 0
12-30 11:20:04.094   359  2784 D evsmanagerd: /dev/video-evs0 forwarded the buffer #0 to 0xb400f125d2b26dd0 from 0xb400f125e2b20710
12-30 11:20:04.096   360   458 D EvsDriver: doneWithFrame
12-30 11:20:04.127   360   931 D EvsDriver: forwardFrame
12-30 11:20:04.127   360   931 D EvsDriver: forwardFrameDirect
12-30 11:20:04.128   360   931 D EvsDriver: Delivered 0xb400e2ca9e40c7a0 as id 1
12-30 11:20:04.128   359  2784 D evsmanagerd: /dev/video-evs0 forwarded the buffer #1 to 0xb400f125d2b26dd0 from 0xb400f125e2b20710
12-30 11:20:04.136   596  3076 E WifiHAL : Invalid data received from driver
12-30 11:20:04.136  2358  2623 D RcfController: Rcf proxy is not connected!
12-30 11:20:04.136   360   458 D EvsDriver: doneWithFrame
12-30 11:20:04.161   360   931 D EvsDriver: forwardFrame
12-30 11:20:04.161   360   931 D EvsDriver: forwardFrameDirect
12-30 11:20:04.161   360   931 D EvsDriver: Delivered 0xb400e2ca9e40e270 as id 0
12-30 11:20:04.161   359  2784 D evsmanagerd: /dev/video-evs0 forwarded the buffer #0 to 0xb400f125d2b26dd0 from 0xb400f125e2b20710
12-30 11:20:04.167   360   458 D EvsDriver: doneWithFrame
12-30 11:20:04.186  2358  2623 D RcfController: Rcf proxy is not connected!
12-30 11:20:04.194   360   931 D EvsDriver: forwardFrame
12-30 11:20:04.194   360   931 D EvsDriver: forwardFrameDirect
12-30 11:20:04.194   360   931 D EvsDriver: Delivered 0xb400e2ca9e40d4b0 as id 1
12-30 11:20:04.195   359  2784 D evsmanagerd: /dev/video-evs0 forwarded the buffer #1 to 0xb400f125d2b26dd0 from 0xb400f125e2b20710
12-30 11:20:04.197   360   458 D EvsDriver: doneWithFrame
12-30 11:20:04.209   596  3076 E WifiHAL : Invalid data received from driver
12-30 11:20:04.227   360   931 D EvsDriver: forwardFrame
12-30 11:20:04.227   360   931 D EvsDriver: forwardFrameDirect
12-30 11:20:04.228   360   931 D EvsDriver: Delivered 0xb400e2ca9e40c2d0 as id 0
12-30 11:20:04.228   359  2784 D evsmanagerd: /dev/video-evs0 forwarded the buffer #0 to 0xb400f125d2b26dd0 from 0xb400f125e2b20710
12-30 11:20:04.236  2358  2623 D RcfController: Rcf proxy is not connected!
12-30 11:20:04.238   360   458 D EvsDriver: doneWithFrame
12-30 11:20:04.261   360   931 D EvsDriver: forwardFrame
12-30 11:20:04.261   360   931 D EvsDriver: forwardFrameDirect
12-30 11:20:04.261   360   931 D EvsDriver: Delivered 0xb400e2ca9e40d090 as id 1
12-30 11:20:04.261   359  2784 D evsmanagerd: /dev/video-evs0 forwarded the buffer #1 to 0xb400f125d2b26dd0 from 0xb400f125e2b20710
12-30 11:20:04.263   650   729 D fgemcucomm: sd Uart data : 6AA6022FE30002920256
12-30 11:20:04.264   650   729 D fgemcucomm: rev uart=80450,len=15, data : 6AA6812FE300079202062141450223
12-30 11:20:04.264   398   882 D adayocomadapter-ParseProtocolFunc: printRaWMsg Name[MCUToUPstream recv] len[7] data[92020621414502]
12-30 11:20:04.264   398   882 D adayocomadapter-CommunicationManager: onUpstreamback   member[6] dataLength[4] timePoint[9740086]
12-30 11:20:04.264   398   882 D adayocomadapter-ParseProtocolFunc: printRaWMsg Name[onUpstreamback] len[4] data[21414502]
12-30 11:20:04.264   398   464 D adayocomadapter-UpstreamHandler: processBeforePacket upSreamtProcessTimePoint[9740086] 
12-30 11:20:04.265   398   464 D adayocomadapter-ParseProtocolFunc: parseGeneralIPCLBytes Processing tablename[Table-3] tableSize[0]
12-30 11:20:04.265   398   464 D adayocomadapter-ParseProtocolFunc: printRaWMsg Name[byteStream recv] len[4] data[21414502]
12-30 11:20:04.265   596  3076 E WifiHAL : Invalid data received from driver
12-30 11:20:04.268   360   458 D EvsDriver: doneWithFrame
12-30 11:20:04.275   398   464 D adayocomadapter-ParseProtocolFunc: printRaWMsg Name[IPCLtoVHAL] len[8520] data[214145020121414502000000000000000000000000014000000000E2E9000000000000000000000000000000000000000000000000010101000000FF29000000000000000010B172CE6DFB00B400A273CE6DFB00B401600000000026C3000000000000000021402237000000000000000000000000017000000000E9D800000000000000002140223C000000000000000000000000017000000000BF5F000000000000000021402042000000000000000000000000010101000000B947000000000000000050F172CE6DFB00B4701173CE6DFB00B4016000000000EF37000000000000000021402253000000000000000000000000014100000000F0B00000000000000000000000000000000000000000000000000160000000008BCD00000000000000002140225400000000000000000000000001010100000070B30000000000000000000000000000000090B4712E6DFB00B401700000000069130000000000000000214020850000000000000000000000000101010000006F0B0000000000000000000000000000000020B5712E6DFB00B4016000000000F08F000000000000000021402228000000000000000000000000016000000000C2F200000000000000002140217A000000000000000000000000014000000000BB3F0000000000000000000000000
12-30 11:20:04.275  1667  2410 I media_message_log->MediaMessageUserProxy: (SourceFile:1)b connectToService action bind
12-30 11:20:04.276   398   464 D adayocomadapter-CommunicationManager: onUpstreamReceive mPropertyId 0x21414502
12-30 11:20:04.276   398   464 D adayocomadapter-CommunicationManager: writeValue id=[557925634]
12-30 11:20:04.276   398   464 D adayocomadapter-VehiclePropertyStore: writeValue id=[557925634]
12-30 11:20:04.277   916  5915 W ActivityManager: Unable to start service Intent { cmp=com.adayo.server.mediamessagetransfer/.MediaMessTransferService (has extras) } U=0: not found
12-30 11:20:04.277  1667  2410 E media_message_log->MediaMessageUserProxy: (SourceFile:7)a bindServiceAsUser isBound = false
12-30 11:20:04.287  2358  2623 D RcfController: Rcf proxy is not connected!
12-30 11:20:04.294   360   931 D EvsDriver: forwardFrame
12-30 11:20:04.294   360   931 D EvsDriver: forwardFrameDirect
12-30 11:20:04.294   360   931 D EvsDriver: Delivered 0xb400e2ca9e40e110 as id 0
12-30 11:20:04.294   359  2784 D evsmanagerd: /dev/video-evs0 forwarded the buffer #0 to 0xb400f125d2b26dd0 from 0xb400f125e2b20710
12-30 11:20:04.298   360   458 D EvsDriver: doneWithFrame
12-30 11:20:04.303   398   464 I vw-vhal : notifyVehicleProperty, propId = 0x21414502, data = {status: 2, int32Values: [33, 65, 69, 2, 0, 0, 0, 0, 0, 0, 0, 0, 0, 0, 0, 0, 1, 64, 0, 0, 0, 0, 226, 233, 0, 0, 0, 0, 0, 0, 0, 0, 0, 0, 0, 0, 0, 0, 0, 0, 0, 0, 0, 0, 0, 0, 0, 0, 1, 1, 1, 0, 0, 0, 255, 41, 0, 0, 0, 0, 0, 0, 0, 0, 16, 177, 114, 206, 109, 251, 0, 180, 0, 162, 115, 206, 109, 251, 0, 180, 1, 96, 0, 0, 0, 0, 38, 195, 0, 0, 0, 0, 0, 0, 0, 0, 33, 64, 34, 55, 0, 0, 0, 0, 0, 0, 0, 0, 0, 0, 0, 0, 1, 112, 0, 0, 0, 0, 233, 216, 0, 0, 0, 0, 0, 0, 0, 0, 33, 64, 34, 60, 0, 0, 0, 0, 0, 0, 0, 0, 0, 0, 0, 0, 1, 112, 0, 0, 0, 0, 191, 95, 0, 0, 0, 0, 0, 0, 0, 0, 33, 64, 32, 66, 0, 0, 0, 0, 0, 0, 0, 0, 0, 0, 0, 0, 1, 1, 1, 0, 0, 0, 185, 71, 0, 0, 0, 0, 0, 0, 0, 0, 80, 241, 114, 206, 109, 251, 0, 180, 112, 17, 115, 206, 109, 251, 0, 180, 1, 96, 0, 0, 0, 0, 239, 55, 0, 0, 0, 0, 0, 0, 0, 0, 33, 64, 34, 83, 0, 0, 0, 0, 0, 0, 0, 0, 0, 0, 0, 0, 1, 65, 0, 0, 0, 0, 240, 176, 0, 0, 0, 0, 0, 0, 0, 0, 0, 0, 0, 0, 0, 0, 0, 0, 0, 0, 0, 0, 0, 0, 0, 0, 1, 96, 0, 0, 0, 0, 139, 2
12-30 11:20:04.314  1582  3078 I c       : checkService in back thread add: adayo.upgrade.v2.0
12-30 11:20:04.315  1582  3078 E upgradeApp_251223_V1  l: d(null:11)pre->c(null:23)-> serviceBinder is null
12-30 11:20:04.315  1582  3078 W c       : doBindService in back thread fail: adayo.upgrade.v2.0
12-30 11:20:04.327   360   931 D EvsDriver: forwardFrame
12-30 11:20:04.327   360   931 D EvsDriver: forwardFrameDirect
12-30 11:20:04.328   360   931 D EvsDriver: Delivered 0xb400e2ca9e40c7a0 as id 1
12-30 11:20:04.328  1667  2513 W ContextImpl: Calling a method in the system process without a qualified user: android.app.ContextImpl.bindService:1988 android.content.ContextWrapper.bindService:861 com.ford.sync.fnvservice.analytics.AnalyticsManager$RetryHandler.a:126 com.ford.sync.fnvservice.analytics.AnalyticsManager$RetryHandler.handleMessage:103 android.os.Handler.dispatchMessage:106 
12-30 11:20:04.328   359  2784 D evsmanagerd: /dev/video-evs0 forwarded the buffer #1 to 0xb400f125d2b26dd0 from 0xb400f125e2b20710
12-30 11:20:04.328   398   464 I vw-vhal : CanSignalsAdapter::notifyDiagProperty: propId = 0x21414502, data = {status: 2, int32Values: [33, 65, 69, 2, 0, 0, 0, 0, 0, 0, 0, 0, 0, 0, 0, 0, 1, 64, 0, 0, 0, 0, 226, 233, 0, 0, 0, 0, 0, 0, 0, 0, 0, 0, 0, 0, 0, 0, 0, 0, 0, 0, 0, 0, 0, 0, 0, 0, 1, 1, 1, 0, 0, 0, 255, 41, 0, 0, 0, 0, 0, 0, 0, 0, 16, 177, 114, 206, 109, 251, 0, 180, 0, 162, 115, 206, 109, 251, 0, 180, 1, 96, 0, 0, 0, 0, 38, 195, 0, 0, 0, 0, 0, 0, 0, 0, 33, 64, 34, 55, 0, 0, 0, 0, 0, 0, 0, 0, 0, 0, 0, 0, 1, 112, 0, 0, 0, 0, 233, 216, 0, 0, 0, 0, 0, 0, 0, 0, 33, 64, 34, 60, 0, 0, 0, 0, 0, 0, 0, 0, 0, 0, 0, 0, 1, 112, 0, 0, 0, 0, 191, 95, 0, 0, 0, 0, 0, 0, 0, 0, 33, 64, 32, 66, 0, 0, 0, 0, 0, 0, 0, 0, 0, 0, 0, 0, 1, 1, 1, 0, 0, 0, 185, 71, 0, 0, 0, 0, 0, 0, 0, 0, 80, 241, 114, 206, 109, 251, 0, 180, 112, 17, 115, 206, 109, 251, 0, 180, 1, 96, 0, 0, 0, 0, 239, 55, 0, 0, 0, 0, 0, 0, 0, 0, 33, 64, 34, 83, 0, 0, 0, 0, 0, 0, 0, 0, 0, 0, 0, 0, 1, 65, 0, 0, 0, 0, 240, 176, 0, 0, 0, 0, 0, 0, 0, 0, 0, 0, 0, 0, 0, 0, 0, 0, 0, 0, 0, 0, 0, 0, 0, 0, 1, 96, 0,
12-30 11:20:04.328   916  5915 W ActivityManager: Unable to start service Intent { cmp=com.ford.sync.fnvservice/.analytics.AnalyticsService } U=0: not found
12-30 11:20:04.329   360   458 D EvsDriver: doneWithFrame
12-30 11:20:04.329  1667  2513 W AnalyticsManager:  bind ford Analytics failed -> sendRetryMessage 
12-30 11:20:04.333   596  3076 E WifiHAL : Invalid data received from driver
12-30 11:20:04.335   398   464 I vw-vhal : CanSignalsAdapter::notifyVehicleProperty: solvedValue = {.timestamp = 9740150289159, .areaId = 0, .prop = 557925634, .status = AVAILABLE, .value = {.int32Values = [8515]{33, 65, 69, 2, 0, 0, 0, 0, 0, 0, 0, 0, 0, 0, 0, 0, 1, 64, 0, 0, 0, 0, 226, 233, 0, 0, 0, 0, 0, 0, 0, 0, 0, 0, 0, 0, 0, 0, 0, 0, 0, 0, 0, 0, 0, 0, 0, 0, 1, 1, 1, 0, 0, 0, 255, 41, 0, 0, 0, 0, 0, 0, 0, 0, 16, 177, 114, 206, 109, 251, 0, 180, 0, 162, 115, 206, 109, 251, 0, 180, 1, 96, 0, 0, 0, 0, 38, 195, 0, 0, 0, 0, 0, 0, 0, 0, 33, 64, 34, 55, 0, 0, 0, 0, 0, 0, 0, 0, 0, 0, 0, 0, 1, 112, 0, 0, 0, 0, 233, 216, 0, 0, 0, 0, 0, 0, 0, 0, 33, 64, 34, 60, 0, 0, 0, 0, 0, 0, 0, 0, 0, 0, 0, 0, 1, 112, 0, 0, 0, 0, 191, 95, 0, 0, 0, 0, 0, 0, 0, 0, 33, 64, 32, 66, 0, 0, 0, 0, 0, 0, 0, 0, 0, 0, 0, 0, 1, 1, 1, 0, 0, 0, 185, 71, 0, 0, 0, 0, 0, 0, 0, 0, 80, 241, 114, 206, 109, 251, 0, 180, 112, 17, 115, 206, 109, 251, 0, 180, 1, 96, 0, 0, 0, 0, 239, 55, 0, 0, 0, 0, 0, 0, 0, 0, 33, 64, 34, 83, 0, 0, 0, 0, 0, 0, 0, 0, 0, 0, 0, 0, 1, 65, 0, 0, 0, 0, 240, 176, 0, 0
12-30 11:20:04.337  2358  2623 D RcfController: Rcf proxy is not connected!
12-30 11:20:04.342   398   464 I VehiclePropertyStore: begin to write value to Store: {.timestamp = 9740150289159, .areaId = 0, .prop = 557925634, .status = AVAILABLE, .value = {.int32Values = [8515]{33, 65, 69, 2, 0, 0, 0, 0, 0, 0, 0, 0, 0, 0, 0, 0, 1, 64, 0, 0, 0, 0, 226, 233, 0, 0, 0, 0, 0, 0, 0, 0, 0, 0, 0, 0, 0, 0, 0, 0, 0, 0, 0, 0, 0, 0, 0, 0, 1, 1, 1, 0, 0, 0, 255, 41, 0, 0, 0, 0, 0, 0, 0, 0, 16, 177, 114, 206, 109, 251, 0, 180, 0, 162, 115, 206, 109, 251, 0, 180, 1, 96, 0, 0, 0, 0, 38, 195, 0, 0, 0, 0, 0, 0, 0, 0, 33, 64, 34, 55, 0, 0, 0, 0, 0, 0, 0, 0, 0, 0, 0, 0, 1, 112, 0, 0, 0, 0, 233, 216, 0, 0, 0, 0, 0, 0, 0, 0, 33, 64, 34, 60, 0, 0, 0, 0, 0, 0, 0, 0, 0, 0, 0, 0, 1, 112, 0, 0, 0, 0, 191, 95, 0, 0, 0, 0, 0, 0, 0, 0, 33, 64, 32, 66, 0, 0, 0, 0, 0, 0, 0, 0, 0, 0, 0, 0, 1, 1, 1, 0, 0, 0, 185, 71, 0, 0, 0, 0, 0, 0, 0, 0, 80, 241, 114, 206, 109, 251, 0, 180, 112, 17, 115, 206, 109, 251, 0, 180, 1, 96, 0, 0, 0, 0, 239, 55, 0, 0, 0, 0, 0, 0, 0, 0, 33, 64, 34, 83, 0, 0, 0, 0, 0, 0, 0, 0, 0, 0, 0, 0, 1, 65, 0, 0, 0, 0, 240, 176, 0, 0, 0, 0, 0, 0, 0, 0, 0, 0,
12-30 11:20:04.349   398   464 I VehiclePropertyStore: Prop wirte value to Store success: {.timestamp = 9740150289159, .areaId = 0, .prop = 557925634, .status = AVAILABLE, .value = {.int32Values = [8515]{33, 65, 69, 2, 0, 0, 0, 0, 0, 0, 0, 0, 0, 0, 0, 0, 1, 64, 0, 0, 0, 0, 226, 233, 0, 0, 0, 0, 0, 0, 0, 0, 0, 0, 0, 0, 0, 0, 0, 0, 0, 0, 0, 0, 0, 0, 0, 0, 1, 1, 1, 0, 0, 0, 255, 41, 0, 0, 0, 0, 0, 0, 0, 0, 16, 177, 114, 206, 109, 251, 0, 180, 0, 162, 115, 206, 109, 251, 0, 180, 1, 96, 0, 0, 0, 0, 38, 195, 0, 0, 0, 0, 0, 0, 0, 0, 33, 64, 34, 55, 0, 0, 0, 0, 0, 0, 0, 0, 0, 0, 0, 0, 1, 112, 0, 0, 0, 0, 233, 216, 0, 0, 0, 0, 0, 0, 0, 0, 33, 64, 34, 60, 0, 0, 0, 0, 0, 0, 0, 0, 0, 0, 0, 0, 1, 112, 0, 0, 0, 0, 191, 95, 0, 0, 0, 0, 0, 0, 0, 0, 33, 64, 32, 66, 0, 0, 0, 0, 0, 0, 0, 0, 0, 0, 0, 0, 1, 1, 1, 0, 0, 0, 185, 71, 0, 0, 0, 0, 0, 0, 0, 0, 80, 241, 114, 206, 109, 251, 0, 180, 112, 17, 115, 206, 109, 251, 0, 180, 1, 96, 0, 0, 0, 0, 239, 55, 0, 0, 0, 0, 0, 0, 0, 0, 33, 64, 34, 83, 0, 0, 0, 0, 0, 0, 0, 0, 0, 0, 0, 0, 1, 65, 0, 0, 0, 0, 240, 176, 0, 0, 0, 0, 0, 0, 0, 0, 0
12-30 11:20:04.356   398   464 I DefaultVehicleHal_v2_0: DefaultVehicleHal::onPropertyValue, value:{.timestamp = 9740150289159, .areaId = 0, .prop = 557925634, .status = AVAILABLE, .value = {.int32Values = [8515]{33, 65, 69, 2, 0, 0, 0, 0, 0, 0, 0, 0, 0, 0, 0, 0, 1, 64, 0, 0, 0, 0, 226, 233, 0, 0, 0, 0, 0, 0, 0, 0, 0, 0, 0, 0, 0, 0, 0, 0, 0, 0, 0, 0, 0, 0, 0, 0, 1, 1, 1, 0, 0, 0, 255, 41, 0, 0, 0, 0, 0, 0, 0, 0, 16, 177, 114, 206, 109, 251, 0, 180, 0, 162, 115, 206, 109, 251, 0, 180, 1, 96, 0, 0, 0, 0, 38, 195, 0, 0, 0, 0, 0, 0, 0, 0, 33, 64, 34, 55, 0, 0, 0, 0, 0, 0, 0, 0, 0, 0, 0, 0, 1, 112, 0, 0, 0, 0, 233, 216, 0, 0, 0, 0, 0, 0, 0, 0, 33, 64, 34, 60, 0, 0, 0, 0, 0, 0, 0, 0, 0, 0, 0, 0, 1, 112, 0, 0, 0, 0, 191, 95, 0, 0, 0, 0, 0, 0, 0, 0, 33, 64, 32, 66, 0, 0, 0, 0, 0, 0, 0, 0, 0, 0, 0, 0, 1, 1, 1, 0, 0, 0, 185, 71, 0, 0, 0, 0, 0, 0, 0, 0, 80, 241, 114, 206, 109, 251, 0, 180, 112, 17, 115, 206, 109, 251, 0, 180, 1, 96, 0, 0, 0, 0, 239, 55, 0, 0, 0, 0, 0, 0, 0, 0, 33, 64, 34, 83, 0, 0, 0, 0, 0, 0, 0, 0, 0, 0, 0, 0, 1, 65, 0, 0, 0, 0, 240, 176, 0, 0, 0, 0, 0, 0, 
12-30 11:20:04.356   398   464 D DiagPropHandler: is not DiagnosticConfig: 0x21414502
12-30 11:20:04.361   360   931 D EvsDriver: forwardFrame
12-30 11:20:04.361   360   931 D EvsDriver: forwardFrameDirect
12-30 11:20:04.361   360   931 D EvsDriver: Delivered 0xb400e2ca9e40e270 as id 0
12-30 11:20:04.361   359  2784 D evsmanagerd: /dev/video-evs0 forwarded the buffer #0 to 0xb400f125d2b26dd0 from 0xb400f125e2b20710
12-30 11:20:04.364   398   464 I VehiclePropertyStore: begin to write value to Store: {.timestamp = 9740150289159, .areaId = 0, .prop = 557925634, .status = AVAILABLE, .value = {.int32Values = [8515]{33, 65, 69, 2, 0, 0, 0, 0, 0, 0, 0, 0, 0, 0, 0, 0, 1, 64, 0, 0, 0, 0, 226, 233, 0, 0, 0, 0, 0, 0, 0, 0, 0, 0, 0, 0, 0, 0, 0, 0, 0, 0, 0, 0, 0, 0, 0, 0, 1, 1, 1, 0, 0, 0, 255, 41, 0, 0, 0, 0, 0, 0, 0, 0, 16, 177, 114, 206, 109, 251, 0, 180, 0, 162, 115, 206, 109, 251, 0, 180, 1, 96, 0, 0, 0, 0, 38, 195, 0, 0, 0, 0, 0, 0, 0, 0, 33, 64, 34, 55, 0, 0, 0, 0, 0, 0, 0, 0, 0, 0, 0, 0, 1, 112, 0, 0, 0, 0, 233, 216, 0, 0, 0, 0, 0, 0, 0, 0, 33, 64, 34, 60, 0, 0, 0, 0, 0, 0, 0, 0, 0, 0, 0, 0, 1, 112, 0, 0, 0, 0, 191, 95, 0, 0, 0, 0, 0, 0, 0, 0, 33, 64, 32, 66, 0, 0, 0, 0, 0, 0, 0, 0, 0, 0, 0, 0, 1, 1, 1, 0, 0, 0, 185, 71, 0, 0, 0, 0, 0, 0, 0, 0, 80, 241, 114, 206, 109, 251, 0, 180, 112, 17, 115, 206, 109, 251, 0, 180, 1, 96, 0, 0, 0, 0, 239, 55, 0, 0, 0, 0, 0, 0, 0, 0, 33, 64, 34, 83, 0, 0, 0, 0, 0, 0, 0, 0, 0, 0, 0, 0, 1, 65, 0, 0, 0, 0, 240, 176, 0, 0, 0, 0, 0, 0, 0, 0, 0, 0,
12-30 11:20:04.369   360   458 D EvsDriver: doneWithFrame
12-30 11:20:04.371   398   464 I VehiclePropertyStore: Prop wirte value to Store success: {.timestamp = 9740150289159, .areaId = 0, .prop = 557925634, .status = AVAILABLE, .value = {.int32Values = [8515]{33, 65, 69, 2, 0, 0, 0, 0, 0, 0, 0, 0, 0, 0, 0, 0, 1, 64, 0, 0, 0, 0, 226, 233, 0, 0, 0, 0, 0, 0, 0, 0, 0, 0, 0, 0, 0, 0, 0, 0, 0, 0, 0, 0, 0, 0, 0, 0, 1, 1, 1, 0, 0, 0, 255, 41, 0, 0, 0, 0, 0, 0, 0, 0, 16, 177, 114, 206, 109, 251, 0, 180, 0, 162, 115, 206, 109, 251, 0, 180, 1, 96, 0, 0, 0, 0, 38, 195, 0, 0, 0, 0, 0, 0, 0, 0, 33, 64, 34, 55, 0, 0, 0, 0, 0, 0, 0, 0, 0, 0, 0, 0, 1, 112, 0, 0, 0, 0, 233, 216, 0, 0, 0, 0, 0, 0, 0, 0, 33, 64, 34, 60, 0, 0, 0, 0, 0, 0, 0, 0, 0, 0, 0, 0, 1, 112, 0, 0, 0, 0, 191, 95, 0, 0, 0, 0, 0, 0, 0, 0, 33, 64, 32, 66, 0, 0, 0, 0, 0, 0, 0, 0, 0, 0, 0, 0, 1, 1, 1, 0, 0, 0, 185, 71, 0, 0, 0, 0, 0, 0, 0, 0, 80, 241, 114, 206, 109, 251, 0, 180, 112, 17, 115, 206, 109, 251, 0, 180, 1, 96, 0, 0, 0, 0, 239, 55, 0, 0, 0, 0, 0, 0, 0, 0, 33, 64, 34, 83, 0, 0, 0, 0, 0, 0, 0, 0, 0, 0, 0, 0, 1, 65, 0, 0, 0, 0, 240, 176, 0, 0, 0, 0, 0, 0, 0, 0, 0
12-30 11:20:04.371   398   464 D adayocomadapter-CommunicationManager: onUpstreamReceive mPropertyId 0x21414502
12-30 11:20:04.387  2358  2623 D RcfController: Rcf proxy is not connected!
12-30 11:20:04.394   360   931 D EvsDriver: forwardFrame
12-30 11:20:04.394   360   931 D EvsDriver: forwardFrameDirect
12-30 11:20:04.394   360   931 D EvsDriver: Delivered 0xb400e2ca9e40d4b0 as id 1
12-30 11:20:04.394   359  2784 D evsmanagerd: /dev/video-evs0 forwarded the buffer #1 to 0xb400f125d2b26dd0 from 0xb400f125e2b20710
12-30 11:20:04.399   360   458 D EvsDriver: doneWithFrame
12-30 11:20:04.423   596  3076 E WifiHAL : Invalid data received from driver
12-30 11:20:04.427   360   931 D EvsDriver: forwardFrame
12-30 11:20:04.427   360   931 D EvsDriver: forwardFrameDirect
12-30 11:20:04.427   360   931 D EvsDriver: Delivered 0xb400e2ca9e40c2d0 as id 0
12-30 11:20:04.428   359  2784 D evsmanagerd: /dev/video-evs0 forwarded the buffer #0 to 0xb400f125d2b26dd0 from 0xb400f125e2b20710
12-30 11:20:04.430   360   458 D EvsDriver: doneWithFrame
12-30 11:20:04.437  2358  2623 D RcfController: Rcf proxy is not connected!
12-30 11:20:04.450   650   730 D fgemcucomm: sd Uart data : 6AA6001D640002060176
12-30 11:20:04.461   360   931 D EvsDriver: forwardFrame
12-30 11:20:04.461   360   931 D EvsDriver: forwardFrameDirect
12-30 11:20:04.461   360   931 D EvsDriver: Delivered 0xb400e2ca9e40d090 as id 1
12-30 11:20:04.461   359  2784 D evsmanagerd: /dev/video-evs0 forwarded the buffer #1 to 0xb400f125d2b26dd0 from 0xb400f125e2b20710
12-30 11:20:04.470   360   458 D EvsDriver: doneWithFrame
12-30 11:20:04.482   596  3076 E WifiHAL : Invalid data received from driver
12-30 11:20:04.487  2358  2623 D RcfController: Rcf proxy is not connected!
12-30 11:20:04.494   360   931 D EvsDriver: forwardFrame
12-30 11:20:04.494   360   931 D EvsDriver: forwardFrameDirect
12-30 11:20:04.494   360   931 D EvsDriver: Delivered 0xb400e2ca9e40e110 as id 0
12-30 11:20:04.494   359  2784 D evsmanagerd: /dev/video-evs0 forwarded the buffer #0 to 0xb400f125d2b26dd0 from 0xb400f125e2b20710
12-30 11:20:04.500   360   458 D EvsDriver: doneWithFrame
12-30 11:20:04.510   657   908 D EvsApp  : state:255,subState:255,desiredState:0,subDesiredState:0
12-30 11:20:04.527   360   931 D EvsDriver: forwardFrame
12-30 11:20:04.527   360   931 D EvsDriver: forwardFrameDirect
12-30 11:20:04.528   360   931 D EvsDriver: Delivered 0xb400e2ca9e40c7a0 as id 1
12-30 11:20:04.528   359  2784 D evsmanagerd: /dev/video-evs0 forwarded the buffer #1 to 0xb400f125d2b26dd0 from 0xb400f125e2b20710
12-30 11:20:04.531   360   458 D EvsDriver: doneWithFrame
12-30 11:20:04.538   596  3076 E WifiHAL : Invalid data received from driver
12-30 11:20:04.538  2358  2623 D RcfController: Rcf proxy is not connected!
12-30 11:20:04.561   360   931 D EvsDriver: forwardFrame
12-30 11:20:04.561   360   931 D EvsDriver: forwardFrameDirect
12-30 11:20:04.561   360   931 D EvsDriver: Delivered 0xb400e2ca9e40e270 as id 0
12-30 11:20:04.561   359  2784 D evsmanagerd: /dev/video-evs0 forwarded the buffer #0 to 0xb400f125d2b26dd0 from 0xb400f125e2b20710
12-30 11:20:04.571   360   458 D EvsDriver: doneWithFrame
12-30 11:20:04.573   650   729 D fgemcucomm: sd Uart data : 6AA6022FE40002920255
12-30 11:20:04.573   650   729 D fgemcucomm: rev uart=80451,len=14, data : 6AA6812FE400069202000B0000C7
12-30 11:20:04.574   398   882 D adayocomadapter-ParseProtocolFunc: printRaWMsg Name[MCUToUPstream recv] len[6] data[9202000B0000]
12-30 11:20:04.574   398   882 D adayocomadapter-CommunicationManager: onUpstreamback   member[0] dataLength[3] timePoint[9740395]
12-30 11:20:04.574   398   882 D adayocomadapter-ParseProtocolFunc: printRaWMsg Name[onUpstreamback] len[3] data[0B0000]
12-30 11:20:04.574   398   464 D adayocomadapter-UpstreamHandler: processBeforePacket upSreamtProcessTimePoint[9740396] 
12-30 11:20:04.574   398   464 D adayocomadapter-UpstreamHandler: processPacket UPSTREAM_QUEUE_DATA_TIMEOUT
12-30 11:20:04.574   398   464 D adayocomadapter-ParseProtocolFunc: parseCommonIPCLBytes Processing tableNumber[11]
12-30 11:20:04.574   398   464 D adayocomadapter-ParseProtocolFunc: parseCommonIPCLBytes Processing tablename[Table-11] tableSize[3]
12-30 11:20:04.574   398   464 D adayocomadapter-ParseProtocolFunc: printRaWMsg Name[byteStream recv] len[3] data[0B0000]
12-30 11:20:04.574   398   464 D adayocomadapter-ParseProtocolFunc: printRaWMsg Name[IPCLtoVHAL] len[7] data[2140200B000000]
12-30 11:20:04.574   398   464 D adayocomadapter-CommunicationManager: onUpstreamReceive mPropertyId 0x2140200b
12-30 11:20:04.574   398   464 D adayocomadapter-CommunicationManager: convertBytesToInt32Memcpy  0
12-30 11:20:04.574   398   464 I vw-vhal : notifyVehicleProperty, propId = 0x2140200b, data = {status: 2, int32Values: [0]}
12-30 11:20:04.575   398   464 I vw-vhal : CanSignalsAdapter::notifyVehicleProperty: solvedValue = {.timestamp = 9740396882159, .areaId = 0, .prop = 557850635, .status = AVAILABLE, .value = {.int32Values = [1]{0}, .floatValues = [0]{}, .int64Values = [0]{}, .bytes = [0]{}, .stringValue = ""}}
12-30 11:20:04.575   398   464 I VehiclePropertyStore: begin to write value to Store: {.timestamp = 9740396882159, .areaId = 0, .prop = 557850635, .status = AVAILABLE, .value = {.int32Values = [1]{0}, .floatValues = [0]{}, .int64Values = [0]{}, .bytes = [0]{}, .stringValue = ""}}
12-30 11:20:04.575   398   464 I DefaultVehicleHal_v2_0: DefaultVehicleHal::onPropertyValue, value:{.timestamp = 9740396882159, .areaId = 0, .prop = 557850635, .status = AVAILABLE, .value = {.int32Values = [1]{0}, .floatValues = [0]{}, .int64Values = [0]{}, .bytes = [0]{}, .stringValue = ""}}
