12-30 11:16:05.744   398   464 I VehiclePropertyStore: begin to write value to Store: {.timestamp = 9501565793464, .areaId = 0, .prop = 557851006, .status = AVAILABLE, .value = {.int32Values = [1]{0}, .floatValues = [0]{}, .int64Values = [0]{}, .bytes = [0]{}, .stringValue = ""}}
12-30 11:16:05.744   398   464 I DefaultVehicleHal_v2_0: DefaultVehicleHal::onPropertyValue, value:{.timestamp = 9501565793464, .areaId = 0, .prop = 557851006, .status = AVAILABLE, .value = {.int32Values = [1]{0}, .floatValues = [0]{}, .int64Values = [0]{}, .bytes = [0]{}, .stringValue = ""}}
12-30 11:16:05.744   398   464 D DiagPropHandler: is not DiagnosticConfig: 0x2140217e
12-30 11:16:05.744   398   464 I VehiclePropertyStore: begin to write value to Store: {.timestamp = 9501565793464, .areaId = 0, .prop = 557851006, .status = AVAILABLE, .value = {.int32Values = [1]{0}, .floatValues = [0]{}, .int64Values = [0]{}, .bytes = [0]{}, .stringValue = ""}}
12-30 11:16:05.744   398   464 D adayocomadapter-CommunicationManager: onUpstreamReceive mPropertyId 0x2140217e
12-30 11:16:05.744   398   464 D adayocomadapter-CommunicationManager: onUpstreamReceive mPropertyId 0x214020fe
12-30 11:16:05.744   398   464 D adayocomadapter-CommunicationManager: convertBytesToInt32Memcpy  0
12-30 11:16:05.744   398   464 I vw-vhal : notifyVehicleProperty, propId = 0x214020fe, data = {status: 2, int32Values: [0]}
12-30 11:16:05.744   398   464 I vw-vhal : CanSignalsAdapter::notifyVehicleProperty: solvedValue = {.timestamp = 9501566461130, .areaId = 0, .prop = 557850878, .status = AVAILABLE, .value = {.int32Values = [1]{0}, .floatValues = [0]{}, .int64Values = [0]{}, .bytes = [0]{}, .stringValue = ""}}
12-30 11:16:05.744   398   464 I VehiclePropertyStore: begin to write value to Store: {.timestamp = 9501566461130, .areaId = 0, .prop = 557850878, .status = AVAILABLE, .value = {.int32Values = [1]{0}, .floatValues = [0]{}, .int64Values = [0]{}, .bytes = [0]{}, .stringValue = ""}}
12-30 11:16:05.744   398   464 I DefaultVehicleHal_v2_0: DefaultVehicleHal::onPropertyValue, value:{.timestamp = 9501566461130, .areaId = 0, .prop = 557850878, .status = AVAILABLE, .value = {.int32Values = [1]{0}, .floatValues = [0]{}, .int64Values = [0]{}, .bytes = [0]{}, .stringValue = ""}}
12-30 11:16:05.744   398   464 D DiagPropHandler: is not DiagnosticConfig: 0x214020fe
12-30 11:16:05.744   398   464 I VehiclePropertyStore: begin to write value to Store: {.timestamp = 9501566461130, .areaId = 0, .prop = 557850878, .status = AVAILABLE, .value = {.int32Values = [1]{0}, .floatValues = [0]{}, .int64Values = [0]{}, .bytes = [0]{}, .stringValue = ""}}
12-30 11:16:05.745   398   464 D adayocomadapter-CommunicationManager: onUpstreamReceive mPropertyId 0x214020fe
12-30 11:16:05.745   398   464 D adayocomadapter-CommunicationManager: onUpstreamReceive mPropertyId 0x214020ff
12-30 11:16:05.745   398   464 D adayocomadapter-CommunicationManager: convertBytesToInt32Memcpy  0
12-30 11:16:05.745   398   464 I vw-vhal : notifyVehicleProperty, propId = 0x214020ff, data = {status: 2, int32Values: [0]}
12-30 11:16:05.745   398   464 I vw-vhal : CanSignalsAdapter::notifyVehicleProperty: solvedValue = {.timestamp = 9501567099797, .areaId = 0, .prop = 557850879, .status = AVAILABLE, .value = {.int32Values = [1]{0}, .floatValues = [0]{}, .int64Values = [0]{}, .bytes = [0]{}, .stringValue = ""}}
12-30 11:16:05.745   398   464 I VehiclePropertyStore: begin to write value to Store: {.timestamp = 9501567099797, .areaId = 0, .prop = 557850879, .status = AVAILABLE, .value = {.int32Values = [1]{0}, .floatValues = [0]{}, .int64Values = [0]{}, .bytes = [0]{}, .stringValue = ""}}
12-30 11:16:05.745   398   464 I DefaultVehicleHal_v2_0: DefaultVehicleHal::onPropertyValue, value:{.timestamp = 9501567099797, .areaId = 0, .prop = 557850879, .status = AVAILABLE, .value = {.int32Values = [1]{0}, .floatValues = [0]{}, .int64Values = [0]{}, .bytes = [0]{}, .stringValue = ""}}
12-30 11:16:05.745   398   464 D DiagPropHandler: is not DiagnosticConfig: 0x214020ff
12-30 11:16:05.745   398   464 I VehiclePropertyStore: begin to write value to Store: {.timestamp = 9501567099797, .areaId = 0, .prop = 557850879, .status = AVAILABLE, .value = {.int32Values = [1]{0}, .floatValues = [0]{}, .int64Values = [0]{}, .bytes = [0]{}, .stringValue = ""}}
12-30 11:16:05.745   398   464 D adayocomadapter-CommunicationManager: onUpstreamReceive mPropertyId 0x214020ff
12-30 11:16:05.745   398   464 D adayocomadapter-CommunicationManager: onUpstreamReceive mPropertyId 0x21402182
12-30 11:16:05.745   398   464 D adayocomadapter-CommunicationManager: convertBytesToInt32Memcpy  0
12-30 11:16:05.745   398   464 I vw-vhal : notifyVehicleProperty, propId = 0x21402182, data = {status: 2, int32Values: [0]}
12-30 11:16:05.745   398   464 I vw-vhal : CanSignalsAdapter::notifyVehicleProperty: solvedValue = {.timestamp = 9501567746130, .areaId = 0, .prop = 557851010, .status = AVAILABLE, .value = {.int32Values = [1]{0}, .floatValues = [0]{}, .int64Values = [0]{}, .bytes = [0]{}, .stringValue = ""}}
12-30 11:16:05.746   398   464 I VehiclePropertyStore: begin to write value to Store: {.timestamp = 9501567746130, .areaId = 0, .prop = 557851010, .status = AVAILABLE, .value = {.int32Values = [1]{0}, .floatValues = [0]{}, .int64Values = [0]{}, .bytes = [0]{}, .stringValue = ""}}
12-30 11:16:05.746   398   464 I DefaultVehicleHal_v2_0: DefaultVehicleHal::onPropertyValue, value:{.timestamp = 9501567746130, .areaId = 0, .prop = 557851010, .status = AVAILABLE, .value = {.int32Values = [1]{0}, .floatValues = [0]{}, .int64Values = [0]{}, .bytes = [0]{}, .stringValue = ""}}
12-30 11:16:05.746   398   464 D DiagPropHandler: is not DiagnosticConfig: 0x21402182
12-30 11:16:05.746   398   464 I VehiclePropertyStore: begin to write value to Store: {.timestamp = 9501567746130, .areaId = 0, .prop = 557851010, .status = AVAILABLE, .value = {.int32Values = [1]{0}, .floatValues = [0]{}, .int64Values = [0]{}, .bytes = [0]{}, .stringValue = ""}}
12-30 11:16:05.746   398   464 D adayocomadapter-CommunicationManager: onUpstreamReceive mPropertyId 0x21402182
12-30 11:16:05.746  2358  2623 D RcfController: Rcf proxy is not connected!
12-30 11:16:05.765   360   931 D EvsDriver: forwardFrame
12-30 11:16:05.765   360   931 D EvsDriver: forwardFrameDirect
12-30 11:16:05.765   360   931 D EvsDriver: Delivered 0xb400e2ca9e40e270 as id 0
12-30 11:16:05.765   359  2784 D evsmanagerd: /dev/video-evs0 forwarded the buffer #0 to 0xb400f125d2b26dd0 from 0xb400f125e2b20710
12-30 11:16:05.766  1667  2513 W ContextImpl: Calling a method in the system process without a qualified user: android.app.ContextImpl.bindService:1988 android.content.ContextWrapper.bindService:861 com.ford.sync.fnvservice.analytics.AnalyticsManager$RetryHandler.a:126 com.ford.sync.fnvservice.analytics.AnalyticsManager$RetryHandler.handleMessage:103 android.os.Handler.dispatchMessage:106 
12-30 11:16:05.767   916  1847 W ActivityManager: Unable to start service Intent { cmp=com.ford.sync.fnvservice/.analytics.AnalyticsService } U=0: not found
12-30 11:16:05.768  1667  2513 W AnalyticsManager:  bind ford Analytics failed -> sendRetryMessage 
12-30 11:16:05.773   360   458 D EvsDriver: doneWithFrame
12-30 11:16:05.797  2358  2623 D RcfController: Rcf proxy is not connected!
12-30 11:16:05.798   360   931 D EvsDriver: forwardFrame
12-30 11:16:05.798   360   931 D EvsDriver: forwardFrameDirect
12-30 11:16:05.799   360   931 D EvsDriver: Delivered 0xb400e2ca9e40d4b0 as id 1
12-30 11:16:05.799   359  2784 D evsmanagerd: /dev/video-evs0 forwarded the buffer #1 to 0xb400f125d2b26dd0 from 0xb400f125e2b20710
12-30 11:16:05.804   360   458 D EvsDriver: doneWithFrame
12-30 11:16:05.811   596  3076 E WifiHAL : Invalid data received from driver
12-30 11:16:05.818   650   729 D fgemcucomm: sd Uart data : 6AA602287500029202CB
12-30 11:16:05.819   650   729 D fgemcucomm: rev uart=78485,len=56, data : 6AA6812875003092020019000000000000000000000000000000000000000000000000000000000000000000000000000000000000000005
12-30 11:16:05.819   398   882 D adayocomadapter-ParseProtocolFunc: printRaWMsg Name[MCUToUPstream recv] len[48] data[920200190000000000000000000000000000000000000000000000000000000000000000000000000000000000000000]
12-30 11:16:05.819   398   882 D adayocomadapter-CommunicationManager: onUpstreamback   member[0] dataLength[45] timePoint[9501641]
12-30 11:16:05.819   398   882 D adayocomadapter-ParseProtocolFunc: printRaWMsg Name[onUpstreamback] len[45] data[190000000000000000000000000000000000000000000000000000000000000000000000000000000000000000]
12-30 11:16:05.819   398   464 D adayocomadapter-UpstreamHandler: processBeforePacket upSreamtProcessTimePoint[9501641] 
12-30 11:16:05.819   398   464 D adayocomadapter-UpstreamHandler: processPacket UPSTREAM_QUEUE_DATA_TIMEOUT
12-30 11:16:05.819   398   464 D adayocomadapter-ParseProtocolFunc: parseCommonIPCLBytes Processing tableNumber[25]
12-30 11:16:05.819   398   464 D adayocomadapter-ParseProtocolFunc: parseCommonIPCLBytes Processing tablename[Table-25] tableSize[45]
12-30 11:16:05.820   398   464 D adayocomadapter-ParseProtocolFunc: printRaWMsg Name[byteStream recv] len[45] data[190000000000000000000000000000000000000000000000000000000000000000000000000000000000000000]
12-30 11:16:05.820   398   464 D adayocomadapter-ParseProtocolFunc: printRaWMsg Name[IPCLtoVHAL] len[6] data[214020C50000]
12-30 11:16:05.820   398   464 D adayocomadapter-ParseProtocolFunc: printRaWMsg Name[IPCLtoVHAL] len[6] data[214021060000]
12-30 11:16:05.820   398   464 D adayocomadapter-ParseProtocolFunc: printRaWMsg Name[IPCLtoVHAL] len[6] data[214021320000]
12-30 11:16:05.820   398   464 D adayocomadapter-ParseProtocolFunc: printRaWMsg Name[IPCLtoVHAL] len[6] data[214020BF0000]
12-30 11:16:05.820   398   464 D adayocomadapter-ParseProtocolFunc: printRaWMsg Name[IPCLtoVHAL] len[6] data[2140212F0000]
12-30 11:16:05.820   398   464 D adayocomadapter-ParseProtocolFunc: printRaWMsg Name[IPCLtoVHAL] len[6] data[214020260000]
12-30 11:16:05.820   398   464 D adayocomadapter-ParseProtocolFunc: printRaWMsg Name[IPCLtoVHAL] len[6] data[214020B30000]
12-30 11:16:05.820   398   464 D adayocomadapter-ParseProtocolFunc: printRaWMsg Name[IPCLtoVHAL] len[6] data[2140219E0000]
12-30 11:16:05.820   398   464 D adayocomadapter-ParseProtocolFunc: printRaWMsg Name[IPCLtoVHAL] len[6] data[214021300000]
12-30 11:16:05.820   398   464 D adayocomadapter-ParseProtocolFunc: printRaWMsg Name[IPCLtoVHAL] len[11] data[2141204A01000000000000]
12-30 11:16:05.820   398   464 D adayocomadapter-ParseProtocolFunc: printRaWMsg Name[IPCLtoVHAL] len[6] data[214020BD0000]
12-30 11:16:05.820   398   464 D adayocomadapter-ParseProtocolFunc: printRaWMsg Name[IPCLtoVHAL] len[6] data[2140213B0000]
12-30 11:16:05.820   398   464 D adayocomadapter-ParseProtocolFunc: printRaWMsg Name[IPCLtoVHAL] len[6] data[214020AE0000]
12-30 11:16:05.820   398   464 D adayocomadapter-ParseProtocolFunc: printRaWMsg Name[IPCLtoVHAL] len[6] data[2140210D0000]
12-30 11:16:05.820   398   464 D adayocomadapter-ParseProtocolFunc: printRaWMsg Name[IPCLtoVHAL] len[6] data[214010180000]
12-30 11:16:05.820   398   464 D adayocomadapter-ParseProtocolFunc: printRaWMsg Name[IPCLtoVHAL] len[6] data[214020A90000]
12-30 11:16:05.820   398   464 D adayocomadapter-ParseProtocolFunc: printRaWMsg Name[IPCLtoVHAL] len[6] data[214020AB0000]
12-30 11:16:05.820   398   464 D adayocomadapter-ParseProtocolFunc: printRaWMsg Name[IPCLtoVHAL] len[6] data[214020AD0000]
12-30 11:16:05.821   398   464 D adayocomadapter-ParseProtocolFunc: printRaWMsg Name[IPCLtoVHAL] len[6] data[2140213A0000]
12-30 11:16:05.821   398   464 D adayocomadapter-ParseProtocolFunc: printRaWMsg Name[IPCLtoVHAL] len[6] data[214021C70000]
12-30 11:16:05.821   398   464 D adayocomadapter-ParseProtocolFunc: printRaWMsg Name[IPCLtoVHAL] len[6] data[214020F20000]
12-30 11:16:05.821   398   464 D adayocomadapter-ParseProtocolFunc: printRaWMsg Name[IPCLtoVHAL] len[6] data[214020F10000]
12-30 11:16:05.821   398   464 D adayocomadapter-ParseProtocolFunc: printRaWMsg Name[IPCLtoVHAL] len[6] data[214021120000]
12-30 11:16:05.821   398   464 D adayocomadapter-ParseProtocolFunc: printRaWMsg Name[IPCLtoVHAL] len[7] data[2140219F000000]
12-30 11:16:05.821   398   464 D adayocomadapter-ParseProtocolFunc: printRaWMsg Name[IPCLtoVHAL] len[6] data[214021390000]
12-30 11:16:05.821   398   464 D adayocomadapter-ParseProtocolFunc: printRaWMsg Name[IPCLtoVHAL] len[7] data[21402025000000]
12-30 11:16:05.821   398   464 D adayocomadapter-ParseProtocolFunc: printRaWMsg Name[IPCLtoVHAL] len[9] data[214020330000000000]
12-30 11:16:05.821   398   464 D adayocomadapter-ParseProtocolFunc: printRaWMsg Name[IPCLtoVHAL] len[6] data[214020340000]
12-30 11:16:05.821   398   464 D adayocomadapter-ParseProtocolFunc: printRaWMsg Name[IPCLtoVHAL] len[6] data[2140218C0000]
12-30 11:16:05.821   398   464 D adayocomadapter-ParseProtocolFunc: printRaWMsg Name[IPCLtoVHAL] len[6] data[2140219B0000]
12-30 11:16:05.821   398   464 D adayocomadapter-ParseProtocolFunc: printRaWMsg Name[IPCLtoVHAL] len[6] data[214021A00000]
12-30 11:16:05.821   398   464 D adayocomadapter-ParseProtocolFunc: printRaWMsg Name[IPCLtoVHAL] len[6] data[214021A30000]
12-30 11:16:05.821   398   464 D adayocomadapter-ParseProtocolFunc: printRaWMsg Name[IPCLtoVHAL] len[6] data[214021A40000]
12-30 11:16:05.821   398   464 D adayocomadapter-ParseProtocolFunc: printRaWMsg Name[IPCLtoVHAL] len[6] data[214021CB0000]
12-30 11:16:05.822   398   464 D adayocomadapter-CommunicationManager: onUpstreamReceive mPropertyId 0x214020c5
12-30 11:16:05.822   398   464 D adayocomadapter-CommunicationManager: convertBytesToInt32Memcpy  0
12-30 11:16:05.822   398   464 I vw-vhal : notifyVehicleProperty, propId = 0x214020c5, data = {status: 2, int32Values: [0]}
12-30 11:16:05.822   398   464 I vw-vhal : CanSignalsAdapter::notifyVehicleProperty: solvedValue = {.timestamp = 9501644187464, .areaId = 0, .prop = 557850821, .status = AVAILABLE, .value = {.int32Values = [1]{0}, .floatValues = [0]{}, .int64Values = [0]{}, .bytes = [0]{}, .stringValue = ""}}
12-30 11:16:05.822   398   464 I VehiclePropertyStore: begin to write value to Store: {.timestamp = 9501644187464, .areaId = 0, .prop = 557850821, .status = AVAILABLE, .value = {.int32Values = [1]{0}, .floatValues = [0]{}, .int64Values = [0]{}, .bytes = [0]{}, .stringValue = ""}}
12-30 11:16:05.822   398   464 I DefaultVehicleHal_v2_0: DefaultVehicleHal::onPropertyValue, value:{.timestamp = 9501644187464, .areaId = 0, .prop = 557850821, .status = AVAILABLE, .value = {.int32Values = [1]{0}, .floatValues = [0]{}, .int64Values = [0]{}, .bytes = [0]{}, .stringValue = ""}}
12-30 11:16:05.822   398   464 D DiagPropHandler: is not DiagnosticConfig: 0x214020c5
12-30 11:16:05.822   398   464 I VehiclePropertyStore: begin to write value to Store: {.timestamp = 9501644187464, .areaId = 0, .prop = 557850821, .status = AVAILABLE, .value = {.int32Values = [1]{0}, .floatValues = [0]{}, .int64Values = [0]{}, .bytes = [0]{}, .stringValue = ""}}
12-30 11:16:05.822   398   464 D adayocomadapter-CommunicationManager: onUpstreamReceive mPropertyId 0x214020c5
12-30 11:16:05.822   398   464 D adayocomadapter-CommunicationManager: onUpstreamReceive mPropertyId 0x21402106
12-30 11:16:05.822   398   464 D adayocomadapter-CommunicationManager: convertBytesToInt32Memcpy  0
12-30 11:16:05.823   398   464 I vw-vhal : notifyVehicleProperty, propId = 0x21402106, data = {status: 2, int32Values: [0]}
12-30 11:16:05.823   398   464 I vw-vhal : CanSignalsAdapter::notifyVehicleProperty: solvedValue = {.timestamp = 9501645040464, .areaId = 0, .prop = 557850886, .status = AVAILABLE, .value = {.int32Values = [1]{0}, .floatValues = [0]{}, .int64Values = [0]{}, .bytes = [0]{}, .stringValue = ""}}
12-30 11:16:05.823   398   464 I VehiclePropertyStore: begin to write value to Store: {.timestamp = 9501645040464, .areaId = 0, .prop = 557850886, .status = AVAILABLE, .value = {.int32Values = [1]{0}, .floatValues = [0]{}, .int64Values = [0]{}, .bytes = [0]{}, .stringValue = ""}}
12-30 11:16:05.823   398   464 I DefaultVehicleHal_v2_0: DefaultVehicleHal::onPropertyValue, value:{.timestamp = 9501645040464, .areaId = 0, .prop = 557850886, .status = AVAILABLE, .value = {.int32Values = [1]{0}, .floatValues = [0]{}, .int64Values = [0]{}, .bytes = [0]{}, .stringValue = ""}}
12-30 11:16:05.823   398   464 D DiagPropHandler: is not DiagnosticConfig: 0x21402106
12-30 11:16:05.823   398   464 I VehiclePropertyStore: begin to write value to Store: {.timestamp = 9501645040464, .areaId = 0, .prop = 557850886, .status = AVAILABLE, .value = {.int32Values = [1]{0}, .floatValues = [0]{}, .int64Values = [0]{}, .bytes = [0]{}, .stringValue = ""}}
12-30 11:16:05.823   398   464 D adayocomadapter-CommunicationManager: onUpstreamReceive mPropertyId 0x21402106
12-30 11:16:05.823   398   464 D adayocomadapter-CommunicationManager: onUpstreamReceive mPropertyId 0x21402132
12-30 11:16:05.823   398   464 D adayocomadapter-CommunicationManager: convertBytesToInt32Memcpy  0
12-30 11:16:05.824   398   464 I vw-vhal : notifyVehicleProperty, propId = 0x21402132, data = {status: 2, int32Values: [0]}
12-30 11:16:05.824   398   464 I vw-vhal : CanSignalsAdapter::notifyVehicleProperty: solvedValue = {.timestamp = 9501646029797, .areaId = 0, .prop = 557850930, .status = AVAILABLE, .value = {.int32Values = [1]{0}, .floatValues = [0]{}, .int64Values = [0]{}, .bytes = [0]{}, .stringValue = ""}}
12-30 11:16:05.824   398   464 I VehiclePropertyStore: begin to write value to Store: {.timestamp = 9501646029797, .areaId = 0, .prop = 557850930, .status = AVAILABLE, .value = {.int32Values = [1]{0}, .floatValues = [0]{}, .int64Values = [0]{}, .bytes = [0]{}, .stringValue = ""}}
12-30 11:16:05.824   398   464 I DefaultVehicleHal_v2_0: DefaultVehicleHal::onPropertyValue, value:{.timestamp = 9501646029797, .areaId = 0, .prop = 557850930, .status = AVAILABLE, .value = {.int32Values = [1]{0}, .floatValues = [0]{}, .int64Values = [0]{}, .bytes = [0]{}, .stringValue = ""}}
12-30 11:16:05.824   398   464 D DiagPropHandler: is not DiagnosticConfig: 0x21402132
12-30 11:16:05.824   398   464 I VehiclePropertyStore: begin to write value to Store: {.timestamp = 9501646029797, .areaId = 0, .prop = 557850930, .status = AVAILABLE, .value = {.int32Values = [1]{0}, .floatValues = [0]{}, .int64Values = [0]{}, .bytes = [0]{}, .stringValue = ""}}
12-30 11:16:05.824   398   464 D adayocomadapter-CommunicationManager: onUpstreamReceive mPropertyId 0x21402132
12-30 11:16:05.824   398   464 D adayocomadapter-CommunicationManager: onUpstreamReceive mPropertyId 0x214020bf
12-30 11:16:05.825   398   464 D adayocomadapter-CommunicationManager: convertBytesToInt32Memcpy  0
12-30 11:16:05.825   398   464 I vw-vhal : notifyVehicleProperty, propId = 0x214020bf, data = {status: 2, int32Values: [0]}
12-30 11:16:05.825   398   464 I vw-vhal : CanSignalsAdapter::notifyVehicleProperty: solvedValue = {.timestamp = 9501647164464, .areaId = 0, .prop = 557850815, .status = AVAILABLE, .value = {.int32Values = [1]{0}, .floatValues = [0]{}, .int64Values = [0]{}, .bytes = [0]{}, .stringValue = ""}}
12-30 11:16:05.825   398   464 I VehiclePropertyStore: begin to write value to Store: {.timestamp = 9501647164464, .areaId = 0, .prop = 557850815, .status = AVAILABLE, .value = {.int32Values = [1]{0}, .floatValues = [0]{}, .int64Values = [0]{}, .bytes = [0]{}, .stringValue = ""}}
12-30 11:16:05.825   398   464 I DefaultVehicleHal_v2_0: DefaultVehicleHal::onPropertyValue, value:{.timestamp = 9501647164464, .areaId = 0, .prop = 557850815, .status = AVAILABLE, .value = {.int32Values = [1]{0}, .floatValues = [0]{}, .int64Values = [0]{}, .bytes = [0]{}, .stringValue = ""}}
12-30 11:16:05.825   398   464 D DiagPropHandler: is not DiagnosticConfig: 0x214020bf
12-30 11:16:05.825   398   464 I VehiclePropertyStore: begin to write value to Store: {.timestamp = 9501647164464, .areaId = 0, .prop = 557850815, .status = AVAILABLE, .value = {.int32Values = [1]{0}, .floatValues = [0]{}, .int64Values = [0]{}, .bytes = [0]{}, .stringValue = ""}}
12-30 11:16:05.825   398   464 D adayocomadapter-CommunicationManager: onUpstreamReceive mPropertyId 0x214020bf
12-30 11:16:05.825   398   464 D adayocomadapter-CommunicationManager: onUpstreamReceive mPropertyId 0x2140212f
12-30 11:16:05.825   398   464 D adayocomadapter-CommunicationManager: convertBytesToInt32Memcpy  0
12-30 11:16:05.825   398   464 I vw-vhal : notifyVehicleProperty, propId = 0x2140212f, data = {status: 2, int32Values: [0]}
12-30 11:16:05.826   398   464 I vw-vhal : CanSignalsAdapter::notifyVehicleProperty: solvedValue = {.timestamp = 9501647819130, .areaId = 0, .prop = 557850927, .status = AVAILABLE, .value = {.int32Values = [1]{0}, .floatValues = [0]{}, .int64Values = [0]{}, .bytes = [0]{}, .stringValue = ""}}
12-30 11:16:05.826   398   464 I VehiclePropertyStore: begin to write value to Store: {.timestamp = 9501647819130, .areaId = 0, .prop = 557850927, .status = AVAILABLE, .value = {.int32Values = [1]{0}, .floatValues = [0]{}, .int64Values = [0]{}, .bytes = [0]{}, .stringValue = ""}}
12-30 11:16:05.826   398   464 I DefaultVehicleHal_v2_0: DefaultVehicleHal::onPropertyValue, value:{.timestamp = 9501647819130, .areaId = 0, .prop = 557850927, .status = AVAILABLE, .value = {.int32Values = [1]{0}, .floatValues = [0]{}, .int64Values = [0]{}, .bytes = [0]{}, .stringValue = ""}}
12-30 11:16:05.826   398   464 D DiagPropHandler: is not DiagnosticConfig: 0x2140212f
12-30 11:16:05.826   398   464 I VehiclePropertyStore: begin to write value to Store: {.timestamp = 9501647819130, .areaId = 0, .prop = 557850927, .status = AVAILABLE, .value = {.int32Values = [1]{0}, .floatValues = [0]{}, .int64Values = [0]{}, .bytes = [0]{}, .stringValue = ""}}
12-30 11:16:05.826   398   464 D adayocomadapter-CommunicationManager: onUpstreamReceive mPropertyId 0x2140212f
12-30 11:16:05.826   398   464 D adayocomadapter-CommunicationManager: onUpstreamReceive mPropertyId 0x21402026
12-30 11:16:05.826   398   464 D adayocomadapter-CommunicationManager: convertBytesToInt32Memcpy  0
12-30 11:16:05.826   398   464 I vw-vhal : notifyVehicleProperty, propId = 0x21402026, data = {status: 2, int32Values: [0]}
12-30 11:16:05.826   398   464 I vw-vhal : CanSignalsAdapter::notifyVehicleProperty: solvedValue = {.timestamp = 9501648499130, .areaId = 0, .prop = 557850662, .status = AVAILABLE, .value = {.int32Values = [1]{0}, .floatValues = [0]{}, .int64Values = [0]{}, .bytes = [0]{}, .stringValue = ""}}
12-30 11:16:05.826   398   464 I VehiclePropertyStore: begin to write value to Store: {.timestamp = 9501648499130, .areaId = 0, .prop = 557850662, .status = AVAILABLE, .value = {.int32Values = [1]{0}, .floatValues = [0]{}, .int64Values = [0]{}, .bytes = [0]{}, .stringValue = ""}}
12-30 11:16:05.826   398   464 I DefaultVehicleHal_v2_0: DefaultVehicleHal::onPropertyValue, value:{.timestamp = 9501648499130, .areaId = 0, .prop = 557850662, .status = AVAILABLE, .value = {.int32Values = [1]{0}, .floatValues = [0]{}, .int64Values = [0]{}, .bytes = [0]{}, .stringValue = ""}}
12-30 11:16:05.826   398   464 D DiagPropHandler: is not DiagnosticConfig: 0x21402026
12-30 11:16:05.827   398   464 I VehiclePropertyStore: begin to write value to Store: {.timestamp = 9501648499130, .areaId = 0, .prop = 557850662, .status = AVAILABLE, .value = {.int32Values = [1]{0}, .floatValues = [0]{}, .int64Values = [0]{}, .bytes = [0]{}, .stringValue = ""}}
12-30 11:16:05.827   398   464 D adayocomadapter-CommunicationManager: onUpstreamReceive mPropertyId 0x21402026
12-30 11:16:05.827   398   464 D adayocomadapter-CommunicationManager: onUpstreamReceive mPropertyId 0x214020b3
12-30 11:16:05.827   398   464 D adayocomadapter-CommunicationManager: convertBytesToInt32Memcpy  0
12-30 11:16:05.827   398   464 I vw-vhal : notifyVehicleProperty, propId = 0x214020b3, data = {status: 2, int32Values: [0]}
12-30 11:16:05.827   398   464 I vw-vhal : CanSignalsAdapter::notifyVehicleProperty: solvedValue = {.timestamp = 9501649192464, .areaId = 0, .prop = 557850803, .status = AVAILABLE, .value = {.int32Values = [1]{0}, .floatValues = [0]{}, .int64Values = [0]{}, .bytes = [0]{}, .stringValue = ""}}
12-30 11:16:05.827   398   464 I VehiclePropertyStore: begin to write value to Store: {.timestamp = 9501649192464, .areaId = 0, .prop = 557850803, .status = AVAILABLE, .value = {.int32Values = [1]{0}, .floatValues = [0]{}, .int64Values = [0]{}, .bytes = [0]{}, .stringValue = ""}}
12-30 11:16:05.827   398   464 I DefaultVehicleHal_v2_0: DefaultVehicleHal::onPropertyValue, value:{.timestamp = 9501649192464, .areaId = 0, .prop = 557850803, .status = AVAILABLE, .value = {.int32Values = [1]{0}, .floatValues = [0]{}, .int64Values = [0]{}, .bytes = [0]{}, .stringValue = ""}}
12-30 11:16:05.827   398   464 D DiagPropHandler: is not DiagnosticConfig: 0x214020b3
12-30 11:16:05.827   398   464 I VehiclePropertyStore: begin to write value to Store: {.timestamp = 9501649192464, .areaId = 0, .prop = 557850803, .status = AVAILABLE, .value = {.int32Values = [1]{0}, .floatValues = [0]{}, .int64Values = [0]{}, .bytes = [0]{}, .stringValue = ""}}
12-30 11:16:05.827   398   464 D adayocomadapter-CommunicationManager: onUpstreamReceive mPropertyId 0x214020b3
12-30 11:16:05.827   398   464 D adayocomadapter-CommunicationManager: onUpstreamReceive mPropertyId 0x2140219e
12-30 11:16:05.827   398   464 D adayocomadapter-CommunicationManager: convertBytesToInt32Memcpy  0
12-30 11:16:05.827   398   464 I vw-vhal : notifyVehicleProperty, propId = 0x2140219e, data = {status: 2, int32Values: [0]}
12-30 11:16:05.828   398   464 I vw-vhal : CanSignalsAdapter::notifyVehicleProperty: solvedValue = {.timestamp = 9501649836464, .areaId = 0, .prop = 557851038, .status = AVAILABLE, .value = {.int32Values = [1]{0}, .floatValues = [0]{}, .int64Values = [0]{}, .bytes = [0]{}, .stringValue = ""}}
12-30 11:16:05.828   398   464 I VehiclePropertyStore: begin to write value to Store: {.timestamp = 9501649836464, .areaId = 0, .prop = 557851038, .status = AVAILABLE, .value = {.int32Values = [1]{0}, .floatValues = [0]{}, .int64Values = [0]{}, .bytes = [0]{}, .stringValue = ""}}
12-30 11:16:05.828   398   464 I DefaultVehicleHal_v2_0: DefaultVehicleHal::onPropertyValue, value:{.timestamp = 9501649836464, .areaId = 0, .prop = 557851038, .status = AVAILABLE, .value = {.int32Values = [1]{0}, .floatValues = [0]{}, .int64Values = [0]{}, .bytes = [0]{}, .stringValue = ""}}
12-30 11:16:05.828   398   464 D DiagPropHandler: is not DiagnosticConfig: 0x2140219e
12-30 11:16:05.828   398   464 I VehiclePropertyStore: begin to write value to Store: {.timestamp = 9501649836464, .areaId = 0, .prop = 557851038, .status = AVAILABLE, .value = {.int32Values = [1]{0}, .floatValues = [0]{}, .int64Values = [0]{}, .bytes = [0]{}, .stringValue = ""}}
12-30 11:16:05.828   398   464 D adayocomadapter-CommunicationManager: onUpstreamReceive mPropertyId 0x2140219e
12-30 11:16:05.828   398   464 D adayocomadapter-CommunicationManager: onUpstreamReceive mPropertyId 0x21402130
12-30 11:16:05.828   398   464 D adayocomadapter-CommunicationManager: convertBytesToInt32Memcpy  0
12-30 11:16:05.828   398   464 I vw-vhal : notifyVehicleProperty, propId = 0x21402130, data = {status: 2, int32Values: [0]}
12-30 11:16:05.828   398   464 I vw-vhal : CanSignalsAdapter::notifyVehicleProperty: solvedValue = {.timestamp = 9501650474464, .areaId = 0, .prop = 557850928, .status = AVAILABLE, .value = {.int32Values = [1]{0}, .floatValues = [0]{}, .int64Values = [0]{}, .bytes = [0]{}, .stringValue = ""}}
12-30 11:16:05.828   398   464 I VehiclePropertyStore: begin to write value to Store: {.timestamp = 9501650474464, .areaId = 0, .prop = 557850928, .status = AVAILABLE, .value = {.int32Values = [1]{0}, .floatValues = [0]{}, .int64Values = [0]{}, .bytes = [0]{}, .stringValue = ""}}
12-30 11:16:05.828   398   464 I DefaultVehicleHal_v2_0: DefaultVehicleHal::onPropertyValue, value:{.timestamp = 9501650474464, .areaId = 0, .prop = 557850928, .status = AVAILABLE, .value = {.int32Values = [1]{0}, .floatValues = [0]{}, .int64Values = [0]{}, .bytes = [0]{}, .stringValue = ""}}
12-30 11:16:05.828   398   464 D DiagPropHandler: is not DiagnosticConfig: 0x21402130
12-30 11:16:05.829   398   464 I VehiclePropertyStore: begin to write value to Store: {.timestamp = 9501650474464, .areaId = 0, .prop = 557850928, .status = AVAILABLE, .value = {.int32Values = [1]{0}, .floatValues = [0]{}, .int64Values = [0]{}, .bytes = [0]{}, .stringValue = ""}}
12-30 11:16:05.829   398   464 D adayocomadapter-CommunicationManager: onUpstreamReceive mPropertyId 0x21402130
12-30 11:16:05.829   398   464 D adayocomadapter-CommunicationManager: onUpstreamReceive mPropertyId 0x2141204a
12-30 11:16:05.829   398   464 I vw-vhal : notifyVehicleProperty, propId = 0x2141204a, data = {status: 2, int32Values: [0, 0, 0, 0, 0, 0]}
12-30 11:16:05.829   398   464 I vw-vhal : CanSignalsAdapter::notifyVehicleProperty: solvedValue = {.timestamp = 9501651154464, .areaId = 0, .prop = 557916234, .status = AVAILABLE, .value = {.int32Values = [6]{0, 0, 0, 0, 0, 0}, .floatValues = [0]{}, .int64Values = [0]{}, .bytes = [0]{}, .stringValue = ""}}
12-30 11:16:05.829   398   464 I VehiclePropertyStore: begin to write value to Store: {.timestamp = 9501651154464, .areaId = 0, .prop = 557916234, .status = AVAILABLE, .value = {.int32Values = [6]{0, 0, 0, 0, 0, 0}, .floatValues = [0]{}, .int64Values = [0]{}, .bytes = [0]{}, .stringValue = ""}}
12-30 11:16:05.829   398   464 I DefaultVehicleHal_v2_0: DefaultVehicleHal::onPropertyValue, value:{.timestamp = 9501651154464, .areaId = 0, .prop = 557916234, .status = AVAILABLE, .value = {.int32Values = [6]{0, 0, 0, 0, 0, 0}, .floatValues = [0]{}, .int64Values = [0]{}, .bytes = [0]{}, .stringValue = ""}}
12-30 11:16:05.829   398   464 D DiagPropHandler: is not DiagnosticConfig: 0x2141204a
12-30 11:16:05.829   398   464 I VehiclePropertyStore: begin to write value to Store: {.timestamp = 9501651154464, .areaId = 0, .prop = 557916234, .status = AVAILABLE, .value = {.int32Values = [6]{0, 0, 0, 0, 0, 0}, .floatValues = [0]{}, .int64Values = [0]{}, .bytes = [0]{}, .stringValue = ""}}
12-30 11:16:05.829   398   464 D adayocomadapter-CommunicationManager: onUpstreamReceive mPropertyId 0x2141204a
12-30 11:16:05.829   398   464 D adayocomadapter-CommunicationManager: onUpstreamReceive mPropertyId 0x214020bd
12-30 11:16:05.829   398   464 D adayocomadapter-CommunicationManager: convertBytesToInt32Memcpy  0
12-30 11:16:05.829   398   464 I vw-vhal : notifyVehicleProperty, propId = 0x214020bd, data = {status: 2, int32Values: [0]}
12-30 11:16:05.830   398   464 I vw-vhal : CanSignalsAdapter::notifyVehicleProperty: solvedValue = {.timestamp = 9501651869797, .areaId = 0, .prop = 557850813, .status = AVAILABLE, .value = {.int32Values = [1]{0}, .floatValues = [0]{}, .int64Values = [0]{}, .bytes = [0]{}, .stringValue = ""}}
12-30 11:16:05.830   398   464 I VehiclePropertyStore: begin to write value to Store: {.timestamp = 9501651869797, .areaId = 0, .prop = 557850813, .status = AVAILABLE, .value = {.int32Values = [1]{0}, .floatValues = [0]{}, .int64Values = [0]{}, .bytes = [0]{}, .stringValue = ""}}
12-30 11:16:05.830   398   464 I DefaultVehicleHal_v2_0: DefaultVehicleHal::onPropertyValue, value:{.timestamp = 9501651869797, .areaId = 0, .prop = 557850813, .status = AVAILABLE, .value = {.int32Values = [1]{0}, .floatValues = [0]{}, .int64Values = [0]{}, .bytes = [0]{}, .stringValue = ""}}
12-30 11:16:05.830   398   464 D DiagPropHandler: is not DiagnosticConfig: 0x214020bd
12-30 11:16:05.830   398   464 I VehiclePropertyStore: begin to write value to Store: {.timestamp = 9501651869797, .areaId = 0, .prop = 557850813, .status = AVAILABLE, .value = {.int32Values = [1]{0}, .floatValues = [0]{}, .int64Values = [0]{}, .bytes = [0]{}, .stringValue = ""}}
12-30 11:16:05.830   398   464 D adayocomadapter-CommunicationManager: onUpstreamReceive mPropertyId 0x214020bd
12-30 11:16:05.830   398   464 D adayocomadapter-CommunicationManager: onUpstreamReceive mPropertyId 0x2140213b
12-30 11:16:05.830   398   464 D adayocomadapter-CommunicationManager: convertBytesToInt32Memcpy  0
12-30 11:16:05.830   398   464 I vw-vhal : notifyVehicleProperty, propId = 0x2140213b, data = {status: 2, int32Values: [0]}
12-30 11:16:05.830   398   464 I vw-vhal : CanSignalsAdapter::notifyVehicleProperty: solvedValue = {.timestamp = 9501652557130, .areaId = 0, .prop = 557850939, .status = AVAILABLE, .value = {.int32Values = [1]{0}, .floatValues = [0]{}, .int64Values = [0]{}, .bytes = [0]{}, .stringValue = ""}}
12-30 11:16:05.830   398   464 I VehiclePropertyStore: begin to write value to Store: {.timestamp = 9501652557130, .areaId = 0, .prop = 557850939, .status = AVAILABLE, .value = {.int32Values = [1]{0}, .floatValues = [0]{}, .int64Values = [0]{}, .bytes = [0]{}, .stringValue = ""}}
12-30 11:16:05.830   398   464 I DefaultVehicleHal_v2_0: DefaultVehicleHal::onPropertyValue, value:{.timestamp = 9501652557130, .areaId = 0, .prop = 557850939, .status = AVAILABLE, .value = {.int32Values = [1]{0}, .floatValues = [0]{}, .int64Values = [0]{}, .bytes = [0]{}, .stringValue = ""}}
12-30 11:16:05.830   398   464 D DiagPropHandler: is not DiagnosticConfig: 0x2140213b
12-30 11:16:05.831   398   464 I VehiclePropertyStore: begin to write value to Store: {.timestamp = 9501652557130, .areaId = 0, .prop = 557850939, .status = AVAILABLE, .value = {.int32Values = [1]{0}, .floatValues = [0]{}, .int64Values = [0]{}, .bytes = [0]{}, .stringValue = ""}}
12-30 11:16:05.831   398   464 D adayocomadapter-CommunicationManager: onUpstreamReceive mPropertyId 0x2140213b
12-30 11:16:05.831   398   464 D adayocomadapter-CommunicationManager: onUpstreamReceive mPropertyId 0x214020ae
12-30 11:16:05.831   398   464 D adayocomadapter-CommunicationManager: convertBytesToInt32Memcpy  0
12-30 11:16:05.831   398   464 I vw-vhal : notifyVehicleProperty, propId = 0x214020ae, data = {status: 2, int32Values: [0]}
12-30 11:16:05.831   398   464 I vw-vhal : CanSignalsAdapter::notifyVehicleProperty: solvedValue = {.timestamp = 9501653224797, .areaId = 0, .prop = 557850798, .status = AVAILABLE, .value = {.int32Values = [1]{0}, .floatValues = [0]{}, .int64Values = [0]{}, .bytes = [0]{}, .stringValue = ""}}
12-30 11:16:05.831   398   464 I VehiclePropertyStore: begin to write value to Store: {.timestamp = 9501653224797, .areaId = 0, .prop = 557850798, .status = AVAILABLE, .value = {.int32Values = [1]{0}, .floatValues = [0]{}, .int64Values = [0]{}, .bytes = [0]{}, .stringValue = ""}}
12-30 11:16:05.831   398   464 I DefaultVehicleHal_v2_0: DefaultVehicleHal::onPropertyValue, value:{.timestamp = 9501653224797, .areaId = 0, .prop = 557850798, .status = AVAILABLE, .value = {.int32Values = [1]{0}, .floatValues = [0]{}, .int64Values = [0]{}, .bytes = [0]{}, .stringValue = ""}}
12-30 11:16:05.831   398   464 D DiagPropHandler: is not DiagnosticConfig: 0x214020ae
12-30 11:16:05.831   398   464 I VehiclePropertyStore: begin to write value to Store: {.timestamp = 9501653224797, .areaId = 0, .prop = 557850798, .status = AVAILABLE, .value = {.int32Values = [1]{0}, .floatValues = [0]{}, .int64Values = [0]{}, .bytes = [0]{}, .stringValue = ""}}
12-30 11:16:05.831   398   464 D adayocomadapter-CommunicationManager: onUpstreamReceive mPropertyId 0x214020ae
12-30 11:16:05.831   398   464 D adayocomadapter-CommunicationManager: onUpstreamReceive mPropertyId 0x2140210d
12-30 11:16:05.831   398   464 D adayocomadapter-CommunicationManager: convertBytesToInt32Memcpy  0
12-30 11:16:05.832   398   464 I vw-vhal : notifyVehicleProperty, propId = 0x2140210d, data = {status: 2, int32Values: [0]}
12-30 11:16:05.832   360   931 D EvsDriver: forwardFrame
12-30 11:16:05.832   398   464 I vw-vhal : CanSignalsAdapter::notifyVehicleProperty: solvedValue = {.timestamp = 9501653903464, .areaId = 0, .prop = 557850893, .status = AVAILABLE, .value = {.int32Values = [1]{0}, .floatValues = [0]{}, .int64Values = [0]{}, .bytes = [0]{}, .stringValue = ""}}
12-30 11:16:05.832   360   931 D EvsDriver: forwardFrameDirect
12-30 11:16:05.832   398   464 I VehiclePropertyStore: begin to write value to Store: {.timestamp = 9501653903464, .areaId = 0, .prop = 557850893, .status = AVAILABLE, .value = {.int32Values = [1]{0}, .floatValues = [0]{}, .int64Values = [0]{}, .bytes = [0]{}, .stringValue = ""}}
12-30 11:16:05.832   398   464 I DefaultVehicleHal_v2_0: DefaultVehicleHal::onPropertyValue, value:{.timestamp = 9501653903464, .areaId = 0, .prop = 557850893, .status = AVAILABLE, .value = {.int32Values = [1]{0}, .floatValues = [0]{}, .int64Values = [0]{}, .bytes = [0]{}, .stringValue = ""}}
12-30 11:16:05.832   398   464 D DiagPropHandler: is not DiagnosticConfig: 0x2140210d
12-30 11:16:05.832   398   464 I VehiclePropertyStore: begin to write value to Store: {.timestamp = 9501653903464, .areaId = 0, .prop = 557850893, .status = AVAILABLE, .value = {.int32Values = [1]{0}, .floatValues = [0]{}, .int64Values = [0]{}, .bytes = [0]{}, .stringValue = ""}}
12-30 11:16:05.832   360   931 D EvsDriver: Delivered 0xb400e2ca9e40c2d0 as id 0
12-30 11:16:05.832   398   464 D adayocomadapter-CommunicationManager: onUpstreamReceive mPropertyId 0x2140210d
12-30 11:16:05.832   398   464 D adayocomadapter-CommunicationManager: onUpstreamReceive mPropertyId 0x21401018
12-30 11:16:05.832   398   464 D adayocomadapter-CommunicationManager: convertBytesToInt32Memcpy  0
12-30 11:16:05.832   398   464 I vw-vhal : notifyVehicleProperty, propId = 0x21401018, data = {status: 2, int32Values: [0]}
12-30 11:16:05.832   359  2784 D evsmanagerd: /dev/video-evs0 forwarded the buffer #0 to 0xb400f125d2b26dd0 from 0xb400f125e2b20710
12-30 11:16:05.832   398   464 I vw-vhal : CanSignalsAdapter::notifyVehicleProperty: solvedValue = {.timestamp = 9501654540464, .areaId = 0, .prop = 557846552, .status = AVAILABLE, .value = {.int32Values = [1]{0}, .floatValues = [0]{}, .int64Values = [0]{}, .bytes = [0]{}, .stringValue = ""}}
12-30 11:16:05.832   398   464 I VehiclePropertyStore: begin to write value to Store: {.timestamp = 9501654540464, .areaId = 0, .prop = 557846552, .status = AVAILABLE, .value = {.int32Values = [1]{0}, .floatValues = [0]{}, .int64Values = [0]{}, .bytes = [0]{}, .stringValue = ""}}
12-30 11:16:05.833   398   464 I DefaultVehicleHal_v2_0: DefaultVehicleHal::onPropertyValue, value:{.timestamp = 9501654540464, .areaId = 0, .prop = 557846552, .status = AVAILABLE, .value = {.int32Values = [1]{0}, .floatValues = [0]{}, .int64Values = [0]{}, .bytes = [0]{}, .stringValue = ""}}
12-30 11:16:05.833   398   464 D DiagPropHandler: is not DiagnosticConfig: 0x21401018
12-30 11:16:05.833   398   464 I VehiclePropertyStore: begin to write value to Store: {.timestamp = 9501654540464, .areaId = 0, .prop = 557846552, .status = AVAILABLE, .value = {.int32Values = [1]{0}, .floatValues = [0]{}, .int64Values = [0]{}, .bytes = [0]{}, .stringValue = ""}}
12-30 11:16:05.833   398   464 D adayocomadapter-CommunicationManager: onUpstreamReceive mPropertyId 0x21401018
12-30 11:16:05.833   398   464 D adayocomadapter-CommunicationManager: onUpstreamReceive mPropertyId 0x214020a9
12-30 11:16:05.833   398   464 D adayocomadapter-CommunicationManager: convertBytesToInt32Memcpy  0
12-30 11:16:05.833   398   464 I vw-vhal : notifyVehicleProperty, propId = 0x214020a9, data = {status: 2, int32Values: [0]}
12-30 11:16:05.833   398   464 I vw-vhal : CanSignalsAdapter::notifyVehicleProperty: solvedValue = {.timestamp = 9501655333130, .areaId = 0, .prop = 557850793, .status = AVAILABLE, .value = {.int32Values = [1]{0}, .floatValues = [0]{}, .int64Values = [0]{}, .bytes = [0]{}, .stringValue = ""}}
12-30 11:16:05.833   398   464 I VehiclePropertyStore: begin to write value to Store: {.timestamp = 9501655333130, .areaId = 0, .prop = 557850793, .status = AVAILABLE, .value = {.int32Values = [1]{0}, .floatValues = [0]{}, .int64Values = [0]{}, .bytes = [0]{}, .stringValue = ""}}
12-30 11:16:05.833   398   464 I DefaultVehicleHal_v2_0: DefaultVehicleHal::onPropertyValue, value:{.timestamp = 9501655333130, .areaId = 0, .prop = 557850793, .status = AVAILABLE, .value = {.int32Values = [1]{0}, .floatValues = [0]{}, .int64Values = [0]{}, .bytes = [0]{}, .stringValue = ""}}
12-30 11:16:05.833   398   464 D DiagPropHandler: is not DiagnosticConfig: 0x214020a9
12-30 11:16:05.833   398   464 I VehiclePropertyStore: begin to write value to Store: {.timestamp = 9501655333130, .areaId = 0, .prop = 557850793, .status = AVAILABLE, .value = {.int32Values = [1]{0}, .floatValues = [0]{}, .int64Values = [0]{}, .bytes = [0]{}, .stringValue = ""}}
12-30 11:16:05.834   398   464 D adayocomadapter-CommunicationManager: onUpstreamReceive mPropertyId 0x214020a9
12-30 11:16:05.834   398   464 D adayocomadapter-CommunicationManager: onUpstreamReceive mPropertyId 0x214020ab
12-30 11:16:05.834   398   464 D adayocomadapter-CommunicationManager: convertBytesToInt32Memcpy  0
12-30 11:16:05.834   398   464 I vw-vhal : notifyVehicleProperty, propId = 0x214020ab, data = {status: 2, int32Values: [0]}
12-30 11:16:05.834   398   464 I vw-vhal : CanSignalsAdapter::notifyVehicleProperty: solvedValue = {.timestamp = 9501656180464, .areaId = 0, .prop = 557850795, .status = AVAILABLE, .value = {.int32Values = [1]{0}, .floatValues = [0]{}, .int64Values = [0]{}, .bytes = [0]{}, .stringValue = ""}}
12-30 11:16:05.834   398   464 I VehiclePropertyStore: begin to write value to Store: {.timestamp = 9501656180464, .areaId = 0, .prop = 557850795, .status = AVAILABLE, .value = {.int32Values = [1]{0}, .floatValues = [0]{}, .int64Values = [0]{}, .bytes = [0]{}, .stringValue = ""}}
12-30 11:16:05.834   398   464 I DefaultVehicleHal_v2_0: DefaultVehicleHal::onPropertyValue, value:{.timestamp = 9501656180464, .areaId = 0, .prop = 557850795, .status = AVAILABLE, .value = {.int32Values = [1]{0}, .floatValues = [0]{}, .int64Values = [0]{}, .bytes = [0]{}, .stringValue = ""}}
12-30 11:16:05.834   398   464 D DiagPropHandler: is not DiagnosticConfig: 0x214020ab
12-30 11:16:05.834   398   464 I VehiclePropertyStore: begin to write value to Store: {.timestamp = 9501656180464, .areaId = 0, .prop = 557850795, .status = AVAILABLE, .value = {.int32Values = [1]{0}, .floatValues = [0]{}, .int64Values = [0]{}, .bytes = [0]{}, .stringValue = ""}}
12-30 11:16:05.834   398   464 D adayocomadapter-CommunicationManager: onUpstreamReceive mPropertyId 0x214020ab
12-30 11:16:05.834   398   464 D adayocomadapter-CommunicationManager: onUpstreamReceive mPropertyId 0x214020ad
12-30 11:16:05.834   398   464 D adayocomadapter-CommunicationManager: convertBytesToInt32Memcpy  0
12-30 11:16:05.834   360   458 D EvsDriver: doneWithFrame
12-30 11:16:05.834   398   464 I vw-vhal : notifyVehicleProperty, propId = 0x214020ad, data = {status: 2, int32Values: [0]}
12-30 11:16:05.835   398   464 I vw-vhal : CanSignalsAdapter::notifyVehicleProperty: solvedValue = {.timestamp = 9501656860464, .areaId = 0, .prop = 557850797, .status = AVAILABLE, .value = {.int32Values = [1]{0}, .floatValues = [0]{}, .int64Values = [0]{}, .bytes = [0]{}, .stringValue = ""}}
12-30 11:16:05.835   398   464 I VehiclePropertyStore: begin to write value to Store: {.timestamp = 9501656860464, .areaId = 0, .prop = 557850797, .status = AVAILABLE, .value = {.int32Values = [1]{0}, .floatValues = [0]{}, .int64Values = [0]{}, .bytes = [0]{}, .stringValue = ""}}
12-30 11:16:05.835   398   464 I DefaultVehicleHal_v2_0: DefaultVehicleHal::onPropertyValue, value:{.timestamp = 9501656860464, .areaId = 0, .prop = 557850797, .status = AVAILABLE, .value = {.int32Values = [1]{0}, .floatValues = [0]{}, .int64Values = [0]{}, .bytes = [0]{}, .stringValue = ""}}
12-30 11:16:05.835   398   464 D DiagPropHandler: is not DiagnosticConfig: 0x214020ad
12-30 11:16:05.835   398   464 I VehiclePropertyStore: begin to write value to Store: {.timestamp = 9501656860464, .areaId = 0, .prop = 557850797, .status = AVAILABLE, .value = {.int32Values = [1]{0}, .floatValues = [0]{}, .int64Values = [0]{}, .bytes = [0]{}, .stringValue = ""}}
12-30 11:16:05.835   398   464 D adayocomadapter-CommunicationManager: onUpstreamReceive mPropertyId 0x214020ad
12-30 11:16:05.835   398   464 D adayocomadapter-CommunicationManager: onUpstreamReceive mPropertyId 0x2140213a
12-30 11:16:05.835   398   464 D adayocomadapter-CommunicationManager: convertBytesToInt32Memcpy  0
12-30 11:16:05.835   398   464 I vw-vhal : notifyVehicleProperty, propId = 0x2140213a, data = {status: 2, int32Values: [0]}
12-30 11:16:05.835   398   464 I vw-vhal : CanSignalsAdapter::notifyVehicleProperty: solvedValue = {.timestamp = 9501657534130, .areaId = 0, .prop = 557850938, .status = AVAILABLE, .value = {.int32Values = [1]{0}, .floatValues = [0]{}, .int64Values = [0]{}, .bytes = [0]{}, .stringValue = ""}}
12-30 11:16:05.835   398   464 I VehiclePropertyStore: begin to write value to Store: {.timestamp = 9501657534130, .areaId = 0, .prop = 557850938, .status = AVAILABLE, .value = {.int32Values = [1]{0}, .floatValues = [0]{}, .int64Values = [0]{}, .bytes = [0]{}, .stringValue = ""}}
12-30 11:16:05.835   398   464 I DefaultVehicleHal_v2_0: DefaultVehicleHal::onPropertyValue, value:{.timestamp = 9501657534130, .areaId = 0, .prop = 557850938, .status = AVAILABLE, .value = {.int32Values = [1]{0}, .floatValues = [0]{}, .int64Values = [0]{}, .bytes = [0]{}, .stringValue = ""}}
12-30 11:16:05.835   398   464 D DiagPropHandler: is not DiagnosticConfig: 0x2140213a
12-30 11:16:05.836   398   464 I VehiclePropertyStore: begin to write value to Store: {.timestamp = 9501657534130, .areaId = 0, .prop = 557850938, .status = AVAILABLE, .value = {.int32Values = [1]{0}, .floatValues = [0]{}, .int64Values = [0]{}, .bytes = [0]{}, .stringValue = ""}}
12-30 11:16:05.836   398   464 D adayocomadapter-CommunicationManager: onUpstreamReceive mPropertyId 0x2140213a
12-30 11:16:05.836   398   464 D adayocomadapter-CommunicationManager: onUpstreamReceive mPropertyId 0x214021c7
12-30 11:16:05.836   650   729 D fgemcucomm: sd Uart data : 6AA602287600029202CA
12-30 11:16:05.836   398   464 D adayocomadapter-CommunicationManager: convertBytesToInt32Memcpy  0
12-30 11:16:05.836   398   464 I vw-vhal : notifyVehicleProperty, propId = 0x214021c7, data = {status: 2, int32Values: [0]}
12-30 11:16:05.836   398   464 I vw-vhal : CanSignalsAdapter::notifyVehicleProperty: solvedValue = {.timestamp = 9501658213130, .areaId = 0, .prop = 557851079, .status = AVAILABLE, .value = {.int32Values = [1]{0}, .floatValues = [0]{}, .int64Values = [0]{}, .bytes = [0]{}, .stringValue = ""}}
12-30 11:16:05.836   398   464 I VehiclePropertyStore: begin to write value to Store: {.timestamp = 9501658213130, .areaId = 0, .prop = 557851079, .status = AVAILABLE, .value = {.int32Values = [1]{0}, .floatValues = [0]{}, .int64Values = [0]{}, .bytes = [0]{}, .stringValue = ""}}
12-30 11:16:05.836   398   464 I DefaultVehicleHal_v2_0: DefaultVehicleHal::onPropertyValue, value:{.timestamp = 9501658213130, .areaId = 0, .prop = 557851079, .status = AVAILABLE, .value = {.int32Values = [1]{0}, .floatValues = [0]{}, .int64Values = [0]{}, .bytes = [0]{}, .stringValue = ""}}
12-30 11:16:05.836   398   464 D DiagPropHandler: is not DiagnosticConfig: 0x214021c7
12-30 11:16:05.836   650   729 D fgemcucomm: rev uart=78486,len=14, data : 6AA6812876000692020001000046
12-30 11:16:05.836   398   464 I VehiclePropertyStore: begin to write value to Store: {.timestamp = 9501658213130, .areaId = 0, .prop = 557851079, .status = AVAILABLE, .value = {.int32Values = [1]{0}, .floatValues = [0]{}, .int64Values = [0]{}, .bytes = [0]{}, .stringValue = ""}}
12-30 11:16:05.836   650   729 D fgemcucomm: sd Uart data : 6AA60228770002800AD3
12-30 11:16:05.836   398   464 D adayocomadapter-CommunicationManager: onUpstreamReceive mPropertyId 0x214021c7
12-30 11:16:05.836   398   464 D adayocomadapter-CommunicationManager: onUpstreamReceive mPropertyId 0x214020f2
12-30 11:16:05.836   398   464 D adayocomadapter-CommunicationManager: convertBytesToInt32Memcpy  0
12-30 11:16:05.837   398   464 I vw-vhal : notifyVehicleProperty, propId = 0x214020f2, data = {status: 2, int32Values: [0]}
12-30 11:16:05.837   398   464 I vw-vhal : CanSignalsAdapter::notifyVehicleProperty: solvedValue = {.timestamp = 9501658907130, .areaId = 0, .prop = 557850866, .status = AVAILABLE, .value = {.int32Values = [1]{0}, .floatValues = [0]{}, .int64Values = [0]{}, .bytes = [0]{}, .stringValue = ""}}
12-30 11:16:05.837   650   729 D fgemcucomm: rev uart=78487,len=13, data : 6AA68128770005800A0400004D
12-30 11:16:05.837   398   464 I VehiclePropertyStore: begin to write value to Store: {.timestamp = 9501658907130, .areaId = 0, .prop = 557850866, .status = AVAILABLE, .value = {.int32Values = [1]{0}, .floatValues = [0]{}, .int64Values = [0]{}, .bytes = [0]{}, .stringValue = ""}}
12-30 11:16:05.837   398   464 I DefaultVehicleHal_v2_0: DefaultVehicleHal::onPropertyValue, value:{.timestamp = 9501658907130, .areaId = 0, .prop = 557850866, .status = AVAILABLE, .value = {.int32Values = [1]{0}, .floatValues = [0]{}, .int64Values = [0]{}, .bytes = [0]{}, .stringValue = ""}}
12-30 11:16:05.837   398   882 D adayocomadapter-ParseProtocolFunc: printRaWMsg Name[MCUToUPstream recv] len[6] data[920200010000]
12-30 11:16:05.837   398   464 D DiagPropHandler: is not DiagnosticConfig: 0x214020f2
12-30 11:16:05.837   398   882 D adayocomadapter-CommunicationManager: onUpstreamback   member[0] dataLength[3] timePoint[9501659]
12-30 11:16:05.837   398   464 I VehiclePropertyStore: begin to write value to Store: {.timestamp = 9501658907130, .areaId = 0, .prop = 557850866, .status = AVAILABLE, .value = {.int32Values = [1]{0}, .floatValues = [0]{}, .int64Values = [0]{}, .bytes = [0]{}, .stringValue = ""}}
12-30 11:16:05.837   398   882 D adayocomadapter-ParseProtocolFunc: printRaWMsg Name[onUpstreamback] len[3] data[010000]
12-30 11:16:05.837   398   464 D adayocomadapter-CommunicationManager: onUpstreamReceive mPropertyId 0x214020f2
