12-30 11:16:07.285   398   464 I VehiclePropertyStore: begin to write value to Store: {.timestamp = 9503107594797, .areaId = 0, .prop = 557851168, .status = AVAILABLE, .value = {.int32Values = [1]{0}, .floatValues = [0]{}, .int64Values = [0]{}, .bytes = [0]{}, .stringValue = ""}}
12-30 11:16:07.285   398   464 I DefaultVehicleHal_v2_0: DefaultVehicleHal::onPropertyValue, value:{.timestamp = 9503107594797, .areaId = 0, .prop = 557851168, .status = AVAILABLE, .value = {.int32Values = [1]{0}, .floatValues = [0]{}, .int64Values = [0]{}, .bytes = [0]{}, .stringValue = ""}}
12-30 11:16:07.286   398   464 D DiagPropHandler: is not DiagnosticConfig: 0x21402220
12-30 11:16:07.286   398   464 I VehiclePropertyStore: begin to write value to Store: {.timestamp = 9503107594797, .areaId = 0, .prop = 557851168, .status = AVAILABLE, .value = {.int32Values = [1]{0}, .floatValues = [0]{}, .int64Values = [0]{}, .bytes = [0]{}, .stringValue = ""}}
12-30 11:16:07.286   398   464 D adayocomadapter-CommunicationManager: onUpstreamReceive mPropertyId 0x21402220
12-30 11:16:07.286   398   464 D adayocomadapter-CommunicationManager: onUpstreamReceive mPropertyId 0x214021c0
12-30 11:16:07.286   398   464 D adayocomadapter-CommunicationManager: convertBytesToInt32Memcpy  0
12-30 11:16:07.286   398   464 I vw-vhal : notifyVehicleProperty, propId = 0x214021c0, data = {status: 2, int32Values: [0]}
12-30 11:16:07.286   398   464 I vw-vhal : CanSignalsAdapter::notifyVehicleProperty: solvedValue = {.timestamp = 9503108266464, .areaId = 0, .prop = 557851072, .status = AVAILABLE, .value = {.int32Values = [1]{0}, .floatValues = [0]{}, .int64Values = [0]{}, .bytes = [0]{}, .stringValue = ""}}
12-30 11:16:07.286   398   464 I VehiclePropertyStore: begin to write value to Store: {.timestamp = 9503108266464, .areaId = 0, .prop = 557851072, .status = AVAILABLE, .value = {.int32Values = [1]{0}, .floatValues = [0]{}, .int64Values = [0]{}, .bytes = [0]{}, .stringValue = ""}}
12-30 11:16:07.286   398   464 I DefaultVehicleHal_v2_0: DefaultVehicleHal::onPropertyValue, value:{.timestamp = 9503108266464, .areaId = 0, .prop = 557851072, .status = AVAILABLE, .value = {.int32Values = [1]{0}, .floatValues = [0]{}, .int64Values = [0]{}, .bytes = [0]{}, .stringValue = ""}}
12-30 11:16:07.286   398   464 D DiagPropHandler: is not DiagnosticConfig: 0x214021c0
12-30 11:16:07.286   398   464 I VehiclePropertyStore: begin to write value to Store: {.timestamp = 9503108266464, .areaId = 0, .prop = 557851072, .status = AVAILABLE, .value = {.int32Values = [1]{0}, .floatValues = [0]{}, .int64Values = [0]{}, .bytes = [0]{}, .stringValue = ""}}
12-30 11:16:07.286   398   464 D adayocomadapter-CommunicationManager: onUpstreamReceive mPropertyId 0x214021c0
12-30 11:16:07.286   398   464 D adayocomadapter-CommunicationManager: onUpstreamReceive mPropertyId 0x2140215f
12-30 11:16:07.286   398   464 D adayocomadapter-CommunicationManager: convertBytesToInt32Memcpy  0
12-30 11:16:07.286   398   464 I vw-vhal : notifyVehicleProperty, propId = 0x2140215f, data = {status: 2, int32Values: [0]}
12-30 11:16:07.287   398   464 I vw-vhal : CanSignalsAdapter::notifyVehicleProperty: solvedValue = {.timestamp = 9503108890130, .areaId = 0, .prop = 557850975, .status = AVAILABLE, .value = {.int32Values = [1]{0}, .floatValues = [0]{}, .int64Values = [0]{}, .bytes = [0]{}, .stringValue = ""}}
12-30 11:16:07.287   398   464 I VehiclePropertyStore: begin to write value to Store: {.timestamp = 9503108890130, .areaId = 0, .prop = 557850975, .status = AVAILABLE, .value = {.int32Values = [1]{0}, .floatValues = [0]{}, .int64Values = [0]{}, .bytes = [0]{}, .stringValue = ""}}
12-30 11:16:07.287   398   464 I DefaultVehicleHal_v2_0: DefaultVehicleHal::onPropertyValue, value:{.timestamp = 9503108890130, .areaId = 0, .prop = 557850975, .status = AVAILABLE, .value = {.int32Values = [1]{0}, .floatValues = [0]{}, .int64Values = [0]{}, .bytes = [0]{}, .stringValue = ""}}
12-30 11:16:07.287   398   464 D DiagPropHandler: is not DiagnosticConfig: 0x2140215f
12-30 11:16:07.287   398   464 I VehiclePropertyStore: begin to write value to Store: {.timestamp = 9503108890130, .areaId = 0, .prop = 557850975, .status = AVAILABLE, .value = {.int32Values = [1]{0}, .floatValues = [0]{}, .int64Values = [0]{}, .bytes = [0]{}, .stringValue = ""}}
12-30 11:16:07.287   398   464 D adayocomadapter-CommunicationManager: onUpstreamReceive mPropertyId 0x2140215f
12-30 11:16:07.287   398   464 D adayocomadapter-CommunicationManager: onUpstreamReceive mPropertyId 0x214021c1
12-30 11:16:07.287   398   464 D adayocomadapter-CommunicationManager: convertBytesToInt32Memcpy  0
12-30 11:16:07.287   398   464 I vw-vhal : notifyVehicleProperty, propId = 0x214021c1, data = {status: 2, int32Values: [0]}
12-30 11:16:07.287   398   464 I vw-vhal : CanSignalsAdapter::notifyVehicleProperty: solvedValue = {.timestamp = 9503109521130, .areaId = 0, .prop = 557851073, .status = AVAILABLE, .value = {.int32Values = [1]{0}, .floatValues = [0]{}, .int64Values = [0]{}, .bytes = [0]{}, .stringValue = ""}}
12-30 11:16:07.287   398   464 I VehiclePropertyStore: begin to write value to Store: {.timestamp = 9503109521130, .areaId = 0, .prop = 557851073, .status = AVAILABLE, .value = {.int32Values = [1]{0}, .floatValues = [0]{}, .int64Values = [0]{}, .bytes = [0]{}, .stringValue = ""}}
12-30 11:16:07.287   398   464 I DefaultVehicleHal_v2_0: DefaultVehicleHal::onPropertyValue, value:{.timestamp = 9503109521130, .areaId = 0, .prop = 557851073, .status = AVAILABLE, .value = {.int32Values = [1]{0}, .floatValues = [0]{}, .int64Values = [0]{}, .bytes = [0]{}, .stringValue = ""}}
12-30 11:16:07.287   398   464 D DiagPropHandler: is not DiagnosticConfig: 0x214021c1
12-30 11:16:07.288   398   464 I VehiclePropertyStore: begin to write value to Store: {.timestamp = 9503109521130, .areaId = 0, .prop = 557851073, .status = AVAILABLE, .value = {.int32Values = [1]{0}, .floatValues = [0]{}, .int64Values = [0]{}, .bytes = [0]{}, .stringValue = ""}}
12-30 11:16:07.288   398   464 D adayocomadapter-CommunicationManager: onUpstreamReceive mPropertyId 0x214021c1
12-30 11:16:07.288   398   464 D adayocomadapter-CommunicationManager: onUpstreamReceive mPropertyId 0x21402160
12-30 11:16:07.288   398   464 D adayocomadapter-CommunicationManager: convertBytesToInt32Memcpy  0
12-30 11:16:07.288   398   464 I vw-vhal : notifyVehicleProperty, propId = 0x21402160, data = {status: 2, int32Values: [0]}
12-30 11:16:07.288   398   464 I vw-vhal : CanSignalsAdapter::notifyVehicleProperty: solvedValue = {.timestamp = 9503110174797, .areaId = 0, .prop = 557850976, .status = AVAILABLE, .value = {.int32Values = [1]{0}, .floatValues = [0]{}, .int64Values = [0]{}, .bytes = [0]{}, .stringValue = ""}}
12-30 11:16:07.288   398   464 I VehiclePropertyStore: begin to write value to Store: {.timestamp = 9503110174797, .areaId = 0, .prop = 557850976, .status = AVAILABLE, .value = {.int32Values = [1]{0}, .floatValues = [0]{}, .int64Values = [0]{}, .bytes = [0]{}, .stringValue = ""}}
12-30 11:16:07.288   398   464 I DefaultVehicleHal_v2_0: DefaultVehicleHal::onPropertyValue, value:{.timestamp = 9503110174797, .areaId = 0, .prop = 557850976, .status = AVAILABLE, .value = {.int32Values = [1]{0}, .floatValues = [0]{}, .int64Values = [0]{}, .bytes = [0]{}, .stringValue = ""}}
12-30 11:16:07.288   398   464 D DiagPropHandler: is not DiagnosticConfig: 0x21402160
12-30 11:16:07.288   398   464 I VehiclePropertyStore: begin to write value to Store: {.timestamp = 9503110174797, .areaId = 0, .prop = 557850976, .status = AVAILABLE, .value = {.int32Values = [1]{0}, .floatValues = [0]{}, .int64Values = [0]{}, .bytes = [0]{}, .stringValue = ""}}
12-30 11:16:07.288   398   464 D adayocomadapter-CommunicationManager: onUpstreamReceive mPropertyId 0x21402160
12-30 11:16:07.288   650   729 D fgemcucomm: sd Uart data : 6AA602288100029202BF
12-30 11:16:07.288   398   464 D adayocomadapter-CommunicationManager: onUpstreamReceive mPropertyId 0x21402222
12-30 11:16:07.288   398   464 D adayocomadapter-CommunicationManager: convertBytesToInt32Memcpy  0
12-30 11:16:07.288   398   464 I vw-vhal : notifyVehicleProperty, propId = 0x21402222, data = {status: 2, int32Values: [0]}
12-30 11:16:07.289   398   464 I vw-vhal : CanSignalsAdapter::notifyVehicleProperty: solvedValue = {.timestamp = 9503110821797, .areaId = 0, .prop = 557851170, .status = AVAILABLE, .value = {.int32Values = [1]{0}, .floatValues = [0]{}, .int64Values = [0]{}, .bytes = [0]{}, .stringValue = ""}}
12-30 11:16:07.289   398   464 I VehiclePropertyStore: begin to write value to Store: {.timestamp = 9503110821797, .areaId = 0, .prop = 557851170, .status = AVAILABLE, .value = {.int32Values = [1]{0}, .floatValues = [0]{}, .int64Values = [0]{}, .bytes = [0]{}, .stringValue = ""}}
12-30 11:16:07.289   398   464 I DefaultVehicleHal_v2_0: DefaultVehicleHal::onPropertyValue, value:{.timestamp = 9503110821797, .areaId = 0, .prop = 557851170, .status = AVAILABLE, .value = {.int32Values = [1]{0}, .floatValues = [0]{}, .int64Values = [0]{}, .bytes = [0]{}, .stringValue = ""}}
12-30 11:16:07.289   650   729 D fgemcucomm: rev uart=78497,len=57, data : 6AA6812881003192020012000000000000000000000000000000000000000000000000000000000000000000000000000000000000000000FF
12-30 11:16:07.289   398   464 D DiagPropHandler: is not DiagnosticConfig: 0x21402222
12-30 11:16:07.289   398   464 I VehiclePropertyStore: begin to write value to Store: {.timestamp = 9503110821797, .areaId = 0, .prop = 557851170, .status = AVAILABLE, .value = {.int32Values = [1]{0}, .floatValues = [0]{}, .int64Values = [0]{}, .bytes = [0]{}, .stringValue = ""}}
12-30 11:16:07.289   398   464 D adayocomadapter-CommunicationManager: onUpstreamReceive mPropertyId 0x21402222
12-30 11:16:07.289   398   464 D adayocomadapter-CommunicationManager: onUpstreamReceive mPropertyId 0x214021c2
12-30 11:16:07.289   398   464 D adayocomadapter-CommunicationManager: convertBytesToInt32Memcpy  0
12-30 11:16:07.289   398   464 I vw-vhal : notifyVehicleProperty, propId = 0x214021c2, data = {status: 2, int32Values: [0]}
12-30 11:16:07.289   398   882 D adayocomadapter-ParseProtocolFunc: printRaWMsg Name[MCUToUPstream recv] len[49] data[92020012000000000000000000000000000000000000000000000000000000000000000000000000000000000000000000]
12-30 11:16:07.289   398   464 I vw-vhal : CanSignalsAdapter::notifyVehicleProperty: solvedValue = {.timestamp = 9503111488797, .areaId = 0, .prop = 557851074, .status = AVAILABLE, .value = {.int32Values = [1]{0}, .floatValues = [0]{}, .int64Values = [0]{}, .bytes = [0]{}, .stringValue = ""}}
12-30 11:16:07.289   398   882 D adayocomadapter-CommunicationManager: onUpstreamback   member[0] dataLength[46] timePoint[9503111]
12-30 11:16:07.289   398   464 I VehiclePropertyStore: begin to write value to Store: {.timestamp = 9503111488797, .areaId = 0, .prop = 557851074, .status = AVAILABLE, .value = {.int32Values = [1]{0}, .floatValues = [0]{}, .int64Values = [0]{}, .bytes = [0]{}, .stringValue = ""}}
12-30 11:16:07.289   398   882 D adayocomadapter-ParseProtocolFunc: printRaWMsg Name[onUpstreamback] len[46] data[12000000000000000000000000000000000000000000000000000000000000000000000000000000000000000000]
12-30 11:16:07.289   398   464 I DefaultVehicleHal_v2_0: DefaultVehicleHal::onPropertyValue, value:{.timestamp = 9503111488797, .areaId = 0, .prop = 557851074, .status = AVAILABLE, .value = {.int32Values = [1]{0}, .floatValues = [0]{}, .int64Values = [0]{}, .bytes = [0]{}, .stringValue = ""}}
12-30 11:16:07.289   398   464 D DiagPropHandler: is not DiagnosticConfig: 0x214021c2
12-30 11:16:07.290   398   464 I VehiclePropertyStore: begin to write value to Store: {.timestamp = 9503111488797, .areaId = 0, .prop = 557851074, .status = AVAILABLE, .value = {.int32Values = [1]{0}, .floatValues = [0]{}, .int64Values = [0]{}, .bytes = [0]{}, .stringValue = ""}}
12-30 11:16:07.290   398   464 D adayocomadapter-CommunicationManager: onUpstreamReceive mPropertyId 0x214021c2
12-30 11:16:07.290   398   464 D adayocomadapter-CommunicationManager: onUpstreamReceive mPropertyId 0x214021c4
12-30 11:16:07.290   398   464 D adayocomadapter-CommunicationManager: convertBytesToInt32Memcpy  0
12-30 11:16:07.290   398   464 I vw-vhal : notifyVehicleProperty, propId = 0x214021c4, data = {status: 2, int32Values: [0]}
12-30 11:16:07.290   398   464 I vw-vhal : CanSignalsAdapter::notifyVehicleProperty: solvedValue = {.timestamp = 9503112179464, .areaId = 0, .prop = 557851076, .status = AVAILABLE, .value = {.int32Values = [1]{0}, .floatValues = [0]{}, .int64Values = [0]{}, .bytes = [0]{}, .stringValue = ""}}
12-30 11:16:07.290   398   464 I VehiclePropertyStore: begin to write value to Store: {.timestamp = 9503112179464, .areaId = 0, .prop = 557851076, .status = AVAILABLE, .value = {.int32Values = [1]{0}, .floatValues = [0]{}, .int64Values = [0]{}, .bytes = [0]{}, .stringValue = ""}}
12-30 11:16:07.290   398   464 I DefaultVehicleHal_v2_0: DefaultVehicleHal::onPropertyValue, value:{.timestamp = 9503112179464, .areaId = 0, .prop = 557851076, .status = AVAILABLE, .value = {.int32Values = [1]{0}, .floatValues = [0]{}, .int64Values = [0]{}, .bytes = [0]{}, .stringValue = ""}}
12-30 11:16:07.290   398   464 D DiagPropHandler: is not DiagnosticConfig: 0x214021c4
12-30 11:16:07.290   398   464 I VehiclePropertyStore: begin to write value to Store: {.timestamp = 9503112179464, .areaId = 0, .prop = 557851076, .status = AVAILABLE, .value = {.int32Values = [1]{0}, .floatValues = [0]{}, .int64Values = [0]{}, .bytes = [0]{}, .stringValue = ""}}
12-30 11:16:07.290   398   464 D adayocomadapter-CommunicationManager: onUpstreamReceive mPropertyId 0x214021c4
12-30 11:16:07.290   398   464 D adayocomadapter-CommunicationManager: onUpstreamReceive mPropertyId 0x21402225
12-30 11:16:07.290   398   464 D adayocomadapter-CommunicationManager: convertBytesToInt32Memcpy  0
12-30 11:16:07.290   398   464 I vw-vhal : notifyVehicleProperty, propId = 0x21402225, data = {status: 2, int32Values: [0]}
12-30 11:16:07.291   398   464 I vw-vhal : CanSignalsAdapter::notifyVehicleProperty: solvedValue = {.timestamp = 9503112814464, .areaId = 0, .prop = 557851173, .status = AVAILABLE, .value = {.int32Values = [1]{0}, .floatValues = [0]{}, .int64Values = [0]{}, .bytes = [0]{}, .stringValue = ""}}
12-30 11:16:07.291   398   464 I VehiclePropertyStore: begin to write value to Store: {.timestamp = 9503112814464, .areaId = 0, .prop = 557851173, .status = AVAILABLE, .value = {.int32Values = [1]{0}, .floatValues = [0]{}, .int64Values = [0]{}, .bytes = [0]{}, .stringValue = ""}}
12-30 11:16:07.291   398   464 I DefaultVehicleHal_v2_0: DefaultVehicleHal::onPropertyValue, value:{.timestamp = 9503112814464, .areaId = 0, .prop = 557851173, .status = AVAILABLE, .value = {.int32Values = [1]{0}, .floatValues = [0]{}, .int64Values = [0]{}, .bytes = [0]{}, .stringValue = ""}}
12-30 11:16:07.291   398   464 D DiagPropHandler: is not DiagnosticConfig: 0x21402225
12-30 11:16:07.291   398   464 I VehiclePropertyStore: begin to write value to Store: {.timestamp = 9503112814464, .areaId = 0, .prop = 557851173, .status = AVAILABLE, .value = {.int32Values = [1]{0}, .floatValues = [0]{}, .int64Values = [0]{}, .bytes = [0]{}, .stringValue = ""}}
12-30 11:16:07.291   398   464 D adayocomadapter-CommunicationManager: onUpstreamReceive mPropertyId 0x21402225
12-30 11:16:07.291   398   464 D adayocomadapter-CommunicationManager: onUpstreamReceive mPropertyId 0x214021c5
12-30 11:16:07.291   398   464 D adayocomadapter-CommunicationManager: convertBytesToInt32Memcpy  0
12-30 11:16:07.291   398   464 I vw-vhal : notifyVehicleProperty, propId = 0x214021c5, data = {status: 2, int32Values: [0]}
12-30 11:16:07.291   398   464 I vw-vhal : CanSignalsAdapter::notifyVehicleProperty: solvedValue = {.timestamp = 9503113460130, .areaId = 0, .prop = 557851077, .status = AVAILABLE, .value = {.int32Values = [1]{0}, .floatValues = [0]{}, .int64Values = [0]{}, .bytes = [0]{}, .stringValue = ""}}
12-30 11:16:07.291   398   464 I VehiclePropertyStore: begin to write value to Store: {.timestamp = 9503113460130, .areaId = 0, .prop = 557851077, .status = AVAILABLE, .value = {.int32Values = [1]{0}, .floatValues = [0]{}, .int64Values = [0]{}, .bytes = [0]{}, .stringValue = ""}}
12-30 11:16:07.291   398   464 I DefaultVehicleHal_v2_0: DefaultVehicleHal::onPropertyValue, value:{.timestamp = 9503113460130, .areaId = 0, .prop = 557851077, .status = AVAILABLE, .value = {.int32Values = [1]{0}, .floatValues = [0]{}, .int64Values = [0]{}, .bytes = [0]{}, .stringValue = ""}}
12-30 11:16:07.291   398   464 D DiagPropHandler: is not DiagnosticConfig: 0x214021c5
12-30 11:16:07.291   398   464 I VehiclePropertyStore: begin to write value to Store: {.timestamp = 9503113460130, .areaId = 0, .prop = 557851077, .status = AVAILABLE, .value = {.int32Values = [1]{0}, .floatValues = [0]{}, .int64Values = [0]{}, .bytes = [0]{}, .stringValue = ""}}
12-30 11:16:07.292   398   464 D adayocomadapter-CommunicationManager: onUpstreamReceive mPropertyId 0x214021c5
12-30 11:16:07.292   398   464 D adayocomadapter-CommunicationManager: onUpstreamReceive mPropertyId 0x21402226
12-30 11:16:07.292   398   464 D adayocomadapter-CommunicationManager: convertBytesToInt32Memcpy  0
12-30 11:16:07.292   398   464 I vw-vhal : notifyVehicleProperty, propId = 0x21402226, data = {status: 2, int32Values: [0]}
12-30 11:16:07.292   398   464 I vw-vhal : CanSignalsAdapter::notifyVehicleProperty: solvedValue = {.timestamp = 9503114092797, .areaId = 0, .prop = 557851174, .status = AVAILABLE, .value = {.int32Values = [1]{0}, .floatValues = [0]{}, .int64Values = [0]{}, .bytes = [0]{}, .stringValue = ""}}
12-30 11:16:07.292   398   464 I VehiclePropertyStore: begin to write value to Store: {.timestamp = 9503114092797, .areaId = 0, .prop = 557851174, .status = AVAILABLE, .value = {.int32Values = [1]{0}, .floatValues = [0]{}, .int64Values = [0]{}, .bytes = [0]{}, .stringValue = ""}}
12-30 11:16:07.292   398   464 I DefaultVehicleHal_v2_0: DefaultVehicleHal::onPropertyValue, value:{.timestamp = 9503114092797, .areaId = 0, .prop = 557851174, .status = AVAILABLE, .value = {.int32Values = [1]{0}, .floatValues = [0]{}, .int64Values = [0]{}, .bytes = [0]{}, .stringValue = ""}}
12-30 11:16:07.292   398   464 D DiagPropHandler: is not DiagnosticConfig: 0x21402226
12-30 11:16:07.292   398   464 I VehiclePropertyStore: begin to write value to Store: {.timestamp = 9503114092797, .areaId = 0, .prop = 557851174, .status = AVAILABLE, .value = {.int32Values = [1]{0}, .floatValues = [0]{}, .int64Values = [0]{}, .bytes = [0]{}, .stringValue = ""}}
12-30 11:16:07.292   398   464 D adayocomadapter-CommunicationManager: onUpstreamReceive mPropertyId 0x21402226
12-30 11:16:07.292   398   464 D adayocomadapter-CommunicationManager: onUpstreamReceive mPropertyId 0x214021c6
12-30 11:16:07.292   398   464 D adayocomadapter-CommunicationManager: convertBytesToInt32Memcpy  0
12-30 11:16:07.292   398   464 I vw-vhal : notifyVehicleProperty, propId = 0x214021c6, data = {status: 2, int32Values: [0]}
12-30 11:16:07.292   398   464 I vw-vhal : CanSignalsAdapter::notifyVehicleProperty: solvedValue = {.timestamp = 9503114740130, .areaId = 0, .prop = 557851078, .status = AVAILABLE, .value = {.int32Values = [1]{0}, .floatValues = [0]{}, .int64Values = [0]{}, .bytes = [0]{}, .stringValue = ""}}
12-30 11:16:07.293   398   464 I VehiclePropertyStore: begin to write value to Store: {.timestamp = 9503114740130, .areaId = 0, .prop = 557851078, .status = AVAILABLE, .value = {.int32Values = [1]{0}, .floatValues = [0]{}, .int64Values = [0]{}, .bytes = [0]{}, .stringValue = ""}}
12-30 11:16:07.293   398   464 I DefaultVehicleHal_v2_0: DefaultVehicleHal::onPropertyValue, value:{.timestamp = 9503114740130, .areaId = 0, .prop = 557851078, .status = AVAILABLE, .value = {.int32Values = [1]{0}, .floatValues = [0]{}, .int64Values = [0]{}, .bytes = [0]{}, .stringValue = ""}}
12-30 11:16:07.293   398   464 D DiagPropHandler: is not DiagnosticConfig: 0x214021c6
12-30 11:16:07.293   398   464 I VehiclePropertyStore: begin to write value to Store: {.timestamp = 9503114740130, .areaId = 0, .prop = 557851078, .status = AVAILABLE, .value = {.int32Values = [1]{0}, .floatValues = [0]{}, .int64Values = [0]{}, .bytes = [0]{}, .stringValue = ""}}
12-30 11:16:07.293   398   464 D adayocomadapter-CommunicationManager: onUpstreamReceive mPropertyId 0x214021c6
12-30 11:16:07.293   398   464 D adayocomadapter-CommunicationManager: onUpstreamReceive mPropertyId 0x21402227
12-30 11:16:07.293   398   464 D adayocomadapter-CommunicationManager: convertBytesToInt32Memcpy  0
12-30 11:16:07.293   398   464 I vw-vhal : notifyVehicleProperty, propId = 0x21402227, data = {status: 2, int32Values: [0]}
12-30 11:16:07.293   398   464 I vw-vhal : CanSignalsAdapter::notifyVehicleProperty: solvedValue = {.timestamp = 9503115400464, .areaId = 0, .prop = 557851175, .status = AVAILABLE, .value = {.int32Values = [1]{0}, .floatValues = [0]{}, .int64Values = [0]{}, .bytes = [0]{}, .stringValue = ""}}
12-30 11:16:07.293   398   464 I VehiclePropertyStore: begin to write value to Store: {.timestamp = 9503115400464, .areaId = 0, .prop = 557851175, .status = AVAILABLE, .value = {.int32Values = [1]{0}, .floatValues = [0]{}, .int64Values = [0]{}, .bytes = [0]{}, .stringValue = ""}}
12-30 11:16:07.293   398   464 I DefaultVehicleHal_v2_0: DefaultVehicleHal::onPropertyValue, value:{.timestamp = 9503115400464, .areaId = 0, .prop = 557851175, .status = AVAILABLE, .value = {.int32Values = [1]{0}, .floatValues = [0]{}, .int64Values = [0]{}, .bytes = [0]{}, .stringValue = ""}}
12-30 11:16:07.293   398   464 D DiagPropHandler: is not DiagnosticConfig: 0x21402227
12-30 11:16:07.293   398   464 I VehiclePropertyStore: begin to write value to Store: {.timestamp = 9503115400464, .areaId = 0, .prop = 557851175, .status = AVAILABLE, .value = {.int32Values = [1]{0}, .floatValues = [0]{}, .int64Values = [0]{}, .bytes = [0]{}, .stringValue = ""}}
12-30 11:16:07.293   398   464 D adayocomadapter-CommunicationManager: onUpstreamReceive mPropertyId 0x21402227
12-30 11:16:07.294   398   464 D adayocomadapter-CommunicationManager: onUpstreamReceive mPropertyId 0x214021d3
12-30 11:16:07.294   398   464 D adayocomadapter-CommunicationManager: convertBytesToInt32Memcpy  0
12-30 11:16:07.294   398   464 I vw-vhal : notifyVehicleProperty, propId = 0x214021d3, data = {status: 2, int32Values: [0]}
12-30 11:16:07.294   398   464 I vw-vhal : CanSignalsAdapter::notifyVehicleProperty: solvedValue = {.timestamp = 9503116068130, .areaId = 0, .prop = 557851091, .status = AVAILABLE, .value = {.int32Values = [1]{0}, .floatValues = [0]{}, .int64Values = [0]{}, .bytes = [0]{}, .stringValue = ""}}
12-30 11:16:07.294   398   464 I VehiclePropertyStore: begin to write value to Store: {.timestamp = 9503116068130, .areaId = 0, .prop = 557851091, .status = AVAILABLE, .value = {.int32Values = [1]{0}, .floatValues = [0]{}, .int64Values = [0]{}, .bytes = [0]{}, .stringValue = ""}}
12-30 11:16:07.294   398   464 I DefaultVehicleHal_v2_0: DefaultVehicleHal::onPropertyValue, value:{.timestamp = 9503116068130, .areaId = 0, .prop = 557851091, .status = AVAILABLE, .value = {.int32Values = [1]{0}, .floatValues = [0]{}, .int64Values = [0]{}, .bytes = [0]{}, .stringValue = ""}}
12-30 11:16:07.294   398   464 D DiagPropHandler: is not DiagnosticConfig: 0x214021d3
12-30 11:16:07.294   398   464 I VehiclePropertyStore: begin to write value to Store: {.timestamp = 9503116068130, .areaId = 0, .prop = 557851091, .status = AVAILABLE, .value = {.int32Values = [1]{0}, .floatValues = [0]{}, .int64Values = [0]{}, .bytes = [0]{}, .stringValue = ""}}
12-30 11:16:07.294   398   464 D adayocomadapter-CommunicationManager: onUpstreamReceive mPropertyId 0x214021d3
12-30 11:16:07.294   398   464 D adayocomadapter-CommunicationManager: onUpstreamReceive mPropertyId 0x21402234
12-30 11:16:07.294   398   464 D adayocomadapter-CommunicationManager: convertBytesToInt32Memcpy  0
12-30 11:16:07.294   398   464 I vw-vhal : notifyVehicleProperty, propId = 0x21402234, data = {status: 2, int32Values: [0]}
12-30 11:16:07.294   398   464 I vw-vhal : CanSignalsAdapter::notifyVehicleProperty: solvedValue = {.timestamp = 9503116701464, .areaId = 0, .prop = 557851188, .status = AVAILABLE, .value = {.int32Values = [1]{0}, .floatValues = [0]{}, .int64Values = [0]{}, .bytes = [0]{}, .stringValue = ""}}
12-30 11:16:07.294   398   464 I VehiclePropertyStore: begin to write value to Store: {.timestamp = 9503116701464, .areaId = 0, .prop = 557851188, .status = AVAILABLE, .value = {.int32Values = [1]{0}, .floatValues = [0]{}, .int64Values = [0]{}, .bytes = [0]{}, .stringValue = ""}}
12-30 11:16:07.295   398   464 I DefaultVehicleHal_v2_0: DefaultVehicleHal::onPropertyValue, value:{.timestamp = 9503116701464, .areaId = 0, .prop = 557851188, .status = AVAILABLE, .value = {.int32Values = [1]{0}, .floatValues = [0]{}, .int64Values = [0]{}, .bytes = [0]{}, .stringValue = ""}}
12-30 11:16:07.295   398   464 D DiagPropHandler: is not DiagnosticConfig: 0x21402234
12-30 11:16:07.295   398   464 I VehiclePropertyStore: begin to write value to Store: {.timestamp = 9503116701464, .areaId = 0, .prop = 557851188, .status = AVAILABLE, .value = {.int32Values = [1]{0}, .floatValues = [0]{}, .int64Values = [0]{}, .bytes = [0]{}, .stringValue = ""}}
12-30 11:16:07.295   398   464 D adayocomadapter-CommunicationManager: onUpstreamReceive mPropertyId 0x21402234
12-30 11:16:07.295   398   464 D adayocomadapter-CommunicationManager: onUpstreamReceive mPropertyId 0x214021d4
12-30 11:16:07.295   398   464 D adayocomadapter-CommunicationManager: convertBytesToInt32Memcpy  0
12-30 11:16:07.295   398   464 I vw-vhal : notifyVehicleProperty, propId = 0x214021d4, data = {status: 2, int32Values: [0]}
12-30 11:16:07.295   398   464 I vw-vhal : CanSignalsAdapter::notifyVehicleProperty: solvedValue = {.timestamp = 9503117334797, .areaId = 0, .prop = 557851092, .status = AVAILABLE, .value = {.int32Values = [1]{0}, .floatValues = [0]{}, .int64Values = [0]{}, .bytes = [0]{}, .stringValue = ""}}
12-30 11:16:07.295   398   464 I VehiclePropertyStore: begin to write value to Store: {.timestamp = 9503117334797, .areaId = 0, .prop = 557851092, .status = AVAILABLE, .value = {.int32Values = [1]{0}, .floatValues = [0]{}, .int64Values = [0]{}, .bytes = [0]{}, .stringValue = ""}}
12-30 11:16:07.295   398   464 I DefaultVehicleHal_v2_0: DefaultVehicleHal::onPropertyValue, value:{.timestamp = 9503117334797, .areaId = 0, .prop = 557851092, .status = AVAILABLE, .value = {.int32Values = [1]{0}, .floatValues = [0]{}, .int64Values = [0]{}, .bytes = [0]{}, .stringValue = ""}}
12-30 11:16:07.295   398   464 D DiagPropHandler: is not DiagnosticConfig: 0x214021d4
12-30 11:16:07.295   398   464 I VehiclePropertyStore: begin to write value to Store: {.timestamp = 9503117334797, .areaId = 0, .prop = 557851092, .status = AVAILABLE, .value = {.int32Values = [1]{0}, .floatValues = [0]{}, .int64Values = [0]{}, .bytes = [0]{}, .stringValue = ""}}
12-30 11:16:07.295   398   464 D adayocomadapter-CommunicationManager: onUpstreamReceive mPropertyId 0x214021d4
12-30 11:16:07.295   398   464 D adayocomadapter-CommunicationManager: onUpstreamReceive mPropertyId 0x21402235
12-30 11:16:07.296   398   464 D adayocomadapter-CommunicationManager: convertBytesToInt32Memcpy  0
12-30 11:16:07.296   398   464 I vw-vhal : notifyVehicleProperty, propId = 0x21402235, data = {status: 2, int32Values: [0]}
12-30 11:16:07.296   398   464 I vw-vhal : CanSignalsAdapter::notifyVehicleProperty: solvedValue = {.timestamp = 9503118004464, .areaId = 0, .prop = 557851189, .status = AVAILABLE, .value = {.int32Values = [1]{0}, .floatValues = [0]{}, .int64Values = [0]{}, .bytes = [0]{}, .stringValue = ""}}
12-30 11:16:07.296   398   464 I VehiclePropertyStore: begin to write value to Store: {.timestamp = 9503118004464, .areaId = 0, .prop = 557851189, .status = AVAILABLE, .value = {.int32Values = [1]{0}, .floatValues = [0]{}, .int64Values = [0]{}, .bytes = [0]{}, .stringValue = ""}}
12-30 11:16:07.296   398   464 I DefaultVehicleHal_v2_0: DefaultVehicleHal::onPropertyValue, value:{.timestamp = 9503118004464, .areaId = 0, .prop = 557851189, .status = AVAILABLE, .value = {.int32Values = [1]{0}, .floatValues = [0]{}, .int64Values = [0]{}, .bytes = [0]{}, .stringValue = ""}}
12-30 11:16:07.296   398   464 D DiagPropHandler: is not DiagnosticConfig: 0x21402235
12-30 11:16:07.296   398   464 I VehiclePropertyStore: begin to write value to Store: {.timestamp = 9503118004464, .areaId = 0, .prop = 557851189, .status = AVAILABLE, .value = {.int32Values = [1]{0}, .floatValues = [0]{}, .int64Values = [0]{}, .bytes = [0]{}, .stringValue = ""}}
12-30 11:16:07.296   398   464 D adayocomadapter-CommunicationManager: onUpstreamReceive mPropertyId 0x21402235
12-30 11:16:07.296   398   464 D adayocomadapter-CommunicationManager: onUpstreamReceive mPropertyId 0x21402228
12-30 11:16:07.296   398   464 D adayocomadapter-CommunicationManager: convertBytesToInt32Memcpy  0
12-30 11:16:07.296   398   464 I vw-vhal : notifyVehicleProperty, propId = 0x21402228, data = {status: 2, int32Values: [0]}
12-30 11:16:07.296   398   464 I vw-vhal : CanSignalsAdapter::notifyVehicleProperty: solvedValue = {.timestamp = 9503118653797, .areaId = 0, .prop = 557851176, .status = AVAILABLE, .value = {.int32Values = [1]{0}, .floatValues = [0]{}, .int64Values = [0]{}, .bytes = [0]{}, .stringValue = ""}}
12-30 11:16:07.296   398   464 I VehiclePropertyStore: begin to write value to Store: {.timestamp = 9503118653797, .areaId = 0, .prop = 557851176, .status = AVAILABLE, .value = {.int32Values = [1]{0}, .floatValues = [0]{}, .int64Values = [0]{}, .bytes = [0]{}, .stringValue = ""}}
12-30 11:16:07.297   398   464 I DefaultVehicleHal_v2_0: DefaultVehicleHal::onPropertyValue, value:{.timestamp = 9503118653797, .areaId = 0, .prop = 557851176, .status = AVAILABLE, .value = {.int32Values = [1]{0}, .floatValues = [0]{}, .int64Values = [0]{}, .bytes = [0]{}, .stringValue = ""}}
12-30 11:16:07.297   398   464 D DiagPropHandler: is not DiagnosticConfig: 0x21402228
12-30 11:16:07.297   398   464 I VehiclePropertyStore: begin to write value to Store: {.timestamp = 9503118653797, .areaId = 0, .prop = 557851176, .status = AVAILABLE, .value = {.int32Values = [1]{0}, .floatValues = [0]{}, .int64Values = [0]{}, .bytes = [0]{}, .stringValue = ""}}
12-30 11:16:07.297   398   464 D adayocomadapter-CommunicationManager: onUpstreamReceive mPropertyId 0x21402228
12-30 11:16:07.297   398   464 D adayocomadapter-CommunicationManager: onUpstreamReceive mPropertyId 0x21402229
12-30 11:16:07.297   398   464 D adayocomadapter-CommunicationManager: convertBytesToInt32Memcpy  0
12-30 11:16:07.297   398   464 I vw-vhal : notifyVehicleProperty, propId = 0x21402229, data = {status: 2, int32Values: [0]}
12-30 11:16:07.297   398   464 I vw-vhal : CanSignalsAdapter::notifyVehicleProperty: solvedValue = {.timestamp = 9503119314130, .areaId = 0, .prop = 557851177, .status = AVAILABLE, .value = {.int32Values = [1]{0}, .floatValues = [0]{}, .int64Values = [0]{}, .bytes = [0]{}, .stringValue = ""}}
12-30 11:16:07.297   398   464 I VehiclePropertyStore: begin to write value to Store: {.timestamp = 9503119314130, .areaId = 0, .prop = 557851177, .status = AVAILABLE, .value = {.int32Values = [1]{0}, .floatValues = [0]{}, .int64Values = [0]{}, .bytes = [0]{}, .stringValue = ""}}
12-30 11:16:07.297   398   464 I DefaultVehicleHal_v2_0: DefaultVehicleHal::onPropertyValue, value:{.timestamp = 9503119314130, .areaId = 0, .prop = 557851177, .status = AVAILABLE, .value = {.int32Values = [1]{0}, .floatValues = [0]{}, .int64Values = [0]{}, .bytes = [0]{}, .stringValue = ""}}
12-30 11:16:07.297   398   464 D DiagPropHandler: is not DiagnosticConfig: 0x21402229
12-30 11:16:07.297   398   464 I VehiclePropertyStore: begin to write value to Store: {.timestamp = 9503119314130, .areaId = 0, .prop = 557851177, .status = AVAILABLE, .value = {.int32Values = [1]{0}, .floatValues = [0]{}, .int64Values = [0]{}, .bytes = [0]{}, .stringValue = ""}}
12-30 11:16:07.297   398   464 D adayocomadapter-CommunicationManager: onUpstreamReceive mPropertyId 0x21402229
12-30 11:16:07.297   398   464 D adayocomadapter-CommunicationManager: onUpstreamReceive mPropertyId 0x21402236
12-30 11:16:07.297   398   464 D adayocomadapter-CommunicationManager: convertBytesToInt32Memcpy  0
12-30 11:16:07.298   398   464 I vw-vhal : notifyVehicleProperty, propId = 0x21402236, data = {status: 2, int32Values: [0]}
12-30 11:16:07.298   398   464 I vw-vhal : CanSignalsAdapter::notifyVehicleProperty: solvedValue = {.timestamp = 9503119951130, .areaId = 0, .prop = 557851190, .status = AVAILABLE, .value = {.int32Values = [1]{0}, .floatValues = [0]{}, .int64Values = [0]{}, .bytes = [0]{}, .stringValue = ""}}
12-30 11:16:07.298   398   464 I VehiclePropertyStore: begin to write value to Store: {.timestamp = 9503119951130, .areaId = 0, .prop = 557851190, .status = AVAILABLE, .value = {.int32Values = [1]{0}, .floatValues = [0]{}, .int64Values = [0]{}, .bytes = [0]{}, .stringValue = ""}}
12-30 11:16:07.298   398   464 I DefaultVehicleHal_v2_0: DefaultVehicleHal::onPropertyValue, value:{.timestamp = 9503119951130, .areaId = 0, .prop = 557851190, .status = AVAILABLE, .value = {.int32Values = [1]{0}, .floatValues = [0]{}, .int64Values = [0]{}, .bytes = [0]{}, .stringValue = ""}}
12-30 11:16:07.298   398   464 D DiagPropHandler: is not DiagnosticConfig: 0x21402236
12-30 11:16:07.298   398   464 I VehiclePropertyStore: begin to write value to Store: {.timestamp = 9503119951130, .areaId = 0, .prop = 557851190, .status = AVAILABLE, .value = {.int32Values = [1]{0}, .floatValues = [0]{}, .int64Values = [0]{}, .bytes = [0]{}, .stringValue = ""}}
12-30 11:16:07.298   398   464 D adayocomadapter-CommunicationManager: onUpstreamReceive mPropertyId 0x21402236
12-30 11:16:07.298   398   464 D adayocomadapter-CommunicationManager: onUpstreamReceive mPropertyId 0x21402237
12-30 11:16:07.298   360   931 D EvsDriver: forwardFrame
12-30 11:16:07.298   398   464 D adayocomadapter-CommunicationManager: convertBytesToInt32Memcpy  0
12-30 11:16:07.298   360   931 D EvsDriver: forwardFrameDirect
12-30 11:16:07.298   398   464 I vw-vhal : notifyVehicleProperty, propId = 0x21402237, data = {status: 2, int32Values: [0]}
12-30 11:16:07.298   398   464 I vw-vhal : CanSignalsAdapter::notifyVehicleProperty: solvedValue = {.timestamp = 9503120711130, .areaId = 0, .prop = 557851191, .status = AVAILABLE, .value = {.int32Values = [1]{0}, .floatValues = [0]{}, .int64Values = [0]{}, .bytes = [0]{}, .stringValue = ""}}
12-30 11:16:07.298   398   464 I VehiclePropertyStore: begin to write value to Store: {.timestamp = 9503120711130, .areaId = 0, .prop = 557851191, .status = AVAILABLE, .value = {.int32Values = [1]{0}, .floatValues = [0]{}, .int64Values = [0]{}, .bytes = [0]{}, .stringValue = ""}}
12-30 11:16:07.299   398   464 I DefaultVehicleHal_v2_0: DefaultVehicleHal::onPropertyValue, value:{.timestamp = 9503120711130, .areaId = 0, .prop = 557851191, .status = AVAILABLE, .value = {.int32Values = [1]{0}, .floatValues = [0]{}, .int64Values = [0]{}, .bytes = [0]{}, .stringValue = ""}}
12-30 11:16:07.299   360   931 D EvsDriver: Delivered 0xb400e2ca9e40e110 as id 0
12-30 11:16:07.299   398   464 D DiagPropHandler: is not DiagnosticConfig: 0x21402237
12-30 11:16:07.299   398   464 I VehiclePropertyStore: begin to write value to Store: {.timestamp = 9503120711130, .areaId = 0, .prop = 557851191, .status = AVAILABLE, .value = {.int32Values = [1]{0}, .floatValues = [0]{}, .int64Values = [0]{}, .bytes = [0]{}, .stringValue = ""}}
12-30 11:16:07.299   398   464 D adayocomadapter-CommunicationManager: onUpstreamReceive mPropertyId 0x21402237
12-30 11:16:07.299   359  2784 D evsmanagerd: /dev/video-evs0 forwarded the buffer #0 to 0xb400f125d2b26dd0 from 0xb400f125e2b20710
12-30 11:16:07.299   398   464 D adayocomadapter-CommunicationManager: onUpstreamReceive mPropertyId 0x21402238
12-30 11:16:07.299   398   464 D adayocomadapter-CommunicationManager: convertBytesToInt32Memcpy  0
12-30 11:16:07.299   398   464 I vw-vhal : notifyVehicleProperty, propId = 0x21402238, data = {status: 2, int32Values: [0]}
12-30 11:16:07.299   398   464 I vw-vhal : CanSignalsAdapter::notifyVehicleProperty: solvedValue = {.timestamp = 9503121368797, .areaId = 0, .prop = 557851192, .status = AVAILABLE, .value = {.int32Values = [1]{0}, .floatValues = [0]{}, .int64Values = [0]{}, .bytes = [0]{}, .stringValue = ""}}
12-30 11:16:07.299   398   464 I VehiclePropertyStore: begin to write value to Store: {.timestamp = 9503121368797, .areaId = 0, .prop = 557851192, .status = AVAILABLE, .value = {.int32Values = [1]{0}, .floatValues = [0]{}, .int64Values = [0]{}, .bytes = [0]{}, .stringValue = ""}}
12-30 11:16:07.299   398   464 I DefaultVehicleHal_v2_0: DefaultVehicleHal::onPropertyValue, value:{.timestamp = 9503121368797, .areaId = 0, .prop = 557851192, .status = AVAILABLE, .value = {.int32Values = [1]{0}, .floatValues = [0]{}, .int64Values = [0]{}, .bytes = [0]{}, .stringValue = ""}}
12-30 11:16:07.299   398   464 D DiagPropHandler: is not DiagnosticConfig: 0x21402238
12-30 11:16:07.299   398   464 I VehiclePropertyStore: begin to write value to Store: {.timestamp = 9503121368797, .areaId = 0, .prop = 557851192, .status = AVAILABLE, .value = {.int32Values = [1]{0}, .floatValues = [0]{}, .int64Values = [0]{}, .bytes = [0]{}, .stringValue = ""}}
12-30 11:16:07.299   398   464 D adayocomadapter-CommunicationManager: onUpstreamReceive mPropertyId 0x21402238
12-30 11:16:07.299   398   464 D adayocomadapter-CommunicationManager: onUpstreamReceive mPropertyId 0x21402239
12-30 11:16:07.300   398   464 D adayocomadapter-CommunicationManager: convertBytesToInt32Memcpy  0
12-30 11:16:07.300   398   464 I vw-vhal : notifyVehicleProperty, propId = 0x21402239, data = {status: 2, int32Values: [0]}
12-30 11:16:07.300   398   464 I vw-vhal : CanSignalsAdapter::notifyVehicleProperty: solvedValue = {.timestamp = 9503122026464, .areaId = 0, .prop = 557851193, .status = AVAILABLE, .value = {.int32Values = [1]{0}, .floatValues = [0]{}, .int64Values = [0]{}, .bytes = [0]{}, .stringValue = ""}}
12-30 11:16:07.300   398   464 I VehiclePropertyStore: begin to write value to Store: {.timestamp = 9503122026464, .areaId = 0, .prop = 557851193, .status = AVAILABLE, .value = {.int32Values = [1]{0}, .floatValues = [0]{}, .int64Values = [0]{}, .bytes = [0]{}, .stringValue = ""}}
12-30 11:16:07.300   398   464 I DefaultVehicleHal_v2_0: DefaultVehicleHal::onPropertyValue, value:{.timestamp = 9503122026464, .areaId = 0, .prop = 557851193, .status = AVAILABLE, .value = {.int32Values = [1]{0}, .floatValues = [0]{}, .int64Values = [0]{}, .bytes = [0]{}, .stringValue = ""}}
12-30 11:16:07.300   398   464 D DiagPropHandler: is not DiagnosticConfig: 0x21402239
12-30 11:16:07.300   398   464 I VehiclePropertyStore: begin to write value to Store: {.timestamp = 9503122026464, .areaId = 0, .prop = 557851193, .status = AVAILABLE, .value = {.int32Values = [1]{0}, .floatValues = [0]{}, .int64Values = [0]{}, .bytes = [0]{}, .stringValue = ""}}
12-30 11:16:07.300   398   464 D adayocomadapter-CommunicationManager: onUpstreamReceive mPropertyId 0x21402239
12-30 11:16:07.300   398   464 D adayocomadapter-CommunicationManager: onUpstreamReceive mPropertyId 0x2140223a
12-30 11:16:07.300   398   464 D adayocomadapter-CommunicationManager: convertBytesToInt32Memcpy  0
12-30 11:16:07.300   398   464 I vw-vhal : notifyVehicleProperty, propId = 0x2140223a, data = {status: 2, int32Values: [0]}
12-30 11:16:07.300   398   464 I vw-vhal : CanSignalsAdapter::notifyVehicleProperty: solvedValue = {.timestamp = 9503122692130, .areaId = 0, .prop = 557851194, .status = AVAILABLE, .value = {.int32Values = [1]{0}, .floatValues = [0]{}, .int64Values = [0]{}, .bytes = [0]{}, .stringValue = ""}}
12-30 11:16:07.300   398   464 I VehiclePropertyStore: begin to write value to Store: {.timestamp = 9503122692130, .areaId = 0, .prop = 557851194, .status = AVAILABLE, .value = {.int32Values = [1]{0}, .floatValues = [0]{}, .int64Values = [0]{}, .bytes = [0]{}, .stringValue = ""}}
12-30 11:16:07.301   398   464 I DefaultVehicleHal_v2_0: DefaultVehicleHal::onPropertyValue, value:{.timestamp = 9503122692130, .areaId = 0, .prop = 557851194, .status = AVAILABLE, .value = {.int32Values = [1]{0}, .floatValues = [0]{}, .int64Values = [0]{}, .bytes = [0]{}, .stringValue = ""}}
12-30 11:16:07.301   398   464 D DiagPropHandler: is not DiagnosticConfig: 0x2140223a
12-30 11:16:07.301   398   464 I VehiclePropertyStore: begin to write value to Store: {.timestamp = 9503122692130, .areaId = 0, .prop = 557851194, .status = AVAILABLE, .value = {.int32Values = [1]{0}, .floatValues = [0]{}, .int64Values = [0]{}, .bytes = [0]{}, .stringValue = ""}}
12-30 11:16:07.301   398   464 D adayocomadapter-CommunicationManager: onUpstreamReceive mPropertyId 0x2140223a
12-30 11:16:07.301   398   464 D adayocomadapter-CommunicationManager: onUpstreamReceive mPropertyId 0x2140223b
12-30 11:16:07.301   398   464 D adayocomadapter-CommunicationManager: convertBytesToInt32Memcpy  0
12-30 11:16:07.301   398   464 I vw-vhal : notifyVehicleProperty, propId = 0x2140223b, data = {status: 2, int32Values: [0]}
12-30 11:16:07.301   398   464 I vw-vhal : CanSignalsAdapter::notifyVehicleProperty: solvedValue = {.timestamp = 9503123408464, .areaId = 0, .prop = 557851195, .status = AVAILABLE, .value = {.int32Values = [1]{0}, .floatValues = [0]{}, .int64Values = [0]{}, .bytes = [0]{}, .stringValue = ""}}
12-30 11:16:07.301   398   464 I VehiclePropertyStore: begin to write value to Store: {.timestamp = 9503123408464, .areaId = 0, .prop = 557851195, .status = AVAILABLE, .value = {.int32Values = [1]{0}, .floatValues = [0]{}, .int64Values = [0]{}, .bytes = [0]{}, .stringValue = ""}}
12-30 11:16:07.301   398   464 I DefaultVehicleHal_v2_0: DefaultVehicleHal::onPropertyValue, value:{.timestamp = 9503123408464, .areaId = 0, .prop = 557851195, .status = AVAILABLE, .value = {.int32Values = [1]{0}, .floatValues = [0]{}, .int64Values = [0]{}, .bytes = [0]{}, .stringValue = ""}}
12-30 11:16:07.301   398   464 D DiagPropHandler: is not DiagnosticConfig: 0x2140223b
12-30 11:16:07.301   398   464 I VehiclePropertyStore: begin to write value to Store: {.timestamp = 9503123408464, .areaId = 0, .prop = 557851195, .status = AVAILABLE, .value = {.int32Values = [1]{0}, .floatValues = [0]{}, .int64Values = [0]{}, .bytes = [0]{}, .stringValue = ""}}
12-30 11:16:07.302   398   464 D adayocomadapter-CommunicationManager: onUpstreamReceive mPropertyId 0x2140223b
12-30 11:16:07.302   398   464 D adayocomadapter-CommunicationManager: onUpstreamReceive mPropertyId 0x2140223c
12-30 11:16:07.302   398   464 D adayocomadapter-CommunicationManager: convertBytesToInt32Memcpy  0
12-30 11:16:07.302   398   464 I vw-vhal : notifyVehicleProperty, propId = 0x2140223c, data = {status: 2, int32Values: [0]}
12-30 11:16:07.302   398   464 I vw-vhal : CanSignalsAdapter::notifyVehicleProperty: solvedValue = {.timestamp = 9503124128797, .areaId = 0, .prop = 557851196, .status = AVAILABLE, .value = {.int32Values = [1]{0}, .floatValues = [0]{}, .int64Values = [0]{}, .bytes = [0]{}, .stringValue = ""}}
12-30 11:16:07.302   398   464 I VehiclePropertyStore: begin to write value to Store: {.timestamp = 9503124128797, .areaId = 0, .prop = 557851196, .status = AVAILABLE, .value = {.int32Values = [1]{0}, .floatValues = [0]{}, .int64Values = [0]{}, .bytes = [0]{}, .stringValue = ""}}
12-30 11:16:07.302   398   464 I DefaultVehicleHal_v2_0: DefaultVehicleHal::onPropertyValue, value:{.timestamp = 9503124128797, .areaId = 0, .prop = 557851196, .status = AVAILABLE, .value = {.int32Values = [1]{0}, .floatValues = [0]{}, .int64Values = [0]{}, .bytes = [0]{}, .stringValue = ""}}
12-30 11:16:07.302   398   464 D DiagPropHandler: is not DiagnosticConfig: 0x2140223c
12-30 11:16:07.302   398   464 I VehiclePropertyStore: begin to write value to Store: {.timestamp = 9503124128797, .areaId = 0, .prop = 557851196, .status = AVAILABLE, .value = {.int32Values = [1]{0}, .floatValues = [0]{}, .int64Values = [0]{}, .bytes = [0]{}, .stringValue = ""}}
12-30 11:16:07.302   398   464 D adayocomadapter-CommunicationManager: onUpstreamReceive mPropertyId 0x2140223c
12-30 11:16:07.302   398   464 D adayocomadapter-CommunicationManager: onUpstreamReceive mPropertyId 0x21402241
12-30 11:16:07.302   360   458 D EvsDriver: doneWithFrame
12-30 11:16:07.302   398   464 D adayocomadapter-CommunicationManager: convertBytesToInt32Memcpy  0
12-30 11:16:07.302   398   464 I vw-vhal : notifyVehicleProperty, propId = 0x21402241, data = {status: 2, int32Values: [0]}
12-30 11:16:07.302   398   464 I vw-vhal : CanSignalsAdapter::notifyVehicleProperty: solvedValue = {.timestamp = 9503124777130, .areaId = 0, .prop = 557851201, .status = AVAILABLE, .value = {.int32Values = [1]{0}, .floatValues = [0]{}, .int64Values = [0]{}, .bytes = [0]{}, .stringValue = ""}}
12-30 11:16:07.303   398   464 I VehiclePropertyStore: begin to write value to Store: {.timestamp = 9503124777130, .areaId = 0, .prop = 557851201, .status = AVAILABLE, .value = {.int32Values = [1]{0}, .floatValues = [0]{}, .int64Values = [0]{}, .bytes = [0]{}, .stringValue = ""}}
12-30 11:16:07.303   398   464 I DefaultVehicleHal_v2_0: DefaultVehicleHal::onPropertyValue, value:{.timestamp = 9503124777130, .areaId = 0, .prop = 557851201, .status = AVAILABLE, .value = {.int32Values = [1]{0}, .floatValues = [0]{}, .int64Values = [0]{}, .bytes = [0]{}, .stringValue = ""}}
12-30 11:16:07.303   398   464 D DiagPropHandler: is not DiagnosticConfig: 0x21402241
12-30 11:16:07.303   398   464 I VehiclePropertyStore: begin to write value to Store: {.timestamp = 9503124777130, .areaId = 0, .prop = 557851201, .status = AVAILABLE, .value = {.int32Values = [1]{0}, .floatValues = [0]{}, .int64Values = [0]{}, .bytes = [0]{}, .stringValue = ""}}
12-30 11:16:07.303   398   464 D adayocomadapter-CommunicationManager: onUpstreamReceive mPropertyId 0x21402241
12-30 11:16:07.303   596  3076 E WifiHAL : Invalid data received from driver
12-30 11:16:07.303   398   464 D adayocomadapter-CommunicationManager: onUpstreamReceive mPropertyId 0x21402242
12-30 11:16:07.303   398   464 D adayocomadapter-CommunicationManager: convertBytesToInt32Memcpy  0
12-30 11:16:07.303   398   464 I vw-vhal : notifyVehicleProperty, propId = 0x21402242, data = {status: 2, int32Values: [0]}
12-30 11:16:07.303   398   464 I vw-vhal : CanSignalsAdapter::notifyVehicleProperty: solvedValue = {.timestamp = 9503125466130, .areaId = 0, .prop = 557851202, .status = AVAILABLE, .value = {.int32Values = [1]{0}, .floatValues = [0]{}, .int64Values = [0]{}, .bytes = [0]{}, .stringValue = ""}}
12-30 11:16:07.303   398   464 I VehiclePropertyStore: begin to write value to Store: {.timestamp = 9503125466130, .areaId = 0, .prop = 557851202, .status = AVAILABLE, .value = {.int32Values = [1]{0}, .floatValues = [0]{}, .int64Values = [0]{}, .bytes = [0]{}, .stringValue = ""}}
12-30 11:16:07.303   398   464 I DefaultVehicleHal_v2_0: DefaultVehicleHal::onPropertyValue, value:{.timestamp = 9503125466130, .areaId = 0, .prop = 557851202, .status = AVAILABLE, .value = {.int32Values = [1]{0}, .floatValues = [0]{}, .int64Values = [0]{}, .bytes = [0]{}, .stringValue = ""}}
12-30 11:16:07.303   398   464 D DiagPropHandler: is not DiagnosticConfig: 0x21402242
12-30 11:16:07.303   398   464 I VehiclePropertyStore: begin to write value to Store: {.timestamp = 9503125466130, .areaId = 0, .prop = 557851202, .status = AVAILABLE, .value = {.int32Values = [1]{0}, .floatValues = [0]{}, .int64Values = [0]{}, .bytes = [0]{}, .stringValue = ""}}
12-30 11:16:07.304   398   464 D adayocomadapter-CommunicationManager: onUpstreamReceive mPropertyId 0x21402242
12-30 11:16:07.304   398   464 D adayocomadapter-CommunicationManager: onUpstreamReceive mPropertyId 0x214021e1
12-30 11:16:07.304   398   464 D adayocomadapter-CommunicationManager: convertBytesToInt32Memcpy  0
12-30 11:16:07.304   398   464 I vw-vhal : notifyVehicleProperty, propId = 0x214021e1, data = {status: 2, int32Values: [0]}
12-30 11:16:07.304   398   464 I vw-vhal : CanSignalsAdapter::notifyVehicleProperty: solvedValue = {.timestamp = 9503126124797, .areaId = 0, .prop = 557851105, .status = AVAILABLE, .value = {.int32Values = [1]{0}, .floatValues = [0]{}, .int64Values = [0]{}, .bytes = [0]{}, .stringValue = ""}}
12-30 11:16:07.304   398   464 I VehiclePropertyStore: begin to write value to Store: {.timestamp = 9503126124797, .areaId = 0, .prop = 557851105, .status = AVAILABLE, .value = {.int32Values = [1]{0}, .floatValues = [0]{}, .int64Values = [0]{}, .bytes = [0]{}, .stringValue = ""}}
12-30 11:16:07.304   398   464 I DefaultVehicleHal_v2_0: DefaultVehicleHal::onPropertyValue, value:{.timestamp = 9503126124797, .areaId = 0, .prop = 557851105, .status = AVAILABLE, .value = {.int32Values = [1]{0}, .floatValues = [0]{}, .int64Values = [0]{}, .bytes = [0]{}, .stringValue = ""}}
12-30 11:16:07.304   398   464 D DiagPropHandler: is not DiagnosticConfig: 0x214021e1
12-30 11:16:07.304   398   464 I VehiclePropertyStore: begin to write value to Store: {.timestamp = 9503126124797, .areaId = 0, .prop = 557851105, .status = AVAILABLE, .value = {.int32Values = [1]{0}, .floatValues = [0]{}, .int64Values = [0]{}, .bytes = [0]{}, .stringValue = ""}}
12-30 11:16:07.304   398   464 D adayocomadapter-CommunicationManager: onUpstreamReceive mPropertyId 0x214021e1
12-30 11:16:07.304   398   464 D adayocomadapter-CommunicationManager: onUpstreamReceive mPropertyId 0x21402243
12-30 11:16:07.304   398   464 D adayocomadapter-CommunicationManager: convertBytesToInt32Memcpy  0
12-30 11:16:07.304   398   464 I vw-vhal : notifyVehicleProperty, propId = 0x21402243, data = {status: 2, int32Values: [0]}
