12-30 11:16:03.620   398   464 I vw-vhal : CanSignalsAdapter::notifyVehicleProperty: solvedValue = {.timestamp = 9499442167797, .areaId = 0, .prop = 557850959, .status = AVAILABLE, .value = {.int32Values = [1]{0}, .floatValues = [0]{}, .int64Values = [0]{}, .bytes = [0]{}, .stringValue = ""}}
12-30 11:16:03.620   398   464 I VehiclePropertyStore: begin to write value to Store: {.timestamp = 9499442167797, .areaId = 0, .prop = 557850959, .status = AVAILABLE, .value = {.int32Values = [1]{0}, .floatValues = [0]{}, .int64Values = [0]{}, .bytes = [0]{}, .stringValue = ""}}
12-30 11:16:03.620   398   464 I DefaultVehicleHal_v2_0: DefaultVehicleHal::onPropertyValue, value:{.timestamp = 9499442167797, .areaId = 0, .prop = 557850959, .status = AVAILABLE, .value = {.int32Values = [1]{0}, .floatValues = [0]{}, .int64Values = [0]{}, .bytes = [0]{}, .stringValue = ""}}
12-30 11:16:03.620   398   464 D DiagPropHandler: is not DiagnosticConfig: 0x2140214f
12-30 11:16:03.620   398   464 I VehiclePropertyStore: begin to write value to Store: {.timestamp = 9499442167797, .areaId = 0, .prop = 557850959, .status = AVAILABLE, .value = {.int32Values = [1]{0}, .floatValues = [0]{}, .int64Values = [0]{}, .bytes = [0]{}, .stringValue = ""}}
12-30 11:16:03.620   398   464 D adayocomadapter-CommunicationManager: onUpstreamReceive mPropertyId 0x2140214f
12-30 11:16:03.620   398   464 D adayocomadapter-CommunicationManager: onUpstreamReceive mPropertyId 0x21402150
12-30 11:16:03.620   398   464 D adayocomadapter-CommunicationManager: convertBytesToInt32Memcpy  0
12-30 11:16:03.620   398   464 I vw-vhal : notifyVehicleProperty, propId = 0x21402150, data = {status: 2, int32Values: [0]}
12-30 11:16:03.620   398   464 I vw-vhal : CanSignalsAdapter::notifyVehicleProperty: solvedValue = {.timestamp = 9499442363797, .areaId = 0, .prop = 557850960, .status = AVAILABLE, .value = {.int32Values = [1]{0}, .floatValues = [0]{}, .int64Values = [0]{}, .bytes = [0]{}, .stringValue = ""}}
12-30 11:16:03.620   398   464 I VehiclePropertyStore: begin to write value to Store: {.timestamp = 9499442363797, .areaId = 0, .prop = 557850960, .status = AVAILABLE, .value = {.int32Values = [1]{0}, .floatValues = [0]{}, .int64Values = [0]{}, .bytes = [0]{}, .stringValue = ""}}
12-30 11:16:03.620   398   464 I DefaultVehicleHal_v2_0: DefaultVehicleHal::onPropertyValue, value:{.timestamp = 9499442363797, .areaId = 0, .prop = 557850960, .status = AVAILABLE, .value = {.int32Values = [1]{0}, .floatValues = [0]{}, .int64Values = [0]{}, .bytes = [0]{}, .stringValue = ""}}
12-30 11:16:03.620   398   464 D DiagPropHandler: is not DiagnosticConfig: 0x21402150
12-30 11:16:03.620   398   464 I VehiclePropertyStore: begin to write value to Store: {.timestamp = 9499442363797, .areaId = 0, .prop = 557850960, .status = AVAILABLE, .value = {.int32Values = [1]{0}, .floatValues = [0]{}, .int64Values = [0]{}, .bytes = [0]{}, .stringValue = ""}}
12-30 11:16:03.620   398   464 D adayocomadapter-CommunicationManager: onUpstreamReceive mPropertyId 0x21402150
12-30 11:16:03.620   398   464 D adayocomadapter-CommunicationManager: onUpstreamReceive mPropertyId 0x21402144
12-30 11:16:03.620   398   464 I vw-vhal : notifyVehicleProperty, propId = 0x21402144, data = {status: 2, int32Values: [0, 0]}
12-30 11:16:03.620   398   464 D adayocomadapter-CommunicationManager: onUpstreamReceive mPropertyId 0x21402144
12-30 11:16:03.620   398   464 D adayocomadapter-CommunicationManager: onUpstreamReceive mPropertyId 0x21402151
12-30 11:16:03.620   398   464 D adayocomadapter-CommunicationManager: convertBytesToInt32Memcpy  0
12-30 11:16:03.620   398   464 I vw-vhal : notifyVehicleProperty, propId = 0x21402151, data = {status: 2, int32Values: [0]}
12-30 11:16:03.620   398   464 I vw-vhal : CanSignalsAdapter::notifyVehicleProperty: solvedValue = {.timestamp = 9499442640797, .areaId = 0, .prop = 557850961, .status = AVAILABLE, .value = {.int32Values = [1]{0}, .floatValues = [0]{}, .int64Values = [0]{}, .bytes = [0]{}, .stringValue = ""}}
12-30 11:16:03.620   398   464 I VehiclePropertyStore: begin to write value to Store: {.timestamp = 9499442640797, .areaId = 0, .prop = 557850961, .status = AVAILABLE, .value = {.int32Values = [1]{0}, .floatValues = [0]{}, .int64Values = [0]{}, .bytes = [0]{}, .stringValue = ""}}
12-30 11:16:03.620   398   464 I DefaultVehicleHal_v2_0: DefaultVehicleHal::onPropertyValue, value:{.timestamp = 9499442640797, .areaId = 0, .prop = 557850961, .status = AVAILABLE, .value = {.int32Values = [1]{0}, .floatValues = [0]{}, .int64Values = [0]{}, .bytes = [0]{}, .stringValue = ""}}
12-30 11:16:03.620   398   464 D DiagPropHandler: is not DiagnosticConfig: 0x21402151
12-30 11:16:03.620   398   464 I VehiclePropertyStore: begin to write value to Store: {.timestamp = 9499442640797, .areaId = 0, .prop = 557850961, .status = AVAILABLE, .value = {.int32Values = [1]{0}, .floatValues = [0]{}, .int64Values = [0]{}, .bytes = [0]{}, .stringValue = ""}}
12-30 11:16:03.620   398   464 D adayocomadapter-CommunicationManager: onUpstreamReceive mPropertyId 0x21402151
12-30 11:16:03.620   398   464 D adayocomadapter-CommunicationManager: onUpstreamReceive mPropertyId 0x21402145
12-30 11:16:03.620   398   464 I vw-vhal : notifyVehicleProperty, propId = 0x21402145, data = {status: 2, int32Values: [0, 0]}
12-30 11:16:03.620   398   464 D adayocomadapter-CommunicationManager: onUpstreamReceive mPropertyId 0x21402145
12-30 11:16:03.620   398   464 D adayocomadapter-CommunicationManager: onUpstreamReceive mPropertyId 0x2140213d
12-30 11:16:03.620   398   464 D adayocomadapter-CommunicationManager: convertBytesToInt32Memcpy  0
12-30 11:16:03.621   398   464 I vw-vhal : notifyVehicleProperty, propId = 0x2140213d, data = {status: 2, int32Values: [0]}
12-30 11:16:03.621   398   464 I vw-vhal : CanSignalsAdapter::notifyVehicleProperty: solvedValue = {.timestamp = 9499442876130, .areaId = 0, .prop = 557850941, .status = AVAILABLE, .value = {.int32Values = [1]{0}, .floatValues = [0]{}, .int64Values = [0]{}, .bytes = [0]{}, .stringValue = ""}}
12-30 11:16:03.621   398   464 I VehiclePropertyStore: begin to write value to Store: {.timestamp = 9499442876130, .areaId = 0, .prop = 557850941, .status = AVAILABLE, .value = {.int32Values = [1]{0}, .floatValues = [0]{}, .int64Values = [0]{}, .bytes = [0]{}, .stringValue = ""}}
12-30 11:16:03.621   398   464 I DefaultVehicleHal_v2_0: DefaultVehicleHal::onPropertyValue, value:{.timestamp = 9499442876130, .areaId = 0, .prop = 557850941, .status = AVAILABLE, .value = {.int32Values = [1]{0}, .floatValues = [0]{}, .int64Values = [0]{}, .bytes = [0]{}, .stringValue = ""}}
12-30 11:16:03.621   398   464 D DiagPropHandler: is not DiagnosticConfig: 0x2140213d
12-30 11:16:03.621   398   464 I VehiclePropertyStore: begin to write value to Store: {.timestamp = 9499442876130, .areaId = 0, .prop = 557850941, .status = AVAILABLE, .value = {.int32Values = [1]{0}, .floatValues = [0]{}, .int64Values = [0]{}, .bytes = [0]{}, .stringValue = ""}}
12-30 11:16:03.621   398   464 D adayocomadapter-CommunicationManager: onUpstreamReceive mPropertyId 0x2140213d
12-30 11:16:03.621   398   464 D adayocomadapter-CommunicationManager: onUpstreamReceive mPropertyId 0x2140213e
12-30 11:16:03.621   398   464 D adayocomadapter-CommunicationManager: convertBytesToInt32Memcpy  0
12-30 11:16:03.621   398   464 I vw-vhal : notifyVehicleProperty, propId = 0x2140213e, data = {status: 2, int32Values: [0]}
12-30 11:16:03.621   398   464 I vw-vhal : CanSignalsAdapter::notifyVehicleProperty: solvedValue = {.timestamp = 9499443066797, .areaId = 0, .prop = 557850942, .status = AVAILABLE, .value = {.int32Values = [1]{0}, .floatValues = [0]{}, .int64Values = [0]{}, .bytes = [0]{}, .stringValue = ""}}
12-30 11:16:03.621   398   464 I VehiclePropertyStore: begin to write value to Store: {.timestamp = 9499443066797, .areaId = 0, .prop = 557850942, .status = AVAILABLE, .value = {.int32Values = [1]{0}, .floatValues = [0]{}, .int64Values = [0]{}, .bytes = [0]{}, .stringValue = ""}}
12-30 11:16:03.621   398   464 I DefaultVehicleHal_v2_0: DefaultVehicleHal::onPropertyValue, value:{.timestamp = 9499443066797, .areaId = 0, .prop = 557850942, .status = AVAILABLE, .value = {.int32Values = [1]{0}, .floatValues = [0]{}, .int64Values = [0]{}, .bytes = [0]{}, .stringValue = ""}}
12-30 11:16:03.621   398   464 D DiagPropHandler: is not DiagnosticConfig: 0x2140213e
12-30 11:16:03.621   398   464 I VehiclePropertyStore: begin to write value to Store: {.timestamp = 9499443066797, .areaId = 0, .prop = 557850942, .status = AVAILABLE, .value = {.int32Values = [1]{0}, .floatValues = [0]{}, .int64Values = [0]{}, .bytes = [0]{}, .stringValue = ""}}
12-30 11:16:03.621   398   464 D adayocomadapter-CommunicationManager: onUpstreamReceive mPropertyId 0x2140213e
12-30 11:16:03.621   398   464 D adayocomadapter-CommunicationManager: onUpstreamReceive mPropertyId 0x2140214a
12-30 11:16:03.621   398   464 D adayocomadapter-CommunicationManager: convertBytesToInt32Memcpy  0
12-30 11:16:03.621   398   464 I vw-vhal : notifyVehicleProperty, propId = 0x2140214a, data = {status: 2, int32Values: [0]}
12-30 11:16:03.621   398   464 I vw-vhal : CanSignalsAdapter::notifyVehicleProperty: solvedValue = {.timestamp = 9499443265463, .areaId = 0, .prop = 557850954, .status = AVAILABLE, .value = {.int32Values = [1]{0}, .floatValues = [0]{}, .int64Values = [0]{}, .bytes = [0]{}, .stringValue = ""}}
12-30 11:16:03.621   398   464 I VehiclePropertyStore: begin to write value to Store: {.timestamp = 9499443265463, .areaId = 0, .prop = 557850954, .status = AVAILABLE, .value = {.int32Values = [1]{0}, .floatValues = [0]{}, .int64Values = [0]{}, .bytes = [0]{}, .stringValue = ""}}
12-30 11:16:03.621   398   464 I DefaultVehicleHal_v2_0: DefaultVehicleHal::onPropertyValue, value:{.timestamp = 9499443265463, .areaId = 0, .prop = 557850954, .status = AVAILABLE, .value = {.int32Values = [1]{0}, .floatValues = [0]{}, .int64Values = [0]{}, .bytes = [0]{}, .stringValue = ""}}
12-30 11:16:03.621   398   464 D DiagPropHandler: is not DiagnosticConfig: 0x2140214a
12-30 11:16:03.621   398   464 I VehiclePropertyStore: begin to write value to Store: {.timestamp = 9499443265463, .areaId = 0, .prop = 557850954, .status = AVAILABLE, .value = {.int32Values = [1]{0}, .floatValues = [0]{}, .int64Values = [0]{}, .bytes = [0]{}, .stringValue = ""}}
12-30 11:16:03.621   398   464 D adayocomadapter-CommunicationManager: onUpstreamReceive mPropertyId 0x2140214a
12-30 11:16:03.632   360   931 D EvsDriver: forwardFrame
12-30 11:16:03.632   360   931 D EvsDriver: forwardFrameDirect
12-30 11:16:03.632   360   931 D EvsDriver: Delivered 0xb400e2ca9e40c2d0 as id 0
12-30 11:16:03.632   359  2784 D evsmanagerd: /dev/video-evs0 forwarded the buffer #0 to 0xb400f125d2b26dd0 from 0xb400f125e2b20710
12-30 11:16:03.636  2358  2623 D RcfController: Rcf proxy is not connected!
12-30 11:16:03.637   596  3076 E WifiHAL : Invalid data received from driver
12-30 11:16:03.637   596  3076 E WifiHAL : Invalid data received from driver
12-30 11:16:03.637   596  3076 E WifiHAL : Invalid data received from driver
12-30 11:16:03.637   596  3076 E WifiHAL : Invalid data received from driver
12-30 11:16:03.637   596  3076 E WifiHAL : Invalid data received from driver
12-30 11:16:03.637  1667  2410 I media_message_log->MediaMessageUserProxy: (SourceFile:1)b connectToService action bind
12-30 11:16:03.637   596  3076 E WifiHAL : Invalid data received from driver
12-30 11:16:03.637   596  3076 E WifiHAL : Invalid data received from driver
12-30 11:16:03.638   916  1847 W ActivityManager: Unable to start service Intent { cmp=com.adayo.server.mediamessagetransfer/.MediaMessTransferService (has extras) } U=0: not found
12-30 11:16:03.638  1667  2410 E media_message_log->MediaMessageUserProxy: (SourceFile:7)a bindServiceAsUser isBound = false
12-30 11:16:03.640   360   458 D EvsDriver: doneWithFrame
12-30 11:16:03.655   650   729 D fgemcucomm: sd Uart data : 6AA602286400029202DC
12-30 11:16:03.655   650   729 D fgemcucomm: rev uart=78467,len=23, data : 6AA6812864000F9202001500000000000000000000003B
12-30 11:16:03.655   398   882 D adayocomadapter-ParseProtocolFunc: printRaWMsg Name[MCUToUPstream recv] len[15] data[920200150000000000000000000000]
12-30 11:16:03.656   398   882 D adayocomadapter-CommunicationManager: onUpstreamback   member[0] dataLength[12] timePoint[9499477]
12-30 11:16:03.656   398   882 D adayocomadapter-ParseProtocolFunc: printRaWMsg Name[onUpstreamback] len[12] data[150000000000000000000000]
12-30 11:16:03.656   398   464 D adayocomadapter-UpstreamHandler: processBeforePacket upSreamtProcessTimePoint[9499477] 
12-30 11:16:03.656   398   464 D adayocomadapter-UpstreamHandler: processPacket UPSTREAM_QUEUE_DATA_TIMEOUT
12-30 11:16:03.656   398   464 D adayocomadapter-ParseProtocolFunc: parseCommonIPCLBytes Processing tableNumber[21]
12-30 11:16:03.656   398   464 D adayocomadapter-ParseProtocolFunc: parseCommonIPCLBytes Processing tablename[Table-21] tableSize[12]
12-30 11:16:03.656   398   464 D adayocomadapter-ParseProtocolFunc: printRaWMsg Name[byteStream recv] len[12] data[150000000000000000000000]
12-30 11:16:03.656   398   464 D adayocomadapter-ParseProtocolFunc: printRaWMsg Name[IPCLtoVHAL] len[6] data[2140208B0000]
12-30 11:16:03.656   398   464 D adayocomadapter-ParseProtocolFunc: printRaWMsg Name[IPCLtoVHAL] len[6] data[214021930000]
12-30 11:16:03.656   398   464 D adayocomadapter-ParseProtocolFunc: printRaWMsg Name[IPCLtoVHAL] len[6] data[2140208C0000]
12-30 11:16:03.656   398   464 D adayocomadapter-ParseProtocolFunc: printRaWMsg Name[IPCLtoVHAL] len[6] data[214021940000]
12-30 11:16:03.656   398   464 D adayocomadapter-ParseProtocolFunc: printRaWMsg Name[IPCLtoVHAL] len[6] data[2140208D0000]
12-30 11:16:03.656   398   464 D adayocomadapter-ParseProtocolFunc: printRaWMsg Name[IPCLtoVHAL] len[6] data[214021950000]
12-30 11:16:03.656   398   464 D adayocomadapter-ParseProtocolFunc: printRaWMsg Name[IPCLtoVHAL] len[6] data[214021920000]
12-30 11:16:03.656   398   464 D adayocomadapter-ParseProtocolFunc: printRaWMsg Name[IPCLtoVHAL] len[6] data[2140208A0000]
12-30 11:16:03.656   398   464 D adayocomadapter-ParseProtocolFunc: printRaWMsg Name[IPCLtoVHAL] len[6] data[214021960000]
12-30 11:16:03.656   398   464 D adayocomadapter-ParseProtocolFunc: printRaWMsg Name[IPCLtoVHAL] len[6] data[214021970000]
12-30 11:16:03.656   398   464 D adayocomadapter-ParseProtocolFunc: printRaWMsg Name[IPCLtoVHAL] len[6] data[214021990000]
12-30 11:16:03.656   398   464 D adayocomadapter-CommunicationManager: onUpstreamReceive mPropertyId 0x2140208b
12-30 11:16:03.656   398   464 D adayocomadapter-CommunicationManager: convertBytesToInt32Memcpy  0
12-30 11:16:03.656   398   464 I vw-vhal : notifyVehicleProperty, propId = 0x2140208b, data = {status: 2, int32Values: [0]}
12-30 11:16:03.656   398   464 I vw-vhal : CanSignalsAdapter::notifyVehicleProperty: solvedValue = {.timestamp = 9499478371463, .areaId = 0, .prop = 557850763, .status = AVAILABLE, .value = {.int32Values = [1]{0}, .floatValues = [0]{}, .int64Values = [0]{}, .bytes = [0]{}, .stringValue = ""}}
12-30 11:16:03.656   398   464 I VehiclePropertyStore: begin to write value to Store: {.timestamp = 9499478371463, .areaId = 0, .prop = 557850763, .status = AVAILABLE, .value = {.int32Values = [1]{0}, .floatValues = [0]{}, .int64Values = [0]{}, .bytes = [0]{}, .stringValue = ""}}
12-30 11:16:03.656   398   464 I DefaultVehicleHal_v2_0: DefaultVehicleHal::onPropertyValue, value:{.timestamp = 9499478371463, .areaId = 0, .prop = 557850763, .status = AVAILABLE, .value = {.int32Values = [1]{0}, .floatValues = [0]{}, .int64Values = [0]{}, .bytes = [0]{}, .stringValue = ""}}
12-30 11:16:03.656   398   464 D DiagPropHandler: is not DiagnosticConfig: 0x2140208b
12-30 11:16:03.656   398   464 I VehiclePropertyStore: begin to write value to Store: {.timestamp = 9499478371463, .areaId = 0, .prop = 557850763, .status = AVAILABLE, .value = {.int32Values = [1]{0}, .floatValues = [0]{}, .int64Values = [0]{}, .bytes = [0]{}, .stringValue = ""}}
12-30 11:16:03.656   398   464 D adayocomadapter-CommunicationManager: onUpstreamReceive mPropertyId 0x2140208b
12-30 11:16:03.656   398   464 D adayocomadapter-CommunicationManager: onUpstreamReceive mPropertyId 0x21402193
12-30 11:16:03.656   398   464 D adayocomadapter-CommunicationManager: convertBytesToInt32Memcpy  0
12-30 11:16:03.656   398   464 I vw-vhal : notifyVehicleProperty, propId = 0x21402193, data = {status: 2, int32Values: [0]}
12-30 11:16:03.656   398   464 I vw-vhal : CanSignalsAdapter::notifyVehicleProperty: solvedValue = {.timestamp = 9499478604130, .areaId = 0, .prop = 557851027, .status = AVAILABLE, .value = {.int32Values = [1]{0}, .floatValues = [0]{}, .int64Values = [0]{}, .bytes = [0]{}, .stringValue = ""}}
12-30 11:16:03.656   398   464 I VehiclePropertyStore: begin to write value to Store: {.timestamp = 9499478604130, .areaId = 0, .prop = 557851027, .status = AVAILABLE, .value = {.int32Values = [1]{0}, .floatValues = [0]{}, .int64Values = [0]{}, .bytes = [0]{}, .stringValue = ""}}
12-30 11:16:03.656   398   464 I DefaultVehicleHal_v2_0: DefaultVehicleHal::onPropertyValue, value:{.timestamp = 9499478604130, .areaId = 0, .prop = 557851027, .status = AVAILABLE, .value = {.int32Values = [1]{0}, .floatValues = [0]{}, .int64Values = [0]{}, .bytes = [0]{}, .stringValue = ""}}
12-30 11:16:03.656   398   464 D DiagPropHandler: is not DiagnosticConfig: 0x21402193
12-30 11:16:03.656   398   464 I VehiclePropertyStore: begin to write value to Store: {.timestamp = 9499478604130, .areaId = 0, .prop = 557851027, .status = AVAILABLE, .value = {.int32Values = [1]{0}, .floatValues = [0]{}, .int64Values = [0]{}, .bytes = [0]{}, .stringValue = ""}}
12-30 11:16:03.656   398   464 D adayocomadapter-CommunicationManager: onUpstreamReceive mPropertyId 0x21402193
12-30 11:16:03.656   398   464 D adayocomadapter-CommunicationManager: onUpstreamReceive mPropertyId 0x2140208c
12-30 11:16:03.656   398   464 D adayocomadapter-CommunicationManager: convertBytesToInt32Memcpy  0
12-30 11:16:03.656   398   464 I vw-vhal : notifyVehicleProperty, propId = 0x2140208c, data = {status: 2, int32Values: [0]}
12-30 11:16:03.656   398   464 I vw-vhal : CanSignalsAdapter::notifyVehicleProperty: solvedValue = {.timestamp = 9499478802463, .areaId = 0, .prop = 557850764, .status = AVAILABLE, .value = {.int32Values = [1]{0}, .floatValues = [0]{}, .int64Values = [0]{}, .bytes = [0]{}, .stringValue = ""}}
12-30 11:16:03.656   398   464 I VehiclePropertyStore: begin to write value to Store: {.timestamp = 9499478802463, .areaId = 0, .prop = 557850764, .status = AVAILABLE, .value = {.int32Values = [1]{0}, .floatValues = [0]{}, .int64Values = [0]{}, .bytes = [0]{}, .stringValue = ""}}
12-30 11:16:03.657   398   464 I DefaultVehicleHal_v2_0: DefaultVehicleHal::onPropertyValue, value:{.timestamp = 9499478802463, .areaId = 0, .prop = 557850764, .status = AVAILABLE, .value = {.int32Values = [1]{0}, .floatValues = [0]{}, .int64Values = [0]{}, .bytes = [0]{}, .stringValue = ""}}
12-30 11:16:03.657   398   464 D DiagPropHandler: is not DiagnosticConfig: 0x2140208c
12-30 11:16:03.657   398   464 I VehiclePropertyStore: begin to write value to Store: {.timestamp = 9499478802463, .areaId = 0, .prop = 557850764, .status = AVAILABLE, .value = {.int32Values = [1]{0}, .floatValues = [0]{}, .int64Values = [0]{}, .bytes = [0]{}, .stringValue = ""}}
12-30 11:16:03.657   398   464 D adayocomadapter-CommunicationManager: onUpstreamReceive mPropertyId 0x2140208c
12-30 11:16:03.657   398   464 D adayocomadapter-CommunicationManager: onUpstreamReceive mPropertyId 0x21402194
12-30 11:16:03.657   398   464 D adayocomadapter-CommunicationManager: convertBytesToInt32Memcpy  0
12-30 11:16:03.657   398   464 I vw-vhal : notifyVehicleProperty, propId = 0x21402194, data = {status: 2, int32Values: [0]}
12-30 11:16:03.657   398   464 I vw-vhal : CanSignalsAdapter::notifyVehicleProperty: solvedValue = {.timestamp = 9499478998463, .areaId = 0, .prop = 557851028, .status = AVAILABLE, .value = {.int32Values = [1]{0}, .floatValues = [0]{}, .int64Values = [0]{}, .bytes = [0]{}, .stringValue = ""}}
12-30 11:16:03.657   398   464 I VehiclePropertyStore: begin to write value to Store: {.timestamp = 9499478998463, .areaId = 0, .prop = 557851028, .status = AVAILABLE, .value = {.int32Values = [1]{0}, .floatValues = [0]{}, .int64Values = [0]{}, .bytes = [0]{}, .stringValue = ""}}
12-30 11:16:03.657   398   464 I DefaultVehicleHal_v2_0: DefaultVehicleHal::onPropertyValue, value:{.timestamp = 9499478998463, .areaId = 0, .prop = 557851028, .status = AVAILABLE, .value = {.int32Values = [1]{0}, .floatValues = [0]{}, .int64Values = [0]{}, .bytes = [0]{}, .stringValue = ""}}
12-30 11:16:03.657   398   464 D DiagPropHandler: is not DiagnosticConfig: 0x21402194
12-30 11:16:03.657   398   464 I VehiclePropertyStore: begin to write value to Store: {.timestamp = 9499478998463, .areaId = 0, .prop = 557851028, .status = AVAILABLE, .value = {.int32Values = [1]{0}, .floatValues = [0]{}, .int64Values = [0]{}, .bytes = [0]{}, .stringValue = ""}}
12-30 11:16:03.657   398   464 D adayocomadapter-CommunicationManager: onUpstreamReceive mPropertyId 0x21402194
12-30 11:16:03.657   398   464 D adayocomadapter-CommunicationManager: onUpstreamReceive mPropertyId 0x2140208d
12-30 11:16:03.657   398   464 D adayocomadapter-CommunicationManager: convertBytesToInt32Memcpy  0
12-30 11:16:03.657   398   464 I vw-vhal : notifyVehicleProperty, propId = 0x2140208d, data = {status: 2, int32Values: [0]}
12-30 11:16:03.657   398   464 I vw-vhal : CanSignalsAdapter::notifyVehicleProperty: solvedValue = {.timestamp = 9499479192463, .areaId = 0, .prop = 557850765, .status = AVAILABLE, .value = {.int32Values = [1]{0}, .floatValues = [0]{}, .int64Values = [0]{}, .bytes = [0]{}, .stringValue = ""}}
12-30 11:16:03.657   398   464 I VehiclePropertyStore: begin to write value to Store: {.timestamp = 9499479192463, .areaId = 0, .prop = 557850765, .status = AVAILABLE, .value = {.int32Values = [1]{0}, .floatValues = [0]{}, .int64Values = [0]{}, .bytes = [0]{}, .stringValue = ""}}
12-30 11:16:03.657   398   464 I DefaultVehicleHal_v2_0: DefaultVehicleHal::onPropertyValue, value:{.timestamp = 9499479192463, .areaId = 0, .prop = 557850765, .status = AVAILABLE, .value = {.int32Values = [1]{0}, .floatValues = [0]{}, .int64Values = [0]{}, .bytes = [0]{}, .stringValue = ""}}
12-30 11:16:03.657   398   464 D DiagPropHandler: is not DiagnosticConfig: 0x2140208d
12-30 11:16:03.657   398   464 I VehiclePropertyStore: begin to write value to Store: {.timestamp = 9499479192463, .areaId = 0, .prop = 557850765, .status = AVAILABLE, .value = {.int32Values = [1]{0}, .floatValues = [0]{}, .int64Values = [0]{}, .bytes = [0]{}, .stringValue = ""}}
12-30 11:16:03.657   398   464 D adayocomadapter-CommunicationManager: onUpstreamReceive mPropertyId 0x2140208d
12-30 11:16:03.657   398   464 D adayocomadapter-CommunicationManager: onUpstreamReceive mPropertyId 0x21402195
12-30 11:16:03.657   398   464 D adayocomadapter-CommunicationManager: convertBytesToInt32Memcpy  0
12-30 11:16:03.657   398   464 I vw-vhal : notifyVehicleProperty, propId = 0x21402195, data = {status: 2, int32Values: [0]}
12-30 11:16:03.657   398   464 I vw-vhal : CanSignalsAdapter::notifyVehicleProperty: solvedValue = {.timestamp = 9499479389130, .areaId = 0, .prop = 557851029, .status = AVAILABLE, .value = {.int32Values = [1]{0}, .floatValues = [0]{}, .int64Values = [0]{}, .bytes = [0]{}, .stringValue = ""}}
12-30 11:16:03.657   398   464 I VehiclePropertyStore: begin to write value to Store: {.timestamp = 9499479389130, .areaId = 0, .prop = 557851029, .status = AVAILABLE, .value = {.int32Values = [1]{0}, .floatValues = [0]{}, .int64Values = [0]{}, .bytes = [0]{}, .stringValue = ""}}
12-30 11:16:03.657   398   464 I DefaultVehicleHal_v2_0: DefaultVehicleHal::onPropertyValue, value:{.timestamp = 9499479389130, .areaId = 0, .prop = 557851029, .status = AVAILABLE, .value = {.int32Values = [1]{0}, .floatValues = [0]{}, .int64Values = [0]{}, .bytes = [0]{}, .stringValue = ""}}
12-30 11:16:03.657   398   464 D DiagPropHandler: is not DiagnosticConfig: 0x21402195
12-30 11:16:03.657   398   464 I VehiclePropertyStore: begin to write value to Store: {.timestamp = 9499479389130, .areaId = 0, .prop = 557851029, .status = AVAILABLE, .value = {.int32Values = [1]{0}, .floatValues = [0]{}, .int64Values = [0]{}, .bytes = [0]{}, .stringValue = ""}}
12-30 11:16:03.657   398   464 D adayocomadapter-CommunicationManager: onUpstreamReceive mPropertyId 0x21402195
12-30 11:16:03.657   398   464 D adayocomadapter-CommunicationManager: onUpstreamReceive mPropertyId 0x21402192
12-30 11:16:03.657   398   464 D adayocomadapter-CommunicationManager: convertBytesToInt32Memcpy  0
12-30 11:16:03.657   398   464 I vw-vhal : notifyVehicleProperty, propId = 0x21402192, data = {status: 2, int32Values: [0]}
12-30 11:16:03.657   398   464 I vw-vhal : CanSignalsAdapter::notifyVehicleProperty: solvedValue = {.timestamp = 9499479578463, .areaId = 0, .prop = 557851026, .status = AVAILABLE, .value = {.int32Values = [1]{0}, .floatValues = [0]{}, .int64Values = [0]{}, .bytes = [0]{}, .stringValue = ""}}
12-30 11:16:03.657   398   464 I VehiclePropertyStore: begin to write value to Store: {.timestamp = 9499479578463, .areaId = 0, .prop = 557851026, .status = AVAILABLE, .value = {.int32Values = [1]{0}, .floatValues = [0]{}, .int64Values = [0]{}, .bytes = [0]{}, .stringValue = ""}}
12-30 11:16:03.657   398   464 I DefaultVehicleHal_v2_0: DefaultVehicleHal::onPropertyValue, value:{.timestamp = 9499479578463, .areaId = 0, .prop = 557851026, .status = AVAILABLE, .value = {.int32Values = [1]{0}, .floatValues = [0]{}, .int64Values = [0]{}, .bytes = [0]{}, .stringValue = ""}}
12-30 11:16:03.657   398   464 D DiagPropHandler: is not DiagnosticConfig: 0x21402192
12-30 11:16:03.657   398   464 I VehiclePropertyStore: begin to write value to Store: {.timestamp = 9499479578463, .areaId = 0, .prop = 557851026, .status = AVAILABLE, .value = {.int32Values = [1]{0}, .floatValues = [0]{}, .int64Values = [0]{}, .bytes = [0]{}, .stringValue = ""}}
12-30 11:16:03.657   398   464 D adayocomadapter-CommunicationManager: onUpstreamReceive mPropertyId 0x21402192
12-30 11:16:03.657   398   464 D adayocomadapter-CommunicationManager: onUpstreamReceive mPropertyId 0x2140208a
12-30 11:16:03.657   398   464 D adayocomadapter-CommunicationManager: convertBytesToInt32Memcpy  0
12-30 11:16:03.657   398   464 I vw-vhal : notifyVehicleProperty, propId = 0x2140208a, data = {status: 2, int32Values: [0]}
12-30 11:16:03.657   398   464 I vw-vhal : CanSignalsAdapter::notifyVehicleProperty: solvedValue = {.timestamp = 9499479767463, .areaId = 0, .prop = 557850762, .status = AVAILABLE, .value = {.int32Values = [1]{0}, .floatValues = [0]{}, .int64Values = [0]{}, .bytes = [0]{}, .stringValue = ""}}
12-30 11:16:03.657   398   464 I VehiclePropertyStore: begin to write value to Store: {.timestamp = 9499479767463, .areaId = 0, .prop = 557850762, .status = AVAILABLE, .value = {.int32Values = [1]{0}, .floatValues = [0]{}, .int64Values = [0]{}, .bytes = [0]{}, .stringValue = ""}}
12-30 11:16:03.657   398   464 I DefaultVehicleHal_v2_0: DefaultVehicleHal::onPropertyValue, value:{.timestamp = 9499479767463, .areaId = 0, .prop = 557850762, .status = AVAILABLE, .value = {.int32Values = [1]{0}, .floatValues = [0]{}, .int64Values = [0]{}, .bytes = [0]{}, .stringValue = ""}}
12-30 11:16:03.657   398   464 D DiagPropHandler: is not DiagnosticConfig: 0x2140208a
12-30 11:16:03.658   398   464 I VehiclePropertyStore: begin to write value to Store: {.timestamp = 9499479767463, .areaId = 0, .prop = 557850762, .status = AVAILABLE, .value = {.int32Values = [1]{0}, .floatValues = [0]{}, .int64Values = [0]{}, .bytes = [0]{}, .stringValue = ""}}
12-30 11:16:03.658   398   464 D adayocomadapter-CommunicationManager: onUpstreamReceive mPropertyId 0x2140208a
12-30 11:16:03.658   398   464 D adayocomadapter-CommunicationManager: onUpstreamReceive mPropertyId 0x21402196
12-30 11:16:03.658   398   464 D adayocomadapter-CommunicationManager: convertBytesToInt32Memcpy  0
12-30 11:16:03.658   398   464 I vw-vhal : notifyVehicleProperty, propId = 0x21402196, data = {status: 2, int32Values: [0]}
12-30 11:16:03.658   398   464 I vw-vhal : CanSignalsAdapter::notifyVehicleProperty: solvedValue = {.timestamp = 9499479955797, .areaId = 0, .prop = 557851030, .status = AVAILABLE, .value = {.int32Values = [1]{0}, .floatValues = [0]{}, .int64Values = [0]{}, .bytes = [0]{}, .stringValue = ""}}
12-30 11:16:03.658   398   464 I VehiclePropertyStore: begin to write value to Store: {.timestamp = 9499479955797, .areaId = 0, .prop = 557851030, .status = AVAILABLE, .value = {.int32Values = [1]{0}, .floatValues = [0]{}, .int64Values = [0]{}, .bytes = [0]{}, .stringValue = ""}}
12-30 11:16:03.658   398   464 I DefaultVehicleHal_v2_0: DefaultVehicleHal::onPropertyValue, value:{.timestamp = 9499479955797, .areaId = 0, .prop = 557851030, .status = AVAILABLE, .value = {.int32Values = [1]{0}, .floatValues = [0]{}, .int64Values = [0]{}, .bytes = [0]{}, .stringValue = ""}}
12-30 11:16:03.658   398   464 D DiagPropHandler: is not DiagnosticConfig: 0x21402196
12-30 11:16:03.658   398   464 I VehiclePropertyStore: begin to write value to Store: {.timestamp = 9499479955797, .areaId = 0, .prop = 557851030, .status = AVAILABLE, .value = {.int32Values = [1]{0}, .floatValues = [0]{}, .int64Values = [0]{}, .bytes = [0]{}, .stringValue = ""}}
12-30 11:16:03.658   398   464 D adayocomadapter-CommunicationManager: onUpstreamReceive mPropertyId 0x21402196
12-30 11:16:03.658   398   464 D adayocomadapter-CommunicationManager: onUpstreamReceive mPropertyId 0x21402197
12-30 11:16:03.658   398   464 D adayocomadapter-CommunicationManager: convertBytesToInt32Memcpy  0
12-30 11:16:03.658   398   464 I vw-vhal : notifyVehicleProperty, propId = 0x21402197, data = {status: 2, int32Values: [0]}
12-30 11:16:03.658   398   464 I vw-vhal : CanSignalsAdapter::notifyVehicleProperty: solvedValue = {.timestamp = 9499480205797, .areaId = 0, .prop = 557851031, .status = AVAILABLE, .value = {.int32Values = [1]{0}, .floatValues = [0]{}, .int64Values = [0]{}, .bytes = [0]{}, .stringValue = ""}}
12-30 11:16:03.658   398   464 I VehiclePropertyStore: begin to write value to Store: {.timestamp = 9499480205797, .areaId = 0, .prop = 557851031, .status = AVAILABLE, .value = {.int32Values = [1]{0}, .floatValues = [0]{}, .int64Values = [0]{}, .bytes = [0]{}, .stringValue = ""}}
12-30 11:16:03.658   398   464 I DefaultVehicleHal_v2_0: DefaultVehicleHal::onPropertyValue, value:{.timestamp = 9499480205797, .areaId = 0, .prop = 557851031, .status = AVAILABLE, .value = {.int32Values = [1]{0}, .floatValues = [0]{}, .int64Values = [0]{}, .bytes = [0]{}, .stringValue = ""}}
12-30 11:16:03.658   398   464 D DiagPropHandler: is not DiagnosticConfig: 0x21402197
12-30 11:16:03.658   398   464 I VehiclePropertyStore: begin to write value to Store: {.timestamp = 9499480205797, .areaId = 0, .prop = 557851031, .status = AVAILABLE, .value = {.int32Values = [1]{0}, .floatValues = [0]{}, .int64Values = [0]{}, .bytes = [0]{}, .stringValue = ""}}
12-30 11:16:03.658   398   464 D adayocomadapter-CommunicationManager: onUpstreamReceive mPropertyId 0x21402197
12-30 11:16:03.658   398   464 D adayocomadapter-CommunicationManager: onUpstreamReceive mPropertyId 0x21402199
12-30 11:16:03.658   398   464 D adayocomadapter-CommunicationManager: convertBytesToInt32Memcpy  0
12-30 11:16:03.658   398   464 I vw-vhal : notifyVehicleProperty, propId = 0x21402199, data = {status: 2, int32Values: [0]}
12-30 11:16:03.658   398   464 I vw-vhal : CanSignalsAdapter::notifyVehicleProperty: solvedValue = {.timestamp = 9499480398797, .areaId = 0, .prop = 557851033, .status = AVAILABLE, .value = {.int32Values = [1]{0}, .floatValues = [0]{}, .int64Values = [0]{}, .bytes = [0]{}, .stringValue = ""}}
12-30 11:16:03.658   398   464 I VehiclePropertyStore: begin to write value to Store: {.timestamp = 9499480398797, .areaId = 0, .prop = 557851033, .status = AVAILABLE, .value = {.int32Values = [1]{0}, .floatValues = [0]{}, .int64Values = [0]{}, .bytes = [0]{}, .stringValue = ""}}
12-30 11:16:03.658   398   464 I DefaultVehicleHal_v2_0: DefaultVehicleHal::onPropertyValue, value:{.timestamp = 9499480398797, .areaId = 0, .prop = 557851033, .status = AVAILABLE, .value = {.int32Values = [1]{0}, .floatValues = [0]{}, .int64Values = [0]{}, .bytes = [0]{}, .stringValue = ""}}
12-30 11:16:03.658   398   464 D DiagPropHandler: is not DiagnosticConfig: 0x21402199
12-30 11:16:03.658   398   464 I VehiclePropertyStore: begin to write value to Store: {.timestamp = 9499480398797, .areaId = 0, .prop = 557851033, .status = AVAILABLE, .value = {.int32Values = [1]{0}, .floatValues = [0]{}, .int64Values = [0]{}, .bytes = [0]{}, .stringValue = ""}}
12-30 11:16:03.658   398   464 D adayocomadapter-CommunicationManager: onUpstreamReceive mPropertyId 0x21402199
12-30 11:16:03.665   360   931 D EvsDriver: forwardFrame
12-30 11:16:03.665   360   931 D EvsDriver: forwardFrameDirect
12-30 11:16:03.665   360   931 D EvsDriver: Delivered 0xb400e2ca9e40d090 as id 1
12-30 11:16:03.665   359  2784 D evsmanagerd: /dev/video-evs0 forwarded the buffer #1 to 0xb400f125d2b26dd0 from 0xb400f125e2b20710
12-30 11:16:03.671   360   458 D EvsDriver: doneWithFrame
12-30 11:16:03.686  2358  2623 D RcfController: Rcf proxy is not connected!
12-30 11:16:03.689   596  3076 E WifiHAL : Invalid data received from driver
12-30 11:16:03.698   360   931 D EvsDriver: forwardFrame
12-30 11:16:03.698   360   931 D EvsDriver: forwardFrameDirect
12-30 11:16:03.698   360   931 D EvsDriver: Delivered 0xb400e2ca9e40e110 as id 0
12-30 11:16:03.698   359  2784 D evsmanagerd: /dev/video-evs0 forwarded the buffer #0 to 0xb400f125d2b26dd0 from 0xb400f125e2b20710
12-30 11:16:03.701   360   458 D EvsDriver: doneWithFrame
12-30 11:16:03.732   360   931 D EvsDriver: forwardFrame
12-30 11:16:03.732   360   931 D EvsDriver: forwardFrameDirect
12-30 11:16:03.732   360   931 D EvsDriver: Delivered 0xb400e2ca9e40c7a0 as id 1
12-30 11:16:03.732   359  2784 D evsmanagerd: /dev/video-evs0 forwarded the buffer #1 to 0xb400f125d2b26dd0 from 0xb400f125e2b20710
12-30 11:16:03.736  2358  2623 D RcfController: Rcf proxy is not connected!
12-30 11:16:03.741   360   458 D EvsDriver: doneWithFrame
12-30 11:16:03.748 14528 14528 I ADAYO_LOG_TRACE_RESOURCE: execute interrupt
12-30 11:16:03.762  1667  2513 W ContextImpl: Calling a method in the system process without a qualified user: android.app.ContextImpl.bindService:1988 android.content.ContextWrapper.bindService:861 com.ford.sync.fnvservice.analytics.AnalyticsManager$RetryHandler.a:126 com.ford.sync.fnvservice.analytics.AnalyticsManager$RetryHandler.handleMessage:103 android.os.Handler.dispatchMessage:106 
12-30 11:16:03.762   916  1847 W ActivityManager: Unable to start service Intent { cmp=com.ford.sync.fnvservice/.analytics.AnalyticsService } U=0: not found
12-30 11:16:03.763  1667  2513 W AnalyticsManager:  bind ford Analytics failed -> sendRetryMessage 
12-30 11:16:03.763   596  3076 E WifiHAL : Invalid data received from driver
12-30 11:16:03.765   360   931 D EvsDriver: forwardFrame
12-30 11:16:03.765   360   931 D EvsDriver: forwardFrameDirect
12-30 11:16:03.765   360   931 D EvsDriver: Delivered 0xb400e2ca9e40e270 as id 0
12-30 11:16:03.765   359  2784 D evsmanagerd: /dev/video-evs0 forwarded the buffer #0 to 0xb400f125d2b26dd0 from 0xb400f125e2b20710
12-30 11:16:03.771 14529 14529 I ADAYO_LOG_TRACE_RESOURCE: execute end
12-30 11:16:03.772   360   458 D EvsDriver: doneWithFrame
01-01 10:38:20.785     1     1 I init    : Service 'trace_resource' (pid 14509) exited with status 0
01-01 10:38:20.785     1     1 I init    : Sending signal 9 to service 'trace_resource' (pid 14509) process group...
01-01 10:38:20.785     1     1 E init    : process with updatable components 'trace_resource' exited 4 times in 4 minutes
01-01 10:38:20.788     1     1 I init    : processing action (sys.init.updatable_crashing=1) from (/system/etc/init/flags_health_check.rc:10)
12-30 11:16:03.786  2358  2623 D RcfController: Rcf proxy is not connected!
12-30 11:16:03.793   798 14508 W adbd    : timed out while waiting for FUNCTIONFS_BIND, trying again
12-30 11:16:03.793   798 14508 I adbd    : UsbFfs: connection terminated: monitor thread finished
12-30 11:16:03.793   798   798 I adbd    : UsbFfs: already offline
12-30 11:16:03.793   798   798 I adbd    : destroying transport UsbFfs
12-30 11:16:03.794   798   798 I adbd    : UsbFfsConnection being destroyed
12-30 11:16:03.798   360   931 D EvsDriver: forwardFrame
12-30 11:16:03.798   360   931 D EvsDriver: forwardFrameDirect
12-30 11:16:03.798   360   931 D EvsDriver: Delivered 0xb400e2ca9e40d4b0 as id 1
12-30 11:16:03.798   359  2784 D evsmanagerd: /dev/video-evs0 forwarded the buffer #1 to 0xb400f125d2b26dd0 from 0xb400f125e2b20710
12-30 11:16:03.802   360   458 D EvsDriver: doneWithFrame
01-01 10:38:20.812     1     1 I init    : ... started service 'exec 1767 (/system/bin/flags_health_check UPDATABLE_CRASHING)' has pid 14530
01-01 10:38:20.813     1     1 I init    : SVC_EXEC service 'exec 1767 (/system/bin/flags_health_check UPDATABLE_CRASHING)' pid 14530 (uid 1000 gid 1000+0 context default) started; waiting...
12-30 11:16:03.819 14530 14530 I flags_health_check: ServerConfigurableFlagsReset reset_mode value: 1
12-30 11:16:03.819 14530 14530 I flags_health_check: ServerConfigurableFlagsReset updatable crashing detected, resetting flags.
12-30 11:16:03.831   360   931 D EvsDriver: forwardFrame
12-30 11:16:03.832   360   931 D EvsDriver: forwardFrameDirect
12-30 11:16:03.832   360   931 D EvsDriver: Delivered 0xb400e2ca9e40c2d0 as id 0
12-30 11:16:03.832   359  2784 D evsmanagerd: /dev/video-evs0 forwarded the buffer #0 to 0xb400f125d2b26dd0 from 0xb400f125e2b20710
12-30 11:16:03.837  2358  2623 D RcfController: Rcf proxy is not connected!
12-30 11:16:03.842   798   838 I adbd    : opening control endpoint /dev/usb-ffs/adb/ep0
12-30 11:16:03.842   360   458 D EvsDriver: doneWithFrame
12-30 11:16:03.843   798   838 I adbd    : UsbFfsConnection constructed
12-30 11:16:03.843   798 14531 I adbd    : UsbFfs-monitor thread spawned
01-01 10:38:20.852   838   838 I         : read descriptors
12-30 11:16:03.858   596  3076 E WifiHAL : Invalid data received from driver
12-30 11:16:03.865   360   931 D EvsDriver: forwardFrame
12-30 11:16:03.865   360   931 D EvsDriver: forwardFrameDirect
12-30 11:16:03.865   360   931 D EvsDriver: Delivered 0xb400e2ca9e40d090 as id 1
12-30 11:16:03.865   359  2784 D evsmanagerd: /dev/video-evs0 forwarded the buffer #1 to 0xb400f125d2b26dd0 from 0xb400f125e2b20710
12-30 11:16:03.872   360   458 D EvsDriver: doneWithFrame
12-30 11:16:03.887  2358  2623 D RcfController: Rcf proxy is not connected!
12-30 11:16:03.898   360   931 D EvsDriver: forwardFrame
12-30 11:16:03.898   360   931 D EvsDriver: forwardFrameDirect
12-30 11:16:03.898   360   931 D EvsDriver: Delivered 0xb400e2ca9e40e110 as id 0
12-30 11:16:03.898   359  2784 D evsmanagerd: /dev/video-evs0 forwarded the buffer #0 to 0xb400f125d2b26dd0 from 0xb400f125e2b20710
12-30 11:16:03.901   596  3076 E WifiHAL : Invalid data received from driver
12-30 11:16:03.901   596  3076 E WifiHAL : Invalid data received from driver
12-30 11:16:03.901   596  3076 E WifiHAL : Invalid data received from driver
12-30 11:16:03.901   596  3076 E WifiHAL : Invalid data received from driver
12-30 11:16:03.901   596  3076 E WifiHAL : Invalid data received from driver
12-30 11:16:03.901   596  3076 E WifiHAL : Invalid data received from driver
12-30 11:16:03.901   596  3076 E WifiHAL : Invalid data received from driver
12-30 11:16:03.903   360   458 D EvsDriver: doneWithFrame
12-30 11:16:03.931   360   931 D EvsDriver: forwardFrame
12-30 11:16:03.932   360   931 D EvsDriver: forwardFrameDirect
12-30 11:16:03.932   360   931 D EvsDriver: Delivered 0xb400e2ca9e40c7a0 as id 1
12-30 11:16:03.932   359  2784 D evsmanagerd: /dev/video-evs0 forwarded the buffer #1 to 0xb400f125d2b26dd0 from 0xb400f125e2b20710
12-30 11:16:03.933   360   458 D EvsDriver: doneWithFrame
12-30 11:16:03.937  2358  2623 D RcfController: Rcf proxy is not connected!
12-30 11:16:03.965   360   931 D EvsDriver: forwardFrame
12-30 11:16:03.965   360   931 D EvsDriver: forwardFrameDirect
12-30 11:16:03.965   360   931 D EvsDriver: Delivered 0xb400e2ca9e40e270 as id 0
12-30 11:16:03.965   359  2784 D evsmanagerd: /dev/video-evs0 forwarded the buffer #0 to 0xb400f125d2b26dd0 from 0xb400f125e2b20710
12-30 11:16:03.967   596  3076 E WifiHAL : Invalid data received from driver
12-30 11:16:03.973   360   458 D EvsDriver: doneWithFrame
12-30 11:16:03.987  2358  2623 D RcfController: Rcf proxy is not connected!
12-30 11:16:03.998   360   931 D EvsDriver: forwardFrame
12-30 11:16:03.998   360   931 D EvsDriver: forwardFrameDirect
12-30 11:16:03.998   360   931 D EvsDriver: Delivered 0xb400e2ca9e40d4b0 as id 1
12-30 11:16:03.999   359  2784 D evsmanagerd: /dev/video-evs0 forwarded the buffer #1 to 0xb400f125d2b26dd0 from 0xb400f125e2b20710
12-30 11:16:04.004   360   458 D EvsDriver: doneWithFrame
12-30 11:16:04.005   650   729 D fgemcucomm: sd Uart data : 6AA602286500029202DB
12-30 11:16:04.005   650   729 D fgemcucomm: rev uart=78468,len=15, data : 6AA681286500079202000200000055
12-30 11:16:04.005   398   882 D adayocomadapter-ParseProtocolFunc: printRaWMsg Name[MCUToUPstream recv] len[7] data[92020002000000]
12-30 11:16:04.005   398   882 D adayocomadapter-CommunicationManager: onUpstreamback   member[0] dataLength[4] timePoint[9499827]
12-30 11:16:04.005   398   882 D adayocomadapter-ParseProtocolFunc: printRaWMsg Name[onUpstreamback] len[4] data[02000000]
12-30 11:16:04.005   398   464 D adayocomadapter-UpstreamHandler: processBeforePacket upSreamtProcessTimePoint[9499827] 
12-30 11:16:04.005   398   464 D adayocomadapter-UpstreamHandler: processPacket UPSTREAM_QUEUE_DATA_TIMEOUT
12-30 11:16:04.005   398   464 D adayocomadapter-ParseProtocolFunc: parseCommonIPCLBytes Processing tableNumber[2]
12-30 11:16:04.005   398   464 D adayocomadapter-ParseProtocolFunc: parseCommonIPCLBytes Processing tablename[Table-2] tableSize[4]
12-30 11:16:04.005   398   464 D adayocomadapter-ParseProtocolFunc: printRaWMsg Name[byteStream recv] len[4] data[02000000]
12-30 11:16:04.006   398   464 D adayocomadapter-ParseProtocolFunc: printRaWMsg Name[IPCLtoVHAL] len[6] data[214020490000]
12-30 11:16:04.006   398   464 D adayocomadapter-ParseProtocolFunc: printRaWMsg Name[IPCLtoVHAL] len[6] data[214021A20000]
12-30 11:16:04.006   398   464 D adayocomadapter-ParseProtocolFunc: printRaWMsg Name[IPCLtoVHAL] len[6] data[214020EA0000]
12-30 11:16:04.006   398   464 D adayocomadapter-CommunicationManager: onUpstreamReceive mPropertyId 0x21402049
12-30 11:16:04.006   398   464 D adayocomadapter-CommunicationManager: convertBytesToInt32Memcpy  0
12-30 11:16:04.006   398   464 I vw-vhal : notifyVehicleProperty, propId = 0x21402049, data = {status: 2, int32Values: [0]}
12-30 11:16:04.006   398   464 I vw-vhal : CanSignalsAdapter::notifyVehicleProperty: solvedValue = {.timestamp = 9499828144463, .areaId = 0, .prop = 557850697, .status = AVAILABLE, .value = {.int32Values = [1]{0}, .floatValues = [0]{}, .int64Values = [0]{}, .bytes = [0]{}, .stringValue = ""}}
12-30 11:16:04.006   398   464 I VehiclePropertyStore: begin to write value to Store: {.timestamp = 9499828144463, .areaId = 0, .prop = 557850697, .status = AVAILABLE, .value = {.int32Values = [1]{0}, .floatValues = [0]{}, .int64Values = [0]{}, .bytes = [0]{}, .stringValue = ""}}
12-30 11:16:04.006   398   464 I DefaultVehicleHal_v2_0: DefaultVehicleHal::onPropertyValue, value:{.timestamp = 9499828144463, .areaId = 0, .prop = 557850697, .status = AVAILABLE, .value = {.int32Values = [1]{0}, .floatValues = [0]{}, .int64Values = [0]{}, .bytes = [0]{}, .stringValue = ""}}
12-30 11:16:04.006   398   464 D DiagPropHandler: is not DiagnosticConfig: 0x21402049
12-30 11:16:04.006   398   464 I VehiclePropertyStore: begin to write value to Store: {.timestamp = 9499828144463, .areaId = 0, .prop = 557850697, .status = AVAILABLE, .value = {.int32Values = [1]{0}, .floatValues = [0]{}, .int64Values = [0]{}, .bytes = [0]{}, .stringValue = ""}}
12-30 11:16:04.006   398   464 D adayocomadapter-CommunicationManager: onUpstreamReceive mPropertyId 0x21402049
12-30 11:16:04.006   398   464 D adayocomadapter-CommunicationManager: onUpstreamReceive mPropertyId 0x214021a2
12-30 11:16:04.006   398   464 D adayocomadapter-CommunicationManager: convertBytesToInt32Memcpy  0
12-30 11:16:04.006   398   464 I vw-vhal : notifyVehicleProperty, propId = 0x214021a2, data = {status: 2, int32Values: [0]}
12-30 11:16:04.006   398   464 I vw-vhal : CanSignalsAdapter::notifyVehicleProperty: solvedValue = {.timestamp = 9499828536130, .areaId = 0, .prop = 557851042, .status = AVAILABLE, .value = {.int32Values = [1]{0}, .floatValues = [0]{}, .int64Values = [0]{}, .bytes = [0]{}, .stringValue = ""}}
12-30 11:16:04.006   398   464 I VehiclePropertyStore: begin to write value to Store: {.timestamp = 9499828536130, .areaId = 0, .prop = 557851042, .status = AVAILABLE, .value = {.int32Values = [1]{0}, .floatValues = [0]{}, .int64Values = [0]{}, .bytes = [0]{}, .stringValue = ""}}
12-30 11:16:04.006   398   464 I DefaultVehicleHal_v2_0: DefaultVehicleHal::onPropertyValue, value:{.timestamp = 9499828536130, .areaId = 0, .prop = 557851042, .status = AVAILABLE, .value = {.int32Values = [1]{0}, .floatValues = [0]{}, .int64Values = [0]{}, .bytes = [0]{}, .stringValue = ""}}
12-30 11:16:04.006   398   464 D DiagPropHandler: is not DiagnosticConfig: 0x214021a2
12-30 11:16:04.006   398   464 I VehiclePropertyStore: begin to write value to Store: {.timestamp = 9499828536130, .areaId = 0, .prop = 557851042, .status = AVAILABLE, .value = {.int32Values = [1]{0}, .floatValues = [0]{}, .int64Values = [0]{}, .bytes = [0]{}, .stringValue = ""}}
12-30 11:16:04.006   398   464 D adayocomadapter-CommunicationManager: onUpstreamReceive mPropertyId 0x214021a2
12-30 11:16:04.006   398   464 D adayocomadapter-CommunicationManager: onUpstreamReceive mPropertyId 0x214020ea
12-30 11:16:04.006   398   464 D adayocomadapter-CommunicationManager: convertBytesToInt32Memcpy  0
12-30 11:16:04.007   398   464 I vw-vhal : notifyVehicleProperty, propId = 0x214020ea, data = {status: 2, int32Values: [0]}
12-30 11:16:04.007   398   464 I vw-vhal : CanSignalsAdapter::notifyVehicleProperty: solvedValue = {.timestamp = 9499828900463, .areaId = 0, .prop = 557850858, .status = AVAILABLE, .value = {.int32Values = [1]{0}, .floatValues = [0]{}, .int64Values = [0]{}, .bytes = [0]{}, .stringValue = ""}}
12-30 11:16:04.007   398   464 I VehiclePropertyStore: begin to write value to Store: {.timestamp = 9499828900463, .areaId = 0, .prop = 557850858, .status = AVAILABLE, .value = {.int32Values = [1]{0}, .floatValues = [0]{}, .int64Values = [0]{}, .bytes = [0]{}, .stringValue = ""}}
12-30 11:16:04.007   398   464 I DefaultVehicleHal_v2_0: DefaultVehicleHal::onPropertyValue, value:{.timestamp = 9499828900463, .areaId = 0, .prop = 557850858, .status = AVAILABLE, .value = {.int32Values = [1]{0}, .floatValues = [0]{}, .int64Values = [0]{}, .bytes = [0]{}, .stringValue = ""}}
12-30 11:16:04.007   398   464 D DiagPropHandler: is not DiagnosticConfig: 0x214020ea
12-30 11:16:04.007   398   464 I VehiclePropertyStore: begin to write value to Store: {.timestamp = 9499828900463, .areaId = 0, .prop = 557850858, .status = AVAILABLE, .value = {.int32Values = [1]{0}, .floatValues = [0]{}, .int64Values = [0]{}, .bytes = [0]{}, .stringValue = ""}}
12-30 11:16:04.007   398   464 D adayocomadapter-CommunicationManager: onUpstreamReceive mPropertyId 0x214020ea
12-30 11:16:04.020  1582  3078 I c       : checkService in back thread add: adayo.upgrade.v2.0
12-30 11:16:04.021  1582  3078 E upgradeApp_251223_V1  l: d(null:11)pre->c(null:23)-> serviceBinder is null
12-30 11:16:04.021  1582  3078 W c       : doBindService in back thread fail: adayo.upgrade.v2.0
12-30 11:16:04.031   360   931 D EvsDriver: forwardFrame
12-30 11:16:04.032   360   931 D EvsDriver: forwardFrameDirect
12-30 11:16:04.032   360   931 D EvsDriver: Delivered 0xb400e2ca9e40c2d0 as id 0
12-30 11:16:04.032   359  2784 D evsmanagerd: /dev/video-evs0 forwarded the buffer #0 to 0xb400f125d2b26dd0 from 0xb400f125e2b20710
12-30 11:16:04.034   360   458 D EvsDriver: doneWithFrame
12-30 11:16:04.037  2358  2623 D RcfController: Rcf proxy is not connected!
12-30 11:16:04.065   360   931 D EvsDriver: forwardFrame
12-30 11:16:04.065   360   931 D EvsDriver: forwardFrameDirect
12-30 11:16:04.065   360   931 D EvsDriver: Delivered 0xb400e2ca9e40d090 as id 1
12-30 11:16:04.065   359  2784 D evsmanagerd: /dev/video-evs0 forwarded the buffer #1 to 0xb400f125d2b26dd0 from 0xb400f125e2b20710
12-30 11:16:04.070   596  3076 E WifiHAL : Invalid data received from driver
12-30 11:16:04.074   360   458 D EvsDriver: doneWithFrame
12-30 11:16:04.088  2358  2623 D RcfController: Rcf proxy is not connected!
12-30 11:16:04.098   360   931 D EvsDriver: forwardFrame
12-30 11:16:04.098   360   931 D EvsDriver: forwardFrameDirect
12-30 11:16:04.098   360   931 D EvsDriver: Delivered 0xb400e2ca9e40e110 as id 0
12-30 11:16:04.098   359  2784 D evsmanagerd: /dev/video-evs0 forwarded the buffer #0 to 0xb400f125d2b26dd0 from 0xb400f125e2b20710
12-30 11:16:04.104   360   458 D EvsDriver: doneWithFrame
12-30 11:16:04.104   650   729 D fgemcucomm: sd Uart data : 6AA602286600029202DA
12-30 11:16:04.105   650   729 D fgemcucomm: rev uart=78469,len=14, data : 6AA681286600069202000B00004C
12-30 11:16:04.105   398   882 D adayocomadapter-ParseProtocolFunc: printRaWMsg Name[MCUToUPstream recv] len[6] data[9202000B0000]
12-30 11:16:04.105   398   882 D adayocomadapter-CommunicationManager: onUpstreamback   member[0] dataLength[3] timePoint[9499927]
