12-30 11:16:00.614   398   464 I vw-vhal : notifyVehicleProperty, propId = 0x2140218f, data = {status: 2, int32Values: [0]}
12-30 11:16:00.614   398   464 I vw-vhal : CanSignalsAdapter::notifyVehicleProperty: solvedValue = {.timestamp = 9496436348130, .areaId = 0, .prop = 557851023, .status = AVAILABLE, .value = {.int32Values = [1]{0}, .floatValues = [0]{}, .int64Values = [0]{}, .bytes = [0]{}, .stringValue = ""}}
12-30 11:16:00.614   398   464 I VehiclePropertyStore: begin to write value to Store: {.timestamp = 9496436348130, .areaId = 0, .prop = 557851023, .status = AVAILABLE, .value = {.int32Values = [1]{0}, .floatValues = [0]{}, .int64Values = [0]{}, .bytes = [0]{}, .stringValue = ""}}
12-30 11:16:00.614   398   464 I DefaultVehicleHal_v2_0: DefaultVehicleHal::onPropertyValue, value:{.timestamp = 9496436348130, .areaId = 0, .prop = 557851023, .status = AVAILABLE, .value = {.int32Values = [1]{0}, .floatValues = [0]{}, .int64Values = [0]{}, .bytes = [0]{}, .stringValue = ""}}
12-30 11:16:00.614   398   464 D DiagPropHandler: is not DiagnosticConfig: 0x2140218f
12-30 11:16:00.614   398   464 I VehiclePropertyStore: begin to write value to Store: {.timestamp = 9496436348130, .areaId = 0, .prop = 557851023, .status = AVAILABLE, .value = {.int32Values = [1]{0}, .floatValues = [0]{}, .int64Values = [0]{}, .bytes = [0]{}, .stringValue = ""}}
12-30 11:16:00.614   398   464 D adayocomadapter-CommunicationManager: onUpstreamReceive mPropertyId 0x2140218f
12-30 11:16:00.614   398   464 D adayocomadapter-CommunicationManager: onUpstreamReceive mPropertyId 0x21402191
12-30 11:16:00.614   398   464 D adayocomadapter-CommunicationManager: convertBytesToInt32Memcpy  0
12-30 11:16:00.614   398   464 I vw-vhal : notifyVehicleProperty, propId = 0x21402191, data = {status: 2, int32Values: [0]}
12-30 11:16:00.614   398   464 I vw-vhal : CanSignalsAdapter::notifyVehicleProperty: solvedValue = {.timestamp = 9496436547796, .areaId = 0, .prop = 557851025, .status = AVAILABLE, .value = {.int32Values = [1]{0}, .floatValues = [0]{}, .int64Values = [0]{}, .bytes = [0]{}, .stringValue = ""}}
12-30 11:16:00.614   398   464 I VehiclePropertyStore: begin to write value to Store: {.timestamp = 9496436547796, .areaId = 0, .prop = 557851025, .status = AVAILABLE, .value = {.int32Values = [1]{0}, .floatValues = [0]{}, .int64Values = [0]{}, .bytes = [0]{}, .stringValue = ""}}
12-30 11:16:00.614   398   464 I DefaultVehicleHal_v2_0: DefaultVehicleHal::onPropertyValue, value:{.timestamp = 9496436547796, .areaId = 0, .prop = 557851025, .status = AVAILABLE, .value = {.int32Values = [1]{0}, .floatValues = [0]{}, .int64Values = [0]{}, .bytes = [0]{}, .stringValue = ""}}
12-30 11:16:00.614   398   464 D DiagPropHandler: is not DiagnosticConfig: 0x21402191
12-30 11:16:00.614   398   464 I VehiclePropertyStore: begin to write value to Store: {.timestamp = 9496436547796, .areaId = 0, .prop = 557851025, .status = AVAILABLE, .value = {.int32Values = [1]{0}, .floatValues = [0]{}, .int64Values = [0]{}, .bytes = [0]{}, .stringValue = ""}}
12-30 11:16:00.614   398   464 D adayocomadapter-CommunicationManager: onUpstreamReceive mPropertyId 0x21402191
12-30 11:16:00.614   398   464 D adayocomadapter-CommunicationManager: onUpstreamReceive mPropertyId 0x2140223d
12-30 11:16:00.614   398   464 D adayocomadapter-CommunicationManager: convertBytesToInt32Memcpy  0
12-30 11:16:00.614   398   464 I vw-vhal : notifyVehicleProperty, propId = 0x2140223d, data = {status: 2, int32Values: [0]}
12-30 11:16:00.614   398   464 I vw-vhal : CanSignalsAdapter::notifyVehicleProperty: solvedValue = {.timestamp = 9496436753463, .areaId = 0, .prop = 557851197, .status = AVAILABLE, .value = {.int32Values = [1]{0}, .floatValues = [0]{}, .int64Values = [0]{}, .bytes = [0]{}, .stringValue = ""}}
12-30 11:16:00.614   398   464 I VehiclePropertyStore: begin to write value to Store: {.timestamp = 9496436753463, .areaId = 0, .prop = 557851197, .status = AVAILABLE, .value = {.int32Values = [1]{0}, .floatValues = [0]{}, .int64Values = [0]{}, .bytes = [0]{}, .stringValue = ""}}
12-30 11:16:00.614   398   464 I DefaultVehicleHal_v2_0: DefaultVehicleHal::onPropertyValue, value:{.timestamp = 9496436753463, .areaId = 0, .prop = 557851197, .status = AVAILABLE, .value = {.int32Values = [1]{0}, .floatValues = [0]{}, .int64Values = [0]{}, .bytes = [0]{}, .stringValue = ""}}
12-30 11:16:00.614   398   464 D DiagPropHandler: is not DiagnosticConfig: 0x2140223d
12-30 11:16:00.615   398   464 I VehiclePropertyStore: begin to write value to Store: {.timestamp = 9496436753463, .areaId = 0, .prop = 557851197, .status = AVAILABLE, .value = {.int32Values = [1]{0}, .floatValues = [0]{}, .int64Values = [0]{}, .bytes = [0]{}, .stringValue = ""}}
12-30 11:16:00.615   398   464 D adayocomadapter-CommunicationManager: onUpstreamReceive mPropertyId 0x2140223d
12-30 11:16:00.622  2358  2623 D RcfController: Rcf proxy is not connected!
12-30 11:16:00.631  1667  2410 I media_message_log->MediaMessageUserProxy: (SourceFile:1)b connectToService action bind
12-30 11:16:00.631   916  1847 W ActivityManager: Unable to start service Intent { cmp=com.adayo.server.mediamessagetransfer/.MediaMessTransferService (has extras) } U=0: not found
12-30 11:16:00.631  1667  2410 E media_message_log->MediaMessageUserProxy: (SourceFile:7)a bindServiceAsUser isBound = false
12-30 11:16:00.632   360   931 D EvsDriver: forwardFrame
12-30 11:16:00.632   360   931 D EvsDriver: forwardFrameDirect
12-30 11:16:00.632   360   931 D EvsDriver: Delivered 0xb400e2ca9e40c2d0 as id 0
12-30 11:16:00.632   359  2784 D evsmanagerd: /dev/video-evs0 forwarded the buffer #0 to 0xb400f125d2b26dd0 from 0xb400f125e2b20710
12-30 11:16:00.640   360   458 D EvsDriver: doneWithFrame
12-30 11:16:00.663  1628  1858 I CCarServiceManager: CarServiceManager->t()35:link:[48]     ---29:pool-2-thread-2
12-30 11:16:00.663  1628  1858 I CCarServiceManager: CarServiceManager->t()64:link 转换后:48     ---29:pool-2-thread-2
12-30 11:16:00.663  1628  1858 I CCarServiceManager: CarServiceManager->t()84:link 转换后:48     ---29:pool-2-thread-2
12-30 11:16:00.663  1628  1858 D CarPropertyManager: setProperty, propertyId: 0x2141400f, areaId: 0x0, class: class [Ljava.lang.Integer;, val: [Ljava.lang.Integer;@fb25dd3
12-30 11:16:00.664  1365  2014 D CarPropertyService: mSyncGetSetPropertyOpCount: 1
12-30 11:16:00.664   398   882 I DefaultVehicleHal_v2_0: DefaultVehicleHal::set, current value:{.timestamp = 0, .areaId = 0, .prop = 557924367, .status = AVAILABLE, .value = {.int32Values = [1]{0}, .floatValues = [0]{}, .int64Values = [0]{}, .bytes = [0]{}, .stringValue = ""}}
12-30 11:16:00.664   398   882 I DefaultVehicleHalServer: onSetProperty(0x2141400f)
12-30 11:16:00.664   398   882 D vw-vhal : CanSignalsAdapter::setVehicleProperty: propValue = {.timestamp = 0, .areaId = 0, .prop = 557924367, .status = AVAILABLE, .value = {.int32Values = [1]{1}, .floatValues = [0]{}, .int64Values = [0]{}, .bytes = [0]{}, .stringValue = ""}}
12-30 11:16:00.664   398   882 D vw-vhal : CanSignalsAdapter::setVehicleProperty: propId = 0x2141400f, data = {status: 0, int32Values: [1]}
12-30 11:16:00.664   398   882 D adayocomadapter-CommunicationManager: setProperty id=[557924367]
12-30 11:16:00.664   398   882 D adayocomadapter-CommunicationManager: writeValue id=[557924367]
12-30 11:16:00.664   398   882 D adayocomadapter-VehiclePropertyStore: writeValue id=[557924367]
12-30 11:16:00.664   398   882 D adayocomadapter-CommunicationManager: sendToDownstream mPropertyId 0x2141400f
12-30 11:16:00.664   398   882 D adayocomadapter-ParseProtocolFunc: printRaWMsg Name[sendToDownstream] len[4] data[00000000]
12-30 11:16:00.665   398   882 D adayocomadapter-ParseProtocolFunc: printRaWMsg Name[sendToDownstream] len[4] data[2141400F]
12-30 11:16:00.665   398   882 D adayocomadapter-ParseProtocolFunc: printRaWMsg Name[sendToDownstream] len[5] data[2141400F01]
12-30 11:16:00.665   398   882 D adayocomadapter-CommunicationManager: sendToDownstream ret[0]   member[130] dataLength[1] timePoint[9496486] 
12-30 11:16:00.665   398   882 D adayocomadapter-ParseProtocolFunc: printRaWMsg Name[sendToDownstream] len[5] data[2141400F01]
12-30 11:16:00.665   398   882 D adayocomadapter-CommunicationManager: sendToDownstream  000 mPropertyId[0x557924367]  
12-30 11:16:00.665   398   698 D adayocomadapter-DownstreamHandler: processBeforePacket downSreamtProcessTimePoint[9496486] 
12-30 11:16:00.665   398   698 D adayocomadapter-DownstreamHandler: DownstreamHandler processPacket 
12-30 11:16:00.665   398   698 D adayocomadapter-DownstreamHandler: DownstreamHandler processPacket valueIndex 0x2141400f
12-30 11:16:00.665   398   698 D adayocomadapter-DownstreamHandler: DownstreamHandler processPacket 0002
12-30 11:16:00.665   398   698 D adayocomadapter-DownstreamHandler: DownstreamHandler processPacket sendMCUData2 
12-30 11:16:00.665   398   698 D adayocomadapter-CommunicationManager: sendMCUData 
12-30 11:16:00.665   398   698 D adayocomadapter-MCUInterfaceHandler: sendToMCU start
12-30 11:16:00.665  1365  2014 D CarPropertyService: mSyncGetSetPropertyOpCount: 0
12-30 11:16:00.665   360   931 D EvsDriver: forwardFrame
12-30 11:16:00.665   360   931 D EvsDriver: forwardFrameDirect
12-30 11:16:00.665   650   730 D fgemcucomm: sd Uart data : 6AA6011CA800081202022141400F016B
12-30 11:16:00.665   398   698 D adayocomadapter-ParseProtocolFunc: printRaWMsg Name[sendToMCU] len[8] data[1202022141400F01]
12-30 11:16:00.665   360   931 D EvsDriver: Delivered 0xb400e2ca9e40d090 as id 1
12-30 11:16:00.665  1628  1858 I CCarServiceManager: CarServiceManager->t()118:link:0     ---29:pool-2-thread-2
12-30 11:16:00.665   359  2784 D evsmanagerd: /dev/video-evs0 forwarded the buffer #1 to 0xb400f125d2b26dd0 from 0xb400f125e2b20710
12-30 11:16:00.665  1628  1858 D CarPropertyManager: setProperty, propertyId: 0x2141400b, areaId: 0x0, class: class [Ljava.lang.Integer;, val: [Ljava.lang.Integer;@bba6d10
12-30 11:16:00.666  1365  2014 D CarPropertyService: mSyncGetSetPropertyOpCount: 1
12-30 11:16:00.666   398   882 I DefaultVehicleHal_v2_0: DefaultVehicleHal::set, current value:{.timestamp = 0, .areaId = 0, .prop = 557924363, .status = AVAILABLE, .value = {.int32Values = [1]{0}, .floatValues = [0]{}, .int64Values = [0]{}, .bytes = [0]{}, .stringValue = ""}}
12-30 11:16:00.666   398   882 I DefaultVehicleHalServer: onSetProperty(0x2141400b)
12-30 11:16:00.666   398   882 D vw-vhal : CanSignalsAdapter::setVehicleProperty: propValue = {.timestamp = 0, .areaId = 0, .prop = 557924363, .status = AVAILABLE, .value = {.int32Values = [1]{2}, .floatValues = [0]{}, .int64Values = [0]{}, .bytes = [0]{}, .stringValue = ""}}
12-30 11:16:00.666   398   882 D vw-vhal : CanSignalsAdapter::setVehicleProperty: propId = 0x2141400b, data = {status: 0, int32Values: [2]}
12-30 11:16:00.666   398   882 D adayocomadapter-CommunicationManager: setProperty id=[557924363]
12-30 11:16:00.666   398   882 D adayocomadapter-CommunicationManager: writeValue id=[557924363]
12-30 11:16:00.666   398   882 D adayocomadapter-VehiclePropertyStore: writeValue id=[557924363]
12-30 11:16:00.666   398   882 D adayocomadapter-CommunicationManager: sendToDownstream mPropertyId 0x2141400b
12-30 11:16:00.666   398   882 D adayocomadapter-ParseProtocolFunc: printRaWMsg Name[sendToDownstream] len[4] data[00000000]
12-30 11:16:00.666   398   882 D adayocomadapter-ParseProtocolFunc: printRaWMsg Name[sendToDownstream] len[4] data[2141400B]
12-30 11:16:00.666   398   882 D adayocomadapter-ParseProtocolFunc: printRaWMsg Name[sendToDownstream] len[5] data[2141400B02]
12-30 11:16:00.666   398   882 D adayocomadapter-CommunicationManager: sendToDownstream ret[0]   member[130] dataLength[1] timePoint[9496488] 
12-30 11:16:00.666   398   882 D adayocomadapter-ParseProtocolFunc: printRaWMsg Name[sendToDownstream] len[5] data[2141400B02]
12-30 11:16:00.666   398   882 D adayocomadapter-CommunicationManager: sendToDownstream  000 mPropertyId[0x557924363]  
12-30 11:16:00.666   398   698 D adayocomadapter-DownstreamHandler: processBeforePacket downSreamtProcessTimePoint[9496488] 
12-30 11:16:00.666   398   698 D adayocomadapter-DownstreamHandler: DownstreamHandler processPacket 
12-30 11:16:00.666   398   698 D adayocomadapter-DownstreamHandler: DownstreamHandler processPacket valueIndex 0x2141400b
12-30 11:16:00.667   398   698 D adayocomadapter-DownstreamHandler: DownstreamHandler processPacket 0002
12-30 11:16:00.667   398   698 D adayocomadapter-DownstreamHandler: DownstreamHandler processPacket sendMCUData2 
12-30 11:16:00.667   398   698 D adayocomadapter-CommunicationManager: sendMCUData 
12-30 11:16:00.667  1365  2014 D CarPropertyService: mSyncGetSetPropertyOpCount: 0
12-30 11:16:00.667   398   698 D adayocomadapter-MCUInterfaceHandler: sendToMCU start
12-30 11:16:00.667   398   698 D adayocomadapter-ParseProtocolFunc: printRaWMsg Name[sendToMCU] len[8] data[1202022141400B02]
12-30 11:16:00.667  1628  1858 I CCarServiceManager: CarServiceManager->t()178:temp:[52, 49]     ---29:pool-2-thread-2
12-30 11:16:00.667  1628  1858 D CarPropertyManager: setProperty, propertyId: 0x2141400d, areaId: 0x0, class: class [Ljava.lang.Integer;, val: [Ljava.lang.Integer;@5fb8009
12-30 11:16:00.667  1365  2014 D CarPropertyService: mSyncGetSetPropertyOpCount: 1
12-30 11:16:00.668   398   882 I DefaultVehicleHal_v2_0: DefaultVehicleHal::set, current value:{.timestamp = 0, .areaId = 0, .prop = 557924365, .status = AVAILABLE, .value = {.int32Values = [1]{0}, .floatValues = [0]{}, .int64Values = [0]{}, .bytes = [0]{}, .stringValue = ""}}
12-30 11:16:00.668   398   882 I DefaultVehicleHalServer: onSetProperty(0x2141400d)
12-30 11:16:00.668   398   882 D vw-vhal : CanSignalsAdapter::setVehicleProperty: propValue = {.timestamp = 0, .areaId = 0, .prop = 557924365, .status = AVAILABLE, .value = {.int32Values = [1]{3}, .floatValues = [0]{}, .int64Values = [0]{}, .bytes = [0]{}, .stringValue = ""}}
12-30 11:16:00.668   398   882 D vw-vhal : CanSignalsAdapter::setVehicleProperty: propId = 0x2141400d, data = {status: 0, int32Values: [3]}
12-30 11:16:00.668   398   882 D adayocomadapter-CommunicationManager: setProperty id=[557924365]
12-30 11:16:00.668   398   882 D adayocomadapter-CommunicationManager: writeValue id=[557924365]
12-30 11:16:00.668   398   882 D adayocomadapter-VehiclePropertyStore: writeValue id=[557924365]
12-30 11:16:00.668   398   882 D adayocomadapter-CommunicationManager: sendToDownstream mPropertyId 0x2141400d
12-30 11:16:00.668   398   882 D adayocomadapter-ParseProtocolFunc: printRaWMsg Name[sendToDownstream] len[4] data[00000000]
12-30 11:16:00.668   398   882 D adayocomadapter-ParseProtocolFunc: printRaWMsg Name[sendToDownstream] len[4] data[2141400D]
12-30 11:16:00.668   398   882 D adayocomadapter-ParseProtocolFunc: printRaWMsg Name[sendToDownstream] len[5] data[2141400D03]
12-30 11:16:00.668   398   882 D adayocomadapter-CommunicationManager: sendToDownstream ret[0]   member[130] dataLength[1] timePoint[9496490] 
12-30 11:16:00.668   398   882 D adayocomadapter-ParseProtocolFunc: printRaWMsg Name[sendToDownstream] len[5] data[2141400D03]
12-30 11:16:00.668   398   882 D adayocomadapter-CommunicationManager: sendToDownstream  000 mPropertyId[0x557924365]  
12-30 11:16:00.668   398   698 D adayocomadapter-DownstreamHandler: processBeforePacket downSreamtProcessTimePoint[9496490] 
12-30 11:16:00.668   398   698 D adayocomadapter-DownstreamHandler: DownstreamHandler processPacket 
12-30 11:16:00.668   398   698 D adayocomadapter-DownstreamHandler: DownstreamHandler processPacket valueIndex 0x2141400d
12-30 11:16:00.668   398   698 D adayocomadapter-DownstreamHandler: DownstreamHandler processPacket 0002
12-30 11:16:00.668  1365  2014 D CarPropertyService: mSyncGetSetPropertyOpCount: 0
12-30 11:16:00.668   398   698 D adayocomadapter-DownstreamHandler: DownstreamHandler processPacket sendMCUData2 
12-30 11:16:00.668   398   698 D adayocomadapter-CommunicationManager: sendMCUData 
12-30 11:16:00.668   398   698 D adayocomadapter-MCUInterfaceHandler: sendToMCU start
12-30 11:16:00.668   398   698 D adayocomadapter-ParseProtocolFunc: printRaWMsg Name[sendToMCU] len[8] data[1202022141400D03]
12-30 11:16:00.668  1628  1858 I CCarServiceManager: CarServiceManager->t()223:version:[48, 48, 48, 51, 48, 48, 48, 52]     ---29:pool-2-thread-2
12-30 11:16:00.671   360   458 D EvsDriver: doneWithFrame
12-30 11:16:00.672   798 14497 W adbd    : timed out while waiting for FUNCTIONFS_BIND, trying again
12-30 11:16:00.672   798 14497 I adbd    : UsbFfs: connection terminated: monitor thread finished
12-30 11:16:00.672   798   798 I adbd    : UsbFfs: already offline
12-30 11:16:00.672   798   798 I adbd    : destroying transport UsbFfs
12-30 11:16:00.672  2358  2623 D RcfController: Rcf proxy is not connected!
12-30 11:16:00.672   798   798 I adbd    : UsbFfsConnection being destroyed
12-30 11:16:00.690   596  3076 E WifiHAL : Invalid data received from driver
12-30 11:16:00.690   596  3076 E WifiHAL : Invalid data received from driver
12-30 11:16:00.691   596  3076 E WifiHAL : Invalid data received from driver
12-30 11:16:00.691   596  3076 E WifiHAL : Invalid data received from driver
12-30 11:16:00.691   596  3076 E WifiHAL : Invalid data received from driver
12-30 11:16:00.691   596  3076 E WifiHAL : Invalid data received from driver
12-30 11:16:00.691   596  3076 E WifiHAL : Invalid data received from driver
12-30 11:16:00.698   360   931 D EvsDriver: forwardFrame
12-30 11:16:00.698   360   931 D EvsDriver: forwardFrameDirect
12-30 11:16:00.698   360   931 D EvsDriver: Delivered 0xb400e2ca9e40e110 as id 0
12-30 11:16:00.699   359  2784 D evsmanagerd: /dev/video-evs0 forwarded the buffer #0 to 0xb400f125d2b26dd0 from 0xb400f125e2b20710
12-30 11:16:00.701   360   458 D EvsDriver: doneWithFrame
12-30 11:16:00.709   650   730 D fgemcucomm: file = hardware/interfaces/fgemcucomm/1.0/default/mcucomm/src/mcuCommFunctionTimer.cpp, function = startTimer  start timer OK = 7336 
12-30 11:16:00.710   798   838 I adbd    : opening control endpoint /dev/usb-ffs/adb/ep0
12-30 11:16:00.710   798   838 I adbd    : UsbFfsConnection constructed
12-30 11:16:00.711   798 14499 I adbd    : UsbFfs-monitor thread spawned
12-30 11:16:00.713   596  3076 E WifiHAL : Invalid data received from driver
01-01 10:38:17.720   838   838 I         : read descriptors
12-30 11:16:00.719   650   730 D fgemcucomm: sd Uart data : 6AA6011CA900081202022141400B026D
12-30 11:16:00.723  2358  2623 D RcfController: Rcf proxy is not connected!
12-30 11:16:00.725   650   729 D fgemcucomm: file = hardware/interfaces/fgemcucomm/1.0/default/mcucomm/src/mcuCommFunctionTimer.cpp, func = stopTimer  stop timer = 7336 
12-30 11:16:00.725   650   729 D fgemcucomm: rev uart=78446,len=10, data : 6AA6821CA800021202A4
12-30 11:16:00.726   650   730 D fgemcucomm: file = hardware/interfaces/fgemcucomm/1.0/default/mcucomm/src/mcuCommFunctionTimer.cpp, function = startTimer  start timer OK = 7337 
12-30 11:16:00.732   360   931 D EvsDriver: forwardFrame
12-30 11:16:00.732   360   931 D EvsDriver: forwardFrameDirect
12-30 11:16:00.732   360   931 D EvsDriver: Delivered 0xb400e2ca9e40c7a0 as id 1
12-30 11:16:00.732   359  2784 D evsmanagerd: /dev/video-evs0 forwarded the buffer #1 to 0xb400f125d2b26dd0 from 0xb400f125e2b20710
12-30 11:16:00.736   650   730 D fgemcucomm: sd Uart data : 6AA6011CAA00081202022141400D0369
12-30 11:16:00.741   360   458 D EvsDriver: doneWithFrame
12-30 11:16:00.746   650   729 D fgemcucomm: sd Uart data : 6AA60228520002800AF8
12-30 11:16:00.746   650   729 D fgemcucomm: rev uart=78447,len=13, data : 6AA68128520005800A04000072
12-30 11:16:00.746   398   882 D adayocomadapter-ParseProtocolFunc: printRaWMsg Name[MCUToUPstream recv] len[4] data[800A0400]
12-30 11:16:00.746   398   882 D adayocomadapter-CommunicationManager: onUpstreamback   member[7] dataLength[2] timePoint[9496568]
12-30 11:16:00.746   398   882 D adayocomadapter-ParseProtocolFunc: printRaWMsg Name[onUpstreamback] len[2] data[0400]
12-30 11:16:00.747   650   730 D fgemcucomm: file = hardware/interfaces/fgemcucomm/1.0/default/mcucomm/src/mcuCommFunctionTimer.cpp, function = startTimer  start timer OK = 7338 
12-30 11:16:00.747   398   464 D adayocomadapter-UpstreamHandler: processBeforePacket upSreamtProcessTimePoint[9496568] 
12-30 11:16:00.747   398   464 D adayocomadapter-ParseProtocolFunc: parseGeneralIPCLBytes Processing tablename[Table-0] tableSize[2]
12-30 11:16:00.747   650   729 D fgemcucomm: file = hardware/interfaces/fgemcucomm/1.0/default/mcucomm/src/mcuCommFunctionTimer.cpp, func = stopTimer  stop timer = 7337 
12-30 11:16:00.747   398   464 D adayocomadapter-ParseProtocolFunc: printRaWMsg Name[byteStream recv] len[2] data[0400]
12-30 11:16:00.747   650   729 D fgemcucomm: rev uart=78448,len=10, data : 6AA6821CA900021202A3
12-30 11:16:00.747   398   464 D adayocomadapter-ParseProtocolFunc: printRaWMsg Name[IPCLtoVHAL] len[6] data[314010020000]
12-30 11:16:00.747   398   464 D adayocomadapter-ParseProtocolFunc: printRaWMsg Name[IPCLtoVHAL] len[6] data[314010010004]
12-30 11:16:00.747   398   464 D adayocomadapter-CommunicationManager: onUpstreamReceive mPropertyId 0x31401002
12-30 11:16:00.747   398   464 D adayocomadapter-CommunicationManager: convertBytesToInt32Memcpy  0
12-30 11:16:00.747   398   464 I vw-vhal : notifyVehicleProperty, propId = 0x31401002, data = {status: 2, int32Values: [0]}
12-30 11:16:00.747   398   464 I vw-vhal : CanSignalsAdapter::notifyVehicleProperty: solvedValue = {.timestamp = 9496569119463, .areaId = 0, .prop = 826281986, .status = AVAILABLE, .value = {.int32Values = [1]{0}, .floatValues = [0]{}, .int64Values = [0]{}, .bytes = [0]{}, .stringValue = ""}}
12-30 11:16:00.747   398   464 I VehiclePropertyStore: begin to write value to Store: {.timestamp = 9496569119463, .areaId = 0, .prop = 826281986, .status = AVAILABLE, .value = {.int32Values = [1]{0}, .floatValues = [0]{}, .int64Values = [0]{}, .bytes = [0]{}, .stringValue = ""}}
12-30 11:16:00.747   398   464 I DefaultVehicleHal_v2_0: DefaultVehicleHal::onPropertyValue, value:{.timestamp = 9496569119463, .areaId = 0, .prop = 826281986, .status = AVAILABLE, .value = {.int32Values = [1]{0}, .floatValues = [0]{}, .int64Values = [0]{}, .bytes = [0]{}, .stringValue = ""}}
12-30 11:16:00.747   398   464 D DiagPropHandler: is not DiagnosticConfig: 0x31401002
12-30 11:16:00.747   398   464 I VehiclePropertyStore: begin to write value to Store: {.timestamp = 9496569119463, .areaId = 0, .prop = 826281986, .status = AVAILABLE, .value = {.int32Values = [1]{0}, .floatValues = [0]{}, .int64Values = [0]{}, .bytes = [0]{}, .stringValue = ""}}
12-30 11:16:00.747   398   464 D adayocomadapter-CommunicationManager: onUpstreamReceive mPropertyId 0x31401002
12-30 11:16:00.747   398   464 D adayocomadapter-CommunicationManager: onUpstreamReceive mPropertyId 0x31401001
12-30 11:16:00.747   398   464 D adayocomadapter-CommunicationManager: convertBytesToInt32Memcpy  4
12-30 11:16:00.747   398   464 I vw-vhal : notifyVehicleProperty, propId = 0x31401001, data = {status: 2, int32Values: [4]}
12-30 11:16:00.747   398   464 I vw-vhal : CanSignalsAdapter::notifyVehicleProperty: solvedValue = {.timestamp = 9496569351463, .areaId = 0, .prop = 826281985, .status = AVAILABLE, .value = {.int32Values = [1]{4}, .floatValues = [0]{}, .int64Values = [0]{}, .bytes = [0]{}, .stringValue = ""}}
12-30 11:16:00.747   398   464 I VehiclePropertyStore: begin to write value to Store: {.timestamp = 9496569351463, .areaId = 0, .prop = 826281985, .status = AVAILABLE, .value = {.int32Values = [1]{4}, .floatValues = [0]{}, .int64Values = [0]{}, .bytes = [0]{}, .stringValue = ""}}
12-30 11:16:00.747   398   464 I DefaultVehicleHal_v2_0: DefaultVehicleHal::onPropertyValue, value:{.timestamp = 9496569351463, .areaId = 0, .prop = 826281985, .status = AVAILABLE, .value = {.int32Values = [1]{4}, .floatValues = [0]{}, .int64Values = [0]{}, .bytes = [0]{}, .stringValue = ""}}
12-30 11:16:00.747   398   464 D DiagPropHandler: is not DiagnosticConfig: 0x31401001
12-30 11:16:00.747   398   464 I VehiclePropertyStore: begin to write value to Store: {.timestamp = 9496569351463, .areaId = 0, .prop = 826281985, .status = AVAILABLE, .value = {.int32Values = [1]{4}, .floatValues = [0]{}, .int64Values = [0]{}, .bytes = [0]{}, .stringValue = ""}}
12-30 11:16:00.747   398   464 D adayocomadapter-CommunicationManager: onUpstreamReceive mPropertyId 0x31401001
12-30 11:16:00.757  1667  2513 W ContextImpl: Calling a method in the system process without a qualified user: android.app.ContextImpl.bindService:1988 android.content.ContextWrapper.bindService:861 com.ford.sync.fnvservice.analytics.AnalyticsManager$RetryHandler.a:126 com.ford.sync.fnvservice.analytics.AnalyticsManager$RetryHandler.handleMessage:103 android.os.Handler.dispatchMessage:106 
12-30 11:16:00.757   916  1847 W ActivityManager: Unable to start service Intent { cmp=com.ford.sync.fnvservice/.analytics.AnalyticsService } U=0: not found
12-30 11:16:00.758  1667  2513 W AnalyticsManager:  bind ford Analytics failed -> sendRetryMessage 
12-30 11:16:00.765   360   931 D EvsDriver: forwardFrame
12-30 11:16:00.765   360   931 D EvsDriver: forwardFrameDirect
12-30 11:16:00.765   360   931 D EvsDriver: Delivered 0xb400e2ca9e40e270 as id 0
12-30 11:16:00.765   650   729 D fgemcucomm: file = hardware/interfaces/fgemcucomm/1.0/default/mcucomm/src/mcuCommFunctionTimer.cpp, func = stopTimer  stop timer = 7338 
12-30 11:16:00.765   650   729 D fgemcucomm: rev uart=78449,len=10, data : 6AA6821CAA00021202A2
12-30 11:16:00.765   359  2784 D evsmanagerd: /dev/video-evs0 forwarded the buffer #0 to 0xb400f125d2b26dd0 from 0xb400f125e2b20710
12-30 11:16:00.771   360   458 D EvsDriver: doneWithFrame
12-30 11:16:00.773  2358  2623 D RcfController: Rcf proxy is not connected!
12-30 11:16:00.798   360   931 D EvsDriver: forwardFrame
12-30 11:16:00.798   360   931 D EvsDriver: forwardFrameDirect
12-30 11:16:00.798   360   931 D EvsDriver: Delivered 0xb400e2ca9e40d4b0 as id 1
12-30 11:16:00.798   359  2784 D evsmanagerd: /dev/video-evs0 forwarded the buffer #1 to 0xb400f125d2b26dd0 from 0xb400f125e2b20710
12-30 11:16:00.802   360   458 D EvsDriver: doneWithFrame
12-30 11:16:00.822   596  3076 E WifiHAL : Invalid data received from driver
12-30 11:16:00.823  2358  2623 D RcfController: Rcf proxy is not connected!
12-30 11:16:00.832   360   931 D EvsDriver: forwardFrame
12-30 11:16:00.832   360   931 D EvsDriver: forwardFrameDirect
12-30 11:16:00.832   360   931 D EvsDriver: Delivered 0xb400e2ca9e40c2d0 as id 0
12-30 11:16:00.832   359  2784 D evsmanagerd: /dev/video-evs0 forwarded the buffer #0 to 0xb400f125d2b26dd0 from 0xb400f125e2b20710
12-30 11:16:00.842   360   458 D EvsDriver: doneWithFrame
12-30 11:16:00.865   360   931 D EvsDriver: forwardFrame
12-30 11:16:00.865   360   931 D EvsDriver: forwardFrameDirect
12-30 11:16:00.865   360   931 D EvsDriver: Delivered 0xb400e2ca9e40d090 as id 1
12-30 11:16:00.865   359  2784 D evsmanagerd: /dev/video-evs0 forwarded the buffer #1 to 0xb400f125d2b26dd0 from 0xb400f125e2b20710
12-30 11:16:00.872   360   458 D EvsDriver: doneWithFrame
12-30 11:16:00.873  2358  2623 D RcfController: Rcf proxy is not connected!
12-30 11:16:00.898   360   931 D EvsDriver: forwardFrame
12-30 11:16:00.898   360   931 D EvsDriver: forwardFrameDirect
12-30 11:16:00.898   360   931 D EvsDriver: Delivered 0xb400e2ca9e40e110 as id 0
12-30 11:16:00.898   359  2784 D evsmanagerd: /dev/video-evs0 forwarded the buffer #0 to 0xb400f125d2b26dd0 from 0xb400f125e2b20710
12-30 11:16:00.902   360   458 D EvsDriver: doneWithFrame
12-30 11:16:00.909   596  3076 E WifiHAL : Invalid data received from driver
12-30 11:16:00.923  2358  2623 D RcfController: Rcf proxy is not connected!
12-30 11:16:00.932   360   931 D EvsDriver: forwardFrame
12-30 11:16:00.932   360   931 D EvsDriver: forwardFrameDirect
12-30 11:16:00.932   360   931 D EvsDriver: Delivered 0xb400e2ca9e40c7a0 as id 1
12-30 11:16:00.932   359  2784 D evsmanagerd: /dev/video-evs0 forwarded the buffer #1 to 0xb400f125d2b26dd0 from 0xb400f125e2b20710
12-30 11:16:00.933   360   458 D EvsDriver: doneWithFrame
12-30 11:16:00.939  1611  1820 I ADAYO_LOG_: call(lambda:8)computeLogSize mFileSizes[0]: 45875523
12-30 11:16:00.940  1611  1820 I ADAYO_LOG_: call(lambda:8)computeLogSize mFileSizes[1]: 1883866
12-30 11:16:00.940  1611  1820 I ADAYO_LOG_: call(lambda:8)computeLogSize mFileSizes[2]: 0
12-30 11:16:00.940  1611  1820 I ADAYO_LOG_: call(lambda:11)type: /logcat/, typeMaxSize: 2684354560, size: 45875523
12-30 11:16:00.940  1611  1820 I ADAYO_LOG_: call(lambda:11)type: /kernel/, typeMaxSize: 524288000, size: 1883866
12-30 11:16:00.940  1611  1820 I ADAYO_LOG_: call(lambda:11)type: /logcat_GNSS/, typeMaxSize: 104857600, size: 0
12-30 11:16:00.951   596  3076 E WifiHAL : Invalid data received from driver
12-30 11:16:00.951   596  3076 E WifiHAL : Invalid data received from driver
12-30 11:16:00.951   596  3076 E WifiHAL : Invalid data received from driver
12-30 11:16:00.951   596  3076 E WifiHAL : Invalid data received from driver
12-30 11:16:00.951   596  3076 E WifiHAL : Invalid data received from driver
12-30 11:16:00.951   596  3076 E WifiHAL : Invalid data received from driver
12-30 11:16:00.951   596  3076 E WifiHAL : Invalid data received from driver
12-30 11:16:00.965   360   931 D EvsDriver: forwardFrame
12-30 11:16:00.965   360   931 D EvsDriver: forwardFrameDirect
12-30 11:16:00.965   360   931 D EvsDriver: Delivered 0xb400e2ca9e40e270 as id 0
12-30 11:16:00.965   359  2784 D evsmanagerd: /dev/video-evs0 forwarded the buffer #0 to 0xb400f125d2b26dd0 from 0xb400f125e2b20710
12-30 11:16:00.973   360   458 D EvsDriver: doneWithFrame
12-30 11:16:00.974  2358  2623 D RcfController: Rcf proxy is not connected!
12-30 11:16:00.972   657   657 I auditd  : type=1400 audit(0.0:1061889): avc:  denied  { ioctl } for  comm="evs_app.adayo" path="/dev/dri/renderD128" dev="tmpfs" ino=468 ioctlcmd=0x6440 scontext=u:r:evs_app_adayo:s0 tcontext=u:object_r:gpu_device:s0 tclass=chr_file permissive=1
12-30 11:16:00.972   657   657 I evs_app.adayo: type=1400 audit(0.0:1061889): avc:  denied  { ioctl } for  path="/dev/dri/renderD128" dev="tmpfs" ino=468 ioctlcmd=0x6440 scontext=u:r:evs_app_adayo:s0 tcontext=u:object_r:gpu_device:s0 tclass=chr_file permissive=1
12-30 11:16:00.998   360   931 D EvsDriver: forwardFrame
12-30 11:16:00.998   360   931 D EvsDriver: forwardFrameDirect
12-30 11:16:00.999   360   931 D EvsDriver: Delivered 0xb400e2ca9e40d4b0 as id 1
12-30 11:16:00.999   359  2784 D evsmanagerd: /dev/video-evs0 forwarded the buffer #1 to 0xb400f125d2b26dd0 from 0xb400f125e2b20710
12-30 11:16:01.000   650   729 D fgemcucomm: sd Uart data : 6AA602285300029202ED
12-30 11:16:01.000   650   729 D fgemcucomm: rev uart=78450,len=65, data : 6AA6812853003992020017000000000000000000000000000000000000000000000000000000000000000000000000000000000000000000000000000000000020
12-30 11:16:01.000   398   882 D adayocomadapter-ParseProtocolFunc: printRaWMsg Name[MCUToUPstream recv] len[57] data[920200170000000000000000000000000000000000000000000000000000000000000000000000000000000000000000000000000000000000]
12-30 11:16:01.000   398   882 D adayocomadapter-CommunicationManager: onUpstreamback   member[0] dataLength[54] timePoint[9496822]
12-30 11:16:01.000   398   882 D adayocomadapter-ParseProtocolFunc: printRaWMsg Name[onUpstreamback] len[54] data[170000000000000000000000000000000000000000000000000000000000000000000000000000000000000000000000000000000000]
12-30 11:16:01.000   398   464 D adayocomadapter-UpstreamHandler: processBeforePacket upSreamtProcessTimePoint[9496822] 
12-30 11:16:01.000   398   464 D adayocomadapter-UpstreamHandler: processPacket UPSTREAM_QUEUE_DATA_TIMEOUT
12-30 11:16:01.000   398   464 D adayocomadapter-ParseProtocolFunc: parseCommonIPCLBytes Processing tableNumber[23]
12-30 11:16:01.000   398   464 D adayocomadapter-ParseProtocolFunc: parseCommonIPCLBytes Processing tablename[Table-23] tableSize[54]
12-30 11:16:01.000   398   464 D adayocomadapter-ParseProtocolFunc: printRaWMsg Name[byteStream recv] len[54] data[170000000000000000000000000000000000000000000000000000000000000000000000000000000000000000000000000000000000]
12-30 11:16:01.000   398   464 D adayocomadapter-ParseProtocolFunc: printRaWMsg Name[IPCLtoVHAL] len[6] data[214021020000]
12-30 11:16:01.000   398   464 D adayocomadapter-ParseProtocolFunc: printRaWMsg Name[IPCLtoVHAL] len[6] data[214021100000]
12-30 11:16:01.000   398   464 D adayocomadapter-ParseProtocolFunc: printRaWMsg Name[IPCLtoVHAL] len[6] data[214020E20000]
12-30 11:16:01.000   398   464 D adayocomadapter-ParseProtocolFunc: printRaWMsg Name[IPCLtoVHAL] len[7] data[21402043000000]
12-30 11:16:01.000   398   464 D adayocomadapter-ParseProtocolFunc: printRaWMsg Name[IPCLtoVHAL] len[9] data[214020370000000000]
12-30 11:16:01.000   398   464 D adayocomadapter-ParseProtocolFunc: printRaWMsg Name[IPCLtoVHAL] len[6] data[214020EE0000]
12-30 11:16:01.000   398   464 D adayocomadapter-ParseProtocolFunc: printRaWMsg Name[IPCLtoVHAL] len[6] data[214021330000]
12-30 11:16:01.001   398   464 D adayocomadapter-ParseProtocolFunc: printRaWMsg Name[IPCLtoVHAL] len[6] data[2140210F0000]
12-30 11:16:01.001   398   464 D adayocomadapter-ParseProtocolFunc: printRaWMsg Name[IPCLtoVHAL] len[6] data[214020F00000]
12-30 11:16:01.001   398   464 D adayocomadapter-ParseProtocolFunc: printRaWMsg Name[IPCLtoVHAL] len[6] data[214020C10000]
12-30 11:16:01.001   398   464 D adayocomadapter-ParseProtocolFunc: printRaWMsg Name[IPCLtoVHAL] len[6] data[2140211F0000]
12-30 11:16:01.001   398   464 D adayocomadapter-ParseProtocolFunc: printRaWMsg Name[IPCLtoVHAL] len[6] data[214020940000]
12-30 11:16:01.001   398   464 D adayocomadapter-ParseProtocolFunc: printRaWMsg Name[IPCLtoVHAL] len[9] data[214020360000000000]
12-30 11:16:01.001   398   464 D adayocomadapter-ParseProtocolFunc: printRaWMsg Name[IPCLtoVHAL] len[6] data[214020C30000]
12-30 11:16:01.001   398   464 D adayocomadapter-ParseProtocolFunc: printRaWMsg Name[IPCLtoVHAL] len[6] data[214021140000]
12-30 11:16:01.001   398   464 D adayocomadapter-ParseProtocolFunc: printRaWMsg Name[IPCLtoVHAL] len[6] data[214020B60000]
12-30 11:16:01.001   398   464 D adayocomadapter-ParseProtocolFunc: printRaWMsg Name[IPCLtoVHAL] len[6] data[214021150000]
12-30 11:16:01.001   398   464 D adayocomadapter-ParseProtocolFunc: printRaWMsg Name[IPCLtoVHAL] len[6] data[2140211A0000]
12-30 11:16:01.001   398   464 D adayocomadapter-ParseProtocolFunc: printRaWMsg Name[IPCLtoVHAL] len[9] data[2140204B0000000000]
12-30 11:16:01.001   398   464 D adayocomadapter-ParseProtocolFunc: printRaWMsg Name[IPCLtoVHAL] len[6] data[2140211B0000]
12-30 11:16:01.001   398   464 D adayocomadapter-ParseProtocolFunc: printRaWMsg Name[IPCLtoVHAL] len[9] data[2140203B0000000000]
12-30 11:16:01.001   398   464 D adayocomadapter-ParseProtocolFunc: printRaWMsg Name[IPCLtoVHAL] len[7] data[2140203F000000]
12-30 11:16:01.001   398   464 D adayocomadapter-ParseProtocolFunc: printRaWMsg Name[IPCLtoVHAL] len[7] data[2140203A000000]
12-30 11:16:01.001   398   464 D adayocomadapter-ParseProtocolFunc: printRaWMsg Name[IPCLtoVHAL] len[7] data[2140203E000000]
12-30 11:16:01.001   398   464 D adayocomadapter-ParseProtocolFunc: printRaWMsg Name[IPCLtoVHAL] len[7] data[21402042000000]
12-30 11:16:01.001   398   464 D adayocomadapter-ParseProtocolFunc: printRaWMsg Name[IPCLtoVHAL] len[7] data[21402039000000]
12-30 11:16:01.001   398   464 D adayocomadapter-ParseProtocolFunc: printRaWMsg Name[IPCLtoVHAL] len[7] data[2140203D000000]
12-30 11:16:01.001   398   464 D adayocomadapter-ParseProtocolFunc: printRaWMsg Name[IPCLtoVHAL] len[7] data[21402041000000]
12-30 11:16:01.001   398   464 D adayocomadapter-ParseProtocolFunc: printRaWMsg Name[IPCLtoVHAL] len[7] data[21402045000000]
12-30 11:16:01.001   398   464 D adayocomadapter-ParseProtocolFunc: printRaWMsg Name[IPCLtoVHAL] len[7] data[2140204D000000]
12-30 11:16:01.001   398   464 D adayocomadapter-ParseProtocolFunc: printRaWMsg Name[IPCLtoVHAL] len[6] data[2140220B0000]
12-30 11:16:01.001   398   464 D adayocomadapter-CommunicationManager: onUpstreamReceive mPropertyId 0x21402102
12-30 11:16:01.001   398   464 D adayocomadapter-CommunicationManager: convertBytesToInt32Memcpy  0
12-30 11:16:01.001   398   464 I vw-vhal : notifyVehicleProperty, propId = 0x21402102, data = {status: 2, int32Values: [0]}
12-30 11:16:01.001   398   464 I vw-vhal : CanSignalsAdapter::notifyVehicleProperty: solvedValue = {.timestamp = 9496823354130, .areaId = 0, .prop = 557850882, .status = AVAILABLE, .value = {.int32Values = [1]{0}, .floatValues = [0]{}, .int64Values = [0]{}, .bytes = [0]{}, .stringValue = ""}}
12-30 11:16:01.001   398   464 I VehiclePropertyStore: begin to write value to Store: {.timestamp = 9496823354130, .areaId = 0, .prop = 557850882, .status = AVAILABLE, .value = {.int32Values = [1]{0}, .floatValues = [0]{}, .int64Values = [0]{}, .bytes = [0]{}, .stringValue = ""}}
12-30 11:16:01.001   398   464 I DefaultVehicleHal_v2_0: DefaultVehicleHal::onPropertyValue, value:{.timestamp = 9496823354130, .areaId = 0, .prop = 557850882, .status = AVAILABLE, .value = {.int32Values = [1]{0}, .floatValues = [0]{}, .int64Values = [0]{}, .bytes = [0]{}, .stringValue = ""}}
12-30 11:16:01.001   398   464 D DiagPropHandler: is not DiagnosticConfig: 0x21402102
12-30 11:16:01.001   398   464 I VehiclePropertyStore: begin to write value to Store: {.timestamp = 9496823354130, .areaId = 0, .prop = 557850882, .status = AVAILABLE, .value = {.int32Values = [1]{0}, .floatValues = [0]{}, .int64Values = [0]{}, .bytes = [0]{}, .stringValue = ""}}
12-30 11:16:01.001   398   464 D adayocomadapter-CommunicationManager: onUpstreamReceive mPropertyId 0x21402102
12-30 11:16:01.001   398   464 D adayocomadapter-CommunicationManager: onUpstreamReceive mPropertyId 0x21402110
12-30 11:16:01.001   398   464 D adayocomadapter-CommunicationManager: convertBytesToInt32Memcpy  0
12-30 11:16:01.001   398   464 I vw-vhal : notifyVehicleProperty, propId = 0x21402110, data = {status: 2, int32Values: [0]}
12-30 11:16:01.001   398   464 I vw-vhal : CanSignalsAdapter::notifyVehicleProperty: solvedValue = {.timestamp = 9496823585463, .areaId = 0, .prop = 557850896, .status = AVAILABLE, .value = {.int32Values = [1]{0}, .floatValues = [0]{}, .int64Values = [0]{}, .bytes = [0]{}, .stringValue = ""}}
12-30 11:16:01.001   398   464 I VehiclePropertyStore: begin to write value to Store: {.timestamp = 9496823585463, .areaId = 0, .prop = 557850896, .status = AVAILABLE, .value = {.int32Values = [1]{0}, .floatValues = [0]{}, .int64Values = [0]{}, .bytes = [0]{}, .stringValue = ""}}
12-30 11:16:01.001   398   464 I DefaultVehicleHal_v2_0: DefaultVehicleHal::onPropertyValue, value:{.timestamp = 9496823585463, .areaId = 0, .prop = 557850896, .status = AVAILABLE, .value = {.int32Values = [1]{0}, .floatValues = [0]{}, .int64Values = [0]{}, .bytes = [0]{}, .stringValue = ""}}
12-30 11:16:01.001   398   464 D DiagPropHandler: is not DiagnosticConfig: 0x21402110
12-30 11:16:01.001   398   464 I VehiclePropertyStore: begin to write value to Store: {.timestamp = 9496823585463, .areaId = 0, .prop = 557850896, .status = AVAILABLE, .value = {.int32Values = [1]{0}, .floatValues = [0]{}, .int64Values = [0]{}, .bytes = [0]{}, .stringValue = ""}}
12-30 11:16:01.001   398   464 D adayocomadapter-CommunicationManager: onUpstreamReceive mPropertyId 0x21402110
12-30 11:16:01.001   398   464 D adayocomadapter-CommunicationManager: onUpstreamReceive mPropertyId 0x214020e2
12-30 11:16:01.001   398   464 D adayocomadapter-CommunicationManager: convertBytesToInt32Memcpy  0
12-30 11:16:01.001   398   464 I vw-vhal : notifyVehicleProperty, propId = 0x214020e2, data = {status: 2, int32Values: [0]}
12-30 11:16:01.001   398   464 I vw-vhal : CanSignalsAdapter::notifyVehicleProperty: solvedValue = {.timestamp = 9496823779130, .areaId = 0, .prop = 557850850, .status = AVAILABLE, .value = {.int32Values = [1]{0}, .floatValues = [0]{}, .int64Values = [0]{}, .bytes = [0]{}, .stringValue = ""}}
12-30 11:16:01.001   398   464 I VehiclePropertyStore: begin to write value to Store: {.timestamp = 9496823779130, .areaId = 0, .prop = 557850850, .status = AVAILABLE, .value = {.int32Values = [1]{0}, .floatValues = [0]{}, .int64Values = [0]{}, .bytes = [0]{}, .stringValue = ""}}
12-30 11:16:01.001   398   464 I DefaultVehicleHal_v2_0: DefaultVehicleHal::onPropertyValue, value:{.timestamp = 9496823779130, .areaId = 0, .prop = 557850850, .status = AVAILABLE, .value = {.int32Values = [1]{0}, .floatValues = [0]{}, .int64Values = [0]{}, .bytes = [0]{}, .stringValue = ""}}
12-30 11:16:01.002   398   464 D DiagPropHandler: is not DiagnosticConfig: 0x214020e2
12-30 11:16:01.002   398   464 I VehiclePropertyStore: begin to write value to Store: {.timestamp = 9496823779130, .areaId = 0, .prop = 557850850, .status = AVAILABLE, .value = {.int32Values = [1]{0}, .floatValues = [0]{}, .int64Values = [0]{}, .bytes = [0]{}, .stringValue = ""}}
12-30 11:16:01.002   398   464 D adayocomadapter-CommunicationManager: onUpstreamReceive mPropertyId 0x214020e2
12-30 11:16:01.002   398   464 D adayocomadapter-CommunicationManager: onUpstreamReceive mPropertyId 0x21402043
12-30 11:16:01.002   398   464 D adayocomadapter-CommunicationManager: convertBytesToInt32Memcpy  0
12-30 11:16:01.002   398   464 I vw-vhal : notifyVehicleProperty, propId = 0x21402043, data = {status: 2, int32Values: [0]}
12-30 11:16:01.002   398   464 I vw-vhal : CanSignalsAdapter::notifyVehicleProperty: solvedValue = {.timestamp = 9496823968463, .areaId = 0, .prop = 557850691, .status = AVAILABLE, .value = {.int32Values = [1]{0}, .floatValues = [0]{}, .int64Values = [0]{}, .bytes = [0]{}, .stringValue = ""}}
12-30 11:16:01.002   398   464 I VehiclePropertyStore: begin to write value to Store: {.timestamp = 9496823968463, .areaId = 0, .prop = 557850691, .status = AVAILABLE, .value = {.int32Values = [1]{0}, .floatValues = [0]{}, .int64Values = [0]{}, .bytes = [0]{}, .stringValue = ""}}
12-30 11:16:01.002   398   464 I DefaultVehicleHal_v2_0: DefaultVehicleHal::onPropertyValue, value:{.timestamp = 9496823968463, .areaId = 0, .prop = 557850691, .status = AVAILABLE, .value = {.int32Values = [1]{0}, .floatValues = [0]{}, .int64Values = [0]{}, .bytes = [0]{}, .stringValue = ""}}
12-30 11:16:01.002   398   464 D DiagPropHandler: is not DiagnosticConfig: 0x21402043
12-30 11:16:01.002   398   464 I VehiclePropertyStore: begin to write value to Store: {.timestamp = 9496823968463, .areaId = 0, .prop = 557850691, .status = AVAILABLE, .value = {.int32Values = [1]{0}, .floatValues = [0]{}, .int64Values = [0]{}, .bytes = [0]{}, .stringValue = ""}}
12-30 11:16:01.002   398   464 D adayocomadapter-CommunicationManager: onUpstreamReceive mPropertyId 0x21402043
12-30 11:16:01.002   398   464 D adayocomadapter-CommunicationManager: onUpstreamReceive mPropertyId 0x21402037
12-30 11:16:01.002   398   464 D adayocomadapter-CommunicationManager: convertBytesToInt32Memcpy  0
12-30 11:16:01.002   398   464 I vw-vhal : notifyVehicleProperty, propId = 0x21402037, data = {status: 2, int32Values: [0]}
12-30 11:16:01.002   398   464 I vw-vhal : CanSignalsAdapter::notifyVehicleProperty: solvedValue = {.timestamp = 9496824186796, .areaId = 0, .prop = 557850679, .status = AVAILABLE, .value = {.int32Values = [1]{0}, .floatValues = [0]{}, .int64Values = [0]{}, .bytes = [0]{}, .stringValue = ""}}
12-30 11:16:01.002   398   464 I VehiclePropertyStore: begin to write value to Store: {.timestamp = 9496824186796, .areaId = 0, .prop = 557850679, .status = AVAILABLE, .value = {.int32Values = [1]{0}, .floatValues = [0]{}, .int64Values = [0]{}, .bytes = [0]{}, .stringValue = ""}}
12-30 11:16:01.002   398   464 I DefaultVehicleHal_v2_0: DefaultVehicleHal::onPropertyValue, value:{.timestamp = 9496824186796, .areaId = 0, .prop = 557850679, .status = AVAILABLE, .value = {.int32Values = [1]{0}, .floatValues = [0]{}, .int64Values = [0]{}, .bytes = [0]{}, .stringValue = ""}}
12-30 11:16:01.002   398   464 D DiagPropHandler: is not DiagnosticConfig: 0x21402037
12-30 11:16:01.002   398   464 I VehiclePropertyStore: begin to write value to Store: {.timestamp = 9496824186796, .areaId = 0, .prop = 557850679, .status = AVAILABLE, .value = {.int32Values = [1]{0}, .floatValues = [0]{}, .int64Values = [0]{}, .bytes = [0]{}, .stringValue = ""}}
12-30 11:16:01.002   398   464 D adayocomadapter-CommunicationManager: onUpstreamReceive mPropertyId 0x21402037
12-30 11:16:01.002   398   464 D adayocomadapter-CommunicationManager: onUpstreamReceive mPropertyId 0x214020ee
12-30 11:16:01.002   398   464 D adayocomadapter-CommunicationManager: convertBytesToInt32Memcpy  0
12-30 11:16:01.002   398   464 I vw-vhal : notifyVehicleProperty, propId = 0x214020ee, data = {status: 2, int32Values: [0]}
12-30 11:16:01.002   398   464 I vw-vhal : CanSignalsAdapter::notifyVehicleProperty: solvedValue = {.timestamp = 9496824376130, .areaId = 0, .prop = 557850862, .status = AVAILABLE, .value = {.int32Values = [1]{0}, .floatValues = [0]{}, .int64Values = [0]{}, .bytes = [0]{}, .stringValue = ""}}
12-30 11:16:01.002   398   464 I VehiclePropertyStore: begin to write value to Store: {.timestamp = 9496824376130, .areaId = 0, .prop = 557850862, .status = AVAILABLE, .value = {.int32Values = [1]{0}, .floatValues = [0]{}, .int64Values = [0]{}, .bytes = [0]{}, .stringValue = ""}}
12-30 11:16:01.002   398   464 I DefaultVehicleHal_v2_0: DefaultVehicleHal::onPropertyValue, value:{.timestamp = 9496824376130, .areaId = 0, .prop = 557850862, .status = AVAILABLE, .value = {.int32Values = [1]{0}, .floatValues = [0]{}, .int64Values = [0]{}, .bytes = [0]{}, .stringValue = ""}}
12-30 11:16:01.002   398   464 D DiagPropHandler: is not DiagnosticConfig: 0x214020ee
12-30 11:16:01.002   398   464 I VehiclePropertyStore: begin to write value to Store: {.timestamp = 9496824376130, .areaId = 0, .prop = 557850862, .status = AVAILABLE, .value = {.int32Values = [1]{0}, .floatValues = [0]{}, .int64Values = [0]{}, .bytes = [0]{}, .stringValue = ""}}
12-30 11:16:01.002   398   464 D adayocomadapter-CommunicationManager: onUpstreamReceive mPropertyId 0x214020ee
12-30 11:16:01.002   398   464 D adayocomadapter-CommunicationManager: onUpstreamReceive mPropertyId 0x21402133
12-30 11:16:01.002   398   464 D adayocomadapter-CommunicationManager: convertBytesToInt32Memcpy  0
12-30 11:16:01.002   398   464 I vw-vhal : notifyVehicleProperty, propId = 0x21402133, data = {status: 2, int32Values: [0]}
12-30 11:16:01.002   398   464 I vw-vhal : CanSignalsAdapter::notifyVehicleProperty: solvedValue = {.timestamp = 9496824567130, .areaId = 0, .prop = 557850931, .status = AVAILABLE, .value = {.int32Values = [1]{0}, .floatValues = [0]{}, .int64Values = [0]{}, .bytes = [0]{}, .stringValue = ""}}
12-30 11:16:01.002   398   464 I VehiclePropertyStore: begin to write value to Store: {.timestamp = 9496824567130, .areaId = 0, .prop = 557850931, .status = AVAILABLE, .value = {.int32Values = [1]{0}, .floatValues = [0]{}, .int64Values = [0]{}, .bytes = [0]{}, .stringValue = ""}}
12-30 11:16:01.002   398   464 I DefaultVehicleHal_v2_0: DefaultVehicleHal::onPropertyValue, value:{.timestamp = 9496824567130, .areaId = 0, .prop = 557850931, .status = AVAILABLE, .value = {.int32Values = [1]{0}, .floatValues = [0]{}, .int64Values = [0]{}, .bytes = [0]{}, .stringValue = ""}}
12-30 11:16:01.002   398   464 D DiagPropHandler: is not DiagnosticConfig: 0x21402133
12-30 11:16:01.002   398   464 I VehiclePropertyStore: begin to write value to Store: {.timestamp = 9496824567130, .areaId = 0, .prop = 557850931, .status = AVAILABLE, .value = {.int32Values = [1]{0}, .floatValues = [0]{}, .int64Values = [0]{}, .bytes = [0]{}, .stringValue = ""}}
12-30 11:16:01.002   398   464 D adayocomadapter-CommunicationManager: onUpstreamReceive mPropertyId 0x21402133
12-30 11:16:01.002   398   464 D adayocomadapter-CommunicationManager: onUpstreamReceive mPropertyId 0x2140210f
12-30 11:16:01.002   398   464 D adayocomadapter-CommunicationManager: convertBytesToInt32Memcpy  0
12-30 11:16:01.002   398   464 I vw-vhal : notifyVehicleProperty, propId = 0x2140210f, data = {status: 2, int32Values: [0]}
12-30 11:16:01.002   398   464 I vw-vhal : CanSignalsAdapter::notifyVehicleProperty: solvedValue = {.timestamp = 9496824755130, .areaId = 0, .prop = 557850895, .status = AVAILABLE, .value = {.int32Values = [1]{0}, .floatValues = [0]{}, .int64Values = [0]{}, .bytes = [0]{}, .stringValue = ""}}
12-30 11:16:01.002   398   464 I VehiclePropertyStore: begin to write value to Store: {.timestamp = 9496824755130, .areaId = 0, .prop = 557850895, .status = AVAILABLE, .value = {.int32Values = [1]{0}, .floatValues = [0]{}, .int64Values = [0]{}, .bytes = [0]{}, .stringValue = ""}}
12-30 11:16:01.002   398   464 I DefaultVehicleHal_v2_0: DefaultVehicleHal::onPropertyValue, value:{.timestamp = 9496824755130, .areaId = 0, .prop = 557850895, .status = AVAILABLE, .value = {.int32Values = [1]{0}, .floatValues = [0]{}, .int64Values = [0]{}, .bytes = [0]{}, .stringValue = ""}}
12-30 11:16:01.002   398   464 D DiagPropHandler: is not DiagnosticConfig: 0x2140210f
12-30 11:16:01.003   398   464 I VehiclePropertyStore: begin to write value to Store: {.timestamp = 9496824755130, .areaId = 0, .prop = 557850895, .status = AVAILABLE, .value = {.int32Values = [1]{0}, .floatValues = [0]{}, .int64Values = [0]{}, .bytes = [0]{}, .stringValue = ""}}
12-30 11:16:01.003   398   464 D adayocomadapter-CommunicationManager: onUpstreamReceive mPropertyId 0x2140210f
12-30 11:16:01.003   398   464 D adayocomadapter-CommunicationManager: onUpstreamReceive mPropertyId 0x214020f0
12-30 11:16:01.003   398   464 D adayocomadapter-CommunicationManager: convertBytesToInt32Memcpy  0
12-30 11:16:01.003   398   464 I vw-vhal : notifyVehicleProperty, propId = 0x214020f0, data = {status: 2, int32Values: [0]}
