12-30 11:16:05.666   398   882 D vw-vhal : CanSignalsAdapter::setVehicleProperty: propId = 0x2141400f, data = {status: 0, int32Values: [1]}
12-30 11:16:05.666   398   882 D adayocomadapter-CommunicationManager: setProperty id=[557924367]
12-30 11:16:05.666   398   882 D adayocomadapter-CommunicationManager: writeValue id=[557924367]
12-30 11:16:05.666   398   882 D adayocomadapter-VehiclePropertyStore: writeValue id=[557924367]
12-30 11:16:05.666   398   882 D adayocomadapter-CommunicationManager: sendToDownstream mPropertyId 0x2141400f
12-30 11:16:05.666   398   882 D adayocomadapter-ParseProtocolFunc: printRaWMsg Name[sendToDownstream] len[4] data[00000000]
12-30 11:16:05.666   398   882 D adayocomadapter-ParseProtocolFunc: printRaWMsg Name[sendToDownstream] len[4] data[2141400F]
12-30 11:16:05.666   398   882 D adayocomadapter-ParseProtocolFunc: printRaWMsg Name[sendToDownstream] len[5] data[2141400F01]
12-30 11:16:05.666   398   882 D adayocomadapter-CommunicationManager: sendToDownstream ret[0]   member[130] dataLength[1] timePoint[9501488] 
12-30 11:16:05.667   398   882 D adayocomadapter-ParseProtocolFunc: printRaWMsg Name[sendToDownstream] len[5] data[2141400F01]
12-30 11:16:05.667   398   882 D adayocomadapter-CommunicationManager: sendToDownstream  000 mPropertyId[0x557924367]  
12-30 11:16:05.667   398   698 D adayocomadapter-DownstreamHandler: processBeforePacket downSreamtProcessTimePoint[9501489] 
12-30 11:16:05.667   398   698 D adayocomadapter-DownstreamHandler: DownstreamHandler processPacket 
12-30 11:16:05.667   398   698 D adayocomadapter-DownstreamHandler: DownstreamHandler processPacket valueIndex 0x2141400f
12-30 11:16:05.667   398   698 D adayocomadapter-DownstreamHandler: DownstreamHandler processPacket 0002
12-30 11:16:05.667   398   698 D adayocomadapter-DownstreamHandler: DownstreamHandler processPacket sendMCUData2 
12-30 11:16:05.667  1365  2014 D CarPropertyService: mSyncGetSetPropertyOpCount: 0
12-30 11:16:05.667   398   698 D adayocomadapter-CommunicationManager: sendMCUData 
12-30 11:16:05.667   398   698 D adayocomadapter-MCUInterfaceHandler: sendToMCU start
12-30 11:16:05.668   398   698 D adayocomadapter-ParseProtocolFunc: printRaWMsg Name[sendToMCU] len[8] data[1202022141400F01]
12-30 11:16:05.668   650   730 D fgemcucomm: sd Uart data : 6AA6011CAD00081202022141400F0166
12-30 11:16:05.668  1628  1858 I CCarServiceManager: CarServiceManager->t()118:link:0     ---29:pool-2-thread-2
12-30 11:16:05.672   360   458 D EvsDriver: doneWithFrame
12-30 11:16:05.685   650   729 D fgemcucomm: sd Uart data : 6AA602287300029202CD
12-30 11:16:05.686   650   729 D fgemcucomm: rev uart=78482,len=23, data : 6AA6812873000F9202000400000000000000000000003D
12-30 11:16:05.686   398   882 D adayocomadapter-ParseProtocolFunc: printRaWMsg Name[MCUToUPstream recv] len[15] data[920200040000000000000000000000]
12-30 11:16:05.686   398   882 D adayocomadapter-CommunicationManager: onUpstreamback   member[0] dataLength[12] timePoint[9501508]
12-30 11:16:05.686   398   882 D adayocomadapter-ParseProtocolFunc: printRaWMsg Name[onUpstreamback] len[12] data[040000000000000000000000]
12-30 11:16:05.686   650   730 D fgemcucomm: file = hardware/interfaces/fgemcucomm/1.0/default/mcucomm/src/mcuCommFunctionTimer.cpp, function = startTimer  start timer OK = 7341 
12-30 11:16:05.686   398   464 D adayocomadapter-UpstreamHandler: processBeforePacket upSreamtProcessTimePoint[9501508] 
12-30 11:16:05.686   398   464 D adayocomadapter-UpstreamHandler: processPacket UPSTREAM_QUEUE_DATA_TIMEOUT
12-30 11:16:05.686   398   464 D adayocomadapter-ParseProtocolFunc: parseCommonIPCLBytes Processing tableNumber[4]
12-30 11:16:05.686   398   464 D adayocomadapter-ParseProtocolFunc: parseCommonIPCLBytes Processing tablename[Table-4] tableSize[12]
12-30 11:16:05.687   398   464 D adayocomadapter-ParseProtocolFunc: printRaWMsg Name[byteStream recv] len[12] data[040000000000000000000000]
12-30 11:16:05.687   398   464 D adayocomadapter-ParseProtocolFunc: printRaWMsg Name[IPCLtoVHAL] len[7] data[2140200C000000]
12-30 11:16:05.687   398   464 D adayocomadapter-ParseProtocolFunc: printRaWMsg Name[IPCLtoVHAL] len[7] data[2140200D000000]
12-30 11:16:05.687   398   464 D adayocomadapter-ParseProtocolFunc: printRaWMsg Name[IPCLtoVHAL] len[6] data[214022330000]
12-30 11:16:05.687   398   464 D adayocomadapter-ParseProtocolFunc: printRaWMsg Name[IPCLtoVHAL] len[9] data[2140201D0000000000]
12-30 11:16:05.687   398   464 D adayocomadapter-ParseProtocolFunc: printRaWMsg Name[IPCLtoVHAL] len[7] data[2140201E000000]
12-30 11:16:05.687   398   464 D adayocomadapter-CommunicationManager: onUpstreamReceive mPropertyId 0x2140200c
12-30 11:16:05.687   398   464 D adayocomadapter-CommunicationManager: convertBytesToInt32Memcpy  0
12-30 11:16:05.687   398   464 I vw-vhal : notifyVehicleProperty, propId = 0x2140200c, data = {status: 2, int32Values: [0]}
12-30 11:16:05.687   398   464 I vw-vhal : CanSignalsAdapter::notifyVehicleProperty: solvedValue = {.timestamp = 9501509467797, .areaId = 0, .prop = 557850636, .status = AVAILABLE, .value = {.int32Values = [1]{0}, .floatValues = [0]{}, .int64Values = [0]{}, .bytes = [0]{}, .stringValue = ""}}
12-30 11:16:05.687   398   464 I VehiclePropertyStore: begin to write value to Store: {.timestamp = 9501509467797, .areaId = 0, .prop = 557850636, .status = AVAILABLE, .value = {.int32Values = [1]{0}, .floatValues = [0]{}, .int64Values = [0]{}, .bytes = [0]{}, .stringValue = ""}}
12-30 11:16:05.687   398   464 I DefaultVehicleHal_v2_0: DefaultVehicleHal::onPropertyValue, value:{.timestamp = 9501509467797, .areaId = 0, .prop = 557850636, .status = AVAILABLE, .value = {.int32Values = [1]{0}, .floatValues = [0]{}, .int64Values = [0]{}, .bytes = [0]{}, .stringValue = ""}}
12-30 11:16:05.687   398   464 D DiagPropHandler: is not DiagnosticConfig: 0x2140200c
12-30 11:16:05.688   398   464 I VehiclePropertyStore: begin to write value to Store: {.timestamp = 9501509467797, .areaId = 0, .prop = 557850636, .status = AVAILABLE, .value = {.int32Values = [1]{0}, .floatValues = [0]{}, .int64Values = [0]{}, .bytes = [0]{}, .stringValue = ""}}
12-30 11:16:05.688   398   464 D adayocomadapter-CommunicationManager: onUpstreamReceive mPropertyId 0x2140200c
12-30 11:16:05.688   398   464 D adayocomadapter-CommunicationManager: onUpstreamReceive mPropertyId 0x2140200d
12-30 11:16:05.688   398   464 D adayocomadapter-CommunicationManager: convertBytesToInt32Memcpy  0
12-30 11:16:05.688   398   464 I vw-vhal : notifyVehicleProperty, propId = 0x2140200d, data = {status: 2, int32Values: [0]}
12-30 11:16:05.688   398   464 I vw-vhal : CanSignalsAdapter::notifyVehicleProperty: solvedValue = {.timestamp = 9501510182797, .areaId = 0, .prop = 557850637, .status = AVAILABLE, .value = {.int32Values = [1]{0}, .floatValues = [0]{}, .int64Values = [0]{}, .bytes = [0]{}, .stringValue = ""}}
12-30 11:16:05.688   398   464 I VehiclePropertyStore: begin to write value to Store: {.timestamp = 9501510182797, .areaId = 0, .prop = 557850637, .status = AVAILABLE, .value = {.int32Values = [1]{0}, .floatValues = [0]{}, .int64Values = [0]{}, .bytes = [0]{}, .stringValue = ""}}
12-30 11:16:05.688   398   464 I DefaultVehicleHal_v2_0: DefaultVehicleHal::onPropertyValue, value:{.timestamp = 9501510182797, .areaId = 0, .prop = 557850637, .status = AVAILABLE, .value = {.int32Values = [1]{0}, .floatValues = [0]{}, .int64Values = [0]{}, .bytes = [0]{}, .stringValue = ""}}
12-30 11:16:05.688   398   464 D DiagPropHandler: is not DiagnosticConfig: 0x2140200d
12-30 11:16:05.688   398   464 I VehiclePropertyStore: begin to write value to Store: {.timestamp = 9501510182797, .areaId = 0, .prop = 557850637, .status = AVAILABLE, .value = {.int32Values = [1]{0}, .floatValues = [0]{}, .int64Values = [0]{}, .bytes = [0]{}, .stringValue = ""}}
12-30 11:16:05.688   398   464 D adayocomadapter-CommunicationManager: onUpstreamReceive mPropertyId 0x2140200d
12-30 11:16:05.688   398   464 D adayocomadapter-CommunicationManager: onUpstreamReceive mPropertyId 0x21402233
12-30 11:16:05.688   398   464 D adayocomadapter-CommunicationManager: convertBytesToInt32Memcpy  0
12-30 11:16:05.688   398   464 I vw-vhal : notifyVehicleProperty, propId = 0x21402233, data = {status: 2, int32Values: [0]}
12-30 11:16:05.689   398   464 I vw-vhal : CanSignalsAdapter::notifyVehicleProperty: solvedValue = {.timestamp = 9501510835797, .areaId = 0, .prop = 557851187, .status = AVAILABLE, .value = {.int32Values = [1]{0}, .floatValues = [0]{}, .int64Values = [0]{}, .bytes = [0]{}, .stringValue = ""}}
12-30 11:16:05.689   398   464 I VehiclePropertyStore: begin to write value to Store: {.timestamp = 9501510835797, .areaId = 0, .prop = 557851187, .status = AVAILABLE, .value = {.int32Values = [1]{0}, .floatValues = [0]{}, .int64Values = [0]{}, .bytes = [0]{}, .stringValue = ""}}
12-30 11:16:05.689   398   464 I DefaultVehicleHal_v2_0: DefaultVehicleHal::onPropertyValue, value:{.timestamp = 9501510835797, .areaId = 0, .prop = 557851187, .status = AVAILABLE, .value = {.int32Values = [1]{0}, .floatValues = [0]{}, .int64Values = [0]{}, .bytes = [0]{}, .stringValue = ""}}
12-30 11:16:05.689   398   464 D DiagPropHandler: is not DiagnosticConfig: 0x21402233
12-30 11:16:05.689   398   464 I VehiclePropertyStore: begin to write value to Store: {.timestamp = 9501510835797, .areaId = 0, .prop = 557851187, .status = AVAILABLE, .value = {.int32Values = [1]{0}, .floatValues = [0]{}, .int64Values = [0]{}, .bytes = [0]{}, .stringValue = ""}}
12-30 11:16:05.689   398   464 D adayocomadapter-CommunicationManager: onUpstreamReceive mPropertyId 0x21402233
12-30 11:16:05.689   398   464 D adayocomadapter-CommunicationManager: onUpstreamReceive mPropertyId 0x2140201d
12-30 11:16:05.689   398   464 D adayocomadapter-CommunicationManager: convertBytesToInt32Memcpy  0
12-30 11:16:05.689   398   464 I vw-vhal : notifyVehicleProperty, propId = 0x2140201d, data = {status: 2, int32Values: [0]}
12-30 11:16:05.689   398   464 I vw-vhal : CanSignalsAdapter::notifyVehicleProperty: solvedValue = {.timestamp = 9501511510464, .areaId = 0, .prop = 557850653, .status = AVAILABLE, .value = {.int32Values = [1]{0}, .floatValues = [0]{}, .int64Values = [0]{}, .bytes = [0]{}, .stringValue = ""}}
12-30 11:16:05.689   398   464 I VehiclePropertyStore: begin to write value to Store: {.timestamp = 9501511510464, .areaId = 0, .prop = 557850653, .status = AVAILABLE, .value = {.int32Values = [1]{0}, .floatValues = [0]{}, .int64Values = [0]{}, .bytes = [0]{}, .stringValue = ""}}
12-30 11:16:05.689   398   464 I DefaultVehicleHal_v2_0: DefaultVehicleHal::onPropertyValue, value:{.timestamp = 9501511510464, .areaId = 0, .prop = 557850653, .status = AVAILABLE, .value = {.int32Values = [1]{0}, .floatValues = [0]{}, .int64Values = [0]{}, .bytes = [0]{}, .stringValue = ""}}
12-30 11:16:05.689   398   464 D DiagPropHandler: is not DiagnosticConfig: 0x2140201d
12-30 11:16:05.690   398   464 I VehiclePropertyStore: begin to write value to Store: {.timestamp = 9501511510464, .areaId = 0, .prop = 557850653, .status = AVAILABLE, .value = {.int32Values = [1]{0}, .floatValues = [0]{}, .int64Values = [0]{}, .bytes = [0]{}, .stringValue = ""}}
12-30 11:16:05.690   398   464 D adayocomadapter-CommunicationManager: onUpstreamReceive mPropertyId 0x2140201d
12-30 11:16:05.690   398   464 D adayocomadapter-CommunicationManager: onUpstreamReceive mPropertyId 0x2140201e
12-30 11:16:05.690   398   464 D adayocomadapter-CommunicationManager: convertBytesToInt32Memcpy  0
12-30 11:16:05.690   398   464 I vw-vhal : notifyVehicleProperty, propId = 0x2140201e, data = {status: 2, int32Values: [0]}
12-30 11:16:05.690   398   464 I vw-vhal : CanSignalsAdapter::notifyVehicleProperty: solvedValue = {.timestamp = 9501512246797, .areaId = 0, .prop = 557850654, .status = AVAILABLE, .value = {.int32Values = [1]{0}, .floatValues = [0]{}, .int64Values = [0]{}, .bytes = [0]{}, .stringValue = ""}}
12-30 11:16:05.690   398   464 I VehiclePropertyStore: begin to write value to Store: {.timestamp = 9501512246797, .areaId = 0, .prop = 557850654, .status = AVAILABLE, .value = {.int32Values = [1]{0}, .floatValues = [0]{}, .int64Values = [0]{}, .bytes = [0]{}, .stringValue = ""}}
12-30 11:16:05.690   398   464 I DefaultVehicleHal_v2_0: DefaultVehicleHal::onPropertyValue, value:{.timestamp = 9501512246797, .areaId = 0, .prop = 557850654, .status = AVAILABLE, .value = {.int32Values = [1]{0}, .floatValues = [0]{}, .int64Values = [0]{}, .bytes = [0]{}, .stringValue = ""}}
12-30 11:16:05.690   398   464 D DiagPropHandler: is not DiagnosticConfig: 0x2140201e
12-30 11:16:05.690   398   464 I VehiclePropertyStore: begin to write value to Store: {.timestamp = 9501512246797, .areaId = 0, .prop = 557850654, .status = AVAILABLE, .value = {.int32Values = [1]{0}, .floatValues = [0]{}, .int64Values = [0]{}, .bytes = [0]{}, .stringValue = ""}}
12-30 11:16:05.690   398   464 D adayocomadapter-CommunicationManager: onUpstreamReceive mPropertyId 0x2140201e
12-30 11:16:05.696  2358  2623 D RcfController: Rcf proxy is not connected!
12-30 11:16:05.698   360   931 D EvsDriver: forwardFrame
12-30 11:16:05.698   360   931 D EvsDriver: forwardFrameDirect
12-30 11:16:05.699   360   931 D EvsDriver: Delivered 0xb400e2ca9e40e110 as id 0
12-30 11:16:05.699   596  3076 E WifiHAL : Invalid data received from driver
12-30 11:16:05.699   596  3076 E WifiHAL : Invalid data received from driver
12-30 11:16:05.699   359  2784 D evsmanagerd: /dev/video-evs0 forwarded the buffer #0 to 0xb400f125d2b26dd0 from 0xb400f125e2b20710
12-30 11:16:05.699   596  3076 E WifiHAL : Invalid data received from driver
12-30 11:16:05.699   596  3076 E WifiHAL : Invalid data received from driver
12-30 11:16:05.699   596  3076 E WifiHAL : Invalid data received from driver
12-30 11:16:05.699   596  3076 E WifiHAL : Invalid data received from driver
12-30 11:16:05.699   596  3076 E WifiHAL : Invalid data received from driver
12-30 11:16:05.703   360   458 D EvsDriver: doneWithFrame
12-30 11:16:05.704   650   729 D fgemcucomm: file = hardware/interfaces/fgemcucomm/1.0/default/mcucomm/src/mcuCommFunctionTimer.cpp, func = stopTimer  stop timer = 7341 
12-30 11:16:05.705   650   729 D fgemcucomm: rev uart=78483,len=10, data : 6AA6821CAD000212029F
12-30 11:16:05.728   650   729 D fgemcucomm: sd Uart data : 6AA602287400029202CC
12-30 11:16:05.728   650   729 D fgemcucomm: rev uart=78484,len=51, data : 6AA6812874002B9202001100000000000000000000000000000000000000000000000000000000000000000000000000000013
12-30 11:16:05.728   398   882 D adayocomadapter-ParseProtocolFunc: printRaWMsg Name[MCUToUPstream recv] len[43] data[92020011000000000000000000000000000000000000000000000000000000000000000000000000000000]
12-30 11:16:05.728   398   882 D adayocomadapter-CommunicationManager: onUpstreamback   member[0] dataLength[40] timePoint[9501550]
12-30 11:16:05.729   398   882 D adayocomadapter-ParseProtocolFunc: printRaWMsg Name[onUpstreamback] len[40] data[11000000000000000000000000000000000000000000000000000000000000000000000000000000]
12-30 11:16:05.729   398   464 D adayocomadapter-UpstreamHandler: processBeforePacket upSreamtProcessTimePoint[9501551] 
12-30 11:16:05.729   398   464 D adayocomadapter-UpstreamHandler: processPacket UPSTREAM_QUEUE_DATA_TIMEOUT
12-30 11:16:05.729   398   464 D adayocomadapter-ParseProtocolFunc: parseCommonIPCLBytes Processing tableNumber[17]
12-30 11:16:05.729   398   464 D adayocomadapter-ParseProtocolFunc: parseCommonIPCLBytes Processing tablename[Table-17] tableSize[40]
12-30 11:16:05.729   398   464 D adayocomadapter-ParseProtocolFunc: printRaWMsg Name[byteStream recv] len[40] data[11000000000000000000000000000000000000000000000000000000000000000000000000000000]
12-30 11:16:05.729   398   464 D adayocomadapter-ParseProtocolFunc: printRaWMsg Name[IPCLtoVHAL] len[22] data[21102047010000000000000000000000000000000000]
12-30 11:16:05.729   398   464 D adayocomadapter-ParseProtocolFunc: printRaWMsg Name[IPCLtoVHAL] len[6] data[214020130000]
12-30 11:16:05.729   398   464 D adayocomadapter-ParseProtocolFunc: printRaWMsg Name[IPCLtoVHAL] len[6] data[2140216C0000]
12-30 11:16:05.729   398   464 D adayocomadapter-ParseProtocolFunc: printRaWMsg Name[IPCLtoVHAL] len[6] data[214020A60000]
12-30 11:16:05.729   398   464 D adayocomadapter-ParseProtocolFunc: printRaWMsg Name[IPCLtoVHAL] len[6] data[214020FC0000]
12-30 11:16:05.729   398   464 D adayocomadapter-ParseProtocolFunc: printRaWMsg Name[IPCLtoVHAL] len[6] data[214021080000]
12-30 11:16:05.729   398   464 D adayocomadapter-ParseProtocolFunc: printRaWMsg Name[IPCLtoVHAL] len[6] data[2140210A0000]
12-30 11:16:05.730   398   464 D adayocomadapter-ParseProtocolFunc: printRaWMsg Name[IPCLtoVHAL] len[6] data[214020240000]
12-30 11:16:05.730   398   464 D adayocomadapter-ParseProtocolFunc: printRaWMsg Name[IPCLtoVHAL] len[6] data[214021200000]
12-30 11:16:05.730   398   464 D adayocomadapter-ParseProtocolFunc: printRaWMsg Name[IPCLtoVHAL] len[6] data[214021090000]
12-30 11:16:05.730   398   464 D adayocomadapter-ParseProtocolFunc: printRaWMsg Name[IPCLtoVHAL] len[6] data[214020A70000]
12-30 11:16:05.730   398   464 D adayocomadapter-ParseProtocolFunc: printRaWMsg Name[IPCLtoVHAL] len[6] data[2140212E0000]
12-30 11:16:05.730   398   464 D adayocomadapter-ParseProtocolFunc: printRaWMsg Name[IPCLtoVHAL] len[6] data[2140205F0000]
12-30 11:16:05.730   398   464 D adayocomadapter-ParseProtocolFunc: printRaWMsg Name[IPCLtoVHAL] len[6] data[214021000000]
12-30 11:16:05.730   398   464 D adayocomadapter-ParseProtocolFunc: printRaWMsg Name[IPCLtoVHAL] len[7] data[214021A1000000]
12-30 11:16:05.730   398   464 D adayocomadapter-ParseProtocolFunc: printRaWMsg Name[IPCLtoVHAL] len[6] data[214020270000]
12-30 11:16:05.730   398   464 D adayocomadapter-ParseProtocolFunc: printRaWMsg Name[IPCLtoVHAL] len[6] data[214021800000]
12-30 11:16:05.730   398   464 D adayocomadapter-ParseProtocolFunc: printRaWMsg Name[IPCLtoVHAL] len[6] data[2140210B0000]
12-30 11:16:05.730   398   464 D adayocomadapter-ParseProtocolFunc: printRaWMsg Name[IPCLtoVHAL] len[6] data[2140217E0000]
12-30 11:16:05.730   398   464 D adayocomadapter-ParseProtocolFunc: printRaWMsg Name[IPCLtoVHAL] len[6] data[214020FE0000]
12-30 11:16:05.730   398   464 D adayocomadapter-ParseProtocolFunc: printRaWMsg Name[IPCLtoVHAL] len[6] data[214020FF0000]
12-30 11:16:05.730   398   464 D adayocomadapter-ParseProtocolFunc: printRaWMsg Name[IPCLtoVHAL] len[6] data[214021820000]
12-30 11:16:05.731   398   464 D adayocomadapter-CommunicationManager: onUpstreamReceive mPropertyId 0x21102047
12-30 11:16:05.731   398   464 D adayocomadapter-CommunicationManager: byteArrayToHexString  
12-30 11:16:05.731   398   464 I vw-vhal : notifyVehicleProperty, propId = 0x21102047, data = {status: 2, stringValue: "
12-30 11:16:05.731   596  3076 E WifiHAL : Invalid data received from driver
12-30 11:16:05.731   398   464 I vw-vhal : CanSignalsAdapter::notifyVehicleProperty: solvedValue = {.timestamp = 9501553108797, .areaId = 0, .prop = 554704967, .status = AVAILABLE, .value = {.int32Values = [0]{}, .floatValues = [0]{}, .int64Values = [0]{}, .bytes = [0]{}, .stringValue = ""}}
12-30 11:16:05.731   398   464 I VehiclePropertyStore: begin to write value to Store: {.timestamp = 9501553108797, .areaId = 0, .prop = 554704967, .status = AVAILABLE, .value = {.int32Values = [0]{}, .floatValues = [0]{}, .int64Values = [0]{}, .bytes = [0]{}, .stringValue = ""}}
12-30 11:16:05.731   398   464 I DefaultVehicleHal_v2_0: DefaultVehicleHal::onPropertyValue, value:{.timestamp = 9501553108797, .areaId = 0, .prop = 554704967, .status = AVAILABLE, .value = {.int32Values = [0]{}, .floatValues = [0]{}, .int64Values = [0]{}, .bytes = [0]{}, .stringValue = ""}}
12-30 11:16:05.731   398   464 D DiagPropHandler: is not DiagnosticConfig: 0x21102047
12-30 11:16:05.731   398   464 I VehiclePropertyStore: begin to write value to Store: {.timestamp = 9501553108797, .areaId = 0, .prop = 554704967, .status = AVAILABLE, .value = {.int32Values = [0]{}, .floatValues = [0]{}, .int64Values = [0]{}, .bytes = [0]{}, .stringValue = ""}}
12-30 11:16:05.732   398   464 D adayocomadapter-CommunicationManager: onUpstreamReceive mPropertyId 0x21102047
12-30 11:16:05.732   360   931 D EvsDriver: forwardFrame
12-30 11:16:05.732   398   464 D adayocomadapter-CommunicationManager: onUpstreamReceive mPropertyId 0x21402013
12-30 11:16:05.732   360   931 D EvsDriver: forwardFrameDirect
12-30 11:16:05.732   398   464 D adayocomadapter-CommunicationManager: convertBytesToInt32Memcpy  0
12-30 11:16:05.732   398   464 I vw-vhal : notifyVehicleProperty, propId = 0x21402013, data = {status: 2, int32Values: [0]}
12-30 11:16:05.732   398   464 I vw-vhal : CanSignalsAdapter::notifyVehicleProperty: solvedValue = {.timestamp = 9501554140130, .areaId = 0, .prop = 557850643, .status = AVAILABLE, .value = {.int32Values = [1]{0}, .floatValues = [0]{}, .int64Values = [0]{}, .bytes = [0]{}, .stringValue = ""}}
12-30 11:16:05.732   398   464 I VehiclePropertyStore: begin to write value to Store: {.timestamp = 9501554140130, .areaId = 0, .prop = 557850643, .status = AVAILABLE, .value = {.int32Values = [1]{0}, .floatValues = [0]{}, .int64Values = [0]{}, .bytes = [0]{}, .stringValue = ""}}
12-30 11:16:05.732   360   931 D EvsDriver: Delivered 0xb400e2ca9e40c7a0 as id 1
12-30 11:16:05.732   398   464 I DefaultVehicleHal_v2_0: DefaultVehicleHal::onPropertyValue, value:{.timestamp = 9501554140130, .areaId = 0, .prop = 557850643, .status = AVAILABLE, .value = {.int32Values = [1]{0}, .floatValues = [0]{}, .int64Values = [0]{}, .bytes = [0]{}, .stringValue = ""}}
12-30 11:16:05.732   398   464 D DiagPropHandler: is not DiagnosticConfig: 0x21402013
12-30 11:16:05.732   359  2784 D evsmanagerd: /dev/video-evs0 forwarded the buffer #1 to 0xb400f125d2b26dd0 from 0xb400f125e2b20710
12-30 11:16:05.732   398   464 I VehiclePropertyStore: begin to write value to Store: {.timestamp = 9501554140130, .areaId = 0, .prop = 557850643, .status = AVAILABLE, .value = {.int32Values = [1]{0}, .floatValues = [0]{}, .int64Values = [0]{}, .bytes = [0]{}, .stringValue = ""}}
12-30 11:16:05.732   398   464 D adayocomadapter-CommunicationManager: onUpstreamReceive mPropertyId 0x21402013
12-30 11:16:05.732   398   464 D adayocomadapter-CommunicationManager: onUpstreamReceive mPropertyId 0x2140216c
12-30 11:16:05.732   398   464 D adayocomadapter-CommunicationManager: convertBytesToInt32Memcpy  0
12-30 11:16:05.732   398   464 I vw-vhal : notifyVehicleProperty, propId = 0x2140216c, data = {status: 2, int32Values: [0]}
12-30 11:16:05.732   398   464 I vw-vhal : CanSignalsAdapter::notifyVehicleProperty: solvedValue = {.timestamp = 9501554806797, .areaId = 0, .prop = 557850988, .status = AVAILABLE, .value = {.int32Values = [1]{0}, .floatValues = [0]{}, .int64Values = [0]{}, .bytes = [0]{}, .stringValue = ""}}
12-30 11:16:05.733   398   464 I VehiclePropertyStore: begin to write value to Store: {.timestamp = 9501554806797, .areaId = 0, .prop = 557850988, .status = AVAILABLE, .value = {.int32Values = [1]{0}, .floatValues = [0]{}, .int64Values = [0]{}, .bytes = [0]{}, .stringValue = ""}}
12-30 11:16:05.733   398   464 I DefaultVehicleHal_v2_0: DefaultVehicleHal::onPropertyValue, value:{.timestamp = 9501554806797, .areaId = 0, .prop = 557850988, .status = AVAILABLE, .value = {.int32Values = [1]{0}, .floatValues = [0]{}, .int64Values = [0]{}, .bytes = [0]{}, .stringValue = ""}}
12-30 11:16:05.733   398   464 D DiagPropHandler: is not DiagnosticConfig: 0x2140216c
12-30 11:16:05.733   398   464 I VehiclePropertyStore: begin to write value to Store: {.timestamp = 9501554806797, .areaId = 0, .prop = 557850988, .status = AVAILABLE, .value = {.int32Values = [1]{0}, .floatValues = [0]{}, .int64Values = [0]{}, .bytes = [0]{}, .stringValue = ""}}
12-30 11:16:05.733   398   464 D adayocomadapter-CommunicationManager: onUpstreamReceive mPropertyId 0x2140216c
12-30 11:16:05.733   398   464 D adayocomadapter-CommunicationManager: onUpstreamReceive mPropertyId 0x214020a6
12-30 11:16:05.733   398   464 D adayocomadapter-CommunicationManager: convertBytesToInt32Memcpy  0
12-30 11:16:05.733   398   464 I vw-vhal : notifyVehicleProperty, propId = 0x214020a6, data = {status: 2, int32Values: [0]}
12-30 11:16:05.733   398   464 I vw-vhal : CanSignalsAdapter::notifyVehicleProperty: solvedValue = {.timestamp = 9501555470130, .areaId = 0, .prop = 557850790, .status = AVAILABLE, .value = {.int32Values = [1]{0}, .floatValues = [0]{}, .int64Values = [0]{}, .bytes = [0]{}, .stringValue = ""}}
12-30 11:16:05.733   398   464 I VehiclePropertyStore: begin to write value to Store: {.timestamp = 9501555470130, .areaId = 0, .prop = 557850790, .status = AVAILABLE, .value = {.int32Values = [1]{0}, .floatValues = [0]{}, .int64Values = [0]{}, .bytes = [0]{}, .stringValue = ""}}
12-30 11:16:05.733   398   464 I DefaultVehicleHal_v2_0: DefaultVehicleHal::onPropertyValue, value:{.timestamp = 9501555470130, .areaId = 0, .prop = 557850790, .status = AVAILABLE, .value = {.int32Values = [1]{0}, .floatValues = [0]{}, .int64Values = [0]{}, .bytes = [0]{}, .stringValue = ""}}
12-30 11:16:05.733   398   464 D DiagPropHandler: is not DiagnosticConfig: 0x214020a6
12-30 11:16:05.733   398   464 I VehiclePropertyStore: begin to write value to Store: {.timestamp = 9501555470130, .areaId = 0, .prop = 557850790, .status = AVAILABLE, .value = {.int32Values = [1]{0}, .floatValues = [0]{}, .int64Values = [0]{}, .bytes = [0]{}, .stringValue = ""}}
12-30 11:16:05.734   398   464 D adayocomadapter-CommunicationManager: onUpstreamReceive mPropertyId 0x214020a6
12-30 11:16:05.734   398   464 D adayocomadapter-CommunicationManager: onUpstreamReceive mPropertyId 0x214020fc
12-30 11:16:05.734   398   464 D adayocomadapter-CommunicationManager: convertBytesToInt32Memcpy  0
12-30 11:16:05.734   398   464 I vw-vhal : notifyVehicleProperty, propId = 0x214020fc, data = {status: 2, int32Values: [0]}
12-30 11:16:05.734   398   464 I vw-vhal : CanSignalsAdapter::notifyVehicleProperty: solvedValue = {.timestamp = 9501556390130, .areaId = 0, .prop = 557850876, .status = AVAILABLE, .value = {.int32Values = [1]{0}, .floatValues = [0]{}, .int64Values = [0]{}, .bytes = [0]{}, .stringValue = ""}}
12-30 11:16:05.734   398   464 I VehiclePropertyStore: begin to write value to Store: {.timestamp = 9501556390130, .areaId = 0, .prop = 557850876, .status = AVAILABLE, .value = {.int32Values = [1]{0}, .floatValues = [0]{}, .int64Values = [0]{}, .bytes = [0]{}, .stringValue = ""}}
12-30 11:16:05.734   398   464 I DefaultVehicleHal_v2_0: DefaultVehicleHal::onPropertyValue, value:{.timestamp = 9501556390130, .areaId = 0, .prop = 557850876, .status = AVAILABLE, .value = {.int32Values = [1]{0}, .floatValues = [0]{}, .int64Values = [0]{}, .bytes = [0]{}, .stringValue = ""}}
12-30 11:16:05.734   398   464 D DiagPropHandler: is not DiagnosticConfig: 0x214020fc
12-30 11:16:05.734   398   464 I VehiclePropertyStore: begin to write value to Store: {.timestamp = 9501556390130, .areaId = 0, .prop = 557850876, .status = AVAILABLE, .value = {.int32Values = [1]{0}, .floatValues = [0]{}, .int64Values = [0]{}, .bytes = [0]{}, .stringValue = ""}}
12-30 11:16:05.735   398   464 D adayocomadapter-CommunicationManager: onUpstreamReceive mPropertyId 0x214020fc
12-30 11:16:05.735   398   464 D adayocomadapter-CommunicationManager: onUpstreamReceive mPropertyId 0x21402108
12-30 11:16:05.735   398   464 D adayocomadapter-CommunicationManager: convertBytesToInt32Memcpy  0
12-30 11:16:05.735   398   464 I vw-vhal : notifyVehicleProperty, propId = 0x21402108, data = {status: 2, int32Values: [0]}
12-30 11:16:05.735   398   464 I vw-vhal : CanSignalsAdapter::notifyVehicleProperty: solvedValue = {.timestamp = 9501557095797, .areaId = 0, .prop = 557850888, .status = AVAILABLE, .value = {.int32Values = [1]{0}, .floatValues = [0]{}, .int64Values = [0]{}, .bytes = [0]{}, .stringValue = ""}}
12-30 11:16:05.735   398   464 I VehiclePropertyStore: begin to write value to Store: {.timestamp = 9501557095797, .areaId = 0, .prop = 557850888, .status = AVAILABLE, .value = {.int32Values = [1]{0}, .floatValues = [0]{}, .int64Values = [0]{}, .bytes = [0]{}, .stringValue = ""}}
12-30 11:16:05.735   398   464 I DefaultVehicleHal_v2_0: DefaultVehicleHal::onPropertyValue, value:{.timestamp = 9501557095797, .areaId = 0, .prop = 557850888, .status = AVAILABLE, .value = {.int32Values = [1]{0}, .floatValues = [0]{}, .int64Values = [0]{}, .bytes = [0]{}, .stringValue = ""}}
12-30 11:16:05.735   398   464 D DiagPropHandler: is not DiagnosticConfig: 0x21402108
12-30 11:16:05.735   398   464 I VehiclePropertyStore: begin to write value to Store: {.timestamp = 9501557095797, .areaId = 0, .prop = 557850888, .status = AVAILABLE, .value = {.int32Values = [1]{0}, .floatValues = [0]{}, .int64Values = [0]{}, .bytes = [0]{}, .stringValue = ""}}
12-30 11:16:05.735   398   464 D adayocomadapter-CommunicationManager: onUpstreamReceive mPropertyId 0x21402108
12-30 11:16:05.735   398   464 D adayocomadapter-CommunicationManager: onUpstreamReceive mPropertyId 0x2140210a
12-30 11:16:05.735   398   464 D adayocomadapter-CommunicationManager: convertBytesToInt32Memcpy  0
12-30 11:16:05.735   398   464 I vw-vhal : notifyVehicleProperty, propId = 0x2140210a, data = {status: 2, int32Values: [0]}
12-30 11:16:05.735   398   464 I vw-vhal : CanSignalsAdapter::notifyVehicleProperty: solvedValue = {.timestamp = 9501557745464, .areaId = 0, .prop = 557850890, .status = AVAILABLE, .value = {.int32Values = [1]{0}, .floatValues = [0]{}, .int64Values = [0]{}, .bytes = [0]{}, .stringValue = ""}}
12-30 11:16:05.736   398   464 I VehiclePropertyStore: begin to write value to Store: {.timestamp = 9501557745464, .areaId = 0, .prop = 557850890, .status = AVAILABLE, .value = {.int32Values = [1]{0}, .floatValues = [0]{}, .int64Values = [0]{}, .bytes = [0]{}, .stringValue = ""}}
12-30 11:16:05.736   398   464 I DefaultVehicleHal_v2_0: DefaultVehicleHal::onPropertyValue, value:{.timestamp = 9501557745464, .areaId = 0, .prop = 557850890, .status = AVAILABLE, .value = {.int32Values = [1]{0}, .floatValues = [0]{}, .int64Values = [0]{}, .bytes = [0]{}, .stringValue = ""}}
12-30 11:16:05.736   398   464 D DiagPropHandler: is not DiagnosticConfig: 0x2140210a
12-30 11:16:05.736   398   464 I VehiclePropertyStore: begin to write value to Store: {.timestamp = 9501557745464, .areaId = 0, .prop = 557850890, .status = AVAILABLE, .value = {.int32Values = [1]{0}, .floatValues = [0]{}, .int64Values = [0]{}, .bytes = [0]{}, .stringValue = ""}}
12-30 11:16:05.736   398   464 D adayocomadapter-CommunicationManager: onUpstreamReceive mPropertyId 0x2140210a
12-30 11:16:05.736   398   464 D adayocomadapter-CommunicationManager: onUpstreamReceive mPropertyId 0x21402024
12-30 11:16:05.736   398   464 D adayocomadapter-CommunicationManager: convertBytesToInt32Memcpy  0
12-30 11:16:05.736   398   464 I vw-vhal : notifyVehicleProperty, propId = 0x21402024, data = {status: 2, int32Values: [0]}
12-30 11:16:05.736   398   464 I vw-vhal : CanSignalsAdapter::notifyVehicleProperty: solvedValue = {.timestamp = 9501558406797, .areaId = 0, .prop = 557850660, .status = AVAILABLE, .value = {.int32Values = [1]{0}, .floatValues = [0]{}, .int64Values = [0]{}, .bytes = [0]{}, .stringValue = ""}}
12-30 11:16:05.736   398   464 I VehiclePropertyStore: begin to write value to Store: {.timestamp = 9501558406797, .areaId = 0, .prop = 557850660, .status = AVAILABLE, .value = {.int32Values = [1]{0}, .floatValues = [0]{}, .int64Values = [0]{}, .bytes = [0]{}, .stringValue = ""}}
12-30 11:16:05.736   398   464 I DefaultVehicleHal_v2_0: DefaultVehicleHal::onPropertyValue, value:{.timestamp = 9501558406797, .areaId = 0, .prop = 557850660, .status = AVAILABLE, .value = {.int32Values = [1]{0}, .floatValues = [0]{}, .int64Values = [0]{}, .bytes = [0]{}, .stringValue = ""}}
12-30 11:16:05.736   398   464 D DiagPropHandler: is not DiagnosticConfig: 0x21402024
12-30 11:16:05.736   398   464 I VehiclePropertyStore: begin to write value to Store: {.timestamp = 9501558406797, .areaId = 0, .prop = 557850660, .status = AVAILABLE, .value = {.int32Values = [1]{0}, .floatValues = [0]{}, .int64Values = [0]{}, .bytes = [0]{}, .stringValue = ""}}
12-30 11:16:05.736   398   464 D adayocomadapter-CommunicationManager: onUpstreamReceive mPropertyId 0x21402024
12-30 11:16:05.737   398   464 D adayocomadapter-CommunicationManager: onUpstreamReceive mPropertyId 0x21402120
12-30 11:16:05.737   398   464 D adayocomadapter-CommunicationManager: convertBytesToInt32Memcpy  0
12-30 11:16:05.737   398   464 I vw-vhal : notifyVehicleProperty, propId = 0x21402120, data = {status: 2, int32Values: [0]}
12-30 11:16:05.737   398   464 I vw-vhal : CanSignalsAdapter::notifyVehicleProperty: solvedValue = {.timestamp = 9501559058797, .areaId = 0, .prop = 557850912, .status = AVAILABLE, .value = {.int32Values = [1]{0}, .floatValues = [0]{}, .int64Values = [0]{}, .bytes = [0]{}, .stringValue = ""}}
12-30 11:16:05.737   398   464 I VehiclePropertyStore: begin to write value to Store: {.timestamp = 9501559058797, .areaId = 0, .prop = 557850912, .status = AVAILABLE, .value = {.int32Values = [1]{0}, .floatValues = [0]{}, .int64Values = [0]{}, .bytes = [0]{}, .stringValue = ""}}
12-30 11:16:05.737   398   464 I DefaultVehicleHal_v2_0: DefaultVehicleHal::onPropertyValue, value:{.timestamp = 9501559058797, .areaId = 0, .prop = 557850912, .status = AVAILABLE, .value = {.int32Values = [1]{0}, .floatValues = [0]{}, .int64Values = [0]{}, .bytes = [0]{}, .stringValue = ""}}
12-30 11:16:05.737   398   464 D DiagPropHandler: is not DiagnosticConfig: 0x21402120
12-30 11:16:05.737   398   464 I VehiclePropertyStore: begin to write value to Store: {.timestamp = 9501559058797, .areaId = 0, .prop = 557850912, .status = AVAILABLE, .value = {.int32Values = [1]{0}, .floatValues = [0]{}, .int64Values = [0]{}, .bytes = [0]{}, .stringValue = ""}}
12-30 11:16:05.737   398   464 D adayocomadapter-CommunicationManager: onUpstreamReceive mPropertyId 0x21402120
12-30 11:16:05.737   398   464 D adayocomadapter-CommunicationManager: onUpstreamReceive mPropertyId 0x21402109
12-30 11:16:05.737   398   464 D adayocomadapter-CommunicationManager: convertBytesToInt32Memcpy  0
12-30 11:16:05.737   398   464 I vw-vhal : notifyVehicleProperty, propId = 0x21402109, data = {status: 2, int32Values: [0]}
12-30 11:16:05.737   398   464 I vw-vhal : CanSignalsAdapter::notifyVehicleProperty: solvedValue = {.timestamp = 9501559702797, .areaId = 0, .prop = 557850889, .status = AVAILABLE, .value = {.int32Values = [1]{0}, .floatValues = [0]{}, .int64Values = [0]{}, .bytes = [0]{}, .stringValue = ""}}
12-30 11:16:05.737   398   464 I VehiclePropertyStore: begin to write value to Store: {.timestamp = 9501559702797, .areaId = 0, .prop = 557850889, .status = AVAILABLE, .value = {.int32Values = [1]{0}, .floatValues = [0]{}, .int64Values = [0]{}, .bytes = [0]{}, .stringValue = ""}}
12-30 11:16:05.738   398   464 I DefaultVehicleHal_v2_0: DefaultVehicleHal::onPropertyValue, value:{.timestamp = 9501559702797, .areaId = 0, .prop = 557850889, .status = AVAILABLE, .value = {.int32Values = [1]{0}, .floatValues = [0]{}, .int64Values = [0]{}, .bytes = [0]{}, .stringValue = ""}}
12-30 11:16:05.738   398   464 D DiagPropHandler: is not DiagnosticConfig: 0x21402109
12-30 11:16:05.738   398   464 I VehiclePropertyStore: begin to write value to Store: {.timestamp = 9501559702797, .areaId = 0, .prop = 557850889, .status = AVAILABLE, .value = {.int32Values = [1]{0}, .floatValues = [0]{}, .int64Values = [0]{}, .bytes = [0]{}, .stringValue = ""}}
12-30 11:16:05.738   398   464 D adayocomadapter-CommunicationManager: onUpstreamReceive mPropertyId 0x21402109
12-30 11:16:05.738   398   464 D adayocomadapter-CommunicationManager: onUpstreamReceive mPropertyId 0x214020a7
12-30 11:16:05.738   398   464 D adayocomadapter-CommunicationManager: convertBytesToInt32Memcpy  0
12-30 11:16:05.738   398   464 I vw-vhal : notifyVehicleProperty, propId = 0x214020a7, data = {status: 2, int32Values: [0]}
12-30 11:16:05.738   398   464 I vw-vhal : CanSignalsAdapter::notifyVehicleProperty: solvedValue = {.timestamp = 9501560366464, .areaId = 0, .prop = 557850791, .status = AVAILABLE, .value = {.int32Values = [1]{0}, .floatValues = [0]{}, .int64Values = [0]{}, .bytes = [0]{}, .stringValue = ""}}
12-30 11:16:05.738   398   464 I VehiclePropertyStore: begin to write value to Store: {.timestamp = 9501560366464, .areaId = 0, .prop = 557850791, .status = AVAILABLE, .value = {.int32Values = [1]{0}, .floatValues = [0]{}, .int64Values = [0]{}, .bytes = [0]{}, .stringValue = ""}}
12-30 11:16:05.738   398   464 I DefaultVehicleHal_v2_0: DefaultVehicleHal::onPropertyValue, value:{.timestamp = 9501560366464, .areaId = 0, .prop = 557850791, .status = AVAILABLE, .value = {.int32Values = [1]{0}, .floatValues = [0]{}, .int64Values = [0]{}, .bytes = [0]{}, .stringValue = ""}}
12-30 11:16:05.738   398   464 D DiagPropHandler: is not DiagnosticConfig: 0x214020a7
12-30 11:16:05.738   398   464 I VehiclePropertyStore: begin to write value to Store: {.timestamp = 9501560366464, .areaId = 0, .prop = 557850791, .status = AVAILABLE, .value = {.int32Values = [1]{0}, .floatValues = [0]{}, .int64Values = [0]{}, .bytes = [0]{}, .stringValue = ""}}
12-30 11:16:05.738   398   464 D adayocomadapter-CommunicationManager: onUpstreamReceive mPropertyId 0x214020a7
12-30 11:16:05.738   398   464 D adayocomadapter-CommunicationManager: onUpstreamReceive mPropertyId 0x2140212e
12-30 11:16:05.739   398   464 D adayocomadapter-CommunicationManager: convertBytesToInt32Memcpy  0
12-30 11:16:05.739   398   464 I vw-vhal : notifyVehicleProperty, propId = 0x2140212e, data = {status: 2, int32Values: [0]}
12-30 11:16:05.739   398   464 I vw-vhal : CanSignalsAdapter::notifyVehicleProperty: solvedValue = {.timestamp = 9501560997797, .areaId = 0, .prop = 557850926, .status = AVAILABLE, .value = {.int32Values = [1]{0}, .floatValues = [0]{}, .int64Values = [0]{}, .bytes = [0]{}, .stringValue = ""}}
12-30 11:16:05.739   398   464 I VehiclePropertyStore: begin to write value to Store: {.timestamp = 9501560997797, .areaId = 0, .prop = 557850926, .status = AVAILABLE, .value = {.int32Values = [1]{0}, .floatValues = [0]{}, .int64Values = [0]{}, .bytes = [0]{}, .stringValue = ""}}
12-30 11:16:05.739   398   464 I DefaultVehicleHal_v2_0: DefaultVehicleHal::onPropertyValue, value:{.timestamp = 9501560997797, .areaId = 0, .prop = 557850926, .status = AVAILABLE, .value = {.int32Values = [1]{0}, .floatValues = [0]{}, .int64Values = [0]{}, .bytes = [0]{}, .stringValue = ""}}
12-30 11:16:05.739   398   464 D DiagPropHandler: is not DiagnosticConfig: 0x2140212e
12-30 11:16:05.739   398   464 I VehiclePropertyStore: begin to write value to Store: {.timestamp = 9501560997797, .areaId = 0, .prop = 557850926, .status = AVAILABLE, .value = {.int32Values = [1]{0}, .floatValues = [0]{}, .int64Values = [0]{}, .bytes = [0]{}, .stringValue = ""}}
12-30 11:16:05.739   398   464 D adayocomadapter-CommunicationManager: onUpstreamReceive mPropertyId 0x2140212e
12-30 11:16:05.739   398   464 D adayocomadapter-CommunicationManager: onUpstreamReceive mPropertyId 0x2140205f
12-30 11:16:05.739   398   464 D adayocomadapter-CommunicationManager: convertBytesToInt32Memcpy  0
12-30 11:16:05.739   398   464 I vw-vhal : notifyVehicleProperty, propId = 0x2140205f, data = {status: 2, int32Values: [0]}
12-30 11:16:05.739   398   464 I vw-vhal : CanSignalsAdapter::notifyVehicleProperty: solvedValue = {.timestamp = 9501561661130, .areaId = 0, .prop = 557850719, .status = AVAILABLE, .value = {.int32Values = [1]{0}, .floatValues = [0]{}, .int64Values = [0]{}, .bytes = [0]{}, .stringValue = ""}}
12-30 11:16:05.739   398   464 I VehiclePropertyStore: begin to write value to Store: {.timestamp = 9501561661130, .areaId = 0, .prop = 557850719, .status = AVAILABLE, .value = {.int32Values = [1]{0}, .floatValues = [0]{}, .int64Values = [0]{}, .bytes = [0]{}, .stringValue = ""}}
12-30 11:16:05.740   398   464 I DefaultVehicleHal_v2_0: DefaultVehicleHal::onPropertyValue, value:{.timestamp = 9501561661130, .areaId = 0, .prop = 557850719, .status = AVAILABLE, .value = {.int32Values = [1]{0}, .floatValues = [0]{}, .int64Values = [0]{}, .bytes = [0]{}, .stringValue = ""}}
12-30 11:16:05.740   398   464 D DiagPropHandler: is not DiagnosticConfig: 0x2140205f
12-30 11:16:05.740   398   464 I VehiclePropertyStore: begin to write value to Store: {.timestamp = 9501561661130, .areaId = 0, .prop = 557850719, .status = AVAILABLE, .value = {.int32Values = [1]{0}, .floatValues = [0]{}, .int64Values = [0]{}, .bytes = [0]{}, .stringValue = ""}}
12-30 11:16:05.740   398   464 D adayocomadapter-CommunicationManager: onUpstreamReceive mPropertyId 0x2140205f
12-30 11:16:05.740   398   464 D adayocomadapter-CommunicationManager: onUpstreamReceive mPropertyId 0x21402100
12-30 11:16:05.740   398   464 D adayocomadapter-CommunicationManager: convertBytesToInt32Memcpy  0
12-30 11:16:05.740   398   464 I vw-vhal : notifyVehicleProperty, propId = 0x21402100, data = {status: 2, int32Values: [0]}
12-30 11:16:05.740   398   464 I vw-vhal : CanSignalsAdapter::notifyVehicleProperty: solvedValue = {.timestamp = 9501562342130, .areaId = 0, .prop = 557850880, .status = AVAILABLE, .value = {.int32Values = [1]{0}, .floatValues = [0]{}, .int64Values = [0]{}, .bytes = [0]{}, .stringValue = ""}}
12-30 11:16:05.740   398   464 I VehiclePropertyStore: begin to write value to Store: {.timestamp = 9501562342130, .areaId = 0, .prop = 557850880, .status = AVAILABLE, .value = {.int32Values = [1]{0}, .floatValues = [0]{}, .int64Values = [0]{}, .bytes = [0]{}, .stringValue = ""}}
12-30 11:16:05.740   398   464 I DefaultVehicleHal_v2_0: DefaultVehicleHal::onPropertyValue, value:{.timestamp = 9501562342130, .areaId = 0, .prop = 557850880, .status = AVAILABLE, .value = {.int32Values = [1]{0}, .floatValues = [0]{}, .int64Values = [0]{}, .bytes = [0]{}, .stringValue = ""}}
12-30 11:16:05.740   398   464 D DiagPropHandler: is not DiagnosticConfig: 0x21402100
12-30 11:16:05.740   398   464 I VehiclePropertyStore: begin to write value to Store: {.timestamp = 9501562342130, .areaId = 0, .prop = 557850880, .status = AVAILABLE, .value = {.int32Values = [1]{0}, .floatValues = [0]{}, .int64Values = [0]{}, .bytes = [0]{}, .stringValue = ""}}
12-30 11:16:05.740   398   464 D adayocomadapter-CommunicationManager: onUpstreamReceive mPropertyId 0x21402100
12-30 11:16:05.740   398   464 D adayocomadapter-CommunicationManager: onUpstreamReceive mPropertyId 0x214021a1
12-30 11:16:05.741   398   464 D adayocomadapter-CommunicationManager: convertBytesToInt32Memcpy  0
12-30 11:16:05.741   398   464 I vw-vhal : notifyVehicleProperty, propId = 0x214021a1, data = {status: 2, int32Values: [0]}
12-30 11:16:05.741   398   464 I vw-vhal : CanSignalsAdapter::notifyVehicleProperty: solvedValue = {.timestamp = 9501563001464, .areaId = 0, .prop = 557851041, .status = AVAILABLE, .value = {.int32Values = [1]{0}, .floatValues = [0]{}, .int64Values = [0]{}, .bytes = [0]{}, .stringValue = ""}}
12-30 11:16:05.741   398   464 I VehiclePropertyStore: begin to write value to Store: {.timestamp = 9501563001464, .areaId = 0, .prop = 557851041, .status = AVAILABLE, .value = {.int32Values = [1]{0}, .floatValues = [0]{}, .int64Values = [0]{}, .bytes = [0]{}, .stringValue = ""}}
12-30 11:16:05.741   398   464 I DefaultVehicleHal_v2_0: DefaultVehicleHal::onPropertyValue, value:{.timestamp = 9501563001464, .areaId = 0, .prop = 557851041, .status = AVAILABLE, .value = {.int32Values = [1]{0}, .floatValues = [0]{}, .int64Values = [0]{}, .bytes = [0]{}, .stringValue = ""}}
12-30 11:16:05.741   398   464 D DiagPropHandler: is not DiagnosticConfig: 0x214021a1
12-30 11:16:05.741   398   464 I VehiclePropertyStore: begin to write value to Store: {.timestamp = 9501563001464, .areaId = 0, .prop = 557851041, .status = AVAILABLE, .value = {.int32Values = [1]{0}, .floatValues = [0]{}, .int64Values = [0]{}, .bytes = [0]{}, .stringValue = ""}}
12-30 11:16:05.741   398   464 D adayocomadapter-CommunicationManager: onUpstreamReceive mPropertyId 0x214021a1
12-30 11:16:05.741   398   464 D adayocomadapter-CommunicationManager: onUpstreamReceive mPropertyId 0x21402027
12-30 11:16:05.741   398   464 D adayocomadapter-CommunicationManager: convertBytesToInt32Memcpy  0
12-30 11:16:05.741   398   464 I vw-vhal : notifyVehicleProperty, propId = 0x21402027, data = {status: 2, int32Values: [0]}
12-30 11:16:05.741   398   464 I vw-vhal : CanSignalsAdapter::notifyVehicleProperty: solvedValue = {.timestamp = 9501563663797, .areaId = 0, .prop = 557850663, .status = AVAILABLE, .value = {.int32Values = [1]{0}, .floatValues = [0]{}, .int64Values = [0]{}, .bytes = [0]{}, .stringValue = ""}}
12-30 11:16:05.741   398   464 I VehiclePropertyStore: begin to write value to Store: {.timestamp = 9501563663797, .areaId = 0, .prop = 557850663, .status = AVAILABLE, .value = {.int32Values = [1]{0}, .floatValues = [0]{}, .int64Values = [0]{}, .bytes = [0]{}, .stringValue = ""}}
12-30 11:16:05.742   398   464 I DefaultVehicleHal_v2_0: DefaultVehicleHal::onPropertyValue, value:{.timestamp = 9501563663797, .areaId = 0, .prop = 557850663, .status = AVAILABLE, .value = {.int32Values = [1]{0}, .floatValues = [0]{}, .int64Values = [0]{}, .bytes = [0]{}, .stringValue = ""}}
12-30 11:16:05.742   398   464 D DiagPropHandler: is not DiagnosticConfig: 0x21402027
12-30 11:16:05.742   398   464 I VehiclePropertyStore: begin to write value to Store: {.timestamp = 9501563663797, .areaId = 0, .prop = 557850663, .status = AVAILABLE, .value = {.int32Values = [1]{0}, .floatValues = [0]{}, .int64Values = [0]{}, .bytes = [0]{}, .stringValue = ""}}
12-30 11:16:05.742   398   464 D adayocomadapter-CommunicationManager: onUpstreamReceive mPropertyId 0x21402027
12-30 11:16:05.742   398   464 D adayocomadapter-CommunicationManager: onUpstreamReceive mPropertyId 0x21402180
12-30 11:16:05.742   398   464 D adayocomadapter-CommunicationManager: convertBytesToInt32Memcpy  0
12-30 11:16:05.742   398   464 I vw-vhal : notifyVehicleProperty, propId = 0x21402180, data = {status: 2, int32Values: [0]}
12-30 11:16:05.742   398   464 I vw-vhal : CanSignalsAdapter::notifyVehicleProperty: solvedValue = {.timestamp = 9501564366797, .areaId = 0, .prop = 557851008, .status = AVAILABLE, .value = {.int32Values = [1]{0}, .floatValues = [0]{}, .int64Values = [0]{}, .bytes = [0]{}, .stringValue = ""}}
12-30 11:16:05.742   398   464 I VehiclePropertyStore: begin to write value to Store: {.timestamp = 9501564366797, .areaId = 0, .prop = 557851008, .status = AVAILABLE, .value = {.int32Values = [1]{0}, .floatValues = [0]{}, .int64Values = [0]{}, .bytes = [0]{}, .stringValue = ""}}
12-30 11:16:05.742   398   464 I DefaultVehicleHal_v2_0: DefaultVehicleHal::onPropertyValue, value:{.timestamp = 9501564366797, .areaId = 0, .prop = 557851008, .status = AVAILABLE, .value = {.int32Values = [1]{0}, .floatValues = [0]{}, .int64Values = [0]{}, .bytes = [0]{}, .stringValue = ""}}
12-30 11:16:05.742   398   464 D DiagPropHandler: is not DiagnosticConfig: 0x21402180
12-30 11:16:05.742   398   464 I VehiclePropertyStore: begin to write value to Store: {.timestamp = 9501564366797, .areaId = 0, .prop = 557851008, .status = AVAILABLE, .value = {.int32Values = [1]{0}, .floatValues = [0]{}, .int64Values = [0]{}, .bytes = [0]{}, .stringValue = ""}}
12-30 11:16:05.742   398   464 D adayocomadapter-CommunicationManager: onUpstreamReceive mPropertyId 0x21402180
12-30 11:16:05.743   398   464 D adayocomadapter-CommunicationManager: onUpstreamReceive mPropertyId 0x2140210b
12-30 11:16:05.743   398   464 D adayocomadapter-CommunicationManager: convertBytesToInt32Memcpy  0
12-30 11:16:05.743   398   464 I vw-vhal : notifyVehicleProperty, propId = 0x2140210b, data = {status: 2, int32Values: [0]}
12-30 11:16:05.743   398   464 I vw-vhal : CanSignalsAdapter::notifyVehicleProperty: solvedValue = {.timestamp = 9501565041797, .areaId = 0, .prop = 557850891, .status = AVAILABLE, .value = {.int32Values = [1]{0}, .floatValues = [0]{}, .int64Values = [0]{}, .bytes = [0]{}, .stringValue = ""}}
12-30 11:16:05.743   398   464 I VehiclePropertyStore: begin to write value to Store: {.timestamp = 9501565041797, .areaId = 0, .prop = 557850891, .status = AVAILABLE, .value = {.int32Values = [1]{0}, .floatValues = [0]{}, .int64Values = [0]{}, .bytes = [0]{}, .stringValue = ""}}
12-30 11:16:05.743   398   464 I DefaultVehicleHal_v2_0: DefaultVehicleHal::onPropertyValue, value:{.timestamp = 9501565041797, .areaId = 0, .prop = 557850891, .status = AVAILABLE, .value = {.int32Values = [1]{0}, .floatValues = [0]{}, .int64Values = [0]{}, .bytes = [0]{}, .stringValue = ""}}
12-30 11:16:05.743   398   464 D DiagPropHandler: is not DiagnosticConfig: 0x2140210b
12-30 11:16:05.743   398   464 I VehiclePropertyStore: begin to write value to Store: {.timestamp = 9501565041797, .areaId = 0, .prop = 557850891, .status = AVAILABLE, .value = {.int32Values = [1]{0}, .floatValues = [0]{}, .int64Values = [0]{}, .bytes = [0]{}, .stringValue = ""}}
12-30 11:16:05.743   360   458 D EvsDriver: doneWithFrame
12-30 11:16:05.743   398   464 D adayocomadapter-CommunicationManager: onUpstreamReceive mPropertyId 0x2140210b
12-30 11:16:05.743   398   464 D adayocomadapter-CommunicationManager: onUpstreamReceive mPropertyId 0x2140217e
12-30 11:16:05.743   398   464 D adayocomadapter-CommunicationManager: convertBytesToInt32Memcpy  0
12-30 11:16:05.743   398   464 I vw-vhal : notifyVehicleProperty, propId = 0x2140217e, data = {status: 2, int32Values: [0]}
12-30 11:16:05.743   398   464 I vw-vhal : CanSignalsAdapter::notifyVehicleProperty: solvedValue = {.timestamp = 9501565793464, .areaId = 0, .prop = 557851006, .status = AVAILABLE, .value = {.int32Values = [1]{0}, .floatValues = [0]{}, .int64Values = [0]{}, .bytes = [0]{}, .stringValue = ""}}
