--------- beginning of main
12-30 11:15:58.564  2358  2623 D RcfController: Rcf proxy is not connected!
12-30 11:15:58.565   360   931 D EvsDriver: forwardFrame
12-30 11:15:58.565   360   931 D EvsDriver: forwardFrameDirect
12-30 11:15:58.565   360   931 D EvsDriver: Delivered 0xb400e2ca9e40e270 as id 0
12-30 11:15:58.565   359  2784 D evsmanagerd: /dev/video-evs0 forwarded the buffer #0 to 0xb400f125d2b26dd0 from 0xb400f125e2b20710
12-30 11:15:58.571   360   458 D EvsDriver: doneWithFrame
12-30 11:15:58.584   596  3076 E WifiHAL : Invalid data received from driver
12-30 11:15:58.585   650   729 D fgemcucomm: sd Uart data : 6AA602283D0002920203
12-30 11:15:58.585   650   729 D fgemcucomm: rev uart=78425,len=14, data : 6AA681283D00069202001A000066
12-30 11:15:58.585   398   882 D adayocomadapter-ParseProtocolFunc: printRaWMsg Name[MCUToUPstream recv] len[6] data[9202001A0000]
12-30 11:15:58.585   398   882 D adayocomadapter-CommunicationManager: onUpstreamback   member[0] dataLength[3] timePoint[9494407]
12-30 11:15:58.585   398   882 D adayocomadapter-ParseProtocolFunc: printRaWMsg Name[onUpstreamback] len[3] data[1A0000]
12-30 11:15:58.585   398   464 D adayocomadapter-UpstreamHandler: processBeforePacket upSreamtProcessTimePoint[9494407] 
12-30 11:15:58.585   398   464 D adayocomadapter-UpstreamHandler: processPacket UPSTREAM_QUEUE_DATA_TIMEOUT
12-30 11:15:58.585   398   464 D adayocomadapter-ParseProtocolFunc: parseCommonIPCLBytes Processing tableNumber[26]
12-30 11:15:58.585   398   464 D adayocomadapter-ParseProtocolFunc: parseCommonIPCLBytes Processing tablename[Table-26] tableSize[3]
12-30 11:15:58.585   398   464 D adayocomadapter-ParseProtocolFunc: printRaWMsg Name[byteStream recv] len[3] data[1A0000]
12-30 11:15:58.585   398   464 D adayocomadapter-ParseProtocolFunc: printRaWMsg Name[IPCLtoVHAL] len[6] data[214021C90000]
12-30 11:15:58.585   398   464 D adayocomadapter-ParseProtocolFunc: printRaWMsg Name[IPCLtoVHAL] len[6] data[214022060000]
12-30 11:15:58.585   398   464 D adayocomadapter-CommunicationManager: onUpstreamReceive mPropertyId 0x214021c9
12-30 11:15:58.585   398   464 D adayocomadapter-CommunicationManager: convertBytesToInt32Memcpy  0
12-30 11:15:58.586   398   464 I vw-vhal : notifyVehicleProperty, propId = 0x214021c9, data = {status: 2, int32Values: [0]}
12-30 11:15:58.586   398   464 I vw-vhal : CanSignalsAdapter::notifyVehicleProperty: solvedValue = {.timestamp = 9494407915796, .areaId = 0, .prop = 557851081, .status = AVAILABLE, .value = {.int32Values = [1]{0}, .floatValues = [0]{}, .int64Values = [0]{}, .bytes = [0]{}, .stringValue = ""}}
12-30 11:15:58.587   398   464 I VehiclePropertyStore: begin to write value to Store: {.timestamp = 9494407915796, .areaId = 0, .prop = 557851081, .status = AVAILABLE, .value = {.int32Values = [1]{0}, .floatValues = [0]{}, .int64Values = [0]{}, .bytes = [0]{}, .stringValue = ""}}
12-30 11:15:58.587   398   464 I DefaultVehicleHal_v2_0: DefaultVehicleHal::onPropertyValue, value:{.timestamp = 9494407915796, .areaId = 0, .prop = 557851081, .status = AVAILABLE, .value = {.int32Values = [1]{0}, .floatValues = [0]{}, .int64Values = [0]{}, .bytes = [0]{}, .stringValue = ""}}
12-30 11:15:58.587   398   464 D DiagPropHandler: is not DiagnosticConfig: 0x214021c9
12-30 11:15:58.587   398   464 I VehiclePropertyStore: begin to write value to Store: {.timestamp = 9494407915796, .areaId = 0, .prop = 557851081, .status = AVAILABLE, .value = {.int32Values = [1]{0}, .floatValues = [0]{}, .int64Values = [0]{}, .bytes = [0]{}, .stringValue = ""}}
12-30 11:15:58.587   398   464 D adayocomadapter-CommunicationManager: onUpstreamReceive mPropertyId 0x214021c9
12-30 11:15:58.587   398   464 D adayocomadapter-CommunicationManager: onUpstreamReceive mPropertyId 0x21402206
12-30 11:15:58.587   398   464 D adayocomadapter-CommunicationManager: convertBytesToInt32Memcpy  0
12-30 11:15:58.587   398   464 I vw-vhal : notifyVehicleProperty, propId = 0x21402206, data = {status: 2, int32Values: [0]}
12-30 11:15:58.587   398   464 I vw-vhal : CanSignalsAdapter::notifyVehicleProperty: solvedValue = {.timestamp = 9494409296796, .areaId = 0, .prop = 557851142, .status = AVAILABLE, .value = {.int32Values = [1]{0}, .floatValues = [0]{}, .int64Values = [0]{}, .bytes = [0]{}, .stringValue = ""}}
12-30 11:15:58.587   398   464 I VehiclePropertyStore: begin to write value to Store: {.timestamp = 9494409296796, .areaId = 0, .prop = 557851142, .status = AVAILABLE, .value = {.int32Values = [1]{0}, .floatValues = [0]{}, .int64Values = [0]{}, .bytes = [0]{}, .stringValue = ""}}
12-30 11:15:58.587   398   464 I DefaultVehicleHal_v2_0: DefaultVehicleHal::onPropertyValue, value:{.timestamp = 9494409296796, .areaId = 0, .prop = 557851142, .status = AVAILABLE, .value = {.int32Values = [1]{0}, .floatValues = [0]{}, .int64Values = [0]{}, .bytes = [0]{}, .stringValue = ""}}
12-30 11:15:58.587   398   464 D DiagPropHandler: is not DiagnosticConfig: 0x21402206
12-30 11:15:58.587   398   464 I VehiclePropertyStore: begin to write value to Store: {.timestamp = 9494409296796, .areaId = 0, .prop = 557851142, .status = AVAILABLE, .value = {.int32Values = [1]{0}, .floatValues = [0]{}, .int64Values = [0]{}, .bytes = [0]{}, .stringValue = ""}}
12-30 11:15:58.587   398   464 D adayocomadapter-CommunicationManager: onUpstreamReceive mPropertyId 0x21402206
12-30 11:15:58.598   360   931 D EvsDriver: forwardFrame
12-30 11:15:58.598   360   931 D EvsDriver: forwardFrameDirect
12-30 11:15:58.599   360   931 D EvsDriver: Delivered 0xb400e2ca9e40d4b0 as id 1
12-30 11:15:58.599   359  2784 D evsmanagerd: /dev/video-evs0 forwarded the buffer #1 to 0xb400f125d2b26dd0 from 0xb400f125e2b20710
12-30 11:15:58.601   360   458 D EvsDriver: doneWithFrame
12-30 11:15:58.606   596  3076 E WifiHAL : Invalid data received from driver
12-30 11:15:58.606   596  3076 E WifiHAL : Invalid data received from driver
12-30 11:15:58.606   596  3076 E WifiHAL : Invalid data received from driver
12-30 11:15:58.606   596  3076 E WifiHAL : Invalid data received from driver
12-30 11:15:58.606   596  3076 E WifiHAL : Invalid data received from driver
12-30 11:15:58.606   596  3076 E WifiHAL : Invalid data received from driver
12-30 11:15:58.606   596  3076 E WifiHAL : Invalid data received from driver
12-30 11:15:58.614   798   838 I adbd    : opening control endpoint /dev/usb-ffs/adb/ep0
12-30 11:15:58.614  2358  2623 D RcfController: Rcf proxy is not connected!
12-30 11:15:58.615   798   838 I adbd    : UsbFfsConnection constructed
12-30 11:15:58.615   798 14470 I adbd    : UsbFfs-monitor thread spawned
12-30 11:15:58.626  1667  2410 I media_message_log->MediaMessageUserProxy: (SourceFile:1)b connectToService action bind
12-30 11:15:58.627  1667  2410 E media_message_log->MediaMessageUserProxy: (SourceFile:7)a bindServiceAsUser isBound = false
12-30 11:15:58.632   360   931 D EvsDriver: forwardFrame
12-30 11:15:58.632   360   931 D EvsDriver: forwardFrameDirect
12-30 11:15:58.632   360   931 D EvsDriver: Delivered 0xb400e2ca9e40c2d0 as id 0
12-30 11:15:58.632   359  2784 D evsmanagerd: /dev/video-evs0 forwarded the buffer #0 to 0xb400f125d2b26dd0 from 0xb400f125e2b20710
12-30 11:15:58.642   360   458 D EvsDriver: doneWithFrame
12-30 11:15:58.653 14471 14471 I ADAYO_LOG_TRACE_RESOURCE: execute interrupt
12-30 11:15:58.664  2358  2623 D RcfController: Rcf proxy is not connected!
12-30 11:15:58.665   360   931 D EvsDriver: forwardFrame
12-30 11:15:58.665   360   931 D EvsDriver: forwardFrameDirect
12-30 11:15:58.665   360   931 D EvsDriver: Delivered 0xb400e2ca9e40d090 as id 1
12-30 11:15:58.665   359  2784 D evsmanagerd: /dev/video-evs0 forwarded the buffer #1 to 0xb400f125d2b26dd0 from 0xb400f125e2b20710
12-30 11:15:58.672   360   458 D EvsDriver: doneWithFrame
12-30 11:15:58.680 14472 14472 I ADAYO_LOG_TRACE_RESOURCE: execute end
12-30 11:15:58.680   596  3076 E WifiHAL : Invalid data received from driver
--------- beginning of kernel
01-01 10:38:15.692   348   348 W logd    : Skipping entries from slow reader, pid 815, fd 17, from LogBuffer::Prune()
01-01 10:38:15.693     1     1 I init    : Sending signal 9 to service 'trace_resource' (pid 14448) process group...
01-01 10:38:15.694     1     1 E init    : process with updatable components 'trace_resource' exited 4 times in 4 minutes
12-30 11:15:58.687  1611 15258 I ADAYO_LOG_: a(CmdFunc.java:22)logcat execute command finally : [logcat -b all -c]
12-30 11:15:58.687  1611 15258 I ADAYO_LOG_: a(CmdFunc.java:38)logcatexecute command end, errorMsg: , and status: 0: 
12-30 11:15:58.698   360   931 D EvsDriver: forwardFrame
12-30 11:15:58.698   360   931 D EvsDriver: forwardFrameDirect
12-30 11:15:58.698   360   931 D EvsDriver: Delivered 0xb400e2ca9e40e110 as id 0
12-30 11:15:58.699   359  2784 D evsmanagerd: /dev/video-evs0 forwarded the buffer #0 to 0xb400f125d2b26dd0 from 0xb400f125e2b20710
12-30 11:15:58.703   360   458 D EvsDriver: doneWithFrame
12-30 11:15:58.704  1611 15258 I ADAYO_LOG_: b(LogcatFunc.java:5)path:/mnt/sdcard/AndroidLog/logcat/logcat_2025_12_30_11_15_58_530-16.txt
12-30 11:15:58.705   650   729 D fgemcucomm: sd Uart data : 6AA602283E0002920202
12-30 11:15:58.705   650   729 D fgemcucomm: rev uart=78426,len=15, data : 6AA681283E000792020621414502CF
12-30 11:15:58.705   398   882 D adayocomadapter-ParseProtocolFunc: printRaWMsg Name[MCUToUPstream recv] len[7] data[92020621414502]
12-30 11:15:58.705   398   882 D adayocomadapter-CommunicationManager: onUpstreamback   member[6] dataLength[4] timePoint[9494527]
12-30 11:15:58.705   398   882 D adayocomadapter-ParseProtocolFunc: printRaWMsg Name[onUpstreamback] len[4] data[21414502]
12-30 11:15:58.705   398   464 D adayocomadapter-UpstreamHandler: processBeforePacket upSreamtProcessTimePoint[9494527] 
12-30 11:15:58.705   398   464 D adayocomadapter-ParseProtocolFunc: parseGeneralIPCLBytes Processing tablename[Table-3] tableSize[0]
12-30 11:15:58.705   398   464 D adayocomadapter-ParseProtocolFunc: printRaWMsg Name[byteStream recv] len[4] data[21414502]
12-30 11:15:58.708   398   464 D adayocomadapter-ParseProtocolFunc: printRaWMsg Name[IPCLtoVHAL] len[8520] data[21414502012141450200000000000000000000000001010100000012150000000000000000802072CE6DFB00B4B05173CE6DFB00B40140000000006B2F000000000000000000000000000000000000000000000000016000000000BFEC0000000000000000214021C400000000000000000000000001410000000082FF0000000000000000000000000000000000000000000000000160000000009D780000000000000000214021C100000000000000000000000001700000000036990000000000000000214022480000000000000000000000000140000000001F3C0000000000000000000000000000000000000000000000000141000000004B0B000000000000000021414502000000000000000000000000016000000000548C0000000000000000214021A3000000000000000000000000016000000000020B0000000000000000214021C0000000000000000000000000010101000000F9750000000000000000000000000000000040B6712E6DFB00B4010101000000D4B0000000000000000060B7712E6DFB00B400000000000000000160000000002FCE0000000000000000214022350000000000000000000000000160000000007949000000000000000021402236000000000000000000000000014000000000AD8A0000000000000000000000000
12-30 11:15:58.708   398   464 D adayocomadapter-CommunicationManager: onUpstreamReceive mPropertyId 0x21414502
12-30 11:15:58.708   398   464 D adayocomadapter-CommunicationManager: writeValue id=[557925634]
12-30 11:15:58.708   398   464 D adayocomadapter-VehiclePropertyStore: writeValue id=[557925634]
12-30 11:15:58.709  1611 15258 I ADAYO_LOG_: b(LogcatFunc.java:7)COLLECT_INT_START
12-30 11:15:58.709  1611 15258 I ADAYO_LOG_: g(null:15)logcat file is zip packing, zipFilePath: /mnt/sdcard/AndroidLog/logcat/logcat_2025_12_30_11_15_58_530-15.zip
12-30 11:15:58.709  1611 15258 I ADAYO_LOG_: e(LogcatFunc.java:2)isOpenEncrypt: false
12-30 11:15:58.710  2310  2842 D FuseDaemon: Node: 12970642256212302288 created.
12-30 11:15:58.714  2358  2623 D RcfController: Rcf proxy is not connected!
12-30 11:15:58.715   398   464 I vw-vhal : notifyVehicleProperty, propId = 0x21414502, data = {status: 2, int32Values: [33, 65, 69, 2, 0, 0, 0, 0, 0, 0, 0, 0, 0, 0, 0, 0, 1, 1, 1, 0, 0, 0, 18, 21, 0, 0, 0, 0, 0, 0, 0, 0, 128, 32, 114, 206, 109, 251, 0, 180, 176, 81, 115, 206, 109, 251, 0, 180, 1, 64, 0, 0, 0, 0, 107, 47, 0, 0, 0, 0, 0, 0, 0, 0, 0, 0, 0, 0, 0, 0, 0, 0, 0, 0, 0, 0, 0, 0, 0, 0, 1, 96, 0, 0, 0, 0, 191, 236, 0, 0, 0, 0, 0, 0, 0, 0, 33, 64, 33, 196, 0, 0, 0, 0, 0, 0, 0, 0, 0, 0, 0, 0, 1, 65, 0, 0, 0, 0, 130, 255, 0, 0, 0, 0, 0, 0, 0, 0, 0, 0, 0, 0, 0, 0, 0, 0, 0, 0, 0, 0, 0, 0, 0, 0, 1, 96, 0, 0, 0, 0, 157, 120, 0, 0, 0, 0, 0, 0, 0, 0, 33, 64, 33, 193, 0, 0, 0, 0, 0, 0, 0, 0, 0, 0, 0, 0, 1, 112, 0, 0, 0, 0, 54, 153, 0, 0, 0, 0, 0, 0, 0, 0, 33, 64, 34, 72, 0, 0, 0, 0, 0, 0, 0, 0, 0, 0, 0, 0, 1, 64, 0, 0, 0, 0, 31, 60, 0, 0, 0, 0, 0, 0, 0, 0, 0, 0, 0, 0, 0, 0, 0, 0, 0, 0, 0, 0, 0, 0, 0, 0, 1, 65, 0, 0, 0, 0, 75, 11, 0, 0, 0, 0, 0, 0, 0, 0, 33, 65, 69, 2, 0, 0, 0, 0, 0, 0, 0, 0, 0, 0, 0, 0, 1, 96, 0, 0, 0, 0, 84, 140, 0, 0, 0, 0, 0, 0, 0, 0, 
12-30 11:15:58.722   398   464 I vw-vhal : CanSignalsAdapter::notifyDiagProperty: propId = 0x21414502, data = {status: 2, int32Values: [33, 65, 69, 2, 0, 0, 0, 0, 0, 0, 0, 0, 0, 0, 0, 0, 1, 1, 1, 0, 0, 0, 18, 21, 0, 0, 0, 0, 0, 0, 0, 0, 128, 32, 114, 206, 109, 251, 0, 180, 176, 81, 115, 206, 109, 251, 0, 180, 1, 64, 0, 0, 0, 0, 107, 47, 0, 0, 0, 0, 0, 0, 0, 0, 0, 0, 0, 0, 0, 0, 0, 0, 0, 0, 0, 0, 0, 0, 0, 0, 1, 96, 0, 0, 0, 0, 191, 236, 0, 0, 0, 0, 0, 0, 0, 0, 33, 64, 33, 196, 0, 0, 0, 0, 0, 0, 0, 0, 0, 0, 0, 0, 1, 65, 0, 0, 0, 0, 130, 255, 0, 0, 0, 0, 0, 0, 0, 0, 0, 0, 0, 0, 0, 0, 0, 0, 0, 0, 0, 0, 0, 0, 0, 0, 1, 96, 0, 0, 0, 0, 157, 120, 0, 0, 0, 0, 0, 0, 0, 0, 33, 64, 33, 193, 0, 0, 0, 0, 0, 0, 0, 0, 0, 0, 0, 0, 1, 112, 0, 0, 0, 0, 54, 153, 0, 0, 0, 0, 0, 0, 0, 0, 33, 64, 34, 72, 0, 0, 0, 0, 0, 0, 0, 0, 0, 0, 0, 0, 1, 64, 0, 0, 0, 0, 31, 60, 0, 0, 0, 0, 0, 0, 0, 0, 0, 0, 0, 0, 0, 0, 0, 0, 0, 0, 0, 0, 0, 0, 0, 0, 1, 65, 0, 0, 0, 0, 75, 11, 0, 0, 0, 0, 0, 0, 0, 0, 33, 65, 69, 2, 0, 0, 0, 0, 0, 0, 0, 0, 0, 0, 0, 0, 1, 96, 0, 0, 0, 0, 84, 140, 0, 0, 0,
12-30 11:15:58.725   398   464 I vw-vhal : CanSignalsAdapter::notifyVehicleProperty: solvedValue = {.timestamp = 9494544177129, .areaId = 0, .prop = 557925634, .status = AVAILABLE, .value = {.int32Values = [8515]{33, 65, 69, 2, 0, 0, 0, 0, 0, 0, 0, 0, 0, 0, 0, 0, 1, 1, 1, 0, 0, 0, 18, 21, 0, 0, 0, 0, 0, 0, 0, 0, 128, 32, 114, 206, 109, 251, 0, 180, 176, 81, 115, 206, 109, 251, 0, 180, 1, 64, 0, 0, 0, 0, 107, 47, 0, 0, 0, 0, 0, 0, 0, 0, 0, 0, 0, 0, 0, 0, 0, 0, 0, 0, 0, 0, 0, 0, 0, 0, 1, 96, 0, 0, 0, 0, 191, 236, 0, 0, 0, 0, 0, 0, 0, 0, 33, 64, 33, 196, 0, 0, 0, 0, 0, 0, 0, 0, 0, 0, 0, 0, 1, 65, 0, 0, 0, 0, 130, 255, 0, 0, 0, 0, 0, 0, 0, 0, 0, 0, 0, 0, 0, 0, 0, 0, 0, 0, 0, 0, 0, 0, 0, 0, 1, 96, 0, 0, 0, 0, 157, 120, 0, 0, 0, 0, 0, 0, 0, 0, 33, 64, 33, 193, 0, 0, 0, 0, 0, 0, 0, 0, 0, 0, 0, 0, 1, 112, 0, 0, 0, 0, 54, 153, 0, 0, 0, 0, 0, 0, 0, 0, 33, 64, 34, 72, 0, 0, 0, 0, 0, 0, 0, 0, 0, 0, 0, 0, 1, 64, 0, 0, 0, 0, 31, 60, 0, 0, 0, 0, 0, 0, 0, 0, 0, 0, 0, 0, 0, 0, 0, 0, 0, 0, 0, 0, 0, 0, 0, 0, 1, 65, 0, 0, 0, 0, 75, 11, 0, 0, 0, 0, 0, 0, 0, 0, 33, 65, 69
12-30 11:15:58.729   398   464 I VehiclePropertyStore: begin to write value to Store: {.timestamp = 9494544177129, .areaId = 0, .prop = 557925634, .status = AVAILABLE, .value = {.int32Values = [8515]{33, 65, 69, 2, 0, 0, 0, 0, 0, 0, 0, 0, 0, 0, 0, 0, 1, 1, 1, 0, 0, 0, 18, 21, 0, 0, 0, 0, 0, 0, 0, 0, 128, 32, 114, 206, 109, 251, 0, 180, 176, 81, 115, 206, 109, 251, 0, 180, 1, 64, 0, 0, 0, 0, 107, 47, 0, 0, 0, 0, 0, 0, 0, 0, 0, 0, 0, 0, 0, 0, 0, 0, 0, 0, 0, 0, 0, 0, 0, 0, 1, 96, 0, 0, 0, 0, 191, 236, 0, 0, 0, 0, 0, 0, 0, 0, 33, 64, 33, 196, 0, 0, 0, 0, 0, 0, 0, 0, 0, 0, 0, 0, 1, 65, 0, 0, 0, 0, 130, 255, 0, 0, 0, 0, 0, 0, 0, 0, 0, 0, 0, 0, 0, 0, 0, 0, 0, 0, 0, 0, 0, 0, 0, 0, 1, 96, 0, 0, 0, 0, 157, 120, 0, 0, 0, 0, 0, 0, 0, 0, 33, 64, 33, 193, 0, 0, 0, 0, 0, 0, 0, 0, 0, 0, 0, 0, 1, 112, 0, 0, 0, 0, 54, 153, 0, 0, 0, 0, 0, 0, 0, 0, 33, 64, 34, 72, 0, 0, 0, 0, 0, 0, 0, 0, 0, 0, 0, 0, 1, 64, 0, 0, 0, 0, 31, 60, 0, 0, 0, 0, 0, 0, 0, 0, 0, 0, 0, 0, 0, 0, 0, 0, 0, 0, 0, 0, 0, 0, 0, 0, 1, 65, 0, 0, 0, 0, 75, 11, 0, 0, 0, 0, 0, 0, 0, 0, 33, 65, 69, 2, 0, 0, 0, 0, 0, 0, 0,
12-30 11:15:58.732   360   931 D EvsDriver: forwardFrame
12-30 11:15:58.732   360   931 D EvsDriver: forwardFrameDirect
12-30 11:15:58.732   360   931 D EvsDriver: Delivered 0xb400e2ca9e40c7a0 as id 1
12-30 11:15:58.732   359  2784 D evsmanagerd: /dev/video-evs0 forwarded the buffer #1 to 0xb400f125d2b26dd0 from 0xb400f125e2b20710
12-30 11:15:58.733   360   458 D EvsDriver: doneWithFrame
12-30 11:15:58.733   398   464 I VehiclePropertyStore: Prop wirte value to Store success: {.timestamp = 9494544177129, .areaId = 0, .prop = 557925634, .status = AVAILABLE, .value = {.int32Values = [8515]{33, 65, 69, 2, 0, 0, 0, 0, 0, 0, 0, 0, 0, 0, 0, 0, 1, 1, 1, 0, 0, 0, 18, 21, 0, 0, 0, 0, 0, 0, 0, 0, 128, 32, 114, 206, 109, 251, 0, 180, 176, 81, 115, 206, 109, 251, 0, 180, 1, 64, 0, 0, 0, 0, 107, 47, 0, 0, 0, 0, 0, 0, 0, 0, 0, 0, 0, 0, 0, 0, 0, 0, 0, 0, 0, 0, 0, 0, 0, 0, 1, 96, 0, 0, 0, 0, 191, 236, 0, 0, 0, 0, 0, 0, 0, 0, 33, 64, 33, 196, 0, 0, 0, 0, 0, 0, 0, 0, 0, 0, 0, 0, 1, 65, 0, 0, 0, 0, 130, 255, 0, 0, 0, 0, 0, 0, 0, 0, 0, 0, 0, 0, 0, 0, 0, 0, 0, 0, 0, 0, 0, 0, 0, 0, 1, 96, 0, 0, 0, 0, 157, 120, 0, 0, 0, 0, 0, 0, 0, 0, 33, 64, 33, 193, 0, 0, 0, 0, 0, 0, 0, 0, 0, 0, 0, 0, 1, 112, 0, 0, 0, 0, 54, 153, 0, 0, 0, 0, 0, 0, 0, 0, 33, 64, 34, 72, 0, 0, 0, 0, 0, 0, 0, 0, 0, 0, 0, 0, 1, 64, 0, 0, 0, 0, 31, 60, 0, 0, 0, 0, 0, 0, 0, 0, 0, 0, 0, 0, 0, 0, 0, 0, 0, 0, 0, 0, 0, 0, 0, 0, 1, 65, 0, 0, 0, 0, 75, 11, 0, 0, 0, 0, 0, 0, 0, 0, 33, 65, 69, 2, 0, 0, 0, 0, 0, 0
12-30 11:15:58.735 14473 14473 I flags_health_check: ServerConfigurableFlagsReset reset_mode value: 1
12-30 11:15:58.736 14473 14473 I flags_health_check: ServerConfigurableFlagsReset updatable crashing detected, resetting flags.
12-30 11:15:58.737   398   464 I DefaultVehicleHal_v2_0: DefaultVehicleHal::onPropertyValue, value:{.timestamp = 9494544177129, .areaId = 0, .prop = 557925634, .status = AVAILABLE, .value = {.int32Values = [8515]{33, 65, 69, 2, 0, 0, 0, 0, 0, 0, 0, 0, 0, 0, 0, 0, 1, 1, 1, 0, 0, 0, 18, 21, 0, 0, 0, 0, 0, 0, 0, 0, 128, 32, 114, 206, 109, 251, 0, 180, 176, 81, 115, 206, 109, 251, 0, 180, 1, 64, 0, 0, 0, 0, 107, 47, 0, 0, 0, 0, 0, 0, 0, 0, 0, 0, 0, 0, 0, 0, 0, 0, 0, 0, 0, 0, 0, 0, 0, 0, 1, 96, 0, 0, 0, 0, 191, 236, 0, 0, 0, 0, 0, 0, 0, 0, 33, 64, 33, 196, 0, 0, 0, 0, 0, 0, 0, 0, 0, 0, 0, 0, 1, 65, 0, 0, 0, 0, 130, 255, 0, 0, 0, 0, 0, 0, 0, 0, 0, 0, 0, 0, 0, 0, 0, 0, 0, 0, 0, 0, 0, 0, 0, 0, 1, 96, 0, 0, 0, 0, 157, 120, 0, 0, 0, 0, 0, 0, 0, 0, 33, 64, 33, 193, 0, 0, 0, 0, 0, 0, 0, 0, 0, 0, 0, 0, 1, 112, 0, 0, 0, 0, 54, 153, 0, 0, 0, 0, 0, 0, 0, 0, 33, 64, 34, 72, 0, 0, 0, 0, 0, 0, 0, 0, 0, 0, 0, 0, 1, 64, 0, 0, 0, 0, 31, 60, 0, 0, 0, 0, 0, 0, 0, 0, 0, 0, 0, 0, 0, 0, 0, 0, 0, 0, 0, 0, 0, 0, 0, 0, 1, 65, 0, 0, 0, 0, 75, 11, 0, 0, 0, 0, 0, 0, 0, 0, 33, 65, 69, 2, 0, 0, 0, 
12-30 11:15:58.737   398   464 D DiagPropHandler: is not DiagnosticConfig: 0x21414502
12-30 11:15:58.740   398   464 I VehiclePropertyStore: begin to write value to Store: {.timestamp = 9494544177129, .areaId = 0, .prop = 557925634, .status = AVAILABLE, .value = {.int32Values = [8515]{33, 65, 69, 2, 0, 0, 0, 0, 0, 0, 0, 0, 0, 0, 0, 0, 1, 1, 1, 0, 0, 0, 18, 21, 0, 0, 0, 0, 0, 0, 0, 0, 128, 32, 114, 206, 109, 251, 0, 180, 176, 81, 115, 206, 109, 251, 0, 180, 1, 64, 0, 0, 0, 0, 107, 47, 0, 0, 0, 0, 0, 0, 0, 0, 0, 0, 0, 0, 0, 0, 0, 0, 0, 0, 0, 0, 0, 0, 0, 0, 1, 96, 0, 0, 0, 0, 191, 236, 0, 0, 0, 0, 0, 0, 0, 0, 33, 64, 33, 196, 0, 0, 0, 0, 0, 0, 0, 0, 0, 0, 0, 0, 1, 65, 0, 0, 0, 0, 130, 255, 0, 0, 0, 0, 0, 0, 0, 0, 0, 0, 0, 0, 0, 0, 0, 0, 0, 0, 0, 0, 0, 0, 0, 0, 1, 96, 0, 0, 0, 0, 157, 120, 0, 0, 0, 0, 0, 0, 0, 0, 33, 64, 33, 193, 0, 0, 0, 0, 0, 0, 0, 0, 0, 0, 0, 0, 1, 112, 0, 0, 0, 0, 54, 153, 0, 0, 0, 0, 0, 0, 0, 0, 33, 64, 34, 72, 0, 0, 0, 0, 0, 0, 0, 0, 0, 0, 0, 0, 1, 64, 0, 0, 0, 0, 31, 60, 0, 0, 0, 0, 0, 0, 0, 0, 0, 0, 0, 0, 0, 0, 0, 0, 0, 0, 0, 0, 0, 0, 0, 0, 1, 65, 0, 0, 0, 0, 75, 11, 0, 0, 0, 0, 0, 0, 0, 0, 33, 65, 69, 2, 0, 0, 0, 0, 0, 0, 0,
12-30 11:15:58.744   398   464 I VehiclePropertyStore: Prop wirte value to Store success: {.timestamp = 9494544177129, .areaId = 0, .prop = 557925634, .status = AVAILABLE, .value = {.int32Values = [8515]{33, 65, 69, 2, 0, 0, 0, 0, 0, 0, 0, 0, 0, 0, 0, 0, 1, 1, 1, 0, 0, 0, 18, 21, 0, 0, 0, 0, 0, 0, 0, 0, 128, 32, 114, 206, 109, 251, 0, 180, 176, 81, 115, 206, 109, 251, 0, 180, 1, 64, 0, 0, 0, 0, 107, 47, 0, 0, 0, 0, 0, 0, 0, 0, 0, 0, 0, 0, 0, 0, 0, 0, 0, 0, 0, 0, 0, 0, 0, 0, 1, 96, 0, 0, 0, 0, 191, 236, 0, 0, 0, 0, 0, 0, 0, 0, 33, 64, 33, 196, 0, 0, 0, 0, 0, 0, 0, 0, 0, 0, 0, 0, 1, 65, 0, 0, 0, 0, 130, 255, 0, 0, 0, 0, 0, 0, 0, 0, 0, 0, 0, 0, 0, 0, 0, 0, 0, 0, 0, 0, 0, 0, 0, 0, 1, 96, 0, 0, 0, 0, 157, 120, 0, 0, 0, 0, 0, 0, 0, 0, 33, 64, 33, 193, 0, 0, 0, 0, 0, 0, 0, 0, 0, 0, 0, 0, 1, 112, 0, 0, 0, 0, 54, 153, 0, 0, 0, 0, 0, 0, 0, 0, 33, 64, 34, 72, 0, 0, 0, 0, 0, 0, 0, 0, 0, 0, 0, 0, 1, 64, 0, 0, 0, 0, 31, 60, 0, 0, 0, 0, 0, 0, 0, 0, 0, 0, 0, 0, 0, 0, 0, 0, 0, 0, 0, 0, 0, 0, 0, 0, 1, 65, 0, 0, 0, 0, 75, 11, 0, 0, 0, 0, 0, 0, 0, 0, 33, 65, 69, 2, 0, 0, 0, 0, 0, 0
12-30 11:15:58.744   398   464 D adayocomadapter-CommunicationManager: onUpstreamReceive mPropertyId 0x21414502
--------- beginning of system
12-30 11:15:58.754  1667  2513 W ContextImpl: Calling a method in the system process without a qualified user: android.app.ContextImpl.bindService:1988 android.content.ContextWrapper.bindService:861 com.ford.sync.fnvservice.analytics.AnalyticsManager$RetryHandler.a:126 com.ford.sync.fnvservice.analytics.AnalyticsManager$RetryHandler.handleMessage:103 android.os.Handler.dispatchMessage:106 
12-30 11:15:58.754   916  1847 W ActivityManager: Unable to start service Intent { cmp=com.ford.sync.fnvservice/.analytics.AnalyticsService } U=0: not found
12-30 11:15:58.755  1667  2513 W AnalyticsManager:  bind ford Analytics failed -> sendRetryMessage 
12-30 11:15:58.765  2358  2623 D RcfController: Rcf proxy is not connected!
12-30 11:15:58.765   360   931 D EvsDriver: forwardFrame
12-30 11:15:58.765   360   931 D EvsDriver: forwardFrameDirect
12-30 11:15:58.765   360   931 D EvsDriver: Delivered 0xb400e2ca9e40e270 as id 0
12-30 11:15:58.765   359  2784 D evsmanagerd: /dev/video-evs0 forwarded the buffer #0 to 0xb400f125d2b26dd0 from 0xb400f125e2b20710
12-30 11:15:58.773   360   458 D EvsDriver: doneWithFrame
12-30 11:15:58.790   596  3076 E WifiHAL : Invalid data received from driver
12-30 11:15:58.798   360   931 D EvsDriver: forwardFrame
12-30 11:15:58.798   360   931 D EvsDriver: forwardFrameDirect
12-30 11:15:58.799   360   931 D EvsDriver: Delivered 0xb400e2ca9e40d4b0 as id 1
12-30 11:15:58.799   359  2784 D evsmanagerd: /dev/video-evs0 forwarded the buffer #1 to 0xb400f125d2b26dd0 from 0xb400f125e2b20710
12-30 11:15:58.804   360   458 D EvsDriver: doneWithFrame
12-30 11:15:58.811 14475 14475 I ADAYO_LOG_TRACE_LOGCAT: execute start
12-30 11:15:58.815  2358  2623 D RcfController: Rcf proxy is not connected!
12-30 11:15:58.832   360   931 D EvsDriver: forwardFrame
12-30 11:15:58.832   360   931 D EvsDriver: forwardFrameDirect
12-30 11:15:58.832   360   931 D EvsDriver: Delivered 0xb400e2ca9e40c2d0 as id 0
12-30 11:15:58.832   359  2784 D evsmanagerd: /dev/video-evs0 forwarded the buffer #0 to 0xb400f125d2b26dd0 from 0xb400f125e2b20710
12-30 11:15:58.834   360   458 D EvsDriver: doneWithFrame
12-30 11:15:58.851 14477 14477 I ADAYO_LOG_TRACE_LOGCAT: executing
12-30 11:15:58.865   596  3076 E WifiHAL : Invalid data received from driver
12-30 11:15:58.865   596  3076 E WifiHAL : Invalid data received from driver
12-30 11:15:58.865   596  3076 E WifiHAL : Invalid data received from driver
12-30 11:15:58.865   360   931 D EvsDriver: forwardFrame
12-30 11:15:58.865   596  3076 E WifiHAL : Invalid data received from driver
12-30 11:15:58.865   360   931 D EvsDriver: forwardFrameDirect
12-30 11:15:58.865   596  3076 E WifiHAL : Invalid data received from driver
12-30 11:15:58.865   596  3076 E WifiHAL : Invalid data received from driver
12-30 11:15:58.865   596  3076 E WifiHAL : Invalid data received from driver
12-30 11:15:58.865   360   931 D EvsDriver: Delivered 0xb400e2ca9e40d090 as id 1
12-30 11:15:58.865  2358  2623 D RcfController: Rcf proxy is not connected!
12-30 11:15:58.865   359  2784 D evsmanagerd: /dev/video-evs0 forwarded the buffer #1 to 0xb400f125d2b26dd0 from 0xb400f125e2b20710
12-30 11:15:58.870   596  3076 E WifiHAL : Invalid data received from driver
12-30 11:15:58.874   360   458 D EvsDriver: doneWithFrame
12-30 11:15:58.891 14479 14479 I ADAYO_LOG_TRACE_LOGCAT: collect_dest_path:/mnt/sdcard/AndroidLog/logcat
12-30 11:15:58.898   360   931 D EvsDriver: forwardFrame
12-30 11:15:58.898   360   931 D EvsDriver: forwardFrameDirect
12-30 11:15:58.899   360   931 D EvsDriver: Delivered 0xb400e2ca9e40e110 as id 0
12-30 11:15:58.899   359  2784 D evsmanagerd: /dev/video-evs0 forwarded the buffer #0 to 0xb400f125d2b26dd0 from 0xb400f125e2b20710
12-30 11:15:58.905   360   458 D EvsDriver: doneWithFrame
12-30 11:15:58.915  2358  2623 D RcfController: Rcf proxy is not connected!
12-30 11:15:58.930   596  3076 E WifiHAL : Invalid data received from driver
12-30 11:15:58.930   596  3076 E WifiHAL : Invalid data received from driver
12-30 11:15:58.931   596  3076 E WifiHAL : Invalid data received from driver
12-30 11:15:58.931   596  3076 E WifiHAL : Invalid data received from driver
12-30 11:15:58.932   360   931 D EvsDriver: forwardFrame
12-30 11:15:58.932   360   931 D EvsDriver: forwardFrameDirect
12-30 11:15:58.932   360   931 D EvsDriver: Delivered 0xb400e2ca9e40c7a0 as id 1
12-30 11:15:58.932   359  2784 D evsmanagerd: /dev/video-evs0 forwarded the buffer #1 to 0xb400f125d2b26dd0 from 0xb400f125e2b20710
12-30 11:15:58.935   360   458 D EvsDriver: doneWithFrame
12-30 11:15:58.965   360   931 D EvsDriver: forwardFrame
12-30 11:15:58.965   360   931 D EvsDriver: forwardFrameDirect
12-30 11:15:58.965   360   931 D EvsDriver: Delivered 0xb400e2ca9e40e270 as id 0
12-30 11:15:58.965   359  2784 D evsmanagerd: /dev/video-evs0 forwarded the buffer #0 to 0xb400f125d2b26dd0 from 0xb400f125e2b20710
12-30 11:15:58.966  2358  2623 D RcfController: Rcf proxy is not connected!
12-30 11:15:58.975   360   458 D EvsDriver: doneWithFrame
12-30 11:15:58.982 14483 14483 I ADAYO_LOG_TRACE_LOGCAT: file_path:/mnt/sdcard/AndroidLog/logcat/logcat_2025_12_30_11_15_58_530-16.txt
12-30 11:15:58.996   596  3076 E WifiHAL : Invalid data received from driver
12-30 11:15:58.998   360   931 D EvsDriver: forwardFrame
12-30 11:15:58.998   360   931 D EvsDriver: forwardFrameDirect
12-30 11:15:58.999   360   931 D EvsDriver: Delivered 0xb400e2ca9e40d4b0 as id 1
12-30 11:15:58.999   359  2784 D evsmanagerd: /dev/video-evs0 forwarded the buffer #1 to 0xb400f125d2b26dd0 from 0xb400f125e2b20710
12-30 11:15:59.006   360   458 D EvsDriver: doneWithFrame
12-30 11:15:59.016  1582  3078 I c       : checkService in back thread add: adayo.upgrade.v2.0
12-30 11:15:59.016  2358  2623 D RcfController: Rcf proxy is not connected!
12-30 11:15:59.016  1582  3078 E upgradeApp_251223_V1  l: d(null:11)pre->c(null:23)-> serviceBinder is null
12-30 11:15:59.016  1582  3078 W c       : doBindService in back thread fail: adayo.upgrade.v2.0
12-30 11:15:59.029 14486 14486 I ADAYO_LOG_TRACE_LOGCAT: folder_size:
12-30 11:15:59.032   360   931 I EvsDriver: /dev/video-evs0 VideoCapture fps 29.9999
12-30 11:15:59.032   360   931 D EvsDriver: forwardFrame
12-30 11:15:59.032   360   931 D EvsDriver: forwardFrameDirect
12-30 11:15:59.032   360   931 D EvsDriver: Delivered 0xb400e2ca9e40c2d0 as id 0
12-30 11:15:59.032   359  2784 D evsmanagerd: /dev/video-evs0 forwarded the buffer #0 to 0xb400f125d2b26dd0 from 0xb400f125e2b20710
12-30 11:15:59.036   360   458 D EvsDriver: doneWithFrame
12-30 11:15:59.065   360   931 D EvsDriver: forwardFrame
12-30 11:15:59.065   360   931 D EvsDriver: forwardFrameDirect
12-30 11:15:59.065   360   931 D EvsDriver: Delivered 0xb400e2ca9e40d090 as id 1
12-30 11:15:59.065   359  2784 D evsmanagerd: /dev/video-evs0 forwarded the buffer #1 to 0xb400f125d2b26dd0 from 0xb400f125e2b20710
12-30 11:15:59.066  2358  2623 D RcfController: Rcf proxy is not connected!
12-30 11:15:59.066   360   458 D EvsDriver: doneWithFrame
12-30 11:15:59.074   596  3076 E WifiHAL : Invalid data received from driver
12-30 11:15:59.074   596  3076 E WifiHAL : Invalid data received from driver
12-30 11:15:59.074   596  3076 E WifiHAL : Invalid data received from driver
12-30 11:15:59.074   596  3076 E WifiHAL : Invalid data received from driver
12-30 11:15:59.074   596  3076 E WifiHAL : Invalid data received from driver
12-30 11:15:59.074   596  3076 E WifiHAL : Invalid data received from driver
12-30 11:15:59.074   596  3076 E WifiHAL : Invalid data received from driver
12-30 11:15:59.077   596  3076 E WifiHAL : Invalid data received from driver
12-30 11:15:59.098   360   931 D EvsDriver: forwardFrame
12-30 11:15:59.098   360   931 D EvsDriver: forwardFrameDirect
12-30 11:15:59.099   360   931 D EvsDriver: Delivered 0xb400e2ca9e40e110 as id 0
12-30 11:15:59.099   359  2784 D evsmanagerd: /dev/video-evs0 forwarded the buffer #0 to 0xb400f125d2b26dd0 from 0xb400f125e2b20710
12-30 11:15:59.107   360   458 D EvsDriver: doneWithFrame
12-30 11:15:59.116  2358  2623 D RcfController: Rcf proxy is not connected!
12-30 11:15:59.130  2310  2804 D FuseDaemon: Node: 12970642256212309008 created.
12-30 11:15:59.132   360   931 D EvsDriver: forwardFrame
12-30 11:15:59.132   360   931 D EvsDriver: forwardFrameDirect
12-30 11:15:59.132   360   931 D EvsDriver: Delivered 0xb400e2ca9e40c7a0 as id 1
12-30 11:15:59.132   359  2784 D evsmanagerd: /dev/video-evs0 forwarded the buffer #1 to 0xb400f125d2b26dd0 from 0xb400f125e2b20710
12-30 11:15:59.137   360   458 D EvsDriver: doneWithFrame
12-30 11:15:59.158   596  3076 E WifiHAL : Invalid data received from driver
12-30 11:15:59.165   360   931 D EvsDriver: forwardFrame
12-30 11:15:59.165   360   931 D EvsDriver: forwardFrameDirect
12-30 11:15:59.165   360   931 D EvsDriver: Delivered 0xb400e2ca9e40e270 as id 0
12-30 11:15:59.165   359  2784 D evsmanagerd: /dev/video-evs0 forwarded the buffer #0 to 0xb400f125d2b26dd0 from 0xb400f125e2b20710
12-30 11:15:59.167  2358  2623 D RcfController: Rcf proxy is not connected!
12-30 11:15:59.167   360   458 D EvsDriver: doneWithFrame
12-30 11:15:59.198   360   931 D EvsDriver: forwardFrame
12-30 11:15:59.198   360   931 D EvsDriver: forwardFrameDirect
12-30 11:15:59.199   360   931 D EvsDriver: Delivered 0xb400e2ca9e40d4b0 as id 1
12-30 11:15:59.199   359  2784 D evsmanagerd: /dev/video-evs0 forwarded the buffer #1 to 0xb400f125d2b26dd0 from 0xb400f125e2b20710
12-30 11:15:59.208   360   458 D EvsDriver: doneWithFrame
12-30 11:15:59.217  2358  2623 D RcfController: Rcf proxy is not connected!
--------- beginning of events
12-30 11:15:59.216 14474 14474 I auditd  : type=1400 audit(0.0:1061881): avc:  denied  { read } for  comm="sh" name="/" dev="dm-1" ino=62 scontext=u:r:trace_logcat:s0 tcontext=u:object_r:rootfs:s0 tclass=dir permissive=1
12-30 11:15:59.216 14474 14474 I sh      : type=1400 audit(0.0:1061881): avc:  denied  { read } for  name="/" dev="dm-1" ino=62 scontext=u:r:trace_logcat:s0 tcontext=u:object_r:rootfs:s0 tclass=dir permissive=1
12-30 11:15:59.216 14474 14474 I auditd  : type=1400 audit(0.0:1061882): avc:  denied  { open } for  comm="sh" path="/" dev="dm-1" ino=62 scontext=u:r:trace_logcat:s0 tcontext=u:object_r:rootfs:s0 tclass=dir permissive=1
12-30 11:15:59.216 14474 14474 I sh      : type=1400 audit(0.0:1061882): avc:  denied  { open } for  path="/" dev="dm-1" ino=62 scontext=u:r:trace_logcat:s0 tcontext=u:object_r:rootfs:s0 tclass=dir permissive=1
12-30 11:15:59.216 14474 14474 I auditd  : type=1400 audit(0.0:1061883): avc:  denied  { append } for  comm="sh" name="logcat_2025_12_30_11_15_58_530-16.txt" dev="fuse" ino=11328 scontext=u:r:trace_logcat:s0 tcontext=u:object_r:fuse:s0 tclass=file permissive=1
12-30 11:15:59.216 14474 14474 I sh      : type=1400 audit(0.0:1061883): avc:  denied  { append } for  name="logcat_2025_12_30_11_15_58_530-16.txt" dev="fuse" ino=11328 scontext=u:r:trace_logcat:s0 tcontext=u:object_r:fuse:s0 tclass=file permissive=1
12-30 11:15:59.232   360   931 D EvsDriver: forwardFrame
12-30 11:15:59.232   360   931 D EvsDriver: forwardFrameDirect
12-30 11:15:59.232   360   931 D EvsDriver: Delivered 0xb400e2ca9e40c2d0 as id 0
12-30 11:15:59.232   359  2784 D evsmanagerd: /dev/video-evs0 forwarded the buffer #0 to 0xb400f125d2b26dd0 from 0xb400f125e2b20710
12-30 11:15:59.232 14495 14495 I auditd  : type=1400 audit(0.0:1061884): avc:  denied  { write } for  comm="logcat" name="logdr" dev="tmpfs" ino=748 scontext=u:r:trace_logcat:s0 tcontext=u:object_r:logdr_socket:s0 tclass=sock_file permissive=1
12-30 11:15:59.232 14495 14495 I logcat  : type=1400 audit(0.0:1061884): avc:  denied  { write } for  name="logdr" dev="tmpfs" ino=748 scontext=u:r:trace_logcat:s0 tcontext=u:object_r:logdr_socket:s0 tclass=sock_file permissive=1
01-01 10:38:16.247   346   346 I logd    : logdr: UID=0 GID=0 PID=14495 b tail=0 logMask=bf pid=0 start=0ns deadline=0ns
12-30 11:15:59.238   596  3076 E WifiHAL : Invalid data received from driver
12-30 11:15:59.236 15305 15305 I auditd  : type=1400 audit(0.0:1061885): avc:  denied  { syslog_mod } for  comm="cat" scontext=u:r:trace_kernel:s0 tcontext=u:r:kernel:s0 tclass=system permissive=1
12-30 11:15:59.236 15305 15305 I cat     : type=1400 audit(0.0:1061885): avc:  denied  { syslog_mod } for  scontext=u:r:trace_kernel:s0 tcontext=u:r:kernel:s0 tclass=system permissive=1
12-30 11:15:59.238   360   458 D EvsDriver: doneWithFrame
12-30 11:15:59.259  1667  2594 W ContextImpl: Calling a method in the system process without a qualified user: android.app.ContextImpl.bindService:1988 android.content.ContextWrapper.bindService:861 com.ford.sync.fnvservice.FordFnv.c:202 com.ford.sync.fnvservice.FordFnv.c:43 com.ford.sync.fnvservice.FordFnv$RetryHandler.handleMessage:245 
12-30 11:15:59.260   916  1847 W ActivityManager: Unable to start service Intent { cmp=com.ford.sync.fnvservice/.FordFnvService } U=0: not found
12-30 11:15:59.260  1667  2594 W FordFnv :  bind ford fnv failed -> sendRetryMessage 
12-30 11:15:59.265   360   931 D EvsDriver: forwardFrame
12-30 11:15:59.265   360   931 D EvsDriver: forwardFrameDirect
12-30 11:15:59.265   360   931 D EvsDriver: Delivered 0xb400e2ca9e40d090 as id 1
12-30 11:15:59.265   359  2784 D evsmanagerd: /dev/video-evs0 forwarded the buffer #1 to 0xb400f125d2b26dd0 from 0xb400f125e2b20710
12-30 11:15:59.267  2358  2623 D RcfController: Rcf proxy is not connected!
12-30 11:15:59.268   360   458 D EvsDriver: doneWithFrame
12-30 11:15:59.298   360   931 D EvsDriver: forwardFrame
12-30 11:15:59.298   360   931 D EvsDriver: forwardFrameDirect
12-30 11:15:59.298   360   931 D EvsDriver: Delivered 0xb400e2ca9e40e110 as id 0
12-30 11:15:59.299   359  2784 D evsmanagerd: /dev/video-evs0 forwarded the buffer #0 to 0xb400f125d2b26dd0 from 0xb400f125e2b20710
12-30 11:15:59.309   360   458 D EvsDriver: doneWithFrame
12-30 11:15:59.317  2358  2623 D RcfController: Rcf proxy is not connected!
12-30 11:15:59.318   596  3076 E WifiHAL : Invalid data received from driver
12-30 11:15:59.331   596  3076 E WifiHAL : Invalid data received from driver
12-30 11:15:59.331   596  3076 E WifiHAL : Invalid data received from driver
12-30 11:15:59.331   596  3076 E WifiHAL : Invalid data received from driver
12-30 11:15:59.331   596  3076 E WifiHAL : Invalid data received from driver
12-30 11:15:59.332   360   931 D EvsDriver: forwardFrame
12-30 11:15:59.332   360   931 D EvsDriver: forwardFrameDirect
12-30 11:15:59.332   596  3076 E WifiHAL : Invalid data received from driver
12-30 11:15:59.332   596  3076 E WifiHAL : Invalid data received from driver
12-30 11:15:59.332   596  3076 E WifiHAL : Invalid data received from driver
12-30 11:15:59.332   360   931 D EvsDriver: Delivered 0xb400e2ca9e40c7a0 as id 1
12-30 11:15:59.332   359  2784 D evsmanagerd: /dev/video-evs0 forwarded the buffer #1 to 0xb400f125d2b26dd0 from 0xb400f125e2b20710
12-30 11:15:59.339   360   458 D EvsDriver: doneWithFrame
12-30 11:15:59.364  1667  2407 I media_message_log->MediaMessageProxy: (SourceFile:1)b connectToService action bind
12-30 11:15:59.365   360   931 D EvsDriver: forwardFrame
12-30 11:15:59.365   360   931 D EvsDriver: forwardFrameDirect
12-30 11:15:59.365   360   931 D EvsDriver: Delivered 0xb400e2ca9e40e270 as id 0
12-30 11:15:59.365   916  1847 W ActivityManager: Unable to start service Intent { cmp=com.adayo.server.mediamessagetransfer/.MediaMessTransferService (has extras) } U=0: not found
12-30 11:15:59.365   359  2784 D evsmanagerd: /dev/video-evs0 forwarded the buffer #0 to 0xb400f125d2b26dd0 from 0xb400f125e2b20710
12-30 11:15:59.366  1667  2407 E media_message_log->MediaMessageProxy: (SourceFile:7)a bindServiceAsUser isBound = false
12-30 11:15:59.367  2358  2623 D RcfController: Rcf proxy is not connected!
12-30 11:15:59.369   360   458 D EvsDriver: doneWithFrame
12-30 11:15:59.374  2475  2681 I TtsServiceAgent: check thread start checking, threadId = 29
12-30 11:15:59.374  2475  2681 D TtsServiceAgent: start bind service...
12-30 11:15:59.374  2475  2681 D TtsServiceAgent: ----->initService, usage = 16
12-30 11:15:59.374  2475  2681 W ContextImpl: Calling a method in the system process without a qualified user: android.app.ContextImpl.bindService:1988 android.content.ContextWrapper.bindService:861 com.iflytek.autofly.ttsaidl.ttsproxy.TtsServiceAgent.initService:189 com.iflytek.autofly.ttsaidl.ttsproxy.TtsServiceAgent.initService:133 com.iflytek.autofly.ttsaidl.ttsproxy.TtsServiceAgent$2.run:517 
12-30 11:15:59.375   916  1847 W ActivityManager: Unable to start service Intent { act=com.iflytek.autofly.tts.ttsservice.TtsAdapterService cmp=com.iflytek.cutefly.speechclient.hmi/com.iflytek.autofly.tts.ttsservice.TtsAdapterService } U=0: not found
12-30 11:15:59.375  2475  2681 D TtsServiceAgent: bindService: false
12-30 11:15:59.375  2475  2681 D TtsServiceAgent: start reInitService
12-30 11:15:59.375  2475  2681 D TtsServiceAgent: aidlCheckThreadRunning = true
12-30 11:15:59.375  2475  2681 D TtsServiceAgent: ----->check connection status in 1000s...
12-30 11:15:59.398   360   931 D EvsDriver: forwardFrame
12-30 11:15:59.398   360   931 D EvsDriver: forwardFrameDirect
12-30 11:15:59.398   360   931 D EvsDriver: Delivered 0xb400e2ca9e40d4b0 as id 1
12-30 11:15:59.399   359  2784 D evsmanagerd: /dev/video-evs0 forwarded the buffer #1 to 0xb400f125d2b26dd0 from 0xb400f125e2b20710
12-30 11:15:59.399   360   458 D EvsDriver: doneWithFrame
12-30 11:15:59.408   596  3076 E WifiHAL : Invalid data received from driver
12-30 11:15:59.418  2358  2623 D RcfController: Rcf proxy is not connected!
12-30 11:15:59.432   360   931 D EvsDriver: forwardFrame
12-30 11:15:59.432   360   931 D EvsDriver: forwardFrameDirect
12-30 11:15:59.432   360   931 D EvsDriver: Delivered 0xb400e2ca9e40c2d0 as id 0
12-30 11:15:59.432   359  2784 D evsmanagerd: /dev/video-evs0 forwarded the buffer #0 to 0xb400f125d2b26dd0 from 0xb400f125e2b20710
12-30 11:15:59.440   360   458 D EvsDriver: doneWithFrame
12-30 11:15:59.447   650   729 D fgemcucomm: sd Uart data : 6AA602283F0002920201
12-30 11:15:59.447   650   729 D fgemcucomm: rev uart=78427,len=40, data : 6AA681283F002092020016000000000000000000000000000000000000000000000000000000004E
12-30 11:15:59.447   398   882 D adayocomadapter-ParseProtocolFunc: printRaWMsg Name[MCUToUPstream recv] len[32] data[9202001600000000000000000000000000000000000000000000000000000000]
12-30 11:15:59.447   398   882 D adayocomadapter-CommunicationManager: onUpstreamback   member[0] dataLength[29] timePoint[9495269]
12-30 11:15:59.447   398   882 D adayocomadapter-ParseProtocolFunc: printRaWMsg Name[onUpstreamback] len[29] data[1600000000000000000000000000000000000000000000000000000000]
12-30 11:15:59.447   398   464 D adayocomadapter-UpstreamHandler: processBeforePacket upSreamtProcessTimePoint[9495269] 
12-30 11:15:59.447   398   464 D adayocomadapter-UpstreamHandler: processPacket UPSTREAM_QUEUE_DATA_TIMEOUT
12-30 11:15:59.447   398   464 D adayocomadapter-ParseProtocolFunc: parseCommonIPCLBytes Processing tableNumber[22]
12-30 11:15:59.447   398   464 D adayocomadapter-ParseProtocolFunc: parseCommonIPCLBytes Processing tablename[Table-22] tableSize[29]
12-30 11:15:59.447   398   464 D adayocomadapter-ParseProtocolFunc: printRaWMsg Name[byteStream recv] len[29] data[1600000000000000000000000000000000000000000000000000000000]
12-30 11:15:59.447   398   464 D adayocomadapter-ParseProtocolFunc: printRaWMsg Name[IPCLtoVHAL] len[6] data[2140213F0000]
12-30 11:15:59.447   398   464 D adayocomadapter-ParseProtocolFunc: printRaWMsg Name[IPCLtoVHAL] len[6] data[214021400000]
12-30 11:15:59.447   398   464 D adayocomadapter-ParseProtocolFunc: printRaWMsg Name[IPCLtoVHAL] len[9] data[214021CA0000000000]
12-30 11:15:59.447   398   464 D adayocomadapter-ParseProtocolFunc: printRaWMsg Name[IPCLtoVHAL] len[6] data[2140214B0000]
12-30 11:15:59.447   398   464 D adayocomadapter-ParseProtocolFunc: printRaWMsg Name[IPCLtoVHAL] len[6] data[214021410000]
12-30 11:15:59.447   398   464 D adayocomadapter-ParseProtocolFunc: printRaWMsg Name[IPCLtoVHAL] len[6] data[214021420000]
12-30 11:15:59.447   398   464 D adayocomadapter-ParseProtocolFunc: printRaWMsg Name[IPCLtoVHAL] len[6] data[2140214D0000]
12-30 11:15:59.448   398   464 D adayocomadapter-ParseProtocolFunc: printRaWMsg Name[IPCLtoVHAL] len[6] data[214021D70000]
12-30 11:15:59.448   398   464 D adayocomadapter-ParseProtocolFunc: printRaWMsg Name[IPCLtoVHAL] len[6] data[214021430000]
12-30 11:15:59.448   398   464 D adayocomadapter-ParseProtocolFunc: printRaWMsg Name[IPCLtoVHAL] len[6] data[214021460000]
12-30 11:15:59.448   398   464 D adayocomadapter-ParseProtocolFunc: printRaWMsg Name[IPCLtoVHAL] len[6] data[214021470000]
12-30 11:15:59.448   398   464 D adayocomadapter-ParseProtocolFunc: printRaWMsg Name[IPCLtoVHAL] len[6] data[214021480000]
12-30 11:15:59.448   398   464 D adayocomadapter-ParseProtocolFunc: printRaWMsg Name[IPCLtoVHAL] len[6] data[214021490000]
12-30 11:15:59.448   398   464 D adayocomadapter-ParseProtocolFunc: printRaWMsg Name[IPCLtoVHAL] len[6] data[2140214F0000]
12-30 11:15:59.448   398   464 D adayocomadapter-ParseProtocolFunc: printRaWMsg Name[IPCLtoVHAL] len[6] data[214021500000]
12-30 11:15:59.448   398   464 D adayocomadapter-ParseProtocolFunc: printRaWMsg Name[IPCLtoVHAL] len[7] data[21402144010000]
12-30 11:15:59.448   398   464 D adayocomadapter-ParseProtocolFunc: printRaWMsg Name[IPCLtoVHAL] len[6] data[214021510000]
12-30 11:15:59.448   398   464 D adayocomadapter-ParseProtocolFunc: printRaWMsg Name[IPCLtoVHAL] len[7] data[21402145010000]
12-30 11:15:59.448   398   464 D adayocomadapter-ParseProtocolFunc: printRaWMsg Name[IPCLtoVHAL] len[6] data[2140213D0000]
12-30 11:15:59.448   398   464 D adayocomadapter-ParseProtocolFunc: printRaWMsg Name[IPCLtoVHAL] len[6] data[2140213E0000]
12-30 11:15:59.448   398   464 D adayocomadapter-ParseProtocolFunc: printRaWMsg Name[IPCLtoVHAL] len[6] data[2140214A0000]
12-30 11:15:59.448   398   464 D adayocomadapter-CommunicationManager: onUpstreamReceive mPropertyId 0x2140213f
12-30 11:15:59.448   398   464 D adayocomadapter-CommunicationManager: convertBytesToInt32Memcpy  0
12-30 11:15:59.448   398   464 I vw-vhal : notifyVehicleProperty, propId = 0x2140213f, data = {status: 2, int32Values: [0]}
12-30 11:15:59.448   398   464 I vw-vhal : CanSignalsAdapter::notifyVehicleProperty: solvedValue = {.timestamp = 9495270195463, .areaId = 0, .prop = 557850943, .status = AVAILABLE, .value = {.int32Values = [1]{0}, .floatValues = [0]{}, .int64Values = [0]{}, .bytes = [0]{}, .stringValue = ""}}
12-30 11:15:59.448   398   464 I VehiclePropertyStore: begin to write value to Store: {.timestamp = 9495270195463, .areaId = 0, .prop = 557850943, .status = AVAILABLE, .value = {.int32Values = [1]{0}, .floatValues = [0]{}, .int64Values = [0]{}, .bytes = [0]{}, .stringValue = ""}}
12-30 11:15:59.448   398   464 I DefaultVehicleHal_v2_0: DefaultVehicleHal::onPropertyValue, value:{.timestamp = 9495270195463, .areaId = 0, .prop = 557850943, .status = AVAILABLE, .value = {.int32Values = [1]{0}, .floatValues = [0]{}, .int64Values = [0]{}, .bytes = [0]{}, .stringValue = ""}}
12-30 11:15:59.448   398   464 D DiagPropHandler: is not DiagnosticConfig: 0x2140213f
12-30 11:15:59.448   398   464 I VehiclePropertyStore: begin to write value to Store: {.timestamp = 9495270195463, .areaId = 0, .prop = 557850943, .status = AVAILABLE, .value = {.int32Values = [1]{0}, .floatValues = [0]{}, .int64Values = [0]{}, .bytes = [0]{}, .stringValue = ""}}
12-30 11:15:59.448   398   464 D adayocomadapter-CommunicationManager: onUpstreamReceive mPropertyId 0x2140213f
12-30 11:15:59.448   398   464 D adayocomadapter-CommunicationManager: onUpstreamReceive mPropertyId 0x21402140
12-30 11:15:59.448   398   464 D adayocomadapter-CommunicationManager: convertBytesToInt32Memcpy  0
12-30 11:15:59.448   398   464 I vw-vhal : notifyVehicleProperty, propId = 0x21402140, data = {status: 2, int32Values: [0]}
12-30 11:15:59.448   398   464 I vw-vhal : CanSignalsAdapter::notifyVehicleProperty: solvedValue = {.timestamp = 9495270445463, .areaId = 0, .prop = 557850944, .status = AVAILABLE, .value = {.int32Values = [1]{0}, .floatValues = [0]{}, .int64Values = [0]{}, .bytes = [0]{}, .stringValue = ""}}
12-30 11:15:59.448   398   464 I VehiclePropertyStore: begin to write value to Store: {.timestamp = 9495270445463, .areaId = 0, .prop = 557850944, .status = AVAILABLE, .value = {.int32Values = [1]{0}, .floatValues = [0]{}, .int64Values = [0]{}, .bytes = [0]{}, .stringValue = ""}}
12-30 11:15:59.448   398   464 I DefaultVehicleHal_v2_0: DefaultVehicleHal::onPropertyValue, value:{.timestamp = 9495270445463, .areaId = 0, .prop = 557850944, .status = AVAILABLE, .value = {.int32Values = [1]{0}, .floatValues = [0]{}, .int64Values = [0]{}, .bytes = [0]{}, .stringValue = ""}}
12-30 11:15:59.448   398   464 D DiagPropHandler: is not DiagnosticConfig: 0x21402140
12-30 11:15:59.448   398   464 I VehiclePropertyStore: begin to write value to Store: {.timestamp = 9495270445463, .areaId = 0, .prop = 557850944, .status = AVAILABLE, .value = {.int32Values = [1]{0}, .floatValues = [0]{}, .int64Values = [0]{}, .bytes = [0]{}, .stringValue = ""}}
12-30 11:15:59.448   398   464 D adayocomadapter-CommunicationManager: onUpstreamReceive mPropertyId 0x21402140
12-30 11:15:59.448   398   464 D adayocomadapter-CommunicationManager: onUpstreamReceive mPropertyId 0x214021ca
12-30 11:15:59.448   398   464 D adayocomadapter-CommunicationManager: convertBytesToInt32Memcpy  0
12-30 11:15:59.448   398   464 I vw-vhal : notifyVehicleProperty, propId = 0x214021ca, data = {status: 2, int32Values: [0]}
12-30 11:15:59.448   398   464 I vw-vhal : CanSignalsAdapter::notifyVehicleProperty: solvedValue = {.timestamp = 9495270665129, .areaId = 0, .prop = 557851082, .status = AVAILABLE, .value = {.int32Values = [1]{0}, .floatValues = [0]{}, .int64Values = [0]{}, .bytes = [0]{}, .stringValue = ""}}
12-30 11:15:59.448   398   464 I VehiclePropertyStore: begin to write value to Store: {.timestamp = 9495270665129, .areaId = 0, .prop = 557851082, .status = AVAILABLE, .value = {.int32Values = [1]{0}, .floatValues = [0]{}, .int64Values = [0]{}, .bytes = [0]{}, .stringValue = ""}}
12-30 11:15:59.448   398   464 I DefaultVehicleHal_v2_0: DefaultVehicleHal::onPropertyValue, value:{.timestamp = 9495270665129, .areaId = 0, .prop = 557851082, .status = AVAILABLE, .value = {.int32Values = [1]{0}, .floatValues = [0]{}, .int64Values = [0]{}, .bytes = [0]{}, .stringValue = ""}}
12-30 11:15:59.448   398   464 D DiagPropHandler: is not DiagnosticConfig: 0x214021ca
12-30 11:15:59.448   398   464 I VehiclePropertyStore: begin to write value to Store: {.timestamp = 9495270665129, .areaId = 0, .prop = 557851082, .status = AVAILABLE, .value = {.int32Values = [1]{0}, .floatValues = [0]{}, .int64Values = [0]{}, .bytes = [0]{}, .stringValue = ""}}
12-30 11:15:59.448   398   464 D adayocomadapter-CommunicationManager: onUpstreamReceive mPropertyId 0x214021ca
12-30 11:15:59.448   398   464 D adayocomadapter-CommunicationManager: onUpstreamReceive mPropertyId 0x2140214b
12-30 11:15:59.448   398   464 D adayocomadapter-CommunicationManager: convertBytesToInt32Memcpy  0
12-30 11:15:59.448   398   464 I vw-vhal : notifyVehicleProperty, propId = 0x2140214b, data = {status: 2, int32Values: [0]}
12-30 11:15:59.449   398   464 I vw-vhal : CanSignalsAdapter::notifyVehicleProperty: solvedValue = {.timestamp = 9495270877129, .areaId = 0, .prop = 557850955, .status = AVAILABLE, .value = {.int32Values = [1]{0}, .floatValues = [0]{}, .int64Values = [0]{}, .bytes = [0]{}, .stringValue = ""}}
12-30 11:15:59.449   398   464 I VehiclePropertyStore: begin to write value to Store: {.timestamp = 9495270877129, .areaId = 0, .prop = 557850955, .status = AVAILABLE, .value = {.int32Values = [1]{0}, .floatValues = [0]{}, .int64Values = [0]{}, .bytes = [0]{}, .stringValue = ""}}
12-30 11:15:59.449   398   464 I DefaultVehicleHal_v2_0: DefaultVehicleHal::onPropertyValue, value:{.timestamp = 9495270877129, .areaId = 0, .prop = 557850955, .status = AVAILABLE, .value = {.int32Values = [1]{0}, .floatValues = [0]{}, .int64Values = [0]{}, .bytes = [0]{}, .stringValue = ""}}
12-30 11:15:59.449   398   464 D DiagPropHandler: is not DiagnosticConfig: 0x2140214b
12-30 11:15:59.449   398   464 I VehiclePropertyStore: begin to write value to Store: {.timestamp = 9495270877129, .areaId = 0, .prop = 557850955, .status = AVAILABLE, .value = {.int32Values = [1]{0}, .floatValues = [0]{}, .int64Values = [0]{}, .bytes = [0]{}, .stringValue = ""}}
