12-30 11:16:06.357   398   464 I DefaultVehicleHal_v2_0: DefaultVehicleHal::onPropertyValue, value:{.timestamp = 9502179086464, .areaId = 0, .prop = 557851142, .status = AVAILABLE, .value = {.int32Values = [1]{0}, .floatValues = [0]{}, .int64Values = [0]{}, .bytes = [0]{}, .stringValue = ""}}
12-30 11:16:06.357   398   464 D DiagPropHandler: is not DiagnosticConfig: 0x21402206
12-30 11:16:06.357   398   464 I VehiclePropertyStore: begin to write value to Store: {.timestamp = 9502179086464, .areaId = 0, .prop = 557851142, .status = AVAILABLE, .value = {.int32Values = [1]{0}, .floatValues = [0]{}, .int64Values = [0]{}, .bytes = [0]{}, .stringValue = ""}}
12-30 11:16:06.357   398   464 D adayocomadapter-CommunicationManager: onUpstreamReceive mPropertyId 0x21402206
12-30 11:16:06.365   360   931 D EvsDriver: forwardFrame
12-30 11:16:06.365   360   931 D EvsDriver: forwardFrameDirect
12-30 11:16:06.365   360   931 D EvsDriver: Delivered 0xb400e2ca9e40e270 as id 0
12-30 11:16:06.365   359  2784 D evsmanagerd: /dev/video-evs0 forwarded the buffer #0 to 0xb400f125d2b26dd0 from 0xb400f125e2b20710
12-30 11:16:06.367   596  3076 E WifiHAL : Invalid data received from driver
12-30 11:16:06.370   657   908 D EvsApp  : state:255,subState:255,desiredState:0,subDesiredState:0
12-30 11:16:06.371   360   458 D EvsDriver: doneWithFrame
12-30 11:16:06.381  1667  2407 I media_message_log->MediaMessageProxy: (SourceFile:1)b connectToService action bind
12-30 11:16:06.382   916  1847 W ActivityManager: Unable to start service Intent { cmp=com.adayo.server.mediamessagetransfer/.MediaMessTransferService (has extras) } U=0: not found
12-30 11:16:06.382  1667  2407 E media_message_log->MediaMessageProxy: (SourceFile:7)a bindServiceAsUser isBound = false
12-30 11:16:06.384  2475  2681 I TtsServiceAgent: check thread start checking, threadId = 29
12-30 11:16:06.384  2475  2681 D TtsServiceAgent: start bind service...
12-30 11:16:06.384  2475  2681 D TtsServiceAgent: ----->initService, usage = 16
12-30 11:16:06.385  2475  2681 W ContextImpl: Calling a method in the system process without a qualified user: android.app.ContextImpl.bindService:1988 android.content.ContextWrapper.bindService:861 com.iflytek.autofly.ttsaidl.ttsproxy.TtsServiceAgent.initService:189 com.iflytek.autofly.ttsaidl.ttsproxy.TtsServiceAgent.initService:133 com.iflytek.autofly.ttsaidl.ttsproxy.TtsServiceAgent$2.run:517 
12-30 11:16:06.386   916  1847 W ActivityManager: Unable to start service Intent { act=com.iflytek.autofly.tts.ttsservice.TtsAdapterService cmp=com.iflytek.cutefly.speechclient.hmi/com.iflytek.autofly.tts.ttsservice.TtsAdapterService } U=0: not found
12-30 11:16:06.386  2475  2681 D TtsServiceAgent: bindService: false
12-30 11:16:06.386  2475  2681 D TtsServiceAgent: start reInitService
12-30 11:16:06.386  2475  2681 D TtsServiceAgent: aidlCheckThreadRunning = true
12-30 11:16:06.386  2475  2681 D TtsServiceAgent: ----->check connection status in 1000s...
12-30 11:16:06.398   360   931 D EvsDriver: forwardFrame
12-30 11:16:06.398   360   931 D EvsDriver: forwardFrameDirect
12-30 11:16:06.399   360   931 D EvsDriver: Delivered 0xb400e2ca9e40d4b0 as id 1
12-30 11:16:06.399   359  2784 D evsmanagerd: /dev/video-evs0 forwarded the buffer #1 to 0xb400f125d2b26dd0 from 0xb400f125e2b20710
12-30 11:16:06.400  2358  2623 D RcfController: Rcf proxy is not connected!
12-30 11:16:06.401   360   458 D EvsDriver: doneWithFrame
12-30 11:16:06.428   596  3076 E WifiHAL : Invalid data received from driver
12-30 11:16:06.428   596  3076 E WifiHAL : Invalid data received from driver
12-30 11:16:06.428   596  3076 E WifiHAL : Invalid data received from driver
12-30 11:16:06.428   596  3076 E WifiHAL : Invalid data received from driver
12-30 11:16:06.428   596  3076 E WifiHAL : Invalid data received from driver
12-30 11:16:06.428   596  3076 E WifiHAL : Invalid data received from driver
12-30 11:16:06.428   596  3076 E WifiHAL : Invalid data received from driver
12-30 11:16:06.431   360   931 D EvsDriver: forwardFrame
12-30 11:16:06.432   360   931 D EvsDriver: forwardFrameDirect
12-30 11:16:06.432   360   931 D EvsDriver: Delivered 0xb400e2ca9e40c2d0 as id 0
12-30 11:16:06.432   359  2784 D evsmanagerd: /dev/video-evs0 forwarded the buffer #0 to 0xb400f125d2b26dd0 from 0xb400f125e2b20710
12-30 11:16:06.442   360   458 D EvsDriver: doneWithFrame
12-30 11:16:06.450   650   730 D fgemcucomm: sd Uart data : 6AA6001CAE000206012D
12-30 11:16:06.450  2358  2623 D RcfController: Rcf proxy is not connected!
12-30 11:16:06.453   665  1525 I gps_hdbd: [gps_upgrade_thread 3403]Enter
12-30 11:16:06.454   665  1525 I gps_hdbd: [gps_upgrade_thread 3432] sys.gps.update:0 ,file:not ,upgrate_ing:0
12-30 11:16:06.465   360   931 D EvsDriver: forwardFrame
12-30 11:16:06.465   360   931 D EvsDriver: forwardFrameDirect
12-30 11:16:06.465   360   931 D EvsDriver: Delivered 0xb400e2ca9e40d090 as id 1
12-30 11:16:06.465   359  2784 D evsmanagerd: /dev/video-evs0 forwarded the buffer #1 to 0xb400f125d2b26dd0 from 0xb400f125e2b20710
12-30 11:16:06.472   596  3076 E WifiHAL : Invalid data received from driver
12-30 11:16:06.472   360   458 D EvsDriver: doneWithFrame
12-30 11:16:06.498   360   931 D EvsDriver: forwardFrame
12-30 11:16:06.498   360   931 D EvsDriver: forwardFrameDirect
12-30 11:16:06.499   360   931 D EvsDriver: Delivered 0xb400e2ca9e40e110 as id 0
12-30 11:16:06.499   359  2784 D evsmanagerd: /dev/video-evs0 forwarded the buffer #0 to 0xb400f125d2b26dd0 from 0xb400f125e2b20710
12-30 11:16:06.501  2358  2623 D RcfController: Rcf proxy is not connected!
12-30 11:16:06.502   360   458 D EvsDriver: doneWithFrame
12-30 11:16:06.531   360   931 D EvsDriver: forwardFrame
12-30 11:16:06.532   360   931 D EvsDriver: forwardFrameDirect
12-30 11:16:06.532   360   931 D EvsDriver: Delivered 0xb400e2ca9e40c7a0 as id 1
12-30 11:16:06.532   359  2784 D evsmanagerd: /dev/video-evs0 forwarded the buffer #1 to 0xb400f125d2b26dd0 from 0xb400f125e2b20710
12-30 11:16:06.543   360   458 D EvsDriver: doneWithFrame
12-30 11:16:06.548  1611  1611 I ADAYO_LOG_: handleMessage(UsbFunc.java:3)copyQnx = 0
12-30 11:16:06.548  1611  1611 I ADAYO_LOG_: handleMessage(UsbFunc.java:12)copyState = 2
12-30 11:16:06.551  2358  2623 D RcfController: Rcf proxy is not connected!
12-30 11:16:06.565   596  3076 E WifiHAL : Invalid data received from driver
12-30 11:16:06.565   360   931 D EvsDriver: forwardFrame
12-30 11:16:06.565   360   931 D EvsDriver: forwardFrameDirect
12-30 11:16:06.565   360   931 D EvsDriver: Delivered 0xb400e2ca9e40e270 as id 0
12-30 11:16:06.565   359  2784 D evsmanagerd: /dev/video-evs0 forwarded the buffer #0 to 0xb400f125d2b26dd0 from 0xb400f125e2b20710
12-30 11:16:06.573   360   458 D EvsDriver: doneWithFrame
12-30 11:16:06.598   360   931 D EvsDriver: forwardFrame
12-30 11:16:06.598   360   931 D EvsDriver: forwardFrameDirect
12-30 11:16:06.599   360   931 D EvsDriver: Delivered 0xb400e2ca9e40d4b0 as id 1
12-30 11:16:06.599   359  2784 D evsmanagerd: /dev/video-evs0 forwarded the buffer #1 to 0xb400f125d2b26dd0 from 0xb400f125e2b20710
12-30 11:16:06.601  2358  2623 D RcfController: Rcf proxy is not connected!
12-30 11:16:06.604   360   458 D EvsDriver: doneWithFrame
12-30 11:16:06.615   815   834 E logcollector: getCheckStatus = 1
12-30 11:16:06.631   360   931 D EvsDriver: forwardFrame
12-30 11:16:06.632   360   931 D EvsDriver: forwardFrameDirect
12-30 11:16:06.632   360   931 D EvsDriver: Delivered 0xb400e2ca9e40c2d0 as id 0
12-30 11:16:06.632   359  2784 D evsmanagerd: /dev/video-evs0 forwarded the buffer #0 to 0xb400f125d2b26dd0 from 0xb400f125e2b20710
12-30 11:16:06.634   360   458 D EvsDriver: doneWithFrame
12-30 11:16:06.646  1667  2410 I media_message_log->MediaMessageUserProxy: (SourceFile:1)b connectToService action bind
12-30 11:16:06.647   916  1847 W ActivityManager: Unable to start service Intent { cmp=com.adayo.server.mediamessagetransfer/.MediaMessTransferService (has extras) } U=0: not found
12-30 11:16:06.647  1667  2410 E media_message_log->MediaMessageUserProxy: (SourceFile:7)a bindServiceAsUser isBound = false
12-30 11:16:06.651  2358  2623 D RcfController: Rcf proxy is not connected!
12-30 11:16:06.653   596  3076 E WifiHAL : Invalid data received from driver
12-30 11:16:06.665   360   931 D EvsDriver: forwardFrame
12-30 11:16:06.665   360   931 D EvsDriver: forwardFrameDirect
12-30 11:16:06.665   360   931 D EvsDriver: Delivered 0xb400e2ca9e40d090 as id 1
12-30 11:16:06.665   359  2784 D evsmanagerd: /dev/video-evs0 forwarded the buffer #1 to 0xb400f125d2b26dd0 from 0xb400f125e2b20710
12-30 11:16:06.675   360   458 D EvsDriver: doneWithFrame
12-30 11:16:06.685   596  3076 E WifiHAL : Invalid data received from driver
12-30 11:16:06.685   596  3076 E WifiHAL : Invalid data received from driver
12-30 11:16:06.685   596  3076 E WifiHAL : Invalid data received from driver
12-30 11:16:06.685   596  3076 E WifiHAL : Invalid data received from driver
12-30 11:16:06.685   596  3076 E WifiHAL : Invalid data received from driver
12-30 11:16:06.685   596  3076 E WifiHAL : Invalid data received from driver
12-30 11:16:06.685   596  3076 E WifiHAL : Invalid data received from driver
12-30 11:16:06.686   650   729 D fgemcucomm: sd Uart data : 6AA602287C00029202C4
12-30 11:16:06.687   650   729 D fgemcucomm: rev uart=78492,len=35, data : 6AA681287C001B92020203000000000000000000000000000000000000000000000027
12-30 11:16:06.687   398   882 D adayocomadapter-ParseProtocolFunc: printRaWMsg Name[MCUToUPstream recv] len[27] data[920202030000000000000000000000000000000000000000000000]
12-30 11:16:06.687   398   882 D adayocomadapter-CommunicationManager: onUpstreamback   member[2] dataLength[24] timePoint[9502509]
12-30 11:16:06.687   398   882 D adayocomadapter-ParseProtocolFunc: printRaWMsg Name[onUpstreamback] len[24] data[030000000000000000000000000000000000000000000000]
12-30 11:16:06.687   398   464 D adayocomadapter-UpstreamHandler: processBeforePacket upSreamtProcessTimePoint[9502509] 
12-30 11:16:06.687   398   464 D adayocomadapter-ParseProtocolFunc: parseGeneralIPCLBytes Processing tablename[Table-3] tableSize[23]
12-30 11:16:06.688   398   464 D adayocomadapter-ParseProtocolFunc: printRaWMsg Name[byteStream recv] len[24] data[030000000000000000000000000000000000000000000000]
12-30 11:16:06.688   398   464 D adayocomadapter-ParseProtocolFunc: printRaWMsg Name[IPCLtoVHAL] len[28] data[2110208E010000000000000000000000000000000000000000000000]
12-30 11:16:06.688   398   464 D adayocomadapter-CommunicationManager: onUpstreamReceive mPropertyId 0x2110208e
12-30 11:16:06.688   398   464 D adayocomadapter-CommunicationManager: byteArrayToHexString  
12-30 11:16:06.688   398   464 I vw-vhal : notifyVehicleProperty, propId = 0x2110208e, data = {status: 2, stringValue: "
12-30 11:16:06.688   398   464 I vw-vhal : CanSignalsAdapter::notifyVehicleProperty: solvedValue = {.timestamp = 9502510236797, .areaId = 0, .prop = 554705038, .status = AVAILABLE, .value = {.int32Values = [0]{}, .floatValues = [0]{}, .int64Values = [0]{}, .bytes = [0]{}, .stringValue = ""}}
12-30 11:16:06.688   398   464 I VehiclePropertyStore: begin to write value to Store: {.timestamp = 9502510236797, .areaId = 0, .prop = 554705038, .status = AVAILABLE, .value = {.int32Values = [0]{}, .floatValues = [0]{}, .int64Values = [0]{}, .bytes = [0]{}, .stringValue = ""}}
12-30 11:16:06.688   398   464 I DefaultVehicleHal_v2_0: DefaultVehicleHal::onPropertyValue, value:{.timestamp = 9502510236797, .areaId = 0, .prop = 554705038, .status = AVAILABLE, .value = {.int32Values = [0]{}, .floatValues = [0]{}, .int64Values = [0]{}, .bytes = [0]{}, .stringValue = ""}}
12-30 11:16:06.688   398   464 D DiagPropHandler: is not DiagnosticConfig: 0x2110208e
12-30 11:16:06.688   398   464 I VehiclePropertyStore: begin to write value to Store: {.timestamp = 9502510236797, .areaId = 0, .prop = 554705038, .status = AVAILABLE, .value = {.int32Values = [0]{}, .floatValues = [0]{}, .int64Values = [0]{}, .bytes = [0]{}, .stringValue = ""}}
12-30 11:16:06.688   398   464 D adayocomadapter-CommunicationManager: onUpstreamReceive mPropertyId 0x2110208e
12-30 11:16:06.698   360   931 D EvsDriver: forwardFrame
12-30 11:16:06.698   360   931 D EvsDriver: forwardFrameDirect
12-30 11:16:06.699   360   931 D EvsDriver: Delivered 0xb400e2ca9e40e110 as id 0
12-30 11:16:06.699   359  2784 D evsmanagerd: /dev/video-evs0 forwarded the buffer #0 to 0xb400f125d2b26dd0 from 0xb400f125e2b20710
12-30 11:16:06.702  2358  2623 D RcfController: Rcf proxy is not connected!
12-30 11:16:06.705   360   458 D EvsDriver: doneWithFrame
12-30 11:16:06.716   815   834 E logcollector: usage = 0.085
12-30 11:16:06.716   815   834 E logcollector: scanFolder start
12-30 11:16:06.722   815   834 E logcollector: scanFolder end
12-30 11:16:06.722   815   834 E logcollector: sortFileList start
12-30 11:16:06.727   815   834 E logcollector: sortFileList end
12-30 11:16:06.727   815   834 D logcollector: [logcollector::removeFile]  Debug: remove  = /data/sdrv_logs/4/system_20251230_091332_33.zip
12-30 11:16:06.731   360   931 D EvsDriver: forwardFrame
12-30 11:16:06.732   360   931 D EvsDriver: forwardFrameDirect
12-30 11:16:06.732   360   931 D EvsDriver: Delivered 0xb400e2ca9e40c7a0 as id 1
12-30 11:16:06.732   359  2784 D evsmanagerd: /dev/video-evs0 forwarded the buffer #1 to 0xb400f125d2b26dd0 from 0xb400f125e2b20710
12-30 11:16:06.735   360   458 D EvsDriver: doneWithFrame
12-30 11:16:06.752  2358  2623 D RcfController: Rcf proxy is not connected!
12-30 11:16:06.755   596  3076 E WifiHAL : Invalid data received from driver
12-30 11:16:06.765   360   931 D EvsDriver: forwardFrame
12-30 11:16:06.765   360   931 D EvsDriver: forwardFrameDirect
12-30 11:16:06.765   360   931 D EvsDriver: Delivered 0xb400e2ca9e40e270 as id 0
12-30 11:16:06.765   359  2784 D evsmanagerd: /dev/video-evs0 forwarded the buffer #0 to 0xb400f125d2b26dd0 from 0xb400f125e2b20710
12-30 11:16:06.769  1667  2513 W ContextImpl: Calling a method in the system process without a qualified user: android.app.ContextImpl.bindService:1988 android.content.ContextWrapper.bindService:861 com.ford.sync.fnvservice.analytics.AnalyticsManager$RetryHandler.a:126 com.ford.sync.fnvservice.analytics.AnalyticsManager$RetryHandler.handleMessage:103 android.os.Handler.dispatchMessage:106 
12-30 11:16:06.770   916  1847 W ActivityManager: Unable to start service Intent { cmp=com.ford.sync.fnvservice/.analytics.AnalyticsService } U=0: not found
12-30 11:16:06.770  1667  2513 W AnalyticsManager:  bind ford Analytics failed -> sendRetryMessage 
12-30 11:16:06.776   360   458 D EvsDriver: doneWithFrame
12-30 11:16:06.798   360   931 D EvsDriver: forwardFrame
12-30 11:16:06.798   360   931 D EvsDriver: forwardFrameDirect
12-30 11:16:06.799   360   931 D EvsDriver: Delivered 0xb400e2ca9e40d4b0 as id 1
12-30 11:16:06.799   359  2784 D evsmanagerd: /dev/video-evs0 forwarded the buffer #1 to 0xb400f125d2b26dd0 from 0xb400f125e2b20710
12-30 11:16:06.802  2358  2623 D RcfController: Rcf proxy is not connected!
12-30 11:16:06.806   360   458 D EvsDriver: doneWithFrame
12-30 11:16:06.831   360   931 D EvsDriver: forwardFrame
12-30 11:16:06.832   360   931 D EvsDriver: forwardFrameDirect
12-30 11:16:06.832   360   931 D EvsDriver: Delivered 0xb400e2ca9e40c2d0 as id 0
12-30 11:16:06.832   359  2784 D evsmanagerd: /dev/video-evs0 forwarded the buffer #0 to 0xb400f125d2b26dd0 from 0xb400f125e2b20710
12-30 11:16:06.835   596  3076 E WifiHAL : Invalid data received from driver
12-30 11:16:06.836   360   458 D EvsDriver: doneWithFrame
12-30 11:16:06.853  2358  2623 D RcfController: Rcf proxy is not connected!
12-30 11:16:06.865   360   931 D EvsDriver: forwardFrame
12-30 11:16:06.865   360   931 D EvsDriver: forwardFrameDirect
12-30 11:16:06.865   360   931 D EvsDriver: Delivered 0xb400e2ca9e40d090 as id 1
12-30 11:16:06.865   359  2784 D evsmanagerd: /dev/video-evs0 forwarded the buffer #1 to 0xb400f125d2b26dd0 from 0xb400f125e2b20710
12-30 11:16:06.867   360   458 D EvsDriver: doneWithFrame
12-30 11:16:06.898   360   931 D EvsDriver: forwardFrame
12-30 11:16:06.898   360   931 D EvsDriver: forwardFrameDirect
12-30 11:16:06.899   360   931 D EvsDriver: Delivered 0xb400e2ca9e40e110 as id 0
12-30 11:16:06.899   359  2784 D evsmanagerd: /dev/video-evs0 forwarded the buffer #0 to 0xb400f125d2b26dd0 from 0xb400f125e2b20710
12-30 11:16:06.903  2358  2623 D RcfController: Rcf proxy is not connected!
12-30 11:16:06.907   360   458 D EvsDriver: doneWithFrame
12-30 11:16:06.931   360   931 D EvsDriver: forwardFrame
12-30 11:16:06.932   360   931 D EvsDriver: forwardFrameDirect
12-30 11:16:06.932   360   931 D EvsDriver: Delivered 0xb400e2ca9e40c7a0 as id 1
12-30 11:16:06.932   359  2784 D evsmanagerd: /dev/video-evs0 forwarded the buffer #1 to 0xb400f125d2b26dd0 from 0xb400f125e2b20710
12-30 11:16:06.933   798 14539 W adbd    : timed out while waiting for FUNCTIONFS_BIND, trying again
12-30 11:16:06.934   798 14539 I adbd    : UsbFfs: connection terminated: monitor thread finished
12-30 11:16:06.934   798   798 I adbd    : UsbFfs: already offline
12-30 11:16:06.934   798   798 I adbd    : destroying transport UsbFfs
12-30 11:16:06.934   798   798 I adbd    : UsbFfsConnection being destroyed
12-30 11:16:06.938   596  3076 E WifiHAL : Invalid data received from driver
12-30 11:16:06.938   596  3076 E WifiHAL : Invalid data received from driver
12-30 11:16:06.938   596  3076 E WifiHAL : Invalid data received from driver
12-30 11:16:06.938   596  3076 E WifiHAL : Invalid data received from driver
12-30 11:16:06.938   360   458 D EvsDriver: doneWithFrame
12-30 11:16:06.938   596  3076 E WifiHAL : Invalid data received from driver
12-30 11:16:06.938   596  3076 E WifiHAL : Invalid data received from driver
12-30 11:16:06.939   596  3076 E WifiHAL : Invalid data received from driver
12-30 11:16:06.953  2358  2623 D RcfController: Rcf proxy is not connected!
12-30 11:16:06.962   596  3076 E WifiHAL : Invalid data received from driver
12-30 11:16:06.965   360   931 D EvsDriver: forwardFrame
12-30 11:16:06.965   360   931 D EvsDriver: forwardFrameDirect
12-30 11:16:06.965   360   931 D EvsDriver: Delivered 0xb400e2ca9e40e270 as id 0
12-30 11:16:06.965   359  2784 D evsmanagerd: /dev/video-evs0 forwarded the buffer #0 to 0xb400f125d2b26dd0 from 0xb400f125e2b20710
12-30 11:16:06.968   360   458 D EvsDriver: doneWithFrame
12-30 11:16:06.986   798   838 I adbd    : opening control endpoint /dev/usb-ffs/adb/ep0
12-30 11:16:06.987   798   838 I adbd    : UsbFfsConnection constructed
12-30 11:16:06.988   798 14540 I adbd    : UsbFfs-monitor thread spawned
01-01 10:38:23.996   838   838 I         : read descriptors
12-30 11:16:06.998   360   931 D EvsDriver: forwardFrame
12-30 11:16:06.998   360   931 D EvsDriver: forwardFrameDirect
12-30 11:16:06.999   360   931 D EvsDriver: Delivered 0xb400e2ca9e40d4b0 as id 1
12-30 11:16:06.999   359  2784 D evsmanagerd: /dev/video-evs0 forwarded the buffer #1 to 0xb400f125d2b26dd0 from 0xb400f125e2b20710
12-30 11:16:07.003  2358  2623 D RcfController: Rcf proxy is not connected!
12-30 11:16:07.009   360   458 D EvsDriver: doneWithFrame
12-30 11:16:07.024  1582  3078 I c       : checkService in back thread add: adayo.upgrade.v2.0
12-30 11:16:07.025  1582  3078 E upgradeApp_251223_V1  l: d(null:11)pre->c(null:23)-> serviceBinder is null
12-30 11:16:07.025  1582  3078 W c       : doBindService in back thread fail: adayo.upgrade.v2.0
12-30 11:16:07.031   360   931 D EvsDriver: forwardFrame
12-30 11:16:07.032   360   931 D EvsDriver: forwardFrameDirect
12-30 11:16:07.032   360   931 D EvsDriver: Delivered 0xb400e2ca9e40c2d0 as id 0
12-30 11:16:07.032   359  2784 D evsmanagerd: /dev/video-evs0 forwarded the buffer #0 to 0xb400f125d2b26dd0 from 0xb400f125e2b20710
12-30 11:16:07.039   360   458 D EvsDriver: doneWithFrame
12-30 11:16:07.054  2358  2623 D RcfController: Rcf proxy is not connected!
12-30 11:16:07.065   360   931 D EvsDriver: forwardFrame
12-30 11:16:07.065   360   931 D EvsDriver: forwardFrameDirect
12-30 11:16:07.065   360   931 D EvsDriver: Delivered 0xb400e2ca9e40d090 as id 1
12-30 11:16:07.065   359  2784 D evsmanagerd: /dev/video-evs0 forwarded the buffer #1 to 0xb400f125d2b26dd0 from 0xb400f125e2b20710
12-30 11:16:07.069   360   458 D EvsDriver: doneWithFrame
12-30 11:16:07.077   596  3076 E WifiHAL : Invalid data received from driver
12-30 11:16:07.098   360   931 D EvsDriver: forwardFrame
12-30 11:16:07.098   360   931 D EvsDriver: forwardFrameDirect
12-30 11:16:07.099   360   931 D EvsDriver: Delivered 0xb400e2ca9e40e110 as id 0
12-30 11:16:07.099   359  2784 D evsmanagerd: /dev/video-evs0 forwarded the buffer #0 to 0xb400f125d2b26dd0 from 0xb400f125e2b20710
12-30 11:16:07.100   360   458 D EvsDriver: doneWithFrame
12-30 11:16:07.104  2358  2623 D RcfController: Rcf proxy is not connected!
12-30 11:16:07.131   360   931 D EvsDriver: forwardFrame
12-30 11:16:07.132   360   931 D EvsDriver: forwardFrameDirect
12-30 11:16:07.132   360   931 D EvsDriver: Delivered 0xb400e2ca9e40c7a0 as id 1
12-30 11:16:07.132   359  2784 D evsmanagerd: /dev/video-evs0 forwarded the buffer #1 to 0xb400f125d2b26dd0 from 0xb400f125e2b20710
12-30 11:16:07.140   360   458 D EvsDriver: doneWithFrame
12-30 11:16:07.154  2358  2623 D RcfController: Rcf proxy is not connected!
12-30 11:16:07.164   596  3076 E WifiHAL : Invalid data received from driver
12-30 11:16:07.165   360   931 D EvsDriver: forwardFrame
12-30 11:16:07.165   360   931 D EvsDriver: forwardFrameDirect
12-30 11:16:07.165   360   931 D EvsDriver: Delivered 0xb400e2ca9e40e270 as id 0
12-30 11:16:07.165   359  2784 D evsmanagerd: /dev/video-evs0 forwarded the buffer #0 to 0xb400f125d2b26dd0 from 0xb400f125e2b20710
12-30 11:16:07.166   596  3076 E WifiHAL : Invalid data received from driver
12-30 11:16:07.167   650   729 D fgemcucomm: sd Uart data : 6AA602287D00029202C3
12-30 11:16:07.167   650   729 D fgemcucomm: rev uart=78493,len=20, data : 6AA681287D000C92020008000000000000000032
12-30 11:16:07.167   650   729 D fgemcucomm: sd Uart data : 6AA602287E00029202C2
12-30 11:16:07.167   596  3076 E WifiHAL : Invalid data received from driver
12-30 11:16:07.167   398   882 D adayocomadapter-ParseProtocolFunc: printRaWMsg Name[MCUToUPstream recv] len[12] data[920200080000000000000000]
12-30 11:16:07.167   398   882 D adayocomadapter-CommunicationManager: onUpstreamback   member[0] dataLength[9] timePoint[9502989]
12-30 11:16:07.167   650   729 D fgemcucomm: rev uart=78494,len=17, data : 6AA681287E00099202000A000000000032
12-30 11:16:07.167   398   882 D adayocomadapter-ParseProtocolFunc: printRaWMsg Name[onUpstreamback] len[9] data[080000000000000000]
12-30 11:16:07.168   398   464 D adayocomadapter-UpstreamHandler: processBeforePacket upSreamtProcessTimePoint[9502989] 
12-30 11:16:07.168   398   882 D adayocomadapter-ParseProtocolFunc: printRaWMsg Name[MCUToUPstream recv] len[9] data[9202000A0000000000]
12-30 11:16:07.168   398   464 D adayocomadapter-UpstreamHandler: processPacket UPSTREAM_QUEUE_DATA_TIMEOUT
12-30 11:16:07.168   398   882 D adayocomadapter-CommunicationManager: onUpstreamback   member[0] dataLength[6] timePoint[9502989]
12-30 11:16:07.168   398   464 D adayocomadapter-ParseProtocolFunc: parseCommonIPCLBytes Processing tableNumber[8]
12-30 11:16:07.168   398   882 D adayocomadapter-ParseProtocolFunc: printRaWMsg Name[onUpstreamback] len[6] data[0A0000000000]
12-30 11:16:07.168   398   464 D adayocomadapter-ParseProtocolFunc: parseCommonIPCLBytes Processing tablename[Table-8] tableSize[9]
12-30 11:16:07.168   398   464 D adayocomadapter-ParseProtocolFunc: printRaWMsg Name[byteStream recv] len[9] data[080000000000000000]
12-30 11:16:07.168   398   464 D adayocomadapter-ParseProtocolFunc: printRaWMsg Name[IPCLtoVHAL] len[7] data[2141208F010000]
12-30 11:16:07.168   596  3076 E WifiHAL : Invalid data received from driver
12-30 11:16:07.168   398   464 D adayocomadapter-ParseProtocolFunc: printRaWMsg Name[IPCLtoVHAL] len[7] data[21412090010000]
12-30 11:16:07.168   398   464 D adayocomadapter-ParseProtocolFunc: printRaWMsg Name[IPCLtoVHAL] len[7] data[21412091010000]
12-30 11:16:07.168   398   464 D adayocomadapter-ParseProtocolFunc: printRaWMsg Name[IPCLtoVHAL] len[7] data[21412092010000]
12-30 11:16:07.168   398   464 D adayocomadapter-CommunicationManager: onUpstreamReceive mPropertyId 0x2141208f
12-30 11:16:07.168   398   464 I vw-vhal : notifyVehicleProperty, propId = 0x2141208f, data = {status: 2, int32Values: [0, 0]}
12-30 11:16:07.168   398   464 I vw-vhal : CanSignalsAdapter::notifyVehicleProperty: solvedValue = {.timestamp = 9502990584130, .areaId = 0, .prop = 557916303, .status = AVAILABLE, .value = {.int32Values = [2]{0, 0}, .floatValues = [0]{}, .int64Values = [0]{}, .bytes = [0]{}, .stringValue = ""}}
12-30 11:16:07.168   398   464 I VehiclePropertyStore: begin to write value to Store: {.timestamp = 9502990584130, .areaId = 0, .prop = 557916303, .status = AVAILABLE, .value = {.int32Values = [2]{0, 0}, .floatValues = [0]{}, .int64Values = [0]{}, .bytes = [0]{}, .stringValue = ""}}
12-30 11:16:07.168   398   464 I DefaultVehicleHal_v2_0: DefaultVehicleHal::onPropertyValue, value:{.timestamp = 9502990584130, .areaId = 0, .prop = 557916303, .status = AVAILABLE, .value = {.int32Values = [2]{0, 0}, .floatValues = [0]{}, .int64Values = [0]{}, .bytes = [0]{}, .stringValue = ""}}
12-30 11:16:07.169   398   464 D DiagPropHandler: is not DiagnosticConfig: 0x2141208f
12-30 11:16:07.169   398   464 I VehiclePropertyStore: begin to write value to Store: {.timestamp = 9502990584130, .areaId = 0, .prop = 557916303, .status = AVAILABLE, .value = {.int32Values = [2]{0, 0}, .floatValues = [0]{}, .int64Values = [0]{}, .bytes = [0]{}, .stringValue = ""}}
12-30 11:16:07.169   398   464 D adayocomadapter-CommunicationManager: onUpstreamReceive mPropertyId 0x2141208f
12-30 11:16:07.169   398   464 D adayocomadapter-CommunicationManager: onUpstreamReceive mPropertyId 0x21412090
12-30 11:16:07.169   398   464 I vw-vhal : notifyVehicleProperty, propId = 0x21412090, data = {status: 2, int32Values: [0, 0]}
12-30 11:16:07.169   398   464 I vw-vhal : CanSignalsAdapter::notifyVehicleProperty: solvedValue = {.timestamp = 9502991257464, .areaId = 0, .prop = 557916304, .status = AVAILABLE, .value = {.int32Values = [2]{0, 0}, .floatValues = [0]{}, .int64Values = [0]{}, .bytes = [0]{}, .stringValue = ""}}
12-30 11:16:07.169   596  3076 E WifiHAL : Invalid data received from driver
12-30 11:16:07.169   398   464 I VehiclePropertyStore: begin to write value to Store: {.timestamp = 9502991257464, .areaId = 0, .prop = 557916304, .status = AVAILABLE, .value = {.int32Values = [2]{0, 0}, .floatValues = [0]{}, .int64Values = [0]{}, .bytes = [0]{}, .stringValue = ""}}
12-30 11:16:07.169   398   464 I DefaultVehicleHal_v2_0: DefaultVehicleHal::onPropertyValue, value:{.timestamp = 9502991257464, .areaId = 0, .prop = 557916304, .status = AVAILABLE, .value = {.int32Values = [2]{0, 0}, .floatValues = [0]{}, .int64Values = [0]{}, .bytes = [0]{}, .stringValue = ""}}
12-30 11:16:07.169   398   464 D DiagPropHandler: is not DiagnosticConfig: 0x21412090
12-30 11:16:07.169   596  3076 E WifiHAL : Invalid data received from driver
12-30 11:16:07.169   398   464 I VehiclePropertyStore: begin to write value to Store: {.timestamp = 9502991257464, .areaId = 0, .prop = 557916304, .status = AVAILABLE, .value = {.int32Values = [2]{0, 0}, .floatValues = [0]{}, .int64Values = [0]{}, .bytes = [0]{}, .stringValue = ""}}
12-30 11:16:07.169   398   464 D adayocomadapter-CommunicationManager: onUpstreamReceive mPropertyId 0x21412090
12-30 11:16:07.169   596  3076 E WifiHAL : Invalid data received from driver
12-30 11:16:07.169   398   464 D adayocomadapter-CommunicationManager: onUpstreamReceive mPropertyId 0x21412091
12-30 11:16:07.170   596  3076 E WifiHAL : Invalid data received from driver
12-30 11:16:07.170   398   464 I vw-vhal : notifyVehicleProperty, propId = 0x21412091, data = {status: 2, int32Values: [0, 0]}
12-30 11:16:07.170   596  3076 E WifiHAL : Invalid data received from driver
12-30 11:16:07.170   398   464 I vw-vhal : CanSignalsAdapter::notifyVehicleProperty: solvedValue = {.timestamp = 9502991936130, .areaId = 0, .prop = 557916305, .status = AVAILABLE, .value = {.int32Values = [2]{0, 0}, .floatValues = [0]{}, .int64Values = [0]{}, .bytes = [0]{}, .stringValue = ""}}
12-30 11:16:07.170   596  3076 E WifiHAL : Invalid data received from driver
12-30 11:16:07.170   398   464 I VehiclePropertyStore: begin to write value to Store: {.timestamp = 9502991936130, .areaId = 0, .prop = 557916305, .status = AVAILABLE, .value = {.int32Values = [2]{0, 0}, .floatValues = [0]{}, .int64Values = [0]{}, .bytes = [0]{}, .stringValue = ""}}
12-30 11:16:07.170   596  3076 E WifiHAL : Invalid data received from driver
12-30 11:16:07.170   398   464 I DefaultVehicleHal_v2_0: DefaultVehicleHal::onPropertyValue, value:{.timestamp = 9502991936130, .areaId = 0, .prop = 557916305, .status = AVAILABLE, .value = {.int32Values = [2]{0, 0}, .floatValues = [0]{}, .int64Values = [0]{}, .bytes = [0]{}, .stringValue = ""}}
12-30 11:16:07.170   398   464 D DiagPropHandler: is not DiagnosticConfig: 0x21412091
12-30 11:16:07.170   398   464 I VehiclePropertyStore: begin to write value to Store: {.timestamp = 9502991936130, .areaId = 0, .prop = 557916305, .status = AVAILABLE, .value = {.int32Values = [2]{0, 0}, .floatValues = [0]{}, .int64Values = [0]{}, .bytes = [0]{}, .stringValue = ""}}
12-30 11:16:07.170   398   464 D adayocomadapter-CommunicationManager: onUpstreamReceive mPropertyId 0x21412091
12-30 11:16:07.170   398   464 D adayocomadapter-CommunicationManager: onUpstreamReceive mPropertyId 0x21412092
12-30 11:16:07.170   398   464 I vw-vhal : notifyVehicleProperty, propId = 0x21412092, data = {status: 2, int32Values: [0, 0]}
12-30 11:16:07.170   398   464 I vw-vhal : CanSignalsAdapter::notifyVehicleProperty: solvedValue = {.timestamp = 9502992619130, .areaId = 0, .prop = 557916306, .status = AVAILABLE, .value = {.int32Values = [2]{0, 0}, .floatValues = [0]{}, .int64Values = [0]{}, .bytes = [0]{}, .stringValue = ""}}
12-30 11:16:07.170   398   464 I VehiclePropertyStore: begin to write value to Store: {.timestamp = 9502992619130, .areaId = 0, .prop = 557916306, .status = AVAILABLE, .value = {.int32Values = [2]{0, 0}, .floatValues = [0]{}, .int64Values = [0]{}, .bytes = [0]{}, .stringValue = ""}}
12-30 11:16:07.170   398   464 I DefaultVehicleHal_v2_0: DefaultVehicleHal::onPropertyValue, value:{.timestamp = 9502992619130, .areaId = 0, .prop = 557916306, .status = AVAILABLE, .value = {.int32Values = [2]{0, 0}, .floatValues = [0]{}, .int64Values = [0]{}, .bytes = [0]{}, .stringValue = ""}}
12-30 11:16:07.171   398   464 D DiagPropHandler: is not DiagnosticConfig: 0x21412092
12-30 11:16:07.171   360   458 D EvsDriver: doneWithFrame
12-30 11:16:07.171   398   464 I VehiclePropertyStore: begin to write value to Store: {.timestamp = 9502992619130, .areaId = 0, .prop = 557916306, .status = AVAILABLE, .value = {.int32Values = [2]{0, 0}, .floatValues = [0]{}, .int64Values = [0]{}, .bytes = [0]{}, .stringValue = ""}}
12-30 11:16:07.171   398   464 D adayocomadapter-CommunicationManager: onUpstreamReceive mPropertyId 0x21412092
12-30 11:16:07.171   398   464 D adayocomadapter-UpstreamHandler: processBeforePacket upSreamtProcessTimePoint[9502993] 
12-30 11:16:07.171   398   464 D adayocomadapter-UpstreamHandler: processPacket UPSTREAM_QUEUE_DATA_TIMEOUT
12-30 11:16:07.171   398   464 D adayocomadapter-ParseProtocolFunc: parseCommonIPCLBytes Processing tableNumber[10]
12-30 11:16:07.171   398   464 D adayocomadapter-ParseProtocolFunc: parseCommonIPCLBytes Processing tablename[Table-10] tableSize[6]
12-30 11:16:07.171   398   464 D adayocomadapter-ParseProtocolFunc: printRaWMsg Name[byteStream recv] len[6] data[0A0000000000]
12-30 11:16:07.171   398   464 D adayocomadapter-ParseProtocolFunc: printRaWMsg Name[IPCLtoVHAL] len[9] data[2140201C0000000000]
12-30 11:16:07.171   398   464 D adayocomadapter-ParseProtocolFunc: printRaWMsg Name[IPCLtoVHAL] len[6] data[214022320000]
12-30 11:16:07.171   398   464 D adayocomadapter-CommunicationManager: onUpstreamReceive mPropertyId 0x2140201c
12-30 11:16:07.171   398   464 D adayocomadapter-CommunicationManager: convertBytesToInt32Memcpy  0
12-30 11:16:07.171   398   464 I vw-vhal : notifyVehicleProperty, propId = 0x2140201c, data = {status: 2, int32Values: [0]}
12-30 11:16:07.171   398   464 I vw-vhal : CanSignalsAdapter::notifyVehicleProperty: solvedValue = {.timestamp = 9502993668797, .areaId = 0, .prop = 557850652, .status = AVAILABLE, .value = {.int32Values = [1]{0}, .floatValues = [0]{}, .int64Values = [0]{}, .bytes = [0]{}, .stringValue = ""}}
12-30 11:16:07.171   398   464 I VehiclePropertyStore: begin to write value to Store: {.timestamp = 9502993668797, .areaId = 0, .prop = 557850652, .status = AVAILABLE, .value = {.int32Values = [1]{0}, .floatValues = [0]{}, .int64Values = [0]{}, .bytes = [0]{}, .stringValue = ""}}
12-30 11:16:07.172   398   464 I DefaultVehicleHal_v2_0: DefaultVehicleHal::onPropertyValue, value:{.timestamp = 9502993668797, .areaId = 0, .prop = 557850652, .status = AVAILABLE, .value = {.int32Values = [1]{0}, .floatValues = [0]{}, .int64Values = [0]{}, .bytes = [0]{}, .stringValue = ""}}
12-30 11:16:07.172   398   464 D DiagPropHandler: is not DiagnosticConfig: 0x2140201c
12-30 11:16:07.172   398   464 I VehiclePropertyStore: begin to write value to Store: {.timestamp = 9502993668797, .areaId = 0, .prop = 557850652, .status = AVAILABLE, .value = {.int32Values = [1]{0}, .floatValues = [0]{}, .int64Values = [0]{}, .bytes = [0]{}, .stringValue = ""}}
12-30 11:16:07.172   398   464 D adayocomadapter-CommunicationManager: onUpstreamReceive mPropertyId 0x2140201c
12-30 11:16:07.172   398   464 D adayocomadapter-CommunicationManager: onUpstreamReceive mPropertyId 0x21402232
12-30 11:16:07.172   398   464 D adayocomadapter-CommunicationManager: convertBytesToInt32Memcpy  0
12-30 11:16:07.172   398   464 I vw-vhal : notifyVehicleProperty, propId = 0x21402232, data = {status: 2, int32Values: [0]}
12-30 11:16:07.172   398   464 I vw-vhal : CanSignalsAdapter::notifyVehicleProperty: solvedValue = {.timestamp = 9502994317130, .areaId = 0, .prop = 557851186, .status = AVAILABLE, .value = {.int32Values = [1]{0}, .floatValues = [0]{}, .int64Values = [0]{}, .bytes = [0]{}, .stringValue = ""}}
12-30 11:16:07.172   398   464 I VehiclePropertyStore: begin to write value to Store: {.timestamp = 9502994317130, .areaId = 0, .prop = 557851186, .status = AVAILABLE, .value = {.int32Values = [1]{0}, .floatValues = [0]{}, .int64Values = [0]{}, .bytes = [0]{}, .stringValue = ""}}
12-30 11:16:07.172   398   464 I DefaultVehicleHal_v2_0: DefaultVehicleHal::onPropertyValue, value:{.timestamp = 9502994317130, .areaId = 0, .prop = 557851186, .status = AVAILABLE, .value = {.int32Values = [1]{0}, .floatValues = [0]{}, .int64Values = [0]{}, .bytes = [0]{}, .stringValue = ""}}
12-30 11:16:07.172   398   464 D DiagPropHandler: is not DiagnosticConfig: 0x21402232
12-30 11:16:07.172   398   464 I VehiclePropertyStore: begin to write value to Store: {.timestamp = 9502994317130, .areaId = 0, .prop = 557851186, .status = AVAILABLE, .value = {.int32Values = [1]{0}, .floatValues = [0]{}, .int64Values = [0]{}, .bytes = [0]{}, .stringValue = ""}}
12-30 11:16:07.172   398   464 D adayocomadapter-CommunicationManager: onUpstreamReceive mPropertyId 0x21402232
12-30 11:16:07.198   360   931 D EvsDriver: forwardFrame
12-30 11:16:07.198   360   931 D EvsDriver: forwardFrameDirect
12-30 11:16:07.199   360   931 D EvsDriver: Delivered 0xb400e2ca9e40d4b0 as id 1
12-30 11:16:07.199   359  2784 D evsmanagerd: /dev/video-evs0 forwarded the buffer #1 to 0xb400f125d2b26dd0 from 0xb400f125e2b20710
12-30 11:16:07.201   360   458 D EvsDriver: doneWithFrame
12-30 11:16:07.203   596  3076 E WifiHAL : Invalid data received from driver
12-30 11:16:07.205  2358  2623 D RcfController: Rcf proxy is not connected!
12-30 11:16:07.205   650   729 D fgemcucomm: sd Uart data : 6AA602287F00029202C1
12-30 11:16:07.205   650   729 D fgemcucomm: rev uart=78495,len=20, data : 6AA681287F000C92020005000000000000000033
12-30 11:16:07.206   398   882 D adayocomadapter-ParseProtocolFunc: printRaWMsg Name[MCUToUPstream recv] len[12] data[920200050000000000000000]
12-30 11:16:07.206   398   882 D adayocomadapter-CommunicationManager: onUpstreamback   member[0] dataLength[9] timePoint[9503028]
12-30 11:16:07.206   398   882 D adayocomadapter-ParseProtocolFunc: printRaWMsg Name[onUpstreamback] len[9] data[050000000000000000]
12-30 11:16:07.206   398   464 D adayocomadapter-UpstreamHandler: processBeforePacket upSreamtProcessTimePoint[9503028] 
12-30 11:16:07.206   398   464 D adayocomadapter-UpstreamHandler: processPacket UPSTREAM_QUEUE_DATA_TIMEOUT
12-30 11:16:07.206   398   464 D adayocomadapter-ParseProtocolFunc: parseCommonIPCLBytes Processing tableNumber[5]
12-30 11:16:07.206   398   464 D adayocomadapter-ParseProtocolFunc: parseCommonIPCLBytes Processing tablename[Table-5] tableSize[9]
12-30 11:16:07.206   398   464 D adayocomadapter-ParseProtocolFunc: printRaWMsg Name[byteStream recv] len[9] data[050000000000000000]
12-30 11:16:07.206   398   464 D adayocomadapter-ParseProtocolFunc: printRaWMsg Name[IPCLtoVHAL] len[7] data[21402134000000]
12-30 11:16:07.206   398   464 D adayocomadapter-ParseProtocolFunc: printRaWMsg Name[IPCLtoVHAL] len[7] data[21402135000000]
12-30 11:16:07.206   398   464 D adayocomadapter-ParseProtocolFunc: printRaWMsg Name[IPCLtoVHAL] len[7] data[21402136000000]
12-30 11:16:07.206   398   464 D adayocomadapter-ParseProtocolFunc: printRaWMsg Name[IPCLtoVHAL] len[7] data[21402137000000]
12-30 11:16:07.207   398   464 D adayocomadapter-CommunicationManager: onUpstreamReceive mPropertyId 0x21402134
12-30 11:16:07.207   398   464 D adayocomadapter-CommunicationManager: convertBytesToInt32Memcpy  0
12-30 11:16:07.207   398   464 I vw-vhal : notifyVehicleProperty, propId = 0x21402134, data = {status: 2, int32Values: [0]}
12-30 11:16:07.207   398   464 I vw-vhal : CanSignalsAdapter::notifyVehicleProperty: solvedValue = {.timestamp = 9503029133130, .areaId = 0, .prop = 557850932, .status = AVAILABLE, .value = {.int32Values = [1]{0}, .floatValues = [0]{}, .int64Values = [0]{}, .bytes = [0]{}, .stringValue = ""}}
12-30 11:16:07.207   398   464 I VehiclePropertyStore: begin to write value to Store: {.timestamp = 9503029133130, .areaId = 0, .prop = 557850932, .status = AVAILABLE, .value = {.int32Values = [1]{0}, .floatValues = [0]{}, .int64Values = [0]{}, .bytes = [0]{}, .stringValue = ""}}
12-30 11:16:07.207   398   464 I DefaultVehicleHal_v2_0: DefaultVehicleHal::onPropertyValue, value:{.timestamp = 9503029133130, .areaId = 0, .prop = 557850932, .status = AVAILABLE, .value = {.int32Values = [1]{0}, .floatValues = [0]{}, .int64Values = [0]{}, .bytes = [0]{}, .stringValue = ""}}
12-30 11:16:07.207   398   464 D DiagPropHandler: is not DiagnosticConfig: 0x21402134
12-30 11:16:07.207   398   464 I VehiclePropertyStore: begin to write value to Store: {.timestamp = 9503029133130, .areaId = 0, .prop = 557850932, .status = AVAILABLE, .value = {.int32Values = [1]{0}, .floatValues = [0]{}, .int64Values = [0]{}, .bytes = [0]{}, .stringValue = ""}}
12-30 11:16:07.207   398   464 D adayocomadapter-CommunicationManager: onUpstreamReceive mPropertyId 0x21402134
12-30 11:16:07.207   398   464 D adayocomadapter-CommunicationManager: onUpstreamReceive mPropertyId 0x21402135
12-30 11:16:07.207   398   464 D adayocomadapter-CommunicationManager: convertBytesToInt32Memcpy  0
12-30 11:16:07.207   398   464 I vw-vhal : notifyVehicleProperty, propId = 0x21402135, data = {status: 2, int32Values: [0]}
12-30 11:16:07.208   398   464 I vw-vhal : CanSignalsAdapter::notifyVehicleProperty: solvedValue = {.timestamp = 9503029811130, .areaId = 0, .prop = 557850933, .status = AVAILABLE, .value = {.int32Values = [1]{0}, .floatValues = [0]{}, .int64Values = [0]{}, .bytes = [0]{}, .stringValue = ""}}
12-30 11:16:07.208   398   464 I VehiclePropertyStore: begin to write value to Store: {.timestamp = 9503029811130, .areaId = 0, .prop = 557850933, .status = AVAILABLE, .value = {.int32Values = [1]{0}, .floatValues = [0]{}, .int64Values = [0]{}, .bytes = [0]{}, .stringValue = ""}}
12-30 11:16:07.208   398   464 I DefaultVehicleHal_v2_0: DefaultVehicleHal::onPropertyValue, value:{.timestamp = 9503029811130, .areaId = 0, .prop = 557850933, .status = AVAILABLE, .value = {.int32Values = [1]{0}, .floatValues = [0]{}, .int64Values = [0]{}, .bytes = [0]{}, .stringValue = ""}}
12-30 11:16:07.208   398   464 D DiagPropHandler: is not DiagnosticConfig: 0x21402135
12-30 11:16:07.208   398   464 I VehiclePropertyStore: begin to write value to Store: {.timestamp = 9503029811130, .areaId = 0, .prop = 557850933, .status = AVAILABLE, .value = {.int32Values = [1]{0}, .floatValues = [0]{}, .int64Values = [0]{}, .bytes = [0]{}, .stringValue = ""}}
12-30 11:16:07.208   398   464 D adayocomadapter-CommunicationManager: onUpstreamReceive mPropertyId 0x21402135
12-30 11:16:07.208   398   464 D adayocomadapter-CommunicationManager: onUpstreamReceive mPropertyId 0x21402136
12-30 11:16:07.208   398   464 D adayocomadapter-CommunicationManager: convertBytesToInt32Memcpy  0
12-30 11:16:07.208   398   464 I vw-vhal : notifyVehicleProperty, propId = 0x21402136, data = {status: 2, int32Values: [0]}
12-30 11:16:07.208   398   464 I vw-vhal : CanSignalsAdapter::notifyVehicleProperty: solvedValue = {.timestamp = 9503030463464, .areaId = 0, .prop = 557850934, .status = AVAILABLE, .value = {.int32Values = [1]{0}, .floatValues = [0]{}, .int64Values = [0]{}, .bytes = [0]{}, .stringValue = ""}}
12-30 11:16:07.208   398   464 I VehiclePropertyStore: begin to write value to Store: {.timestamp = 9503030463464, .areaId = 0, .prop = 557850934, .status = AVAILABLE, .value = {.int32Values = [1]{0}, .floatValues = [0]{}, .int64Values = [0]{}, .bytes = [0]{}, .stringValue = ""}}
12-30 11:16:07.208   398   464 I DefaultVehicleHal_v2_0: DefaultVehicleHal::onPropertyValue, value:{.timestamp = 9503030463464, .areaId = 0, .prop = 557850934, .status = AVAILABLE, .value = {.int32Values = [1]{0}, .floatValues = [0]{}, .int64Values = [0]{}, .bytes = [0]{}, .stringValue = ""}}
12-30 11:16:07.208   398   464 D DiagPropHandler: is not DiagnosticConfig: 0x21402136
12-30 11:16:07.209   398   464 I VehiclePropertyStore: begin to write value to Store: {.timestamp = 9503030463464, .areaId = 0, .prop = 557850934, .status = AVAILABLE, .value = {.int32Values = [1]{0}, .floatValues = [0]{}, .int64Values = [0]{}, .bytes = [0]{}, .stringValue = ""}}
12-30 11:16:07.209   398   464 D adayocomadapter-CommunicationManager: onUpstreamReceive mPropertyId 0x21402136
12-30 11:16:07.209   398   464 D adayocomadapter-CommunicationManager: onUpstreamReceive mPropertyId 0x21402137
12-30 11:16:07.209   398   464 D adayocomadapter-CommunicationManager: convertBytesToInt32Memcpy  0
12-30 11:16:07.209   398   464 I vw-vhal : notifyVehicleProperty, propId = 0x21402137, data = {status: 2, int32Values: [0]}
12-30 11:16:07.209   398   464 I vw-vhal : CanSignalsAdapter::notifyVehicleProperty: solvedValue = {.timestamp = 9503031142130, .areaId = 0, .prop = 557850935, .status = AVAILABLE, .value = {.int32Values = [1]{0}, .floatValues = [0]{}, .int64Values = [0]{}, .bytes = [0]{}, .stringValue = ""}}
12-30 11:16:07.209   398   464 I VehiclePropertyStore: begin to write value to Store: {.timestamp = 9503031142130, .areaId = 0, .prop = 557850935, .status = AVAILABLE, .value = {.int32Values = [1]{0}, .floatValues = [0]{}, .int64Values = [0]{}, .bytes = [0]{}, .stringValue = ""}}
12-30 11:16:07.209   398   464 I DefaultVehicleHal_v2_0: DefaultVehicleHal::onPropertyValue, value:{.timestamp = 9503031142130, .areaId = 0, .prop = 557850935, .status = AVAILABLE, .value = {.int32Values = [1]{0}, .floatValues = [0]{}, .int64Values = [0]{}, .bytes = [0]{}, .stringValue = ""}}
12-30 11:16:07.209   398   464 D DiagPropHandler: is not DiagnosticConfig: 0x21402137
12-30 11:16:07.209   398   464 I VehiclePropertyStore: begin to write value to Store: {.timestamp = 9503031142130, .areaId = 0, .prop = 557850935, .status = AVAILABLE, .value = {.int32Values = [1]{0}, .floatValues = [0]{}, .int64Values = [0]{}, .bytes = [0]{}, .stringValue = ""}}
12-30 11:16:07.209   398   464 D adayocomadapter-CommunicationManager: onUpstreamReceive mPropertyId 0x21402137
12-30 11:16:07.232   360   931 I EvsDriver: /dev/video-evs0 VideoCapture fps 30.0009
12-30 11:16:07.232   360   931 D EvsDriver: forwardFrame
12-30 11:16:07.232   360   931 D EvsDriver: forwardFrameDirect
12-30 11:16:07.232   360   931 D EvsDriver: Delivered 0xb400e2ca9e40c2d0 as id 0
12-30 11:16:07.232   359  2784 D evsmanagerd: /dev/video-evs0 forwarded the buffer #0 to 0xb400f125d2b26dd0 from 0xb400f125e2b20710
12-30 11:16:07.241   360   458 D EvsDriver: doneWithFrame
12-30 11:16:07.243   650   729 D fgemcucomm: sd Uart data : 6AA602288000029202C0
12-30 11:16:07.243   650   729 D fgemcucomm: rev uart=78496,len=109, data : 6AA681288000659202001000000000000000000000000000000000000000000000000000000000000000000000000000000000000000000000000000000000000000000000000000000000000000000000000000000000000000000000000000000000000000000000000000CE
12-30 11:16:07.244   398   882 D adayocomadapter-ParseProtocolFunc: printRaWMsg Name[MCUToUPstream recv] len[101] data[9202001000000000000000000000000000000000000000000000000000000000000000000000000000000000000000000000000000000000000000000000000000000000000000000000000000000000000000000000000000000000000000000000000000]
12-30 11:16:07.244   398   882 D adayocomadapter-CommunicationManager: onUpstreamback   member[0] dataLength[98] timePoint[9503066]
12-30 11:16:07.244   398   882 D adayocomadapter-ParseProtocolFunc: printRaWMsg Name[onUpstreamback] len[98] data[1000000000000000000000000000000000000000000000000000000000000000000000000000000000000000000000000000000000000000000000000000000000000000000000000000000000000000000000000000000000000000000000000000]
12-30 11:16:07.244   398   464 D adayocomadapter-UpstreamHandler: processBeforePacket upSreamtProcessTimePoint[9503066] 
12-30 11:16:07.244   398   464 D adayocomadapter-UpstreamHandler: processPacket UPSTREAM_QUEUE_DATA_TIMEOUT
12-30 11:16:07.244   398   464 D adayocomadapter-ParseProtocolFunc: parseCommonIPCLBytes Processing tableNumber[16]
12-30 11:16:07.244   398   464 D adayocomadapter-ParseProtocolFunc: parseCommonIPCLBytes Processing tablename[Table-16] tableSize[98]
12-30 11:16:07.244   398   464 D adayocomadapter-ParseProtocolFunc: printRaWMsg Name[byteStream recv] len[98] data[1000000000000000000000000000000000000000000000000000000000000000000000000000000000000000000000000000000000000000000000000000000000000000000000000000000000000000000000000000000000000000000000000000]
12-30 11:16:07.245   398   464 D adayocomadapter-ParseProtocolFunc: printRaWMsg Name[IPCLtoVHAL] len[6] data[214021B10000]
12-30 11:16:07.245   398   464 D adayocomadapter-ParseProtocolFunc: printRaWMsg Name[IPCLtoVHAL] len[6] data[214022120000]
12-30 11:16:07.245   398   464 D adayocomadapter-ParseProtocolFunc: printRaWMsg Name[IPCLtoVHAL] len[6] data[214021B20000]
12-30 11:16:07.245   398   464 D adayocomadapter-ParseProtocolFunc: printRaWMsg Name[IPCLtoVHAL] len[6] data[214021BD0000]
12-30 11:16:07.245   398   464 D adayocomadapter-ParseProtocolFunc: printRaWMsg Name[IPCLtoVHAL] len[6] data[2140221E0000]
12-30 11:16:07.245   398   464 D adayocomadapter-ParseProtocolFunc: printRaWMsg Name[IPCLtoVHAL] len[6] data[214021B30000]
12-30 11:16:07.245   398   464 D adayocomadapter-ParseProtocolFunc: printRaWMsg Name[IPCLtoVHAL] len[6] data[214022140000]
12-30 11:16:07.245   398   464 D adayocomadapter-ParseProtocolFunc: printRaWMsg Name[IPCLtoVHAL] len[6] data[214021B40000]
12-30 11:16:07.245   398   464 D adayocomadapter-ParseProtocolFunc: printRaWMsg Name[IPCLtoVHAL] len[6] data[214021530000]
12-30 11:16:07.245   398   464 D adayocomadapter-ParseProtocolFunc: printRaWMsg Name[IPCLtoVHAL] len[6] data[214022150000]
12-30 11:16:07.245   398   464 D adayocomadapter-ParseProtocolFunc: printRaWMsg Name[IPCLtoVHAL] len[6] data[214021B50000]
12-30 11:16:07.245   398   464 D adayocomadapter-ParseProtocolFunc: printRaWMsg Name[IPCLtoVHAL] len[6] data[214021540000]
12-30 11:16:07.245   398   464 D adayocomadapter-ParseProtocolFunc: printRaWMsg Name[IPCLtoVHAL] len[6] data[214021B70000]
12-30 11:16:07.245   398   464 D adayocomadapter-ParseProtocolFunc: printRaWMsg Name[IPCLtoVHAL] len[6] data[214021560000]
12-30 11:16:07.245   398   464 D adayocomadapter-ParseProtocolFunc: printRaWMsg Name[IPCLtoVHAL] len[6] data[214021B80000]
12-30 11:16:07.245   398   464 D adayocomadapter-ParseProtocolFunc: printRaWMsg Name[IPCLtoVHAL] len[6] data[214021570000]
12-30 11:16:07.245   398   464 D adayocomadapter-ParseProtocolFunc: printRaWMsg Name[IPCLtoVHAL] len[6] data[214022190000]
12-30 11:16:07.245   398   464 D adayocomadapter-ParseProtocolFunc: printRaWMsg Name[IPCLtoVHAL] len[6] data[2140215B0000]
12-30 11:16:07.246   398   464 D adayocomadapter-ParseProtocolFunc: printRaWMsg Name[IPCLtoVHAL] len[6] data[214021BC0000]
12-30 11:16:07.246   398   464 D adayocomadapter-ParseProtocolFunc: printRaWMsg Name[IPCLtoVHAL] len[6] data[2140221D0000]
12-30 11:16:07.246   398   464 D adayocomadapter-ParseProtocolFunc: printRaWMsg Name[IPCLtoVHAL] len[6] data[214021B90000]
12-30 11:16:07.246   398   464 D adayocomadapter-ParseProtocolFunc: printRaWMsg Name[IPCLtoVHAL] len[6] data[2140221A0000]
12-30 11:16:07.246   398   464 D adayocomadapter-ParseProtocolFunc: printRaWMsg Name[IPCLtoVHAL] len[6] data[214021BB0000]
12-30 11:16:07.246   398   464 D adayocomadapter-ParseProtocolFunc: printRaWMsg Name[IPCLtoVHAL] len[6] data[2140215A0000]
12-30 11:16:07.246   398   464 D adayocomadapter-ParseProtocolFunc: printRaWMsg Name[IPCLtoVHAL] len[6] data[2140221C0000]
