12-30 11:16:04.219   398   464 I VehiclePropertyStore: begin to write value to Store: {.timestamp = 9500040548130, .areaId = 0, .prop = 557850853, .status = AVAILABLE, .value = {.int32Values = [1]{0}, .floatValues = [0]{}, .int64Values = [0]{}, .bytes = [0]{}, .stringValue = ""}}
12-30 11:16:04.219   398   464 D adayocomadapter-CommunicationManager: onUpstreamReceive mPropertyId 0x214020e5
12-30 11:16:04.219   398   464 D adayocomadapter-CommunicationManager: onUpstreamReceive mPropertyId 0x214020e6
12-30 11:16:04.219   398   464 D adayocomadapter-CommunicationManager: convertBytesToInt32Memcpy  0
12-30 11:16:04.219   398   464 I vw-vhal : notifyVehicleProperty, propId = 0x214020e6, data = {status: 2, int32Values: [0]}
12-30 11:16:04.219   398   464 I vw-vhal : CanSignalsAdapter::notifyVehicleProperty: solvedValue = {.timestamp = 9500041195463, .areaId = 0, .prop = 557850854, .status = AVAILABLE, .value = {.int32Values = [1]{0}, .floatValues = [0]{}, .int64Values = [0]{}, .bytes = [0]{}, .stringValue = ""}}
12-30 11:16:04.219   398   464 I VehiclePropertyStore: begin to write value to Store: {.timestamp = 9500041195463, .areaId = 0, .prop = 557850854, .status = AVAILABLE, .value = {.int32Values = [1]{0}, .floatValues = [0]{}, .int64Values = [0]{}, .bytes = [0]{}, .stringValue = ""}}
12-30 11:16:04.219   398   464 I DefaultVehicleHal_v2_0: DefaultVehicleHal::onPropertyValue, value:{.timestamp = 9500041195463, .areaId = 0, .prop = 557850854, .status = AVAILABLE, .value = {.int32Values = [1]{0}, .floatValues = [0]{}, .int64Values = [0]{}, .bytes = [0]{}, .stringValue = ""}}
12-30 11:16:04.219   398   464 D DiagPropHandler: is not DiagnosticConfig: 0x214020e6
12-30 11:16:04.219   398   464 I VehiclePropertyStore: begin to write value to Store: {.timestamp = 9500041195463, .areaId = 0, .prop = 557850854, .status = AVAILABLE, .value = {.int32Values = [1]{0}, .floatValues = [0]{}, .int64Values = [0]{}, .bytes = [0]{}, .stringValue = ""}}
12-30 11:16:04.219   398   464 D adayocomadapter-CommunicationManager: onUpstreamReceive mPropertyId 0x214020e6
12-30 11:16:04.232   360   931 D EvsDriver: forwardFrame
12-30 11:16:04.232   360   931 D EvsDriver: forwardFrameDirect
12-30 11:16:04.232   360   931 D EvsDriver: Delivered 0xb400e2ca9e40c2d0 as id 0
12-30 11:16:04.232   359  2784 D evsmanagerd: /dev/video-evs0 forwarded the buffer #0 to 0xb400f125d2b26dd0 from 0xb400f125e2b20710
12-30 11:16:04.236   360   458 D EvsDriver: doneWithFrame
12-30 11:16:04.239  2358  2623 D RcfController: Rcf proxy is not connected!
12-30 11:16:04.265   360   931 D EvsDriver: forwardFrame
12-30 11:16:04.265   360   931 D EvsDriver: forwardFrameDirect
12-30 11:16:04.265   360   931 D EvsDriver: Delivered 0xb400e2ca9e40d090 as id 1
12-30 11:16:04.265   359  2784 D evsmanagerd: /dev/video-evs0 forwarded the buffer #1 to 0xb400f125d2b26dd0 from 0xb400f125e2b20710
12-30 11:16:04.267   360   458 D EvsDriver: doneWithFrame
12-30 11:16:04.272  1667  2594 W ContextImpl: Calling a method in the system process without a qualified user: android.app.ContextImpl.bindService:1988 android.content.ContextWrapper.bindService:861 com.ford.sync.fnvservice.FordFnv.c:202 com.ford.sync.fnvservice.FordFnv.c:43 com.ford.sync.fnvservice.FordFnv$RetryHandler.handleMessage:245 
12-30 11:16:04.273   916  1847 W ActivityManager: Unable to start service Intent { cmp=com.ford.sync.fnvservice/.FordFnvService } U=0: not found
12-30 11:16:04.273  1667  2594 W FordFnv :  bind ford fnv failed -> sendRetryMessage 
12-30 11:16:04.289  2358  2623 D RcfController: Rcf proxy is not connected!
12-30 11:16:04.296   650   729 D fgemcucomm: sd Uart data : 6AA602286C00029202D4
12-30 11:16:04.296   650   729 D fgemcucomm: rev uart=78475,len=29, data : 6AA681286C00159202001300000000000000000000000000000000002F
12-30 11:16:04.297   398   882 D adayocomadapter-ParseProtocolFunc: printRaWMsg Name[MCUToUPstream recv] len[21] data[920200130000000000000000000000000000000000]
12-30 11:16:04.297   398   882 D adayocomadapter-CommunicationManager: onUpstreamback   member[0] dataLength[18] timePoint[9500119]
12-30 11:16:04.297   398   882 D adayocomadapter-ParseProtocolFunc: printRaWMsg Name[onUpstreamback] len[18] data[130000000000000000000000000000000000]
12-30 11:16:04.297   398   464 D adayocomadapter-UpstreamHandler: processBeforePacket upSreamtProcessTimePoint[9500119] 
12-30 11:16:04.297   596  3076 E WifiHAL : Invalid data received from driver
12-30 11:16:04.297   398   464 D adayocomadapter-UpstreamHandler: processPacket UPSTREAM_QUEUE_DATA_TIMEOUT
12-30 11:16:04.297   398   464 D adayocomadapter-ParseProtocolFunc: parseCommonIPCLBytes Processing tableNumber[19]
12-30 11:16:04.297   398   464 D adayocomadapter-ParseProtocolFunc: parseCommonIPCLBytes Processing tablename[Table-19] tableSize[18]
12-30 11:16:04.297   398   464 D adayocomadapter-ParseProtocolFunc: printRaWMsg Name[byteStream recv] len[18] data[130000000000000000000000000000000000]
12-30 11:16:04.297   398   464 D adayocomadapter-ParseProtocolFunc: printRaWMsg Name[IPCLtoVHAL] len[6] data[214010280000]
12-30 11:16:04.297   398   464 D adayocomadapter-ParseProtocolFunc: printRaWMsg Name[IPCLtoVHAL] len[6] data[214010290000]
12-30 11:16:04.297   398   464 D adayocomadapter-ParseProtocolFunc: printRaWMsg Name[IPCLtoVHAL] len[6] data[2140102E0000]
12-30 11:16:04.298   398   464 D adayocomadapter-ParseProtocolFunc: printRaWMsg Name[IPCLtoVHAL] len[6] data[2140102B0000]
12-30 11:16:04.298   398   464 D adayocomadapter-ParseProtocolFunc: printRaWMsg Name[IPCLtoVHAL] len[6] data[2140104C0000]
12-30 11:16:04.298   398   464 D adayocomadapter-ParseProtocolFunc: printRaWMsg Name[IPCLtoVHAL] len[6] data[2140102C0000]
12-30 11:16:04.298   398   464 D adayocomadapter-ParseProtocolFunc: printRaWMsg Name[IPCLtoVHAL] len[7] data[21402007000000]
12-30 11:16:04.298   398   464 D adayocomadapter-ParseProtocolFunc: printRaWMsg Name[IPCLtoVHAL] len[6] data[2140102F0000]
12-30 11:16:04.298   398   464 D adayocomadapter-ParseProtocolFunc: printRaWMsg Name[IPCLtoVHAL] len[6] data[214010310000]
12-30 11:16:04.298   398   464 D adayocomadapter-ParseProtocolFunc: printRaWMsg Name[IPCLtoVHAL] len[7] data[21402022000000]
12-30 11:16:04.298   398   464 D adayocomadapter-ParseProtocolFunc: printRaWMsg Name[IPCLtoVHAL] len[9] data[214020230000000000]
12-30 11:16:04.298   398   464 D adayocomadapter-ParseProtocolFunc: printRaWMsg Name[IPCLtoVHAL] len[6] data[2140104D0000]
12-30 11:16:04.298   398   464 D adayocomadapter-CommunicationManager: onUpstreamReceive mPropertyId 0x21401028
12-30 11:16:04.298   398   464 D adayocomadapter-CommunicationManager: convertBytesToInt32Memcpy  0
12-30 11:16:04.298   360   931 D EvsDriver: forwardFrame
12-30 11:16:04.298   398   464 I vw-vhal : notifyVehicleProperty, propId = 0x21401028, data = {status: 2, int32Values: [0]}
12-30 11:16:04.298   360   931 D EvsDriver: forwardFrameDirect
12-30 11:16:04.298   398   464 I vw-vhal : CanSignalsAdapter::notifyVehicleProperty: solvedValue = {.timestamp = 9500120720130, .areaId = 0, .prop = 557846568, .status = AVAILABLE, .value = {.int32Values = [1]{0}, .floatValues = [0]{}, .int64Values = [0]{}, .bytes = [0]{}, .stringValue = ""}}
12-30 11:16:04.299   398   464 I VehiclePropertyStore: begin to write value to Store: {.timestamp = 9500120720130, .areaId = 0, .prop = 557846568, .status = AVAILABLE, .value = {.int32Values = [1]{0}, .floatValues = [0]{}, .int64Values = [0]{}, .bytes = [0]{}, .stringValue = ""}}
12-30 11:16:04.299   398   464 I DefaultVehicleHal_v2_0: DefaultVehicleHal::onPropertyValue, value:{.timestamp = 9500120720130, .areaId = 0, .prop = 557846568, .status = AVAILABLE, .value = {.int32Values = [1]{0}, .floatValues = [0]{}, .int64Values = [0]{}, .bytes = [0]{}, .stringValue = ""}}
12-30 11:16:04.299   360   931 D EvsDriver: Delivered 0xb400e2ca9e40e110 as id 0
12-30 11:16:04.299   398   464 D DiagPropHandler: is not DiagnosticConfig: 0x21401028
12-30 11:16:04.299   398   464 I VehiclePropertyStore: begin to write value to Store: {.timestamp = 9500120720130, .areaId = 0, .prop = 557846568, .status = AVAILABLE, .value = {.int32Values = [1]{0}, .floatValues = [0]{}, .int64Values = [0]{}, .bytes = [0]{}, .stringValue = ""}}
12-30 11:16:04.299   359  2784 D evsmanagerd: /dev/video-evs0 forwarded the buffer #0 to 0xb400f125d2b26dd0 from 0xb400f125e2b20710
12-30 11:16:04.299   398   464 D adayocomadapter-CommunicationManager: onUpstreamReceive mPropertyId 0x21401028
12-30 11:16:04.299   398   464 D adayocomadapter-CommunicationManager: onUpstreamReceive mPropertyId 0x21401029
12-30 11:16:04.299   398   464 D adayocomadapter-CommunicationManager: convertBytesToInt32Memcpy  0
12-30 11:16:04.299   398   464 I vw-vhal : notifyVehicleProperty, propId = 0x21401029, data = {status: 2, int32Values: [0]}
12-30 11:16:04.299   398   464 I vw-vhal : CanSignalsAdapter::notifyVehicleProperty: solvedValue = {.timestamp = 9500121776130, .areaId = 0, .prop = 557846569, .status = AVAILABLE, .value = {.int32Values = [1]{0}, .floatValues = [0]{}, .int64Values = [0]{}, .bytes = [0]{}, .stringValue = ""}}
12-30 11:16:04.300   398   464 I VehiclePropertyStore: begin to write value to Store: {.timestamp = 9500121776130, .areaId = 0, .prop = 557846569, .status = AVAILABLE, .value = {.int32Values = [1]{0}, .floatValues = [0]{}, .int64Values = [0]{}, .bytes = [0]{}, .stringValue = ""}}
12-30 11:16:04.300   398   464 I DefaultVehicleHal_v2_0: DefaultVehicleHal::onPropertyValue, value:{.timestamp = 9500121776130, .areaId = 0, .prop = 557846569, .status = AVAILABLE, .value = {.int32Values = [1]{0}, .floatValues = [0]{}, .int64Values = [0]{}, .bytes = [0]{}, .stringValue = ""}}
12-30 11:16:04.300   398   464 D DiagPropHandler: is not DiagnosticConfig: 0x21401029
12-30 11:16:04.300   398   464 I VehiclePropertyStore: begin to write value to Store: {.timestamp = 9500121776130, .areaId = 0, .prop = 557846569, .status = AVAILABLE, .value = {.int32Values = [1]{0}, .floatValues = [0]{}, .int64Values = [0]{}, .bytes = [0]{}, .stringValue = ""}}
12-30 11:16:04.300   398   464 D adayocomadapter-CommunicationManager: onUpstreamReceive mPropertyId 0x21401029
12-30 11:16:04.300   398   464 D adayocomadapter-CommunicationManager: onUpstreamReceive mPropertyId 0x2140102e
12-30 11:16:04.300   398   464 D adayocomadapter-CommunicationManager: convertBytesToInt32Memcpy  0
12-30 11:16:04.300   398   464 I vw-vhal : notifyVehicleProperty, propId = 0x2140102e, data = {status: 2, int32Values: [0]}
12-30 11:16:04.300   398   464 I vw-vhal : CanSignalsAdapter::notifyVehicleProperty: solvedValue = {.timestamp = 9500122467463, .areaId = 0, .prop = 557846574, .status = AVAILABLE, .value = {.int32Values = [1]{0}, .floatValues = [0]{}, .int64Values = [0]{}, .bytes = [0]{}, .stringValue = ""}}
12-30 11:16:04.300   398   464 I VehiclePropertyStore: begin to write value to Store: {.timestamp = 9500122467463, .areaId = 0, .prop = 557846574, .status = AVAILABLE, .value = {.int32Values = [1]{0}, .floatValues = [0]{}, .int64Values = [0]{}, .bytes = [0]{}, .stringValue = ""}}
12-30 11:16:04.300   398   464 I DefaultVehicleHal_v2_0: DefaultVehicleHal::onPropertyValue, value:{.timestamp = 9500122467463, .areaId = 0, .prop = 557846574, .status = AVAILABLE, .value = {.int32Values = [1]{0}, .floatValues = [0]{}, .int64Values = [0]{}, .bytes = [0]{}, .stringValue = ""}}
12-30 11:16:04.300   398   464 D DiagPropHandler: is not DiagnosticConfig: 0x2140102e
12-30 11:16:04.300   398   464 I VehiclePropertyStore: begin to write value to Store: {.timestamp = 9500122467463, .areaId = 0, .prop = 557846574, .status = AVAILABLE, .value = {.int32Values = [1]{0}, .floatValues = [0]{}, .int64Values = [0]{}, .bytes = [0]{}, .stringValue = ""}}
12-30 11:16:04.301   398   464 D adayocomadapter-CommunicationManager: onUpstreamReceive mPropertyId 0x2140102e
12-30 11:16:04.301   398   464 D adayocomadapter-CommunicationManager: onUpstreamReceive mPropertyId 0x2140102b
12-30 11:16:04.301   398   464 D adayocomadapter-CommunicationManager: convertBytesToInt32Memcpy  0
12-30 11:16:04.301   398   464 I vw-vhal : notifyVehicleProperty, propId = 0x2140102b, data = {status: 2, int32Values: [0]}
12-30 11:16:04.301   398   464 I vw-vhal : CanSignalsAdapter::notifyVehicleProperty: solvedValue = {.timestamp = 9500123124463, .areaId = 0, .prop = 557846571, .status = AVAILABLE, .value = {.int32Values = [1]{0}, .floatValues = [0]{}, .int64Values = [0]{}, .bytes = [0]{}, .stringValue = ""}}
12-30 11:16:04.301   398   464 I VehiclePropertyStore: begin to write value to Store: {.timestamp = 9500123124463, .areaId = 0, .prop = 557846571, .status = AVAILABLE, .value = {.int32Values = [1]{0}, .floatValues = [0]{}, .int64Values = [0]{}, .bytes = [0]{}, .stringValue = ""}}
12-30 11:16:04.301   398   464 I DefaultVehicleHal_v2_0: DefaultVehicleHal::onPropertyValue, value:{.timestamp = 9500123124463, .areaId = 0, .prop = 557846571, .status = AVAILABLE, .value = {.int32Values = [1]{0}, .floatValues = [0]{}, .int64Values = [0]{}, .bytes = [0]{}, .stringValue = ""}}
12-30 11:16:04.301   398   464 D DiagPropHandler: is not DiagnosticConfig: 0x2140102b
12-30 11:16:04.301   398   464 I VehiclePropertyStore: begin to write value to Store: {.timestamp = 9500123124463, .areaId = 0, .prop = 557846571, .status = AVAILABLE, .value = {.int32Values = [1]{0}, .floatValues = [0]{}, .int64Values = [0]{}, .bytes = [0]{}, .stringValue = ""}}
12-30 11:16:04.301   398   464 D adayocomadapter-CommunicationManager: onUpstreamReceive mPropertyId 0x2140102b
12-30 11:16:04.301   398   464 D adayocomadapter-CommunicationManager: onUpstreamReceive mPropertyId 0x2140104c
12-30 11:16:04.301   398   464 D adayocomadapter-CommunicationManager: convertBytesToInt32Memcpy  0
12-30 11:16:04.301   398   464 I vw-vhal : notifyVehicleProperty, propId = 0x2140104c, data = {status: 2, int32Values: [0]}
12-30 11:16:04.301   398   464 I vw-vhal : CanSignalsAdapter::notifyVehicleProperty: solvedValue = {.timestamp = 9500123780463, .areaId = 0, .prop = 557846604, .status = AVAILABLE, .value = {.int32Values = [1]{0}, .floatValues = [0]{}, .int64Values = [0]{}, .bytes = [0]{}, .stringValue = ""}}
12-30 11:16:04.302   398   464 I VehiclePropertyStore: begin to write value to Store: {.timestamp = 9500123780463, .areaId = 0, .prop = 557846604, .status = AVAILABLE, .value = {.int32Values = [1]{0}, .floatValues = [0]{}, .int64Values = [0]{}, .bytes = [0]{}, .stringValue = ""}}
12-30 11:16:04.302   398   464 I DefaultVehicleHal_v2_0: DefaultVehicleHal::onPropertyValue, value:{.timestamp = 9500123780463, .areaId = 0, .prop = 557846604, .status = AVAILABLE, .value = {.int32Values = [1]{0}, .floatValues = [0]{}, .int64Values = [0]{}, .bytes = [0]{}, .stringValue = ""}}
12-30 11:16:04.302   398   464 D DiagPropHandler: is not DiagnosticConfig: 0x2140104c
12-30 11:16:04.302   398   464 I VehiclePropertyStore: begin to write value to Store: {.timestamp = 9500123780463, .areaId = 0, .prop = 557846604, .status = AVAILABLE, .value = {.int32Values = [1]{0}, .floatValues = [0]{}, .int64Values = [0]{}, .bytes = [0]{}, .stringValue = ""}}
12-30 11:16:04.302   398   464 D adayocomadapter-CommunicationManager: onUpstreamReceive mPropertyId 0x2140104c
12-30 11:16:04.302   398   464 D adayocomadapter-CommunicationManager: onUpstreamReceive mPropertyId 0x2140102c
12-30 11:16:04.302   398   464 D adayocomadapter-CommunicationManager: convertBytesToInt32Memcpy  0
12-30 11:16:04.302   398   464 I vw-vhal : notifyVehicleProperty, propId = 0x2140102c, data = {status: 2, int32Values: [0]}
12-30 11:16:04.302   398   464 I vw-vhal : CanSignalsAdapter::notifyVehicleProperty: solvedValue = {.timestamp = 9500124535463, .areaId = 0, .prop = 557846572, .status = AVAILABLE, .value = {.int32Values = [1]{0}, .floatValues = [0]{}, .int64Values = [0]{}, .bytes = [0]{}, .stringValue = ""}}
12-30 11:16:04.302   398   464 I VehiclePropertyStore: begin to write value to Store: {.timestamp = 9500124535463, .areaId = 0, .prop = 557846572, .status = AVAILABLE, .value = {.int32Values = [1]{0}, .floatValues = [0]{}, .int64Values = [0]{}, .bytes = [0]{}, .stringValue = ""}}
12-30 11:16:04.302   398   464 I DefaultVehicleHal_v2_0: DefaultVehicleHal::onPropertyValue, value:{.timestamp = 9500124535463, .areaId = 0, .prop = 557846572, .status = AVAILABLE, .value = {.int32Values = [1]{0}, .floatValues = [0]{}, .int64Values = [0]{}, .bytes = [0]{}, .stringValue = ""}}
12-30 11:16:04.302   398   464 D DiagPropHandler: is not DiagnosticConfig: 0x2140102c
12-30 11:16:04.303   398   464 I VehiclePropertyStore: begin to write value to Store: {.timestamp = 9500124535463, .areaId = 0, .prop = 557846572, .status = AVAILABLE, .value = {.int32Values = [1]{0}, .floatValues = [0]{}, .int64Values = [0]{}, .bytes = [0]{}, .stringValue = ""}}
12-30 11:16:04.303   398   464 D adayocomadapter-CommunicationManager: onUpstreamReceive mPropertyId 0x2140102c
12-30 11:16:04.303   398   464 D adayocomadapter-CommunicationManager: onUpstreamReceive mPropertyId 0x21402007
12-30 11:16:04.303   398   464 D adayocomadapter-CommunicationManager: convertBytesToInt32Memcpy  0
12-30 11:16:04.303   398   464 I vw-vhal : notifyVehicleProperty, propId = 0x21402007, data = {status: 2, int32Values: [0]}
12-30 11:16:04.303   398   464 I vw-vhal : CanSignalsAdapter::notifyVehicleProperty: solvedValue = {.timestamp = 9500125187463, .areaId = 0, .prop = 557850631, .status = AVAILABLE, .value = {.int32Values = [1]{0}, .floatValues = [0]{}, .int64Values = [0]{}, .bytes = [0]{}, .stringValue = ""}}
12-30 11:16:04.303   398   464 I VehiclePropertyStore: begin to write value to Store: {.timestamp = 9500125187463, .areaId = 0, .prop = 557850631, .status = AVAILABLE, .value = {.int32Values = [1]{0}, .floatValues = [0]{}, .int64Values = [0]{}, .bytes = [0]{}, .stringValue = ""}}
12-30 11:16:04.303   398   464 I DefaultVehicleHal_v2_0: DefaultVehicleHal::onPropertyValue, value:{.timestamp = 9500125187463, .areaId = 0, .prop = 557850631, .status = AVAILABLE, .value = {.int32Values = [1]{0}, .floatValues = [0]{}, .int64Values = [0]{}, .bytes = [0]{}, .stringValue = ""}}
12-30 11:16:04.303   398   464 D DiagPropHandler: is not DiagnosticConfig: 0x21402007
12-30 11:16:04.303   398   464 I VehiclePropertyStore: begin to write value to Store: {.timestamp = 9500125187463, .areaId = 0, .prop = 557850631, .status = AVAILABLE, .value = {.int32Values = [1]{0}, .floatValues = [0]{}, .int64Values = [0]{}, .bytes = [0]{}, .stringValue = ""}}
12-30 11:16:04.303   398   464 D adayocomadapter-CommunicationManager: onUpstreamReceive mPropertyId 0x21402007
12-30 11:16:04.303   398   464 D adayocomadapter-CommunicationManager: onUpstreamReceive mPropertyId 0x2140102f
12-30 11:16:04.303   398   464 D adayocomadapter-CommunicationManager: convertBytesToInt32Memcpy  0
12-30 11:16:04.303   398   464 I vw-vhal : notifyVehicleProperty, propId = 0x2140102f, data = {status: 2, int32Values: [0]}
12-30 11:16:04.304   398   464 I vw-vhal : CanSignalsAdapter::notifyVehicleProperty: solvedValue = {.timestamp = 9500125822463, .areaId = 0, .prop = 557846575, .status = AVAILABLE, .value = {.int32Values = [1]{0}, .floatValues = [0]{}, .int64Values = [0]{}, .bytes = [0]{}, .stringValue = ""}}
12-30 11:16:04.304   398   464 I VehiclePropertyStore: begin to write value to Store: {.timestamp = 9500125822463, .areaId = 0, .prop = 557846575, .status = AVAILABLE, .value = {.int32Values = [1]{0}, .floatValues = [0]{}, .int64Values = [0]{}, .bytes = [0]{}, .stringValue = ""}}
12-30 11:16:04.304   398   464 I DefaultVehicleHal_v2_0: DefaultVehicleHal::onPropertyValue, value:{.timestamp = 9500125822463, .areaId = 0, .prop = 557846575, .status = AVAILABLE, .value = {.int32Values = [1]{0}, .floatValues = [0]{}, .int64Values = [0]{}, .bytes = [0]{}, .stringValue = ""}}
12-30 11:16:04.304   398   464 D DiagPropHandler: is not DiagnosticConfig: 0x2140102f
12-30 11:16:04.304   398   464 I VehiclePropertyStore: begin to write value to Store: {.timestamp = 9500125822463, .areaId = 0, .prop = 557846575, .status = AVAILABLE, .value = {.int32Values = [1]{0}, .floatValues = [0]{}, .int64Values = [0]{}, .bytes = [0]{}, .stringValue = ""}}
12-30 11:16:04.304   398   464 D adayocomadapter-CommunicationManager: onUpstreamReceive mPropertyId 0x2140102f
12-30 11:16:04.304   398   464 D adayocomadapter-CommunicationManager: onUpstreamReceive mPropertyId 0x21401031
12-30 11:16:04.304   398   464 D adayocomadapter-CommunicationManager: convertBytesToInt32Memcpy  0
12-30 11:16:04.304   398   464 I vw-vhal : notifyVehicleProperty, propId = 0x21401031, data = {status: 2, int32Values: [0]}
12-30 11:16:04.304   398   464 I vw-vhal : CanSignalsAdapter::notifyVehicleProperty: solvedValue = {.timestamp = 9500126451463, .areaId = 0, .prop = 557846577, .status = AVAILABLE, .value = {.int32Values = [1]{0}, .floatValues = [0]{}, .int64Values = [0]{}, .bytes = [0]{}, .stringValue = ""}}
12-30 11:16:04.304   398   464 I VehiclePropertyStore: begin to write value to Store: {.timestamp = 9500126451463, .areaId = 0, .prop = 557846577, .status = AVAILABLE, .value = {.int32Values = [1]{0}, .floatValues = [0]{}, .int64Values = [0]{}, .bytes = [0]{}, .stringValue = ""}}
12-30 11:16:04.304   398   464 I DefaultVehicleHal_v2_0: DefaultVehicleHal::onPropertyValue, value:{.timestamp = 9500126451463, .areaId = 0, .prop = 557846577, .status = AVAILABLE, .value = {.int32Values = [1]{0}, .floatValues = [0]{}, .int64Values = [0]{}, .bytes = [0]{}, .stringValue = ""}}
12-30 11:16:04.304   398   464 D DiagPropHandler: is not DiagnosticConfig: 0x21401031
12-30 11:16:04.304   398   464 I VehiclePropertyStore: begin to write value to Store: {.timestamp = 9500126451463, .areaId = 0, .prop = 557846577, .status = AVAILABLE, .value = {.int32Values = [1]{0}, .floatValues = [0]{}, .int64Values = [0]{}, .bytes = [0]{}, .stringValue = ""}}
12-30 11:16:04.305   398   464 D adayocomadapter-CommunicationManager: onUpstreamReceive mPropertyId 0x21401031
12-30 11:16:04.305   398   464 D adayocomadapter-CommunicationManager: onUpstreamReceive mPropertyId 0x21402022
12-30 11:16:04.305   398   464 D adayocomadapter-CommunicationManager: convertBytesToInt32Memcpy  0
12-30 11:16:04.305   398   464 I vw-vhal : notifyVehicleProperty, propId = 0x21402022, data = {status: 2, int32Values: [0]}
12-30 11:16:04.305   398   464 I vw-vhal : CanSignalsAdapter::notifyVehicleProperty: solvedValue = {.timestamp = 9500127100797, .areaId = 0, .prop = 557850658, .status = AVAILABLE, .value = {.int32Values = [1]{0}, .floatValues = [0]{}, .int64Values = [0]{}, .bytes = [0]{}, .stringValue = ""}}
12-30 11:16:04.305   398   464 I VehiclePropertyStore: begin to write value to Store: {.timestamp = 9500127100797, .areaId = 0, .prop = 557850658, .status = AVAILABLE, .value = {.int32Values = [1]{0}, .floatValues = [0]{}, .int64Values = [0]{}, .bytes = [0]{}, .stringValue = ""}}
12-30 11:16:04.305   398   464 I DefaultVehicleHal_v2_0: DefaultVehicleHal::onPropertyValue, value:{.timestamp = 9500127100797, .areaId = 0, .prop = 557850658, .status = AVAILABLE, .value = {.int32Values = [1]{0}, .floatValues = [0]{}, .int64Values = [0]{}, .bytes = [0]{}, .stringValue = ""}}
12-30 11:16:04.305   398   464 D DiagPropHandler: is not DiagnosticConfig: 0x21402022
12-30 11:16:04.305   398   464 I VehiclePropertyStore: begin to write value to Store: {.timestamp = 9500127100797, .areaId = 0, .prop = 557850658, .status = AVAILABLE, .value = {.int32Values = [1]{0}, .floatValues = [0]{}, .int64Values = [0]{}, .bytes = [0]{}, .stringValue = ""}}
12-30 11:16:04.305   398   464 D adayocomadapter-CommunicationManager: onUpstreamReceive mPropertyId 0x21402022
12-30 11:16:04.305   398   464 D adayocomadapter-CommunicationManager: onUpstreamReceive mPropertyId 0x21402023
12-30 11:16:04.305   398   464 D adayocomadapter-CommunicationManager: convertBytesToInt32Memcpy  0
12-30 11:16:04.305   398   464 I vw-vhal : notifyVehicleProperty, propId = 0x21402023, data = {status: 2, int32Values: [0]}
12-30 11:16:04.305   398   464 I vw-vhal : CanSignalsAdapter::notifyVehicleProperty: solvedValue = {.timestamp = 9500127736463, .areaId = 0, .prop = 557850659, .status = AVAILABLE, .value = {.int32Values = [1]{0}, .floatValues = [0]{}, .int64Values = [0]{}, .bytes = [0]{}, .stringValue = ""}}
12-30 11:16:04.306   398   464 I VehiclePropertyStore: begin to write value to Store: {.timestamp = 9500127736463, .areaId = 0, .prop = 557850659, .status = AVAILABLE, .value = {.int32Values = [1]{0}, .floatValues = [0]{}, .int64Values = [0]{}, .bytes = [0]{}, .stringValue = ""}}
12-30 11:16:04.306   398   464 I DefaultVehicleHal_v2_0: DefaultVehicleHal::onPropertyValue, value:{.timestamp = 9500127736463, .areaId = 0, .prop = 557850659, .status = AVAILABLE, .value = {.int32Values = [1]{0}, .floatValues = [0]{}, .int64Values = [0]{}, .bytes = [0]{}, .stringValue = ""}}
12-30 11:16:04.306   398   464 D DiagPropHandler: is not DiagnosticConfig: 0x21402023
12-30 11:16:04.306   398   464 I VehiclePropertyStore: begin to write value to Store: {.timestamp = 9500127736463, .areaId = 0, .prop = 557850659, .status = AVAILABLE, .value = {.int32Values = [1]{0}, .floatValues = [0]{}, .int64Values = [0]{}, .bytes = [0]{}, .stringValue = ""}}
12-30 11:16:04.306   398   464 D adayocomadapter-CommunicationManager: onUpstreamReceive mPropertyId 0x21402023
12-30 11:16:04.306   398   464 D adayocomadapter-CommunicationManager: onUpstreamReceive mPropertyId 0x2140104d
12-30 11:16:04.306   398   464 D adayocomadapter-CommunicationManager: convertBytesToInt32Memcpy  0
12-30 11:16:04.306   398   464 I vw-vhal : notifyVehicleProperty, propId = 0x2140104d, data = {status: 2, int32Values: [0]}
12-30 11:16:04.306   398   464 I vw-vhal : CanSignalsAdapter::notifyVehicleProperty: solvedValue = {.timestamp = 9500128433463, .areaId = 0, .prop = 557846605, .status = AVAILABLE, .value = {.int32Values = [1]{0}, .floatValues = [0]{}, .int64Values = [0]{}, .bytes = [0]{}, .stringValue = ""}}
12-30 11:16:04.306   398   464 I VehiclePropertyStore: begin to write value to Store: {.timestamp = 9500128433463, .areaId = 0, .prop = 557846605, .status = AVAILABLE, .value = {.int32Values = [1]{0}, .floatValues = [0]{}, .int64Values = [0]{}, .bytes = [0]{}, .stringValue = ""}}
12-30 11:16:04.306   398   464 I DefaultVehicleHal_v2_0: DefaultVehicleHal::onPropertyValue, value:{.timestamp = 9500128433463, .areaId = 0, .prop = 557846605, .status = AVAILABLE, .value = {.int32Values = [1]{0}, .floatValues = [0]{}, .int64Values = [0]{}, .bytes = [0]{}, .stringValue = ""}}
12-30 11:16:04.306   398   464 D DiagPropHandler: is not DiagnosticConfig: 0x2140104d
12-30 11:16:04.306   398   464 I VehiclePropertyStore: begin to write value to Store: {.timestamp = 9500128433463, .areaId = 0, .prop = 557846605, .status = AVAILABLE, .value = {.int32Values = [1]{0}, .floatValues = [0]{}, .int64Values = [0]{}, .bytes = [0]{}, .stringValue = ""}}
12-30 11:16:04.307   398   464 D adayocomadapter-CommunicationManager: onUpstreamReceive mPropertyId 0x2140104d
12-30 11:16:04.307   360   458 D EvsDriver: doneWithFrame
12-30 11:16:04.331   360   931 D EvsDriver: forwardFrame
12-30 11:16:04.332   360   931 D EvsDriver: forwardFrameDirect
12-30 11:16:04.332   360   931 D EvsDriver: Delivered 0xb400e2ca9e40c7a0 as id 1
12-30 11:16:04.332   359  2784 D evsmanagerd: /dev/video-evs0 forwarded the buffer #1 to 0xb400f125d2b26dd0 from 0xb400f125e2b20710
12-30 11:16:04.337   360   458 D EvsDriver: doneWithFrame
12-30 11:16:04.339  2358  2623 D RcfController: Rcf proxy is not connected!
12-30 11:16:04.357   650   729 D fgemcucomm: sd Uart data : 6AA602286D00029202D3
12-30 11:16:04.357   650   729 D fgemcucomm: rev uart=78476,len=43, data : 6AA681286D002392020014000000000000000000000000000000000000000000000000000000000000001F
12-30 11:16:04.357   398   882 D adayocomadapter-ParseProtocolFunc: printRaWMsg Name[MCUToUPstream recv] len[35] data[9202001400000000000000000000000000000000000000000000000000000000000000]
12-30 11:16:04.357   398   882 D adayocomadapter-CommunicationManager: onUpstreamback   member[0] dataLength[32] timePoint[9500179]
12-30 11:16:04.357   398   882 D adayocomadapter-ParseProtocolFunc: printRaWMsg Name[onUpstreamback] len[32] data[1400000000000000000000000000000000000000000000000000000000000000]
12-30 11:16:04.358   398   464 D adayocomadapter-UpstreamHandler: processBeforePacket upSreamtProcessTimePoint[9500179] 
12-30 11:16:04.358   398   464 D adayocomadapter-UpstreamHandler: processPacket UPSTREAM_QUEUE_DATA_TIMEOUT
12-30 11:16:04.358   398   464 D adayocomadapter-ParseProtocolFunc: parseCommonIPCLBytes Processing tableNumber[20]
12-30 11:16:04.358   398   464 D adayocomadapter-ParseProtocolFunc: parseCommonIPCLBytes Processing tablename[Table-20] tableSize[32]
12-30 11:16:04.358   398   464 D adayocomadapter-ParseProtocolFunc: printRaWMsg Name[byteStream recv] len[32] data[1400000000000000000000000000000000000000000000000000000000000000]
12-30 11:16:04.358   398   464 D adayocomadapter-ParseProtocolFunc: printRaWMsg Name[IPCLtoVHAL] len[6] data[2140200F0000]
12-30 11:16:04.358   398   464 D adayocomadapter-ParseProtocolFunc: printRaWMsg Name[IPCLtoVHAL] len[6] data[214020B00000]
12-30 11:16:04.358   398   464 D adayocomadapter-ParseProtocolFunc: printRaWMsg Name[IPCLtoVHAL] len[8] data[2141201601000000]
12-30 11:16:04.358   398   464 D adayocomadapter-ParseProtocolFunc: printRaWMsg Name[IPCLtoVHAL] len[6] data[214020590000]
12-30 11:16:04.358   398   464 D adayocomadapter-ParseProtocolFunc: printRaWMsg Name[IPCLtoVHAL] len[6] data[2140201A0000]
12-30 11:16:04.358   398   464 D adayocomadapter-ParseProtocolFunc: printRaWMsg Name[IPCLtoVHAL] len[6] data[214020100000]
12-30 11:16:04.358   398   464 D adayocomadapter-ParseProtocolFunc: printRaWMsg Name[IPCLtoVHAL] len[6] data[214020550000]
12-30 11:16:04.358   398   464 D adayocomadapter-ParseProtocolFunc: printRaWMsg Name[IPCLtoVHAL] len[6] data[214020B10000]
12-30 11:16:04.358   398   464 D adayocomadapter-ParseProtocolFunc: printRaWMsg Name[IPCLtoVHAL] len[6] data[2140201B0000]
12-30 11:16:04.358   398   464 D adayocomadapter-ParseProtocolFunc: printRaWMsg Name[IPCLtoVHAL] len[6] data[214020180000]
12-30 11:16:04.358   398   464 D adayocomadapter-ParseProtocolFunc: printRaWMsg Name[IPCLtoVHAL] len[6] data[214021900000]
12-30 11:16:04.358   398   464 D adayocomadapter-ParseProtocolFunc: printRaWMsg Name[IPCLtoVHAL] len[6] data[214020210000]
12-30 11:16:04.358   398   464 D adayocomadapter-ParseProtocolFunc: printRaWMsg Name[IPCLtoVHAL] len[6] data[214021C80000]
12-30 11:16:04.358   398   464 D adayocomadapter-ParseProtocolFunc: printRaWMsg Name[IPCLtoVHAL] len[7] data[2140200A000000]
12-30 11:16:04.358   398   464 D adayocomadapter-ParseProtocolFunc: printRaWMsg Name[IPCLtoVHAL] len[6] data[2140223E0000]
12-30 11:16:04.358   398   464 D adayocomadapter-ParseProtocolFunc: printRaWMsg Name[IPCLtoVHAL] len[6] data[214021190000]
12-30 11:16:04.358   398   464 D adayocomadapter-ParseProtocolFunc: printRaWMsg Name[IPCLtoVHAL] len[6] data[214020050000]
12-30 11:16:04.358   398   464 D adayocomadapter-ParseProtocolFunc: printRaWMsg Name[IPCLtoVHAL] len[6] data[2140214E0000]
12-30 11:16:04.358   398   464 D adayocomadapter-ParseProtocolFunc: printRaWMsg Name[IPCLtoVHAL] len[6] data[214020560000]
12-30 11:16:04.358   398   464 D adayocomadapter-ParseProtocolFunc: printRaWMsg Name[IPCLtoVHAL] len[6] data[214020570000]
12-30 11:16:04.358   398   464 D adayocomadapter-ParseProtocolFunc: printRaWMsg Name[IPCLtoVHAL] len[6] data[214020580000]
12-30 11:16:04.358   398   464 D adayocomadapter-ParseProtocolFunc: printRaWMsg Name[IPCLtoVHAL] len[6] data[2140205A0000]
12-30 11:16:04.358   398   464 D adayocomadapter-ParseProtocolFunc: printRaWMsg Name[IPCLtoVHAL] len[6] data[2140205B0000]
12-30 11:16:04.358   398   464 D adayocomadapter-ParseProtocolFunc: printRaWMsg Name[IPCLtoVHAL] len[6] data[2140205C0000]
12-30 11:16:04.358   398   464 D adayocomadapter-ParseProtocolFunc: printRaWMsg Name[IPCLtoVHAL] len[6] data[2140218E0000]
12-30 11:16:04.358   398   464 D adayocomadapter-ParseProtocolFunc: printRaWMsg Name[IPCLtoVHAL] len[6] data[2140218F0000]
12-30 11:16:04.358   398   464 D adayocomadapter-ParseProtocolFunc: printRaWMsg Name[IPCLtoVHAL] len[6] data[214021910000]
12-30 11:16:04.358   398   464 D adayocomadapter-ParseProtocolFunc: printRaWMsg Name[IPCLtoVHAL] len[6] data[2140223D0000]
12-30 11:16:04.358   398   464 D adayocomadapter-CommunicationManager: onUpstreamReceive mPropertyId 0x2140200f
12-30 11:16:04.358   398   464 D adayocomadapter-CommunicationManager: convertBytesToInt32Memcpy  0
12-30 11:16:04.358   398   464 I vw-vhal : notifyVehicleProperty, propId = 0x2140200f, data = {status: 2, int32Values: [0]}
12-30 11:16:04.358   398   464 I vw-vhal : CanSignalsAdapter::notifyVehicleProperty: solvedValue = {.timestamp = 9500180552463, .areaId = 0, .prop = 557850639, .status = AVAILABLE, .value = {.int32Values = [1]{0}, .floatValues = [0]{}, .int64Values = [0]{}, .bytes = [0]{}, .stringValue = ""}}
12-30 11:16:04.358   398   464 I VehiclePropertyStore: begin to write value to Store: {.timestamp = 9500180552463, .areaId = 0, .prop = 557850639, .status = AVAILABLE, .value = {.int32Values = [1]{0}, .floatValues = [0]{}, .int64Values = [0]{}, .bytes = [0]{}, .stringValue = ""}}
12-30 11:16:04.358   398   464 I DefaultVehicleHal_v2_0: DefaultVehicleHal::onPropertyValue, value:{.timestamp = 9500180552463, .areaId = 0, .prop = 557850639, .status = AVAILABLE, .value = {.int32Values = [1]{0}, .floatValues = [0]{}, .int64Values = [0]{}, .bytes = [0]{}, .stringValue = ""}}
12-30 11:16:04.358   398   464 D DiagPropHandler: is not DiagnosticConfig: 0x2140200f
12-30 11:16:04.358   398   464 I VehiclePropertyStore: begin to write value to Store: {.timestamp = 9500180552463, .areaId = 0, .prop = 557850639, .status = AVAILABLE, .value = {.int32Values = [1]{0}, .floatValues = [0]{}, .int64Values = [0]{}, .bytes = [0]{}, .stringValue = ""}}
12-30 11:16:04.358   398   464 D adayocomadapter-CommunicationManager: onUpstreamReceive mPropertyId 0x2140200f
12-30 11:16:04.358   398   464 D adayocomadapter-CommunicationManager: onUpstreamReceive mPropertyId 0x214020b0
12-30 11:16:04.358   398   464 D adayocomadapter-CommunicationManager: convertBytesToInt32Memcpy  0
12-30 11:16:04.358   398   464 I vw-vhal : notifyVehicleProperty, propId = 0x214020b0, data = {status: 2, int32Values: [0]}
12-30 11:16:04.358   398   464 I vw-vhal : CanSignalsAdapter::notifyVehicleProperty: solvedValue = {.timestamp = 9500180776130, .areaId = 0, .prop = 557850800, .status = AVAILABLE, .value = {.int32Values = [1]{0}, .floatValues = [0]{}, .int64Values = [0]{}, .bytes = [0]{}, .stringValue = ""}}
12-30 11:16:04.358   398   464 I VehiclePropertyStore: begin to write value to Store: {.timestamp = 9500180776130, .areaId = 0, .prop = 557850800, .status = AVAILABLE, .value = {.int32Values = [1]{0}, .floatValues = [0]{}, .int64Values = [0]{}, .bytes = [0]{}, .stringValue = ""}}
12-30 11:16:04.358   398   464 I DefaultVehicleHal_v2_0: DefaultVehicleHal::onPropertyValue, value:{.timestamp = 9500180776130, .areaId = 0, .prop = 557850800, .status = AVAILABLE, .value = {.int32Values = [1]{0}, .floatValues = [0]{}, .int64Values = [0]{}, .bytes = [0]{}, .stringValue = ""}}
12-30 11:16:04.359   398   464 D DiagPropHandler: is not DiagnosticConfig: 0x214020b0
12-30 11:16:04.359   398   464 I VehiclePropertyStore: begin to write value to Store: {.timestamp = 9500180776130, .areaId = 0, .prop = 557850800, .status = AVAILABLE, .value = {.int32Values = [1]{0}, .floatValues = [0]{}, .int64Values = [0]{}, .bytes = [0]{}, .stringValue = ""}}
12-30 11:16:04.359   398   464 D adayocomadapter-CommunicationManager: onUpstreamReceive mPropertyId 0x214020b0
12-30 11:16:04.359   398   464 D adayocomadapter-CommunicationManager: onUpstreamReceive mPropertyId 0x21412016
12-30 11:16:04.359   398   464 I vw-vhal : notifyVehicleProperty, propId = 0x21412016, data = {status: 2, int32Values: [0, 0, 0]}
12-30 11:16:04.359   398   464 I vw-vhal : CanSignalsAdapter::notifyVehicleProperty: solvedValue = {.timestamp = 9500180959130, .areaId = 0, .prop = 557916182, .status = AVAILABLE, .value = {.int32Values = [3]{0, 0, 0}, .floatValues = [0]{}, .int64Values = [0]{}, .bytes = [0]{}, .stringValue = ""}}
12-30 11:16:04.359   398   464 I VehiclePropertyStore: begin to write value to Store: {.timestamp = 9500180959130, .areaId = 0, .prop = 557916182, .status = AVAILABLE, .value = {.int32Values = [3]{0, 0, 0}, .floatValues = [0]{}, .int64Values = [0]{}, .bytes = [0]{}, .stringValue = ""}}
12-30 11:16:04.359   398   464 I DefaultVehicleHal_v2_0: DefaultVehicleHal::onPropertyValue, value:{.timestamp = 9500180959130, .areaId = 0, .prop = 557916182, .status = AVAILABLE, .value = {.int32Values = [3]{0, 0, 0}, .floatValues = [0]{}, .int64Values = [0]{}, .bytes = [0]{}, .stringValue = ""}}
12-30 11:16:04.359   398   464 D DiagPropHandler: is not DiagnosticConfig: 0x21412016
12-30 11:16:04.359   398   464 I VehiclePropertyStore: begin to write value to Store: {.timestamp = 9500180959130, .areaId = 0, .prop = 557916182, .status = AVAILABLE, .value = {.int32Values = [3]{0, 0, 0}, .floatValues = [0]{}, .int64Values = [0]{}, .bytes = [0]{}, .stringValue = ""}}
12-30 11:16:04.359   398   464 D adayocomadapter-CommunicationManager: onUpstreamReceive mPropertyId 0x21412016
12-30 11:16:04.359   398   464 D adayocomadapter-CommunicationManager: onUpstreamReceive mPropertyId 0x21402059
12-30 11:16:04.359   398   464 D adayocomadapter-CommunicationManager: convertBytesToInt32Memcpy  0
12-30 11:16:04.359   398   464 I vw-vhal : notifyVehicleProperty, propId = 0x21402059, data = {status: 2, int32Values: [0]}
12-30 11:16:04.359   398   464 I vw-vhal : CanSignalsAdapter::notifyVehicleProperty: solvedValue = {.timestamp = 9500181179130, .areaId = 0, .prop = 557850713, .status = AVAILABLE, .value = {.int32Values = [1]{0}, .floatValues = [0]{}, .int64Values = [0]{}, .bytes = [0]{}, .stringValue = ""}}
12-30 11:16:04.359   398   464 I VehiclePropertyStore: begin to write value to Store: {.timestamp = 9500181179130, .areaId = 0, .prop = 557850713, .status = AVAILABLE, .value = {.int32Values = [1]{0}, .floatValues = [0]{}, .int64Values = [0]{}, .bytes = [0]{}, .stringValue = ""}}
12-30 11:16:04.359   398   464 I DefaultVehicleHal_v2_0: DefaultVehicleHal::onPropertyValue, value:{.timestamp = 9500181179130, .areaId = 0, .prop = 557850713, .status = AVAILABLE, .value = {.int32Values = [1]{0}, .floatValues = [0]{}, .int64Values = [0]{}, .bytes = [0]{}, .stringValue = ""}}
12-30 11:16:04.359   398   464 D DiagPropHandler: is not DiagnosticConfig: 0x21402059
12-30 11:16:04.359   398   464 I VehiclePropertyStore: begin to write value to Store: {.timestamp = 9500181179130, .areaId = 0, .prop = 557850713, .status = AVAILABLE, .value = {.int32Values = [1]{0}, .floatValues = [0]{}, .int64Values = [0]{}, .bytes = [0]{}, .stringValue = ""}}
12-30 11:16:04.359   398   464 D adayocomadapter-CommunicationManager: onUpstreamReceive mPropertyId 0x21402059
12-30 11:16:04.359   398   464 D adayocomadapter-CommunicationManager: onUpstreamReceive mPropertyId 0x2140201a
12-30 11:16:04.359   398   464 D adayocomadapter-CommunicationManager: convertBytesToInt32Memcpy  0
12-30 11:16:04.359   398   464 I vw-vhal : notifyVehicleProperty, propId = 0x2140201a, data = {status: 2, int32Values: [0]}
12-30 11:16:04.359   398   464 I vw-vhal : CanSignalsAdapter::notifyVehicleProperty: solvedValue = {.timestamp = 9500181376797, .areaId = 0, .prop = 557850650, .status = AVAILABLE, .value = {.int32Values = [1]{0}, .floatValues = [0]{}, .int64Values = [0]{}, .bytes = [0]{}, .stringValue = ""}}
12-30 11:16:04.359   398   464 I VehiclePropertyStore: begin to write value to Store: {.timestamp = 9500181376797, .areaId = 0, .prop = 557850650, .status = AVAILABLE, .value = {.int32Values = [1]{0}, .floatValues = [0]{}, .int64Values = [0]{}, .bytes = [0]{}, .stringValue = ""}}
12-30 11:16:04.359   398   464 I DefaultVehicleHal_v2_0: DefaultVehicleHal::onPropertyValue, value:{.timestamp = 9500181376797, .areaId = 0, .prop = 557850650, .status = AVAILABLE, .value = {.int32Values = [1]{0}, .floatValues = [0]{}, .int64Values = [0]{}, .bytes = [0]{}, .stringValue = ""}}
12-30 11:16:04.359   398   464 D DiagPropHandler: is not DiagnosticConfig: 0x2140201a
12-30 11:16:04.359   398   464 I VehiclePropertyStore: begin to write value to Store: {.timestamp = 9500181376797, .areaId = 0, .prop = 557850650, .status = AVAILABLE, .value = {.int32Values = [1]{0}, .floatValues = [0]{}, .int64Values = [0]{}, .bytes = [0]{}, .stringValue = ""}}
12-30 11:16:04.359   398   464 D adayocomadapter-CommunicationManager: onUpstreamReceive mPropertyId 0x2140201a
12-30 11:16:04.359   398   464 D adayocomadapter-CommunicationManager: onUpstreamReceive mPropertyId 0x21402010
12-30 11:16:04.359   398   464 D adayocomadapter-CommunicationManager: convertBytesToInt32Memcpy  0
12-30 11:16:04.359   398   464 I vw-vhal : notifyVehicleProperty, propId = 0x21402010, data = {status: 2, int32Values: [0]}
12-30 11:16:04.359   398   464 I vw-vhal : CanSignalsAdapter::notifyVehicleProperty: solvedValue = {.timestamp = 9500181563797, .areaId = 0, .prop = 557850640, .status = AVAILABLE, .value = {.int32Values = [1]{0}, .floatValues = [0]{}, .int64Values = [0]{}, .bytes = [0]{}, .stringValue = ""}}
12-30 11:16:04.359   398   464 I VehiclePropertyStore: begin to write value to Store: {.timestamp = 9500181563797, .areaId = 0, .prop = 557850640, .status = AVAILABLE, .value = {.int32Values = [1]{0}, .floatValues = [0]{}, .int64Values = [0]{}, .bytes = [0]{}, .stringValue = ""}}
12-30 11:16:04.359   398   464 I DefaultVehicleHal_v2_0: DefaultVehicleHal::onPropertyValue, value:{.timestamp = 9500181563797, .areaId = 0, .prop = 557850640, .status = AVAILABLE, .value = {.int32Values = [1]{0}, .floatValues = [0]{}, .int64Values = [0]{}, .bytes = [0]{}, .stringValue = ""}}
12-30 11:16:04.359   398   464 D DiagPropHandler: is not DiagnosticConfig: 0x21402010
12-30 11:16:04.359   398   464 I VehiclePropertyStore: begin to write value to Store: {.timestamp = 9500181563797, .areaId = 0, .prop = 557850640, .status = AVAILABLE, .value = {.int32Values = [1]{0}, .floatValues = [0]{}, .int64Values = [0]{}, .bytes = [0]{}, .stringValue = ""}}
12-30 11:16:04.359   398   464 D adayocomadapter-CommunicationManager: onUpstreamReceive mPropertyId 0x21402010
12-30 11:16:04.359   398   464 D adayocomadapter-CommunicationManager: onUpstreamReceive mPropertyId 0x21402055
12-30 11:16:04.359   398   464 D adayocomadapter-CommunicationManager: convertBytesToInt32Memcpy  0
12-30 11:16:04.359   398   464 I vw-vhal : notifyVehicleProperty, propId = 0x21402055, data = {status: 2, int32Values: [0]}
12-30 11:16:04.359   398   464 I vw-vhal : CanSignalsAdapter::notifyVehicleProperty: solvedValue = {.timestamp = 9500181756130, .areaId = 0, .prop = 557850709, .status = AVAILABLE, .value = {.int32Values = [1]{0}, .floatValues = [0]{}, .int64Values = [0]{}, .bytes = [0]{}, .stringValue = ""}}
12-30 11:16:04.359   398   464 I VehiclePropertyStore: begin to write value to Store: {.timestamp = 9500181756130, .areaId = 0, .prop = 557850709, .status = AVAILABLE, .value = {.int32Values = [1]{0}, .floatValues = [0]{}, .int64Values = [0]{}, .bytes = [0]{}, .stringValue = ""}}
12-30 11:16:04.359   398   464 I DefaultVehicleHal_v2_0: DefaultVehicleHal::onPropertyValue, value:{.timestamp = 9500181756130, .areaId = 0, .prop = 557850709, .status = AVAILABLE, .value = {.int32Values = [1]{0}, .floatValues = [0]{}, .int64Values = [0]{}, .bytes = [0]{}, .stringValue = ""}}
12-30 11:16:04.359   398   464 D DiagPropHandler: is not DiagnosticConfig: 0x21402055
12-30 11:16:04.360   398   464 I VehiclePropertyStore: begin to write value to Store: {.timestamp = 9500181756130, .areaId = 0, .prop = 557850709, .status = AVAILABLE, .value = {.int32Values = [1]{0}, .floatValues = [0]{}, .int64Values = [0]{}, .bytes = [0]{}, .stringValue = ""}}
12-30 11:16:04.360   398   464 D adayocomadapter-CommunicationManager: onUpstreamReceive mPropertyId 0x21402055
12-30 11:16:04.360   398   464 D adayocomadapter-CommunicationManager: onUpstreamReceive mPropertyId 0x214020b1
12-30 11:16:04.360   398   464 D adayocomadapter-CommunicationManager: convertBytesToInt32Memcpy  0
12-30 11:16:04.360   398   464 I vw-vhal : notifyVehicleProperty, propId = 0x214020b1, data = {status: 2, int32Values: [0]}
12-30 11:16:04.360   398   464 I vw-vhal : CanSignalsAdapter::notifyVehicleProperty: solvedValue = {.timestamp = 9500181964797, .areaId = 0, .prop = 557850801, .status = AVAILABLE, .value = {.int32Values = [1]{0}, .floatValues = [0]{}, .int64Values = [0]{}, .bytes = [0]{}, .stringValue = ""}}
12-30 11:16:04.360   398   464 I VehiclePropertyStore: begin to write value to Store: {.timestamp = 9500181964797, .areaId = 0, .prop = 557850801, .status = AVAILABLE, .value = {.int32Values = [1]{0}, .floatValues = [0]{}, .int64Values = [0]{}, .bytes = [0]{}, .stringValue = ""}}
12-30 11:16:04.360   398   464 I DefaultVehicleHal_v2_0: DefaultVehicleHal::onPropertyValue, value:{.timestamp = 9500181964797, .areaId = 0, .prop = 557850801, .status = AVAILABLE, .value = {.int32Values = [1]{0}, .floatValues = [0]{}, .int64Values = [0]{}, .bytes = [0]{}, .stringValue = ""}}
12-30 11:16:04.360   398   464 D DiagPropHandler: is not DiagnosticConfig: 0x214020b1
12-30 11:16:04.360   398   464 I VehiclePropertyStore: begin to write value to Store: {.timestamp = 9500181964797, .areaId = 0, .prop = 557850801, .status = AVAILABLE, .value = {.int32Values = [1]{0}, .floatValues = [0]{}, .int64Values = [0]{}, .bytes = [0]{}, .stringValue = ""}}
12-30 11:16:04.360   398   464 D adayocomadapter-CommunicationManager: onUpstreamReceive mPropertyId 0x214020b1
12-30 11:16:04.360   398   464 D adayocomadapter-CommunicationManager: onUpstreamReceive mPropertyId 0x2140201b
12-30 11:16:04.360   398   464 D adayocomadapter-CommunicationManager: convertBytesToInt32Memcpy  0
12-30 11:16:04.360   398   464 I vw-vhal : notifyVehicleProperty, propId = 0x2140201b, data = {status: 2, int32Values: [0]}
12-30 11:16:04.360   398   464 I vw-vhal : CanSignalsAdapter::notifyVehicleProperty: solvedValue = {.timestamp = 9500182159130, .areaId = 0, .prop = 557850651, .status = AVAILABLE, .value = {.int32Values = [1]{0}, .floatValues = [0]{}, .int64Values = [0]{}, .bytes = [0]{}, .stringValue = ""}}
12-30 11:16:04.360   398   464 I VehiclePropertyStore: begin to write value to Store: {.timestamp = 9500182159130, .areaId = 0, .prop = 557850651, .status = AVAILABLE, .value = {.int32Values = [1]{0}, .floatValues = [0]{}, .int64Values = [0]{}, .bytes = [0]{}, .stringValue = ""}}
12-30 11:16:04.360   398   464 I DefaultVehicleHal_v2_0: DefaultVehicleHal::onPropertyValue, value:{.timestamp = 9500182159130, .areaId = 0, .prop = 557850651, .status = AVAILABLE, .value = {.int32Values = [1]{0}, .floatValues = [0]{}, .int64Values = [0]{}, .bytes = [0]{}, .stringValue = ""}}
12-30 11:16:04.360   398   464 D DiagPropHandler: is not DiagnosticConfig: 0x2140201b
12-30 11:16:04.360   398   464 I VehiclePropertyStore: begin to write value to Store: {.timestamp = 9500182159130, .areaId = 0, .prop = 557850651, .status = AVAILABLE, .value = {.int32Values = [1]{0}, .floatValues = [0]{}, .int64Values = [0]{}, .bytes = [0]{}, .stringValue = ""}}
12-30 11:16:04.360   398   464 D adayocomadapter-CommunicationManager: onUpstreamReceive mPropertyId 0x2140201b
12-30 11:16:04.360   398   464 D adayocomadapter-CommunicationManager: onUpstreamReceive mPropertyId 0x21402018
12-30 11:16:04.360   398   464 D adayocomadapter-CommunicationManager: convertBytesToInt32Memcpy  0
12-30 11:16:04.360   398   464 I vw-vhal : notifyVehicleProperty, propId = 0x21402018, data = {status: 2, int32Values: [0]}
12-30 11:16:04.360   398   464 I vw-vhal : CanSignalsAdapter::notifyVehicleProperty: solvedValue = {.timestamp = 9500182345463, .areaId = 0, .prop = 557850648, .status = AVAILABLE, .value = {.int32Values = [1]{0}, .floatValues = [0]{}, .int64Values = [0]{}, .bytes = [0]{}, .stringValue = ""}}
12-30 11:16:04.360   398   464 I VehiclePropertyStore: begin to write value to Store: {.timestamp = 9500182345463, .areaId = 0, .prop = 557850648, .status = AVAILABLE, .value = {.int32Values = [1]{0}, .floatValues = [0]{}, .int64Values = [0]{}, .bytes = [0]{}, .stringValue = ""}}
12-30 11:16:04.360   398   464 I DefaultVehicleHal_v2_0: DefaultVehicleHal::onPropertyValue, value:{.timestamp = 9500182345463, .areaId = 0, .prop = 557850648, .status = AVAILABLE, .value = {.int32Values = [1]{0}, .floatValues = [0]{}, .int64Values = [0]{}, .bytes = [0]{}, .stringValue = ""}}
12-30 11:16:04.360   398   464 D DiagPropHandler: is not DiagnosticConfig: 0x21402018
12-30 11:16:04.360   398   464 I VehiclePropertyStore: begin to write value to Store: {.timestamp = 9500182345463, .areaId = 0, .prop = 557850648, .status = AVAILABLE, .value = {.int32Values = [1]{0}, .floatValues = [0]{}, .int64Values = [0]{}, .bytes = [0]{}, .stringValue = ""}}
12-30 11:16:04.360   398   464 D adayocomadapter-CommunicationManager: onUpstreamReceive mPropertyId 0x21402018
12-30 11:16:04.360   398   464 D adayocomadapter-CommunicationManager: onUpstreamReceive mPropertyId 0x21402190
12-30 11:16:04.360   398   464 D adayocomadapter-CommunicationManager: convertBytesToInt32Memcpy  0
12-30 11:16:04.360   398   464 I vw-vhal : notifyVehicleProperty, propId = 0x21402190, data = {status: 2, int32Values: [0]}
12-30 11:16:04.360   398   464 I vw-vhal : CanSignalsAdapter::notifyVehicleProperty: solvedValue = {.timestamp = 9500182531463, .areaId = 0, .prop = 557851024, .status = AVAILABLE, .value = {.int32Values = [1]{0}, .floatValues = [0]{}, .int64Values = [0]{}, .bytes = [0]{}, .stringValue = ""}}
