12-30 11:15:59.449   398   464 D adayocomadapter-CommunicationManager: onUpstreamReceive mPropertyId 0x2140214b
12-30 11:15:59.449   398   464 D adayocomadapter-CommunicationManager: onUpstreamReceive mPropertyId 0x21402141
12-30 11:15:59.449   398   464 D adayocomadapter-CommunicationManager: convertBytesToInt32Memcpy  0
12-30 11:15:59.449   398   464 I vw-vhal : notifyVehicleProperty, propId = 0x21402141, data = {status: 2, int32Values: [0]}
12-30 11:15:59.449   398   464 I vw-vhal : CanSignalsAdapter::notifyVehicleProperty: solvedValue = {.timestamp = 9495271075463, .areaId = 0, .prop = 557850945, .status = AVAILABLE, .value = {.int32Values = [1]{0}, .floatValues = [0]{}, .int64Values = [0]{}, .bytes = [0]{}, .stringValue = ""}}
12-30 11:15:59.449   398   464 I VehiclePropertyStore: begin to write value to Store: {.timestamp = 9495271075463, .areaId = 0, .prop = 557850945, .status = AVAILABLE, .value = {.int32Values = [1]{0}, .floatValues = [0]{}, .int64Values = [0]{}, .bytes = [0]{}, .stringValue = ""}}
12-30 11:15:59.449   398   464 I DefaultVehicleHal_v2_0: DefaultVehicleHal::onPropertyValue, value:{.timestamp = 9495271075463, .areaId = 0, .prop = 557850945, .status = AVAILABLE, .value = {.int32Values = [1]{0}, .floatValues = [0]{}, .int64Values = [0]{}, .bytes = [0]{}, .stringValue = ""}}
12-30 11:15:59.449   398   464 D DiagPropHandler: is not DiagnosticConfig: 0x21402141
12-30 11:15:59.449   398   464 I VehiclePropertyStore: begin to write value to Store: {.timestamp = 9495271075463, .areaId = 0, .prop = 557850945, .status = AVAILABLE, .value = {.int32Values = [1]{0}, .floatValues = [0]{}, .int64Values = [0]{}, .bytes = [0]{}, .stringValue = ""}}
12-30 11:15:59.449   398   464 D adayocomadapter-CommunicationManager: onUpstreamReceive mPropertyId 0x21402141
12-30 11:15:59.449   398   464 D adayocomadapter-CommunicationManager: onUpstreamReceive mPropertyId 0x21402142
12-30 11:15:59.449   398   464 D adayocomadapter-CommunicationManager: convertBytesToInt32Memcpy  0
12-30 11:15:59.449   398   464 I vw-vhal : notifyVehicleProperty, propId = 0x21402142, data = {status: 2, int32Values: [0]}
12-30 11:15:59.449   398   464 I vw-vhal : CanSignalsAdapter::notifyVehicleProperty: solvedValue = {.timestamp = 9495271289463, .areaId = 0, .prop = 557850946, .status = AVAILABLE, .value = {.int32Values = [1]{0}, .floatValues = [0]{}, .int64Values = [0]{}, .bytes = [0]{}, .stringValue = ""}}
12-30 11:15:59.449   398   464 I VehiclePropertyStore: begin to write value to Store: {.timestamp = 9495271289463, .areaId = 0, .prop = 557850946, .status = AVAILABLE, .value = {.int32Values = [1]{0}, .floatValues = [0]{}, .int64Values = [0]{}, .bytes = [0]{}, .stringValue = ""}}
12-30 11:15:59.449   398   464 I DefaultVehicleHal_v2_0: DefaultVehicleHal::onPropertyValue, value:{.timestamp = 9495271289463, .areaId = 0, .prop = 557850946, .status = AVAILABLE, .value = {.int32Values = [1]{0}, .floatValues = [0]{}, .int64Values = [0]{}, .bytes = [0]{}, .stringValue = ""}}
12-30 11:15:59.449   398   464 D DiagPropHandler: is not DiagnosticConfig: 0x21402142
12-30 11:15:59.449   398   464 I VehiclePropertyStore: begin to write value to Store: {.timestamp = 9495271289463, .areaId = 0, .prop = 557850946, .status = AVAILABLE, .value = {.int32Values = [1]{0}, .floatValues = [0]{}, .int64Values = [0]{}, .bytes = [0]{}, .stringValue = ""}}
12-30 11:15:59.449   398   464 D adayocomadapter-CommunicationManager: onUpstreamReceive mPropertyId 0x21402142
12-30 11:15:59.449   398   464 D adayocomadapter-CommunicationManager: onUpstreamReceive mPropertyId 0x2140214d
12-30 11:15:59.449   398   464 D adayocomadapter-CommunicationManager: convertBytesToInt32Memcpy  0
12-30 11:15:59.449   398   464 I vw-vhal : notifyVehicleProperty, propId = 0x2140214d, data = {status: 2, int32Values: [0]}
12-30 11:15:59.449   398   464 I vw-vhal : CanSignalsAdapter::notifyVehicleProperty: solvedValue = {.timestamp = 9495271488129, .areaId = 0, .prop = 557850957, .status = AVAILABLE, .value = {.int32Values = [1]{0}, .floatValues = [0]{}, .int64Values = [0]{}, .bytes = [0]{}, .stringValue = ""}}
12-30 11:15:59.449   398   464 I VehiclePropertyStore: begin to write value to Store: {.timestamp = 9495271488129, .areaId = 0, .prop = 557850957, .status = AVAILABLE, .value = {.int32Values = [1]{0}, .floatValues = [0]{}, .int64Values = [0]{}, .bytes = [0]{}, .stringValue = ""}}
12-30 11:15:59.449   398   464 I DefaultVehicleHal_v2_0: DefaultVehicleHal::onPropertyValue, value:{.timestamp = 9495271488129, .areaId = 0, .prop = 557850957, .status = AVAILABLE, .value = {.int32Values = [1]{0}, .floatValues = [0]{}, .int64Values = [0]{}, .bytes = [0]{}, .stringValue = ""}}
12-30 11:15:59.449   398   464 D DiagPropHandler: is not DiagnosticConfig: 0x2140214d
12-30 11:15:59.449   398   464 I VehiclePropertyStore: begin to write value to Store: {.timestamp = 9495271488129, .areaId = 0, .prop = 557850957, .status = AVAILABLE, .value = {.int32Values = [1]{0}, .floatValues = [0]{}, .int64Values = [0]{}, .bytes = [0]{}, .stringValue = ""}}
12-30 11:15:59.449   398   464 D adayocomadapter-CommunicationManager: onUpstreamReceive mPropertyId 0x2140214d
12-30 11:15:59.449   398   464 D adayocomadapter-CommunicationManager: onUpstreamReceive mPropertyId 0x214021d7
12-30 11:15:59.449   398   464 D adayocomadapter-CommunicationManager: convertBytesToInt32Memcpy  0
12-30 11:15:59.449   398   464 I vw-vhal : notifyVehicleProperty, propId = 0x214021d7, data = {status: 2, int32Values: [0]}
12-30 11:15:59.449   398   464 I vw-vhal : CanSignalsAdapter::notifyVehicleProperty: solvedValue = {.timestamp = 9495271680463, .areaId = 0, .prop = 557851095, .status = AVAILABLE, .value = {.int32Values = [1]{0}, .floatValues = [0]{}, .int64Values = [0]{}, .bytes = [0]{}, .stringValue = ""}}
12-30 11:15:59.449   398   464 I VehiclePropertyStore: begin to write value to Store: {.timestamp = 9495271680463, .areaId = 0, .prop = 557851095, .status = AVAILABLE, .value = {.int32Values = [1]{0}, .floatValues = [0]{}, .int64Values = [0]{}, .bytes = [0]{}, .stringValue = ""}}
12-30 11:15:59.449   398   464 I DefaultVehicleHal_v2_0: DefaultVehicleHal::onPropertyValue, value:{.timestamp = 9495271680463, .areaId = 0, .prop = 557851095, .status = AVAILABLE, .value = {.int32Values = [1]{0}, .floatValues = [0]{}, .int64Values = [0]{}, .bytes = [0]{}, .stringValue = ""}}
12-30 11:15:59.449   398   464 D DiagPropHandler: is not DiagnosticConfig: 0x214021d7
12-30 11:15:59.449   398   464 I VehiclePropertyStore: begin to write value to Store: {.timestamp = 9495271680463, .areaId = 0, .prop = 557851095, .status = AVAILABLE, .value = {.int32Values = [1]{0}, .floatValues = [0]{}, .int64Values = [0]{}, .bytes = [0]{}, .stringValue = ""}}
12-30 11:15:59.449   398   464 D adayocomadapter-CommunicationManager: onUpstreamReceive mPropertyId 0x214021d7
12-30 11:15:59.449   398   464 D adayocomadapter-CommunicationManager: onUpstreamReceive mPropertyId 0x21402143
12-30 11:15:59.449   398   464 D adayocomadapter-CommunicationManager: convertBytesToInt32Memcpy  0
12-30 11:15:59.450   398   464 I vw-vhal : notifyVehicleProperty, propId = 0x21402143, data = {status: 2, int32Values: [0]}
12-30 11:15:59.450   398   464 I vw-vhal : CanSignalsAdapter::notifyVehicleProperty: solvedValue = {.timestamp = 9495271878463, .areaId = 0, .prop = 557850947, .status = AVAILABLE, .value = {.int32Values = [1]{0}, .floatValues = [0]{}, .int64Values = [0]{}, .bytes = [0]{}, .stringValue = ""}}
12-30 11:15:59.450   398   464 I VehiclePropertyStore: begin to write value to Store: {.timestamp = 9495271878463, .areaId = 0, .prop = 557850947, .status = AVAILABLE, .value = {.int32Values = [1]{0}, .floatValues = [0]{}, .int64Values = [0]{}, .bytes = [0]{}, .stringValue = ""}}
12-30 11:15:59.450   398   464 I DefaultVehicleHal_v2_0: DefaultVehicleHal::onPropertyValue, value:{.timestamp = 9495271878463, .areaId = 0, .prop = 557850947, .status = AVAILABLE, .value = {.int32Values = [1]{0}, .floatValues = [0]{}, .int64Values = [0]{}, .bytes = [0]{}, .stringValue = ""}}
12-30 11:15:59.450   398   464 D DiagPropHandler: is not DiagnosticConfig: 0x21402143
12-30 11:15:59.450   398   464 I VehiclePropertyStore: begin to write value to Store: {.timestamp = 9495271878463, .areaId = 0, .prop = 557850947, .status = AVAILABLE, .value = {.int32Values = [1]{0}, .floatValues = [0]{}, .int64Values = [0]{}, .bytes = [0]{}, .stringValue = ""}}
12-30 11:15:59.450   398   464 D adayocomadapter-CommunicationManager: onUpstreamReceive mPropertyId 0x21402143
12-30 11:15:59.450   398   464 D adayocomadapter-CommunicationManager: onUpstreamReceive mPropertyId 0x21402146
12-30 11:15:59.450   398   464 D adayocomadapter-CommunicationManager: convertBytesToInt32Memcpy  0
12-30 11:15:59.450   398   464 I vw-vhal : notifyVehicleProperty, propId = 0x21402146, data = {status: 2, int32Values: [0]}
12-30 11:15:59.450   398   464 I vw-vhal : CanSignalsAdapter::notifyVehicleProperty: solvedValue = {.timestamp = 9495272093463, .areaId = 0, .prop = 557850950, .status = AVAILABLE, .value = {.int32Values = [1]{0}, .floatValues = [0]{}, .int64Values = [0]{}, .bytes = [0]{}, .stringValue = ""}}
12-30 11:15:59.450   398   464 I VehiclePropertyStore: begin to write value to Store: {.timestamp = 9495272093463, .areaId = 0, .prop = 557850950, .status = AVAILABLE, .value = {.int32Values = [1]{0}, .floatValues = [0]{}, .int64Values = [0]{}, .bytes = [0]{}, .stringValue = ""}}
12-30 11:15:59.450   398   464 I DefaultVehicleHal_v2_0: DefaultVehicleHal::onPropertyValue, value:{.timestamp = 9495272093463, .areaId = 0, .prop = 557850950, .status = AVAILABLE, .value = {.int32Values = [1]{0}, .floatValues = [0]{}, .int64Values = [0]{}, .bytes = [0]{}, .stringValue = ""}}
12-30 11:15:59.450   398   464 D DiagPropHandler: is not DiagnosticConfig: 0x21402146
12-30 11:15:59.450   398   464 I VehiclePropertyStore: begin to write value to Store: {.timestamp = 9495272093463, .areaId = 0, .prop = 557850950, .status = AVAILABLE, .value = {.int32Values = [1]{0}, .floatValues = [0]{}, .int64Values = [0]{}, .bytes = [0]{}, .stringValue = ""}}
12-30 11:15:59.450   398   464 D adayocomadapter-CommunicationManager: onUpstreamReceive mPropertyId 0x21402146
12-30 11:15:59.450   398   464 D adayocomadapter-CommunicationManager: onUpstreamReceive mPropertyId 0x21402147
12-30 11:15:59.450   398   464 D adayocomadapter-CommunicationManager: convertBytesToInt32Memcpy  0
12-30 11:15:59.450   398   464 I vw-vhal : notifyVehicleProperty, propId = 0x21402147, data = {status: 2, int32Values: [0]}
12-30 11:15:59.450   398   464 I vw-vhal : CanSignalsAdapter::notifyVehicleProperty: solvedValue = {.timestamp = 9495272291463, .areaId = 0, .prop = 557850951, .status = AVAILABLE, .value = {.int32Values = [1]{0}, .floatValues = [0]{}, .int64Values = [0]{}, .bytes = [0]{}, .stringValue = ""}}
12-30 11:15:59.451   398   464 I VehiclePropertyStore: begin to write value to Store: {.timestamp = 9495272291463, .areaId = 0, .prop = 557850951, .status = AVAILABLE, .value = {.int32Values = [1]{0}, .floatValues = [0]{}, .int64Values = [0]{}, .bytes = [0]{}, .stringValue = ""}}
12-30 11:15:59.451   398   464 I DefaultVehicleHal_v2_0: DefaultVehicleHal::onPropertyValue, value:{.timestamp = 9495272291463, .areaId = 0, .prop = 557850951, .status = AVAILABLE, .value = {.int32Values = [1]{0}, .floatValues = [0]{}, .int64Values = [0]{}, .bytes = [0]{}, .stringValue = ""}}
12-30 11:15:59.451   398   464 D DiagPropHandler: is not DiagnosticConfig: 0x21402147
12-30 11:15:59.451   398   464 I VehiclePropertyStore: begin to write value to Store: {.timestamp = 9495272291463, .areaId = 0, .prop = 557850951, .status = AVAILABLE, .value = {.int32Values = [1]{0}, .floatValues = [0]{}, .int64Values = [0]{}, .bytes = [0]{}, .stringValue = ""}}
12-30 11:15:59.451   398   464 D adayocomadapter-CommunicationManager: onUpstreamReceive mPropertyId 0x21402147
12-30 11:15:59.451   398   464 D adayocomadapter-CommunicationManager: onUpstreamReceive mPropertyId 0x21402148
12-30 11:15:59.451   398   464 D adayocomadapter-CommunicationManager: convertBytesToInt32Memcpy  0
12-30 11:15:59.451   398   464 I vw-vhal : notifyVehicleProperty, propId = 0x21402148, data = {status: 2, int32Values: [0]}
12-30 11:15:59.451   398   464 I vw-vhal : CanSignalsAdapter::notifyVehicleProperty: solvedValue = {.timestamp = 9495273406463, .areaId = 0, .prop = 557850952, .status = AVAILABLE, .value = {.int32Values = [1]{0}, .floatValues = [0]{}, .int64Values = [0]{}, .bytes = [0]{}, .stringValue = ""}}
12-30 11:15:59.451   398   464 I VehiclePropertyStore: begin to write value to Store: {.timestamp = 9495273406463, .areaId = 0, .prop = 557850952, .status = AVAILABLE, .value = {.int32Values = [1]{0}, .floatValues = [0]{}, .int64Values = [0]{}, .bytes = [0]{}, .stringValue = ""}}
12-30 11:15:59.451   398   464 I DefaultVehicleHal_v2_0: DefaultVehicleHal::onPropertyValue, value:{.timestamp = 9495273406463, .areaId = 0, .prop = 557850952, .status = AVAILABLE, .value = {.int32Values = [1]{0}, .floatValues = [0]{}, .int64Values = [0]{}, .bytes = [0]{}, .stringValue = ""}}
12-30 11:15:59.451   398   464 D DiagPropHandler: is not DiagnosticConfig: 0x21402148
12-30 11:15:59.451   398   464 I VehiclePropertyStore: begin to write value to Store: {.timestamp = 9495273406463, .areaId = 0, .prop = 557850952, .status = AVAILABLE, .value = {.int32Values = [1]{0}, .floatValues = [0]{}, .int64Values = [0]{}, .bytes = [0]{}, .stringValue = ""}}
12-30 11:15:59.451   398   464 D adayocomadapter-CommunicationManager: onUpstreamReceive mPropertyId 0x21402148
12-30 11:15:59.451   398   464 D adayocomadapter-CommunicationManager: onUpstreamReceive mPropertyId 0x21402149
12-30 11:15:59.451   398   464 D adayocomadapter-CommunicationManager: convertBytesToInt32Memcpy  0
12-30 11:15:59.451   398   464 I vw-vhal : notifyVehicleProperty, propId = 0x21402149, data = {status: 2, int32Values: [0]}
12-30 11:15:59.451   398   464 I vw-vhal : CanSignalsAdapter::notifyVehicleProperty: solvedValue = {.timestamp = 9495273735129, .areaId = 0, .prop = 557850953, .status = AVAILABLE, .value = {.int32Values = [1]{0}, .floatValues = [0]{}, .int64Values = [0]{}, .bytes = [0]{}, .stringValue = ""}}
12-30 11:15:59.451   398   464 I VehiclePropertyStore: begin to write value to Store: {.timestamp = 9495273735129, .areaId = 0, .prop = 557850953, .status = AVAILABLE, .value = {.int32Values = [1]{0}, .floatValues = [0]{}, .int64Values = [0]{}, .bytes = [0]{}, .stringValue = ""}}
12-30 11:15:59.451   398   464 I DefaultVehicleHal_v2_0: DefaultVehicleHal::onPropertyValue, value:{.timestamp = 9495273735129, .areaId = 0, .prop = 557850953, .status = AVAILABLE, .value = {.int32Values = [1]{0}, .floatValues = [0]{}, .int64Values = [0]{}, .bytes = [0]{}, .stringValue = ""}}
12-30 11:15:59.451   398   464 D DiagPropHandler: is not DiagnosticConfig: 0x21402149
12-30 11:15:59.451   398   464 I VehiclePropertyStore: begin to write value to Store: {.timestamp = 9495273735129, .areaId = 0, .prop = 557850953, .status = AVAILABLE, .value = {.int32Values = [1]{0}, .floatValues = [0]{}, .int64Values = [0]{}, .bytes = [0]{}, .stringValue = ""}}
12-30 11:15:59.452   398   464 D adayocomadapter-CommunicationManager: onUpstreamReceive mPropertyId 0x21402149
12-30 11:15:59.452   398   464 D adayocomadapter-CommunicationManager: onUpstreamReceive mPropertyId 0x2140214f
12-30 11:15:59.452   398   464 D adayocomadapter-CommunicationManager: convertBytesToInt32Memcpy  0
12-30 11:15:59.452   398   464 I vw-vhal : notifyVehicleProperty, propId = 0x2140214f, data = {status: 2, int32Values: [0]}
12-30 11:15:59.452   398   464 I vw-vhal : CanSignalsAdapter::notifyVehicleProperty: solvedValue = {.timestamp = 9495273927129, .areaId = 0, .prop = 557850959, .status = AVAILABLE, .value = {.int32Values = [1]{0}, .floatValues = [0]{}, .int64Values = [0]{}, .bytes = [0]{}, .stringValue = ""}}
12-30 11:15:59.452   398   464 I VehiclePropertyStore: begin to write value to Store: {.timestamp = 9495273927129, .areaId = 0, .prop = 557850959, .status = AVAILABLE, .value = {.int32Values = [1]{0}, .floatValues = [0]{}, .int64Values = [0]{}, .bytes = [0]{}, .stringValue = ""}}
12-30 11:15:59.452   398   464 I DefaultVehicleHal_v2_0: DefaultVehicleHal::onPropertyValue, value:{.timestamp = 9495273927129, .areaId = 0, .prop = 557850959, .status = AVAILABLE, .value = {.int32Values = [1]{0}, .floatValues = [0]{}, .int64Values = [0]{}, .bytes = [0]{}, .stringValue = ""}}
12-30 11:15:59.452   398   464 D DiagPropHandler: is not DiagnosticConfig: 0x2140214f
12-30 11:15:59.452   398   464 I VehiclePropertyStore: begin to write value to Store: {.timestamp = 9495273927129, .areaId = 0, .prop = 557850959, .status = AVAILABLE, .value = {.int32Values = [1]{0}, .floatValues = [0]{}, .int64Values = [0]{}, .bytes = [0]{}, .stringValue = ""}}
12-30 11:15:59.452   398   464 D adayocomadapter-CommunicationManager: onUpstreamReceive mPropertyId 0x2140214f
12-30 11:15:59.452   398   464 D adayocomadapter-CommunicationManager: onUpstreamReceive mPropertyId 0x21402150
12-30 11:15:59.452   398   464 D adayocomadapter-CommunicationManager: convertBytesToInt32Memcpy  0
12-30 11:15:59.452   398   464 I vw-vhal : notifyVehicleProperty, propId = 0x21402150, data = {status: 2, int32Values: [0]}
12-30 11:15:59.452   398   464 I vw-vhal : CanSignalsAdapter::notifyVehicleProperty: solvedValue = {.timestamp = 9495274123129, .areaId = 0, .prop = 557850960, .status = AVAILABLE, .value = {.int32Values = [1]{0}, .floatValues = [0]{}, .int64Values = [0]{}, .bytes = [0]{}, .stringValue = ""}}
12-30 11:15:59.452   398   464 I VehiclePropertyStore: begin to write value to Store: {.timestamp = 9495274123129, .areaId = 0, .prop = 557850960, .status = AVAILABLE, .value = {.int32Values = [1]{0}, .floatValues = [0]{}, .int64Values = [0]{}, .bytes = [0]{}, .stringValue = ""}}
12-30 11:15:59.452   398   464 I DefaultVehicleHal_v2_0: DefaultVehicleHal::onPropertyValue, value:{.timestamp = 9495274123129, .areaId = 0, .prop = 557850960, .status = AVAILABLE, .value = {.int32Values = [1]{0}, .floatValues = [0]{}, .int64Values = [0]{}, .bytes = [0]{}, .stringValue = ""}}
12-30 11:15:59.452   398   464 D DiagPropHandler: is not DiagnosticConfig: 0x21402150
12-30 11:15:59.452   398   464 I VehiclePropertyStore: begin to write value to Store: {.timestamp = 9495274123129, .areaId = 0, .prop = 557850960, .status = AVAILABLE, .value = {.int32Values = [1]{0}, .floatValues = [0]{}, .int64Values = [0]{}, .bytes = [0]{}, .stringValue = ""}}
12-30 11:15:59.452   398   464 D adayocomadapter-CommunicationManager: onUpstreamReceive mPropertyId 0x21402150
12-30 11:15:59.452   398   464 D adayocomadapter-CommunicationManager: onUpstreamReceive mPropertyId 0x21402144
12-30 11:15:59.452   398   464 I vw-vhal : notifyVehicleProperty, propId = 0x21402144, data = {status: 2, int32Values: [0, 0]}
12-30 11:15:59.452   398   464 D adayocomadapter-CommunicationManager: onUpstreamReceive mPropertyId 0x21402144
12-30 11:15:59.452   398   464 D adayocomadapter-CommunicationManager: onUpstreamReceive mPropertyId 0x21402151
12-30 11:15:59.452   398   464 D adayocomadapter-CommunicationManager: convertBytesToInt32Memcpy  0
12-30 11:15:59.452   398   464 I vw-vhal : notifyVehicleProperty, propId = 0x21402151, data = {status: 2, int32Values: [0]}
12-30 11:15:59.452   398   464 I vw-vhal : CanSignalsAdapter::notifyVehicleProperty: solvedValue = {.timestamp = 9495274358796, .areaId = 0, .prop = 557850961, .status = AVAILABLE, .value = {.int32Values = [1]{0}, .floatValues = [0]{}, .int64Values = [0]{}, .bytes = [0]{}, .stringValue = ""}}
12-30 11:15:59.452   398   464 I VehiclePropertyStore: begin to write value to Store: {.timestamp = 9495274358796, .areaId = 0, .prop = 557850961, .status = AVAILABLE, .value = {.int32Values = [1]{0}, .floatValues = [0]{}, .int64Values = [0]{}, .bytes = [0]{}, .stringValue = ""}}
12-30 11:15:59.452   398   464 I DefaultVehicleHal_v2_0: DefaultVehicleHal::onPropertyValue, value:{.timestamp = 9495274358796, .areaId = 0, .prop = 557850961, .status = AVAILABLE, .value = {.int32Values = [1]{0}, .floatValues = [0]{}, .int64Values = [0]{}, .bytes = [0]{}, .stringValue = ""}}
12-30 11:15:59.452   398   464 D DiagPropHandler: is not DiagnosticConfig: 0x21402151
12-30 11:15:59.452   398   464 I VehiclePropertyStore: begin to write value to Store: {.timestamp = 9495274358796, .areaId = 0, .prop = 557850961, .status = AVAILABLE, .value = {.int32Values = [1]{0}, .floatValues = [0]{}, .int64Values = [0]{}, .bytes = [0]{}, .stringValue = ""}}
12-30 11:15:59.452   398   464 D adayocomadapter-CommunicationManager: onUpstreamReceive mPropertyId 0x21402151
12-30 11:15:59.452   398   464 D adayocomadapter-CommunicationManager: onUpstreamReceive mPropertyId 0x21402145
12-30 11:15:59.452   398   464 I vw-vhal : notifyVehicleProperty, propId = 0x21402145, data = {status: 2, int32Values: [0, 0]}
12-30 11:15:59.452   398   464 D adayocomadapter-CommunicationManager: onUpstreamReceive mPropertyId 0x21402145
12-30 11:15:59.452   398   464 D adayocomadapter-CommunicationManager: onUpstreamReceive mPropertyId 0x2140213d
12-30 11:15:59.452   398   464 D adayocomadapter-CommunicationManager: convertBytesToInt32Memcpy  0
12-30 11:15:59.452   398   464 I vw-vhal : notifyVehicleProperty, propId = 0x2140213d, data = {status: 2, int32Values: [0]}
12-30 11:15:59.452   398   464 I vw-vhal : CanSignalsAdapter::notifyVehicleProperty: solvedValue = {.timestamp = 9495274605796, .areaId = 0, .prop = 557850941, .status = AVAILABLE, .value = {.int32Values = [1]{0}, .floatValues = [0]{}, .int64Values = [0]{}, .bytes = [0]{}, .stringValue = ""}}
12-30 11:15:59.452   398   464 I VehiclePropertyStore: begin to write value to Store: {.timestamp = 9495274605796, .areaId = 0, .prop = 557850941, .status = AVAILABLE, .value = {.int32Values = [1]{0}, .floatValues = [0]{}, .int64Values = [0]{}, .bytes = [0]{}, .stringValue = ""}}
12-30 11:15:59.452   398   464 I DefaultVehicleHal_v2_0: DefaultVehicleHal::onPropertyValue, value:{.timestamp = 9495274605796, .areaId = 0, .prop = 557850941, .status = AVAILABLE, .value = {.int32Values = [1]{0}, .floatValues = [0]{}, .int64Values = [0]{}, .bytes = [0]{}, .stringValue = ""}}
12-30 11:15:59.452   398   464 D DiagPropHandler: is not DiagnosticConfig: 0x2140213d
12-30 11:15:59.452   398   464 I VehiclePropertyStore: begin to write value to Store: {.timestamp = 9495274605796, .areaId = 0, .prop = 557850941, .status = AVAILABLE, .value = {.int32Values = [1]{0}, .floatValues = [0]{}, .int64Values = [0]{}, .bytes = [0]{}, .stringValue = ""}}
12-30 11:15:59.452   398   464 D adayocomadapter-CommunicationManager: onUpstreamReceive mPropertyId 0x2140213d
12-30 11:15:59.452   398   464 D adayocomadapter-CommunicationManager: onUpstreamReceive mPropertyId 0x2140213e
12-30 11:15:59.452   398   464 D adayocomadapter-CommunicationManager: convertBytesToInt32Memcpy  0
12-30 11:15:59.452   398   464 I vw-vhal : notifyVehicleProperty, propId = 0x2140213e, data = {status: 2, int32Values: [0]}
12-30 11:15:59.452   398   464 I vw-vhal : CanSignalsAdapter::notifyVehicleProperty: solvedValue = {.timestamp = 9495274803129, .areaId = 0, .prop = 557850942, .status = AVAILABLE, .value = {.int32Values = [1]{0}, .floatValues = [0]{}, .int64Values = [0]{}, .bytes = [0]{}, .stringValue = ""}}
12-30 11:15:59.452   398   464 I VehiclePropertyStore: begin to write value to Store: {.timestamp = 9495274803129, .areaId = 0, .prop = 557850942, .status = AVAILABLE, .value = {.int32Values = [1]{0}, .floatValues = [0]{}, .int64Values = [0]{}, .bytes = [0]{}, .stringValue = ""}}
12-30 11:15:59.453   398   464 I DefaultVehicleHal_v2_0: DefaultVehicleHal::onPropertyValue, value:{.timestamp = 9495274803129, .areaId = 0, .prop = 557850942, .status = AVAILABLE, .value = {.int32Values = [1]{0}, .floatValues = [0]{}, .int64Values = [0]{}, .bytes = [0]{}, .stringValue = ""}}
12-30 11:15:59.453   398   464 D DiagPropHandler: is not DiagnosticConfig: 0x2140213e
12-30 11:15:59.453   398   464 I VehiclePropertyStore: begin to write value to Store: {.timestamp = 9495274803129, .areaId = 0, .prop = 557850942, .status = AVAILABLE, .value = {.int32Values = [1]{0}, .floatValues = [0]{}, .int64Values = [0]{}, .bytes = [0]{}, .stringValue = ""}}
12-30 11:15:59.453   398   464 D adayocomadapter-CommunicationManager: onUpstreamReceive mPropertyId 0x2140213e
12-30 11:15:59.453   398   464 D adayocomadapter-CommunicationManager: onUpstreamReceive mPropertyId 0x2140214a
12-30 11:15:59.453   398   464 D adayocomadapter-CommunicationManager: convertBytesToInt32Memcpy  0
12-30 11:15:59.453   398   464 I vw-vhal : notifyVehicleProperty, propId = 0x2140214a, data = {status: 2, int32Values: [0]}
12-30 11:15:59.453   398   464 I vw-vhal : CanSignalsAdapter::notifyVehicleProperty: solvedValue = {.timestamp = 9495274989463, .areaId = 0, .prop = 557850954, .status = AVAILABLE, .value = {.int32Values = [1]{0}, .floatValues = [0]{}, .int64Values = [0]{}, .bytes = [0]{}, .stringValue = ""}}
12-30 11:15:59.453   398   464 I VehiclePropertyStore: begin to write value to Store: {.timestamp = 9495274989463, .areaId = 0, .prop = 557850954, .status = AVAILABLE, .value = {.int32Values = [1]{0}, .floatValues = [0]{}, .int64Values = [0]{}, .bytes = [0]{}, .stringValue = ""}}
12-30 11:15:59.453   398   464 I DefaultVehicleHal_v2_0: DefaultVehicleHal::onPropertyValue, value:{.timestamp = 9495274989463, .areaId = 0, .prop = 557850954, .status = AVAILABLE, .value = {.int32Values = [1]{0}, .floatValues = [0]{}, .int64Values = [0]{}, .bytes = [0]{}, .stringValue = ""}}
12-30 11:15:59.453   398   464 D DiagPropHandler: is not DiagnosticConfig: 0x2140214a
12-30 11:15:59.453   398   464 I VehiclePropertyStore: begin to write value to Store: {.timestamp = 9495274989463, .areaId = 0, .prop = 557850954, .status = AVAILABLE, .value = {.int32Values = [1]{0}, .floatValues = [0]{}, .int64Values = [0]{}, .bytes = [0]{}, .stringValue = ""}}
12-30 11:15:59.453   398   464 D adayocomadapter-CommunicationManager: onUpstreamReceive mPropertyId 0x2140214a
12-30 11:15:59.465   650   729 D fgemcucomm: sd Uart data : 6AA60228400002920200
12-30 11:15:59.465   360   931 D EvsDriver: forwardFrame
12-30 11:15:59.465   650   729 D fgemcucomm: rev uart=78428,len=17, data : 6AA681284000099202000A000000000070
12-30 11:15:59.465   360   931 D EvsDriver: forwardFrameDirect
12-30 11:15:59.465   360   931 D EvsDriver: Delivered 0xb400e2ca9e40d090 as id 1
12-30 11:15:59.465   359  2784 D evsmanagerd: /dev/video-evs0 forwarded the buffer #1 to 0xb400f125d2b26dd0 from 0xb400f125e2b20710
12-30 11:15:59.465   398   882 D adayocomadapter-ParseProtocolFunc: printRaWMsg Name[MCUToUPstream recv] len[9] data[9202000A0000000000]
12-30 11:15:59.465   398   882 D adayocomadapter-CommunicationManager: onUpstreamback   member[0] dataLength[6] timePoint[9495287]
12-30 11:15:59.465   398   882 D adayocomadapter-ParseProtocolFunc: printRaWMsg Name[onUpstreamback] len[6] data[0A0000000000]
12-30 11:15:59.465   398   464 D adayocomadapter-UpstreamHandler: processBeforePacket upSreamtProcessTimePoint[9495287] 
12-30 11:15:59.465   398   464 D adayocomadapter-UpstreamHandler: processPacket UPSTREAM_QUEUE_DATA_TIMEOUT
12-30 11:15:59.465   398   464 D adayocomadapter-ParseProtocolFunc: parseCommonIPCLBytes Processing tableNumber[10]
12-30 11:15:59.465   398   464 D adayocomadapter-ParseProtocolFunc: parseCommonIPCLBytes Processing tablename[Table-10] tableSize[6]
12-30 11:15:59.465   398   464 D adayocomadapter-ParseProtocolFunc: printRaWMsg Name[byteStream recv] len[6] data[0A0000000000]
12-30 11:15:59.465   398   464 D adayocomadapter-ParseProtocolFunc: printRaWMsg Name[IPCLtoVHAL] len[9] data[2140201C0000000000]
12-30 11:15:59.465   398   464 D adayocomadapter-ParseProtocolFunc: printRaWMsg Name[IPCLtoVHAL] len[6] data[214022320000]
12-30 11:15:59.466   398   464 D adayocomadapter-CommunicationManager: onUpstreamReceive mPropertyId 0x2140201c
12-30 11:15:59.466   398   464 D adayocomadapter-CommunicationManager: convertBytesToInt32Memcpy  0
12-30 11:15:59.466   398   464 I vw-vhal : notifyVehicleProperty, propId = 0x2140201c, data = {status: 2, int32Values: [0]}
12-30 11:15:59.466   398   464 I vw-vhal : CanSignalsAdapter::notifyVehicleProperty: solvedValue = {.timestamp = 9495287960796, .areaId = 0, .prop = 557850652, .status = AVAILABLE, .value = {.int32Values = [1]{0}, .floatValues = [0]{}, .int64Values = [0]{}, .bytes = [0]{}, .stringValue = ""}}
12-30 11:15:59.466   398   464 I VehiclePropertyStore: begin to write value to Store: {.timestamp = 9495287960796, .areaId = 0, .prop = 557850652, .status = AVAILABLE, .value = {.int32Values = [1]{0}, .floatValues = [0]{}, .int64Values = [0]{}, .bytes = [0]{}, .stringValue = ""}}
12-30 11:15:59.466   398   464 I DefaultVehicleHal_v2_0: DefaultVehicleHal::onPropertyValue, value:{.timestamp = 9495287960796, .areaId = 0, .prop = 557850652, .status = AVAILABLE, .value = {.int32Values = [1]{0}, .floatValues = [0]{}, .int64Values = [0]{}, .bytes = [0]{}, .stringValue = ""}}
12-30 11:15:59.466   398   464 D DiagPropHandler: is not DiagnosticConfig: 0x2140201c
12-30 11:15:59.466   398   464 I VehiclePropertyStore: begin to write value to Store: {.timestamp = 9495287960796, .areaId = 0, .prop = 557850652, .status = AVAILABLE, .value = {.int32Values = [1]{0}, .floatValues = [0]{}, .int64Values = [0]{}, .bytes = [0]{}, .stringValue = ""}}
12-30 11:15:59.466   398   464 D adayocomadapter-CommunicationManager: onUpstreamReceive mPropertyId 0x2140201c
12-30 11:15:59.466   398   464 D adayocomadapter-CommunicationManager: onUpstreamReceive mPropertyId 0x21402232
12-30 11:15:59.466   398   464 D adayocomadapter-CommunicationManager: convertBytesToInt32Memcpy  0
12-30 11:15:59.466   398   464 I vw-vhal : notifyVehicleProperty, propId = 0x21402232, data = {status: 2, int32Values: [0]}
12-30 11:15:59.466   398   464 I vw-vhal : CanSignalsAdapter::notifyVehicleProperty: solvedValue = {.timestamp = 9495288245463, .areaId = 0, .prop = 557851186, .status = AVAILABLE, .value = {.int32Values = [1]{0}, .floatValues = [0]{}, .int64Values = [0]{}, .bytes = [0]{}, .stringValue = ""}}
12-30 11:15:59.466   398   464 I VehiclePropertyStore: begin to write value to Store: {.timestamp = 9495288245463, .areaId = 0, .prop = 557851186, .status = AVAILABLE, .value = {.int32Values = [1]{0}, .floatValues = [0]{}, .int64Values = [0]{}, .bytes = [0]{}, .stringValue = ""}}
12-30 11:15:59.466   398   464 I DefaultVehicleHal_v2_0: DefaultVehicleHal::onPropertyValue, value:{.timestamp = 9495288245463, .areaId = 0, .prop = 557851186, .status = AVAILABLE, .value = {.int32Values = [1]{0}, .floatValues = [0]{}, .int64Values = [0]{}, .bytes = [0]{}, .stringValue = ""}}
12-30 11:15:59.466   398   464 D DiagPropHandler: is not DiagnosticConfig: 0x21402232
12-30 11:15:59.466   398   464 I VehiclePropertyStore: begin to write value to Store: {.timestamp = 9495288245463, .areaId = 0, .prop = 557851186, .status = AVAILABLE, .value = {.int32Values = [1]{0}, .floatValues = [0]{}, .int64Values = [0]{}, .bytes = [0]{}, .stringValue = ""}}
12-30 11:15:59.466   398   464 D adayocomadapter-CommunicationManager: onUpstreamReceive mPropertyId 0x21402232
12-30 11:15:59.468  2358  2623 D RcfController: Rcf proxy is not connected!
12-30 11:15:59.470   360   458 D EvsDriver: doneWithFrame
12-30 11:15:59.498   360   931 D EvsDriver: forwardFrame
12-30 11:15:59.498   360   931 D EvsDriver: forwardFrameDirect
12-30 11:15:59.498   360   931 D EvsDriver: Delivered 0xb400e2ca9e40e110 as id 0
12-30 11:15:59.499   359  2784 D evsmanagerd: /dev/video-evs0 forwarded the buffer #0 to 0xb400f125d2b26dd0 from 0xb400f125e2b20710
12-30 11:15:59.500   360   458 D EvsDriver: doneWithFrame
12-30 11:15:59.505   596  3076 E WifiHAL : Invalid data received from driver
12-30 11:15:59.518  2358  2623 D RcfController: Rcf proxy is not connected!
12-30 11:15:59.532   360   931 D EvsDriver: forwardFrame
12-30 11:15:59.532   360   931 D EvsDriver: forwardFrameDirect
12-30 11:15:59.532   360   931 D EvsDriver: Delivered 0xb400e2ca9e40c7a0 as id 1
12-30 11:15:59.532   359  2784 D evsmanagerd: /dev/video-evs0 forwarded the buffer #1 to 0xb400f125d2b26dd0 from 0xb400f125e2b20710
12-30 11:15:59.541   360   458 D EvsDriver: doneWithFrame
12-30 11:15:59.543   650   729 D fgemcucomm: sd Uart data : 6AA602284100029202FF
12-30 11:15:59.543   650   729 D fgemcucomm: rev uart=78429,len=109, data : 6AA6812841006592020010000000000000000000000000000000000000000000000000000000000000000000000000000000000000000000000000000000000000000000000000000000000000000000000000000000000000000000000000000000000000000000000000000D
12-30 11:15:59.543   398   882 D adayocomadapter-ParseProtocolFunc: printRaWMsg Name[MCUToUPstream recv] len[101] data[9202001000000000000000000000000000000000000000000000000000000000000000000000000000000000000000000000000000000000000000000000000000000000000000000000000000000000000000000000000000000000000000000000000000]
12-30 11:15:59.543   398   882 D adayocomadapter-CommunicationManager: onUpstreamback   member[0] dataLength[98] timePoint[9495365]
12-30 11:15:59.543   398   882 D adayocomadapter-ParseProtocolFunc: printRaWMsg Name[onUpstreamback] len[98] data[1000000000000000000000000000000000000000000000000000000000000000000000000000000000000000000000000000000000000000000000000000000000000000000000000000000000000000000000000000000000000000000000000000]
12-30 11:15:59.543   398   464 D adayocomadapter-UpstreamHandler: processBeforePacket upSreamtProcessTimePoint[9495365] 
12-30 11:15:59.543   398   464 D adayocomadapter-UpstreamHandler: processPacket UPSTREAM_QUEUE_DATA_TIMEOUT
12-30 11:15:59.543   398   464 D adayocomadapter-ParseProtocolFunc: parseCommonIPCLBytes Processing tableNumber[16]
12-30 11:15:59.543   398   464 D adayocomadapter-ParseProtocolFunc: parseCommonIPCLBytes Processing tablename[Table-16] tableSize[98]
12-30 11:15:59.543   398   464 D adayocomadapter-ParseProtocolFunc: printRaWMsg Name[byteStream recv] len[98] data[1000000000000000000000000000000000000000000000000000000000000000000000000000000000000000000000000000000000000000000000000000000000000000000000000000000000000000000000000000000000000000000000000000]
12-30 11:15:59.544   398   464 D adayocomadapter-ParseProtocolFunc: printRaWMsg Name[IPCLtoVHAL] len[6] data[214021B10000]
12-30 11:15:59.544   398   464 D adayocomadapter-ParseProtocolFunc: printRaWMsg Name[IPCLtoVHAL] len[6] data[214022120000]
12-30 11:15:59.544   398   464 D adayocomadapter-ParseProtocolFunc: printRaWMsg Name[IPCLtoVHAL] len[6] data[214021B20000]
12-30 11:15:59.544   398   464 D adayocomadapter-ParseProtocolFunc: printRaWMsg Name[IPCLtoVHAL] len[6] data[214021BD0000]
12-30 11:15:59.544   398   464 D adayocomadapter-ParseProtocolFunc: printRaWMsg Name[IPCLtoVHAL] len[6] data[2140221E0000]
12-30 11:15:59.544   398   464 D adayocomadapter-ParseProtocolFunc: printRaWMsg Name[IPCLtoVHAL] len[6] data[214021B30000]
12-30 11:15:59.544   398   464 D adayocomadapter-ParseProtocolFunc: printRaWMsg Name[IPCLtoVHAL] len[6] data[214022140000]
12-30 11:15:59.544   398   464 D adayocomadapter-ParseProtocolFunc: printRaWMsg Name[IPCLtoVHAL] len[6] data[214021B40000]
12-30 11:15:59.544   398   464 D adayocomadapter-ParseProtocolFunc: printRaWMsg Name[IPCLtoVHAL] len[6] data[214021530000]
12-30 11:15:59.544   398   464 D adayocomadapter-ParseProtocolFunc: printRaWMsg Name[IPCLtoVHAL] len[6] data[214022150000]
12-30 11:15:59.544   398   464 D adayocomadapter-ParseProtocolFunc: printRaWMsg Name[IPCLtoVHAL] len[6] data[214021B50000]
12-30 11:15:59.544   398   464 D adayocomadapter-ParseProtocolFunc: printRaWMsg Name[IPCLtoVHAL] len[6] data[214021540000]
12-30 11:15:59.544   398   464 D adayocomadapter-ParseProtocolFunc: printRaWMsg Name[IPCLtoVHAL] len[6] data[214021B70000]
12-30 11:15:59.544   398   464 D adayocomadapter-ParseProtocolFunc: printRaWMsg Name[IPCLtoVHAL] len[6] data[214021560000]
12-30 11:15:59.544   398   464 D adayocomadapter-ParseProtocolFunc: printRaWMsg Name[IPCLtoVHAL] len[6] data[214021B80000]
12-30 11:15:59.544   398   464 D adayocomadapter-ParseProtocolFunc: printRaWMsg Name[IPCLtoVHAL] len[6] data[214021570000]
12-30 11:15:59.544   398   464 D adayocomadapter-ParseProtocolFunc: printRaWMsg Name[IPCLtoVHAL] len[6] data[214022190000]
12-30 11:15:59.544   398   464 D adayocomadapter-ParseProtocolFunc: printRaWMsg Name[IPCLtoVHAL] len[6] data[2140215B0000]
12-30 11:15:59.544   398   464 D adayocomadapter-ParseProtocolFunc: printRaWMsg Name[IPCLtoVHAL] len[6] data[214021BC0000]
12-30 11:15:59.544   398   464 D adayocomadapter-ParseProtocolFunc: printRaWMsg Name[IPCLtoVHAL] len[6] data[2140221D0000]
12-30 11:15:59.544   398   464 D adayocomadapter-ParseProtocolFunc: printRaWMsg Name[IPCLtoVHAL] len[6] data[214021B90000]
12-30 11:15:59.544   398   464 D adayocomadapter-ParseProtocolFunc: printRaWMsg Name[IPCLtoVHAL] len[6] data[2140221A0000]
12-30 11:15:59.544   398   464 D adayocomadapter-ParseProtocolFunc: printRaWMsg Name[IPCLtoVHAL] len[6] data[214021BB0000]
12-30 11:15:59.544   398   464 D adayocomadapter-ParseProtocolFunc: printRaWMsg Name[IPCLtoVHAL] len[6] data[2140215A0000]
12-30 11:15:59.544   398   464 D adayocomadapter-ParseProtocolFunc: printRaWMsg Name[IPCLtoVHAL] len[6] data[2140221C0000]
12-30 11:15:59.544   398   464 D adayocomadapter-ParseProtocolFunc: printRaWMsg Name[IPCLtoVHAL] len[6] data[214021BE0000]
12-30 11:15:59.544   398   464 D adayocomadapter-ParseProtocolFunc: printRaWMsg Name[IPCLtoVHAL] len[6] data[2140215D0000]
12-30 11:15:59.544   398   464 D adayocomadapter-ParseProtocolFunc: printRaWMsg Name[IPCLtoVHAL] len[6] data[2140221F0000]
12-30 11:15:59.544   398   464 D adayocomadapter-ParseProtocolFunc: printRaWMsg Name[IPCLtoVHAL] len[6] data[214021A50000]
12-30 11:15:59.544   398   464 D adayocomadapter-ParseProtocolFunc: printRaWMsg Name[IPCLtoVHAL] len[6] data[214021070000]
12-30 11:15:59.544   398   464 D adayocomadapter-ParseProtocolFunc: printRaWMsg Name[IPCLtoVHAL] len[6] data[2140222A0000]
12-30 11:15:59.544   398   464 D adayocomadapter-ParseProtocolFunc: printRaWMsg Name[IPCLtoVHAL] len[6] data[214021C30000]
12-30 11:15:59.544   398   464 D adayocomadapter-ParseProtocolFunc: printRaWMsg Name[IPCLtoVHAL] len[6] data[214021A80000]
12-30 11:15:59.544   398   464 D adayocomadapter-ParseProtocolFunc: printRaWMsg Name[IPCLtoVHAL] len[6] data[214021A60000]
12-30 11:15:59.544   398   464 D adayocomadapter-ParseProtocolFunc: printRaWMsg Name[IPCLtoVHAL] len[6] data[214021A70000]
12-30 11:15:59.544   398   464 D adayocomadapter-ParseProtocolFunc: printRaWMsg Name[IPCLtoVHAL] len[6] data[214022080000]
12-30 11:15:59.544   398   464 D adayocomadapter-ParseProtocolFunc: printRaWMsg Name[IPCLtoVHAL] len[6] data[214021A90000]
12-30 11:15:59.544   398   464 D adayocomadapter-ParseProtocolFunc: printRaWMsg Name[IPCLtoVHAL] len[6] data[214021AA0000]
12-30 11:15:59.544   398   464 D adayocomadapter-ParseProtocolFunc: printRaWMsg Name[IPCLtoVHAL] len[6] data[214021AB0000]
12-30 11:15:59.544   398   464 D adayocomadapter-ParseProtocolFunc: printRaWMsg Name[IPCLtoVHAL] len[6] data[214021AC0000]
12-30 11:15:59.544   398   464 D adayocomadapter-ParseProtocolFunc: printRaWMsg Name[IPCLtoVHAL] len[6] data[2140220D0000]
12-30 11:15:59.544   398   464 D adayocomadapter-ParseProtocolFunc: printRaWMsg Name[IPCLtoVHAL] len[6] data[214021AD0000]
12-30 11:15:59.544   398   464 D adayocomadapter-ParseProtocolFunc: printRaWMsg Name[IPCLtoVHAL] len[6] data[214021AE0000]
12-30 11:15:59.544   398   464 D adayocomadapter-ParseProtocolFunc: printRaWMsg Name[IPCLtoVHAL] len[6] data[214021AF0000]
12-30 11:15:59.544   398   464 D adayocomadapter-ParseProtocolFunc: printRaWMsg Name[IPCLtoVHAL] len[6] data[214022100000]
12-30 11:15:59.544   398   464 D adayocomadapter-ParseProtocolFunc: printRaWMsg Name[IPCLtoVHAL] len[6] data[214021B00000]
12-30 11:15:59.544   398   464 D adayocomadapter-ParseProtocolFunc: printRaWMsg Name[IPCLtoVHAL] len[6] data[214022110000]
12-30 11:15:59.544   398   464 D adayocomadapter-ParseProtocolFunc: printRaWMsg Name[IPCLtoVHAL] len[6] data[214021B60000]
12-30 11:15:59.544   398   464 D adayocomadapter-ParseProtocolFunc: printRaWMsg Name[IPCLtoVHAL] len[6] data[214021550000]
12-30 11:15:59.544   398   464 D adayocomadapter-ParseProtocolFunc: printRaWMsg Name[IPCLtoVHAL] len[6] data[214021BA0000]
12-30 11:15:59.544   398   464 D adayocomadapter-ParseProtocolFunc: printRaWMsg Name[IPCLtoVHAL] len[6] data[214021590000]
12-30 11:15:59.544   398   464 D adayocomadapter-ParseProtocolFunc: printRaWMsg Name[IPCLtoVHAL] len[6] data[214021BF0000]
12-30 11:15:59.544   398   464 D adayocomadapter-ParseProtocolFunc: printRaWMsg Name[IPCLtoVHAL] len[6] data[2140215E0000]
12-30 11:15:59.544   398   464 D adayocomadapter-ParseProtocolFunc: printRaWMsg Name[IPCLtoVHAL] len[6] data[214022200000]
12-30 11:15:59.544   398   464 D adayocomadapter-ParseProtocolFunc: printRaWMsg Name[IPCLtoVHAL] len[6] data[214021C00000]
12-30 11:15:59.544   398   464 D adayocomadapter-ParseProtocolFunc: printRaWMsg Name[IPCLtoVHAL] len[6] data[2140215F0000]
12-30 11:15:59.544   398   464 D adayocomadapter-ParseProtocolFunc: printRaWMsg Name[IPCLtoVHAL] len[6] data[214021C10000]
12-30 11:15:59.544   398   464 D adayocomadapter-ParseProtocolFunc: printRaWMsg Name[IPCLtoVHAL] len[6] data[214021600000]
12-30 11:15:59.544   398   464 D adayocomadapter-ParseProtocolFunc: printRaWMsg Name[IPCLtoVHAL] len[6] data[214022220000]
12-30 11:15:59.544   398   464 D adayocomadapter-ParseProtocolFunc: printRaWMsg Name[IPCLtoVHAL] len[6] data[214021C20000]
12-30 11:15:59.544   398   464 D adayocomadapter-ParseProtocolFunc: printRaWMsg Name[IPCLtoVHAL] len[6] data[214021C40000]
12-30 11:15:59.545   398   464 D adayocomadapter-ParseProtocolFunc: printRaWMsg Name[IPCLtoVHAL] len[6] data[214022250000]
12-30 11:15:59.545   398   464 D adayocomadapter-ParseProtocolFunc: printRaWMsg Name[IPCLtoVHAL] len[6] data[214021C50000]
12-30 11:15:59.545   398   464 D adayocomadapter-ParseProtocolFunc: printRaWMsg Name[IPCLtoVHAL] len[6] data[214022260000]
12-30 11:15:59.545   398   464 D adayocomadapter-ParseProtocolFunc: printRaWMsg Name[IPCLtoVHAL] len[6] data[214021C60000]
12-30 11:15:59.545   398   464 D adayocomadapter-ParseProtocolFunc: printRaWMsg Name[IPCLtoVHAL] len[6] data[214022270000]
12-30 11:15:59.545   398   464 D adayocomadapter-ParseProtocolFunc: printRaWMsg Name[IPCLtoVHAL] len[6] data[214021D30000]
12-30 11:15:59.545   398   464 D adayocomadapter-ParseProtocolFunc: printRaWMsg Name[IPCLtoVHAL] len[6] data[214022340000]
12-30 11:15:59.545   398   464 D adayocomadapter-ParseProtocolFunc: printRaWMsg Name[IPCLtoVHAL] len[6] data[214021D40000]
12-30 11:15:59.545   398   464 D adayocomadapter-ParseProtocolFunc: printRaWMsg Name[IPCLtoVHAL] len[6] data[214022350000]
12-30 11:15:59.545   398   464 D adayocomadapter-ParseProtocolFunc: printRaWMsg Name[IPCLtoVHAL] len[6] data[214022280000]
12-30 11:15:59.545   398   464 D adayocomadapter-ParseProtocolFunc: printRaWMsg Name[IPCLtoVHAL] len[6] data[214022290000]
12-30 11:15:59.545   398   464 D adayocomadapter-ParseProtocolFunc: printRaWMsg Name[IPCLtoVHAL] len[6] data[214022360000]
12-30 11:15:59.545   398   464 D adayocomadapter-ParseProtocolFunc: printRaWMsg Name[IPCLtoVHAL] len[6] data[214022370000]
12-30 11:15:59.545   398   464 D adayocomadapter-ParseProtocolFunc: printRaWMsg Name[IPCLtoVHAL] len[6] data[214022380000]
12-30 11:15:59.545   398   464 D adayocomadapter-ParseProtocolFunc: printRaWMsg Name[IPCLtoVHAL] len[6] data[214022390000]
12-30 11:15:59.545   398   464 D adayocomadapter-ParseProtocolFunc: printRaWMsg Name[IPCLtoVHAL] len[6] data[2140223A0000]
12-30 11:15:59.545   398   464 D adayocomadapter-ParseProtocolFunc: printRaWMsg Name[IPCLtoVHAL] len[6] data[2140223B0000]
12-30 11:15:59.545   398   464 D adayocomadapter-ParseProtocolFunc: printRaWMsg Name[IPCLtoVHAL] len[7] data[2140223C000000]
12-30 11:15:59.545   398   464 D adayocomadapter-ParseProtocolFunc: printRaWMsg Name[IPCLtoVHAL] len[6] data[214022410000]
12-30 11:15:59.545   398   464 D adayocomadapter-ParseProtocolFunc: printRaWMsg Name[IPCLtoVHAL] len[6] data[214022420000]
12-30 11:15:59.545   596  3076 E WifiHAL : Invalid data received from driver
12-30 11:15:59.545   398   464 D adayocomadapter-ParseProtocolFunc: printRaWMsg Name[IPCLtoVHAL] len[6] data[214021E10000]
12-30 11:15:59.545   398   464 D adayocomadapter-ParseProtocolFunc: printRaWMsg Name[IPCLtoVHAL] len[6] data[214022430000]
12-30 11:15:59.545   398   464 D adayocomadapter-ParseProtocolFunc: printRaWMsg Name[IPCLtoVHAL] len[6] data[214022440000]
12-30 11:15:59.545   398   464 D adayocomadapter-ParseProtocolFunc: printRaWMsg Name[IPCLtoVHAL] len[6] data[214022450000]
12-30 11:15:59.545   398   464 D adayocomadapter-ParseProtocolFunc: printRaWMsg Name[IPCLtoVHAL] len[6] data[214022460000]
12-30 11:15:59.545   398   464 D adayocomadapter-ParseProtocolFunc: printRaWMsg Name[IPCLtoVHAL] len[6] data[214022470000]
12-30 11:15:59.545   398   464 D adayocomadapter-ParseProtocolFunc: printRaWMsg Name[IPCLtoVHAL] len[7] data[21402248000000]
12-30 11:15:59.545   398   464 D adayocomadapter-ParseProtocolFunc: printRaWMsg Name[IPCLtoVHAL] len[6] data[214022490000]
12-30 11:15:59.545   398   464 D adayocomadapter-ParseProtocolFunc: printRaWMsg Name[IPCLtoVHAL] len[6] data[2140224B0000]
12-30 11:15:59.545   398   464 D adayocomadapter-ParseProtocolFunc: printRaWMsg Name[IPCLtoVHAL] len[6] data[2140224D0000]
12-30 11:15:59.545   398   464 D adayocomadapter-ParseProtocolFunc: printRaWMsg Name[IPCLtoVHAL] len[6] data[2140224F0000]
12-30 11:15:59.545   398   464 D adayocomadapter-ParseProtocolFunc: printRaWMsg Name[IPCLtoVHAL] len[6] data[214022510000]
12-30 11:15:59.545   398   464 D adayocomadapter-ParseProtocolFunc: printRaWMsg Name[IPCLtoVHAL] len[6] data[214022530000]
12-30 11:15:59.545   398   464 D adayocomadapter-ParseProtocolFunc: printRaWMsg Name[IPCLtoVHAL] len[6] data[214022540000]
12-30 11:15:59.545   398   464 D adayocomadapter-CommunicationManager: onUpstreamReceive mPropertyId 0x214021b1
12-30 11:15:59.545   398   464 D adayocomadapter-CommunicationManager: convertBytesToInt32Memcpy  0
12-30 11:15:59.545   398   464 I vw-vhal : notifyVehicleProperty, propId = 0x214021b1, data = {status: 2, int32Values: [0]}
12-30 11:15:59.545   398   464 I vw-vhal : CanSignalsAdapter::notifyVehicleProperty: solvedValue = {.timestamp = 9495367550129, .areaId = 0, .prop = 557851057, .status = AVAILABLE, .value = {.int32Values = [1]{0}, .floatValues = [0]{}, .int64Values = [0]{}, .bytes = [0]{}, .stringValue = ""}}
12-30 11:15:59.545   398   464 I VehiclePropertyStore: begin to write value to Store: {.timestamp = 9495367550129, .areaId = 0, .prop = 557851057, .status = AVAILABLE, .value = {.int32Values = [1]{0}, .floatValues = [0]{}, .int64Values = [0]{}, .bytes = [0]{}, .stringValue = ""}}
12-30 11:15:59.545   398   464 I DefaultVehicleHal_v2_0: DefaultVehicleHal::onPropertyValue, value:{.timestamp = 9495367550129, .areaId = 0, .prop = 557851057, .status = AVAILABLE, .value = {.int32Values = [1]{0}, .floatValues = [0]{}, .int64Values = [0]{}, .bytes = [0]{}, .stringValue = ""}}
12-30 11:15:59.545   398   464 D DiagPropHandler: is not DiagnosticConfig: 0x214021b1
12-30 11:15:59.545   398   464 I VehiclePropertyStore: begin to write value to Store: {.timestamp = 9495367550129, .areaId = 0, .prop = 557851057, .status = AVAILABLE, .value = {.int32Values = [1]{0}, .floatValues = [0]{}, .int64Values = [0]{}, .bytes = [0]{}, .stringValue = ""}}
12-30 11:15:59.545   398   464 D adayocomadapter-CommunicationManager: onUpstreamReceive mPropertyId 0x214021b1
12-30 11:15:59.545   398   464 D adayocomadapter-CommunicationManager: onUpstreamReceive mPropertyId 0x21402212
12-30 11:15:59.545   398   464 D adayocomadapter-CommunicationManager: convertBytesToInt32Memcpy  0
12-30 11:15:59.545   398   464 I vw-vhal : notifyVehicleProperty, propId = 0x21402212, data = {status: 2, int32Values: [0]}
12-30 11:15:59.545   398   464 I vw-vhal : CanSignalsAdapter::notifyVehicleProperty: solvedValue = {.timestamp = 9495367787129, .areaId = 0, .prop = 557851154, .status = AVAILABLE, .value = {.int32Values = [1]{0}, .floatValues = [0]{}, .int64Values = [0]{}, .bytes = [0]{}, .stringValue = ""}}
12-30 11:15:59.545   398   464 I VehiclePropertyStore: begin to write value to Store: {.timestamp = 9495367787129, .areaId = 0, .prop = 557851154, .status = AVAILABLE, .value = {.int32Values = [1]{0}, .floatValues = [0]{}, .int64Values = [0]{}, .bytes = [0]{}, .stringValue = ""}}
12-30 11:15:59.546   398   464 I DefaultVehicleHal_v2_0: DefaultVehicleHal::onPropertyValue, value:{.timestamp = 9495367787129, .areaId = 0, .prop = 557851154, .status = AVAILABLE, .value = {.int32Values = [1]{0}, .floatValues = [0]{}, .int64Values = [0]{}, .bytes = [0]{}, .stringValue = ""}}
12-30 11:15:59.546   398   464 D DiagPropHandler: is not DiagnosticConfig: 0x21402212
12-30 11:15:59.546   398   464 I VehiclePropertyStore: begin to write value to Store: {.timestamp = 9495367787129, .areaId = 0, .prop = 557851154, .status = AVAILABLE, .value = {.int32Values = [1]{0}, .floatValues = [0]{}, .int64Values = [0]{}, .bytes = [0]{}, .stringValue = ""}}
12-30 11:15:59.546   398   464 D adayocomadapter-CommunicationManager: onUpstreamReceive mPropertyId 0x21402212
12-30 11:15:59.546   398   464 D adayocomadapter-CommunicationManager: onUpstreamReceive mPropertyId 0x214021b2
12-30 11:15:59.546   398   464 D adayocomadapter-CommunicationManager: convertBytesToInt32Memcpy  0
12-30 11:15:59.546   398   464 I vw-vhal : notifyVehicleProperty, propId = 0x214021b2, data = {status: 2, int32Values: [0]}
12-30 11:15:59.546   398   464 I vw-vhal : CanSignalsAdapter::notifyVehicleProperty: solvedValue = {.timestamp = 9495367981463, .areaId = 0, .prop = 557851058, .status = AVAILABLE, .value = {.int32Values = [1]{0}, .floatValues = [0]{}, .int64Values = [0]{}, .bytes = [0]{}, .stringValue = ""}}
