12-30 11:11:57.230   398   464 I vw-vhal : CanSignalsAdapter::notifyVehicleProperty: solvedValue = {.timestamp = 9253052303101, .areaId = 0, .prop = 557850661, .status = AVAILABLE, .value = {.int32Values = [1]{0}, .floatValues = [0]{}, .int64Values = [0]{}, .bytes = [0]{}, .stringValue = ""}}
12-30 11:11:57.230   398   464 I VehiclePropertyStore: begin to write value to Store: {.timestamp = 9253052303101, .areaId = 0, .prop = 557850661, .status = AVAILABLE, .value = {.int32Values = [1]{0}, .floatValues = [0]{}, .int64Values = [0]{}, .bytes = [0]{}, .stringValue = ""}}
12-30 11:11:57.230   398   464 I DefaultVehicleHal_v2_0: DefaultVehicleHal::onPropertyValue, value:{.timestamp = 9253052303101, .areaId = 0, .prop = 557850661, .status = AVAILABLE, .value = {.int32Values = [1]{0}, .floatValues = [0]{}, .int64Values = [0]{}, .bytes = [0]{}, .stringValue = ""}}
12-30 11:11:57.230   398   464 D DiagPropHandler: is not DiagnosticConfig: 0x21402025
12-30 11:11:57.230   398   464 I VehiclePropertyStore: begin to write value to Store: {.timestamp = 9253052303101, .areaId = 0, .prop = 557850661, .status = AVAILABLE, .value = {.int32Values = [1]{0}, .floatValues = [0]{}, .int64Values = [0]{}, .bytes = [0]{}, .stringValue = ""}}
12-30 11:11:57.230   398   464 D adayocomadapter-CommunicationManager: onUpstreamReceive mPropertyId 0x21402025
12-30 11:11:57.230   398   464 D adayocomadapter-CommunicationManager: onUpstreamReceive mPropertyId 0x21402033
12-30 11:11:57.230   398   464 D adayocomadapter-CommunicationManager: convertBytesToInt32Memcpy  0
12-30 11:11:57.230   398   464 I vw-vhal : notifyVehicleProperty, propId = 0x21402033, data = {status: 2, int32Values: [0]}
12-30 11:11:57.230   398   464 I vw-vhal : CanSignalsAdapter::notifyVehicleProperty: solvedValue = {.timestamp = 9253052504434, .areaId = 0, .prop = 557850675, .status = AVAILABLE, .value = {.int32Values = [1]{0}, .floatValues = [0]{}, .int64Values = [0]{}, .bytes = [0]{}, .stringValue = ""}}
12-30 11:11:57.230   398   464 I VehiclePropertyStore: begin to write value to Store: {.timestamp = 9253052504434, .areaId = 0, .prop = 557850675, .status = AVAILABLE, .value = {.int32Values = [1]{0}, .floatValues = [0]{}, .int64Values = [0]{}, .bytes = [0]{}, .stringValue = ""}}
12-30 11:11:57.230   398   464 I DefaultVehicleHal_v2_0: DefaultVehicleHal::onPropertyValue, value:{.timestamp = 9253052504434, .areaId = 0, .prop = 557850675, .status = AVAILABLE, .value = {.int32Values = [1]{0}, .floatValues = [0]{}, .int64Values = [0]{}, .bytes = [0]{}, .stringValue = ""}}
12-30 11:11:57.230   398   464 D DiagPropHandler: is not DiagnosticConfig: 0x21402033
12-30 11:11:57.230   398   464 I VehiclePropertyStore: begin to write value to Store: {.timestamp = 9253052504434, .areaId = 0, .prop = 557850675, .status = AVAILABLE, .value = {.int32Values = [1]{0}, .floatValues = [0]{}, .int64Values = [0]{}, .bytes = [0]{}, .stringValue = ""}}
12-30 11:11:57.230   398   464 D adayocomadapter-CommunicationManager: onUpstreamReceive mPropertyId 0x21402033
12-30 11:11:57.230   398   464 D adayocomadapter-CommunicationManager: onUpstreamReceive mPropertyId 0x21402034
12-30 11:11:57.230   398   464 D adayocomadapter-CommunicationManager: convertBytesToInt32Memcpy  0
12-30 11:11:57.230   398   464 I vw-vhal : notifyVehicleProperty, propId = 0x21402034, data = {status: 2, int32Values: [0]}
12-30 11:11:57.230   398   464 I vw-vhal : CanSignalsAdapter::notifyVehicleProperty: solvedValue = {.timestamp = 9253052703767, .areaId = 0, .prop = 557850676, .status = AVAILABLE, .value = {.int32Values = [1]{0}, .floatValues = [0]{}, .int64Values = [0]{}, .bytes = [0]{}, .stringValue = ""}}
12-30 11:11:57.230   398   464 I VehiclePropertyStore: begin to write value to Store: {.timestamp = 9253052703767, .areaId = 0, .prop = 557850676, .status = AVAILABLE, .value = {.int32Values = [1]{0}, .floatValues = [0]{}, .int64Values = [0]{}, .bytes = [0]{}, .stringValue = ""}}
12-30 11:11:57.230   398   464 I DefaultVehicleHal_v2_0: DefaultVehicleHal::onPropertyValue, value:{.timestamp = 9253052703767, .areaId = 0, .prop = 557850676, .status = AVAILABLE, .value = {.int32Values = [1]{0}, .floatValues = [0]{}, .int64Values = [0]{}, .bytes = [0]{}, .stringValue = ""}}
12-30 11:11:57.230   398   464 D DiagPropHandler: is not DiagnosticConfig: 0x21402034
12-30 11:11:57.230   398   464 I VehiclePropertyStore: begin to write value to Store: {.timestamp = 9253052703767, .areaId = 0, .prop = 557850676, .status = AVAILABLE, .value = {.int32Values = [1]{0}, .floatValues = [0]{}, .int64Values = [0]{}, .bytes = [0]{}, .stringValue = ""}}
12-30 11:11:57.230   398   464 D adayocomadapter-CommunicationManager: onUpstreamReceive mPropertyId 0x21402034
12-30 11:11:57.231   398   464 D adayocomadapter-CommunicationManager: onUpstreamReceive mPropertyId 0x2140218c
12-30 11:11:57.231   398   464 D adayocomadapter-CommunicationManager: convertBytesToInt32Memcpy  0
12-30 11:11:57.231   398   464 I vw-vhal : notifyVehicleProperty, propId = 0x2140218c, data = {status: 2, int32Values: [0]}
12-30 11:11:57.231   398   464 I vw-vhal : CanSignalsAdapter::notifyVehicleProperty: solvedValue = {.timestamp = 9253052906434, .areaId = 0, .prop = 557851020, .status = AVAILABLE, .value = {.int32Values = [1]{0}, .floatValues = [0]{}, .int64Values = [0]{}, .bytes = [0]{}, .stringValue = ""}}
12-30 11:11:57.231   398   464 I VehiclePropertyStore: begin to write value to Store: {.timestamp = 9253052906434, .areaId = 0, .prop = 557851020, .status = AVAILABLE, .value = {.int32Values = [1]{0}, .floatValues = [0]{}, .int64Values = [0]{}, .bytes = [0]{}, .stringValue = ""}}
12-30 11:11:57.231   398   464 I DefaultVehicleHal_v2_0: DefaultVehicleHal::onPropertyValue, value:{.timestamp = 9253052906434, .areaId = 0, .prop = 557851020, .status = AVAILABLE, .value = {.int32Values = [1]{0}, .floatValues = [0]{}, .int64Values = [0]{}, .bytes = [0]{}, .stringValue = ""}}
12-30 11:11:57.231   398   464 D DiagPropHandler: is not DiagnosticConfig: 0x2140218c
12-30 11:11:57.231   398   464 I VehiclePropertyStore: begin to write value to Store: {.timestamp = 9253052906434, .areaId = 0, .prop = 557851020, .status = AVAILABLE, .value = {.int32Values = [1]{0}, .floatValues = [0]{}, .int64Values = [0]{}, .bytes = [0]{}, .stringValue = ""}}
12-30 11:11:57.231   398   464 D adayocomadapter-CommunicationManager: onUpstreamReceive mPropertyId 0x2140218c
12-30 11:11:57.231   398   464 D adayocomadapter-CommunicationManager: onUpstreamReceive mPropertyId 0x2140219b
12-30 11:11:57.231   398   464 D adayocomadapter-CommunicationManager: convertBytesToInt32Memcpy  0
12-30 11:11:57.231   398   464 I vw-vhal : notifyVehicleProperty, propId = 0x2140219b, data = {status: 2, int32Values: [0]}
12-30 11:11:57.231   398   464 I vw-vhal : CanSignalsAdapter::notifyVehicleProperty: solvedValue = {.timestamp = 9253053115434, .areaId = 0, .prop = 557851035, .status = AVAILABLE, .value = {.int32Values = [1]{0}, .floatValues = [0]{}, .int64Values = [0]{}, .bytes = [0]{}, .stringValue = ""}}
12-30 11:11:57.231   398   464 I VehiclePropertyStore: begin to write value to Store: {.timestamp = 9253053115434, .areaId = 0, .prop = 557851035, .status = AVAILABLE, .value = {.int32Values = [1]{0}, .floatValues = [0]{}, .int64Values = [0]{}, .bytes = [0]{}, .stringValue = ""}}
12-30 11:11:57.231   398   464 I DefaultVehicleHal_v2_0: DefaultVehicleHal::onPropertyValue, value:{.timestamp = 9253053115434, .areaId = 0, .prop = 557851035, .status = AVAILABLE, .value = {.int32Values = [1]{0}, .floatValues = [0]{}, .int64Values = [0]{}, .bytes = [0]{}, .stringValue = ""}}
12-30 11:11:57.231   398   464 D DiagPropHandler: is not DiagnosticConfig: 0x2140219b
12-30 11:11:57.231   398   464 I VehiclePropertyStore: begin to write value to Store: {.timestamp = 9253053115434, .areaId = 0, .prop = 557851035, .status = AVAILABLE, .value = {.int32Values = [1]{0}, .floatValues = [0]{}, .int64Values = [0]{}, .bytes = [0]{}, .stringValue = ""}}
12-30 11:11:57.231   398   464 D adayocomadapter-CommunicationManager: onUpstreamReceive mPropertyId 0x2140219b
12-30 11:11:57.231   398   464 D adayocomadapter-CommunicationManager: onUpstreamReceive mPropertyId 0x214021a0
12-30 11:11:57.231   398   464 D adayocomadapter-CommunicationManager: convertBytesToInt32Memcpy  0
12-30 11:11:57.231   398   464 I vw-vhal : notifyVehicleProperty, propId = 0x214021a0, data = {status: 2, int32Values: [0]}
12-30 11:11:57.231   398   464 I vw-vhal : CanSignalsAdapter::notifyVehicleProperty: solvedValue = {.timestamp = 9253053317767, .areaId = 0, .prop = 557851040, .status = AVAILABLE, .value = {.int32Values = [1]{0}, .floatValues = [0]{}, .int64Values = [0]{}, .bytes = [0]{}, .stringValue = ""}}
12-30 11:11:57.231   398   464 I VehiclePropertyStore: begin to write value to Store: {.timestamp = 9253053317767, .areaId = 0, .prop = 557851040, .status = AVAILABLE, .value = {.int32Values = [1]{0}, .floatValues = [0]{}, .int64Values = [0]{}, .bytes = [0]{}, .stringValue = ""}}
12-30 11:11:57.231   398   464 I DefaultVehicleHal_v2_0: DefaultVehicleHal::onPropertyValue, value:{.timestamp = 9253053317767, .areaId = 0, .prop = 557851040, .status = AVAILABLE, .value = {.int32Values = [1]{0}, .floatValues = [0]{}, .int64Values = [0]{}, .bytes = [0]{}, .stringValue = ""}}
12-30 11:11:57.231   398   464 D DiagPropHandler: is not DiagnosticConfig: 0x214021a0
12-30 11:11:57.231   398   464 I VehiclePropertyStore: begin to write value to Store: {.timestamp = 9253053317767, .areaId = 0, .prop = 557851040, .status = AVAILABLE, .value = {.int32Values = [1]{0}, .floatValues = [0]{}, .int64Values = [0]{}, .bytes = [0]{}, .stringValue = ""}}
12-30 11:11:57.231   398   464 D adayocomadapter-CommunicationManager: onUpstreamReceive mPropertyId 0x214021a0
12-30 11:11:57.231   398   464 D adayocomadapter-CommunicationManager: onUpstreamReceive mPropertyId 0x214021a3
12-30 11:11:57.231   398   464 D adayocomadapter-CommunicationManager: convertBytesToInt32Memcpy  0
12-30 11:11:57.231   398   464 I vw-vhal : notifyVehicleProperty, propId = 0x214021a3, data = {status: 2, int32Values: [0]}
12-30 11:11:57.231   398   464 I vw-vhal : CanSignalsAdapter::notifyVehicleProperty: solvedValue = {.timestamp = 9253053520101, .areaId = 0, .prop = 557851043, .status = AVAILABLE, .value = {.int32Values = [1]{0}, .floatValues = [0]{}, .int64Values = [0]{}, .bytes = [0]{}, .stringValue = ""}}
12-30 11:11:57.231   398   464 I VehiclePropertyStore: begin to write value to Store: {.timestamp = 9253053520101, .areaId = 0, .prop = 557851043, .status = AVAILABLE, .value = {.int32Values = [1]{0}, .floatValues = [0]{}, .int64Values = [0]{}, .bytes = [0]{}, .stringValue = ""}}
12-30 11:11:57.231   398   464 I DefaultVehicleHal_v2_0: DefaultVehicleHal::onPropertyValue, value:{.timestamp = 9253053520101, .areaId = 0, .prop = 557851043, .status = AVAILABLE, .value = {.int32Values = [1]{0}, .floatValues = [0]{}, .int64Values = [0]{}, .bytes = [0]{}, .stringValue = ""}}
12-30 11:11:57.231   398   464 D DiagPropHandler: is not DiagnosticConfig: 0x214021a3
12-30 11:11:57.231   398   464 I VehiclePropertyStore: begin to write value to Store: {.timestamp = 9253053520101, .areaId = 0, .prop = 557851043, .status = AVAILABLE, .value = {.int32Values = [1]{0}, .floatValues = [0]{}, .int64Values = [0]{}, .bytes = [0]{}, .stringValue = ""}}
12-30 11:11:57.231   398   464 D adayocomadapter-CommunicationManager: onUpstreamReceive mPropertyId 0x214021a3
12-30 11:11:57.231   398   464 D adayocomadapter-CommunicationManager: onUpstreamReceive mPropertyId 0x214021a4
12-30 11:11:57.231   398   464 D adayocomadapter-CommunicationManager: convertBytesToInt32Memcpy  0
12-30 11:11:57.231   398   464 I vw-vhal : notifyVehicleProperty, propId = 0x214021a4, data = {status: 2, int32Values: [0]}
12-30 11:11:57.231   398   464 I vw-vhal : CanSignalsAdapter::notifyVehicleProperty: solvedValue = {.timestamp = 9253053720434, .areaId = 0, .prop = 557851044, .status = AVAILABLE, .value = {.int32Values = [1]{0}, .floatValues = [0]{}, .int64Values = [0]{}, .bytes = [0]{}, .stringValue = ""}}
12-30 11:11:57.231   398   464 I VehiclePropertyStore: begin to write value to Store: {.timestamp = 9253053720434, .areaId = 0, .prop = 557851044, .status = AVAILABLE, .value = {.int32Values = [1]{0}, .floatValues = [0]{}, .int64Values = [0]{}, .bytes = [0]{}, .stringValue = ""}}
12-30 11:11:57.231   398   464 I DefaultVehicleHal_v2_0: DefaultVehicleHal::onPropertyValue, value:{.timestamp = 9253053720434, .areaId = 0, .prop = 557851044, .status = AVAILABLE, .value = {.int32Values = [1]{0}, .floatValues = [0]{}, .int64Values = [0]{}, .bytes = [0]{}, .stringValue = ""}}
12-30 11:11:57.231   398   464 D DiagPropHandler: is not DiagnosticConfig: 0x214021a4
12-30 11:11:57.231   398   464 I VehiclePropertyStore: begin to write value to Store: {.timestamp = 9253053720434, .areaId = 0, .prop = 557851044, .status = AVAILABLE, .value = {.int32Values = [1]{0}, .floatValues = [0]{}, .int64Values = [0]{}, .bytes = [0]{}, .stringValue = ""}}
12-30 11:11:57.231   398   464 D adayocomadapter-CommunicationManager: onUpstreamReceive mPropertyId 0x214021a4
12-30 11:11:57.232   398   464 D adayocomadapter-CommunicationManager: onUpstreamReceive mPropertyId 0x214021cb
12-30 11:11:57.232   398   464 D adayocomadapter-CommunicationManager: convertBytesToInt32Memcpy  0
12-30 11:11:57.232   398   464 I vw-vhal : notifyVehicleProperty, propId = 0x214021cb, data = {status: 2, int32Values: [0]}
12-30 11:11:57.232   398   464 I vw-vhal : CanSignalsAdapter::notifyVehicleProperty: solvedValue = {.timestamp = 9253053921101, .areaId = 0, .prop = 557851083, .status = AVAILABLE, .value = {.int32Values = [1]{0}, .floatValues = [0]{}, .int64Values = [0]{}, .bytes = [0]{}, .stringValue = ""}}
12-30 11:11:57.232   398   464 I VehiclePropertyStore: begin to write value to Store: {.timestamp = 9253053921101, .areaId = 0, .prop = 557851083, .status = AVAILABLE, .value = {.int32Values = [1]{0}, .floatValues = [0]{}, .int64Values = [0]{}, .bytes = [0]{}, .stringValue = ""}}
12-30 11:11:57.232   398   464 I DefaultVehicleHal_v2_0: DefaultVehicleHal::onPropertyValue, value:{.timestamp = 9253053921101, .areaId = 0, .prop = 557851083, .status = AVAILABLE, .value = {.int32Values = [1]{0}, .floatValues = [0]{}, .int64Values = [0]{}, .bytes = [0]{}, .stringValue = ""}}
12-30 11:11:57.232   398   464 D DiagPropHandler: is not DiagnosticConfig: 0x214021cb
12-30 11:11:57.232   398   464 I VehiclePropertyStore: begin to write value to Store: {.timestamp = 9253053921101, .areaId = 0, .prop = 557851083, .status = AVAILABLE, .value = {.int32Values = [1]{0}, .floatValues = [0]{}, .int64Values = [0]{}, .bytes = [0]{}, .stringValue = ""}}
12-30 11:11:57.232   398   464 D adayocomadapter-CommunicationManager: onUpstreamReceive mPropertyId 0x214021cb
12-30 11:11:57.234   596  3076 E WifiHAL : Invalid data received from driver
12-30 11:11:57.234  3066  3066 D hostapd : nl80211: BSS Event 59 (NL80211_CMD_FRAME) received for wlan1
12-30 11:11:57.234  3066  3066 D hostapd : nl80211: RX frame da=12:01:ad:51:45:6f sa=66:3f:d5:cd:52:38 bssid=12:01:ad:51:45:6f freq=5745 ssi_signal=-6900 fc=0xb0 seq_ctrl=0xd7a0 stype=11 (WLAN_FC_STYPE_AUTH) len=128
12-30 11:11:57.234  3066  3066 D hostapd : wlan1: Event RX_MGMT (18) received
12-30 11:11:57.234  3066  3066 D hostapd : Receive wpa msg : Event RX_MGMT (18) received
12-30 11:11:57.234  3066  3066 D hostapd : mgmt::auth
12-30 11:11:57.234  3066  3066 D hostapd : authentication: STA=66:3f:d5:cd:52:38 auth_alg=3 auth_transaction=1 status_code=0 wep=0 seq_ctrl=0xd7a0
12-30 11:11:57.234  3066  3066 D hostapd : SAE: Queue Authentication message from 66:3f:d5:cd:52:38 for processing (queue_len 0)
12-30 11:11:57.234  3066  3066 D hostapd : SAE: Process next available message from queue
12-30 11:11:57.234  3066  3066 D hostapd : authentication: STA=66:3f:d5:cd:52:38 auth_alg=3 auth_transaction=1 status_code=0 wep=0 seq_ctrl=0xd7a0 (from queue)
12-30 11:11:57.234  3066  3066 D hostapd : SAE: State Committed -> Nothing for peer 66:3f:d5:cd:52:38 (Allow previous PWE to be reused)
12-30 11:11:57.234  3066  3066 D hostapd : SAE: Peer commit-scalar - hexdump(len=32): e9 40 cf d6 e0 e1 65 04 88 98 c0 42 d9 4d 20 53 85 9f 26 31 29 44 a0 80 ca cf 5d 2b 24 fe c1 a7
12-30 11:11:57.234  3066  3066 D hostapd : SAE: Peer commit-element(x) - hexdump(len=32): 4f f3 e7 5b 9c a4 02 e2 dc 5f 49 7a d8 b4 60 a3 e9 e3 e8 70 ad a2 b9 c9 ac 6c 7d 77 a1 01 3e 2f
12-30 11:11:57.234  3066  3066 D hostapd : SAE: Peer commit-element(y) - hexdump(len=32): b9 4b 1f dd a6 bc 3e 6b 59 9a f6 34 b7 6d e7 38 be c8 4b d4 e8 dd 25 bb dd a9 a9 b2 61 87 54 15
12-30 11:11:57.234  3066  3066 D hostapd : SAE: Possible elements at the end of the frame - hexdump(len=0):
12-30 11:11:57.234  3066  3066 D hostapd : SAE: Peer 66:3f:d5:cd:52:38 state=Nothing auth_trans=1
12-30 11:11:57.234  3066  3066 D hostapd : SAE: own commit-scalar - hexdump(len=32): 91 d2 13 65 5f 22 53 00 5e df 65 17 0c 8e 87 b5 20 7b 34 a3 70 de 38 99 a9 d7 9a b1 a3 b4 86 1b
12-30 11:11:57.234  3066  3066 D hostapd : SAE: own commit-element(x) - hexdump(len=32): 40 82 85 cb 2a c5 0c 5e 80 81 0e 9f cf 05 5c 57 db 0d 11 84 97 ca 70 1c 5e 89 f3 6b 80 7b 01 b3
12-30 11:11:57.234  3066  3066 D hostapd : SAE: own commit-element(y) - hexdump(len=32): 31 79 fc 72 03 66 3b 93 a3 ca fb 66 5e 13 43 c7 62 db f3 af 56 eb 26 2d 14 8b 70 28 6d 53 96 1f
12-30 11:11:57.235  3066  3066 D hostapd : authentication reply: STA=66:3f:d5:cd:52:38 auth_alg=3 auth_transaction=1 resp=0 (IE len=98) (dbg=sae-send-commit)
12-30 11:11:57.235  3066  3066 D hostapd : nl80211: send_mlme - da=66:3f:d5:cd:52:38 noack=0 freq=0 no_cck=0 offchanok=0 wait_time=0 no_encrypt=0 fc=0xb0 (WLAN_FC_STYPE_AUTH) nlmode=3
12-30 11:11:57.235  3066  3066 D hostapd : nl80211: Use bss->freq=5745
12-30 11:11:57.235  3066  3066 D hostapd : nl80211: send_mlme -> send_frame_cmd
12-30 11:11:57.235  3066  3066 D hostapd : SAE: State Nothing -> Committed for peer 66:3f:d5:cd:52:38 (Sent Commit)
12-30 11:11:57.235   596  3076 E WifiHAL : Invalid data received from driver
12-30 11:11:57.236  3066  3066 D hostapd : SAE: k - hexdump(len=32): [REMOVED]
12-30 11:11:57.236  3066  3066 D hostapd : SAE: Derive keys - H2E=0 AKMP=0x0 = 00000000 (UNKNOWN)
12-30 11:11:57.236  3066  3066 D hostapd : SAE: salt for keyseed derivation - hexdump(len=32): 00 00 00 00 00 00 00 00 00 00 00 00 00 00 00 00 00 00 00 00 00 00 00 00 00 00 00 00 00 00 00 00
12-30 11:11:57.236  3066  3066 D hostapd : SAE: keyseed - hexdump(len=32): [REMOVED]
12-30 11:11:57.236  3066  3066 D hostapd : SAE: PMKID - hexdump(len=16): 7b 12 e3 3d 40 03 b8 03 e7 78 25 59 e5 db a8 08
12-30 11:11:57.236  3066  3066 D hostapd : SAE: KCK - hexdump(len=32): [REMOVED]
12-30 11:11:57.236  3066  3066 D hostapd : SAE: PMK - hexdump(len=32): [REMOVED]
12-30 11:11:57.236   360   931 D EvsDriver: forwardFrame
12-30 11:11:57.236   360   931 D EvsDriver: forwardFrameDirect
12-30 11:11:57.236   360   931 D EvsDriver: Delivered 0xb400e2ca9e40c2d0 as id 0
12-30 11:11:57.236   359  2784 D evsmanagerd: /dev/video-evs0 forwarded the buffer #0 to 0xb400f125d2b26dd0 from 0xb400f125e2b20710
12-30 11:11:57.241   596  3076 E WifiHAL : Invalid data received from driver
12-30 11:11:57.241  3066  3066 D hostapd : nl80211: BSS Event 59 (NL80211_CMD_FRAME) received for wlan1
12-30 11:11:57.241  3066  3066 D hostapd : nl80211: RX frame da=12:01:ad:51:45:6f sa=66:3f:d5:cd:52:38 bssid=12:01:ad:51:45:6f freq=5745 ssi_signal=-7000 fc=0x8b0 seq_ctrl=0xd7b0 stype=11 (WLAN_FC_STYPE_AUTH) len=64
12-30 11:11:57.241  3066  3066 D hostapd : wlan1: Event RX_MGMT (18) received
12-30 11:11:57.241  3066  3066 D hostapd : Receive wpa msg : Event RX_MGMT (18) received
12-30 11:11:57.241  3066  3066 D hostapd : mgmt::auth
12-30 11:11:57.241  3066  3066 D hostapd : authentication: STA=66:3f:d5:cd:52:38 auth_alg=3 auth_transaction=2 status_code=0 wep=0 seq_ctrl=0xd7b0 retry
12-30 11:11:57.241  3066  3066 D hostapd : SAE: peer-send-confirm 0
12-30 11:11:57.241  3066  3066 D hostapd : SAE: Confirm mismatch
12-30 11:11:57.241  3066  3066 D hostapd : SAE: Received confirm - hexdump(len=32): cc e1 24 dd 59 a7 6e 3e 1d 60 e2 51 91 7c 90 d3 35 c7 17 39 9f d1 0c 51 b4 c6 8c 20 fc b3 45 88
12-30 11:11:57.242  3066  3066 D hostapd : SAE: Calculated verifier - hexdump(len=32): f0 de 9e 67 f4 a2 77 41 e2 05 5f 61 d8 c3 1c 88 a3 d3 85 b7 48 80 bf 78 6c 56 60 c5 33 b6 a5 9a
12-30 11:11:57.242  3066  3066 D hostapd : wlan1: nl80211: External auth status: 15
12-30 11:11:57.242  3066  3066 D hostapd : Receive wpa msg : nl80211: External auth status: 15
12-30 11:11:57.242  3066  3066 D hostapd : authentication reply: STA=66:3f:d5:cd:52:38 auth_alg=3 auth_transaction=2 resp=15 (IE len=0) (dbg=auth-sae)
12-30 11:11:57.242  3066  3066 D hostapd : nl80211: send_mlme - da=66:3f:d5:cd:52:38 noack=0 freq=0 no_cck=0 offchanok=0 wait_time=0 no_encrypt=0 fc=0xb0 (WLAN_FC_STYPE_AUTH) nlmode=3
12-30 11:11:57.242  3066  3066 D hostapd : nl80211: Use bss->freq=5745
12-30 11:11:57.242  3066  3066 D hostapd : nl80211: send_mlme -> send_frame_cmd
12-30 11:11:57.242   596  3076 E WifiHAL : Invalid data received from driver
12-30 11:11:57.244  2358  2623 D RcfController: Rcf proxy is not connected!
12-30 11:11:57.246   360   458 D EvsDriver: doneWithFrame
12-30 11:11:57.258   596  3076 E WifiHAL : Invalid data received from driver
12-30 11:11:57.267   596  3076 E WifiHAL : Invalid data received from driver
12-30 11:11:57.267   596  3076 E WifiHAL : Invalid data received from driver
12-30 11:11:57.267   596  3076 E WifiHAL : Invalid data received from driver
12-30 11:11:57.267   596  3076 E WifiHAL : Invalid data received from driver
12-30 11:11:57.267   596  3076 E WifiHAL : Invalid data received from driver
12-30 11:11:57.267   596  3076 E WifiHAL : Invalid data received from driver
12-30 11:11:57.267   596  3076 E WifiHAL : Invalid data received from driver
12-30 11:11:57.269   360   931 D EvsDriver: forwardFrame
12-30 11:11:57.269   360   931 D EvsDriver: forwardFrameDirect
12-30 11:11:57.270   360   931 D EvsDriver: Delivered 0xb400e2ca9e40d090 as id 1
12-30 11:11:57.270   359  2784 D evsmanagerd: /dev/video-evs0 forwarded the buffer #1 to 0xb400f125d2b26dd0 from 0xb400f125e2b20710
12-30 11:11:57.271  3066  3066 D hostapd : nl80211: BSS Event 59 (NL80211_CMD_FRAME) received for wlan1
12-30 11:11:57.271  3066  3066 D hostapd : nl80211: RX frame da=ff:ff:ff:ff:ff:ff sa=ce:50:21:02:82:f9 bssid=ce:50:21:02:82:f9 freq=5745 ssi_signal=-9200 fc=0xd0 seq_ctrl=0x3620 stype=13 (WLAN_FC_STYPE_ACTION) len=42
12-30 11:11:57.271  3066  3066 D hostapd : wlan1: Event RX_MGMT (18) received
12-30 11:11:57.271  3066  3066 D hostapd : Receive wpa msg : Event RX_MGMT (18) received
12-30 11:11:57.277   360   458 D EvsDriver: doneWithFrame
12-30 11:11:57.294  2358  2623 D RcfController: Rcf proxy is not connected!
12-30 11:11:57.303   360   931 D EvsDriver: forwardFrame
12-30 11:11:57.303   360   931 D EvsDriver: forwardFrameDirect
12-30 11:11:57.303   360   931 D EvsDriver: Delivered 0xb400e2ca9e40e110 as id 0
12-30 11:11:57.303   359  2784 D evsmanagerd: /dev/video-evs0 forwarded the buffer #0 to 0xb400f125d2b26dd0 from 0xb400f125e2b20710
12-30 11:11:57.307   360   458 D EvsDriver: doneWithFrame
12-30 11:11:57.336   360   931 D EvsDriver: forwardFrame
12-30 11:11:57.336   360   931 D EvsDriver: forwardFrameDirect
12-30 11:11:57.336   360   931 D EvsDriver: Delivered 0xb400e2ca9e40c7a0 as id 1
12-30 11:11:57.336   359  2784 D evsmanagerd: /dev/video-evs0 forwarded the buffer #1 to 0xb400f125d2b26dd0 from 0xb400f125e2b20710
12-30 11:11:57.337   360   458 D EvsDriver: doneWithFrame
12-30 11:11:57.339   596  3076 E WifiHAL : Invalid data received from driver
12-30 11:11:57.345  2358  2623 D RcfController: Rcf proxy is not connected!
12-30 11:11:57.369   360   931 D EvsDriver: forwardFrame
12-30 11:11:57.369   360   931 D EvsDriver: forwardFrameDirect
12-30 11:11:57.370   360   931 D EvsDriver: Delivered 0xb400e2ca9e40e270 as id 0
12-30 11:11:57.370   359  2784 D evsmanagerd: /dev/video-evs0 forwarded the buffer #0 to 0xb400f125d2b26dd0 from 0xb400f125e2b20710
12-30 11:11:57.378   360   458 D EvsDriver: doneWithFrame
12-30 11:11:57.395  2358  2623 D RcfController: Rcf proxy is not connected!
12-30 11:11:57.400   894  1163 D storaged: getDiskStats is not supported on health HAL.
12-30 11:11:57.403   360   931 D EvsDriver: forwardFrame
12-30 11:11:57.403   360   931 D EvsDriver: forwardFrameDirect
12-30 11:11:57.403   360   931 D EvsDriver: Delivered 0xb400e2ca9e40d4b0 as id 1
12-30 11:11:57.403   359  2784 D evsmanagerd: /dev/video-evs0 forwarded the buffer #1 to 0xb400f125d2b26dd0 from 0xb400f125e2b20710
12-30 11:11:57.408   360   458 D EvsDriver: doneWithFrame
12-30 11:11:57.410   650   729 D fgemcucomm: sd Uart data : 6AA60220BB000292028D
12-30 11:11:57.410   650   729 D fgemcucomm: rev uart=76439,len=14, data : 6AA68120BB00069202001A0000F0
12-30 11:11:57.410   398   466 D adayocomadapter-ParseProtocolFunc: printRaWMsg Name[MCUToUPstream recv] len[6] data[9202001A0000]
12-30 11:11:57.410   398   466 D adayocomadapter-CommunicationManager: onUpstreamback   member[0] dataLength[3] timePoint[9253232]
12-30 11:11:57.410   398   466 D adayocomadapter-ParseProtocolFunc: printRaWMsg Name[onUpstreamback] len[3] data[1A0000]
12-30 11:11:57.410   398   464 D adayocomadapter-UpstreamHandler: processBeforePacket upSreamtProcessTimePoint[9253232] 
12-30 11:11:57.410   398   464 D adayocomadapter-UpstreamHandler: processPacket UPSTREAM_QUEUE_DATA_TIMEOUT
12-30 11:11:57.410   398   464 D adayocomadapter-ParseProtocolFunc: parseCommonIPCLBytes Processing tableNumber[26]
12-30 11:11:57.410   398   464 D adayocomadapter-ParseProtocolFunc: parseCommonIPCLBytes Processing tablename[Table-26] tableSize[3]
12-30 11:11:57.410   398   464 D adayocomadapter-ParseProtocolFunc: printRaWMsg Name[byteStream recv] len[3] data[1A0000]
12-30 11:11:57.410   398   464 D adayocomadapter-ParseProtocolFunc: printRaWMsg Name[IPCLtoVHAL] len[6] data[214021C90000]
12-30 11:11:57.410   398   464 D adayocomadapter-ParseProtocolFunc: printRaWMsg Name[IPCLtoVHAL] len[6] data[214022060000]
12-30 11:11:57.410   398   464 D adayocomadapter-CommunicationManager: onUpstreamReceive mPropertyId 0x214021c9
12-30 11:11:57.410   398   464 D adayocomadapter-CommunicationManager: convertBytesToInt32Memcpy  0
12-30 11:11:57.410   398   464 I vw-vhal : notifyVehicleProperty, propId = 0x214021c9, data = {status: 2, int32Values: [0]}
12-30 11:11:57.410   398   464 I vw-vhal : CanSignalsAdapter::notifyVehicleProperty: solvedValue = {.timestamp = 9253232775101, .areaId = 0, .prop = 557851081, .status = AVAILABLE, .value = {.int32Values = [1]{0}, .floatValues = [0]{}, .int64Values = [0]{}, .bytes = [0]{}, .stringValue = ""}}
12-30 11:11:57.410   398   464 I VehiclePropertyStore: begin to write value to Store: {.timestamp = 9253232775101, .areaId = 0, .prop = 557851081, .status = AVAILABLE, .value = {.int32Values = [1]{0}, .floatValues = [0]{}, .int64Values = [0]{}, .bytes = [0]{}, .stringValue = ""}}
12-30 11:11:57.411   398   464 I DefaultVehicleHal_v2_0: DefaultVehicleHal::onPropertyValue, value:{.timestamp = 9253232775101, .areaId = 0, .prop = 557851081, .status = AVAILABLE, .value = {.int32Values = [1]{0}, .floatValues = [0]{}, .int64Values = [0]{}, .bytes = [0]{}, .stringValue = ""}}
12-30 11:11:57.411   398   464 D DiagPropHandler: is not DiagnosticConfig: 0x214021c9
12-30 11:11:57.411   398   464 I VehiclePropertyStore: begin to write value to Store: {.timestamp = 9253232775101, .areaId = 0, .prop = 557851081, .status = AVAILABLE, .value = {.int32Values = [1]{0}, .floatValues = [0]{}, .int64Values = [0]{}, .bytes = [0]{}, .stringValue = ""}}
12-30 11:11:57.411   398   464 D adayocomadapter-CommunicationManager: onUpstreamReceive mPropertyId 0x214021c9
12-30 11:11:57.411   398   464 D adayocomadapter-CommunicationManager: onUpstreamReceive mPropertyId 0x21402206
12-30 11:11:57.411   398   464 D adayocomadapter-CommunicationManager: convertBytesToInt32Memcpy  0
12-30 11:11:57.411   398   464 I vw-vhal : notifyVehicleProperty, propId = 0x21402206, data = {status: 2, int32Values: [0]}
12-30 11:11:57.411   398   464 I vw-vhal : CanSignalsAdapter::notifyVehicleProperty: solvedValue = {.timestamp = 9253233007434, .areaId = 0, .prop = 557851142, .status = AVAILABLE, .value = {.int32Values = [1]{0}, .floatValues = [0]{}, .int64Values = [0]{}, .bytes = [0]{}, .stringValue = ""}}
12-30 11:11:57.411   398   464 I VehiclePropertyStore: begin to write value to Store: {.timestamp = 9253233007434, .areaId = 0, .prop = 557851142, .status = AVAILABLE, .value = {.int32Values = [1]{0}, .floatValues = [0]{}, .int64Values = [0]{}, .bytes = [0]{}, .stringValue = ""}}
12-30 11:11:57.411   398   464 I DefaultVehicleHal_v2_0: DefaultVehicleHal::onPropertyValue, value:{.timestamp = 9253233007434, .areaId = 0, .prop = 557851142, .status = AVAILABLE, .value = {.int32Values = [1]{0}, .floatValues = [0]{}, .int64Values = [0]{}, .bytes = [0]{}, .stringValue = ""}}
12-30 11:11:57.411   398   464 D DiagPropHandler: is not DiagnosticConfig: 0x21402206
12-30 11:11:57.411   398   464 I VehiclePropertyStore: begin to write value to Store: {.timestamp = 9253233007434, .areaId = 0, .prop = 557851142, .status = AVAILABLE, .value = {.int32Values = [1]{0}, .floatValues = [0]{}, .int64Values = [0]{}, .bytes = [0]{}, .stringValue = ""}}
12-30 11:11:57.411   398   464 D adayocomadapter-CommunicationManager: onUpstreamReceive mPropertyId 0x21402206
12-30 11:11:57.423   665  1525 I gps_hdbd: [gps_upgrade_thread 3403]Enter
12-30 11:11:57.424   665  1525 I gps_hdbd: [gps_upgrade_thread 3432] sys.gps.update:0 ,file:not ,upgrate_ing:0
12-30 11:11:57.436   360   931 D EvsDriver: forwardFrame
12-30 11:11:57.436   360   931 D EvsDriver: forwardFrameDirect
12-30 11:11:57.436   360   931 D EvsDriver: Delivered 0xb400e2ca9e40c2d0 as id 0
12-30 11:11:57.436   359  2784 D evsmanagerd: /dev/video-evs0 forwarded the buffer #0 to 0xb400f125d2b26dd0 from 0xb400f125e2b20710
12-30 11:11:57.438   360   458 D EvsDriver: doneWithFrame
12-30 11:11:57.439   650   729 D fgemcucomm: sd Uart data : 6AA60220BC00028B3065
12-30 11:11:57.439   650   729 D fgemcucomm: rev uart=76440,len=120, data : 6AA68120BC00708B30B01E0B0B37000100000000025C0100010201010000000000A55A820001000000010000000C00000000000100000000000000A55A830504500000000000000000000000000101010101000000000000A55A8410100900000007000100000000000092A55A850001697F0000010000D4
12-30 11:11:57.440   596  3076 E WifiHAL : Invalid data received from driver
12-30 11:11:57.445  2358  2623 D RcfController: Rcf proxy is not connected!
12-30 11:11:57.464   650   729 D fgemcucomm: sd Uart data : 6AA60220BD000292028B
12-30 11:11:57.464   650   729 D fgemcucomm: rev uart=76441,len=60, data : 6AA68120BD003492020018000000000000000000000000000000000000000000000000000000000000000000000000000000000000000000000000C2
12-30 11:11:57.464   398   466 D adayocomadapter-ParseProtocolFunc: printRaWMsg Name[MCUToUPstream recv] len[52] data[92020018000000000000000000000000000000000000000000000000000000000000000000000000000000000000000000000000]
12-30 11:11:57.464   398   466 D adayocomadapter-CommunicationManager: onUpstreamback   member[0] dataLength[49] timePoint[9253286]
12-30 11:11:57.464   398   466 D adayocomadapter-ParseProtocolFunc: printRaWMsg Name[onUpstreamback] len[49] data[18000000000000000000000000000000000000000000000000000000000000000000000000000000000000000000000000]
12-30 11:11:57.464   398   464 D adayocomadapter-UpstreamHandler: processBeforePacket upSreamtProcessTimePoint[9253286] 
12-30 11:11:57.464   398   464 D adayocomadapter-UpstreamHandler: processPacket UPSTREAM_QUEUE_DATA_TIMEOUT
12-30 11:11:57.464   398   464 D adayocomadapter-ParseProtocolFunc: parseCommonIPCLBytes Processing tableNumber[24]
12-30 11:11:57.464   398   464 D adayocomadapter-ParseProtocolFunc: parseCommonIPCLBytes Processing tablename[Table-24] tableSize[49]
12-30 11:11:57.464   398   464 D adayocomadapter-ParseProtocolFunc: printRaWMsg Name[byteStream recv] len[49] data[18000000000000000000000000000000000000000000000000000000000000000000000000000000000000000000000000]
12-30 11:11:57.464   398   464 D adayocomadapter-ParseProtocolFunc: printRaWMsg Name[IPCLtoVHAL] len[8] data[2141211D01000000]
12-30 11:11:57.464   398   464 D adayocomadapter-ParseProtocolFunc: printRaWMsg Name[IPCLtoVHAL] len[7] data[2140207A000000]
12-30 11:11:57.464   398   464 D adayocomadapter-ParseProtocolFunc: printRaWMsg Name[IPCLtoVHAL] len[6] data[214020D30000]
12-30 11:11:57.464   398   464 D adayocomadapter-ParseProtocolFunc: printRaWMsg Name[IPCLtoVHAL] len[6] data[214020CB0000]
12-30 11:11:57.464   398   464 D adayocomadapter-ParseProtocolFunc: printRaWMsg Name[IPCLtoVHAL] len[7] data[2140203C000000]
12-30 11:11:57.464   398   464 D adayocomadapter-ParseProtocolFunc: printRaWMsg Name[IPCLtoVHAL] len[6] data[214020C90000]
12-30 11:11:57.464   398   464 D adayocomadapter-ParseProtocolFunc: printRaWMsg Name[IPCLtoVHAL] len[6] data[214020CF0000]
12-30 11:11:57.464   398   464 D adayocomadapter-ParseProtocolFunc: printRaWMsg Name[IPCLtoVHAL] len[7] data[21402040000000]
12-30 11:11:57.464   398   464 D adayocomadapter-ParseProtocolFunc: printRaWMsg Name[IPCLtoVHAL] len[6] data[214020D10000]
12-30 11:11:57.464   398   464 D adayocomadapter-ParseProtocolFunc: printRaWMsg Name[IPCLtoVHAL] len[7] data[21402044000000]
12-30 11:11:57.464   398   464 D adayocomadapter-ParseProtocolFunc: printRaWMsg Name[IPCLtoVHAL] len[6] data[214020D50000]
12-30 11:11:57.464   398   464 D adayocomadapter-ParseProtocolFunc: printRaWMsg Name[IPCLtoVHAL] len[7] data[21402038000000]
12-30 11:11:57.464   398   464 D adayocomadapter-ParseProtocolFunc: printRaWMsg Name[IPCLtoVHAL] len[7] data[2140207D000000]
12-30 11:11:57.464   398   464 D adayocomadapter-ParseProtocolFunc: printRaWMsg Name[IPCLtoVHAL] len[7] data[2140207F000000]
12-30 11:11:57.464   398   464 D adayocomadapter-ParseProtocolFunc: printRaWMsg Name[IPCLtoVHAL] len[6] data[214020520000]
12-30 11:11:57.464   398   464 D adayocomadapter-ParseProtocolFunc: printRaWMsg Name[IPCLtoVHAL] len[7] data[21402081000000]
12-30 11:11:57.464   398   464 D adayocomadapter-ParseProtocolFunc: printRaWMsg Name[IPCLtoVHAL] len[7] data[21402080000000]
12-30 11:11:57.464   398   464 D adayocomadapter-ParseProtocolFunc: printRaWMsg Name[IPCLtoVHAL] len[7] data[21402051000000]
12-30 11:11:57.464   398   464 D adayocomadapter-ParseProtocolFunc: printRaWMsg Name[IPCLtoVHAL] len[7] data[2140207B000000]
12-30 11:11:57.464   398   464 D adayocomadapter-ParseProtocolFunc: printRaWMsg Name[IPCLtoVHAL] len[7] data[2140204C000000]
12-30 11:11:57.464   398   464 D adayocomadapter-ParseProtocolFunc: printRaWMsg Name[IPCLtoVHAL] len[7] data[2140207C000000]
12-30 11:11:57.464   398   464 D adayocomadapter-ParseProtocolFunc: printRaWMsg Name[IPCLtoVHAL] len[7] data[2140207E000000]
12-30 11:11:57.465   398   464 D adayocomadapter-ParseProtocolFunc: printRaWMsg Name[IPCLtoVHAL] len[7] data[21402082000000]
12-30 11:11:57.465   398   464 D adayocomadapter-ParseProtocolFunc: printRaWMsg Name[IPCLtoVHAL] len[7] data[21402083000000]
12-30 11:11:57.465   398   464 D adayocomadapter-ParseProtocolFunc: printRaWMsg Name[IPCLtoVHAL] len[7] data[21402084000000]
12-30 11:11:57.465   398   464 D adayocomadapter-ParseProtocolFunc: printRaWMsg Name[IPCLtoVHAL] len[7] data[21402085000000]
12-30 11:11:57.465   398   464 D adayocomadapter-ParseProtocolFunc: printRaWMsg Name[IPCLtoVHAL] len[6] data[2140220A0000]
12-30 11:11:57.465   398   464 D adayocomadapter-ParseProtocolFunc: printRaWMsg Name[IPCLtoVHAL] len[6] data[214021E60000]
12-30 11:11:57.465   398   464 D adayocomadapter-CommunicationManager: onUpstreamReceive mPropertyId 0x2141211d
12-30 11:11:57.465   398   464 I vw-vhal : notifyVehicleProperty, propId = 0x2141211d, data = {status: 2, int32Values: [0, 0, 0]}
12-30 11:11:57.465   398   464 I vw-vhal : CanSignalsAdapter::notifyVehicleProperty: solvedValue = {.timestamp = 9253287050101, .areaId = 0, .prop = 557916445, .status = AVAILABLE, .value = {.int32Values = [3]{0, 0, 0}, .floatValues = [0]{}, .int64Values = [0]{}, .bytes = [0]{}, .stringValue = ""}}
12-30 11:11:57.465   398   464 I VehiclePropertyStore: begin to write value to Store: {.timestamp = 9253287050101, .areaId = 0, .prop = 557916445, .status = AVAILABLE, .value = {.int32Values = [3]{0, 0, 0}, .floatValues = [0]{}, .int64Values = [0]{}, .bytes = [0]{}, .stringValue = ""}}
12-30 11:11:57.465   398   464 I DefaultVehicleHal_v2_0: DefaultVehicleHal::onPropertyValue, value:{.timestamp = 9253287050101, .areaId = 0, .prop = 557916445, .status = AVAILABLE, .value = {.int32Values = [3]{0, 0, 0}, .floatValues = [0]{}, .int64Values = [0]{}, .bytes = [0]{}, .stringValue = ""}}
12-30 11:11:57.465   398   464 D DiagPropHandler: is not DiagnosticConfig: 0x2141211d
12-30 11:11:57.465   398   464 I VehiclePropertyStore: begin to write value to Store: {.timestamp = 9253287050101, .areaId = 0, .prop = 557916445, .status = AVAILABLE, .value = {.int32Values = [3]{0, 0, 0}, .floatValues = [0]{}, .int64Values = [0]{}, .bytes = [0]{}, .stringValue = ""}}
12-30 11:11:57.465   398   464 D adayocomadapter-CommunicationManager: onUpstreamReceive mPropertyId 0x2141211d
12-30 11:11:57.465   398   464 D adayocomadapter-CommunicationManager: onUpstreamReceive mPropertyId 0x2140207a
12-30 11:11:57.465   398   464 D adayocomadapter-CommunicationManager: convertBytesToInt32Memcpy  0
12-30 11:11:57.465   398   464 I vw-vhal : notifyVehicleProperty, propId = 0x2140207a, data = {status: 2, int32Values: [0]}
12-30 11:11:57.465   398   464 I vw-vhal : CanSignalsAdapter::notifyVehicleProperty: solvedValue = {.timestamp = 9253287293101, .areaId = 0, .prop = 557850746, .status = AVAILABLE, .value = {.int32Values = [1]{0}, .floatValues = [0]{}, .int64Values = [0]{}, .bytes = [0]{}, .stringValue = ""}}
12-30 11:11:57.465   398   464 I VehiclePropertyStore: begin to write value to Store: {.timestamp = 9253287293101, .areaId = 0, .prop = 557850746, .status = AVAILABLE, .value = {.int32Values = [1]{0}, .floatValues = [0]{}, .int64Values = [0]{}, .bytes = [0]{}, .stringValue = ""}}
12-30 11:11:57.465   398   464 I DefaultVehicleHal_v2_0: DefaultVehicleHal::onPropertyValue, value:{.timestamp = 9253287293101, .areaId = 0, .prop = 557850746, .status = AVAILABLE, .value = {.int32Values = [1]{0}, .floatValues = [0]{}, .int64Values = [0]{}, .bytes = [0]{}, .stringValue = ""}}
12-30 11:11:57.465   398   464 D DiagPropHandler: is not DiagnosticConfig: 0x2140207a
12-30 11:11:57.465   398   464 I VehiclePropertyStore: begin to write value to Store: {.timestamp = 9253287293101, .areaId = 0, .prop = 557850746, .status = AVAILABLE, .value = {.int32Values = [1]{0}, .floatValues = [0]{}, .int64Values = [0]{}, .bytes = [0]{}, .stringValue = ""}}
12-30 11:11:57.465   398   464 D adayocomadapter-CommunicationManager: onUpstreamReceive mPropertyId 0x2140207a
12-30 11:11:57.465   398   464 D adayocomadapter-CommunicationManager: onUpstreamReceive mPropertyId 0x214020d3
12-30 11:11:57.465   398   464 D adayocomadapter-CommunicationManager: convertBytesToInt32Memcpy  0
12-30 11:11:57.465   398   464 I vw-vhal : notifyVehicleProperty, propId = 0x214020d3, data = {status: 2, int32Values: [0]}
12-30 11:11:57.465   398   464 I vw-vhal : CanSignalsAdapter::notifyVehicleProperty: solvedValue = {.timestamp = 9253287497101, .areaId = 0, .prop = 557850835, .status = AVAILABLE, .value = {.int32Values = [1]{0}, .floatValues = [0]{}, .int64Values = [0]{}, .bytes = [0]{}, .stringValue = ""}}
12-30 11:11:57.465   398   464 I VehiclePropertyStore: begin to write value to Store: {.timestamp = 9253287497101, .areaId = 0, .prop = 557850835, .status = AVAILABLE, .value = {.int32Values = [1]{0}, .floatValues = [0]{}, .int64Values = [0]{}, .bytes = [0]{}, .stringValue = ""}}
12-30 11:11:57.465   398   464 I DefaultVehicleHal_v2_0: DefaultVehicleHal::onPropertyValue, value:{.timestamp = 9253287497101, .areaId = 0, .prop = 557850835, .status = AVAILABLE, .value = {.int32Values = [1]{0}, .floatValues = [0]{}, .int64Values = [0]{}, .bytes = [0]{}, .stringValue = ""}}
12-30 11:11:57.465   398   464 D DiagPropHandler: is not DiagnosticConfig: 0x214020d3
12-30 11:11:57.465   398   464 I VehiclePropertyStore: begin to write value to Store: {.timestamp = 9253287497101, .areaId = 0, .prop = 557850835, .status = AVAILABLE, .value = {.int32Values = [1]{0}, .floatValues = [0]{}, .int64Values = [0]{}, .bytes = [0]{}, .stringValue = ""}}
12-30 11:11:57.465   398   464 D adayocomadapter-CommunicationManager: onUpstreamReceive mPropertyId 0x214020d3
12-30 11:11:57.465   398   464 D adayocomadapter-CommunicationManager: onUpstreamReceive mPropertyId 0x214020cb
12-30 11:11:57.465   398   464 D adayocomadapter-CommunicationManager: convertBytesToInt32Memcpy  0
12-30 11:11:57.465   398   464 I vw-vhal : notifyVehicleProperty, propId = 0x214020cb, data = {status: 2, int32Values: [0]}
12-30 11:11:57.465   398   464 I vw-vhal : CanSignalsAdapter::notifyVehicleProperty: solvedValue = {.timestamp = 9253287706101, .areaId = 0, .prop = 557850827, .status = AVAILABLE, .value = {.int32Values = [1]{0}, .floatValues = [0]{}, .int64Values = [0]{}, .bytes = [0]{}, .stringValue = ""}}
12-30 11:11:57.465   398   464 I VehiclePropertyStore: begin to write value to Store: {.timestamp = 9253287706101, .areaId = 0, .prop = 557850827, .status = AVAILABLE, .value = {.int32Values = [1]{0}, .floatValues = [0]{}, .int64Values = [0]{}, .bytes = [0]{}, .stringValue = ""}}
12-30 11:11:57.465   398   464 I DefaultVehicleHal_v2_0: DefaultVehicleHal::onPropertyValue, value:{.timestamp = 9253287706101, .areaId = 0, .prop = 557850827, .status = AVAILABLE, .value = {.int32Values = [1]{0}, .floatValues = [0]{}, .int64Values = [0]{}, .bytes = [0]{}, .stringValue = ""}}
12-30 11:11:57.465   398   464 D DiagPropHandler: is not DiagnosticConfig: 0x214020cb
12-30 11:11:57.465   398   464 I VehiclePropertyStore: begin to write value to Store: {.timestamp = 9253287706101, .areaId = 0, .prop = 557850827, .status = AVAILABLE, .value = {.int32Values = [1]{0}, .floatValues = [0]{}, .int64Values = [0]{}, .bytes = [0]{}, .stringValue = ""}}
12-30 11:11:57.465   398   464 D adayocomadapter-CommunicationManager: onUpstreamReceive mPropertyId 0x214020cb
12-30 11:11:57.465   398   464 D adayocomadapter-CommunicationManager: onUpstreamReceive mPropertyId 0x2140203c
12-30 11:11:57.466   398   464 D adayocomadapter-CommunicationManager: convertBytesToInt32Memcpy  0
12-30 11:11:57.466   398   464 I vw-vhal : notifyVehicleProperty, propId = 0x2140203c, data = {status: 2, int32Values: [0]}
12-30 11:11:57.466   398   464 I vw-vhal : CanSignalsAdapter::notifyVehicleProperty: solvedValue = {.timestamp = 9253287905767, .areaId = 0, .prop = 557850684, .status = AVAILABLE, .value = {.int32Values = [1]{0}, .floatValues = [0]{}, .int64Values = [0]{}, .bytes = [0]{}, .stringValue = ""}}
12-30 11:11:57.466   398   464 I VehiclePropertyStore: begin to write value to Store: {.timestamp = 9253287905767, .areaId = 0, .prop = 557850684, .status = AVAILABLE, .value = {.int32Values = [1]{0}, .floatValues = [0]{}, .int64Values = [0]{}, .bytes = [0]{}, .stringValue = ""}}
12-30 11:11:57.466   398   464 I DefaultVehicleHal_v2_0: DefaultVehicleHal::onPropertyValue, value:{.timestamp = 9253287905767, .areaId = 0, .prop = 557850684, .status = AVAILABLE, .value = {.int32Values = [1]{0}, .floatValues = [0]{}, .int64Values = [0]{}, .bytes = [0]{}, .stringValue = ""}}
12-30 11:11:57.466   398   464 D DiagPropHandler: is not DiagnosticConfig: 0x2140203c
12-30 11:11:57.466   398   464 I VehiclePropertyStore: begin to write value to Store: {.timestamp = 9253287905767, .areaId = 0, .prop = 557850684, .status = AVAILABLE, .value = {.int32Values = [1]{0}, .floatValues = [0]{}, .int64Values = [0]{}, .bytes = [0]{}, .stringValue = ""}}
12-30 11:11:57.466   398   464 D adayocomadapter-CommunicationManager: onUpstreamReceive mPropertyId 0x2140203c
12-30 11:11:57.466   398   464 D adayocomadapter-CommunicationManager: onUpstreamReceive mPropertyId 0x214020c9
12-30 11:11:57.466   398   464 D adayocomadapter-CommunicationManager: convertBytesToInt32Memcpy  0
12-30 11:11:57.466   398   464 I vw-vhal : notifyVehicleProperty, propId = 0x214020c9, data = {status: 2, int32Values: [0]}
12-30 11:11:57.466   398   464 I vw-vhal : CanSignalsAdapter::notifyVehicleProperty: solvedValue = {.timestamp = 9253288146767, .areaId = 0, .prop = 557850825, .status = AVAILABLE, .value = {.int32Values = [1]{0}, .floatValues = [0]{}, .int64Values = [0]{}, .bytes = [0]{}, .stringValue = ""}}
12-30 11:11:57.466   398   464 I VehiclePropertyStore: begin to write value to Store: {.timestamp = 9253288146767, .areaId = 0, .prop = 557850825, .status = AVAILABLE, .value = {.int32Values = [1]{0}, .floatValues = [0]{}, .int64Values = [0]{}, .bytes = [0]{}, .stringValue = ""}}
12-30 11:11:57.466   398   464 I DefaultVehicleHal_v2_0: DefaultVehicleHal::onPropertyValue, value:{.timestamp = 9253288146767, .areaId = 0, .prop = 557850825, .status = AVAILABLE, .value = {.int32Values = [1]{0}, .floatValues = [0]{}, .int64Values = [0]{}, .bytes = [0]{}, .stringValue = ""}}
12-30 11:11:57.466   398   464 D DiagPropHandler: is not DiagnosticConfig: 0x214020c9
12-30 11:11:57.466   398   464 I VehiclePropertyStore: begin to write value to Store: {.timestamp = 9253288146767, .areaId = 0, .prop = 557850825, .status = AVAILABLE, .value = {.int32Values = [1]{0}, .floatValues = [0]{}, .int64Values = [0]{}, .bytes = [0]{}, .stringValue = ""}}
12-30 11:11:57.466   398   464 D adayocomadapter-CommunicationManager: onUpstreamReceive mPropertyId 0x214020c9
12-30 11:11:57.466   398   464 D adayocomadapter-CommunicationManager: onUpstreamReceive mPropertyId 0x214020cf
12-30 11:11:57.466   398   464 D adayocomadapter-CommunicationManager: convertBytesToInt32Memcpy  0
12-30 11:11:57.466   398   464 I vw-vhal : notifyVehicleProperty, propId = 0x214020cf, data = {status: 2, int32Values: [0]}
12-30 11:11:57.466   398   464 I vw-vhal : CanSignalsAdapter::notifyVehicleProperty: solvedValue = {.timestamp = 9253288346434, .areaId = 0, .prop = 557850831, .status = AVAILABLE, .value = {.int32Values = [1]{0}, .floatValues = [0]{}, .int64Values = [0]{}, .bytes = [0]{}, .stringValue = ""}}
12-30 11:11:57.466   398   464 I VehiclePropertyStore: begin to write value to Store: {.timestamp = 9253288346434, .areaId = 0, .prop = 557850831, .status = AVAILABLE, .value = {.int32Values = [1]{0}, .floatValues = [0]{}, .int64Values = [0]{}, .bytes = [0]{}, .stringValue = ""}}
12-30 11:11:57.466   398   464 I DefaultVehicleHal_v2_0: DefaultVehicleHal::onPropertyValue, value:{.timestamp = 9253288346434, .areaId = 0, .prop = 557850831, .status = AVAILABLE, .value = {.int32Values = [1]{0}, .floatValues = [0]{}, .int64Values = [0]{}, .bytes = [0]{}, .stringValue = ""}}
12-30 11:11:57.466   398   464 D DiagPropHandler: is not DiagnosticConfig: 0x214020cf
12-30 11:11:57.466   398   464 I VehiclePropertyStore: begin to write value to Store: {.timestamp = 9253288346434, .areaId = 0, .prop = 557850831, .status = AVAILABLE, .value = {.int32Values = [1]{0}, .floatValues = [0]{}, .int64Values = [0]{}, .bytes = [0]{}, .stringValue = ""}}
12-30 11:11:57.466   398   464 D adayocomadapter-CommunicationManager: onUpstreamReceive mPropertyId 0x214020cf
12-30 11:11:57.466   398   464 D adayocomadapter-CommunicationManager: onUpstreamReceive mPropertyId 0x21402040
12-30 11:11:57.466   398   464 D adayocomadapter-CommunicationManager: convertBytesToInt32Memcpy  0
12-30 11:11:57.466   398   464 I vw-vhal : notifyVehicleProperty, propId = 0x21402040, data = {status: 2, int32Values: [0]}
12-30 11:11:57.466   398   464 I vw-vhal : CanSignalsAdapter::notifyVehicleProperty: solvedValue = {.timestamp = 9253288543767, .areaId = 0, .prop = 557850688, .status = AVAILABLE, .value = {.int32Values = [1]{0}, .floatValues = [0]{}, .int64Values = [0]{}, .bytes = [0]{}, .stringValue = ""}}
12-30 11:11:57.466   398   464 I VehiclePropertyStore: begin to write value to Store: {.timestamp = 9253288543767, .areaId = 0, .prop = 557850688, .status = AVAILABLE, .value = {.int32Values = [1]{0}, .floatValues = [0]{}, .int64Values = [0]{}, .bytes = [0]{}, .stringValue = ""}}
12-30 11:11:57.466   398   464 I DefaultVehicleHal_v2_0: DefaultVehicleHal::onPropertyValue, value:{.timestamp = 9253288543767, .areaId = 0, .prop = 557850688, .status = AVAILABLE, .value = {.int32Values = [1]{0}, .floatValues = [0]{}, .int64Values = [0]{}, .bytes = [0]{}, .stringValue = ""}}
12-30 11:11:57.466   398   464 D DiagPropHandler: is not DiagnosticConfig: 0x21402040
12-30 11:11:57.466   398   464 I VehiclePropertyStore: begin to write value to Store: {.timestamp = 9253288543767, .areaId = 0, .prop = 557850688, .status = AVAILABLE, .value = {.int32Values = [1]{0}, .floatValues = [0]{}, .int64Values = [0]{}, .bytes = [0]{}, .stringValue = ""}}
12-30 11:11:57.466   398   464 D adayocomadapter-CommunicationManager: onUpstreamReceive mPropertyId 0x21402040
12-30 11:11:57.466   398   464 D adayocomadapter-CommunicationManager: onUpstreamReceive mPropertyId 0x214020d1
12-30 11:11:57.466   398   464 D adayocomadapter-CommunicationManager: convertBytesToInt32Memcpy  0
12-30 11:11:57.466   398   464 I vw-vhal : notifyVehicleProperty, propId = 0x214020d1, data = {status: 2, int32Values: [0]}
12-30 11:11:57.466   398   464 I vw-vhal : CanSignalsAdapter::notifyVehicleProperty: solvedValue = {.timestamp = 9253288741434, .areaId = 0, .prop = 557850833, .status = AVAILABLE, .value = {.int32Values = [1]{0}, .floatValues = [0]{}, .int64Values = [0]{}, .bytes = [0]{}, .stringValue = ""}}
