12-30 11:12:01.660  3066  3066 D hostapd : nl80211: RX frame da=ff:ff:ff:ff:ff:ff sa=a4:04:50:ce:f7:da bssid=a4:04:50:ce:f7:da freq=5745 ssi_signal=-8800 fc=0xd0 seq_ctrl=0x7440 stype=13 (WLAN_FC_STYPE_ACTION) len=42
12-30 11:12:01.660  3066  3066 D hostapd : wlan1: Event RX_MGMT (18) received
12-30 11:12:01.660  3066  3066 D hostapd : Receive wpa msg : Event RX_MGMT (18) received
12-30 11:12:01.664  2358  2623 D RcfController: Rcf proxy is not connected!
12-30 11:12:01.667  1667  2594 W ContextImpl: Calling a method in the system process without a qualified user: android.app.ContextImpl.bindService:1988 android.content.ContextWrapper.bindService:861 com.ford.sync.fnvservice.FordFnv.c:202 com.ford.sync.fnvservice.FordFnv.c:43 com.ford.sync.fnvservice.FordFnv$RetryHandler.handleMessage:245 
12-30 11:12:01.668   916  2591 W ActivityManager: Unable to start service Intent { cmp=com.ford.sync.fnvservice/.FordFnvService } U=0: not found
12-30 11:12:01.668  1667  2594 W FordFnv :  bind ford fnv failed -> sendRetryMessage 
12-30 11:12:01.669   360   931 D EvsDriver: forwardFrame
12-30 11:12:01.669   360   931 D EvsDriver: forwardFrameDirect
12-30 11:12:01.669   360   931 D EvsDriver: Delivered 0xb400e2ca9e40d090 as id 1
12-30 11:12:01.669   359  2784 D evsmanagerd: /dev/video-evs0 forwarded the buffer #1 to 0xb400f125d2b26dd0 from 0xb400f125e2b20710
12-30 11:12:01.680   360   458 D EvsDriver: doneWithFrame
12-30 11:12:01.701  3066  3066 D hostapd : nl80211: BSS Event 59 (NL80211_CMD_FRAME) received for wlan1
12-30 11:12:01.701   596  3076 E WifiHAL : Invalid data received from driver
12-30 11:12:01.701  3066  3066 D hostapd : nl80211: RX frame da=ff:ff:ff:ff:ff:ff sa=a4:04:50:ce:f7:da bssid=a4:04:50:ce:f7:da freq=5745 ssi_signal=-8800 fc=0xd0 seq_ctrl=0x7460 stype=13 (WLAN_FC_STYPE_ACTION) len=42
12-30 11:12:01.701  3066  3066 D hostapd : wlan1: Event RX_MGMT (18) received
12-30 11:12:01.701  3066  3066 D hostapd : Receive wpa msg : Event RX_MGMT (18) received
12-30 11:12:01.703   360   931 D EvsDriver: forwardFrame
12-30 11:12:01.703   360   931 D EvsDriver: forwardFrameDirect
12-30 11:12:01.703   360   931 D EvsDriver: Delivered 0xb400e2ca9e40e110 as id 0
12-30 11:12:01.703   359  2784 D evsmanagerd: /dev/video-evs0 forwarded the buffer #0 to 0xb400f125d2b26dd0 from 0xb400f125e2b20710
12-30 11:12:01.710   360   458 D EvsDriver: doneWithFrame
12-30 11:12:01.715  2358  2623 D RcfController: Rcf proxy is not connected!
12-30 11:12:01.716  3066  3066 D hostapd : nl80211: BSS Event 59 (NL80211_CMD_FRAME) received for wlan1
12-30 11:12:01.716  3066  3066 D hostapd : nl80211: RX frame da=ff:ff:ff:ff:ff:ff sa=ce:50:21:02:82:f9 bssid=ce:50:21:02:82:f9 freq=5745 ssi_signal=-9300 fc=0xd0 seq_ctrl=0x44c0 stype=13 (WLAN_FC_STYPE_ACTION) len=42
12-30 11:12:01.716  3066  3066 D hostapd : wlan1: Event RX_MGMT (18) received
12-30 11:12:01.716  3066  3066 D hostapd : Receive wpa msg : Event RX_MGMT (18) received
12-30 11:12:01.719  1582  3078 I c       : checkService in back thread add: adayo.upgrade.v2.0
12-30 11:12:01.720  1582  3078 E upgradeApp_251223_V1  l: d(null:11)pre->c(null:23)-> serviceBinder is null
12-30 11:12:01.720  1582  3078 W c       : doBindService in back thread fail: adayo.upgrade.v2.0
12-30 11:12:01.722  3066  3066 D hostapd : nl80211: BSS Event 59 (NL80211_CMD_FRAME) received for wlan1
12-30 11:12:01.722  3066  3066 D hostapd : nl80211: RX frame da=ff:ff:ff:ff:ff:ff sa=a4:04:50:ce:f7:da bssid=a4:04:50:ce:f7:da freq=5745 ssi_signal=-8800 fc=0xd0 seq_ctrl=0x7470 stype=13 (WLAN_FC_STYPE_ACTION) len=42
12-30 11:12:01.722  3066  3066 D hostapd : wlan1: Event RX_MGMT (18) received
12-30 11:12:01.722  3066  3066 D hostapd : Receive wpa msg : Event RX_MGMT (18) received
12-30 11:12:01.726  1667  2407 I media_message_log->MediaMessageProxy: (SourceFile:1)b connectToService action bind
12-30 11:12:01.726   916  2591 W ActivityManager: Unable to start service Intent { cmp=com.adayo.server.mediamessagetransfer/.MediaMessTransferService (has extras) } U=0: not found
12-30 11:12:01.727  1667  2407 E media_message_log->MediaMessageProxy: (SourceFile:7)a bindServiceAsUser isBound = false
12-30 11:12:01.731   596  3076 E WifiHAL : Invalid data received from driver
12-30 11:12:01.736  3066  3066 D hostapd : nl80211: BSS Event 59 (NL80211_CMD_FRAME) received for wlan1
12-30 11:12:01.736  3066  3066 D hostapd : nl80211: RX frame da=ff:ff:ff:ff:ff:ff sa=ce:50:21:02:82:f9 bssid=ce:50:21:02:82:f9 freq=5745 ssi_signal=-9100 fc=0xd0 seq_ctrl=0x44d0 stype=13 (WLAN_FC_STYPE_ACTION) len=42
12-30 11:12:01.736  3066  3066 D hostapd : wlan1: Event RX_MGMT (18) received
12-30 11:12:01.736  3066  3066 D hostapd : Receive wpa msg : Event RX_MGMT (18) received
12-30 11:12:01.736   360   931 D EvsDriver: forwardFrame
12-30 11:12:01.736   360   931 D EvsDriver: forwardFrameDirect
12-30 11:12:01.736   360   931 D EvsDriver: Delivered 0xb400e2ca9e40c7a0 as id 1
12-30 11:12:01.736   359  2784 D evsmanagerd: /dev/video-evs0 forwarded the buffer #1 to 0xb400f125d2b26dd0 from 0xb400f125e2b20710
12-30 11:12:01.740   360   458 D EvsDriver: doneWithFrame
12-30 11:12:01.765  2358  2623 D RcfController: Rcf proxy is not connected!
12-30 11:12:01.769   360   931 D EvsDriver: forwardFrame
12-30 11:12:01.769   360   931 D EvsDriver: forwardFrameDirect
12-30 11:12:01.769   360   931 D EvsDriver: Delivered 0xb400e2ca9e40e270 as id 0
12-30 11:12:01.769   359  2784 D evsmanagerd: /dev/video-evs0 forwarded the buffer #0 to 0xb400f125d2b26dd0 from 0xb400f125e2b20710
12-30 11:12:01.771   360   458 D EvsDriver: doneWithFrame
12-30 11:12:01.772   798 12735 W adbd    : timed out while waiting for FUNCTIONFS_BIND, trying again
12-30 11:12:01.772   798 12735 I adbd    : UsbFfs: connection terminated: monitor thread finished
12-30 11:12:01.772   798   798 I adbd    : UsbFfs: already offline
12-30 11:12:01.772   798   798 I adbd    : destroying transport UsbFfs
12-30 11:12:01.772   798   798 I adbd    : UsbFfsConnection being destroyed
12-30 11:12:01.777   596  3076 E WifiHAL : Invalid data received from driver
12-30 11:12:01.777  3066  3066 D hostapd : nl80211: BSS Event 59 (NL80211_CMD_FRAME) received for wlan1
12-30 11:12:01.777  3066  3066 D hostapd : nl80211: RX frame da=ff:ff:ff:ff:ff:ff sa=ce:50:21:02:82:f9 bssid=ce:50:21:02:82:f9 freq=5745 ssi_signal=-9200 fc=0xd0 seq_ctrl=0x44f0 stype=13 (WLAN_FC_STYPE_ACTION) len=42
12-30 11:12:01.777  3066  3066 D hostapd : wlan1: Event RX_MGMT (18) received
12-30 11:12:01.777  3066  3066 D hostapd : Receive wpa msg : Event RX_MGMT (18) received
12-30 11:12:01.803   360   931 D EvsDriver: forwardFrame
12-30 11:12:01.803   360   931 D EvsDriver: forwardFrameDirect
12-30 11:12:01.803   360   931 D EvsDriver: Delivered 0xb400e2ca9e40d4b0 as id 1
12-30 11:12:01.803   359  2784 D evsmanagerd: /dev/video-evs0 forwarded the buffer #1 to 0xb400f125d2b26dd0 from 0xb400f125e2b20710
12-30 11:12:01.806   798   838 I adbd    : opening control endpoint /dev/usb-ffs/adb/ep0
12-30 11:12:01.806   798   838 I adbd    : UsbFfsConnection constructed
12-30 11:12:01.807   798 12737 I adbd    : UsbFfs-monitor thread spawned
01-01 10:34:18.816   838   838 I         : read strings
12-30 11:12:01.811   360   458 D EvsDriver: doneWithFrame
12-30 11:12:01.815  2358  2623 D RcfController: Rcf proxy is not connected!
12-30 11:12:01.825   596  3076 E WifiHAL : Invalid data received from driver
12-30 11:12:01.825   596  3076 E WifiHAL : Invalid data received from driver
12-30 11:12:01.825   596  3076 E WifiHAL : Invalid data received from driver
12-30 11:12:01.825   596  3076 E WifiHAL : Invalid data received from driver
12-30 11:12:01.825   596  3076 E WifiHAL : Invalid data received from driver
12-30 11:12:01.826   596  3076 E WifiHAL : Invalid data received from driver
12-30 11:12:01.826   596  3076 E WifiHAL : Invalid data received from driver
12-30 11:12:01.836   360   931 D EvsDriver: forwardFrame
12-30 11:12:01.836   360   931 D EvsDriver: forwardFrameDirect
12-30 11:12:01.836   360   931 D EvsDriver: Delivered 0xb400e2ca9e40c2d0 as id 0
12-30 11:12:01.836   359  2784 D evsmanagerd: /dev/video-evs0 forwarded the buffer #0 to 0xb400f125d2b26dd0 from 0xb400f125e2b20710
12-30 11:12:01.841   360   458 D EvsDriver: doneWithFrame
12-30 11:12:01.865  2358  2623 D RcfController: Rcf proxy is not connected!
12-30 11:12:01.869   360   931 D EvsDriver: forwardFrame
12-30 11:12:01.869   360   931 D EvsDriver: forwardFrameDirect
12-30 11:12:01.869   360   931 D EvsDriver: Delivered 0xb400e2ca9e40d090 as id 1
12-30 11:12:01.869   359  2784 D evsmanagerd: /dev/video-evs0 forwarded the buffer #1 to 0xb400f125d2b26dd0 from 0xb400f125e2b20710
12-30 11:12:01.871   360   458 D EvsDriver: doneWithFrame
12-30 11:12:01.891  2475  2681 I TtsServiceAgent: check thread start checking, threadId = 29
12-30 11:12:01.891  2475  2681 D TtsServiceAgent: start bind service...
12-30 11:12:01.891  2475  2681 D TtsServiceAgent: ----->initService, usage = 16
12-30 11:12:01.891  2475  2681 W ContextImpl: Calling a method in the system process without a qualified user: android.app.ContextImpl.bindService:1988 android.content.ContextWrapper.bindService:861 com.iflytek.autofly.ttsaidl.ttsproxy.TtsServiceAgent.initService:189 com.iflytek.autofly.ttsaidl.ttsproxy.TtsServiceAgent.initService:133 com.iflytek.autofly.ttsaidl.ttsproxy.TtsServiceAgent$2.run:517 
12-30 11:12:01.892   916  2591 W ActivityManager: Unable to start service Intent { act=com.iflytek.autofly.tts.ttsservice.TtsAdapterService cmp=com.iflytek.cutefly.speechclient.hmi/com.iflytek.autofly.tts.ttsservice.TtsAdapterService } U=0: not found
12-30 11:12:01.892  2475  2681 D TtsServiceAgent: bindService: false
12-30 11:12:01.892  2475  2681 D TtsServiceAgent: start reInitService
12-30 11:12:01.892  2475  2681 D TtsServiceAgent: aidlCheckThreadRunning = true
12-30 11:12:01.892  2475  2681 D TtsServiceAgent: ----->check connection status in 1000s...
12-30 11:12:01.898   596  3076 E WifiHAL : Invalid data received from driver
12-30 11:12:01.900  3066  3066 D hostapd : nl80211: BSS Event 59 (NL80211_CMD_FRAME) received for wlan1
12-30 11:12:01.900  3066  3066 D hostapd : nl80211: RX frame da=ff:ff:ff:ff:ff:ff sa=ce:50:21:02:82:f9 bssid=ce:50:21:02:82:f9 freq=5745 ssi_signal=-9100 fc=0xd0 seq_ctrl=0x4580 stype=13 (WLAN_FC_STYPE_ACTION) len=42
12-30 11:12:01.900  3066  3066 D hostapd : wlan1: Event RX_MGMT (18) received
12-30 11:12:01.900  3066  3066 D hostapd : Receive wpa msg : Event RX_MGMT (18) received
12-30 11:12:01.903   360   931 D EvsDriver: forwardFrame
12-30 11:12:01.903   360   931 D EvsDriver: forwardFrameDirect
12-30 11:12:01.903   360   931 D EvsDriver: Delivered 0xb400e2ca9e40e110 as id 0
12-30 11:12:01.903   359  2784 D evsmanagerd: /dev/video-evs0 forwarded the buffer #0 to 0xb400f125d2b26dd0 from 0xb400f125e2b20710
12-30 11:12:01.912   360   458 D EvsDriver: doneWithFrame
12-30 11:12:01.915  2358  2623 D RcfController: Rcf proxy is not connected!
12-30 11:12:01.930  3066  3066 D hostapd : nl80211: BSS Event 59 (NL80211_CMD_FRAME) received for wlan1
12-30 11:12:01.930   596  3076 E WifiHAL : Invalid data received from driver
12-30 11:12:01.930  3066  3066 D hostapd : nl80211: RX frame da=ff:ff:ff:ff:ff:ff sa=a4:04:50:ce:f7:da bssid=a4:04:50:ce:f7:da freq=5745 ssi_signal=-8800 fc=0xd0 seq_ctrl=0x7550 stype=13 (WLAN_FC_STYPE_ACTION) len=42
12-30 11:12:01.930  3066  3066 D hostapd : wlan1: Event RX_MGMT (18) received
12-30 11:12:01.930  3066  3066 D hostapd : Receive wpa msg : Event RX_MGMT (18) received
12-30 11:12:01.936   360   931 D EvsDriver: forwardFrame
12-30 11:12:01.936   360   931 D EvsDriver: forwardFrameDirect
12-30 11:12:01.936   360   931 D EvsDriver: Delivered 0xb400e2ca9e40c7a0 as id 1
12-30 11:12:01.936   359  2784 D evsmanagerd: /dev/video-evs0 forwarded the buffer #1 to 0xb400f125d2b26dd0 from 0xb400f125e2b20710
12-30 11:12:01.942   360   458 D EvsDriver: doneWithFrame
12-30 11:12:01.966  2358  2623 D RcfController: Rcf proxy is not connected!
12-30 11:12:01.966  1667  1667 D BridgeManager: retry bindService
12-30 11:12:01.966  1667  1667 W ContextImpl: Calling a method in the system process without a qualified user: android.app.ContextImpl.bindService:1988 android.content.ContextWrapper.bindService:861 com.baidu.che.voice.control.BridgeManager.b:499 com.baidu.che.voice.control.BridgeManager.retry:731 com.baidu.che.voice.control.RetryBindStrategy.retryBind:67 
12-30 11:12:01.967   916  2591 W ActivityManager: Unable to start service Intent { cmp=com.baidu.che.codriver/.dcsservice.CoDriverService } U=0: not found
12-30 11:12:01.967  1667  1667 D BridgeManager: bind com.baidu.che.codriver
12-30 11:12:01.967  1667  1667 D BridgeManager: bind result = false
12-30 11:12:01.969   360   931 D EvsDriver: forwardFrame
12-30 11:12:01.969   360   931 D EvsDriver: forwardFrameDirect
12-30 11:12:01.969   360   931 D EvsDriver: Delivered 0xb400e2ca9e40e270 as id 0
12-30 11:12:01.969   359  2784 D evsmanagerd: /dev/video-evs0 forwarded the buffer #0 to 0xb400f125d2b26dd0 from 0xb400f125e2b20710
12-30 11:12:01.972   360   458 D EvsDriver: doneWithFrame
12-30 11:12:02.002   360   931 D EvsDriver: forwardFrame
12-30 11:12:02.003   360   931 D EvsDriver: forwardFrameDirect
12-30 11:12:02.003   360   931 D EvsDriver: Delivered 0xb400e2ca9e40d4b0 as id 1
12-30 11:12:02.003   359  2784 D evsmanagerd: /dev/video-evs0 forwarded the buffer #1 to 0xb400f125d2b26dd0 from 0xb400f125e2b20710
12-30 11:12:02.012   360   458 D EvsDriver: doneWithFrame
12-30 11:12:02.016  2358  2623 D RcfController: Rcf proxy is not connected!
12-30 11:12:02.019  1667  2410 I media_message_log->MediaMessageUserProxy: (SourceFile:1)b connectToService action bind
12-30 11:12:02.020   916  2591 W ActivityManager: Unable to start service Intent { cmp=com.adayo.server.mediamessagetransfer/.MediaMessTransferService (has extras) } U=0: not found
12-30 11:12:02.020  1667  2410 E media_message_log->MediaMessageUserProxy: (SourceFile:7)a bindServiceAsUser isBound = false
12-30 11:12:02.028   596  3076 E WifiHAL : Invalid data received from driver
12-30 11:12:02.036   360   931 D EvsDriver: forwardFrame
12-30 11:12:02.036   360   931 D EvsDriver: forwardFrameDirect
12-30 11:12:02.036   360   931 D EvsDriver: Delivered 0xb400e2ca9e40c2d0 as id 0
12-30 11:12:02.036   359  2784 D evsmanagerd: /dev/video-evs0 forwarded the buffer #0 to 0xb400f125d2b26dd0 from 0xb400f125e2b20710
12-30 11:12:02.043   360   458 D EvsDriver: doneWithFrame
12-30 11:12:02.066  2358  2623 D RcfController: Rcf proxy is not connected!
12-30 11:12:02.069   360   931 D EvsDriver: forwardFrame
12-30 11:12:02.069   360   931 D EvsDriver: forwardFrameDirect
12-30 11:12:02.069   360   931 D EvsDriver: Delivered 0xb400e2ca9e40d090 as id 1
12-30 11:12:02.069   359  2784 D evsmanagerd: /dev/video-evs0 forwarded the buffer #1 to 0xb400f125d2b26dd0 from 0xb400f125e2b20710
12-30 11:12:02.073   360   458 D EvsDriver: doneWithFrame
12-30 11:12:02.089   596  3076 E WifiHAL : Invalid data received from driver
12-30 11:12:02.089   596  3076 E WifiHAL : Invalid data received from driver
12-30 11:12:02.089   596  3076 E WifiHAL : Invalid data received from driver
12-30 11:12:02.089   596  3076 E WifiHAL : Invalid data received from driver
12-30 11:12:02.089   596  3076 E WifiHAL : Invalid data received from driver
12-30 11:12:02.089   596  3076 E WifiHAL : Invalid data received from driver
12-30 11:12:02.090   596  3076 E WifiHAL : Invalid data received from driver
12-30 11:12:02.090  3066  3066 D hostapd : nl80211: BSS Event 59 (NL80211_CMD_FRAME) received for wlan1
12-30 11:12:02.090  3066  3066 D hostapd : nl80211: RX frame da=ff:ff:ff:ff:ff:ff sa=a4:04:50:ce:f7:da bssid=a4:04:50:ce:f7:da freq=5745 ssi_signal=-8700 fc=0xd0 seq_ctrl=0x75e0 stype=13 (WLAN_FC_STYPE_ACTION) len=42
12-30 11:12:02.090  3066  3066 D hostapd : wlan1: Event RX_MGMT (18) received
12-30 11:12:02.090  3066  3066 D hostapd : Receive wpa msg : Event RX_MGMT (18) received
12-30 11:12:02.098   650   729 D fgemcucomm: sd Uart data : 6AA60220DF0002920269
12-30 11:12:02.098   650   729 D fgemcucomm: rev uart=76478,len=18, data : 6AA68120DF000A92020007000000000000DB
12-30 11:12:02.098   398   466 D adayocomadapter-ParseProtocolFunc: printRaWMsg Name[MCUToUPstream recv] len[10] data[92020007000000000000]
12-30 11:12:02.098   398   466 D adayocomadapter-CommunicationManager: onUpstreamback   member[0] dataLength[7] timePoint[9257920]
12-30 11:12:02.098   398   466 D adayocomadapter-ParseProtocolFunc: printRaWMsg Name[onUpstreamback] len[7] data[07000000000000]
12-30 11:12:02.098   398   464 D adayocomadapter-UpstreamHandler: processBeforePacket upSreamtProcessTimePoint[9257920] 
12-30 11:12:02.098   398   464 D adayocomadapter-UpstreamHandler: processPacket UPSTREAM_QUEUE_DATA_TIMEOUT
12-30 11:12:02.098   398   464 D adayocomadapter-ParseProtocolFunc: parseCommonIPCLBytes Processing tableNumber[7]
12-30 11:12:02.098   398   464 D adayocomadapter-ParseProtocolFunc: parseCommonIPCLBytes Processing tablename[Table-7] tableSize[7]
12-30 11:12:02.098   398   464 D adayocomadapter-ParseProtocolFunc: printRaWMsg Name[byteStream recv] len[7] data[07000000000000]
12-30 11:12:02.098   398   464 D adayocomadapter-ParseProtocolFunc: printRaWMsg Name[IPCLtoVHAL] len[6] data[214020530000]
12-30 11:12:02.098   398   464 D adayocomadapter-ParseProtocolFunc: printRaWMsg Name[IPCLtoVHAL] len[6] data[214020A00000]
12-30 11:12:02.098   398   464 D adayocomadapter-ParseProtocolFunc: printRaWMsg Name[IPCLtoVHAL] len[6] data[214021310000]
12-30 11:12:02.098   398   464 D adayocomadapter-ParseProtocolFunc: printRaWMsg Name[IPCLtoVHAL] len[6] data[214020A20000]
12-30 11:12:02.098   398   464 D adayocomadapter-ParseProtocolFunc: printRaWMsg Name[IPCLtoVHAL] len[6] data[214020A40000]
12-30 11:12:02.098   398   464 D adayocomadapter-ParseProtocolFunc: printRaWMsg Name[IPCLtoVHAL] len[6] data[214021CE0000]
12-30 11:12:02.098   398   464 D adayocomadapter-CommunicationManager: onUpstreamReceive mPropertyId 0x21402053
12-30 11:12:02.098   398   464 D adayocomadapter-CommunicationManager: convertBytesToInt32Memcpy  0
12-30 11:12:02.099   398   464 I vw-vhal : notifyVehicleProperty, propId = 0x21402053, data = {status: 2, int32Values: [0]}
12-30 11:12:02.099   398   464 I vw-vhal : CanSignalsAdapter::notifyVehicleProperty: solvedValue = {.timestamp = 9257920920101, .areaId = 0, .prop = 557850707, .status = AVAILABLE, .value = {.int32Values = [1]{0}, .floatValues = [0]{}, .int64Values = [0]{}, .bytes = [0]{}, .stringValue = ""}}
12-30 11:12:02.099   398   464 I VehiclePropertyStore: begin to write value to Store: {.timestamp = 9257920920101, .areaId = 0, .prop = 557850707, .status = AVAILABLE, .value = {.int32Values = [1]{0}, .floatValues = [0]{}, .int64Values = [0]{}, .bytes = [0]{}, .stringValue = ""}}
12-30 11:12:02.099   398   464 I DefaultVehicleHal_v2_0: DefaultVehicleHal::onPropertyValue, value:{.timestamp = 9257920920101, .areaId = 0, .prop = 557850707, .status = AVAILABLE, .value = {.int32Values = [1]{0}, .floatValues = [0]{}, .int64Values = [0]{}, .bytes = [0]{}, .stringValue = ""}}
12-30 11:12:02.099   398   464 D DiagPropHandler: is not DiagnosticConfig: 0x21402053
12-30 11:12:02.099   398   464 I VehiclePropertyStore: begin to write value to Store: {.timestamp = 9257920920101, .areaId = 0, .prop = 557850707, .status = AVAILABLE, .value = {.int32Values = [1]{0}, .floatValues = [0]{}, .int64Values = [0]{}, .bytes = [0]{}, .stringValue = ""}}
12-30 11:12:02.099   398   464 D adayocomadapter-CommunicationManager: onUpstreamReceive mPropertyId 0x21402053
12-30 11:12:02.099   398   464 D adayocomadapter-CommunicationManager: onUpstreamReceive mPropertyId 0x214020a0
12-30 11:12:02.099   398   464 D adayocomadapter-CommunicationManager: convertBytesToInt32Memcpy  0
12-30 11:12:02.099   398   464 I vw-vhal : notifyVehicleProperty, propId = 0x214020a0, data = {status: 2, int32Values: [0]}
12-30 11:12:02.099   398   464 I vw-vhal : CanSignalsAdapter::notifyVehicleProperty: solvedValue = {.timestamp = 9257921158435, .areaId = 0, .prop = 557850784, .status = AVAILABLE, .value = {.int32Values = [1]{0}, .floatValues = [0]{}, .int64Values = [0]{}, .bytes = [0]{}, .stringValue = ""}}
12-30 11:12:02.099   398   464 I VehiclePropertyStore: begin to write value to Store: {.timestamp = 9257921158435, .areaId = 0, .prop = 557850784, .status = AVAILABLE, .value = {.int32Values = [1]{0}, .floatValues = [0]{}, .int64Values = [0]{}, .bytes = [0]{}, .stringValue = ""}}
12-30 11:12:02.099   398   464 I DefaultVehicleHal_v2_0: DefaultVehicleHal::onPropertyValue, value:{.timestamp = 9257921158435, .areaId = 0, .prop = 557850784, .status = AVAILABLE, .value = {.int32Values = [1]{0}, .floatValues = [0]{}, .int64Values = [0]{}, .bytes = [0]{}, .stringValue = ""}}
12-30 11:12:02.099   398   464 D DiagPropHandler: is not DiagnosticConfig: 0x214020a0
12-30 11:12:02.099   398   464 I VehiclePropertyStore: begin to write value to Store: {.timestamp = 9257921158435, .areaId = 0, .prop = 557850784, .status = AVAILABLE, .value = {.int32Values = [1]{0}, .floatValues = [0]{}, .int64Values = [0]{}, .bytes = [0]{}, .stringValue = ""}}
12-30 11:12:02.099   398   464 D adayocomadapter-CommunicationManager: onUpstreamReceive mPropertyId 0x214020a0
12-30 11:12:02.099   398   464 D adayocomadapter-CommunicationManager: onUpstreamReceive mPropertyId 0x21402131
12-30 11:12:02.099   398   464 D adayocomadapter-CommunicationManager: convertBytesToInt32Memcpy  0
12-30 11:12:02.099   398   464 I vw-vhal : notifyVehicleProperty, propId = 0x21402131, data = {status: 2, int32Values: [0]}
12-30 11:12:02.099   398   464 I vw-vhal : CanSignalsAdapter::notifyVehicleProperty: solvedValue = {.timestamp = 9257921365435, .areaId = 0, .prop = 557850929, .status = AVAILABLE, .value = {.int32Values = [1]{0}, .floatValues = [0]{}, .int64Values = [0]{}, .bytes = [0]{}, .stringValue = ""}}
12-30 11:12:02.099   398   464 I VehiclePropertyStore: begin to write value to Store: {.timestamp = 9257921365435, .areaId = 0, .prop = 557850929, .status = AVAILABLE, .value = {.int32Values = [1]{0}, .floatValues = [0]{}, .int64Values = [0]{}, .bytes = [0]{}, .stringValue = ""}}
12-30 11:12:02.099   398   464 I DefaultVehicleHal_v2_0: DefaultVehicleHal::onPropertyValue, value:{.timestamp = 9257921365435, .areaId = 0, .prop = 557850929, .status = AVAILABLE, .value = {.int32Values = [1]{0}, .floatValues = [0]{}, .int64Values = [0]{}, .bytes = [0]{}, .stringValue = ""}}
12-30 11:12:02.099   398   464 D DiagPropHandler: is not DiagnosticConfig: 0x21402131
12-30 11:12:02.099   398   464 I VehiclePropertyStore: begin to write value to Store: {.timestamp = 9257921365435, .areaId = 0, .prop = 557850929, .status = AVAILABLE, .value = {.int32Values = [1]{0}, .floatValues = [0]{}, .int64Values = [0]{}, .bytes = [0]{}, .stringValue = ""}}
12-30 11:12:02.099   398   464 D adayocomadapter-CommunicationManager: onUpstreamReceive mPropertyId 0x21402131
12-30 11:12:02.099   398   464 D adayocomadapter-CommunicationManager: onUpstreamReceive mPropertyId 0x214020a2
12-30 11:12:02.099   398   464 D adayocomadapter-CommunicationManager: convertBytesToInt32Memcpy  0
12-30 11:12:02.099   398   464 I vw-vhal : notifyVehicleProperty, propId = 0x214020a2, data = {status: 2, int32Values: [0]}
12-30 11:12:02.099   398   464 I vw-vhal : CanSignalsAdapter::notifyVehicleProperty: solvedValue = {.timestamp = 9257921562768, .areaId = 0, .prop = 557850786, .status = AVAILABLE, .value = {.int32Values = [1]{0}, .floatValues = [0]{}, .int64Values = [0]{}, .bytes = [0]{}, .stringValue = ""}}
12-30 11:12:02.099   398   464 I VehiclePropertyStore: begin to write value to Store: {.timestamp = 9257921562768, .areaId = 0, .prop = 557850786, .status = AVAILABLE, .value = {.int32Values = [1]{0}, .floatValues = [0]{}, .int64Values = [0]{}, .bytes = [0]{}, .stringValue = ""}}
12-30 11:12:02.099   398   464 I DefaultVehicleHal_v2_0: DefaultVehicleHal::onPropertyValue, value:{.timestamp = 9257921562768, .areaId = 0, .prop = 557850786, .status = AVAILABLE, .value = {.int32Values = [1]{0}, .floatValues = [0]{}, .int64Values = [0]{}, .bytes = [0]{}, .stringValue = ""}}
12-30 11:12:02.099   398   464 D DiagPropHandler: is not DiagnosticConfig: 0x214020a2
12-30 11:12:02.099   398   464 I VehiclePropertyStore: begin to write value to Store: {.timestamp = 9257921562768, .areaId = 0, .prop = 557850786, .status = AVAILABLE, .value = {.int32Values = [1]{0}, .floatValues = [0]{}, .int64Values = [0]{}, .bytes = [0]{}, .stringValue = ""}}
12-30 11:12:02.099   398   464 D adayocomadapter-CommunicationManager: onUpstreamReceive mPropertyId 0x214020a2
12-30 11:12:02.099   398   464 D adayocomadapter-CommunicationManager: onUpstreamReceive mPropertyId 0x214020a4
12-30 11:12:02.099   398   464 D adayocomadapter-CommunicationManager: convertBytesToInt32Memcpy  0
12-30 11:12:02.099   398   464 I vw-vhal : notifyVehicleProperty, propId = 0x214020a4, data = {status: 2, int32Values: [0]}
12-30 11:12:02.099   398   464 I vw-vhal : CanSignalsAdapter::notifyVehicleProperty: solvedValue = {.timestamp = 9257921758101, .areaId = 0, .prop = 557850788, .status = AVAILABLE, .value = {.int32Values = [1]{0}, .floatValues = [0]{}, .int64Values = [0]{}, .bytes = [0]{}, .stringValue = ""}}
12-30 11:12:02.099   398   464 I VehiclePropertyStore: begin to write value to Store: {.timestamp = 9257921758101, .areaId = 0, .prop = 557850788, .status = AVAILABLE, .value = {.int32Values = [1]{0}, .floatValues = [0]{}, .int64Values = [0]{}, .bytes = [0]{}, .stringValue = ""}}
12-30 11:12:02.099   398   464 I DefaultVehicleHal_v2_0: DefaultVehicleHal::onPropertyValue, value:{.timestamp = 9257921758101, .areaId = 0, .prop = 557850788, .status = AVAILABLE, .value = {.int32Values = [1]{0}, .floatValues = [0]{}, .int64Values = [0]{}, .bytes = [0]{}, .stringValue = ""}}
12-30 11:12:02.099   398   464 D DiagPropHandler: is not DiagnosticConfig: 0x214020a4
12-30 11:12:02.100   398   464 I VehiclePropertyStore: begin to write value to Store: {.timestamp = 9257921758101, .areaId = 0, .prop = 557850788, .status = AVAILABLE, .value = {.int32Values = [1]{0}, .floatValues = [0]{}, .int64Values = [0]{}, .bytes = [0]{}, .stringValue = ""}}
12-30 11:12:02.100   398   464 D adayocomadapter-CommunicationManager: onUpstreamReceive mPropertyId 0x214020a4
12-30 11:12:02.100   398   464 D adayocomadapter-CommunicationManager: onUpstreamReceive mPropertyId 0x214021ce
12-30 11:12:02.100   398   464 D adayocomadapter-CommunicationManager: convertBytesToInt32Memcpy  0
12-30 11:12:02.100   398   464 I vw-vhal : notifyVehicleProperty, propId = 0x214021ce, data = {status: 2, int32Values: [0]}
12-30 11:12:02.100   398   464 I vw-vhal : CanSignalsAdapter::notifyVehicleProperty: solvedValue = {.timestamp = 9257921945768, .areaId = 0, .prop = 557851086, .status = AVAILABLE, .value = {.int32Values = [1]{0}, .floatValues = [0]{}, .int64Values = [0]{}, .bytes = [0]{}, .stringValue = ""}}
12-30 11:12:02.100   398   464 I VehiclePropertyStore: begin to write value to Store: {.timestamp = 9257921945768, .areaId = 0, .prop = 557851086, .status = AVAILABLE, .value = {.int32Values = [1]{0}, .floatValues = [0]{}, .int64Values = [0]{}, .bytes = [0]{}, .stringValue = ""}}
12-30 11:12:02.100   398   464 I DefaultVehicleHal_v2_0: DefaultVehicleHal::onPropertyValue, value:{.timestamp = 9257921945768, .areaId = 0, .prop = 557851086, .status = AVAILABLE, .value = {.int32Values = [1]{0}, .floatValues = [0]{}, .int64Values = [0]{}, .bytes = [0]{}, .stringValue = ""}}
12-30 11:12:02.100   398   464 D DiagPropHandler: is not DiagnosticConfig: 0x214021ce
12-30 11:12:02.100   398   464 I VehiclePropertyStore: begin to write value to Store: {.timestamp = 9257921945768, .areaId = 0, .prop = 557851086, .status = AVAILABLE, .value = {.int32Values = [1]{0}, .floatValues = [0]{}, .int64Values = [0]{}, .bytes = [0]{}, .stringValue = ""}}
12-30 11:12:02.100   398   464 D adayocomadapter-CommunicationManager: onUpstreamReceive mPropertyId 0x214021ce
12-30 11:12:02.103   360   931 D EvsDriver: forwardFrame
12-30 11:12:02.103   360   931 D EvsDriver: forwardFrameDirect
12-30 11:12:02.103   360   931 D EvsDriver: Delivered 0xb400e2ca9e40e110 as id 0
12-30 11:12:02.103   359  2784 D evsmanagerd: /dev/video-evs0 forwarded the buffer #0 to 0xb400f125d2b26dd0 from 0xb400f125e2b20710
12-30 11:12:02.113   360   458 D EvsDriver: doneWithFrame
12-30 11:12:02.116  2358  2623 D RcfController: Rcf proxy is not connected!
12-30 11:12:02.119   881   913 I PerfService: perfservice: restore_cpu /sys/devices/system/cpu/cpufreq/policy0/scaling_min_freq min=550000
12-30 11:12:02.120   596  3076 E WifiHAL : Invalid data received from driver
12-30 11:12:02.120  3066  3066 D hostapd : nl80211: BSS Event 59 (NL80211_CMD_FRAME) received for wlan1
12-30 11:12:02.121  3066  3066 D hostapd : nl80211: RX frame da=ff:ff:ff:ff:ff:ff sa=de:bb:0d:97:ae:5f bssid=de:bb:0d:97:ae:5f freq=5745 ssi_signal=-9100 fc=0xd0 seq_ctrl=0xffe0 stype=13 (WLAN_FC_STYPE_ACTION) len=42
12-30 11:12:02.121  3066  3066 D hostapd : wlan1: Event RX_MGMT (18) received
12-30 11:12:02.121  3066  3066 D hostapd : Receive wpa msg : Event RX_MGMT (18) received
12-30 11:12:02.131  3066  3066 D hostapd : nl80211: BSS Event 59 (NL80211_CMD_FRAME) received for wlan1
12-30 11:12:02.132  3066  3066 D hostapd : nl80211: RX frame da=ff:ff:ff:ff:ff:ff sa=a4:04:50:ce:f7:da bssid=a4:04:50:ce:f7:da freq=5745 ssi_signal=-8700 fc=0xd0 seq_ctrl=0x7600 stype=13 (WLAN_FC_STYPE_ACTION) len=42
12-30 11:12:02.132  3066  3066 D hostapd : wlan1: Event RX_MGMT (18) received
12-30 11:12:02.132  3066  3066 D hostapd : Receive wpa msg : Event RX_MGMT (18) received
12-30 11:12:02.136   360   931 I EvsDriver: /dev/video-evs0 VideoCapture fps 29.9991
12-30 11:12:02.136   360   931 D EvsDriver: forwardFrame
12-30 11:12:02.136   360   931 D EvsDriver: forwardFrameDirect
12-30 11:12:02.136   360   931 D EvsDriver: Delivered 0xb400e2ca9e40c7a0 as id 1
12-30 11:12:02.137   359  2784 D evsmanagerd: /dev/video-evs0 forwarded the buffer #1 to 0xb400f125d2b26dd0 from 0xb400f125e2b20710
12-30 11:12:02.144   360   458 D EvsDriver: doneWithFrame
12-30 11:12:02.146   596  3076 E WifiHAL : Invalid data received from driver
12-30 11:12:02.166  2358  2623 D RcfController: Rcf proxy is not connected!
12-30 11:12:02.169   360   931 D EvsDriver: forwardFrame
12-30 11:12:02.169   360   931 D EvsDriver: forwardFrameDirect
12-30 11:12:02.170   360   931 D EvsDriver: Delivered 0xb400e2ca9e40e270 as id 0
12-30 11:12:02.170   359  2784 D evsmanagerd: /dev/video-evs0 forwarded the buffer #0 to 0xb400f125d2b26dd0 from 0xb400f125e2b20710
12-30 11:12:02.172  3066  3066 D hostapd : nl80211: BSS Event 59 (NL80211_CMD_FRAME) received for wlan1
12-30 11:12:02.172  3066  3066 D hostapd : nl80211: RX frame da=ff:ff:ff:ff:ff:ff sa=a4:04:50:ce:f7:da bssid=a4:04:50:ce:f7:da freq=5745 ssi_signal=-8700 fc=0xd0 seq_ctrl=0x7620 stype=13 (WLAN_FC_STYPE_ACTION) len=42
12-30 11:12:02.172  3066  3066 D hostapd : wlan1: Event RX_MGMT (18) received
12-30 11:12:02.173  3066  3066 D hostapd : Receive wpa msg : Event RX_MGMT (18) received
12-30 11:12:02.174   360   458 D EvsDriver: doneWithFrame
12-30 11:12:02.203   360   931 D EvsDriver: forwardFrame
12-30 11:12:02.203   360   931 D EvsDriver: forwardFrameDirect
12-30 11:12:02.203   360   931 D EvsDriver: Delivered 0xb400e2ca9e40d4b0 as id 1
12-30 11:12:02.203   359  2784 D evsmanagerd: /dev/video-evs0 forwarded the buffer #1 to 0xb400f125d2b26dd0 from 0xb400f125e2b20710
12-30 11:12:02.205   360   458 D EvsDriver: doneWithFrame
12-30 11:12:02.210  1667  2513 W ContextImpl: Calling a method in the system process without a qualified user: android.app.ContextImpl.bindService:1988 android.content.ContextWrapper.bindService:861 com.ford.sync.fnvservice.analytics.AnalyticsManager$RetryHandler.a:126 com.ford.sync.fnvservice.analytics.AnalyticsManager$RetryHandler.handleMessage:103 android.os.Handler.dispatchMessage:106 
12-30 11:12:02.211   916  2591 W ActivityManager: Unable to start service Intent { cmp=com.ford.sync.fnvservice/.analytics.AnalyticsService } U=0: not found
12-30 11:12:02.211  1667  2513 W AnalyticsManager:  bind ford Analytics failed -> sendRetryMessage 
12-30 11:12:02.214   596  3076 E WifiHAL : Invalid data received from driver
12-30 11:12:02.214  3066  3066 D hostapd : nl80211: BSS Event 59 (NL80211_CMD_FRAME) received for wlan1
12-30 11:12:02.214  3066  3066 D hostapd : nl80211: RX frame da=ff:ff:ff:ff:ff:ff sa=a4:04:50:ce:f7:da bssid=a4:04:50:ce:f7:da freq=5745 ssi_signal=-8700 fc=0xd0 seq_ctrl=0x7640 stype=13 (WLAN_FC_STYPE_ACTION) len=42
12-30 11:12:02.214  3066  3066 D hostapd : wlan1: Event RX_MGMT (18) received
12-30 11:12:02.214  3066  3066 D hostapd : Receive wpa msg : Event RX_MGMT (18) received
12-30 11:12:02.217  2358  2623 D RcfController: Rcf proxy is not connected!
12-30 11:12:02.236   360   931 D EvsDriver: forwardFrame
12-30 11:12:02.236   360   931 D EvsDriver: forwardFrameDirect
12-30 11:12:02.236   360   931 D EvsDriver: Delivered 0xb400e2ca9e40c2d0 as id 0
12-30 11:12:02.236   359  2784 D evsmanagerd: /dev/video-evs0 forwarded the buffer #0 to 0xb400f125d2b26dd0 from 0xb400f125e2b20710
12-30 11:12:02.239   650   729 D fgemcucomm: sd Uart data : 6AA60220E00002920268
12-30 11:12:02.239   650   729 D fgemcucomm: rev uart=76479,len=29, data : 6AA68120E00015920200130000000000000000000000000000000000C3
12-30 11:12:02.240   398   466 D adayocomadapter-ParseProtocolFunc: printRaWMsg Name[MCUToUPstream recv] len[21] data[920200130000000000000000000000000000000000]
12-30 11:12:02.240   398   466 D adayocomadapter-CommunicationManager: onUpstreamback   member[0] dataLength[18] timePoint[9258062]
12-30 11:12:02.240   398   466 D adayocomadapter-ParseProtocolFunc: printRaWMsg Name[onUpstreamback] len[18] data[130000000000000000000000000000000000]
12-30 11:12:02.240   398   464 D adayocomadapter-UpstreamHandler: processBeforePacket upSreamtProcessTimePoint[9258062] 
12-30 11:12:02.240   398   464 D adayocomadapter-UpstreamHandler: processPacket UPSTREAM_QUEUE_DATA_TIMEOUT
12-30 11:12:02.240   398   464 D adayocomadapter-ParseProtocolFunc: parseCommonIPCLBytes Processing tableNumber[19]
12-30 11:12:02.240   398   464 D adayocomadapter-ParseProtocolFunc: parseCommonIPCLBytes Processing tablename[Table-19] tableSize[18]
12-30 11:12:02.240   398   464 D adayocomadapter-ParseProtocolFunc: printRaWMsg Name[byteStream recv] len[18] data[130000000000000000000000000000000000]
12-30 11:12:02.240   398   464 D adayocomadapter-ParseProtocolFunc: printRaWMsg Name[IPCLtoVHAL] len[6] data[214010280000]
12-30 11:12:02.240   398   464 D adayocomadapter-ParseProtocolFunc: printRaWMsg Name[IPCLtoVHAL] len[6] data[214010290000]
12-30 11:12:02.240   398   464 D adayocomadapter-ParseProtocolFunc: printRaWMsg Name[IPCLtoVHAL] len[6] data[2140102E0000]
12-30 11:12:02.241   398   464 D adayocomadapter-ParseProtocolFunc: printRaWMsg Name[IPCLtoVHAL] len[6] data[2140102B0000]
12-30 11:12:02.241   398   464 D adayocomadapter-ParseProtocolFunc: printRaWMsg Name[IPCLtoVHAL] len[6] data[2140104C0000]
12-30 11:12:02.241   398   464 D adayocomadapter-ParseProtocolFunc: printRaWMsg Name[IPCLtoVHAL] len[6] data[2140102C0000]
12-30 11:12:02.241   398   464 D adayocomadapter-ParseProtocolFunc: printRaWMsg Name[IPCLtoVHAL] len[7] data[21402007000000]
12-30 11:12:02.241   398   464 D adayocomadapter-ParseProtocolFunc: printRaWMsg Name[IPCLtoVHAL] len[6] data[2140102F0000]
12-30 11:12:02.241   398   464 D adayocomadapter-ParseProtocolFunc: printRaWMsg Name[IPCLtoVHAL] len[6] data[214010310000]
12-30 11:12:02.241   398   464 D adayocomadapter-ParseProtocolFunc: printRaWMsg Name[IPCLtoVHAL] len[7] data[21402022000000]
12-30 11:12:02.241   398   464 D adayocomadapter-ParseProtocolFunc: printRaWMsg Name[IPCLtoVHAL] len[9] data[214020230000000000]
12-30 11:12:02.241   398   464 D adayocomadapter-ParseProtocolFunc: printRaWMsg Name[IPCLtoVHAL] len[6] data[2140104D0000]
12-30 11:12:02.241   398   464 D adayocomadapter-CommunicationManager: onUpstreamReceive mPropertyId 0x21401028
12-30 11:12:02.241   398   464 D adayocomadapter-CommunicationManager: convertBytesToInt32Memcpy  0
12-30 11:12:02.241   398   464 I vw-vhal : notifyVehicleProperty, propId = 0x21401028, data = {status: 2, int32Values: [0]}
12-30 11:12:02.241   398   464 I vw-vhal : CanSignalsAdapter::notifyVehicleProperty: solvedValue = {.timestamp = 9258063620101, .areaId = 0, .prop = 557846568, .status = AVAILABLE, .value = {.int32Values = [1]{0}, .floatValues = [0]{}, .int64Values = [0]{}, .bytes = [0]{}, .stringValue = ""}}
12-30 11:12:02.241   398   464 I VehiclePropertyStore: begin to write value to Store: {.timestamp = 9258063620101, .areaId = 0, .prop = 557846568, .status = AVAILABLE, .value = {.int32Values = [1]{0}, .floatValues = [0]{}, .int64Values = [0]{}, .bytes = [0]{}, .stringValue = ""}}
12-30 11:12:02.242   398   464 I DefaultVehicleHal_v2_0: DefaultVehicleHal::onPropertyValue, value:{.timestamp = 9258063620101, .areaId = 0, .prop = 557846568, .status = AVAILABLE, .value = {.int32Values = [1]{0}, .floatValues = [0]{}, .int64Values = [0]{}, .bytes = [0]{}, .stringValue = ""}}
12-30 11:12:02.242   398   464 D DiagPropHandler: is not DiagnosticConfig: 0x21401028
12-30 11:12:02.242   398   464 I VehiclePropertyStore: begin to write value to Store: {.timestamp = 9258063620101, .areaId = 0, .prop = 557846568, .status = AVAILABLE, .value = {.int32Values = [1]{0}, .floatValues = [0]{}, .int64Values = [0]{}, .bytes = [0]{}, .stringValue = ""}}
12-30 11:12:02.242   398   464 D adayocomadapter-CommunicationManager: onUpstreamReceive mPropertyId 0x21401028
12-30 11:12:02.242   398   464 D adayocomadapter-CommunicationManager: onUpstreamReceive mPropertyId 0x21401029
12-30 11:12:02.242   398   464 D adayocomadapter-CommunicationManager: convertBytesToInt32Memcpy  0
12-30 11:12:02.242   398   464 I vw-vhal : notifyVehicleProperty, propId = 0x21401029, data = {status: 2, int32Values: [0]}
12-30 11:12:02.242   398   464 I vw-vhal : CanSignalsAdapter::notifyVehicleProperty: solvedValue = {.timestamp = 9258064394768, .areaId = 0, .prop = 557846569, .status = AVAILABLE, .value = {.int32Values = [1]{0}, .floatValues = [0]{}, .int64Values = [0]{}, .bytes = [0]{}, .stringValue = ""}}
12-30 11:12:02.242   398   464 I VehiclePropertyStore: begin to write value to Store: {.timestamp = 9258064394768, .areaId = 0, .prop = 557846569, .status = AVAILABLE, .value = {.int32Values = [1]{0}, .floatValues = [0]{}, .int64Values = [0]{}, .bytes = [0]{}, .stringValue = ""}}
12-30 11:12:02.242   398   464 I DefaultVehicleHal_v2_0: DefaultVehicleHal::onPropertyValue, value:{.timestamp = 9258064394768, .areaId = 0, .prop = 557846569, .status = AVAILABLE, .value = {.int32Values = [1]{0}, .floatValues = [0]{}, .int64Values = [0]{}, .bytes = [0]{}, .stringValue = ""}}
12-30 11:12:02.242   398   464 D DiagPropHandler: is not DiagnosticConfig: 0x21401029
12-30 11:12:02.242   398   464 I VehiclePropertyStore: begin to write value to Store: {.timestamp = 9258064394768, .areaId = 0, .prop = 557846569, .status = AVAILABLE, .value = {.int32Values = [1]{0}, .floatValues = [0]{}, .int64Values = [0]{}, .bytes = [0]{}, .stringValue = ""}}
12-30 11:12:02.242   398   464 D adayocomadapter-CommunicationManager: onUpstreamReceive mPropertyId 0x21401029
12-30 11:12:02.243   398   464 D adayocomadapter-CommunicationManager: onUpstreamReceive mPropertyId 0x2140102e
12-30 11:12:02.243   398   464 D adayocomadapter-CommunicationManager: convertBytesToInt32Memcpy  0
12-30 11:12:02.243   398   464 I vw-vhal : notifyVehicleProperty, propId = 0x2140102e, data = {status: 2, int32Values: [0]}
12-30 11:12:02.243   398   464 I vw-vhal : CanSignalsAdapter::notifyVehicleProperty: solvedValue = {.timestamp = 9258065064435, .areaId = 0, .prop = 557846574, .status = AVAILABLE, .value = {.int32Values = [1]{0}, .floatValues = [0]{}, .int64Values = [0]{}, .bytes = [0]{}, .stringValue = ""}}
12-30 11:12:02.243   398   464 I VehiclePropertyStore: begin to write value to Store: {.timestamp = 9258065064435, .areaId = 0, .prop = 557846574, .status = AVAILABLE, .value = {.int32Values = [1]{0}, .floatValues = [0]{}, .int64Values = [0]{}, .bytes = [0]{}, .stringValue = ""}}
12-30 11:12:02.243   398   464 I DefaultVehicleHal_v2_0: DefaultVehicleHal::onPropertyValue, value:{.timestamp = 9258065064435, .areaId = 0, .prop = 557846574, .status = AVAILABLE, .value = {.int32Values = [1]{0}, .floatValues = [0]{}, .int64Values = [0]{}, .bytes = [0]{}, .stringValue = ""}}
12-30 11:12:02.243   398   464 D DiagPropHandler: is not DiagnosticConfig: 0x2140102e
12-30 11:12:02.243   398   464 I VehiclePropertyStore: begin to write value to Store: {.timestamp = 9258065064435, .areaId = 0, .prop = 557846574, .status = AVAILABLE, .value = {.int32Values = [1]{0}, .floatValues = [0]{}, .int64Values = [0]{}, .bytes = [0]{}, .stringValue = ""}}
12-30 11:12:02.243   398   464 D adayocomadapter-CommunicationManager: onUpstreamReceive mPropertyId 0x2140102e
12-30 11:12:02.243   398   464 D adayocomadapter-CommunicationManager: onUpstreamReceive mPropertyId 0x2140102b
12-30 11:12:02.243   398   464 D adayocomadapter-CommunicationManager: convertBytesToInt32Memcpy  0
12-30 11:12:02.243  3066  3066 D hostapd : nl80211: BSS Event 59 (NL80211_CMD_FRAME) received for wlan1
12-30 11:12:02.243   398   464 I vw-vhal : notifyVehicleProperty, propId = 0x2140102b, data = {status: 2, int32Values: [0]}
12-30 11:12:02.243  3066  3066 D hostapd : nl80211: RX frame da=ff:ff:ff:ff:ff:ff sa=de:bb:0d:97:ae:5f bssid=de:bb:0d:97:ae:5f freq=5745 ssi_signal=-9100 fc=0xd0 seq_ctrl=0x40 stype=13 (WLAN_FC_STYPE_ACTION) len=42
12-30 11:12:02.243   398   464 I vw-vhal : CanSignalsAdapter::notifyVehicleProperty: solvedValue = {.timestamp = 9258065725101, .areaId = 0, .prop = 557846571, .status = AVAILABLE, .value = {.int32Values = [1]{0}, .floatValues = [0]{}, .int64Values = [0]{}, .bytes = [0]{}, .stringValue = ""}}
12-30 11:12:02.243  3066  3066 D hostapd : wlan1: Event RX_MGMT (18) received
12-30 11:12:02.243  3066  3066 D hostapd : Receive wpa msg : Event RX_MGMT (18) received
12-30 11:12:02.244   398   464 I VehiclePropertyStore: begin to write value to Store: {.timestamp = 9258065725101, .areaId = 0, .prop = 557846571, .status = AVAILABLE, .value = {.int32Values = [1]{0}, .floatValues = [0]{}, .int64Values = [0]{}, .bytes = [0]{}, .stringValue = ""}}
12-30 11:12:02.244   398   464 I DefaultVehicleHal_v2_0: DefaultVehicleHal::onPropertyValue, value:{.timestamp = 9258065725101, .areaId = 0, .prop = 557846571, .status = AVAILABLE, .value = {.int32Values = [1]{0}, .floatValues = [0]{}, .int64Values = [0]{}, .bytes = [0]{}, .stringValue = ""}}
12-30 11:12:02.244   398   464 D DiagPropHandler: is not DiagnosticConfig: 0x2140102b
12-30 11:12:02.244   398   464 I VehiclePropertyStore: begin to write value to Store: {.timestamp = 9258065725101, .areaId = 0, .prop = 557846571, .status = AVAILABLE, .value = {.int32Values = [1]{0}, .floatValues = [0]{}, .int64Values = [0]{}, .bytes = [0]{}, .stringValue = ""}}
12-30 11:12:02.244   398   464 D adayocomadapter-CommunicationManager: onUpstreamReceive mPropertyId 0x2140102b
12-30 11:12:02.244   398   464 D adayocomadapter-CommunicationManager: onUpstreamReceive mPropertyId 0x2140104c
12-30 11:12:02.244   398   464 D adayocomadapter-CommunicationManager: convertBytesToInt32Memcpy  0
12-30 11:12:02.244   398   464 I vw-vhal : notifyVehicleProperty, propId = 0x2140104c, data = {status: 2, int32Values: [0]}
12-30 11:12:02.244   398   464 I vw-vhal : CanSignalsAdapter::notifyVehicleProperty: solvedValue = {.timestamp = 9258066363101, .areaId = 0, .prop = 557846604, .status = AVAILABLE, .value = {.int32Values = [1]{0}, .floatValues = [0]{}, .int64Values = [0]{}, .bytes = [0]{}, .stringValue = ""}}
12-30 11:12:02.244   398   464 I VehiclePropertyStore: begin to write value to Store: {.timestamp = 9258066363101, .areaId = 0, .prop = 557846604, .status = AVAILABLE, .value = {.int32Values = [1]{0}, .floatValues = [0]{}, .int64Values = [0]{}, .bytes = [0]{}, .stringValue = ""}}
12-30 11:12:02.244   398   464 I DefaultVehicleHal_v2_0: DefaultVehicleHal::onPropertyValue, value:{.timestamp = 9258066363101, .areaId = 0, .prop = 557846604, .status = AVAILABLE, .value = {.int32Values = [1]{0}, .floatValues = [0]{}, .int64Values = [0]{}, .bytes = [0]{}, .stringValue = ""}}
12-30 11:12:02.244   398   464 D DiagPropHandler: is not DiagnosticConfig: 0x2140104c
12-30 11:12:02.244   398   464 I VehiclePropertyStore: begin to write value to Store: {.timestamp = 9258066363101, .areaId = 0, .prop = 557846604, .status = AVAILABLE, .value = {.int32Values = [1]{0}, .floatValues = [0]{}, .int64Values = [0]{}, .bytes = [0]{}, .stringValue = ""}}
12-30 11:12:02.244   398   464 D adayocomadapter-CommunicationManager: onUpstreamReceive mPropertyId 0x2140104c
12-30 11:12:02.245   398   464 D adayocomadapter-CommunicationManager: onUpstreamReceive mPropertyId 0x2140102c
12-30 11:12:02.245   398   464 D adayocomadapter-CommunicationManager: convertBytesToInt32Memcpy  0
12-30 11:12:02.245   398   464 I vw-vhal : notifyVehicleProperty, propId = 0x2140102c, data = {status: 2, int32Values: [0]}
12-30 11:12:02.245   398   464 I vw-vhal : CanSignalsAdapter::notifyVehicleProperty: solvedValue = {.timestamp = 9258067019768, .areaId = 0, .prop = 557846572, .status = AVAILABLE, .value = {.int32Values = [1]{0}, .floatValues = [0]{}, .int64Values = [0]{}, .bytes = [0]{}, .stringValue = ""}}
12-30 11:12:02.245   398   464 I VehiclePropertyStore: begin to write value to Store: {.timestamp = 9258067019768, .areaId = 0, .prop = 557846572, .status = AVAILABLE, .value = {.int32Values = [1]{0}, .floatValues = [0]{}, .int64Values = [0]{}, .bytes = [0]{}, .stringValue = ""}}
12-30 11:12:02.245   398   464 I DefaultVehicleHal_v2_0: DefaultVehicleHal::onPropertyValue, value:{.timestamp = 9258067019768, .areaId = 0, .prop = 557846572, .status = AVAILABLE, .value = {.int32Values = [1]{0}, .floatValues = [0]{}, .int64Values = [0]{}, .bytes = [0]{}, .stringValue = ""}}
12-30 11:12:02.245   398   464 D DiagPropHandler: is not DiagnosticConfig: 0x2140102c
12-30 11:12:02.245   398   464 I VehiclePropertyStore: begin to write value to Store: {.timestamp = 9258067019768, .areaId = 0, .prop = 557846572, .status = AVAILABLE, .value = {.int32Values = [1]{0}, .floatValues = [0]{}, .int64Values = [0]{}, .bytes = [0]{}, .stringValue = ""}}
12-30 11:12:02.245   398   464 D adayocomadapter-CommunicationManager: onUpstreamReceive mPropertyId 0x2140102c
12-30 11:12:02.245   398   464 D adayocomadapter-CommunicationManager: onUpstreamReceive mPropertyId 0x21402007
12-30 11:12:02.245   360   458 D EvsDriver: doneWithFrame
12-30 11:12:02.245   398   464 D adayocomadapter-CommunicationManager: convertBytesToInt32Memcpy  0
12-30 11:12:02.245   398   464 I vw-vhal : notifyVehicleProperty, propId = 0x21402007, data = {status: 2, int32Values: [0]}
12-30 11:12:02.245   398   464 I vw-vhal : CanSignalsAdapter::notifyVehicleProperty: solvedValue = {.timestamp = 9258067672435, .areaId = 0, .prop = 557850631, .status = AVAILABLE, .value = {.int32Values = [1]{0}, .floatValues = [0]{}, .int64Values = [0]{}, .bytes = [0]{}, .stringValue = ""}}
12-30 11:12:02.246   398   464 I VehiclePropertyStore: begin to write value to Store: {.timestamp = 9258067672435, .areaId = 0, .prop = 557850631, .status = AVAILABLE, .value = {.int32Values = [1]{0}, .floatValues = [0]{}, .int64Values = [0]{}, .bytes = [0]{}, .stringValue = ""}}
12-30 11:12:02.246   398   464 I DefaultVehicleHal_v2_0: DefaultVehicleHal::onPropertyValue, value:{.timestamp = 9258067672435, .areaId = 0, .prop = 557850631, .status = AVAILABLE, .value = {.int32Values = [1]{0}, .floatValues = [0]{}, .int64Values = [0]{}, .bytes = [0]{}, .stringValue = ""}}
12-30 11:12:02.246   398   464 D DiagPropHandler: is not DiagnosticConfig: 0x21402007
12-30 11:12:02.246   398   464 I VehiclePropertyStore: begin to write value to Store: {.timestamp = 9258067672435, .areaId = 0, .prop = 557850631, .status = AVAILABLE, .value = {.int32Values = [1]{0}, .floatValues = [0]{}, .int64Values = [0]{}, .bytes = [0]{}, .stringValue = ""}}
12-30 11:12:02.246   398   464 D adayocomadapter-CommunicationManager: onUpstreamReceive mPropertyId 0x21402007
12-30 11:12:02.246   398   464 D adayocomadapter-CommunicationManager: onUpstreamReceive mPropertyId 0x2140102f
12-30 11:12:02.246   398   464 D adayocomadapter-CommunicationManager: convertBytesToInt32Memcpy  0
12-30 11:12:02.246   398   464 I vw-vhal : notifyVehicleProperty, propId = 0x2140102f, data = {status: 2, int32Values: [0]}
12-30 11:12:02.246   398   464 I vw-vhal : CanSignalsAdapter::notifyVehicleProperty: solvedValue = {.timestamp = 9258068537435, .areaId = 0, .prop = 557846575, .status = AVAILABLE, .value = {.int32Values = [1]{0}, .floatValues = [0]{}, .int64Values = [0]{}, .bytes = [0]{}, .stringValue = ""}}
12-30 11:12:02.246   398   464 I VehiclePropertyStore: begin to write value to Store: {.timestamp = 9258068537435, .areaId = 0, .prop = 557846575, .status = AVAILABLE, .value = {.int32Values = [1]{0}, .floatValues = [0]{}, .int64Values = [0]{}, .bytes = [0]{}, .stringValue = ""}}
12-30 11:12:02.247   398   464 I DefaultVehicleHal_v2_0: DefaultVehicleHal::onPropertyValue, value:{.timestamp = 9258068537435, .areaId = 0, .prop = 557846575, .status = AVAILABLE, .value = {.int32Values = [1]{0}, .floatValues = [0]{}, .int64Values = [0]{}, .bytes = [0]{}, .stringValue = ""}}
12-30 11:12:02.247   398   464 D DiagPropHandler: is not DiagnosticConfig: 0x2140102f
12-30 11:12:02.247   398   464 I VehiclePropertyStore: begin to write value to Store: {.timestamp = 9258068537435, .areaId = 0, .prop = 557846575, .status = AVAILABLE, .value = {.int32Values = [1]{0}, .floatValues = [0]{}, .int64Values = [0]{}, .bytes = [0]{}, .stringValue = ""}}
12-30 11:12:02.247   398   464 D adayocomadapter-CommunicationManager: onUpstreamReceive mPropertyId 0x2140102f
