12-30 11:12:00.914   398   464 I VehiclePropertyStore: begin to write value to Store: {.timestamp = 9256736027434, .areaId = 0, .prop = 557850699, .status = AVAILABLE, .value = {.int32Values = [1]{0}, .floatValues = [0]{}, .int64Values = [0]{}, .bytes = [0]{}, .stringValue = ""}}
12-30 11:12:00.914   398   464 D adayocomadapter-CommunicationManager: onUpstreamReceive mPropertyId 0x2140204b
12-30 11:12:00.914   398   464 D adayocomadapter-CommunicationManager: onUpstreamReceive mPropertyId 0x2140211b
12-30 11:12:00.914   398   464 D adayocomadapter-CommunicationManager: convertBytesToInt32Memcpy  0
12-30 11:12:00.914   398   464 I vw-vhal : notifyVehicleProperty, propId = 0x2140211b, data = {status: 2, int32Values: [0]}
12-30 11:12:00.914   398   464 I vw-vhal : CanSignalsAdapter::notifyVehicleProperty: solvedValue = {.timestamp = 9256736221101, .areaId = 0, .prop = 557850907, .status = AVAILABLE, .value = {.int32Values = [1]{0}, .floatValues = [0]{}, .int64Values = [0]{}, .bytes = [0]{}, .stringValue = ""}}
12-30 11:12:00.914   398   464 I VehiclePropertyStore: begin to write value to Store: {.timestamp = 9256736221101, .areaId = 0, .prop = 557850907, .status = AVAILABLE, .value = {.int32Values = [1]{0}, .floatValues = [0]{}, .int64Values = [0]{}, .bytes = [0]{}, .stringValue = ""}}
12-30 11:12:00.914   398   464 I DefaultVehicleHal_v2_0: DefaultVehicleHal::onPropertyValue, value:{.timestamp = 9256736221101, .areaId = 0, .prop = 557850907, .status = AVAILABLE, .value = {.int32Values = [1]{0}, .floatValues = [0]{}, .int64Values = [0]{}, .bytes = [0]{}, .stringValue = ""}}
12-30 11:12:00.914   398   464 D DiagPropHandler: is not DiagnosticConfig: 0x2140211b
12-30 11:12:00.914   398   464 I VehiclePropertyStore: begin to write value to Store: {.timestamp = 9256736221101, .areaId = 0, .prop = 557850907, .status = AVAILABLE, .value = {.int32Values = [1]{0}, .floatValues = [0]{}, .int64Values = [0]{}, .bytes = [0]{}, .stringValue = ""}}
12-30 11:12:00.914   398   464 D adayocomadapter-CommunicationManager: onUpstreamReceive mPropertyId 0x2140211b
12-30 11:12:00.914   398   464 D adayocomadapter-CommunicationManager: onUpstreamReceive mPropertyId 0x2140203b
12-30 11:12:00.914   398   464 D adayocomadapter-CommunicationManager: convertBytesToInt32Memcpy  0
12-30 11:12:00.914   398   464 I vw-vhal : notifyVehicleProperty, propId = 0x2140203b, data = {status: 2, int32Values: [0]}
12-30 11:12:00.914   398   464 I vw-vhal : CanSignalsAdapter::notifyVehicleProperty: solvedValue = {.timestamp = 9256736410101, .areaId = 0, .prop = 557850683, .status = AVAILABLE, .value = {.int32Values = [1]{0}, .floatValues = [0]{}, .int64Values = [0]{}, .bytes = [0]{}, .stringValue = ""}}
12-30 11:12:00.914   398   464 I VehiclePropertyStore: begin to write value to Store: {.timestamp = 9256736410101, .areaId = 0, .prop = 557850683, .status = AVAILABLE, .value = {.int32Values = [1]{0}, .floatValues = [0]{}, .int64Values = [0]{}, .bytes = [0]{}, .stringValue = ""}}
12-30 11:12:00.914   398   464 I DefaultVehicleHal_v2_0: DefaultVehicleHal::onPropertyValue, value:{.timestamp = 9256736410101, .areaId = 0, .prop = 557850683, .status = AVAILABLE, .value = {.int32Values = [1]{0}, .floatValues = [0]{}, .int64Values = [0]{}, .bytes = [0]{}, .stringValue = ""}}
12-30 11:12:00.914   398   464 D DiagPropHandler: is not DiagnosticConfig: 0x2140203b
12-30 11:12:00.914   398   464 I VehiclePropertyStore: begin to write value to Store: {.timestamp = 9256736410101, .areaId = 0, .prop = 557850683, .status = AVAILABLE, .value = {.int32Values = [1]{0}, .floatValues = [0]{}, .int64Values = [0]{}, .bytes = [0]{}, .stringValue = ""}}
12-30 11:12:00.914   398   464 D adayocomadapter-CommunicationManager: onUpstreamReceive mPropertyId 0x2140203b
12-30 11:12:00.914   398   464 D adayocomadapter-CommunicationManager: onUpstreamReceive mPropertyId 0x2140203f
12-30 11:12:00.914   398   464 D adayocomadapter-CommunicationManager: convertBytesToInt32Memcpy  0
12-30 11:12:00.914   398   464 I vw-vhal : notifyVehicleProperty, propId = 0x2140203f, data = {status: 2, int32Values: [0]}
12-30 11:12:00.914   398   464 I vw-vhal : CanSignalsAdapter::notifyVehicleProperty: solvedValue = {.timestamp = 9256736598768, .areaId = 0, .prop = 557850687, .status = AVAILABLE, .value = {.int32Values = [1]{0}, .floatValues = [0]{}, .int64Values = [0]{}, .bytes = [0]{}, .stringValue = ""}}
12-30 11:12:00.914   398   464 I VehiclePropertyStore: begin to write value to Store: {.timestamp = 9256736598768, .areaId = 0, .prop = 557850687, .status = AVAILABLE, .value = {.int32Values = [1]{0}, .floatValues = [0]{}, .int64Values = [0]{}, .bytes = [0]{}, .stringValue = ""}}
12-30 11:12:00.914   398   464 I DefaultVehicleHal_v2_0: DefaultVehicleHal::onPropertyValue, value:{.timestamp = 9256736598768, .areaId = 0, .prop = 557850687, .status = AVAILABLE, .value = {.int32Values = [1]{0}, .floatValues = [0]{}, .int64Values = [0]{}, .bytes = [0]{}, .stringValue = ""}}
12-30 11:12:00.914   398   464 D DiagPropHandler: is not DiagnosticConfig: 0x2140203f
12-30 11:12:00.914   398   464 I VehiclePropertyStore: begin to write value to Store: {.timestamp = 9256736598768, .areaId = 0, .prop = 557850687, .status = AVAILABLE, .value = {.int32Values = [1]{0}, .floatValues = [0]{}, .int64Values = [0]{}, .bytes = [0]{}, .stringValue = ""}}
12-30 11:12:00.914   398   464 D adayocomadapter-CommunicationManager: onUpstreamReceive mPropertyId 0x2140203f
12-30 11:12:00.914   398   464 D adayocomadapter-CommunicationManager: onUpstreamReceive mPropertyId 0x2140203a
12-30 11:12:00.914   398   464 D adayocomadapter-CommunicationManager: convertBytesToInt32Memcpy  0
12-30 11:12:00.914   398   464 I vw-vhal : notifyVehicleProperty, propId = 0x2140203a, data = {status: 2, int32Values: [0]}
12-30 11:12:00.914   398   464 I vw-vhal : CanSignalsAdapter::notifyVehicleProperty: solvedValue = {.timestamp = 9256736786768, .areaId = 0, .prop = 557850682, .status = AVAILABLE, .value = {.int32Values = [1]{0}, .floatValues = [0]{}, .int64Values = [0]{}, .bytes = [0]{}, .stringValue = ""}}
12-30 11:12:00.914   398   464 I VehiclePropertyStore: begin to write value to Store: {.timestamp = 9256736786768, .areaId = 0, .prop = 557850682, .status = AVAILABLE, .value = {.int32Values = [1]{0}, .floatValues = [0]{}, .int64Values = [0]{}, .bytes = [0]{}, .stringValue = ""}}
12-30 11:12:00.914   398   464 I DefaultVehicleHal_v2_0: DefaultVehicleHal::onPropertyValue, value:{.timestamp = 9256736786768, .areaId = 0, .prop = 557850682, .status = AVAILABLE, .value = {.int32Values = [1]{0}, .floatValues = [0]{}, .int64Values = [0]{}, .bytes = [0]{}, .stringValue = ""}}
12-30 11:12:00.915   398   464 D DiagPropHandler: is not DiagnosticConfig: 0x2140203a
12-30 11:12:00.915   398   464 I VehiclePropertyStore: begin to write value to Store: {.timestamp = 9256736786768, .areaId = 0, .prop = 557850682, .status = AVAILABLE, .value = {.int32Values = [1]{0}, .floatValues = [0]{}, .int64Values = [0]{}, .bytes = [0]{}, .stringValue = ""}}
12-30 11:12:00.915   398   464 D adayocomadapter-CommunicationManager: onUpstreamReceive mPropertyId 0x2140203a
12-30 11:12:00.915   398   464 D adayocomadapter-CommunicationManager: onUpstreamReceive mPropertyId 0x2140203e
12-30 11:12:00.915   398   464 D adayocomadapter-CommunicationManager: convertBytesToInt32Memcpy  0
12-30 11:12:00.915   398   464 I vw-vhal : notifyVehicleProperty, propId = 0x2140203e, data = {status: 2, int32Values: [0]}
12-30 11:12:00.915   398   464 I vw-vhal : CanSignalsAdapter::notifyVehicleProperty: solvedValue = {.timestamp = 9256736973101, .areaId = 0, .prop = 557850686, .status = AVAILABLE, .value = {.int32Values = [1]{0}, .floatValues = [0]{}, .int64Values = [0]{}, .bytes = [0]{}, .stringValue = ""}}
12-30 11:12:00.915   398   464 I VehiclePropertyStore: begin to write value to Store: {.timestamp = 9256736973101, .areaId = 0, .prop = 557850686, .status = AVAILABLE, .value = {.int32Values = [1]{0}, .floatValues = [0]{}, .int64Values = [0]{}, .bytes = [0]{}, .stringValue = ""}}
12-30 11:12:00.915   398   464 I DefaultVehicleHal_v2_0: DefaultVehicleHal::onPropertyValue, value:{.timestamp = 9256736973101, .areaId = 0, .prop = 557850686, .status = AVAILABLE, .value = {.int32Values = [1]{0}, .floatValues = [0]{}, .int64Values = [0]{}, .bytes = [0]{}, .stringValue = ""}}
12-30 11:12:00.915   398   464 D DiagPropHandler: is not DiagnosticConfig: 0x2140203e
12-30 11:12:00.915   398   464 I VehiclePropertyStore: begin to write value to Store: {.timestamp = 9256736973101, .areaId = 0, .prop = 557850686, .status = AVAILABLE, .value = {.int32Values = [1]{0}, .floatValues = [0]{}, .int64Values = [0]{}, .bytes = [0]{}, .stringValue = ""}}
12-30 11:12:00.915   398   464 D adayocomadapter-CommunicationManager: onUpstreamReceive mPropertyId 0x2140203e
12-30 11:12:00.915   398   464 D adayocomadapter-CommunicationManager: onUpstreamReceive mPropertyId 0x21402042
12-30 11:12:00.915   398   464 D adayocomadapter-CommunicationManager: convertBytesToInt32Memcpy  0
12-30 11:12:00.915   398   464 I vw-vhal : notifyVehicleProperty, propId = 0x21402042, data = {status: 2, int32Values: [0]}
12-30 11:12:00.915   398   464 I vw-vhal : CanSignalsAdapter::notifyVehicleProperty: solvedValue = {.timestamp = 9256737161768, .areaId = 0, .prop = 557850690, .status = AVAILABLE, .value = {.int32Values = [1]{0}, .floatValues = [0]{}, .int64Values = [0]{}, .bytes = [0]{}, .stringValue = ""}}
12-30 11:12:00.915   398   464 I VehiclePropertyStore: begin to write value to Store: {.timestamp = 9256737161768, .areaId = 0, .prop = 557850690, .status = AVAILABLE, .value = {.int32Values = [1]{0}, .floatValues = [0]{}, .int64Values = [0]{}, .bytes = [0]{}, .stringValue = ""}}
12-30 11:12:00.915   398   464 I DefaultVehicleHal_v2_0: DefaultVehicleHal::onPropertyValue, value:{.timestamp = 9256737161768, .areaId = 0, .prop = 557850690, .status = AVAILABLE, .value = {.int32Values = [1]{0}, .floatValues = [0]{}, .int64Values = [0]{}, .bytes = [0]{}, .stringValue = ""}}
12-30 11:12:00.915   398   464 D DiagPropHandler: is not DiagnosticConfig: 0x21402042
12-30 11:12:00.915   398   464 I VehiclePropertyStore: begin to write value to Store: {.timestamp = 9256737161768, .areaId = 0, .prop = 557850690, .status = AVAILABLE, .value = {.int32Values = [1]{0}, .floatValues = [0]{}, .int64Values = [0]{}, .bytes = [0]{}, .stringValue = ""}}
12-30 11:12:00.915   398   464 D adayocomadapter-CommunicationManager: onUpstreamReceive mPropertyId 0x21402042
12-30 11:12:00.915   398   464 D adayocomadapter-CommunicationManager: onUpstreamReceive mPropertyId 0x21402039
12-30 11:12:00.915   398   464 D adayocomadapter-CommunicationManager: convertBytesToInt32Memcpy  0
12-30 11:12:00.915   398   464 I vw-vhal : notifyVehicleProperty, propId = 0x21402039, data = {status: 2, int32Values: [0]}
12-30 11:12:00.915   398   464 I vw-vhal : CanSignalsAdapter::notifyVehicleProperty: solvedValue = {.timestamp = 9256737348768, .areaId = 0, .prop = 557850681, .status = AVAILABLE, .value = {.int32Values = [1]{0}, .floatValues = [0]{}, .int64Values = [0]{}, .bytes = [0]{}, .stringValue = ""}}
12-30 11:12:00.915   398   464 I VehiclePropertyStore: begin to write value to Store: {.timestamp = 9256737348768, .areaId = 0, .prop = 557850681, .status = AVAILABLE, .value = {.int32Values = [1]{0}, .floatValues = [0]{}, .int64Values = [0]{}, .bytes = [0]{}, .stringValue = ""}}
12-30 11:12:00.915   398   464 I DefaultVehicleHal_v2_0: DefaultVehicleHal::onPropertyValue, value:{.timestamp = 9256737348768, .areaId = 0, .prop = 557850681, .status = AVAILABLE, .value = {.int32Values = [1]{0}, .floatValues = [0]{}, .int64Values = [0]{}, .bytes = [0]{}, .stringValue = ""}}
12-30 11:12:00.915   398   464 D DiagPropHandler: is not DiagnosticConfig: 0x21402039
12-30 11:12:00.915   398   464 I VehiclePropertyStore: begin to write value to Store: {.timestamp = 9256737348768, .areaId = 0, .prop = 557850681, .status = AVAILABLE, .value = {.int32Values = [1]{0}, .floatValues = [0]{}, .int64Values = [0]{}, .bytes = [0]{}, .stringValue = ""}}
12-30 11:12:00.915   398   464 D adayocomadapter-CommunicationManager: onUpstreamReceive mPropertyId 0x21402039
12-30 11:12:00.915   398   464 D adayocomadapter-CommunicationManager: onUpstreamReceive mPropertyId 0x2140203d
12-30 11:12:00.915   398   464 D adayocomadapter-CommunicationManager: convertBytesToInt32Memcpy  0
12-30 11:12:00.915   398   464 I vw-vhal : notifyVehicleProperty, propId = 0x2140203d, data = {status: 2, int32Values: [0]}
12-30 11:12:00.915   398   464 I vw-vhal : CanSignalsAdapter::notifyVehicleProperty: solvedValue = {.timestamp = 9256737544101, .areaId = 0, .prop = 557850685, .status = AVAILABLE, .value = {.int32Values = [1]{0}, .floatValues = [0]{}, .int64Values = [0]{}, .bytes = [0]{}, .stringValue = ""}}
12-30 11:12:00.915   398   464 I VehiclePropertyStore: begin to write value to Store: {.timestamp = 9256737544101, .areaId = 0, .prop = 557850685, .status = AVAILABLE, .value = {.int32Values = [1]{0}, .floatValues = [0]{}, .int64Values = [0]{}, .bytes = [0]{}, .stringValue = ""}}
12-30 11:12:00.915   398   464 I DefaultVehicleHal_v2_0: DefaultVehicleHal::onPropertyValue, value:{.timestamp = 9256737544101, .areaId = 0, .prop = 557850685, .status = AVAILABLE, .value = {.int32Values = [1]{0}, .floatValues = [0]{}, .int64Values = [0]{}, .bytes = [0]{}, .stringValue = ""}}
12-30 11:12:00.915   398   464 D DiagPropHandler: is not DiagnosticConfig: 0x2140203d
12-30 11:12:00.915   398   464 I VehiclePropertyStore: begin to write value to Store: {.timestamp = 9256737544101, .areaId = 0, .prop = 557850685, .status = AVAILABLE, .value = {.int32Values = [1]{0}, .floatValues = [0]{}, .int64Values = [0]{}, .bytes = [0]{}, .stringValue = ""}}
12-30 11:12:00.915   398   464 D adayocomadapter-CommunicationManager: onUpstreamReceive mPropertyId 0x2140203d
12-30 11:12:00.915   398   464 D adayocomadapter-CommunicationManager: onUpstreamReceive mPropertyId 0x21402041
12-30 11:12:00.915   398   464 D adayocomadapter-CommunicationManager: convertBytesToInt32Memcpy  0
12-30 11:12:00.915   398   464 I vw-vhal : notifyVehicleProperty, propId = 0x21402041, data = {status: 2, int32Values: [0]}
12-30 11:12:00.915   398   464 I vw-vhal : CanSignalsAdapter::notifyVehicleProperty: solvedValue = {.timestamp = 9256737732101, .areaId = 0, .prop = 557850689, .status = AVAILABLE, .value = {.int32Values = [1]{0}, .floatValues = [0]{}, .int64Values = [0]{}, .bytes = [0]{}, .stringValue = ""}}
12-30 11:12:00.915   398   464 I VehiclePropertyStore: begin to write value to Store: {.timestamp = 9256737732101, .areaId = 0, .prop = 557850689, .status = AVAILABLE, .value = {.int32Values = [1]{0}, .floatValues = [0]{}, .int64Values = [0]{}, .bytes = [0]{}, .stringValue = ""}}
12-30 11:12:00.915   398   464 I DefaultVehicleHal_v2_0: DefaultVehicleHal::onPropertyValue, value:{.timestamp = 9256737732101, .areaId = 0, .prop = 557850689, .status = AVAILABLE, .value = {.int32Values = [1]{0}, .floatValues = [0]{}, .int64Values = [0]{}, .bytes = [0]{}, .stringValue = ""}}
12-30 11:12:00.915   398   464 D DiagPropHandler: is not DiagnosticConfig: 0x21402041
12-30 11:12:00.915   398   464 I VehiclePropertyStore: begin to write value to Store: {.timestamp = 9256737732101, .areaId = 0, .prop = 557850689, .status = AVAILABLE, .value = {.int32Values = [1]{0}, .floatValues = [0]{}, .int64Values = [0]{}, .bytes = [0]{}, .stringValue = ""}}
12-30 11:12:00.916   398   464 D adayocomadapter-CommunicationManager: onUpstreamReceive mPropertyId 0x21402041
12-30 11:12:00.916   398   464 D adayocomadapter-CommunicationManager: onUpstreamReceive mPropertyId 0x21402045
12-30 11:12:00.916   398   464 D adayocomadapter-CommunicationManager: convertBytesToInt32Memcpy  0
12-30 11:12:00.916   398   464 I vw-vhal : notifyVehicleProperty, propId = 0x21402045, data = {status: 2, int32Values: [0]}
12-30 11:12:00.916   398   464 I vw-vhal : CanSignalsAdapter::notifyVehicleProperty: solvedValue = {.timestamp = 9256737917768, .areaId = 0, .prop = 557850693, .status = AVAILABLE, .value = {.int32Values = [1]{0}, .floatValues = [0]{}, .int64Values = [0]{}, .bytes = [0]{}, .stringValue = ""}}
12-30 11:12:00.916   398   464 I VehiclePropertyStore: begin to write value to Store: {.timestamp = 9256737917768, .areaId = 0, .prop = 557850693, .status = AVAILABLE, .value = {.int32Values = [1]{0}, .floatValues = [0]{}, .int64Values = [0]{}, .bytes = [0]{}, .stringValue = ""}}
12-30 11:12:00.916   398   464 I DefaultVehicleHal_v2_0: DefaultVehicleHal::onPropertyValue, value:{.timestamp = 9256737917768, .areaId = 0, .prop = 557850693, .status = AVAILABLE, .value = {.int32Values = [1]{0}, .floatValues = [0]{}, .int64Values = [0]{}, .bytes = [0]{}, .stringValue = ""}}
12-30 11:12:00.916   398   464 D DiagPropHandler: is not DiagnosticConfig: 0x21402045
12-30 11:12:00.916   398   464 I VehiclePropertyStore: begin to write value to Store: {.timestamp = 9256737917768, .areaId = 0, .prop = 557850693, .status = AVAILABLE, .value = {.int32Values = [1]{0}, .floatValues = [0]{}, .int64Values = [0]{}, .bytes = [0]{}, .stringValue = ""}}
12-30 11:12:00.916   398   464 D adayocomadapter-CommunicationManager: onUpstreamReceive mPropertyId 0x21402045
12-30 11:12:00.916   398   464 D adayocomadapter-CommunicationManager: onUpstreamReceive mPropertyId 0x2140204d
12-30 11:12:00.916   398   464 D adayocomadapter-CommunicationManager: convertBytesToInt32Memcpy  0
12-30 11:12:00.916   398   464 I vw-vhal : notifyVehicleProperty, propId = 0x2140204d, data = {status: 2, int32Values: [0]}
12-30 11:12:00.916   398   464 I vw-vhal : CanSignalsAdapter::notifyVehicleProperty: solvedValue = {.timestamp = 9256738104434, .areaId = 0, .prop = 557850701, .status = AVAILABLE, .value = {.int32Values = [1]{0}, .floatValues = [0]{}, .int64Values = [0]{}, .bytes = [0]{}, .stringValue = ""}}
12-30 11:12:00.916   398   464 I VehiclePropertyStore: begin to write value to Store: {.timestamp = 9256738104434, .areaId = 0, .prop = 557850701, .status = AVAILABLE, .value = {.int32Values = [1]{0}, .floatValues = [0]{}, .int64Values = [0]{}, .bytes = [0]{}, .stringValue = ""}}
12-30 11:12:00.916   398   464 I DefaultVehicleHal_v2_0: DefaultVehicleHal::onPropertyValue, value:{.timestamp = 9256738104434, .areaId = 0, .prop = 557850701, .status = AVAILABLE, .value = {.int32Values = [1]{0}, .floatValues = [0]{}, .int64Values = [0]{}, .bytes = [0]{}, .stringValue = ""}}
12-30 11:12:00.916   398   464 D DiagPropHandler: is not DiagnosticConfig: 0x2140204d
12-30 11:12:00.916   398   464 I VehiclePropertyStore: begin to write value to Store: {.timestamp = 9256738104434, .areaId = 0, .prop = 557850701, .status = AVAILABLE, .value = {.int32Values = [1]{0}, .floatValues = [0]{}, .int64Values = [0]{}, .bytes = [0]{}, .stringValue = ""}}
12-30 11:12:00.916   398   464 D adayocomadapter-CommunicationManager: onUpstreamReceive mPropertyId 0x2140204d
12-30 11:12:00.916   398   464 D adayocomadapter-CommunicationManager: onUpstreamReceive mPropertyId 0x2140220b
12-30 11:12:00.916   398   464 D adayocomadapter-CommunicationManager: convertBytesToInt32Memcpy  0
12-30 11:12:00.916   398   464 I vw-vhal : notifyVehicleProperty, propId = 0x2140220b, data = {status: 2, int32Values: [0]}
12-30 11:12:00.916   398   464 I vw-vhal : CanSignalsAdapter::notifyVehicleProperty: solvedValue = {.timestamp = 9256738293768, .areaId = 0, .prop = 557851147, .status = AVAILABLE, .value = {.int32Values = [1]{0}, .floatValues = [0]{}, .int64Values = [0]{}, .bytes = [0]{}, .stringValue = ""}}
12-30 11:12:00.916   398   464 I VehiclePropertyStore: begin to write value to Store: {.timestamp = 9256738293768, .areaId = 0, .prop = 557851147, .status = AVAILABLE, .value = {.int32Values = [1]{0}, .floatValues = [0]{}, .int64Values = [0]{}, .bytes = [0]{}, .stringValue = ""}}
12-30 11:12:00.916   398   464 I DefaultVehicleHal_v2_0: DefaultVehicleHal::onPropertyValue, value:{.timestamp = 9256738293768, .areaId = 0, .prop = 557851147, .status = AVAILABLE, .value = {.int32Values = [1]{0}, .floatValues = [0]{}, .int64Values = [0]{}, .bytes = [0]{}, .stringValue = ""}}
12-30 11:12:00.916   398   464 D DiagPropHandler: is not DiagnosticConfig: 0x2140220b
12-30 11:12:00.916   398   464 I VehiclePropertyStore: begin to write value to Store: {.timestamp = 9256738293768, .areaId = 0, .prop = 557851147, .status = AVAILABLE, .value = {.int32Values = [1]{0}, .floatValues = [0]{}, .int64Values = [0]{}, .bytes = [0]{}, .stringValue = ""}}
12-30 11:12:00.916   398   464 D adayocomadapter-CommunicationManager: onUpstreamReceive mPropertyId 0x2140220b
12-30 11:12:00.925   650   729 D fgemcucomm: sd Uart data : 6AA60220D70002920271
12-30 11:12:00.925   650   729 D fgemcucomm: rev uart=76470,len=23, data : 6AA68120D7000F920200150000000000000000000000D0
12-30 11:12:00.926   398   466 D adayocomadapter-ParseProtocolFunc: printRaWMsg Name[MCUToUPstream recv] len[15] data[920200150000000000000000000000]
12-30 11:12:00.926   398   466 D adayocomadapter-CommunicationManager: onUpstreamback   member[0] dataLength[12] timePoint[9256747]
12-30 11:12:00.926   398   466 D adayocomadapter-ParseProtocolFunc: printRaWMsg Name[onUpstreamback] len[12] data[150000000000000000000000]
12-30 11:12:00.926   398   464 D adayocomadapter-UpstreamHandler: processBeforePacket upSreamtProcessTimePoint[9256748] 
12-30 11:12:00.926   398   464 D adayocomadapter-UpstreamHandler: processPacket UPSTREAM_QUEUE_DATA_TIMEOUT
12-30 11:12:00.926   398   464 D adayocomadapter-ParseProtocolFunc: parseCommonIPCLBytes Processing tableNumber[21]
12-30 11:12:00.926   398   464 D adayocomadapter-ParseProtocolFunc: parseCommonIPCLBytes Processing tablename[Table-21] tableSize[12]
12-30 11:12:00.926   398   464 D adayocomadapter-ParseProtocolFunc: printRaWMsg Name[byteStream recv] len[12] data[150000000000000000000000]
12-30 11:12:00.926   398   464 D adayocomadapter-ParseProtocolFunc: printRaWMsg Name[IPCLtoVHAL] len[6] data[2140208B0000]
12-30 11:12:00.926   398   464 D adayocomadapter-ParseProtocolFunc: printRaWMsg Name[IPCLtoVHAL] len[6] data[214021930000]
12-30 11:12:00.926   398   464 D adayocomadapter-ParseProtocolFunc: printRaWMsg Name[IPCLtoVHAL] len[6] data[2140208C0000]
12-30 11:12:00.926   398   464 D adayocomadapter-ParseProtocolFunc: printRaWMsg Name[IPCLtoVHAL] len[6] data[214021940000]
12-30 11:12:00.926   398   464 D adayocomadapter-ParseProtocolFunc: printRaWMsg Name[IPCLtoVHAL] len[6] data[2140208D0000]
12-30 11:12:00.926   398   464 D adayocomadapter-ParseProtocolFunc: printRaWMsg Name[IPCLtoVHAL] len[6] data[214021950000]
12-30 11:12:00.926   398   464 D adayocomadapter-ParseProtocolFunc: printRaWMsg Name[IPCLtoVHAL] len[6] data[214021920000]
12-30 11:12:00.926   398   464 D adayocomadapter-ParseProtocolFunc: printRaWMsg Name[IPCLtoVHAL] len[6] data[2140208A0000]
12-30 11:12:00.926   398   464 D adayocomadapter-ParseProtocolFunc: printRaWMsg Name[IPCLtoVHAL] len[6] data[214021960000]
12-30 11:12:00.926   398   464 D adayocomadapter-ParseProtocolFunc: printRaWMsg Name[IPCLtoVHAL] len[6] data[214021970000]
12-30 11:12:00.926   398   464 D adayocomadapter-ParseProtocolFunc: printRaWMsg Name[IPCLtoVHAL] len[6] data[214021990000]
12-30 11:12:00.926   398   464 D adayocomadapter-CommunicationManager: onUpstreamReceive mPropertyId 0x2140208b
12-30 11:12:00.926   398   464 D adayocomadapter-CommunicationManager: convertBytesToInt32Memcpy  0
12-30 11:12:00.926   398   464 I vw-vhal : notifyVehicleProperty, propId = 0x2140208b, data = {status: 2, int32Values: [0]}
12-30 11:12:00.926   398   464 I vw-vhal : CanSignalsAdapter::notifyVehicleProperty: solvedValue = {.timestamp = 9256748427101, .areaId = 0, .prop = 557850763, .status = AVAILABLE, .value = {.int32Values = [1]{0}, .floatValues = [0]{}, .int64Values = [0]{}, .bytes = [0]{}, .stringValue = ""}}
12-30 11:12:00.926   398   464 I VehiclePropertyStore: begin to write value to Store: {.timestamp = 9256748427101, .areaId = 0, .prop = 557850763, .status = AVAILABLE, .value = {.int32Values = [1]{0}, .floatValues = [0]{}, .int64Values = [0]{}, .bytes = [0]{}, .stringValue = ""}}
12-30 11:12:00.926   398   464 I DefaultVehicleHal_v2_0: DefaultVehicleHal::onPropertyValue, value:{.timestamp = 9256748427101, .areaId = 0, .prop = 557850763, .status = AVAILABLE, .value = {.int32Values = [1]{0}, .floatValues = [0]{}, .int64Values = [0]{}, .bytes = [0]{}, .stringValue = ""}}
12-30 11:12:00.926   398   464 D DiagPropHandler: is not DiagnosticConfig: 0x2140208b
12-30 11:12:00.926   398   464 I VehiclePropertyStore: begin to write value to Store: {.timestamp = 9256748427101, .areaId = 0, .prop = 557850763, .status = AVAILABLE, .value = {.int32Values = [1]{0}, .floatValues = [0]{}, .int64Values = [0]{}, .bytes = [0]{}, .stringValue = ""}}
12-30 11:12:00.926   398   464 D adayocomadapter-CommunicationManager: onUpstreamReceive mPropertyId 0x2140208b
12-30 11:12:00.926   398   464 D adayocomadapter-CommunicationManager: onUpstreamReceive mPropertyId 0x21402193
12-30 11:12:00.926   398   464 D adayocomadapter-CommunicationManager: convertBytesToInt32Memcpy  0
12-30 11:12:00.926   398   464 I vw-vhal : notifyVehicleProperty, propId = 0x21402193, data = {status: 2, int32Values: [0]}
12-30 11:12:00.926   398   464 I vw-vhal : CanSignalsAdapter::notifyVehicleProperty: solvedValue = {.timestamp = 9256748658768, .areaId = 0, .prop = 557851027, .status = AVAILABLE, .value = {.int32Values = [1]{0}, .floatValues = [0]{}, .int64Values = [0]{}, .bytes = [0]{}, .stringValue = ""}}
12-30 11:12:00.926   398   464 I VehiclePropertyStore: begin to write value to Store: {.timestamp = 9256748658768, .areaId = 0, .prop = 557851027, .status = AVAILABLE, .value = {.int32Values = [1]{0}, .floatValues = [0]{}, .int64Values = [0]{}, .bytes = [0]{}, .stringValue = ""}}
12-30 11:12:00.926   398   464 I DefaultVehicleHal_v2_0: DefaultVehicleHal::onPropertyValue, value:{.timestamp = 9256748658768, .areaId = 0, .prop = 557851027, .status = AVAILABLE, .value = {.int32Values = [1]{0}, .floatValues = [0]{}, .int64Values = [0]{}, .bytes = [0]{}, .stringValue = ""}}
12-30 11:12:00.926   398   464 D DiagPropHandler: is not DiagnosticConfig: 0x21402193
12-30 11:12:00.926   398   464 I VehiclePropertyStore: begin to write value to Store: {.timestamp = 9256748658768, .areaId = 0, .prop = 557851027, .status = AVAILABLE, .value = {.int32Values = [1]{0}, .floatValues = [0]{}, .int64Values = [0]{}, .bytes = [0]{}, .stringValue = ""}}
12-30 11:12:00.926   398   464 D adayocomadapter-CommunicationManager: onUpstreamReceive mPropertyId 0x21402193
12-30 11:12:00.926   398   464 D adayocomadapter-CommunicationManager: onUpstreamReceive mPropertyId 0x2140208c
12-30 11:12:00.926   398   464 D adayocomadapter-CommunicationManager: convertBytesToInt32Memcpy  0
12-30 11:12:00.927   398   464 I vw-vhal : notifyVehicleProperty, propId = 0x2140208c, data = {status: 2, int32Values: [0]}
12-30 11:12:00.927   398   464 I vw-vhal : CanSignalsAdapter::notifyVehicleProperty: solvedValue = {.timestamp = 9256748874101, .areaId = 0, .prop = 557850764, .status = AVAILABLE, .value = {.int32Values = [1]{0}, .floatValues = [0]{}, .int64Values = [0]{}, .bytes = [0]{}, .stringValue = ""}}
12-30 11:12:00.927   398   464 I VehiclePropertyStore: begin to write value to Store: {.timestamp = 9256748874101, .areaId = 0, .prop = 557850764, .status = AVAILABLE, .value = {.int32Values = [1]{0}, .floatValues = [0]{}, .int64Values = [0]{}, .bytes = [0]{}, .stringValue = ""}}
12-30 11:12:00.927   398   464 I DefaultVehicleHal_v2_0: DefaultVehicleHal::onPropertyValue, value:{.timestamp = 9256748874101, .areaId = 0, .prop = 557850764, .status = AVAILABLE, .value = {.int32Values = [1]{0}, .floatValues = [0]{}, .int64Values = [0]{}, .bytes = [0]{}, .stringValue = ""}}
12-30 11:12:00.927   398   464 D DiagPropHandler: is not DiagnosticConfig: 0x2140208c
12-30 11:12:00.927   398   464 I VehiclePropertyStore: begin to write value to Store: {.timestamp = 9256748874101, .areaId = 0, .prop = 557850764, .status = AVAILABLE, .value = {.int32Values = [1]{0}, .floatValues = [0]{}, .int64Values = [0]{}, .bytes = [0]{}, .stringValue = ""}}
12-30 11:12:00.927   398   464 D adayocomadapter-CommunicationManager: onUpstreamReceive mPropertyId 0x2140208c
12-30 11:12:00.927   398   464 D adayocomadapter-CommunicationManager: onUpstreamReceive mPropertyId 0x21402194
12-30 11:12:00.927   398   464 D adayocomadapter-CommunicationManager: convertBytesToInt32Memcpy  0
12-30 11:12:00.927   398   464 I vw-vhal : notifyVehicleProperty, propId = 0x21402194, data = {status: 2, int32Values: [0]}
12-30 11:12:00.927   398   464 I vw-vhal : CanSignalsAdapter::notifyVehicleProperty: solvedValue = {.timestamp = 9256749065101, .areaId = 0, .prop = 557851028, .status = AVAILABLE, .value = {.int32Values = [1]{0}, .floatValues = [0]{}, .int64Values = [0]{}, .bytes = [0]{}, .stringValue = ""}}
12-30 11:12:00.927   398   464 I VehiclePropertyStore: begin to write value to Store: {.timestamp = 9256749065101, .areaId = 0, .prop = 557851028, .status = AVAILABLE, .value = {.int32Values = [1]{0}, .floatValues = [0]{}, .int64Values = [0]{}, .bytes = [0]{}, .stringValue = ""}}
12-30 11:12:00.927   398   464 I DefaultVehicleHal_v2_0: DefaultVehicleHal::onPropertyValue, value:{.timestamp = 9256749065101, .areaId = 0, .prop = 557851028, .status = AVAILABLE, .value = {.int32Values = [1]{0}, .floatValues = [0]{}, .int64Values = [0]{}, .bytes = [0]{}, .stringValue = ""}}
12-30 11:12:00.927   398   464 D DiagPropHandler: is not DiagnosticConfig: 0x21402194
12-30 11:12:00.927   398   464 I VehiclePropertyStore: begin to write value to Store: {.timestamp = 9256749065101, .areaId = 0, .prop = 557851028, .status = AVAILABLE, .value = {.int32Values = [1]{0}, .floatValues = [0]{}, .int64Values = [0]{}, .bytes = [0]{}, .stringValue = ""}}
12-30 11:12:00.927   398   464 D adayocomadapter-CommunicationManager: onUpstreamReceive mPropertyId 0x21402194
12-30 11:12:00.927   398   464 D adayocomadapter-CommunicationManager: onUpstreamReceive mPropertyId 0x2140208d
12-30 11:12:00.927   398   464 D adayocomadapter-CommunicationManager: convertBytesToInt32Memcpy  0
12-30 11:12:00.927   398   464 I vw-vhal : notifyVehicleProperty, propId = 0x2140208d, data = {status: 2, int32Values: [0]}
12-30 11:12:00.927   398   464 I vw-vhal : CanSignalsAdapter::notifyVehicleProperty: solvedValue = {.timestamp = 9256749252101, .areaId = 0, .prop = 557850765, .status = AVAILABLE, .value = {.int32Values = [1]{0}, .floatValues = [0]{}, .int64Values = [0]{}, .bytes = [0]{}, .stringValue = ""}}
12-30 11:12:00.927   398   464 I VehiclePropertyStore: begin to write value to Store: {.timestamp = 9256749252101, .areaId = 0, .prop = 557850765, .status = AVAILABLE, .value = {.int32Values = [1]{0}, .floatValues = [0]{}, .int64Values = [0]{}, .bytes = [0]{}, .stringValue = ""}}
12-30 11:12:00.927   398   464 I DefaultVehicleHal_v2_0: DefaultVehicleHal::onPropertyValue, value:{.timestamp = 9256749252101, .areaId = 0, .prop = 557850765, .status = AVAILABLE, .value = {.int32Values = [1]{0}, .floatValues = [0]{}, .int64Values = [0]{}, .bytes = [0]{}, .stringValue = ""}}
12-30 11:12:00.927   398   464 D DiagPropHandler: is not DiagnosticConfig: 0x2140208d
12-30 11:12:00.927   398   464 I VehiclePropertyStore: begin to write value to Store: {.timestamp = 9256749252101, .areaId = 0, .prop = 557850765, .status = AVAILABLE, .value = {.int32Values = [1]{0}, .floatValues = [0]{}, .int64Values = [0]{}, .bytes = [0]{}, .stringValue = ""}}
12-30 11:12:00.927   398   464 D adayocomadapter-CommunicationManager: onUpstreamReceive mPropertyId 0x2140208d
12-30 11:12:00.927   398   464 D adayocomadapter-CommunicationManager: onUpstreamReceive mPropertyId 0x21402195
12-30 11:12:00.927   398   464 D adayocomadapter-CommunicationManager: convertBytesToInt32Memcpy  0
12-30 11:12:00.927   398   464 I vw-vhal : notifyVehicleProperty, propId = 0x21402195, data = {status: 2, int32Values: [0]}
12-30 11:12:00.927   398   464 I vw-vhal : CanSignalsAdapter::notifyVehicleProperty: solvedValue = {.timestamp = 9256749437768, .areaId = 0, .prop = 557851029, .status = AVAILABLE, .value = {.int32Values = [1]{0}, .floatValues = [0]{}, .int64Values = [0]{}, .bytes = [0]{}, .stringValue = ""}}
12-30 11:12:00.927   398   464 I VehiclePropertyStore: begin to write value to Store: {.timestamp = 9256749437768, .areaId = 0, .prop = 557851029, .status = AVAILABLE, .value = {.int32Values = [1]{0}, .floatValues = [0]{}, .int64Values = [0]{}, .bytes = [0]{}, .stringValue = ""}}
12-30 11:12:00.927   398   464 I DefaultVehicleHal_v2_0: DefaultVehicleHal::onPropertyValue, value:{.timestamp = 9256749437768, .areaId = 0, .prop = 557851029, .status = AVAILABLE, .value = {.int32Values = [1]{0}, .floatValues = [0]{}, .int64Values = [0]{}, .bytes = [0]{}, .stringValue = ""}}
12-30 11:12:00.927   398   464 D DiagPropHandler: is not DiagnosticConfig: 0x21402195
12-30 11:12:00.927   398   464 I VehiclePropertyStore: begin to write value to Store: {.timestamp = 9256749437768, .areaId = 0, .prop = 557851029, .status = AVAILABLE, .value = {.int32Values = [1]{0}, .floatValues = [0]{}, .int64Values = [0]{}, .bytes = [0]{}, .stringValue = ""}}
12-30 11:12:00.927   398   464 D adayocomadapter-CommunicationManager: onUpstreamReceive mPropertyId 0x21402195
12-30 11:12:00.927   398   464 D adayocomadapter-CommunicationManager: onUpstreamReceive mPropertyId 0x21402192
12-30 11:12:00.927   398   464 D adayocomadapter-CommunicationManager: convertBytesToInt32Memcpy  0
12-30 11:12:00.927   398   464 I vw-vhal : notifyVehicleProperty, propId = 0x21402192, data = {status: 2, int32Values: [0]}
12-30 11:12:00.927   398   464 I vw-vhal : CanSignalsAdapter::notifyVehicleProperty: solvedValue = {.timestamp = 9256749624434, .areaId = 0, .prop = 557851026, .status = AVAILABLE, .value = {.int32Values = [1]{0}, .floatValues = [0]{}, .int64Values = [0]{}, .bytes = [0]{}, .stringValue = ""}}
12-30 11:12:00.927   398   464 I VehiclePropertyStore: begin to write value to Store: {.timestamp = 9256749624434, .areaId = 0, .prop = 557851026, .status = AVAILABLE, .value = {.int32Values = [1]{0}, .floatValues = [0]{}, .int64Values = [0]{}, .bytes = [0]{}, .stringValue = ""}}
12-30 11:12:00.927   398   464 I DefaultVehicleHal_v2_0: DefaultVehicleHal::onPropertyValue, value:{.timestamp = 9256749624434, .areaId = 0, .prop = 557851026, .status = AVAILABLE, .value = {.int32Values = [1]{0}, .floatValues = [0]{}, .int64Values = [0]{}, .bytes = [0]{}, .stringValue = ""}}
12-30 11:12:00.927   398   464 D DiagPropHandler: is not DiagnosticConfig: 0x21402192
12-30 11:12:00.927   398   464 I VehiclePropertyStore: begin to write value to Store: {.timestamp = 9256749624434, .areaId = 0, .prop = 557851026, .status = AVAILABLE, .value = {.int32Values = [1]{0}, .floatValues = [0]{}, .int64Values = [0]{}, .bytes = [0]{}, .stringValue = ""}}
12-30 11:12:00.927   398   464 D adayocomadapter-CommunicationManager: onUpstreamReceive mPropertyId 0x21402192
12-30 11:12:00.927   398   464 D adayocomadapter-CommunicationManager: onUpstreamReceive mPropertyId 0x2140208a
12-30 11:12:00.927   398   464 D adayocomadapter-CommunicationManager: convertBytesToInt32Memcpy  0
12-30 11:12:00.927   398   464 I vw-vhal : notifyVehicleProperty, propId = 0x2140208a, data = {status: 2, int32Values: [0]}
12-30 11:12:00.927   398   464 I vw-vhal : CanSignalsAdapter::notifyVehicleProperty: solvedValue = {.timestamp = 9256749807434, .areaId = 0, .prop = 557850762, .status = AVAILABLE, .value = {.int32Values = [1]{0}, .floatValues = [0]{}, .int64Values = [0]{}, .bytes = [0]{}, .stringValue = ""}}
12-30 11:12:00.927   398   464 I VehiclePropertyStore: begin to write value to Store: {.timestamp = 9256749807434, .areaId = 0, .prop = 557850762, .status = AVAILABLE, .value = {.int32Values = [1]{0}, .floatValues = [0]{}, .int64Values = [0]{}, .bytes = [0]{}, .stringValue = ""}}
12-30 11:12:00.928   398   464 I DefaultVehicleHal_v2_0: DefaultVehicleHal::onPropertyValue, value:{.timestamp = 9256749807434, .areaId = 0, .prop = 557850762, .status = AVAILABLE, .value = {.int32Values = [1]{0}, .floatValues = [0]{}, .int64Values = [0]{}, .bytes = [0]{}, .stringValue = ""}}
12-30 11:12:00.928   398   464 D DiagPropHandler: is not DiagnosticConfig: 0x2140208a
12-30 11:12:00.928   398   464 I VehiclePropertyStore: begin to write value to Store: {.timestamp = 9256749807434, .areaId = 0, .prop = 557850762, .status = AVAILABLE, .value = {.int32Values = [1]{0}, .floatValues = [0]{}, .int64Values = [0]{}, .bytes = [0]{}, .stringValue = ""}}
12-30 11:12:00.928   398   464 D adayocomadapter-CommunicationManager: onUpstreamReceive mPropertyId 0x2140208a
12-30 11:12:00.928   398   464 D adayocomadapter-CommunicationManager: onUpstreamReceive mPropertyId 0x21402196
12-30 11:12:00.928   398   464 D adayocomadapter-CommunicationManager: convertBytesToInt32Memcpy  0
12-30 11:12:00.928   398   464 I vw-vhal : notifyVehicleProperty, propId = 0x21402196, data = {status: 2, int32Values: [0]}
12-30 11:12:00.928   398   464 I vw-vhal : CanSignalsAdapter::notifyVehicleProperty: solvedValue = {.timestamp = 9256749991434, .areaId = 0, .prop = 557851030, .status = AVAILABLE, .value = {.int32Values = [1]{0}, .floatValues = [0]{}, .int64Values = [0]{}, .bytes = [0]{}, .stringValue = ""}}
12-30 11:12:00.928   398   464 I VehiclePropertyStore: begin to write value to Store: {.timestamp = 9256749991434, .areaId = 0, .prop = 557851030, .status = AVAILABLE, .value = {.int32Values = [1]{0}, .floatValues = [0]{}, .int64Values = [0]{}, .bytes = [0]{}, .stringValue = ""}}
12-30 11:12:00.928   398   464 I DefaultVehicleHal_v2_0: DefaultVehicleHal::onPropertyValue, value:{.timestamp = 9256749991434, .areaId = 0, .prop = 557851030, .status = AVAILABLE, .value = {.int32Values = [1]{0}, .floatValues = [0]{}, .int64Values = [0]{}, .bytes = [0]{}, .stringValue = ""}}
12-30 11:12:00.928   398   464 D DiagPropHandler: is not DiagnosticConfig: 0x21402196
12-30 11:12:00.928   398   464 I VehiclePropertyStore: begin to write value to Store: {.timestamp = 9256749991434, .areaId = 0, .prop = 557851030, .status = AVAILABLE, .value = {.int32Values = [1]{0}, .floatValues = [0]{}, .int64Values = [0]{}, .bytes = [0]{}, .stringValue = ""}}
12-30 11:12:00.928   398   464 D adayocomadapter-CommunicationManager: onUpstreamReceive mPropertyId 0x21402196
12-30 11:12:00.928   398   464 D adayocomadapter-CommunicationManager: onUpstreamReceive mPropertyId 0x21402197
12-30 11:12:00.928   398   464 D adayocomadapter-CommunicationManager: convertBytesToInt32Memcpy  0
12-30 11:12:00.928   398   464 I vw-vhal : notifyVehicleProperty, propId = 0x21402197, data = {status: 2, int32Values: [0]}
12-30 11:12:00.928   398   464 I vw-vhal : CanSignalsAdapter::notifyVehicleProperty: solvedValue = {.timestamp = 9256750178434, .areaId = 0, .prop = 557851031, .status = AVAILABLE, .value = {.int32Values = [1]{0}, .floatValues = [0]{}, .int64Values = [0]{}, .bytes = [0]{}, .stringValue = ""}}
12-30 11:12:00.928   398   464 I VehiclePropertyStore: begin to write value to Store: {.timestamp = 9256750178434, .areaId = 0, .prop = 557851031, .status = AVAILABLE, .value = {.int32Values = [1]{0}, .floatValues = [0]{}, .int64Values = [0]{}, .bytes = [0]{}, .stringValue = ""}}
12-30 11:12:00.928   398   464 I DefaultVehicleHal_v2_0: DefaultVehicleHal::onPropertyValue, value:{.timestamp = 9256750178434, .areaId = 0, .prop = 557851031, .status = AVAILABLE, .value = {.int32Values = [1]{0}, .floatValues = [0]{}, .int64Values = [0]{}, .bytes = [0]{}, .stringValue = ""}}
12-30 11:12:00.928   398   464 D DiagPropHandler: is not DiagnosticConfig: 0x21402197
12-30 11:12:00.928   398   464 I VehiclePropertyStore: begin to write value to Store: {.timestamp = 9256750178434, .areaId = 0, .prop = 557851031, .status = AVAILABLE, .value = {.int32Values = [1]{0}, .floatValues = [0]{}, .int64Values = [0]{}, .bytes = [0]{}, .stringValue = ""}}
12-30 11:12:00.928   398   464 D adayocomadapter-CommunicationManager: onUpstreamReceive mPropertyId 0x21402197
12-30 11:12:00.928   398   464 D adayocomadapter-CommunicationManager: onUpstreamReceive mPropertyId 0x21402199
12-30 11:12:00.928   398   464 D adayocomadapter-CommunicationManager: convertBytesToInt32Memcpy  0
12-30 11:12:00.928   398   464 I vw-vhal : notifyVehicleProperty, propId = 0x21402199, data = {status: 2, int32Values: [0]}
12-30 11:12:00.928   398   464 I vw-vhal : CanSignalsAdapter::notifyVehicleProperty: solvedValue = {.timestamp = 9256750380434, .areaId = 0, .prop = 557851033, .status = AVAILABLE, .value = {.int32Values = [1]{0}, .floatValues = [0]{}, .int64Values = [0]{}, .bytes = [0]{}, .stringValue = ""}}
12-30 11:12:00.928   398   464 I VehiclePropertyStore: begin to write value to Store: {.timestamp = 9256750380434, .areaId = 0, .prop = 557851033, .status = AVAILABLE, .value = {.int32Values = [1]{0}, .floatValues = [0]{}, .int64Values = [0]{}, .bytes = [0]{}, .stringValue = ""}}
12-30 11:12:00.928   398   464 I DefaultVehicleHal_v2_0: DefaultVehicleHal::onPropertyValue, value:{.timestamp = 9256750380434, .areaId = 0, .prop = 557851033, .status = AVAILABLE, .value = {.int32Values = [1]{0}, .floatValues = [0]{}, .int64Values = [0]{}, .bytes = [0]{}, .stringValue = ""}}
12-30 11:12:00.928   398   464 D DiagPropHandler: is not DiagnosticConfig: 0x21402199
12-30 11:12:00.928   398   464 I VehiclePropertyStore: begin to write value to Store: {.timestamp = 9256750380434, .areaId = 0, .prop = 557851033, .status = AVAILABLE, .value = {.int32Values = [1]{0}, .floatValues = [0]{}, .int64Values = [0]{}, .bytes = [0]{}, .stringValue = ""}}
12-30 11:12:00.928   398   464 D adayocomadapter-CommunicationManager: onUpstreamReceive mPropertyId 0x21402199
12-30 11:12:00.931  1611  1820 I ADAYO_LOG_: call(lambda:8)computeLogSize mFileSizes[0]: 43810246
12-30 11:12:00.932  1611  1820 I ADAYO_LOG_: call(lambda:8)computeLogSize mFileSizes[1]: 1778931
12-30 11:12:00.932  1611  1820 I ADAYO_LOG_: call(lambda:8)computeLogSize mFileSizes[2]: 0
12-30 11:12:00.932  1611  1820 I ADAYO_LOG_: call(lambda:11)type: /logcat/, typeMaxSize: 2684354560, size: 43810246
12-30 11:12:00.932  1611  1820 I ADAYO_LOG_: call(lambda:11)type: /kernel/, typeMaxSize: 524288000, size: 1778931
12-30 11:12:00.932  1611  1820 I ADAYO_LOG_: call(lambda:11)type: /logcat_GNSS/, typeMaxSize: 104857600, size: 0
12-30 11:12:00.933   596  3076 E WifiHAL : Invalid data received from driver
12-30 11:12:00.936   360   931 D EvsDriver: forwardFrame
12-30 11:12:00.936   360   931 D EvsDriver: forwardFrameDirect
12-30 11:12:00.936   360   931 D EvsDriver: Delivered 0xb400e2ca9e40c7a0 as id 1
12-30 11:12:00.936   359  2784 D evsmanagerd: /dev/video-evs0 forwarded the buffer #1 to 0xb400f125d2b26dd0 from 0xb400f125e2b20710
12-30 11:12:00.944   360   458 D EvsDriver: doneWithFrame
12-30 11:12:00.953  3066  3066 D hostapd : nl80211: BSS Event 59 (NL80211_CMD_FRAME) received for wlan1
12-30 11:12:00.953  3066  3066 D hostapd : nl80211: RX frame da=ff:ff:ff:ff:ff:ff sa=de:bb:0d:97:ae:5f bssid=de:bb:0d:97:ae:5f freq=5745 ssi_signal=-9000 fc=0xd0 seq_ctrl=0xfbf0 stype=13 (WLAN_FC_STYPE_ACTION) len=42
12-30 11:12:00.953  3066  3066 D hostapd : wlan1: Event RX_MGMT (18) received
12-30 11:12:00.953  3066  3066 D hostapd : Receive wpa msg : Event RX_MGMT (18) received
12-30 11:12:00.962  2358  2623 D RcfController: Rcf proxy is not connected!
12-30 11:12:00.969   360   931 D EvsDriver: forwardFrame
12-30 11:12:00.969   360   931 D EvsDriver: forwardFrameDirect
12-30 11:12:00.969   360   931 D EvsDriver: Delivered 0xb400e2ca9e40e270 as id 0
12-30 11:12:00.969   359  2784 D evsmanagerd: /dev/video-evs0 forwarded the buffer #0 to 0xb400f125d2b26dd0 from 0xb400f125e2b20710
12-30 11:12:00.974   360   458 D EvsDriver: doneWithFrame
12-30 11:12:00.996   596  3076 E WifiHAL : Invalid data received from driver
12-30 11:12:01.003   360   931 D EvsDriver: forwardFrame
12-30 11:12:01.003   360   931 D EvsDriver: forwardFrameDirect
12-30 11:12:01.003   360   931 D EvsDriver: Delivered 0xb400e2ca9e40d4b0 as id 1
12-30 11:12:01.003   359  2784 D evsmanagerd: /dev/video-evs0 forwarded the buffer #1 to 0xb400f125d2b26dd0 from 0xb400f125e2b20710
12-30 11:12:01.005   360   458 D EvsDriver: doneWithFrame
12-30 11:12:01.012  2358  2623 D RcfController: Rcf proxy is not connected!
12-30 11:12:01.017  1667  2410 I media_message_log->MediaMessageUserProxy: (SourceFile:1)b connectToService action bind
12-30 11:12:01.017   916  2591 W ActivityManager: Unable to start service Intent { cmp=com.adayo.server.mediamessagetransfer/.MediaMessTransferService (has extras) } U=0: not found
12-30 11:12:01.018  1667  2410 E media_message_log->MediaMessageUserProxy: (SourceFile:7)a bindServiceAsUser isBound = false
12-30 11:12:01.034   650   729 D fgemcucomm: sd Uart data : 6AA60220D80002800A7A
12-30 11:12:01.034   650   729 D fgemcucomm: rev uart=76471,len=13, data : 6AA68120D80005800A040000F4
12-30 11:12:01.035   398   466 D adayocomadapter-ParseProtocolFunc: printRaWMsg Name[MCUToUPstream recv] len[4] data[800A0400]
12-30 11:12:01.035   398   466 D adayocomadapter-CommunicationManager: onUpstreamback   member[7] dataLength[2] timePoint[9256857]
12-30 11:12:01.035   398   466 D adayocomadapter-ParseProtocolFunc: printRaWMsg Name[onUpstreamback] len[2] data[0400]
12-30 11:12:01.035   398   464 D adayocomadapter-UpstreamHandler: processBeforePacket upSreamtProcessTimePoint[9256857] 
12-30 11:12:01.035   398   464 D adayocomadapter-ParseProtocolFunc: parseGeneralIPCLBytes Processing tablename[Table-0] tableSize[2]
12-30 11:12:01.035   398   464 D adayocomadapter-ParseProtocolFunc: printRaWMsg Name[byteStream recv] len[2] data[0400]
12-30 11:12:01.035   398   464 D adayocomadapter-ParseProtocolFunc: printRaWMsg Name[IPCLtoVHAL] len[6] data[314010020000]
12-30 11:12:01.035   398   464 D adayocomadapter-ParseProtocolFunc: printRaWMsg Name[IPCLtoVHAL] len[6] data[314010010004]
12-30 11:12:01.035   398   464 D adayocomadapter-CommunicationManager: onUpstreamReceive mPropertyId 0x31401002
12-30 11:12:01.035   398   464 D adayocomadapter-CommunicationManager: convertBytesToInt32Memcpy  0
12-30 11:12:01.035   398   464 I vw-vhal : notifyVehicleProperty, propId = 0x31401002, data = {status: 2, int32Values: [0]}
12-30 11:12:01.035   398   464 I vw-vhal : CanSignalsAdapter::notifyVehicleProperty: solvedValue = {.timestamp = 9256857336768, .areaId = 0, .prop = 826281986, .status = AVAILABLE, .value = {.int32Values = [1]{0}, .floatValues = [0]{}, .int64Values = [0]{}, .bytes = [0]{}, .stringValue = ""}}
12-30 11:12:01.035   398   464 I VehiclePropertyStore: begin to write value to Store: {.timestamp = 9256857336768, .areaId = 0, .prop = 826281986, .status = AVAILABLE, .value = {.int32Values = [1]{0}, .floatValues = [0]{}, .int64Values = [0]{}, .bytes = [0]{}, .stringValue = ""}}
12-30 11:12:01.035   398   464 I DefaultVehicleHal_v2_0: DefaultVehicleHal::onPropertyValue, value:{.timestamp = 9256857336768, .areaId = 0, .prop = 826281986, .status = AVAILABLE, .value = {.int32Values = [1]{0}, .floatValues = [0]{}, .int64Values = [0]{}, .bytes = [0]{}, .stringValue = ""}}
12-30 11:12:01.035   398   464 D DiagPropHandler: is not DiagnosticConfig: 0x31401002
12-30 11:12:01.035   398   464 I VehiclePropertyStore: begin to write value to Store: {.timestamp = 9256857336768, .areaId = 0, .prop = 826281986, .status = AVAILABLE, .value = {.int32Values = [1]{0}, .floatValues = [0]{}, .int64Values = [0]{}, .bytes = [0]{}, .stringValue = ""}}
12-30 11:12:01.035   398   464 D adayocomadapter-CommunicationManager: onUpstreamReceive mPropertyId 0x31401002
12-30 11:12:01.035   398   464 D adayocomadapter-CommunicationManager: onUpstreamReceive mPropertyId 0x31401001
12-30 11:12:01.035   398   464 D adayocomadapter-CommunicationManager: convertBytesToInt32Memcpy  4
12-30 11:12:01.035   398   464 I vw-vhal : notifyVehicleProperty, propId = 0x31401001, data = {status: 2, int32Values: [4]}
12-30 11:12:01.035   398   464 I vw-vhal : CanSignalsAdapter::notifyVehicleProperty: solvedValue = {.timestamp = 9256857566768, .areaId = 0, .prop = 826281985, .status = AVAILABLE, .value = {.int32Values = [1]{4}, .floatValues = [0]{}, .int64Values = [0]{}, .bytes = [0]{}, .stringValue = ""}}
12-30 11:12:01.035   398   464 I VehiclePropertyStore: begin to write value to Store: {.timestamp = 9256857566768, .areaId = 0, .prop = 826281985, .status = AVAILABLE, .value = {.int32Values = [1]{4}, .floatValues = [0]{}, .int64Values = [0]{}, .bytes = [0]{}, .stringValue = ""}}
12-30 11:12:01.035   398   464 I DefaultVehicleHal_v2_0: DefaultVehicleHal::onPropertyValue, value:{.timestamp = 9256857566768, .areaId = 0, .prop = 826281985, .status = AVAILABLE, .value = {.int32Values = [1]{4}, .floatValues = [0]{}, .int64Values = [0]{}, .bytes = [0]{}, .stringValue = ""}}
12-30 11:12:01.035   398   464 D DiagPropHandler: is not DiagnosticConfig: 0x31401001
12-30 11:12:01.035   398   464 I VehiclePropertyStore: begin to write value to Store: {.timestamp = 9256857566768, .areaId = 0, .prop = 826281985, .status = AVAILABLE, .value = {.int32Values = [1]{4}, .floatValues = [0]{}, .int64Values = [0]{}, .bytes = [0]{}, .stringValue = ""}}
12-30 11:12:01.035   398   464 D adayocomadapter-CommunicationManager: onUpstreamReceive mPropertyId 0x31401001
12-30 11:12:01.036   360   931 D EvsDriver: forwardFrame
12-30 11:12:01.036   360   931 D EvsDriver: forwardFrameDirect
12-30 11:12:01.036   360   931 D EvsDriver: Delivered 0xb400e2ca9e40c2d0 as id 0
12-30 11:12:01.036   359  2784 D evsmanagerd: /dev/video-evs0 forwarded the buffer #0 to 0xb400f125d2b26dd0 from 0xb400f125e2b20710
12-30 11:12:01.045   360   458 D EvsDriver: doneWithFrame
12-30 11:12:01.062  2358  2623 D RcfController: Rcf proxy is not connected!
12-30 11:12:01.069   360   931 D EvsDriver: forwardFrame
12-30 11:12:01.069   360   931 D EvsDriver: forwardFrameDirect
12-30 11:12:01.069   360   931 D EvsDriver: Delivered 0xb400e2ca9e40d090 as id 1
