--------- beginning of main
12-30 11:11:56.603   360   931 D EvsDriver: forwardFrame
12-30 11:11:56.603   360   931 D EvsDriver: forwardFrameDirect
12-30 11:11:56.603   360   931 D EvsDriver: Delivered 0xb400e2ca9e40d4b0 as id 1
12-30 11:11:56.603   359  2784 D evsmanagerd: /dev/video-evs0 forwarded the buffer #1 to 0xb400f125d2b26dd0 from 0xb400f125e2b20710
12-30 11:11:56.609   360   458 D EvsDriver: doneWithFrame
12-30 11:11:56.632   596  3076 E WifiHAL : Invalid data received from driver
12-30 11:11:56.636   360   931 D EvsDriver: forwardFrame
12-30 11:11:56.636   360   931 D EvsDriver: forwardFrameDirect
12-30 11:11:56.637   360   931 D EvsDriver: Delivered 0xb400e2ca9e40c2d0 as id 0
12-30 11:11:56.637   359  2784 D evsmanagerd: /dev/video-evs0 forwarded the buffer #0 to 0xb400f125d2b26dd0 from 0xb400f125e2b20710
12-30 11:11:56.640   360   458 D EvsDriver: doneWithFrame
12-30 11:11:56.641  2358  2623 D RcfController: Rcf proxy is not connected!
12-30 11:11:56.658  1667  2594 W FordFnv :  bind ford fnv failed -> sendRetryMessage 
12-30 11:11:56.669   360   931 D EvsDriver: forwardFrame
12-30 11:11:56.670   360   931 D EvsDriver: forwardFrameDirect
12-30 11:11:56.670   360   931 D EvsDriver: Delivered 0xb400e2ca9e40d090 as id 1
12-30 11:11:56.670   650   729 D fgemcucomm: sd Uart data : 6AA60220B20002920296
12-30 11:11:56.670   359  2784 D evsmanagerd: /dev/video-evs0 forwarded the buffer #1 to 0xb400f125d2b26dd0 from 0xb400f125e2b20710
12-30 11:11:56.670   650   729 D fgemcucomm: rev uart=76430,len=17, data : 6AA68120B200099202000A000000000006
12-30 11:11:56.670   398   466 D adayocomadapter-ParseProtocolFunc: printRaWMsg Name[MCUToUPstream recv] len[9] data[9202000A0000000000]
12-30 11:11:56.670   398   466 D adayocomadapter-CommunicationManager: onUpstreamback   member[0] dataLength[6] timePoint[9252492]
12-30 11:11:56.670   398   466 D adayocomadapter-ParseProtocolFunc: printRaWMsg Name[onUpstreamback] len[6] data[0A0000000000]
12-30 11:11:56.670   398   464 D adayocomadapter-UpstreamHandler: processBeforePacket upSreamtProcessTimePoint[9252492] 
12-30 11:11:56.670   398   464 D adayocomadapter-UpstreamHandler: processPacket UPSTREAM_QUEUE_DATA_TIMEOUT
12-30 11:11:56.670   398   464 D adayocomadapter-ParseProtocolFunc: parseCommonIPCLBytes Processing tableNumber[10]
12-30 11:11:56.670   398   464 D adayocomadapter-ParseProtocolFunc: parseCommonIPCLBytes Processing tablename[Table-10] tableSize[6]
12-30 11:11:56.670   398   464 D adayocomadapter-ParseProtocolFunc: printRaWMsg Name[byteStream recv] len[6] data[0A0000000000]
12-30 11:11:56.670   398   464 D adayocomadapter-ParseProtocolFunc: printRaWMsg Name[IPCLtoVHAL] len[9] data[2140201C0000000000]
12-30 11:11:56.670   398   464 D adayocomadapter-ParseProtocolFunc: printRaWMsg Name[IPCLtoVHAL] len[6] data[214022320000]
12-30 11:11:56.671   398   464 D adayocomadapter-CommunicationManager: onUpstreamReceive mPropertyId 0x2140201c
12-30 11:11:56.671   398   464 D adayocomadapter-CommunicationManager: convertBytesToInt32Memcpy  0
12-30 11:11:56.671   398   464 I vw-vhal : notifyVehicleProperty, propId = 0x2140201c, data = {status: 2, int32Values: [0]}
12-30 11:11:56.671   398   464 I vw-vhal : CanSignalsAdapter::notifyVehicleProperty: solvedValue = {.timestamp = 9252492941434, .areaId = 0, .prop = 557850652, .status = AVAILABLE, .value = {.int32Values = [1]{0}, .floatValues = [0]{}, .int64Values = [0]{}, .bytes = [0]{}, .stringValue = ""}}
12-30 11:11:56.671   398   464 I VehiclePropertyStore: begin to write value to Store: {.timestamp = 9252492941434, .areaId = 0, .prop = 557850652, .status = AVAILABLE, .value = {.int32Values = [1]{0}, .floatValues = [0]{}, .int64Values = [0]{}, .bytes = [0]{}, .stringValue = ""}}
12-30 11:11:56.671   398   464 I DefaultVehicleHal_v2_0: DefaultVehicleHal::onPropertyValue, value:{.timestamp = 9252492941434, .areaId = 0, .prop = 557850652, .status = AVAILABLE, .value = {.int32Values = [1]{0}, .floatValues = [0]{}, .int64Values = [0]{}, .bytes = [0]{}, .stringValue = ""}}
12-30 11:11:56.671   398   464 D DiagPropHandler: is not DiagnosticConfig: 0x2140201c
12-30 11:11:56.671   398   464 I VehiclePropertyStore: begin to write value to Store: {.timestamp = 9252492941434, .areaId = 0, .prop = 557850652, .status = AVAILABLE, .value = {.int32Values = [1]{0}, .floatValues = [0]{}, .int64Values = [0]{}, .bytes = [0]{}, .stringValue = ""}}
12-30 11:11:56.671   398   464 D adayocomadapter-CommunicationManager: onUpstreamReceive mPropertyId 0x2140201c
12-30 11:11:56.671   398   464 D adayocomadapter-CommunicationManager: onUpstreamReceive mPropertyId 0x21402232
12-30 11:11:56.671   398   464 D adayocomadapter-CommunicationManager: convertBytesToInt32Memcpy  0
12-30 11:11:56.671   398   464 I vw-vhal : notifyVehicleProperty, propId = 0x21402232, data = {status: 2, int32Values: [0]}
12-30 11:11:56.671   398   464 I vw-vhal : CanSignalsAdapter::notifyVehicleProperty: solvedValue = {.timestamp = 9252493170434, .areaId = 0, .prop = 557851186, .status = AVAILABLE, .value = {.int32Values = [1]{0}, .floatValues = [0]{}, .int64Values = [0]{}, .bytes = [0]{}, .stringValue = ""}}
12-30 11:11:56.671   398   464 I VehiclePropertyStore: begin to write value to Store: {.timestamp = 9252493170434, .areaId = 0, .prop = 557851186, .status = AVAILABLE, .value = {.int32Values = [1]{0}, .floatValues = [0]{}, .int64Values = [0]{}, .bytes = [0]{}, .stringValue = ""}}
12-30 11:11:56.671   398   464 I DefaultVehicleHal_v2_0: DefaultVehicleHal::onPropertyValue, value:{.timestamp = 9252493170434, .areaId = 0, .prop = 557851186, .status = AVAILABLE, .value = {.int32Values = [1]{0}, .floatValues = [0]{}, .int64Values = [0]{}, .bytes = [0]{}, .stringValue = ""}}
12-30 11:11:56.671   398   464 D DiagPropHandler: is not DiagnosticConfig: 0x21402232
12-30 11:11:56.671   398   464 I VehiclePropertyStore: begin to write value to Store: {.timestamp = 9252493170434, .areaId = 0, .prop = 557851186, .status = AVAILABLE, .value = {.int32Values = [1]{0}, .floatValues = [0]{}, .int64Values = [0]{}, .bytes = [0]{}, .stringValue = ""}}
12-30 11:11:56.671   398   464 D adayocomadapter-CommunicationManager: onUpstreamReceive mPropertyId 0x21402232
12-30 11:11:56.680   360   458 D EvsDriver: doneWithFrame
12-30 11:11:56.690   650   729 D fgemcucomm: sd Uart data : 6AA60220B30002920295
12-30 11:11:56.691   650   729 D fgemcucomm: rev uart=76431,len=15, data : 6AA68120B300079202000900000008
12-30 11:11:56.691   398   466 D adayocomadapter-ParseProtocolFunc: printRaWMsg Name[MCUToUPstream recv] len[7] data[92020009000000]
12-30 11:11:56.691   398   466 D adayocomadapter-CommunicationManager: onUpstreamback   member[0] dataLength[4] timePoint[9252513]
12-30 11:11:56.691   398   466 D adayocomadapter-ParseProtocolFunc: printRaWMsg Name[onUpstreamback] len[4] data[09000000]
12-30 11:11:56.691   398   464 D adayocomadapter-UpstreamHandler: processBeforePacket upSreamtProcessTimePoint[9252513] 
12-30 11:11:56.691   398   464 D adayocomadapter-UpstreamHandler: processPacket UPSTREAM_QUEUE_DATA_TIMEOUT
12-30 11:11:56.691   398   464 D adayocomadapter-ParseProtocolFunc: parseCommonIPCLBytes Processing tableNumber[9]
12-30 11:11:56.691   398   464 D adayocomadapter-ParseProtocolFunc: parseCommonIPCLBytes Processing tablename[Table-9] tableSize[4]
12-30 11:11:56.691   398   464 D adayocomadapter-ParseProtocolFunc: printRaWMsg Name[byteStream recv] len[4] data[09000000]
12-30 11:11:56.691   398   464 D adayocomadapter-ParseProtocolFunc: printRaWMsg Name[IPCLtoVHAL] len[6] data[214020600000]
12-30 11:11:56.691   398   464 D adayocomadapter-ParseProtocolFunc: printRaWMsg Name[IPCLtoVHAL] len[6] data[2140218D0000]
12-30 11:11:56.691   398   464 D adayocomadapter-ParseProtocolFunc: printRaWMsg Name[IPCLtoVHAL] len[6] data[214022550000]
12-30 11:11:56.691   398   464 D adayocomadapter-CommunicationManager: onUpstreamReceive mPropertyId 0x21402060
12-30 11:11:56.691   398   464 D adayocomadapter-CommunicationManager: convertBytesToInt32Memcpy  0
12-30 11:11:56.691   398   464 I vw-vhal : notifyVehicleProperty, propId = 0x21402060, data = {status: 2, int32Values: [0]}
12-30 11:11:56.691   398   464 I vw-vhal : CanSignalsAdapter::notifyVehicleProperty: solvedValue = {.timestamp = 9252513540101, .areaId = 0, .prop = 557850720, .status = AVAILABLE, .value = {.int32Values = [1]{0}, .floatValues = [0]{}, .int64Values = [0]{}, .bytes = [0]{}, .stringValue = ""}}
12-30 11:11:56.691   398   464 I VehiclePropertyStore: begin to write value to Store: {.timestamp = 9252513540101, .areaId = 0, .prop = 557850720, .status = AVAILABLE, .value = {.int32Values = [1]{0}, .floatValues = [0]{}, .int64Values = [0]{}, .bytes = [0]{}, .stringValue = ""}}
12-30 11:11:56.691   398   464 I DefaultVehicleHal_v2_0: DefaultVehicleHal::onPropertyValue, value:{.timestamp = 9252513540101, .areaId = 0, .prop = 557850720, .status = AVAILABLE, .value = {.int32Values = [1]{0}, .floatValues = [0]{}, .int64Values = [0]{}, .bytes = [0]{}, .stringValue = ""}}
12-30 11:11:56.691   398   464 D DiagPropHandler: is not DiagnosticConfig: 0x21402060
12-30 11:11:56.691   398   464 I VehiclePropertyStore: begin to write value to Store: {.timestamp = 9252513540101, .areaId = 0, .prop = 557850720, .status = AVAILABLE, .value = {.int32Values = [1]{0}, .floatValues = [0]{}, .int64Values = [0]{}, .bytes = [0]{}, .stringValue = ""}}
12-30 11:11:56.691   398   464 D adayocomadapter-CommunicationManager: onUpstreamReceive mPropertyId 0x21402060
12-30 11:11:56.691   398   464 D adayocomadapter-CommunicationManager: onUpstreamReceive mPropertyId 0x2140218d
12-30 11:11:56.691   398   464 D adayocomadapter-CommunicationManager: convertBytesToInt32Memcpy  0
12-30 11:11:56.691   398   464 I vw-vhal : notifyVehicleProperty, propId = 0x2140218d, data = {status: 2, int32Values: [0]}
12-30 11:11:56.691   398   464 I vw-vhal : CanSignalsAdapter::notifyVehicleProperty: solvedValue = {.timestamp = 9252513766767, .areaId = 0, .prop = 557851021, .status = AVAILABLE, .value = {.int32Values = [1]{0}, .floatValues = [0]{}, .int64Values = [0]{}, .bytes = [0]{}, .stringValue = ""}}
12-30 11:11:56.691   398   464 I VehiclePropertyStore: begin to write value to Store: {.timestamp = 9252513766767, .areaId = 0, .prop = 557851021, .status = AVAILABLE, .value = {.int32Values = [1]{0}, .floatValues = [0]{}, .int64Values = [0]{}, .bytes = [0]{}, .stringValue = ""}}
12-30 11:11:56.691   398   464 I DefaultVehicleHal_v2_0: DefaultVehicleHal::onPropertyValue, value:{.timestamp = 9252513766767, .areaId = 0, .prop = 557851021, .status = AVAILABLE, .value = {.int32Values = [1]{0}, .floatValues = [0]{}, .int64Values = [0]{}, .bytes = [0]{}, .stringValue = ""}}
12-30 11:11:56.691   398   464 D DiagPropHandler: is not DiagnosticConfig: 0x2140218d
12-30 11:11:56.692   398   464 I VehiclePropertyStore: begin to write value to Store: {.timestamp = 9252513766767, .areaId = 0, .prop = 557851021, .status = AVAILABLE, .value = {.int32Values = [1]{0}, .floatValues = [0]{}, .int64Values = [0]{}, .bytes = [0]{}, .stringValue = ""}}
12-30 11:11:56.692   398   464 D adayocomadapter-CommunicationManager: onUpstreamReceive mPropertyId 0x2140218d
12-30 11:11:56.692   398   464 D adayocomadapter-CommunicationManager: onUpstreamReceive mPropertyId 0x21402255
12-30 11:11:56.692   398   464 D adayocomadapter-CommunicationManager: convertBytesToInt32Memcpy  0
12-30 11:11:56.692   398   464 I vw-vhal : notifyVehicleProperty, propId = 0x21402255, data = {status: 2, int32Values: [0]}
12-30 11:11:56.692  2358  2623 D RcfController: Rcf proxy is not connected!
12-30 11:11:56.692   398   464 I vw-vhal : CanSignalsAdapter::notifyVehicleProperty: solvedValue = {.timestamp = 9252513963101, .areaId = 0, .prop = 557851221, .status = AVAILABLE, .value = {.int32Values = [1]{0}, .floatValues = [0]{}, .int64Values = [0]{}, .bytes = [0]{}, .stringValue = ""}}
12-30 11:11:56.692   398   464 I VehiclePropertyStore: begin to write value to Store: {.timestamp = 9252513963101, .areaId = 0, .prop = 557851221, .status = AVAILABLE, .value = {.int32Values = [1]{0}, .floatValues = [0]{}, .int64Values = [0]{}, .bytes = [0]{}, .stringValue = ""}}
12-30 11:11:56.692   398   464 I DefaultVehicleHal_v2_0: DefaultVehicleHal::onPropertyValue, value:{.timestamp = 9252513963101, .areaId = 0, .prop = 557851221, .status = AVAILABLE, .value = {.int32Values = [1]{0}, .floatValues = [0]{}, .int64Values = [0]{}, .bytes = [0]{}, .stringValue = ""}}
12-30 11:11:56.692   398   464 D DiagPropHandler: is not DiagnosticConfig: 0x21402255
12-30 11:11:56.692   398   464 I VehiclePropertyStore: begin to write value to Store: {.timestamp = 9252513963101, .areaId = 0, .prop = 557851221, .status = AVAILABLE, .value = {.int32Values = [1]{0}, .floatValues = [0]{}, .int64Values = [0]{}, .bytes = [0]{}, .stringValue = ""}}
12-30 11:11:56.692   398   464 D adayocomadapter-CommunicationManager: onUpstreamReceive mPropertyId 0x21402255
12-30 11:11:56.703   360   931 D EvsDriver: forwardFrame
12-30 11:11:56.703   360   931 D EvsDriver: forwardFrameDirect
12-30 11:11:56.703   360   931 D EvsDriver: Delivered 0xb400e2ca9e40e110 as id 0
12-30 11:11:56.703   359  2784 D evsmanagerd: /dev/video-evs0 forwarded the buffer #0 to 0xb400f125d2b26dd0 from 0xb400f125e2b20710
12-30 11:11:56.711   360   458 D EvsDriver: doneWithFrame
12-30 11:11:56.715  1582  3078 I c       : checkService in back thread add: adayo.upgrade.v2.0
12-30 11:11:56.715  1667  2407 I media_message_log->MediaMessageProxy: (SourceFile:1)b connectToService action bind
12-30 11:11:56.715  1611 15258 I ADAYO_LOG_: a(CmdFunc.java:22)logcat execute command finally : [logcat -b all -c]
12-30 11:11:56.715  1582  3078 E upgradeApp_251223_V1  l: d(null:11)pre->c(null:23)-> serviceBinder is null
12-30 11:11:56.715  1582  3078 W c       : doBindService in back thread fail: adayo.upgrade.v2.0
12-30 11:11:56.715  1611 15258 I ADAYO_LOG_: a(CmdFunc.java:38)logcatexecute command end, errorMsg: , and status: 0: 
--------- beginning of system
12-30 11:11:56.716   916  2591 W ActivityManager: Unable to start service Intent { cmp=com.adayo.server.mediamessagetransfer/.MediaMessTransferService (has extras) } U=0: not found
12-30 11:11:56.716  1667  2407 E media_message_log->MediaMessageProxy: (SourceFile:7)a bindServiceAsUser isBound = false
12-30 11:11:56.725   596  3076 E WifiHAL : Invalid data received from driver
12-30 11:11:56.729  1611 15258 I ADAYO_LOG_: b(LogcatFunc.java:5)path:/mnt/sdcard/AndroidLog/logcat/logcat_2025_12_30_11_11_56_547-15.txt
12-30 11:11:56.733  1611 15258 I ADAYO_LOG_: b(LogcatFunc.java:7)COLLECT_INT_START
12-30 11:11:56.733  1611 15258 I ADAYO_LOG_: g(null:15)logcat file is zip packing, zipFilePath: /mnt/sdcard/AndroidLog/logcat/logcat_2025_12_30_11_11_56_547-14.zip
12-30 11:11:56.733  1611 15258 I ADAYO_LOG_: e(LogcatFunc.java:2)isOpenEncrypt: false
--------- beginning of events
12-30 11:11:56.728  1611  1611 I auditd  : type=1400 audit(0.0:1034608): avc:  denied  { read } for  comm="CACHEABLE" name="sdcard" dev="tmpfs" ino=37 scontext=u:r:system_app:s0 tcontext=u:object_r:mnt_sdcard_file:s0 tclass=lnk_file permissive=1
12-30 11:11:56.728  1611  1611 I CACHEABLE: type=1400 audit(0.0:1034608): avc:  denied  { read } for  name="sdcard" dev="tmpfs" ino=37 scontext=u:r:system_app:s0 tcontext=u:object_r:mnt_sdcard_file:s0 tclass=lnk_file permissive=1
12-30 11:11:56.734  2310  2720 D FuseDaemon: Node: 12970642256212312656 created.
12-30 11:11:56.736   360   931 D EvsDriver: forwardFrame
12-30 11:11:56.736   360   931 D EvsDriver: forwardFrameDirect
12-30 11:11:56.736   360   931 D EvsDriver: Delivered 0xb400e2ca9e40c7a0 as id 1
12-30 11:11:56.736   359  2784 D evsmanagerd: /dev/video-evs0 forwarded the buffer #1 to 0xb400f125d2b26dd0 from 0xb400f125e2b20710
12-30 11:11:56.741   360   458 D EvsDriver: doneWithFrame
12-30 11:11:56.742  2358  2623 D RcfController: Rcf proxy is not connected!
12-30 11:11:56.748   650   729 D fgemcucomm: sd Uart data : 6AA60220B40002920294
12-30 11:11:56.748   650   729 D fgemcucomm: rev uart=76432,len=109, data : 6AA68120B400659202001000000000000000000000000000000000000000000000000000000000000000000000000000000000000000000000000000000000000000000000000000000000000000000000000000000000000000000000000000000000000000000000000000A2
12-30 11:11:56.748   398   466 D adayocomadapter-ParseProtocolFunc: printRaWMsg Name[MCUToUPstream recv] len[101] data[9202001000000000000000000000000000000000000000000000000000000000000000000000000000000000000000000000000000000000000000000000000000000000000000000000000000000000000000000000000000000000000000000000000000]
12-30 11:11:56.748   398   466 D adayocomadapter-CommunicationManager: onUpstreamback   member[0] dataLength[98] timePoint[9252570]
12-30 11:11:56.748   398   466 D adayocomadapter-ParseProtocolFunc: printRaWMsg Name[onUpstreamback] len[98] data[1000000000000000000000000000000000000000000000000000000000000000000000000000000000000000000000000000000000000000000000000000000000000000000000000000000000000000000000000000000000000000000000000000]
12-30 11:11:56.748   398   464 D adayocomadapter-UpstreamHandler: processBeforePacket upSreamtProcessTimePoint[9252570] 
12-30 11:11:56.748   398   464 D adayocomadapter-UpstreamHandler: processPacket UPSTREAM_QUEUE_DATA_TIMEOUT
12-30 11:11:56.748   398   464 D adayocomadapter-ParseProtocolFunc: parseCommonIPCLBytes Processing tableNumber[16]
12-30 11:11:56.748   398   464 D adayocomadapter-ParseProtocolFunc: parseCommonIPCLBytes Processing tablename[Table-16] tableSize[98]
12-30 11:11:56.748   398   464 D adayocomadapter-ParseProtocolFunc: printRaWMsg Name[byteStream recv] len[98] data[1000000000000000000000000000000000000000000000000000000000000000000000000000000000000000000000000000000000000000000000000000000000000000000000000000000000000000000000000000000000000000000000000000]
12-30 11:11:56.748   398   464 D adayocomadapter-ParseProtocolFunc: printRaWMsg Name[IPCLtoVHAL] len[6] data[214021B10000]
12-30 11:11:56.748   398   464 D adayocomadapter-ParseProtocolFunc: printRaWMsg Name[IPCLtoVHAL] len[6] data[214022120000]
12-30 11:11:56.748   398   464 D adayocomadapter-ParseProtocolFunc: printRaWMsg Name[IPCLtoVHAL] len[6] data[214021B20000]
12-30 11:11:56.748   398   464 D adayocomadapter-ParseProtocolFunc: printRaWMsg Name[IPCLtoVHAL] len[6] data[214021BD0000]
12-30 11:11:56.748   398   464 D adayocomadapter-ParseProtocolFunc: printRaWMsg Name[IPCLtoVHAL] len[6] data[2140221E0000]
12-30 11:11:56.748   398   464 D adayocomadapter-ParseProtocolFunc: printRaWMsg Name[IPCLtoVHAL] len[6] data[214021B30000]
12-30 11:11:56.748   398   464 D adayocomadapter-ParseProtocolFunc: printRaWMsg Name[IPCLtoVHAL] len[6] data[214022140000]
12-30 11:11:56.748   398   464 D adayocomadapter-ParseProtocolFunc: printRaWMsg Name[IPCLtoVHAL] len[6] data[214021B40000]
12-30 11:11:56.748   398   464 D adayocomadapter-ParseProtocolFunc: printRaWMsg Name[IPCLtoVHAL] len[6] data[214021530000]
12-30 11:11:56.748   398   464 D adayocomadapter-ParseProtocolFunc: printRaWMsg Name[IPCLtoVHAL] len[6] data[214022150000]
12-30 11:11:56.749   398   464 D adayocomadapter-ParseProtocolFunc: printRaWMsg Name[IPCLtoVHAL] len[6] data[214021B50000]
12-30 11:11:56.749   398   464 D adayocomadapter-ParseProtocolFunc: printRaWMsg Name[IPCLtoVHAL] len[6] data[214021540000]
12-30 11:11:56.749   398   464 D adayocomadapter-ParseProtocolFunc: printRaWMsg Name[IPCLtoVHAL] len[6] data[214021B70000]
12-30 11:11:56.749   398   464 D adayocomadapter-ParseProtocolFunc: printRaWMsg Name[IPCLtoVHAL] len[6] data[214021560000]
12-30 11:11:56.749   398   464 D adayocomadapter-ParseProtocolFunc: printRaWMsg Name[IPCLtoVHAL] len[6] data[214021B80000]
12-30 11:11:56.749   398   464 D adayocomadapter-ParseProtocolFunc: printRaWMsg Name[IPCLtoVHAL] len[6] data[214021570000]
12-30 11:11:56.749   398   464 D adayocomadapter-ParseProtocolFunc: printRaWMsg Name[IPCLtoVHAL] len[6] data[214022190000]
12-30 11:11:56.749   398   464 D adayocomadapter-ParseProtocolFunc: printRaWMsg Name[IPCLtoVHAL] len[6] data[2140215B0000]
12-30 11:11:56.749   398   464 D adayocomadapter-ParseProtocolFunc: printRaWMsg Name[IPCLtoVHAL] len[6] data[214021BC0000]
12-30 11:11:56.749   398   464 D adayocomadapter-ParseProtocolFunc: printRaWMsg Name[IPCLtoVHAL] len[6] data[2140221D0000]
12-30 11:11:56.749   398   464 D adayocomadapter-ParseProtocolFunc: printRaWMsg Name[IPCLtoVHAL] len[6] data[214021B90000]
12-30 11:11:56.749   398   464 D adayocomadapter-ParseProtocolFunc: printRaWMsg Name[IPCLtoVHAL] len[6] data[2140221A0000]
12-30 11:11:56.749   398   464 D adayocomadapter-ParseProtocolFunc: printRaWMsg Name[IPCLtoVHAL] len[6] data[214021BB0000]
12-30 11:11:56.749   398   464 D adayocomadapter-ParseProtocolFunc: printRaWMsg Name[IPCLtoVHAL] len[6] data[2140215A0000]
12-30 11:11:56.749   398   464 D adayocomadapter-ParseProtocolFunc: printRaWMsg Name[IPCLtoVHAL] len[6] data[2140221C0000]
12-30 11:11:56.749   398   464 D adayocomadapter-ParseProtocolFunc: printRaWMsg Name[IPCLtoVHAL] len[6] data[214021BE0000]
12-30 11:11:56.749   398   464 D adayocomadapter-ParseProtocolFunc: printRaWMsg Name[IPCLtoVHAL] len[6] data[2140215D0000]
12-30 11:11:56.749   398   464 D adayocomadapter-ParseProtocolFunc: printRaWMsg Name[IPCLtoVHAL] len[6] data[2140221F0000]
12-30 11:11:56.749   398   464 D adayocomadapter-ParseProtocolFunc: printRaWMsg Name[IPCLtoVHAL] len[6] data[214021A50000]
12-30 11:11:56.749   398   464 D adayocomadapter-ParseProtocolFunc: printRaWMsg Name[IPCLtoVHAL] len[6] data[214021070000]
12-30 11:11:56.749   398   464 D adayocomadapter-ParseProtocolFunc: printRaWMsg Name[IPCLtoVHAL] len[6] data[2140222A0000]
12-30 11:11:56.749   398   464 D adayocomadapter-ParseProtocolFunc: printRaWMsg Name[IPCLtoVHAL] len[6] data[214021C30000]
12-30 11:11:56.749   398   464 D adayocomadapter-ParseProtocolFunc: printRaWMsg Name[IPCLtoVHAL] len[6] data[214021A80000]
12-30 11:11:56.749   398   464 D adayocomadapter-ParseProtocolFunc: printRaWMsg Name[IPCLtoVHAL] len[6] data[214021A60000]
12-30 11:11:56.749   398   464 D adayocomadapter-ParseProtocolFunc: printRaWMsg Name[IPCLtoVHAL] len[6] data[214021A70000]
12-30 11:11:56.749   398   464 D adayocomadapter-ParseProtocolFunc: printRaWMsg Name[IPCLtoVHAL] len[6] data[214022080000]
12-30 11:11:56.749   398   464 D adayocomadapter-ParseProtocolFunc: printRaWMsg Name[IPCLtoVHAL] len[6] data[214021A90000]
12-30 11:11:56.749   398   464 D adayocomadapter-ParseProtocolFunc: printRaWMsg Name[IPCLtoVHAL] len[6] data[214021AA0000]
12-30 11:11:56.749   398   464 D adayocomadapter-ParseProtocolFunc: printRaWMsg Name[IPCLtoVHAL] len[6] data[214021AB0000]
12-30 11:11:56.749   398   464 D adayocomadapter-ParseProtocolFunc: printRaWMsg Name[IPCLtoVHAL] len[6] data[214021AC0000]
12-30 11:11:56.749   398   464 D adayocomadapter-ParseProtocolFunc: printRaWMsg Name[IPCLtoVHAL] len[6] data[2140220D0000]
12-30 11:11:56.749   398   464 D adayocomadapter-ParseProtocolFunc: printRaWMsg Name[IPCLtoVHAL] len[6] data[214021AD0000]
12-30 11:11:56.749   398   464 D adayocomadapter-ParseProtocolFunc: printRaWMsg Name[IPCLtoVHAL] len[6] data[214021AE0000]
12-30 11:11:56.749   398   464 D adayocomadapter-ParseProtocolFunc: printRaWMsg Name[IPCLtoVHAL] len[6] data[214021AF0000]
12-30 11:11:56.749   398   464 D adayocomadapter-ParseProtocolFunc: printRaWMsg Name[IPCLtoVHAL] len[6] data[214022100000]
12-30 11:11:56.749   398   464 D adayocomadapter-ParseProtocolFunc: printRaWMsg Name[IPCLtoVHAL] len[6] data[214021B00000]
12-30 11:11:56.749   398   464 D adayocomadapter-ParseProtocolFunc: printRaWMsg Name[IPCLtoVHAL] len[6] data[214022110000]
12-30 11:11:56.749   398   464 D adayocomadapter-ParseProtocolFunc: printRaWMsg Name[IPCLtoVHAL] len[6] data[214021B60000]
12-30 11:11:56.749   398   464 D adayocomadapter-ParseProtocolFunc: printRaWMsg Name[IPCLtoVHAL] len[6] data[214021550000]
12-30 11:11:56.749   398   464 D adayocomadapter-ParseProtocolFunc: printRaWMsg Name[IPCLtoVHAL] len[6] data[214021BA0000]
12-30 11:11:56.749   398   464 D adayocomadapter-ParseProtocolFunc: printRaWMsg Name[IPCLtoVHAL] len[6] data[214021590000]
12-30 11:11:56.749   398   464 D adayocomadapter-ParseProtocolFunc: printRaWMsg Name[IPCLtoVHAL] len[6] data[214021BF0000]
12-30 11:11:56.749   398   464 D adayocomadapter-ParseProtocolFunc: printRaWMsg Name[IPCLtoVHAL] len[6] data[2140215E0000]
12-30 11:11:56.749   398   464 D adayocomadapter-ParseProtocolFunc: printRaWMsg Name[IPCLtoVHAL] len[6] data[214022200000]
12-30 11:11:56.749   398   464 D adayocomadapter-ParseProtocolFunc: printRaWMsg Name[IPCLtoVHAL] len[6] data[214021C00000]
12-30 11:11:56.749   398   464 D adayocomadapter-ParseProtocolFunc: printRaWMsg Name[IPCLtoVHAL] len[6] data[2140215F0000]
12-30 11:11:56.749   398   464 D adayocomadapter-ParseProtocolFunc: printRaWMsg Name[IPCLtoVHAL] len[6] data[214021C10000]
12-30 11:11:56.749   398   464 D adayocomadapter-ParseProtocolFunc: printRaWMsg Name[IPCLtoVHAL] len[6] data[214021600000]
12-30 11:11:56.749   398   464 D adayocomadapter-ParseProtocolFunc: printRaWMsg Name[IPCLtoVHAL] len[6] data[214022220000]
12-30 11:11:56.749   398   464 D adayocomadapter-ParseProtocolFunc: printRaWMsg Name[IPCLtoVHAL] len[6] data[214021C20000]
12-30 11:11:56.749   398   464 D adayocomadapter-ParseProtocolFunc: printRaWMsg Name[IPCLtoVHAL] len[6] data[214021C40000]
12-30 11:11:56.749   398   464 D adayocomadapter-ParseProtocolFunc: printRaWMsg Name[IPCLtoVHAL] len[6] data[214022250000]
12-30 11:11:56.749   398   464 D adayocomadapter-ParseProtocolFunc: printRaWMsg Name[IPCLtoVHAL] len[6] data[214021C50000]
12-30 11:11:56.749   398   464 D adayocomadapter-ParseProtocolFunc: printRaWMsg Name[IPCLtoVHAL] len[6] data[214022260000]
12-30 11:11:56.749   398   464 D adayocomadapter-ParseProtocolFunc: printRaWMsg Name[IPCLtoVHAL] len[6] data[214021C60000]
12-30 11:11:56.749   398   464 D adayocomadapter-ParseProtocolFunc: printRaWMsg Name[IPCLtoVHAL] len[6] data[214022270000]
12-30 11:11:56.749   398   464 D adayocomadapter-ParseProtocolFunc: printRaWMsg Name[IPCLtoVHAL] len[6] data[214021D30000]
12-30 11:11:56.749   398   464 D adayocomadapter-ParseProtocolFunc: printRaWMsg Name[IPCLtoVHAL] len[6] data[214022340000]
12-30 11:11:56.749   398   464 D adayocomadapter-ParseProtocolFunc: printRaWMsg Name[IPCLtoVHAL] len[6] data[214021D40000]
12-30 11:11:56.749   398   464 D adayocomadapter-ParseProtocolFunc: printRaWMsg Name[IPCLtoVHAL] len[6] data[214022350000]
12-30 11:11:56.749   398   464 D adayocomadapter-ParseProtocolFunc: printRaWMsg Name[IPCLtoVHAL] len[6] data[214022280000]
12-30 11:11:56.750   398   464 D adayocomadapter-ParseProtocolFunc: printRaWMsg Name[IPCLtoVHAL] len[6] data[214022290000]
12-30 11:11:56.750   398   464 D adayocomadapter-ParseProtocolFunc: printRaWMsg Name[IPCLtoVHAL] len[6] data[214022360000]
12-30 11:11:56.750   398   464 D adayocomadapter-ParseProtocolFunc: printRaWMsg Name[IPCLtoVHAL] len[6] data[214022370000]
12-30 11:11:56.750   398   464 D adayocomadapter-ParseProtocolFunc: printRaWMsg Name[IPCLtoVHAL] len[6] data[214022380000]
12-30 11:11:56.750   398   464 D adayocomadapter-ParseProtocolFunc: printRaWMsg Name[IPCLtoVHAL] len[6] data[214022390000]
12-30 11:11:56.750   398   464 D adayocomadapter-ParseProtocolFunc: printRaWMsg Name[IPCLtoVHAL] len[6] data[2140223A0000]
12-30 11:11:56.750   398   464 D adayocomadapter-ParseProtocolFunc: printRaWMsg Name[IPCLtoVHAL] len[6] data[2140223B0000]
12-30 11:11:56.750   398   464 D adayocomadapter-ParseProtocolFunc: printRaWMsg Name[IPCLtoVHAL] len[7] data[2140223C000000]
12-30 11:11:56.750   398   464 D adayocomadapter-ParseProtocolFunc: printRaWMsg Name[IPCLtoVHAL] len[6] data[214022410000]
12-30 11:11:56.750   398   464 D adayocomadapter-ParseProtocolFunc: printRaWMsg Name[IPCLtoVHAL] len[6] data[214022420000]
12-30 11:11:56.750   398   464 D adayocomadapter-ParseProtocolFunc: printRaWMsg Name[IPCLtoVHAL] len[6] data[214021E10000]
12-30 11:11:56.750   398   464 D adayocomadapter-ParseProtocolFunc: printRaWMsg Name[IPCLtoVHAL] len[6] data[214022430000]
12-30 11:11:56.750   398   464 D adayocomadapter-ParseProtocolFunc: printRaWMsg Name[IPCLtoVHAL] len[6] data[214022440000]
12-30 11:11:56.750   398   464 D adayocomadapter-ParseProtocolFunc: printRaWMsg Name[IPCLtoVHAL] len[6] data[214022450000]
12-30 11:11:56.750   398   464 D adayocomadapter-ParseProtocolFunc: printRaWMsg Name[IPCLtoVHAL] len[6] data[214022460000]
12-30 11:11:56.750   398   464 D adayocomadapter-ParseProtocolFunc: printRaWMsg Name[IPCLtoVHAL] len[6] data[214022470000]
12-30 11:11:56.750   398   464 D adayocomadapter-ParseProtocolFunc: printRaWMsg Name[IPCLtoVHAL] len[7] data[21402248000000]
12-30 11:11:56.750   398   464 D adayocomadapter-ParseProtocolFunc: printRaWMsg Name[IPCLtoVHAL] len[6] data[214022490000]
12-30 11:11:56.750   398   464 D adayocomadapter-ParseProtocolFunc: printRaWMsg Name[IPCLtoVHAL] len[6] data[2140224B0000]
12-30 11:11:56.750   398   464 D adayocomadapter-ParseProtocolFunc: printRaWMsg Name[IPCLtoVHAL] len[6] data[2140224D0000]
12-30 11:11:56.750   398   464 D adayocomadapter-ParseProtocolFunc: printRaWMsg Name[IPCLtoVHAL] len[6] data[2140224F0000]
12-30 11:11:56.750   398   464 D adayocomadapter-ParseProtocolFunc: printRaWMsg Name[IPCLtoVHAL] len[6] data[214022510000]
12-30 11:11:56.750   398   464 D adayocomadapter-ParseProtocolFunc: printRaWMsg Name[IPCLtoVHAL] len[6] data[214022530000]
12-30 11:11:56.750   398   464 D adayocomadapter-ParseProtocolFunc: printRaWMsg Name[IPCLtoVHAL] len[6] data[214022540000]
12-30 11:11:56.750   398   464 D adayocomadapter-CommunicationManager: onUpstreamReceive mPropertyId 0x214021b1
12-30 11:11:56.750   398   464 D adayocomadapter-CommunicationManager: convertBytesToInt32Memcpy  0
12-30 11:11:56.750   398   464 I vw-vhal : notifyVehicleProperty, propId = 0x214021b1, data = {status: 2, int32Values: [0]}
12-30 11:11:56.750   398   464 I vw-vhal : CanSignalsAdapter::notifyVehicleProperty: solvedValue = {.timestamp = 9252572377101, .areaId = 0, .prop = 557851057, .status = AVAILABLE, .value = {.int32Values = [1]{0}, .floatValues = [0]{}, .int64Values = [0]{}, .bytes = [0]{}, .stringValue = ""}}
12-30 11:11:56.750   398   464 I VehiclePropertyStore: begin to write value to Store: {.timestamp = 9252572377101, .areaId = 0, .prop = 557851057, .status = AVAILABLE, .value = {.int32Values = [1]{0}, .floatValues = [0]{}, .int64Values = [0]{}, .bytes = [0]{}, .stringValue = ""}}
12-30 11:11:56.750   398   464 I DefaultVehicleHal_v2_0: DefaultVehicleHal::onPropertyValue, value:{.timestamp = 9252572377101, .areaId = 0, .prop = 557851057, .status = AVAILABLE, .value = {.int32Values = [1]{0}, .floatValues = [0]{}, .int64Values = [0]{}, .bytes = [0]{}, .stringValue = ""}}
12-30 11:11:56.750   398   464 D DiagPropHandler: is not DiagnosticConfig: 0x214021b1
12-30 11:11:56.750   398   464 I VehiclePropertyStore: begin to write value to Store: {.timestamp = 9252572377101, .areaId = 0, .prop = 557851057, .status = AVAILABLE, .value = {.int32Values = [1]{0}, .floatValues = [0]{}, .int64Values = [0]{}, .bytes = [0]{}, .stringValue = ""}}
12-30 11:11:56.750   398   464 D adayocomadapter-CommunicationManager: onUpstreamReceive mPropertyId 0x214021b1
12-30 11:11:56.750   398   464 D adayocomadapter-CommunicationManager: onUpstreamReceive mPropertyId 0x21402212
12-30 11:11:56.750   398   464 D adayocomadapter-CommunicationManager: convertBytesToInt32Memcpy  0
12-30 11:11:56.750   398   464 I vw-vhal : notifyVehicleProperty, propId = 0x21402212, data = {status: 2, int32Values: [0]}
12-30 11:11:56.750   398   464 I vw-vhal : CanSignalsAdapter::notifyVehicleProperty: solvedValue = {.timestamp = 9252572611434, .areaId = 0, .prop = 557851154, .status = AVAILABLE, .value = {.int32Values = [1]{0}, .floatValues = [0]{}, .int64Values = [0]{}, .bytes = [0]{}, .stringValue = ""}}
12-30 11:11:56.750   398   464 I VehiclePropertyStore: begin to write value to Store: {.timestamp = 9252572611434, .areaId = 0, .prop = 557851154, .status = AVAILABLE, .value = {.int32Values = [1]{0}, .floatValues = [0]{}, .int64Values = [0]{}, .bytes = [0]{}, .stringValue = ""}}
12-30 11:11:56.750   398   464 I DefaultVehicleHal_v2_0: DefaultVehicleHal::onPropertyValue, value:{.timestamp = 9252572611434, .areaId = 0, .prop = 557851154, .status = AVAILABLE, .value = {.int32Values = [1]{0}, .floatValues = [0]{}, .int64Values = [0]{}, .bytes = [0]{}, .stringValue = ""}}
12-30 11:11:56.750   398   464 D DiagPropHandler: is not DiagnosticConfig: 0x21402212
12-30 11:11:56.750   398   464 I VehiclePropertyStore: begin to write value to Store: {.timestamp = 9252572611434, .areaId = 0, .prop = 557851154, .status = AVAILABLE, .value = {.int32Values = [1]{0}, .floatValues = [0]{}, .int64Values = [0]{}, .bytes = [0]{}, .stringValue = ""}}
12-30 11:11:56.750   398   464 D adayocomadapter-CommunicationManager: onUpstreamReceive mPropertyId 0x21402212
12-30 11:11:56.750   398   464 D adayocomadapter-CommunicationManager: onUpstreamReceive mPropertyId 0x214021b2
12-30 11:11:56.750   398   464 D adayocomadapter-CommunicationManager: convertBytesToInt32Memcpy  0
12-30 11:11:56.750   398   464 I vw-vhal : notifyVehicleProperty, propId = 0x214021b2, data = {status: 2, int32Values: [0]}
12-30 11:11:56.750   398   464 I vw-vhal : CanSignalsAdapter::notifyVehicleProperty: solvedValue = {.timestamp = 9252572812101, .areaId = 0, .prop = 557851058, .status = AVAILABLE, .value = {.int32Values = [1]{0}, .floatValues = [0]{}, .int64Values = [0]{}, .bytes = [0]{}, .stringValue = ""}}
12-30 11:11:56.751   398   464 I VehiclePropertyStore: begin to write value to Store: {.timestamp = 9252572812101, .areaId = 0, .prop = 557851058, .status = AVAILABLE, .value = {.int32Values = [1]{0}, .floatValues = [0]{}, .int64Values = [0]{}, .bytes = [0]{}, .stringValue = ""}}
12-30 11:11:56.751   398   464 I DefaultVehicleHal_v2_0: DefaultVehicleHal::onPropertyValue, value:{.timestamp = 9252572812101, .areaId = 0, .prop = 557851058, .status = AVAILABLE, .value = {.int32Values = [1]{0}, .floatValues = [0]{}, .int64Values = [0]{}, .bytes = [0]{}, .stringValue = ""}}
12-30 11:11:56.751   398   464 D DiagPropHandler: is not DiagnosticConfig: 0x214021b2
12-30 11:11:56.751   398   464 I VehiclePropertyStore: begin to write value to Store: {.timestamp = 9252572812101, .areaId = 0, .prop = 557851058, .status = AVAILABLE, .value = {.int32Values = [1]{0}, .floatValues = [0]{}, .int64Values = [0]{}, .bytes = [0]{}, .stringValue = ""}}
12-30 11:11:56.751   398   464 D adayocomadapter-CommunicationManager: onUpstreamReceive mPropertyId 0x214021b2
12-30 11:11:56.751   398   464 D adayocomadapter-CommunicationManager: onUpstreamReceive mPropertyId 0x214021bd
12-30 11:11:56.751   398   464 D adayocomadapter-CommunicationManager: convertBytesToInt32Memcpy  0
12-30 11:11:56.751   398   464 I vw-vhal : notifyVehicleProperty, propId = 0x214021bd, data = {status: 2, int32Values: [0]}
12-30 11:11:56.751   398   464 I vw-vhal : CanSignalsAdapter::notifyVehicleProperty: solvedValue = {.timestamp = 9252573007101, .areaId = 0, .prop = 557851069, .status = AVAILABLE, .value = {.int32Values = [1]{0}, .floatValues = [0]{}, .int64Values = [0]{}, .bytes = [0]{}, .stringValue = ""}}
12-30 11:11:56.751   398   464 I VehiclePropertyStore: begin to write value to Store: {.timestamp = 9252573007101, .areaId = 0, .prop = 557851069, .status = AVAILABLE, .value = {.int32Values = [1]{0}, .floatValues = [0]{}, .int64Values = [0]{}, .bytes = [0]{}, .stringValue = ""}}
12-30 11:11:56.751   398   464 I DefaultVehicleHal_v2_0: DefaultVehicleHal::onPropertyValue, value:{.timestamp = 9252573007101, .areaId = 0, .prop = 557851069, .status = AVAILABLE, .value = {.int32Values = [1]{0}, .floatValues = [0]{}, .int64Values = [0]{}, .bytes = [0]{}, .stringValue = ""}}
12-30 11:11:56.751   398   464 D DiagPropHandler: is not DiagnosticConfig: 0x214021bd
12-30 11:11:56.751   398   464 I VehiclePropertyStore: begin to write value to Store: {.timestamp = 9252573007101, .areaId = 0, .prop = 557851069, .status = AVAILABLE, .value = {.int32Values = [1]{0}, .floatValues = [0]{}, .int64Values = [0]{}, .bytes = [0]{}, .stringValue = ""}}
12-30 11:11:56.751   398   464 D adayocomadapter-CommunicationManager: onUpstreamReceive mPropertyId 0x214021bd
12-30 11:11:56.751   398   464 D adayocomadapter-CommunicationManager: onUpstreamReceive mPropertyId 0x2140221e
12-30 11:11:56.751   398   464 D adayocomadapter-CommunicationManager: convertBytesToInt32Memcpy  0
12-30 11:11:56.751   398   464 I vw-vhal : notifyVehicleProperty, propId = 0x2140221e, data = {status: 2, int32Values: [0]}
12-30 11:11:56.751   398   464 I vw-vhal : CanSignalsAdapter::notifyVehicleProperty: solvedValue = {.timestamp = 9252573204101, .areaId = 0, .prop = 557851166, .status = AVAILABLE, .value = {.int32Values = [1]{0}, .floatValues = [0]{}, .int64Values = [0]{}, .bytes = [0]{}, .stringValue = ""}}
12-30 11:11:56.751   398   464 I VehiclePropertyStore: begin to write value to Store: {.timestamp = 9252573204101, .areaId = 0, .prop = 557851166, .status = AVAILABLE, .value = {.int32Values = [1]{0}, .floatValues = [0]{}, .int64Values = [0]{}, .bytes = [0]{}, .stringValue = ""}}
12-30 11:11:56.751   398   464 I DefaultVehicleHal_v2_0: DefaultVehicleHal::onPropertyValue, value:{.timestamp = 9252573204101, .areaId = 0, .prop = 557851166, .status = AVAILABLE, .value = {.int32Values = [1]{0}, .floatValues = [0]{}, .int64Values = [0]{}, .bytes = [0]{}, .stringValue = ""}}
12-30 11:11:56.751   398   464 D DiagPropHandler: is not DiagnosticConfig: 0x2140221e
12-30 11:11:56.751   398   464 I VehiclePropertyStore: begin to write value to Store: {.timestamp = 9252573204101, .areaId = 0, .prop = 557851166, .status = AVAILABLE, .value = {.int32Values = [1]{0}, .floatValues = [0]{}, .int64Values = [0]{}, .bytes = [0]{}, .stringValue = ""}}
12-30 11:11:56.751   398   464 D adayocomadapter-CommunicationManager: onUpstreamReceive mPropertyId 0x2140221e
12-30 11:11:56.751   398   464 D adayocomadapter-CommunicationManager: onUpstreamReceive mPropertyId 0x214021b3
12-30 11:11:56.751   398   464 D adayocomadapter-CommunicationManager: convertBytesToInt32Memcpy  0
12-30 11:11:56.751   398   464 I vw-vhal : notifyVehicleProperty, propId = 0x214021b3, data = {status: 2, int32Values: [0]}
12-30 11:11:56.751   398   464 I vw-vhal : CanSignalsAdapter::notifyVehicleProperty: solvedValue = {.timestamp = 9252573402434, .areaId = 0, .prop = 557851059, .status = AVAILABLE, .value = {.int32Values = [1]{0}, .floatValues = [0]{}, .int64Values = [0]{}, .bytes = [0]{}, .stringValue = ""}}
12-30 11:11:56.751   398   464 I VehiclePropertyStore: begin to write value to Store: {.timestamp = 9252573402434, .areaId = 0, .prop = 557851059, .status = AVAILABLE, .value = {.int32Values = [1]{0}, .floatValues = [0]{}, .int64Values = [0]{}, .bytes = [0]{}, .stringValue = ""}}
12-30 11:11:56.751   398   464 I DefaultVehicleHal_v2_0: DefaultVehicleHal::onPropertyValue, value:{.timestamp = 9252573402434, .areaId = 0, .prop = 557851059, .status = AVAILABLE, .value = {.int32Values = [1]{0}, .floatValues = [0]{}, .int64Values = [0]{}, .bytes = [0]{}, .stringValue = ""}}
12-30 11:11:56.751   398   464 D DiagPropHandler: is not DiagnosticConfig: 0x214021b3
12-30 11:11:56.751   398   464 I VehiclePropertyStore: begin to write value to Store: {.timestamp = 9252573402434, .areaId = 0, .prop = 557851059, .status = AVAILABLE, .value = {.int32Values = [1]{0}, .floatValues = [0]{}, .int64Values = [0]{}, .bytes = [0]{}, .stringValue = ""}}
12-30 11:11:56.751   398   464 D adayocomadapter-CommunicationManager: onUpstreamReceive mPropertyId 0x214021b3
12-30 11:11:56.751   398   464 D adayocomadapter-CommunicationManager: onUpstreamReceive mPropertyId 0x21402214
12-30 11:11:56.751   398   464 D adayocomadapter-CommunicationManager: convertBytesToInt32Memcpy  0
12-30 11:11:56.751   398   464 I vw-vhal : notifyVehicleProperty, propId = 0x21402214, data = {status: 2, int32Values: [0]}
12-30 11:11:56.751   398   464 I vw-vhal : CanSignalsAdapter::notifyVehicleProperty: solvedValue = {.timestamp = 9252573601767, .areaId = 0, .prop = 557851156, .status = AVAILABLE, .value = {.int32Values = [1]{0}, .floatValues = [0]{}, .int64Values = [0]{}, .bytes = [0]{}, .stringValue = ""}}
12-30 11:11:56.751   398   464 I VehiclePropertyStore: begin to write value to Store: {.timestamp = 9252573601767, .areaId = 0, .prop = 557851156, .status = AVAILABLE, .value = {.int32Values = [1]{0}, .floatValues = [0]{}, .int64Values = [0]{}, .bytes = [0]{}, .stringValue = ""}}
12-30 11:11:56.751   398   464 I DefaultVehicleHal_v2_0: DefaultVehicleHal::onPropertyValue, value:{.timestamp = 9252573601767, .areaId = 0, .prop = 557851156, .status = AVAILABLE, .value = {.int32Values = [1]{0}, .floatValues = [0]{}, .int64Values = [0]{}, .bytes = [0]{}, .stringValue = ""}}
12-30 11:11:56.751   398   464 D DiagPropHandler: is not DiagnosticConfig: 0x21402214
12-30 11:11:56.751   398   464 I VehiclePropertyStore: begin to write value to Store: {.timestamp = 9252573601767, .areaId = 0, .prop = 557851156, .status = AVAILABLE, .value = {.int32Values = [1]{0}, .floatValues = [0]{}, .int64Values = [0]{}, .bytes = [0]{}, .stringValue = ""}}
12-30 11:11:56.751   398   464 D adayocomadapter-CommunicationManager: onUpstreamReceive mPropertyId 0x21402214
12-30 11:11:56.751   398   464 D adayocomadapter-CommunicationManager: onUpstreamReceive mPropertyId 0x214021b4
12-30 11:11:56.751   398   464 D adayocomadapter-CommunicationManager: convertBytesToInt32Memcpy  0
12-30 11:11:56.751   398   464 I vw-vhal : notifyVehicleProperty, propId = 0x214021b4, data = {status: 2, int32Values: [0]}
12-30 11:11:56.751   398   464 I vw-vhal : CanSignalsAdapter::notifyVehicleProperty: solvedValue = {.timestamp = 9252573803434, .areaId = 0, .prop = 557851060, .status = AVAILABLE, .value = {.int32Values = [1]{0}, .floatValues = [0]{}, .int64Values = [0]{}, .bytes = [0]{}, .stringValue = ""}}
12-30 11:11:56.751   398   464 I VehiclePropertyStore: begin to write value to Store: {.timestamp = 9252573803434, .areaId = 0, .prop = 557851060, .status = AVAILABLE, .value = {.int32Values = [1]{0}, .floatValues = [0]{}, .int64Values = [0]{}, .bytes = [0]{}, .stringValue = ""}}
12-30 11:11:56.752   398   464 I DefaultVehicleHal_v2_0: DefaultVehicleHal::onPropertyValue, value:{.timestamp = 9252573803434, .areaId = 0, .prop = 557851060, .status = AVAILABLE, .value = {.int32Values = [1]{0}, .floatValues = [0]{}, .int64Values = [0]{}, .bytes = [0]{}, .stringValue = ""}}
12-30 11:11:56.752   398   464 D DiagPropHandler: is not DiagnosticConfig: 0x214021b4
12-30 11:11:56.752   398   464 I VehiclePropertyStore: begin to write value to Store: {.timestamp = 9252573803434, .areaId = 0, .prop = 557851060, .status = AVAILABLE, .value = {.int32Values = [1]{0}, .floatValues = [0]{}, .int64Values = [0]{}, .bytes = [0]{}, .stringValue = ""}}
12-30 11:11:56.752   398   464 D adayocomadapter-CommunicationManager: onUpstreamReceive mPropertyId 0x214021b4
12-30 11:11:56.752   398   464 D adayocomadapter-CommunicationManager: onUpstreamReceive mPropertyId 0x21402153
12-30 11:11:56.752   398   464 D adayocomadapter-CommunicationManager: convertBytesToInt32Memcpy  0
12-30 11:11:56.752   398   464 I vw-vhal : notifyVehicleProperty, propId = 0x21402153, data = {status: 2, int32Values: [0]}
12-30 11:11:56.752   398   464 I vw-vhal : CanSignalsAdapter::notifyVehicleProperty: solvedValue = {.timestamp = 9252574010767, .areaId = 0, .prop = 557850963, .status = AVAILABLE, .value = {.int32Values = [1]{0}, .floatValues = [0]{}, .int64Values = [0]{}, .bytes = [0]{}, .stringValue = ""}}
12-30 11:11:56.752   398   464 I VehiclePropertyStore: begin to write value to Store: {.timestamp = 9252574010767, .areaId = 0, .prop = 557850963, .status = AVAILABLE, .value = {.int32Values = [1]{0}, .floatValues = [0]{}, .int64Values = [0]{}, .bytes = [0]{}, .stringValue = ""}}
12-30 11:11:56.752   398   464 I DefaultVehicleHal_v2_0: DefaultVehicleHal::onPropertyValue, value:{.timestamp = 9252574010767, .areaId = 0, .prop = 557850963, .status = AVAILABLE, .value = {.int32Values = [1]{0}, .floatValues = [0]{}, .int64Values = [0]{}, .bytes = [0]{}, .stringValue = ""}}
12-30 11:11:56.752   398   464 D DiagPropHandler: is not DiagnosticConfig: 0x21402153
12-30 11:11:56.752   398   464 I VehiclePropertyStore: begin to write value to Store: {.timestamp = 9252574010767, .areaId = 0, .prop = 557850963, .status = AVAILABLE, .value = {.int32Values = [1]{0}, .floatValues = [0]{}, .int64Values = [0]{}, .bytes = [0]{}, .stringValue = ""}}
12-30 11:11:56.752   398   464 D adayocomadapter-CommunicationManager: onUpstreamReceive mPropertyId 0x21402153
12-30 11:11:56.752   398   464 D adayocomadapter-CommunicationManager: onUpstreamReceive mPropertyId 0x21402215
12-30 11:11:56.752   398   464 D adayocomadapter-CommunicationManager: convertBytesToInt32Memcpy  0
12-30 11:11:56.752   398   464 I vw-vhal : notifyVehicleProperty, propId = 0x21402215, data = {status: 2, int32Values: [0]}
12-30 11:11:56.752   398   464 I vw-vhal : CanSignalsAdapter::notifyVehicleProperty: solvedValue = {.timestamp = 9252574215434, .areaId = 0, .prop = 557851157, .status = AVAILABLE, .value = {.int32Values = [1]{0}, .floatValues = [0]{}, .int64Values = [0]{}, .bytes = [0]{}, .stringValue = ""}}
12-30 11:11:56.752   398   464 I VehiclePropertyStore: begin to write value to Store: {.timestamp = 9252574215434, .areaId = 0, .prop = 557851157, .status = AVAILABLE, .value = {.int32Values = [1]{0}, .floatValues = [0]{}, .int64Values = [0]{}, .bytes = [0]{}, .stringValue = ""}}
12-30 11:11:56.752   398   464 I DefaultVehicleHal_v2_0: DefaultVehicleHal::onPropertyValue, value:{.timestamp = 9252574215434, .areaId = 0, .prop = 557851157, .status = AVAILABLE, .value = {.int32Values = [1]{0}, .floatValues = [0]{}, .int64Values = [0]{}, .bytes = [0]{}, .stringValue = ""}}
12-30 11:11:56.752   398   464 D DiagPropHandler: is not DiagnosticConfig: 0x21402215
12-30 11:11:56.752   398   464 I VehiclePropertyStore: begin to write value to Store: {.timestamp = 9252574215434, .areaId = 0, .prop = 557851157, .status = AVAILABLE, .value = {.int32Values = [1]{0}, .floatValues = [0]{}, .int64Values = [0]{}, .bytes = [0]{}, .stringValue = ""}}
12-30 11:11:56.752   398   464 D adayocomadapter-CommunicationManager: onUpstreamReceive mPropertyId 0x21402215
12-30 11:11:56.752   398   464 D adayocomadapter-CommunicationManager: onUpstreamReceive mPropertyId 0x214021b5
12-30 11:11:56.752   398   464 D adayocomadapter-CommunicationManager: convertBytesToInt32Memcpy  0
12-30 11:11:56.752   398   464 I vw-vhal : notifyVehicleProperty, propId = 0x214021b5, data = {status: 2, int32Values: [0]}
12-30 11:11:56.752   398   464 I vw-vhal : CanSignalsAdapter::notifyVehicleProperty: solvedValue = {.timestamp = 9252574416434, .areaId = 0, .prop = 557851061, .status = AVAILABLE, .value = {.int32Values = [1]{0}, .floatValues = [0]{}, .int64Values = [0]{}, .bytes = [0]{}, .stringValue = ""}}
12-30 11:11:56.752   398   464 I VehiclePropertyStore: begin to write value to Store: {.timestamp = 9252574416434, .areaId = 0, .prop = 557851061, .status = AVAILABLE, .value = {.int32Values = [1]{0}, .floatValues = [0]{}, .int64Values = [0]{}, .bytes = [0]{}, .stringValue = ""}}
12-30 11:11:56.752   398   464 I DefaultVehicleHal_v2_0: DefaultVehicleHal::onPropertyValue, value:{.timestamp = 9252574416434, .areaId = 0, .prop = 557851061, .status = AVAILABLE, .value = {.int32Values = [1]{0}, .floatValues = [0]{}, .int64Values = [0]{}, .bytes = [0]{}, .stringValue = ""}}
12-30 11:11:56.752   398   464 D DiagPropHandler: is not DiagnosticConfig: 0x214021b5
12-30 11:11:56.752   398   464 I VehiclePropertyStore: begin to write value to Store: {.timestamp = 9252574416434, .areaId = 0, .prop = 557851061, .status = AVAILABLE, .value = {.int32Values = [1]{0}, .floatValues = [0]{}, .int64Values = [0]{}, .bytes = [0]{}, .stringValue = ""}}
12-30 11:11:56.752   398   464 D adayocomadapter-CommunicationManager: onUpstreamReceive mPropertyId 0x214021b5
12-30 11:11:56.752   398   464 D adayocomadapter-CommunicationManager: onUpstreamReceive mPropertyId 0x21402154
12-30 11:11:56.752   398   464 D adayocomadapter-CommunicationManager: convertBytesToInt32Memcpy  0
12-30 11:11:56.752   398   464 I vw-vhal : notifyVehicleProperty, propId = 0x21402154, data = {status: 2, int32Values: [0]}
12-30 11:11:56.752   398   464 I vw-vhal : CanSignalsAdapter::notifyVehicleProperty: solvedValue = {.timestamp = 9252574688101, .areaId = 0, .prop = 557850964, .status = AVAILABLE, .value = {.int32Values = [1]{0}, .floatValues = [0]{}, .int64Values = [0]{}, .bytes = [0]{}, .stringValue = ""}}
12-30 11:11:56.752   398   464 I VehiclePropertyStore: begin to write value to Store: {.timestamp = 9252574688101, .areaId = 0, .prop = 557850964, .status = AVAILABLE, .value = {.int32Values = [1]{0}, .floatValues = [0]{}, .int64Values = [0]{}, .bytes = [0]{}, .stringValue = ""}}
12-30 11:11:56.752   398   464 I DefaultVehicleHal_v2_0: DefaultVehicleHal::onPropertyValue, value:{.timestamp = 9252574688101, .areaId = 0, .prop = 557850964, .status = AVAILABLE, .value = {.int32Values = [1]{0}, .floatValues = [0]{}, .int64Values = [0]{}, .bytes = [0]{}, .stringValue = ""}}
12-30 11:11:56.752   398   464 D DiagPropHandler: is not DiagnosticConfig: 0x21402154
12-30 11:11:56.752   398   464 I VehiclePropertyStore: begin to write value to Store: {.timestamp = 9252574688101, .areaId = 0, .prop = 557850964, .status = AVAILABLE, .value = {.int32Values = [1]{0}, .floatValues = [0]{}, .int64Values = [0]{}, .bytes = [0]{}, .stringValue = ""}}
12-30 11:11:56.752   398   464 D adayocomadapter-CommunicationManager: onUpstreamReceive mPropertyId 0x21402154
12-30 11:11:56.752   398   464 D adayocomadapter-CommunicationManager: onUpstreamReceive mPropertyId 0x214021b7
12-30 11:11:56.753   398   464 D adayocomadapter-CommunicationManager: convertBytesToInt32Memcpy  0
