12-30 11:11:57.466   398   464 I VehiclePropertyStore: begin to write value to Store: {.timestamp = 9253288741434, .areaId = 0, .prop = 557850833, .status = AVAILABLE, .value = {.int32Values = [1]{0}, .floatValues = [0]{}, .int64Values = [0]{}, .bytes = [0]{}, .stringValue = ""}}
12-30 11:11:57.466   398   464 I DefaultVehicleHal_v2_0: DefaultVehicleHal::onPropertyValue, value:{.timestamp = 9253288741434, .areaId = 0, .prop = 557850833, .status = AVAILABLE, .value = {.int32Values = [1]{0}, .floatValues = [0]{}, .int64Values = [0]{}, .bytes = [0]{}, .stringValue = ""}}
12-30 11:11:57.466   398   464 D DiagPropHandler: is not DiagnosticConfig: 0x214020d1
12-30 11:11:57.466   398   464 I VehiclePropertyStore: begin to write value to Store: {.timestamp = 9253288741434, .areaId = 0, .prop = 557850833, .status = AVAILABLE, .value = {.int32Values = [1]{0}, .floatValues = [0]{}, .int64Values = [0]{}, .bytes = [0]{}, .stringValue = ""}}
12-30 11:11:57.467   398   464 D adayocomadapter-CommunicationManager: onUpstreamReceive mPropertyId 0x214020d1
12-30 11:11:57.467   398   464 D adayocomadapter-CommunicationManager: onUpstreamReceive mPropertyId 0x21402044
12-30 11:11:57.467   398   464 D adayocomadapter-CommunicationManager: convertBytesToInt32Memcpy  0
12-30 11:11:57.467   398   464 I vw-vhal : notifyVehicleProperty, propId = 0x21402044, data = {status: 2, int32Values: [0]}
12-30 11:11:57.467   398   464 I vw-vhal : CanSignalsAdapter::notifyVehicleProperty: solvedValue = {.timestamp = 9253288937767, .areaId = 0, .prop = 557850692, .status = AVAILABLE, .value = {.int32Values = [1]{0}, .floatValues = [0]{}, .int64Values = [0]{}, .bytes = [0]{}, .stringValue = ""}}
12-30 11:11:57.467   398   464 I VehiclePropertyStore: begin to write value to Store: {.timestamp = 9253288937767, .areaId = 0, .prop = 557850692, .status = AVAILABLE, .value = {.int32Values = [1]{0}, .floatValues = [0]{}, .int64Values = [0]{}, .bytes = [0]{}, .stringValue = ""}}
12-30 11:11:57.467   398   464 I DefaultVehicleHal_v2_0: DefaultVehicleHal::onPropertyValue, value:{.timestamp = 9253288937767, .areaId = 0, .prop = 557850692, .status = AVAILABLE, .value = {.int32Values = [1]{0}, .floatValues = [0]{}, .int64Values = [0]{}, .bytes = [0]{}, .stringValue = ""}}
12-30 11:11:57.467   398   464 D DiagPropHandler: is not DiagnosticConfig: 0x21402044
12-30 11:11:57.467   398   464 I VehiclePropertyStore: begin to write value to Store: {.timestamp = 9253288937767, .areaId = 0, .prop = 557850692, .status = AVAILABLE, .value = {.int32Values = [1]{0}, .floatValues = [0]{}, .int64Values = [0]{}, .bytes = [0]{}, .stringValue = ""}}
12-30 11:11:57.467   398   464 D adayocomadapter-CommunicationManager: onUpstreamReceive mPropertyId 0x21402044
12-30 11:11:57.467   398   464 D adayocomadapter-CommunicationManager: onUpstreamReceive mPropertyId 0x214020d5
12-30 11:11:57.467   398   464 D adayocomadapter-CommunicationManager: convertBytesToInt32Memcpy  0
12-30 11:11:57.467   398   464 I vw-vhal : notifyVehicleProperty, propId = 0x214020d5, data = {status: 2, int32Values: [0]}
12-30 11:11:57.467   398   464 I vw-vhal : CanSignalsAdapter::notifyVehicleProperty: solvedValue = {.timestamp = 9253289136101, .areaId = 0, .prop = 557850837, .status = AVAILABLE, .value = {.int32Values = [1]{0}, .floatValues = [0]{}, .int64Values = [0]{}, .bytes = [0]{}, .stringValue = ""}}
12-30 11:11:57.467   398   464 I VehiclePropertyStore: begin to write value to Store: {.timestamp = 9253289136101, .areaId = 0, .prop = 557850837, .status = AVAILABLE, .value = {.int32Values = [1]{0}, .floatValues = [0]{}, .int64Values = [0]{}, .bytes = [0]{}, .stringValue = ""}}
12-30 11:11:57.467   398   464 I DefaultVehicleHal_v2_0: DefaultVehicleHal::onPropertyValue, value:{.timestamp = 9253289136101, .areaId = 0, .prop = 557850837, .status = AVAILABLE, .value = {.int32Values = [1]{0}, .floatValues = [0]{}, .int64Values = [0]{}, .bytes = [0]{}, .stringValue = ""}}
12-30 11:11:57.467   398   464 D DiagPropHandler: is not DiagnosticConfig: 0x214020d5
12-30 11:11:57.467   398   464 I VehiclePropertyStore: begin to write value to Store: {.timestamp = 9253289136101, .areaId = 0, .prop = 557850837, .status = AVAILABLE, .value = {.int32Values = [1]{0}, .floatValues = [0]{}, .int64Values = [0]{}, .bytes = [0]{}, .stringValue = ""}}
12-30 11:11:57.467   398   464 D adayocomadapter-CommunicationManager: onUpstreamReceive mPropertyId 0x214020d5
12-30 11:11:57.467   398   464 D adayocomadapter-CommunicationManager: onUpstreamReceive mPropertyId 0x21402038
12-30 11:11:57.467   398   464 D adayocomadapter-CommunicationManager: convertBytesToInt32Memcpy  0
12-30 11:11:57.467   398   464 I vw-vhal : notifyVehicleProperty, propId = 0x21402038, data = {status: 2, int32Values: [0]}
12-30 11:11:57.467   398   464 I vw-vhal : CanSignalsAdapter::notifyVehicleProperty: solvedValue = {.timestamp = 9253289332767, .areaId = 0, .prop = 557850680, .status = AVAILABLE, .value = {.int32Values = [1]{0}, .floatValues = [0]{}, .int64Values = [0]{}, .bytes = [0]{}, .stringValue = ""}}
12-30 11:11:57.467   398   464 I VehiclePropertyStore: begin to write value to Store: {.timestamp = 9253289332767, .areaId = 0, .prop = 557850680, .status = AVAILABLE, .value = {.int32Values = [1]{0}, .floatValues = [0]{}, .int64Values = [0]{}, .bytes = [0]{}, .stringValue = ""}}
12-30 11:11:57.467   398   464 I DefaultVehicleHal_v2_0: DefaultVehicleHal::onPropertyValue, value:{.timestamp = 9253289332767, .areaId = 0, .prop = 557850680, .status = AVAILABLE, .value = {.int32Values = [1]{0}, .floatValues = [0]{}, .int64Values = [0]{}, .bytes = [0]{}, .stringValue = ""}}
12-30 11:11:57.467   398   464 D DiagPropHandler: is not DiagnosticConfig: 0x21402038
12-30 11:11:57.467   398   464 I VehiclePropertyStore: begin to write value to Store: {.timestamp = 9253289332767, .areaId = 0, .prop = 557850680, .status = AVAILABLE, .value = {.int32Values = [1]{0}, .floatValues = [0]{}, .int64Values = [0]{}, .bytes = [0]{}, .stringValue = ""}}
12-30 11:11:57.467   398   464 D adayocomadapter-CommunicationManager: onUpstreamReceive mPropertyId 0x21402038
12-30 11:11:57.467   398   464 D adayocomadapter-CommunicationManager: onUpstreamReceive mPropertyId 0x2140207d
12-30 11:11:57.467   398   464 D adayocomadapter-CommunicationManager: convertBytesToInt32Memcpy  0
12-30 11:11:57.467   398   464 I vw-vhal : notifyVehicleProperty, propId = 0x2140207d, data = {status: 2, int32Values: [0]}
12-30 11:11:57.467   398   464 I vw-vhal : CanSignalsAdapter::notifyVehicleProperty: solvedValue = {.timestamp = 9253289531434, .areaId = 0, .prop = 557850749, .status = AVAILABLE, .value = {.int32Values = [1]{0}, .floatValues = [0]{}, .int64Values = [0]{}, .bytes = [0]{}, .stringValue = ""}}
12-30 11:11:57.467   398   464 I VehiclePropertyStore: begin to write value to Store: {.timestamp = 9253289531434, .areaId = 0, .prop = 557850749, .status = AVAILABLE, .value = {.int32Values = [1]{0}, .floatValues = [0]{}, .int64Values = [0]{}, .bytes = [0]{}, .stringValue = ""}}
12-30 11:11:57.467   398   464 I DefaultVehicleHal_v2_0: DefaultVehicleHal::onPropertyValue, value:{.timestamp = 9253289531434, .areaId = 0, .prop = 557850749, .status = AVAILABLE, .value = {.int32Values = [1]{0}, .floatValues = [0]{}, .int64Values = [0]{}, .bytes = [0]{}, .stringValue = ""}}
12-30 11:11:57.467   398   464 D DiagPropHandler: is not DiagnosticConfig: 0x2140207d
12-30 11:11:57.467   398   464 I VehiclePropertyStore: begin to write value to Store: {.timestamp = 9253289531434, .areaId = 0, .prop = 557850749, .status = AVAILABLE, .value = {.int32Values = [1]{0}, .floatValues = [0]{}, .int64Values = [0]{}, .bytes = [0]{}, .stringValue = ""}}
12-30 11:11:57.467   398   464 D adayocomadapter-CommunicationManager: onUpstreamReceive mPropertyId 0x2140207d
12-30 11:11:57.467   398   464 D adayocomadapter-CommunicationManager: onUpstreamReceive mPropertyId 0x2140207f
12-30 11:11:57.467   398   464 D adayocomadapter-CommunicationManager: convertBytesToInt32Memcpy  0
12-30 11:11:57.467   398   464 I vw-vhal : notifyVehicleProperty, propId = 0x2140207f, data = {status: 2, int32Values: [0]}
12-30 11:11:57.467   398   464 I vw-vhal : CanSignalsAdapter::notifyVehicleProperty: solvedValue = {.timestamp = 9253289731434, .areaId = 0, .prop = 557850751, .status = AVAILABLE, .value = {.int32Values = [1]{0}, .floatValues = [0]{}, .int64Values = [0]{}, .bytes = [0]{}, .stringValue = ""}}
12-30 11:11:57.467   398   464 I VehiclePropertyStore: begin to write value to Store: {.timestamp = 9253289731434, .areaId = 0, .prop = 557850751, .status = AVAILABLE, .value = {.int32Values = [1]{0}, .floatValues = [0]{}, .int64Values = [0]{}, .bytes = [0]{}, .stringValue = ""}}
12-30 11:11:57.467   398   464 I DefaultVehicleHal_v2_0: DefaultVehicleHal::onPropertyValue, value:{.timestamp = 9253289731434, .areaId = 0, .prop = 557850751, .status = AVAILABLE, .value = {.int32Values = [1]{0}, .floatValues = [0]{}, .int64Values = [0]{}, .bytes = [0]{}, .stringValue = ""}}
12-30 11:11:57.467   398   464 D DiagPropHandler: is not DiagnosticConfig: 0x2140207f
12-30 11:11:57.467   398   464 I VehiclePropertyStore: begin to write value to Store: {.timestamp = 9253289731434, .areaId = 0, .prop = 557850751, .status = AVAILABLE, .value = {.int32Values = [1]{0}, .floatValues = [0]{}, .int64Values = [0]{}, .bytes = [0]{}, .stringValue = ""}}
12-30 11:11:57.468   398   464 D adayocomadapter-CommunicationManager: onUpstreamReceive mPropertyId 0x2140207f
12-30 11:11:57.468   398   464 D adayocomadapter-CommunicationManager: onUpstreamReceive mPropertyId 0x21402052
12-30 11:11:57.468   398   464 D adayocomadapter-CommunicationManager: convertBytesToInt32Memcpy  0
12-30 11:11:57.468   398   464 I vw-vhal : notifyVehicleProperty, propId = 0x21402052, data = {status: 2, int32Values: [0]}
12-30 11:11:57.468   398   464 I vw-vhal : CanSignalsAdapter::notifyVehicleProperty: solvedValue = {.timestamp = 9253289929434, .areaId = 0, .prop = 557850706, .status = AVAILABLE, .value = {.int32Values = [1]{0}, .floatValues = [0]{}, .int64Values = [0]{}, .bytes = [0]{}, .stringValue = ""}}
12-30 11:11:57.468   398   464 I VehiclePropertyStore: begin to write value to Store: {.timestamp = 9253289929434, .areaId = 0, .prop = 557850706, .status = AVAILABLE, .value = {.int32Values = [1]{0}, .floatValues = [0]{}, .int64Values = [0]{}, .bytes = [0]{}, .stringValue = ""}}
12-30 11:11:57.468   398   464 I DefaultVehicleHal_v2_0: DefaultVehicleHal::onPropertyValue, value:{.timestamp = 9253289929434, .areaId = 0, .prop = 557850706, .status = AVAILABLE, .value = {.int32Values = [1]{0}, .floatValues = [0]{}, .int64Values = [0]{}, .bytes = [0]{}, .stringValue = ""}}
12-30 11:11:57.468   398   464 D DiagPropHandler: is not DiagnosticConfig: 0x21402052
12-30 11:11:57.468   398   464 I VehiclePropertyStore: begin to write value to Store: {.timestamp = 9253289929434, .areaId = 0, .prop = 557850706, .status = AVAILABLE, .value = {.int32Values = [1]{0}, .floatValues = [0]{}, .int64Values = [0]{}, .bytes = [0]{}, .stringValue = ""}}
12-30 11:11:57.468   398   464 D adayocomadapter-CommunicationManager: onUpstreamReceive mPropertyId 0x21402052
12-30 11:11:57.468   398   464 D adayocomadapter-CommunicationManager: onUpstreamReceive mPropertyId 0x21402081
12-30 11:11:57.468   398   464 D adayocomadapter-CommunicationManager: convertBytesToInt32Memcpy  0
12-30 11:11:57.468   398   464 I vw-vhal : notifyVehicleProperty, propId = 0x21402081, data = {status: 2, int32Values: [0]}
12-30 11:11:57.468   398   464 I vw-vhal : CanSignalsAdapter::notifyVehicleProperty: solvedValue = {.timestamp = 9253290127434, .areaId = 0, .prop = 557850753, .status = AVAILABLE, .value = {.int32Values = [1]{0}, .floatValues = [0]{}, .int64Values = [0]{}, .bytes = [0]{}, .stringValue = ""}}
12-30 11:11:57.468   398   464 I VehiclePropertyStore: begin to write value to Store: {.timestamp = 9253290127434, .areaId = 0, .prop = 557850753, .status = AVAILABLE, .value = {.int32Values = [1]{0}, .floatValues = [0]{}, .int64Values = [0]{}, .bytes = [0]{}, .stringValue = ""}}
12-30 11:11:57.468   398   464 I DefaultVehicleHal_v2_0: DefaultVehicleHal::onPropertyValue, value:{.timestamp = 9253290127434, .areaId = 0, .prop = 557850753, .status = AVAILABLE, .value = {.int32Values = [1]{0}, .floatValues = [0]{}, .int64Values = [0]{}, .bytes = [0]{}, .stringValue = ""}}
12-30 11:11:57.468   398   464 D DiagPropHandler: is not DiagnosticConfig: 0x21402081
12-30 11:11:57.468   398   464 I VehiclePropertyStore: begin to write value to Store: {.timestamp = 9253290127434, .areaId = 0, .prop = 557850753, .status = AVAILABLE, .value = {.int32Values = [1]{0}, .floatValues = [0]{}, .int64Values = [0]{}, .bytes = [0]{}, .stringValue = ""}}
12-30 11:11:57.468   398   464 D adayocomadapter-CommunicationManager: onUpstreamReceive mPropertyId 0x21402081
12-30 11:11:57.468   398   464 D adayocomadapter-CommunicationManager: onUpstreamReceive mPropertyId 0x21402080
12-30 11:11:57.468   398   464 D adayocomadapter-CommunicationManager: convertBytesToInt32Memcpy  0
12-30 11:11:57.468   398   464 I vw-vhal : notifyVehicleProperty, propId = 0x21402080, data = {status: 2, int32Values: [0]}
12-30 11:11:57.468   398   464 I vw-vhal : CanSignalsAdapter::notifyVehicleProperty: solvedValue = {.timestamp = 9253290324767, .areaId = 0, .prop = 557850752, .status = AVAILABLE, .value = {.int32Values = [1]{0}, .floatValues = [0]{}, .int64Values = [0]{}, .bytes = [0]{}, .stringValue = ""}}
12-30 11:11:57.468   398   464 I VehiclePropertyStore: begin to write value to Store: {.timestamp = 9253290324767, .areaId = 0, .prop = 557850752, .status = AVAILABLE, .value = {.int32Values = [1]{0}, .floatValues = [0]{}, .int64Values = [0]{}, .bytes = [0]{}, .stringValue = ""}}
12-30 11:11:57.468   398   464 I DefaultVehicleHal_v2_0: DefaultVehicleHal::onPropertyValue, value:{.timestamp = 9253290324767, .areaId = 0, .prop = 557850752, .status = AVAILABLE, .value = {.int32Values = [1]{0}, .floatValues = [0]{}, .int64Values = [0]{}, .bytes = [0]{}, .stringValue = ""}}
12-30 11:11:57.468   398   464 D DiagPropHandler: is not DiagnosticConfig: 0x21402080
12-30 11:11:57.468   398   464 I VehiclePropertyStore: begin to write value to Store: {.timestamp = 9253290324767, .areaId = 0, .prop = 557850752, .status = AVAILABLE, .value = {.int32Values = [1]{0}, .floatValues = [0]{}, .int64Values = [0]{}, .bytes = [0]{}, .stringValue = ""}}
12-30 11:11:57.468   398   464 D adayocomadapter-CommunicationManager: onUpstreamReceive mPropertyId 0x21402080
12-30 11:11:57.468   398   464 D adayocomadapter-CommunicationManager: onUpstreamReceive mPropertyId 0x21402051
12-30 11:11:57.468   398   464 D adayocomadapter-CommunicationManager: convertBytesToInt32Memcpy  0
12-30 11:11:57.468   398   464 I vw-vhal : notifyVehicleProperty, propId = 0x21402051, data = {status: 2, int32Values: [0]}
12-30 11:11:57.468   398   464 I vw-vhal : CanSignalsAdapter::notifyVehicleProperty: solvedValue = {.timestamp = 9253290520101, .areaId = 0, .prop = 557850705, .status = AVAILABLE, .value = {.int32Values = [1]{0}, .floatValues = [0]{}, .int64Values = [0]{}, .bytes = [0]{}, .stringValue = ""}}
12-30 11:11:57.468   398   464 I VehiclePropertyStore: begin to write value to Store: {.timestamp = 9253290520101, .areaId = 0, .prop = 557850705, .status = AVAILABLE, .value = {.int32Values = [1]{0}, .floatValues = [0]{}, .int64Values = [0]{}, .bytes = [0]{}, .stringValue = ""}}
12-30 11:11:57.468   398   464 I DefaultVehicleHal_v2_0: DefaultVehicleHal::onPropertyValue, value:{.timestamp = 9253290520101, .areaId = 0, .prop = 557850705, .status = AVAILABLE, .value = {.int32Values = [1]{0}, .floatValues = [0]{}, .int64Values = [0]{}, .bytes = [0]{}, .stringValue = ""}}
12-30 11:11:57.468   398   464 D DiagPropHandler: is not DiagnosticConfig: 0x21402051
12-30 11:11:57.468   398   464 I VehiclePropertyStore: begin to write value to Store: {.timestamp = 9253290520101, .areaId = 0, .prop = 557850705, .status = AVAILABLE, .value = {.int32Values = [1]{0}, .floatValues = [0]{}, .int64Values = [0]{}, .bytes = [0]{}, .stringValue = ""}}
12-30 11:11:57.468   398   464 D adayocomadapter-CommunicationManager: onUpstreamReceive mPropertyId 0x21402051
12-30 11:11:57.468   398   464 D adayocomadapter-CommunicationManager: onUpstreamReceive mPropertyId 0x2140207b
12-30 11:11:57.468   398   464 D adayocomadapter-CommunicationManager: convertBytesToInt32Memcpy  0
12-30 11:11:57.468   398   464 I vw-vhal : notifyVehicleProperty, propId = 0x2140207b, data = {status: 2, int32Values: [0]}
12-30 11:11:57.468   398   464 I vw-vhal : CanSignalsAdapter::notifyVehicleProperty: solvedValue = {.timestamp = 9253290760767, .areaId = 0, .prop = 557850747, .status = AVAILABLE, .value = {.int32Values = [1]{0}, .floatValues = [0]{}, .int64Values = [0]{}, .bytes = [0]{}, .stringValue = ""}}
12-30 11:11:57.468   398   464 I VehiclePropertyStore: begin to write value to Store: {.timestamp = 9253290760767, .areaId = 0, .prop = 557850747, .status = AVAILABLE, .value = {.int32Values = [1]{0}, .floatValues = [0]{}, .int64Values = [0]{}, .bytes = [0]{}, .stringValue = ""}}
12-30 11:11:57.468   398   464 I DefaultVehicleHal_v2_0: DefaultVehicleHal::onPropertyValue, value:{.timestamp = 9253290760767, .areaId = 0, .prop = 557850747, .status = AVAILABLE, .value = {.int32Values = [1]{0}, .floatValues = [0]{}, .int64Values = [0]{}, .bytes = [0]{}, .stringValue = ""}}
12-30 11:11:57.468   398   464 D DiagPropHandler: is not DiagnosticConfig: 0x2140207b
12-30 11:11:57.469   398   464 I VehiclePropertyStore: begin to write value to Store: {.timestamp = 9253290760767, .areaId = 0, .prop = 557850747, .status = AVAILABLE, .value = {.int32Values = [1]{0}, .floatValues = [0]{}, .int64Values = [0]{}, .bytes = [0]{}, .stringValue = ""}}
12-30 11:11:57.469   398   464 D adayocomadapter-CommunicationManager: onUpstreamReceive mPropertyId 0x2140207b
12-30 11:11:57.469   398   464 D adayocomadapter-CommunicationManager: onUpstreamReceive mPropertyId 0x2140204c
12-30 11:11:57.469   398   464 D adayocomadapter-CommunicationManager: convertBytesToInt32Memcpy  0
12-30 11:11:57.469   398   464 I vw-vhal : notifyVehicleProperty, propId = 0x2140204c, data = {status: 2, int32Values: [0]}
12-30 11:11:57.469   398   464 I vw-vhal : CanSignalsAdapter::notifyVehicleProperty: solvedValue = {.timestamp = 9253290963767, .areaId = 0, .prop = 557850700, .status = AVAILABLE, .value = {.int32Values = [1]{0}, .floatValues = [0]{}, .int64Values = [0]{}, .bytes = [0]{}, .stringValue = ""}}
12-30 11:11:57.469   398   464 I VehiclePropertyStore: begin to write value to Store: {.timestamp = 9253290963767, .areaId = 0, .prop = 557850700, .status = AVAILABLE, .value = {.int32Values = [1]{0}, .floatValues = [0]{}, .int64Values = [0]{}, .bytes = [0]{}, .stringValue = ""}}
12-30 11:11:57.469   398   464 I DefaultVehicleHal_v2_0: DefaultVehicleHal::onPropertyValue, value:{.timestamp = 9253290963767, .areaId = 0, .prop = 557850700, .status = AVAILABLE, .value = {.int32Values = [1]{0}, .floatValues = [0]{}, .int64Values = [0]{}, .bytes = [0]{}, .stringValue = ""}}
12-30 11:11:57.469   398   464 D DiagPropHandler: is not DiagnosticConfig: 0x2140204c
12-30 11:11:57.469   398   464 I VehiclePropertyStore: begin to write value to Store: {.timestamp = 9253290963767, .areaId = 0, .prop = 557850700, .status = AVAILABLE, .value = {.int32Values = [1]{0}, .floatValues = [0]{}, .int64Values = [0]{}, .bytes = [0]{}, .stringValue = ""}}
12-30 11:11:57.469   398   464 D adayocomadapter-CommunicationManager: onUpstreamReceive mPropertyId 0x2140204c
12-30 11:11:57.469   398   464 D adayocomadapter-CommunicationManager: onUpstreamReceive mPropertyId 0x2140207c
12-30 11:11:57.469   398   464 D adayocomadapter-CommunicationManager: convertBytesToInt32Memcpy  0
12-30 11:11:57.469   398   464 I vw-vhal : notifyVehicleProperty, propId = 0x2140207c, data = {status: 2, int32Values: [0]}
12-30 11:11:57.469   398   464 I vw-vhal : CanSignalsAdapter::notifyVehicleProperty: solvedValue = {.timestamp = 9253291159434, .areaId = 0, .prop = 557850748, .status = AVAILABLE, .value = {.int32Values = [1]{0}, .floatValues = [0]{}, .int64Values = [0]{}, .bytes = [0]{}, .stringValue = ""}}
12-30 11:11:57.469   398   464 I VehiclePropertyStore: begin to write value to Store: {.timestamp = 9253291159434, .areaId = 0, .prop = 557850748, .status = AVAILABLE, .value = {.int32Values = [1]{0}, .floatValues = [0]{}, .int64Values = [0]{}, .bytes = [0]{}, .stringValue = ""}}
12-30 11:11:57.469   398   464 I DefaultVehicleHal_v2_0: DefaultVehicleHal::onPropertyValue, value:{.timestamp = 9253291159434, .areaId = 0, .prop = 557850748, .status = AVAILABLE, .value = {.int32Values = [1]{0}, .floatValues = [0]{}, .int64Values = [0]{}, .bytes = [0]{}, .stringValue = ""}}
12-30 11:11:57.469   398   464 D DiagPropHandler: is not DiagnosticConfig: 0x2140207c
12-30 11:11:57.469   398   464 I VehiclePropertyStore: begin to write value to Store: {.timestamp = 9253291159434, .areaId = 0, .prop = 557850748, .status = AVAILABLE, .value = {.int32Values = [1]{0}, .floatValues = [0]{}, .int64Values = [0]{}, .bytes = [0]{}, .stringValue = ""}}
12-30 11:11:57.469   398   464 D adayocomadapter-CommunicationManager: onUpstreamReceive mPropertyId 0x2140207c
12-30 11:11:57.469   398   464 D adayocomadapter-CommunicationManager: onUpstreamReceive mPropertyId 0x2140207e
12-30 11:11:57.469   398   464 D adayocomadapter-CommunicationManager: convertBytesToInt32Memcpy  0
12-30 11:11:57.469   398   464 I vw-vhal : notifyVehicleProperty, propId = 0x2140207e, data = {status: 2, int32Values: [0]}
12-30 11:11:57.469   398   464 I vw-vhal : CanSignalsAdapter::notifyVehicleProperty: solvedValue = {.timestamp = 9253291352767, .areaId = 0, .prop = 557850750, .status = AVAILABLE, .value = {.int32Values = [1]{0}, .floatValues = [0]{}, .int64Values = [0]{}, .bytes = [0]{}, .stringValue = ""}}
12-30 11:11:57.469   398   464 I VehiclePropertyStore: begin to write value to Store: {.timestamp = 9253291352767, .areaId = 0, .prop = 557850750, .status = AVAILABLE, .value = {.int32Values = [1]{0}, .floatValues = [0]{}, .int64Values = [0]{}, .bytes = [0]{}, .stringValue = ""}}
12-30 11:11:57.469   398   464 I DefaultVehicleHal_v2_0: DefaultVehicleHal::onPropertyValue, value:{.timestamp = 9253291352767, .areaId = 0, .prop = 557850750, .status = AVAILABLE, .value = {.int32Values = [1]{0}, .floatValues = [0]{}, .int64Values = [0]{}, .bytes = [0]{}, .stringValue = ""}}
12-30 11:11:57.469   398   464 D DiagPropHandler: is not DiagnosticConfig: 0x2140207e
12-30 11:11:57.469   398   464 I VehiclePropertyStore: begin to write value to Store: {.timestamp = 9253291352767, .areaId = 0, .prop = 557850750, .status = AVAILABLE, .value = {.int32Values = [1]{0}, .floatValues = [0]{}, .int64Values = [0]{}, .bytes = [0]{}, .stringValue = ""}}
12-30 11:11:57.469   398   464 D adayocomadapter-CommunicationManager: onUpstreamReceive mPropertyId 0x2140207e
12-30 11:11:57.469   398   464 D adayocomadapter-CommunicationManager: onUpstreamReceive mPropertyId 0x21402082
12-30 11:11:57.469   398   464 D adayocomadapter-CommunicationManager: convertBytesToInt32Memcpy  0
12-30 11:11:57.469   398   464 I vw-vhal : notifyVehicleProperty, propId = 0x21402082, data = {status: 2, int32Values: [0]}
12-30 11:11:57.469   398   464 I vw-vhal : CanSignalsAdapter::notifyVehicleProperty: solvedValue = {.timestamp = 9253291552767, .areaId = 0, .prop = 557850754, .status = AVAILABLE, .value = {.int32Values = [1]{0}, .floatValues = [0]{}, .int64Values = [0]{}, .bytes = [0]{}, .stringValue = ""}}
12-30 11:11:57.469   398   464 I VehiclePropertyStore: begin to write value to Store: {.timestamp = 9253291552767, .areaId = 0, .prop = 557850754, .status = AVAILABLE, .value = {.int32Values = [1]{0}, .floatValues = [0]{}, .int64Values = [0]{}, .bytes = [0]{}, .stringValue = ""}}
12-30 11:11:57.469   398   464 I DefaultVehicleHal_v2_0: DefaultVehicleHal::onPropertyValue, value:{.timestamp = 9253291552767, .areaId = 0, .prop = 557850754, .status = AVAILABLE, .value = {.int32Values = [1]{0}, .floatValues = [0]{}, .int64Values = [0]{}, .bytes = [0]{}, .stringValue = ""}}
12-30 11:11:57.469   398   464 D DiagPropHandler: is not DiagnosticConfig: 0x21402082
12-30 11:11:57.469   360   931 D EvsDriver: forwardFrame
12-30 11:11:57.469   398   464 I VehiclePropertyStore: begin to write value to Store: {.timestamp = 9253291552767, .areaId = 0, .prop = 557850754, .status = AVAILABLE, .value = {.int32Values = [1]{0}, .floatValues = [0]{}, .int64Values = [0]{}, .bytes = [0]{}, .stringValue = ""}}
12-30 11:11:57.469   360   931 D EvsDriver: forwardFrameDirect
12-30 11:11:57.469   398   464 D adayocomadapter-CommunicationManager: onUpstreamReceive mPropertyId 0x21402082
12-30 11:11:57.469   398   464 D adayocomadapter-CommunicationManager: onUpstreamReceive mPropertyId 0x21402083
12-30 11:11:57.469   398   464 D adayocomadapter-CommunicationManager: convertBytesToInt32Memcpy  0
12-30 11:11:57.469   398   464 I vw-vhal : notifyVehicleProperty, propId = 0x21402083, data = {status: 2, int32Values: [0]}
12-30 11:11:57.469   398   464 I vw-vhal : CanSignalsAdapter::notifyVehicleProperty: solvedValue = {.timestamp = 9253291738767, .areaId = 0, .prop = 557850755, .status = AVAILABLE, .value = {.int32Values = [1]{0}, .floatValues = [0]{}, .int64Values = [0]{}, .bytes = [0]{}, .stringValue = ""}}
12-30 11:11:57.469   398   464 I VehiclePropertyStore: begin to write value to Store: {.timestamp = 9253291738767, .areaId = 0, .prop = 557850755, .status = AVAILABLE, .value = {.int32Values = [1]{0}, .floatValues = [0]{}, .int64Values = [0]{}, .bytes = [0]{}, .stringValue = ""}}
12-30 11:11:57.469   398   464 I DefaultVehicleHal_v2_0: DefaultVehicleHal::onPropertyValue, value:{.timestamp = 9253291738767, .areaId = 0, .prop = 557850755, .status = AVAILABLE, .value = {.int32Values = [1]{0}, .floatValues = [0]{}, .int64Values = [0]{}, .bytes = [0]{}, .stringValue = ""}}
12-30 11:11:57.469   398   464 D DiagPropHandler: is not DiagnosticConfig: 0x21402083
12-30 11:11:57.469   398   464 I VehiclePropertyStore: begin to write value to Store: {.timestamp = 9253291738767, .areaId = 0, .prop = 557850755, .status = AVAILABLE, .value = {.int32Values = [1]{0}, .floatValues = [0]{}, .int64Values = [0]{}, .bytes = [0]{}, .stringValue = ""}}
12-30 11:11:57.470   360   931 D EvsDriver: Delivered 0xb400e2ca9e40d090 as id 1
12-30 11:11:57.470   398   464 D adayocomadapter-CommunicationManager: onUpstreamReceive mPropertyId 0x21402083
12-30 11:11:57.470   398   464 D adayocomadapter-CommunicationManager: onUpstreamReceive mPropertyId 0x21402084
12-30 11:11:57.470   398   464 D adayocomadapter-CommunicationManager: convertBytesToInt32Memcpy  0
12-30 11:11:57.470   398   464 I vw-vhal : notifyVehicleProperty, propId = 0x21402084, data = {status: 2, int32Values: [0]}
12-30 11:11:57.470   398   464 I vw-vhal : CanSignalsAdapter::notifyVehicleProperty: solvedValue = {.timestamp = 9253291927767, .areaId = 0, .prop = 557850756, .status = AVAILABLE, .value = {.int32Values = [1]{0}, .floatValues = [0]{}, .int64Values = [0]{}, .bytes = [0]{}, .stringValue = ""}}
12-30 11:11:57.470   398   464 I VehiclePropertyStore: begin to write value to Store: {.timestamp = 9253291927767, .areaId = 0, .prop = 557850756, .status = AVAILABLE, .value = {.int32Values = [1]{0}, .floatValues = [0]{}, .int64Values = [0]{}, .bytes = [0]{}, .stringValue = ""}}
12-30 11:11:57.470   398   464 I DefaultVehicleHal_v2_0: DefaultVehicleHal::onPropertyValue, value:{.timestamp = 9253291927767, .areaId = 0, .prop = 557850756, .status = AVAILABLE, .value = {.int32Values = [1]{0}, .floatValues = [0]{}, .int64Values = [0]{}, .bytes = [0]{}, .stringValue = ""}}
12-30 11:11:57.470   398   464 D DiagPropHandler: is not DiagnosticConfig: 0x21402084
12-30 11:11:57.470   398   464 I VehiclePropertyStore: begin to write value to Store: {.timestamp = 9253291927767, .areaId = 0, .prop = 557850756, .status = AVAILABLE, .value = {.int32Values = [1]{0}, .floatValues = [0]{}, .int64Values = [0]{}, .bytes = [0]{}, .stringValue = ""}}
12-30 11:11:57.470   398   464 D adayocomadapter-CommunicationManager: onUpstreamReceive mPropertyId 0x21402084
12-30 11:11:57.470   359  2784 D evsmanagerd: /dev/video-evs0 forwarded the buffer #1 to 0xb400f125d2b26dd0 from 0xb400f125e2b20710
12-30 11:11:57.470   398   464 D adayocomadapter-CommunicationManager: onUpstreamReceive mPropertyId 0x21402085
12-30 11:11:57.470   398   464 D adayocomadapter-CommunicationManager: convertBytesToInt32Memcpy  0
12-30 11:11:57.470   398   464 I vw-vhal : notifyVehicleProperty, propId = 0x21402085, data = {status: 2, int32Values: [0]}
12-30 11:11:57.470   398   464 I vw-vhal : CanSignalsAdapter::notifyVehicleProperty: solvedValue = {.timestamp = 9253292155767, .areaId = 0, .prop = 557850757, .status = AVAILABLE, .value = {.int32Values = [1]{0}, .floatValues = [0]{}, .int64Values = [0]{}, .bytes = [0]{}, .stringValue = ""}}
12-30 11:11:57.470   398   464 I VehiclePropertyStore: begin to write value to Store: {.timestamp = 9253292155767, .areaId = 0, .prop = 557850757, .status = AVAILABLE, .value = {.int32Values = [1]{0}, .floatValues = [0]{}, .int64Values = [0]{}, .bytes = [0]{}, .stringValue = ""}}
12-30 11:11:57.470   398   464 I DefaultVehicleHal_v2_0: DefaultVehicleHal::onPropertyValue, value:{.timestamp = 9253292155767, .areaId = 0, .prop = 557850757, .status = AVAILABLE, .value = {.int32Values = [1]{0}, .floatValues = [0]{}, .int64Values = [0]{}, .bytes = [0]{}, .stringValue = ""}}
12-30 11:11:57.470   398   464 D DiagPropHandler: is not DiagnosticConfig: 0x21402085
12-30 11:11:57.470   398   464 I VehiclePropertyStore: begin to write value to Store: {.timestamp = 9253292155767, .areaId = 0, .prop = 557850757, .status = AVAILABLE, .value = {.int32Values = [1]{0}, .floatValues = [0]{}, .int64Values = [0]{}, .bytes = [0]{}, .stringValue = ""}}
12-30 11:11:57.470   398   464 D adayocomadapter-CommunicationManager: onUpstreamReceive mPropertyId 0x21402085
12-30 11:11:57.470   398   464 D adayocomadapter-CommunicationManager: onUpstreamReceive mPropertyId 0x2140220a
12-30 11:11:57.470   398   464 D adayocomadapter-CommunicationManager: convertBytesToInt32Memcpy  0
12-30 11:11:57.470   398   464 I vw-vhal : notifyVehicleProperty, propId = 0x2140220a, data = {status: 2, int32Values: [0]}
12-30 11:11:57.470   398   464 I vw-vhal : CanSignalsAdapter::notifyVehicleProperty: solvedValue = {.timestamp = 9253292347434, .areaId = 0, .prop = 557851146, .status = AVAILABLE, .value = {.int32Values = [1]{0}, .floatValues = [0]{}, .int64Values = [0]{}, .bytes = [0]{}, .stringValue = ""}}
12-30 11:11:57.470   398   464 I VehiclePropertyStore: begin to write value to Store: {.timestamp = 9253292347434, .areaId = 0, .prop = 557851146, .status = AVAILABLE, .value = {.int32Values = [1]{0}, .floatValues = [0]{}, .int64Values = [0]{}, .bytes = [0]{}, .stringValue = ""}}
12-30 11:11:57.470   398   464 I DefaultVehicleHal_v2_0: DefaultVehicleHal::onPropertyValue, value:{.timestamp = 9253292347434, .areaId = 0, .prop = 557851146, .status = AVAILABLE, .value = {.int32Values = [1]{0}, .floatValues = [0]{}, .int64Values = [0]{}, .bytes = [0]{}, .stringValue = ""}}
12-30 11:11:57.470   398   464 D DiagPropHandler: is not DiagnosticConfig: 0x2140220a
12-30 11:11:57.470   398   464 I VehiclePropertyStore: begin to write value to Store: {.timestamp = 9253292347434, .areaId = 0, .prop = 557851146, .status = AVAILABLE, .value = {.int32Values = [1]{0}, .floatValues = [0]{}, .int64Values = [0]{}, .bytes = [0]{}, .stringValue = ""}}
12-30 11:11:57.470   398   464 D adayocomadapter-CommunicationManager: onUpstreamReceive mPropertyId 0x2140220a
12-30 11:11:57.470   398   464 D adayocomadapter-CommunicationManager: onUpstreamReceive mPropertyId 0x214021e6
12-30 11:11:57.470   398   464 D adayocomadapter-CommunicationManager: convertBytesToInt32Memcpy  0
12-30 11:11:57.470   398   464 I vw-vhal : notifyVehicleProperty, propId = 0x214021e6, data = {status: 2, int32Values: [0]}
12-30 11:11:57.470   398   464 I vw-vhal : CanSignalsAdapter::notifyVehicleProperty: solvedValue = {.timestamp = 9253292551434, .areaId = 0, .prop = 557851110, .status = AVAILABLE, .value = {.int32Values = [1]{0}, .floatValues = [0]{}, .int64Values = [0]{}, .bytes = [0]{}, .stringValue = ""}}
12-30 11:11:57.470   398   464 I VehiclePropertyStore: begin to write value to Store: {.timestamp = 9253292551434, .areaId = 0, .prop = 557851110, .status = AVAILABLE, .value = {.int32Values = [1]{0}, .floatValues = [0]{}, .int64Values = [0]{}, .bytes = [0]{}, .stringValue = ""}}
12-30 11:11:57.470   398   464 I DefaultVehicleHal_v2_0: DefaultVehicleHal::onPropertyValue, value:{.timestamp = 9253292551434, .areaId = 0, .prop = 557851110, .status = AVAILABLE, .value = {.int32Values = [1]{0}, .floatValues = [0]{}, .int64Values = [0]{}, .bytes = [0]{}, .stringValue = ""}}
12-30 11:11:57.470   398   464 D DiagPropHandler: is not DiagnosticConfig: 0x214021e6
12-30 11:11:57.470   398   464 I VehiclePropertyStore: begin to write value to Store: {.timestamp = 9253292551434, .areaId = 0, .prop = 557851110, .status = AVAILABLE, .value = {.int32Values = [1]{0}, .floatValues = [0]{}, .int64Values = [0]{}, .bytes = [0]{}, .stringValue = ""}}
12-30 11:11:57.470   398   464 D adayocomadapter-CommunicationManager: onUpstreamReceive mPropertyId 0x214021e6
12-30 11:11:57.479   360   458 D EvsDriver: doneWithFrame
12-30 11:11:57.495  2358  2623 D RcfController: Rcf proxy is not connected!
12-30 11:11:57.502  3066  3066 D hostapd : nl80211: BSS Event 59 (NL80211_CMD_FRAME) received for wlan1
12-30 11:11:57.502  3066  3066 D hostapd : nl80211: RX frame da=ff:ff:ff:ff:ff:ff sa=a4:04:50:ce:f7:da bssid=a4:04:50:ce:f7:da freq=5745 ssi_signal=-8600 fc=0xd0 seq_ctrl=0x67e0 stype=13 (WLAN_FC_STYPE_ACTION) len=42
12-30 11:11:57.502  3066  3066 D hostapd : wlan1: Event RX_MGMT (18) received
12-30 11:11:57.502  3066  3066 D hostapd : Receive wpa msg : Event RX_MGMT (18) received
12-30 11:11:57.503   360   931 D EvsDriver: forwardFrame
12-30 11:11:57.503   360   931 D EvsDriver: forwardFrameDirect
12-30 11:11:57.503   360   931 D EvsDriver: Delivered 0xb400e2ca9e40e110 as id 0
12-30 11:11:57.503   359  2784 D evsmanagerd: /dev/video-evs0 forwarded the buffer #0 to 0xb400f125d2b26dd0 from 0xb400f125e2b20710
12-30 11:11:57.509   360   458 D EvsDriver: doneWithFrame
12-30 11:11:57.514   596  3076 E WifiHAL : Invalid data received from driver
12-30 11:11:57.522   596  3076 E WifiHAL : Invalid data received from driver
12-30 11:11:57.522   596  3076 E WifiHAL : Invalid data received from driver
12-30 11:11:57.522   596  3076 E WifiHAL : Invalid data received from driver
12-30 11:11:57.522   596  3076 E WifiHAL : Invalid data received from driver
12-30 11:11:57.522   596  3076 E WifiHAL : Invalid data received from driver
12-30 11:11:57.522   596  3076 E WifiHAL : Invalid data received from driver
12-30 11:11:57.522   596  3076 E WifiHAL : Invalid data received from driver
12-30 11:11:57.533  3066  3066 D hostapd : nl80211: BSS Event 59 (NL80211_CMD_FRAME) received for wlan1
12-30 11:11:57.533  3066  3066 D hostapd : nl80211: RX frame da=ff:ff:ff:ff:ff:ff sa=de:bb:0d:97:ae:5f bssid=de:bb:0d:97:ae:5f freq=5745 ssi_signal=-9200 fc=0xd0 seq_ctrl=0xf0f0 stype=13 (WLAN_FC_STYPE_ACTION) len=42
12-30 11:11:57.533  3066  3066 D hostapd : wlan1: Event RX_MGMT (18) received
12-30 11:11:57.533  3066  3066 D hostapd : Receive wpa msg : Event RX_MGMT (18) received
12-30 11:11:57.536   360   931 D EvsDriver: forwardFrame
12-30 11:11:57.536   360   931 D EvsDriver: forwardFrameDirect
12-30 11:11:57.536   360   931 D EvsDriver: Delivered 0xb400e2ca9e40c7a0 as id 1
12-30 11:11:57.536   359  2784 D evsmanagerd: /dev/video-evs0 forwarded the buffer #1 to 0xb400f125d2b26dd0 from 0xb400f125e2b20710
12-30 11:11:57.539   360   458 D EvsDriver: doneWithFrame
12-30 11:11:57.544   596  3076 E WifiHAL : Invalid data received from driver
12-30 11:11:57.545  2358  2623 D RcfController: Rcf proxy is not connected!
12-30 11:11:57.564  3066  3066 D hostapd : nl80211: BSS Event 59 (NL80211_CMD_FRAME) received for wlan1
12-30 11:11:57.564  3066  3066 D hostapd : nl80211: RX frame da=ff:ff:ff:ff:ff:ff sa=a4:04:50:ce:f7:da bssid=a4:04:50:ce:f7:da freq=5745 ssi_signal=-8500 fc=0xd0 seq_ctrl=0x6810 stype=13 (WLAN_FC_STYPE_ACTION) len=42
12-30 11:11:57.564  3066  3066 D hostapd : wlan1: Event RX_MGMT (18) received
12-30 11:11:57.564  3066  3066 D hostapd : Receive wpa msg : Event RX_MGMT (18) received
12-30 11:11:57.569   360   931 D EvsDriver: forwardFrame
12-30 11:11:57.569   360   931 D EvsDriver: forwardFrameDirect
12-30 11:11:57.570   360   931 D EvsDriver: Delivered 0xb400e2ca9e40e270 as id 0
12-30 11:11:57.570   359  2784 D evsmanagerd: /dev/video-evs0 forwarded the buffer #0 to 0xb400f125d2b26dd0 from 0xb400f125e2b20710
12-30 11:11:57.580   360   458 D EvsDriver: doneWithFrame
12-30 11:11:57.584  3066  3066 D hostapd : nl80211: BSS Event 59 (NL80211_CMD_FRAME) received for wlan1
12-30 11:11:57.584   596  3076 E WifiHAL : Invalid data received from driver
12-30 11:11:57.584  3066  3066 D hostapd : nl80211: RX frame da=ff:ff:ff:ff:ff:ff sa=a4:04:50:ce:f7:da bssid=a4:04:50:ce:f7:da freq=5745 ssi_signal=-8500 fc=0xd0 seq_ctrl=0x6820 stype=13 (WLAN_FC_STYPE_ACTION) len=42
12-30 11:11:57.584  3066  3066 D hostapd : wlan1: Event RX_MGMT (18) received
12-30 11:11:57.584  3066  3066 D hostapd : Receive wpa msg : Event RX_MGMT (18) received
12-30 11:11:57.585   798 12672 W adbd    : timed out while waiting for FUNCTIONFS_BIND, trying again
12-30 11:11:57.585   798 12672 I adbd    : UsbFfs: connection terminated: monitor thread finished
12-30 11:11:57.586   798   798 I adbd    : UsbFfs: already offline
12-30 11:11:57.586   798   798 I adbd    : destroying transport UsbFfs
12-30 11:11:57.586   798   798 I adbd    : UsbFfsConnection being destroyed
12-30 11:11:57.590   650   729 D fgemcucomm: sd Uart data : 6AA60220BE000292028A
12-30 11:11:57.590   650   729 D fgemcucomm: rev uart=76442,len=14, data : 6AA68120BE000692020001000006
12-30 11:11:57.590   398   466 D adayocomadapter-ParseProtocolFunc: printRaWMsg Name[MCUToUPstream recv] len[6] data[920200010000]
12-30 11:11:57.590   398   466 D adayocomadapter-CommunicationManager: onUpstreamback   member[0] dataLength[3] timePoint[9253412]
12-30 11:11:57.590   398   466 D adayocomadapter-ParseProtocolFunc: printRaWMsg Name[onUpstreamback] len[3] data[010000]
12-30 11:11:57.590   398   464 D adayocomadapter-UpstreamHandler: processBeforePacket upSreamtProcessTimePoint[9253412] 
12-30 11:11:57.590   398   464 D adayocomadapter-UpstreamHandler: processPacket UPSTREAM_QUEUE_DATA_TIMEOUT
12-30 11:11:57.590   398   464 D adayocomadapter-ParseProtocolFunc: parseCommonIPCLBytes Processing tableNumber[1]
12-30 11:11:57.590   398   464 D adayocomadapter-ParseProtocolFunc: parseCommonIPCLBytes Processing tablename[Table-1] tableSize[3]
12-30 11:11:57.590   398   464 D adayocomadapter-ParseProtocolFunc: printRaWMsg Name[byteStream recv] len[3] data[010000]
12-30 11:11:57.590   398   464 D adayocomadapter-ParseProtocolFunc: printRaWMsg Name[IPCLtoVHAL] len[7] data[21402048000000]
12-30 11:11:57.590   398   464 D adayocomadapter-CommunicationManager: onUpstreamReceive mPropertyId 0x21402048
12-30 11:11:57.590   398   464 D adayocomadapter-CommunicationManager: convertBytesToInt32Memcpy  0
12-30 11:11:57.590   398   464 I vw-vhal : notifyVehicleProperty, propId = 0x21402048, data = {status: 2, int32Values: [0]}
12-30 11:11:57.590   398   464 I vw-vhal : CanSignalsAdapter::notifyVehicleProperty: solvedValue = {.timestamp = 9253412561434, .areaId = 0, .prop = 557850696, .status = AVAILABLE, .value = {.int32Values = [1]{0}, .floatValues = [0]{}, .int64Values = [0]{}, .bytes = [0]{}, .stringValue = ""}}
12-30 11:11:57.590   398   464 I VehiclePropertyStore: begin to write value to Store: {.timestamp = 9253412561434, .areaId = 0, .prop = 557850696, .status = AVAILABLE, .value = {.int32Values = [1]{0}, .floatValues = [0]{}, .int64Values = [0]{}, .bytes = [0]{}, .stringValue = ""}}
12-30 11:11:57.590   398   464 I DefaultVehicleHal_v2_0: DefaultVehicleHal::onPropertyValue, value:{.timestamp = 9253412561434, .areaId = 0, .prop = 557850696, .status = AVAILABLE, .value = {.int32Values = [1]{0}, .floatValues = [0]{}, .int64Values = [0]{}, .bytes = [0]{}, .stringValue = ""}}
12-30 11:11:57.590   398   464 D DiagPropHandler: is not DiagnosticConfig: 0x21402048
12-30 11:11:57.590   398   464 I VehiclePropertyStore: begin to write value to Store: {.timestamp = 9253412561434, .areaId = 0, .prop = 557850696, .status = AVAILABLE, .value = {.int32Values = [1]{0}, .floatValues = [0]{}, .int64Values = [0]{}, .bytes = [0]{}, .stringValue = ""}}
12-30 11:11:57.590   398   464 D adayocomadapter-CommunicationManager: onUpstreamReceive mPropertyId 0x21402048
12-30 11:11:57.596  2358  2623 D RcfController: Rcf proxy is not connected!
12-30 11:11:57.596   815   832 D logcollector: [logcollector::zipFilesToFd]  Debug: zipArchive success
12-30 11:11:57.603   360   931 D EvsDriver: forwardFrame
12-30 11:11:57.603   360   931 D EvsDriver: forwardFrameDirect
12-30 11:11:57.603   360   931 D EvsDriver: Delivered 0xb400e2ca9e40d4b0 as id 1
12-30 11:11:57.603   359  2784 D evsmanagerd: /dev/video-evs0 forwarded the buffer #1 to 0xb400f125d2b26dd0 from 0xb400f125e2b20710
12-30 11:11:57.610   650   729 D fgemcucomm: sd Uart data : 6AA60220BF0002920289
12-30 11:11:57.610   360   458 D EvsDriver: doneWithFrame
12-30 11:11:57.610   650   729 D fgemcucomm: rev uart=76443,len=16, data : 6AA68120BF0008920200030000000001
12-30 11:11:57.611   398   466 D adayocomadapter-ParseProtocolFunc: printRaWMsg Name[MCUToUPstream recv] len[8] data[9202000300000000]
12-30 11:11:57.611   398   466 D adayocomadapter-CommunicationManager: onUpstreamback   member[0] dataLength[5] timePoint[9253432]
12-30 11:11:57.611   398   466 D adayocomadapter-ParseProtocolFunc: printRaWMsg Name[onUpstreamback] len[5] data[0300000000]
12-30 11:11:57.611   398   464 D adayocomadapter-UpstreamHandler: processBeforePacket upSreamtProcessTimePoint[9253432] 
12-30 11:11:57.611   398   464 D adayocomadapter-UpstreamHandler: processPacket UPSTREAM_QUEUE_DATA_TIMEOUT
12-30 11:11:57.611   398   464 D adayocomadapter-ParseProtocolFunc: parseCommonIPCLBytes Processing tableNumber[3]
12-30 11:11:57.611   398   464 D adayocomadapter-ParseProtocolFunc: parseCommonIPCLBytes Processing tablename[Table-3] tableSize[5]
12-30 11:11:57.611   398   464 D adayocomadapter-ParseProtocolFunc: printRaWMsg Name[byteStream recv] len[5] data[0300000000]
12-30 11:11:57.611   398   464 D adayocomadapter-ParseProtocolFunc: printRaWMsg Name[IPCLtoVHAL] len[8] data[2141213801000000]
12-30 11:11:57.611   398   464 D adayocomadapter-ParseProtocolFunc: printRaWMsg Name[IPCLtoVHAL] len[6] data[214021D60000]
12-30 11:11:57.611   398   464 D adayocomadapter-CommunicationManager: onUpstreamReceive mPropertyId 0x21412138
12-30 11:11:57.611   398   464 I vw-vhal : notifyVehicleProperty, propId = 0x21412138, data = {status: 2, int32Values: [0, 0, 0]}
12-30 11:11:57.611   398   464 I vw-vhal : CanSignalsAdapter::notifyVehicleProperty: solvedValue = {.timestamp = 9253433291101, .areaId = 0, .prop = 557916472, .status = AVAILABLE, .value = {.int32Values = [3]{0, 0, 0}, .floatValues = [0]{}, .int64Values = [0]{}, .bytes = [0]{}, .stringValue = ""}}
12-30 11:11:57.611   398   464 I VehiclePropertyStore: begin to write value to Store: {.timestamp = 9253433291101, .areaId = 0, .prop = 557916472, .status = AVAILABLE, .value = {.int32Values = [3]{0, 0, 0}, .floatValues = [0]{}, .int64Values = [0]{}, .bytes = [0]{}, .stringValue = ""}}
12-30 11:11:57.611   398   464 I DefaultVehicleHal_v2_0: DefaultVehicleHal::onPropertyValue, value:{.timestamp = 9253433291101, .areaId = 0, .prop = 557916472, .status = AVAILABLE, .value = {.int32Values = [3]{0, 0, 0}, .floatValues = [0]{}, .int64Values = [0]{}, .bytes = [0]{}, .stringValue = ""}}
12-30 11:11:57.611   398   464 D DiagPropHandler: is not DiagnosticConfig: 0x21412138
12-30 11:11:57.611   398   464 I VehiclePropertyStore: begin to write value to Store: {.timestamp = 9253433291101, .areaId = 0, .prop = 557916472, .status = AVAILABLE, .value = {.int32Values = [3]{0, 0, 0}, .floatValues = [0]{}, .int64Values = [0]{}, .bytes = [0]{}, .stringValue = ""}}
12-30 11:11:57.611   398   464 D adayocomadapter-CommunicationManager: onUpstreamReceive mPropertyId 0x21412138
12-30 11:11:57.611   398   464 D adayocomadapter-CommunicationManager: onUpstreamReceive mPropertyId 0x214021d6
12-30 11:11:57.611   398   464 D adayocomadapter-CommunicationManager: convertBytesToInt32Memcpy  0
12-30 11:11:57.611   398   464 I vw-vhal : notifyVehicleProperty, propId = 0x214021d6, data = {status: 2, int32Values: [0]}
12-30 11:11:57.611   398   464 I vw-vhal : CanSignalsAdapter::notifyVehicleProperty: solvedValue = {.timestamp = 9253433532767, .areaId = 0, .prop = 557851094, .status = AVAILABLE, .value = {.int32Values = [1]{0}, .floatValues = [0]{}, .int64Values = [0]{}, .bytes = [0]{}, .stringValue = ""}}
12-30 11:11:57.611   398   464 I VehiclePropertyStore: begin to write value to Store: {.timestamp = 9253433532767, .areaId = 0, .prop = 557851094, .status = AVAILABLE, .value = {.int32Values = [1]{0}, .floatValues = [0]{}, .int64Values = [0]{}, .bytes = [0]{}, .stringValue = ""}}
12-30 11:11:57.611   398   464 I DefaultVehicleHal_v2_0: DefaultVehicleHal::onPropertyValue, value:{.timestamp = 9253433532767, .areaId = 0, .prop = 557851094, .status = AVAILABLE, .value = {.int32Values = [1]{0}, .floatValues = [0]{}, .int64Values = [0]{}, .bytes = [0]{}, .stringValue = ""}}
12-30 11:11:57.611   398   464 D DiagPropHandler: is not DiagnosticConfig: 0x214021d6
12-30 11:11:57.611   398   464 I VehiclePropertyStore: begin to write value to Store: {.timestamp = 9253433532767, .areaId = 0, .prop = 557851094, .status = AVAILABLE, .value = {.int32Values = [1]{0}, .floatValues = [0]{}, .int64Values = [0]{}, .bytes = [0]{}, .stringValue = ""}}
12-30 11:11:57.611   398   464 D adayocomadapter-CommunicationManager: onUpstreamReceive mPropertyId 0x214021d6
12-30 11:11:57.615  3066  3066 D hostapd : nl80211: BSS Event 59 (NL80211_CMD_FRAME) received for wlan1
12-30 11:11:57.615  3066  3066 D hostapd : nl80211: RX frame da=ff:ff:ff:ff:ff:ff sa=de:bb:0d:97:ae:5f bssid=de:bb:0d:97:ae:5f freq=5745 ssi_signal=-9200 fc=0xd0 seq_ctrl=0xf130 stype=13 (WLAN_FC_STYPE_ACTION) len=42
12-30 11:11:57.615  3066  3066 D hostapd : wlan1: Event RX_MGMT (18) received
12-30 11:11:57.615  3066  3066 D hostapd : Receive wpa msg : Event RX_MGMT (18) received
12-30 11:11:57.627  3066  3066 D hostapd : nl80211: BSS Event 59 (NL80211_CMD_FRAME) received for wlan1
12-30 11:11:57.627   596  3076 E WifiHAL : Invalid data received from driver
12-30 11:11:57.627  3066  3066 D hostapd : nl80211: RX frame da=ff:ff:ff:ff:ff:ff sa=a4:04:50:ce:f7:da bssid=a4:04:50:ce:f7:da freq=5745 ssi_signal=-8700 fc=0xd0 seq_ctrl=0x6850 stype=13 (WLAN_FC_STYPE_ACTION) len=42
12-30 11:11:57.627  3066  3066 D hostapd : wlan1: Event RX_MGMT (18) received
12-30 11:11:57.627  3066  3066 D hostapd : Receive wpa msg : Event RX_MGMT (18) received
12-30 11:11:57.634   798   838 I adbd    : opening control endpoint /dev/usb-ffs/adb/ep0
12-30 11:11:57.635   798   838 I adbd    : UsbFfsConnection constructed
12-30 11:11:57.635   798 12703 I adbd    : UsbFfs-monitor thread spawned
12-30 11:11:57.636   360   931 D EvsDriver: forwardFrame
12-30 11:11:57.636   360   931 D EvsDriver: forwardFrameDirect
12-30 11:11:57.636   360   931 D EvsDriver: Delivered 0xb400e2ca9e40c2d0 as id 0
12-30 11:11:57.636   359  2784 D evsmanagerd: /dev/video-evs0 forwarded the buffer #0 to 0xb400f125d2b26dd0 from 0xb400f125e2b20710
12-30 11:11:57.637  3066  3066 D hostapd : nl80211: BSS Event 59 (NL80211_CMD_FRAME) received for wlan1
12-30 11:11:57.637  3066  3066 D hostapd : nl80211: RX frame da=ff:ff:ff:ff:ff:ff sa=de:bb:0d:97:ae:5f bssid=de:bb:0d:97:ae:5f freq=5745 ssi_signal=-9300 fc=0xd0 seq_ctrl=0xf140 stype=13 (WLAN_FC_STYPE_ACTION) len=42
12-30 11:11:57.637  3066  3066 D hostapd : wlan1: Event RX_MGMT (18) received
12-30 11:11:57.637  3066  3066 D hostapd : Receive wpa msg : Event RX_MGMT (18) received
--------- beginning of kernel
01-01 10:34:14.644   838   838 I         : read strings
12-30 11:11:57.640   360   458 D EvsDriver: doneWithFrame
12-30 11:11:57.646  2358  2623 D RcfController: Rcf proxy is not connected!
12-30 11:11:57.659  1667  2594 W ContextImpl: Calling a method in the system process without a qualified user: android.app.ContextImpl.bindService:1988 android.content.ContextWrapper.bindService:861 com.ford.sync.fnvservice.FordFnv.c:202 com.ford.sync.fnvservice.FordFnv.c:43 com.ford.sync.fnvservice.FordFnv$RetryHandler.handleMessage:245 
12-30 11:11:57.660   916  2591 W ActivityManager: Unable to start service Intent { cmp=com.ford.sync.fnvservice/.FordFnvService } U=0: not found
12-30 11:11:57.660  1667  2594 W FordFnv :  bind ford fnv failed -> sendRetryMessage 
12-30 11:11:57.660   596  3076 E WifiHAL : Invalid data received from driver
12-30 11:11:57.666  3066  3066 D hostapd : nl80211: BSS Event 59 (NL80211_CMD_FRAME) received for wlan1
12-30 11:11:57.666  3066  3066 D hostapd : nl80211: RX frame da=ff:ff:ff:ff:ff:ff sa=a4:04:50:ce:f7:da bssid=a4:04:50:ce:f7:da freq=5745 ssi_signal=-8500 fc=0xd0 seq_ctrl=0x6870 stype=13 (WLAN_FC_STYPE_ACTION) len=42
12-30 11:11:57.666  3066  3066 D hostapd : wlan1: Event RX_MGMT (18) received
12-30 11:11:57.666  3066  3066 D hostapd : Receive wpa msg : Event RX_MGMT (18) received
12-30 11:11:57.669   360   931 D EvsDriver: forwardFrame
12-30 11:11:57.669   360   931 D EvsDriver: forwardFrameDirect
12-30 11:11:57.669   360   931 D EvsDriver: Delivered 0xb400e2ca9e40d090 as id 1
12-30 11:11:57.670   359  2784 D evsmanagerd: /dev/video-evs0 forwarded the buffer #1 to 0xb400f125d2b26dd0 from 0xb400f125e2b20710
