12-30 11:12:02.619  2358  2623 D RcfController: Rcf proxy is not connected!
12-30 11:12:02.636   360   931 D EvsDriver: forwardFrame
12-30 11:12:02.636   360   931 D EvsDriver: forwardFrameDirect
12-30 11:12:02.636   360   931 D EvsDriver: Delivered 0xb400e2ca9e40c2d0 as id 0
12-30 11:12:02.636   359  2784 D evsmanagerd: /dev/video-evs0 forwarded the buffer #0 to 0xb400f125d2b26dd0 from 0xb400f125e2b20710
12-30 11:12:02.640   360   458 D EvsDriver: doneWithFrame
12-30 11:12:02.669  1667  2594 W ContextImpl: Calling a method in the system process without a qualified user: android.app.ContextImpl.bindService:1988 android.content.ContextWrapper.bindService:861 com.ford.sync.fnvservice.FordFnv.c:202 com.ford.sync.fnvservice.FordFnv.c:43 com.ford.sync.fnvservice.FordFnv$RetryHandler.handleMessage:245 
12-30 11:12:02.669  2358  2623 D RcfController: Rcf proxy is not connected!
12-30 11:12:02.669   360   931 D EvsDriver: forwardFrame
12-30 11:12:02.669   360   931 D EvsDriver: forwardFrameDirect
12-30 11:12:02.670   360   931 D EvsDriver: Delivered 0xb400e2ca9e40d090 as id 1
12-30 11:12:02.670   916  2591 W ActivityManager: Unable to start service Intent { cmp=com.ford.sync.fnvservice/.FordFnvService } U=0: not found
12-30 11:12:02.670   359  2784 D evsmanagerd: /dev/video-evs0 forwarded the buffer #1 to 0xb400f125d2b26dd0 from 0xb400f125e2b20710
12-30 11:12:02.670  1667  2594 W FordFnv :  bind ford fnv failed -> sendRetryMessage 
12-30 11:12:02.674   596  3076 E WifiHAL : Invalid data received from driver
12-30 11:12:02.680   360   458 D EvsDriver: doneWithFrame
12-30 11:12:02.703   360   931 D EvsDriver: forwardFrame
12-30 11:12:02.703   360   931 D EvsDriver: forwardFrameDirect
12-30 11:12:02.703   360   931 D EvsDriver: Delivered 0xb400e2ca9e40e110 as id 0
12-30 11:12:02.703   359  2784 D evsmanagerd: /dev/video-evs0 forwarded the buffer #0 to 0xb400f125d2b26dd0 from 0xb400f125e2b20710
12-30 11:12:02.708  3066  3066 D hostapd : nl80211: BSS Event 59 (NL80211_CMD_FRAME) received for wlan1
12-30 11:12:02.708  3066  3066 D hostapd : nl80211: RX frame da=ff:ff:ff:ff:ff:ff sa=a4:04:50:ce:f7:da bssid=a4:04:50:ce:f7:da freq=5745 ssi_signal=-8800 fc=0xd0 seq_ctrl=0x77a0 stype=13 (WLAN_FC_STYPE_ACTION) len=42
12-30 11:12:02.708  3066  3066 D hostapd : wlan1: Event RX_MGMT (18) received
12-30 11:12:02.708  3066  3066 D hostapd : Receive wpa msg : Event RX_MGMT (18) received
12-30 11:12:02.711   360   458 D EvsDriver: doneWithFrame
12-30 11:12:02.719   596  3076 E WifiHAL : Invalid data received from driver
12-30 11:12:02.719  2358  2623 D RcfController: Rcf proxy is not connected!
12-30 11:12:02.719  3066  3066 D hostapd : nl80211: BSS Event 59 (NL80211_CMD_FRAME) received for wlan1
12-30 11:12:02.719  3066  3066 D hostapd : nl80211: RX frame da=ff:ff:ff:ff:ff:ff sa=ce:50:21:02:82:f9 bssid=ce:50:21:02:82:f9 freq=5745 ssi_signal=-9000 fc=0xd0 seq_ctrl=0x4830 stype=13 (WLAN_FC_STYPE_ACTION) len=42
12-30 11:12:02.720  3066  3066 D hostapd : wlan1: Event RX_MGMT (18) received
12-30 11:12:02.720  3066  3066 D hostapd : Receive wpa msg : Event RX_MGMT (18) received
12-30 11:12:02.720  1582  3078 I c       : checkService in back thread add: adayo.upgrade.v2.0
12-30 11:12:02.721  1582  3078 E upgradeApp_251223_V1  l: d(null:11)pre->c(null:23)-> serviceBinder is null
12-30 11:12:02.721  1582  3078 W c       : doBindService in back thread fail: adayo.upgrade.v2.0
12-30 11:12:02.728  1667  2407 I media_message_log->MediaMessageProxy: (SourceFile:1)b connectToService action bind
12-30 11:12:02.729   916  2591 W ActivityManager: Unable to start service Intent { cmp=com.adayo.server.mediamessagetransfer/.MediaMessTransferService (has extras) } U=0: not found
12-30 11:12:02.730  1667  2407 E media_message_log->MediaMessageProxy: (SourceFile:7)a bindServiceAsUser isBound = false
12-30 11:12:02.736   360   931 D EvsDriver: forwardFrame
12-30 11:12:02.736   360   931 D EvsDriver: forwardFrameDirect
12-30 11:12:02.736   360   931 D EvsDriver: Delivered 0xb400e2ca9e40c7a0 as id 1
12-30 11:12:02.737   359  2784 D evsmanagerd: /dev/video-evs0 forwarded the buffer #1 to 0xb400f125d2b26dd0 from 0xb400f125e2b20710
12-30 11:12:02.741   360   458 D EvsDriver: doneWithFrame
12-30 11:12:02.769   360   931 D EvsDriver: forwardFrame
12-30 11:12:02.769   360   931 D EvsDriver: forwardFrameDirect
12-30 11:12:02.770   360   931 D EvsDriver: Delivered 0xb400e2ca9e40e270 as id 0
12-30 11:12:02.770  2358  2623 D RcfController: Rcf proxy is not connected!
12-30 11:12:02.770   359  2784 D evsmanagerd: /dev/video-evs0 forwarded the buffer #0 to 0xb400f125d2b26dd0 from 0xb400f125e2b20710
12-30 11:12:02.772   360   458 D EvsDriver: doneWithFrame
12-30 11:12:02.783   596  3076 E WifiHAL : Invalid data received from driver
12-30 11:12:02.803   360   931 D EvsDriver: forwardFrame
12-30 11:12:02.803   360   931 D EvsDriver: forwardFrameDirect
12-30 11:12:02.803   360   931 D EvsDriver: Delivered 0xb400e2ca9e40d4b0 as id 1
12-30 11:12:02.803   359  2784 D evsmanagerd: /dev/video-evs0 forwarded the buffer #1 to 0xb400f125d2b26dd0 from 0xb400f125e2b20710
12-30 11:12:02.808   798 12737 W adbd    : timed out while waiting for FUNCTIONFS_BIND, trying again
12-30 11:12:02.808   798 12737 I adbd    : UsbFfs: connection terminated: monitor thread finished
12-30 11:12:02.809   798   798 I adbd    : UsbFfs: already offline
12-30 11:12:02.809   798   798 I adbd    : destroying transport UsbFfs
12-30 11:12:02.809   798   798 I adbd    : UsbFfsConnection being destroyed
12-30 11:12:02.812   360   458 D EvsDriver: doneWithFrame
12-30 11:12:02.820  2358  2623 D RcfController: Rcf proxy is not connected!
12-30 11:12:02.836   360   931 D EvsDriver: forwardFrame
12-30 11:12:02.836   360   931 D EvsDriver: forwardFrameDirect
12-30 11:12:02.836   360   931 D EvsDriver: Delivered 0xb400e2ca9e40c2d0 as id 0
12-30 11:12:02.836   359  2784 D evsmanagerd: /dev/video-evs0 forwarded the buffer #0 to 0xb400f125d2b26dd0 from 0xb400f125e2b20710
12-30 11:12:02.838   798   838 I adbd    : opening control endpoint /dev/usb-ffs/adb/ep0
12-30 11:12:02.839   798   838 I adbd    : UsbFfsConnection constructed
12-30 11:12:02.840   798 12738 I adbd    : UsbFfs-monitor thread spawned
01-01 10:34:19.848   838   838 I         : read descriptors
01-01 10:34:19.848   838   838 I         : read strings
01-01 10:34:19.850     1     1 I init    : processing action (sys.usb.config=adb && sys.usb.configfs=1 && sys.usb.ffs.ready=1) from (/system/etc/init/hw/init.usb.configfs.rc:20)
12-30 11:12:02.843   360   458 D EvsDriver: doneWithFrame
12-30 11:12:02.864 12739 12739 I auditd  : type=1400 audit(0.0:1035275): avc:  denied  { entrypoint } for  comm="init" path="/system/bin/sh" dev="dm-1" ino=8660711 scontext=u:r:trace_resource:s0 tcontext=u:object_r:shell_exec:s0 tclass=file permissive=1
12-30 11:12:02.864 12739 12739 I init    : type=1400 audit(0.0:1035275): avc:  denied  { entrypoint } for  path="/system/bin/sh" dev="dm-1" ino=8660711 scontext=u:r:trace_resource:s0 tcontext=u:object_r:shell_exec:s0 tclass=file permissive=1
12-30 11:12:02.869   360   931 D EvsDriver: forwardFrame
12-30 11:12:02.869   360   931 D EvsDriver: forwardFrameDirect
12-30 11:12:02.870   360   931 D EvsDriver: Delivered 0xb400e2ca9e40d090 as id 1
12-30 11:12:02.870   359  2784 D evsmanagerd: /dev/video-evs0 forwarded the buffer #1 to 0xb400f125d2b26dd0 from 0xb400f125e2b20710
12-30 11:12:02.870  2358  2623 D RcfController: Rcf proxy is not connected!
12-30 11:12:02.873   360   458 D EvsDriver: doneWithFrame
01-01 10:34:19.881     1     1 I init    : Command 'write /config/usb_gadget/g1/UDC ${sys.usb.controller}' action=sys.usb.config=adb && sys.usb.configfs=1 && sys.usb.ffs.ready=1 (/system/etc/init/hw/init.usb.configfs.rc:23) took 0ms and failed: Unable to write to file '/config/usb_gadget/g1/UDC': Unable to write file contents: Device or resource busy
01-01 10:34:19.882     1     1 I init    : processing action (sys.usb.config=adb && sys.usb.configfs=1 && sys.usb.ffs.ready=1) from (/vendor/etc/init/init.x9hp_ms.usb.rc:72)
12-30 11:12:02.874   596  3076 E WifiHAL : Invalid data received from driver
12-30 11:12:02.874   596  3076 E WifiHAL : Invalid data received from driver
12-30 11:12:02.874   596  3076 E WifiHAL : Invalid data received from driver
12-30 11:12:02.874   596  3076 E WifiHAL : Invalid data received from driver
12-30 11:12:02.874   596  3076 E WifiHAL : Invalid data received from driver
12-30 11:12:02.874   596  3076 E WifiHAL : Invalid data received from driver
12-30 11:12:02.874   596  3076 E WifiHAL : Invalid data received from driver
12-30 11:12:02.872 12739 12739 I auditd  : type=1400 audit(0.0:1035276): avc:  denied  { map } for  comm="sh" path="/system/bin/sh" dev="dm-1" ino=8660711 scontext=u:r:trace_resource:s0 tcontext=u:object_r:shell_exec:s0 tclass=file permissive=1
12-30 11:12:02.872 12739 12739 I sh      : type=1400 audit(0.0:1035276): avc:  denied  { map } for  path="/system/bin/sh" dev="dm-1" ino=8660711 scontext=u:r:trace_resource:s0 tcontext=u:object_r:shell_exec:s0 tclass=file permissive=1
12-30 11:12:02.872 12739 12739 I auditd  : type=1400 audit(0.0:1035277): avc:  denied  { read } for  comm="sh" path="/system/bin/sh" dev="dm-1" ino=8660711 scontext=u:r:trace_resource:s0 tcontext=u:object_r:shell_exec:s0 tclass=file permissive=1
12-30 11:12:02.872 12739 12739 I sh      : type=1400 audit(0.0:1035277): avc:  denied  { read } for  path="/system/bin/sh" dev="dm-1" ino=8660711 scontext=u:r:trace_resource:s0 tcontext=u:object_r:shell_exec:s0 tclass=file permissive=1
12-30 11:12:02.872 12739 12739 I auditd  : type=1400 audit(0.0:1035278): avc:  denied  { execute } for  comm="sh" path="/system/bin/sh" dev="dm-1" ino=8660711 scontext=u:r:trace_resource:s0 tcontext=u:object_r:shell_exec:s0 tclass=file permissive=1
12-30 11:12:02.872 12739 12739 I sh      : type=1400 audit(0.0:1035278): avc:  denied  { execute } for  path="/system/bin/sh" dev="dm-1" ino=8660711 scontext=u:r:trace_resource:s0 tcontext=u:object_r:shell_exec:s0 tclass=file permissive=1
12-30 11:12:02.876 12739 12739 I auditd  : type=1400 audit(0.0:1035279): avc:  denied  { getattr } for  comm="sh" path="/system/bin/sh" dev="dm-1" ino=8660711 scontext=u:r:trace_resource:s0 tcontext=u:object_r:shell_exec:s0 tclass=file permissive=1
12-30 11:12:02.876 12739 12739 I sh      : type=1400 audit(0.0:1035279): avc:  denied  { getattr } for  path="/system/bin/sh" dev="dm-1" ino=8660711 scontext=u:r:trace_resource:s0 tcontext=u:object_r:shell_exec:s0 tclass=file permissive=1
12-30 11:12:02.886   596  3076 E WifiHAL : Invalid data received from driver
12-30 11:12:02.889  3066  3066 D hostapd : nl80211: BSS Event 59 (NL80211_CMD_FRAME) received for wlan1
12-30 11:12:02.889  3066  3066 D hostapd : nl80211: RX frame da=ff:ff:ff:ff:ff:ff sa=a4:04:50:ce:f7:da bssid=a4:04:50:ce:f7:da freq=5745 ssi_signal=-8600 fc=0xd0 seq_ctrl=0x7830 stype=13 (WLAN_FC_STYPE_ACTION) len=42
12-30 11:12:02.889  3066  3066 D hostapd : wlan1: Event RX_MGMT (18) received
12-30 11:12:02.889  3066  3066 D hostapd : Receive wpa msg : Event RX_MGMT (18) received
12-30 11:12:02.893  2475  2681 I TtsServiceAgent: check thread start checking, threadId = 29
12-30 11:12:02.893  2475  2681 D TtsServiceAgent: start bind service...
12-30 11:12:02.893  2475  2681 D TtsServiceAgent: ----->initService, usage = 16
12-30 11:12:02.893  2475  2681 W ContextImpl: Calling a method in the system process without a qualified user: android.app.ContextImpl.bindService:1988 android.content.ContextWrapper.bindService:861 com.iflytek.autofly.ttsaidl.ttsproxy.TtsServiceAgent.initService:189 com.iflytek.autofly.ttsaidl.ttsproxy.TtsServiceAgent.initService:133 com.iflytek.autofly.ttsaidl.ttsproxy.TtsServiceAgent$2.run:517 
12-30 11:12:02.894   916  2591 W ActivityManager: Unable to start service Intent { act=com.iflytek.autofly.tts.ttsservice.TtsAdapterService cmp=com.iflytek.cutefly.speechclient.hmi/com.iflytek.autofly.tts.ttsservice.TtsAdapterService } U=0: not found
12-30 11:12:02.894  2475  2681 D TtsServiceAgent: bindService: false
12-30 11:12:02.895  2475  2681 D TtsServiceAgent: start reInitService
12-30 11:12:02.895  2475  2681 D TtsServiceAgent: aidlCheckThreadRunning = true
12-30 11:12:02.895  2475  2681 D TtsServiceAgent: ----->check connection status in 1000s...
12-30 11:12:02.903   360   931 D EvsDriver: forwardFrame
12-30 11:12:02.903   360   931 D EvsDriver: forwardFrameDirect
12-30 11:12:02.903   360   931 D EvsDriver: Delivered 0xb400e2ca9e40e110 as id 0
12-30 11:12:02.903   359  2784 D evsmanagerd: /dev/video-evs0 forwarded the buffer #0 to 0xb400f125d2b26dd0 from 0xb400f125e2b20710
12-30 11:12:02.914   360   458 D EvsDriver: doneWithFrame
12-30 11:12:02.912 12739 12739 I auditd  : type=1400 audit(0.0:1035280): avc:  denied  { getattr } for  comm="sh" path="/system/bin/toybox" dev="dm-1" ino=8926292 scontext=u:r:trace_resource:s0 tcontext=u:object_r:toolbox_exec:s0 tclass=file permissive=1
12-30 11:12:02.912 12739 12739 I sh      : type=1400 audit(0.0:1035280): avc:  denied  { getattr } for  path="/system/bin/toybox" dev="dm-1" ino=8926292 scontext=u:r:trace_resource:s0 tcontext=u:object_r:toolbox_exec:s0 tclass=file permissive=1
12-30 11:12:02.912 12739 12739 I auditd  : type=1400 audit(0.0:1035281): avc:  denied  { execute } for  comm="sh" name="toybox" dev="dm-1" ino=8926292 scontext=u:r:trace_resource:s0 tcontext=u:object_r:toolbox_exec:s0 tclass=file permissive=1
12-30 11:12:02.912 12739 12739 I sh      : type=1400 audit(0.0:1035281): avc:  denied  { execute } for  name="toybox" dev="dm-1" ino=8926292 scontext=u:r:trace_resource:s0 tcontext=u:object_r:toolbox_exec:s0 tclass=file permissive=1
12-30 11:12:02.919  3066  3066 D hostapd : nl80211: BSS Event 59 (NL80211_CMD_FRAME) received for wlan1
12-30 11:12:02.920  3066  3066 D hostapd : nl80211: RX frame da=ff:ff:ff:ff:ff:ff sa=de:bb:0d:97:ae:5f bssid=de:bb:0d:97:ae:5f freq=5745 ssi_signal=-9100 fc=0xd0 seq_ctrl=0x260 stype=13 (WLAN_FC_STYPE_ACTION) len=42
12-30 11:12:02.920  3066  3066 D hostapd : wlan1: Event RX_MGMT (18) received
12-30 11:12:02.920  3066  3066 D hostapd : Receive wpa msg : Event RX_MGMT (18) received
12-30 11:12:02.921  2358  2623 D RcfController: Rcf proxy is not connected!
12-30 11:12:02.916 12740 12740 I auditd  : type=1400 audit(0.0:1035282): avc:  denied  { read open } for  comm="sh" path="/system/bin/toybox" dev="dm-1" ino=8926292 scontext=u:r:trace_resource:s0 tcontext=u:object_r:toolbox_exec:s0 tclass=file permissive=1
12-30 11:12:02.916 12740 12740 I sh      : type=1400 audit(0.0:1035282): avc:  denied  { read open } for  path="/system/bin/toybox" dev="dm-1" ino=8926292 scontext=u:r:trace_resource:s0 tcontext=u:object_r:toolbox_exec:s0 tclass=file permissive=1
12-30 11:12:02.916 12740 12740 I auditd  : type=1400 audit(0.0:1035283): avc:  denied  { execute_no_trans } for  comm="sh" path="/system/bin/toybox" dev="dm-1" ino=8926292 scontext=u:r:trace_resource:s0 tcontext=u:object_r:toolbox_exec:s0 tclass=file permissive=1
12-30 11:12:02.916 12740 12740 I sh      : type=1400 audit(0.0:1035283): avc:  denied  { execute_no_trans } for  path="/system/bin/toybox" dev="dm-1" ino=8926292 scontext=u:r:trace_resource:s0 tcontext=u:object_r:toolbox_exec:s0 tclass=file permissive=1
12-30 11:12:02.924   596  3076 E WifiHAL : Invalid data received from driver
01-01 10:34:19.932 12740 12740 E audit   : rate limit exceeded
12-30 11:12:02.936   360   931 D EvsDriver: forwardFrame
12-30 11:12:02.936   360   931 D EvsDriver: forwardFrameDirect
12-30 11:12:02.936   360   931 D EvsDriver: Delivered 0xb400e2ca9e40c7a0 as id 1
12-30 11:12:02.936   359  2784 D evsmanagerd: /dev/video-evs0 forwarded the buffer #1 to 0xb400f125d2b26dd0 from 0xb400f125e2b20710
12-30 11:12:02.939  3066  3066 D hostapd : nl80211: BSS Event 59 (NL80211_CMD_FRAME) received for wlan1
12-30 11:12:02.939  3066  3066 D hostapd : nl80211: RX frame da=ff:ff:ff:ff:ff:ff sa=de:bb:0d:97:ae:5f bssid=de:bb:0d:97:ae:5f freq=5745 ssi_signal=-9000 fc=0xd0 seq_ctrl=0x270 stype=13 (WLAN_FC_STYPE_ACTION) len=42
12-30 11:12:02.939  3066  3066 D hostapd : wlan1: Event RX_MGMT (18) received
12-30 11:12:02.939  3066  3066 D hostapd : Receive wpa msg : Event RX_MGMT (18) received
12-30 11:12:02.942 12740 12740 I ADAYO_LOG_TRACE_RESOURCE: execute start
12-30 11:12:02.944   360   458 D EvsDriver: doneWithFrame
12-30 11:12:02.951  3066  3066 D hostapd : nl80211: BSS Event 59 (NL80211_CMD_FRAME) received for wlan1
12-30 11:12:02.951  3066  3066 D hostapd : nl80211: RX frame da=ff:ff:ff:ff:ff:ff sa=a4:04:50:ce:f7:da bssid=a4:04:50:ce:f7:da freq=5745 ssi_signal=-8700 fc=0xd0 seq_ctrl=0x7860 stype=13 (WLAN_FC_STYPE_ACTION) len=42
12-30 11:12:02.951  3066  3066 D hostapd : wlan1: Event RX_MGMT (18) received
12-30 11:12:02.951  3066  3066 D hostapd : Receive wpa msg : Event RX_MGMT (18) received
12-30 11:12:02.955   596  3076 E WifiHAL : Invalid data received from driver
12-30 11:12:02.960  3066  3066 D hostapd : nl80211: BSS Event 59 (NL80211_CMD_FRAME) received for wlan1
12-30 11:12:02.960  3066  3066 D hostapd : nl80211: RX frame da=ff:ff:ff:ff:ff:ff sa=de:bb:0d:97:ae:5f bssid=de:bb:0d:97:ae:5f freq=5745 ssi_signal=-9200 fc=0xd0 seq_ctrl=0x280 stype=13 (WLAN_FC_STYPE_ACTION) len=42
12-30 11:12:02.960  3066  3066 D hostapd : wlan1: Event RX_MGMT (18) received
12-30 11:12:02.960  3066  3066 D hostapd : Receive wpa msg : Event RX_MGMT (18) received
12-30 11:12:02.969   360   931 D EvsDriver: forwardFrame
12-30 11:12:02.969   360   931 D EvsDriver: forwardFrameDirect
12-30 11:12:02.969   360   931 D EvsDriver: Delivered 0xb400e2ca9e40e270 as id 0
12-30 11:12:02.970   359  2784 D evsmanagerd: /dev/video-evs0 forwarded the buffer #0 to 0xb400f125d2b26dd0 from 0xb400f125e2b20710
12-30 11:12:02.971  2358  2623 D RcfController: Rcf proxy is not connected!
12-30 11:12:02.974   360   458 D EvsDriver: doneWithFrame
12-30 11:12:02.983 12742 12742 I ADAYO_LOG_TRACE_RESOURCE: executing
12-30 11:12:02.988   596  3076 E WifiHAL : Invalid data received from driver
12-30 11:12:02.991  3066  3066 D hostapd : nl80211: BSS Event 59 (NL80211_CMD_FRAME) received for wlan1
12-30 11:12:02.991  3066  3066 D hostapd : nl80211: RX frame da=ff:ff:ff:ff:ff:ff sa=a4:04:50:ce:f7:da bssid=a4:04:50:ce:f7:da freq=5745 ssi_signal=-8700 fc=0xd0 seq_ctrl=0x7880 stype=13 (WLAN_FC_STYPE_ACTION) len=42
12-30 11:12:02.991  3066  3066 D hostapd : wlan1: Event RX_MGMT (18) received
12-30 11:12:02.991  3066  3066 D hostapd : Receive wpa msg : Event RX_MGMT (18) received
12-30 11:12:03.003   360   931 D EvsDriver: forwardFrame
12-30 11:12:03.003   360   931 D EvsDriver: forwardFrameDirect
12-30 11:12:03.003   360   931 D EvsDriver: Delivered 0xb400e2ca9e40d4b0 as id 1
12-30 11:12:03.003   359  2784 D evsmanagerd: /dev/video-evs0 forwarded the buffer #1 to 0xb400f125d2b26dd0 from 0xb400f125e2b20710
12-30 11:12:03.004   360   458 D EvsDriver: doneWithFrame
12-30 11:12:03.021  1667  2410 I media_message_log->MediaMessageUserProxy: (SourceFile:1)b connectToService action bind
12-30 11:12:03.021  2358  2623 D RcfController: Rcf proxy is not connected!
12-30 11:12:03.021  3066  3066 D hostapd : nl80211: BSS Event 59 (NL80211_CMD_FRAME) received for wlan1
12-30 11:12:03.021 12744 12744 I ADAYO_LOG_TRACE_RESOURCE: collect_dest_path:/mnt/sdcard/logcat_GNSS/
12-30 11:12:03.021  3066  3066 D hostapd : nl80211: RX frame da=ff:ff:ff:ff:ff:ff sa=de:bb:0d:97:ae:5f bssid=de:bb:0d:97:ae:5f freq=5745 ssi_signal=-9200 fc=0xd0 seq_ctrl=0x2b0 stype=13 (WLAN_FC_STYPE_ACTION) len=42
12-30 11:12:03.021  3066  3066 D hostapd : wlan1: Event RX_MGMT (18) received
12-30 11:12:03.021  3066  3066 D hostapd : Receive wpa msg : Event RX_MGMT (18) received
12-30 11:12:03.022   916  2591 W ActivityManager: Unable to start service Intent { cmp=com.adayo.server.mediamessagetransfer/.MediaMessTransferService (has extras) } U=0: not found
12-30 11:12:03.022  1667  2410 E media_message_log->MediaMessageUserProxy: (SourceFile:7)a bindServiceAsUser isBound = false
12-30 11:12:03.024   596  3076 E WifiHAL : Invalid data received from driver
12-30 11:12:03.036   360   931 D EvsDriver: forwardFrame
12-30 11:12:03.036   360   931 D EvsDriver: forwardFrameDirect
12-30 11:12:03.036   360   931 D EvsDriver: Delivered 0xb400e2ca9e40c2d0 as id 0
12-30 11:12:03.036   359  2784 D evsmanagerd: /dev/video-evs0 forwarded the buffer #0 to 0xb400f125d2b26dd0 from 0xb400f125e2b20710
12-30 11:12:03.045   360   458 D EvsDriver: doneWithFrame
12-30 11:12:03.069   360   931 D EvsDriver: forwardFrame
12-30 11:12:03.069   360   931 D EvsDriver: forwardFrameDirect
12-30 11:12:03.069   360   931 D EvsDriver: Delivered 0xb400e2ca9e40d090 as id 1
12-30 11:12:03.070   359  2784 D evsmanagerd: /dev/video-evs0 forwarded the buffer #1 to 0xb400f125d2b26dd0 from 0xb400f125e2b20710
12-30 11:12:03.071  2358  2623 D RcfController: Rcf proxy is not connected!
12-30 11:12:03.075   360   458 D EvsDriver: doneWithFrame
12-30 11:12:03.090 12747 12747 I ADAYO_LOG_TRACE_RESOURCE: file_path:/mnt/sdcard/logcat_GNSS//gnss_log.log
12-30 11:12:03.103   360   931 D EvsDriver: forwardFrame
12-30 11:12:03.103   360   931 D EvsDriver: forwardFrameDirect
12-30 11:12:03.103   360   931 D EvsDriver: Delivered 0xb400e2ca9e40e110 as id 0
12-30 11:12:03.103   359  2784 D evsmanagerd: /dev/video-evs0 forwarded the buffer #0 to 0xb400f125d2b26dd0 from 0xb400f125e2b20710
12-30 11:12:03.105   360   458 D EvsDriver: doneWithFrame
12-30 11:12:03.117   596  3076 E WifiHAL : Invalid data received from driver
12-30 11:12:03.117  3066  3066 D hostapd : nl80211: BSS Event 59 (NL80211_CMD_FRAME) received for wlan1
12-30 11:12:03.117  3066  3066 D hostapd : nl80211: RX frame da=ff:ff:ff:ff:ff:ff sa=a4:04:50:ce:f7:da bssid=a4:04:50:ce:f7:da freq=5745 ssi_signal=-8600 fc=0xd0 seq_ctrl=0x7900 stype=13 (WLAN_FC_STYPE_ACTION) len=42
12-30 11:12:03.117  3066  3066 D hostapd : wlan1: Event RX_MGMT (18) received
12-30 11:12:03.117  3066  3066 D hostapd : Receive wpa msg : Event RX_MGMT (18) received
12-30 11:12:03.122  2358  2623 D RcfController: Rcf proxy is not connected!
12-30 11:12:03.135  3066  3066 D hostapd : nl80211: BSS Event 59 (NL80211_CMD_FRAME) received for wlan1
12-30 11:12:03.135  3066  3066 D hostapd : nl80211: RX frame da=ff:ff:ff:ff:ff:ff sa=a4:04:50:ce:f7:da bssid=a4:04:50:ce:f7:da freq=5745 ssi_signal=-8700 fc=0xd0 seq_ctrl=0x7910 stype=13 (WLAN_FC_STYPE_ACTION) len=42
12-30 11:12:03.135  3066  3066 D hostapd : wlan1: Event RX_MGMT (18) received
12-30 11:12:03.135  3066  3066 D hostapd : Receive wpa msg : Event RX_MGMT (18) received
12-30 11:12:03.135   657   908 D EvsApp  : state:255,subState:255,desiredState:0,subDesiredState:0
12-30 11:12:03.136   360   931 D EvsDriver: forwardFrame
12-30 11:12:03.136   360   931 D EvsDriver: forwardFrameDirect
12-30 11:12:03.136   360   931 D EvsDriver: Delivered 0xb400e2ca9e40c7a0 as id 1
12-30 11:12:03.136 12750 12750 I ADAYO_LOG_TRACE_RESOURCE: folder_size:0
12-30 11:12:03.136   359  2784 D evsmanagerd: /dev/video-evs0 forwarded the buffer #1 to 0xb400f125d2b26dd0 from 0xb400f125e2b20710
12-30 11:12:03.141   596  3076 E WifiHAL : Invalid data received from driver
12-30 11:12:03.141   596  3076 E WifiHAL : Invalid data received from driver
12-30 11:12:03.141   596  3076 E WifiHAL : Invalid data received from driver
12-30 11:12:03.141   596  3076 E WifiHAL : Invalid data received from driver
12-30 11:12:03.141   596  3076 E WifiHAL : Invalid data received from driver
12-30 11:12:03.141   596  3076 E WifiHAL : Invalid data received from driver
12-30 11:12:03.142   596  3076 E WifiHAL : Invalid data received from driver
12-30 11:12:03.144   596  3076 E WifiHAL : Invalid data received from driver
12-30 11:12:03.144  3066  3066 D hostapd : nl80211: BSS Event 59 (NL80211_CMD_FRAME) received for wlan1
12-30 11:12:03.144  3066  3066 D hostapd : nl80211: RX frame da=ff:ff:ff:ff:ff:ff sa=de:bb:0d:97:ae:5f bssid=de:bb:0d:97:ae:5f freq=5745 ssi_signal=-9100 fc=0xd0 seq_ctrl=0x340 stype=13 (WLAN_FC_STYPE_ACTION) len=42
12-30 11:12:03.144  3066  3066 D hostapd : wlan1: Event RX_MGMT (18) received
12-30 11:12:03.144  3066  3066 D hostapd : Receive wpa msg : Event RX_MGMT (18) received
12-30 11:12:03.146   360   458 D EvsDriver: doneWithFrame
12-30 11:12:03.155  3066  3066 D hostapd : nl80211: BSS Event 59 (NL80211_CMD_FRAME) received for wlan1
12-30 11:12:03.155  3066  3066 D hostapd : nl80211: RX frame da=ff:ff:ff:ff:ff:ff sa=a4:04:50:ce:f7:da bssid=a4:04:50:ce:f7:da freq=5745 ssi_signal=-8500 fc=0xd0 seq_ctrl=0x7920 stype=13 (WLAN_FC_STYPE_ACTION) len=42
12-30 11:12:03.155  3066  3066 D hostapd : wlan1: Event RX_MGMT (18) received
12-30 11:12:03.155  3066  3066 D hostapd : Receive wpa msg : Event RX_MGMT (18) received
12-30 11:12:03.165  3066  3066 D hostapd : nl80211: BSS Event 59 (NL80211_CMD_FRAME) received for wlan1
12-30 11:12:03.165  3066  3066 D hostapd : nl80211: RX frame da=ff:ff:ff:ff:ff:ff sa=de:bb:0d:97:ae:5f bssid=de:bb:0d:97:ae:5f freq=5745 ssi_signal=-9100 fc=0xd0 seq_ctrl=0x350 stype=13 (WLAN_FC_STYPE_ACTION) len=42
12-30 11:12:03.165  3066  3066 D hostapd : wlan1: Event RX_MGMT (18) received
12-30 11:12:03.165  3066  3066 D hostapd : Receive wpa msg : Event RX_MGMT (18) received
12-30 11:12:03.169   360   931 I EvsDriver: /dev/video-evs0 VideoCapture fps 30.0017
12-30 11:12:03.169   360   931 D EvsDriver: forwardFrame
12-30 11:12:03.169   360   931 D EvsDriver: forwardFrameDirect
12-30 11:12:03.169   360   931 D EvsDriver: Delivered 0xb400e2ca9e40e270 as id 0
12-30 11:12:03.170   359  2784 D evsmanagerd: /dev/video-evs0 forwarded the buffer #0 to 0xb400f125d2b26dd0 from 0xb400f125e2b20710
12-30 11:12:03.172  2358  2623 D RcfController: Rcf proxy is not connected!
12-30 11:12:03.176   596  3076 E WifiHAL : Invalid data received from driver
12-30 11:12:03.176   360   458 D EvsDriver: doneWithFrame
12-30 11:12:03.203   360   931 D EvsDriver: forwardFrame
12-30 11:12:03.203   360   931 D EvsDriver: forwardFrameDirect
12-30 11:12:03.203   360   931 D EvsDriver: Delivered 0xb400e2ca9e40d4b0 as id 1
12-30 11:12:03.203   359  2784 D evsmanagerd: /dev/video-evs0 forwarded the buffer #1 to 0xb400f125d2b26dd0 from 0xb400f125e2b20710
12-30 11:12:03.206   360   458 D EvsDriver: doneWithFrame
12-30 11:12:03.210  3066  3066 D hostapd : nl80211: BSS Event 59 (NL80211_CMD_FRAME) received for wlan1
12-30 11:12:03.211  3066  3066 D hostapd : nl80211: RX frame da=ff:ff:ff:ff:ff:ff sa=ce:50:21:02:82:f9 bssid=ce:50:21:02:82:f9 freq=5745 ssi_signal=-9000 fc=0xd0 seq_ctrl=0x49d0 stype=13 (WLAN_FC_STYPE_ACTION) len=42
12-30 11:12:03.211  3066  3066 D hostapd : wlan1: Event RX_MGMT (18) received
12-30 11:12:03.211  3066  3066 D hostapd : Receive wpa msg : Event RX_MGMT (18) received
12-30 11:12:03.213  1667  2513 W ContextImpl: Calling a method in the system process without a qualified user: android.app.ContextImpl.bindService:1988 android.content.ContextWrapper.bindService:861 com.ford.sync.fnvservice.analytics.AnalyticsManager$RetryHandler.a:126 com.ford.sync.fnvservice.analytics.AnalyticsManager$RetryHandler.handleMessage:103 android.os.Handler.dispatchMessage:106 
12-30 11:12:03.213   916  2591 W ActivityManager: Unable to start service Intent { cmp=com.ford.sync.fnvservice/.analytics.AnalyticsService } U=0: not found
12-30 11:12:03.214  1667  2513 W AnalyticsManager:  bind ford Analytics failed -> sendRetryMessage 
12-30 11:12:03.222  2358  2623 D RcfController: Rcf proxy is not connected!
12-30 11:12:03.231   596  3076 E WifiHAL : Invalid data received from driver
12-30 11:12:03.236   360   931 D EvsDriver: forwardFrame
12-30 11:12:03.236   360   931 D EvsDriver: forwardFrameDirect
12-30 11:12:03.236   360   931 D EvsDriver: Delivered 0xb400e2ca9e40c2d0 as id 0
12-30 11:12:03.236   359  2784 D evsmanagerd: /dev/video-evs0 forwarded the buffer #0 to 0xb400f125d2b26dd0 from 0xb400f125e2b20710
12-30 11:12:03.247   360   458 D EvsDriver: doneWithFrame
12-30 11:12:03.251  3066  3066 D hostapd : nl80211: BSS Event 59 (NL80211_CMD_FRAME) received for wlan1
12-30 11:12:03.251  3066  3066 D hostapd : nl80211: RX frame da=ff:ff:ff:ff:ff:ff sa=ce:50:21:02:82:f9 bssid=ce:50:21:02:82:f9 freq=5745 ssi_signal=-9100 fc=0xd0 seq_ctrl=0x49f0 stype=13 (WLAN_FC_STYPE_ACTION) len=42
12-30 11:12:03.251  3066  3066 D hostapd : wlan1: Event RX_MGMT (18) received
12-30 11:12:03.251  3066  3066 D hostapd : Receive wpa msg : Event RX_MGMT (18) received
12-30 11:12:03.269   360   931 D EvsDriver: forwardFrame
12-30 11:12:03.269   360   931 D EvsDriver: forwardFrameDirect
12-30 11:12:03.269   360   931 D EvsDriver: Delivered 0xb400e2ca9e40d090 as id 1
12-30 11:12:03.270   359  2784 D evsmanagerd: /dev/video-evs0 forwarded the buffer #1 to 0xb400f125d2b26dd0 from 0xb400f125e2b20710
12-30 11:12:03.272  2358  2623 D RcfController: Rcf proxy is not connected!
12-30 11:12:03.277   360   458 D EvsDriver: doneWithFrame
12-30 11:12:03.278   596  3076 E WifiHAL : Invalid data received from driver
12-30 11:12:03.303   360   931 D EvsDriver: forwardFrame
12-30 11:12:03.303   360   931 D EvsDriver: forwardFrameDirect
12-30 11:12:03.303   360   931 D EvsDriver: Delivered 0xb400e2ca9e40e110 as id 0
12-30 11:12:03.303   359  2784 D evsmanagerd: /dev/video-evs0 forwarded the buffer #0 to 0xb400f125d2b26dd0 from 0xb400f125e2b20710
12-30 11:12:03.307   360   458 D EvsDriver: doneWithFrame
12-30 11:12:03.322  2358  2623 D RcfController: Rcf proxy is not connected!
12-30 11:12:03.336   360   931 D EvsDriver: forwardFrame
12-30 11:12:03.336   360   931 D EvsDriver: forwardFrameDirect
12-30 11:12:03.336   360   931 D EvsDriver: Delivered 0xb400e2ca9e40c7a0 as id 1
12-30 11:12:03.336   359  2784 D evsmanagerd: /dev/video-evs0 forwarded the buffer #1 to 0xb400f125d2b26dd0 from 0xb400f125e2b20710
12-30 11:12:03.338   360   458 D EvsDriver: doneWithFrame
12-30 11:12:03.344 12758 12758 I ADAYO_LOG_TRACE_RESOURCE: execute interrupt
12-30 11:12:03.367 12759 12759 I ADAYO_LOG_TRACE_RESOURCE: execute end
12-30 11:12:03.369   360   931 D EvsDriver: forwardFrame
12-30 11:12:03.369   360   931 D EvsDriver: forwardFrameDirect
12-30 11:12:03.369   360   931 D EvsDriver: Delivered 0xb400e2ca9e40e270 as id 0
12-30 11:12:03.370   359  2784 D evsmanagerd: /dev/video-evs0 forwarded the buffer #0 to 0xb400f125d2b26dd0 from 0xb400f125e2b20710
12-30 11:12:03.373  2358  2623 D RcfController: Rcf proxy is not connected!
01-01 10:34:20.380     1     1 I init    : Service 'trace_resource' (pid 12739) exited with status 0
01-01 10:34:20.381     1     1 I libprocessgroup: Successfully killed process cgroup uid 0 pid 12739 in 0ms
12-30 11:12:03.374  3066  3066 D hostapd : nl80211: BSS Event 59 (NL80211_CMD_FRAME) received for wlan1
12-30 11:12:03.374  3066  3066 D hostapd : nl80211: RX frame da=ff:ff:ff:ff:ff:ff sa=ce:50:21:02:82:f9 bssid=ce:50:21:02:82:f9 freq=5745 ssi_signal=-9100 fc=0xd0 seq_ctrl=0x4a50 stype=13 (WLAN_FC_STYPE_ACTION) len=42
12-30 11:12:03.374  3066  3066 D hostapd : wlan1: Event RX_MGMT (18) received
12-30 11:12:03.374  3066  3066 D hostapd : Receive wpa msg : Event RX_MGMT (18) received
12-30 11:12:03.374   596  3076 E WifiHAL : Invalid data received from driver
12-30 11:12:03.378   360   458 D EvsDriver: doneWithFrame
12-30 11:12:03.398   594 12627 D resolv  : retrying_poll: 55 retrying_poll timeout
12-30 11:12:03.398   594 12627 D resolv  : send_dg: timeout
12-30 11:12:03.398   594 12627 I resolv  : res_nsend: used send_dg 0 terrno: 110
12-30 11:12:03.398   594 12627 D resolv  : res_nsend: Querying server (# 2) address = 8.8.8.8:53
12-30 11:12:03.398   594 12627 D resolv  : get_timeout: using timeout of 5000 msec
12-30 11:12:03.398   594 12627 D resolv  : retrying_poll: 11 retrying_poll
12-30 11:12:03.403   360   931 D EvsDriver: forwardFrame
12-30 11:12:03.403   360   931 D EvsDriver: forwardFrameDirect
12-30 11:12:03.403   360   931 D EvsDriver: Delivered 0xb400e2ca9e40d4b0 as id 1
12-30 11:12:03.403   359  2784 D evsmanagerd: /dev/video-evs0 forwarded the buffer #1 to 0xb400f125d2b26dd0 from 0xb400f125e2b20710
12-30 11:12:03.408   360   458 D EvsDriver: doneWithFrame
12-30 11:12:03.415 12760 12760 I flags_health_check: ServerConfigurableFlagsReset reset_mode value: 1
12-30 11:12:03.415 12760 12760 I flags_health_check: ServerConfigurableFlagsReset updatable crashing detected, resetting flags.
12-30 11:12:03.423  2358  2623 D RcfController: Rcf proxy is not connected!
12-30 11:12:03.424   665  1525 I gps_hdbd: [gps_upgrade_thread 3403]Enter
12-30 11:12:03.424   665  1525 I gps_hdbd: [gps_upgrade_thread 3432] sys.gps.update:0 ,file:not ,upgrate_ing:0
12-30 11:12:03.435   596  3076 E WifiHAL : Invalid data received from driver
12-30 11:12:03.435   596  3076 E WifiHAL : Invalid data received from driver
12-30 11:12:03.435   596  3076 E WifiHAL : Invalid data received from driver
12-30 11:12:03.435   596  3076 E WifiHAL : Invalid data received from driver
12-30 11:12:03.435   596  3076 E WifiHAL : Invalid data received from driver
12-30 11:12:03.435   596  3076 E WifiHAL : Invalid data received from driver
12-30 11:12:03.435   596  3076 E WifiHAL : Invalid data received from driver
12-30 11:12:03.436   360   931 D EvsDriver: forwardFrame
12-30 11:12:03.436   360   931 D EvsDriver: forwardFrameDirect
12-30 11:12:03.436   360   931 D EvsDriver: Delivered 0xb400e2ca9e40c2d0 as id 0
12-30 11:12:03.436   359  2784 D evsmanagerd: /dev/video-evs0 forwarded the buffer #0 to 0xb400f125d2b26dd0 from 0xb400f125e2b20710
12-30 11:12:03.439   360   458 D EvsDriver: doneWithFrame
12-30 11:12:03.469   360   931 D EvsDriver: forwardFrame
12-30 11:12:03.469   360   931 D EvsDriver: forwardFrameDirect
12-30 11:12:03.469   360   931 D EvsDriver: Delivered 0xb400e2ca9e40d090 as id 1
12-30 11:12:03.469   359  2784 D evsmanagerd: /dev/video-evs0 forwarded the buffer #1 to 0xb400f125d2b26dd0 from 0xb400f125e2b20710
12-30 11:12:03.472   596  3076 E WifiHAL : Invalid data received from driver
12-30 11:12:03.473  2358  2623 D RcfController: Rcf proxy is not connected!
12-30 11:12:03.479   360   458 D EvsDriver: doneWithFrame
12-30 11:12:03.502   360   931 D EvsDriver: forwardFrame
12-30 11:12:03.503   360   931 D EvsDriver: forwardFrameDirect
12-30 11:12:03.503   360   931 D EvsDriver: Delivered 0xb400e2ca9e40e110 as id 0
12-30 11:12:03.503   359  2784 D evsmanagerd: /dev/video-evs0 forwarded the buffer #0 to 0xb400f125d2b26dd0 from 0xb400f125e2b20710
12-30 11:12:03.509   360   458 D EvsDriver: doneWithFrame
12-30 11:12:03.523  2358  2623 D RcfController: Rcf proxy is not connected!
12-30 11:12:03.536   360   931 D EvsDriver: forwardFrame
12-30 11:12:03.536   360   931 D EvsDriver: forwardFrameDirect
12-30 11:12:03.536   360   931 D EvsDriver: Delivered 0xb400e2ca9e40c7a0 as id 1
12-30 11:12:03.536   359  2784 D evsmanagerd: /dev/video-evs0 forwarded the buffer #1 to 0xb400f125d2b26dd0 from 0xb400f125e2b20710
12-30 11:12:03.537  3066  3066 D hostapd : nl80211: BSS Event 59 (NL80211_CMD_FRAME) received for wlan1
12-30 11:12:03.537  3066  3066 D hostapd : nl80211: RX frame da=ff:ff:ff:ff:ff:ff sa=de:bb:0d:97:ae:5f bssid=de:bb:0d:97:ae:5f freq=5745 ssi_signal=-9100 fc=0xd0 seq_ctrl=0x490 stype=13 (WLAN_FC_STYPE_ACTION) len=42
12-30 11:12:03.537  3066  3066 D hostapd : wlan1: Event RX_MGMT (18) received
12-30 11:12:03.537  3066  3066 D hostapd : Receive wpa msg : Event RX_MGMT (18) received
12-30 11:12:03.539   360   458 D EvsDriver: doneWithFrame
12-30 11:12:03.558   596  3076 E WifiHAL : Invalid data received from driver
12-30 11:12:03.569   360   931 D EvsDriver: forwardFrame
12-30 11:12:03.569   360   931 D EvsDriver: forwardFrameDirect
12-30 11:12:03.569   360   931 D EvsDriver: Delivered 0xb400e2ca9e40e270 as id 0
12-30 11:12:03.569   359  2784 D evsmanagerd: /dev/video-evs0 forwarded the buffer #0 to 0xb400f125d2b26dd0 from 0xb400f125e2b20710
12-30 11:12:03.573  2358  2623 D RcfController: Rcf proxy is not connected!
12-30 11:12:03.578   650   729 D fgemcucomm: sd Uart data : 6AA60220E60002920262
12-30 11:12:03.578   650   729 D fgemcucomm: rev uart=76485,len=20, data : 6AA68120E6000C920200080000000000000000D1
12-30 11:12:03.578   398   466 D adayocomadapter-ParseProtocolFunc: printRaWMsg Name[MCUToUPstream recv] len[12] data[920200080000000000000000]
12-30 11:12:03.578   398   466 D adayocomadapter-CommunicationManager: onUpstreamback   member[0] dataLength[9] timePoint[9259400]
12-30 11:12:03.578   398   466 D adayocomadapter-ParseProtocolFunc: printRaWMsg Name[onUpstreamback] len[9] data[080000000000000000]
12-30 11:12:03.578   398   464 D adayocomadapter-UpstreamHandler: processBeforePacket upSreamtProcessTimePoint[9259400] 
12-30 11:12:03.578   398   464 D adayocomadapter-UpstreamHandler: processPacket UPSTREAM_QUEUE_DATA_TIMEOUT
12-30 11:12:03.578   398   464 D adayocomadapter-ParseProtocolFunc: parseCommonIPCLBytes Processing tableNumber[8]
12-30 11:12:03.578   398   464 D adayocomadapter-ParseProtocolFunc: parseCommonIPCLBytes Processing tablename[Table-8] tableSize[9]
12-30 11:12:03.578   398   464 D adayocomadapter-ParseProtocolFunc: printRaWMsg Name[byteStream recv] len[9] data[080000000000000000]
12-30 11:12:03.578   398   464 D adayocomadapter-ParseProtocolFunc: printRaWMsg Name[IPCLtoVHAL] len[7] data[2141208F010000]
12-30 11:12:03.578   398   464 D adayocomadapter-ParseProtocolFunc: printRaWMsg Name[IPCLtoVHAL] len[7] data[21412090010000]
12-30 11:12:03.578   398   464 D adayocomadapter-ParseProtocolFunc: printRaWMsg Name[IPCLtoVHAL] len[7] data[21412091010000]
12-30 11:12:03.578   398   464 D adayocomadapter-ParseProtocolFunc: printRaWMsg Name[IPCLtoVHAL] len[7] data[21412092010000]
12-30 11:12:03.578   398   464 D adayocomadapter-CommunicationManager: onUpstreamReceive mPropertyId 0x2141208f
12-30 11:12:03.579   398   464 I vw-vhal : notifyVehicleProperty, propId = 0x2141208f, data = {status: 2, int32Values: [0, 0]}
12-30 11:12:03.579   398   464 I vw-vhal : CanSignalsAdapter::notifyVehicleProperty: solvedValue = {.timestamp = 9259400931101, .areaId = 0, .prop = 557916303, .status = AVAILABLE, .value = {.int32Values = [2]{0, 0}, .floatValues = [0]{}, .int64Values = [0]{}, .bytes = [0]{}, .stringValue = ""}}
12-30 11:12:03.579   398   464 I VehiclePropertyStore: begin to write value to Store: {.timestamp = 9259400931101, .areaId = 0, .prop = 557916303, .status = AVAILABLE, .value = {.int32Values = [2]{0, 0}, .floatValues = [0]{}, .int64Values = [0]{}, .bytes = [0]{}, .stringValue = ""}}
12-30 11:12:03.579   398   464 I DefaultVehicleHal_v2_0: DefaultVehicleHal::onPropertyValue, value:{.timestamp = 9259400931101, .areaId = 0, .prop = 557916303, .status = AVAILABLE, .value = {.int32Values = [2]{0, 0}, .floatValues = [0]{}, .int64Values = [0]{}, .bytes = [0]{}, .stringValue = ""}}
12-30 11:12:03.579   398   464 D DiagPropHandler: is not DiagnosticConfig: 0x2141208f
12-30 11:12:03.579   398   464 I VehiclePropertyStore: begin to write value to Store: {.timestamp = 9259400931101, .areaId = 0, .prop = 557916303, .status = AVAILABLE, .value = {.int32Values = [2]{0, 0}, .floatValues = [0]{}, .int64Values = [0]{}, .bytes = [0]{}, .stringValue = ""}}
12-30 11:12:03.579   398   464 D adayocomadapter-CommunicationManager: onUpstreamReceive mPropertyId 0x2141208f
12-30 11:12:03.579   398   464 D adayocomadapter-CommunicationManager: onUpstreamReceive mPropertyId 0x21412090
12-30 11:12:03.579   398   464 I vw-vhal : notifyVehicleProperty, propId = 0x21412090, data = {status: 2, int32Values: [0, 0]}
12-30 11:12:03.579   398   464 I vw-vhal : CanSignalsAdapter::notifyVehicleProperty: solvedValue = {.timestamp = 9259401156435, .areaId = 0, .prop = 557916304, .status = AVAILABLE, .value = {.int32Values = [2]{0, 0}, .floatValues = [0]{}, .int64Values = [0]{}, .bytes = [0]{}, .stringValue = ""}}
12-30 11:12:03.579   398   464 I VehiclePropertyStore: begin to write value to Store: {.timestamp = 9259401156435, .areaId = 0, .prop = 557916304, .status = AVAILABLE, .value = {.int32Values = [2]{0, 0}, .floatValues = [0]{}, .int64Values = [0]{}, .bytes = [0]{}, .stringValue = ""}}
12-30 11:12:03.579   398   464 I DefaultVehicleHal_v2_0: DefaultVehicleHal::onPropertyValue, value:{.timestamp = 9259401156435, .areaId = 0, .prop = 557916304, .status = AVAILABLE, .value = {.int32Values = [2]{0, 0}, .floatValues = [0]{}, .int64Values = [0]{}, .bytes = [0]{}, .stringValue = ""}}
12-30 11:12:03.579   398   464 D DiagPropHandler: is not DiagnosticConfig: 0x21412090
12-30 11:12:03.579   398   464 I VehiclePropertyStore: begin to write value to Store: {.timestamp = 9259401156435, .areaId = 0, .prop = 557916304, .status = AVAILABLE, .value = {.int32Values = [2]{0, 0}, .floatValues = [0]{}, .int64Values = [0]{}, .bytes = [0]{}, .stringValue = ""}}
12-30 11:12:03.579   398   464 D adayocomadapter-CommunicationManager: onUpstreamReceive mPropertyId 0x21412090
12-30 11:12:03.579   398   464 D adayocomadapter-CommunicationManager: onUpstreamReceive mPropertyId 0x21412091
12-30 11:12:03.579   398   464 I vw-vhal : notifyVehicleProperty, propId = 0x21412091, data = {status: 2, int32Values: [0, 0]}
12-30 11:12:03.579   398   464 I vw-vhal : CanSignalsAdapter::notifyVehicleProperty: solvedValue = {.timestamp = 9259401352435, .areaId = 0, .prop = 557916305, .status = AVAILABLE, .value = {.int32Values = [2]{0, 0}, .floatValues = [0]{}, .int64Values = [0]{}, .bytes = [0]{}, .stringValue = ""}}
12-30 11:12:03.579   398   464 I VehiclePropertyStore: begin to write value to Store: {.timestamp = 9259401352435, .areaId = 0, .prop = 557916305, .status = AVAILABLE, .value = {.int32Values = [2]{0, 0}, .floatValues = [0]{}, .int64Values = [0]{}, .bytes = [0]{}, .stringValue = ""}}
12-30 11:12:03.579   398   464 I DefaultVehicleHal_v2_0: DefaultVehicleHal::onPropertyValue, value:{.timestamp = 9259401352435, .areaId = 0, .prop = 557916305, .status = AVAILABLE, .value = {.int32Values = [2]{0, 0}, .floatValues = [0]{}, .int64Values = [0]{}, .bytes = [0]{}, .stringValue = ""}}
12-30 11:12:03.579   398   464 D DiagPropHandler: is not DiagnosticConfig: 0x21412091
12-30 11:12:03.579   398   464 I VehiclePropertyStore: begin to write value to Store: {.timestamp = 9259401352435, .areaId = 0, .prop = 557916305, .status = AVAILABLE, .value = {.int32Values = [2]{0, 0}, .floatValues = [0]{}, .int64Values = [0]{}, .bytes = [0]{}, .stringValue = ""}}
12-30 11:12:03.579   398   464 D adayocomadapter-CommunicationManager: onUpstreamReceive mPropertyId 0x21412091
12-30 11:12:03.579   398   464 D adayocomadapter-CommunicationManager: onUpstreamReceive mPropertyId 0x21412092
12-30 11:12:03.579   398   464 I vw-vhal : notifyVehicleProperty, propId = 0x21412092, data = {status: 2, int32Values: [0, 0]}
12-30 11:12:03.579   398   464 I vw-vhal : CanSignalsAdapter::notifyVehicleProperty: solvedValue = {.timestamp = 9259401546768, .areaId = 0, .prop = 557916306, .status = AVAILABLE, .value = {.int32Values = [2]{0, 0}, .floatValues = [0]{}, .int64Values = [0]{}, .bytes = [0]{}, .stringValue = ""}}
12-30 11:12:03.579   398   464 I VehiclePropertyStore: begin to write value to Store: {.timestamp = 9259401546768, .areaId = 0, .prop = 557916306, .status = AVAILABLE, .value = {.int32Values = [2]{0, 0}, .floatValues = [0]{}, .int64Values = [0]{}, .bytes = [0]{}, .stringValue = ""}}
12-30 11:12:03.579   398   464 I DefaultVehicleHal_v2_0: DefaultVehicleHal::onPropertyValue, value:{.timestamp = 9259401546768, .areaId = 0, .prop = 557916306, .status = AVAILABLE, .value = {.int32Values = [2]{0, 0}, .floatValues = [0]{}, .int64Values = [0]{}, .bytes = [0]{}, .stringValue = ""}}
12-30 11:12:03.579   398   464 D DiagPropHandler: is not DiagnosticConfig: 0x21412092
12-30 11:12:03.579   398   464 I VehiclePropertyStore: begin to write value to Store: {.timestamp = 9259401546768, .areaId = 0, .prop = 557916306, .status = AVAILABLE, .value = {.int32Values = [2]{0, 0}, .floatValues = [0]{}, .int64Values = [0]{}, .bytes = [0]{}, .stringValue = ""}}
12-30 11:12:03.579   398   464 D adayocomadapter-CommunicationManager: onUpstreamReceive mPropertyId 0x21412092
12-30 11:12:03.580   360   458 D EvsDriver: doneWithFrame
12-30 11:12:03.602   360   931 D EvsDriver: forwardFrame
12-30 11:12:03.603   360   931 D EvsDriver: forwardFrameDirect
12-30 11:12:03.603   360   931 D EvsDriver: Delivered 0xb400e2ca9e40d4b0 as id 1
12-30 11:12:03.603   359  2784 D evsmanagerd: /dev/video-evs0 forwarded the buffer #1 to 0xb400f125d2b26dd0 from 0xb400f125e2b20710
12-30 11:12:03.610   360   458 D EvsDriver: doneWithFrame
12-30 11:12:03.623  2358  2623 D RcfController: Rcf proxy is not connected!
12-30 11:12:03.636   360   931 D EvsDriver: forwardFrame
12-30 11:12:03.636   360   931 D EvsDriver: forwardFrameDirect
12-30 11:12:03.636   360   931 D EvsDriver: Delivered 0xb400e2ca9e40c2d0 as id 0
12-30 11:12:03.636   359  2784 D evsmanagerd: /dev/video-evs0 forwarded the buffer #0 to 0xb400f125d2b26dd0 from 0xb400f125e2b20710
12-30 11:12:03.640   360   458 D EvsDriver: doneWithFrame
12-30 11:12:03.658   596  3076 E WifiHAL : Invalid data received from driver
12-30 11:12:03.668   650   729 D fgemcucomm: sd Uart data : 6AA60220E70002920261
12-30 11:12:03.668   650   729 D fgemcucomm: rev uart=76486,len=17, data : 6AA68120E70009920200060000000000D5
12-30 11:12:03.668   398   466 D adayocomadapter-ParseProtocolFunc: printRaWMsg Name[MCUToUPstream recv] len[9] data[920200060000000000]
12-30 11:12:03.668   398   466 D adayocomadapter-CommunicationManager: onUpstreamback   member[0] dataLength[6] timePoint[9259490]
12-30 11:12:03.668   398   466 D adayocomadapter-ParseProtocolFunc: printRaWMsg Name[onUpstreamback] len[6] data[060000000000]
12-30 11:12:03.668   398   464 D adayocomadapter-UpstreamHandler: processBeforePacket upSreamtProcessTimePoint[9259490] 
12-30 11:12:03.668   398   464 D adayocomadapter-UpstreamHandler: processPacket UPSTREAM_QUEUE_DATA_TIMEOUT
12-30 11:12:03.668   398   464 D adayocomadapter-ParseProtocolFunc: parseCommonIPCLBytes Processing tableNumber[6]
12-30 11:12:03.668   398   464 D adayocomadapter-ParseProtocolFunc: parseCommonIPCLBytes Processing tablename[Table-6] tableSize[6]
12-30 11:12:03.668   398   464 D adayocomadapter-ParseProtocolFunc: printRaWMsg Name[byteStream recv] len[6] data[060000000000]
12-30 11:12:03.668   398   464 D adayocomadapter-ParseProtocolFunc: printRaWMsg Name[IPCLtoVHAL] len[6] data[214020020000]
12-30 11:12:03.668   398   464 D adayocomadapter-ParseProtocolFunc: printRaWMsg Name[IPCLtoVHAL] len[6] data[214020200000]
12-30 11:12:03.668   398   464 D adayocomadapter-ParseProtocolFunc: printRaWMsg Name[IPCLtoVHAL] len[6] data[214020040000]
12-30 11:12:03.668   398   464 D adayocomadapter-ParseProtocolFunc: printRaWMsg Name[IPCLtoVHAL] len[6] data[214020090000]
12-30 11:12:03.668   398   464 D adayocomadapter-ParseProtocolFunc: printRaWMsg Name[IPCLtoVHAL] len[6] data[214020080000]
12-30 11:12:03.668   398   464 D adayocomadapter-CommunicationManager: onUpstreamReceive mPropertyId 0x21402002
12-30 11:12:03.668   398   464 D adayocomadapter-CommunicationManager: convertBytesToInt32Memcpy  0
12-30 11:12:03.668   398   464 I vw-vhal : notifyVehicleProperty, propId = 0x21402002, data = {status: 2, int32Values: [0]}
12-30 11:12:03.668   398   464 I vw-vhal : CanSignalsAdapter::notifyVehicleProperty: solvedValue = {.timestamp = 9259490765101, .areaId = 0, .prop = 557850626, .status = AVAILABLE, .value = {.int32Values = [1]{0}, .floatValues = [0]{}, .int64Values = [0]{}, .bytes = [0]{}, .stringValue = ""}}
12-30 11:12:03.668   398   464 I VehiclePropertyStore: begin to write value to Store: {.timestamp = 9259490765101, .areaId = 0, .prop = 557850626, .status = AVAILABLE, .value = {.int32Values = [1]{0}, .floatValues = [0]{}, .int64Values = [0]{}, .bytes = [0]{}, .stringValue = ""}}
12-30 11:12:03.669   398   464 I DefaultVehicleHal_v2_0: DefaultVehicleHal::onPropertyValue, value:{.timestamp = 9259490765101, .areaId = 0, .prop = 557850626, .status = AVAILABLE, .value = {.int32Values = [1]{0}, .floatValues = [0]{}, .int64Values = [0]{}, .bytes = [0]{}, .stringValue = ""}}
12-30 11:12:03.669   398   464 D DiagPropHandler: is not DiagnosticConfig: 0x21402002
12-30 11:12:03.669   398   464 I VehiclePropertyStore: begin to write value to Store: {.timestamp = 9259490765101, .areaId = 0, .prop = 557850626, .status = AVAILABLE, .value = {.int32Values = [1]{0}, .floatValues = [0]{}, .int64Values = [0]{}, .bytes = [0]{}, .stringValue = ""}}
12-30 11:12:03.669   398   464 D adayocomadapter-CommunicationManager: onUpstreamReceive mPropertyId 0x21402002
12-30 11:12:03.669   398   464 D adayocomadapter-CommunicationManager: onUpstreamReceive mPropertyId 0x21402020
12-30 11:12:03.669   398   464 D adayocomadapter-CommunicationManager: convertBytesToInt32Memcpy  0
12-30 11:12:03.669   398   464 I vw-vhal : notifyVehicleProperty, propId = 0x21402020, data = {status: 2, int32Values: [0]}
12-30 11:12:03.669   398   464 I vw-vhal : CanSignalsAdapter::notifyVehicleProperty: solvedValue = {.timestamp = 9259490996101, .areaId = 0, .prop = 557850656, .status = AVAILABLE, .value = {.int32Values = [1]{0}, .floatValues = [0]{}, .int64Values = [0]{}, .bytes = [0]{}, .stringValue = ""}}
12-30 11:12:03.669   398   464 I VehiclePropertyStore: begin to write value to Store: {.timestamp = 9259490996101, .areaId = 0, .prop = 557850656, .status = AVAILABLE, .value = {.int32Values = [1]{0}, .floatValues = [0]{}, .int64Values = [0]{}, .bytes = [0]{}, .stringValue = ""}}
12-30 11:12:03.669   398   464 I DefaultVehicleHal_v2_0: DefaultVehicleHal::onPropertyValue, value:{.timestamp = 9259490996101, .areaId = 0, .prop = 557850656, .status = AVAILABLE, .value = {.int32Values = [1]{0}, .floatValues = [0]{}, .int64Values = [0]{}, .bytes = [0]{}, .stringValue = ""}}
12-30 11:12:03.669   398   464 D DiagPropHandler: is not DiagnosticConfig: 0x21402020
12-30 11:12:03.669   398   464 I VehiclePropertyStore: begin to write value to Store: {.timestamp = 9259490996101, .areaId = 0, .prop = 557850656, .status = AVAILABLE, .value = {.int32Values = [1]{0}, .floatValues = [0]{}, .int64Values = [0]{}, .bytes = [0]{}, .stringValue = ""}}
