12-30 11:12:00.659   398   464 I VehiclePropertyStore: begin to write value to Store: {.timestamp = 9256481602768, .areaId = 0, .prop = 557851095, .status = AVAILABLE, .value = {.int32Values = [1]{0}, .floatValues = [0]{}, .int64Values = [0]{}, .bytes = [0]{}, .stringValue = ""}}
12-30 11:12:00.659   398   464 D adayocomadapter-CommunicationManager: onUpstreamReceive mPropertyId 0x214021d7
12-30 11:12:00.659   398   464 D adayocomadapter-CommunicationManager: onUpstreamReceive mPropertyId 0x21402143
12-30 11:12:00.659   398   464 D adayocomadapter-CommunicationManager: convertBytesToInt32Memcpy  0
12-30 11:12:00.659   398   464 I vw-vhal : notifyVehicleProperty, propId = 0x21402143, data = {status: 2, int32Values: [0]}
12-30 11:12:00.659   398   464 I vw-vhal : CanSignalsAdapter::notifyVehicleProperty: solvedValue = {.timestamp = 9256481790101, .areaId = 0, .prop = 557850947, .status = AVAILABLE, .value = {.int32Values = [1]{0}, .floatValues = [0]{}, .int64Values = [0]{}, .bytes = [0]{}, .stringValue = ""}}
12-30 11:12:00.659   398   464 I VehiclePropertyStore: begin to write value to Store: {.timestamp = 9256481790101, .areaId = 0, .prop = 557850947, .status = AVAILABLE, .value = {.int32Values = [1]{0}, .floatValues = [0]{}, .int64Values = [0]{}, .bytes = [0]{}, .stringValue = ""}}
12-30 11:12:00.660   398   464 I DefaultVehicleHal_v2_0: DefaultVehicleHal::onPropertyValue, value:{.timestamp = 9256481790101, .areaId = 0, .prop = 557850947, .status = AVAILABLE, .value = {.int32Values = [1]{0}, .floatValues = [0]{}, .int64Values = [0]{}, .bytes = [0]{}, .stringValue = ""}}
12-30 11:12:00.660   398   464 D DiagPropHandler: is not DiagnosticConfig: 0x21402143
12-30 11:12:00.660   398   464 I VehiclePropertyStore: begin to write value to Store: {.timestamp = 9256481790101, .areaId = 0, .prop = 557850947, .status = AVAILABLE, .value = {.int32Values = [1]{0}, .floatValues = [0]{}, .int64Values = [0]{}, .bytes = [0]{}, .stringValue = ""}}
12-30 11:12:00.660   398   464 D adayocomadapter-CommunicationManager: onUpstreamReceive mPropertyId 0x21402143
12-30 11:12:00.660   398   464 D adayocomadapter-CommunicationManager: onUpstreamReceive mPropertyId 0x21402146
12-30 11:12:00.660   398   464 D adayocomadapter-CommunicationManager: convertBytesToInt32Memcpy  0
12-30 11:12:00.660   398   464 I vw-vhal : notifyVehicleProperty, propId = 0x21402146, data = {status: 2, int32Values: [0]}
12-30 11:12:00.660   398   464 I vw-vhal : CanSignalsAdapter::notifyVehicleProperty: solvedValue = {.timestamp = 9256481972768, .areaId = 0, .prop = 557850950, .status = AVAILABLE, .value = {.int32Values = [1]{0}, .floatValues = [0]{}, .int64Values = [0]{}, .bytes = [0]{}, .stringValue = ""}}
12-30 11:12:00.660   398   464 I VehiclePropertyStore: begin to write value to Store: {.timestamp = 9256481972768, .areaId = 0, .prop = 557850950, .status = AVAILABLE, .value = {.int32Values = [1]{0}, .floatValues = [0]{}, .int64Values = [0]{}, .bytes = [0]{}, .stringValue = ""}}
12-30 11:12:00.660   398   464 I DefaultVehicleHal_v2_0: DefaultVehicleHal::onPropertyValue, value:{.timestamp = 9256481972768, .areaId = 0, .prop = 557850950, .status = AVAILABLE, .value = {.int32Values = [1]{0}, .floatValues = [0]{}, .int64Values = [0]{}, .bytes = [0]{}, .stringValue = ""}}
12-30 11:12:00.660   398   464 D DiagPropHandler: is not DiagnosticConfig: 0x21402146
12-30 11:12:00.660   398   464 I VehiclePropertyStore: begin to write value to Store: {.timestamp = 9256481972768, .areaId = 0, .prop = 557850950, .status = AVAILABLE, .value = {.int32Values = [1]{0}, .floatValues = [0]{}, .int64Values = [0]{}, .bytes = [0]{}, .stringValue = ""}}
12-30 11:12:00.660   398   464 D adayocomadapter-CommunicationManager: onUpstreamReceive mPropertyId 0x21402146
12-30 11:12:00.660   398   464 D adayocomadapter-CommunicationManager: onUpstreamReceive mPropertyId 0x21402147
12-30 11:12:00.660   398   464 D adayocomadapter-CommunicationManager: convertBytesToInt32Memcpy  0
12-30 11:12:00.660   398   464 I vw-vhal : notifyVehicleProperty, propId = 0x21402147, data = {status: 2, int32Values: [0]}
12-30 11:12:00.660   398   464 I vw-vhal : CanSignalsAdapter::notifyVehicleProperty: solvedValue = {.timestamp = 9256482155768, .areaId = 0, .prop = 557850951, .status = AVAILABLE, .value = {.int32Values = [1]{0}, .floatValues = [0]{}, .int64Values = [0]{}, .bytes = [0]{}, .stringValue = ""}}
12-30 11:12:00.660   398   464 I VehiclePropertyStore: begin to write value to Store: {.timestamp = 9256482155768, .areaId = 0, .prop = 557850951, .status = AVAILABLE, .value = {.int32Values = [1]{0}, .floatValues = [0]{}, .int64Values = [0]{}, .bytes = [0]{}, .stringValue = ""}}
12-30 11:12:00.660   398   464 I DefaultVehicleHal_v2_0: DefaultVehicleHal::onPropertyValue, value:{.timestamp = 9256482155768, .areaId = 0, .prop = 557850951, .status = AVAILABLE, .value = {.int32Values = [1]{0}, .floatValues = [0]{}, .int64Values = [0]{}, .bytes = [0]{}, .stringValue = ""}}
12-30 11:12:00.660   398   464 D DiagPropHandler: is not DiagnosticConfig: 0x21402147
12-30 11:12:00.660   398   464 I VehiclePropertyStore: begin to write value to Store: {.timestamp = 9256482155768, .areaId = 0, .prop = 557850951, .status = AVAILABLE, .value = {.int32Values = [1]{0}, .floatValues = [0]{}, .int64Values = [0]{}, .bytes = [0]{}, .stringValue = ""}}
12-30 11:12:00.660   398   464 D adayocomadapter-CommunicationManager: onUpstreamReceive mPropertyId 0x21402147
12-30 11:12:00.660   398   464 D adayocomadapter-CommunicationManager: onUpstreamReceive mPropertyId 0x21402148
12-30 11:12:00.660   398   464 D adayocomadapter-CommunicationManager: convertBytesToInt32Memcpy  0
12-30 11:12:00.660   398   464 I vw-vhal : notifyVehicleProperty, propId = 0x21402148, data = {status: 2, int32Values: [0]}
12-30 11:12:00.660   398   464 I vw-vhal : CanSignalsAdapter::notifyVehicleProperty: solvedValue = {.timestamp = 9256482341768, .areaId = 0, .prop = 557850952, .status = AVAILABLE, .value = {.int32Values = [1]{0}, .floatValues = [0]{}, .int64Values = [0]{}, .bytes = [0]{}, .stringValue = ""}}
12-30 11:12:00.660   398   464 I VehiclePropertyStore: begin to write value to Store: {.timestamp = 9256482341768, .areaId = 0, .prop = 557850952, .status = AVAILABLE, .value = {.int32Values = [1]{0}, .floatValues = [0]{}, .int64Values = [0]{}, .bytes = [0]{}, .stringValue = ""}}
12-30 11:12:00.660   398   464 I DefaultVehicleHal_v2_0: DefaultVehicleHal::onPropertyValue, value:{.timestamp = 9256482341768, .areaId = 0, .prop = 557850952, .status = AVAILABLE, .value = {.int32Values = [1]{0}, .floatValues = [0]{}, .int64Values = [0]{}, .bytes = [0]{}, .stringValue = ""}}
12-30 11:12:00.660   398   464 D DiagPropHandler: is not DiagnosticConfig: 0x21402148
12-30 11:12:00.660   398   464 I VehiclePropertyStore: begin to write value to Store: {.timestamp = 9256482341768, .areaId = 0, .prop = 557850952, .status = AVAILABLE, .value = {.int32Values = [1]{0}, .floatValues = [0]{}, .int64Values = [0]{}, .bytes = [0]{}, .stringValue = ""}}
12-30 11:12:00.660   398   464 D adayocomadapter-CommunicationManager: onUpstreamReceive mPropertyId 0x21402148
12-30 11:12:00.660   398   464 D adayocomadapter-CommunicationManager: onUpstreamReceive mPropertyId 0x21402149
12-30 11:12:00.660   398   464 D adayocomadapter-CommunicationManager: convertBytesToInt32Memcpy  0
12-30 11:12:00.660   398   464 I vw-vhal : notifyVehicleProperty, propId = 0x21402149, data = {status: 2, int32Values: [0]}
12-30 11:12:00.660   398   464 I vw-vhal : CanSignalsAdapter::notifyVehicleProperty: solvedValue = {.timestamp = 9256482530434, .areaId = 0, .prop = 557850953, .status = AVAILABLE, .value = {.int32Values = [1]{0}, .floatValues = [0]{}, .int64Values = [0]{}, .bytes = [0]{}, .stringValue = ""}}
12-30 11:12:00.660   398   464 I VehiclePropertyStore: begin to write value to Store: {.timestamp = 9256482530434, .areaId = 0, .prop = 557850953, .status = AVAILABLE, .value = {.int32Values = [1]{0}, .floatValues = [0]{}, .int64Values = [0]{}, .bytes = [0]{}, .stringValue = ""}}
12-30 11:12:00.660   398   464 I DefaultVehicleHal_v2_0: DefaultVehicleHal::onPropertyValue, value:{.timestamp = 9256482530434, .areaId = 0, .prop = 557850953, .status = AVAILABLE, .value = {.int32Values = [1]{0}, .floatValues = [0]{}, .int64Values = [0]{}, .bytes = [0]{}, .stringValue = ""}}
12-30 11:12:00.660   398   464 D DiagPropHandler: is not DiagnosticConfig: 0x21402149
12-30 11:12:00.660   398   464 I VehiclePropertyStore: begin to write value to Store: {.timestamp = 9256482530434, .areaId = 0, .prop = 557850953, .status = AVAILABLE, .value = {.int32Values = [1]{0}, .floatValues = [0]{}, .int64Values = [0]{}, .bytes = [0]{}, .stringValue = ""}}
12-30 11:12:00.660   398   464 D adayocomadapter-CommunicationManager: onUpstreamReceive mPropertyId 0x21402149
12-30 11:12:00.660   398   464 D adayocomadapter-CommunicationManager: onUpstreamReceive mPropertyId 0x2140214f
12-30 11:12:00.660   398   464 D adayocomadapter-CommunicationManager: convertBytesToInt32Memcpy  0
12-30 11:12:00.660   398   464 I vw-vhal : notifyVehicleProperty, propId = 0x2140214f, data = {status: 2, int32Values: [0]}
12-30 11:12:00.660   398   464 I vw-vhal : CanSignalsAdapter::notifyVehicleProperty: solvedValue = {.timestamp = 9256482715768, .areaId = 0, .prop = 557850959, .status = AVAILABLE, .value = {.int32Values = [1]{0}, .floatValues = [0]{}, .int64Values = [0]{}, .bytes = [0]{}, .stringValue = ""}}
12-30 11:12:00.660   398   464 I VehiclePropertyStore: begin to write value to Store: {.timestamp = 9256482715768, .areaId = 0, .prop = 557850959, .status = AVAILABLE, .value = {.int32Values = [1]{0}, .floatValues = [0]{}, .int64Values = [0]{}, .bytes = [0]{}, .stringValue = ""}}
12-30 11:12:00.660   398   464 I DefaultVehicleHal_v2_0: DefaultVehicleHal::onPropertyValue, value:{.timestamp = 9256482715768, .areaId = 0, .prop = 557850959, .status = AVAILABLE, .value = {.int32Values = [1]{0}, .floatValues = [0]{}, .int64Values = [0]{}, .bytes = [0]{}, .stringValue = ""}}
12-30 11:12:00.660   398   464 D DiagPropHandler: is not DiagnosticConfig: 0x2140214f
12-30 11:12:00.660   398   464 I VehiclePropertyStore: begin to write value to Store: {.timestamp = 9256482715768, .areaId = 0, .prop = 557850959, .status = AVAILABLE, .value = {.int32Values = [1]{0}, .floatValues = [0]{}, .int64Values = [0]{}, .bytes = [0]{}, .stringValue = ""}}
12-30 11:12:00.660   398   464 D adayocomadapter-CommunicationManager: onUpstreamReceive mPropertyId 0x2140214f
12-30 11:12:00.661   398   464 D adayocomadapter-CommunicationManager: onUpstreamReceive mPropertyId 0x21402150
12-30 11:12:00.661   398   464 D adayocomadapter-CommunicationManager: convertBytesToInt32Memcpy  0
12-30 11:12:00.661   398   464 I vw-vhal : notifyVehicleProperty, propId = 0x21402150, data = {status: 2, int32Values: [0]}
12-30 11:12:00.661   398   464 I vw-vhal : CanSignalsAdapter::notifyVehicleProperty: solvedValue = {.timestamp = 9256482913434, .areaId = 0, .prop = 557850960, .status = AVAILABLE, .value = {.int32Values = [1]{0}, .floatValues = [0]{}, .int64Values = [0]{}, .bytes = [0]{}, .stringValue = ""}}
12-30 11:12:00.661   398   464 I VehiclePropertyStore: begin to write value to Store: {.timestamp = 9256482913434, .areaId = 0, .prop = 557850960, .status = AVAILABLE, .value = {.int32Values = [1]{0}, .floatValues = [0]{}, .int64Values = [0]{}, .bytes = [0]{}, .stringValue = ""}}
12-30 11:12:00.661   398   464 I DefaultVehicleHal_v2_0: DefaultVehicleHal::onPropertyValue, value:{.timestamp = 9256482913434, .areaId = 0, .prop = 557850960, .status = AVAILABLE, .value = {.int32Values = [1]{0}, .floatValues = [0]{}, .int64Values = [0]{}, .bytes = [0]{}, .stringValue = ""}}
12-30 11:12:00.661   398   464 D DiagPropHandler: is not DiagnosticConfig: 0x21402150
12-30 11:12:00.661   398   464 I VehiclePropertyStore: begin to write value to Store: {.timestamp = 9256482913434, .areaId = 0, .prop = 557850960, .status = AVAILABLE, .value = {.int32Values = [1]{0}, .floatValues = [0]{}, .int64Values = [0]{}, .bytes = [0]{}, .stringValue = ""}}
12-30 11:12:00.661   398   464 D adayocomadapter-CommunicationManager: onUpstreamReceive mPropertyId 0x21402150
12-30 11:12:00.661   398   464 D adayocomadapter-CommunicationManager: onUpstreamReceive mPropertyId 0x21402144
12-30 11:12:00.661   398   464 I vw-vhal : notifyVehicleProperty, propId = 0x21402144, data = {status: 2, int32Values: [0, 0]}
12-30 11:12:00.661   398   464 D adayocomadapter-CommunicationManager: onUpstreamReceive mPropertyId 0x21402144
12-30 11:12:00.661   398   464 D adayocomadapter-CommunicationManager: onUpstreamReceive mPropertyId 0x21402151
12-30 11:12:00.661   398   464 D adayocomadapter-CommunicationManager: convertBytesToInt32Memcpy  0
12-30 11:12:00.661   398   464 I vw-vhal : notifyVehicleProperty, propId = 0x21402151, data = {status: 2, int32Values: [0]}
12-30 11:12:00.661   398   464 I vw-vhal : CanSignalsAdapter::notifyVehicleProperty: solvedValue = {.timestamp = 9256483185768, .areaId = 0, .prop = 557850961, .status = AVAILABLE, .value = {.int32Values = [1]{0}, .floatValues = [0]{}, .int64Values = [0]{}, .bytes = [0]{}, .stringValue = ""}}
12-30 11:12:00.661   398   464 I VehiclePropertyStore: begin to write value to Store: {.timestamp = 9256483185768, .areaId = 0, .prop = 557850961, .status = AVAILABLE, .value = {.int32Values = [1]{0}, .floatValues = [0]{}, .int64Values = [0]{}, .bytes = [0]{}, .stringValue = ""}}
12-30 11:12:00.661  2358  2623 D RcfController: Rcf proxy is not connected!
12-30 11:12:00.661   398   464 I DefaultVehicleHal_v2_0: DefaultVehicleHal::onPropertyValue, value:{.timestamp = 9256483185768, .areaId = 0, .prop = 557850961, .status = AVAILABLE, .value = {.int32Values = [1]{0}, .floatValues = [0]{}, .int64Values = [0]{}, .bytes = [0]{}, .stringValue = ""}}
12-30 11:12:00.661   398   464 D DiagPropHandler: is not DiagnosticConfig: 0x21402151
12-30 11:12:00.661   398   464 I VehiclePropertyStore: begin to write value to Store: {.timestamp = 9256483185768, .areaId = 0, .prop = 557850961, .status = AVAILABLE, .value = {.int32Values = [1]{0}, .floatValues = [0]{}, .int64Values = [0]{}, .bytes = [0]{}, .stringValue = ""}}
12-30 11:12:00.661   398   464 D adayocomadapter-CommunicationManager: onUpstreamReceive mPropertyId 0x21402151
12-30 11:12:00.661   398   464 D adayocomadapter-CommunicationManager: onUpstreamReceive mPropertyId 0x21402145
12-30 11:12:00.661   398   464 I vw-vhal : notifyVehicleProperty, propId = 0x21402145, data = {status: 2, int32Values: [0, 0]}
12-30 11:12:00.661   398   464 D adayocomadapter-CommunicationManager: onUpstreamReceive mPropertyId 0x21402145
12-30 11:12:00.661   398   464 D adayocomadapter-CommunicationManager: onUpstreamReceive mPropertyId 0x2140213d
12-30 11:12:00.661   398   464 D adayocomadapter-CommunicationManager: convertBytesToInt32Memcpy  0
12-30 11:12:00.661   398   464 I vw-vhal : notifyVehicleProperty, propId = 0x2140213d, data = {status: 2, int32Values: [0]}
12-30 11:12:00.661   398   464 I vw-vhal : CanSignalsAdapter::notifyVehicleProperty: solvedValue = {.timestamp = 9256483442768, .areaId = 0, .prop = 557850941, .status = AVAILABLE, .value = {.int32Values = [1]{0}, .floatValues = [0]{}, .int64Values = [0]{}, .bytes = [0]{}, .stringValue = ""}}
12-30 11:12:00.661   398   464 I VehiclePropertyStore: begin to write value to Store: {.timestamp = 9256483442768, .areaId = 0, .prop = 557850941, .status = AVAILABLE, .value = {.int32Values = [1]{0}, .floatValues = [0]{}, .int64Values = [0]{}, .bytes = [0]{}, .stringValue = ""}}
12-30 11:12:00.661   398   464 I DefaultVehicleHal_v2_0: DefaultVehicleHal::onPropertyValue, value:{.timestamp = 9256483442768, .areaId = 0, .prop = 557850941, .status = AVAILABLE, .value = {.int32Values = [1]{0}, .floatValues = [0]{}, .int64Values = [0]{}, .bytes = [0]{}, .stringValue = ""}}
12-30 11:12:00.661   398   464 D DiagPropHandler: is not DiagnosticConfig: 0x2140213d
12-30 11:12:00.661   398   464 I VehiclePropertyStore: begin to write value to Store: {.timestamp = 9256483442768, .areaId = 0, .prop = 557850941, .status = AVAILABLE, .value = {.int32Values = [1]{0}, .floatValues = [0]{}, .int64Values = [0]{}, .bytes = [0]{}, .stringValue = ""}}
12-30 11:12:00.661   398   464 D adayocomadapter-CommunicationManager: onUpstreamReceive mPropertyId 0x2140213d
12-30 11:12:00.661   398   464 D adayocomadapter-CommunicationManager: onUpstreamReceive mPropertyId 0x2140213e
12-30 11:12:00.661   398   464 D adayocomadapter-CommunicationManager: convertBytesToInt32Memcpy  0
12-30 11:12:00.661   398   464 I vw-vhal : notifyVehicleProperty, propId = 0x2140213e, data = {status: 2, int32Values: [0]}
12-30 11:12:00.661   398   464 I vw-vhal : CanSignalsAdapter::notifyVehicleProperty: solvedValue = {.timestamp = 9256483654434, .areaId = 0, .prop = 557850942, .status = AVAILABLE, .value = {.int32Values = [1]{0}, .floatValues = [0]{}, .int64Values = [0]{}, .bytes = [0]{}, .stringValue = ""}}
12-30 11:12:00.661   398   464 I VehiclePropertyStore: begin to write value to Store: {.timestamp = 9256483654434, .areaId = 0, .prop = 557850942, .status = AVAILABLE, .value = {.int32Values = [1]{0}, .floatValues = [0]{}, .int64Values = [0]{}, .bytes = [0]{}, .stringValue = ""}}
12-30 11:12:00.661   398   464 I DefaultVehicleHal_v2_0: DefaultVehicleHal::onPropertyValue, value:{.timestamp = 9256483654434, .areaId = 0, .prop = 557850942, .status = AVAILABLE, .value = {.int32Values = [1]{0}, .floatValues = [0]{}, .int64Values = [0]{}, .bytes = [0]{}, .stringValue = ""}}
12-30 11:12:00.661   398   464 D DiagPropHandler: is not DiagnosticConfig: 0x2140213e
12-30 11:12:00.661   398   464 I VehiclePropertyStore: begin to write value to Store: {.timestamp = 9256483654434, .areaId = 0, .prop = 557850942, .status = AVAILABLE, .value = {.int32Values = [1]{0}, .floatValues = [0]{}, .int64Values = [0]{}, .bytes = [0]{}, .stringValue = ""}}
12-30 11:12:00.661   398   464 D adayocomadapter-CommunicationManager: onUpstreamReceive mPropertyId 0x2140213e
12-30 11:12:00.661   398   464 D adayocomadapter-CommunicationManager: onUpstreamReceive mPropertyId 0x2140214a
12-30 11:12:00.661   398   464 D adayocomadapter-CommunicationManager: convertBytesToInt32Memcpy  0
12-30 11:12:00.661   398   464 I vw-vhal : notifyVehicleProperty, propId = 0x2140214a, data = {status: 2, int32Values: [0]}
12-30 11:12:00.662   398   464 I vw-vhal : CanSignalsAdapter::notifyVehicleProperty: solvedValue = {.timestamp = 9256483867434, .areaId = 0, .prop = 557850954, .status = AVAILABLE, .value = {.int32Values = [1]{0}, .floatValues = [0]{}, .int64Values = [0]{}, .bytes = [0]{}, .stringValue = ""}}
12-30 11:12:00.662   398   464 I VehiclePropertyStore: begin to write value to Store: {.timestamp = 9256483867434, .areaId = 0, .prop = 557850954, .status = AVAILABLE, .value = {.int32Values = [1]{0}, .floatValues = [0]{}, .int64Values = [0]{}, .bytes = [0]{}, .stringValue = ""}}
12-30 11:12:00.662   398   464 I DefaultVehicleHal_v2_0: DefaultVehicleHal::onPropertyValue, value:{.timestamp = 9256483867434, .areaId = 0, .prop = 557850954, .status = AVAILABLE, .value = {.int32Values = [1]{0}, .floatValues = [0]{}, .int64Values = [0]{}, .bytes = [0]{}, .stringValue = ""}}
12-30 11:12:00.662   398   464 D DiagPropHandler: is not DiagnosticConfig: 0x2140214a
12-30 11:12:00.662   398   464 I VehiclePropertyStore: begin to write value to Store: {.timestamp = 9256483867434, .areaId = 0, .prop = 557850954, .status = AVAILABLE, .value = {.int32Values = [1]{0}, .floatValues = [0]{}, .int64Values = [0]{}, .bytes = [0]{}, .stringValue = ""}}
12-30 11:12:00.662   398   464 D adayocomadapter-CommunicationManager: onUpstreamReceive mPropertyId 0x2140214a
12-30 11:12:00.663  1628  1858 I CCarServiceManager: CarServiceManager->t()35:link:[48]     ---29:pool-2-thread-2
12-30 11:12:00.663  1628  1858 I CCarServiceManager: CarServiceManager->t()64:link 转换后:48     ---29:pool-2-thread-2
12-30 11:12:00.663  1628  1858 I CCarServiceManager: CarServiceManager->t()84:link 转换后:48     ---29:pool-2-thread-2
12-30 11:12:00.663  1628  1858 D CarPropertyManager: setProperty, propertyId: 0x2141400f, areaId: 0x0, class: class [Ljava.lang.Integer;, val: [Ljava.lang.Integer;@b96dd02
12-30 11:12:00.664  1365  2014 D CarPropertyService: mSyncGetSetPropertyOpCount: 1
12-30 11:12:00.664   398   466 I DefaultVehicleHal_v2_0: DefaultVehicleHal::set, current value:{.timestamp = 0, .areaId = 0, .prop = 557924367, .status = AVAILABLE, .value = {.int32Values = [1]{0}, .floatValues = [0]{}, .int64Values = [0]{}, .bytes = [0]{}, .stringValue = ""}}
12-30 11:12:00.664   398   466 I DefaultVehicleHalServer: onSetProperty(0x2141400f)
12-30 11:12:00.664   398   466 D vw-vhal : CanSignalsAdapter::setVehicleProperty: propValue = {.timestamp = 0, .areaId = 0, .prop = 557924367, .status = AVAILABLE, .value = {.int32Values = [1]{1}, .floatValues = [0]{}, .int64Values = [0]{}, .bytes = [0]{}, .stringValue = ""}}
12-30 11:12:00.664   398   466 D vw-vhal : CanSignalsAdapter::setVehicleProperty: propId = 0x2141400f, data = {status: 0, int32Values: [1]}
12-30 11:12:00.665   398   466 D adayocomadapter-CommunicationManager: setProperty id=[557924367]
12-30 11:12:00.665   398   466 D adayocomadapter-CommunicationManager: writeValue id=[557924367]
12-30 11:12:00.665   398   466 D adayocomadapter-VehiclePropertyStore: writeValue id=[557924367]
12-30 11:12:00.665   398   466 D adayocomadapter-CommunicationManager: sendToDownstream mPropertyId 0x2141400f
12-30 11:12:00.665   398   466 D adayocomadapter-ParseProtocolFunc: printRaWMsg Name[sendToDownstream] len[4] data[00000000]
12-30 11:12:00.665   398   466 D adayocomadapter-ParseProtocolFunc: printRaWMsg Name[sendToDownstream] len[4] data[2141400F]
12-30 11:12:00.665   398   466 D adayocomadapter-ParseProtocolFunc: printRaWMsg Name[sendToDownstream] len[5] data[2141400F01]
12-30 11:12:00.665   398   466 D adayocomadapter-CommunicationManager: sendToDownstream ret[0]   member[130] dataLength[1] timePoint[9256486] 
12-30 11:12:00.665   398   466 D adayocomadapter-ParseProtocolFunc: printRaWMsg Name[sendToDownstream] len[5] data[2141400F01]
12-30 11:12:00.665   398   466 D adayocomadapter-CommunicationManager: sendToDownstream  000 mPropertyId[0x557924367]  
12-30 11:12:00.665   398   698 D adayocomadapter-DownstreamHandler: processBeforePacket downSreamtProcessTimePoint[9256487] 
12-30 11:12:00.665   398   698 D adayocomadapter-DownstreamHandler: DownstreamHandler processPacket 
12-30 11:12:00.665   398   698 D adayocomadapter-DownstreamHandler: DownstreamHandler processPacket valueIndex 0x2141400f
12-30 11:12:00.665   398   698 D adayocomadapter-DownstreamHandler: DownstreamHandler processPacket 0002
12-30 11:12:00.665   398   698 D adayocomadapter-DownstreamHandler: DownstreamHandler processPacket sendMCUData2 
12-30 11:12:00.665   398   698 D adayocomadapter-CommunicationManager: sendMCUData 
12-30 11:12:00.665   398   698 D adayocomadapter-MCUInterfaceHandler: sendToMCU start
12-30 11:12:00.665  1365  2014 D CarPropertyService: mSyncGetSetPropertyOpCount: 0
12-30 11:12:00.665   650   730 D fgemcucomm: sd Uart data : 6AA6011BF000081202022141400F0124
12-30 11:12:00.665   398   698 D adayocomadapter-ParseProtocolFunc: printRaWMsg Name[sendToMCU] len[8] data[1202022141400F01]
12-30 11:12:00.665  1667  2594 W ContextImpl: Calling a method in the system process without a qualified user: android.app.ContextImpl.bindService:1988 android.content.ContextWrapper.bindService:861 com.ford.sync.fnvservice.FordFnv.c:202 com.ford.sync.fnvservice.FordFnv.c:43 com.ford.sync.fnvservice.FordFnv$RetryHandler.handleMessage:245 
12-30 11:12:00.665  1628  1858 I CCarServiceManager: CarServiceManager->t()118:link:0     ---29:pool-2-thread-2
12-30 11:12:00.665  1628  1858 D CarPropertyManager: setProperty, propertyId: 0x2141400b, areaId: 0x0, class: class [Ljava.lang.Integer;, val: [Ljava.lang.Integer;@81ee613
12-30 11:12:00.666   916  2591 W ActivityManager: Unable to start service Intent { cmp=com.ford.sync.fnvservice/.FordFnvService } U=0: not found
12-30 11:12:00.666  1365  2014 D CarPropertyService: mSyncGetSetPropertyOpCount: 1
12-30 11:12:00.666  1667  2594 W FordFnv :  bind ford fnv failed -> sendRetryMessage 
12-30 11:12:00.666   398   466 I DefaultVehicleHal_v2_0: DefaultVehicleHal::set, current value:{.timestamp = 0, .areaId = 0, .prop = 557924363, .status = AVAILABLE, .value = {.int32Values = [1]{0}, .floatValues = [0]{}, .int64Values = [0]{}, .bytes = [0]{}, .stringValue = ""}}
12-30 11:12:00.666   398   466 I DefaultVehicleHalServer: onSetProperty(0x2141400b)
12-30 11:12:00.666   398   466 D vw-vhal : CanSignalsAdapter::setVehicleProperty: propValue = {.timestamp = 0, .areaId = 0, .prop = 557924363, .status = AVAILABLE, .value = {.int32Values = [1]{2}, .floatValues = [0]{}, .int64Values = [0]{}, .bytes = [0]{}, .stringValue = ""}}
12-30 11:12:00.666   398   466 D vw-vhal : CanSignalsAdapter::setVehicleProperty: propId = 0x2141400b, data = {status: 0, int32Values: [2]}
12-30 11:12:00.666   398   466 D adayocomadapter-CommunicationManager: setProperty id=[557924363]
12-30 11:12:00.666   398   466 D adayocomadapter-CommunicationManager: writeValue id=[557924363]
12-30 11:12:00.666   398   466 D adayocomadapter-VehiclePropertyStore: writeValue id=[557924363]
12-30 11:12:00.666   398   466 D adayocomadapter-CommunicationManager: sendToDownstream mPropertyId 0x2141400b
12-30 11:12:00.667   398   466 D adayocomadapter-ParseProtocolFunc: printRaWMsg Name[sendToDownstream] len[4] data[00000000]
12-30 11:12:00.667   398   466 D adayocomadapter-ParseProtocolFunc: printRaWMsg Name[sendToDownstream] len[4] data[2141400B]
12-30 11:12:00.667   398   466 D adayocomadapter-ParseProtocolFunc: printRaWMsg Name[sendToDownstream] len[5] data[2141400B02]
12-30 11:12:00.667   398   466 D adayocomadapter-CommunicationManager: sendToDownstream ret[0]   member[130] dataLength[1] timePoint[9256488] 
12-30 11:12:00.667   398   466 D adayocomadapter-ParseProtocolFunc: printRaWMsg Name[sendToDownstream] len[5] data[2141400B02]
12-30 11:12:00.667   398   466 D adayocomadapter-CommunicationManager: sendToDownstream  000 mPropertyId[0x557924363]  
12-30 11:12:00.667   398   698 D adayocomadapter-DownstreamHandler: processBeforePacket downSreamtProcessTimePoint[9256488] 
12-30 11:12:00.667   398   698 D adayocomadapter-DownstreamHandler: DownstreamHandler processPacket 
12-30 11:12:00.667   398   698 D adayocomadapter-DownstreamHandler: DownstreamHandler processPacket valueIndex 0x2141400b
12-30 11:12:00.667   398   698 D adayocomadapter-DownstreamHandler: DownstreamHandler processPacket 0002
12-30 11:12:00.667   398   698 D adayocomadapter-DownstreamHandler: DownstreamHandler processPacket sendMCUData2 
12-30 11:12:00.667   398   698 D adayocomadapter-CommunicationManager: sendMCUData 
12-30 11:12:00.667   398   698 D adayocomadapter-MCUInterfaceHandler: sendToMCU start
12-30 11:12:00.667  1365  2014 D CarPropertyService: mSyncGetSetPropertyOpCount: 0
12-30 11:12:00.667   398   698 D adayocomadapter-ParseProtocolFunc: printRaWMsg Name[sendToMCU] len[8] data[1202022141400B02]
12-30 11:12:00.667  1628  1858 I CCarServiceManager: CarServiceManager->t()178:temp:[52, 49]     ---29:pool-2-thread-2
12-30 11:12:00.667  1628  1858 D CarPropertyManager: setProperty, propertyId: 0x2141400d, areaId: 0x0, class: class [Ljava.lang.Integer;, val: [Ljava.lang.Integer;@4f3f050
12-30 11:12:00.668  1365  2014 D CarPropertyService: mSyncGetSetPropertyOpCount: 1
12-30 11:12:00.668   398   466 I DefaultVehicleHal_v2_0: DefaultVehicleHal::set, current value:{.timestamp = 0, .areaId = 0, .prop = 557924365, .status = AVAILABLE, .value = {.int32Values = [1]{0}, .floatValues = [0]{}, .int64Values = [0]{}, .bytes = [0]{}, .stringValue = ""}}
12-30 11:12:00.668   398   466 I DefaultVehicleHalServer: onSetProperty(0x2141400d)
12-30 11:12:00.668   398   466 D vw-vhal : CanSignalsAdapter::setVehicleProperty: propValue = {.timestamp = 0, .areaId = 0, .prop = 557924365, .status = AVAILABLE, .value = {.int32Values = [1]{3}, .floatValues = [0]{}, .int64Values = [0]{}, .bytes = [0]{}, .stringValue = ""}}
12-30 11:12:00.668   398   466 D vw-vhal : CanSignalsAdapter::setVehicleProperty: propId = 0x2141400d, data = {status: 0, int32Values: [3]}
12-30 11:12:00.668   398   466 D adayocomadapter-CommunicationManager: setProperty id=[557924365]
12-30 11:12:00.668   398   466 D adayocomadapter-CommunicationManager: writeValue id=[557924365]
12-30 11:12:00.668   398   466 D adayocomadapter-VehiclePropertyStore: writeValue id=[557924365]
12-30 11:12:00.668   398   466 D adayocomadapter-CommunicationManager: sendToDownstream mPropertyId 0x2141400d
12-30 11:12:00.668   398   466 D adayocomadapter-ParseProtocolFunc: printRaWMsg Name[sendToDownstream] len[4] data[00000000]
12-30 11:12:00.668   398   466 D adayocomadapter-ParseProtocolFunc: printRaWMsg Name[sendToDownstream] len[4] data[2141400D]
12-30 11:12:00.668   398   466 D adayocomadapter-ParseProtocolFunc: printRaWMsg Name[sendToDownstream] len[5] data[2141400D03]
12-30 11:12:00.668   398   466 D adayocomadapter-CommunicationManager: sendToDownstream ret[0]   member[130] dataLength[1] timePoint[9256490] 
12-30 11:12:00.668   398   466 D adayocomadapter-ParseProtocolFunc: printRaWMsg Name[sendToDownstream] len[5] data[2141400D03]
12-30 11:12:00.668   398   466 D adayocomadapter-CommunicationManager: sendToDownstream  000 mPropertyId[0x557924365]  
12-30 11:12:00.668   398   698 D adayocomadapter-DownstreamHandler: processBeforePacket downSreamtProcessTimePoint[9256490] 
12-30 11:12:00.668   398   698 D adayocomadapter-DownstreamHandler: DownstreamHandler processPacket 
12-30 11:12:00.668   398   698 D adayocomadapter-DownstreamHandler: DownstreamHandler processPacket valueIndex 0x2141400d
12-30 11:12:00.668   398   698 D adayocomadapter-DownstreamHandler: DownstreamHandler processPacket 0002
12-30 11:12:00.668   398   698 D adayocomadapter-DownstreamHandler: DownstreamHandler processPacket sendMCUData2 
12-30 11:12:00.668   398   698 D adayocomadapter-CommunicationManager: sendMCUData 
12-30 11:12:00.668   398   698 D adayocomadapter-MCUInterfaceHandler: sendToMCU start
12-30 11:12:00.668  1365  2014 D CarPropertyService: mSyncGetSetPropertyOpCount: 0
12-30 11:12:00.669   398   698 D adayocomadapter-ParseProtocolFunc: printRaWMsg Name[sendToMCU] len[8] data[1202022141400D03]
12-30 11:12:00.669  1628  1858 I CCarServiceManager: CarServiceManager->t()223:version:[48, 48, 48, 51, 48, 48, 48, 52]     ---29:pool-2-thread-2
12-30 11:12:00.669   360   931 D EvsDriver: forwardFrame
12-30 11:12:00.669   360   931 D EvsDriver: forwardFrameDirect
12-30 11:12:00.669   360   931 D EvsDriver: Delivered 0xb400e2ca9e40d090 as id 1
12-30 11:12:00.669   359  2784 D evsmanagerd: /dev/video-evs0 forwarded the buffer #1 to 0xb400f125d2b26dd0 from 0xb400f125e2b20710
12-30 11:12:00.672   360   458 D EvsDriver: doneWithFrame
12-30 11:12:00.687   596  3076 E WifiHAL : Invalid data received from driver
12-30 11:12:00.687  3066  3066 D hostapd : nl80211: BSS Event 59 (NL80211_CMD_FRAME) received for wlan1
12-30 11:12:00.687  3066  3066 D hostapd : nl80211: RX frame da=ff:ff:ff:ff:ff:ff sa=de:bb:0d:97:ae:5f bssid=de:bb:0d:97:ae:5f freq=5745 ssi_signal=-9100 fc=0xd0 seq_ctrl=0xfb20 stype=13 (WLAN_FC_STYPE_ACTION) len=42
12-30 11:12:00.687  3066  3066 D hostapd : wlan1: Event RX_MGMT (18) received
12-30 11:12:00.687  3066  3066 D hostapd : Receive wpa msg : Event RX_MGMT (18) received
12-30 11:12:00.697  3066  3066 D hostapd : nl80211: BSS Event 59 (NL80211_CMD_FRAME) received for wlan1
12-30 11:12:00.698  3066  3066 D hostapd : nl80211: RX frame da=ff:ff:ff:ff:ff:ff sa=a4:04:50:ce:f7:da bssid=a4:04:50:ce:f7:da freq=5745 ssi_signal=-8700 fc=0xd0 seq_ctrl=0x7140 stype=13 (WLAN_FC_STYPE_ACTION) len=42
12-30 11:12:00.698  3066  3066 D hostapd : wlan1: Event RX_MGMT (18) received
12-30 11:12:00.698  3066  3066 D hostapd : Receive wpa msg : Event RX_MGMT (18) received
12-30 11:12:00.703   360   931 D EvsDriver: forwardFrame
12-30 11:12:00.703   360   931 D EvsDriver: forwardFrameDirect
12-30 11:12:00.703   360   931 D EvsDriver: Delivered 0xb400e2ca9e40e110 as id 0
12-30 11:12:00.703   359  2784 D evsmanagerd: /dev/video-evs0 forwarded the buffer #0 to 0xb400f125d2b26dd0 from 0xb400f125e2b20710
12-30 11:12:00.707   596  3076 E WifiHAL : Invalid data received from driver
12-30 11:12:00.707  3066  3066 D hostapd : nl80211: BSS Event 59 (NL80211_CMD_FRAME) received for wlan1
12-30 11:12:00.707  3066  3066 D hostapd : nl80211: RX frame da=ff:ff:ff:ff:ff:ff sa=de:bb:0d:97:ae:5f bssid=de:bb:0d:97:ae:5f freq=5745 ssi_signal=-9100 fc=0xd0 seq_ctrl=0xfb30 stype=13 (WLAN_FC_STYPE_ACTION) len=42
12-30 11:12:00.707  3066  3066 D hostapd : wlan1: Event RX_MGMT (18) received
12-30 11:12:00.707  3066  3066 D hostapd : Receive wpa msg : Event RX_MGMT (18) received
12-30 11:12:00.711  2358  2623 D RcfController: Rcf proxy is not connected!
12-30 11:12:00.712   360   458 D EvsDriver: doneWithFrame
12-30 11:12:00.718  1582  3078 I c       : checkService in back thread add: adayo.upgrade.v2.0
12-30 11:12:00.719  1582  3078 E upgradeApp_251223_V1  l: d(null:11)pre->c(null:23)-> serviceBinder is null
12-30 11:12:00.719  1582  3078 W c       : doBindService in back thread fail: adayo.upgrade.v2.0
12-30 11:12:00.724  1667  2407 I media_message_log->MediaMessageProxy: (SourceFile:1)b connectToService action bind
12-30 11:12:00.724   916  2591 W ActivityManager: Unable to start service Intent { cmp=com.adayo.server.mediamessagetransfer/.MediaMessTransferService (has extras) } U=0: not found
12-30 11:12:00.725  1667  2407 E media_message_log->MediaMessageProxy: (SourceFile:7)a bindServiceAsUser isBound = false
12-30 11:12:00.732   798 12727 W adbd    : timed out while waiting for FUNCTIONFS_BIND, trying again
12-30 11:12:00.732   798 12727 I adbd    : UsbFfs: connection terminated: monitor thread finished
12-30 11:12:00.732   798   798 I adbd    : UsbFfs: already offline
12-30 11:12:00.732   798   798 I adbd    : destroying transport UsbFfs
12-30 11:12:00.732   798   798 I adbd    : UsbFfsConnection being destroyed
12-30 11:12:00.736   650   729 D fgemcucomm: sd Uart data : 6AA60220D40002920274
12-30 11:12:00.736   650   729 D fgemcucomm: rev uart=76464,len=20, data : 6AA68120D4000C920200050000000000000000E6
12-30 11:12:00.736   398   466 D adayocomadapter-ParseProtocolFunc: printRaWMsg Name[MCUToUPstream recv] len[12] data[920200050000000000000000]
12-30 11:12:00.736   398   466 D adayocomadapter-CommunicationManager: onUpstreamback   member[0] dataLength[9] timePoint[9256558]
12-30 11:12:00.736   398   466 D adayocomadapter-ParseProtocolFunc: printRaWMsg Name[onUpstreamback] len[9] data[050000000000000000]
12-30 11:12:00.736   360   931 D EvsDriver: forwardFrame
12-30 11:12:00.736   360   931 D EvsDriver: forwardFrameDirect
12-30 11:12:00.736   398   464 D adayocomadapter-UpstreamHandler: processBeforePacket upSreamtProcessTimePoint[9256558] 
12-30 11:12:00.736   398   464 D adayocomadapter-UpstreamHandler: processPacket UPSTREAM_QUEUE_DATA_TIMEOUT
12-30 11:12:00.736   398   464 D adayocomadapter-ParseProtocolFunc: parseCommonIPCLBytes Processing tableNumber[5]
12-30 11:12:00.736   398   464 D adayocomadapter-ParseProtocolFunc: parseCommonIPCLBytes Processing tablename[Table-5] tableSize[9]
12-30 11:12:00.736   398   464 D adayocomadapter-ParseProtocolFunc: printRaWMsg Name[byteStream recv] len[9] data[050000000000000000]
12-30 11:12:00.736   398   464 D adayocomadapter-ParseProtocolFunc: printRaWMsg Name[IPCLtoVHAL] len[7] data[21402134000000]
12-30 11:12:00.736   398   464 D adayocomadapter-ParseProtocolFunc: printRaWMsg Name[IPCLtoVHAL] len[7] data[21402135000000]
12-30 11:12:00.736   398   464 D adayocomadapter-ParseProtocolFunc: printRaWMsg Name[IPCLtoVHAL] len[7] data[21402136000000]
12-30 11:12:00.736   398   464 D adayocomadapter-ParseProtocolFunc: printRaWMsg Name[IPCLtoVHAL] len[7] data[21402137000000]
12-30 11:12:00.736   398   464 D adayocomadapter-CommunicationManager: onUpstreamReceive mPropertyId 0x21402134
12-30 11:12:00.736   360   931 D EvsDriver: Delivered 0xb400e2ca9e40c7a0 as id 1
12-30 11:12:00.736   398   464 D adayocomadapter-CommunicationManager: convertBytesToInt32Memcpy  0
12-30 11:12:00.736   398   464 I vw-vhal : notifyVehicleProperty, propId = 0x21402134, data = {status: 2, int32Values: [0]}
12-30 11:12:00.736   359  2784 D evsmanagerd: /dev/video-evs0 forwarded the buffer #1 to 0xb400f125d2b26dd0 from 0xb400f125e2b20710
12-30 11:12:00.736   398   464 I vw-vhal : CanSignalsAdapter::notifyVehicleProperty: solvedValue = {.timestamp = 9256558592768, .areaId = 0, .prop = 557850932, .status = AVAILABLE, .value = {.int32Values = [1]{0}, .floatValues = [0]{}, .int64Values = [0]{}, .bytes = [0]{}, .stringValue = ""}}
12-30 11:12:00.736   650   730 D fgemcucomm: file = hardware/interfaces/fgemcucomm/1.0/default/mcucomm/src/mcuCommFunctionTimer.cpp, function = startTimer  start timer OK = 7152 
12-30 11:12:00.736   398   464 I VehiclePropertyStore: begin to write value to Store: {.timestamp = 9256558592768, .areaId = 0, .prop = 557850932, .status = AVAILABLE, .value = {.int32Values = [1]{0}, .floatValues = [0]{}, .int64Values = [0]{}, .bytes = [0]{}, .stringValue = ""}}
12-30 11:12:00.736   398   464 I DefaultVehicleHal_v2_0: DefaultVehicleHal::onPropertyValue, value:{.timestamp = 9256558592768, .areaId = 0, .prop = 557850932, .status = AVAILABLE, .value = {.int32Values = [1]{0}, .floatValues = [0]{}, .int64Values = [0]{}, .bytes = [0]{}, .stringValue = ""}}
12-30 11:12:00.736   398   464 D DiagPropHandler: is not DiagnosticConfig: 0x21402134
12-30 11:12:00.736   398   464 I VehiclePropertyStore: begin to write value to Store: {.timestamp = 9256558592768, .areaId = 0, .prop = 557850932, .status = AVAILABLE, .value = {.int32Values = [1]{0}, .floatValues = [0]{}, .int64Values = [0]{}, .bytes = [0]{}, .stringValue = ""}}
12-30 11:12:00.736   398   464 D adayocomadapter-CommunicationManager: onUpstreamReceive mPropertyId 0x21402134
12-30 11:12:00.736   398   464 D adayocomadapter-CommunicationManager: onUpstreamReceive mPropertyId 0x21402135
12-30 11:12:00.736   398   464 D adayocomadapter-CommunicationManager: convertBytesToInt32Memcpy  0
12-30 11:12:00.736   398   464 I vw-vhal : notifyVehicleProperty, propId = 0x21402135, data = {status: 2, int32Values: [0]}
12-30 11:12:00.736   398   464 I vw-vhal : CanSignalsAdapter::notifyVehicleProperty: solvedValue = {.timestamp = 9256558826768, .areaId = 0, .prop = 557850933, .status = AVAILABLE, .value = {.int32Values = [1]{0}, .floatValues = [0]{}, .int64Values = [0]{}, .bytes = [0]{}, .stringValue = ""}}
12-30 11:12:00.737   398   464 I VehiclePropertyStore: begin to write value to Store: {.timestamp = 9256558826768, .areaId = 0, .prop = 557850933, .status = AVAILABLE, .value = {.int32Values = [1]{0}, .floatValues = [0]{}, .int64Values = [0]{}, .bytes = [0]{}, .stringValue = ""}}
12-30 11:12:00.737   398   464 I DefaultVehicleHal_v2_0: DefaultVehicleHal::onPropertyValue, value:{.timestamp = 9256558826768, .areaId = 0, .prop = 557850933, .status = AVAILABLE, .value = {.int32Values = [1]{0}, .floatValues = [0]{}, .int64Values = [0]{}, .bytes = [0]{}, .stringValue = ""}}
12-30 11:12:00.737   398   464 D DiagPropHandler: is not DiagnosticConfig: 0x21402135
12-30 11:12:00.737   398   464 I VehiclePropertyStore: begin to write value to Store: {.timestamp = 9256558826768, .areaId = 0, .prop = 557850933, .status = AVAILABLE, .value = {.int32Values = [1]{0}, .floatValues = [0]{}, .int64Values = [0]{}, .bytes = [0]{}, .stringValue = ""}}
12-30 11:12:00.737   398   464 D adayocomadapter-CommunicationManager: onUpstreamReceive mPropertyId 0x21402135
12-30 11:12:00.737   398   464 D adayocomadapter-CommunicationManager: onUpstreamReceive mPropertyId 0x21402136
12-30 11:12:00.737   398   464 D adayocomadapter-CommunicationManager: convertBytesToInt32Memcpy  0
12-30 11:12:00.737   398   464 I vw-vhal : notifyVehicleProperty, propId = 0x21402136, data = {status: 2, int32Values: [0]}
12-30 11:12:00.737   398   464 I vw-vhal : CanSignalsAdapter::notifyVehicleProperty: solvedValue = {.timestamp = 9256559017768, .areaId = 0, .prop = 557850934, .status = AVAILABLE, .value = {.int32Values = [1]{0}, .floatValues = [0]{}, .int64Values = [0]{}, .bytes = [0]{}, .stringValue = ""}}
12-30 11:12:00.737   398   464 I VehiclePropertyStore: begin to write value to Store: {.timestamp = 9256559017768, .areaId = 0, .prop = 557850934, .status = AVAILABLE, .value = {.int32Values = [1]{0}, .floatValues = [0]{}, .int64Values = [0]{}, .bytes = [0]{}, .stringValue = ""}}
12-30 11:12:00.737   398   464 I DefaultVehicleHal_v2_0: DefaultVehicleHal::onPropertyValue, value:{.timestamp = 9256559017768, .areaId = 0, .prop = 557850934, .status = AVAILABLE, .value = {.int32Values = [1]{0}, .floatValues = [0]{}, .int64Values = [0]{}, .bytes = [0]{}, .stringValue = ""}}
12-30 11:12:00.737   398   464 D DiagPropHandler: is not DiagnosticConfig: 0x21402136
12-30 11:12:00.737   398   464 I VehiclePropertyStore: begin to write value to Store: {.timestamp = 9256559017768, .areaId = 0, .prop = 557850934, .status = AVAILABLE, .value = {.int32Values = [1]{0}, .floatValues = [0]{}, .int64Values = [0]{}, .bytes = [0]{}, .stringValue = ""}}
12-30 11:12:00.737   398   464 D adayocomadapter-CommunicationManager: onUpstreamReceive mPropertyId 0x21402136
12-30 11:12:00.737   398   464 D adayocomadapter-CommunicationManager: onUpstreamReceive mPropertyId 0x21402137
12-30 11:12:00.737   398   464 D adayocomadapter-CommunicationManager: convertBytesToInt32Memcpy  0
12-30 11:12:00.737   398   464 I vw-vhal : notifyVehicleProperty, propId = 0x21402137, data = {status: 2, int32Values: [0]}
12-30 11:12:00.737   398   464 I vw-vhal : CanSignalsAdapter::notifyVehicleProperty: solvedValue = {.timestamp = 9256559202101, .areaId = 0, .prop = 557850935, .status = AVAILABLE, .value = {.int32Values = [1]{0}, .floatValues = [0]{}, .int64Values = [0]{}, .bytes = [0]{}, .stringValue = ""}}
12-30 11:12:00.737   398   464 I VehiclePropertyStore: begin to write value to Store: {.timestamp = 9256559202101, .areaId = 0, .prop = 557850935, .status = AVAILABLE, .value = {.int32Values = [1]{0}, .floatValues = [0]{}, .int64Values = [0]{}, .bytes = [0]{}, .stringValue = ""}}
12-30 11:12:00.737   398   464 I DefaultVehicleHal_v2_0: DefaultVehicleHal::onPropertyValue, value:{.timestamp = 9256559202101, .areaId = 0, .prop = 557850935, .status = AVAILABLE, .value = {.int32Values = [1]{0}, .floatValues = [0]{}, .int64Values = [0]{}, .bytes = [0]{}, .stringValue = ""}}
12-30 11:12:00.737   398   464 D DiagPropHandler: is not DiagnosticConfig: 0x21402137
12-30 11:12:00.737   398   464 I VehiclePropertyStore: begin to write value to Store: {.timestamp = 9256559202101, .areaId = 0, .prop = 557850935, .status = AVAILABLE, .value = {.int32Values = [1]{0}, .floatValues = [0]{}, .int64Values = [0]{}, .bytes = [0]{}, .stringValue = ""}}
12-30 11:12:00.737   398   464 D adayocomadapter-CommunicationManager: onUpstreamReceive mPropertyId 0x21402137
12-30 11:12:00.738  3066  3066 D hostapd : nl80211: BSS Event 59 (NL80211_CMD_FRAME) received for wlan1
12-30 11:12:00.738  3066  3066 D hostapd : nl80211: RX frame da=ff:ff:ff:ff:ff:ff sa=a4:04:50:ce:f7:da bssid=a4:04:50:ce:f7:da freq=5745 ssi_signal=-8600 fc=0xd0 seq_ctrl=0x7160 stype=13 (WLAN_FC_STYPE_ACTION) len=42
12-30 11:12:00.738  3066  3066 D hostapd : wlan1: Event RX_MGMT (18) received
12-30 11:12:00.738  3066  3066 D hostapd : Receive wpa msg : Event RX_MGMT (18) received
12-30 11:12:00.743   360   458 D EvsDriver: doneWithFrame
12-30 11:12:00.746   650   730 D fgemcucomm: sd Uart data : 6AA6011BF100081202022141400B0226
12-30 11:12:00.752   596  3076 E WifiHAL : Invalid data received from driver
12-30 11:12:00.754   650   729 D fgemcucomm: file = hardware/interfaces/fgemcucomm/1.0/default/mcucomm/src/mcuCommFunctionTimer.cpp, func = stopTimer  stop timer = 7152 
12-30 11:12:00.754   650   729 D fgemcucomm: rev uart=76465,len=10, data : 6AA6821BF0000212025D
12-30 11:12:00.755   650   730 D fgemcucomm: file = hardware/interfaces/fgemcucomm/1.0/default/mcucomm/src/mcuCommFunctionTimer.cpp, function = startTimer  start timer OK = 7153 
12-30 11:12:00.758  3066  3066 D hostapd : nl80211: BSS Event 59 (NL80211_CMD_FRAME) received for wlan1
12-30 11:12:00.758  3066  3066 D hostapd : nl80211: RX frame da=ff:ff:ff:ff:ff:ff sa=a4:04:50:ce:f7:da bssid=a4:04:50:ce:f7:da freq=5745 ssi_signal=-8700 fc=0xd0 seq_ctrl=0x7170 stype=13 (WLAN_FC_STYPE_ACTION) len=42
12-30 11:12:00.758  3066  3066 D hostapd : wlan1: Event RX_MGMT (18) received
12-30 11:12:00.758  3066  3066 D hostapd : Receive wpa msg : Event RX_MGMT (18) received
12-30 11:12:00.761  2358  2623 D RcfController: Rcf proxy is not connected!
12-30 11:12:00.765   650   730 D fgemcucomm: sd Uart data : 6AA6011BF200081202022141400D0322
12-30 11:12:00.769   360   931 D EvsDriver: forwardFrame
12-30 11:12:00.769   360   931 D EvsDriver: forwardFrameDirect
12-30 11:12:00.769   360   931 D EvsDriver: Delivered 0xb400e2ca9e40e270 as id 0
12-30 11:12:00.769   359  2784 D evsmanagerd: /dev/video-evs0 forwarded the buffer #0 to 0xb400f125d2b26dd0 from 0xb400f125e2b20710
12-30 11:12:00.770   798   838 I adbd    : opening control endpoint /dev/usb-ffs/adb/ep0
12-30 11:12:00.771   798   838 I adbd    : UsbFfsConnection constructed
12-30 11:12:00.771   798 12735 I adbd    : UsbFfs-monitor thread spawned
12-30 11:12:00.773   360   458 D EvsDriver: doneWithFrame
01-01 10:34:17.780   838   838 I         : read strings
12-30 11:12:00.772 15305 15305 I auditd  : type=1400 audit(0.0:1035274): avc:  denied  { syslog_mod } for  comm="cat" scontext=u:r:trace_kernel:s0 tcontext=u:r:kernel:s0 tclass=system permissive=1
12-30 11:12:00.772 15305 15305 I cat     : type=1400 audit(0.0:1035274): avc:  denied  { syslog_mod } for  scontext=u:r:trace_kernel:s0 tcontext=u:r:kernel:s0 tclass=system permissive=1
12-30 11:12:00.774   650   729 D fgemcucomm: file = hardware/interfaces/fgemcucomm/1.0/default/mcucomm/src/mcuCommFunctionTimer.cpp, func = stopTimer  stop timer = 7153 
12-30 11:12:00.774   650   729 D fgemcucomm: rev uart=76466,len=10, data : 6AA6821BF1000212025C
12-30 11:12:00.775   650   730 D fgemcucomm: file = hardware/interfaces/fgemcucomm/1.0/default/mcucomm/src/mcuCommFunctionTimer.cpp, function = startTimer  start timer OK = 7154 
12-30 11:12:00.796   650   729 D fgemcucomm: file = hardware/interfaces/fgemcucomm/1.0/default/mcucomm/src/mcuCommFunctionTimer.cpp, func = stopTimer  stop timer = 7154 
12-30 11:12:00.796   650   729 D fgemcucomm: rev uart=76467,len=10, data : 6AA6821BF2000212025B
12-30 11:12:00.796   650   729 D fgemcucomm: sd Uart data : 6AA60220D50002920273
12-30 11:12:00.796   650   729 D fgemcucomm: rev uart=76468,len=23, data : 6AA68120D5000F920200040000000000000000000000E3
12-30 11:12:00.796   398   466 D adayocomadapter-ParseProtocolFunc: printRaWMsg Name[MCUToUPstream recv] len[15] data[920200040000000000000000000000]
12-30 11:12:00.797   398   466 D adayocomadapter-CommunicationManager: onUpstreamback   member[0] dataLength[12] timePoint[9256618]
12-30 11:12:00.797   398   466 D adayocomadapter-ParseProtocolFunc: printRaWMsg Name[onUpstreamback] len[12] data[040000000000000000000000]
12-30 11:12:00.797   398   464 D adayocomadapter-UpstreamHandler: processBeforePacket upSreamtProcessTimePoint[9256618] 
12-30 11:12:00.797   398   464 D adayocomadapter-UpstreamHandler: processPacket UPSTREAM_QUEUE_DATA_TIMEOUT
12-30 11:12:00.797   398   464 D adayocomadapter-ParseProtocolFunc: parseCommonIPCLBytes Processing tableNumber[4]
12-30 11:12:00.797   398   464 D adayocomadapter-ParseProtocolFunc: parseCommonIPCLBytes Processing tablename[Table-4] tableSize[12]
12-30 11:12:00.797   398   464 D adayocomadapter-ParseProtocolFunc: printRaWMsg Name[byteStream recv] len[12] data[040000000000000000000000]
12-30 11:12:00.797   398   464 D adayocomadapter-ParseProtocolFunc: printRaWMsg Name[IPCLtoVHAL] len[7] data[2140200C000000]
12-30 11:12:00.797   398   464 D adayocomadapter-ParseProtocolFunc: printRaWMsg Name[IPCLtoVHAL] len[7] data[2140200D000000]
12-30 11:12:00.797   398   464 D adayocomadapter-ParseProtocolFunc: printRaWMsg Name[IPCLtoVHAL] len[6] data[214022330000]
12-30 11:12:00.797   398   464 D adayocomadapter-ParseProtocolFunc: printRaWMsg Name[IPCLtoVHAL] len[9] data[2140201D0000000000]
12-30 11:12:00.797   398   464 D adayocomadapter-ParseProtocolFunc: printRaWMsg Name[IPCLtoVHAL] len[7] data[2140201E000000]
12-30 11:12:00.797   398   464 D adayocomadapter-CommunicationManager: onUpstreamReceive mPropertyId 0x2140200c
12-30 11:12:00.797   398   464 D adayocomadapter-CommunicationManager: convertBytesToInt32Memcpy  0
12-30 11:12:00.797   398   464 I vw-vhal : notifyVehicleProperty, propId = 0x2140200c, data = {status: 2, int32Values: [0]}
12-30 11:12:00.797   398   464 I vw-vhal : CanSignalsAdapter::notifyVehicleProperty: solvedValue = {.timestamp = 9256619234768, .areaId = 0, .prop = 557850636, .status = AVAILABLE, .value = {.int32Values = [1]{0}, .floatValues = [0]{}, .int64Values = [0]{}, .bytes = [0]{}, .stringValue = ""}}
12-30 11:12:00.797   398   464 I VehiclePropertyStore: begin to write value to Store: {.timestamp = 9256619234768, .areaId = 0, .prop = 557850636, .status = AVAILABLE, .value = {.int32Values = [1]{0}, .floatValues = [0]{}, .int64Values = [0]{}, .bytes = [0]{}, .stringValue = ""}}
12-30 11:12:00.797   398   464 I DefaultVehicleHal_v2_0: DefaultVehicleHal::onPropertyValue, value:{.timestamp = 9256619234768, .areaId = 0, .prop = 557850636, .status = AVAILABLE, .value = {.int32Values = [1]{0}, .floatValues = [0]{}, .int64Values = [0]{}, .bytes = [0]{}, .stringValue = ""}}
12-30 11:12:00.797   398   464 D DiagPropHandler: is not DiagnosticConfig: 0x2140200c
