12-30 11:12:01.401   398   464 I vw-vhal : CanSignalsAdapter::notifyVehicleProperty: solvedValue = {.timestamp = 9257222899101, .areaId = 0, .prop = 557850825, .status = AVAILABLE, .value = {.int32Values = [1]{0}, .floatValues = [0]{}, .int64Values = [0]{}, .bytes = [0]{}, .stringValue = ""}}
12-30 11:12:01.401   398   464 I VehiclePropertyStore: begin to write value to Store: {.timestamp = 9257222899101, .areaId = 0, .prop = 557850825, .status = AVAILABLE, .value = {.int32Values = [1]{0}, .floatValues = [0]{}, .int64Values = [0]{}, .bytes = [0]{}, .stringValue = ""}}
12-30 11:12:01.401   398   464 I DefaultVehicleHal_v2_0: DefaultVehicleHal::onPropertyValue, value:{.timestamp = 9257222899101, .areaId = 0, .prop = 557850825, .status = AVAILABLE, .value = {.int32Values = [1]{0}, .floatValues = [0]{}, .int64Values = [0]{}, .bytes = [0]{}, .stringValue = ""}}
12-30 11:12:01.401   398   464 D DiagPropHandler: is not DiagnosticConfig: 0x214020c9
12-30 11:12:01.401   398   464 I VehiclePropertyStore: begin to write value to Store: {.timestamp = 9257222899101, .areaId = 0, .prop = 557850825, .status = AVAILABLE, .value = {.int32Values = [1]{0}, .floatValues = [0]{}, .int64Values = [0]{}, .bytes = [0]{}, .stringValue = ""}}
12-30 11:12:01.401   398   464 D adayocomadapter-CommunicationManager: onUpstreamReceive mPropertyId 0x214020c9
12-30 11:12:01.401   398   464 D adayocomadapter-CommunicationManager: onUpstreamReceive mPropertyId 0x214020cf
12-30 11:12:01.401   398   464 D adayocomadapter-CommunicationManager: convertBytesToInt32Memcpy  0
12-30 11:12:01.401   398   464 I vw-vhal : notifyVehicleProperty, propId = 0x214020cf, data = {status: 2, int32Values: [0]}
12-30 11:12:01.401   398   464 I vw-vhal : CanSignalsAdapter::notifyVehicleProperty: solvedValue = {.timestamp = 9257223087768, .areaId = 0, .prop = 557850831, .status = AVAILABLE, .value = {.int32Values = [1]{0}, .floatValues = [0]{}, .int64Values = [0]{}, .bytes = [0]{}, .stringValue = ""}}
12-30 11:12:01.401   398   464 I VehiclePropertyStore: begin to write value to Store: {.timestamp = 9257223087768, .areaId = 0, .prop = 557850831, .status = AVAILABLE, .value = {.int32Values = [1]{0}, .floatValues = [0]{}, .int64Values = [0]{}, .bytes = [0]{}, .stringValue = ""}}
12-30 11:12:01.401   398   464 I DefaultVehicleHal_v2_0: DefaultVehicleHal::onPropertyValue, value:{.timestamp = 9257223087768, .areaId = 0, .prop = 557850831, .status = AVAILABLE, .value = {.int32Values = [1]{0}, .floatValues = [0]{}, .int64Values = [0]{}, .bytes = [0]{}, .stringValue = ""}}
12-30 11:12:01.401   398   464 D DiagPropHandler: is not DiagnosticConfig: 0x214020cf
12-30 11:12:01.401   398   464 I VehiclePropertyStore: begin to write value to Store: {.timestamp = 9257223087768, .areaId = 0, .prop = 557850831, .status = AVAILABLE, .value = {.int32Values = [1]{0}, .floatValues = [0]{}, .int64Values = [0]{}, .bytes = [0]{}, .stringValue = ""}}
12-30 11:12:01.401   398   464 D adayocomadapter-CommunicationManager: onUpstreamReceive mPropertyId 0x214020cf
12-30 11:12:01.401   398   464 D adayocomadapter-CommunicationManager: onUpstreamReceive mPropertyId 0x21402040
12-30 11:12:01.401   398   464 D adayocomadapter-CommunicationManager: convertBytesToInt32Memcpy  0
12-30 11:12:01.401   398   464 I vw-vhal : notifyVehicleProperty, propId = 0x21402040, data = {status: 2, int32Values: [0]}
12-30 11:12:01.401   398   464 I vw-vhal : CanSignalsAdapter::notifyVehicleProperty: solvedValue = {.timestamp = 9257223282101, .areaId = 0, .prop = 557850688, .status = AVAILABLE, .value = {.int32Values = [1]{0}, .floatValues = [0]{}, .int64Values = [0]{}, .bytes = [0]{}, .stringValue = ""}}
12-30 11:12:01.401   398   464 I VehiclePropertyStore: begin to write value to Store: {.timestamp = 9257223282101, .areaId = 0, .prop = 557850688, .status = AVAILABLE, .value = {.int32Values = [1]{0}, .floatValues = [0]{}, .int64Values = [0]{}, .bytes = [0]{}, .stringValue = ""}}
12-30 11:12:01.401   398   464 I DefaultVehicleHal_v2_0: DefaultVehicleHal::onPropertyValue, value:{.timestamp = 9257223282101, .areaId = 0, .prop = 557850688, .status = AVAILABLE, .value = {.int32Values = [1]{0}, .floatValues = [0]{}, .int64Values = [0]{}, .bytes = [0]{}, .stringValue = ""}}
12-30 11:12:01.401   398   464 D DiagPropHandler: is not DiagnosticConfig: 0x21402040
12-30 11:12:01.401   398   464 I VehiclePropertyStore: begin to write value to Store: {.timestamp = 9257223282101, .areaId = 0, .prop = 557850688, .status = AVAILABLE, .value = {.int32Values = [1]{0}, .floatValues = [0]{}, .int64Values = [0]{}, .bytes = [0]{}, .stringValue = ""}}
12-30 11:12:01.401   398   464 D adayocomadapter-CommunicationManager: onUpstreamReceive mPropertyId 0x21402040
12-30 11:12:01.401   398   464 D adayocomadapter-CommunicationManager: onUpstreamReceive mPropertyId 0x214020d1
12-30 11:12:01.401   398   464 D adayocomadapter-CommunicationManager: convertBytesToInt32Memcpy  0
12-30 11:12:01.401   398   464 I vw-vhal : notifyVehicleProperty, propId = 0x214020d1, data = {status: 2, int32Values: [0]}
12-30 11:12:01.401   398   464 I vw-vhal : CanSignalsAdapter::notifyVehicleProperty: solvedValue = {.timestamp = 9257223473768, .areaId = 0, .prop = 557850833, .status = AVAILABLE, .value = {.int32Values = [1]{0}, .floatValues = [0]{}, .int64Values = [0]{}, .bytes = [0]{}, .stringValue = ""}}
12-30 11:12:01.401   398   464 I VehiclePropertyStore: begin to write value to Store: {.timestamp = 9257223473768, .areaId = 0, .prop = 557850833, .status = AVAILABLE, .value = {.int32Values = [1]{0}, .floatValues = [0]{}, .int64Values = [0]{}, .bytes = [0]{}, .stringValue = ""}}
12-30 11:12:01.401   398   464 I DefaultVehicleHal_v2_0: DefaultVehicleHal::onPropertyValue, value:{.timestamp = 9257223473768, .areaId = 0, .prop = 557850833, .status = AVAILABLE, .value = {.int32Values = [1]{0}, .floatValues = [0]{}, .int64Values = [0]{}, .bytes = [0]{}, .stringValue = ""}}
12-30 11:12:01.401   398   464 D DiagPropHandler: is not DiagnosticConfig: 0x214020d1
12-30 11:12:01.401   398   464 I VehiclePropertyStore: begin to write value to Store: {.timestamp = 9257223473768, .areaId = 0, .prop = 557850833, .status = AVAILABLE, .value = {.int32Values = [1]{0}, .floatValues = [0]{}, .int64Values = [0]{}, .bytes = [0]{}, .stringValue = ""}}
12-30 11:12:01.401   398   464 D adayocomadapter-CommunicationManager: onUpstreamReceive mPropertyId 0x214020d1
12-30 11:12:01.401   398   464 D adayocomadapter-CommunicationManager: onUpstreamReceive mPropertyId 0x21402044
12-30 11:12:01.401   398   464 D adayocomadapter-CommunicationManager: convertBytesToInt32Memcpy  0
12-30 11:12:01.401   398   464 I vw-vhal : notifyVehicleProperty, propId = 0x21402044, data = {status: 2, int32Values: [0]}
12-30 11:12:01.401   398   464 I vw-vhal : CanSignalsAdapter::notifyVehicleProperty: solvedValue = {.timestamp = 9257223667101, .areaId = 0, .prop = 557850692, .status = AVAILABLE, .value = {.int32Values = [1]{0}, .floatValues = [0]{}, .int64Values = [0]{}, .bytes = [0]{}, .stringValue = ""}}
12-30 11:12:01.401   398   464 I VehiclePropertyStore: begin to write value to Store: {.timestamp = 9257223667101, .areaId = 0, .prop = 557850692, .status = AVAILABLE, .value = {.int32Values = [1]{0}, .floatValues = [0]{}, .int64Values = [0]{}, .bytes = [0]{}, .stringValue = ""}}
12-30 11:12:01.401   398   464 I DefaultVehicleHal_v2_0: DefaultVehicleHal::onPropertyValue, value:{.timestamp = 9257223667101, .areaId = 0, .prop = 557850692, .status = AVAILABLE, .value = {.int32Values = [1]{0}, .floatValues = [0]{}, .int64Values = [0]{}, .bytes = [0]{}, .stringValue = ""}}
12-30 11:12:01.401   398   464 D DiagPropHandler: is not DiagnosticConfig: 0x21402044
12-30 11:12:01.401   398   464 I VehiclePropertyStore: begin to write value to Store: {.timestamp = 9257223667101, .areaId = 0, .prop = 557850692, .status = AVAILABLE, .value = {.int32Values = [1]{0}, .floatValues = [0]{}, .int64Values = [0]{}, .bytes = [0]{}, .stringValue = ""}}
12-30 11:12:01.401   398   464 D adayocomadapter-CommunicationManager: onUpstreamReceive mPropertyId 0x21402044
12-30 11:12:01.401   398   464 D adayocomadapter-CommunicationManager: onUpstreamReceive mPropertyId 0x214020d5
12-30 11:12:01.401   398   464 D adayocomadapter-CommunicationManager: convertBytesToInt32Memcpy  0
12-30 11:12:01.401   398   464 I vw-vhal : notifyVehicleProperty, propId = 0x214020d5, data = {status: 2, int32Values: [0]}
12-30 11:12:01.402   398   464 I vw-vhal : CanSignalsAdapter::notifyVehicleProperty: solvedValue = {.timestamp = 9257223861434, .areaId = 0, .prop = 557850837, .status = AVAILABLE, .value = {.int32Values = [1]{0}, .floatValues = [0]{}, .int64Values = [0]{}, .bytes = [0]{}, .stringValue = ""}}
12-30 11:12:01.402   398   464 I VehiclePropertyStore: begin to write value to Store: {.timestamp = 9257223861434, .areaId = 0, .prop = 557850837, .status = AVAILABLE, .value = {.int32Values = [1]{0}, .floatValues = [0]{}, .int64Values = [0]{}, .bytes = [0]{}, .stringValue = ""}}
12-30 11:12:01.402   398   464 I DefaultVehicleHal_v2_0: DefaultVehicleHal::onPropertyValue, value:{.timestamp = 9257223861434, .areaId = 0, .prop = 557850837, .status = AVAILABLE, .value = {.int32Values = [1]{0}, .floatValues = [0]{}, .int64Values = [0]{}, .bytes = [0]{}, .stringValue = ""}}
12-30 11:12:01.402   398   464 D DiagPropHandler: is not DiagnosticConfig: 0x214020d5
12-30 11:12:01.402   398   464 I VehiclePropertyStore: begin to write value to Store: {.timestamp = 9257223861434, .areaId = 0, .prop = 557850837, .status = AVAILABLE, .value = {.int32Values = [1]{0}, .floatValues = [0]{}, .int64Values = [0]{}, .bytes = [0]{}, .stringValue = ""}}
12-30 11:12:01.402   398   464 D adayocomadapter-CommunicationManager: onUpstreamReceive mPropertyId 0x214020d5
12-30 11:12:01.402   398   464 D adayocomadapter-CommunicationManager: onUpstreamReceive mPropertyId 0x21402038
12-30 11:12:01.402   398   464 D adayocomadapter-CommunicationManager: convertBytesToInt32Memcpy  0
12-30 11:12:01.402   398   464 I vw-vhal : notifyVehicleProperty, propId = 0x21402038, data = {status: 2, int32Values: [0]}
12-30 11:12:01.402   398   464 I vw-vhal : CanSignalsAdapter::notifyVehicleProperty: solvedValue = {.timestamp = 9257224072434, .areaId = 0, .prop = 557850680, .status = AVAILABLE, .value = {.int32Values = [1]{0}, .floatValues = [0]{}, .int64Values = [0]{}, .bytes = [0]{}, .stringValue = ""}}
12-30 11:12:01.402   398   464 I VehiclePropertyStore: begin to write value to Store: {.timestamp = 9257224072434, .areaId = 0, .prop = 557850680, .status = AVAILABLE, .value = {.int32Values = [1]{0}, .floatValues = [0]{}, .int64Values = [0]{}, .bytes = [0]{}, .stringValue = ""}}
12-30 11:12:01.402   398   464 I DefaultVehicleHal_v2_0: DefaultVehicleHal::onPropertyValue, value:{.timestamp = 9257224072434, .areaId = 0, .prop = 557850680, .status = AVAILABLE, .value = {.int32Values = [1]{0}, .floatValues = [0]{}, .int64Values = [0]{}, .bytes = [0]{}, .stringValue = ""}}
12-30 11:12:01.402   398   464 D DiagPropHandler: is not DiagnosticConfig: 0x21402038
12-30 11:12:01.402   398   464 I VehiclePropertyStore: begin to write value to Store: {.timestamp = 9257224072434, .areaId = 0, .prop = 557850680, .status = AVAILABLE, .value = {.int32Values = [1]{0}, .floatValues = [0]{}, .int64Values = [0]{}, .bytes = [0]{}, .stringValue = ""}}
12-30 11:12:01.402   398   464 D adayocomadapter-CommunicationManager: onUpstreamReceive mPropertyId 0x21402038
12-30 11:12:01.402   398   464 D adayocomadapter-CommunicationManager: onUpstreamReceive mPropertyId 0x2140207d
12-30 11:12:01.402   398   464 D adayocomadapter-CommunicationManager: convertBytesToInt32Memcpy  0
12-30 11:12:01.402   398   464 I vw-vhal : notifyVehicleProperty, propId = 0x2140207d, data = {status: 2, int32Values: [0]}
12-30 11:12:01.402   398   464 I vw-vhal : CanSignalsAdapter::notifyVehicleProperty: solvedValue = {.timestamp = 9257224267101, .areaId = 0, .prop = 557850749, .status = AVAILABLE, .value = {.int32Values = [1]{0}, .floatValues = [0]{}, .int64Values = [0]{}, .bytes = [0]{}, .stringValue = ""}}
12-30 11:12:01.402   398   464 I VehiclePropertyStore: begin to write value to Store: {.timestamp = 9257224267101, .areaId = 0, .prop = 557850749, .status = AVAILABLE, .value = {.int32Values = [1]{0}, .floatValues = [0]{}, .int64Values = [0]{}, .bytes = [0]{}, .stringValue = ""}}
12-30 11:12:01.402   398   464 I DefaultVehicleHal_v2_0: DefaultVehicleHal::onPropertyValue, value:{.timestamp = 9257224267101, .areaId = 0, .prop = 557850749, .status = AVAILABLE, .value = {.int32Values = [1]{0}, .floatValues = [0]{}, .int64Values = [0]{}, .bytes = [0]{}, .stringValue = ""}}
12-30 11:12:01.402   398   464 D DiagPropHandler: is not DiagnosticConfig: 0x2140207d
12-30 11:12:01.402   398   464 I VehiclePropertyStore: begin to write value to Store: {.timestamp = 9257224267101, .areaId = 0, .prop = 557850749, .status = AVAILABLE, .value = {.int32Values = [1]{0}, .floatValues = [0]{}, .int64Values = [0]{}, .bytes = [0]{}, .stringValue = ""}}
12-30 11:12:01.402   398   464 D adayocomadapter-CommunicationManager: onUpstreamReceive mPropertyId 0x2140207d
12-30 11:12:01.402   398   464 D adayocomadapter-CommunicationManager: onUpstreamReceive mPropertyId 0x2140207f
12-30 11:12:01.402   398   464 D adayocomadapter-CommunicationManager: convertBytesToInt32Memcpy  0
12-30 11:12:01.402   398   464 I vw-vhal : notifyVehicleProperty, propId = 0x2140207f, data = {status: 2, int32Values: [0]}
12-30 11:12:01.402   398   464 I vw-vhal : CanSignalsAdapter::notifyVehicleProperty: solvedValue = {.timestamp = 9257224464768, .areaId = 0, .prop = 557850751, .status = AVAILABLE, .value = {.int32Values = [1]{0}, .floatValues = [0]{}, .int64Values = [0]{}, .bytes = [0]{}, .stringValue = ""}}
12-30 11:12:01.402   398   464 I VehiclePropertyStore: begin to write value to Store: {.timestamp = 9257224464768, .areaId = 0, .prop = 557850751, .status = AVAILABLE, .value = {.int32Values = [1]{0}, .floatValues = [0]{}, .int64Values = [0]{}, .bytes = [0]{}, .stringValue = ""}}
12-30 11:12:01.402   398   464 I DefaultVehicleHal_v2_0: DefaultVehicleHal::onPropertyValue, value:{.timestamp = 9257224464768, .areaId = 0, .prop = 557850751, .status = AVAILABLE, .value = {.int32Values = [1]{0}, .floatValues = [0]{}, .int64Values = [0]{}, .bytes = [0]{}, .stringValue = ""}}
12-30 11:12:01.402   398   464 D DiagPropHandler: is not DiagnosticConfig: 0x2140207f
12-30 11:12:01.402   398   464 I VehiclePropertyStore: begin to write value to Store: {.timestamp = 9257224464768, .areaId = 0, .prop = 557850751, .status = AVAILABLE, .value = {.int32Values = [1]{0}, .floatValues = [0]{}, .int64Values = [0]{}, .bytes = [0]{}, .stringValue = ""}}
12-30 11:12:01.402   398   464 D adayocomadapter-CommunicationManager: onUpstreamReceive mPropertyId 0x2140207f
12-30 11:12:01.402   398   464 D adayocomadapter-CommunicationManager: onUpstreamReceive mPropertyId 0x21402052
12-30 11:12:01.402   398   464 D adayocomadapter-CommunicationManager: convertBytesToInt32Memcpy  0
12-30 11:12:01.402   398   464 I vw-vhal : notifyVehicleProperty, propId = 0x21402052, data = {status: 2, int32Values: [0]}
12-30 11:12:01.402   398   464 I vw-vhal : CanSignalsAdapter::notifyVehicleProperty: solvedValue = {.timestamp = 9257224659101, .areaId = 0, .prop = 557850706, .status = AVAILABLE, .value = {.int32Values = [1]{0}, .floatValues = [0]{}, .int64Values = [0]{}, .bytes = [0]{}, .stringValue = ""}}
12-30 11:12:01.402   398   464 I VehiclePropertyStore: begin to write value to Store: {.timestamp = 9257224659101, .areaId = 0, .prop = 557850706, .status = AVAILABLE, .value = {.int32Values = [1]{0}, .floatValues = [0]{}, .int64Values = [0]{}, .bytes = [0]{}, .stringValue = ""}}
12-30 11:12:01.402   398   464 I DefaultVehicleHal_v2_0: DefaultVehicleHal::onPropertyValue, value:{.timestamp = 9257224659101, .areaId = 0, .prop = 557850706, .status = AVAILABLE, .value = {.int32Values = [1]{0}, .floatValues = [0]{}, .int64Values = [0]{}, .bytes = [0]{}, .stringValue = ""}}
12-30 11:12:01.402   398   464 D DiagPropHandler: is not DiagnosticConfig: 0x21402052
12-30 11:12:01.402   398   464 I VehiclePropertyStore: begin to write value to Store: {.timestamp = 9257224659101, .areaId = 0, .prop = 557850706, .status = AVAILABLE, .value = {.int32Values = [1]{0}, .floatValues = [0]{}, .int64Values = [0]{}, .bytes = [0]{}, .stringValue = ""}}
12-30 11:12:01.402   398   464 D adayocomadapter-CommunicationManager: onUpstreamReceive mPropertyId 0x21402052
12-30 11:12:01.402   398   464 D adayocomadapter-CommunicationManager: onUpstreamReceive mPropertyId 0x21402081
12-30 11:12:01.402   398   464 D adayocomadapter-CommunicationManager: convertBytesToInt32Memcpy  0
12-30 11:12:01.402   398   464 I vw-vhal : notifyVehicleProperty, propId = 0x21402081, data = {status: 2, int32Values: [0]}
12-30 11:12:01.403   398   464 I vw-vhal : CanSignalsAdapter::notifyVehicleProperty: solvedValue = {.timestamp = 9257224855434, .areaId = 0, .prop = 557850753, .status = AVAILABLE, .value = {.int32Values = [1]{0}, .floatValues = [0]{}, .int64Values = [0]{}, .bytes = [0]{}, .stringValue = ""}}
12-30 11:12:01.403   360   931 D EvsDriver: forwardFrame
12-30 11:12:01.403   398   464 I VehiclePropertyStore: begin to write value to Store: {.timestamp = 9257224855434, .areaId = 0, .prop = 557850753, .status = AVAILABLE, .value = {.int32Values = [1]{0}, .floatValues = [0]{}, .int64Values = [0]{}, .bytes = [0]{}, .stringValue = ""}}
12-30 11:12:01.403   398   464 I DefaultVehicleHal_v2_0: DefaultVehicleHal::onPropertyValue, value:{.timestamp = 9257224855434, .areaId = 0, .prop = 557850753, .status = AVAILABLE, .value = {.int32Values = [1]{0}, .floatValues = [0]{}, .int64Values = [0]{}, .bytes = [0]{}, .stringValue = ""}}
12-30 11:12:01.403   398   464 D DiagPropHandler: is not DiagnosticConfig: 0x21402081
12-30 11:12:01.403   360   931 D EvsDriver: forwardFrameDirect
12-30 11:12:01.403   398   464 I VehiclePropertyStore: begin to write value to Store: {.timestamp = 9257224855434, .areaId = 0, .prop = 557850753, .status = AVAILABLE, .value = {.int32Values = [1]{0}, .floatValues = [0]{}, .int64Values = [0]{}, .bytes = [0]{}, .stringValue = ""}}
12-30 11:12:01.403   398   464 D adayocomadapter-CommunicationManager: onUpstreamReceive mPropertyId 0x21402081
12-30 11:12:01.403   398   464 D adayocomadapter-CommunicationManager: onUpstreamReceive mPropertyId 0x21402080
12-30 11:12:01.403   398   464 D adayocomadapter-CommunicationManager: convertBytesToInt32Memcpy  0
12-30 11:12:01.403   398   464 I vw-vhal : notifyVehicleProperty, propId = 0x21402080, data = {status: 2, int32Values: [0]}
12-30 11:12:01.403   398   464 I vw-vhal : CanSignalsAdapter::notifyVehicleProperty: solvedValue = {.timestamp = 9257225051434, .areaId = 0, .prop = 557850752, .status = AVAILABLE, .value = {.int32Values = [1]{0}, .floatValues = [0]{}, .int64Values = [0]{}, .bytes = [0]{}, .stringValue = ""}}
12-30 11:12:01.403   398   464 I VehiclePropertyStore: begin to write value to Store: {.timestamp = 9257225051434, .areaId = 0, .prop = 557850752, .status = AVAILABLE, .value = {.int32Values = [1]{0}, .floatValues = [0]{}, .int64Values = [0]{}, .bytes = [0]{}, .stringValue = ""}}
12-30 11:12:01.403   398   464 I DefaultVehicleHal_v2_0: DefaultVehicleHal::onPropertyValue, value:{.timestamp = 9257225051434, .areaId = 0, .prop = 557850752, .status = AVAILABLE, .value = {.int32Values = [1]{0}, .floatValues = [0]{}, .int64Values = [0]{}, .bytes = [0]{}, .stringValue = ""}}
12-30 11:12:01.403   398   464 D DiagPropHandler: is not DiagnosticConfig: 0x21402080
12-30 11:12:01.403   398   464 I VehiclePropertyStore: begin to write value to Store: {.timestamp = 9257225051434, .areaId = 0, .prop = 557850752, .status = AVAILABLE, .value = {.int32Values = [1]{0}, .floatValues = [0]{}, .int64Values = [0]{}, .bytes = [0]{}, .stringValue = ""}}
12-30 11:12:01.403   398   464 D adayocomadapter-CommunicationManager: onUpstreamReceive mPropertyId 0x21402080
12-30 11:12:01.403   398   464 D adayocomadapter-CommunicationManager: onUpstreamReceive mPropertyId 0x21402051
12-30 11:12:01.403   398   464 D adayocomadapter-CommunicationManager: convertBytesToInt32Memcpy  0
12-30 11:12:01.403   360   931 D EvsDriver: Delivered 0xb400e2ca9e40d4b0 as id 1
12-30 11:12:01.403   398   464 I vw-vhal : notifyVehicleProperty, propId = 0x21402051, data = {status: 2, int32Values: [0]}
12-30 11:12:01.403   398   464 I vw-vhal : CanSignalsAdapter::notifyVehicleProperty: solvedValue = {.timestamp = 9257225248768, .areaId = 0, .prop = 557850705, .status = AVAILABLE, .value = {.int32Values = [1]{0}, .floatValues = [0]{}, .int64Values = [0]{}, .bytes = [0]{}, .stringValue = ""}}
12-30 11:12:01.403   359  2784 D evsmanagerd: /dev/video-evs0 forwarded the buffer #1 to 0xb400f125d2b26dd0 from 0xb400f125e2b20710
12-30 11:12:01.403   398   464 I VehiclePropertyStore: begin to write value to Store: {.timestamp = 9257225248768, .areaId = 0, .prop = 557850705, .status = AVAILABLE, .value = {.int32Values = [1]{0}, .floatValues = [0]{}, .int64Values = [0]{}, .bytes = [0]{}, .stringValue = ""}}
12-30 11:12:01.403   398   464 I DefaultVehicleHal_v2_0: DefaultVehicleHal::onPropertyValue, value:{.timestamp = 9257225248768, .areaId = 0, .prop = 557850705, .status = AVAILABLE, .value = {.int32Values = [1]{0}, .floatValues = [0]{}, .int64Values = [0]{}, .bytes = [0]{}, .stringValue = ""}}
12-30 11:12:01.403   398   464 D DiagPropHandler: is not DiagnosticConfig: 0x21402051
12-30 11:12:01.403   398   464 I VehiclePropertyStore: begin to write value to Store: {.timestamp = 9257225248768, .areaId = 0, .prop = 557850705, .status = AVAILABLE, .value = {.int32Values = [1]{0}, .floatValues = [0]{}, .int64Values = [0]{}, .bytes = [0]{}, .stringValue = ""}}
12-30 11:12:01.403   398   464 D adayocomadapter-CommunicationManager: onUpstreamReceive mPropertyId 0x21402051
12-30 11:12:01.403   398   464 D adayocomadapter-CommunicationManager: onUpstreamReceive mPropertyId 0x2140207b
12-30 11:12:01.403   398   464 D adayocomadapter-CommunicationManager: convertBytesToInt32Memcpy  0
12-30 11:12:01.403   398   464 I vw-vhal : notifyVehicleProperty, propId = 0x2140207b, data = {status: 2, int32Values: [0]}
12-30 11:12:01.403   398   464 I vw-vhal : CanSignalsAdapter::notifyVehicleProperty: solvedValue = {.timestamp = 9257225444434, .areaId = 0, .prop = 557850747, .status = AVAILABLE, .value = {.int32Values = [1]{0}, .floatValues = [0]{}, .int64Values = [0]{}, .bytes = [0]{}, .stringValue = ""}}
12-30 11:12:01.403   398   464 I VehiclePropertyStore: begin to write value to Store: {.timestamp = 9257225444434, .areaId = 0, .prop = 557850747, .status = AVAILABLE, .value = {.int32Values = [1]{0}, .floatValues = [0]{}, .int64Values = [0]{}, .bytes = [0]{}, .stringValue = ""}}
12-30 11:12:01.403   398   464 I DefaultVehicleHal_v2_0: DefaultVehicleHal::onPropertyValue, value:{.timestamp = 9257225444434, .areaId = 0, .prop = 557850747, .status = AVAILABLE, .value = {.int32Values = [1]{0}, .floatValues = [0]{}, .int64Values = [0]{}, .bytes = [0]{}, .stringValue = ""}}
12-30 11:12:01.403   398   464 D DiagPropHandler: is not DiagnosticConfig: 0x2140207b
12-30 11:12:01.403   398   464 I VehiclePropertyStore: begin to write value to Store: {.timestamp = 9257225444434, .areaId = 0, .prop = 557850747, .status = AVAILABLE, .value = {.int32Values = [1]{0}, .floatValues = [0]{}, .int64Values = [0]{}, .bytes = [0]{}, .stringValue = ""}}
12-30 11:12:01.403   398   464 D adayocomadapter-CommunicationManager: onUpstreamReceive mPropertyId 0x2140207b
12-30 11:12:01.403   398   464 D adayocomadapter-CommunicationManager: onUpstreamReceive mPropertyId 0x2140204c
12-30 11:12:01.403   398   464 D adayocomadapter-CommunicationManager: convertBytesToInt32Memcpy  0
12-30 11:12:01.403   398   464 I vw-vhal : notifyVehicleProperty, propId = 0x2140204c, data = {status: 2, int32Values: [0]}
12-30 11:12:01.403   398   464 I vw-vhal : CanSignalsAdapter::notifyVehicleProperty: solvedValue = {.timestamp = 9257225636101, .areaId = 0, .prop = 557850700, .status = AVAILABLE, .value = {.int32Values = [1]{0}, .floatValues = [0]{}, .int64Values = [0]{}, .bytes = [0]{}, .stringValue = ""}}
12-30 11:12:01.403   398   464 I VehiclePropertyStore: begin to write value to Store: {.timestamp = 9257225636101, .areaId = 0, .prop = 557850700, .status = AVAILABLE, .value = {.int32Values = [1]{0}, .floatValues = [0]{}, .int64Values = [0]{}, .bytes = [0]{}, .stringValue = ""}}
12-30 11:12:01.403   398   464 I DefaultVehicleHal_v2_0: DefaultVehicleHal::onPropertyValue, value:{.timestamp = 9257225636101, .areaId = 0, .prop = 557850700, .status = AVAILABLE, .value = {.int32Values = [1]{0}, .floatValues = [0]{}, .int64Values = [0]{}, .bytes = [0]{}, .stringValue = ""}}
12-30 11:12:01.403   398   464 D DiagPropHandler: is not DiagnosticConfig: 0x2140204c
12-30 11:12:01.403   398   464 I VehiclePropertyStore: begin to write value to Store: {.timestamp = 9257225636101, .areaId = 0, .prop = 557850700, .status = AVAILABLE, .value = {.int32Values = [1]{0}, .floatValues = [0]{}, .int64Values = [0]{}, .bytes = [0]{}, .stringValue = ""}}
12-30 11:12:01.403   398   464 D adayocomadapter-CommunicationManager: onUpstreamReceive mPropertyId 0x2140204c
12-30 11:12:01.403   398   464 D adayocomadapter-CommunicationManager: onUpstreamReceive mPropertyId 0x2140207c
12-30 11:12:01.403   398   464 D adayocomadapter-CommunicationManager: convertBytesToInt32Memcpy  0
12-30 11:12:01.403   398   464 I vw-vhal : notifyVehicleProperty, propId = 0x2140207c, data = {status: 2, int32Values: [0]}
12-30 11:12:01.403   398   464 I vw-vhal : CanSignalsAdapter::notifyVehicleProperty: solvedValue = {.timestamp = 9257225823434, .areaId = 0, .prop = 557850748, .status = AVAILABLE, .value = {.int32Values = [1]{0}, .floatValues = [0]{}, .int64Values = [0]{}, .bytes = [0]{}, .stringValue = ""}}
12-30 11:12:01.404   398   464 I VehiclePropertyStore: begin to write value to Store: {.timestamp = 9257225823434, .areaId = 0, .prop = 557850748, .status = AVAILABLE, .value = {.int32Values = [1]{0}, .floatValues = [0]{}, .int64Values = [0]{}, .bytes = [0]{}, .stringValue = ""}}
12-30 11:12:01.404   398   464 I DefaultVehicleHal_v2_0: DefaultVehicleHal::onPropertyValue, value:{.timestamp = 9257225823434, .areaId = 0, .prop = 557850748, .status = AVAILABLE, .value = {.int32Values = [1]{0}, .floatValues = [0]{}, .int64Values = [0]{}, .bytes = [0]{}, .stringValue = ""}}
12-30 11:12:01.404   398   464 D DiagPropHandler: is not DiagnosticConfig: 0x2140207c
12-30 11:12:01.404   398   464 I VehiclePropertyStore: begin to write value to Store: {.timestamp = 9257225823434, .areaId = 0, .prop = 557850748, .status = AVAILABLE, .value = {.int32Values = [1]{0}, .floatValues = [0]{}, .int64Values = [0]{}, .bytes = [0]{}, .stringValue = ""}}
12-30 11:12:01.404   398   464 D adayocomadapter-CommunicationManager: onUpstreamReceive mPropertyId 0x2140207c
12-30 11:12:01.404   398   464 D adayocomadapter-CommunicationManager: onUpstreamReceive mPropertyId 0x2140207e
12-30 11:12:01.404   398   464 D adayocomadapter-CommunicationManager: convertBytesToInt32Memcpy  0
12-30 11:12:01.404   398   464 I vw-vhal : notifyVehicleProperty, propId = 0x2140207e, data = {status: 2, int32Values: [0]}
12-30 11:12:01.404   398   464 I vw-vhal : CanSignalsAdapter::notifyVehicleProperty: solvedValue = {.timestamp = 9257226013434, .areaId = 0, .prop = 557850750, .status = AVAILABLE, .value = {.int32Values = [1]{0}, .floatValues = [0]{}, .int64Values = [0]{}, .bytes = [0]{}, .stringValue = ""}}
12-30 11:12:01.404   398   464 I VehiclePropertyStore: begin to write value to Store: {.timestamp = 9257226013434, .areaId = 0, .prop = 557850750, .status = AVAILABLE, .value = {.int32Values = [1]{0}, .floatValues = [0]{}, .int64Values = [0]{}, .bytes = [0]{}, .stringValue = ""}}
12-30 11:12:01.404   398   464 I DefaultVehicleHal_v2_0: DefaultVehicleHal::onPropertyValue, value:{.timestamp = 9257226013434, .areaId = 0, .prop = 557850750, .status = AVAILABLE, .value = {.int32Values = [1]{0}, .floatValues = [0]{}, .int64Values = [0]{}, .bytes = [0]{}, .stringValue = ""}}
12-30 11:12:01.404   398   464 D DiagPropHandler: is not DiagnosticConfig: 0x2140207e
12-30 11:12:01.404   398   464 I VehiclePropertyStore: begin to write value to Store: {.timestamp = 9257226013434, .areaId = 0, .prop = 557850750, .status = AVAILABLE, .value = {.int32Values = [1]{0}, .floatValues = [0]{}, .int64Values = [0]{}, .bytes = [0]{}, .stringValue = ""}}
12-30 11:12:01.404   398   464 D adayocomadapter-CommunicationManager: onUpstreamReceive mPropertyId 0x2140207e
12-30 11:12:01.404   398   464 D adayocomadapter-CommunicationManager: onUpstreamReceive mPropertyId 0x21402082
12-30 11:12:01.404   398   464 D adayocomadapter-CommunicationManager: convertBytesToInt32Memcpy  0
12-30 11:12:01.404   398   464 I vw-vhal : notifyVehicleProperty, propId = 0x21402082, data = {status: 2, int32Values: [0]}
12-30 11:12:01.404   398   464 I vw-vhal : CanSignalsAdapter::notifyVehicleProperty: solvedValue = {.timestamp = 9257226209101, .areaId = 0, .prop = 557850754, .status = AVAILABLE, .value = {.int32Values = [1]{0}, .floatValues = [0]{}, .int64Values = [0]{}, .bytes = [0]{}, .stringValue = ""}}
12-30 11:12:01.404   398   464 I VehiclePropertyStore: begin to write value to Store: {.timestamp = 9257226209101, .areaId = 0, .prop = 557850754, .status = AVAILABLE, .value = {.int32Values = [1]{0}, .floatValues = [0]{}, .int64Values = [0]{}, .bytes = [0]{}, .stringValue = ""}}
12-30 11:12:01.404   398   464 I DefaultVehicleHal_v2_0: DefaultVehicleHal::onPropertyValue, value:{.timestamp = 9257226209101, .areaId = 0, .prop = 557850754, .status = AVAILABLE, .value = {.int32Values = [1]{0}, .floatValues = [0]{}, .int64Values = [0]{}, .bytes = [0]{}, .stringValue = ""}}
12-30 11:12:01.404   398   464 D DiagPropHandler: is not DiagnosticConfig: 0x21402082
12-30 11:12:01.404   398   464 I VehiclePropertyStore: begin to write value to Store: {.timestamp = 9257226209101, .areaId = 0, .prop = 557850754, .status = AVAILABLE, .value = {.int32Values = [1]{0}, .floatValues = [0]{}, .int64Values = [0]{}, .bytes = [0]{}, .stringValue = ""}}
12-30 11:12:01.404   398   464 D adayocomadapter-CommunicationManager: onUpstreamReceive mPropertyId 0x21402082
12-30 11:12:01.404   398   464 D adayocomadapter-CommunicationManager: onUpstreamReceive mPropertyId 0x21402083
12-30 11:12:01.404   398   464 D adayocomadapter-CommunicationManager: convertBytesToInt32Memcpy  0
12-30 11:12:01.404   398   464 I vw-vhal : notifyVehicleProperty, propId = 0x21402083, data = {status: 2, int32Values: [0]}
12-30 11:12:01.404   398   464 I vw-vhal : CanSignalsAdapter::notifyVehicleProperty: solvedValue = {.timestamp = 9257226402101, .areaId = 0, .prop = 557850755, .status = AVAILABLE, .value = {.int32Values = [1]{0}, .floatValues = [0]{}, .int64Values = [0]{}, .bytes = [0]{}, .stringValue = ""}}
12-30 11:12:01.404   398   464 I VehiclePropertyStore: begin to write value to Store: {.timestamp = 9257226402101, .areaId = 0, .prop = 557850755, .status = AVAILABLE, .value = {.int32Values = [1]{0}, .floatValues = [0]{}, .int64Values = [0]{}, .bytes = [0]{}, .stringValue = ""}}
12-30 11:12:01.404   398   464 I DefaultVehicleHal_v2_0: DefaultVehicleHal::onPropertyValue, value:{.timestamp = 9257226402101, .areaId = 0, .prop = 557850755, .status = AVAILABLE, .value = {.int32Values = [1]{0}, .floatValues = [0]{}, .int64Values = [0]{}, .bytes = [0]{}, .stringValue = ""}}
12-30 11:12:01.404   398   464 D DiagPropHandler: is not DiagnosticConfig: 0x21402083
12-30 11:12:01.404   398   464 I VehiclePropertyStore: begin to write value to Store: {.timestamp = 9257226402101, .areaId = 0, .prop = 557850755, .status = AVAILABLE, .value = {.int32Values = [1]{0}, .floatValues = [0]{}, .int64Values = [0]{}, .bytes = [0]{}, .stringValue = ""}}
12-30 11:12:01.404   398   464 D adayocomadapter-CommunicationManager: onUpstreamReceive mPropertyId 0x21402083
12-30 11:12:01.404   398   464 D adayocomadapter-CommunicationManager: onUpstreamReceive mPropertyId 0x21402084
12-30 11:12:01.404   398   464 D adayocomadapter-CommunicationManager: convertBytesToInt32Memcpy  0
12-30 11:12:01.404   398   464 I vw-vhal : notifyVehicleProperty, propId = 0x21402084, data = {status: 2, int32Values: [0]}
12-30 11:12:01.404   398   464 I vw-vhal : CanSignalsAdapter::notifyVehicleProperty: solvedValue = {.timestamp = 9257226599434, .areaId = 0, .prop = 557850756, .status = AVAILABLE, .value = {.int32Values = [1]{0}, .floatValues = [0]{}, .int64Values = [0]{}, .bytes = [0]{}, .stringValue = ""}}
12-30 11:12:01.404   398   464 I VehiclePropertyStore: begin to write value to Store: {.timestamp = 9257226599434, .areaId = 0, .prop = 557850756, .status = AVAILABLE, .value = {.int32Values = [1]{0}, .floatValues = [0]{}, .int64Values = [0]{}, .bytes = [0]{}, .stringValue = ""}}
12-30 11:12:01.404   398   464 I DefaultVehicleHal_v2_0: DefaultVehicleHal::onPropertyValue, value:{.timestamp = 9257226599434, .areaId = 0, .prop = 557850756, .status = AVAILABLE, .value = {.int32Values = [1]{0}, .floatValues = [0]{}, .int64Values = [0]{}, .bytes = [0]{}, .stringValue = ""}}
12-30 11:12:01.404   398   464 D DiagPropHandler: is not DiagnosticConfig: 0x21402084
12-30 11:12:01.404   398   464 I VehiclePropertyStore: begin to write value to Store: {.timestamp = 9257226599434, .areaId = 0, .prop = 557850756, .status = AVAILABLE, .value = {.int32Values = [1]{0}, .floatValues = [0]{}, .int64Values = [0]{}, .bytes = [0]{}, .stringValue = ""}}
12-30 11:12:01.404   398   464 D adayocomadapter-CommunicationManager: onUpstreamReceive mPropertyId 0x21402084
12-30 11:12:01.404   398   464 D adayocomadapter-CommunicationManager: onUpstreamReceive mPropertyId 0x21402085
12-30 11:12:01.404   398   464 D adayocomadapter-CommunicationManager: convertBytesToInt32Memcpy  0
12-30 11:12:01.404   398   464 I vw-vhal : notifyVehicleProperty, propId = 0x21402085, data = {status: 2, int32Values: [0]}
12-30 11:12:01.404   398   464 I vw-vhal : CanSignalsAdapter::notifyVehicleProperty: solvedValue = {.timestamp = 9257226793101, .areaId = 0, .prop = 557850757, .status = AVAILABLE, .value = {.int32Values = [1]{0}, .floatValues = [0]{}, .int64Values = [0]{}, .bytes = [0]{}, .stringValue = ""}}
12-30 11:12:01.404   398   464 I VehiclePropertyStore: begin to write value to Store: {.timestamp = 9257226793101, .areaId = 0, .prop = 557850757, .status = AVAILABLE, .value = {.int32Values = [1]{0}, .floatValues = [0]{}, .int64Values = [0]{}, .bytes = [0]{}, .stringValue = ""}}
12-30 11:12:01.405   398   464 I DefaultVehicleHal_v2_0: DefaultVehicleHal::onPropertyValue, value:{.timestamp = 9257226793101, .areaId = 0, .prop = 557850757, .status = AVAILABLE, .value = {.int32Values = [1]{0}, .floatValues = [0]{}, .int64Values = [0]{}, .bytes = [0]{}, .stringValue = ""}}
12-30 11:12:01.405   398   464 D DiagPropHandler: is not DiagnosticConfig: 0x21402085
12-30 11:12:01.405   398   464 I VehiclePropertyStore: begin to write value to Store: {.timestamp = 9257226793101, .areaId = 0, .prop = 557850757, .status = AVAILABLE, .value = {.int32Values = [1]{0}, .floatValues = [0]{}, .int64Values = [0]{}, .bytes = [0]{}, .stringValue = ""}}
12-30 11:12:01.405   398   464 D adayocomadapter-CommunicationManager: onUpstreamReceive mPropertyId 0x21402085
12-30 11:12:01.405   398   464 D adayocomadapter-CommunicationManager: onUpstreamReceive mPropertyId 0x2140220a
12-30 11:12:01.405   398   464 D adayocomadapter-CommunicationManager: convertBytesToInt32Memcpy  0
12-30 11:12:01.405   398   464 I vw-vhal : notifyVehicleProperty, propId = 0x2140220a, data = {status: 2, int32Values: [0]}
12-30 11:12:01.405   398   464 I vw-vhal : CanSignalsAdapter::notifyVehicleProperty: solvedValue = {.timestamp = 9257226994434, .areaId = 0, .prop = 557851146, .status = AVAILABLE, .value = {.int32Values = [1]{0}, .floatValues = [0]{}, .int64Values = [0]{}, .bytes = [0]{}, .stringValue = ""}}
12-30 11:12:01.405   398   464 I VehiclePropertyStore: begin to write value to Store: {.timestamp = 9257226994434, .areaId = 0, .prop = 557851146, .status = AVAILABLE, .value = {.int32Values = [1]{0}, .floatValues = [0]{}, .int64Values = [0]{}, .bytes = [0]{}, .stringValue = ""}}
12-30 11:12:01.405   398   464 I DefaultVehicleHal_v2_0: DefaultVehicleHal::onPropertyValue, value:{.timestamp = 9257226994434, .areaId = 0, .prop = 557851146, .status = AVAILABLE, .value = {.int32Values = [1]{0}, .floatValues = [0]{}, .int64Values = [0]{}, .bytes = [0]{}, .stringValue = ""}}
12-30 11:12:01.405   398   464 D DiagPropHandler: is not DiagnosticConfig: 0x2140220a
12-30 11:12:01.405   398   464 I VehiclePropertyStore: begin to write value to Store: {.timestamp = 9257226994434, .areaId = 0, .prop = 557851146, .status = AVAILABLE, .value = {.int32Values = [1]{0}, .floatValues = [0]{}, .int64Values = [0]{}, .bytes = [0]{}, .stringValue = ""}}
12-30 11:12:01.405   398   464 D adayocomadapter-CommunicationManager: onUpstreamReceive mPropertyId 0x2140220a
12-30 11:12:01.405   398   464 D adayocomadapter-CommunicationManager: onUpstreamReceive mPropertyId 0x214021e6
12-30 11:12:01.405   398   464 D adayocomadapter-CommunicationManager: convertBytesToInt32Memcpy  0
12-30 11:12:01.405   398   464 I vw-vhal : notifyVehicleProperty, propId = 0x214021e6, data = {status: 2, int32Values: [0]}
12-30 11:12:01.405   398   464 I vw-vhal : CanSignalsAdapter::notifyVehicleProperty: solvedValue = {.timestamp = 9257227216434, .areaId = 0, .prop = 557851110, .status = AVAILABLE, .value = {.int32Values = [1]{0}, .floatValues = [0]{}, .int64Values = [0]{}, .bytes = [0]{}, .stringValue = ""}}
12-30 11:12:01.405   398   464 I VehiclePropertyStore: begin to write value to Store: {.timestamp = 9257227216434, .areaId = 0, .prop = 557851110, .status = AVAILABLE, .value = {.int32Values = [1]{0}, .floatValues = [0]{}, .int64Values = [0]{}, .bytes = [0]{}, .stringValue = ""}}
12-30 11:12:01.405   398   464 I DefaultVehicleHal_v2_0: DefaultVehicleHal::onPropertyValue, value:{.timestamp = 9257227216434, .areaId = 0, .prop = 557851110, .status = AVAILABLE, .value = {.int32Values = [1]{0}, .floatValues = [0]{}, .int64Values = [0]{}, .bytes = [0]{}, .stringValue = ""}}
12-30 11:12:01.405   398   464 D DiagPropHandler: is not DiagnosticConfig: 0x214021e6
12-30 11:12:01.405   398   464 I VehiclePropertyStore: begin to write value to Store: {.timestamp = 9257227216434, .areaId = 0, .prop = 557851110, .status = AVAILABLE, .value = {.int32Values = [1]{0}, .floatValues = [0]{}, .int64Values = [0]{}, .bytes = [0]{}, .stringValue = ""}}
12-30 11:12:01.405   398   464 D adayocomadapter-CommunicationManager: onUpstreamReceive mPropertyId 0x214021e6
12-30 11:12:01.408   360   458 D EvsDriver: doneWithFrame
12-30 11:12:01.414  2358  2623 D RcfController: Rcf proxy is not connected!
12-30 11:12:01.424  3066  3066 D hostapd : nl80211: BSS Event 59 (NL80211_CMD_FRAME) received for wlan1
12-30 11:12:01.424  3066  3066 D hostapd : nl80211: RX frame da=ff:ff:ff:ff:ff:ff sa=de:bb:0d:97:ae:5f bssid=de:bb:0d:97:ae:5f freq=5745 ssi_signal=-9100 fc=0xd0 seq_ctrl=0xfd70 stype=13 (WLAN_FC_STYPE_ACTION) len=42
12-30 11:12:01.424  3066  3066 D hostapd : wlan1: Event RX_MGMT (18) received
12-30 11:12:01.424  3066  3066 D hostapd : Receive wpa msg : Event RX_MGMT (18) received
12-30 11:12:01.431   596  3076 E WifiHAL : Invalid data received from driver
12-30 11:12:01.436   360   931 D EvsDriver: forwardFrame
12-30 11:12:01.436   360   931 D EvsDriver: forwardFrameDirect
12-30 11:12:01.436   360   931 D EvsDriver: Delivered 0xb400e2ca9e40c2d0 as id 0
12-30 11:12:01.436   359  2784 D evsmanagerd: /dev/video-evs0 forwarded the buffer #0 to 0xb400f125d2b26dd0 from 0xb400f125e2b20710
12-30 11:12:01.438   360   458 D EvsDriver: doneWithFrame
12-30 11:12:01.464  2358  2623 D RcfController: Rcf proxy is not connected!
12-30 11:12:01.465  3066  3066 D hostapd : nl80211: BSS Event 59 (NL80211_CMD_FRAME) received for wlan1
12-30 11:12:01.465  3066  3066 D hostapd : nl80211: RX frame da=ff:ff:ff:ff:ff:ff sa=de:bb:0d:97:ae:5f bssid=de:bb:0d:97:ae:5f freq=5745 ssi_signal=-9000 fc=0xd0 seq_ctrl=0xfd90 stype=13 (WLAN_FC_STYPE_ACTION) len=42
12-30 11:12:01.465  3066  3066 D hostapd : wlan1: Event RX_MGMT (18) received
12-30 11:12:01.465  3066  3066 D hostapd : Receive wpa msg : Event RX_MGMT (18) received
12-30 11:12:01.469   360   931 D EvsDriver: forwardFrame
12-30 11:12:01.469   360   931 D EvsDriver: forwardFrameDirect
12-30 11:12:01.469   360   931 D EvsDriver: Delivered 0xb400e2ca9e40d090 as id 1
12-30 11:12:01.469   359  2784 D evsmanagerd: /dev/video-evs0 forwarded the buffer #1 to 0xb400f125d2b26dd0 from 0xb400f125e2b20710
12-30 11:12:01.476  3066  3066 D hostapd : nl80211: BSS Event 59 (NL80211_CMD_FRAME) received for wlan1
12-30 11:12:01.476   596  3076 E WifiHAL : Invalid data received from driver
12-30 11:12:01.476  3066  3066 D hostapd : nl80211: RX frame da=ff:ff:ff:ff:ff:ff sa=a4:04:50:ce:f7:da bssid=a4:04:50:ce:f7:da freq=5745 ssi_signal=-8700 fc=0xd0 seq_ctrl=0x73b0 stype=13 (WLAN_FC_STYPE_ACTION) len=42
12-30 11:12:01.476  3066  3066 D hostapd : wlan1: Event RX_MGMT (18) received
12-30 11:12:01.476  3066  3066 D hostapd : Receive wpa msg : Event RX_MGMT (18) received
12-30 11:12:01.478   360   458 D EvsDriver: doneWithFrame
12-30 11:12:01.486  3066  3066 D hostapd : nl80211: BSS Event 59 (NL80211_CMD_FRAME) received for wlan1
12-30 11:12:01.486  3066  3066 D hostapd : nl80211: RX frame da=ff:ff:ff:ff:ff:ff sa=de:bb:0d:97:ae:5f bssid=de:bb:0d:97:ae:5f freq=5745 ssi_signal=-9100 fc=0xd0 seq_ctrl=0xfda0 stype=13 (WLAN_FC_STYPE_ACTION) len=42
12-30 11:12:01.486  3066  3066 D hostapd : wlan1: Event RX_MGMT (18) received
12-30 11:12:01.486  3066  3066 D hostapd : Receive wpa msg : Event RX_MGMT (18) received
12-30 11:12:01.496  3066  3066 D hostapd : nl80211: BSS Event 59 (NL80211_CMD_FRAME) received for wlan1
12-30 11:12:01.496  3066  3066 D hostapd : nl80211: RX frame da=ff:ff:ff:ff:ff:ff sa=a4:04:50:ce:f7:da bssid=a4:04:50:ce:f7:da freq=5745 ssi_signal=-8800 fc=0xd0 seq_ctrl=0x73c0 stype=13 (WLAN_FC_STYPE_ACTION) len=42
12-30 11:12:01.496  3066  3066 D hostapd : wlan1: Event RX_MGMT (18) received
12-30 11:12:01.496  3066  3066 D hostapd : Receive wpa msg : Event RX_MGMT (18) received
12-30 11:12:01.503   360   931 D EvsDriver: forwardFrame
12-30 11:12:01.503   360   931 D EvsDriver: forwardFrameDirect
12-30 11:12:01.503   360   931 D EvsDriver: Delivered 0xb400e2ca9e40e110 as id 0
12-30 11:12:01.503   359  2784 D evsmanagerd: /dev/video-evs0 forwarded the buffer #0 to 0xb400f125d2b26dd0 from 0xb400f125e2b20710
12-30 11:12:01.506   596  3076 E WifiHAL : Invalid data received from driver
12-30 11:12:01.506  3066  3066 D hostapd : nl80211: BSS Event 59 (NL80211_CMD_FRAME) received for wlan1
12-30 11:12:01.506  3066  3066 D hostapd : nl80211: RX frame da=ff:ff:ff:ff:ff:ff sa=de:bb:0d:97:ae:5f bssid=de:bb:0d:97:ae:5f freq=5745 ssi_signal=-9100 fc=0xd0 seq_ctrl=0xfdb0 stype=13 (WLAN_FC_STYPE_ACTION) len=42
12-30 11:12:01.506  3066  3066 D hostapd : wlan1: Event RX_MGMT (18) received
12-30 11:12:01.506  3066  3066 D hostapd : Receive wpa msg : Event RX_MGMT (18) received
12-30 11:12:01.509   360   458 D EvsDriver: doneWithFrame
12-30 11:12:01.514  2358  2623 D RcfController: Rcf proxy is not connected!
12-30 11:12:01.536   360   931 D EvsDriver: forwardFrame
12-30 11:12:01.536   360   931 D EvsDriver: forwardFrameDirect
12-30 11:12:01.536   360   931 D EvsDriver: Delivered 0xb400e2ca9e40c7a0 as id 1
12-30 11:12:01.536   359  2784 D evsmanagerd: /dev/video-evs0 forwarded the buffer #1 to 0xb400f125d2b26dd0 from 0xb400f125e2b20710
12-30 11:12:01.539   360   458 D EvsDriver: doneWithFrame
12-30 11:12:01.551   596  3076 E WifiHAL : Invalid data received from driver
12-30 11:12:01.557  3066  3066 D hostapd : nl80211: BSS Event 59 (NL80211_CMD_FRAME) received for wlan1
12-30 11:12:01.557  3066  3066 D hostapd : nl80211: RX frame da=ff:ff:ff:ff:ff:ff sa=a4:04:50:ce:f7:da bssid=a4:04:50:ce:f7:da freq=5745 ssi_signal=-8700 fc=0xd0 seq_ctrl=0x73f0 stype=13 (WLAN_FC_STYPE_ACTION) len=42
12-30 11:12:01.557  3066  3066 D hostapd : wlan1: Event RX_MGMT (18) received
12-30 11:12:01.558  3066  3066 D hostapd : Receive wpa msg : Event RX_MGMT (18) received
12-30 11:12:01.564  2358  2623 D RcfController: Rcf proxy is not connected!
12-30 11:12:01.567  3066  3066 D hostapd : nl80211: BSS Event 59 (NL80211_CMD_FRAME) received for wlan1
12-30 11:12:01.567  3066  3066 D hostapd : nl80211: RX frame da=ff:ff:ff:ff:ff:ff sa=de:bb:0d:97:ae:5f bssid=de:bb:0d:97:ae:5f freq=5745 ssi_signal=-9100 fc=0xd0 seq_ctrl=0xfde0 stype=13 (WLAN_FC_STYPE_ACTION) len=42
12-30 11:12:01.567  3066  3066 D hostapd : wlan1: Event RX_MGMT (18) received
12-30 11:12:01.567  3066  3066 D hostapd : Receive wpa msg : Event RX_MGMT (18) received
12-30 11:12:01.569   360   931 D EvsDriver: forwardFrame
12-30 11:12:01.569   360   931 D EvsDriver: forwardFrameDirect
12-30 11:12:01.569   360   931 D EvsDriver: Delivered 0xb400e2ca9e40e270 as id 0
12-30 11:12:01.569   359  2784 D evsmanagerd: /dev/video-evs0 forwarded the buffer #0 to 0xb400f125d2b26dd0 from 0xb400f125e2b20710
12-30 11:12:01.577   596  3076 E WifiHAL : Invalid data received from driver
12-30 11:12:01.577   596  3076 E WifiHAL : Invalid data received from driver
12-30 11:12:01.577   596  3076 E WifiHAL : Invalid data received from driver
12-30 11:12:01.577   596  3076 E WifiHAL : Invalid data received from driver
12-30 11:12:01.577   596  3076 E WifiHAL : Invalid data received from driver
12-30 11:12:01.577   596  3076 E WifiHAL : Invalid data received from driver
12-30 11:12:01.577   596  3076 E WifiHAL : Invalid data received from driver
12-30 11:12:01.579   360   458 D EvsDriver: doneWithFrame
12-30 11:12:01.588   596  3076 E WifiHAL : Invalid data received from driver
12-30 11:12:01.588  3066  3066 D hostapd : nl80211: BSS Event 59 (NL80211_CMD_FRAME) received for wlan1
12-30 11:12:01.588  3066  3066 D hostapd : nl80211: RX frame da=ff:ff:ff:ff:ff:ff sa=de:bb:0d:97:ae:5f bssid=de:bb:0d:97:ae:5f freq=5745 ssi_signal=-9100 fc=0xd0 seq_ctrl=0xfdf0 stype=13 (WLAN_FC_STYPE_ACTION) len=42
12-30 11:12:01.588  3066  3066 D hostapd : wlan1: Event RX_MGMT (18) received
12-30 11:12:01.588  3066  3066 D hostapd : Receive wpa msg : Event RX_MGMT (18) received
12-30 11:12:01.598  3066  3066 D hostapd : nl80211: BSS Event 59 (NL80211_CMD_FRAME) received for wlan1
12-30 11:12:01.598  3066  3066 D hostapd : nl80211: RX frame da=ff:ff:ff:ff:ff:ff sa=a4:04:50:ce:f7:da bssid=a4:04:50:ce:f7:da freq=5745 ssi_signal=-8600 fc=0xd0 seq_ctrl=0x7410 stype=13 (WLAN_FC_STYPE_ACTION) len=42
12-30 11:12:01.598  3066  3066 D hostapd : wlan1: Event RX_MGMT (18) received
12-30 11:12:01.598  3066  3066 D hostapd : Receive wpa msg : Event RX_MGMT (18) received
12-30 11:12:01.603   360   931 D EvsDriver: forwardFrame
12-30 11:12:01.603   360   931 D EvsDriver: forwardFrameDirect
12-30 11:12:01.603   360   931 D EvsDriver: Delivered 0xb400e2ca9e40d4b0 as id 1
12-30 11:12:01.603   359  2784 D evsmanagerd: /dev/video-evs0 forwarded the buffer #1 to 0xb400f125d2b26dd0 from 0xb400f125e2b20710
12-30 11:12:01.609   596  3076 E WifiHAL : Invalid data received from driver
12-30 11:12:01.609  3066  3066 D hostapd : nl80211: BSS Event 59 (NL80211_CMD_FRAME) received for wlan1
12-30 11:12:01.609  3066  3066 D hostapd : nl80211: RX frame da=ff:ff:ff:ff:ff:ff sa=de:bb:0d:97:ae:5f bssid=de:bb:0d:97:ae:5f freq=5745 ssi_signal=-9200 fc=0xd0 seq_ctrl=0xfe00 stype=13 (WLAN_FC_STYPE_ACTION) len=42
12-30 11:12:01.609  3066  3066 D hostapd : wlan1: Event RX_MGMT (18) received
12-30 11:12:01.609  3066  3066 D hostapd : Receive wpa msg : Event RX_MGMT (18) received
12-30 11:12:01.609   360   458 D EvsDriver: doneWithFrame
12-30 11:12:01.612  3066  3066 D hostapd : nl80211: BSS Event 59 (NL80211_CMD_FRAME) received for wlan1
12-30 11:12:01.612  3066  3066 D hostapd : nl80211: RX frame da=ff:ff:ff:ff:ff:ff sa=cc:53:69:80:0a:c9 bssid=ff:ff:ff:ff:ff:ff freq=5745 ssi_signal=-9200 fc=0x40 seq_ctrl=0x630 stype=4 (WLAN_FC_STYPE_PROBE_REQ) len=274
12-30 11:12:01.612  3066  3066 D hostapd : Receive wpa msg : Event RX_MGMT (18) received
12-30 11:12:01.612  3066  3066 D hostapd : Receive wpa msg : RX-PROBE-REQUEST sa=cc:53:69:80:0a:c9 signal=-9200
12-30 11:12:01.612  3066  3066 D hostapd : nl80211: send_mlme - da=cc:53:69:80:0a:c9 noack=1 freq=0 no_cck=0 offchanok=0 wait_time=0 no_encrypt=0 fc=0x50 (WLAN_FC_STYPE_PROBE_RESP) nlmode=3
12-30 11:12:01.612  3066  3066 D hostapd : nl80211: Use bss->freq=5745
12-30 11:12:01.612  3066  3066 D hostapd : nl80211: send_mlme -> send_frame_cmd
12-30 11:12:01.612   596  3076 E WifiHAL : Invalid data received from driver
12-30 11:12:01.612  3066  3066 D hostapd : nl80211: Drv Event 60 (NL80211_CMD_FRAME_TX_STATUS) received for wlan1
12-30 11:12:01.612  3066  3066 D hostapd : nl80211: Frame TX status event A1=cc:53:69:80:0a:c9 stype=5 cookie=0x0 ack=0
12-30 11:12:01.612  3066  3066 D hostapd : wlan1: Event TX_STATUS (16) received
12-30 11:12:01.612  3066  3066 D hostapd : Receive wpa msg : Event TX_STATUS (16) received
12-30 11:12:01.614  2358  2623 D RcfController: Rcf proxy is not connected!
12-30 11:12:01.636   360   931 D EvsDriver: forwardFrame
12-30 11:12:01.636   360   931 D EvsDriver: forwardFrameDirect
12-30 11:12:01.636   360   931 D EvsDriver: Delivered 0xb400e2ca9e40c2d0 as id 0
12-30 11:12:01.636   359  2784 D evsmanagerd: /dev/video-evs0 forwarded the buffer #0 to 0xb400f125d2b26dd0 from 0xb400f125e2b20710
12-30 11:12:01.639   596  3076 E WifiHAL : Invalid data received from driver
12-30 11:12:01.640   360   458 D EvsDriver: doneWithFrame
12-30 11:12:01.660  3066  3066 D hostapd : nl80211: BSS Event 59 (NL80211_CMD_FRAME) received for wlan1
