12-30 11:12:04.499   398   464 I VehiclePropertyStore: begin to write value to Store: {.timestamp = 9260321383435, .areaId = 0, .prop = 557851168, .status = AVAILABLE, .value = {.int32Values = [1]{0}, .floatValues = [0]{}, .int64Values = [0]{}, .bytes = [0]{}, .stringValue = ""}}
12-30 11:12:04.499   398   464 D adayocomadapter-CommunicationManager: onUpstreamReceive mPropertyId 0x21402220
12-30 11:12:04.500   398   464 D adayocomadapter-CommunicationManager: onUpstreamReceive mPropertyId 0x214021c0
12-30 11:12:04.500   398   464 D adayocomadapter-CommunicationManager: convertBytesToInt32Memcpy  0
12-30 11:12:04.500   398   464 I vw-vhal : notifyVehicleProperty, propId = 0x214021c0, data = {status: 2, int32Values: [0]}
12-30 11:12:04.500   398   464 I vw-vhal : CanSignalsAdapter::notifyVehicleProperty: solvedValue = {.timestamp = 9260322040435, .areaId = 0, .prop = 557851072, .status = AVAILABLE, .value = {.int32Values = [1]{0}, .floatValues = [0]{}, .int64Values = [0]{}, .bytes = [0]{}, .stringValue = ""}}
12-30 11:12:04.500   398   464 I VehiclePropertyStore: begin to write value to Store: {.timestamp = 9260322040435, .areaId = 0, .prop = 557851072, .status = AVAILABLE, .value = {.int32Values = [1]{0}, .floatValues = [0]{}, .int64Values = [0]{}, .bytes = [0]{}, .stringValue = ""}}
12-30 11:12:04.500   398   464 I DefaultVehicleHal_v2_0: DefaultVehicleHal::onPropertyValue, value:{.timestamp = 9260322040435, .areaId = 0, .prop = 557851072, .status = AVAILABLE, .value = {.int32Values = [1]{0}, .floatValues = [0]{}, .int64Values = [0]{}, .bytes = [0]{}, .stringValue = ""}}
12-30 11:12:04.500   398   464 D DiagPropHandler: is not DiagnosticConfig: 0x214021c0
12-30 11:12:04.500   398   464 I VehiclePropertyStore: begin to write value to Store: {.timestamp = 9260322040435, .areaId = 0, .prop = 557851072, .status = AVAILABLE, .value = {.int32Values = [1]{0}, .floatValues = [0]{}, .int64Values = [0]{}, .bytes = [0]{}, .stringValue = ""}}
12-30 11:12:04.500   398   464 D adayocomadapter-CommunicationManager: onUpstreamReceive mPropertyId 0x214021c0
12-30 11:12:04.500   398   464 D adayocomadapter-CommunicationManager: onUpstreamReceive mPropertyId 0x2140215f
12-30 11:12:04.500   398   464 D adayocomadapter-CommunicationManager: convertBytesToInt32Memcpy  0
12-30 11:12:04.500   398   464 I vw-vhal : notifyVehicleProperty, propId = 0x2140215f, data = {status: 2, int32Values: [0]}
12-30 11:12:04.500   398   464 I vw-vhal : CanSignalsAdapter::notifyVehicleProperty: solvedValue = {.timestamp = 9260322708768, .areaId = 0, .prop = 557850975, .status = AVAILABLE, .value = {.int32Values = [1]{0}, .floatValues = [0]{}, .int64Values = [0]{}, .bytes = [0]{}, .stringValue = ""}}
12-30 11:12:04.500   398   464 I VehiclePropertyStore: begin to write value to Store: {.timestamp = 9260322708768, .areaId = 0, .prop = 557850975, .status = AVAILABLE, .value = {.int32Values = [1]{0}, .floatValues = [0]{}, .int64Values = [0]{}, .bytes = [0]{}, .stringValue = ""}}
12-30 11:12:04.501   398   464 I DefaultVehicleHal_v2_0: DefaultVehicleHal::onPropertyValue, value:{.timestamp = 9260322708768, .areaId = 0, .prop = 557850975, .status = AVAILABLE, .value = {.int32Values = [1]{0}, .floatValues = [0]{}, .int64Values = [0]{}, .bytes = [0]{}, .stringValue = ""}}
12-30 11:12:04.501   398   464 D DiagPropHandler: is not DiagnosticConfig: 0x2140215f
12-30 11:12:04.501   398   464 I VehiclePropertyStore: begin to write value to Store: {.timestamp = 9260322708768, .areaId = 0, .prop = 557850975, .status = AVAILABLE, .value = {.int32Values = [1]{0}, .floatValues = [0]{}, .int64Values = [0]{}, .bytes = [0]{}, .stringValue = ""}}
12-30 11:12:04.501   398   464 D adayocomadapter-CommunicationManager: onUpstreamReceive mPropertyId 0x2140215f
12-30 11:12:04.501   398   464 D adayocomadapter-CommunicationManager: onUpstreamReceive mPropertyId 0x214021c1
12-30 11:12:04.501   398   464 D adayocomadapter-CommunicationManager: convertBytesToInt32Memcpy  0
12-30 11:12:04.501   398   464 I vw-vhal : notifyVehicleProperty, propId = 0x214021c1, data = {status: 2, int32Values: [0]}
12-30 11:12:04.501   398   464 I vw-vhal : CanSignalsAdapter::notifyVehicleProperty: solvedValue = {.timestamp = 9260323384768, .areaId = 0, .prop = 557851073, .status = AVAILABLE, .value = {.int32Values = [1]{0}, .floatValues = [0]{}, .int64Values = [0]{}, .bytes = [0]{}, .stringValue = ""}}
12-30 11:12:04.501   398   464 I VehiclePropertyStore: begin to write value to Store: {.timestamp = 9260323384768, .areaId = 0, .prop = 557851073, .status = AVAILABLE, .value = {.int32Values = [1]{0}, .floatValues = [0]{}, .int64Values = [0]{}, .bytes = [0]{}, .stringValue = ""}}
12-30 11:12:04.501   398   464 I DefaultVehicleHal_v2_0: DefaultVehicleHal::onPropertyValue, value:{.timestamp = 9260323384768, .areaId = 0, .prop = 557851073, .status = AVAILABLE, .value = {.int32Values = [1]{0}, .floatValues = [0]{}, .int64Values = [0]{}, .bytes = [0]{}, .stringValue = ""}}
12-30 11:12:04.501   398   464 D DiagPropHandler: is not DiagnosticConfig: 0x214021c1
12-30 11:12:04.501   398   464 I VehiclePropertyStore: begin to write value to Store: {.timestamp = 9260323384768, .areaId = 0, .prop = 557851073, .status = AVAILABLE, .value = {.int32Values = [1]{0}, .floatValues = [0]{}, .int64Values = [0]{}, .bytes = [0]{}, .stringValue = ""}}
12-30 11:12:04.501   398   464 D adayocomadapter-CommunicationManager: onUpstreamReceive mPropertyId 0x214021c1
12-30 11:12:04.502   398   464 D adayocomadapter-CommunicationManager: onUpstreamReceive mPropertyId 0x21402160
12-30 11:12:04.502   398   464 D adayocomadapter-CommunicationManager: convertBytesToInt32Memcpy  0
12-30 11:12:04.502   398   464 I vw-vhal : notifyVehicleProperty, propId = 0x21402160, data = {status: 2, int32Values: [0]}
12-30 11:12:04.502   398   464 I vw-vhal : CanSignalsAdapter::notifyVehicleProperty: solvedValue = {.timestamp = 9260324089435, .areaId = 0, .prop = 557850976, .status = AVAILABLE, .value = {.int32Values = [1]{0}, .floatValues = [0]{}, .int64Values = [0]{}, .bytes = [0]{}, .stringValue = ""}}
12-30 11:12:04.502   398   464 I VehiclePropertyStore: begin to write value to Store: {.timestamp = 9260324089435, .areaId = 0, .prop = 557850976, .status = AVAILABLE, .value = {.int32Values = [1]{0}, .floatValues = [0]{}, .int64Values = [0]{}, .bytes = [0]{}, .stringValue = ""}}
12-30 11:12:04.502   398   464 I DefaultVehicleHal_v2_0: DefaultVehicleHal::onPropertyValue, value:{.timestamp = 9260324089435, .areaId = 0, .prop = 557850976, .status = AVAILABLE, .value = {.int32Values = [1]{0}, .floatValues = [0]{}, .int64Values = [0]{}, .bytes = [0]{}, .stringValue = ""}}
12-30 11:12:04.502   398   464 D DiagPropHandler: is not DiagnosticConfig: 0x21402160
12-30 11:12:04.502   398   464 I VehiclePropertyStore: begin to write value to Store: {.timestamp = 9260324089435, .areaId = 0, .prop = 557850976, .status = AVAILABLE, .value = {.int32Values = [1]{0}, .floatValues = [0]{}, .int64Values = [0]{}, .bytes = [0]{}, .stringValue = ""}}
12-30 11:12:04.502   398   464 D adayocomadapter-CommunicationManager: onUpstreamReceive mPropertyId 0x21402160
12-30 11:12:04.502   398   464 D adayocomadapter-CommunicationManager: onUpstreamReceive mPropertyId 0x21402222
12-30 11:12:04.502   398   464 D adayocomadapter-CommunicationManager: convertBytesToInt32Memcpy  0
12-30 11:12:04.502   398   464 I vw-vhal : notifyVehicleProperty, propId = 0x21402222, data = {status: 2, int32Values: [0]}
12-30 11:12:04.502   398   464 I vw-vhal : CanSignalsAdapter::notifyVehicleProperty: solvedValue = {.timestamp = 9260324773101, .areaId = 0, .prop = 557851170, .status = AVAILABLE, .value = {.int32Values = [1]{0}, .floatValues = [0]{}, .int64Values = [0]{}, .bytes = [0]{}, .stringValue = ""}}
12-30 11:12:04.503   398   464 I VehiclePropertyStore: begin to write value to Store: {.timestamp = 9260324773101, .areaId = 0, .prop = 557851170, .status = AVAILABLE, .value = {.int32Values = [1]{0}, .floatValues = [0]{}, .int64Values = [0]{}, .bytes = [0]{}, .stringValue = ""}}
12-30 11:12:04.503   360   931 D EvsDriver: forwardFrame
12-30 11:12:04.503   398   464 I DefaultVehicleHal_v2_0: DefaultVehicleHal::onPropertyValue, value:{.timestamp = 9260324773101, .areaId = 0, .prop = 557851170, .status = AVAILABLE, .value = {.int32Values = [1]{0}, .floatValues = [0]{}, .int64Values = [0]{}, .bytes = [0]{}, .stringValue = ""}}
12-30 11:12:04.503   360   931 D EvsDriver: forwardFrameDirect
12-30 11:12:04.503   398   464 D DiagPropHandler: is not DiagnosticConfig: 0x21402222
12-30 11:12:04.503   398   464 I VehiclePropertyStore: begin to write value to Store: {.timestamp = 9260324773101, .areaId = 0, .prop = 557851170, .status = AVAILABLE, .value = {.int32Values = [1]{0}, .floatValues = [0]{}, .int64Values = [0]{}, .bytes = [0]{}, .stringValue = ""}}
12-30 11:12:04.503   398   464 D adayocomadapter-CommunicationManager: onUpstreamReceive mPropertyId 0x21402222
12-30 11:12:04.503   398   464 D adayocomadapter-CommunicationManager: onUpstreamReceive mPropertyId 0x214021c2
12-30 11:12:04.503   398   464 D adayocomadapter-CommunicationManager: convertBytesToInt32Memcpy  0
12-30 11:12:04.503   398   464 I vw-vhal : notifyVehicleProperty, propId = 0x214021c2, data = {status: 2, int32Values: [0]}
12-30 11:12:04.503   360   931 D EvsDriver: Delivered 0xb400e2ca9e40e110 as id 0
12-30 11:12:04.503   398   464 I vw-vhal : CanSignalsAdapter::notifyVehicleProperty: solvedValue = {.timestamp = 9260325436435, .areaId = 0, .prop = 557851074, .status = AVAILABLE, .value = {.int32Values = [1]{0}, .floatValues = [0]{}, .int64Values = [0]{}, .bytes = [0]{}, .stringValue = ""}}
12-30 11:12:04.503   398   464 I VehiclePropertyStore: begin to write value to Store: {.timestamp = 9260325436435, .areaId = 0, .prop = 557851074, .status = AVAILABLE, .value = {.int32Values = [1]{0}, .floatValues = [0]{}, .int64Values = [0]{}, .bytes = [0]{}, .stringValue = ""}}
12-30 11:12:04.503   359  2784 D evsmanagerd: /dev/video-evs0 forwarded the buffer #0 to 0xb400f125d2b26dd0 from 0xb400f125e2b20710
12-30 11:12:04.503   398   464 I DefaultVehicleHal_v2_0: DefaultVehicleHal::onPropertyValue, value:{.timestamp = 9260325436435, .areaId = 0, .prop = 557851074, .status = AVAILABLE, .value = {.int32Values = [1]{0}, .floatValues = [0]{}, .int64Values = [0]{}, .bytes = [0]{}, .stringValue = ""}}
12-30 11:12:04.503   398   464 D DiagPropHandler: is not DiagnosticConfig: 0x214021c2
12-30 11:12:04.503   398   464 I VehiclePropertyStore: begin to write value to Store: {.timestamp = 9260325436435, .areaId = 0, .prop = 557851074, .status = AVAILABLE, .value = {.int32Values = [1]{0}, .floatValues = [0]{}, .int64Values = [0]{}, .bytes = [0]{}, .stringValue = ""}}
12-30 11:12:04.504   398   464 D adayocomadapter-CommunicationManager: onUpstreamReceive mPropertyId 0x214021c2
12-30 11:12:04.504   398   464 D adayocomadapter-CommunicationManager: onUpstreamReceive mPropertyId 0x214021c4
12-30 11:12:04.504   398   464 D adayocomadapter-CommunicationManager: convertBytesToInt32Memcpy  0
12-30 11:12:04.504   398   464 I vw-vhal : notifyVehicleProperty, propId = 0x214021c4, data = {status: 2, int32Values: [0]}
12-30 11:12:04.504   398   464 I vw-vhal : CanSignalsAdapter::notifyVehicleProperty: solvedValue = {.timestamp = 9260326107435, .areaId = 0, .prop = 557851076, .status = AVAILABLE, .value = {.int32Values = [1]{0}, .floatValues = [0]{}, .int64Values = [0]{}, .bytes = [0]{}, .stringValue = ""}}
12-30 11:12:04.504   398   464 I VehiclePropertyStore: begin to write value to Store: {.timestamp = 9260326107435, .areaId = 0, .prop = 557851076, .status = AVAILABLE, .value = {.int32Values = [1]{0}, .floatValues = [0]{}, .int64Values = [0]{}, .bytes = [0]{}, .stringValue = ""}}
12-30 11:12:04.504   398   464 I DefaultVehicleHal_v2_0: DefaultVehicleHal::onPropertyValue, value:{.timestamp = 9260326107435, .areaId = 0, .prop = 557851076, .status = AVAILABLE, .value = {.int32Values = [1]{0}, .floatValues = [0]{}, .int64Values = [0]{}, .bytes = [0]{}, .stringValue = ""}}
12-30 11:12:04.504   398   464 D DiagPropHandler: is not DiagnosticConfig: 0x214021c4
12-30 11:12:04.504   398   464 I VehiclePropertyStore: begin to write value to Store: {.timestamp = 9260326107435, .areaId = 0, .prop = 557851076, .status = AVAILABLE, .value = {.int32Values = [1]{0}, .floatValues = [0]{}, .int64Values = [0]{}, .bytes = [0]{}, .stringValue = ""}}
12-30 11:12:04.504   398   464 D adayocomadapter-CommunicationManager: onUpstreamReceive mPropertyId 0x214021c4
12-30 11:12:04.504   398   464 D adayocomadapter-CommunicationManager: onUpstreamReceive mPropertyId 0x21402225
12-30 11:12:04.504   398   464 D adayocomadapter-CommunicationManager: convertBytesToInt32Memcpy  0
12-30 11:12:04.504   398   464 I vw-vhal : notifyVehicleProperty, propId = 0x21402225, data = {status: 2, int32Values: [0]}
12-30 11:12:04.504   398   464 I vw-vhal : CanSignalsAdapter::notifyVehicleProperty: solvedValue = {.timestamp = 9260326762768, .areaId = 0, .prop = 557851173, .status = AVAILABLE, .value = {.int32Values = [1]{0}, .floatValues = [0]{}, .int64Values = [0]{}, .bytes = [0]{}, .stringValue = ""}}
12-30 11:12:04.505   398   464 I VehiclePropertyStore: begin to write value to Store: {.timestamp = 9260326762768, .areaId = 0, .prop = 557851173, .status = AVAILABLE, .value = {.int32Values = [1]{0}, .floatValues = [0]{}, .int64Values = [0]{}, .bytes = [0]{}, .stringValue = ""}}
12-30 11:12:04.505   398   464 I DefaultVehicleHal_v2_0: DefaultVehicleHal::onPropertyValue, value:{.timestamp = 9260326762768, .areaId = 0, .prop = 557851173, .status = AVAILABLE, .value = {.int32Values = [1]{0}, .floatValues = [0]{}, .int64Values = [0]{}, .bytes = [0]{}, .stringValue = ""}}
12-30 11:12:04.505   398   464 D DiagPropHandler: is not DiagnosticConfig: 0x21402225
12-30 11:12:04.505   398   464 I VehiclePropertyStore: begin to write value to Store: {.timestamp = 9260326762768, .areaId = 0, .prop = 557851173, .status = AVAILABLE, .value = {.int32Values = [1]{0}, .floatValues = [0]{}, .int64Values = [0]{}, .bytes = [0]{}, .stringValue = ""}}
12-30 11:12:04.505   398   464 D adayocomadapter-CommunicationManager: onUpstreamReceive mPropertyId 0x21402225
12-30 11:12:04.505   398   464 D adayocomadapter-CommunicationManager: onUpstreamReceive mPropertyId 0x214021c5
12-30 11:12:04.505   398   464 D adayocomadapter-CommunicationManager: convertBytesToInt32Memcpy  0
12-30 11:12:04.505   398   464 I vw-vhal : notifyVehicleProperty, propId = 0x214021c5, data = {status: 2, int32Values: [0]}
12-30 11:12:04.505   398   464 I vw-vhal : CanSignalsAdapter::notifyVehicleProperty: solvedValue = {.timestamp = 9260327447101, .areaId = 0, .prop = 557851077, .status = AVAILABLE, .value = {.int32Values = [1]{0}, .floatValues = [0]{}, .int64Values = [0]{}, .bytes = [0]{}, .stringValue = ""}}
12-30 11:12:04.505   398   464 I VehiclePropertyStore: begin to write value to Store: {.timestamp = 9260327447101, .areaId = 0, .prop = 557851077, .status = AVAILABLE, .value = {.int32Values = [1]{0}, .floatValues = [0]{}, .int64Values = [0]{}, .bytes = [0]{}, .stringValue = ""}}
12-30 11:12:04.505   398   464 I DefaultVehicleHal_v2_0: DefaultVehicleHal::onPropertyValue, value:{.timestamp = 9260327447101, .areaId = 0, .prop = 557851077, .status = AVAILABLE, .value = {.int32Values = [1]{0}, .floatValues = [0]{}, .int64Values = [0]{}, .bytes = [0]{}, .stringValue = ""}}
12-30 11:12:04.505   398   464 D DiagPropHandler: is not DiagnosticConfig: 0x214021c5
12-30 11:12:04.505   398   464 I VehiclePropertyStore: begin to write value to Store: {.timestamp = 9260327447101, .areaId = 0, .prop = 557851077, .status = AVAILABLE, .value = {.int32Values = [1]{0}, .floatValues = [0]{}, .int64Values = [0]{}, .bytes = [0]{}, .stringValue = ""}}
12-30 11:12:04.506   398   464 D adayocomadapter-CommunicationManager: onUpstreamReceive mPropertyId 0x214021c5
12-30 11:12:04.506   398   464 D adayocomadapter-CommunicationManager: onUpstreamReceive mPropertyId 0x21402226
12-30 11:12:04.506   398   464 D adayocomadapter-CommunicationManager: convertBytesToInt32Memcpy  0
12-30 11:12:04.506   398   464 I vw-vhal : notifyVehicleProperty, propId = 0x21402226, data = {status: 2, int32Values: [0]}
12-30 11:12:04.506   398   464 I vw-vhal : CanSignalsAdapter::notifyVehicleProperty: solvedValue = {.timestamp = 9260328130768, .areaId = 0, .prop = 557851174, .status = AVAILABLE, .value = {.int32Values = [1]{0}, .floatValues = [0]{}, .int64Values = [0]{}, .bytes = [0]{}, .stringValue = ""}}
12-30 11:12:04.506   398   464 I VehiclePropertyStore: begin to write value to Store: {.timestamp = 9260328130768, .areaId = 0, .prop = 557851174, .status = AVAILABLE, .value = {.int32Values = [1]{0}, .floatValues = [0]{}, .int64Values = [0]{}, .bytes = [0]{}, .stringValue = ""}}
12-30 11:12:04.506   398   464 I DefaultVehicleHal_v2_0: DefaultVehicleHal::onPropertyValue, value:{.timestamp = 9260328130768, .areaId = 0, .prop = 557851174, .status = AVAILABLE, .value = {.int32Values = [1]{0}, .floatValues = [0]{}, .int64Values = [0]{}, .bytes = [0]{}, .stringValue = ""}}
12-30 11:12:04.506   398   464 D DiagPropHandler: is not DiagnosticConfig: 0x21402226
12-30 11:12:04.506   398   464 I VehiclePropertyStore: begin to write value to Store: {.timestamp = 9260328130768, .areaId = 0, .prop = 557851174, .status = AVAILABLE, .value = {.int32Values = [1]{0}, .floatValues = [0]{}, .int64Values = [0]{}, .bytes = [0]{}, .stringValue = ""}}
12-30 11:12:04.506   398   464 D adayocomadapter-CommunicationManager: onUpstreamReceive mPropertyId 0x21402226
12-30 11:12:04.506   398   464 D adayocomadapter-CommunicationManager: onUpstreamReceive mPropertyId 0x214021c6
12-30 11:12:04.506   398   464 D adayocomadapter-CommunicationManager: convertBytesToInt32Memcpy  0
12-30 11:12:04.506   398   464 I vw-vhal : notifyVehicleProperty, propId = 0x214021c6, data = {status: 2, int32Values: [0]}
12-30 11:12:04.506   398   464 I vw-vhal : CanSignalsAdapter::notifyVehicleProperty: solvedValue = {.timestamp = 9260328796435, .areaId = 0, .prop = 557851078, .status = AVAILABLE, .value = {.int32Values = [1]{0}, .floatValues = [0]{}, .int64Values = [0]{}, .bytes = [0]{}, .stringValue = ""}}
12-30 11:12:04.507   398   464 I VehiclePropertyStore: begin to write value to Store: {.timestamp = 9260328796435, .areaId = 0, .prop = 557851078, .status = AVAILABLE, .value = {.int32Values = [1]{0}, .floatValues = [0]{}, .int64Values = [0]{}, .bytes = [0]{}, .stringValue = ""}}
12-30 11:12:04.507   398   464 I DefaultVehicleHal_v2_0: DefaultVehicleHal::onPropertyValue, value:{.timestamp = 9260328796435, .areaId = 0, .prop = 557851078, .status = AVAILABLE, .value = {.int32Values = [1]{0}, .floatValues = [0]{}, .int64Values = [0]{}, .bytes = [0]{}, .stringValue = ""}}
12-30 11:12:04.507   398   464 D DiagPropHandler: is not DiagnosticConfig: 0x214021c6
12-30 11:12:04.507   398   464 I VehiclePropertyStore: begin to write value to Store: {.timestamp = 9260328796435, .areaId = 0, .prop = 557851078, .status = AVAILABLE, .value = {.int32Values = [1]{0}, .floatValues = [0]{}, .int64Values = [0]{}, .bytes = [0]{}, .stringValue = ""}}
12-30 11:12:04.507   398   464 D adayocomadapter-CommunicationManager: onUpstreamReceive mPropertyId 0x214021c6
12-30 11:12:04.507   398   464 D adayocomadapter-CommunicationManager: onUpstreamReceive mPropertyId 0x21402227
12-30 11:12:04.507   398   464 D adayocomadapter-CommunicationManager: convertBytesToInt32Memcpy  0
12-30 11:12:04.507   398   464 I vw-vhal : notifyVehicleProperty, propId = 0x21402227, data = {status: 2, int32Values: [0]}
12-30 11:12:04.507   398   464 I vw-vhal : CanSignalsAdapter::notifyVehicleProperty: solvedValue = {.timestamp = 9260329445435, .areaId = 0, .prop = 557851175, .status = AVAILABLE, .value = {.int32Values = [1]{0}, .floatValues = [0]{}, .int64Values = [0]{}, .bytes = [0]{}, .stringValue = ""}}
12-30 11:12:04.507   398   464 I VehiclePropertyStore: begin to write value to Store: {.timestamp = 9260329445435, .areaId = 0, .prop = 557851175, .status = AVAILABLE, .value = {.int32Values = [1]{0}, .floatValues = [0]{}, .int64Values = [0]{}, .bytes = [0]{}, .stringValue = ""}}
12-30 11:12:04.507   398   464 I DefaultVehicleHal_v2_0: DefaultVehicleHal::onPropertyValue, value:{.timestamp = 9260329445435, .areaId = 0, .prop = 557851175, .status = AVAILABLE, .value = {.int32Values = [1]{0}, .floatValues = [0]{}, .int64Values = [0]{}, .bytes = [0]{}, .stringValue = ""}}
12-30 11:12:04.507   398   464 D DiagPropHandler: is not DiagnosticConfig: 0x21402227
12-30 11:12:04.507   398   464 I VehiclePropertyStore: begin to write value to Store: {.timestamp = 9260329445435, .areaId = 0, .prop = 557851175, .status = AVAILABLE, .value = {.int32Values = [1]{0}, .floatValues = [0]{}, .int64Values = [0]{}, .bytes = [0]{}, .stringValue = ""}}
12-30 11:12:04.508   398   464 D adayocomadapter-CommunicationManager: onUpstreamReceive mPropertyId 0x21402227
12-30 11:12:04.508   398   464 D adayocomadapter-CommunicationManager: onUpstreamReceive mPropertyId 0x214021d3
12-30 11:12:04.508   398   464 D adayocomadapter-CommunicationManager: convertBytesToInt32Memcpy  0
12-30 11:12:04.508   398   464 I vw-vhal : notifyVehicleProperty, propId = 0x214021d3, data = {status: 2, int32Values: [0]}
12-30 11:12:04.508   398   464 I vw-vhal : CanSignalsAdapter::notifyVehicleProperty: solvedValue = {.timestamp = 9260330107101, .areaId = 0, .prop = 557851091, .status = AVAILABLE, .value = {.int32Values = [1]{0}, .floatValues = [0]{}, .int64Values = [0]{}, .bytes = [0]{}, .stringValue = ""}}
12-30 11:12:04.508   398   464 I VehiclePropertyStore: begin to write value to Store: {.timestamp = 9260330107101, .areaId = 0, .prop = 557851091, .status = AVAILABLE, .value = {.int32Values = [1]{0}, .floatValues = [0]{}, .int64Values = [0]{}, .bytes = [0]{}, .stringValue = ""}}
12-30 11:12:04.508   398   464 I DefaultVehicleHal_v2_0: DefaultVehicleHal::onPropertyValue, value:{.timestamp = 9260330107101, .areaId = 0, .prop = 557851091, .status = AVAILABLE, .value = {.int32Values = [1]{0}, .floatValues = [0]{}, .int64Values = [0]{}, .bytes = [0]{}, .stringValue = ""}}
12-30 11:12:04.508   398   464 D DiagPropHandler: is not DiagnosticConfig: 0x214021d3
12-30 11:12:04.508   398   464 I VehiclePropertyStore: begin to write value to Store: {.timestamp = 9260330107101, .areaId = 0, .prop = 557851091, .status = AVAILABLE, .value = {.int32Values = [1]{0}, .floatValues = [0]{}, .int64Values = [0]{}, .bytes = [0]{}, .stringValue = ""}}
12-30 11:12:04.508   398   464 D adayocomadapter-CommunicationManager: onUpstreamReceive mPropertyId 0x214021d3
12-30 11:12:04.508   398   464 D adayocomadapter-CommunicationManager: onUpstreamReceive mPropertyId 0x21402234
12-30 11:12:04.508   398   464 D adayocomadapter-CommunicationManager: convertBytesToInt32Memcpy  0
12-30 11:12:04.508   398   464 I vw-vhal : notifyVehicleProperty, propId = 0x21402234, data = {status: 2, int32Values: [0]}
12-30 11:12:04.508   398   464 I vw-vhal : CanSignalsAdapter::notifyVehicleProperty: solvedValue = {.timestamp = 9260330747101, .areaId = 0, .prop = 557851188, .status = AVAILABLE, .value = {.int32Values = [1]{0}, .floatValues = [0]{}, .int64Values = [0]{}, .bytes = [0]{}, .stringValue = ""}}
12-30 11:12:04.508   650   729 D fgemcucomm: sd Uart data : 6AA60220F20002920256
12-30 11:12:04.509   398   464 I VehiclePropertyStore: begin to write value to Store: {.timestamp = 9260330747101, .areaId = 0, .prop = 557851188, .status = AVAILABLE, .value = {.int32Values = [1]{0}, .floatValues = [0]{}, .int64Values = [0]{}, .bytes = [0]{}, .stringValue = ""}}
12-30 11:12:04.509   398   464 I DefaultVehicleHal_v2_0: DefaultVehicleHal::onPropertyValue, value:{.timestamp = 9260330747101, .areaId = 0, .prop = 557851188, .status = AVAILABLE, .value = {.int32Values = [1]{0}, .floatValues = [0]{}, .int64Values = [0]{}, .bytes = [0]{}, .stringValue = ""}}
12-30 11:12:04.509   398   464 D DiagPropHandler: is not DiagnosticConfig: 0x21402234
12-30 11:12:04.509   398   464 I VehiclePropertyStore: begin to write value to Store: {.timestamp = 9260330747101, .areaId = 0, .prop = 557851188, .status = AVAILABLE, .value = {.int32Values = [1]{0}, .floatValues = [0]{}, .int64Values = [0]{}, .bytes = [0]{}, .stringValue = ""}}
12-30 11:12:04.509   398   464 D adayocomadapter-CommunicationManager: onUpstreamReceive mPropertyId 0x21402234
12-30 11:12:04.509   398   464 D adayocomadapter-CommunicationManager: onUpstreamReceive mPropertyId 0x214021d4
12-30 11:12:04.509   650   729 D fgemcucomm: rev uart=76497,len=23, data : 6AA68120F2000F920200040000000000000000000000C6
12-30 11:12:04.509   398   464 D adayocomadapter-CommunicationManager: convertBytesToInt32Memcpy  0
12-30 11:12:04.509   398   464 I vw-vhal : notifyVehicleProperty, propId = 0x214021d4, data = {status: 2, int32Values: [0]}
12-30 11:12:04.509   398   464 I vw-vhal : CanSignalsAdapter::notifyVehicleProperty: solvedValue = {.timestamp = 9260331388768, .areaId = 0, .prop = 557851092, .status = AVAILABLE, .value = {.int32Values = [1]{0}, .floatValues = [0]{}, .int64Values = [0]{}, .bytes = [0]{}, .stringValue = ""}}
12-30 11:12:04.509   398   466 D adayocomadapter-ParseProtocolFunc: printRaWMsg Name[MCUToUPstream recv] len[15] data[920200040000000000000000000000]
12-30 11:12:04.509   398   464 I VehiclePropertyStore: begin to write value to Store: {.timestamp = 9260331388768, .areaId = 0, .prop = 557851092, .status = AVAILABLE, .value = {.int32Values = [1]{0}, .floatValues = [0]{}, .int64Values = [0]{}, .bytes = [0]{}, .stringValue = ""}}
12-30 11:12:04.509   398   466 D adayocomadapter-CommunicationManager: onUpstreamback   member[0] dataLength[12] timePoint[9260331]
12-30 11:12:04.509   398   464 I DefaultVehicleHal_v2_0: DefaultVehicleHal::onPropertyValue, value:{.timestamp = 9260331388768, .areaId = 0, .prop = 557851092, .status = AVAILABLE, .value = {.int32Values = [1]{0}, .floatValues = [0]{}, .int64Values = [0]{}, .bytes = [0]{}, .stringValue = ""}}
12-30 11:12:04.509   398   466 D adayocomadapter-ParseProtocolFunc: printRaWMsg Name[onUpstreamback] len[12] data[040000000000000000000000]
12-30 11:12:04.509   398   464 D DiagPropHandler: is not DiagnosticConfig: 0x214021d4
12-30 11:12:04.509   398   464 I VehiclePropertyStore: begin to write value to Store: {.timestamp = 9260331388768, .areaId = 0, .prop = 557851092, .status = AVAILABLE, .value = {.int32Values = [1]{0}, .floatValues = [0]{}, .int64Values = [0]{}, .bytes = [0]{}, .stringValue = ""}}
12-30 11:12:04.509   398   464 D adayocomadapter-CommunicationManager: onUpstreamReceive mPropertyId 0x214021d4
12-30 11:12:04.510   398   464 D adayocomadapter-CommunicationManager: onUpstreamReceive mPropertyId 0x21402235
12-30 11:12:04.510   398   464 D adayocomadapter-CommunicationManager: convertBytesToInt32Memcpy  0
12-30 11:12:04.510   398   464 I vw-vhal : notifyVehicleProperty, propId = 0x21402235, data = {status: 2, int32Values: [0]}
12-30 11:12:04.510   398   464 I vw-vhal : CanSignalsAdapter::notifyVehicleProperty: solvedValue = {.timestamp = 9260332065101, .areaId = 0, .prop = 557851189, .status = AVAILABLE, .value = {.int32Values = [1]{0}, .floatValues = [0]{}, .int64Values = [0]{}, .bytes = [0]{}, .stringValue = ""}}
12-30 11:12:04.510   360   458 D EvsDriver: doneWithFrame
12-30 11:12:04.510   398   464 I VehiclePropertyStore: begin to write value to Store: {.timestamp = 9260332065101, .areaId = 0, .prop = 557851189, .status = AVAILABLE, .value = {.int32Values = [1]{0}, .floatValues = [0]{}, .int64Values = [0]{}, .bytes = [0]{}, .stringValue = ""}}
12-30 11:12:04.510   398   464 I DefaultVehicleHal_v2_0: DefaultVehicleHal::onPropertyValue, value:{.timestamp = 9260332065101, .areaId = 0, .prop = 557851189, .status = AVAILABLE, .value = {.int32Values = [1]{0}, .floatValues = [0]{}, .int64Values = [0]{}, .bytes = [0]{}, .stringValue = ""}}
12-30 11:12:04.510   398   464 D DiagPropHandler: is not DiagnosticConfig: 0x21402235
12-30 11:12:04.510   398   464 I VehiclePropertyStore: begin to write value to Store: {.timestamp = 9260332065101, .areaId = 0, .prop = 557851189, .status = AVAILABLE, .value = {.int32Values = [1]{0}, .floatValues = [0]{}, .int64Values = [0]{}, .bytes = [0]{}, .stringValue = ""}}
12-30 11:12:04.510   398   464 D adayocomadapter-CommunicationManager: onUpstreamReceive mPropertyId 0x21402235
12-30 11:12:04.510   398   464 D adayocomadapter-CommunicationManager: onUpstreamReceive mPropertyId 0x21402228
12-30 11:12:04.510   398   464 D adayocomadapter-CommunicationManager: convertBytesToInt32Memcpy  0
12-30 11:12:04.510   398   464 I vw-vhal : notifyVehicleProperty, propId = 0x21402228, data = {status: 2, int32Values: [0]}
12-30 11:12:04.510   398   464 I vw-vhal : CanSignalsAdapter::notifyVehicleProperty: solvedValue = {.timestamp = 9260332703435, .areaId = 0, .prop = 557851176, .status = AVAILABLE, .value = {.int32Values = [1]{0}, .floatValues = [0]{}, .int64Values = [0]{}, .bytes = [0]{}, .stringValue = ""}}
12-30 11:12:04.510   398   464 I VehiclePropertyStore: begin to write value to Store: {.timestamp = 9260332703435, .areaId = 0, .prop = 557851176, .status = AVAILABLE, .value = {.int32Values = [1]{0}, .floatValues = [0]{}, .int64Values = [0]{}, .bytes = [0]{}, .stringValue = ""}}
12-30 11:12:04.511   398   464 I DefaultVehicleHal_v2_0: DefaultVehicleHal::onPropertyValue, value:{.timestamp = 9260332703435, .areaId = 0, .prop = 557851176, .status = AVAILABLE, .value = {.int32Values = [1]{0}, .floatValues = [0]{}, .int64Values = [0]{}, .bytes = [0]{}, .stringValue = ""}}
12-30 11:12:04.511   398   464 D DiagPropHandler: is not DiagnosticConfig: 0x21402228
12-30 11:12:04.511   398   464 I VehiclePropertyStore: begin to write value to Store: {.timestamp = 9260332703435, .areaId = 0, .prop = 557851176, .status = AVAILABLE, .value = {.int32Values = [1]{0}, .floatValues = [0]{}, .int64Values = [0]{}, .bytes = [0]{}, .stringValue = ""}}
12-30 11:12:04.511   398   464 D adayocomadapter-CommunicationManager: onUpstreamReceive mPropertyId 0x21402228
12-30 11:12:04.511   398   464 D adayocomadapter-CommunicationManager: onUpstreamReceive mPropertyId 0x21402229
12-30 11:12:04.511   398   464 D adayocomadapter-CommunicationManager: convertBytesToInt32Memcpy  0
12-30 11:12:04.511   398   464 I vw-vhal : notifyVehicleProperty, propId = 0x21402229, data = {status: 2, int32Values: [0]}
12-30 11:12:04.511   398   464 I vw-vhal : CanSignalsAdapter::notifyVehicleProperty: solvedValue = {.timestamp = 9260333352768, .areaId = 0, .prop = 557851177, .status = AVAILABLE, .value = {.int32Values = [1]{0}, .floatValues = [0]{}, .int64Values = [0]{}, .bytes = [0]{}, .stringValue = ""}}
12-30 11:12:04.511   398   464 I VehiclePropertyStore: begin to write value to Store: {.timestamp = 9260333352768, .areaId = 0, .prop = 557851177, .status = AVAILABLE, .value = {.int32Values = [1]{0}, .floatValues = [0]{}, .int64Values = [0]{}, .bytes = [0]{}, .stringValue = ""}}
12-30 11:12:04.511   398   464 I DefaultVehicleHal_v2_0: DefaultVehicleHal::onPropertyValue, value:{.timestamp = 9260333352768, .areaId = 0, .prop = 557851177, .status = AVAILABLE, .value = {.int32Values = [1]{0}, .floatValues = [0]{}, .int64Values = [0]{}, .bytes = [0]{}, .stringValue = ""}}
12-30 11:12:04.511   398   464 D DiagPropHandler: is not DiagnosticConfig: 0x21402229
12-30 11:12:04.511   398   464 I VehiclePropertyStore: begin to write value to Store: {.timestamp = 9260333352768, .areaId = 0, .prop = 557851177, .status = AVAILABLE, .value = {.int32Values = [1]{0}, .floatValues = [0]{}, .int64Values = [0]{}, .bytes = [0]{}, .stringValue = ""}}
12-30 11:12:04.511   398   464 D adayocomadapter-CommunicationManager: onUpstreamReceive mPropertyId 0x21402229
12-30 11:12:04.511   398   464 D adayocomadapter-CommunicationManager: onUpstreamReceive mPropertyId 0x21402236
12-30 11:12:04.512   398   464 D adayocomadapter-CommunicationManager: convertBytesToInt32Memcpy  0
12-30 11:12:04.512   398   464 I vw-vhal : notifyVehicleProperty, propId = 0x21402236, data = {status: 2, int32Values: [0]}
12-30 11:12:04.512   398   464 I vw-vhal : CanSignalsAdapter::notifyVehicleProperty: solvedValue = {.timestamp = 9260334009435, .areaId = 0, .prop = 557851190, .status = AVAILABLE, .value = {.int32Values = [1]{0}, .floatValues = [0]{}, .int64Values = [0]{}, .bytes = [0]{}, .stringValue = ""}}
12-30 11:12:04.512   398   464 I VehiclePropertyStore: begin to write value to Store: {.timestamp = 9260334009435, .areaId = 0, .prop = 557851190, .status = AVAILABLE, .value = {.int32Values = [1]{0}, .floatValues = [0]{}, .int64Values = [0]{}, .bytes = [0]{}, .stringValue = ""}}
12-30 11:12:04.512   398   464 I DefaultVehicleHal_v2_0: DefaultVehicleHal::onPropertyValue, value:{.timestamp = 9260334009435, .areaId = 0, .prop = 557851190, .status = AVAILABLE, .value = {.int32Values = [1]{0}, .floatValues = [0]{}, .int64Values = [0]{}, .bytes = [0]{}, .stringValue = ""}}
12-30 11:12:04.512   398   464 D DiagPropHandler: is not DiagnosticConfig: 0x21402236
12-30 11:12:04.512   398   464 I VehiclePropertyStore: begin to write value to Store: {.timestamp = 9260334009435, .areaId = 0, .prop = 557851190, .status = AVAILABLE, .value = {.int32Values = [1]{0}, .floatValues = [0]{}, .int64Values = [0]{}, .bytes = [0]{}, .stringValue = ""}}
12-30 11:12:04.512   398   464 D adayocomadapter-CommunicationManager: onUpstreamReceive mPropertyId 0x21402236
12-30 11:12:04.512   398   464 D adayocomadapter-CommunicationManager: onUpstreamReceive mPropertyId 0x21402237
12-30 11:12:04.512   398   464 D adayocomadapter-CommunicationManager: convertBytesToInt32Memcpy  0
12-30 11:12:04.512   398   464 I vw-vhal : notifyVehicleProperty, propId = 0x21402237, data = {status: 2, int32Values: [0]}
12-30 11:12:04.512   398   464 I vw-vhal : CanSignalsAdapter::notifyVehicleProperty: solvedValue = {.timestamp = 9260334644435, .areaId = 0, .prop = 557851191, .status = AVAILABLE, .value = {.int32Values = [1]{0}, .floatValues = [0]{}, .int64Values = [0]{}, .bytes = [0]{}, .stringValue = ""}}
12-30 11:12:04.512   398   464 I VehiclePropertyStore: begin to write value to Store: {.timestamp = 9260334644435, .areaId = 0, .prop = 557851191, .status = AVAILABLE, .value = {.int32Values = [1]{0}, .floatValues = [0]{}, .int64Values = [0]{}, .bytes = [0]{}, .stringValue = ""}}
12-30 11:12:04.513   398   464 I DefaultVehicleHal_v2_0: DefaultVehicleHal::onPropertyValue, value:{.timestamp = 9260334644435, .areaId = 0, .prop = 557851191, .status = AVAILABLE, .value = {.int32Values = [1]{0}, .floatValues = [0]{}, .int64Values = [0]{}, .bytes = [0]{}, .stringValue = ""}}
12-30 11:12:04.513   398   464 D DiagPropHandler: is not DiagnosticConfig: 0x21402237
12-30 11:12:04.513   398   464 I VehiclePropertyStore: begin to write value to Store: {.timestamp = 9260334644435, .areaId = 0, .prop = 557851191, .status = AVAILABLE, .value = {.int32Values = [1]{0}, .floatValues = [0]{}, .int64Values = [0]{}, .bytes = [0]{}, .stringValue = ""}}
12-30 11:12:04.513   398   464 D adayocomadapter-CommunicationManager: onUpstreamReceive mPropertyId 0x21402237
12-30 11:12:04.513   398   464 D adayocomadapter-CommunicationManager: onUpstreamReceive mPropertyId 0x21402238
12-30 11:12:04.513   398   464 D adayocomadapter-CommunicationManager: convertBytesToInt32Memcpy  0
12-30 11:12:04.513   398   464 I vw-vhal : notifyVehicleProperty, propId = 0x21402238, data = {status: 2, int32Values: [0]}
12-30 11:12:04.513   398   464 I vw-vhal : CanSignalsAdapter::notifyVehicleProperty: solvedValue = {.timestamp = 9260335302101, .areaId = 0, .prop = 557851192, .status = AVAILABLE, .value = {.int32Values = [1]{0}, .floatValues = [0]{}, .int64Values = [0]{}, .bytes = [0]{}, .stringValue = ""}}
12-30 11:12:04.513   398   464 I VehiclePropertyStore: begin to write value to Store: {.timestamp = 9260335302101, .areaId = 0, .prop = 557851192, .status = AVAILABLE, .value = {.int32Values = [1]{0}, .floatValues = [0]{}, .int64Values = [0]{}, .bytes = [0]{}, .stringValue = ""}}
12-30 11:12:04.513   398   464 I DefaultVehicleHal_v2_0: DefaultVehicleHal::onPropertyValue, value:{.timestamp = 9260335302101, .areaId = 0, .prop = 557851192, .status = AVAILABLE, .value = {.int32Values = [1]{0}, .floatValues = [0]{}, .int64Values = [0]{}, .bytes = [0]{}, .stringValue = ""}}
12-30 11:12:04.513   398   464 D DiagPropHandler: is not DiagnosticConfig: 0x21402238
12-30 11:12:04.513   398   464 I VehiclePropertyStore: begin to write value to Store: {.timestamp = 9260335302101, .areaId = 0, .prop = 557851192, .status = AVAILABLE, .value = {.int32Values = [1]{0}, .floatValues = [0]{}, .int64Values = [0]{}, .bytes = [0]{}, .stringValue = ""}}
12-30 11:12:04.513   398   464 D adayocomadapter-CommunicationManager: onUpstreamReceive mPropertyId 0x21402238
12-30 11:12:04.513   398   464 D adayocomadapter-CommunicationManager: onUpstreamReceive mPropertyId 0x21402239
12-30 11:12:04.513   398   464 D adayocomadapter-CommunicationManager: convertBytesToInt32Memcpy  0
12-30 11:12:04.514   398   464 I vw-vhal : notifyVehicleProperty, propId = 0x21402239, data = {status: 2, int32Values: [0]}
12-30 11:12:04.514   398   464 I vw-vhal : CanSignalsAdapter::notifyVehicleProperty: solvedValue = {.timestamp = 9260335964435, .areaId = 0, .prop = 557851193, .status = AVAILABLE, .value = {.int32Values = [1]{0}, .floatValues = [0]{}, .int64Values = [0]{}, .bytes = [0]{}, .stringValue = ""}}
12-30 11:12:04.514   398   464 I VehiclePropertyStore: begin to write value to Store: {.timestamp = 9260335964435, .areaId = 0, .prop = 557851193, .status = AVAILABLE, .value = {.int32Values = [1]{0}, .floatValues = [0]{}, .int64Values = [0]{}, .bytes = [0]{}, .stringValue = ""}}
12-30 11:12:04.514   398   464 I DefaultVehicleHal_v2_0: DefaultVehicleHal::onPropertyValue, value:{.timestamp = 9260335964435, .areaId = 0, .prop = 557851193, .status = AVAILABLE, .value = {.int32Values = [1]{0}, .floatValues = [0]{}, .int64Values = [0]{}, .bytes = [0]{}, .stringValue = ""}}
12-30 11:12:04.514   398   464 D DiagPropHandler: is not DiagnosticConfig: 0x21402239
12-30 11:12:04.514   398   464 I VehiclePropertyStore: begin to write value to Store: {.timestamp = 9260335964435, .areaId = 0, .prop = 557851193, .status = AVAILABLE, .value = {.int32Values = [1]{0}, .floatValues = [0]{}, .int64Values = [0]{}, .bytes = [0]{}, .stringValue = ""}}
12-30 11:12:04.514   398   464 D adayocomadapter-CommunicationManager: onUpstreamReceive mPropertyId 0x21402239
12-30 11:12:04.514   398   464 D adayocomadapter-CommunicationManager: onUpstreamReceive mPropertyId 0x2140223a
12-30 11:12:04.514   398   464 D adayocomadapter-CommunicationManager: convertBytesToInt32Memcpy  0
12-30 11:12:04.514   398   464 I vw-vhal : notifyVehicleProperty, propId = 0x2140223a, data = {status: 2, int32Values: [0]}
12-30 11:12:04.514   398   464 I vw-vhal : CanSignalsAdapter::notifyVehicleProperty: solvedValue = {.timestamp = 9260336676435, .areaId = 0, .prop = 557851194, .status = AVAILABLE, .value = {.int32Values = [1]{0}, .floatValues = [0]{}, .int64Values = [0]{}, .bytes = [0]{}, .stringValue = ""}}
12-30 11:12:04.514   398   464 I VehiclePropertyStore: begin to write value to Store: {.timestamp = 9260336676435, .areaId = 0, .prop = 557851194, .status = AVAILABLE, .value = {.int32Values = [1]{0}, .floatValues = [0]{}, .int64Values = [0]{}, .bytes = [0]{}, .stringValue = ""}}
12-30 11:12:04.515   398   464 I DefaultVehicleHal_v2_0: DefaultVehicleHal::onPropertyValue, value:{.timestamp = 9260336676435, .areaId = 0, .prop = 557851194, .status = AVAILABLE, .value = {.int32Values = [1]{0}, .floatValues = [0]{}, .int64Values = [0]{}, .bytes = [0]{}, .stringValue = ""}}
12-30 11:12:04.515   398   464 D DiagPropHandler: is not DiagnosticConfig: 0x2140223a
12-30 11:12:04.515   398   464 I VehiclePropertyStore: begin to write value to Store: {.timestamp = 9260336676435, .areaId = 0, .prop = 557851194, .status = AVAILABLE, .value = {.int32Values = [1]{0}, .floatValues = [0]{}, .int64Values = [0]{}, .bytes = [0]{}, .stringValue = ""}}
12-30 11:12:04.515   398   464 D adayocomadapter-CommunicationManager: onUpstreamReceive mPropertyId 0x2140223a
12-30 11:12:04.515   398   464 D adayocomadapter-CommunicationManager: onUpstreamReceive mPropertyId 0x2140223b
12-30 11:12:04.515   398   464 D adayocomadapter-CommunicationManager: convertBytesToInt32Memcpy  0
12-30 11:12:04.515   398   464 I vw-vhal : notifyVehicleProperty, propId = 0x2140223b, data = {status: 2, int32Values: [0]}
12-30 11:12:04.515   398   464 I vw-vhal : CanSignalsAdapter::notifyVehicleProperty: solvedValue = {.timestamp = 9260337331435, .areaId = 0, .prop = 557851195, .status = AVAILABLE, .value = {.int32Values = [1]{0}, .floatValues = [0]{}, .int64Values = [0]{}, .bytes = [0]{}, .stringValue = ""}}
12-30 11:12:04.515   398   464 I VehiclePropertyStore: begin to write value to Store: {.timestamp = 9260337331435, .areaId = 0, .prop = 557851195, .status = AVAILABLE, .value = {.int32Values = [1]{0}, .floatValues = [0]{}, .int64Values = [0]{}, .bytes = [0]{}, .stringValue = ""}}
12-30 11:12:04.515   398   464 I DefaultVehicleHal_v2_0: DefaultVehicleHal::onPropertyValue, value:{.timestamp = 9260337331435, .areaId = 0, .prop = 557851195, .status = AVAILABLE, .value = {.int32Values = [1]{0}, .floatValues = [0]{}, .int64Values = [0]{}, .bytes = [0]{}, .stringValue = ""}}
12-30 11:12:04.515   398   464 D DiagPropHandler: is not DiagnosticConfig: 0x2140223b
12-30 11:12:04.515   398   464 I VehiclePropertyStore: begin to write value to Store: {.timestamp = 9260337331435, .areaId = 0, .prop = 557851195, .status = AVAILABLE, .value = {.int32Values = [1]{0}, .floatValues = [0]{}, .int64Values = [0]{}, .bytes = [0]{}, .stringValue = ""}}
12-30 11:12:04.515   398   464 D adayocomadapter-CommunicationManager: onUpstreamReceive mPropertyId 0x2140223b
12-30 11:12:04.515   398   464 D adayocomadapter-CommunicationManager: onUpstreamReceive mPropertyId 0x2140223c
12-30 11:12:04.516   398   464 D adayocomadapter-CommunicationManager: convertBytesToInt32Memcpy  0
12-30 11:12:04.516   398   464 I vw-vhal : notifyVehicleProperty, propId = 0x2140223c, data = {status: 2, int32Values: [0]}
12-30 11:12:04.516   398   464 I vw-vhal : CanSignalsAdapter::notifyVehicleProperty: solvedValue = {.timestamp = 9260337992101, .areaId = 0, .prop = 557851196, .status = AVAILABLE, .value = {.int32Values = [1]{0}, .floatValues = [0]{}, .int64Values = [0]{}, .bytes = [0]{}, .stringValue = ""}}
12-30 11:12:04.516   398   464 I VehiclePropertyStore: begin to write value to Store: {.timestamp = 9260337992101, .areaId = 0, .prop = 557851196, .status = AVAILABLE, .value = {.int32Values = [1]{0}, .floatValues = [0]{}, .int64Values = [0]{}, .bytes = [0]{}, .stringValue = ""}}
12-30 11:12:04.516   398   464 I DefaultVehicleHal_v2_0: DefaultVehicleHal::onPropertyValue, value:{.timestamp = 9260337992101, .areaId = 0, .prop = 557851196, .status = AVAILABLE, .value = {.int32Values = [1]{0}, .floatValues = [0]{}, .int64Values = [0]{}, .bytes = [0]{}, .stringValue = ""}}
12-30 11:12:04.516   398   464 D DiagPropHandler: is not DiagnosticConfig: 0x2140223c
12-30 11:12:04.516   398   464 I VehiclePropertyStore: begin to write value to Store: {.timestamp = 9260337992101, .areaId = 0, .prop = 557851196, .status = AVAILABLE, .value = {.int32Values = [1]{0}, .floatValues = [0]{}, .int64Values = [0]{}, .bytes = [0]{}, .stringValue = ""}}
12-30 11:12:04.516   398   464 D adayocomadapter-CommunicationManager: onUpstreamReceive mPropertyId 0x2140223c
12-30 11:12:04.516   398   464 D adayocomadapter-CommunicationManager: onUpstreamReceive mPropertyId 0x21402241
12-30 11:12:04.516   398   464 D adayocomadapter-CommunicationManager: convertBytesToInt32Memcpy  0
12-30 11:12:04.516   398   464 I vw-vhal : notifyVehicleProperty, propId = 0x21402241, data = {status: 2, int32Values: [0]}
12-30 11:12:04.516   398   464 I vw-vhal : CanSignalsAdapter::notifyVehicleProperty: solvedValue = {.timestamp = 9260338669101, .areaId = 0, .prop = 557851201, .status = AVAILABLE, .value = {.int32Values = [1]{0}, .floatValues = [0]{}, .int64Values = [0]{}, .bytes = [0]{}, .stringValue = ""}}
12-30 11:12:04.516   398   464 I VehiclePropertyStore: begin to write value to Store: {.timestamp = 9260338669101, .areaId = 0, .prop = 557851201, .status = AVAILABLE, .value = {.int32Values = [1]{0}, .floatValues = [0]{}, .int64Values = [0]{}, .bytes = [0]{}, .stringValue = ""}}
12-30 11:12:04.517   398   464 I DefaultVehicleHal_v2_0: DefaultVehicleHal::onPropertyValue, value:{.timestamp = 9260338669101, .areaId = 0, .prop = 557851201, .status = AVAILABLE, .value = {.int32Values = [1]{0}, .floatValues = [0]{}, .int64Values = [0]{}, .bytes = [0]{}, .stringValue = ""}}
12-30 11:12:04.517   398   464 D DiagPropHandler: is not DiagnosticConfig: 0x21402241
12-30 11:12:04.517   398   464 I VehiclePropertyStore: begin to write value to Store: {.timestamp = 9260338669101, .areaId = 0, .prop = 557851201, .status = AVAILABLE, .value = {.int32Values = [1]{0}, .floatValues = [0]{}, .int64Values = [0]{}, .bytes = [0]{}, .stringValue = ""}}
12-30 11:12:04.517   398   464 D adayocomadapter-CommunicationManager: onUpstreamReceive mPropertyId 0x21402241
12-30 11:12:04.517   398   464 D adayocomadapter-CommunicationManager: onUpstreamReceive mPropertyId 0x21402242
12-30 11:12:04.517   398   464 D adayocomadapter-CommunicationManager: convertBytesToInt32Memcpy  0
12-30 11:12:04.517   398   464 I vw-vhal : notifyVehicleProperty, propId = 0x21402242, data = {status: 2, int32Values: [0]}
12-30 11:12:04.517   398   464 I vw-vhal : CanSignalsAdapter::notifyVehicleProperty: solvedValue = {.timestamp = 9260339348435, .areaId = 0, .prop = 557851202, .status = AVAILABLE, .value = {.int32Values = [1]{0}, .floatValues = [0]{}, .int64Values = [0]{}, .bytes = [0]{}, .stringValue = ""}}
12-30 11:12:04.517   398   464 I VehiclePropertyStore: begin to write value to Store: {.timestamp = 9260339348435, .areaId = 0, .prop = 557851202, .status = AVAILABLE, .value = {.int32Values = [1]{0}, .floatValues = [0]{}, .int64Values = [0]{}, .bytes = [0]{}, .stringValue = ""}}
12-30 11:12:04.517   398   464 I DefaultVehicleHal_v2_0: DefaultVehicleHal::onPropertyValue, value:{.timestamp = 9260339348435, .areaId = 0, .prop = 557851202, .status = AVAILABLE, .value = {.int32Values = [1]{0}, .floatValues = [0]{}, .int64Values = [0]{}, .bytes = [0]{}, .stringValue = ""}}
12-30 11:12:04.517   398   464 D DiagPropHandler: is not DiagnosticConfig: 0x21402242
12-30 11:12:04.517   398   464 I VehiclePropertyStore: begin to write value to Store: {.timestamp = 9260339348435, .areaId = 0, .prop = 557851202, .status = AVAILABLE, .value = {.int32Values = [1]{0}, .floatValues = [0]{}, .int64Values = [0]{}, .bytes = [0]{}, .stringValue = ""}}
12-30 11:12:04.517   398   464 D adayocomadapter-CommunicationManager: onUpstreamReceive mPropertyId 0x21402242
12-30 11:12:04.517   398   464 D adayocomadapter-CommunicationManager: onUpstreamReceive mPropertyId 0x214021e1
12-30 11:12:04.518   398   464 D adayocomadapter-CommunicationManager: convertBytesToInt32Memcpy  0
12-30 11:12:04.518   398   464 I vw-vhal : notifyVehicleProperty, propId = 0x214021e1, data = {status: 2, int32Values: [0]}
12-30 11:12:04.518   398   464 I vw-vhal : CanSignalsAdapter::notifyVehicleProperty: solvedValue = {.timestamp = 9260340047435, .areaId = 0, .prop = 557851105, .status = AVAILABLE, .value = {.int32Values = [1]{0}, .floatValues = [0]{}, .int64Values = [0]{}, .bytes = [0]{}, .stringValue = ""}}
12-30 11:12:04.518   398   464 I VehiclePropertyStore: begin to write value to Store: {.timestamp = 9260340047435, .areaId = 0, .prop = 557851105, .status = AVAILABLE, .value = {.int32Values = [1]{0}, .floatValues = [0]{}, .int64Values = [0]{}, .bytes = [0]{}, .stringValue = ""}}
12-30 11:12:04.518   398   464 I DefaultVehicleHal_v2_0: DefaultVehicleHal::onPropertyValue, value:{.timestamp = 9260340047435, .areaId = 0, .prop = 557851105, .status = AVAILABLE, .value = {.int32Values = [1]{0}, .floatValues = [0]{}, .int64Values = [0]{}, .bytes = [0]{}, .stringValue = ""}}
12-30 11:12:04.518   398   464 D DiagPropHandler: is not DiagnosticConfig: 0x214021e1
12-30 11:12:04.518   398   464 I VehiclePropertyStore: begin to write value to Store: {.timestamp = 9260340047435, .areaId = 0, .prop = 557851105, .status = AVAILABLE, .value = {.int32Values = [1]{0}, .floatValues = [0]{}, .int64Values = [0]{}, .bytes = [0]{}, .stringValue = ""}}
12-30 11:12:04.518   398   464 D adayocomadapter-CommunicationManager: onUpstreamReceive mPropertyId 0x214021e1
12-30 11:12:04.518   398   464 D adayocomadapter-CommunicationManager: onUpstreamReceive mPropertyId 0x21402243
12-30 11:12:04.518   398   464 D adayocomadapter-CommunicationManager: convertBytesToInt32Memcpy  0
12-30 11:12:04.518   398   464 I vw-vhal : notifyVehicleProperty, propId = 0x21402243, data = {status: 2, int32Values: [0]}
12-30 11:12:04.518   398   464 I vw-vhal : CanSignalsAdapter::notifyVehicleProperty: solvedValue = {.timestamp = 9260340713435, .areaId = 0, .prop = 557851203, .status = AVAILABLE, .value = {.int32Values = [1]{0}, .floatValues = [0]{}, .int64Values = [0]{}, .bytes = [0]{}, .stringValue = ""}}
12-30 11:12:04.518   398   464 I VehiclePropertyStore: begin to write value to Store: {.timestamp = 9260340713435, .areaId = 0, .prop = 557851203, .status = AVAILABLE, .value = {.int32Values = [1]{0}, .floatValues = [0]{}, .int64Values = [0]{}, .bytes = [0]{}, .stringValue = ""}}
12-30 11:12:04.519   398   464 I DefaultVehicleHal_v2_0: DefaultVehicleHal::onPropertyValue, value:{.timestamp = 9260340713435, .areaId = 0, .prop = 557851203, .status = AVAILABLE, .value = {.int32Values = [1]{0}, .floatValues = [0]{}, .int64Values = [0]{}, .bytes = [0]{}, .stringValue = ""}}
12-30 11:12:04.519   398   464 D DiagPropHandler: is not DiagnosticConfig: 0x21402243
