12-30 11:12:00.090   398   464 D DiagPropHandler: is not DiagnosticConfig: 0x21402021
12-30 11:12:00.090   398   464 I VehiclePropertyStore: begin to write value to Store: {.timestamp = 9255912737101, .areaId = 0, .prop = 557850657, .status = AVAILABLE, .value = {.int32Values = [1]{0}, .floatValues = [0]{}, .int64Values = [0]{}, .bytes = [0]{}, .stringValue = ""}}
12-30 11:12:00.091   398   464 D adayocomadapter-CommunicationManager: onUpstreamReceive mPropertyId 0x21402021
12-30 11:12:00.091   398   464 D adayocomadapter-CommunicationManager: onUpstreamReceive mPropertyId 0x214021c8
12-30 11:12:00.091   398   464 D adayocomadapter-CommunicationManager: convertBytesToInt32Memcpy  0
12-30 11:12:00.091   398   464 I vw-vhal : notifyVehicleProperty, propId = 0x214021c8, data = {status: 2, int32Values: [0]}
12-30 11:12:00.091   398   464 I vw-vhal : CanSignalsAdapter::notifyVehicleProperty: solvedValue = {.timestamp = 9255912925101, .areaId = 0, .prop = 557851080, .status = AVAILABLE, .value = {.int32Values = [1]{0}, .floatValues = [0]{}, .int64Values = [0]{}, .bytes = [0]{}, .stringValue = ""}}
12-30 11:12:00.091   398   464 I VehiclePropertyStore: begin to write value to Store: {.timestamp = 9255912925101, .areaId = 0, .prop = 557851080, .status = AVAILABLE, .value = {.int32Values = [1]{0}, .floatValues = [0]{}, .int64Values = [0]{}, .bytes = [0]{}, .stringValue = ""}}
12-30 11:12:00.091   398   464 I DefaultVehicleHal_v2_0: DefaultVehicleHal::onPropertyValue, value:{.timestamp = 9255912925101, .areaId = 0, .prop = 557851080, .status = AVAILABLE, .value = {.int32Values = [1]{0}, .floatValues = [0]{}, .int64Values = [0]{}, .bytes = [0]{}, .stringValue = ""}}
12-30 11:12:00.091   398   464 D DiagPropHandler: is not DiagnosticConfig: 0x214021c8
12-30 11:12:00.091   398   464 I VehiclePropertyStore: begin to write value to Store: {.timestamp = 9255912925101, .areaId = 0, .prop = 557851080, .status = AVAILABLE, .value = {.int32Values = [1]{0}, .floatValues = [0]{}, .int64Values = [0]{}, .bytes = [0]{}, .stringValue = ""}}
12-30 11:12:00.091   398   464 D adayocomadapter-CommunicationManager: onUpstreamReceive mPropertyId 0x214021c8
12-30 11:12:00.091   398   464 D adayocomadapter-CommunicationManager: onUpstreamReceive mPropertyId 0x2140200a
12-30 11:12:00.091   398   464 D adayocomadapter-CommunicationManager: convertBytesToInt32Memcpy  0
12-30 11:12:00.091   398   464 I vw-vhal : notifyVehicleProperty, propId = 0x2140200a, data = {status: 2, int32Values: [0]}
12-30 11:12:00.091   398   464 I vw-vhal : CanSignalsAdapter::notifyVehicleProperty: solvedValue = {.timestamp = 9255913115768, .areaId = 0, .prop = 557850634, .status = AVAILABLE, .value = {.int32Values = [1]{0}, .floatValues = [0]{}, .int64Values = [0]{}, .bytes = [0]{}, .stringValue = ""}}
12-30 11:12:00.091   398   464 I VehiclePropertyStore: begin to write value to Store: {.timestamp = 9255913115768, .areaId = 0, .prop = 557850634, .status = AVAILABLE, .value = {.int32Values = [1]{0}, .floatValues = [0]{}, .int64Values = [0]{}, .bytes = [0]{}, .stringValue = ""}}
12-30 11:12:00.091   398   464 I DefaultVehicleHal_v2_0: DefaultVehicleHal::onPropertyValue, value:{.timestamp = 9255913115768, .areaId = 0, .prop = 557850634, .status = AVAILABLE, .value = {.int32Values = [1]{0}, .floatValues = [0]{}, .int64Values = [0]{}, .bytes = [0]{}, .stringValue = ""}}
12-30 11:12:00.091   398   464 D DiagPropHandler: is not DiagnosticConfig: 0x2140200a
12-30 11:12:00.091   398   464 I VehiclePropertyStore: begin to write value to Store: {.timestamp = 9255913115768, .areaId = 0, .prop = 557850634, .status = AVAILABLE, .value = {.int32Values = [1]{0}, .floatValues = [0]{}, .int64Values = [0]{}, .bytes = [0]{}, .stringValue = ""}}
12-30 11:12:00.091   398   464 D adayocomadapter-CommunicationManager: onUpstreamReceive mPropertyId 0x2140200a
12-30 11:12:00.091   398   464 D adayocomadapter-CommunicationManager: onUpstreamReceive mPropertyId 0x2140223e
12-30 11:12:00.091   398   464 D adayocomadapter-CommunicationManager: convertBytesToInt32Memcpy  0
12-30 11:12:00.091   398   464 I vw-vhal : notifyVehicleProperty, propId = 0x2140223e, data = {status: 2, int32Values: [0]}
12-30 11:12:00.091   398   464 I vw-vhal : CanSignalsAdapter::notifyVehicleProperty: solvedValue = {.timestamp = 9255913314434, .areaId = 0, .prop = 557851198, .status = AVAILABLE, .value = {.int32Values = [1]{0}, .floatValues = [0]{}, .int64Values = [0]{}, .bytes = [0]{}, .stringValue = ""}}
12-30 11:12:00.091   398   464 I VehiclePropertyStore: begin to write value to Store: {.timestamp = 9255913314434, .areaId = 0, .prop = 557851198, .status = AVAILABLE, .value = {.int32Values = [1]{0}, .floatValues = [0]{}, .int64Values = [0]{}, .bytes = [0]{}, .stringValue = ""}}
12-30 11:12:00.091   398   464 I DefaultVehicleHal_v2_0: DefaultVehicleHal::onPropertyValue, value:{.timestamp = 9255913314434, .areaId = 0, .prop = 557851198, .status = AVAILABLE, .value = {.int32Values = [1]{0}, .floatValues = [0]{}, .int64Values = [0]{}, .bytes = [0]{}, .stringValue = ""}}
12-30 11:12:00.091   398   464 D DiagPropHandler: is not DiagnosticConfig: 0x2140223e
12-30 11:12:00.091   398   464 I VehiclePropertyStore: begin to write value to Store: {.timestamp = 9255913314434, .areaId = 0, .prop = 557851198, .status = AVAILABLE, .value = {.int32Values = [1]{0}, .floatValues = [0]{}, .int64Values = [0]{}, .bytes = [0]{}, .stringValue = ""}}
12-30 11:12:00.091   398   464 D adayocomadapter-CommunicationManager: onUpstreamReceive mPropertyId 0x2140223e
12-30 11:12:00.091   398   464 D adayocomadapter-CommunicationManager: onUpstreamReceive mPropertyId 0x21402119
12-30 11:12:00.091   398   464 D adayocomadapter-CommunicationManager: convertBytesToInt32Memcpy  0
12-30 11:12:00.091   398   464 I vw-vhal : notifyVehicleProperty, propId = 0x21402119, data = {status: 2, int32Values: [0]}
12-30 11:12:00.091   398   464 I vw-vhal : CanSignalsAdapter::notifyVehicleProperty: solvedValue = {.timestamp = 9255913514101, .areaId = 0, .prop = 557850905, .status = AVAILABLE, .value = {.int32Values = [1]{0}, .floatValues = [0]{}, .int64Values = [0]{}, .bytes = [0]{}, .stringValue = ""}}
12-30 11:12:00.091   398   464 I VehiclePropertyStore: begin to write value to Store: {.timestamp = 9255913514101, .areaId = 0, .prop = 557850905, .status = AVAILABLE, .value = {.int32Values = [1]{0}, .floatValues = [0]{}, .int64Values = [0]{}, .bytes = [0]{}, .stringValue = ""}}
12-30 11:12:00.091   398   464 I DefaultVehicleHal_v2_0: DefaultVehicleHal::onPropertyValue, value:{.timestamp = 9255913514101, .areaId = 0, .prop = 557850905, .status = AVAILABLE, .value = {.int32Values = [1]{0}, .floatValues = [0]{}, .int64Values = [0]{}, .bytes = [0]{}, .stringValue = ""}}
12-30 11:12:00.091   398   464 D DiagPropHandler: is not DiagnosticConfig: 0x21402119
12-30 11:12:00.091   398   464 I VehiclePropertyStore: begin to write value to Store: {.timestamp = 9255913514101, .areaId = 0, .prop = 557850905, .status = AVAILABLE, .value = {.int32Values = [1]{0}, .floatValues = [0]{}, .int64Values = [0]{}, .bytes = [0]{}, .stringValue = ""}}
12-30 11:12:00.091   398   464 D adayocomadapter-CommunicationManager: onUpstreamReceive mPropertyId 0x21402119
12-30 11:12:00.091   398   464 D adayocomadapter-CommunicationManager: onUpstreamReceive mPropertyId 0x21402005
12-30 11:12:00.091   398   464 D adayocomadapter-CommunicationManager: convertBytesToInt32Memcpy  0
12-30 11:12:00.091   398   464 I vw-vhal : notifyVehicleProperty, propId = 0x21402005, data = {status: 2, int32Values: [0]}
12-30 11:12:00.091   398   464 I vw-vhal : CanSignalsAdapter::notifyVehicleProperty: solvedValue = {.timestamp = 9255913703434, .areaId = 0, .prop = 557850629, .status = AVAILABLE, .value = {.int32Values = [1]{0}, .floatValues = [0]{}, .int64Values = [0]{}, .bytes = [0]{}, .stringValue = ""}}
12-30 11:12:00.091   398   464 I VehiclePropertyStore: begin to write value to Store: {.timestamp = 9255913703434, .areaId = 0, .prop = 557850629, .status = AVAILABLE, .value = {.int32Values = [1]{0}, .floatValues = [0]{}, .int64Values = [0]{}, .bytes = [0]{}, .stringValue = ""}}
12-30 11:12:00.091   398   464 I DefaultVehicleHal_v2_0: DefaultVehicleHal::onPropertyValue, value:{.timestamp = 9255913703434, .areaId = 0, .prop = 557850629, .status = AVAILABLE, .value = {.int32Values = [1]{0}, .floatValues = [0]{}, .int64Values = [0]{}, .bytes = [0]{}, .stringValue = ""}}
12-30 11:12:00.091   398   464 D DiagPropHandler: is not DiagnosticConfig: 0x21402005
12-30 11:12:00.091   398   464 I VehiclePropertyStore: begin to write value to Store: {.timestamp = 9255913703434, .areaId = 0, .prop = 557850629, .status = AVAILABLE, .value = {.int32Values = [1]{0}, .floatValues = [0]{}, .int64Values = [0]{}, .bytes = [0]{}, .stringValue = ""}}
12-30 11:12:00.091   398   464 D adayocomadapter-CommunicationManager: onUpstreamReceive mPropertyId 0x21402005
12-30 11:12:00.091   398   464 D adayocomadapter-CommunicationManager: onUpstreamReceive mPropertyId 0x2140214e
12-30 11:12:00.092   398   464 D adayocomadapter-CommunicationManager: convertBytesToInt32Memcpy  0
12-30 11:12:00.092   398   464 I vw-vhal : notifyVehicleProperty, propId = 0x2140214e, data = {status: 2, int32Values: [0]}
12-30 11:12:00.092   398   464 I vw-vhal : CanSignalsAdapter::notifyVehicleProperty: solvedValue = {.timestamp = 9255913904434, .areaId = 0, .prop = 557850958, .status = AVAILABLE, .value = {.int32Values = [1]{0}, .floatValues = [0]{}, .int64Values = [0]{}, .bytes = [0]{}, .stringValue = ""}}
12-30 11:12:00.092   398   464 I VehiclePropertyStore: begin to write value to Store: {.timestamp = 9255913904434, .areaId = 0, .prop = 557850958, .status = AVAILABLE, .value = {.int32Values = [1]{0}, .floatValues = [0]{}, .int64Values = [0]{}, .bytes = [0]{}, .stringValue = ""}}
12-30 11:12:00.092   398   464 I DefaultVehicleHal_v2_0: DefaultVehicleHal::onPropertyValue, value:{.timestamp = 9255913904434, .areaId = 0, .prop = 557850958, .status = AVAILABLE, .value = {.int32Values = [1]{0}, .floatValues = [0]{}, .int64Values = [0]{}, .bytes = [0]{}, .stringValue = ""}}
12-30 11:12:00.092   398   464 D DiagPropHandler: is not DiagnosticConfig: 0x2140214e
12-30 11:12:00.092   398   464 I VehiclePropertyStore: begin to write value to Store: {.timestamp = 9255913904434, .areaId = 0, .prop = 557850958, .status = AVAILABLE, .value = {.int32Values = [1]{0}, .floatValues = [0]{}, .int64Values = [0]{}, .bytes = [0]{}, .stringValue = ""}}
12-30 11:12:00.092   398   464 D adayocomadapter-CommunicationManager: onUpstreamReceive mPropertyId 0x2140214e
12-30 11:12:00.092   398   464 D adayocomadapter-CommunicationManager: onUpstreamReceive mPropertyId 0x21402056
12-30 11:12:00.092   398   464 D adayocomadapter-CommunicationManager: convertBytesToInt32Memcpy  0
12-30 11:12:00.092   398   464 I vw-vhal : notifyVehicleProperty, propId = 0x21402056, data = {status: 2, int32Values: [0]}
12-30 11:12:00.092   398   464 I vw-vhal : CanSignalsAdapter::notifyVehicleProperty: solvedValue = {.timestamp = 9255914093768, .areaId = 0, .prop = 557850710, .status = AVAILABLE, .value = {.int32Values = [1]{0}, .floatValues = [0]{}, .int64Values = [0]{}, .bytes = [0]{}, .stringValue = ""}}
12-30 11:12:00.092   398   464 I VehiclePropertyStore: begin to write value to Store: {.timestamp = 9255914093768, .areaId = 0, .prop = 557850710, .status = AVAILABLE, .value = {.int32Values = [1]{0}, .floatValues = [0]{}, .int64Values = [0]{}, .bytes = [0]{}, .stringValue = ""}}
12-30 11:12:00.092   398   464 I DefaultVehicleHal_v2_0: DefaultVehicleHal::onPropertyValue, value:{.timestamp = 9255914093768, .areaId = 0, .prop = 557850710, .status = AVAILABLE, .value = {.int32Values = [1]{0}, .floatValues = [0]{}, .int64Values = [0]{}, .bytes = [0]{}, .stringValue = ""}}
12-30 11:12:00.092   398   464 D DiagPropHandler: is not DiagnosticConfig: 0x21402056
12-30 11:12:00.092   398   464 I VehiclePropertyStore: begin to write value to Store: {.timestamp = 9255914093768, .areaId = 0, .prop = 557850710, .status = AVAILABLE, .value = {.int32Values = [1]{0}, .floatValues = [0]{}, .int64Values = [0]{}, .bytes = [0]{}, .stringValue = ""}}
12-30 11:12:00.092   398   464 D adayocomadapter-CommunicationManager: onUpstreamReceive mPropertyId 0x21402056
12-30 11:12:00.092   398   464 D adayocomadapter-CommunicationManager: onUpstreamReceive mPropertyId 0x21402057
12-30 11:12:00.092   398   464 D adayocomadapter-CommunicationManager: convertBytesToInt32Memcpy  0
12-30 11:12:00.092   398   464 I vw-vhal : notifyVehicleProperty, propId = 0x21402057, data = {status: 2, int32Values: [0]}
12-30 11:12:00.092   398   464 I vw-vhal : CanSignalsAdapter::notifyVehicleProperty: solvedValue = {.timestamp = 9255914282101, .areaId = 0, .prop = 557850711, .status = AVAILABLE, .value = {.int32Values = [1]{0}, .floatValues = [0]{}, .int64Values = [0]{}, .bytes = [0]{}, .stringValue = ""}}
12-30 11:12:00.092   398   464 I VehiclePropertyStore: begin to write value to Store: {.timestamp = 9255914282101, .areaId = 0, .prop = 557850711, .status = AVAILABLE, .value = {.int32Values = [1]{0}, .floatValues = [0]{}, .int64Values = [0]{}, .bytes = [0]{}, .stringValue = ""}}
12-30 11:12:00.092   398   464 I DefaultVehicleHal_v2_0: DefaultVehicleHal::onPropertyValue, value:{.timestamp = 9255914282101, .areaId = 0, .prop = 557850711, .status = AVAILABLE, .value = {.int32Values = [1]{0}, .floatValues = [0]{}, .int64Values = [0]{}, .bytes = [0]{}, .stringValue = ""}}
12-30 11:12:00.092   398   464 D DiagPropHandler: is not DiagnosticConfig: 0x21402057
12-30 11:12:00.092   398   464 I VehiclePropertyStore: begin to write value to Store: {.timestamp = 9255914282101, .areaId = 0, .prop = 557850711, .status = AVAILABLE, .value = {.int32Values = [1]{0}, .floatValues = [0]{}, .int64Values = [0]{}, .bytes = [0]{}, .stringValue = ""}}
12-30 11:12:00.092   398   464 D adayocomadapter-CommunicationManager: onUpstreamReceive mPropertyId 0x21402057
12-30 11:12:00.092   398   464 D adayocomadapter-CommunicationManager: onUpstreamReceive mPropertyId 0x21402058
12-30 11:12:00.092   398   464 D adayocomadapter-CommunicationManager: convertBytesToInt32Memcpy  0
12-30 11:12:00.092   398   464 I vw-vhal : notifyVehicleProperty, propId = 0x21402058, data = {status: 2, int32Values: [0]}
12-30 11:12:00.092   398   464 I vw-vhal : CanSignalsAdapter::notifyVehicleProperty: solvedValue = {.timestamp = 9255914472101, .areaId = 0, .prop = 557850712, .status = AVAILABLE, .value = {.int32Values = [1]{0}, .floatValues = [0]{}, .int64Values = [0]{}, .bytes = [0]{}, .stringValue = ""}}
12-30 11:12:00.092   398   464 I VehiclePropertyStore: begin to write value to Store: {.timestamp = 9255914472101, .areaId = 0, .prop = 557850712, .status = AVAILABLE, .value = {.int32Values = [1]{0}, .floatValues = [0]{}, .int64Values = [0]{}, .bytes = [0]{}, .stringValue = ""}}
12-30 11:12:00.092   398   464 I DefaultVehicleHal_v2_0: DefaultVehicleHal::onPropertyValue, value:{.timestamp = 9255914472101, .areaId = 0, .prop = 557850712, .status = AVAILABLE, .value = {.int32Values = [1]{0}, .floatValues = [0]{}, .int64Values = [0]{}, .bytes = [0]{}, .stringValue = ""}}
12-30 11:12:00.092   398   464 D DiagPropHandler: is not DiagnosticConfig: 0x21402058
12-30 11:12:00.092   398   464 I VehiclePropertyStore: begin to write value to Store: {.timestamp = 9255914472101, .areaId = 0, .prop = 557850712, .status = AVAILABLE, .value = {.int32Values = [1]{0}, .floatValues = [0]{}, .int64Values = [0]{}, .bytes = [0]{}, .stringValue = ""}}
12-30 11:12:00.092   398   464 D adayocomadapter-CommunicationManager: onUpstreamReceive mPropertyId 0x21402058
12-30 11:12:00.092   398   464 D adayocomadapter-CommunicationManager: onUpstreamReceive mPropertyId 0x2140205a
12-30 11:12:00.092   398   464 D adayocomadapter-CommunicationManager: convertBytesToInt32Memcpy  0
12-30 11:12:00.092   398   464 I vw-vhal : notifyVehicleProperty, propId = 0x2140205a, data = {status: 2, int32Values: [0]}
12-30 11:12:00.092   398   464 I vw-vhal : CanSignalsAdapter::notifyVehicleProperty: solvedValue = {.timestamp = 9255914660101, .areaId = 0, .prop = 557850714, .status = AVAILABLE, .value = {.int32Values = [1]{0}, .floatValues = [0]{}, .int64Values = [0]{}, .bytes = [0]{}, .stringValue = ""}}
12-30 11:12:00.092   398   464 I VehiclePropertyStore: begin to write value to Store: {.timestamp = 9255914660101, .areaId = 0, .prop = 557850714, .status = AVAILABLE, .value = {.int32Values = [1]{0}, .floatValues = [0]{}, .int64Values = [0]{}, .bytes = [0]{}, .stringValue = ""}}
12-30 11:12:00.092   398   464 I DefaultVehicleHal_v2_0: DefaultVehicleHal::onPropertyValue, value:{.timestamp = 9255914660101, .areaId = 0, .prop = 557850714, .status = AVAILABLE, .value = {.int32Values = [1]{0}, .floatValues = [0]{}, .int64Values = [0]{}, .bytes = [0]{}, .stringValue = ""}}
12-30 11:12:00.092   398   464 D DiagPropHandler: is not DiagnosticConfig: 0x2140205a
12-30 11:12:00.092   398   464 I VehiclePropertyStore: begin to write value to Store: {.timestamp = 9255914660101, .areaId = 0, .prop = 557850714, .status = AVAILABLE, .value = {.int32Values = [1]{0}, .floatValues = [0]{}, .int64Values = [0]{}, .bytes = [0]{}, .stringValue = ""}}
12-30 11:12:00.092   398   464 D adayocomadapter-CommunicationManager: onUpstreamReceive mPropertyId 0x2140205a
12-30 11:12:00.092   398   464 D adayocomadapter-CommunicationManager: onUpstreamReceive mPropertyId 0x2140205b
12-30 11:12:00.092   398   464 D adayocomadapter-CommunicationManager: convertBytesToInt32Memcpy  0
12-30 11:12:00.092   398   464 I vw-vhal : notifyVehicleProperty, propId = 0x2140205b, data = {status: 2, int32Values: [0]}
12-30 11:12:00.093   398   464 I vw-vhal : CanSignalsAdapter::notifyVehicleProperty: solvedValue = {.timestamp = 9255914858434, .areaId = 0, .prop = 557850715, .status = AVAILABLE, .value = {.int32Values = [1]{0}, .floatValues = [0]{}, .int64Values = [0]{}, .bytes = [0]{}, .stringValue = ""}}
12-30 11:12:00.093   398   464 I VehiclePropertyStore: begin to write value to Store: {.timestamp = 9255914858434, .areaId = 0, .prop = 557850715, .status = AVAILABLE, .value = {.int32Values = [1]{0}, .floatValues = [0]{}, .int64Values = [0]{}, .bytes = [0]{}, .stringValue = ""}}
12-30 11:12:00.093   398   464 I DefaultVehicleHal_v2_0: DefaultVehicleHal::onPropertyValue, value:{.timestamp = 9255914858434, .areaId = 0, .prop = 557850715, .status = AVAILABLE, .value = {.int32Values = [1]{0}, .floatValues = [0]{}, .int64Values = [0]{}, .bytes = [0]{}, .stringValue = ""}}
12-30 11:12:00.093   398   464 D DiagPropHandler: is not DiagnosticConfig: 0x2140205b
12-30 11:12:00.093   398   464 I VehiclePropertyStore: begin to write value to Store: {.timestamp = 9255914858434, .areaId = 0, .prop = 557850715, .status = AVAILABLE, .value = {.int32Values = [1]{0}, .floatValues = [0]{}, .int64Values = [0]{}, .bytes = [0]{}, .stringValue = ""}}
12-30 11:12:00.093   398   464 D adayocomadapter-CommunicationManager: onUpstreamReceive mPropertyId 0x2140205b
12-30 11:12:00.093   398   464 D adayocomadapter-CommunicationManager: onUpstreamReceive mPropertyId 0x2140205c
12-30 11:12:00.093   398   464 D adayocomadapter-CommunicationManager: convertBytesToInt32Memcpy  0
12-30 11:12:00.093   398   464 I vw-vhal : notifyVehicleProperty, propId = 0x2140205c, data = {status: 2, int32Values: [0]}
12-30 11:12:00.093   398   464 I vw-vhal : CanSignalsAdapter::notifyVehicleProperty: solvedValue = {.timestamp = 9255915057434, .areaId = 0, .prop = 557850716, .status = AVAILABLE, .value = {.int32Values = [1]{0}, .floatValues = [0]{}, .int64Values = [0]{}, .bytes = [0]{}, .stringValue = ""}}
12-30 11:12:00.093   398   464 I VehiclePropertyStore: begin to write value to Store: {.timestamp = 9255915057434, .areaId = 0, .prop = 557850716, .status = AVAILABLE, .value = {.int32Values = [1]{0}, .floatValues = [0]{}, .int64Values = [0]{}, .bytes = [0]{}, .stringValue = ""}}
12-30 11:12:00.093  3066  3066 D hostapd : nl80211: BSS Event 59 (NL80211_CMD_FRAME) received for wlan1
12-30 11:12:00.093   398   464 I DefaultVehicleHal_v2_0: DefaultVehicleHal::onPropertyValue, value:{.timestamp = 9255915057434, .areaId = 0, .prop = 557850716, .status = AVAILABLE, .value = {.int32Values = [1]{0}, .floatValues = [0]{}, .int64Values = [0]{}, .bytes = [0]{}, .stringValue = ""}}
12-30 11:12:00.093  3066  3066 D hostapd : nl80211: RX frame da=ff:ff:ff:ff:ff:ff sa=de:bb:0d:97:ae:5f bssid=de:bb:0d:97:ae:5f freq=5745 ssi_signal=-8900 fc=0xd0 seq_ctrl=0xf950 stype=13 (WLAN_FC_STYPE_ACTION) len=42
12-30 11:12:00.093   398   464 D DiagPropHandler: is not DiagnosticConfig: 0x2140205c
12-30 11:12:00.093  3066  3066 D hostapd : wlan1: Event RX_MGMT (18) received
12-30 11:12:00.093   398   464 I VehiclePropertyStore: begin to write value to Store: {.timestamp = 9255915057434, .areaId = 0, .prop = 557850716, .status = AVAILABLE, .value = {.int32Values = [1]{0}, .floatValues = [0]{}, .int64Values = [0]{}, .bytes = [0]{}, .stringValue = ""}}
12-30 11:12:00.093  3066  3066 D hostapd : Receive wpa msg : Event RX_MGMT (18) received
12-30 11:12:00.093   398   464 D adayocomadapter-CommunicationManager: onUpstreamReceive mPropertyId 0x2140205c
12-30 11:12:00.093   398   464 D adayocomadapter-CommunicationManager: onUpstreamReceive mPropertyId 0x2140218e
12-30 11:12:00.093   398   464 D adayocomadapter-CommunicationManager: convertBytesToInt32Memcpy  0
12-30 11:12:00.093   398   464 I vw-vhal : notifyVehicleProperty, propId = 0x2140218e, data = {status: 2, int32Values: [0]}
12-30 11:12:00.093   398   464 I vw-vhal : CanSignalsAdapter::notifyVehicleProperty: solvedValue = {.timestamp = 9255915251434, .areaId = 0, .prop = 557851022, .status = AVAILABLE, .value = {.int32Values = [1]{0}, .floatValues = [0]{}, .int64Values = [0]{}, .bytes = [0]{}, .stringValue = ""}}
12-30 11:12:00.093   398   464 I VehiclePropertyStore: begin to write value to Store: {.timestamp = 9255915251434, .areaId = 0, .prop = 557851022, .status = AVAILABLE, .value = {.int32Values = [1]{0}, .floatValues = [0]{}, .int64Values = [0]{}, .bytes = [0]{}, .stringValue = ""}}
12-30 11:12:00.093   398   464 I DefaultVehicleHal_v2_0: DefaultVehicleHal::onPropertyValue, value:{.timestamp = 9255915251434, .areaId = 0, .prop = 557851022, .status = AVAILABLE, .value = {.int32Values = [1]{0}, .floatValues = [0]{}, .int64Values = [0]{}, .bytes = [0]{}, .stringValue = ""}}
12-30 11:12:00.093   398   464 D DiagPropHandler: is not DiagnosticConfig: 0x2140218e
12-30 11:12:00.093   398   464 I VehiclePropertyStore: begin to write value to Store: {.timestamp = 9255915251434, .areaId = 0, .prop = 557851022, .status = AVAILABLE, .value = {.int32Values = [1]{0}, .floatValues = [0]{}, .int64Values = [0]{}, .bytes = [0]{}, .stringValue = ""}}
12-30 11:12:00.093   398   464 D adayocomadapter-CommunicationManager: onUpstreamReceive mPropertyId 0x2140218e
12-30 11:12:00.093   398   464 D adayocomadapter-CommunicationManager: onUpstreamReceive mPropertyId 0x2140218f
12-30 11:12:00.093   398   464 D adayocomadapter-CommunicationManager: convertBytesToInt32Memcpy  0
12-30 11:12:00.093   398   464 I vw-vhal : notifyVehicleProperty, propId = 0x2140218f, data = {status: 2, int32Values: [0]}
12-30 11:12:00.093   398   464 I vw-vhal : CanSignalsAdapter::notifyVehicleProperty: solvedValue = {.timestamp = 9255915436101, .areaId = 0, .prop = 557851023, .status = AVAILABLE, .value = {.int32Values = [1]{0}, .floatValues = [0]{}, .int64Values = [0]{}, .bytes = [0]{}, .stringValue = ""}}
12-30 11:12:00.093   398   464 I VehiclePropertyStore: begin to write value to Store: {.timestamp = 9255915436101, .areaId = 0, .prop = 557851023, .status = AVAILABLE, .value = {.int32Values = [1]{0}, .floatValues = [0]{}, .int64Values = [0]{}, .bytes = [0]{}, .stringValue = ""}}
12-30 11:12:00.093   398   464 I DefaultVehicleHal_v2_0: DefaultVehicleHal::onPropertyValue, value:{.timestamp = 9255915436101, .areaId = 0, .prop = 557851023, .status = AVAILABLE, .value = {.int32Values = [1]{0}, .floatValues = [0]{}, .int64Values = [0]{}, .bytes = [0]{}, .stringValue = ""}}
12-30 11:12:00.093   398   464 D DiagPropHandler: is not DiagnosticConfig: 0x2140218f
12-30 11:12:00.093   398   464 I VehiclePropertyStore: begin to write value to Store: {.timestamp = 9255915436101, .areaId = 0, .prop = 557851023, .status = AVAILABLE, .value = {.int32Values = [1]{0}, .floatValues = [0]{}, .int64Values = [0]{}, .bytes = [0]{}, .stringValue = ""}}
12-30 11:12:00.093   398   464 D adayocomadapter-CommunicationManager: onUpstreamReceive mPropertyId 0x2140218f
12-30 11:12:00.093   398   464 D adayocomadapter-CommunicationManager: onUpstreamReceive mPropertyId 0x21402191
12-30 11:12:00.093   398   464 D adayocomadapter-CommunicationManager: convertBytesToInt32Memcpy  0
12-30 11:12:00.093   398   464 I vw-vhal : notifyVehicleProperty, propId = 0x21402191, data = {status: 2, int32Values: [0]}
12-30 11:12:00.093   398   464 I vw-vhal : CanSignalsAdapter::notifyVehicleProperty: solvedValue = {.timestamp = 9255915616768, .areaId = 0, .prop = 557851025, .status = AVAILABLE, .value = {.int32Values = [1]{0}, .floatValues = [0]{}, .int64Values = [0]{}, .bytes = [0]{}, .stringValue = ""}}
12-30 11:12:00.093   398   464 I VehiclePropertyStore: begin to write value to Store: {.timestamp = 9255915616768, .areaId = 0, .prop = 557851025, .status = AVAILABLE, .value = {.int32Values = [1]{0}, .floatValues = [0]{}, .int64Values = [0]{}, .bytes = [0]{}, .stringValue = ""}}
12-30 11:12:00.093   398   464 I DefaultVehicleHal_v2_0: DefaultVehicleHal::onPropertyValue, value:{.timestamp = 9255915616768, .areaId = 0, .prop = 557851025, .status = AVAILABLE, .value = {.int32Values = [1]{0}, .floatValues = [0]{}, .int64Values = [0]{}, .bytes = [0]{}, .stringValue = ""}}
12-30 11:12:00.093   398   464 D DiagPropHandler: is not DiagnosticConfig: 0x21402191
12-30 11:12:00.093   398   464 I VehiclePropertyStore: begin to write value to Store: {.timestamp = 9255915616768, .areaId = 0, .prop = 557851025, .status = AVAILABLE, .value = {.int32Values = [1]{0}, .floatValues = [0]{}, .int64Values = [0]{}, .bytes = [0]{}, .stringValue = ""}}
12-30 11:12:00.093   398   464 D adayocomadapter-CommunicationManager: onUpstreamReceive mPropertyId 0x21402191
12-30 11:12:00.093   398   464 D adayocomadapter-CommunicationManager: onUpstreamReceive mPropertyId 0x2140223d
12-30 11:12:00.093   398   464 D adayocomadapter-CommunicationManager: convertBytesToInt32Memcpy  0
12-30 11:12:00.093   398   464 I vw-vhal : notifyVehicleProperty, propId = 0x2140223d, data = {status: 2, int32Values: [0]}
12-30 11:12:00.093   398   464 I vw-vhal : CanSignalsAdapter::notifyVehicleProperty: solvedValue = {.timestamp = 9255915804768, .areaId = 0, .prop = 557851197, .status = AVAILABLE, .value = {.int32Values = [1]{0}, .floatValues = [0]{}, .int64Values = [0]{}, .bytes = [0]{}, .stringValue = ""}}
12-30 11:12:00.093   398   464 I VehiclePropertyStore: begin to write value to Store: {.timestamp = 9255915804768, .areaId = 0, .prop = 557851197, .status = AVAILABLE, .value = {.int32Values = [1]{0}, .floatValues = [0]{}, .int64Values = [0]{}, .bytes = [0]{}, .stringValue = ""}}
12-30 11:12:00.094   398   464 I DefaultVehicleHal_v2_0: DefaultVehicleHal::onPropertyValue, value:{.timestamp = 9255915804768, .areaId = 0, .prop = 557851197, .status = AVAILABLE, .value = {.int32Values = [1]{0}, .floatValues = [0]{}, .int64Values = [0]{}, .bytes = [0]{}, .stringValue = ""}}
12-30 11:12:00.094   398   464 D DiagPropHandler: is not DiagnosticConfig: 0x2140223d
12-30 11:12:00.094   398   464 I VehiclePropertyStore: begin to write value to Store: {.timestamp = 9255915804768, .areaId = 0, .prop = 557851197, .status = AVAILABLE, .value = {.int32Values = [1]{0}, .floatValues = [0]{}, .int64Values = [0]{}, .bytes = [0]{}, .stringValue = ""}}
12-30 11:12:00.094   398   464 D adayocomadapter-CommunicationManager: onUpstreamReceive mPropertyId 0x2140223d
12-30 11:12:00.103   360   931 I EvsDriver: /dev/video-evs0 VideoCapture fps 30.002
12-30 11:12:00.103   360   931 D EvsDriver: forwardFrame
12-30 11:12:00.103   360   931 D EvsDriver: forwardFrameDirect
12-30 11:12:00.103   360   931 D EvsDriver: Delivered 0xb400e2ca9e40e110 as id 0
12-30 11:12:00.103   359  2784 D evsmanagerd: /dev/video-evs0 forwarded the buffer #0 to 0xb400f125d2b26dd0 from 0xb400f125e2b20710
12-30 11:12:00.107   360   458 D EvsDriver: doneWithFrame
12-30 11:12:00.109  2358  2623 D RcfController: Rcf proxy is not connected!
12-30 11:12:00.118   596  3076 E WifiHAL : Invalid data received from driver
12-30 11:12:00.136   360   931 D EvsDriver: forwardFrame
12-30 11:12:00.136   360   931 D EvsDriver: forwardFrameDirect
12-30 11:12:00.136   360   931 D EvsDriver: Delivered 0xb400e2ca9e40c7a0 as id 1
12-30 11:12:00.136   359  2784 D evsmanagerd: /dev/video-evs0 forwarded the buffer #1 to 0xb400f125d2b26dd0 from 0xb400f125e2b20710
12-30 11:12:00.137   360   458 D EvsDriver: doneWithFrame
12-30 11:12:00.144  3066  3066 D hostapd : nl80211: BSS Event 59 (NL80211_CMD_FRAME) received for wlan1
12-30 11:12:00.144  3066  3066 D hostapd : nl80211: RX frame da=ff:ff:ff:ff:ff:ff sa=a4:04:50:ce:f7:da bssid=a4:04:50:ce:f7:da freq=5745 ssi_signal=-8800 fc=0xd0 seq_ctrl=0x6f90 stype=13 (WLAN_FC_STYPE_ACTION) len=42
12-30 11:12:00.144  3066  3066 D hostapd : wlan1: Event RX_MGMT (18) received
12-30 11:12:00.144  3066  3066 D hostapd : Receive wpa msg : Event RX_MGMT (18) received
12-30 11:12:00.157   596  3076 E WifiHAL : Invalid data received from driver
12-30 11:12:00.157   596  3076 E WifiHAL : Invalid data received from driver
12-30 11:12:00.157   596  3076 E WifiHAL : Invalid data received from driver
12-30 11:12:00.157   596  3076 E WifiHAL : Invalid data received from driver
12-30 11:12:00.157   596  3076 E WifiHAL : Invalid data received from driver
12-30 11:12:00.157   596  3076 E WifiHAL : Invalid data received from driver
12-30 11:12:00.158   596  3076 E WifiHAL : Invalid data received from driver
12-30 11:12:00.159  2358  2623 D RcfController: Rcf proxy is not connected!
12-30 11:12:00.165  3066  3066 D hostapd : nl80211: BSS Event 59 (NL80211_CMD_FRAME) received for wlan1
12-30 11:12:00.165  3066  3066 D hostapd : nl80211: RX frame da=ff:ff:ff:ff:ff:ff sa=a4:04:50:ce:f7:da bssid=a4:04:50:ce:f7:da freq=5745 ssi_signal=-8600 fc=0xd0 seq_ctrl=0x6fa0 stype=13 (WLAN_FC_STYPE_ACTION) len=42
12-30 11:12:00.165  3066  3066 D hostapd : wlan1: Event RX_MGMT (18) received
12-30 11:12:00.165  3066  3066 D hostapd : Receive wpa msg : Event RX_MGMT (18) received
12-30 11:12:00.169   360   931 D EvsDriver: forwardFrame
12-30 11:12:00.169   360   931 D EvsDriver: forwardFrameDirect
12-30 11:12:00.169   360   931 D EvsDriver: Delivered 0xb400e2ca9e40e270 as id 0
12-30 11:12:00.169   359  2784 D evsmanagerd: /dev/video-evs0 forwarded the buffer #0 to 0xb400f125d2b26dd0 from 0xb400f125e2b20710
12-30 11:12:00.175   650   729 D fgemcucomm: sd Uart data : 6AA60220CE000292027A
12-30 11:12:00.175   596  3076 E WifiHAL : Invalid data received from driver
12-30 11:12:00.175  3066  3066 D hostapd : nl80211: BSS Event 59 (NL80211_CMD_FRAME) received for wlan1
12-30 11:12:00.175  3066  3066 D hostapd : nl80211: RX frame da=ff:ff:ff:ff:ff:ff sa=de:bb:0d:97:ae:5f bssid=de:bb:0d:97:ae:5f freq=5745 ssi_signal=-8900 fc=0xd0 seq_ctrl=0xf990 stype=13 (WLAN_FC_STYPE_ACTION) len=42
12-30 11:12:00.175   650   729 D fgemcucomm: rev uart=76458,len=18, data : 6AA68120CE000A9202000D000000000000E6
12-30 11:12:00.175  3066  3066 D hostapd : wlan1: Event RX_MGMT (18) received
12-30 11:12:00.175  3066  3066 D hostapd : Receive wpa msg : Event RX_MGMT (18) received
12-30 11:12:00.175   398   466 D adayocomadapter-ParseProtocolFunc: printRaWMsg Name[MCUToUPstream recv] len[10] data[9202000D000000000000]
12-30 11:12:00.175   398   466 D adayocomadapter-CommunicationManager: onUpstreamback   member[0] dataLength[7] timePoint[9255997]
12-30 11:12:00.175   398   466 D adayocomadapter-ParseProtocolFunc: printRaWMsg Name[onUpstreamback] len[7] data[0D000000000000]
12-30 11:12:00.175   398   464 D adayocomadapter-UpstreamHandler: processBeforePacket upSreamtProcessTimePoint[9255997] 
12-30 11:12:00.175   398   464 D adayocomadapter-UpstreamHandler: processPacket UPSTREAM_QUEUE_DATA_TIMEOUT
12-30 11:12:00.175   398   464 D adayocomadapter-ParseProtocolFunc: parseCommonIPCLBytes Processing tableNumber[13]
12-30 11:12:00.175   398   464 D adayocomadapter-ParseProtocolFunc: parseCommonIPCLBytes Processing tablename[Table-13] tableSize[7]
12-30 11:12:00.175   398   464 D adayocomadapter-ParseProtocolFunc: printRaWMsg Name[byteStream recv] len[7] data[0D000000000000]
12-30 11:12:00.175   398   464 D adayocomadapter-ParseProtocolFunc: printRaWMsg Name[IPCLtoVHAL] len[6] data[214020BB0000]
12-30 11:12:00.175   398   464 D adayocomadapter-ParseProtocolFunc: printRaWMsg Name[IPCLtoVHAL] len[6] data[214020E30000]
12-30 11:12:00.175   398   464 D adayocomadapter-ParseProtocolFunc: printRaWMsg Name[IPCLtoVHAL] len[6] data[214020C70000]
12-30 11:12:00.175   398   464 D adayocomadapter-ParseProtocolFunc: printRaWMsg Name[IPCLtoVHAL] len[6] data[214020DD0000]
12-30 11:12:00.175   398   464 D adayocomadapter-ParseProtocolFunc: printRaWMsg Name[IPCLtoVHAL] len[6] data[214020DF0000]
12-30 11:12:00.175   398   464 D adayocomadapter-ParseProtocolFunc: printRaWMsg Name[IPCLtoVHAL] len[6] data[214020E40000]
12-30 11:12:00.175   398   464 D adayocomadapter-CommunicationManager: onUpstreamReceive mPropertyId 0x214020bb
12-30 11:12:00.175   398   464 D adayocomadapter-CommunicationManager: convertBytesToInt32Memcpy  0
12-30 11:12:00.176   398   464 I vw-vhal : notifyVehicleProperty, propId = 0x214020bb, data = {status: 2, int32Values: [0]}
12-30 11:12:00.176   398   464 I vw-vhal : CanSignalsAdapter::notifyVehicleProperty: solvedValue = {.timestamp = 9255997924434, .areaId = 0, .prop = 557850811, .status = AVAILABLE, .value = {.int32Values = [1]{0}, .floatValues = [0]{}, .int64Values = [0]{}, .bytes = [0]{}, .stringValue = ""}}
12-30 11:12:00.176   398   464 I VehiclePropertyStore: begin to write value to Store: {.timestamp = 9255997924434, .areaId = 0, .prop = 557850811, .status = AVAILABLE, .value = {.int32Values = [1]{0}, .floatValues = [0]{}, .int64Values = [0]{}, .bytes = [0]{}, .stringValue = ""}}
12-30 11:12:00.176   398   464 I DefaultVehicleHal_v2_0: DefaultVehicleHal::onPropertyValue, value:{.timestamp = 9255997924434, .areaId = 0, .prop = 557850811, .status = AVAILABLE, .value = {.int32Values = [1]{0}, .floatValues = [0]{}, .int64Values = [0]{}, .bytes = [0]{}, .stringValue = ""}}
12-30 11:12:00.176   398   464 D DiagPropHandler: is not DiagnosticConfig: 0x214020bb
12-30 11:12:00.176   398   464 I VehiclePropertyStore: begin to write value to Store: {.timestamp = 9255997924434, .areaId = 0, .prop = 557850811, .status = AVAILABLE, .value = {.int32Values = [1]{0}, .floatValues = [0]{}, .int64Values = [0]{}, .bytes = [0]{}, .stringValue = ""}}
12-30 11:12:00.176   398   464 D adayocomadapter-CommunicationManager: onUpstreamReceive mPropertyId 0x214020bb
12-30 11:12:00.176   398   464 D adayocomadapter-CommunicationManager: onUpstreamReceive mPropertyId 0x214020e3
12-30 11:12:00.176   398   464 D adayocomadapter-CommunicationManager: convertBytesToInt32Memcpy  0
12-30 11:12:00.176   398   464 I vw-vhal : notifyVehicleProperty, propId = 0x214020e3, data = {status: 2, int32Values: [0]}
12-30 11:12:00.176   398   464 I vw-vhal : CanSignalsAdapter::notifyVehicleProperty: solvedValue = {.timestamp = 9255998249768, .areaId = 0, .prop = 557850851, .status = AVAILABLE, .value = {.int32Values = [1]{0}, .floatValues = [0]{}, .int64Values = [0]{}, .bytes = [0]{}, .stringValue = ""}}
12-30 11:12:00.176   398   464 I VehiclePropertyStore: begin to write value to Store: {.timestamp = 9255998249768, .areaId = 0, .prop = 557850851, .status = AVAILABLE, .value = {.int32Values = [1]{0}, .floatValues = [0]{}, .int64Values = [0]{}, .bytes = [0]{}, .stringValue = ""}}
12-30 11:12:00.176   398   464 I DefaultVehicleHal_v2_0: DefaultVehicleHal::onPropertyValue, value:{.timestamp = 9255998249768, .areaId = 0, .prop = 557850851, .status = AVAILABLE, .value = {.int32Values = [1]{0}, .floatValues = [0]{}, .int64Values = [0]{}, .bytes = [0]{}, .stringValue = ""}}
12-30 11:12:00.176   398   464 D DiagPropHandler: is not DiagnosticConfig: 0x214020e3
12-30 11:12:00.176   398   464 I VehiclePropertyStore: begin to write value to Store: {.timestamp = 9255998249768, .areaId = 0, .prop = 557850851, .status = AVAILABLE, .value = {.int32Values = [1]{0}, .floatValues = [0]{}, .int64Values = [0]{}, .bytes = [0]{}, .stringValue = ""}}
12-30 11:12:00.176   398   464 D adayocomadapter-CommunicationManager: onUpstreamReceive mPropertyId 0x214020e3
12-30 11:12:00.176   398   464 D adayocomadapter-CommunicationManager: onUpstreamReceive mPropertyId 0x214020c7
12-30 11:12:00.176   398   464 D adayocomadapter-CommunicationManager: convertBytesToInt32Memcpy  0
12-30 11:12:00.176   398   464 I vw-vhal : notifyVehicleProperty, propId = 0x214020c7, data = {status: 2, int32Values: [0]}
12-30 11:12:00.176   398   464 I vw-vhal : CanSignalsAdapter::notifyVehicleProperty: solvedValue = {.timestamp = 9255998490101, .areaId = 0, .prop = 557850823, .status = AVAILABLE, .value = {.int32Values = [1]{0}, .floatValues = [0]{}, .int64Values = [0]{}, .bytes = [0]{}, .stringValue = ""}}
12-30 11:12:00.176   398   464 I VehiclePropertyStore: begin to write value to Store: {.timestamp = 9255998490101, .areaId = 0, .prop = 557850823, .status = AVAILABLE, .value = {.int32Values = [1]{0}, .floatValues = [0]{}, .int64Values = [0]{}, .bytes = [0]{}, .stringValue = ""}}
12-30 11:12:00.176   398   464 I DefaultVehicleHal_v2_0: DefaultVehicleHal::onPropertyValue, value:{.timestamp = 9255998490101, .areaId = 0, .prop = 557850823, .status = AVAILABLE, .value = {.int32Values = [1]{0}, .floatValues = [0]{}, .int64Values = [0]{}, .bytes = [0]{}, .stringValue = ""}}
12-30 11:12:00.176   398   464 D DiagPropHandler: is not DiagnosticConfig: 0x214020c7
12-30 11:12:00.176   398   464 I VehiclePropertyStore: begin to write value to Store: {.timestamp = 9255998490101, .areaId = 0, .prop = 557850823, .status = AVAILABLE, .value = {.int32Values = [1]{0}, .floatValues = [0]{}, .int64Values = [0]{}, .bytes = [0]{}, .stringValue = ""}}
12-30 11:12:00.176   398   464 D adayocomadapter-CommunicationManager: onUpstreamReceive mPropertyId 0x214020c7
12-30 11:12:00.176   398   464 D adayocomadapter-CommunicationManager: onUpstreamReceive mPropertyId 0x214020dd
12-30 11:12:00.176   398   464 D adayocomadapter-CommunicationManager: convertBytesToInt32Memcpy  0
12-30 11:12:00.176   398   464 I vw-vhal : notifyVehicleProperty, propId = 0x214020dd, data = {status: 2, int32Values: [0]}
12-30 11:12:00.176   398   464 I vw-vhal : CanSignalsAdapter::notifyVehicleProperty: solvedValue = {.timestamp = 9255998688434, .areaId = 0, .prop = 557850845, .status = AVAILABLE, .value = {.int32Values = [1]{0}, .floatValues = [0]{}, .int64Values = [0]{}, .bytes = [0]{}, .stringValue = ""}}
12-30 11:12:00.176   398   464 I VehiclePropertyStore: begin to write value to Store: {.timestamp = 9255998688434, .areaId = 0, .prop = 557850845, .status = AVAILABLE, .value = {.int32Values = [1]{0}, .floatValues = [0]{}, .int64Values = [0]{}, .bytes = [0]{}, .stringValue = ""}}
12-30 11:12:00.176   398   464 I DefaultVehicleHal_v2_0: DefaultVehicleHal::onPropertyValue, value:{.timestamp = 9255998688434, .areaId = 0, .prop = 557850845, .status = AVAILABLE, .value = {.int32Values = [1]{0}, .floatValues = [0]{}, .int64Values = [0]{}, .bytes = [0]{}, .stringValue = ""}}
12-30 11:12:00.176   398   464 D DiagPropHandler: is not DiagnosticConfig: 0x214020dd
12-30 11:12:00.176   398   464 I VehiclePropertyStore: begin to write value to Store: {.timestamp = 9255998688434, .areaId = 0, .prop = 557850845, .status = AVAILABLE, .value = {.int32Values = [1]{0}, .floatValues = [0]{}, .int64Values = [0]{}, .bytes = [0]{}, .stringValue = ""}}
12-30 11:12:00.176   398   464 D adayocomadapter-CommunicationManager: onUpstreamReceive mPropertyId 0x214020dd
12-30 11:12:00.177   398   464 D adayocomadapter-CommunicationManager: onUpstreamReceive mPropertyId 0x214020df
12-30 11:12:00.177   398   464 D adayocomadapter-CommunicationManager: convertBytesToInt32Memcpy  0
12-30 11:12:00.177   398   464 I vw-vhal : notifyVehicleProperty, propId = 0x214020df, data = {status: 2, int32Values: [0]}
12-30 11:12:00.177   398   464 I vw-vhal : CanSignalsAdapter::notifyVehicleProperty: solvedValue = {.timestamp = 9255998933434, .areaId = 0, .prop = 557850847, .status = AVAILABLE, .value = {.int32Values = [1]{0}, .floatValues = [0]{}, .int64Values = [0]{}, .bytes = [0]{}, .stringValue = ""}}
12-30 11:12:00.177   398   464 I VehiclePropertyStore: begin to write value to Store: {.timestamp = 9255998933434, .areaId = 0, .prop = 557850847, .status = AVAILABLE, .value = {.int32Values = [1]{0}, .floatValues = [0]{}, .int64Values = [0]{}, .bytes = [0]{}, .stringValue = ""}}
12-30 11:12:00.177   398   464 I DefaultVehicleHal_v2_0: DefaultVehicleHal::onPropertyValue, value:{.timestamp = 9255998933434, .areaId = 0, .prop = 557850847, .status = AVAILABLE, .value = {.int32Values = [1]{0}, .floatValues = [0]{}, .int64Values = [0]{}, .bytes = [0]{}, .stringValue = ""}}
12-30 11:12:00.177   398   464 D DiagPropHandler: is not DiagnosticConfig: 0x214020df
12-30 11:12:00.177   398   464 I VehiclePropertyStore: begin to write value to Store: {.timestamp = 9255998933434, .areaId = 0, .prop = 557850847, .status = AVAILABLE, .value = {.int32Values = [1]{0}, .floatValues = [0]{}, .int64Values = [0]{}, .bytes = [0]{}, .stringValue = ""}}
12-30 11:12:00.177   398   464 D adayocomadapter-CommunicationManager: onUpstreamReceive mPropertyId 0x214020df
12-30 11:12:00.177   398   464 D adayocomadapter-CommunicationManager: onUpstreamReceive mPropertyId 0x214020e4
12-30 11:12:00.177   398   464 D adayocomadapter-CommunicationManager: convertBytesToInt32Memcpy  0
12-30 11:12:00.177   398   464 I vw-vhal : notifyVehicleProperty, propId = 0x214020e4, data = {status: 2, int32Values: [0]}
12-30 11:12:00.177   398   464 I vw-vhal : CanSignalsAdapter::notifyVehicleProperty: solvedValue = {.timestamp = 9255999125434, .areaId = 0, .prop = 557850852, .status = AVAILABLE, .value = {.int32Values = [1]{0}, .floatValues = [0]{}, .int64Values = [0]{}, .bytes = [0]{}, .stringValue = ""}}
12-30 11:12:00.177   398   464 I VehiclePropertyStore: begin to write value to Store: {.timestamp = 9255999125434, .areaId = 0, .prop = 557850852, .status = AVAILABLE, .value = {.int32Values = [1]{0}, .floatValues = [0]{}, .int64Values = [0]{}, .bytes = [0]{}, .stringValue = ""}}
12-30 11:12:00.177   398   464 I DefaultVehicleHal_v2_0: DefaultVehicleHal::onPropertyValue, value:{.timestamp = 9255999125434, .areaId = 0, .prop = 557850852, .status = AVAILABLE, .value = {.int32Values = [1]{0}, .floatValues = [0]{}, .int64Values = [0]{}, .bytes = [0]{}, .stringValue = ""}}
12-30 11:12:00.177   398   464 D DiagPropHandler: is not DiagnosticConfig: 0x214020e4
12-30 11:12:00.177   398   464 I VehiclePropertyStore: begin to write value to Store: {.timestamp = 9255999125434, .areaId = 0, .prop = 557850852, .status = AVAILABLE, .value = {.int32Values = [1]{0}, .floatValues = [0]{}, .int64Values = [0]{}, .bytes = [0]{}, .stringValue = ""}}
12-30 11:12:00.177   398   464 D adayocomadapter-CommunicationManager: onUpstreamReceive mPropertyId 0x214020e4
12-30 11:12:00.178   360   458 D EvsDriver: doneWithFrame
12-30 11:12:00.203   360   931 D EvsDriver: forwardFrame
12-30 11:12:00.203   360   931 D EvsDriver: forwardFrameDirect
12-30 11:12:00.203   360   931 D EvsDriver: Delivered 0xb400e2ca9e40d4b0 as id 1
12-30 11:12:00.203   359  2784 D evsmanagerd: /dev/video-evs0 forwarded the buffer #1 to 0xb400f125d2b26dd0 from 0xb400f125e2b20710
12-30 11:12:00.207  1667  2513 W ContextImpl: Calling a method in the system process without a qualified user: android.app.ContextImpl.bindService:1988 android.content.ContextWrapper.bindService:861 com.ford.sync.fnvservice.analytics.AnalyticsManager$RetryHandler.a:126 com.ford.sync.fnvservice.analytics.AnalyticsManager$RetryHandler.handleMessage:103 android.os.Handler.dispatchMessage:106 
12-30 11:12:00.208   916  2591 W ActivityManager: Unable to start service Intent { cmp=com.ford.sync.fnvservice/.analytics.AnalyticsService } U=0: not found
12-30 11:12:00.208   360   458 D EvsDriver: doneWithFrame
12-30 11:12:00.208  1667  2513 W AnalyticsManager:  bind ford Analytics failed -> sendRetryMessage 
12-30 11:12:00.209  2358  2623 D RcfController: Rcf proxy is not connected!
12-30 11:12:00.227   596  3076 E WifiHAL : Invalid data received from driver
12-30 11:12:00.236   360   931 D EvsDriver: forwardFrame
12-30 11:12:00.236   360   931 D EvsDriver: forwardFrameDirect
12-30 11:12:00.236   360   931 D EvsDriver: Delivered 0xb400e2ca9e40c2d0 as id 0
12-30 11:12:00.236   359  2784 D evsmanagerd: /dev/video-evs0 forwarded the buffer #0 to 0xb400f125d2b26dd0 from 0xb400f125e2b20710
12-30 11:12:00.238   360   458 D EvsDriver: doneWithFrame
12-30 11:12:00.248  3066  3066 D hostapd : nl80211: BSS Event 59 (NL80211_CMD_FRAME) received for wlan1
12-30 11:12:00.248  3066  3066 D hostapd : nl80211: RX frame da=ff:ff:ff:ff:ff:ff sa=a4:04:50:ce:f7:da bssid=a4:04:50:ce:f7:da freq=5745 ssi_signal=-8600 fc=0xd0 seq_ctrl=0x6fe0 stype=13 (WLAN_FC_STYPE_ACTION) len=42
12-30 11:12:00.248  3066  3066 D hostapd : wlan1: Event RX_MGMT (18) received
12-30 11:12:00.248  3066  3066 D hostapd : Receive wpa msg : Event RX_MGMT (18) received
12-30 11:12:00.259  2358  2623 D RcfController: Rcf proxy is not connected!
12-30 11:12:00.269  3066  3066 D hostapd : nl80211: BSS Event 59 (NL80211_CMD_FRAME) received for wlan1
12-30 11:12:00.269  3066  3066 D hostapd : nl80211: RX frame da=ff:ff:ff:ff:ff:ff sa=a4:04:50:ce:f7:da bssid=a4:04:50:ce:f7:da freq=5745 ssi_signal=-8600 fc=0xd0 seq_ctrl=0x6ff0 stype=13 (WLAN_FC_STYPE_ACTION) len=42
12-30 11:12:00.269  3066  3066 D hostapd : wlan1: Event RX_MGMT (18) received
12-30 11:12:00.269  3066  3066 D hostapd : Receive wpa msg : Event RX_MGMT (18) received
12-30 11:12:00.269   360   931 D EvsDriver: forwardFrame
12-30 11:12:00.269   360   931 D EvsDriver: forwardFrameDirect
12-30 11:12:00.269   360   931 D EvsDriver: Delivered 0xb400e2ca9e40d090 as id 1
12-30 11:12:00.269   359  2784 D evsmanagerd: /dev/video-evs0 forwarded the buffer #1 to 0xb400f125d2b26dd0 from 0xb400f125e2b20710
12-30 11:12:00.278   360   458 D EvsDriver: doneWithFrame
12-30 11:12:00.282   596  3076 E WifiHAL : Invalid data received from driver
12-30 11:12:00.289  3066  3066 D hostapd : nl80211: BSS Event 59 (NL80211_CMD_FRAME) received for wlan1
12-30 11:12:00.289  3066  3066 D hostapd : nl80211: RX frame da=ff:ff:ff:ff:ff:ff sa=a4:04:50:ce:f7:da bssid=a4:04:50:ce:f7:da freq=5745 ssi_signal=-8600 fc=0xd0 seq_ctrl=0x7000 stype=13 (WLAN_FC_STYPE_ACTION) len=42
12-30 11:12:00.289  3066  3066 D hostapd : wlan1: Event RX_MGMT (18) received
12-30 11:12:00.289  3066  3066 D hostapd : Receive wpa msg : Event RX_MGMT (18) received
12-30 11:12:00.302  3066  3066 D hostapd : nl80211: BSS Event 59 (NL80211_CMD_FRAME) received for wlan1
12-30 11:12:00.302  3066  3066 D hostapd : nl80211: RX frame da=ff:ff:ff:ff:ff:ff sa=ce:50:21:02:82:f9 bssid=ce:50:21:02:82:f9 freq=5745 ssi_signal=-9200 fc=0xd0 seq_ctrl=0x4050 stype=13 (WLAN_FC_STYPE_ACTION) len=42
12-30 11:12:00.302  3066  3066 D hostapd : wlan1: Event RX_MGMT (18) received
12-30 11:12:00.302  3066  3066 D hostapd : Receive wpa msg : Event RX_MGMT (18) received
12-30 11:12:00.303   360   931 D EvsDriver: forwardFrame
12-30 11:12:00.303   360   931 D EvsDriver: forwardFrameDirect
12-30 11:12:00.303   360   931 D EvsDriver: Delivered 0xb400e2ca9e40e110 as id 0
12-30 11:12:00.303   359  2784 D evsmanagerd: /dev/video-evs0 forwarded the buffer #0 to 0xb400f125d2b26dd0 from 0xb400f125e2b20710
12-30 11:12:00.304   596  3076 E WifiHAL : Invalid data received from driver
12-30 11:12:00.308  1611  1611 I ADAYO_LOG_: handleMessage(UsbFunc.java:3)copyQnx = 0
12-30 11:12:00.308  1611  1611 I ADAYO_LOG_: handleMessage(UsbFunc.java:12)copyState = 2
12-30 11:12:00.309   360   458 D EvsDriver: doneWithFrame
12-30 11:12:00.310  2358  2623 D RcfController: Rcf proxy is not connected!
12-30 11:12:00.336   360   931 D EvsDriver: forwardFrame
12-30 11:12:00.336   360   931 D EvsDriver: forwardFrameDirect
12-30 11:12:00.336   360   931 D EvsDriver: Delivered 0xb400e2ca9e40c7a0 as id 1
12-30 11:12:00.336   359  2784 D evsmanagerd: /dev/video-evs0 forwarded the buffer #1 to 0xb400f125d2b26dd0 from 0xb400f125e2b20710
12-30 11:12:00.339   360   458 D EvsDriver: doneWithFrame
12-30 11:12:00.360  2358  2623 D RcfController: Rcf proxy is not connected!
12-30 11:12:00.369   360   931 D EvsDriver: forwardFrame
12-30 11:12:00.369   360   931 D EvsDriver: forwardFrameDirect
12-30 11:12:00.369   360   931 D EvsDriver: Delivered 0xb400e2ca9e40e270 as id 0
12-30 11:12:00.369   359  2784 D evsmanagerd: /dev/video-evs0 forwarded the buffer #0 to 0xb400f125d2b26dd0 from 0xb400f125e2b20710
12-30 11:12:00.379   360   458 D EvsDriver: doneWithFrame
12-30 11:12:00.384   596  3076 E WifiHAL : Invalid data received from driver
12-30 11:12:00.403   360   931 D EvsDriver: forwardFrame
12-30 11:12:00.403   360   931 D EvsDriver: forwardFrameDirect
12-30 11:12:00.403   360   931 D EvsDriver: Delivered 0xb400e2ca9e40d4b0 as id 1
12-30 11:12:00.403   359  2784 D evsmanagerd: /dev/video-evs0 forwarded the buffer #1 to 0xb400f125d2b26dd0 from 0xb400f125e2b20710
12-30 11:12:00.409   360   458 D EvsDriver: doneWithFrame
12-30 11:12:00.410  2358  2623 D RcfController: Rcf proxy is not connected!
12-30 11:12:00.413   596  3076 E WifiHAL : Invalid data received from driver
12-30 11:12:00.413   596  3076 E WifiHAL : Invalid data received from driver
12-30 11:12:00.413   596  3076 E WifiHAL : Invalid data received from driver
