12-30 11:08:01.502   398   464 I vw-vhal : CanSignalsAdapter::notifyVehicleProperty: solvedValue = {.timestamp = 9017324125406, .areaId = 0, .prop = 557851092, .status = AVAILABLE, .value = {.int32Values = [1]{0}, .floatValues = [0]{}, .int64Values = [0]{}, .bytes = [0]{}, .stringValue = ""}}
12-30 11:08:01.502   398   464 I VehiclePropertyStore: begin to write value to Store: {.timestamp = 9017324125406, .areaId = 0, .prop = 557851092, .status = AVAILABLE, .value = {.int32Values = [1]{0}, .floatValues = [0]{}, .int64Values = [0]{}, .bytes = [0]{}, .stringValue = ""}}
12-30 11:08:01.502   398   464 I DefaultVehicleHal_v2_0: DefaultVehicleHal::onPropertyValue, value:{.timestamp = 9017324125406, .areaId = 0, .prop = 557851092, .status = AVAILABLE, .value = {.int32Values = [1]{0}, .floatValues = [0]{}, .int64Values = [0]{}, .bytes = [0]{}, .stringValue = ""}}
12-30 11:08:01.502   398   464 D DiagPropHandler: is not DiagnosticConfig: 0x214021d4
12-30 11:08:01.502   398   464 I VehiclePropertyStore: begin to write value to Store: {.timestamp = 9017324125406, .areaId = 0, .prop = 557851092, .status = AVAILABLE, .value = {.int32Values = [1]{0}, .floatValues = [0]{}, .int64Values = [0]{}, .bytes = [0]{}, .stringValue = ""}}
12-30 11:08:01.502   398   464 D adayocomadapter-CommunicationManager: onUpstreamReceive mPropertyId 0x214021d4
12-30 11:08:01.502   398   464 D adayocomadapter-CommunicationManager: onUpstreamReceive mPropertyId 0x21402235
12-30 11:08:01.502   398   464 D adayocomadapter-CommunicationManager: convertBytesToInt32Memcpy  0
12-30 11:08:01.502   398   464 I vw-vhal : notifyVehicleProperty, propId = 0x21402235, data = {status: 2, int32Values: [0]}
12-30 11:08:01.502   398   464 I vw-vhal : CanSignalsAdapter::notifyVehicleProperty: solvedValue = {.timestamp = 9017324323073, .areaId = 0, .prop = 557851189, .status = AVAILABLE, .value = {.int32Values = [1]{0}, .floatValues = [0]{}, .int64Values = [0]{}, .bytes = [0]{}, .stringValue = ""}}
12-30 11:08:01.502   398   464 I VehiclePropertyStore: begin to write value to Store: {.timestamp = 9017324323073, .areaId = 0, .prop = 557851189, .status = AVAILABLE, .value = {.int32Values = [1]{0}, .floatValues = [0]{}, .int64Values = [0]{}, .bytes = [0]{}, .stringValue = ""}}
12-30 11:08:01.502   398   464 I DefaultVehicleHal_v2_0: DefaultVehicleHal::onPropertyValue, value:{.timestamp = 9017324323073, .areaId = 0, .prop = 557851189, .status = AVAILABLE, .value = {.int32Values = [1]{0}, .floatValues = [0]{}, .int64Values = [0]{}, .bytes = [0]{}, .stringValue = ""}}
12-30 11:08:01.502   398   464 D DiagPropHandler: is not DiagnosticConfig: 0x21402235
12-30 11:08:01.502   398   464 I VehiclePropertyStore: begin to write value to Store: {.timestamp = 9017324323073, .areaId = 0, .prop = 557851189, .status = AVAILABLE, .value = {.int32Values = [1]{0}, .floatValues = [0]{}, .int64Values = [0]{}, .bytes = [0]{}, .stringValue = ""}}
12-30 11:08:01.502   398   464 D adayocomadapter-CommunicationManager: onUpstreamReceive mPropertyId 0x21402235
12-30 11:08:01.502   398   464 D adayocomadapter-CommunicationManager: onUpstreamReceive mPropertyId 0x21402228
12-30 11:08:01.502   398   464 D adayocomadapter-CommunicationManager: convertBytesToInt32Memcpy  0
12-30 11:08:01.502   398   464 I vw-vhal : notifyVehicleProperty, propId = 0x21402228, data = {status: 2, int32Values: [0]}
12-30 11:08:01.502   398   464 I vw-vhal : CanSignalsAdapter::notifyVehicleProperty: solvedValue = {.timestamp = 9017324520073, .areaId = 0, .prop = 557851176, .status = AVAILABLE, .value = {.int32Values = [1]{0}, .floatValues = [0]{}, .int64Values = [0]{}, .bytes = [0]{}, .stringValue = ""}}
12-30 11:08:01.502   398   464 I VehiclePropertyStore: begin to write value to Store: {.timestamp = 9017324520073, .areaId = 0, .prop = 557851176, .status = AVAILABLE, .value = {.int32Values = [1]{0}, .floatValues = [0]{}, .int64Values = [0]{}, .bytes = [0]{}, .stringValue = ""}}
12-30 11:08:01.502   398   464 I DefaultVehicleHal_v2_0: DefaultVehicleHal::onPropertyValue, value:{.timestamp = 9017324520073, .areaId = 0, .prop = 557851176, .status = AVAILABLE, .value = {.int32Values = [1]{0}, .floatValues = [0]{}, .int64Values = [0]{}, .bytes = [0]{}, .stringValue = ""}}
12-30 11:08:01.502   398   464 D DiagPropHandler: is not DiagnosticConfig: 0x21402228
12-30 11:08:01.502   398   464 I VehiclePropertyStore: begin to write value to Store: {.timestamp = 9017324520073, .areaId = 0, .prop = 557851176, .status = AVAILABLE, .value = {.int32Values = [1]{0}, .floatValues = [0]{}, .int64Values = [0]{}, .bytes = [0]{}, .stringValue = ""}}
12-30 11:08:01.502   398   464 D adayocomadapter-CommunicationManager: onUpstreamReceive mPropertyId 0x21402228
12-30 11:08:01.502   398   464 D adayocomadapter-CommunicationManager: onUpstreamReceive mPropertyId 0x21402229
12-30 11:08:01.502   398   464 D adayocomadapter-CommunicationManager: convertBytesToInt32Memcpy  0
12-30 11:08:01.502   398   464 I vw-vhal : notifyVehicleProperty, propId = 0x21402229, data = {status: 2, int32Values: [0]}
12-30 11:08:01.502   398   464 I vw-vhal : CanSignalsAdapter::notifyVehicleProperty: solvedValue = {.timestamp = 9017324714739, .areaId = 0, .prop = 557851177, .status = AVAILABLE, .value = {.int32Values = [1]{0}, .floatValues = [0]{}, .int64Values = [0]{}, .bytes = [0]{}, .stringValue = ""}}
12-30 11:08:01.502   398   464 I VehiclePropertyStore: begin to write value to Store: {.timestamp = 9017324714739, .areaId = 0, .prop = 557851177, .status = AVAILABLE, .value = {.int32Values = [1]{0}, .floatValues = [0]{}, .int64Values = [0]{}, .bytes = [0]{}, .stringValue = ""}}
12-30 11:08:01.502   398   464 I DefaultVehicleHal_v2_0: DefaultVehicleHal::onPropertyValue, value:{.timestamp = 9017324714739, .areaId = 0, .prop = 557851177, .status = AVAILABLE, .value = {.int32Values = [1]{0}, .floatValues = [0]{}, .int64Values = [0]{}, .bytes = [0]{}, .stringValue = ""}}
12-30 11:08:01.502   398   464 D DiagPropHandler: is not DiagnosticConfig: 0x21402229
12-30 11:08:01.502   398   464 I VehiclePropertyStore: begin to write value to Store: {.timestamp = 9017324714739, .areaId = 0, .prop = 557851177, .status = AVAILABLE, .value = {.int32Values = [1]{0}, .floatValues = [0]{}, .int64Values = [0]{}, .bytes = [0]{}, .stringValue = ""}}
12-30 11:08:01.502   398   464 D adayocomadapter-CommunicationManager: onUpstreamReceive mPropertyId 0x21402229
12-30 11:08:01.503   398   464 D adayocomadapter-CommunicationManager: onUpstreamReceive mPropertyId 0x21402236
12-30 11:08:01.503   398   464 D adayocomadapter-CommunicationManager: convertBytesToInt32Memcpy  0
12-30 11:08:01.503   398   464 I vw-vhal : notifyVehicleProperty, propId = 0x21402236, data = {status: 2, int32Values: [0]}
12-30 11:08:01.503   398   464 I vw-vhal : CanSignalsAdapter::notifyVehicleProperty: solvedValue = {.timestamp = 9017324906739, .areaId = 0, .prop = 557851190, .status = AVAILABLE, .value = {.int32Values = [1]{0}, .floatValues = [0]{}, .int64Values = [0]{}, .bytes = [0]{}, .stringValue = ""}}
12-30 11:08:01.503   398   464 I VehiclePropertyStore: begin to write value to Store: {.timestamp = 9017324906739, .areaId = 0, .prop = 557851190, .status = AVAILABLE, .value = {.int32Values = [1]{0}, .floatValues = [0]{}, .int64Values = [0]{}, .bytes = [0]{}, .stringValue = ""}}
12-30 11:08:01.503   398   464 I DefaultVehicleHal_v2_0: DefaultVehicleHal::onPropertyValue, value:{.timestamp = 9017324906739, .areaId = 0, .prop = 557851190, .status = AVAILABLE, .value = {.int32Values = [1]{0}, .floatValues = [0]{}, .int64Values = [0]{}, .bytes = [0]{}, .stringValue = ""}}
12-30 11:08:01.503   398   464 D DiagPropHandler: is not DiagnosticConfig: 0x21402236
12-30 11:08:01.503   398   464 I VehiclePropertyStore: begin to write value to Store: {.timestamp = 9017324906739, .areaId = 0, .prop = 557851190, .status = AVAILABLE, .value = {.int32Values = [1]{0}, .floatValues = [0]{}, .int64Values = [0]{}, .bytes = [0]{}, .stringValue = ""}}
12-30 11:08:01.503   398   464 D adayocomadapter-CommunicationManager: onUpstreamReceive mPropertyId 0x21402236
12-30 11:08:01.503   398   464 D adayocomadapter-CommunicationManager: onUpstreamReceive mPropertyId 0x21402237
12-30 11:08:01.503   398   464 D adayocomadapter-CommunicationManager: convertBytesToInt32Memcpy  0
12-30 11:08:01.503   398   464 I vw-vhal : notifyVehicleProperty, propId = 0x21402237, data = {status: 2, int32Values: [0]}
12-30 11:08:01.503   398   464 I vw-vhal : CanSignalsAdapter::notifyVehicleProperty: solvedValue = {.timestamp = 9017325097406, .areaId = 0, .prop = 557851191, .status = AVAILABLE, .value = {.int32Values = [1]{0}, .floatValues = [0]{}, .int64Values = [0]{}, .bytes = [0]{}, .stringValue = ""}}
12-30 11:08:01.503   398   464 I VehiclePropertyStore: begin to write value to Store: {.timestamp = 9017325097406, .areaId = 0, .prop = 557851191, .status = AVAILABLE, .value = {.int32Values = [1]{0}, .floatValues = [0]{}, .int64Values = [0]{}, .bytes = [0]{}, .stringValue = ""}}
12-30 11:08:01.503   398   464 I DefaultVehicleHal_v2_0: DefaultVehicleHal::onPropertyValue, value:{.timestamp = 9017325097406, .areaId = 0, .prop = 557851191, .status = AVAILABLE, .value = {.int32Values = [1]{0}, .floatValues = [0]{}, .int64Values = [0]{}, .bytes = [0]{}, .stringValue = ""}}
12-30 11:08:01.503   398   464 D DiagPropHandler: is not DiagnosticConfig: 0x21402237
12-30 11:08:01.503   398   464 I VehiclePropertyStore: begin to write value to Store: {.timestamp = 9017325097406, .areaId = 0, .prop = 557851191, .status = AVAILABLE, .value = {.int32Values = [1]{0}, .floatValues = [0]{}, .int64Values = [0]{}, .bytes = [0]{}, .stringValue = ""}}
12-30 11:08:01.503   398   464 D adayocomadapter-CommunicationManager: onUpstreamReceive mPropertyId 0x21402237
12-30 11:08:01.503   398   464 D adayocomadapter-CommunicationManager: onUpstreamReceive mPropertyId 0x21402238
12-30 11:08:01.503   398   464 D adayocomadapter-CommunicationManager: convertBytesToInt32Memcpy  0
12-30 11:08:01.503   398   464 I vw-vhal : notifyVehicleProperty, propId = 0x21402238, data = {status: 2, int32Values: [0]}
12-30 11:08:01.503   398   464 I vw-vhal : CanSignalsAdapter::notifyVehicleProperty: solvedValue = {.timestamp = 9017325290073, .areaId = 0, .prop = 557851192, .status = AVAILABLE, .value = {.int32Values = [1]{0}, .floatValues = [0]{}, .int64Values = [0]{}, .bytes = [0]{}, .stringValue = ""}}
12-30 11:08:01.503   398   464 I VehiclePropertyStore: begin to write value to Store: {.timestamp = 9017325290073, .areaId = 0, .prop = 557851192, .status = AVAILABLE, .value = {.int32Values = [1]{0}, .floatValues = [0]{}, .int64Values = [0]{}, .bytes = [0]{}, .stringValue = ""}}
12-30 11:08:01.503   398   464 I DefaultVehicleHal_v2_0: DefaultVehicleHal::onPropertyValue, value:{.timestamp = 9017325290073, .areaId = 0, .prop = 557851192, .status = AVAILABLE, .value = {.int32Values = [1]{0}, .floatValues = [0]{}, .int64Values = [0]{}, .bytes = [0]{}, .stringValue = ""}}
12-30 11:08:01.503   398   464 D DiagPropHandler: is not DiagnosticConfig: 0x21402238
12-30 11:08:01.503   398   464 I VehiclePropertyStore: begin to write value to Store: {.timestamp = 9017325290073, .areaId = 0, .prop = 557851192, .status = AVAILABLE, .value = {.int32Values = [1]{0}, .floatValues = [0]{}, .int64Values = [0]{}, .bytes = [0]{}, .stringValue = ""}}
12-30 11:08:01.503   398   464 D adayocomadapter-CommunicationManager: onUpstreamReceive mPropertyId 0x21402238
12-30 11:08:01.503   398   464 D adayocomadapter-CommunicationManager: onUpstreamReceive mPropertyId 0x21402239
12-30 11:08:01.503   398   464 D adayocomadapter-CommunicationManager: convertBytesToInt32Memcpy  0
12-30 11:08:01.503   398   464 I vw-vhal : notifyVehicleProperty, propId = 0x21402239, data = {status: 2, int32Values: [0]}
12-30 11:08:01.503   398   464 I vw-vhal : CanSignalsAdapter::notifyVehicleProperty: solvedValue = {.timestamp = 9017325481739, .areaId = 0, .prop = 557851193, .status = AVAILABLE, .value = {.int32Values = [1]{0}, .floatValues = [0]{}, .int64Values = [0]{}, .bytes = [0]{}, .stringValue = ""}}
12-30 11:08:01.503   398   464 I VehiclePropertyStore: begin to write value to Store: {.timestamp = 9017325481739, .areaId = 0, .prop = 557851193, .status = AVAILABLE, .value = {.int32Values = [1]{0}, .floatValues = [0]{}, .int64Values = [0]{}, .bytes = [0]{}, .stringValue = ""}}
12-30 11:08:01.503   398   464 I DefaultVehicleHal_v2_0: DefaultVehicleHal::onPropertyValue, value:{.timestamp = 9017325481739, .areaId = 0, .prop = 557851193, .status = AVAILABLE, .value = {.int32Values = [1]{0}, .floatValues = [0]{}, .int64Values = [0]{}, .bytes = [0]{}, .stringValue = ""}}
12-30 11:08:01.503   398   464 D DiagPropHandler: is not DiagnosticConfig: 0x21402239
12-30 11:08:01.503   398   464 I VehiclePropertyStore: begin to write value to Store: {.timestamp = 9017325481739, .areaId = 0, .prop = 557851193, .status = AVAILABLE, .value = {.int32Values = [1]{0}, .floatValues = [0]{}, .int64Values = [0]{}, .bytes = [0]{}, .stringValue = ""}}
12-30 11:08:01.503   398   464 D adayocomadapter-CommunicationManager: onUpstreamReceive mPropertyId 0x21402239
12-30 11:08:01.503   398   464 D adayocomadapter-CommunicationManager: onUpstreamReceive mPropertyId 0x2140223a
12-30 11:08:01.503   398   464 D adayocomadapter-CommunicationManager: convertBytesToInt32Memcpy  0
12-30 11:08:01.503   398   464 I vw-vhal : notifyVehicleProperty, propId = 0x2140223a, data = {status: 2, int32Values: [0]}
12-30 11:08:01.503   398   464 I vw-vhal : CanSignalsAdapter::notifyVehicleProperty: solvedValue = {.timestamp = 9017325676406, .areaId = 0, .prop = 557851194, .status = AVAILABLE, .value = {.int32Values = [1]{0}, .floatValues = [0]{}, .int64Values = [0]{}, .bytes = [0]{}, .stringValue = ""}}
12-30 11:08:01.503   398   464 I VehiclePropertyStore: begin to write value to Store: {.timestamp = 9017325676406, .areaId = 0, .prop = 557851194, .status = AVAILABLE, .value = {.int32Values = [1]{0}, .floatValues = [0]{}, .int64Values = [0]{}, .bytes = [0]{}, .stringValue = ""}}
12-30 11:08:01.503   398   464 I DefaultVehicleHal_v2_0: DefaultVehicleHal::onPropertyValue, value:{.timestamp = 9017325676406, .areaId = 0, .prop = 557851194, .status = AVAILABLE, .value = {.int32Values = [1]{0}, .floatValues = [0]{}, .int64Values = [0]{}, .bytes = [0]{}, .stringValue = ""}}
12-30 11:08:01.503   398   464 D DiagPropHandler: is not DiagnosticConfig: 0x2140223a
12-30 11:08:01.503   398   464 I VehiclePropertyStore: begin to write value to Store: {.timestamp = 9017325676406, .areaId = 0, .prop = 557851194, .status = AVAILABLE, .value = {.int32Values = [1]{0}, .floatValues = [0]{}, .int64Values = [0]{}, .bytes = [0]{}, .stringValue = ""}}
12-30 11:08:01.503   398   464 D adayocomadapter-CommunicationManager: onUpstreamReceive mPropertyId 0x2140223a
12-30 11:08:01.503   398   464 D adayocomadapter-CommunicationManager: onUpstreamReceive mPropertyId 0x2140223b
12-30 11:08:01.503   398   464 D adayocomadapter-CommunicationManager: convertBytesToInt32Memcpy  0
12-30 11:08:01.504   398   464 I vw-vhal : notifyVehicleProperty, propId = 0x2140223b, data = {status: 2, int32Values: [0]}
12-30 11:08:01.504   398   464 I vw-vhal : CanSignalsAdapter::notifyVehicleProperty: solvedValue = {.timestamp = 9017325877406, .areaId = 0, .prop = 557851195, .status = AVAILABLE, .value = {.int32Values = [1]{0}, .floatValues = [0]{}, .int64Values = [0]{}, .bytes = [0]{}, .stringValue = ""}}
12-30 11:08:01.504   398   464 I VehiclePropertyStore: begin to write value to Store: {.timestamp = 9017325877406, .areaId = 0, .prop = 557851195, .status = AVAILABLE, .value = {.int32Values = [1]{0}, .floatValues = [0]{}, .int64Values = [0]{}, .bytes = [0]{}, .stringValue = ""}}
12-30 11:08:01.504   398   464 I DefaultVehicleHal_v2_0: DefaultVehicleHal::onPropertyValue, value:{.timestamp = 9017325877406, .areaId = 0, .prop = 557851195, .status = AVAILABLE, .value = {.int32Values = [1]{0}, .floatValues = [0]{}, .int64Values = [0]{}, .bytes = [0]{}, .stringValue = ""}}
12-30 11:08:01.504   398   464 D DiagPropHandler: is not DiagnosticConfig: 0x2140223b
12-30 11:08:01.504   398   464 I VehiclePropertyStore: begin to write value to Store: {.timestamp = 9017325877406, .areaId = 0, .prop = 557851195, .status = AVAILABLE, .value = {.int32Values = [1]{0}, .floatValues = [0]{}, .int64Values = [0]{}, .bytes = [0]{}, .stringValue = ""}}
12-30 11:08:01.504   398   464 D adayocomadapter-CommunicationManager: onUpstreamReceive mPropertyId 0x2140223b
12-30 11:08:01.504   398   464 D adayocomadapter-CommunicationManager: onUpstreamReceive mPropertyId 0x2140223c
12-30 11:08:01.504   398   464 D adayocomadapter-CommunicationManager: convertBytesToInt32Memcpy  0
12-30 11:08:01.504   398   464 I vw-vhal : notifyVehicleProperty, propId = 0x2140223c, data = {status: 2, int32Values: [0]}
12-30 11:08:01.504   398   464 I vw-vhal : CanSignalsAdapter::notifyVehicleProperty: solvedValue = {.timestamp = 9017326074073, .areaId = 0, .prop = 557851196, .status = AVAILABLE, .value = {.int32Values = [1]{0}, .floatValues = [0]{}, .int64Values = [0]{}, .bytes = [0]{}, .stringValue = ""}}
12-30 11:08:01.504   398   464 I VehiclePropertyStore: begin to write value to Store: {.timestamp = 9017326074073, .areaId = 0, .prop = 557851196, .status = AVAILABLE, .value = {.int32Values = [1]{0}, .floatValues = [0]{}, .int64Values = [0]{}, .bytes = [0]{}, .stringValue = ""}}
12-30 11:08:01.504   398   464 I DefaultVehicleHal_v2_0: DefaultVehicleHal::onPropertyValue, value:{.timestamp = 9017326074073, .areaId = 0, .prop = 557851196, .status = AVAILABLE, .value = {.int32Values = [1]{0}, .floatValues = [0]{}, .int64Values = [0]{}, .bytes = [0]{}, .stringValue = ""}}
12-30 11:08:01.504   398   464 D DiagPropHandler: is not DiagnosticConfig: 0x2140223c
12-30 11:08:01.504   398   464 I VehiclePropertyStore: begin to write value to Store: {.timestamp = 9017326074073, .areaId = 0, .prop = 557851196, .status = AVAILABLE, .value = {.int32Values = [1]{0}, .floatValues = [0]{}, .int64Values = [0]{}, .bytes = [0]{}, .stringValue = ""}}
12-30 11:08:01.504   398   464 D adayocomadapter-CommunicationManager: onUpstreamReceive mPropertyId 0x2140223c
12-30 11:08:01.504   398   464 D adayocomadapter-CommunicationManager: onUpstreamReceive mPropertyId 0x21402241
12-30 11:08:01.504   398   464 D adayocomadapter-CommunicationManager: convertBytesToInt32Memcpy  0
12-30 11:08:01.504   398   464 I vw-vhal : notifyVehicleProperty, propId = 0x21402241, data = {status: 2, int32Values: [0]}
12-30 11:08:01.504   398   464 I vw-vhal : CanSignalsAdapter::notifyVehicleProperty: solvedValue = {.timestamp = 9017326269739, .areaId = 0, .prop = 557851201, .status = AVAILABLE, .value = {.int32Values = [1]{0}, .floatValues = [0]{}, .int64Values = [0]{}, .bytes = [0]{}, .stringValue = ""}}
12-30 11:08:01.504   398   464 I VehiclePropertyStore: begin to write value to Store: {.timestamp = 9017326269739, .areaId = 0, .prop = 557851201, .status = AVAILABLE, .value = {.int32Values = [1]{0}, .floatValues = [0]{}, .int64Values = [0]{}, .bytes = [0]{}, .stringValue = ""}}
12-30 11:08:01.504   398   464 I DefaultVehicleHal_v2_0: DefaultVehicleHal::onPropertyValue, value:{.timestamp = 9017326269739, .areaId = 0, .prop = 557851201, .status = AVAILABLE, .value = {.int32Values = [1]{0}, .floatValues = [0]{}, .int64Values = [0]{}, .bytes = [0]{}, .stringValue = ""}}
12-30 11:08:01.504   398   464 D DiagPropHandler: is not DiagnosticConfig: 0x21402241
12-30 11:08:01.504   398   464 I VehiclePropertyStore: begin to write value to Store: {.timestamp = 9017326269739, .areaId = 0, .prop = 557851201, .status = AVAILABLE, .value = {.int32Values = [1]{0}, .floatValues = [0]{}, .int64Values = [0]{}, .bytes = [0]{}, .stringValue = ""}}
12-30 11:08:01.504   398   464 D adayocomadapter-CommunicationManager: onUpstreamReceive mPropertyId 0x21402241
12-30 11:08:01.504   398   464 D adayocomadapter-CommunicationManager: onUpstreamReceive mPropertyId 0x21402242
12-30 11:08:01.504   398   464 D adayocomadapter-CommunicationManager: convertBytesToInt32Memcpy  0
12-30 11:08:01.504   398   464 I vw-vhal : notifyVehicleProperty, propId = 0x21402242, data = {status: 2, int32Values: [0]}
12-30 11:08:01.504   398   464 I vw-vhal : CanSignalsAdapter::notifyVehicleProperty: solvedValue = {.timestamp = 9017326463739, .areaId = 0, .prop = 557851202, .status = AVAILABLE, .value = {.int32Values = [1]{0}, .floatValues = [0]{}, .int64Values = [0]{}, .bytes = [0]{}, .stringValue = ""}}
12-30 11:08:01.504   398   464 I VehiclePropertyStore: begin to write value to Store: {.timestamp = 9017326463739, .areaId = 0, .prop = 557851202, .status = AVAILABLE, .value = {.int32Values = [1]{0}, .floatValues = [0]{}, .int64Values = [0]{}, .bytes = [0]{}, .stringValue = ""}}
12-30 11:08:01.504   398   464 I DefaultVehicleHal_v2_0: DefaultVehicleHal::onPropertyValue, value:{.timestamp = 9017326463739, .areaId = 0, .prop = 557851202, .status = AVAILABLE, .value = {.int32Values = [1]{0}, .floatValues = [0]{}, .int64Values = [0]{}, .bytes = [0]{}, .stringValue = ""}}
12-30 11:08:01.504   398   464 D DiagPropHandler: is not DiagnosticConfig: 0x21402242
12-30 11:08:01.504   398   464 I VehiclePropertyStore: begin to write value to Store: {.timestamp = 9017326463739, .areaId = 0, .prop = 557851202, .status = AVAILABLE, .value = {.int32Values = [1]{0}, .floatValues = [0]{}, .int64Values = [0]{}, .bytes = [0]{}, .stringValue = ""}}
12-30 11:08:01.504   398   464 D adayocomadapter-CommunicationManager: onUpstreamReceive mPropertyId 0x21402242
12-30 11:08:01.504   398   464 D adayocomadapter-CommunicationManager: onUpstreamReceive mPropertyId 0x214021e1
12-30 11:08:01.504   398   464 D adayocomadapter-CommunicationManager: convertBytesToInt32Memcpy  0
12-30 11:08:01.504   398   464 I vw-vhal : notifyVehicleProperty, propId = 0x214021e1, data = {status: 2, int32Values: [0]}
12-30 11:08:01.504   398   464 I vw-vhal : CanSignalsAdapter::notifyVehicleProperty: solvedValue = {.timestamp = 9017326663073, .areaId = 0, .prop = 557851105, .status = AVAILABLE, .value = {.int32Values = [1]{0}, .floatValues = [0]{}, .int64Values = [0]{}, .bytes = [0]{}, .stringValue = ""}}
12-30 11:08:01.504   398   464 I VehiclePropertyStore: begin to write value to Store: {.timestamp = 9017326663073, .areaId = 0, .prop = 557851105, .status = AVAILABLE, .value = {.int32Values = [1]{0}, .floatValues = [0]{}, .int64Values = [0]{}, .bytes = [0]{}, .stringValue = ""}}
12-30 11:08:01.504   398   464 I DefaultVehicleHal_v2_0: DefaultVehicleHal::onPropertyValue, value:{.timestamp = 9017326663073, .areaId = 0, .prop = 557851105, .status = AVAILABLE, .value = {.int32Values = [1]{0}, .floatValues = [0]{}, .int64Values = [0]{}, .bytes = [0]{}, .stringValue = ""}}
12-30 11:08:01.504   398   464 D DiagPropHandler: is not DiagnosticConfig: 0x214021e1
12-30 11:08:01.504   398   464 I VehiclePropertyStore: begin to write value to Store: {.timestamp = 9017326663073, .areaId = 0, .prop = 557851105, .status = AVAILABLE, .value = {.int32Values = [1]{0}, .floatValues = [0]{}, .int64Values = [0]{}, .bytes = [0]{}, .stringValue = ""}}
12-30 11:08:01.504   398   464 D adayocomadapter-CommunicationManager: onUpstreamReceive mPropertyId 0x214021e1
12-30 11:08:01.504   398   464 D adayocomadapter-CommunicationManager: onUpstreamReceive mPropertyId 0x21402243
12-30 11:08:01.504   398   464 D adayocomadapter-CommunicationManager: convertBytesToInt32Memcpy  0
12-30 11:08:01.504   398   464 I vw-vhal : notifyVehicleProperty, propId = 0x21402243, data = {status: 2, int32Values: [0]}
12-30 11:08:01.505   398   464 I vw-vhal : CanSignalsAdapter::notifyVehicleProperty: solvedValue = {.timestamp = 9017326861073, .areaId = 0, .prop = 557851203, .status = AVAILABLE, .value = {.int32Values = [1]{0}, .floatValues = [0]{}, .int64Values = [0]{}, .bytes = [0]{}, .stringValue = ""}}
12-30 11:08:01.505   398   464 I VehiclePropertyStore: begin to write value to Store: {.timestamp = 9017326861073, .areaId = 0, .prop = 557851203, .status = AVAILABLE, .value = {.int32Values = [1]{0}, .floatValues = [0]{}, .int64Values = [0]{}, .bytes = [0]{}, .stringValue = ""}}
12-30 11:08:01.505   398   464 I DefaultVehicleHal_v2_0: DefaultVehicleHal::onPropertyValue, value:{.timestamp = 9017326861073, .areaId = 0, .prop = 557851203, .status = AVAILABLE, .value = {.int32Values = [1]{0}, .floatValues = [0]{}, .int64Values = [0]{}, .bytes = [0]{}, .stringValue = ""}}
12-30 11:08:01.505   398   464 D DiagPropHandler: is not DiagnosticConfig: 0x21402243
12-30 11:08:01.505   398   464 I VehiclePropertyStore: begin to write value to Store: {.timestamp = 9017326861073, .areaId = 0, .prop = 557851203, .status = AVAILABLE, .value = {.int32Values = [1]{0}, .floatValues = [0]{}, .int64Values = [0]{}, .bytes = [0]{}, .stringValue = ""}}
12-30 11:08:01.505   398   464 D adayocomadapter-CommunicationManager: onUpstreamReceive mPropertyId 0x21402243
12-30 11:08:01.505   398   464 D adayocomadapter-CommunicationManager: onUpstreamReceive mPropertyId 0x21402244
12-30 11:08:01.505   398   464 D adayocomadapter-CommunicationManager: convertBytesToInt32Memcpy  0
12-30 11:08:01.505   398   464 I vw-vhal : notifyVehicleProperty, propId = 0x21402244, data = {status: 2, int32Values: [0]}
12-30 11:08:01.505   398   464 I vw-vhal : CanSignalsAdapter::notifyVehicleProperty: solvedValue = {.timestamp = 9017327054406, .areaId = 0, .prop = 557851204, .status = AVAILABLE, .value = {.int32Values = [1]{0}, .floatValues = [0]{}, .int64Values = [0]{}, .bytes = [0]{}, .stringValue = ""}}
12-30 11:08:01.505   398   464 I VehiclePropertyStore: begin to write value to Store: {.timestamp = 9017327054406, .areaId = 0, .prop = 557851204, .status = AVAILABLE, .value = {.int32Values = [1]{0}, .floatValues = [0]{}, .int64Values = [0]{}, .bytes = [0]{}, .stringValue = ""}}
12-30 11:08:01.505   398   464 I DefaultVehicleHal_v2_0: DefaultVehicleHal::onPropertyValue, value:{.timestamp = 9017327054406, .areaId = 0, .prop = 557851204, .status = AVAILABLE, .value = {.int32Values = [1]{0}, .floatValues = [0]{}, .int64Values = [0]{}, .bytes = [0]{}, .stringValue = ""}}
12-30 11:08:01.505   398   464 D DiagPropHandler: is not DiagnosticConfig: 0x21402244
12-30 11:08:01.505   398   464 I VehiclePropertyStore: begin to write value to Store: {.timestamp = 9017327054406, .areaId = 0, .prop = 557851204, .status = AVAILABLE, .value = {.int32Values = [1]{0}, .floatValues = [0]{}, .int64Values = [0]{}, .bytes = [0]{}, .stringValue = ""}}
12-30 11:08:01.505   398   464 D adayocomadapter-CommunicationManager: onUpstreamReceive mPropertyId 0x21402244
12-30 11:08:01.505   398   464 D adayocomadapter-CommunicationManager: onUpstreamReceive mPropertyId 0x21402245
12-30 11:08:01.505   398   464 D adayocomadapter-CommunicationManager: convertBytesToInt32Memcpy  0
12-30 11:08:01.505   398   464 I vw-vhal : notifyVehicleProperty, propId = 0x21402245, data = {status: 2, int32Values: [0]}
12-30 11:08:01.505   398   464 I vw-vhal : CanSignalsAdapter::notifyVehicleProperty: solvedValue = {.timestamp = 9017327278406, .areaId = 0, .prop = 557851205, .status = AVAILABLE, .value = {.int32Values = [1]{0}, .floatValues = [0]{}, .int64Values = [0]{}, .bytes = [0]{}, .stringValue = ""}}
12-30 11:08:01.505   398   464 I VehiclePropertyStore: begin to write value to Store: {.timestamp = 9017327278406, .areaId = 0, .prop = 557851205, .status = AVAILABLE, .value = {.int32Values = [1]{0}, .floatValues = [0]{}, .int64Values = [0]{}, .bytes = [0]{}, .stringValue = ""}}
12-30 11:08:01.505   398   464 I DefaultVehicleHal_v2_0: DefaultVehicleHal::onPropertyValue, value:{.timestamp = 9017327278406, .areaId = 0, .prop = 557851205, .status = AVAILABLE, .value = {.int32Values = [1]{0}, .floatValues = [0]{}, .int64Values = [0]{}, .bytes = [0]{}, .stringValue = ""}}
12-30 11:08:01.505   398   464 D DiagPropHandler: is not DiagnosticConfig: 0x21402245
12-30 11:08:01.505   398   464 I VehiclePropertyStore: begin to write value to Store: {.timestamp = 9017327278406, .areaId = 0, .prop = 557851205, .status = AVAILABLE, .value = {.int32Values = [1]{0}, .floatValues = [0]{}, .int64Values = [0]{}, .bytes = [0]{}, .stringValue = ""}}
12-30 11:08:01.505   398   464 D adayocomadapter-CommunicationManager: onUpstreamReceive mPropertyId 0x21402245
12-30 11:08:01.505   398   464 D adayocomadapter-CommunicationManager: onUpstreamReceive mPropertyId 0x21402246
12-30 11:08:01.505   398   464 D adayocomadapter-CommunicationManager: convertBytesToInt32Memcpy  0
12-30 11:08:01.505   398   464 I vw-vhal : notifyVehicleProperty, propId = 0x21402246, data = {status: 2, int32Values: [0]}
12-30 11:08:01.505   398   464 I vw-vhal : CanSignalsAdapter::notifyVehicleProperty: solvedValue = {.timestamp = 9017327498406, .areaId = 0, .prop = 557851206, .status = AVAILABLE, .value = {.int32Values = [1]{0}, .floatValues = [0]{}, .int64Values = [0]{}, .bytes = [0]{}, .stringValue = ""}}
12-30 11:08:01.505   398   464 I VehiclePropertyStore: begin to write value to Store: {.timestamp = 9017327498406, .areaId = 0, .prop = 557851206, .status = AVAILABLE, .value = {.int32Values = [1]{0}, .floatValues = [0]{}, .int64Values = [0]{}, .bytes = [0]{}, .stringValue = ""}}
12-30 11:08:01.505   398   464 I DefaultVehicleHal_v2_0: DefaultVehicleHal::onPropertyValue, value:{.timestamp = 9017327498406, .areaId = 0, .prop = 557851206, .status = AVAILABLE, .value = {.int32Values = [1]{0}, .floatValues = [0]{}, .int64Values = [0]{}, .bytes = [0]{}, .stringValue = ""}}
12-30 11:08:01.505   398   464 D DiagPropHandler: is not DiagnosticConfig: 0x21402246
12-30 11:08:01.505   398   464 I VehiclePropertyStore: begin to write value to Store: {.timestamp = 9017327498406, .areaId = 0, .prop = 557851206, .status = AVAILABLE, .value = {.int32Values = [1]{0}, .floatValues = [0]{}, .int64Values = [0]{}, .bytes = [0]{}, .stringValue = ""}}
12-30 11:08:01.505   398   464 D adayocomadapter-CommunicationManager: onUpstreamReceive mPropertyId 0x21402246
12-30 11:08:01.505   398   464 D adayocomadapter-CommunicationManager: onUpstreamReceive mPropertyId 0x21402247
12-30 11:08:01.505   398   464 D adayocomadapter-CommunicationManager: convertBytesToInt32Memcpy  0
12-30 11:08:01.505   398   464 I vw-vhal : notifyVehicleProperty, propId = 0x21402247, data = {status: 2, int32Values: [0]}
12-30 11:08:01.505   398   464 I vw-vhal : CanSignalsAdapter::notifyVehicleProperty: solvedValue = {.timestamp = 9017327728073, .areaId = 0, .prop = 557851207, .status = AVAILABLE, .value = {.int32Values = [1]{0}, .floatValues = [0]{}, .int64Values = [0]{}, .bytes = [0]{}, .stringValue = ""}}
12-30 11:08:01.505   398   464 I VehiclePropertyStore: begin to write value to Store: {.timestamp = 9017327728073, .areaId = 0, .prop = 557851207, .status = AVAILABLE, .value = {.int32Values = [1]{0}, .floatValues = [0]{}, .int64Values = [0]{}, .bytes = [0]{}, .stringValue = ""}}
12-30 11:08:01.505   398   464 I DefaultVehicleHal_v2_0: DefaultVehicleHal::onPropertyValue, value:{.timestamp = 9017327728073, .areaId = 0, .prop = 557851207, .status = AVAILABLE, .value = {.int32Values = [1]{0}, .floatValues = [0]{}, .int64Values = [0]{}, .bytes = [0]{}, .stringValue = ""}}
12-30 11:08:01.505   398   464 D DiagPropHandler: is not DiagnosticConfig: 0x21402247
12-30 11:08:01.505   398   464 I VehiclePropertyStore: begin to write value to Store: {.timestamp = 9017327728073, .areaId = 0, .prop = 557851207, .status = AVAILABLE, .value = {.int32Values = [1]{0}, .floatValues = [0]{}, .int64Values = [0]{}, .bytes = [0]{}, .stringValue = ""}}
12-30 11:08:01.506   398   464 D adayocomadapter-CommunicationManager: onUpstreamReceive mPropertyId 0x21402247
12-30 11:08:01.506   398   464 D adayocomadapter-CommunicationManager: onUpstreamReceive mPropertyId 0x21402248
12-30 11:08:01.506   398   464 D adayocomadapter-CommunicationManager: convertBytesToInt32Memcpy  0
12-30 11:08:01.506   398   464 I vw-vhal : notifyVehicleProperty, propId = 0x21402248, data = {status: 2, int32Values: [0]}
12-30 11:08:01.506   398   464 I vw-vhal : CanSignalsAdapter::notifyVehicleProperty: solvedValue = {.timestamp = 9017327916739, .areaId = 0, .prop = 557851208, .status = AVAILABLE, .value = {.int32Values = [1]{0}, .floatValues = [0]{}, .int64Values = [0]{}, .bytes = [0]{}, .stringValue = ""}}
12-30 11:08:01.506   398   464 I VehiclePropertyStore: begin to write value to Store: {.timestamp = 9017327916739, .areaId = 0, .prop = 557851208, .status = AVAILABLE, .value = {.int32Values = [1]{0}, .floatValues = [0]{}, .int64Values = [0]{}, .bytes = [0]{}, .stringValue = ""}}
12-30 11:08:01.506   398   464 I DefaultVehicleHal_v2_0: DefaultVehicleHal::onPropertyValue, value:{.timestamp = 9017327916739, .areaId = 0, .prop = 557851208, .status = AVAILABLE, .value = {.int32Values = [1]{0}, .floatValues = [0]{}, .int64Values = [0]{}, .bytes = [0]{}, .stringValue = ""}}
12-30 11:08:01.506   398   464 D DiagPropHandler: is not DiagnosticConfig: 0x21402248
12-30 11:08:01.506   398   464 I VehiclePropertyStore: begin to write value to Store: {.timestamp = 9017327916739, .areaId = 0, .prop = 557851208, .status = AVAILABLE, .value = {.int32Values = [1]{0}, .floatValues = [0]{}, .int64Values = [0]{}, .bytes = [0]{}, .stringValue = ""}}
12-30 11:08:01.506   398   464 D adayocomadapter-CommunicationManager: onUpstreamReceive mPropertyId 0x21402248
12-30 11:08:01.506   398   464 D adayocomadapter-CommunicationManager: onUpstreamReceive mPropertyId 0x21402249
12-30 11:08:01.506   398   464 D adayocomadapter-CommunicationManager: convertBytesToInt32Memcpy  0
12-30 11:08:01.506   398   464 I vw-vhal : notifyVehicleProperty, propId = 0x21402249, data = {status: 2, int32Values: [0]}
12-30 11:08:01.506   398   464 I vw-vhal : CanSignalsAdapter::notifyVehicleProperty: solvedValue = {.timestamp = 9017328124739, .areaId = 0, .prop = 557851209, .status = AVAILABLE, .value = {.int32Values = [1]{0}, .floatValues = [0]{}, .int64Values = [0]{}, .bytes = [0]{}, .stringValue = ""}}
12-30 11:08:01.506   398   464 I VehiclePropertyStore: begin to write value to Store: {.timestamp = 9017328124739, .areaId = 0, .prop = 557851209, .status = AVAILABLE, .value = {.int32Values = [1]{0}, .floatValues = [0]{}, .int64Values = [0]{}, .bytes = [0]{}, .stringValue = ""}}
12-30 11:08:01.506   398   464 I DefaultVehicleHal_v2_0: DefaultVehicleHal::onPropertyValue, value:{.timestamp = 9017328124739, .areaId = 0, .prop = 557851209, .status = AVAILABLE, .value = {.int32Values = [1]{0}, .floatValues = [0]{}, .int64Values = [0]{}, .bytes = [0]{}, .stringValue = ""}}
12-30 11:08:01.506   398   464 D DiagPropHandler: is not DiagnosticConfig: 0x21402249
12-30 11:08:01.506   398   464 I VehiclePropertyStore: begin to write value to Store: {.timestamp = 9017328124739, .areaId = 0, .prop = 557851209, .status = AVAILABLE, .value = {.int32Values = [1]{0}, .floatValues = [0]{}, .int64Values = [0]{}, .bytes = [0]{}, .stringValue = ""}}
12-30 11:08:01.506   398   464 D adayocomadapter-CommunicationManager: onUpstreamReceive mPropertyId 0x21402249
12-30 11:08:01.506   398   464 D adayocomadapter-CommunicationManager: onUpstreamReceive mPropertyId 0x2140224b
12-30 11:08:01.506   398   464 D adayocomadapter-CommunicationManager: convertBytesToInt32Memcpy  0
12-30 11:08:01.506   398   464 I vw-vhal : notifyVehicleProperty, propId = 0x2140224b, data = {status: 2, int32Values: [0]}
12-30 11:08:01.506   398   464 I vw-vhal : CanSignalsAdapter::notifyVehicleProperty: solvedValue = {.timestamp = 9017328389406, .areaId = 0, .prop = 557851211, .status = AVAILABLE, .value = {.int32Values = [1]{0}, .floatValues = [0]{}, .int64Values = [0]{}, .bytes = [0]{}, .stringValue = ""}}
12-30 11:08:01.506   398   464 I VehiclePropertyStore: begin to write value to Store: {.timestamp = 9017328389406, .areaId = 0, .prop = 557851211, .status = AVAILABLE, .value = {.int32Values = [1]{0}, .floatValues = [0]{}, .int64Values = [0]{}, .bytes = [0]{}, .stringValue = ""}}
12-30 11:08:01.506   398   464 I DefaultVehicleHal_v2_0: DefaultVehicleHal::onPropertyValue, value:{.timestamp = 9017328389406, .areaId = 0, .prop = 557851211, .status = AVAILABLE, .value = {.int32Values = [1]{0}, .floatValues = [0]{}, .int64Values = [0]{}, .bytes = [0]{}, .stringValue = ""}}
12-30 11:08:01.506   398   464 D DiagPropHandler: is not DiagnosticConfig: 0x2140224b
12-30 11:08:01.506   398   464 I VehiclePropertyStore: begin to write value to Store: {.timestamp = 9017328389406, .areaId = 0, .prop = 557851211, .status = AVAILABLE, .value = {.int32Values = [1]{0}, .floatValues = [0]{}, .int64Values = [0]{}, .bytes = [0]{}, .stringValue = ""}}
12-30 11:08:01.506   398   464 D adayocomadapter-CommunicationManager: onUpstreamReceive mPropertyId 0x2140224b
12-30 11:08:01.506   398   464 D adayocomadapter-CommunicationManager: onUpstreamReceive mPropertyId 0x2140224d
12-30 11:08:01.506   398   464 D adayocomadapter-CommunicationManager: convertBytesToInt32Memcpy  0
12-30 11:08:01.506   398   464 I vw-vhal : notifyVehicleProperty, propId = 0x2140224d, data = {status: 2, int32Values: [0]}
12-30 11:08:01.506   398   464 I vw-vhal : CanSignalsAdapter::notifyVehicleProperty: solvedValue = {.timestamp = 9017328580406, .areaId = 0, .prop = 557851213, .status = AVAILABLE, .value = {.int32Values = [1]{0}, .floatValues = [0]{}, .int64Values = [0]{}, .bytes = [0]{}, .stringValue = ""}}
12-30 11:08:01.506   398   464 I VehiclePropertyStore: begin to write value to Store: {.timestamp = 9017328580406, .areaId = 0, .prop = 557851213, .status = AVAILABLE, .value = {.int32Values = [1]{0}, .floatValues = [0]{}, .int64Values = [0]{}, .bytes = [0]{}, .stringValue = ""}}
12-30 11:08:01.506   398   464 I DefaultVehicleHal_v2_0: DefaultVehicleHal::onPropertyValue, value:{.timestamp = 9017328580406, .areaId = 0, .prop = 557851213, .status = AVAILABLE, .value = {.int32Values = [1]{0}, .floatValues = [0]{}, .int64Values = [0]{}, .bytes = [0]{}, .stringValue = ""}}
12-30 11:08:01.506   398   464 D DiagPropHandler: is not DiagnosticConfig: 0x2140224d
12-30 11:08:01.506   398   464 I VehiclePropertyStore: begin to write value to Store: {.timestamp = 9017328580406, .areaId = 0, .prop = 557851213, .status = AVAILABLE, .value = {.int32Values = [1]{0}, .floatValues = [0]{}, .int64Values = [0]{}, .bytes = [0]{}, .stringValue = ""}}
12-30 11:08:01.506   398   464 D adayocomadapter-CommunicationManager: onUpstreamReceive mPropertyId 0x2140224d
12-30 11:08:01.506   398   464 D adayocomadapter-CommunicationManager: onUpstreamReceive mPropertyId 0x2140224f
12-30 11:08:01.506   398   464 D adayocomadapter-CommunicationManager: convertBytesToInt32Memcpy  0
12-30 11:08:01.506   398   464 I vw-vhal : notifyVehicleProperty, propId = 0x2140224f, data = {status: 2, int32Values: [0]}
12-30 11:08:01.506   398   464 I vw-vhal : CanSignalsAdapter::notifyVehicleProperty: solvedValue = {.timestamp = 9017328769739, .areaId = 0, .prop = 557851215, .status = AVAILABLE, .value = {.int32Values = [1]{0}, .floatValues = [0]{}, .int64Values = [0]{}, .bytes = [0]{}, .stringValue = ""}}
12-30 11:08:01.506   398   464 I VehiclePropertyStore: begin to write value to Store: {.timestamp = 9017328769739, .areaId = 0, .prop = 557851215, .status = AVAILABLE, .value = {.int32Values = [1]{0}, .floatValues = [0]{}, .int64Values = [0]{}, .bytes = [0]{}, .stringValue = ""}}
12-30 11:08:01.506   398   464 I DefaultVehicleHal_v2_0: DefaultVehicleHal::onPropertyValue, value:{.timestamp = 9017328769739, .areaId = 0, .prop = 557851215, .status = AVAILABLE, .value = {.int32Values = [1]{0}, .floatValues = [0]{}, .int64Values = [0]{}, .bytes = [0]{}, .stringValue = ""}}
12-30 11:08:01.507   398   464 D DiagPropHandler: is not DiagnosticConfig: 0x2140224f
12-30 11:08:01.507   398   464 I VehiclePropertyStore: begin to write value to Store: {.timestamp = 9017328769739, .areaId = 0, .prop = 557851215, .status = AVAILABLE, .value = {.int32Values = [1]{0}, .floatValues = [0]{}, .int64Values = [0]{}, .bytes = [0]{}, .stringValue = ""}}
12-30 11:08:01.507   398   464 D adayocomadapter-CommunicationManager: onUpstreamReceive mPropertyId 0x2140224f
12-30 11:08:01.507   398   464 D adayocomadapter-CommunicationManager: onUpstreamReceive mPropertyId 0x21402251
12-30 11:08:01.507   398   464 D adayocomadapter-CommunicationManager: convertBytesToInt32Memcpy  0
12-30 11:08:01.507   398   464 I vw-vhal : notifyVehicleProperty, propId = 0x21402251, data = {status: 2, int32Values: [0]}
12-30 11:08:01.507   398   464 I vw-vhal : CanSignalsAdapter::notifyVehicleProperty: solvedValue = {.timestamp = 9017328969406, .areaId = 0, .prop = 557851217, .status = AVAILABLE, .value = {.int32Values = [1]{0}, .floatValues = [0]{}, .int64Values = [0]{}, .bytes = [0]{}, .stringValue = ""}}
12-30 11:08:01.507   398   464 I VehiclePropertyStore: begin to write value to Store: {.timestamp = 9017328969406, .areaId = 0, .prop = 557851217, .status = AVAILABLE, .value = {.int32Values = [1]{0}, .floatValues = [0]{}, .int64Values = [0]{}, .bytes = [0]{}, .stringValue = ""}}
12-30 11:08:01.507   398   464 I DefaultVehicleHal_v2_0: DefaultVehicleHal::onPropertyValue, value:{.timestamp = 9017328969406, .areaId = 0, .prop = 557851217, .status = AVAILABLE, .value = {.int32Values = [1]{0}, .floatValues = [0]{}, .int64Values = [0]{}, .bytes = [0]{}, .stringValue = ""}}
12-30 11:08:01.507   398   464 D DiagPropHandler: is not DiagnosticConfig: 0x21402251
12-30 11:08:01.507   398   464 I VehiclePropertyStore: begin to write value to Store: {.timestamp = 9017328969406, .areaId = 0, .prop = 557851217, .status = AVAILABLE, .value = {.int32Values = [1]{0}, .floatValues = [0]{}, .int64Values = [0]{}, .bytes = [0]{}, .stringValue = ""}}
12-30 11:08:01.507   398   464 D adayocomadapter-CommunicationManager: onUpstreamReceive mPropertyId 0x21402251
12-30 11:08:01.507   398   464 D adayocomadapter-CommunicationManager: onUpstreamReceive mPropertyId 0x21402253
12-30 11:08:01.507   398   464 D adayocomadapter-CommunicationManager: convertBytesToInt32Memcpy  0
12-30 11:08:01.507   398   464 I vw-vhal : notifyVehicleProperty, propId = 0x21402253, data = {status: 2, int32Values: [0]}
12-30 11:08:01.507   398   464 I vw-vhal : CanSignalsAdapter::notifyVehicleProperty: solvedValue = {.timestamp = 9017329194406, .areaId = 0, .prop = 557851219, .status = AVAILABLE, .value = {.int32Values = [1]{0}, .floatValues = [0]{}, .int64Values = [0]{}, .bytes = [0]{}, .stringValue = ""}}
12-30 11:08:01.507   398   464 I VehiclePropertyStore: begin to write value to Store: {.timestamp = 9017329194406, .areaId = 0, .prop = 557851219, .status = AVAILABLE, .value = {.int32Values = [1]{0}, .floatValues = [0]{}, .int64Values = [0]{}, .bytes = [0]{}, .stringValue = ""}}
12-30 11:08:01.507   360   931 D EvsDriver: forwardFrame
12-30 11:08:01.507   398   464 I DefaultVehicleHal_v2_0: DefaultVehicleHal::onPropertyValue, value:{.timestamp = 9017329194406, .areaId = 0, .prop = 557851219, .status = AVAILABLE, .value = {.int32Values = [1]{0}, .floatValues = [0]{}, .int64Values = [0]{}, .bytes = [0]{}, .stringValue = ""}}
12-30 11:08:01.507   360   931 D EvsDriver: forwardFrameDirect
12-30 11:08:01.507   398   464 D DiagPropHandler: is not DiagnosticConfig: 0x21402253
12-30 11:08:01.507   398   464 I VehiclePropertyStore: begin to write value to Store: {.timestamp = 9017329194406, .areaId = 0, .prop = 557851219, .status = AVAILABLE, .value = {.int32Values = [1]{0}, .floatValues = [0]{}, .int64Values = [0]{}, .bytes = [0]{}, .stringValue = ""}}
12-30 11:08:01.507   398   464 D adayocomadapter-CommunicationManager: onUpstreamReceive mPropertyId 0x21402253
12-30 11:08:01.507   398   464 D adayocomadapter-CommunicationManager: onUpstreamReceive mPropertyId 0x21402254
12-30 11:08:01.507   398   464 D adayocomadapter-CommunicationManager: convertBytesToInt32Memcpy  0
12-30 11:08:01.507   398   464 I vw-vhal : notifyVehicleProperty, propId = 0x21402254, data = {status: 2, int32Values: [0]}
12-30 11:08:01.507   360   931 D EvsDriver: Delivered 0xb400e2ca9e40e110 as id 0
12-30 11:08:01.507   359  2784 D evsmanagerd: /dev/video-evs0 forwarded the buffer #0 to 0xb400f125d2b26dd0 from 0xb400f125e2b20710
12-30 11:08:01.507   398   464 I vw-vhal : CanSignalsAdapter::notifyVehicleProperty: solvedValue = {.timestamp = 9017329386739, .areaId = 0, .prop = 557851220, .status = AVAILABLE, .value = {.int32Values = [1]{0}, .floatValues = [0]{}, .int64Values = [0]{}, .bytes = [0]{}, .stringValue = ""}}
12-30 11:08:01.507   398   464 I VehiclePropertyStore: begin to write value to Store: {.timestamp = 9017329386739, .areaId = 0, .prop = 557851220, .status = AVAILABLE, .value = {.int32Values = [1]{0}, .floatValues = [0]{}, .int64Values = [0]{}, .bytes = [0]{}, .stringValue = ""}}
12-30 11:08:01.507   398   464 I DefaultVehicleHal_v2_0: DefaultVehicleHal::onPropertyValue, value:{.timestamp = 9017329386739, .areaId = 0, .prop = 557851220, .status = AVAILABLE, .value = {.int32Values = [1]{0}, .floatValues = [0]{}, .int64Values = [0]{}, .bytes = [0]{}, .stringValue = ""}}
12-30 11:08:01.507   398   464 D DiagPropHandler: is not DiagnosticConfig: 0x21402254
12-30 11:08:01.507   398   464 I VehiclePropertyStore: begin to write value to Store: {.timestamp = 9017329386739, .areaId = 0, .prop = 557851220, .status = AVAILABLE, .value = {.int32Values = [1]{0}, .floatValues = [0]{}, .int64Values = [0]{}, .bytes = [0]{}, .stringValue = ""}}
12-30 11:08:01.507   398   464 D adayocomadapter-CommunicationManager: onUpstreamReceive mPropertyId 0x21402254
12-30 11:08:01.509   596  3076 E WifiHAL : Invalid data received from driver
12-30 11:08:01.514   360   458 D EvsDriver: doneWithFrame
12-30 11:08:01.540   360   931 D EvsDriver: forwardFrame
12-30 11:08:01.540   360   931 D EvsDriver: forwardFrameDirect
12-30 11:08:01.540   360   931 D EvsDriver: Delivered 0xb400e2ca9e40c7a0 as id 1
12-30 11:08:01.540   359  2784 D evsmanagerd: /dev/video-evs0 forwarded the buffer #1 to 0xb400f125d2b26dd0 from 0xb400f125e2b20710
12-30 11:08:01.545   360   458 D EvsDriver: doneWithFrame
12-30 11:08:01.545  2358  2623 D RcfController: Rcf proxy is not connected!
12-30 11:08:01.572   596  3076 E WifiHAL : Invalid data received from driver
12-30 11:08:01.574   360   931 D EvsDriver: forwardFrame
12-30 11:08:01.574   360   931 D EvsDriver: forwardFrameDirect
12-30 11:08:01.574   360   931 D EvsDriver: Delivered 0xb400e2ca9e40e270 as id 0
12-30 11:08:01.574   359  2784 D evsmanagerd: /dev/video-evs0 forwarded the buffer #0 to 0xb400f125d2b26dd0 from 0xb400f125e2b20710
12-30 11:08:01.575   360   458 D EvsDriver: doneWithFrame
12-30 11:08:01.588   650   729 D fgemcucomm: sd Uart data : 6AA602196400029202EB
12-30 11:08:01.588   650   729 D fgemcucomm: rev uart=74499,len=20, data : 6AA6811964000C9202000500000000000000005D
12-30 11:08:01.588   398   882 D adayocomadapter-ParseProtocolFunc: printRaWMsg Name[MCUToUPstream recv] len[12] data[920200050000000000000000]
12-30 11:08:01.588   398   882 D adayocomadapter-CommunicationManager: onUpstreamback   member[0] dataLength[9] timePoint[9017410]
12-30 11:08:01.588   398   882 D adayocomadapter-ParseProtocolFunc: printRaWMsg Name[onUpstreamback] len[9] data[050000000000000000]
12-30 11:08:01.588   398   464 D adayocomadapter-UpstreamHandler: processBeforePacket upSreamtProcessTimePoint[9017410] 
12-30 11:08:01.588   398   464 D adayocomadapter-UpstreamHandler: processPacket UPSTREAM_QUEUE_DATA_TIMEOUT
12-30 11:08:01.588   398   464 D adayocomadapter-ParseProtocolFunc: parseCommonIPCLBytes Processing tableNumber[5]
12-30 11:08:01.588   398   464 D adayocomadapter-ParseProtocolFunc: parseCommonIPCLBytes Processing tablename[Table-5] tableSize[9]
12-30 11:08:01.588   398   464 D adayocomadapter-ParseProtocolFunc: printRaWMsg Name[byteStream recv] len[9] data[050000000000000000]
12-30 11:08:01.588   398   464 D adayocomadapter-ParseProtocolFunc: printRaWMsg Name[IPCLtoVHAL] len[7] data[21402134000000]
12-30 11:08:01.588   398   464 D adayocomadapter-ParseProtocolFunc: printRaWMsg Name[IPCLtoVHAL] len[7] data[21402135000000]
12-30 11:08:01.589   398   464 D adayocomadapter-ParseProtocolFunc: printRaWMsg Name[IPCLtoVHAL] len[7] data[21402136000000]
12-30 11:08:01.589   398   464 D adayocomadapter-ParseProtocolFunc: printRaWMsg Name[IPCLtoVHAL] len[7] data[21402137000000]
12-30 11:08:01.589   398   464 D adayocomadapter-CommunicationManager: onUpstreamReceive mPropertyId 0x21402134
12-30 11:08:01.589   398   464 D adayocomadapter-CommunicationManager: convertBytesToInt32Memcpy  0
12-30 11:08:01.589   398   464 I vw-vhal : notifyVehicleProperty, propId = 0x21402134, data = {status: 2, int32Values: [0]}
12-30 11:08:01.589   398   464 I vw-vhal : CanSignalsAdapter::notifyVehicleProperty: solvedValue = {.timestamp = 9017410983739, .areaId = 0, .prop = 557850932, .status = AVAILABLE, .value = {.int32Values = [1]{0}, .floatValues = [0]{}, .int64Values = [0]{}, .bytes = [0]{}, .stringValue = ""}}
12-30 11:08:01.589   398   464 I VehiclePropertyStore: begin to write value to Store: {.timestamp = 9017410983739, .areaId = 0, .prop = 557850932, .status = AVAILABLE, .value = {.int32Values = [1]{0}, .floatValues = [0]{}, .int64Values = [0]{}, .bytes = [0]{}, .stringValue = ""}}
12-30 11:08:01.589   398   464 I DefaultVehicleHal_v2_0: DefaultVehicleHal::onPropertyValue, value:{.timestamp = 9017410983739, .areaId = 0, .prop = 557850932, .status = AVAILABLE, .value = {.int32Values = [1]{0}, .floatValues = [0]{}, .int64Values = [0]{}, .bytes = [0]{}, .stringValue = ""}}
12-30 11:08:01.589   398   464 D DiagPropHandler: is not DiagnosticConfig: 0x21402134
12-30 11:08:01.589   398   464 I VehiclePropertyStore: begin to write value to Store: {.timestamp = 9017410983739, .areaId = 0, .prop = 557850932, .status = AVAILABLE, .value = {.int32Values = [1]{0}, .floatValues = [0]{}, .int64Values = [0]{}, .bytes = [0]{}, .stringValue = ""}}
12-30 11:08:01.589   398   464 D adayocomadapter-CommunicationManager: onUpstreamReceive mPropertyId 0x21402134
