12-30 11:07:59.976   398   464 I vw-vhal : CanSignalsAdapter::notifyVehicleProperty: solvedValue = {.timestamp = 9015798276072, .areaId = 0, .prop = 557851004, .status = AVAILABLE, .value = {.int32Values = [1]{0}, .floatValues = [0]{}, .int64Values = [0]{}, .bytes = [0]{}, .stringValue = ""}}
12-30 11:07:59.976   398   464 I VehiclePropertyStore: begin to write value to Store: {.timestamp = 9015798276072, .areaId = 0, .prop = 557851004, .status = AVAILABLE, .value = {.int32Values = [1]{0}, .floatValues = [0]{}, .int64Values = [0]{}, .bytes = [0]{}, .stringValue = ""}}
12-30 11:07:59.976   398   464 I DefaultVehicleHal_v2_0: DefaultVehicleHal::onPropertyValue, value:{.timestamp = 9015798276072, .areaId = 0, .prop = 557851004, .status = AVAILABLE, .value = {.int32Values = [1]{0}, .floatValues = [0]{}, .int64Values = [0]{}, .bytes = [0]{}, .stringValue = ""}}
12-30 11:07:59.976   398   464 D DiagPropHandler: is not DiagnosticConfig: 0x2140217c
12-30 11:07:59.976   398   464 I VehiclePropertyStore: begin to write value to Store: {.timestamp = 9015798276072, .areaId = 0, .prop = 557851004, .status = AVAILABLE, .value = {.int32Values = [1]{0}, .floatValues = [0]{}, .int64Values = [0]{}, .bytes = [0]{}, .stringValue = ""}}
12-30 11:07:59.976   398   464 D adayocomadapter-CommunicationManager: onUpstreamReceive mPropertyId 0x2140217c
12-30 11:07:59.976   398   464 D adayocomadapter-CommunicationManager: onUpstreamReceive mPropertyId 0x2140219c
12-30 11:07:59.976   398   464 D adayocomadapter-CommunicationManager: convertBytesToInt32Memcpy  0
12-30 11:07:59.976   398   464 D adayocomadapter-CommunicationManager: writeValue id=[557851036]
12-30 11:07:59.976   398   464 D adayocomadapter-VehiclePropertyStore: writeValue id=[557851036]
12-30 11:07:59.976   398   464 I vw-vhal : notifyVehicleProperty, propId = 0x2140219c, data = {status: 2, int32Values: [0]}
12-30 11:07:59.976   398   464 I vw-vhal : CanSignalsAdapter::notifyVehicleProperty: solvedValue = {.timestamp = 9015798495072, .areaId = 0, .prop = 557851036, .status = AVAILABLE, .value = {.int32Values = [1]{0}, .floatValues = [0]{}, .int64Values = [0]{}, .bytes = [0]{}, .stringValue = ""}}
12-30 11:07:59.976   398   464 I VehiclePropertyStore: begin to write value to Store: {.timestamp = 9015798495072, .areaId = 0, .prop = 557851036, .status = AVAILABLE, .value = {.int32Values = [1]{0}, .floatValues = [0]{}, .int64Values = [0]{}, .bytes = [0]{}, .stringValue = ""}}
12-30 11:07:59.976   398   464 I DefaultVehicleHal_v2_0: DefaultVehicleHal::onPropertyValue, value:{.timestamp = 9015798495072, .areaId = 0, .prop = 557851036, .status = AVAILABLE, .value = {.int32Values = [1]{0}, .floatValues = [0]{}, .int64Values = [0]{}, .bytes = [0]{}, .stringValue = ""}}
12-30 11:07:59.976   398   464 D DiagPropHandler: is not DiagnosticConfig: 0x2140219c
12-30 11:07:59.976   398   464 I VehiclePropertyStore: begin to write value to Store: {.timestamp = 9015798495072, .areaId = 0, .prop = 557851036, .status = AVAILABLE, .value = {.int32Values = [1]{0}, .floatValues = [0]{}, .int64Values = [0]{}, .bytes = [0]{}, .stringValue = ""}}
12-30 11:07:59.976   398   464 D adayocomadapter-CommunicationManager: onUpstreamReceive mPropertyId 0x2140219c
12-30 11:07:59.976   398   464 D adayocomadapter-CommunicationManager: onUpstreamReceive mPropertyId 0x214021df
12-30 11:07:59.976   398   464 D adayocomadapter-CommunicationManager: convertBytesToInt32Memcpy  0
12-30 11:07:59.976   398   464 I vw-vhal : notifyVehicleProperty, propId = 0x214021df, data = {status: 2, int32Values: [0]}
12-30 11:07:59.976   398   464 I vw-vhal : CanSignalsAdapter::notifyVehicleProperty: solvedValue = {.timestamp = 9015798690072, .areaId = 0, .prop = 557851103, .status = AVAILABLE, .value = {.int32Values = [1]{0}, .floatValues = [0]{}, .int64Values = [0]{}, .bytes = [0]{}, .stringValue = ""}}
12-30 11:07:59.976   398   464 I VehiclePropertyStore: begin to write value to Store: {.timestamp = 9015798690072, .areaId = 0, .prop = 557851103, .status = AVAILABLE, .value = {.int32Values = [1]{0}, .floatValues = [0]{}, .int64Values = [0]{}, .bytes = [0]{}, .stringValue = ""}}
12-30 11:07:59.976   398   464 I DefaultVehicleHal_v2_0: DefaultVehicleHal::onPropertyValue, value:{.timestamp = 9015798690072, .areaId = 0, .prop = 557851103, .status = AVAILABLE, .value = {.int32Values = [1]{0}, .floatValues = [0]{}, .int64Values = [0]{}, .bytes = [0]{}, .stringValue = ""}}
12-30 11:07:59.976   398   464 D DiagPropHandler: is not DiagnosticConfig: 0x214021df
12-30 11:07:59.976   398   464 I VehiclePropertyStore: begin to write value to Store: {.timestamp = 9015798690072, .areaId = 0, .prop = 557851103, .status = AVAILABLE, .value = {.int32Values = [1]{0}, .floatValues = [0]{}, .int64Values = [0]{}, .bytes = [0]{}, .stringValue = ""}}
12-30 11:07:59.976   398   464 D adayocomadapter-CommunicationManager: onUpstreamReceive mPropertyId 0x214021df
12-30 11:07:59.982   360   458 D EvsDriver: doneWithFrame
12-30 11:07:59.983   650   729 D fgemcucomm: sd Uart data : 6AA602195400029202FB
12-30 11:07:59.983   650   729 D fgemcucomm: rev uart=74480,len=14, data : 6AA681195400069202001A00005E
12-30 11:07:59.983   398   882 D adayocomadapter-ParseProtocolFunc: printRaWMsg Name[MCUToUPstream recv] len[6] data[9202001A0000]
12-30 11:07:59.983   398   882 D adayocomadapter-CommunicationManager: onUpstreamback   member[0] dataLength[3] timePoint[9015805]
12-30 11:07:59.983   398   882 D adayocomadapter-ParseProtocolFunc: printRaWMsg Name[onUpstreamback] len[3] data[1A0000]
12-30 11:07:59.984   398   464 D adayocomadapter-UpstreamHandler: processBeforePacket upSreamtProcessTimePoint[9015805] 
12-30 11:07:59.984   398   464 D adayocomadapter-UpstreamHandler: processPacket UPSTREAM_QUEUE_DATA_TIMEOUT
12-30 11:07:59.984   398   464 D adayocomadapter-ParseProtocolFunc: parseCommonIPCLBytes Processing tableNumber[26]
12-30 11:07:59.984   398   464 D adayocomadapter-ParseProtocolFunc: parseCommonIPCLBytes Processing tablename[Table-26] tableSize[3]
12-30 11:07:59.984   398   464 D adayocomadapter-ParseProtocolFunc: printRaWMsg Name[byteStream recv] len[3] data[1A0000]
12-30 11:07:59.984   398   464 D adayocomadapter-ParseProtocolFunc: printRaWMsg Name[IPCLtoVHAL] len[6] data[214021C90000]
12-30 11:07:59.984   398   464 D adayocomadapter-ParseProtocolFunc: printRaWMsg Name[IPCLtoVHAL] len[6] data[214022060000]
12-30 11:07:59.984   398   464 D adayocomadapter-CommunicationManager: onUpstreamReceive mPropertyId 0x214021c9
12-30 11:07:59.984   398   464 D adayocomadapter-CommunicationManager: convertBytesToInt32Memcpy  0
12-30 11:07:59.984   398   464 I vw-vhal : notifyVehicleProperty, propId = 0x214021c9, data = {status: 2, int32Values: [0]}
12-30 11:07:59.984   398   464 I vw-vhal : CanSignalsAdapter::notifyVehicleProperty: solvedValue = {.timestamp = 9015806087739, .areaId = 0, .prop = 557851081, .status = AVAILABLE, .value = {.int32Values = [1]{0}, .floatValues = [0]{}, .int64Values = [0]{}, .bytes = [0]{}, .stringValue = ""}}
12-30 11:07:59.984   398   464 I VehiclePropertyStore: begin to write value to Store: {.timestamp = 9015806087739, .areaId = 0, .prop = 557851081, .status = AVAILABLE, .value = {.int32Values = [1]{0}, .floatValues = [0]{}, .int64Values = [0]{}, .bytes = [0]{}, .stringValue = ""}}
12-30 11:07:59.984   398   464 I DefaultVehicleHal_v2_0: DefaultVehicleHal::onPropertyValue, value:{.timestamp = 9015806087739, .areaId = 0, .prop = 557851081, .status = AVAILABLE, .value = {.int32Values = [1]{0}, .floatValues = [0]{}, .int64Values = [0]{}, .bytes = [0]{}, .stringValue = ""}}
12-30 11:07:59.984   398   464 D DiagPropHandler: is not DiagnosticConfig: 0x214021c9
12-30 11:07:59.984   398   464 I VehiclePropertyStore: begin to write value to Store: {.timestamp = 9015806087739, .areaId = 0, .prop = 557851081, .status = AVAILABLE, .value = {.int32Values = [1]{0}, .floatValues = [0]{}, .int64Values = [0]{}, .bytes = [0]{}, .stringValue = ""}}
12-30 11:07:59.984   398   464 D adayocomadapter-CommunicationManager: onUpstreamReceive mPropertyId 0x214021c9
12-30 11:07:59.984   398   464 D adayocomadapter-CommunicationManager: onUpstreamReceive mPropertyId 0x21402206
12-30 11:07:59.984   398   464 D adayocomadapter-CommunicationManager: convertBytesToInt32Memcpy  0
12-30 11:07:59.984   398   464 I vw-vhal : notifyVehicleProperty, propId = 0x21402206, data = {status: 2, int32Values: [0]}
12-30 11:07:59.984   398   464 I vw-vhal : CanSignalsAdapter::notifyVehicleProperty: solvedValue = {.timestamp = 9015806325739, .areaId = 0, .prop = 557851142, .status = AVAILABLE, .value = {.int32Values = [1]{0}, .floatValues = [0]{}, .int64Values = [0]{}, .bytes = [0]{}, .stringValue = ""}}
12-30 11:07:59.984   398   464 I VehiclePropertyStore: begin to write value to Store: {.timestamp = 9015806325739, .areaId = 0, .prop = 557851142, .status = AVAILABLE, .value = {.int32Values = [1]{0}, .floatValues = [0]{}, .int64Values = [0]{}, .bytes = [0]{}, .stringValue = ""}}
12-30 11:07:59.984   398   464 I DefaultVehicleHal_v2_0: DefaultVehicleHal::onPropertyValue, value:{.timestamp = 9015806325739, .areaId = 0, .prop = 557851142, .status = AVAILABLE, .value = {.int32Values = [1]{0}, .floatValues = [0]{}, .int64Values = [0]{}, .bytes = [0]{}, .stringValue = ""}}
12-30 11:07:59.984   398   464 D DiagPropHandler: is not DiagnosticConfig: 0x21402206
12-30 11:07:59.984   398   464 I VehiclePropertyStore: begin to write value to Store: {.timestamp = 9015806325739, .areaId = 0, .prop = 557851142, .status = AVAILABLE, .value = {.int32Values = [1]{0}, .floatValues = [0]{}, .int64Values = [0]{}, .bytes = [0]{}, .stringValue = ""}}
12-30 11:07:59.984   398   464 D adayocomadapter-CommunicationManager: onUpstreamReceive mPropertyId 0x21402206
12-30 11:07:59.989  2358  2623 D RcfController: Rcf proxy is not connected!
12-30 11:08:00.002  2414  2414 I PowerManagerOverlayEngine: PowerManagerEngine onCarEvent powerEvent:14
12-30 11:08:00.002  2414  2414 I SystemTimeProp: 14 handleValueUpdate:1767064080002 start
12-30 11:08:00.002  2414  2414 D SystemTimeProp: 14 handleValueUpdate:1767064080002 end delta:0
12-30 11:08:00.002  2414  3108 D SystemTimeProp: 14 cacheProp SystemTimeProp prop=(1767064080002)
12-30 11:08:00.007   360   931 D EvsDriver: forwardFrame
12-30 11:08:00.007   360   931 D EvsDriver: forwardFrameDirect
12-30 11:08:00.007   360   931 D EvsDriver: Delivered 0xb400e2ca9e40d4b0 as id 1
12-30 11:08:00.007   359  2784 D evsmanagerd: /dev/video-evs0 forwarded the buffer #1 to 0xb400f125d2b26dd0 from 0xb400f125e2b20710
12-30 11:08:00.012   360   458 D EvsDriver: doneWithFrame
12-30 11:08:00.024   596  3076 E WifiHAL : Invalid data received from driver
12-30 11:08:00.040  2358  2623 D RcfController: Rcf proxy is not connected!
12-30 11:08:00.040   360   931 D EvsDriver: forwardFrame
12-30 11:08:00.040   360   931 D EvsDriver: forwardFrameDirect
12-30 11:08:00.040   360   931 D EvsDriver: Delivered 0xb400e2ca9e40c2d0 as id 0
12-30 11:08:00.041   359  2784 D evsmanagerd: /dev/video-evs0 forwarded the buffer #0 to 0xb400f125d2b26dd0 from 0xb400f125e2b20710
12-30 11:08:00.043   360   458 D EvsDriver: doneWithFrame
12-30 11:08:00.048   650   729 D fgemcucomm: sd Uart data : 6AA602195500029202FA
12-30 11:08:00.048   650   729 D fgemcucomm: rev uart=74481,len=29, data : 6AA6811955001592020013000000000000000000000000000000000055
12-30 11:08:00.048   398   882 D adayocomadapter-ParseProtocolFunc: printRaWMsg Name[MCUToUPstream recv] len[21] data[920200130000000000000000000000000000000000]
12-30 11:08:00.048   398   882 D adayocomadapter-CommunicationManager: onUpstreamback   member[0] dataLength[18] timePoint[9015870]
12-30 11:08:00.048   398   882 D adayocomadapter-ParseProtocolFunc: printRaWMsg Name[onUpstreamback] len[18] data[130000000000000000000000000000000000]
12-30 11:08:00.048   398   464 D adayocomadapter-UpstreamHandler: processBeforePacket upSreamtProcessTimePoint[9015870] 
12-30 11:08:00.048   398   464 D adayocomadapter-UpstreamHandler: processPacket UPSTREAM_QUEUE_DATA_TIMEOUT
12-30 11:08:00.048   398   464 D adayocomadapter-ParseProtocolFunc: parseCommonIPCLBytes Processing tableNumber[19]
12-30 11:08:00.048   398   464 D adayocomadapter-ParseProtocolFunc: parseCommonIPCLBytes Processing tablename[Table-19] tableSize[18]
12-30 11:08:00.048   398   464 D adayocomadapter-ParseProtocolFunc: printRaWMsg Name[byteStream recv] len[18] data[130000000000000000000000000000000000]
12-30 11:08:00.048   398   464 D adayocomadapter-ParseProtocolFunc: printRaWMsg Name[IPCLtoVHAL] len[6] data[214010280000]
12-30 11:08:00.048   398   464 D adayocomadapter-ParseProtocolFunc: printRaWMsg Name[IPCLtoVHAL] len[6] data[214010290000]
12-30 11:08:00.048   398   464 D adayocomadapter-ParseProtocolFunc: printRaWMsg Name[IPCLtoVHAL] len[6] data[2140102E0000]
12-30 11:08:00.048   398   464 D adayocomadapter-ParseProtocolFunc: printRaWMsg Name[IPCLtoVHAL] len[6] data[2140102B0000]
12-30 11:08:00.048   398   464 D adayocomadapter-ParseProtocolFunc: printRaWMsg Name[IPCLtoVHAL] len[6] data[2140104C0000]
12-30 11:08:00.049   398   464 D adayocomadapter-ParseProtocolFunc: printRaWMsg Name[IPCLtoVHAL] len[6] data[2140102C0000]
12-30 11:08:00.049   398   464 D adayocomadapter-ParseProtocolFunc: printRaWMsg Name[IPCLtoVHAL] len[7] data[21402007000000]
12-30 11:08:00.049   398   464 D adayocomadapter-ParseProtocolFunc: printRaWMsg Name[IPCLtoVHAL] len[6] data[2140102F0000]
12-30 11:08:00.049   398   464 D adayocomadapter-ParseProtocolFunc: printRaWMsg Name[IPCLtoVHAL] len[6] data[214010310000]
12-30 11:08:00.049   398   464 D adayocomadapter-ParseProtocolFunc: printRaWMsg Name[IPCLtoVHAL] len[7] data[21402022000000]
12-30 11:08:00.049   398   464 D adayocomadapter-ParseProtocolFunc: printRaWMsg Name[IPCLtoVHAL] len[9] data[214020230000000000]
12-30 11:08:00.049   398   464 D adayocomadapter-ParseProtocolFunc: printRaWMsg Name[IPCLtoVHAL] len[6] data[2140104D0000]
12-30 11:08:00.049   398   464 D adayocomadapter-CommunicationManager: onUpstreamReceive mPropertyId 0x21401028
12-30 11:08:00.049   398   464 D adayocomadapter-CommunicationManager: convertBytesToInt32Memcpy  0
12-30 11:08:00.049   398   464 I vw-vhal : notifyVehicleProperty, propId = 0x21401028, data = {status: 2, int32Values: [0]}
12-30 11:08:00.049   398   464 I vw-vhal : CanSignalsAdapter::notifyVehicleProperty: solvedValue = {.timestamp = 9015871064072, .areaId = 0, .prop = 557846568, .status = AVAILABLE, .value = {.int32Values = [1]{0}, .floatValues = [0]{}, .int64Values = [0]{}, .bytes = [0]{}, .stringValue = ""}}
12-30 11:08:00.049   398   464 I VehiclePropertyStore: begin to write value to Store: {.timestamp = 9015871064072, .areaId = 0, .prop = 557846568, .status = AVAILABLE, .value = {.int32Values = [1]{0}, .floatValues = [0]{}, .int64Values = [0]{}, .bytes = [0]{}, .stringValue = ""}}
12-30 11:08:00.049   398   464 I DefaultVehicleHal_v2_0: DefaultVehicleHal::onPropertyValue, value:{.timestamp = 9015871064072, .areaId = 0, .prop = 557846568, .status = AVAILABLE, .value = {.int32Values = [1]{0}, .floatValues = [0]{}, .int64Values = [0]{}, .bytes = [0]{}, .stringValue = ""}}
12-30 11:08:00.049   398   464 D DiagPropHandler: is not DiagnosticConfig: 0x21401028
12-30 11:08:00.049   398   464 I VehiclePropertyStore: begin to write value to Store: {.timestamp = 9015871064072, .areaId = 0, .prop = 557846568, .status = AVAILABLE, .value = {.int32Values = [1]{0}, .floatValues = [0]{}, .int64Values = [0]{}, .bytes = [0]{}, .stringValue = ""}}
12-30 11:08:00.049   398   464 D adayocomadapter-CommunicationManager: onUpstreamReceive mPropertyId 0x21401028
12-30 11:08:00.049   398   464 D adayocomadapter-CommunicationManager: onUpstreamReceive mPropertyId 0x21401029
12-30 11:08:00.049   398   464 D adayocomadapter-CommunicationManager: convertBytesToInt32Memcpy  0
12-30 11:08:00.049   398   464 I vw-vhal : notifyVehicleProperty, propId = 0x21401029, data = {status: 2, int32Values: [0]}
12-30 11:08:00.049   398   464 I vw-vhal : CanSignalsAdapter::notifyVehicleProperty: solvedValue = {.timestamp = 9015871307406, .areaId = 0, .prop = 557846569, .status = AVAILABLE, .value = {.int32Values = [1]{0}, .floatValues = [0]{}, .int64Values = [0]{}, .bytes = [0]{}, .stringValue = ""}}
12-30 11:08:00.049   398   464 I VehiclePropertyStore: begin to write value to Store: {.timestamp = 9015871307406, .areaId = 0, .prop = 557846569, .status = AVAILABLE, .value = {.int32Values = [1]{0}, .floatValues = [0]{}, .int64Values = [0]{}, .bytes = [0]{}, .stringValue = ""}}
12-30 11:08:00.049   398   464 I DefaultVehicleHal_v2_0: DefaultVehicleHal::onPropertyValue, value:{.timestamp = 9015871307406, .areaId = 0, .prop = 557846569, .status = AVAILABLE, .value = {.int32Values = [1]{0}, .floatValues = [0]{}, .int64Values = [0]{}, .bytes = [0]{}, .stringValue = ""}}
12-30 11:08:00.049   398   464 D DiagPropHandler: is not DiagnosticConfig: 0x21401029
12-30 11:08:00.049   398   464 I VehiclePropertyStore: begin to write value to Store: {.timestamp = 9015871307406, .areaId = 0, .prop = 557846569, .status = AVAILABLE, .value = {.int32Values = [1]{0}, .floatValues = [0]{}, .int64Values = [0]{}, .bytes = [0]{}, .stringValue = ""}}
12-30 11:08:00.049   398   464 D adayocomadapter-CommunicationManager: onUpstreamReceive mPropertyId 0x21401029
12-30 11:08:00.049   398   464 D adayocomadapter-CommunicationManager: onUpstreamReceive mPropertyId 0x2140102e
12-30 11:08:00.049   398   464 D adayocomadapter-CommunicationManager: convertBytesToInt32Memcpy  0
12-30 11:08:00.049   398   464 I vw-vhal : notifyVehicleProperty, propId = 0x2140102e, data = {status: 2, int32Values: [0]}
12-30 11:08:00.049   398   464 I vw-vhal : CanSignalsAdapter::notifyVehicleProperty: solvedValue = {.timestamp = 9015871495739, .areaId = 0, .prop = 557846574, .status = AVAILABLE, .value = {.int32Values = [1]{0}, .floatValues = [0]{}, .int64Values = [0]{}, .bytes = [0]{}, .stringValue = ""}}
12-30 11:08:00.049   398   464 I VehiclePropertyStore: begin to write value to Store: {.timestamp = 9015871495739, .areaId = 0, .prop = 557846574, .status = AVAILABLE, .value = {.int32Values = [1]{0}, .floatValues = [0]{}, .int64Values = [0]{}, .bytes = [0]{}, .stringValue = ""}}
12-30 11:08:00.049   398   464 I DefaultVehicleHal_v2_0: DefaultVehicleHal::onPropertyValue, value:{.timestamp = 9015871495739, .areaId = 0, .prop = 557846574, .status = AVAILABLE, .value = {.int32Values = [1]{0}, .floatValues = [0]{}, .int64Values = [0]{}, .bytes = [0]{}, .stringValue = ""}}
12-30 11:08:00.049   398   464 D DiagPropHandler: is not DiagnosticConfig: 0x2140102e
12-30 11:08:00.049   398   464 I VehiclePropertyStore: begin to write value to Store: {.timestamp = 9015871495739, .areaId = 0, .prop = 557846574, .status = AVAILABLE, .value = {.int32Values = [1]{0}, .floatValues = [0]{}, .int64Values = [0]{}, .bytes = [0]{}, .stringValue = ""}}
12-30 11:08:00.049   398   464 D adayocomadapter-CommunicationManager: onUpstreamReceive mPropertyId 0x2140102e
12-30 11:08:00.049   398   464 D adayocomadapter-CommunicationManager: onUpstreamReceive mPropertyId 0x2140102b
12-30 11:08:00.049   398   464 D adayocomadapter-CommunicationManager: convertBytesToInt32Memcpy  0
12-30 11:08:00.049   398   464 I vw-vhal : notifyVehicleProperty, propId = 0x2140102b, data = {status: 2, int32Values: [0]}
12-30 11:08:00.049   398   464 I vw-vhal : CanSignalsAdapter::notifyVehicleProperty: solvedValue = {.timestamp = 9015871682072, .areaId = 0, .prop = 557846571, .status = AVAILABLE, .value = {.int32Values = [1]{0}, .floatValues = [0]{}, .int64Values = [0]{}, .bytes = [0]{}, .stringValue = ""}}
12-30 11:08:00.049   398   464 I VehiclePropertyStore: begin to write value to Store: {.timestamp = 9015871682072, .areaId = 0, .prop = 557846571, .status = AVAILABLE, .value = {.int32Values = [1]{0}, .floatValues = [0]{}, .int64Values = [0]{}, .bytes = [0]{}, .stringValue = ""}}
12-30 11:08:00.049   398   464 I DefaultVehicleHal_v2_0: DefaultVehicleHal::onPropertyValue, value:{.timestamp = 9015871682072, .areaId = 0, .prop = 557846571, .status = AVAILABLE, .value = {.int32Values = [1]{0}, .floatValues = [0]{}, .int64Values = [0]{}, .bytes = [0]{}, .stringValue = ""}}
12-30 11:08:00.049   398   464 D DiagPropHandler: is not DiagnosticConfig: 0x2140102b
12-30 11:08:00.049   398   464 I VehiclePropertyStore: begin to write value to Store: {.timestamp = 9015871682072, .areaId = 0, .prop = 557846571, .status = AVAILABLE, .value = {.int32Values = [1]{0}, .floatValues = [0]{}, .int64Values = [0]{}, .bytes = [0]{}, .stringValue = ""}}
12-30 11:08:00.049   398   464 D adayocomadapter-CommunicationManager: onUpstreamReceive mPropertyId 0x2140102b
12-30 11:08:00.049   398   464 D adayocomadapter-CommunicationManager: onUpstreamReceive mPropertyId 0x2140104c
12-30 11:08:00.049   398   464 D adayocomadapter-CommunicationManager: convertBytesToInt32Memcpy  0
12-30 11:08:00.050   398   464 I vw-vhal : notifyVehicleProperty, propId = 0x2140104c, data = {status: 2, int32Values: [0]}
12-30 11:08:00.050   398   464 I vw-vhal : CanSignalsAdapter::notifyVehicleProperty: solvedValue = {.timestamp = 9015871868406, .areaId = 0, .prop = 557846604, .status = AVAILABLE, .value = {.int32Values = [1]{0}, .floatValues = [0]{}, .int64Values = [0]{}, .bytes = [0]{}, .stringValue = ""}}
12-30 11:08:00.050   398   464 I VehiclePropertyStore: begin to write value to Store: {.timestamp = 9015871868406, .areaId = 0, .prop = 557846604, .status = AVAILABLE, .value = {.int32Values = [1]{0}, .floatValues = [0]{}, .int64Values = [0]{}, .bytes = [0]{}, .stringValue = ""}}
12-30 11:08:00.050   398   464 I DefaultVehicleHal_v2_0: DefaultVehicleHal::onPropertyValue, value:{.timestamp = 9015871868406, .areaId = 0, .prop = 557846604, .status = AVAILABLE, .value = {.int32Values = [1]{0}, .floatValues = [0]{}, .int64Values = [0]{}, .bytes = [0]{}, .stringValue = ""}}
12-30 11:08:00.050   398   464 D DiagPropHandler: is not DiagnosticConfig: 0x2140104c
12-30 11:08:00.050   398   464 I VehiclePropertyStore: begin to write value to Store: {.timestamp = 9015871868406, .areaId = 0, .prop = 557846604, .status = AVAILABLE, .value = {.int32Values = [1]{0}, .floatValues = [0]{}, .int64Values = [0]{}, .bytes = [0]{}, .stringValue = ""}}
12-30 11:08:00.050   398   464 D adayocomadapter-CommunicationManager: onUpstreamReceive mPropertyId 0x2140104c
12-30 11:08:00.050   398   464 D adayocomadapter-CommunicationManager: onUpstreamReceive mPropertyId 0x2140102c
12-30 11:08:00.050   398   464 D adayocomadapter-CommunicationManager: convertBytesToInt32Memcpy  0
12-30 11:08:00.050   398   464 I vw-vhal : notifyVehicleProperty, propId = 0x2140102c, data = {status: 2, int32Values: [0]}
12-30 11:08:00.050   398   464 I vw-vhal : CanSignalsAdapter::notifyVehicleProperty: solvedValue = {.timestamp = 9015872093072, .areaId = 0, .prop = 557846572, .status = AVAILABLE, .value = {.int32Values = [1]{0}, .floatValues = [0]{}, .int64Values = [0]{}, .bytes = [0]{}, .stringValue = ""}}
12-30 11:08:00.050   398   464 I VehiclePropertyStore: begin to write value to Store: {.timestamp = 9015872093072, .areaId = 0, .prop = 557846572, .status = AVAILABLE, .value = {.int32Values = [1]{0}, .floatValues = [0]{}, .int64Values = [0]{}, .bytes = [0]{}, .stringValue = ""}}
12-30 11:08:00.050   398   464 I DefaultVehicleHal_v2_0: DefaultVehicleHal::onPropertyValue, value:{.timestamp = 9015872093072, .areaId = 0, .prop = 557846572, .status = AVAILABLE, .value = {.int32Values = [1]{0}, .floatValues = [0]{}, .int64Values = [0]{}, .bytes = [0]{}, .stringValue = ""}}
12-30 11:08:00.050   398   464 D DiagPropHandler: is not DiagnosticConfig: 0x2140102c
12-30 11:08:00.050   398   464 I VehiclePropertyStore: begin to write value to Store: {.timestamp = 9015872093072, .areaId = 0, .prop = 557846572, .status = AVAILABLE, .value = {.int32Values = [1]{0}, .floatValues = [0]{}, .int64Values = [0]{}, .bytes = [0]{}, .stringValue = ""}}
12-30 11:08:00.050   398   464 D adayocomadapter-CommunicationManager: onUpstreamReceive mPropertyId 0x2140102c
12-30 11:08:00.050   398   464 D adayocomadapter-CommunicationManager: onUpstreamReceive mPropertyId 0x21402007
12-30 11:08:00.050   398   464 D adayocomadapter-CommunicationManager: convertBytesToInt32Memcpy  0
12-30 11:08:00.050   398   464 I vw-vhal : notifyVehicleProperty, propId = 0x21402007, data = {status: 2, int32Values: [0]}
12-30 11:08:00.050   398   464 I vw-vhal : CanSignalsAdapter::notifyVehicleProperty: solvedValue = {.timestamp = 9015872283739, .areaId = 0, .prop = 557850631, .status = AVAILABLE, .value = {.int32Values = [1]{0}, .floatValues = [0]{}, .int64Values = [0]{}, .bytes = [0]{}, .stringValue = ""}}
12-30 11:08:00.050   398   464 I VehiclePropertyStore: begin to write value to Store: {.timestamp = 9015872283739, .areaId = 0, .prop = 557850631, .status = AVAILABLE, .value = {.int32Values = [1]{0}, .floatValues = [0]{}, .int64Values = [0]{}, .bytes = [0]{}, .stringValue = ""}}
12-30 11:08:00.050   398   464 I DefaultVehicleHal_v2_0: DefaultVehicleHal::onPropertyValue, value:{.timestamp = 9015872283739, .areaId = 0, .prop = 557850631, .status = AVAILABLE, .value = {.int32Values = [1]{0}, .floatValues = [0]{}, .int64Values = [0]{}, .bytes = [0]{}, .stringValue = ""}}
12-30 11:08:00.050   398   464 D DiagPropHandler: is not DiagnosticConfig: 0x21402007
12-30 11:08:00.050   398   464 I VehiclePropertyStore: begin to write value to Store: {.timestamp = 9015872283739, .areaId = 0, .prop = 557850631, .status = AVAILABLE, .value = {.int32Values = [1]{0}, .floatValues = [0]{}, .int64Values = [0]{}, .bytes = [0]{}, .stringValue = ""}}
12-30 11:08:00.050   398   464 D adayocomadapter-CommunicationManager: onUpstreamReceive mPropertyId 0x21402007
12-30 11:08:00.050   398   464 D adayocomadapter-CommunicationManager: onUpstreamReceive mPropertyId 0x2140102f
12-30 11:08:00.050   398   464 D adayocomadapter-CommunicationManager: convertBytesToInt32Memcpy  0
12-30 11:08:00.050   398   464 I vw-vhal : notifyVehicleProperty, propId = 0x2140102f, data = {status: 2, int32Values: [0]}
12-30 11:08:00.050   398   464 I vw-vhal : CanSignalsAdapter::notifyVehicleProperty: solvedValue = {.timestamp = 9015872469406, .areaId = 0, .prop = 557846575, .status = AVAILABLE, .value = {.int32Values = [1]{0}, .floatValues = [0]{}, .int64Values = [0]{}, .bytes = [0]{}, .stringValue = ""}}
12-30 11:08:00.050   398   464 I VehiclePropertyStore: begin to write value to Store: {.timestamp = 9015872469406, .areaId = 0, .prop = 557846575, .status = AVAILABLE, .value = {.int32Values = [1]{0}, .floatValues = [0]{}, .int64Values = [0]{}, .bytes = [0]{}, .stringValue = ""}}
12-30 11:08:00.050   398   464 I DefaultVehicleHal_v2_0: DefaultVehicleHal::onPropertyValue, value:{.timestamp = 9015872469406, .areaId = 0, .prop = 557846575, .status = AVAILABLE, .value = {.int32Values = [1]{0}, .floatValues = [0]{}, .int64Values = [0]{}, .bytes = [0]{}, .stringValue = ""}}
12-30 11:08:00.050   398   464 D DiagPropHandler: is not DiagnosticConfig: 0x2140102f
12-30 11:08:00.050   398   464 I VehiclePropertyStore: begin to write value to Store: {.timestamp = 9015872469406, .areaId = 0, .prop = 557846575, .status = AVAILABLE, .value = {.int32Values = [1]{0}, .floatValues = [0]{}, .int64Values = [0]{}, .bytes = [0]{}, .stringValue = ""}}
12-30 11:08:00.050   398   464 D adayocomadapter-CommunicationManager: onUpstreamReceive mPropertyId 0x2140102f
12-30 11:08:00.050   398   464 D adayocomadapter-CommunicationManager: onUpstreamReceive mPropertyId 0x21401031
12-30 11:08:00.050   398   464 D adayocomadapter-CommunicationManager: convertBytesToInt32Memcpy  0
12-30 11:08:00.050   398   464 I vw-vhal : notifyVehicleProperty, propId = 0x21401031, data = {status: 2, int32Values: [0]}
12-30 11:08:00.050   398   464 I vw-vhal : CanSignalsAdapter::notifyVehicleProperty: solvedValue = {.timestamp = 9015872657406, .areaId = 0, .prop = 557846577, .status = AVAILABLE, .value = {.int32Values = [1]{0}, .floatValues = [0]{}, .int64Values = [0]{}, .bytes = [0]{}, .stringValue = ""}}
12-30 11:08:00.050   398   464 I VehiclePropertyStore: begin to write value to Store: {.timestamp = 9015872657406, .areaId = 0, .prop = 557846577, .status = AVAILABLE, .value = {.int32Values = [1]{0}, .floatValues = [0]{}, .int64Values = [0]{}, .bytes = [0]{}, .stringValue = ""}}
12-30 11:08:00.050   398   464 I DefaultVehicleHal_v2_0: DefaultVehicleHal::onPropertyValue, value:{.timestamp = 9015872657406, .areaId = 0, .prop = 557846577, .status = AVAILABLE, .value = {.int32Values = [1]{0}, .floatValues = [0]{}, .int64Values = [0]{}, .bytes = [0]{}, .stringValue = ""}}
12-30 11:08:00.050   398   464 D DiagPropHandler: is not DiagnosticConfig: 0x21401031
12-30 11:08:00.050   398   464 I VehiclePropertyStore: begin to write value to Store: {.timestamp = 9015872657406, .areaId = 0, .prop = 557846577, .status = AVAILABLE, .value = {.int32Values = [1]{0}, .floatValues = [0]{}, .int64Values = [0]{}, .bytes = [0]{}, .stringValue = ""}}
12-30 11:08:00.050   398   464 D adayocomadapter-CommunicationManager: onUpstreamReceive mPropertyId 0x21401031
12-30 11:08:00.050   398   464 D adayocomadapter-CommunicationManager: onUpstreamReceive mPropertyId 0x21402022
12-30 11:08:00.050   398   464 D adayocomadapter-CommunicationManager: convertBytesToInt32Memcpy  0
12-30 11:08:00.050   398   464 I vw-vhal : notifyVehicleProperty, propId = 0x21402022, data = {status: 2, int32Values: [0]}
12-30 11:08:00.051   398   464 I vw-vhal : CanSignalsAdapter::notifyVehicleProperty: solvedValue = {.timestamp = 9015872842072, .areaId = 0, .prop = 557850658, .status = AVAILABLE, .value = {.int32Values = [1]{0}, .floatValues = [0]{}, .int64Values = [0]{}, .bytes = [0]{}, .stringValue = ""}}
12-30 11:08:00.051   398   464 I VehiclePropertyStore: begin to write value to Store: {.timestamp = 9015872842072, .areaId = 0, .prop = 557850658, .status = AVAILABLE, .value = {.int32Values = [1]{0}, .floatValues = [0]{}, .int64Values = [0]{}, .bytes = [0]{}, .stringValue = ""}}
12-30 11:08:00.051   398   464 I DefaultVehicleHal_v2_0: DefaultVehicleHal::onPropertyValue, value:{.timestamp = 9015872842072, .areaId = 0, .prop = 557850658, .status = AVAILABLE, .value = {.int32Values = [1]{0}, .floatValues = [0]{}, .int64Values = [0]{}, .bytes = [0]{}, .stringValue = ""}}
12-30 11:08:00.051   398   464 D DiagPropHandler: is not DiagnosticConfig: 0x21402022
12-30 11:08:00.051   398   464 I VehiclePropertyStore: begin to write value to Store: {.timestamp = 9015872842072, .areaId = 0, .prop = 557850658, .status = AVAILABLE, .value = {.int32Values = [1]{0}, .floatValues = [0]{}, .int64Values = [0]{}, .bytes = [0]{}, .stringValue = ""}}
12-30 11:08:00.051   398   464 D adayocomadapter-CommunicationManager: onUpstreamReceive mPropertyId 0x21402022
12-30 11:08:00.051   398   464 D adayocomadapter-CommunicationManager: onUpstreamReceive mPropertyId 0x21402023
12-30 11:08:00.051   398   464 D adayocomadapter-CommunicationManager: convertBytesToInt32Memcpy  0
12-30 11:08:00.051   398   464 I vw-vhal : notifyVehicleProperty, propId = 0x21402023, data = {status: 2, int32Values: [0]}
12-30 11:08:00.051   398   464 I vw-vhal : CanSignalsAdapter::notifyVehicleProperty: solvedValue = {.timestamp = 9015873035072, .areaId = 0, .prop = 557850659, .status = AVAILABLE, .value = {.int32Values = [1]{0}, .floatValues = [0]{}, .int64Values = [0]{}, .bytes = [0]{}, .stringValue = ""}}
12-30 11:08:00.051   398   464 I VehiclePropertyStore: begin to write value to Store: {.timestamp = 9015873035072, .areaId = 0, .prop = 557850659, .status = AVAILABLE, .value = {.int32Values = [1]{0}, .floatValues = [0]{}, .int64Values = [0]{}, .bytes = [0]{}, .stringValue = ""}}
12-30 11:08:00.051   398   464 I DefaultVehicleHal_v2_0: DefaultVehicleHal::onPropertyValue, value:{.timestamp = 9015873035072, .areaId = 0, .prop = 557850659, .status = AVAILABLE, .value = {.int32Values = [1]{0}, .floatValues = [0]{}, .int64Values = [0]{}, .bytes = [0]{}, .stringValue = ""}}
12-30 11:08:00.051   398   464 D DiagPropHandler: is not DiagnosticConfig: 0x21402023
12-30 11:08:00.051   398   464 I VehiclePropertyStore: begin to write value to Store: {.timestamp = 9015873035072, .areaId = 0, .prop = 557850659, .status = AVAILABLE, .value = {.int32Values = [1]{0}, .floatValues = [0]{}, .int64Values = [0]{}, .bytes = [0]{}, .stringValue = ""}}
12-30 11:08:00.051   398   464 D adayocomadapter-CommunicationManager: onUpstreamReceive mPropertyId 0x21402023
12-30 11:08:00.051   398   464 D adayocomadapter-CommunicationManager: onUpstreamReceive mPropertyId 0x2140104d
12-30 11:08:00.051   398   464 D adayocomadapter-CommunicationManager: convertBytesToInt32Memcpy  0
12-30 11:08:00.051   398   464 I vw-vhal : notifyVehicleProperty, propId = 0x2140104d, data = {status: 2, int32Values: [0]}
12-30 11:08:00.051   398   464 I vw-vhal : CanSignalsAdapter::notifyVehicleProperty: solvedValue = {.timestamp = 9015873222739, .areaId = 0, .prop = 557846605, .status = AVAILABLE, .value = {.int32Values = [1]{0}, .floatValues = [0]{}, .int64Values = [0]{}, .bytes = [0]{}, .stringValue = ""}}
12-30 11:08:00.051   398   464 I VehiclePropertyStore: begin to write value to Store: {.timestamp = 9015873222739, .areaId = 0, .prop = 557846605, .status = AVAILABLE, .value = {.int32Values = [1]{0}, .floatValues = [0]{}, .int64Values = [0]{}, .bytes = [0]{}, .stringValue = ""}}
12-30 11:08:00.051   398   464 I DefaultVehicleHal_v2_0: DefaultVehicleHal::onPropertyValue, value:{.timestamp = 9015873222739, .areaId = 0, .prop = 557846605, .status = AVAILABLE, .value = {.int32Values = [1]{0}, .floatValues = [0]{}, .int64Values = [0]{}, .bytes = [0]{}, .stringValue = ""}}
12-30 11:08:00.051   398   464 D DiagPropHandler: is not DiagnosticConfig: 0x2140104d
12-30 11:08:00.051   398   464 I VehiclePropertyStore: begin to write value to Store: {.timestamp = 9015873222739, .areaId = 0, .prop = 557846605, .status = AVAILABLE, .value = {.int32Values = [1]{0}, .floatValues = [0]{}, .int64Values = [0]{}, .bytes = [0]{}, .stringValue = ""}}
12-30 11:08:00.051   398   464 D adayocomadapter-CommunicationManager: onUpstreamReceive mPropertyId 0x2140104d
12-30 11:08:00.056   881   913 I PerfService: perfservice: set_boost /sys/devices/system/cpu/cpufreq/policy0/scaling_min_freq min=550000
12-30 11:08:00.064  1611  1611 I ADAYO_LOG_: handleMessage(UsbFunc.java:3)copyQnx = 0
12-30 11:08:00.064  1611  1611 I ADAYO_LOG_: handleMessage(UsbFunc.java:12)copyState = 2
12-30 11:08:00.074   360   931 D EvsDriver: forwardFrame
12-30 11:08:00.074   360   931 D EvsDriver: forwardFrameDirect
12-30 11:08:00.074   360   931 D EvsDriver: Delivered 0xb400e2ca9e40d090 as id 1
12-30 11:08:00.074   359  2784 D evsmanagerd: /dev/video-evs0 forwarded the buffer #1 to 0xb400f125d2b26dd0 from 0xb400f125e2b20710
12-30 11:08:00.078   596  3076 E WifiHAL : Invalid data received from driver
12-30 11:08:00.080  1667  2594 W ContextImpl: Calling a method in the system process without a qualified user: android.app.ContextImpl.bindService:1988 android.content.ContextWrapper.bindService:861 com.ford.sync.fnvservice.FordFnv.c:202 com.ford.sync.fnvservice.FordFnv.c:43 com.ford.sync.fnvservice.FordFnv$RetryHandler.handleMessage:245 
12-30 11:08:00.081   916  3726 W ActivityManager: Unable to start service Intent { cmp=com.ford.sync.fnvservice/.FordFnvService } U=0: not found
12-30 11:08:00.081  1667  2594 W FordFnv :  bind ford fnv failed -> sendRetryMessage 
12-30 11:08:00.083   360   458 D EvsDriver: doneWithFrame
12-30 11:08:00.086  1667  2407 I media_message_log->MediaMessageProxy: (SourceFile:1)b connectToService action bind
12-30 11:08:00.087   916  3726 W ActivityManager: Unable to start service Intent { cmp=com.adayo.server.mediamessagetransfer/.MediaMessTransferService (has extras) } U=0: not found
12-30 11:08:00.087  1667  2407 E media_message_log->MediaMessageProxy: (SourceFile:7)a bindServiceAsUser isBound = false
12-30 11:08:00.090  2358  2623 D RcfController: Rcf proxy is not connected!
12-30 11:08:00.098   650   729 D fgemcucomm: sd Uart data : 6AA602195600029202F9
12-30 11:08:00.098   650   729 D fgemcucomm: rev uart=74482,len=15, data : 6AA6811956000792020621414502C6
12-30 11:08:00.098   398   882 D adayocomadapter-ParseProtocolFunc: printRaWMsg Name[MCUToUPstream recv] len[7] data[92020621414502]
12-30 11:08:00.098   398   882 D adayocomadapter-CommunicationManager: onUpstreamback   member[6] dataLength[4] timePoint[9015920]
12-30 11:08:00.098   398   882 D adayocomadapter-ParseProtocolFunc: printRaWMsg Name[onUpstreamback] len[4] data[21414502]
12-30 11:08:00.098   398   464 D adayocomadapter-UpstreamHandler: processBeforePacket upSreamtProcessTimePoint[9015920] 
12-30 11:08:00.098   398   464 D adayocomadapter-ParseProtocolFunc: parseGeneralIPCLBytes Processing tablename[Table-3] tableSize[0]
12-30 11:08:00.098   398   464 D adayocomadapter-ParseProtocolFunc: printRaWMsg Name[byteStream recv] len[4] data[21414502]
12-30 11:08:00.101   398   464 D adayocomadapter-ParseProtocolFunc: printRaWMsg Name[IPCLtoVHAL] len[8520] data[2141450201214145020000000000000000000000000160000000002FCE00000000000000002140225100000000000000000000000001600000000079490000000000000000214021D90000000000000000000000000160000000004B34000000000000000021402253000000000000000000000000016000000000D4470000000000000000214021C6000000000000000000000000016000000000E63A00000000000000002140216E00000000000000000000000001010100000079BE0000000000000000E08173CE6DFB00B430D172CE6DFB00B401600000000082C0000000000000000021402235000000000000000000000000014000000000749700000000000000000000000000000000000000000000000001400000000046EA000000000000000000000000000000000000000000000000016000000000F6D30000000000000000214021C4000000000000000000000000016000000000C4AE0000000000000000214022510000000000000000000000000160000000005BDD00000000000000002140225400000000000000000000000001600000000069A00000000000000000214022220000000000000000000000000160000000003F2700000000000000002140221D0000000000000000000000000160000000000D5A0000000000000000214021640
12-30 11:08:00.101   398   464 D adayocomadapter-CommunicationManager: onUpstreamReceive mPropertyId 0x21414502
12-30 11:08:00.101   398   464 D adayocomadapter-CommunicationManager: writeValue id=[557925634]
12-30 11:08:00.101   398   464 D adayocomadapter-VehiclePropertyStore: writeValue id=[557925634]
12-30 11:08:00.107   360   931 D EvsDriver: forwardFrame
12-30 11:08:00.107   360   931 D EvsDriver: forwardFrameDirect
12-30 11:08:00.107   360   931 D EvsDriver: Delivered 0xb400e2ca9e40e110 as id 0
12-30 11:08:00.107   359  2784 D evsmanagerd: /dev/video-evs0 forwarded the buffer #0 to 0xb400f125d2b26dd0 from 0xb400f125e2b20710
12-30 11:08:00.108   398   464 I vw-vhal : notifyVehicleProperty, propId = 0x21414502, data = {status: 2, int32Values: [33, 65, 69, 2, 0, 0, 0, 0, 0, 0, 0, 0, 0, 0, 0, 0, 1, 96, 0, 0, 0, 0, 47, 206, 0, 0, 0, 0, 0, 0, 0, 0, 33, 64, 34, 81, 0, 0, 0, 0, 0, 0, 0, 0, 0, 0, 0, 0, 1, 96, 0, 0, 0, 0, 121, 73, 0, 0, 0, 0, 0, 0, 0, 0, 33, 64, 33, 217, 0, 0, 0, 0, 0, 0, 0, 0, 0, 0, 0, 0, 1, 96, 0, 0, 0, 0, 75, 52, 0, 0, 0, 0, 0, 0, 0, 0, 33, 64, 34, 83, 0, 0, 0, 0, 0, 0, 0, 0, 0, 0, 0, 0, 1, 96, 0, 0, 0, 0, 212, 71, 0, 0, 0, 0, 0, 0, 0, 0, 33, 64, 33, 198, 0, 0, 0, 0, 0, 0, 0, 0, 0, 0, 0, 0, 1, 96, 0, 0, 0, 0, 230, 58, 0, 0, 0, 0, 0, 0, 0, 0, 33, 64, 33, 110, 0, 0, 0, 0, 0, 0, 0, 0, 0, 0, 0, 0, 1, 1, 1, 0, 0, 0, 121, 190, 0, 0, 0, 0, 0, 0, 0, 0, 224, 129, 115, 206, 109, 251, 0, 180, 48, 209, 114, 206, 109, 251, 0, 180, 1, 96, 0, 0, 0, 0, 130, 192, 0, 0, 0, 0, 0, 0, 0, 0, 33, 64, 34, 53, 0, 0, 0, 0, 0, 0, 0, 0, 0, 0, 0, 0, 1, 64, 0, 0, 0, 0, 116, 151, 0, 0, 0, 0, 0, 0, 0, 0, 0, 0, 0, 0, 0, 0, 0, 0, 0, 0, 0, 0, 0, 0, 0, 0, 1, 64, 0, 0, 0, 0, 70, 234, 0, 0, 0, 0, 
12-30 11:08:00.113   360   458 D EvsDriver: doneWithFrame
12-30 11:08:00.115   398   464 I vw-vhal : CanSignalsAdapter::notifyDiagProperty: propId = 0x21414502, data = {status: 2, int32Values: [33, 65, 69, 2, 0, 0, 0, 0, 0, 0, 0, 0, 0, 0, 0, 0, 1, 96, 0, 0, 0, 0, 47, 206, 0, 0, 0, 0, 0, 0, 0, 0, 33, 64, 34, 81, 0, 0, 0, 0, 0, 0, 0, 0, 0, 0, 0, 0, 1, 96, 0, 0, 0, 0, 121, 73, 0, 0, 0, 0, 0, 0, 0, 0, 33, 64, 33, 217, 0, 0, 0, 0, 0, 0, 0, 0, 0, 0, 0, 0, 1, 96, 0, 0, 0, 0, 75, 52, 0, 0, 0, 0, 0, 0, 0, 0, 33, 64, 34, 83, 0, 0, 0, 0, 0, 0, 0, 0, 0, 0, 0, 0, 1, 96, 0, 0, 0, 0, 212, 71, 0, 0, 0, 0, 0, 0, 0, 0, 33, 64, 33, 198, 0, 0, 0, 0, 0, 0, 0, 0, 0, 0, 0, 0, 1, 96, 0, 0, 0, 0, 230, 58, 0, 0, 0, 0, 0, 0, 0, 0, 33, 64, 33, 110, 0, 0, 0, 0, 0, 0, 0, 0, 0, 0, 0, 0, 1, 1, 1, 0, 0, 0, 121, 190, 0, 0, 0, 0, 0, 0, 0, 0, 224, 129, 115, 206, 109, 251, 0, 180, 48, 209, 114, 206, 109, 251, 0, 180, 1, 96, 0, 0, 0, 0, 130, 192, 0, 0, 0, 0, 0, 0, 0, 0, 33, 64, 34, 53, 0, 0, 0, 0, 0, 0, 0, 0, 0, 0, 0, 0, 1, 64, 0, 0, 0, 0, 116, 151, 0, 0, 0, 0, 0, 0, 0, 0, 0, 0, 0, 0, 0, 0, 0, 0, 0, 0, 0, 0, 0, 0, 0, 0, 1, 64, 0, 0, 0, 0, 70, 2
12-30 11:08:00.118   398   464 I vw-vhal : CanSignalsAdapter::notifyVehicleProperty: solvedValue = {.timestamp = 9015937050739, .areaId = 0, .prop = 557925634, .status = AVAILABLE, .value = {.int32Values = [8515]{33, 65, 69, 2, 0, 0, 0, 0, 0, 0, 0, 0, 0, 0, 0, 0, 1, 96, 0, 0, 0, 0, 47, 206, 0, 0, 0, 0, 0, 0, 0, 0, 33, 64, 34, 81, 0, 0, 0, 0, 0, 0, 0, 0, 0, 0, 0, 0, 1, 96, 0, 0, 0, 0, 121, 73, 0, 0, 0, 0, 0, 0, 0, 0, 33, 64, 33, 217, 0, 0, 0, 0, 0, 0, 0, 0, 0, 0, 0, 0, 1, 96, 0, 0, 0, 0, 75, 52, 0, 0, 0, 0, 0, 0, 0, 0, 33, 64, 34, 83, 0, 0, 0, 0, 0, 0, 0, 0, 0, 0, 0, 0, 1, 96, 0, 0, 0, 0, 212, 71, 0, 0, 0, 0, 0, 0, 0, 0, 33, 64, 33, 198, 0, 0, 0, 0, 0, 0, 0, 0, 0, 0, 0, 0, 1, 96, 0, 0, 0, 0, 230, 58, 0, 0, 0, 0, 0, 0, 0, 0, 33, 64, 33, 110, 0, 0, 0, 0, 0, 0, 0, 0, 0, 0, 0, 0, 1, 1, 1, 0, 0, 0, 121, 190, 0, 0, 0, 0, 0, 0, 0, 0, 224, 129, 115, 206, 109, 251, 0, 180, 48, 209, 114, 206, 109, 251, 0, 180, 1, 96, 0, 0, 0, 0, 130, 192, 0, 0, 0, 0, 0, 0, 0, 0, 33, 64, 34, 53, 0, 0, 0, 0, 0, 0, 0, 0, 0, 0, 0, 0, 1, 64, 0, 0, 0, 0, 116, 151, 0, 0, 0, 0, 0, 0, 0
12-30 11:08:00.122   398   464 I VehiclePropertyStore: begin to write value to Store: {.timestamp = 9015937050739, .areaId = 0, .prop = 557925634, .status = AVAILABLE, .value = {.int32Values = [8515]{33, 65, 69, 2, 0, 0, 0, 0, 0, 0, 0, 0, 0, 0, 0, 0, 1, 96, 0, 0, 0, 0, 47, 206, 0, 0, 0, 0, 0, 0, 0, 0, 33, 64, 34, 81, 0, 0, 0, 0, 0, 0, 0, 0, 0, 0, 0, 0, 1, 96, 0, 0, 0, 0, 121, 73, 0, 0, 0, 0, 0, 0, 0, 0, 33, 64, 33, 217, 0, 0, 0, 0, 0, 0, 0, 0, 0, 0, 0, 0, 1, 96, 0, 0, 0, 0, 75, 52, 0, 0, 0, 0, 0, 0, 0, 0, 33, 64, 34, 83, 0, 0, 0, 0, 0, 0, 0, 0, 0, 0, 0, 0, 1, 96, 0, 0, 0, 0, 212, 71, 0, 0, 0, 0, 0, 0, 0, 0, 33, 64, 33, 198, 0, 0, 0, 0, 0, 0, 0, 0, 0, 0, 0, 0, 1, 96, 0, 0, 0, 0, 230, 58, 0, 0, 0, 0, 0, 0, 0, 0, 33, 64, 33, 110, 0, 0, 0, 0, 0, 0, 0, 0, 0, 0, 0, 0, 1, 1, 1, 0, 0, 0, 121, 190, 0, 0, 0, 0, 0, 0, 0, 0, 224, 129, 115, 206, 109, 251, 0, 180, 48, 209, 114, 206, 109, 251, 0, 180, 1, 96, 0, 0, 0, 0, 130, 192, 0, 0, 0, 0, 0, 0, 0, 0, 33, 64, 34, 53, 0, 0, 0, 0, 0, 0, 0, 0, 0, 0, 0, 0, 1, 64, 0, 0, 0, 0, 116, 151, 0, 0, 0, 0, 0, 0, 0, 0, 0, 0, 0, 0, 0, 0, 0,
12-30 11:08:00.125   398   464 I VehiclePropertyStore: Prop wirte value to Store success: {.timestamp = 9015937050739, .areaId = 0, .prop = 557925634, .status = AVAILABLE, .value = {.int32Values = [8515]{33, 65, 69, 2, 0, 0, 0, 0, 0, 0, 0, 0, 0, 0, 0, 0, 1, 96, 0, 0, 0, 0, 47, 206, 0, 0, 0, 0, 0, 0, 0, 0, 33, 64, 34, 81, 0, 0, 0, 0, 0, 0, 0, 0, 0, 0, 0, 0, 1, 96, 0, 0, 0, 0, 121, 73, 0, 0, 0, 0, 0, 0, 0, 0, 33, 64, 33, 217, 0, 0, 0, 0, 0, 0, 0, 0, 0, 0, 0, 0, 1, 96, 0, 0, 0, 0, 75, 52, 0, 0, 0, 0, 0, 0, 0, 0, 33, 64, 34, 83, 0, 0, 0, 0, 0, 0, 0, 0, 0, 0, 0, 0, 1, 96, 0, 0, 0, 0, 212, 71, 0, 0, 0, 0, 0, 0, 0, 0, 33, 64, 33, 198, 0, 0, 0, 0, 0, 0, 0, 0, 0, 0, 0, 0, 1, 96, 0, 0, 0, 0, 230, 58, 0, 0, 0, 0, 0, 0, 0, 0, 33, 64, 33, 110, 0, 0, 0, 0, 0, 0, 0, 0, 0, 0, 0, 0, 1, 1, 1, 0, 0, 0, 121, 190, 0, 0, 0, 0, 0, 0, 0, 0, 224, 129, 115, 206, 109, 251, 0, 180, 48, 209, 114, 206, 109, 251, 0, 180, 1, 96, 0, 0, 0, 0, 130, 192, 0, 0, 0, 0, 0, 0, 0, 0, 33, 64, 34, 53, 0, 0, 0, 0, 0, 0, 0, 0, 0, 0, 0, 0, 1, 64, 0, 0, 0, 0, 116, 151, 0, 0, 0, 0, 0, 0, 0, 0, 0, 0, 0, 0, 0, 0
12-30 11:08:00.129   398   464 I DefaultVehicleHal_v2_0: DefaultVehicleHal::onPropertyValue, value:{.timestamp = 9015937050739, .areaId = 0, .prop = 557925634, .status = AVAILABLE, .value = {.int32Values = [8515]{33, 65, 69, 2, 0, 0, 0, 0, 0, 0, 0, 0, 0, 0, 0, 0, 1, 96, 0, 0, 0, 0, 47, 206, 0, 0, 0, 0, 0, 0, 0, 0, 33, 64, 34, 81, 0, 0, 0, 0, 0, 0, 0, 0, 0, 0, 0, 0, 1, 96, 0, 0, 0, 0, 121, 73, 0, 0, 0, 0, 0, 0, 0, 0, 33, 64, 33, 217, 0, 0, 0, 0, 0, 0, 0, 0, 0, 0, 0, 0, 1, 96, 0, 0, 0, 0, 75, 52, 0, 0, 0, 0, 0, 0, 0, 0, 33, 64, 34, 83, 0, 0, 0, 0, 0, 0, 0, 0, 0, 0, 0, 0, 1, 96, 0, 0, 0, 0, 212, 71, 0, 0, 0, 0, 0, 0, 0, 0, 33, 64, 33, 198, 0, 0, 0, 0, 0, 0, 0, 0, 0, 0, 0, 0, 1, 96, 0, 0, 0, 0, 230, 58, 0, 0, 0, 0, 0, 0, 0, 0, 33, 64, 33, 110, 0, 0, 0, 0, 0, 0, 0, 0, 0, 0, 0, 0, 1, 1, 1, 0, 0, 0, 121, 190, 0, 0, 0, 0, 0, 0, 0, 0, 224, 129, 115, 206, 109, 251, 0, 180, 48, 209, 114, 206, 109, 251, 0, 180, 1, 96, 0, 0, 0, 0, 130, 192, 0, 0, 0, 0, 0, 0, 0, 0, 33, 64, 34, 53, 0, 0, 0, 0, 0, 0, 0, 0, 0, 0, 0, 0, 1, 64, 0, 0, 0, 0, 116, 151, 0, 0, 0, 0, 0, 0, 0, 0, 0, 0, 0, 
12-30 11:08:00.129   398   464 D DiagPropHandler: is not DiagnosticConfig: 0x21414502
12-30 11:08:00.133   398   464 I VehiclePropertyStore: begin to write value to Store: {.timestamp = 9015937050739, .areaId = 0, .prop = 557925634, .status = AVAILABLE, .value = {.int32Values = [8515]{33, 65, 69, 2, 0, 0, 0, 0, 0, 0, 0, 0, 0, 0, 0, 0, 1, 96, 0, 0, 0, 0, 47, 206, 0, 0, 0, 0, 0, 0, 0, 0, 33, 64, 34, 81, 0, 0, 0, 0, 0, 0, 0, 0, 0, 0, 0, 0, 1, 96, 0, 0, 0, 0, 121, 73, 0, 0, 0, 0, 0, 0, 0, 0, 33, 64, 33, 217, 0, 0, 0, 0, 0, 0, 0, 0, 0, 0, 0, 0, 1, 96, 0, 0, 0, 0, 75, 52, 0, 0, 0, 0, 0, 0, 0, 0, 33, 64, 34, 83, 0, 0, 0, 0, 0, 0, 0, 0, 0, 0, 0, 0, 1, 96, 0, 0, 0, 0, 212, 71, 0, 0, 0, 0, 0, 0, 0, 0, 33, 64, 33, 198, 0, 0, 0, 0, 0, 0, 0, 0, 0, 0, 0, 0, 1, 96, 0, 0, 0, 0, 230, 58, 0, 0, 0, 0, 0, 0, 0, 0, 33, 64, 33, 110, 0, 0, 0, 0, 0, 0, 0, 0, 0, 0, 0, 0, 1, 1, 1, 0, 0, 0, 121, 190, 0, 0, 0, 0, 0, 0, 0, 0, 224, 129, 115, 206, 109, 251, 0, 180, 48, 209, 114, 206, 109, 251, 0, 180, 1, 96, 0, 0, 0, 0, 130, 192, 0, 0, 0, 0, 0, 0, 0, 0, 33, 64, 34, 53, 0, 0, 0, 0, 0, 0, 0, 0, 0, 0, 0, 0, 1, 64, 0, 0, 0, 0, 116, 151, 0, 0, 0, 0, 0, 0, 0, 0, 0, 0, 0, 0, 0, 0, 0,
12-30 11:08:00.136   398   464 I VehiclePropertyStore: Prop wirte value to Store success: {.timestamp = 9015937050739, .areaId = 0, .prop = 557925634, .status = AVAILABLE, .value = {.int32Values = [8515]{33, 65, 69, 2, 0, 0, 0, 0, 0, 0, 0, 0, 0, 0, 0, 0, 1, 96, 0, 0, 0, 0, 47, 206, 0, 0, 0, 0, 0, 0, 0, 0, 33, 64, 34, 81, 0, 0, 0, 0, 0, 0, 0, 0, 0, 0, 0, 0, 1, 96, 0, 0, 0, 0, 121, 73, 0, 0, 0, 0, 0, 0, 0, 0, 33, 64, 33, 217, 0, 0, 0, 0, 0, 0, 0, 0, 0, 0, 0, 0, 1, 96, 0, 0, 0, 0, 75, 52, 0, 0, 0, 0, 0, 0, 0, 0, 33, 64, 34, 83, 0, 0, 0, 0, 0, 0, 0, 0, 0, 0, 0, 0, 1, 96, 0, 0, 0, 0, 212, 71, 0, 0, 0, 0, 0, 0, 0, 0, 33, 64, 33, 198, 0, 0, 0, 0, 0, 0, 0, 0, 0, 0, 0, 0, 1, 96, 0, 0, 0, 0, 230, 58, 0, 0, 0, 0, 0, 0, 0, 0, 33, 64, 33, 110, 0, 0, 0, 0, 0, 0, 0, 0, 0, 0, 0, 0, 1, 1, 1, 0, 0, 0, 121, 190, 0, 0, 0, 0, 0, 0, 0, 0, 224, 129, 115, 206, 109, 251, 0, 180, 48, 209, 114, 206, 109, 251, 0, 180, 1, 96, 0, 0, 0, 0, 130, 192, 0, 0, 0, 0, 0, 0, 0, 0, 33, 64, 34, 53, 0, 0, 0, 0, 0, 0, 0, 0, 0, 0, 0, 0, 1, 64, 0, 0, 0, 0, 116, 151, 0, 0, 0, 0, 0, 0, 0, 0, 0, 0, 0, 0, 0, 0
12-30 11:08:00.136   398   464 D adayocomadapter-CommunicationManager: onUpstreamReceive mPropertyId 0x21414502
12-30 11:08:00.139   596  3076 E WifiHAL : Invalid data received from driver
12-30 11:08:00.140  2358  2623 D RcfController: Rcf proxy is not connected!
12-30 11:08:00.140   360   931 D EvsDriver: forwardFrame
12-30 11:08:00.140   360   931 D EvsDriver: forwardFrameDirect
12-30 11:08:00.140   360   931 D EvsDriver: Delivered 0xb400e2ca9e40c7a0 as id 1
12-30 11:08:00.141   359  2784 D evsmanagerd: /dev/video-evs0 forwarded the buffer #1 to 0xb400f125d2b26dd0 from 0xb400f125e2b20710
12-30 11:08:00.144   360   458 D EvsDriver: doneWithFrame
12-30 11:08:00.168   650   729 D fgemcucomm: sd Uart data : 6AA602195700029202F8
12-30 11:08:00.168   650   729 D fgemcucomm: rev uart=74483,len=14, data : 6AA6811957000692020001000074
12-30 11:08:00.168   398   882 D adayocomadapter-ParseProtocolFunc: printRaWMsg Name[MCUToUPstream recv] len[6] data[920200010000]
12-30 11:08:00.168   398   882 D adayocomadapter-CommunicationManager: onUpstreamback   member[0] dataLength[3] timePoint[9015990]
12-30 11:08:00.168   398   882 D adayocomadapter-ParseProtocolFunc: printRaWMsg Name[onUpstreamback] len[3] data[010000]
12-30 11:08:00.168   398   464 D adayocomadapter-UpstreamHandler: processBeforePacket upSreamtProcessTimePoint[9015990] 
12-30 11:08:00.168   398   464 D adayocomadapter-UpstreamHandler: processPacket UPSTREAM_QUEUE_DATA_TIMEOUT
12-30 11:08:00.168   398   464 D adayocomadapter-ParseProtocolFunc: parseCommonIPCLBytes Processing tableNumber[1]
12-30 11:08:00.168   398   464 D adayocomadapter-ParseProtocolFunc: parseCommonIPCLBytes Processing tablename[Table-1] tableSize[3]
12-30 11:08:00.168   398   464 D adayocomadapter-ParseProtocolFunc: printRaWMsg Name[byteStream recv] len[3] data[010000]
12-30 11:08:00.168   398   464 D adayocomadapter-ParseProtocolFunc: printRaWMsg Name[IPCLtoVHAL] len[7] data[21402048000000]
12-30 11:08:00.168   398   464 D adayocomadapter-CommunicationManager: onUpstreamReceive mPropertyId 0x21402048
12-30 11:08:00.168   398   464 D adayocomadapter-CommunicationManager: convertBytesToInt32Memcpy  0
12-30 11:08:00.168   398   464 I vw-vhal : notifyVehicleProperty, propId = 0x21402048, data = {status: 2, int32Values: [0]}
12-30 11:08:00.168   398   464 I vw-vhal : CanSignalsAdapter::notifyVehicleProperty: solvedValue = {.timestamp = 9015990564406, .areaId = 0, .prop = 557850696, .status = AVAILABLE, .value = {.int32Values = [1]{0}, .floatValues = [0]{}, .int64Values = [0]{}, .bytes = [0]{}, .stringValue = ""}}
