12-30 11:07:59.234   398   464 I vw-vhal : CanSignalsAdapter::notifyVehicleProperty: solvedValue = {.timestamp = 9015056756739, .areaId = 0, .prop = 557850635, .status = AVAILABLE, .value = {.int32Values = [1]{0}, .floatValues = [0]{}, .int64Values = [0]{}, .bytes = [0]{}, .stringValue = ""}}
12-30 11:07:59.235   398   464 I VehiclePropertyStore: begin to write value to Store: {.timestamp = 9015056756739, .areaId = 0, .prop = 557850635, .status = AVAILABLE, .value = {.int32Values = [1]{0}, .floatValues = [0]{}, .int64Values = [0]{}, .bytes = [0]{}, .stringValue = ""}}
12-30 11:07:59.235   398   464 I DefaultVehicleHal_v2_0: DefaultVehicleHal::onPropertyValue, value:{.timestamp = 9015056756739, .areaId = 0, .prop = 557850635, .status = AVAILABLE, .value = {.int32Values = [1]{0}, .floatValues = [0]{}, .int64Values = [0]{}, .bytes = [0]{}, .stringValue = ""}}
12-30 11:07:59.235   398   464 D DiagPropHandler: is not DiagnosticConfig: 0x2140200b
12-30 11:07:59.235   398   464 I VehiclePropertyStore: begin to write value to Store: {.timestamp = 9015056756739, .areaId = 0, .prop = 557850635, .status = AVAILABLE, .value = {.int32Values = [1]{0}, .floatValues = [0]{}, .int64Values = [0]{}, .bytes = [0]{}, .stringValue = ""}}
12-30 11:07:59.235  2358  2623 D RcfController: Rcf proxy is not connected!
12-30 11:07:59.235   596  3076 E WifiHAL : Invalid data received from driver
12-30 11:07:59.235   398   464 D adayocomadapter-CommunicationManager: onUpstreamReceive mPropertyId 0x2140200b
12-30 11:07:59.240   360   931 I EvsDriver: /dev/video-evs0 VideoCapture fps 29.9999
12-30 11:07:59.240   360   931 D EvsDriver: forwardFrame
12-30 11:07:59.241   360   931 D EvsDriver: forwardFrameDirect
12-30 11:07:59.241   360   931 D EvsDriver: Delivered 0xb400e2ca9e40c2d0 as id 0
12-30 11:07:59.241   359  2784 D evsmanagerd: /dev/video-evs0 forwarded the buffer #0 to 0xb400f125d2b26dd0 from 0xb400f125e2b20710
12-30 11:07:59.244   360   458 D EvsDriver: doneWithFrame
12-30 11:07:59.253   650   729 D fgemcucomm: sd Uart data : 6AA602194C0002920203
12-30 11:07:59.253   650   729 D fgemcucomm: rev uart=74472,len=17, data : 6AA681194C000992020006000000000077
12-30 11:07:59.254   398   882 D adayocomadapter-ParseProtocolFunc: printRaWMsg Name[MCUToUPstream recv] len[9] data[920200060000000000]
12-30 11:07:59.254   398   882 D adayocomadapter-CommunicationManager: onUpstreamback   member[0] dataLength[6] timePoint[9015076]
12-30 11:07:59.254   398   882 D adayocomadapter-ParseProtocolFunc: printRaWMsg Name[onUpstreamback] len[6] data[060000000000]
12-30 11:07:59.254   398   464 D adayocomadapter-UpstreamHandler: processBeforePacket upSreamtProcessTimePoint[9015076] 
12-30 11:07:59.254   398   464 D adayocomadapter-UpstreamHandler: processPacket UPSTREAM_QUEUE_DATA_TIMEOUT
12-30 11:07:59.254   398   464 D adayocomadapter-ParseProtocolFunc: parseCommonIPCLBytes Processing tableNumber[6]
12-30 11:07:59.254   398   464 D adayocomadapter-ParseProtocolFunc: parseCommonIPCLBytes Processing tablename[Table-6] tableSize[6]
12-30 11:07:59.254   398   464 D adayocomadapter-ParseProtocolFunc: printRaWMsg Name[byteStream recv] len[6] data[060000000000]
12-30 11:07:59.254   398   464 D adayocomadapter-ParseProtocolFunc: printRaWMsg Name[IPCLtoVHAL] len[6] data[214020020000]
12-30 11:07:59.254   398   464 D adayocomadapter-ParseProtocolFunc: printRaWMsg Name[IPCLtoVHAL] len[6] data[214020200000]
12-30 11:07:59.254   398   464 D adayocomadapter-ParseProtocolFunc: printRaWMsg Name[IPCLtoVHAL] len[6] data[214020040000]
12-30 11:07:59.255   398   464 D adayocomadapter-ParseProtocolFunc: printRaWMsg Name[IPCLtoVHAL] len[6] data[214020090000]
12-30 11:07:59.255   398   464 D adayocomadapter-ParseProtocolFunc: printRaWMsg Name[IPCLtoVHAL] len[6] data[214020080000]
12-30 11:07:59.255   398   464 D adayocomadapter-CommunicationManager: onUpstreamReceive mPropertyId 0x21402002
12-30 11:07:59.255   398   464 D adayocomadapter-CommunicationManager: convertBytesToInt32Memcpy  0
12-30 11:07:59.255   398   464 I vw-vhal : notifyVehicleProperty, propId = 0x21402002, data = {status: 2, int32Values: [0]}
12-30 11:07:59.255   398   464 I vw-vhal : CanSignalsAdapter::notifyVehicleProperty: solvedValue = {.timestamp = 9015077199739, .areaId = 0, .prop = 557850626, .status = AVAILABLE, .value = {.int32Values = [1]{0}, .floatValues = [0]{}, .int64Values = [0]{}, .bytes = [0]{}, .stringValue = ""}}
12-30 11:07:59.255   398   464 I VehiclePropertyStore: begin to write value to Store: {.timestamp = 9015077199739, .areaId = 0, .prop = 557850626, .status = AVAILABLE, .value = {.int32Values = [1]{0}, .floatValues = [0]{}, .int64Values = [0]{}, .bytes = [0]{}, .stringValue = ""}}
12-30 11:07:59.255   398   464 I DefaultVehicleHal_v2_0: DefaultVehicleHal::onPropertyValue, value:{.timestamp = 9015077199739, .areaId = 0, .prop = 557850626, .status = AVAILABLE, .value = {.int32Values = [1]{0}, .floatValues = [0]{}, .int64Values = [0]{}, .bytes = [0]{}, .stringValue = ""}}
12-30 11:07:59.255   398   464 D DiagPropHandler: is not DiagnosticConfig: 0x21402002
12-30 11:07:59.255   398   464 I VehiclePropertyStore: begin to write value to Store: {.timestamp = 9015077199739, .areaId = 0, .prop = 557850626, .status = AVAILABLE, .value = {.int32Values = [1]{0}, .floatValues = [0]{}, .int64Values = [0]{}, .bytes = [0]{}, .stringValue = ""}}
12-30 11:07:59.255   398   464 D adayocomadapter-CommunicationManager: onUpstreamReceive mPropertyId 0x21402002
12-30 11:07:59.255   398   464 D adayocomadapter-CommunicationManager: onUpstreamReceive mPropertyId 0x21402020
12-30 11:07:59.255   398   464 D adayocomadapter-CommunicationManager: convertBytesToInt32Memcpy  0
12-30 11:07:59.255   398   464 I vw-vhal : notifyVehicleProperty, propId = 0x21402020, data = {status: 2, int32Values: [0]}
12-30 11:07:59.256   398   464 I vw-vhal : CanSignalsAdapter::notifyVehicleProperty: solvedValue = {.timestamp = 9015077896072, .areaId = 0, .prop = 557850656, .status = AVAILABLE, .value = {.int32Values = [1]{0}, .floatValues = [0]{}, .int64Values = [0]{}, .bytes = [0]{}, .stringValue = ""}}
12-30 11:07:59.256   398   464 I VehiclePropertyStore: begin to write value to Store: {.timestamp = 9015077896072, .areaId = 0, .prop = 557850656, .status = AVAILABLE, .value = {.int32Values = [1]{0}, .floatValues = [0]{}, .int64Values = [0]{}, .bytes = [0]{}, .stringValue = ""}}
12-30 11:07:59.256   398   464 I DefaultVehicleHal_v2_0: DefaultVehicleHal::onPropertyValue, value:{.timestamp = 9015077896072, .areaId = 0, .prop = 557850656, .status = AVAILABLE, .value = {.int32Values = [1]{0}, .floatValues = [0]{}, .int64Values = [0]{}, .bytes = [0]{}, .stringValue = ""}}
12-30 11:07:59.256   398   464 D DiagPropHandler: is not DiagnosticConfig: 0x21402020
12-30 11:07:59.256   398   464 I VehiclePropertyStore: begin to write value to Store: {.timestamp = 9015077896072, .areaId = 0, .prop = 557850656, .status = AVAILABLE, .value = {.int32Values = [1]{0}, .floatValues = [0]{}, .int64Values = [0]{}, .bytes = [0]{}, .stringValue = ""}}
12-30 11:07:59.256   398   464 D adayocomadapter-CommunicationManager: onUpstreamReceive mPropertyId 0x21402020
12-30 11:07:59.256   398   464 D adayocomadapter-CommunicationManager: onUpstreamReceive mPropertyId 0x21402004
12-30 11:07:59.256   398   464 D adayocomadapter-CommunicationManager: convertBytesToInt32Memcpy  0
12-30 11:07:59.256   398   464 I vw-vhal : notifyVehicleProperty, propId = 0x21402004, data = {status: 2, int32Values: [0]}
12-30 11:07:59.256   398   464 I vw-vhal : CanSignalsAdapter::notifyVehicleProperty: solvedValue = {.timestamp = 9015078544406, .areaId = 0, .prop = 557850628, .status = AVAILABLE, .value = {.int32Values = [1]{0}, .floatValues = [0]{}, .int64Values = [0]{}, .bytes = [0]{}, .stringValue = ""}}
12-30 11:07:59.256   398   464 I VehiclePropertyStore: begin to write value to Store: {.timestamp = 9015078544406, .areaId = 0, .prop = 557850628, .status = AVAILABLE, .value = {.int32Values = [1]{0}, .floatValues = [0]{}, .int64Values = [0]{}, .bytes = [0]{}, .stringValue = ""}}
12-30 11:07:59.256   398   464 I DefaultVehicleHal_v2_0: DefaultVehicleHal::onPropertyValue, value:{.timestamp = 9015078544406, .areaId = 0, .prop = 557850628, .status = AVAILABLE, .value = {.int32Values = [1]{0}, .floatValues = [0]{}, .int64Values = [0]{}, .bytes = [0]{}, .stringValue = ""}}
12-30 11:07:59.256   398   464 D DiagPropHandler: is not DiagnosticConfig: 0x21402004
12-30 11:07:59.257   398   464 I VehiclePropertyStore: begin to write value to Store: {.timestamp = 9015078544406, .areaId = 0, .prop = 557850628, .status = AVAILABLE, .value = {.int32Values = [1]{0}, .floatValues = [0]{}, .int64Values = [0]{}, .bytes = [0]{}, .stringValue = ""}}
12-30 11:07:59.257   398   464 D adayocomadapter-CommunicationManager: onUpstreamReceive mPropertyId 0x21402004
12-30 11:07:59.257   398   464 D adayocomadapter-CommunicationManager: onUpstreamReceive mPropertyId 0x21402009
12-30 11:07:59.257   398   464 D adayocomadapter-CommunicationManager: convertBytesToInt32Memcpy  0
12-30 11:07:59.257   398   464 I vw-vhal : notifyVehicleProperty, propId = 0x21402009, data = {status: 2, int32Values: [0]}
12-30 11:07:59.257   398   464 I vw-vhal : CanSignalsAdapter::notifyVehicleProperty: solvedValue = {.timestamp = 9015079234072, .areaId = 0, .prop = 557850633, .status = AVAILABLE, .value = {.int32Values = [1]{0}, .floatValues = [0]{}, .int64Values = [0]{}, .bytes = [0]{}, .stringValue = ""}}
12-30 11:07:59.257   398   464 I VehiclePropertyStore: begin to write value to Store: {.timestamp = 9015079234072, .areaId = 0, .prop = 557850633, .status = AVAILABLE, .value = {.int32Values = [1]{0}, .floatValues = [0]{}, .int64Values = [0]{}, .bytes = [0]{}, .stringValue = ""}}
12-30 11:07:59.257   398   464 I DefaultVehicleHal_v2_0: DefaultVehicleHal::onPropertyValue, value:{.timestamp = 9015079234072, .areaId = 0, .prop = 557850633, .status = AVAILABLE, .value = {.int32Values = [1]{0}, .floatValues = [0]{}, .int64Values = [0]{}, .bytes = [0]{}, .stringValue = ""}}
12-30 11:07:59.257   398   464 D DiagPropHandler: is not DiagnosticConfig: 0x21402009
12-30 11:07:59.257   398   464 I VehiclePropertyStore: begin to write value to Store: {.timestamp = 9015079234072, .areaId = 0, .prop = 557850633, .status = AVAILABLE, .value = {.int32Values = [1]{0}, .floatValues = [0]{}, .int64Values = [0]{}, .bytes = [0]{}, .stringValue = ""}}
12-30 11:07:59.257   398   464 D adayocomadapter-CommunicationManager: onUpstreamReceive mPropertyId 0x21402009
12-30 11:07:59.257   398   464 D adayocomadapter-CommunicationManager: onUpstreamReceive mPropertyId 0x21402008
12-30 11:07:59.257   398   464 D adayocomadapter-CommunicationManager: convertBytesToInt32Memcpy  0
12-30 11:07:59.257   398   464 I vw-vhal : notifyVehicleProperty, propId = 0x21402008, data = {status: 2, int32Values: [0]}
12-30 11:07:59.258   398   464 I vw-vhal : CanSignalsAdapter::notifyVehicleProperty: solvedValue = {.timestamp = 9015079881072, .areaId = 0, .prop = 557850632, .status = AVAILABLE, .value = {.int32Values = [1]{0}, .floatValues = [0]{}, .int64Values = [0]{}, .bytes = [0]{}, .stringValue = ""}}
12-30 11:07:59.258   398   464 I VehiclePropertyStore: begin to write value to Store: {.timestamp = 9015079881072, .areaId = 0, .prop = 557850632, .status = AVAILABLE, .value = {.int32Values = [1]{0}, .floatValues = [0]{}, .int64Values = [0]{}, .bytes = [0]{}, .stringValue = ""}}
12-30 11:07:59.258   398   464 I DefaultVehicleHal_v2_0: DefaultVehicleHal::onPropertyValue, value:{.timestamp = 9015079881072, .areaId = 0, .prop = 557850632, .status = AVAILABLE, .value = {.int32Values = [1]{0}, .floatValues = [0]{}, .int64Values = [0]{}, .bytes = [0]{}, .stringValue = ""}}
12-30 11:07:59.258   398   464 D DiagPropHandler: is not DiagnosticConfig: 0x21402008
12-30 11:07:59.258   398   464 I VehiclePropertyStore: begin to write value to Store: {.timestamp = 9015079881072, .areaId = 0, .prop = 557850632, .status = AVAILABLE, .value = {.int32Values = [1]{0}, .floatValues = [0]{}, .int64Values = [0]{}, .bytes = [0]{}, .stringValue = ""}}
12-30 11:07:59.258   398   464 D adayocomadapter-CommunicationManager: onUpstreamReceive mPropertyId 0x21402008
12-30 11:07:59.274   360   931 D EvsDriver: forwardFrame
12-30 11:07:59.274   360   931 D EvsDriver: forwardFrameDirect
12-30 11:07:59.274   360   931 D EvsDriver: Delivered 0xb400e2ca9e40d090 as id 1
12-30 11:07:59.274   359  2784 D evsmanagerd: /dev/video-evs0 forwarded the buffer #1 to 0xb400f125d2b26dd0 from 0xb400f125e2b20710
12-30 11:07:59.283   650   729 D fgemcucomm: sd Uart data : 6AA602194D0002920202
12-30 11:07:59.284   650   729 D fgemcucomm: rev uart=74473,len=19, data : 6AA681194D000B9202000F000000000000006B
12-30 11:07:59.284   398   882 D adayocomadapter-ParseProtocolFunc: printRaWMsg Name[MCUToUPstream recv] len[11] data[9202000F00000000000000]
12-30 11:07:59.284   398   882 D adayocomadapter-CommunicationManager: onUpstreamback   member[0] dataLength[8] timePoint[9015106]
12-30 11:07:59.284   398   882 D adayocomadapter-ParseProtocolFunc: printRaWMsg Name[onUpstreamback] len[8] data[0F00000000000000]
12-30 11:07:59.284   360   458 D EvsDriver: doneWithFrame
12-30 11:07:59.284   398   464 D adayocomadapter-UpstreamHandler: processBeforePacket upSreamtProcessTimePoint[9015106] 
12-30 11:07:59.284   398   464 D adayocomadapter-UpstreamHandler: processPacket UPSTREAM_QUEUE_DATA_TIMEOUT
12-30 11:07:59.285   398   464 D adayocomadapter-ParseProtocolFunc: parseCommonIPCLBytes Processing tableNumber[15]
12-30 11:07:59.285   398   464 D adayocomadapter-ParseProtocolFunc: parseCommonIPCLBytes Processing tablename[Table-15] tableSize[8]
12-30 11:07:59.285   398   464 D adayocomadapter-ParseProtocolFunc: printRaWMsg Name[byteStream recv] len[8] data[0F00000000000000]
12-30 11:07:59.285   398   464 D adayocomadapter-ParseProtocolFunc: printRaWMsg Name[IPCLtoVHAL] len[6] data[214020F30000]
12-30 11:07:59.285   398   464 D adayocomadapter-ParseProtocolFunc: printRaWMsg Name[IPCLtoVHAL] len[6] data[214020F40000]
12-30 11:07:59.285   398   464 D adayocomadapter-ParseProtocolFunc: printRaWMsg Name[IPCLtoVHAL] len[6] data[214020F50000]
12-30 11:07:59.285   398   464 D adayocomadapter-ParseProtocolFunc: printRaWMsg Name[IPCLtoVHAL] len[6] data[214020F60000]
12-30 11:07:59.285   398   464 D adayocomadapter-ParseProtocolFunc: printRaWMsg Name[IPCLtoVHAL] len[6] data[214020F70000]
12-30 11:07:59.285   398   464 D adayocomadapter-ParseProtocolFunc: printRaWMsg Name[IPCLtoVHAL] len[6] data[214020F80000]
12-30 11:07:59.285   398   464 D adayocomadapter-ParseProtocolFunc: printRaWMsg Name[IPCLtoVHAL] len[6] data[214020F90000]
12-30 11:07:59.285   398   464 D adayocomadapter-CommunicationManager: onUpstreamReceive mPropertyId 0x214020f3
12-30 11:07:59.285   398   464 D adayocomadapter-CommunicationManager: convertBytesToInt32Memcpy  0
12-30 11:07:59.285   398   464 I vw-vhal : notifyVehicleProperty, propId = 0x214020f3, data = {status: 2, int32Values: [0]}
12-30 11:07:59.285  2358  2623 D RcfController: Rcf proxy is not connected!
12-30 11:07:59.285   398   464 I vw-vhal : CanSignalsAdapter::notifyVehicleProperty: solvedValue = {.timestamp = 9015107774072, .areaId = 0, .prop = 557850867, .status = AVAILABLE, .value = {.int32Values = [1]{0}, .floatValues = [0]{}, .int64Values = [0]{}, .bytes = [0]{}, .stringValue = ""}}
12-30 11:07:59.286   398   464 I VehiclePropertyStore: begin to write value to Store: {.timestamp = 9015107774072, .areaId = 0, .prop = 557850867, .status = AVAILABLE, .value = {.int32Values = [1]{0}, .floatValues = [0]{}, .int64Values = [0]{}, .bytes = [0]{}, .stringValue = ""}}
12-30 11:07:59.286   398   464 I DefaultVehicleHal_v2_0: DefaultVehicleHal::onPropertyValue, value:{.timestamp = 9015107774072, .areaId = 0, .prop = 557850867, .status = AVAILABLE, .value = {.int32Values = [1]{0}, .floatValues = [0]{}, .int64Values = [0]{}, .bytes = [0]{}, .stringValue = ""}}
12-30 11:07:59.286   398   464 D DiagPropHandler: is not DiagnosticConfig: 0x214020f3
12-30 11:07:59.286   398   464 I VehiclePropertyStore: begin to write value to Store: {.timestamp = 9015107774072, .areaId = 0, .prop = 557850867, .status = AVAILABLE, .value = {.int32Values = [1]{0}, .floatValues = [0]{}, .int64Values = [0]{}, .bytes = [0]{}, .stringValue = ""}}
12-30 11:07:59.286   398   464 D adayocomadapter-CommunicationManager: onUpstreamReceive mPropertyId 0x214020f3
12-30 11:07:59.286   398   464 D adayocomadapter-CommunicationManager: onUpstreamReceive mPropertyId 0x214020f4
12-30 11:07:59.286   398   464 D adayocomadapter-CommunicationManager: convertBytesToInt32Memcpy  0
12-30 11:07:59.286   398   464 I vw-vhal : notifyVehicleProperty, propId = 0x214020f4, data = {status: 2, int32Values: [0]}
12-30 11:07:59.286   398   464 I vw-vhal : CanSignalsAdapter::notifyVehicleProperty: solvedValue = {.timestamp = 9015108572406, .areaId = 0, .prop = 557850868, .status = AVAILABLE, .value = {.int32Values = [1]{0}, .floatValues = [0]{}, .int64Values = [0]{}, .bytes = [0]{}, .stringValue = ""}}
12-30 11:07:59.286   398   464 I VehiclePropertyStore: begin to write value to Store: {.timestamp = 9015108572406, .areaId = 0, .prop = 557850868, .status = AVAILABLE, .value = {.int32Values = [1]{0}, .floatValues = [0]{}, .int64Values = [0]{}, .bytes = [0]{}, .stringValue = ""}}
12-30 11:07:59.286   398   464 I DefaultVehicleHal_v2_0: DefaultVehicleHal::onPropertyValue, value:{.timestamp = 9015108572406, .areaId = 0, .prop = 557850868, .status = AVAILABLE, .value = {.int32Values = [1]{0}, .floatValues = [0]{}, .int64Values = [0]{}, .bytes = [0]{}, .stringValue = ""}}
12-30 11:07:59.287   398   464 D DiagPropHandler: is not DiagnosticConfig: 0x214020f4
12-30 11:07:59.287   398   464 I VehiclePropertyStore: begin to write value to Store: {.timestamp = 9015108572406, .areaId = 0, .prop = 557850868, .status = AVAILABLE, .value = {.int32Values = [1]{0}, .floatValues = [0]{}, .int64Values = [0]{}, .bytes = [0]{}, .stringValue = ""}}
12-30 11:07:59.287   398   464 D adayocomadapter-CommunicationManager: onUpstreamReceive mPropertyId 0x214020f4
12-30 11:07:59.287   398   464 D adayocomadapter-CommunicationManager: onUpstreamReceive mPropertyId 0x214020f5
12-30 11:07:59.287   398   464 D adayocomadapter-CommunicationManager: convertBytesToInt32Memcpy  0
12-30 11:07:59.287   398   464 I vw-vhal : notifyVehicleProperty, propId = 0x214020f5, data = {status: 2, int32Values: [0]}
12-30 11:07:59.287   398   464 I vw-vhal : CanSignalsAdapter::notifyVehicleProperty: solvedValue = {.timestamp = 9015109280739, .areaId = 0, .prop = 557850869, .status = AVAILABLE, .value = {.int32Values = [1]{0}, .floatValues = [0]{}, .int64Values = [0]{}, .bytes = [0]{}, .stringValue = ""}}
12-30 11:07:59.287   398   464 I VehiclePropertyStore: begin to write value to Store: {.timestamp = 9015109280739, .areaId = 0, .prop = 557850869, .status = AVAILABLE, .value = {.int32Values = [1]{0}, .floatValues = [0]{}, .int64Values = [0]{}, .bytes = [0]{}, .stringValue = ""}}
12-30 11:07:59.287   398   464 I DefaultVehicleHal_v2_0: DefaultVehicleHal::onPropertyValue, value:{.timestamp = 9015109280739, .areaId = 0, .prop = 557850869, .status = AVAILABLE, .value = {.int32Values = [1]{0}, .floatValues = [0]{}, .int64Values = [0]{}, .bytes = [0]{}, .stringValue = ""}}
12-30 11:07:59.287   398   464 D DiagPropHandler: is not DiagnosticConfig: 0x214020f5
12-30 11:07:59.287   398   464 I VehiclePropertyStore: begin to write value to Store: {.timestamp = 9015109280739, .areaId = 0, .prop = 557850869, .status = AVAILABLE, .value = {.int32Values = [1]{0}, .floatValues = [0]{}, .int64Values = [0]{}, .bytes = [0]{}, .stringValue = ""}}
12-30 11:07:59.287   398   464 D adayocomadapter-CommunicationManager: onUpstreamReceive mPropertyId 0x214020f5
12-30 11:07:59.287   398   464 D adayocomadapter-CommunicationManager: onUpstreamReceive mPropertyId 0x214020f6
12-30 11:07:59.287   398   464 D adayocomadapter-CommunicationManager: convertBytesToInt32Memcpy  0
12-30 11:07:59.288   398   464 I vw-vhal : notifyVehicleProperty, propId = 0x214020f6, data = {status: 2, int32Values: [0]}
12-30 11:07:59.288   398   464 I vw-vhal : CanSignalsAdapter::notifyVehicleProperty: solvedValue = {.timestamp = 9015109981406, .areaId = 0, .prop = 557850870, .status = AVAILABLE, .value = {.int32Values = [1]{0}, .floatValues = [0]{}, .int64Values = [0]{}, .bytes = [0]{}, .stringValue = ""}}
12-30 11:07:59.288   398   464 I VehiclePropertyStore: begin to write value to Store: {.timestamp = 9015109981406, .areaId = 0, .prop = 557850870, .status = AVAILABLE, .value = {.int32Values = [1]{0}, .floatValues = [0]{}, .int64Values = [0]{}, .bytes = [0]{}, .stringValue = ""}}
12-30 11:07:59.288   398   464 I DefaultVehicleHal_v2_0: DefaultVehicleHal::onPropertyValue, value:{.timestamp = 9015109981406, .areaId = 0, .prop = 557850870, .status = AVAILABLE, .value = {.int32Values = [1]{0}, .floatValues = [0]{}, .int64Values = [0]{}, .bytes = [0]{}, .stringValue = ""}}
12-30 11:07:59.288   398   464 D DiagPropHandler: is not DiagnosticConfig: 0x214020f6
12-30 11:07:59.288   398   464 I VehiclePropertyStore: begin to write value to Store: {.timestamp = 9015109981406, .areaId = 0, .prop = 557850870, .status = AVAILABLE, .value = {.int32Values = [1]{0}, .floatValues = [0]{}, .int64Values = [0]{}, .bytes = [0]{}, .stringValue = ""}}
12-30 11:07:59.288   398   464 D adayocomadapter-CommunicationManager: onUpstreamReceive mPropertyId 0x214020f6
12-30 11:07:59.288   398   464 D adayocomadapter-CommunicationManager: onUpstreamReceive mPropertyId 0x214020f7
12-30 11:07:59.288   398   464 D adayocomadapter-CommunicationManager: convertBytesToInt32Memcpy  0
12-30 11:07:59.288   398   464 I vw-vhal : notifyVehicleProperty, propId = 0x214020f7, data = {status: 2, int32Values: [0]}
12-30 11:07:59.288   398   464 I vw-vhal : CanSignalsAdapter::notifyVehicleProperty: solvedValue = {.timestamp = 9015110697406, .areaId = 0, .prop = 557850871, .status = AVAILABLE, .value = {.int32Values = [1]{0}, .floatValues = [0]{}, .int64Values = [0]{}, .bytes = [0]{}, .stringValue = ""}}
12-30 11:07:59.288   398   464 I VehiclePropertyStore: begin to write value to Store: {.timestamp = 9015110697406, .areaId = 0, .prop = 557850871, .status = AVAILABLE, .value = {.int32Values = [1]{0}, .floatValues = [0]{}, .int64Values = [0]{}, .bytes = [0]{}, .stringValue = ""}}
12-30 11:07:59.289   398   464 I DefaultVehicleHal_v2_0: DefaultVehicleHal::onPropertyValue, value:{.timestamp = 9015110697406, .areaId = 0, .prop = 557850871, .status = AVAILABLE, .value = {.int32Values = [1]{0}, .floatValues = [0]{}, .int64Values = [0]{}, .bytes = [0]{}, .stringValue = ""}}
12-30 11:07:59.289   398   464 D DiagPropHandler: is not DiagnosticConfig: 0x214020f7
12-30 11:07:59.289   398   464 I VehiclePropertyStore: begin to write value to Store: {.timestamp = 9015110697406, .areaId = 0, .prop = 557850871, .status = AVAILABLE, .value = {.int32Values = [1]{0}, .floatValues = [0]{}, .int64Values = [0]{}, .bytes = [0]{}, .stringValue = ""}}
12-30 11:07:59.289   398   464 D adayocomadapter-CommunicationManager: onUpstreamReceive mPropertyId 0x214020f7
12-30 11:07:59.289   398   464 D adayocomadapter-CommunicationManager: onUpstreamReceive mPropertyId 0x214020f8
12-30 11:07:59.289   398   464 D adayocomadapter-CommunicationManager: convertBytesToInt32Memcpy  0
12-30 11:07:59.289   398   464 I vw-vhal : notifyVehicleProperty, propId = 0x214020f8, data = {status: 2, int32Values: [0]}
12-30 11:07:59.289   398   464 I vw-vhal : CanSignalsAdapter::notifyVehicleProperty: solvedValue = {.timestamp = 9015111383406, .areaId = 0, .prop = 557850872, .status = AVAILABLE, .value = {.int32Values = [1]{0}, .floatValues = [0]{}, .int64Values = [0]{}, .bytes = [0]{}, .stringValue = ""}}
12-30 11:07:59.289   398   464 I VehiclePropertyStore: begin to write value to Store: {.timestamp = 9015111383406, .areaId = 0, .prop = 557850872, .status = AVAILABLE, .value = {.int32Values = [1]{0}, .floatValues = [0]{}, .int64Values = [0]{}, .bytes = [0]{}, .stringValue = ""}}
12-30 11:07:59.289   398   464 I DefaultVehicleHal_v2_0: DefaultVehicleHal::onPropertyValue, value:{.timestamp = 9015111383406, .areaId = 0, .prop = 557850872, .status = AVAILABLE, .value = {.int32Values = [1]{0}, .floatValues = [0]{}, .int64Values = [0]{}, .bytes = [0]{}, .stringValue = ""}}
12-30 11:07:59.289   398   464 D DiagPropHandler: is not DiagnosticConfig: 0x214020f8
12-30 11:07:59.289   398   464 I VehiclePropertyStore: begin to write value to Store: {.timestamp = 9015111383406, .areaId = 0, .prop = 557850872, .status = AVAILABLE, .value = {.int32Values = [1]{0}, .floatValues = [0]{}, .int64Values = [0]{}, .bytes = [0]{}, .stringValue = ""}}
12-30 11:07:59.290   398   464 D adayocomadapter-CommunicationManager: onUpstreamReceive mPropertyId 0x214020f8
12-30 11:07:59.290   398   464 D adayocomadapter-CommunicationManager: onUpstreamReceive mPropertyId 0x214020f9
12-30 11:07:59.290   398   464 D adayocomadapter-CommunicationManager: convertBytesToInt32Memcpy  0
12-30 11:07:59.290   398   464 I vw-vhal : notifyVehicleProperty, propId = 0x214020f9, data = {status: 2, int32Values: [0]}
12-30 11:07:59.290   398   464 I vw-vhal : CanSignalsAdapter::notifyVehicleProperty: solvedValue = {.timestamp = 9015112138072, .areaId = 0, .prop = 557850873, .status = AVAILABLE, .value = {.int32Values = [1]{0}, .floatValues = [0]{}, .int64Values = [0]{}, .bytes = [0]{}, .stringValue = ""}}
12-30 11:07:59.290   398   464 I VehiclePropertyStore: begin to write value to Store: {.timestamp = 9015112138072, .areaId = 0, .prop = 557850873, .status = AVAILABLE, .value = {.int32Values = [1]{0}, .floatValues = [0]{}, .int64Values = [0]{}, .bytes = [0]{}, .stringValue = ""}}
12-30 11:07:59.290   398   464 I DefaultVehicleHal_v2_0: DefaultVehicleHal::onPropertyValue, value:{.timestamp = 9015112138072, .areaId = 0, .prop = 557850873, .status = AVAILABLE, .value = {.int32Values = [1]{0}, .floatValues = [0]{}, .int64Values = [0]{}, .bytes = [0]{}, .stringValue = ""}}
12-30 11:07:59.290   398   464 D DiagPropHandler: is not DiagnosticConfig: 0x214020f9
12-30 11:07:59.290   398   464 I VehiclePropertyStore: begin to write value to Store: {.timestamp = 9015112138072, .areaId = 0, .prop = 557850873, .status = AVAILABLE, .value = {.int32Values = [1]{0}, .floatValues = [0]{}, .int64Values = [0]{}, .bytes = [0]{}, .stringValue = ""}}
12-30 11:07:59.290   398   464 D adayocomadapter-CommunicationManager: onUpstreamReceive mPropertyId 0x214020f9
12-30 11:07:59.297   596  3076 E WifiHAL : Invalid data received from driver
12-30 11:07:59.307   360   931 D EvsDriver: forwardFrame
12-30 11:07:59.307   360   931 D EvsDriver: forwardFrameDirect
12-30 11:07:59.307   360   931 D EvsDriver: Delivered 0xb400e2ca9e40e110 as id 0
12-30 11:07:59.308   359  2784 D evsmanagerd: /dev/video-evs0 forwarded the buffer #0 to 0xb400f125d2b26dd0 from 0xb400f125e2b20710
12-30 11:07:59.315   360   458 D EvsDriver: doneWithFrame
12-30 11:07:59.336  2358  2623 D RcfController: Rcf proxy is not connected!
12-30 11:07:59.340   360   931 D EvsDriver: forwardFrame
12-30 11:07:59.340   360   931 D EvsDriver: forwardFrameDirect
12-30 11:07:59.341   360   931 D EvsDriver: Delivered 0xb400e2ca9e40c7a0 as id 1
12-30 11:07:59.341   359  2784 D evsmanagerd: /dev/video-evs0 forwarded the buffer #1 to 0xb400f125d2b26dd0 from 0xb400f125e2b20710
12-30 11:07:59.345   360   458 D EvsDriver: doneWithFrame
12-30 11:07:59.362  1667  2410 I media_message_log->MediaMessageUserProxy: (SourceFile:1)b connectToService action bind
12-30 11:07:59.363   916  3726 W ActivityManager: Unable to start service Intent { cmp=com.adayo.server.mediamessagetransfer/.MediaMessTransferService (has extras) } U=0: not found
12-30 11:07:59.363  1667  2410 E media_message_log->MediaMessageUserProxy: (SourceFile:7)a bindServiceAsUser isBound = false
12-30 11:07:59.374   360   931 D EvsDriver: forwardFrame
12-30 11:07:59.374   596  3076 E WifiHAL : Invalid data received from driver
12-30 11:07:59.374   360   931 D EvsDriver: forwardFrameDirect
12-30 11:07:59.374   360   931 D EvsDriver: Delivered 0xb400e2ca9e40e270 as id 0
12-30 11:07:59.374   359  2784 D evsmanagerd: /dev/video-evs0 forwarded the buffer #0 to 0xb400f125d2b26dd0 from 0xb400f125e2b20710
12-30 11:07:59.375   360   458 D EvsDriver: doneWithFrame
12-30 11:07:59.382  2475  2681 I TtsServiceAgent: check thread start checking, threadId = 29
12-30 11:07:59.382  2475  2681 D TtsServiceAgent: start bind service...
12-30 11:07:59.382  2475  2681 D TtsServiceAgent: ----->initService, usage = 16
12-30 11:07:59.382  2475  2681 W ContextImpl: Calling a method in the system process without a qualified user: android.app.ContextImpl.bindService:1988 android.content.ContextWrapper.bindService:861 com.iflytek.autofly.ttsaidl.ttsproxy.TtsServiceAgent.initService:189 com.iflytek.autofly.ttsaidl.ttsproxy.TtsServiceAgent.initService:133 com.iflytek.autofly.ttsaidl.ttsproxy.TtsServiceAgent$2.run:517 
12-30 11:07:59.383   916  3726 W ActivityManager: Unable to start service Intent { act=com.iflytek.autofly.tts.ttsservice.TtsAdapterService cmp=com.iflytek.cutefly.speechclient.hmi/com.iflytek.autofly.tts.ttsservice.TtsAdapterService } U=0: not found
12-30 11:07:59.383  2475  2681 D TtsServiceAgent: bindService: false
12-30 11:07:59.384  2475  2681 D TtsServiceAgent: start reInitService
12-30 11:07:59.384  2475  2681 D TtsServiceAgent: aidlCheckThreadRunning = true
12-30 11:07:59.384  2475  2681 D TtsServiceAgent: ----->check connection status in 1000s...
12-30 11:07:59.386  2358  2623 D RcfController: Rcf proxy is not connected!
12-30 11:07:59.407   360   931 D EvsDriver: forwardFrame
12-30 11:07:59.407   360   931 D EvsDriver: forwardFrameDirect
12-30 11:07:59.407   360   931 D EvsDriver: Delivered 0xb400e2ca9e40d4b0 as id 1
12-30 11:07:59.408   359  2784 D evsmanagerd: /dev/video-evs0 forwarded the buffer #1 to 0xb400f125d2b26dd0 from 0xb400f125e2b20710
12-30 11:07:59.414  1582  3078 I c       : checkService in back thread add: adayo.upgrade.v2.0
12-30 11:07:59.415   650   729 D fgemcucomm: sd Uart data : 6AA602194E0002920201
12-30 11:07:59.415  1582  3078 E upgradeApp_251223_V1  l: d(null:11)pre->c(null:23)-> serviceBinder is null
12-30 11:07:59.415  1582  3078 W c       : doBindService in back thread fail: adayo.upgrade.v2.0
12-30 11:07:59.416   650   729 D fgemcucomm: rev uart=74474,len=43, data : 6AA681194E002392020014000000000000000000000000000000000000000000000000000000000000004D
12-30 11:07:59.416   360   458 D EvsDriver: doneWithFrame
12-30 11:07:59.416   398   882 D adayocomadapter-ParseProtocolFunc: printRaWMsg Name[MCUToUPstream recv] len[35] data[9202001400000000000000000000000000000000000000000000000000000000000000]
12-30 11:07:59.416   398   882 D adayocomadapter-CommunicationManager: onUpstreamback   member[0] dataLength[32] timePoint[9015238]
12-30 11:07:59.416   398   882 D adayocomadapter-ParseProtocolFunc: printRaWMsg Name[onUpstreamback] len[32] data[1400000000000000000000000000000000000000000000000000000000000000]
12-30 11:07:59.416   398   464 D adayocomadapter-UpstreamHandler: processBeforePacket upSreamtProcessTimePoint[9015238] 
12-30 11:07:59.416   398   464 D adayocomadapter-UpstreamHandler: processPacket UPSTREAM_QUEUE_DATA_TIMEOUT
12-30 11:07:59.417   398   464 D adayocomadapter-ParseProtocolFunc: parseCommonIPCLBytes Processing tableNumber[20]
12-30 11:07:59.417   398   464 D adayocomadapter-ParseProtocolFunc: parseCommonIPCLBytes Processing tablename[Table-20] tableSize[32]
12-30 11:07:59.417   398   464 D adayocomadapter-ParseProtocolFunc: printRaWMsg Name[byteStream recv] len[32] data[1400000000000000000000000000000000000000000000000000000000000000]
12-30 11:07:59.417   398   464 D adayocomadapter-ParseProtocolFunc: printRaWMsg Name[IPCLtoVHAL] len[6] data[2140200F0000]
12-30 11:07:59.417   398   464 D adayocomadapter-ParseProtocolFunc: printRaWMsg Name[IPCLtoVHAL] len[6] data[214020B00000]
12-30 11:07:59.417   398   464 D adayocomadapter-ParseProtocolFunc: printRaWMsg Name[IPCLtoVHAL] len[8] data[2141201601000000]
12-30 11:07:59.417   398   464 D adayocomadapter-ParseProtocolFunc: printRaWMsg Name[IPCLtoVHAL] len[6] data[214020590000]
12-30 11:07:59.417   398   464 D adayocomadapter-ParseProtocolFunc: printRaWMsg Name[IPCLtoVHAL] len[6] data[2140201A0000]
12-30 11:07:59.417   398   464 D adayocomadapter-ParseProtocolFunc: printRaWMsg Name[IPCLtoVHAL] len[6] data[214020100000]
12-30 11:07:59.417   398   464 D adayocomadapter-ParseProtocolFunc: printRaWMsg Name[IPCLtoVHAL] len[6] data[214020550000]
12-30 11:07:59.417   398   464 D adayocomadapter-ParseProtocolFunc: printRaWMsg Name[IPCLtoVHAL] len[6] data[214020B10000]
12-30 11:07:59.417   398   464 D adayocomadapter-ParseProtocolFunc: printRaWMsg Name[IPCLtoVHAL] len[6] data[2140201B0000]
12-30 11:07:59.417   398   464 D adayocomadapter-ParseProtocolFunc: printRaWMsg Name[IPCLtoVHAL] len[6] data[214020180000]
12-30 11:07:59.417   398   464 D adayocomadapter-ParseProtocolFunc: printRaWMsg Name[IPCLtoVHAL] len[6] data[214021900000]
12-30 11:07:59.417   398   464 D adayocomadapter-ParseProtocolFunc: printRaWMsg Name[IPCLtoVHAL] len[6] data[214020210000]
12-30 11:07:59.417   398   464 D adayocomadapter-ParseProtocolFunc: printRaWMsg Name[IPCLtoVHAL] len[6] data[214021C80000]
12-30 11:07:59.418   398   464 D adayocomadapter-ParseProtocolFunc: printRaWMsg Name[IPCLtoVHAL] len[7] data[2140200A000000]
12-30 11:07:59.418   398   464 D adayocomadapter-ParseProtocolFunc: printRaWMsg Name[IPCLtoVHAL] len[6] data[2140223E0000]
12-30 11:07:59.418   398   464 D adayocomadapter-ParseProtocolFunc: printRaWMsg Name[IPCLtoVHAL] len[6] data[214021190000]
12-30 11:07:59.418   398   464 D adayocomadapter-ParseProtocolFunc: printRaWMsg Name[IPCLtoVHAL] len[6] data[214020050000]
12-30 11:07:59.418   398   464 D adayocomadapter-ParseProtocolFunc: printRaWMsg Name[IPCLtoVHAL] len[6] data[2140214E0000]
12-30 11:07:59.418   398   464 D adayocomadapter-ParseProtocolFunc: printRaWMsg Name[IPCLtoVHAL] len[6] data[214020560000]
12-30 11:07:59.418   398   464 D adayocomadapter-ParseProtocolFunc: printRaWMsg Name[IPCLtoVHAL] len[6] data[214020570000]
12-30 11:07:59.418   398   464 D adayocomadapter-ParseProtocolFunc: printRaWMsg Name[IPCLtoVHAL] len[6] data[214020580000]
12-30 11:07:59.418   398   464 D adayocomadapter-ParseProtocolFunc: printRaWMsg Name[IPCLtoVHAL] len[6] data[2140205A0000]
12-30 11:07:59.418   398   464 D adayocomadapter-ParseProtocolFunc: printRaWMsg Name[IPCLtoVHAL] len[6] data[2140205B0000]
12-30 11:07:59.418   398   464 D adayocomadapter-ParseProtocolFunc: printRaWMsg Name[IPCLtoVHAL] len[6] data[2140205C0000]
12-30 11:07:59.418   398   464 D adayocomadapter-ParseProtocolFunc: printRaWMsg Name[IPCLtoVHAL] len[6] data[2140218E0000]
12-30 11:07:59.418   398   464 D adayocomadapter-ParseProtocolFunc: printRaWMsg Name[IPCLtoVHAL] len[6] data[2140218F0000]
12-30 11:07:59.418   398   464 D adayocomadapter-ParseProtocolFunc: printRaWMsg Name[IPCLtoVHAL] len[6] data[214021910000]
12-30 11:07:59.418   398   464 D adayocomadapter-ParseProtocolFunc: printRaWMsg Name[IPCLtoVHAL] len[6] data[2140223D0000]
12-30 11:07:59.418   398   464 D adayocomadapter-CommunicationManager: onUpstreamReceive mPropertyId 0x2140200f
12-30 11:07:59.418   398   464 D adayocomadapter-CommunicationManager: convertBytesToInt32Memcpy  0
12-30 11:07:59.419   398   464 I vw-vhal : notifyVehicleProperty, propId = 0x2140200f, data = {status: 2, int32Values: [0]}
12-30 11:07:59.419   398   464 I vw-vhal : CanSignalsAdapter::notifyVehicleProperty: solvedValue = {.timestamp = 9015240953072, .areaId = 0, .prop = 557850639, .status = AVAILABLE, .value = {.int32Values = [1]{0}, .floatValues = [0]{}, .int64Values = [0]{}, .bytes = [0]{}, .stringValue = ""}}
12-30 11:07:59.419   398   464 I VehiclePropertyStore: begin to write value to Store: {.timestamp = 9015240953072, .areaId = 0, .prop = 557850639, .status = AVAILABLE, .value = {.int32Values = [1]{0}, .floatValues = [0]{}, .int64Values = [0]{}, .bytes = [0]{}, .stringValue = ""}}
12-30 11:07:59.419   398   464 I DefaultVehicleHal_v2_0: DefaultVehicleHal::onPropertyValue, value:{.timestamp = 9015240953072, .areaId = 0, .prop = 557850639, .status = AVAILABLE, .value = {.int32Values = [1]{0}, .floatValues = [0]{}, .int64Values = [0]{}, .bytes = [0]{}, .stringValue = ""}}
12-30 11:07:59.419   398   464 D DiagPropHandler: is not DiagnosticConfig: 0x2140200f
12-30 11:07:59.419   398   464 I VehiclePropertyStore: begin to write value to Store: {.timestamp = 9015240953072, .areaId = 0, .prop = 557850639, .status = AVAILABLE, .value = {.int32Values = [1]{0}, .floatValues = [0]{}, .int64Values = [0]{}, .bytes = [0]{}, .stringValue = ""}}
12-30 11:07:59.419   398   464 D adayocomadapter-CommunicationManager: onUpstreamReceive mPropertyId 0x2140200f
12-30 11:07:59.419   398   464 D adayocomadapter-CommunicationManager: onUpstreamReceive mPropertyId 0x214020b0
12-30 11:07:59.419   398   464 D adayocomadapter-CommunicationManager: convertBytesToInt32Memcpy  0
12-30 11:07:59.419   398   464 I vw-vhal : notifyVehicleProperty, propId = 0x214020b0, data = {status: 2, int32Values: [0]}
12-30 11:07:59.419   398   464 I vw-vhal : CanSignalsAdapter::notifyVehicleProperty: solvedValue = {.timestamp = 9015241637739, .areaId = 0, .prop = 557850800, .status = AVAILABLE, .value = {.int32Values = [1]{0}, .floatValues = [0]{}, .int64Values = [0]{}, .bytes = [0]{}, .stringValue = ""}}
12-30 11:07:59.419   398   464 I VehiclePropertyStore: begin to write value to Store: {.timestamp = 9015241637739, .areaId = 0, .prop = 557850800, .status = AVAILABLE, .value = {.int32Values = [1]{0}, .floatValues = [0]{}, .int64Values = [0]{}, .bytes = [0]{}, .stringValue = ""}}
12-30 11:07:59.420   398   464 I DefaultVehicleHal_v2_0: DefaultVehicleHal::onPropertyValue, value:{.timestamp = 9015241637739, .areaId = 0, .prop = 557850800, .status = AVAILABLE, .value = {.int32Values = [1]{0}, .floatValues = [0]{}, .int64Values = [0]{}, .bytes = [0]{}, .stringValue = ""}}
12-30 11:07:59.420   398   464 D DiagPropHandler: is not DiagnosticConfig: 0x214020b0
12-30 11:07:59.420   398   464 I VehiclePropertyStore: begin to write value to Store: {.timestamp = 9015241637739, .areaId = 0, .prop = 557850800, .status = AVAILABLE, .value = {.int32Values = [1]{0}, .floatValues = [0]{}, .int64Values = [0]{}, .bytes = [0]{}, .stringValue = ""}}
12-30 11:07:59.420   398   464 D adayocomadapter-CommunicationManager: onUpstreamReceive mPropertyId 0x214020b0
12-30 11:07:59.420   398   464 D adayocomadapter-CommunicationManager: onUpstreamReceive mPropertyId 0x21412016
12-30 11:07:59.420   398   464 I vw-vhal : notifyVehicleProperty, propId = 0x21412016, data = {status: 2, int32Values: [0, 0, 0]}
12-30 11:07:59.420   398   464 I vw-vhal : CanSignalsAdapter::notifyVehicleProperty: solvedValue = {.timestamp = 9015242276739, .areaId = 0, .prop = 557916182, .status = AVAILABLE, .value = {.int32Values = [3]{0, 0, 0}, .floatValues = [0]{}, .int64Values = [0]{}, .bytes = [0]{}, .stringValue = ""}}
12-30 11:07:59.420   398   464 I VehiclePropertyStore: begin to write value to Store: {.timestamp = 9015242276739, .areaId = 0, .prop = 557916182, .status = AVAILABLE, .value = {.int32Values = [3]{0, 0, 0}, .floatValues = [0]{}, .int64Values = [0]{}, .bytes = [0]{}, .stringValue = ""}}
12-30 11:07:59.420   398   464 I DefaultVehicleHal_v2_0: DefaultVehicleHal::onPropertyValue, value:{.timestamp = 9015242276739, .areaId = 0, .prop = 557916182, .status = AVAILABLE, .value = {.int32Values = [3]{0, 0, 0}, .floatValues = [0]{}, .int64Values = [0]{}, .bytes = [0]{}, .stringValue = ""}}
12-30 11:07:59.420   398   464 D DiagPropHandler: is not DiagnosticConfig: 0x21412016
12-30 11:07:59.420   398   464 I VehiclePropertyStore: begin to write value to Store: {.timestamp = 9015242276739, .areaId = 0, .prop = 557916182, .status = AVAILABLE, .value = {.int32Values = [3]{0, 0, 0}, .floatValues = [0]{}, .int64Values = [0]{}, .bytes = [0]{}, .stringValue = ""}}
12-30 11:07:59.420   398   464 D adayocomadapter-CommunicationManager: onUpstreamReceive mPropertyId 0x21412016
12-30 11:07:59.420   398   464 D adayocomadapter-CommunicationManager: onUpstreamReceive mPropertyId 0x21402059
12-30 11:07:59.421   398   464 D adayocomadapter-CommunicationManager: convertBytesToInt32Memcpy  0
12-30 11:07:59.421   398   464 I vw-vhal : notifyVehicleProperty, propId = 0x21402059, data = {status: 2, int32Values: [0]}
12-30 11:07:59.421   398   464 I vw-vhal : CanSignalsAdapter::notifyVehicleProperty: solvedValue = {.timestamp = 9015242987406, .areaId = 0, .prop = 557850713, .status = AVAILABLE, .value = {.int32Values = [1]{0}, .floatValues = [0]{}, .int64Values = [0]{}, .bytes = [0]{}, .stringValue = ""}}
12-30 11:07:59.421   398   464 I VehiclePropertyStore: begin to write value to Store: {.timestamp = 9015242987406, .areaId = 0, .prop = 557850713, .status = AVAILABLE, .value = {.int32Values = [1]{0}, .floatValues = [0]{}, .int64Values = [0]{}, .bytes = [0]{}, .stringValue = ""}}
12-30 11:07:59.421   398   464 I DefaultVehicleHal_v2_0: DefaultVehicleHal::onPropertyValue, value:{.timestamp = 9015242987406, .areaId = 0, .prop = 557850713, .status = AVAILABLE, .value = {.int32Values = [1]{0}, .floatValues = [0]{}, .int64Values = [0]{}, .bytes = [0]{}, .stringValue = ""}}
12-30 11:07:59.421   398   464 D DiagPropHandler: is not DiagnosticConfig: 0x21402059
12-30 11:07:59.421   398   464 I VehiclePropertyStore: begin to write value to Store: {.timestamp = 9015242987406, .areaId = 0, .prop = 557850713, .status = AVAILABLE, .value = {.int32Values = [1]{0}, .floatValues = [0]{}, .int64Values = [0]{}, .bytes = [0]{}, .stringValue = ""}}
12-30 11:07:59.421   398   464 D adayocomadapter-CommunicationManager: onUpstreamReceive mPropertyId 0x21402059
12-30 11:07:59.421   398   464 D adayocomadapter-CommunicationManager: onUpstreamReceive mPropertyId 0x2140201a
12-30 11:07:59.421   398   464 D adayocomadapter-CommunicationManager: convertBytesToInt32Memcpy  0
12-30 11:07:59.421   398   464 I vw-vhal : notifyVehicleProperty, propId = 0x2140201a, data = {status: 2, int32Values: [0]}
12-30 11:07:59.421   398   464 I vw-vhal : CanSignalsAdapter::notifyVehicleProperty: solvedValue = {.timestamp = 9015243638072, .areaId = 0, .prop = 557850650, .status = AVAILABLE, .value = {.int32Values = [1]{0}, .floatValues = [0]{}, .int64Values = [0]{}, .bytes = [0]{}, .stringValue = ""}}
12-30 11:07:59.421   398   464 I VehiclePropertyStore: begin to write value to Store: {.timestamp = 9015243638072, .areaId = 0, .prop = 557850650, .status = AVAILABLE, .value = {.int32Values = [1]{0}, .floatValues = [0]{}, .int64Values = [0]{}, .bytes = [0]{}, .stringValue = ""}}
12-30 11:07:59.422   398   464 I DefaultVehicleHal_v2_0: DefaultVehicleHal::onPropertyValue, value:{.timestamp = 9015243638072, .areaId = 0, .prop = 557850650, .status = AVAILABLE, .value = {.int32Values = [1]{0}, .floatValues = [0]{}, .int64Values = [0]{}, .bytes = [0]{}, .stringValue = ""}}
12-30 11:07:59.422   398   464 D DiagPropHandler: is not DiagnosticConfig: 0x2140201a
12-30 11:07:59.422   398   464 I VehiclePropertyStore: begin to write value to Store: {.timestamp = 9015243638072, .areaId = 0, .prop = 557850650, .status = AVAILABLE, .value = {.int32Values = [1]{0}, .floatValues = [0]{}, .int64Values = [0]{}, .bytes = [0]{}, .stringValue = ""}}
12-30 11:07:59.422   398   464 D adayocomadapter-CommunicationManager: onUpstreamReceive mPropertyId 0x2140201a
12-30 11:07:59.422   398   464 D adayocomadapter-CommunicationManager: onUpstreamReceive mPropertyId 0x21402010
12-30 11:07:59.422   398   464 D adayocomadapter-CommunicationManager: convertBytesToInt32Memcpy  0
12-30 11:07:59.422   398   464 I vw-vhal : notifyVehicleProperty, propId = 0x21402010, data = {status: 2, int32Values: [0]}
12-30 11:07:59.422   398   464 I vw-vhal : CanSignalsAdapter::notifyVehicleProperty: solvedValue = {.timestamp = 9015244331406, .areaId = 0, .prop = 557850640, .status = AVAILABLE, .value = {.int32Values = [1]{0}, .floatValues = [0]{}, .int64Values = [0]{}, .bytes = [0]{}, .stringValue = ""}}
12-30 11:07:59.422   398   464 I VehiclePropertyStore: begin to write value to Store: {.timestamp = 9015244331406, .areaId = 0, .prop = 557850640, .status = AVAILABLE, .value = {.int32Values = [1]{0}, .floatValues = [0]{}, .int64Values = [0]{}, .bytes = [0]{}, .stringValue = ""}}
12-30 11:07:59.422   398   464 I DefaultVehicleHal_v2_0: DefaultVehicleHal::onPropertyValue, value:{.timestamp = 9015244331406, .areaId = 0, .prop = 557850640, .status = AVAILABLE, .value = {.int32Values = [1]{0}, .floatValues = [0]{}, .int64Values = [0]{}, .bytes = [0]{}, .stringValue = ""}}
12-30 11:07:59.422   398   464 D DiagPropHandler: is not DiagnosticConfig: 0x21402010
12-30 11:07:59.422   398   464 I VehiclePropertyStore: begin to write value to Store: {.timestamp = 9015244331406, .areaId = 0, .prop = 557850640, .status = AVAILABLE, .value = {.int32Values = [1]{0}, .floatValues = [0]{}, .int64Values = [0]{}, .bytes = [0]{}, .stringValue = ""}}
12-30 11:07:59.422   398   464 D adayocomadapter-CommunicationManager: onUpstreamReceive mPropertyId 0x21402010
12-30 11:07:59.422   398   464 D adayocomadapter-CommunicationManager: onUpstreamReceive mPropertyId 0x21402055
12-30 11:07:59.422   398   464 D adayocomadapter-CommunicationManager: convertBytesToInt32Memcpy  0
12-30 11:07:59.423   398   464 I vw-vhal : notifyVehicleProperty, propId = 0x21402055, data = {status: 2, int32Values: [0]}
12-30 11:07:59.423   398   464 I vw-vhal : CanSignalsAdapter::notifyVehicleProperty: solvedValue = {.timestamp = 9015244980072, .areaId = 0, .prop = 557850709, .status = AVAILABLE, .value = {.int32Values = [1]{0}, .floatValues = [0]{}, .int64Values = [0]{}, .bytes = [0]{}, .stringValue = ""}}
12-30 11:07:59.423   398   464 I VehiclePropertyStore: begin to write value to Store: {.timestamp = 9015244980072, .areaId = 0, .prop = 557850709, .status = AVAILABLE, .value = {.int32Values = [1]{0}, .floatValues = [0]{}, .int64Values = [0]{}, .bytes = [0]{}, .stringValue = ""}}
12-30 11:07:59.423   398   464 I DefaultVehicleHal_v2_0: DefaultVehicleHal::onPropertyValue, value:{.timestamp = 9015244980072, .areaId = 0, .prop = 557850709, .status = AVAILABLE, .value = {.int32Values = [1]{0}, .floatValues = [0]{}, .int64Values = [0]{}, .bytes = [0]{}, .stringValue = ""}}
12-30 11:07:59.423   398   464 D DiagPropHandler: is not DiagnosticConfig: 0x21402055
12-30 11:07:59.423   398   464 I VehiclePropertyStore: begin to write value to Store: {.timestamp = 9015244980072, .areaId = 0, .prop = 557850709, .status = AVAILABLE, .value = {.int32Values = [1]{0}, .floatValues = [0]{}, .int64Values = [0]{}, .bytes = [0]{}, .stringValue = ""}}
12-30 11:07:59.423   398   464 D adayocomadapter-CommunicationManager: onUpstreamReceive mPropertyId 0x21402055
12-30 11:07:59.423   398   464 D adayocomadapter-CommunicationManager: onUpstreamReceive mPropertyId 0x214020b1
12-30 11:07:59.423   398   464 D adayocomadapter-CommunicationManager: convertBytesToInt32Memcpy  0
12-30 11:07:59.423   398   464 I vw-vhal : notifyVehicleProperty, propId = 0x214020b1, data = {status: 2, int32Values: [0]}
12-30 11:07:59.423   398   464 I vw-vhal : CanSignalsAdapter::notifyVehicleProperty: solvedValue = {.timestamp = 9015245630072, .areaId = 0, .prop = 557850801, .status = AVAILABLE, .value = {.int32Values = [1]{0}, .floatValues = [0]{}, .int64Values = [0]{}, .bytes = [0]{}, .stringValue = ""}}
12-30 11:07:59.423   398   464 I VehiclePropertyStore: begin to write value to Store: {.timestamp = 9015245630072, .areaId = 0, .prop = 557850801, .status = AVAILABLE, .value = {.int32Values = [1]{0}, .floatValues = [0]{}, .int64Values = [0]{}, .bytes = [0]{}, .stringValue = ""}}
12-30 11:07:59.424   398   464 I DefaultVehicleHal_v2_0: DefaultVehicleHal::onPropertyValue, value:{.timestamp = 9015245630072, .areaId = 0, .prop = 557850801, .status = AVAILABLE, .value = {.int32Values = [1]{0}, .floatValues = [0]{}, .int64Values = [0]{}, .bytes = [0]{}, .stringValue = ""}}
12-30 11:07:59.424   398   464 D DiagPropHandler: is not DiagnosticConfig: 0x214020b1
12-30 11:07:59.424   398   464 I VehiclePropertyStore: begin to write value to Store: {.timestamp = 9015245630072, .areaId = 0, .prop = 557850801, .status = AVAILABLE, .value = {.int32Values = [1]{0}, .floatValues = [0]{}, .int64Values = [0]{}, .bytes = [0]{}, .stringValue = ""}}
12-30 11:07:59.424   398   464 D adayocomadapter-CommunicationManager: onUpstreamReceive mPropertyId 0x214020b1
12-30 11:07:59.424   398   464 D adayocomadapter-CommunicationManager: onUpstreamReceive mPropertyId 0x2140201b
12-30 11:07:59.424   398   464 D adayocomadapter-CommunicationManager: convertBytesToInt32Memcpy  0
12-30 11:07:59.424   398   464 I vw-vhal : notifyVehicleProperty, propId = 0x2140201b, data = {status: 2, int32Values: [0]}
12-30 11:07:59.424   398   464 I vw-vhal : CanSignalsAdapter::notifyVehicleProperty: solvedValue = {.timestamp = 9015246271072, .areaId = 0, .prop = 557850651, .status = AVAILABLE, .value = {.int32Values = [1]{0}, .floatValues = [0]{}, .int64Values = [0]{}, .bytes = [0]{}, .stringValue = ""}}
12-30 11:07:59.424   398   464 I VehiclePropertyStore: begin to write value to Store: {.timestamp = 9015246271072, .areaId = 0, .prop = 557850651, .status = AVAILABLE, .value = {.int32Values = [1]{0}, .floatValues = [0]{}, .int64Values = [0]{}, .bytes = [0]{}, .stringValue = ""}}
12-30 11:07:59.424   398   464 I DefaultVehicleHal_v2_0: DefaultVehicleHal::onPropertyValue, value:{.timestamp = 9015246271072, .areaId = 0, .prop = 557850651, .status = AVAILABLE, .value = {.int32Values = [1]{0}, .floatValues = [0]{}, .int64Values = [0]{}, .bytes = [0]{}, .stringValue = ""}}
12-30 11:07:59.424   398   464 D DiagPropHandler: is not DiagnosticConfig: 0x2140201b
