01-01 10:30:13.772   838   838 I         : read strings
12-30 11:07:56.764 15305 15305 I auditd  : type=1400 audit(0.0:1008103): avc:  denied  { syslog_mod } for  comm="cat" scontext=u:r:trace_kernel:s0 tcontext=u:r:kernel:s0 tclass=system permissive=1
12-30 11:07:56.764 15305 15305 I cat     : type=1400 audit(0.0:1008103): avc:  denied  { syslog_mod } for  scontext=u:r:trace_kernel:s0 tcontext=u:r:kernel:s0 tclass=system permissive=1
12-30 11:07:56.771  2358  2623 D RcfController: Rcf proxy is not connected!
12-30 11:07:56.774   360   931 D EvsDriver: forwardFrame
12-30 11:07:56.774   360   931 D EvsDriver: forwardFrameDirect
12-30 11:07:56.774   360   931 D EvsDriver: Delivered 0xb400e2ca9e40e270 as id 0
12-30 11:07:56.774   359  2784 D evsmanagerd: /dev/video-evs0 forwarded the buffer #0 to 0xb400f125d2b26dd0 from 0xb400f125e2b20710
12-30 11:07:56.775   360   458 D EvsDriver: doneWithFrame
12-30 11:07:56.777   596  3076 E WifiHAL : Invalid data received from driver
12-30 11:07:56.807   360   931 D EvsDriver: forwardFrame
12-30 11:07:56.807   360   931 D EvsDriver: forwardFrameDirect
12-30 11:07:56.807   360   931 D EvsDriver: Delivered 0xb400e2ca9e40d4b0 as id 1
12-30 11:07:56.807   359  2784 D evsmanagerd: /dev/video-evs0 forwarded the buffer #1 to 0xb400f125d2b26dd0 from 0xb400f125e2b20710
12-30 11:07:56.815   360   458 D EvsDriver: doneWithFrame
12-30 11:07:56.820   596  3076 E WifiHAL : Invalid data received from driver
12-30 11:07:56.821  2358  2623 D RcfController: Rcf proxy is not connected!
12-30 11:07:56.840   360   931 D EvsDriver: forwardFrame
12-30 11:07:56.840   360   931 D EvsDriver: forwardFrameDirect
12-30 11:07:56.841   360   931 D EvsDriver: Delivered 0xb400e2ca9e40c2d0 as id 0
12-30 11:07:56.841   359  2784 D evsmanagerd: /dev/video-evs0 forwarded the buffer #0 to 0xb400f125d2b26dd0 from 0xb400f125e2b20710
12-30 11:07:56.846   360   458 D EvsDriver: doneWithFrame
12-30 11:07:56.865  1611 15260 I ADAYO_LOG_: call(KernelFunc.java:7)currentWatchKernelFilePath = /mnt/sdcard/AndroidLog/kernel/kernel_2025_12_30_10_09_56_606.txt
12-30 11:07:56.860  1611  1611 I auditd  : type=1400 audit(0.0:1008104): avc:  denied  { read } for  comm="CACHEABLE" name="sdcard" dev="tmpfs" ino=37 scontext=u:r:system_app:s0 tcontext=u:object_r:mnt_sdcard_file:s0 tclass=lnk_file permissive=1
12-30 11:07:56.860  1611  1611 I CACHEABLE: type=1400 audit(0.0:1008104): avc:  denied  { read } for  name="sdcard" dev="tmpfs" ino=37 scontext=u:r:system_app:s0 tcontext=u:object_r:mnt_sdcard_file:s0 tclass=lnk_file permissive=1
12-30 11:07:56.866  1611 15260 I ADAYO_LOG_: call(KernelFunc.java:23)kernel fileSize:1665910,singleFileMaxSize:52428800
12-30 11:07:56.871  2358  2623 D RcfController: Rcf proxy is not connected!
12-30 11:07:56.874   360   931 D EvsDriver: forwardFrame
12-30 11:07:56.874   360   931 D EvsDriver: forwardFrameDirect
12-30 11:07:56.874   360   931 D EvsDriver: Delivered 0xb400e2ca9e40d090 as id 1
12-30 11:07:56.874   359  2784 D evsmanagerd: /dev/video-evs0 forwarded the buffer #1 to 0xb400f125d2b26dd0 from 0xb400f125e2b20710
12-30 11:07:56.876   360   458 D EvsDriver: doneWithFrame
12-30 11:07:56.907   360   931 D EvsDriver: forwardFrame
12-30 11:07:56.907   360   931 D EvsDriver: forwardFrameDirect
12-30 11:07:56.907   360   931 D EvsDriver: Delivered 0xb400e2ca9e40e110 as id 0
12-30 11:07:56.907   359  2784 D evsmanagerd: /dev/video-evs0 forwarded the buffer #0 to 0xb400f125d2b26dd0 from 0xb400f125e2b20710
12-30 11:07:56.911   596  3076 E WifiHAL : Invalid data received from driver
12-30 11:07:56.916   360   458 D EvsDriver: doneWithFrame
12-30 11:07:56.922  2358  2623 D RcfController: Rcf proxy is not connected!
12-30 11:07:56.940   360   931 D EvsDriver: forwardFrame
12-30 11:07:56.940   360   931 D EvsDriver: forwardFrameDirect
12-30 11:07:56.941   360   931 D EvsDriver: Delivered 0xb400e2ca9e40c7a0 as id 1
12-30 11:07:56.941   359  2784 D evsmanagerd: /dev/video-evs0 forwarded the buffer #1 to 0xb400f125d2b26dd0 from 0xb400f125e2b20710
12-30 11:07:56.947   360   458 D EvsDriver: doneWithFrame
12-30 11:07:56.972  2358  2623 D RcfController: Rcf proxy is not connected!
12-30 11:07:56.974   360   931 D EvsDriver: forwardFrame
12-30 11:07:56.974   360   931 D EvsDriver: forwardFrameDirect
12-30 11:07:56.974   360   931 D EvsDriver: Delivered 0xb400e2ca9e40e270 as id 0
12-30 11:07:56.974   359  2784 D evsmanagerd: /dev/video-evs0 forwarded the buffer #0 to 0xb400f125d2b26dd0 from 0xb400f125e2b20710
12-30 11:07:56.977   360   458 D EvsDriver: doneWithFrame
12-30 11:07:56.986   596  3076 E WifiHAL : Invalid data received from driver
12-30 11:07:57.007   360   931 D EvsDriver: forwardFrame
12-30 11:07:57.007   360   931 D EvsDriver: forwardFrameDirect
12-30 11:07:57.007   360   931 D EvsDriver: Delivered 0xb400e2ca9e40d4b0 as id 1
12-30 11:07:57.008   359  2784 D evsmanagerd: /dev/video-evs0 forwarded the buffer #1 to 0xb400f125d2b26dd0 from 0xb400f125e2b20710
12-30 11:07:57.017   360   458 D EvsDriver: doneWithFrame
12-30 11:07:57.022  2358  2623 D RcfController: Rcf proxy is not connected!
12-30 11:07:57.040   360   931 D EvsDriver: forwardFrame
12-30 11:07:57.040   360   931 D EvsDriver: forwardFrameDirect
12-30 11:07:57.041   360   931 D EvsDriver: Delivered 0xb400e2ca9e40c2d0 as id 0
12-30 11:07:57.041   359  2784 D evsmanagerd: /dev/video-evs0 forwarded the buffer #0 to 0xb400f125d2b26dd0 from 0xb400f125e2b20710
12-30 11:07:57.044   596  3076 E WifiHAL : Invalid data received from driver
12-30 11:07:57.048   360   458 D EvsDriver: doneWithFrame
12-30 11:07:57.072  2358  2623 D RcfController: Rcf proxy is not connected!
12-30 11:07:57.074   360   931 D EvsDriver: forwardFrame
12-30 11:07:57.074   360   931 D EvsDriver: forwardFrameDirect
12-30 11:07:57.074   360   931 D EvsDriver: Delivered 0xb400e2ca9e40d090 as id 1
12-30 11:07:57.074  1667  2594 W ContextImpl: Calling a method in the system process without a qualified user: android.app.ContextImpl.bindService:1988 android.content.ContextWrapper.bindService:861 com.ford.sync.fnvservice.FordFnv.c:202 com.ford.sync.fnvservice.FordFnv.c:43 com.ford.sync.fnvservice.FordFnv$RetryHandler.handleMessage:245 
12-30 11:07:57.074   359  2784 D evsmanagerd: /dev/video-evs0 forwarded the buffer #1 to 0xb400f125d2b26dd0 from 0xb400f125e2b20710
12-30 11:07:57.075   916  3726 W ActivityManager: Unable to start service Intent { cmp=com.ford.sync.fnvservice/.FordFnvService } U=0: not found
12-30 11:07:57.076  1667  2594 W FordFnv :  bind ford fnv failed -> sendRetryMessage 
12-30 11:07:57.078   360   458 D EvsDriver: doneWithFrame
12-30 11:07:57.079  1667  2407 I media_message_log->MediaMessageProxy: (SourceFile:1)b connectToService action bind
12-30 11:07:57.080   916  3726 W ActivityManager: Unable to start service Intent { cmp=com.adayo.server.mediamessagetransfer/.MediaMessTransferService (has extras) } U=0: not found
12-30 11:07:57.080  1667  2407 E media_message_log->MediaMessageProxy: (SourceFile:7)a bindServiceAsUser isBound = false
12-30 11:07:57.081   650   729 D fgemcucomm: sd Uart data : 6AA602194300028B30E5
12-30 11:07:57.082   650   729 D fgemcucomm: rev uart=74463,len=120, data : 6AA681194300708B30B01E0B0738000100000000025C0100010201010000000000A55A820001000000010000000C00000000000100000000000000A55A830504500000000000000000000000000101010101000000000000A55A841010090000000700010000000000008EA55A850001601C0000010000C7
12-30 11:07:57.107   360   931 D EvsDriver: forwardFrame
12-30 11:07:57.107   360   931 D EvsDriver: forwardFrameDirect
12-30 11:07:57.107   360   931 D EvsDriver: Delivered 0xb400e2ca9e40e110 as id 0
12-30 11:07:57.108   359  2784 D evsmanagerd: /dev/video-evs0 forwarded the buffer #0 to 0xb400f125d2b26dd0 from 0xb400f125e2b20710
12-30 11:07:57.109   360   458 D EvsDriver: doneWithFrame
12-30 11:07:57.121   596  3076 E WifiHAL : Invalid data received from driver
12-30 11:07:57.123  2358  2623 D RcfController: Rcf proxy is not connected!
12-30 11:07:57.140   360   931 D EvsDriver: forwardFrame
12-30 11:07:57.140   360   931 D EvsDriver: forwardFrameDirect
12-30 11:07:57.141   360   931 D EvsDriver: Delivered 0xb400e2ca9e40c7a0 as id 1
12-30 11:07:57.141   359  2784 D evsmanagerd: /dev/video-evs0 forwarded the buffer #1 to 0xb400f125d2b26dd0 from 0xb400f125e2b20710
12-30 11:07:57.149   360   458 D EvsDriver: doneWithFrame
12-30 11:07:57.173  2358  2623 D RcfController: Rcf proxy is not connected!
12-30 11:07:57.174   360   931 D EvsDriver: forwardFrame
12-30 11:07:57.174   360   931 D EvsDriver: forwardFrameDirect
12-30 11:07:57.174   360   931 D EvsDriver: Delivered 0xb400e2ca9e40e270 as id 0
12-30 11:07:57.174   359  2784 D evsmanagerd: /dev/video-evs0 forwarded the buffer #0 to 0xb400f125d2b26dd0 from 0xb400f125e2b20710
12-30 11:07:57.179   360   458 D EvsDriver: doneWithFrame
12-30 11:07:57.207   360   931 I EvsDriver: /dev/video-evs0 VideoCapture fps 29.9996
12-30 11:07:57.207   360   931 D EvsDriver: forwardFrame
12-30 11:07:57.207   360   931 D EvsDriver: forwardFrameDirect
12-30 11:07:57.208   360   931 D EvsDriver: Delivered 0xb400e2ca9e40d4b0 as id 1
12-30 11:07:57.208   359  2784 D evsmanagerd: /dev/video-evs0 forwarded the buffer #1 to 0xb400f125d2b26dd0 from 0xb400f125e2b20710
12-30 11:07:57.210   360   458 D EvsDriver: doneWithFrame
12-30 11:07:57.223  2358  2623 D RcfController: Rcf proxy is not connected!
12-30 11:07:57.223   596  3076 E WifiHAL : Invalid data received from driver
12-30 11:07:57.240   360   931 D EvsDriver: forwardFrame
12-30 11:07:57.240   360   931 D EvsDriver: forwardFrameDirect
12-30 11:07:57.241   360   931 D EvsDriver: Delivered 0xb400e2ca9e40c2d0 as id 0
12-30 11:07:57.241   359  2784 D evsmanagerd: /dev/video-evs0 forwarded the buffer #0 to 0xb400f125d2b26dd0 from 0xb400f125e2b20710
12-30 11:07:57.250   360   458 D EvsDriver: doneWithFrame
12-30 11:07:57.274  2358  2623 D RcfController: Rcf proxy is not connected!
12-30 11:07:57.274   360   931 D EvsDriver: forwardFrame
12-30 11:07:57.274   360   931 D EvsDriver: forwardFrameDirect
12-30 11:07:57.274   360   931 D EvsDriver: Delivered 0xb400e2ca9e40d090 as id 1
12-30 11:07:57.274   359  2784 D evsmanagerd: /dev/video-evs0 forwarded the buffer #1 to 0xb400f125d2b26dd0 from 0xb400f125e2b20710
12-30 11:07:57.280   360   458 D EvsDriver: doneWithFrame
12-30 11:07:57.296   596  3076 E WifiHAL : Invalid data received from driver
12-30 11:07:57.307   360   931 D EvsDriver: forwardFrame
12-30 11:07:57.307   360   931 D EvsDriver: forwardFrameDirect
12-30 11:07:57.307   360   931 D EvsDriver: Delivered 0xb400e2ca9e40e110 as id 0
12-30 11:07:57.308   359  2784 D evsmanagerd: /dev/video-evs0 forwarded the buffer #0 to 0xb400f125d2b26dd0 from 0xb400f125e2b20710
12-30 11:07:57.311   360   458 D EvsDriver: doneWithFrame
12-30 11:07:57.324  2358  2623 D RcfController: Rcf proxy is not connected!
12-30 11:07:57.326  3066  3066 D hostapd : nl80211: BSS Event 59 (NL80211_CMD_FRAME) received for wlan1
12-30 11:07:57.327  3066  3066 D hostapd : nl80211: RX frame da=ff:ff:ff:ff:ff:ff sa=00:b9:d5:e6:b9:ae bssid=00:b9:d5:e6:b9:ae freq=5745 ssi_signal=-8500 fc=0xd0 seq_ctrl=0x2ab0 stype=13 (WLAN_FC_STYPE_ACTION) len=42
12-30 11:07:57.327  3066  3066 D hostapd : wlan1: Event RX_MGMT (18) received
12-30 11:07:57.327  3066  3066 D hostapd : Receive wpa msg : Event RX_MGMT (18) received
12-30 11:07:57.332   596  3076 E WifiHAL : Invalid data received from driver
12-30 11:07:57.340   360   931 D EvsDriver: forwardFrame
12-30 11:07:57.340   360   931 D EvsDriver: forwardFrameDirect
12-30 11:07:57.341   360   931 D EvsDriver: Delivered 0xb400e2ca9e40c7a0 as id 1
12-30 11:07:57.341   359  2784 D evsmanagerd: /dev/video-evs0 forwarded the buffer #1 to 0xb400f125d2b26dd0 from 0xb400f125e2b20710
12-30 11:07:57.351   360   458 D EvsDriver: doneWithFrame
12-30 11:07:57.355  1667  2410 I media_message_log->MediaMessageUserProxy: (SourceFile:1)b connectToService action bind
12-30 11:07:57.356   916  3726 W ActivityManager: Unable to start service Intent { cmp=com.adayo.server.mediamessagetransfer/.MediaMessTransferService (has extras) } U=0: not found
12-30 11:07:57.357  1667  2410 E media_message_log->MediaMessageUserProxy: (SourceFile:7)a bindServiceAsUser isBound = false
12-30 11:07:57.374   360   931 D EvsDriver: forwardFrame
12-30 11:07:57.374   360   931 D EvsDriver: forwardFrameDirect
12-30 11:07:57.374   360   931 D EvsDriver: Delivered 0xb400e2ca9e40e270 as id 0
12-30 11:07:57.374   359  2784 D evsmanagerd: /dev/video-evs0 forwarded the buffer #0 to 0xb400f125d2b26dd0 from 0xb400f125e2b20710
12-30 11:07:57.374   596  3076 E WifiHAL : Invalid data received from driver
12-30 11:07:57.375  2358  2623 D RcfController: Rcf proxy is not connected!
12-30 11:07:57.375   596  3076 E WifiHAL : Invalid data received from driver
12-30 11:07:57.375   596  3076 E WifiHAL : Invalid data received from driver
12-30 11:07:57.375   596  3076 E WifiHAL : Invalid data received from driver
12-30 11:07:57.375   596  3076 E WifiHAL : Invalid data received from driver
12-30 11:07:57.375   596  3076 E WifiHAL : Invalid data received from driver
12-30 11:07:57.375   596  3076 E WifiHAL : Invalid data received from driver
12-30 11:07:57.377  2475  2681 I TtsServiceAgent: check thread start checking, threadId = 29
12-30 11:07:57.377  2475  2681 D TtsServiceAgent: start bind service...
12-30 11:07:57.377  2475  2681 D TtsServiceAgent: ----->initService, usage = 16
12-30 11:07:57.378  2475  2681 W ContextImpl: Calling a method in the system process without a qualified user: android.app.ContextImpl.bindService:1988 android.content.ContextWrapper.bindService:861 com.iflytek.autofly.ttsaidl.ttsproxy.TtsServiceAgent.initService:189 com.iflytek.autofly.ttsaidl.ttsproxy.TtsServiceAgent.initService:133 com.iflytek.autofly.ttsaidl.ttsproxy.TtsServiceAgent$2.run:517 
12-30 11:07:57.379   916  3726 W ActivityManager: Unable to start service Intent { act=com.iflytek.autofly.tts.ttsservice.TtsAdapterService cmp=com.iflytek.cutefly.speechclient.hmi/com.iflytek.autofly.tts.ttsservice.TtsAdapterService } U=0: not found
12-30 11:07:57.379  2475  2681 D TtsServiceAgent: bindService: false
12-30 11:07:57.379  2475  2681 D TtsServiceAgent: start reInitService
12-30 11:07:57.379  2475  2681 D TtsServiceAgent: aidlCheckThreadRunning = true
12-30 11:07:57.379  2475  2681 D TtsServiceAgent: ----->check connection status in 1000s...
12-30 11:07:57.382   360   458 D EvsDriver: doneWithFrame
12-30 11:07:57.392   665  1525 I gps_hdbd: [gps_upgrade_thread 3403]Enter
12-30 11:07:57.392   665  1525 I gps_hdbd: [gps_upgrade_thread 3432] sys.gps.update:0 ,file:not ,upgrate_ing:0
12-30 11:07:57.396   894  1163 D storaged: getDiskStats is not supported on health HAL.
12-30 11:07:57.407   360   931 D EvsDriver: forwardFrame
12-30 11:07:57.407   360   931 D EvsDriver: forwardFrameDirect
12-30 11:07:57.407   360   931 D EvsDriver: Delivered 0xb400e2ca9e40d4b0 as id 1
12-30 11:07:57.408   359  2784 D evsmanagerd: /dev/video-evs0 forwarded the buffer #1 to 0xb400f125d2b26dd0 from 0xb400f125e2b20710
12-30 11:07:57.412  1582  3078 I c       : checkService in back thread add: adayo.upgrade.v2.0
12-30 11:07:57.412   360   458 D EvsDriver: doneWithFrame
12-30 11:07:57.413  1582  3078 E upgradeApp_251223_V1  l: d(null:11)pre->c(null:23)-> serviceBinder is null
12-30 11:07:57.413  1582  3078 W c       : doBindService in back thread fail: adayo.upgrade.v2.0
12-30 11:07:57.425   596  3076 E WifiHAL : Invalid data received from driver
12-30 11:07:57.425  2358  2623 D RcfController: Rcf proxy is not connected!
12-30 11:07:57.440   360   931 D EvsDriver: forwardFrame
12-30 11:07:57.440   360   931 D EvsDriver: forwardFrameDirect
12-30 11:07:57.441   360   931 D EvsDriver: Delivered 0xb400e2ca9e40c2d0 as id 0
12-30 11:07:57.441   359  2784 D evsmanagerd: /dev/video-evs0 forwarded the buffer #0 to 0xb400f125d2b26dd0 from 0xb400f125e2b20710
12-30 11:07:57.443   360   458 D EvsDriver: doneWithFrame
12-30 11:07:57.474   360   931 D EvsDriver: forwardFrame
12-30 11:07:57.474   360   931 D EvsDriver: forwardFrameDirect
12-30 11:07:57.474   360   931 D EvsDriver: Delivered 0xb400e2ca9e40d090 as id 1
12-30 11:07:57.474   359  2784 D evsmanagerd: /dev/video-evs0 forwarded the buffer #1 to 0xb400f125d2b26dd0 from 0xb400f125e2b20710
12-30 11:07:57.475  2358  2623 D RcfController: Rcf proxy is not connected!
12-30 11:07:57.483   360   458 D EvsDriver: doneWithFrame
12-30 11:07:57.501   596  3076 E WifiHAL : Invalid data received from driver
12-30 11:07:57.507   360   931 D EvsDriver: forwardFrame
12-30 11:07:57.507   360   931 D EvsDriver: forwardFrameDirect
12-30 11:07:57.507   360   931 D EvsDriver: Delivered 0xb400e2ca9e40e110 as id 0
12-30 11:07:57.508   359  2784 D evsmanagerd: /dev/video-evs0 forwarded the buffer #0 to 0xb400f125d2b26dd0 from 0xb400f125e2b20710
12-30 11:07:57.514   360   458 D EvsDriver: doneWithFrame
01-01 10:30:14.524     1     1 I init    : starting service 'trace_resource'...
12-30 11:07:57.526  2358  2623 D RcfController: Rcf proxy is not connected!
12-30 11:07:57.534   650   729 D fgemcucomm: sd Uart data : 6AA6021944000292020B
12-30 11:07:57.535   650   729 D fgemcucomm: rev uart=74464,len=40, data : 6AA68119440020920200160000000000000000000000000000000000000000000000000000000058
12-30 11:07:57.535   398   882 D adayocomadapter-ParseProtocolFunc: printRaWMsg Name[MCUToUPstream recv] len[32] data[9202001600000000000000000000000000000000000000000000000000000000]
12-30 11:07:57.535   398   882 D adayocomadapter-CommunicationManager: onUpstreamback   member[0] dataLength[29] timePoint[9013357]
12-30 11:07:57.535   398   882 D adayocomadapter-ParseProtocolFunc: printRaWMsg Name[onUpstreamback] len[29] data[1600000000000000000000000000000000000000000000000000000000]
12-30 11:07:57.535   398   464 D adayocomadapter-UpstreamHandler: processBeforePacket upSreamtProcessTimePoint[9013357] 
12-30 11:07:57.535   398   464 D adayocomadapter-UpstreamHandler: processPacket UPSTREAM_QUEUE_DATA_TIMEOUT
12-30 11:07:57.535   398   464 D adayocomadapter-ParseProtocolFunc: parseCommonIPCLBytes Processing tableNumber[22]
12-30 11:07:57.535   398   464 D adayocomadapter-ParseProtocolFunc: parseCommonIPCLBytes Processing tablename[Table-22] tableSize[29]
12-30 11:07:57.535   398   464 D adayocomadapter-ParseProtocolFunc: printRaWMsg Name[byteStream recv] len[29] data[1600000000000000000000000000000000000000000000000000000000]
12-30 11:07:57.536   398   464 D adayocomadapter-ParseProtocolFunc: printRaWMsg Name[IPCLtoVHAL] len[6] data[2140213F0000]
12-30 11:07:57.536   398   464 D adayocomadapter-ParseProtocolFunc: printRaWMsg Name[IPCLtoVHAL] len[6] data[214021400000]
12-30 11:07:57.536   398   464 D adayocomadapter-ParseProtocolFunc: printRaWMsg Name[IPCLtoVHAL] len[9] data[214021CA0000000000]
12-30 11:07:57.536   398   464 D adayocomadapter-ParseProtocolFunc: printRaWMsg Name[IPCLtoVHAL] len[6] data[2140214B0000]
12-30 11:07:57.536   398   464 D adayocomadapter-ParseProtocolFunc: printRaWMsg Name[IPCLtoVHAL] len[6] data[214021410000]
12-30 11:07:57.536   398   464 D adayocomadapter-ParseProtocolFunc: printRaWMsg Name[IPCLtoVHAL] len[6] data[214021420000]
12-30 11:07:57.536   398   464 D adayocomadapter-ParseProtocolFunc: printRaWMsg Name[IPCLtoVHAL] len[6] data[2140214D0000]
12-30 11:07:57.536   398   464 D adayocomadapter-ParseProtocolFunc: printRaWMsg Name[IPCLtoVHAL] len[6] data[214021D70000]
12-30 11:07:57.536   398   464 D adayocomadapter-ParseProtocolFunc: printRaWMsg Name[IPCLtoVHAL] len[6] data[214021430000]
12-30 11:07:57.536   398   464 D adayocomadapter-ParseProtocolFunc: printRaWMsg Name[IPCLtoVHAL] len[6] data[214021460000]
12-30 11:07:57.536   398   464 D adayocomadapter-ParseProtocolFunc: printRaWMsg Name[IPCLtoVHAL] len[6] data[214021470000]
12-30 11:07:57.536   398   464 D adayocomadapter-ParseProtocolFunc: printRaWMsg Name[IPCLtoVHAL] len[6] data[214021480000]
12-30 11:07:57.536   398   464 D adayocomadapter-ParseProtocolFunc: printRaWMsg Name[IPCLtoVHAL] len[6] data[214021490000]
12-30 11:07:57.536   398   464 D adayocomadapter-ParseProtocolFunc: printRaWMsg Name[IPCLtoVHAL] len[6] data[2140214F0000]
12-30 11:07:57.536   398   464 D adayocomadapter-ParseProtocolFunc: printRaWMsg Name[IPCLtoVHAL] len[6] data[214021500000]
12-30 11:07:57.536   398   464 D adayocomadapter-ParseProtocolFunc: printRaWMsg Name[IPCLtoVHAL] len[7] data[21402144010000]
12-30 11:07:57.536   398   464 D adayocomadapter-ParseProtocolFunc: printRaWMsg Name[IPCLtoVHAL] len[6] data[214021510000]
12-30 11:07:57.537   398   464 D adayocomadapter-ParseProtocolFunc: printRaWMsg Name[IPCLtoVHAL] len[7] data[21402145010000]
12-30 11:07:57.537   398   464 D adayocomadapter-ParseProtocolFunc: printRaWMsg Name[IPCLtoVHAL] len[6] data[2140213D0000]
12-30 11:07:57.537   398   464 D adayocomadapter-ParseProtocolFunc: printRaWMsg Name[IPCLtoVHAL] len[6] data[2140213E0000]
12-30 11:07:57.537   398   464 D adayocomadapter-ParseProtocolFunc: printRaWMsg Name[IPCLtoVHAL] len[6] data[2140214A0000]
12-30 11:07:57.537   398   464 D adayocomadapter-CommunicationManager: onUpstreamReceive mPropertyId 0x2140213f
12-30 11:07:57.537   398   464 D adayocomadapter-CommunicationManager: convertBytesToInt32Memcpy  0
12-30 11:07:57.537   398   464 I vw-vhal : notifyVehicleProperty, propId = 0x2140213f, data = {status: 2, int32Values: [0]}
12-30 11:07:57.537   398   464 I vw-vhal : CanSignalsAdapter::notifyVehicleProperty: solvedValue = {.timestamp = 9013359466739, .areaId = 0, .prop = 557850943, .status = AVAILABLE, .value = {.int32Values = [1]{0}, .floatValues = [0]{}, .int64Values = [0]{}, .bytes = [0]{}, .stringValue = ""}}
12-30 11:07:57.537   398   464 I VehiclePropertyStore: begin to write value to Store: {.timestamp = 9013359466739, .areaId = 0, .prop = 557850943, .status = AVAILABLE, .value = {.int32Values = [1]{0}, .floatValues = [0]{}, .int64Values = [0]{}, .bytes = [0]{}, .stringValue = ""}}
12-30 11:07:57.537   398   464 I DefaultVehicleHal_v2_0: DefaultVehicleHal::onPropertyValue, value:{.timestamp = 9013359466739, .areaId = 0, .prop = 557850943, .status = AVAILABLE, .value = {.int32Values = [1]{0}, .floatValues = [0]{}, .int64Values = [0]{}, .bytes = [0]{}, .stringValue = ""}}
12-30 11:07:57.537   398   464 D DiagPropHandler: is not DiagnosticConfig: 0x2140213f
12-30 11:07:57.538   398   464 I VehiclePropertyStore: begin to write value to Store: {.timestamp = 9013359466739, .areaId = 0, .prop = 557850943, .status = AVAILABLE, .value = {.int32Values = [1]{0}, .floatValues = [0]{}, .int64Values = [0]{}, .bytes = [0]{}, .stringValue = ""}}
12-30 11:07:57.538   398   464 D adayocomadapter-CommunicationManager: onUpstreamReceive mPropertyId 0x2140213f
12-30 11:07:57.538   398   464 D adayocomadapter-CommunicationManager: onUpstreamReceive mPropertyId 0x21402140
12-30 11:07:57.538   398   464 D adayocomadapter-CommunicationManager: convertBytesToInt32Memcpy  0
12-30 11:07:57.538   398   464 I vw-vhal : notifyVehicleProperty, propId = 0x21402140, data = {status: 2, int32Values: [0]}
12-30 11:07:57.538   398   464 I vw-vhal : CanSignalsAdapter::notifyVehicleProperty: solvedValue = {.timestamp = 9013360225739, .areaId = 0, .prop = 557850944, .status = AVAILABLE, .value = {.int32Values = [1]{0}, .floatValues = [0]{}, .int64Values = [0]{}, .bytes = [0]{}, .stringValue = ""}}
12-30 11:07:57.538   398   464 I VehiclePropertyStore: begin to write value to Store: {.timestamp = 9013360225739, .areaId = 0, .prop = 557850944, .status = AVAILABLE, .value = {.int32Values = [1]{0}, .floatValues = [0]{}, .int64Values = [0]{}, .bytes = [0]{}, .stringValue = ""}}
12-30 11:07:57.538   398   464 I DefaultVehicleHal_v2_0: DefaultVehicleHal::onPropertyValue, value:{.timestamp = 9013360225739, .areaId = 0, .prop = 557850944, .status = AVAILABLE, .value = {.int32Values = [1]{0}, .floatValues = [0]{}, .int64Values = [0]{}, .bytes = [0]{}, .stringValue = ""}}
12-30 11:07:57.538   398   464 D DiagPropHandler: is not DiagnosticConfig: 0x21402140
12-30 11:07:57.538   398   464 I VehiclePropertyStore: begin to write value to Store: {.timestamp = 9013360225739, .areaId = 0, .prop = 557850944, .status = AVAILABLE, .value = {.int32Values = [1]{0}, .floatValues = [0]{}, .int64Values = [0]{}, .bytes = [0]{}, .stringValue = ""}}
12-30 11:07:57.538   398   464 D adayocomadapter-CommunicationManager: onUpstreamReceive mPropertyId 0x21402140
12-30 11:07:57.538   398   464 D adayocomadapter-CommunicationManager: onUpstreamReceive mPropertyId 0x214021ca
12-30 11:07:57.538   398   464 D adayocomadapter-CommunicationManager: convertBytesToInt32Memcpy  0
12-30 11:07:57.538   398   464 I vw-vhal : notifyVehicleProperty, propId = 0x214021ca, data = {status: 2, int32Values: [0]}
12-30 11:07:57.539   398   464 I vw-vhal : CanSignalsAdapter::notifyVehicleProperty: solvedValue = {.timestamp = 9013360885739, .areaId = 0, .prop = 557851082, .status = AVAILABLE, .value = {.int32Values = [1]{0}, .floatValues = [0]{}, .int64Values = [0]{}, .bytes = [0]{}, .stringValue = ""}}
12-30 11:07:57.539   398   464 I VehiclePropertyStore: begin to write value to Store: {.timestamp = 9013360885739, .areaId = 0, .prop = 557851082, .status = AVAILABLE, .value = {.int32Values = [1]{0}, .floatValues = [0]{}, .int64Values = [0]{}, .bytes = [0]{}, .stringValue = ""}}
12-30 11:07:57.539   398   464 I DefaultVehicleHal_v2_0: DefaultVehicleHal::onPropertyValue, value:{.timestamp = 9013360885739, .areaId = 0, .prop = 557851082, .status = AVAILABLE, .value = {.int32Values = [1]{0}, .floatValues = [0]{}, .int64Values = [0]{}, .bytes = [0]{}, .stringValue = ""}}
12-30 11:07:57.539   398   464 D DiagPropHandler: is not DiagnosticConfig: 0x214021ca
12-30 11:07:57.539   398   464 I VehiclePropertyStore: begin to write value to Store: {.timestamp = 9013360885739, .areaId = 0, .prop = 557851082, .status = AVAILABLE, .value = {.int32Values = [1]{0}, .floatValues = [0]{}, .int64Values = [0]{}, .bytes = [0]{}, .stringValue = ""}}
12-30 11:07:57.539   398   464 D adayocomadapter-CommunicationManager: onUpstreamReceive mPropertyId 0x214021ca
12-30 11:07:57.539   398   464 D adayocomadapter-CommunicationManager: onUpstreamReceive mPropertyId 0x2140214b
12-30 11:07:57.539   398   464 D adayocomadapter-CommunicationManager: convertBytesToInt32Memcpy  0
12-30 11:07:57.539   398   464 I vw-vhal : notifyVehicleProperty, propId = 0x2140214b, data = {status: 2, int32Values: [0]}
12-30 11:07:57.539   398   464 I vw-vhal : CanSignalsAdapter::notifyVehicleProperty: solvedValue = {.timestamp = 9013361534072, .areaId = 0, .prop = 557850955, .status = AVAILABLE, .value = {.int32Values = [1]{0}, .floatValues = [0]{}, .int64Values = [0]{}, .bytes = [0]{}, .stringValue = ""}}
12-30 11:07:57.539   398   464 I VehiclePropertyStore: begin to write value to Store: {.timestamp = 9013361534072, .areaId = 0, .prop = 557850955, .status = AVAILABLE, .value = {.int32Values = [1]{0}, .floatValues = [0]{}, .int64Values = [0]{}, .bytes = [0]{}, .stringValue = ""}}
12-30 11:07:57.539   398   464 I DefaultVehicleHal_v2_0: DefaultVehicleHal::onPropertyValue, value:{.timestamp = 9013361534072, .areaId = 0, .prop = 557850955, .status = AVAILABLE, .value = {.int32Values = [1]{0}, .floatValues = [0]{}, .int64Values = [0]{}, .bytes = [0]{}, .stringValue = ""}}
12-30 11:07:57.539   398   464 D DiagPropHandler: is not DiagnosticConfig: 0x2140214b
12-30 11:07:57.540   398   464 I VehiclePropertyStore: begin to write value to Store: {.timestamp = 9013361534072, .areaId = 0, .prop = 557850955, .status = AVAILABLE, .value = {.int32Values = [1]{0}, .floatValues = [0]{}, .int64Values = [0]{}, .bytes = [0]{}, .stringValue = ""}}
12-30 11:07:57.540   398   464 D adayocomadapter-CommunicationManager: onUpstreamReceive mPropertyId 0x2140214b
12-30 11:07:57.540   398   464 D adayocomadapter-CommunicationManager: onUpstreamReceive mPropertyId 0x21402141
12-30 11:07:57.540   398   464 D adayocomadapter-CommunicationManager: convertBytesToInt32Memcpy  0
12-30 11:07:57.540   398   464 I vw-vhal : notifyVehicleProperty, propId = 0x21402141, data = {status: 2, int32Values: [0]}
12-30 11:07:57.540   398   464 I vw-vhal : CanSignalsAdapter::notifyVehicleProperty: solvedValue = {.timestamp = 9013362172739, .areaId = 0, .prop = 557850945, .status = AVAILABLE, .value = {.int32Values = [1]{0}, .floatValues = [0]{}, .int64Values = [0]{}, .bytes = [0]{}, .stringValue = ""}}
12-30 11:07:57.540   398   464 I VehiclePropertyStore: begin to write value to Store: {.timestamp = 9013362172739, .areaId = 0, .prop = 557850945, .status = AVAILABLE, .value = {.int32Values = [1]{0}, .floatValues = [0]{}, .int64Values = [0]{}, .bytes = [0]{}, .stringValue = ""}}
12-30 11:07:57.540   398   464 I DefaultVehicleHal_v2_0: DefaultVehicleHal::onPropertyValue, value:{.timestamp = 9013362172739, .areaId = 0, .prop = 557850945, .status = AVAILABLE, .value = {.int32Values = [1]{0}, .floatValues = [0]{}, .int64Values = [0]{}, .bytes = [0]{}, .stringValue = ""}}
12-30 11:07:57.540   398   464 D DiagPropHandler: is not DiagnosticConfig: 0x21402141
12-30 11:07:57.540   398   464 I VehiclePropertyStore: begin to write value to Store: {.timestamp = 9013362172739, .areaId = 0, .prop = 557850945, .status = AVAILABLE, .value = {.int32Values = [1]{0}, .floatValues = [0]{}, .int64Values = [0]{}, .bytes = [0]{}, .stringValue = ""}}
12-30 11:07:57.540   398   464 D adayocomadapter-CommunicationManager: onUpstreamReceive mPropertyId 0x21402141
12-30 11:07:57.540   360   931 D EvsDriver: forwardFrame
12-30 11:07:57.540   398   464 D adayocomadapter-CommunicationManager: onUpstreamReceive mPropertyId 0x21402142
12-30 11:07:57.540   398   464 D adayocomadapter-CommunicationManager: convertBytesToInt32Memcpy  0
12-30 11:07:57.540   360   931 D EvsDriver: forwardFrameDirect
12-30 11:07:57.541   398   464 I vw-vhal : notifyVehicleProperty, propId = 0x21402142, data = {status: 2, int32Values: [0]}
12-30 11:07:57.541   398   464 I vw-vhal : CanSignalsAdapter::notifyVehicleProperty: solvedValue = {.timestamp = 9013362937405, .areaId = 0, .prop = 557850946, .status = AVAILABLE, .value = {.int32Values = [1]{0}, .floatValues = [0]{}, .int64Values = [0]{}, .bytes = [0]{}, .stringValue = ""}}
12-30 11:07:57.541   398   464 I VehiclePropertyStore: begin to write value to Store: {.timestamp = 9013362937405, .areaId = 0, .prop = 557850946, .status = AVAILABLE, .value = {.int32Values = [1]{0}, .floatValues = [0]{}, .int64Values = [0]{}, .bytes = [0]{}, .stringValue = ""}}
12-30 11:07:57.541   398   464 I DefaultVehicleHal_v2_0: DefaultVehicleHal::onPropertyValue, value:{.timestamp = 9013362937405, .areaId = 0, .prop = 557850946, .status = AVAILABLE, .value = {.int32Values = [1]{0}, .floatValues = [0]{}, .int64Values = [0]{}, .bytes = [0]{}, .stringValue = ""}}
12-30 11:07:57.541   360   931 D EvsDriver: Delivered 0xb400e2ca9e40c7a0 as id 1
12-30 11:07:57.541   398   464 D DiagPropHandler: is not DiagnosticConfig: 0x21402142
12-30 11:07:57.541   398   464 I VehiclePropertyStore: begin to write value to Store: {.timestamp = 9013362937405, .areaId = 0, .prop = 557850946, .status = AVAILABLE, .value = {.int32Values = [1]{0}, .floatValues = [0]{}, .int64Values = [0]{}, .bytes = [0]{}, .stringValue = ""}}
12-30 11:07:57.541   359  2784 D evsmanagerd: /dev/video-evs0 forwarded the buffer #1 to 0xb400f125d2b26dd0 from 0xb400f125e2b20710
12-30 11:07:57.541   398   464 D adayocomadapter-CommunicationManager: onUpstreamReceive mPropertyId 0x21402142
12-30 11:07:57.541   398   464 D adayocomadapter-CommunicationManager: onUpstreamReceive mPropertyId 0x2140214d
12-30 11:07:57.541   398   464 D adayocomadapter-CommunicationManager: convertBytesToInt32Memcpy  0
12-30 11:07:57.541   398   464 I vw-vhal : notifyVehicleProperty, propId = 0x2140214d, data = {status: 2, int32Values: [0]}
12-30 11:07:57.541   398   464 I vw-vhal : CanSignalsAdapter::notifyVehicleProperty: solvedValue = {.timestamp = 9013363608072, .areaId = 0, .prop = 557850957, .status = AVAILABLE, .value = {.int32Values = [1]{0}, .floatValues = [0]{}, .int64Values = [0]{}, .bytes = [0]{}, .stringValue = ""}}
12-30 11:07:57.541   398   464 I VehiclePropertyStore: begin to write value to Store: {.timestamp = 9013363608072, .areaId = 0, .prop = 557850957, .status = AVAILABLE, .value = {.int32Values = [1]{0}, .floatValues = [0]{}, .int64Values = [0]{}, .bytes = [0]{}, .stringValue = ""}}
12-30 11:07:57.541   398   464 I DefaultVehicleHal_v2_0: DefaultVehicleHal::onPropertyValue, value:{.timestamp = 9013363608072, .areaId = 0, .prop = 557850957, .status = AVAILABLE, .value = {.int32Values = [1]{0}, .floatValues = [0]{}, .int64Values = [0]{}, .bytes = [0]{}, .stringValue = ""}}
12-30 11:07:57.542   398   464 D DiagPropHandler: is not DiagnosticConfig: 0x2140214d
12-30 11:07:57.536   705   705 I auditd  : type=1400 audit(0.0:1008105): avc:  denied  { read } for  comm="sDefaultContext" laddr=239.0.2.1 lport=30490 scontext=u:r:generic-someip-gateway:s0 tcontext=u:r:generic-someip-gateway:s0 tclass=udp_socket permissive=1
12-30 11:07:57.542   398   464 I VehiclePropertyStore: begin to write value to Store: {.timestamp = 9013363608072, .areaId = 0, .prop = 557850957, .status = AVAILABLE, .value = {.int32Values = [1]{0}, .floatValues = [0]{}, .int64Values = [0]{}, .bytes = [0]{}, .stringValue = ""}}
12-30 11:07:57.536   705   705 I sDefaultContext: type=1400 audit(0.0:1008105): avc:  denied  { read } for  laddr=239.0.2.1 lport=30490 scontext=u:r:generic-someip-gateway:s0 tcontext=u:r:generic-someip-gateway:s0 tclass=udp_socket permissive=1
12-30 11:07:57.542   398   464 D adayocomadapter-CommunicationManager: onUpstreamReceive mPropertyId 0x2140214d
12-30 11:07:57.542   398   464 D adayocomadapter-CommunicationManager: onUpstreamReceive mPropertyId 0x214021d7
12-30 11:07:57.542   398   464 D adayocomadapter-CommunicationManager: convertBytesToInt32Memcpy  0
12-30 11:07:57.542   398   464 I vw-vhal : notifyVehicleProperty, propId = 0x214021d7, data = {status: 2, int32Values: [0]}
12-30 11:07:57.542   398   464 I vw-vhal : CanSignalsAdapter::notifyVehicleProperty: solvedValue = {.timestamp = 9013364519405, .areaId = 0, .prop = 557851095, .status = AVAILABLE, .value = {.int32Values = [1]{0}, .floatValues = [0]{}, .int64Values = [0]{}, .bytes = [0]{}, .stringValue = ""}}
12-30 11:07:57.542   398   464 I VehiclePropertyStore: begin to write value to Store: {.timestamp = 9013364519405, .areaId = 0, .prop = 557851095, .status = AVAILABLE, .value = {.int32Values = [1]{0}, .floatValues = [0]{}, .int64Values = [0]{}, .bytes = [0]{}, .stringValue = ""}}
12-30 11:07:57.542   398   464 I DefaultVehicleHal_v2_0: DefaultVehicleHal::onPropertyValue, value:{.timestamp = 9013364519405, .areaId = 0, .prop = 557851095, .status = AVAILABLE, .value = {.int32Values = [1]{0}, .floatValues = [0]{}, .int64Values = [0]{}, .bytes = [0]{}, .stringValue = ""}}
12-30 11:07:57.542   398   464 D DiagPropHandler: is not DiagnosticConfig: 0x214021d7
12-30 11:07:57.543   398   464 I VehiclePropertyStore: begin to write value to Store: {.timestamp = 9013364519405, .areaId = 0, .prop = 557851095, .status = AVAILABLE, .value = {.int32Values = [1]{0}, .floatValues = [0]{}, .int64Values = [0]{}, .bytes = [0]{}, .stringValue = ""}}
12-30 11:07:57.543   398   464 D adayocomadapter-CommunicationManager: onUpstreamReceive mPropertyId 0x214021d7
12-30 11:07:57.543   398   464 D adayocomadapter-CommunicationManager: onUpstreamReceive mPropertyId 0x21402143
12-30 11:07:57.543   398   464 D adayocomadapter-CommunicationManager: convertBytesToInt32Memcpy  0
12-30 11:07:57.543   398   464 I vw-vhal : notifyVehicleProperty, propId = 0x21402143, data = {status: 2, int32Values: [0]}
12-30 11:07:57.543   398   464 I vw-vhal : CanSignalsAdapter::notifyVehicleProperty: solvedValue = {.timestamp = 9013365176739, .areaId = 0, .prop = 557850947, .status = AVAILABLE, .value = {.int32Values = [1]{0}, .floatValues = [0]{}, .int64Values = [0]{}, .bytes = [0]{}, .stringValue = ""}}
12-30 11:07:57.543   398   464 I VehiclePropertyStore: begin to write value to Store: {.timestamp = 9013365176739, .areaId = 0, .prop = 557850947, .status = AVAILABLE, .value = {.int32Values = [1]{0}, .floatValues = [0]{}, .int64Values = [0]{}, .bytes = [0]{}, .stringValue = ""}}
12-30 11:07:57.543   398   464 I DefaultVehicleHal_v2_0: DefaultVehicleHal::onPropertyValue, value:{.timestamp = 9013365176739, .areaId = 0, .prop = 557850947, .status = AVAILABLE, .value = {.int32Values = [1]{0}, .floatValues = [0]{}, .int64Values = [0]{}, .bytes = [0]{}, .stringValue = ""}}
12-30 11:07:57.543   398   464 D DiagPropHandler: is not DiagnosticConfig: 0x21402143
12-30 11:07:57.543   398   464 I VehiclePropertyStore: begin to write value to Store: {.timestamp = 9013365176739, .areaId = 0, .prop = 557850947, .status = AVAILABLE, .value = {.int32Values = [1]{0}, .floatValues = [0]{}, .int64Values = [0]{}, .bytes = [0]{}, .stringValue = ""}}
12-30 11:07:57.543   398   464 D adayocomadapter-CommunicationManager: onUpstreamReceive mPropertyId 0x21402143
12-30 11:07:57.543   398   464 D adayocomadapter-CommunicationManager: onUpstreamReceive mPropertyId 0x21402146
12-30 11:07:57.543   398   464 D adayocomadapter-CommunicationManager: convertBytesToInt32Memcpy  0
12-30 11:07:57.543   398   464 I vw-vhal : notifyVehicleProperty, propId = 0x21402146, data = {status: 2, int32Values: [0]}
12-30 11:07:57.544   398   464 I vw-vhal : CanSignalsAdapter::notifyVehicleProperty: solvedValue = {.timestamp = 9013365829072, .areaId = 0, .prop = 557850950, .status = AVAILABLE, .value = {.int32Values = [1]{0}, .floatValues = [0]{}, .int64Values = [0]{}, .bytes = [0]{}, .stringValue = ""}}
12-30 11:07:57.544   398   464 I VehiclePropertyStore: begin to write value to Store: {.timestamp = 9013365829072, .areaId = 0, .prop = 557850950, .status = AVAILABLE, .value = {.int32Values = [1]{0}, .floatValues = [0]{}, .int64Values = [0]{}, .bytes = [0]{}, .stringValue = ""}}
12-30 11:07:57.544   398   464 I DefaultVehicleHal_v2_0: DefaultVehicleHal::onPropertyValue, value:{.timestamp = 9013365829072, .areaId = 0, .prop = 557850950, .status = AVAILABLE, .value = {.int32Values = [1]{0}, .floatValues = [0]{}, .int64Values = [0]{}, .bytes = [0]{}, .stringValue = ""}}
12-30 11:07:57.544   398   464 D DiagPropHandler: is not DiagnosticConfig: 0x21402146
12-30 11:07:57.544   398   464 I VehiclePropertyStore: begin to write value to Store: {.timestamp = 9013365829072, .areaId = 0, .prop = 557850950, .status = AVAILABLE, .value = {.int32Values = [1]{0}, .floatValues = [0]{}, .int64Values = [0]{}, .bytes = [0]{}, .stringValue = ""}}
12-30 11:07:57.544   360   458 D EvsDriver: doneWithFrame
12-30 11:07:57.544   398   464 D adayocomadapter-CommunicationManager: onUpstreamReceive mPropertyId 0x21402146
12-30 11:07:57.545   398   464 D adayocomadapter-CommunicationManager: onUpstreamReceive mPropertyId 0x21402147
12-30 11:07:57.545   398   464 D adayocomadapter-CommunicationManager: convertBytesToInt32Memcpy  0
12-30 11:07:57.545   398   464 I vw-vhal : notifyVehicleProperty, propId = 0x21402147, data = {status: 2, int32Values: [0]}
12-30 11:07:57.545   398   464 I vw-vhal : CanSignalsAdapter::notifyVehicleProperty: solvedValue = {.timestamp = 9013367113072, .areaId = 0, .prop = 557850951, .status = AVAILABLE, .value = {.int32Values = [1]{0}, .floatValues = [0]{}, .int64Values = [0]{}, .bytes = [0]{}, .stringValue = ""}}
12-30 11:07:57.545   398   464 I VehiclePropertyStore: begin to write value to Store: {.timestamp = 9013367113072, .areaId = 0, .prop = 557850951, .status = AVAILABLE, .value = {.int32Values = [1]{0}, .floatValues = [0]{}, .int64Values = [0]{}, .bytes = [0]{}, .stringValue = ""}}
12-30 11:07:57.545   398   464 I DefaultVehicleHal_v2_0: DefaultVehicleHal::onPropertyValue, value:{.timestamp = 9013367113072, .areaId = 0, .prop = 557850951, .status = AVAILABLE, .value = {.int32Values = [1]{0}, .floatValues = [0]{}, .int64Values = [0]{}, .bytes = [0]{}, .stringValue = ""}}
12-30 11:07:57.545   398   464 D DiagPropHandler: is not DiagnosticConfig: 0x21402147
12-30 11:07:57.546   398   464 I VehiclePropertyStore: begin to write value to Store: {.timestamp = 9013367113072, .areaId = 0, .prop = 557850951, .status = AVAILABLE, .value = {.int32Values = [1]{0}, .floatValues = [0]{}, .int64Values = [0]{}, .bytes = [0]{}, .stringValue = ""}}
12-30 11:07:57.546   398   464 D adayocomadapter-CommunicationManager: onUpstreamReceive mPropertyId 0x21402147
12-30 11:07:57.546   398   464 D adayocomadapter-CommunicationManager: onUpstreamReceive mPropertyId 0x21402148
12-30 11:07:57.546   398   464 D adayocomadapter-CommunicationManager: convertBytesToInt32Memcpy  0
12-30 11:07:57.546   398   464 I vw-vhal : notifyVehicleProperty, propId = 0x21402148, data = {status: 2, int32Values: [0]}
12-30 11:07:57.546   398   464 I vw-vhal : CanSignalsAdapter::notifyVehicleProperty: solvedValue = {.timestamp = 9013368320739, .areaId = 0, .prop = 557850952, .status = AVAILABLE, .value = {.int32Values = [1]{0}, .floatValues = [0]{}, .int64Values = [0]{}, .bytes = [0]{}, .stringValue = ""}}
12-30 11:07:57.546   398   464 I VehiclePropertyStore: begin to write value to Store: {.timestamp = 9013368320739, .areaId = 0, .prop = 557850952, .status = AVAILABLE, .value = {.int32Values = [1]{0}, .floatValues = [0]{}, .int64Values = [0]{}, .bytes = [0]{}, .stringValue = ""}}
12-30 11:07:57.546   398   464 I DefaultVehicleHal_v2_0: DefaultVehicleHal::onPropertyValue, value:{.timestamp = 9013368320739, .areaId = 0, .prop = 557850952, .status = AVAILABLE, .value = {.int32Values = [1]{0}, .floatValues = [0]{}, .int64Values = [0]{}, .bytes = [0]{}, .stringValue = ""}}
12-30 11:07:57.546   398   464 D DiagPropHandler: is not DiagnosticConfig: 0x21402148
12-30 11:07:57.546   398   464 I VehiclePropertyStore: begin to write value to Store: {.timestamp = 9013368320739, .areaId = 0, .prop = 557850952, .status = AVAILABLE, .value = {.int32Values = [1]{0}, .floatValues = [0]{}, .int64Values = [0]{}, .bytes = [0]{}, .stringValue = ""}}
12-30 11:07:57.546   398   464 D adayocomadapter-CommunicationManager: onUpstreamReceive mPropertyId 0x21402148
12-30 11:07:57.546   398   464 D adayocomadapter-CommunicationManager: onUpstreamReceive mPropertyId 0x21402149
12-30 11:07:57.546   398   464 D adayocomadapter-CommunicationManager: convertBytesToInt32Memcpy  0
12-30 11:07:57.547   398   464 I vw-vhal : notifyVehicleProperty, propId = 0x21402149, data = {status: 2, int32Values: [0]}
12-30 11:07:57.547   398   464 I vw-vhal : CanSignalsAdapter::notifyVehicleProperty: solvedValue = {.timestamp = 9013368963405, .areaId = 0, .prop = 557850953, .status = AVAILABLE, .value = {.int32Values = [1]{0}, .floatValues = [0]{}, .int64Values = [0]{}, .bytes = [0]{}, .stringValue = ""}}
12-30 11:07:57.547   398   464 I VehiclePropertyStore: begin to write value to Store: {.timestamp = 9013368963405, .areaId = 0, .prop = 557850953, .status = AVAILABLE, .value = {.int32Values = [1]{0}, .floatValues = [0]{}, .int64Values = [0]{}, .bytes = [0]{}, .stringValue = ""}}
12-30 11:07:57.547   398   464 I DefaultVehicleHal_v2_0: DefaultVehicleHal::onPropertyValue, value:{.timestamp = 9013368963405, .areaId = 0, .prop = 557850953, .status = AVAILABLE, .value = {.int32Values = [1]{0}, .floatValues = [0]{}, .int64Values = [0]{}, .bytes = [0]{}, .stringValue = ""}}
12-30 11:07:57.547   398   464 D DiagPropHandler: is not DiagnosticConfig: 0x21402149
12-30 11:07:57.547   398   464 I VehiclePropertyStore: begin to write value to Store: {.timestamp = 9013368963405, .areaId = 0, .prop = 557850953, .status = AVAILABLE, .value = {.int32Values = [1]{0}, .floatValues = [0]{}, .int64Values = [0]{}, .bytes = [0]{}, .stringValue = ""}}
12-30 11:07:57.547   398   464 D adayocomadapter-CommunicationManager: onUpstreamReceive mPropertyId 0x21402149
12-30 11:07:57.547   398   464 D adayocomadapter-CommunicationManager: onUpstreamReceive mPropertyId 0x2140214f
12-30 11:07:57.547   398   464 D adayocomadapter-CommunicationManager: convertBytesToInt32Memcpy  0
12-30 11:07:57.547   398   464 I vw-vhal : notifyVehicleProperty, propId = 0x2140214f, data = {status: 2, int32Values: [0]}
12-30 11:07:57.547   398   464 I vw-vhal : CanSignalsAdapter::notifyVehicleProperty: solvedValue = {.timestamp = 9013369612072, .areaId = 0, .prop = 557850959, .status = AVAILABLE, .value = {.int32Values = [1]{0}, .floatValues = [0]{}, .int64Values = [0]{}, .bytes = [0]{}, .stringValue = ""}}
12-30 11:07:57.547   398   464 I VehiclePropertyStore: begin to write value to Store: {.timestamp = 9013369612072, .areaId = 0, .prop = 557850959, .status = AVAILABLE, .value = {.int32Values = [1]{0}, .floatValues = [0]{}, .int64Values = [0]{}, .bytes = [0]{}, .stringValue = ""}}
12-30 11:07:57.547   398   464 I DefaultVehicleHal_v2_0: DefaultVehicleHal::onPropertyValue, value:{.timestamp = 9013369612072, .areaId = 0, .prop = 557850959, .status = AVAILABLE, .value = {.int32Values = [1]{0}, .floatValues = [0]{}, .int64Values = [0]{}, .bytes = [0]{}, .stringValue = ""}}
12-30 11:07:57.548   398   464 D DiagPropHandler: is not DiagnosticConfig: 0x2140214f
12-30 11:07:57.548   398   464 I VehiclePropertyStore: begin to write value to Store: {.timestamp = 9013369612072, .areaId = 0, .prop = 557850959, .status = AVAILABLE, .value = {.int32Values = [1]{0}, .floatValues = [0]{}, .int64Values = [0]{}, .bytes = [0]{}, .stringValue = ""}}
12-30 11:07:57.548   398   464 D adayocomadapter-CommunicationManager: onUpstreamReceive mPropertyId 0x2140214f
12-30 11:07:57.548   398   464 D adayocomadapter-CommunicationManager: onUpstreamReceive mPropertyId 0x21402150
12-30 11:07:57.548   398   464 D adayocomadapter-CommunicationManager: convertBytesToInt32Memcpy  0
12-30 11:07:57.548   398   464 I vw-vhal : notifyVehicleProperty, propId = 0x21402150, data = {status: 2, int32Values: [0]}
12-30 11:07:57.548   398   464 I vw-vhal : CanSignalsAdapter::notifyVehicleProperty: solvedValue = {.timestamp = 9013370256739, .areaId = 0, .prop = 557850960, .status = AVAILABLE, .value = {.int32Values = [1]{0}, .floatValues = [0]{}, .int64Values = [0]{}, .bytes = [0]{}, .stringValue = ""}}
12-30 11:07:57.548   398   464 I VehiclePropertyStore: begin to write value to Store: {.timestamp = 9013370256739, .areaId = 0, .prop = 557850960, .status = AVAILABLE, .value = {.int32Values = [1]{0}, .floatValues = [0]{}, .int64Values = [0]{}, .bytes = [0]{}, .stringValue = ""}}
12-30 11:07:57.548   398   464 I DefaultVehicleHal_v2_0: DefaultVehicleHal::onPropertyValue, value:{.timestamp = 9013370256739, .areaId = 0, .prop = 557850960, .status = AVAILABLE, .value = {.int32Values = [1]{0}, .floatValues = [0]{}, .int64Values = [0]{}, .bytes = [0]{}, .stringValue = ""}}
12-30 11:07:57.548   398   464 D DiagPropHandler: is not DiagnosticConfig: 0x21402150
12-30 11:07:57.548   398   464 I VehiclePropertyStore: begin to write value to Store: {.timestamp = 9013370256739, .areaId = 0, .prop = 557850960, .status = AVAILABLE, .value = {.int32Values = [1]{0}, .floatValues = [0]{}, .int64Values = [0]{}, .bytes = [0]{}, .stringValue = ""}}
12-30 11:07:57.548   398   464 D adayocomadapter-CommunicationManager: onUpstreamReceive mPropertyId 0x21402150
12-30 11:07:57.548   398   464 D adayocomadapter-CommunicationManager: onUpstreamReceive mPropertyId 0x21402144
12-30 11:07:57.548   398   464 I vw-vhal : notifyVehicleProperty, propId = 0x21402144, data = {status: 2, int32Values: [0, 0]}
12-30 11:07:57.549   398   464 D adayocomadapter-CommunicationManager: onUpstreamReceive mPropertyId 0x21402144
12-30 11:07:57.549   398   464 D adayocomadapter-CommunicationManager: onUpstreamReceive mPropertyId 0x21402151
12-30 11:07:57.549   398   464 D adayocomadapter-CommunicationManager: convertBytesToInt32Memcpy  0
12-30 11:07:57.549   398   464 I vw-vhal : notifyVehicleProperty, propId = 0x21402151, data = {status: 2, int32Values: [0]}
12-30 11:07:57.549   398   464 I vw-vhal : CanSignalsAdapter::notifyVehicleProperty: solvedValue = {.timestamp = 9013371096072, .areaId = 0, .prop = 557850961, .status = AVAILABLE, .value = {.int32Values = [1]{0}, .floatValues = [0]{}, .int64Values = [0]{}, .bytes = [0]{}, .stringValue = ""}}
12-30 11:07:57.549   398   464 I VehiclePropertyStore: begin to write value to Store: {.timestamp = 9013371096072, .areaId = 0, .prop = 557850961, .status = AVAILABLE, .value = {.int32Values = [1]{0}, .floatValues = [0]{}, .int64Values = [0]{}, .bytes = [0]{}, .stringValue = ""}}
12-30 11:07:57.549   398   464 I DefaultVehicleHal_v2_0: DefaultVehicleHal::onPropertyValue, value:{.timestamp = 9013371096072, .areaId = 0, .prop = 557850961, .status = AVAILABLE, .value = {.int32Values = [1]{0}, .floatValues = [0]{}, .int64Values = [0]{}, .bytes = [0]{}, .stringValue = ""}}
12-30 11:07:57.549   398   464 D DiagPropHandler: is not DiagnosticConfig: 0x21402151
12-30 11:07:57.549   398   464 I VehiclePropertyStore: begin to write value to Store: {.timestamp = 9013371096072, .areaId = 0, .prop = 557850961, .status = AVAILABLE, .value = {.int32Values = [1]{0}, .floatValues = [0]{}, .int64Values = [0]{}, .bytes = [0]{}, .stringValue = ""}}
12-30 11:07:57.549   398   464 D adayocomadapter-CommunicationManager: onUpstreamReceive mPropertyId 0x21402151
12-30 11:07:57.549   398   464 D adayocomadapter-CommunicationManager: onUpstreamReceive mPropertyId 0x21402145
12-30 11:07:57.549   398   464 I vw-vhal : notifyVehicleProperty, propId = 0x21402145, data = {status: 2, int32Values: [0, 0]}
12-30 11:07:57.549   398   464 D adayocomadapter-CommunicationManager: onUpstreamReceive mPropertyId 0x21402145
12-30 11:07:57.549   398   464 D adayocomadapter-CommunicationManager: onUpstreamReceive mPropertyId 0x2140213d
12-30 11:07:57.549   398   464 D adayocomadapter-CommunicationManager: convertBytesToInt32Memcpy  0
12-30 11:07:57.550   398   464 I vw-vhal : notifyVehicleProperty, propId = 0x2140213d, data = {status: 2, int32Values: [0]}
