--------- beginning of main
12-30 11:07:54.440   360   931 D EvsDriver: forwardFrame
12-30 11:07:54.440   360   931 D EvsDriver: forwardFrameDirect
12-30 11:07:54.441   360   931 D EvsDriver: Delivered 0xb400e2ca9e40c2d0 as id 0
12-30 11:07:54.441   359  2784 D evsmanagerd: /dev/video-evs0 forwarded the buffer #0 to 0xb400f125d2b26dd0 from 0xb400f125e2b20710
12-30 11:07:54.443   360   458 D EvsDriver: doneWithFrame
12-30 11:07:54.450   650   730 D fgemcucomm: sd Uart data : 6AA6001B3300020601A9
12-30 11:07:54.455   596  3076 E WifiHAL : Invalid data received from driver
12-30 11:07:54.461  2358  2623 D RcfController: Rcf proxy is not connected!
12-30 11:07:54.474   360   931 D EvsDriver: forwardFrame
12-30 11:07:54.474   360   931 D EvsDriver: forwardFrameDirect
12-30 11:07:54.474   360   931 D EvsDriver: Delivered 0xb400e2ca9e40d090 as id 1
12-30 11:07:54.474   359  2784 D evsmanagerd: /dev/video-evs0 forwarded the buffer #1 to 0xb400f125d2b26dd0 from 0xb400f125e2b20710
12-30 11:07:54.484   360   458 D EvsDriver: doneWithFrame
12-30 11:07:54.507   360   931 D EvsDriver: forwardFrame
12-30 11:07:54.507   360   931 D EvsDriver: forwardFrameDirect
12-30 11:07:54.508   360   931 D EvsDriver: Delivered 0xb400e2ca9e40e110 as id 0
12-30 11:07:54.508   359  2784 D evsmanagerd: /dev/video-evs0 forwarded the buffer #0 to 0xb400f125d2b26dd0 from 0xb400f125e2b20710
12-30 11:07:54.512  2358  2623 D RcfController: Rcf proxy is not connected!
12-30 11:07:54.514   360   458 D EvsDriver: doneWithFrame
12-30 11:07:54.522   596  3076 E WifiHAL : Invalid data received from driver
12-30 11:07:54.540   360   931 D EvsDriver: forwardFrame
12-30 11:07:54.541   360   931 D EvsDriver: forwardFrameDirect
12-30 11:07:54.541   360   931 D EvsDriver: Delivered 0xb400e2ca9e40c7a0 as id 1
12-30 11:07:54.541   359  2784 D evsmanagerd: /dev/video-evs0 forwarded the buffer #1 to 0xb400f125d2b26dd0 from 0xb400f125e2b20710
12-30 11:07:54.544   360   458 D EvsDriver: doneWithFrame
12-30 11:07:54.562  2358  2623 D RcfController: Rcf proxy is not connected!
12-30 11:07:54.567  1611 15258 I ADAYO_LOG_: a(CmdFunc.java:22)logcat execute command finally : [logcat -b all -c]
12-30 11:07:54.567  1611 15258 I ADAYO_LOG_: a(CmdFunc.java:38)logcatexecute command end, errorMsg: , and status: 0: 
12-30 11:07:54.568   650   729 D fgemcucomm: sd Uart data : 6AA602192900028B30FF
12-30 11:07:54.569   650   729 D fgemcucomm: rev uart=74436,len=92, data : 6AA681192900548B30B01E0B0735A55A880000010001010E000000000000000000000000000000000000000023C204C30428808080808083808031040AFF0A0D0D09000900BBBBBBBBBBBBBBBBBB000000000000000000004F020549
12-30 11:07:54.571   596  3076 E WifiHAL : Invalid data received from driver
12-30 11:07:54.574   360   931 D EvsDriver: forwardFrame
12-30 11:07:54.574   360   931 D EvsDriver: forwardFrameDirect
12-30 11:07:54.574   360   931 D EvsDriver: Delivered 0xb400e2ca9e40e270 as id 0
12-30 11:07:54.574   359  2784 D evsmanagerd: /dev/video-evs0 forwarded the buffer #0 to 0xb400f125d2b26dd0 from 0xb400f125e2b20710
12-30 11:07:54.582  1611 15258 I ADAYO_LOG_: b(LogcatFunc.java:5)path:/mnt/sdcard/AndroidLog/logcat/logcat_2025_12_30_11_07_54_366-14.txt
12-30 11:07:54.585   360   458 D EvsDriver: doneWithFrame
12-30 11:07:54.586  1611 15258 I ADAYO_LOG_: b(LogcatFunc.java:7)COLLECT_INT_START
12-30 11:07:54.587  1611 15258 I ADAYO_LOG_: g(null:15)logcat file is zip packing, zipFilePath: /mnt/sdcard/AndroidLog/logcat/logcat_2025_12_30_11_07_54_366-13.zip
12-30 11:07:54.587  1611 15258 I ADAYO_LOG_: e(LogcatFunc.java:2)isOpenEncrypt: false
12-30 11:07:54.588  2310  2720 D FuseDaemon: Node: 12970642256212177872 created.
12-30 11:07:54.607   360   931 D EvsDriver: forwardFrame
12-30 11:07:54.607   360   931 D EvsDriver: forwardFrameDirect
12-30 11:07:54.607   360   931 D EvsDriver: Delivered 0xb400e2ca9e40d4b0 as id 1
12-30 11:07:54.607   359  2784 D evsmanagerd: /dev/video-evs0 forwarded the buffer #1 to 0xb400f125d2b26dd0 from 0xb400f125e2b20710
--------- beginning of events
12-30 11:07:54.608 10813 10813 I auditd  : type=1400 audit(0.0:1008066): avc:  denied  { entrypoint } for  comm="init" path="/system/bin/sh" dev="dm-1" ino=8660711 scontext=u:r:trace_logcat:s0 tcontext=u:object_r:shell_exec:s0 tclass=file permissive=1
12-30 11:07:54.608 10813 10813 I init    : type=1400 audit(0.0:1008066): avc:  denied  { entrypoint } for  path="/system/bin/sh" dev="dm-1" ino=8660711 scontext=u:r:trace_logcat:s0 tcontext=u:object_r:shell_exec:s0 tclass=file permissive=1
12-30 11:07:54.612  2358  2623 D RcfController: Rcf proxy is not connected!
12-30 11:07:54.615   360   458 D EvsDriver: doneWithFrame
12-30 11:07:54.620   596  3076 E WifiHAL : Invalid data received from driver
12-30 11:07:54.620   596  3076 E WifiHAL : Invalid data received from driver
12-30 11:07:54.620   596  3076 E WifiHAL : Invalid data received from driver
12-30 11:07:54.620   596  3076 E WifiHAL : Invalid data received from driver
12-30 11:07:54.620   596  3076 E WifiHAL : Invalid data received from driver
12-30 11:07:54.620   596  3076 E WifiHAL : Invalid data received from driver
12-30 11:07:54.620   596  3076 E WifiHAL : Invalid data received from driver
12-30 11:07:54.624   798 10809 W adbd    : timed out while waiting for FUNCTIONFS_BIND, trying again
12-30 11:07:54.624   798 10809 I adbd    : UsbFfs: connection terminated: monitor thread finished
12-30 11:07:54.624   798   798 I adbd    : UsbFfs: already offline
12-30 11:07:54.624   798   798 I adbd    : destroying transport UsbFfs
12-30 11:07:54.624   798   798 I adbd    : UsbFfsConnection being destroyed
--------- beginning of system
12-30 11:07:54.628  1667  2513 W ContextImpl: Calling a method in the system process without a qualified user: android.app.ContextImpl.bindService:1988 android.content.ContextWrapper.bindService:861 com.ford.sync.fnvservice.analytics.AnalyticsManager$RetryHandler.a:126 com.ford.sync.fnvservice.analytics.AnalyticsManager$RetryHandler.handleMessage:103 android.os.Handler.dispatchMessage:106 
12-30 11:07:54.629   916  3726 W ActivityManager: Unable to start service Intent { cmp=com.ford.sync.fnvservice/.analytics.AnalyticsService } U=0: not found
12-30 11:07:54.629  1667  2513 W AnalyticsManager:  bind ford Analytics failed -> sendRetryMessage 
12-30 11:07:54.640   360   931 D EvsDriver: forwardFrame
12-30 11:07:54.640   360   931 D EvsDriver: forwardFrameDirect
12-30 11:07:54.641   360   931 D EvsDriver: Delivered 0xb400e2ca9e40c2d0 as id 0
12-30 11:07:54.641   359  2784 D evsmanagerd: /dev/video-evs0 forwarded the buffer #0 to 0xb400f125d2b26dd0 from 0xb400f125e2b20710
12-30 11:07:54.645   360   458 D EvsDriver: doneWithFrame
12-30 11:07:54.651   596  3076 E WifiHAL : Invalid data received from driver
12-30 11:07:54.651 10815 10815 I ADAYO_LOG_TRACE_LOGCAT: execute start
12-30 11:07:54.662  2358  2623 D RcfController: Rcf proxy is not connected!
12-30 11:07:54.670   798   838 I adbd    : opening control endpoint /dev/usb-ffs/adb/ep0
12-30 11:07:54.671   798   838 I adbd    : UsbFfsConnection constructed
12-30 11:07:54.671   798 10818 I adbd    : UsbFfs-monitor thread spawned
12-30 11:07:54.674   360   931 D EvsDriver: forwardFrame
12-30 11:07:54.674   360   931 D EvsDriver: forwardFrameDirect
12-30 11:07:54.674   360   931 D EvsDriver: Delivered 0xb400e2ca9e40d090 as id 1
12-30 11:07:54.674   359  2784 D evsmanagerd: /dev/video-evs0 forwarded the buffer #1 to 0xb400f125d2b26dd0 from 0xb400f125e2b20710
12-30 11:07:54.675   360   458 D EvsDriver: doneWithFrame
12-30 11:07:54.691 10817 10817 I ADAYO_LOG_TRACE_LOGCAT: executing
12-30 11:07:54.707   360   931 D EvsDriver: forwardFrame
12-30 11:07:54.707   360   931 D EvsDriver: forwardFrameDirect
12-30 11:07:54.707   360   931 D EvsDriver: Delivered 0xb400e2ca9e40e110 as id 0
12-30 11:07:54.707   359  2784 D evsmanagerd: /dev/video-evs0 forwarded the buffer #0 to 0xb400f125d2b26dd0 from 0xb400f125e2b20710
12-30 11:07:54.712   596  3076 E WifiHAL : Invalid data received from driver
12-30 11:07:54.712  2358  2623 D RcfController: Rcf proxy is not connected!
12-30 11:07:54.716   360   458 D EvsDriver: doneWithFrame
12-30 11:07:54.730 10820 10820 I ADAYO_LOG_TRACE_LOGCAT: collect_dest_path:/mnt/sdcard/AndroidLog/logcat
12-30 11:07:54.740   360   931 D EvsDriver: forwardFrame
12-30 11:07:54.740   360   931 D EvsDriver: forwardFrameDirect
12-30 11:07:54.741   360   931 D EvsDriver: Delivered 0xb400e2ca9e40c7a0 as id 1
12-30 11:07:54.741   359  2784 D evsmanagerd: /dev/video-evs0 forwarded the buffer #1 to 0xb400f125d2b26dd0 from 0xb400f125e2b20710
12-30 11:07:54.746   360   458 D EvsDriver: doneWithFrame
12-30 11:07:54.763  2358  2623 D RcfController: Rcf proxy is not connected!
12-30 11:07:54.774   360   931 D EvsDriver: forwardFrame
12-30 11:07:54.774   360   931 D EvsDriver: forwardFrameDirect
12-30 11:07:54.774   360   931 D EvsDriver: Delivered 0xb400e2ca9e40e270 as id 0
12-30 11:07:54.774   359  2784 D evsmanagerd: /dev/video-evs0 forwarded the buffer #0 to 0xb400f125d2b26dd0 from 0xb400f125e2b20710
12-30 11:07:54.775   596  3076 E WifiHAL : Invalid data received from driver
12-30 11:07:54.777   360   458 D EvsDriver: doneWithFrame
12-30 11:07:54.807   360   931 D EvsDriver: forwardFrame
12-30 11:07:54.807   360   931 D EvsDriver: forwardFrameDirect
12-30 11:07:54.807   360   931 D EvsDriver: Delivered 0xb400e2ca9e40d4b0 as id 1
12-30 11:07:54.807   359  2784 D evsmanagerd: /dev/video-evs0 forwarded the buffer #1 to 0xb400f125d2b26dd0 from 0xb400f125e2b20710
12-30 11:07:54.813  2358  2623 D RcfController: Rcf proxy is not connected!
12-30 11:07:54.817   360   458 D EvsDriver: doneWithFrame
12-30 11:07:54.821 10824 10824 I ADAYO_LOG_TRACE_LOGCAT: file_path:/mnt/sdcard/AndroidLog/logcat/logcat_2025_12_30_11_07_54_366-14.txt
12-30 11:07:54.827   657   908 D EvsApp  : state:255,subState:255,desiredState:0,subDesiredState:0
12-30 11:07:54.830   596  3076 E WifiHAL : Invalid data received from driver
12-30 11:07:54.830   596  3076 E WifiHAL : Invalid data received from driver
12-30 11:07:54.832   596  3076 E WifiHAL : Invalid data received from driver
12-30 11:07:54.838   596  3076 E WifiHAL : Invalid data received from driver
12-30 11:07:54.840   360   931 D EvsDriver: forwardFrame
12-30 11:07:54.840   360   931 D EvsDriver: forwardFrameDirect
12-30 11:07:54.841   360   931 D EvsDriver: Delivered 0xb400e2ca9e40c2d0 as id 0
12-30 11:07:54.841   359  2784 D evsmanagerd: /dev/video-evs0 forwarded the buffer #0 to 0xb400f125d2b26dd0 from 0xb400f125e2b20710
12-30 11:07:54.847   360   458 D EvsDriver: doneWithFrame
12-30 11:07:54.863  2358  2623 D RcfController: Rcf proxy is not connected!
12-30 11:07:54.871 10827 10827 I ADAYO_LOG_TRACE_LOGCAT: folder_size:
12-30 11:07:54.874   360   931 D EvsDriver: forwardFrame
12-30 11:07:54.874   360   931 D EvsDriver: forwardFrameDirect
12-30 11:07:54.874   360   931 D EvsDriver: Delivered 0xb400e2ca9e40d090 as id 1
12-30 11:07:54.874   359  2784 D evsmanagerd: /dev/video-evs0 forwarded the buffer #1 to 0xb400f125d2b26dd0 from 0xb400f125e2b20710
12-30 11:07:54.878   360   458 D EvsDriver: doneWithFrame
12-30 11:07:54.894   596  3076 E WifiHAL : Invalid data received from driver
12-30 11:07:54.907   360   931 D EvsDriver: forwardFrame
12-30 11:07:54.907   360   931 D EvsDriver: forwardFrameDirect
12-30 11:07:54.907   360   931 D EvsDriver: Delivered 0xb400e2ca9e40e110 as id 0
12-30 11:07:54.907   359  2784 D evsmanagerd: /dev/video-evs0 forwarded the buffer #0 to 0xb400f125d2b26dd0 from 0xb400f125e2b20710
12-30 11:07:54.908   360   458 D EvsDriver: doneWithFrame
12-30 11:07:54.913  2358  2623 D RcfController: Rcf proxy is not connected!
12-30 11:07:54.940   360   931 D EvsDriver: forwardFrame
12-30 11:07:54.941   360   931 D EvsDriver: forwardFrameDirect
12-30 11:07:54.941   360   931 D EvsDriver: Delivered 0xb400e2ca9e40c7a0 as id 1
12-30 11:07:54.941   359  2784 D evsmanagerd: /dev/video-evs0 forwarded the buffer #1 to 0xb400f125d2b26dd0 from 0xb400f125e2b20710
12-30 11:07:54.949   360   458 D EvsDriver: doneWithFrame
12-30 11:07:54.964  2358  2623 D RcfController: Rcf proxy is not connected!
12-30 11:07:54.970  2310  2842 D FuseDaemon: Node: 12970642256212302288 created.
12-30 11:07:54.974   360   931 D EvsDriver: forwardFrame
12-30 11:07:54.974   360   931 D EvsDriver: forwardFrameDirect
12-30 11:07:54.974   360   931 D EvsDriver: Delivered 0xb400e2ca9e40e270 as id 0
12-30 11:07:54.974   359  2784 D evsmanagerd: /dev/video-evs0 forwarded the buffer #0 to 0xb400f125d2b26dd0 from 0xb400f125e2b20710
12-30 11:07:54.979   360   458 D EvsDriver: doneWithFrame
12-30 11:07:54.995   596  3076 E WifiHAL : Invalid data received from driver
12-30 11:07:55.007   360   931 D EvsDriver: forwardFrame
12-30 11:07:55.007   360   931 D EvsDriver: forwardFrameDirect
12-30 11:07:55.007   360   931 D EvsDriver: Delivered 0xb400e2ca9e40d4b0 as id 1
12-30 11:07:55.007   359  2784 D evsmanagerd: /dev/video-evs0 forwarded the buffer #1 to 0xb400f125d2b26dd0 from 0xb400f125e2b20710
12-30 11:07:55.009   360   458 D EvsDriver: doneWithFrame
12-30 11:07:55.014  2358  2623 D RcfController: Rcf proxy is not connected!
12-30 11:07:55.040   360   931 D EvsDriver: forwardFrame
12-30 11:07:55.040   360   931 D EvsDriver: forwardFrameDirect
12-30 11:07:55.041   360   931 D EvsDriver: Delivered 0xb400e2ca9e40c2d0 as id 0
12-30 11:07:55.041   359  2784 D evsmanagerd: /dev/video-evs0 forwarded the buffer #0 to 0xb400f125d2b26dd0 from 0xb400f125e2b20710
12-30 11:07:55.050   360   458 D EvsDriver: doneWithFrame
12-30 11:07:55.064  2358  2623 D RcfController: Rcf proxy is not connected!
12-30 11:07:55.068   596  3076 E WifiHAL : Invalid data received from driver
12-30 11:07:55.070  1667  2594 W ContextImpl: Calling a method in the system process without a qualified user: android.app.ContextImpl.bindService:1988 android.content.ContextWrapper.bindService:861 com.ford.sync.fnvservice.FordFnv.c:202 com.ford.sync.fnvservice.FordFnv.c:43 com.ford.sync.fnvservice.FordFnv$RetryHandler.handleMessage:245 
12-30 11:07:55.071   916  3726 W ActivityManager: Unable to start service Intent { cmp=com.ford.sync.fnvservice/.FordFnvService } U=0: not found
12-30 11:07:55.071  1667  2594 W FordFnv :  bind ford fnv failed -> sendRetryMessage 
12-30 11:07:55.074   360   931 D EvsDriver: forwardFrame
12-30 11:07:55.074   360   931 D EvsDriver: forwardFrameDirect
12-30 11:07:55.074   360   931 D EvsDriver: Delivered 0xb400e2ca9e40d090 as id 1
12-30 11:07:55.074  1667  2407 I media_message_log->MediaMessageProxy: (SourceFile:1)b connectToService action bind
12-30 11:07:55.074   359  2784 D evsmanagerd: /dev/video-evs0 forwarded the buffer #1 to 0xb400f125d2b26dd0 from 0xb400f125e2b20710
12-30 11:07:55.075   916  3726 W ActivityManager: Unable to start service Intent { cmp=com.adayo.server.mediamessagetransfer/.MediaMessTransferService (has extras) } U=0: not found
12-30 11:07:55.075  1667  2407 E media_message_log->MediaMessageProxy: (SourceFile:7)a bindServiceAsUser isBound = false
12-30 11:07:55.080   360   458 D EvsDriver: doneWithFrame
12-30 11:07:55.107   360   931 D EvsDriver: forwardFrame
12-30 11:07:55.107   360   931 D EvsDriver: forwardFrameDirect
12-30 11:07:55.107   360   931 D EvsDriver: Delivered 0xb400e2ca9e40e110 as id 0
12-30 11:07:55.107   359  2784 D evsmanagerd: /dev/video-evs0 forwarded the buffer #0 to 0xb400f125d2b26dd0 from 0xb400f125e2b20710
12-30 11:07:55.110   360   458 D EvsDriver: doneWithFrame
12-30 11:07:55.114  2358  2623 D RcfController: Rcf proxy is not connected!
12-30 11:07:55.140   360   931 D EvsDriver: forwardFrame
12-30 11:07:55.140   360   931 D EvsDriver: forwardFrameDirect
12-30 11:07:55.141   360   931 D EvsDriver: Delivered 0xb400e2ca9e40c7a0 as id 1
12-30 11:07:55.141   359  2784 D evsmanagerd: /dev/video-evs0 forwarded the buffer #1 to 0xb400f125d2b26dd0 from 0xb400f125e2b20710
12-30 11:07:55.143   596  3076 E WifiHAL : Invalid data received from driver
12-30 11:07:55.150   360   458 D EvsDriver: doneWithFrame
12-30 11:07:55.164  2358  2623 D RcfController: Rcf proxy is not connected!
12-30 11:07:55.174   360   931 I EvsDriver: /dev/video-evs0 VideoCapture fps 30.002
12-30 11:07:55.174   360   931 D EvsDriver: forwardFrame
12-30 11:07:55.174   360   931 D EvsDriver: forwardFrameDirect
12-30 11:07:55.174   360   931 D EvsDriver: Delivered 0xb400e2ca9e40e270 as id 0
12-30 11:07:55.174   359  2784 D evsmanagerd: /dev/video-evs0 forwarded the buffer #0 to 0xb400f125d2b26dd0 from 0xb400f125e2b20710
12-30 11:07:55.181   360   458 D EvsDriver: doneWithFrame
12-30 11:07:55.202   596  3076 E WifiHAL : Invalid data received from driver
12-30 11:07:55.207   360   931 D EvsDriver: forwardFrame
12-30 11:07:55.207   360   931 D EvsDriver: forwardFrameDirect
12-30 11:07:55.207   360   931 D EvsDriver: Delivered 0xb400e2ca9e40d4b0 as id 1
12-30 11:07:55.207   359  2784 D evsmanagerd: /dev/video-evs0 forwarded the buffer #1 to 0xb400f125d2b26dd0 from 0xb400f125e2b20710
12-30 11:07:55.211   360   458 D EvsDriver: doneWithFrame
12-30 11:07:55.215  2358  2623 D RcfController: Rcf proxy is not connected!
12-30 11:07:55.222   650   729 D fgemcucomm: sd Uart data : 6AA602192A0002920225
12-30 11:07:55.222   650   729 D fgemcucomm: rev uart=74437,len=15, data : 6AA681192A00079202000900000098
12-30 11:07:55.222   398   882 D adayocomadapter-ParseProtocolFunc: printRaWMsg Name[MCUToUPstream recv] len[7] data[92020009000000]
12-30 11:07:55.222   398   882 D adayocomadapter-CommunicationManager: onUpstreamback   member[0] dataLength[4] timePoint[9011044]
12-30 11:07:55.222   398   882 D adayocomadapter-ParseProtocolFunc: printRaWMsg Name[onUpstreamback] len[4] data[09000000]
12-30 11:07:55.222   398   464 D adayocomadapter-UpstreamHandler: processBeforePacket upSreamtProcessTimePoint[9011044] 
12-30 11:07:55.222   398   464 D adayocomadapter-UpstreamHandler: processPacket UPSTREAM_QUEUE_DATA_TIMEOUT
12-30 11:07:55.222   398   464 D adayocomadapter-ParseProtocolFunc: parseCommonIPCLBytes Processing tableNumber[9]
12-30 11:07:55.222   398   464 D adayocomadapter-ParseProtocolFunc: parseCommonIPCLBytes Processing tablename[Table-9] tableSize[4]
12-30 11:07:55.222   398   464 D adayocomadapter-ParseProtocolFunc: printRaWMsg Name[byteStream recv] len[4] data[09000000]
12-30 11:07:55.222   398   464 D adayocomadapter-ParseProtocolFunc: printRaWMsg Name[IPCLtoVHAL] len[6] data[214020600000]
12-30 11:07:55.222   398   464 D adayocomadapter-ParseProtocolFunc: printRaWMsg Name[IPCLtoVHAL] len[6] data[2140218D0000]
12-30 11:07:55.222   398   464 D adayocomadapter-ParseProtocolFunc: printRaWMsg Name[IPCLtoVHAL] len[6] data[214022550000]
12-30 11:07:55.222   398   464 D adayocomadapter-CommunicationManager: onUpstreamReceive mPropertyId 0x21402060
12-30 11:07:55.222   398   464 D adayocomadapter-CommunicationManager: convertBytesToInt32Memcpy  0
12-30 11:07:55.223   398   464 I vw-vhal : notifyVehicleProperty, propId = 0x21402060, data = {status: 2, int32Values: [0]}
12-30 11:07:55.223   398   464 I vw-vhal : CanSignalsAdapter::notifyVehicleProperty: solvedValue = {.timestamp = 9011044891405, .areaId = 0, .prop = 557850720, .status = AVAILABLE, .value = {.int32Values = [1]{0}, .floatValues = [0]{}, .int64Values = [0]{}, .bytes = [0]{}, .stringValue = ""}}
12-30 11:07:55.223   398   464 I VehiclePropertyStore: begin to write value to Store: {.timestamp = 9011044891405, .areaId = 0, .prop = 557850720, .status = AVAILABLE, .value = {.int32Values = [1]{0}, .floatValues = [0]{}, .int64Values = [0]{}, .bytes = [0]{}, .stringValue = ""}}
12-30 11:07:55.223   398   464 I DefaultVehicleHal_v2_0: DefaultVehicleHal::onPropertyValue, value:{.timestamp = 9011044891405, .areaId = 0, .prop = 557850720, .status = AVAILABLE, .value = {.int32Values = [1]{0}, .floatValues = [0]{}, .int64Values = [0]{}, .bytes = [0]{}, .stringValue = ""}}
12-30 11:07:55.223   398   464 D DiagPropHandler: is not DiagnosticConfig: 0x21402060
12-30 11:07:55.223   398   464 I VehiclePropertyStore: begin to write value to Store: {.timestamp = 9011044891405, .areaId = 0, .prop = 557850720, .status = AVAILABLE, .value = {.int32Values = [1]{0}, .floatValues = [0]{}, .int64Values = [0]{}, .bytes = [0]{}, .stringValue = ""}}
12-30 11:07:55.223   398   464 D adayocomadapter-CommunicationManager: onUpstreamReceive mPropertyId 0x21402060
12-30 11:07:55.223   398   464 D adayocomadapter-CommunicationManager: onUpstreamReceive mPropertyId 0x2140218d
12-30 11:07:55.223   398   464 D adayocomadapter-CommunicationManager: convertBytesToInt32Memcpy  0
12-30 11:07:55.223   398   464 I vw-vhal : notifyVehicleProperty, propId = 0x2140218d, data = {status: 2, int32Values: [0]}
12-30 11:07:55.223   398   464 I vw-vhal : CanSignalsAdapter::notifyVehicleProperty: solvedValue = {.timestamp = 9011045133405, .areaId = 0, .prop = 557851021, .status = AVAILABLE, .value = {.int32Values = [1]{0}, .floatValues = [0]{}, .int64Values = [0]{}, .bytes = [0]{}, .stringValue = ""}}
12-30 11:07:55.223   398   464 I VehiclePropertyStore: begin to write value to Store: {.timestamp = 9011045133405, .areaId = 0, .prop = 557851021, .status = AVAILABLE, .value = {.int32Values = [1]{0}, .floatValues = [0]{}, .int64Values = [0]{}, .bytes = [0]{}, .stringValue = ""}}
12-30 11:07:55.223   398   464 I DefaultVehicleHal_v2_0: DefaultVehicleHal::onPropertyValue, value:{.timestamp = 9011045133405, .areaId = 0, .prop = 557851021, .status = AVAILABLE, .value = {.int32Values = [1]{0}, .floatValues = [0]{}, .int64Values = [0]{}, .bytes = [0]{}, .stringValue = ""}}
12-30 11:07:55.223   398   464 D DiagPropHandler: is not DiagnosticConfig: 0x2140218d
12-30 11:07:55.223   398   464 I VehiclePropertyStore: begin to write value to Store: {.timestamp = 9011045133405, .areaId = 0, .prop = 557851021, .status = AVAILABLE, .value = {.int32Values = [1]{0}, .floatValues = [0]{}, .int64Values = [0]{}, .bytes = [0]{}, .stringValue = ""}}
12-30 11:07:55.223   398   464 D adayocomadapter-CommunicationManager: onUpstreamReceive mPropertyId 0x2140218d
12-30 11:07:55.223   398   464 D adayocomadapter-CommunicationManager: onUpstreamReceive mPropertyId 0x21402255
12-30 11:07:55.223   398   464 D adayocomadapter-CommunicationManager: convertBytesToInt32Memcpy  0
12-30 11:07:55.223   398   464 I vw-vhal : notifyVehicleProperty, propId = 0x21402255, data = {status: 2, int32Values: [0]}
12-30 11:07:55.223   398   464 I vw-vhal : CanSignalsAdapter::notifyVehicleProperty: solvedValue = {.timestamp = 9011045348738, .areaId = 0, .prop = 557851221, .status = AVAILABLE, .value = {.int32Values = [1]{0}, .floatValues = [0]{}, .int64Values = [0]{}, .bytes = [0]{}, .stringValue = ""}}
12-30 11:07:55.223   398   464 I VehiclePropertyStore: begin to write value to Store: {.timestamp = 9011045348738, .areaId = 0, .prop = 557851221, .status = AVAILABLE, .value = {.int32Values = [1]{0}, .floatValues = [0]{}, .int64Values = [0]{}, .bytes = [0]{}, .stringValue = ""}}
12-30 11:07:55.223   398   464 I DefaultVehicleHal_v2_0: DefaultVehicleHal::onPropertyValue, value:{.timestamp = 9011045348738, .areaId = 0, .prop = 557851221, .status = AVAILABLE, .value = {.int32Values = [1]{0}, .floatValues = [0]{}, .int64Values = [0]{}, .bytes = [0]{}, .stringValue = ""}}
12-30 11:07:55.223   398   464 D DiagPropHandler: is not DiagnosticConfig: 0x21402255
12-30 11:07:55.223   398   464 I VehiclePropertyStore: begin to write value to Store: {.timestamp = 9011045348738, .areaId = 0, .prop = 557851221, .status = AVAILABLE, .value = {.int32Values = [1]{0}, .floatValues = [0]{}, .int64Values = [0]{}, .bytes = [0]{}, .stringValue = ""}}
12-30 11:07:55.223   398   464 D adayocomadapter-CommunicationManager: onUpstreamReceive mPropertyId 0x21402255
12-30 11:07:55.240   360   931 D EvsDriver: forwardFrame
12-30 11:07:55.240   360   931 D EvsDriver: forwardFrameDirect
12-30 11:07:55.241   360   931 D EvsDriver: Delivered 0xb400e2ca9e40c2d0 as id 0
12-30 11:07:55.241   359  2784 D evsmanagerd: /dev/video-evs0 forwarded the buffer #0 to 0xb400f125d2b26dd0 from 0xb400f125e2b20710
12-30 11:07:55.251   360   458 D EvsDriver: doneWithFrame
12-30 11:07:55.265  2358  2623 D RcfController: Rcf proxy is not connected!
12-30 11:07:55.273   596  3076 E WifiHAL : Invalid data received from driver
12-30 11:07:55.274   360   931 D EvsDriver: forwardFrame
12-30 11:07:55.274   360   931 D EvsDriver: forwardFrameDirect
12-30 11:07:55.274   360   931 D EvsDriver: Delivered 0xb400e2ca9e40d090 as id 1
12-30 11:07:55.274   359  2784 D evsmanagerd: /dev/video-evs0 forwarded the buffer #1 to 0xb400f125d2b26dd0 from 0xb400f125e2b20710
12-30 11:07:55.281   360   458 D EvsDriver: doneWithFrame
12-30 11:07:55.307   360   931 D EvsDriver: forwardFrame
12-30 11:07:55.307   360   931 D EvsDriver: forwardFrameDirect
12-30 11:07:55.307   360   931 D EvsDriver: Delivered 0xb400e2ca9e40e110 as id 0
12-30 11:07:55.307   359  2784 D evsmanagerd: /dev/video-evs0 forwarded the buffer #0 to 0xb400f125d2b26dd0 from 0xb400f125e2b20710
12-30 11:07:55.312   360   458 D EvsDriver: doneWithFrame
12-30 11:07:55.315  2358  2623 D RcfController: Rcf proxy is not connected!
12-30 11:07:55.325   650   729 D fgemcucomm: sd Uart data : 6AA602192B0002920224
12-30 11:07:55.325   650   729 D fgemcucomm: rev uart=74438,len=51, data : 6AA681192B002B920200110000000000000000000000000000000000000000000000000000000000000000000000000000006B
12-30 11:07:55.325   398   882 D adayocomadapter-ParseProtocolFunc: printRaWMsg Name[MCUToUPstream recv] len[43] data[92020011000000000000000000000000000000000000000000000000000000000000000000000000000000]
12-30 11:07:55.325   398   882 D adayocomadapter-CommunicationManager: onUpstreamback   member[0] dataLength[40] timePoint[9011147]
12-30 11:07:55.325   398   882 D adayocomadapter-ParseProtocolFunc: printRaWMsg Name[onUpstreamback] len[40] data[11000000000000000000000000000000000000000000000000000000000000000000000000000000]
12-30 11:07:55.325   398   464 D adayocomadapter-UpstreamHandler: processBeforePacket upSreamtProcessTimePoint[9011147] 
12-30 11:07:55.325   398   464 D adayocomadapter-UpstreamHandler: processPacket UPSTREAM_QUEUE_DATA_TIMEOUT
12-30 11:07:55.325   398   464 D adayocomadapter-ParseProtocolFunc: parseCommonIPCLBytes Processing tableNumber[17]
12-30 11:07:55.325   398   464 D adayocomadapter-ParseProtocolFunc: parseCommonIPCLBytes Processing tablename[Table-17] tableSize[40]
12-30 11:07:55.325   398   464 D adayocomadapter-ParseProtocolFunc: printRaWMsg Name[byteStream recv] len[40] data[11000000000000000000000000000000000000000000000000000000000000000000000000000000]
12-30 11:07:55.325   398   464 D adayocomadapter-ParseProtocolFunc: printRaWMsg Name[IPCLtoVHAL] len[22] data[21102047010000000000000000000000000000000000]
12-30 11:07:55.325   398   464 D adayocomadapter-ParseProtocolFunc: printRaWMsg Name[IPCLtoVHAL] len[6] data[214020130000]
12-30 11:07:55.325   398   464 D adayocomadapter-ParseProtocolFunc: printRaWMsg Name[IPCLtoVHAL] len[6] data[2140216C0000]
12-30 11:07:55.325   398   464 D adayocomadapter-ParseProtocolFunc: printRaWMsg Name[IPCLtoVHAL] len[6] data[214020A60000]
12-30 11:07:55.325   398   464 D adayocomadapter-ParseProtocolFunc: printRaWMsg Name[IPCLtoVHAL] len[6] data[214020FC0000]
12-30 11:07:55.325   398   464 D adayocomadapter-ParseProtocolFunc: printRaWMsg Name[IPCLtoVHAL] len[6] data[214021080000]
12-30 11:07:55.325   398   464 D adayocomadapter-ParseProtocolFunc: printRaWMsg Name[IPCLtoVHAL] len[6] data[2140210A0000]
12-30 11:07:55.325   398   464 D adayocomadapter-ParseProtocolFunc: printRaWMsg Name[IPCLtoVHAL] len[6] data[214020240000]
12-30 11:07:55.326   398   464 D adayocomadapter-ParseProtocolFunc: printRaWMsg Name[IPCLtoVHAL] len[6] data[214021200000]
12-30 11:07:55.326   398   464 D adayocomadapter-ParseProtocolFunc: printRaWMsg Name[IPCLtoVHAL] len[6] data[214021090000]
12-30 11:07:55.326   398   464 D adayocomadapter-ParseProtocolFunc: printRaWMsg Name[IPCLtoVHAL] len[6] data[214020A70000]
12-30 11:07:55.326   398   464 D adayocomadapter-ParseProtocolFunc: printRaWMsg Name[IPCLtoVHAL] len[6] data[2140212E0000]
12-30 11:07:55.326   398   464 D adayocomadapter-ParseProtocolFunc: printRaWMsg Name[IPCLtoVHAL] len[6] data[2140205F0000]
12-30 11:07:55.326   398   464 D adayocomadapter-ParseProtocolFunc: printRaWMsg Name[IPCLtoVHAL] len[6] data[214021000000]
12-30 11:07:55.326   398   464 D adayocomadapter-ParseProtocolFunc: printRaWMsg Name[IPCLtoVHAL] len[7] data[214021A1000000]
12-30 11:07:55.326   398   464 D adayocomadapter-ParseProtocolFunc: printRaWMsg Name[IPCLtoVHAL] len[6] data[214020270000]
12-30 11:07:55.326   398   464 D adayocomadapter-ParseProtocolFunc: printRaWMsg Name[IPCLtoVHAL] len[6] data[214021800000]
12-30 11:07:55.326   398   464 D adayocomadapter-ParseProtocolFunc: printRaWMsg Name[IPCLtoVHAL] len[6] data[2140210B0000]
12-30 11:07:55.326   398   464 D adayocomadapter-ParseProtocolFunc: printRaWMsg Name[IPCLtoVHAL] len[6] data[2140217E0000]
12-30 11:07:55.326   398   464 D adayocomadapter-ParseProtocolFunc: printRaWMsg Name[IPCLtoVHAL] len[6] data[214020FE0000]
12-30 11:07:55.326   398   464 D adayocomadapter-ParseProtocolFunc: printRaWMsg Name[IPCLtoVHAL] len[6] data[214020FF0000]
12-30 11:07:55.326   398   464 D adayocomadapter-ParseProtocolFunc: printRaWMsg Name[IPCLtoVHAL] len[6] data[214021820000]
12-30 11:07:55.326   398   464 D adayocomadapter-CommunicationManager: onUpstreamReceive mPropertyId 0x21102047
12-30 11:07:55.326   398   464 D adayocomadapter-CommunicationManager: byteArrayToHexString  
12-30 11:07:55.326   398   464 I vw-vhal : notifyVehicleProperty, propId = 0x21102047, data = {status: 2, stringValue: "
12-30 11:07:55.326   398   464 I vw-vhal : CanSignalsAdapter::notifyVehicleProperty: solvedValue = {.timestamp = 9011148212738, .areaId = 0, .prop = 554704967, .status = AVAILABLE, .value = {.int32Values = [0]{}, .floatValues = [0]{}, .int64Values = [0]{}, .bytes = [0]{}, .stringValue = ""}}
12-30 11:07:55.326   398   464 I VehiclePropertyStore: begin to write value to Store: {.timestamp = 9011148212738, .areaId = 0, .prop = 554704967, .status = AVAILABLE, .value = {.int32Values = [0]{}, .floatValues = [0]{}, .int64Values = [0]{}, .bytes = [0]{}, .stringValue = ""}}
12-30 11:07:55.326   398   464 I DefaultVehicleHal_v2_0: DefaultVehicleHal::onPropertyValue, value:{.timestamp = 9011148212738, .areaId = 0, .prop = 554704967, .status = AVAILABLE, .value = {.int32Values = [0]{}, .floatValues = [0]{}, .int64Values = [0]{}, .bytes = [0]{}, .stringValue = ""}}
12-30 11:07:55.326   398   464 D DiagPropHandler: is not DiagnosticConfig: 0x21102047
12-30 11:07:55.326   398   464 I VehiclePropertyStore: begin to write value to Store: {.timestamp = 9011148212738, .areaId = 0, .prop = 554704967, .status = AVAILABLE, .value = {.int32Values = [0]{}, .floatValues = [0]{}, .int64Values = [0]{}, .bytes = [0]{}, .stringValue = ""}}
12-30 11:07:55.326   398   464 D adayocomadapter-CommunicationManager: onUpstreamReceive mPropertyId 0x21102047
12-30 11:07:55.326   398   464 D adayocomadapter-CommunicationManager: onUpstreamReceive mPropertyId 0x21402013
12-30 11:07:55.326   398   464 D adayocomadapter-CommunicationManager: convertBytesToInt32Memcpy  0
12-30 11:07:55.326   398   464 I vw-vhal : notifyVehicleProperty, propId = 0x21402013, data = {status: 2, int32Values: [0]}
12-30 11:07:55.326   398   464 I vw-vhal : CanSignalsAdapter::notifyVehicleProperty: solvedValue = {.timestamp = 9011148453738, .areaId = 0, .prop = 557850643, .status = AVAILABLE, .value = {.int32Values = [1]{0}, .floatValues = [0]{}, .int64Values = [0]{}, .bytes = [0]{}, .stringValue = ""}}
12-30 11:07:55.326   398   464 I VehiclePropertyStore: begin to write value to Store: {.timestamp = 9011148453738, .areaId = 0, .prop = 557850643, .status = AVAILABLE, .value = {.int32Values = [1]{0}, .floatValues = [0]{}, .int64Values = [0]{}, .bytes = [0]{}, .stringValue = ""}}
12-30 11:07:55.326   398   464 I DefaultVehicleHal_v2_0: DefaultVehicleHal::onPropertyValue, value:{.timestamp = 9011148453738, .areaId = 0, .prop = 557850643, .status = AVAILABLE, .value = {.int32Values = [1]{0}, .floatValues = [0]{}, .int64Values = [0]{}, .bytes = [0]{}, .stringValue = ""}}
12-30 11:07:55.326   398   464 D DiagPropHandler: is not DiagnosticConfig: 0x21402013
12-30 11:07:55.326   398   464 I VehiclePropertyStore: begin to write value to Store: {.timestamp = 9011148453738, .areaId = 0, .prop = 557850643, .status = AVAILABLE, .value = {.int32Values = [1]{0}, .floatValues = [0]{}, .int64Values = [0]{}, .bytes = [0]{}, .stringValue = ""}}
12-30 11:07:55.326   398   464 D adayocomadapter-CommunicationManager: onUpstreamReceive mPropertyId 0x21402013
12-30 11:07:55.326   398   464 D adayocomadapter-CommunicationManager: onUpstreamReceive mPropertyId 0x2140216c
12-30 11:07:55.326   398   464 D adayocomadapter-CommunicationManager: convertBytesToInt32Memcpy  0
12-30 11:07:55.326   398   464 I vw-vhal : notifyVehicleProperty, propId = 0x2140216c, data = {status: 2, int32Values: [0]}
12-30 11:07:55.326   398   464 I vw-vhal : CanSignalsAdapter::notifyVehicleProperty: solvedValue = {.timestamp = 9011148668738, .areaId = 0, .prop = 557850988, .status = AVAILABLE, .value = {.int32Values = [1]{0}, .floatValues = [0]{}, .int64Values = [0]{}, .bytes = [0]{}, .stringValue = ""}}
12-30 11:07:55.326   398   464 I VehiclePropertyStore: begin to write value to Store: {.timestamp = 9011148668738, .areaId = 0, .prop = 557850988, .status = AVAILABLE, .value = {.int32Values = [1]{0}, .floatValues = [0]{}, .int64Values = [0]{}, .bytes = [0]{}, .stringValue = ""}}
12-30 11:07:55.326   398   464 I DefaultVehicleHal_v2_0: DefaultVehicleHal::onPropertyValue, value:{.timestamp = 9011148668738, .areaId = 0, .prop = 557850988, .status = AVAILABLE, .value = {.int32Values = [1]{0}, .floatValues = [0]{}, .int64Values = [0]{}, .bytes = [0]{}, .stringValue = ""}}
12-30 11:07:55.326   398   464 D DiagPropHandler: is not DiagnosticConfig: 0x2140216c
12-30 11:07:55.326   398   464 I VehiclePropertyStore: begin to write value to Store: {.timestamp = 9011148668738, .areaId = 0, .prop = 557850988, .status = AVAILABLE, .value = {.int32Values = [1]{0}, .floatValues = [0]{}, .int64Values = [0]{}, .bytes = [0]{}, .stringValue = ""}}
12-30 11:07:55.326   398   464 D adayocomadapter-CommunicationManager: onUpstreamReceive mPropertyId 0x2140216c
12-30 11:07:55.326   398   464 D adayocomadapter-CommunicationManager: onUpstreamReceive mPropertyId 0x214020a6
12-30 11:07:55.326   398   464 D adayocomadapter-CommunicationManager: convertBytesToInt32Memcpy  0
12-30 11:07:55.327   398   464 I vw-vhal : notifyVehicleProperty, propId = 0x214020a6, data = {status: 2, int32Values: [0]}
12-30 11:07:55.327   398   464 I vw-vhal : CanSignalsAdapter::notifyVehicleProperty: solvedValue = {.timestamp = 9011148867738, .areaId = 0, .prop = 557850790, .status = AVAILABLE, .value = {.int32Values = [1]{0}, .floatValues = [0]{}, .int64Values = [0]{}, .bytes = [0]{}, .stringValue = ""}}
12-30 11:07:55.327   398   464 I VehiclePropertyStore: begin to write value to Store: {.timestamp = 9011148867738, .areaId = 0, .prop = 557850790, .status = AVAILABLE, .value = {.int32Values = [1]{0}, .floatValues = [0]{}, .int64Values = [0]{}, .bytes = [0]{}, .stringValue = ""}}
12-30 11:07:55.327   398   464 I DefaultVehicleHal_v2_0: DefaultVehicleHal::onPropertyValue, value:{.timestamp = 9011148867738, .areaId = 0, .prop = 557850790, .status = AVAILABLE, .value = {.int32Values = [1]{0}, .floatValues = [0]{}, .int64Values = [0]{}, .bytes = [0]{}, .stringValue = ""}}
12-30 11:07:55.327   398   464 D DiagPropHandler: is not DiagnosticConfig: 0x214020a6
12-30 11:07:55.327   398   464 I VehiclePropertyStore: begin to write value to Store: {.timestamp = 9011148867738, .areaId = 0, .prop = 557850790, .status = AVAILABLE, .value = {.int32Values = [1]{0}, .floatValues = [0]{}, .int64Values = [0]{}, .bytes = [0]{}, .stringValue = ""}}
12-30 11:07:55.327   398   464 D adayocomadapter-CommunicationManager: onUpstreamReceive mPropertyId 0x214020a6
12-30 11:07:55.327   398   464 D adayocomadapter-CommunicationManager: onUpstreamReceive mPropertyId 0x214020fc
12-30 11:07:55.327   398   464 D adayocomadapter-CommunicationManager: convertBytesToInt32Memcpy  0
12-30 11:07:55.327   398   464 I vw-vhal : notifyVehicleProperty, propId = 0x214020fc, data = {status: 2, int32Values: [0]}
12-30 11:07:55.327   398   464 I vw-vhal : CanSignalsAdapter::notifyVehicleProperty: solvedValue = {.timestamp = 9011149079405, .areaId = 0, .prop = 557850876, .status = AVAILABLE, .value = {.int32Values = [1]{0}, .floatValues = [0]{}, .int64Values = [0]{}, .bytes = [0]{}, .stringValue = ""}}
12-30 11:07:55.327   398   464 I VehiclePropertyStore: begin to write value to Store: {.timestamp = 9011149079405, .areaId = 0, .prop = 557850876, .status = AVAILABLE, .value = {.int32Values = [1]{0}, .floatValues = [0]{}, .int64Values = [0]{}, .bytes = [0]{}, .stringValue = ""}}
12-30 11:07:55.327   398   464 I DefaultVehicleHal_v2_0: DefaultVehicleHal::onPropertyValue, value:{.timestamp = 9011149079405, .areaId = 0, .prop = 557850876, .status = AVAILABLE, .value = {.int32Values = [1]{0}, .floatValues = [0]{}, .int64Values = [0]{}, .bytes = [0]{}, .stringValue = ""}}
12-30 11:07:55.327   398   464 D DiagPropHandler: is not DiagnosticConfig: 0x214020fc
12-30 11:07:55.327   398   464 I VehiclePropertyStore: begin to write value to Store: {.timestamp = 9011149079405, .areaId = 0, .prop = 557850876, .status = AVAILABLE, .value = {.int32Values = [1]{0}, .floatValues = [0]{}, .int64Values = [0]{}, .bytes = [0]{}, .stringValue = ""}}
12-30 11:07:55.327   398   464 D adayocomadapter-CommunicationManager: onUpstreamReceive mPropertyId 0x214020fc
12-30 11:07:55.327   398   464 D adayocomadapter-CommunicationManager: onUpstreamReceive mPropertyId 0x21402108
12-30 11:07:55.327   398   464 D adayocomadapter-CommunicationManager: convertBytesToInt32Memcpy  0
12-30 11:07:55.327   398   464 I vw-vhal : notifyVehicleProperty, propId = 0x21402108, data = {status: 2, int32Values: [0]}
12-30 11:07:55.327   398   464 I vw-vhal : CanSignalsAdapter::notifyVehicleProperty: solvedValue = {.timestamp = 9011149280072, .areaId = 0, .prop = 557850888, .status = AVAILABLE, .value = {.int32Values = [1]{0}, .floatValues = [0]{}, .int64Values = [0]{}, .bytes = [0]{}, .stringValue = ""}}
12-30 11:07:55.327   398   464 I VehiclePropertyStore: begin to write value to Store: {.timestamp = 9011149280072, .areaId = 0, .prop = 557850888, .status = AVAILABLE, .value = {.int32Values = [1]{0}, .floatValues = [0]{}, .int64Values = [0]{}, .bytes = [0]{}, .stringValue = ""}}
12-30 11:07:55.327   398   464 I DefaultVehicleHal_v2_0: DefaultVehicleHal::onPropertyValue, value:{.timestamp = 9011149280072, .areaId = 0, .prop = 557850888, .status = AVAILABLE, .value = {.int32Values = [1]{0}, .floatValues = [0]{}, .int64Values = [0]{}, .bytes = [0]{}, .stringValue = ""}}
12-30 11:07:55.327   398   464 D DiagPropHandler: is not DiagnosticConfig: 0x21402108
12-30 11:07:55.327   398   464 I VehiclePropertyStore: begin to write value to Store: {.timestamp = 9011149280072, .areaId = 0, .prop = 557850888, .status = AVAILABLE, .value = {.int32Values = [1]{0}, .floatValues = [0]{}, .int64Values = [0]{}, .bytes = [0]{}, .stringValue = ""}}
12-30 11:07:55.327   398   464 D adayocomadapter-CommunicationManager: onUpstreamReceive mPropertyId 0x21402108
12-30 11:07:55.327   398   464 D adayocomadapter-CommunicationManager: onUpstreamReceive mPropertyId 0x2140210a
12-30 11:07:55.327   398   464 D adayocomadapter-CommunicationManager: convertBytesToInt32Memcpy  0
12-30 11:07:55.327   398   464 I vw-vhal : notifyVehicleProperty, propId = 0x2140210a, data = {status: 2, int32Values: [0]}
12-30 11:07:55.327   398   464 I vw-vhal : CanSignalsAdapter::notifyVehicleProperty: solvedValue = {.timestamp = 9011149469072, .areaId = 0, .prop = 557850890, .status = AVAILABLE, .value = {.int32Values = [1]{0}, .floatValues = [0]{}, .int64Values = [0]{}, .bytes = [0]{}, .stringValue = ""}}
12-30 11:07:55.327   398   464 I VehiclePropertyStore: begin to write value to Store: {.timestamp = 9011149469072, .areaId = 0, .prop = 557850890, .status = AVAILABLE, .value = {.int32Values = [1]{0}, .floatValues = [0]{}, .int64Values = [0]{}, .bytes = [0]{}, .stringValue = ""}}
12-30 11:07:55.327   398   464 I DefaultVehicleHal_v2_0: DefaultVehicleHal::onPropertyValue, value:{.timestamp = 9011149469072, .areaId = 0, .prop = 557850890, .status = AVAILABLE, .value = {.int32Values = [1]{0}, .floatValues = [0]{}, .int64Values = [0]{}, .bytes = [0]{}, .stringValue = ""}}
12-30 11:07:55.327   398   464 D DiagPropHandler: is not DiagnosticConfig: 0x2140210a
12-30 11:07:55.327   398   464 I VehiclePropertyStore: begin to write value to Store: {.timestamp = 9011149469072, .areaId = 0, .prop = 557850890, .status = AVAILABLE, .value = {.int32Values = [1]{0}, .floatValues = [0]{}, .int64Values = [0]{}, .bytes = [0]{}, .stringValue = ""}}
12-30 11:07:55.327   398   464 D adayocomadapter-CommunicationManager: onUpstreamReceive mPropertyId 0x2140210a
12-30 11:07:55.327   398   464 D adayocomadapter-CommunicationManager: onUpstreamReceive mPropertyId 0x21402024
12-30 11:07:55.327   398   464 D adayocomadapter-CommunicationManager: convertBytesToInt32Memcpy  0
12-30 11:07:55.327   398   464 I vw-vhal : notifyVehicleProperty, propId = 0x21402024, data = {status: 2, int32Values: [0]}
12-30 11:07:55.327   398   464 I vw-vhal : CanSignalsAdapter::notifyVehicleProperty: solvedValue = {.timestamp = 9011149659738, .areaId = 0, .prop = 557850660, .status = AVAILABLE, .value = {.int32Values = [1]{0}, .floatValues = [0]{}, .int64Values = [0]{}, .bytes = [0]{}, .stringValue = ""}}
12-30 11:07:55.327   398   464 I VehiclePropertyStore: begin to write value to Store: {.timestamp = 9011149659738, .areaId = 0, .prop = 557850660, .status = AVAILABLE, .value = {.int32Values = [1]{0}, .floatValues = [0]{}, .int64Values = [0]{}, .bytes = [0]{}, .stringValue = ""}}
12-30 11:07:55.327   398   464 I DefaultVehicleHal_v2_0: DefaultVehicleHal::onPropertyValue, value:{.timestamp = 9011149659738, .areaId = 0, .prop = 557850660, .status = AVAILABLE, .value = {.int32Values = [1]{0}, .floatValues = [0]{}, .int64Values = [0]{}, .bytes = [0]{}, .stringValue = ""}}
12-30 11:07:55.327   398   464 D DiagPropHandler: is not DiagnosticConfig: 0x21402024
12-30 11:07:55.327   398   464 I VehiclePropertyStore: begin to write value to Store: {.timestamp = 9011149659738, .areaId = 0, .prop = 557850660, .status = AVAILABLE, .value = {.int32Values = [1]{0}, .floatValues = [0]{}, .int64Values = [0]{}, .bytes = [0]{}, .stringValue = ""}}
12-30 11:07:55.327   398   464 D adayocomadapter-CommunicationManager: onUpstreamReceive mPropertyId 0x21402024
12-30 11:07:55.327   398   464 D adayocomadapter-CommunicationManager: onUpstreamReceive mPropertyId 0x21402120
12-30 11:07:55.327   398   464 D adayocomadapter-CommunicationManager: convertBytesToInt32Memcpy  0
12-30 11:07:55.327   398   464 I vw-vhal : notifyVehicleProperty, propId = 0x21402120, data = {status: 2, int32Values: [0]}
12-30 11:07:55.328   398   464 I vw-vhal : CanSignalsAdapter::notifyVehicleProperty: solvedValue = {.timestamp = 9011149846405, .areaId = 0, .prop = 557850912, .status = AVAILABLE, .value = {.int32Values = [1]{0}, .floatValues = [0]{}, .int64Values = [0]{}, .bytes = [0]{}, .stringValue = ""}}
12-30 11:07:55.328   398   464 I VehiclePropertyStore: begin to write value to Store: {.timestamp = 9011149846405, .areaId = 0, .prop = 557850912, .status = AVAILABLE, .value = {.int32Values = [1]{0}, .floatValues = [0]{}, .int64Values = [0]{}, .bytes = [0]{}, .stringValue = ""}}
12-30 11:07:55.328   398   464 I DefaultVehicleHal_v2_0: DefaultVehicleHal::onPropertyValue, value:{.timestamp = 9011149846405, .areaId = 0, .prop = 557850912, .status = AVAILABLE, .value = {.int32Values = [1]{0}, .floatValues = [0]{}, .int64Values = [0]{}, .bytes = [0]{}, .stringValue = ""}}
12-30 11:07:55.328   398   464 D DiagPropHandler: is not DiagnosticConfig: 0x21402120
12-30 11:07:55.328   398   464 I VehiclePropertyStore: begin to write value to Store: {.timestamp = 9011149846405, .areaId = 0, .prop = 557850912, .status = AVAILABLE, .value = {.int32Values = [1]{0}, .floatValues = [0]{}, .int64Values = [0]{}, .bytes = [0]{}, .stringValue = ""}}
12-30 11:07:55.328   398   464 D adayocomadapter-CommunicationManager: onUpstreamReceive mPropertyId 0x21402120
12-30 11:07:55.328   398   464 D adayocomadapter-CommunicationManager: onUpstreamReceive mPropertyId 0x21402109
12-30 11:07:55.328   398   464 D adayocomadapter-CommunicationManager: convertBytesToInt32Memcpy  0
12-30 11:07:55.328   398   464 I vw-vhal : notifyVehicleProperty, propId = 0x21402109, data = {status: 2, int32Values: [0]}
12-30 11:07:55.328   398   464 I vw-vhal : CanSignalsAdapter::notifyVehicleProperty: solvedValue = {.timestamp = 9011150048405, .areaId = 0, .prop = 557850889, .status = AVAILABLE, .value = {.int32Values = [1]{0}, .floatValues = [0]{}, .int64Values = [0]{}, .bytes = [0]{}, .stringValue = ""}}
12-30 11:07:55.328   398   464 I VehiclePropertyStore: begin to write value to Store: {.timestamp = 9011150048405, .areaId = 0, .prop = 557850889, .status = AVAILABLE, .value = {.int32Values = [1]{0}, .floatValues = [0]{}, .int64Values = [0]{}, .bytes = [0]{}, .stringValue = ""}}
12-30 11:07:55.328   398   464 I DefaultVehicleHal_v2_0: DefaultVehicleHal::onPropertyValue, value:{.timestamp = 9011150048405, .areaId = 0, .prop = 557850889, .status = AVAILABLE, .value = {.int32Values = [1]{0}, .floatValues = [0]{}, .int64Values = [0]{}, .bytes = [0]{}, .stringValue = ""}}
12-30 11:07:55.328   398   464 D DiagPropHandler: is not DiagnosticConfig: 0x21402109
12-30 11:07:55.328   398   464 I VehiclePropertyStore: begin to write value to Store: {.timestamp = 9011150048405, .areaId = 0, .prop = 557850889, .status = AVAILABLE, .value = {.int32Values = [1]{0}, .floatValues = [0]{}, .int64Values = [0]{}, .bytes = [0]{}, .stringValue = ""}}
12-30 11:07:55.328   398   464 D adayocomadapter-CommunicationManager: onUpstreamReceive mPropertyId 0x21402109
12-30 11:07:55.328   398   464 D adayocomadapter-CommunicationManager: onUpstreamReceive mPropertyId 0x214020a7
12-30 11:07:55.328   398   464 D adayocomadapter-CommunicationManager: convertBytesToInt32Memcpy  0
12-30 11:07:55.328   398   464 I vw-vhal : notifyVehicleProperty, propId = 0x214020a7, data = {status: 2, int32Values: [0]}
12-30 11:07:55.328   398   464 I vw-vhal : CanSignalsAdapter::notifyVehicleProperty: solvedValue = {.timestamp = 9011150240405, .areaId = 0, .prop = 557850791, .status = AVAILABLE, .value = {.int32Values = [1]{0}, .floatValues = [0]{}, .int64Values = [0]{}, .bytes = [0]{}, .stringValue = ""}}
12-30 11:07:55.328   398   464 I VehiclePropertyStore: begin to write value to Store: {.timestamp = 9011150240405, .areaId = 0, .prop = 557850791, .status = AVAILABLE, .value = {.int32Values = [1]{0}, .floatValues = [0]{}, .int64Values = [0]{}, .bytes = [0]{}, .stringValue = ""}}
12-30 11:07:55.328   398   464 I DefaultVehicleHal_v2_0: DefaultVehicleHal::onPropertyValue, value:{.timestamp = 9011150240405, .areaId = 0, .prop = 557850791, .status = AVAILABLE, .value = {.int32Values = [1]{0}, .floatValues = [0]{}, .int64Values = [0]{}, .bytes = [0]{}, .stringValue = ""}}
12-30 11:07:55.328   398   464 D DiagPropHandler: is not DiagnosticConfig: 0x214020a7
12-30 11:07:55.328   398   464 I VehiclePropertyStore: begin to write value to Store: {.timestamp = 9011150240405, .areaId = 0, .prop = 557850791, .status = AVAILABLE, .value = {.int32Values = [1]{0}, .floatValues = [0]{}, .int64Values = [0]{}, .bytes = [0]{}, .stringValue = ""}}
12-30 11:07:55.328   398   464 D adayocomadapter-CommunicationManager: onUpstreamReceive mPropertyId 0x214020a7
12-30 11:07:55.328   398   464 D adayocomadapter-CommunicationManager: onUpstreamReceive mPropertyId 0x2140212e
12-30 11:07:55.328   398   464 D adayocomadapter-CommunicationManager: convertBytesToInt32Memcpy  0
12-30 11:07:55.328   398   464 I vw-vhal : notifyVehicleProperty, propId = 0x2140212e, data = {status: 2, int32Values: [0]}
12-30 11:07:55.328   398   464 I vw-vhal : CanSignalsAdapter::notifyVehicleProperty: solvedValue = {.timestamp = 9011150433405, .areaId = 0, .prop = 557850926, .status = AVAILABLE, .value = {.int32Values = [1]{0}, .floatValues = [0]{}, .int64Values = [0]{}, .bytes = [0]{}, .stringValue = ""}}
12-30 11:07:55.328   398   464 I VehiclePropertyStore: begin to write value to Store: {.timestamp = 9011150433405, .areaId = 0, .prop = 557850926, .status = AVAILABLE, .value = {.int32Values = [1]{0}, .floatValues = [0]{}, .int64Values = [0]{}, .bytes = [0]{}, .stringValue = ""}}
12-30 11:07:55.328   398   464 I DefaultVehicleHal_v2_0: DefaultVehicleHal::onPropertyValue, value:{.timestamp = 9011150433405, .areaId = 0, .prop = 557850926, .status = AVAILABLE, .value = {.int32Values = [1]{0}, .floatValues = [0]{}, .int64Values = [0]{}, .bytes = [0]{}, .stringValue = ""}}
12-30 11:07:55.328   398   464 D DiagPropHandler: is not DiagnosticConfig: 0x2140212e
12-30 11:07:55.328   398   464 I VehiclePropertyStore: begin to write value to Store: {.timestamp = 9011150433405, .areaId = 0, .prop = 557850926, .status = AVAILABLE, .value = {.int32Values = [1]{0}, .floatValues = [0]{}, .int64Values = [0]{}, .bytes = [0]{}, .stringValue = ""}}
12-30 11:07:55.328   398   464 D adayocomadapter-CommunicationManager: onUpstreamReceive mPropertyId 0x2140212e
12-30 11:07:55.328   398   464 D adayocomadapter-CommunicationManager: onUpstreamReceive mPropertyId 0x2140205f
12-30 11:07:55.328   398   464 D adayocomadapter-CommunicationManager: convertBytesToInt32Memcpy  0
12-30 11:07:55.328   398   464 I vw-vhal : notifyVehicleProperty, propId = 0x2140205f, data = {status: 2, int32Values: [0]}
