12-30 11:07:55.651   398   464 I DefaultVehicleHal_v2_0: DefaultVehicleHal::onPropertyValue, value:{.timestamp = 9011473086738, .areaId = 0, .prop = 557851023, .status = AVAILABLE, .value = {.int32Values = [1]{0}, .floatValues = [0]{}, .int64Values = [0]{}, .bytes = [0]{}, .stringValue = ""}}
12-30 11:07:55.651   398   464 D DiagPropHandler: is not DiagnosticConfig: 0x2140218f
12-30 11:07:55.651   398   464 I VehiclePropertyStore: begin to write value to Store: {.timestamp = 9011473086738, .areaId = 0, .prop = 557851023, .status = AVAILABLE, .value = {.int32Values = [1]{0}, .floatValues = [0]{}, .int64Values = [0]{}, .bytes = [0]{}, .stringValue = ""}}
12-30 11:07:55.651   398   464 D adayocomadapter-CommunicationManager: onUpstreamReceive mPropertyId 0x2140218f
12-30 11:07:55.651   398   464 D adayocomadapter-CommunicationManager: onUpstreamReceive mPropertyId 0x21402191
12-30 11:07:55.651   398   464 D adayocomadapter-CommunicationManager: convertBytesToInt32Memcpy  0
12-30 11:07:55.651   398   464 I vw-vhal : notifyVehicleProperty, propId = 0x21402191, data = {status: 2, int32Values: [0]}
12-30 11:07:55.651   398   464 I vw-vhal : CanSignalsAdapter::notifyVehicleProperty: solvedValue = {.timestamp = 9011473287405, .areaId = 0, .prop = 557851025, .status = AVAILABLE, .value = {.int32Values = [1]{0}, .floatValues = [0]{}, .int64Values = [0]{}, .bytes = [0]{}, .stringValue = ""}}
12-30 11:07:55.651   398   464 I VehiclePropertyStore: begin to write value to Store: {.timestamp = 9011473287405, .areaId = 0, .prop = 557851025, .status = AVAILABLE, .value = {.int32Values = [1]{0}, .floatValues = [0]{}, .int64Values = [0]{}, .bytes = [0]{}, .stringValue = ""}}
12-30 11:07:55.651   398   464 I DefaultVehicleHal_v2_0: DefaultVehicleHal::onPropertyValue, value:{.timestamp = 9011473287405, .areaId = 0, .prop = 557851025, .status = AVAILABLE, .value = {.int32Values = [1]{0}, .floatValues = [0]{}, .int64Values = [0]{}, .bytes = [0]{}, .stringValue = ""}}
12-30 11:07:55.651   398   464 D DiagPropHandler: is not DiagnosticConfig: 0x21402191
12-30 11:07:55.651   398   464 I VehiclePropertyStore: begin to write value to Store: {.timestamp = 9011473287405, .areaId = 0, .prop = 557851025, .status = AVAILABLE, .value = {.int32Values = [1]{0}, .floatValues = [0]{}, .int64Values = [0]{}, .bytes = [0]{}, .stringValue = ""}}
12-30 11:07:55.651   398   464 D adayocomadapter-CommunicationManager: onUpstreamReceive mPropertyId 0x21402191
12-30 11:07:55.651   398   464 D adayocomadapter-CommunicationManager: onUpstreamReceive mPropertyId 0x2140223d
12-30 11:07:55.651   398   464 D adayocomadapter-CommunicationManager: convertBytesToInt32Memcpy  0
12-30 11:07:55.651   398   464 I vw-vhal : notifyVehicleProperty, propId = 0x2140223d, data = {status: 2, int32Values: [0]}
12-30 11:07:55.651   398   464 I vw-vhal : CanSignalsAdapter::notifyVehicleProperty: solvedValue = {.timestamp = 9011473490405, .areaId = 0, .prop = 557851197, .status = AVAILABLE, .value = {.int32Values = [1]{0}, .floatValues = [0]{}, .int64Values = [0]{}, .bytes = [0]{}, .stringValue = ""}}
12-30 11:07:55.651   398   464 I VehiclePropertyStore: begin to write value to Store: {.timestamp = 9011473490405, .areaId = 0, .prop = 557851197, .status = AVAILABLE, .value = {.int32Values = [1]{0}, .floatValues = [0]{}, .int64Values = [0]{}, .bytes = [0]{}, .stringValue = ""}}
12-30 11:07:55.651   398   464 I DefaultVehicleHal_v2_0: DefaultVehicleHal::onPropertyValue, value:{.timestamp = 9011473490405, .areaId = 0, .prop = 557851197, .status = AVAILABLE, .value = {.int32Values = [1]{0}, .floatValues = [0]{}, .int64Values = [0]{}, .bytes = [0]{}, .stringValue = ""}}
12-30 11:07:55.651   398   464 D DiagPropHandler: is not DiagnosticConfig: 0x2140223d
12-30 11:07:55.651   398   464 I VehiclePropertyStore: begin to write value to Store: {.timestamp = 9011473490405, .areaId = 0, .prop = 557851197, .status = AVAILABLE, .value = {.int32Values = [1]{0}, .floatValues = [0]{}, .int64Values = [0]{}, .bytes = [0]{}, .stringValue = ""}}
12-30 11:07:55.651   398   464 D adayocomadapter-CommunicationManager: onUpstreamReceive mPropertyId 0x2140223d
12-30 11:07:55.663  1628  1851 I CCarServiceManager: CarServiceManager->t()35:link:[48]     ---26:pool-2-thread-1
12-30 11:07:55.663  1628  1851 I CCarServiceManager: CarServiceManager->t()64:link 转换后:48     ---26:pool-2-thread-1
12-30 11:07:55.663  1628  1851 I CCarServiceManager: CarServiceManager->t()84:link 转换后:48     ---26:pool-2-thread-1
12-30 11:07:55.663  1628  1851 D CarPropertyManager: setProperty, propertyId: 0x2141400f, areaId: 0x0, class: class [Ljava.lang.Integer;, val: [Ljava.lang.Integer;@cf7a924
12-30 11:07:55.664  1365  2014 D CarPropertyService: mSyncGetSetPropertyOpCount: 1
12-30 11:07:55.664   398   882 I DefaultVehicleHal_v2_0: DefaultVehicleHal::set, current value:{.timestamp = 0, .areaId = 0, .prop = 557924367, .status = AVAILABLE, .value = {.int32Values = [1]{0}, .floatValues = [0]{}, .int64Values = [0]{}, .bytes = [0]{}, .stringValue = ""}}
12-30 11:07:55.664   398   882 I DefaultVehicleHalServer: onSetProperty(0x2141400f)
12-30 11:07:55.664   398   882 D vw-vhal : CanSignalsAdapter::setVehicleProperty: propValue = {.timestamp = 0, .areaId = 0, .prop = 557924367, .status = AVAILABLE, .value = {.int32Values = [1]{1}, .floatValues = [0]{}, .int64Values = [0]{}, .bytes = [0]{}, .stringValue = ""}}
12-30 11:07:55.665   398   882 D vw-vhal : CanSignalsAdapter::setVehicleProperty: propId = 0x2141400f, data = {status: 0, int32Values: [1]}
12-30 11:07:55.665   398   882 D adayocomadapter-CommunicationManager: setProperty id=[557924367]
12-30 11:07:55.665   398   882 D adayocomadapter-CommunicationManager: writeValue id=[557924367]
12-30 11:07:55.665   398   882 D adayocomadapter-VehiclePropertyStore: writeValue id=[557924367]
12-30 11:07:55.665   398   882 D adayocomadapter-CommunicationManager: sendToDownstream mPropertyId 0x2141400f
12-30 11:07:55.665   398   882 D adayocomadapter-ParseProtocolFunc: printRaWMsg Name[sendToDownstream] len[4] data[00000000]
12-30 11:07:55.665   398   882 D adayocomadapter-ParseProtocolFunc: printRaWMsg Name[sendToDownstream] len[4] data[2141400F]
12-30 11:07:55.665   398   882 D adayocomadapter-ParseProtocolFunc: printRaWMsg Name[sendToDownstream] len[5] data[2141400F01]
12-30 11:07:55.665   398   882 D adayocomadapter-CommunicationManager: sendToDownstream ret[0]   member[130] dataLength[1] timePoint[9011487] 
12-30 11:07:55.665   398   882 D adayocomadapter-ParseProtocolFunc: printRaWMsg Name[sendToDownstream] len[5] data[2141400F01]
12-30 11:07:55.665   398   882 D adayocomadapter-CommunicationManager: sendToDownstream  000 mPropertyId[0x557924367]  
12-30 11:07:55.665   398   698 D adayocomadapter-DownstreamHandler: processBeforePacket downSreamtProcessTimePoint[9011487] 
12-30 11:07:55.665   398   698 D adayocomadapter-DownstreamHandler: DownstreamHandler processPacket 
12-30 11:07:55.665   398   698 D adayocomadapter-DownstreamHandler: DownstreamHandler processPacket valueIndex 0x2141400f
12-30 11:07:55.665   398   698 D adayocomadapter-DownstreamHandler: DownstreamHandler processPacket 0002
12-30 11:07:55.665   398   698 D adayocomadapter-DownstreamHandler: DownstreamHandler processPacket sendMCUData2 
12-30 11:07:55.665   398   698 D adayocomadapter-CommunicationManager: sendMCUData 
12-30 11:07:55.665   398   698 D adayocomadapter-MCUInterfaceHandler: sendToMCU start
12-30 11:07:55.665   650   730 D fgemcucomm: sd Uart data : 6AA6011B3400081202022141400F01E0
12-30 11:07:55.665  1365  2014 D CarPropertyService: mSyncGetSetPropertyOpCount: 0
12-30 11:07:55.665   398   698 D adayocomadapter-ParseProtocolFunc: printRaWMsg Name[sendToMCU] len[8] data[1202022141400F01]
12-30 11:07:55.665  1628  1851 I CCarServiceManager: CarServiceManager->t()118:link:0     ---26:pool-2-thread-1
12-30 11:07:55.667  2358  2623 D RcfController: Rcf proxy is not connected!
12-30 11:07:55.672   798 10818 W adbd    : timed out while waiting for FUNCTIONFS_BIND, trying again
12-30 11:07:55.672   798 10818 I adbd    : UsbFfs: connection terminated: monitor thread finished
12-30 11:07:55.673   798   798 I adbd    : UsbFfs: already offline
12-30 11:07:55.673   798   798 I adbd    : destroying transport UsbFfs
12-30 11:07:55.673   798   798 I adbd    : UsbFfsConnection being destroyed
12-30 11:07:55.674   360   931 D EvsDriver: forwardFrame
12-30 11:07:55.674   360   931 D EvsDriver: forwardFrameDirect
12-30 11:07:55.674   360   931 D EvsDriver: Delivered 0xb400e2ca9e40d090 as id 1
12-30 11:07:55.674   359  2784 D evsmanagerd: /dev/video-evs0 forwarded the buffer #1 to 0xb400f125d2b26dd0 from 0xb400f125e2b20710
12-30 11:07:55.675   360   458 D EvsDriver: doneWithFrame
12-30 11:07:55.684   596  3076 E WifiHAL : Invalid data received from driver
12-30 11:07:55.707   360   931 D EvsDriver: forwardFrame
12-30 11:07:55.707   360   931 D EvsDriver: forwardFrameDirect
12-30 11:07:55.707   360   931 D EvsDriver: Delivered 0xb400e2ca9e40e110 as id 0
12-30 11:07:55.707   359  2784 D evsmanagerd: /dev/video-evs0 forwarded the buffer #0 to 0xb400f125d2b26dd0 from 0xb400f125e2b20710
12-30 11:07:55.710   798   838 I adbd    : opening control endpoint /dev/usb-ffs/adb/ep0
12-30 11:07:55.710   798   838 I adbd    : UsbFfsConnection constructed
12-30 11:07:55.711   798 10838 I adbd    : UsbFfs-monitor thread spawned
--------- beginning of kernel
01-01 10:30:12.720   838   838 I         : read strings
12-30 11:07:55.715   360   458 D EvsDriver: doneWithFrame
12-30 11:07:55.717  2358  2623 D RcfController: Rcf proxy is not connected!
12-30 11:07:55.740   360   931 D EvsDriver: forwardFrame
12-30 11:07:55.740   360   931 D EvsDriver: forwardFrameDirect
12-30 11:07:55.741   360   931 D EvsDriver: Delivered 0xb400e2ca9e40c7a0 as id 1
12-30 11:07:55.741   359  2784 D evsmanagerd: /dev/video-evs0 forwarded the buffer #1 to 0xb400f125d2b26dd0 from 0xb400f125e2b20710
12-30 11:07:55.746   650   730 D fgemcucomm: file = hardware/interfaces/fgemcucomm/1.0/default/mcucomm/src/mcuCommFunctionTimer.cpp, function = startTimer  start timer OK = 6964 
12-30 11:07:55.746   360   458 D EvsDriver: doneWithFrame
12-30 11:07:55.751   596  3076 E WifiHAL : Invalid data received from driver
12-30 11:07:55.763   650   729 D fgemcucomm: file = hardware/interfaces/fgemcucomm/1.0/default/mcucomm/src/mcuCommFunctionTimer.cpp, func = stopTimer  stop timer = 6964 
12-30 11:07:55.763   650   729 D fgemcucomm: rev uart=74444,len=10, data : 6AA6821B340002120219
12-30 11:07:55.763   650   729 D fgemcucomm: sd Uart data : 6AA6021931000292021E
12-30 11:07:55.764   650   729 D fgemcucomm: rev uart=74445,len=23, data : 6AA6811931000F9202000400000000000000000000008E
12-30 11:07:55.764   398   882 D adayocomadapter-ParseProtocolFunc: printRaWMsg Name[MCUToUPstream recv] len[15] data[920200040000000000000000000000]
12-30 11:07:55.764   398   882 D adayocomadapter-CommunicationManager: onUpstreamback   member[0] dataLength[12] timePoint[9011586]
12-30 11:07:55.764   398   882 D adayocomadapter-ParseProtocolFunc: printRaWMsg Name[onUpstreamback] len[12] data[040000000000000000000000]
12-30 11:07:55.764   398   464 D adayocomadapter-UpstreamHandler: processBeforePacket upSreamtProcessTimePoint[9011586] 
12-30 11:07:55.764   398   464 D adayocomadapter-UpstreamHandler: processPacket UPSTREAM_QUEUE_DATA_TIMEOUT
12-30 11:07:55.764   398   464 D adayocomadapter-ParseProtocolFunc: parseCommonIPCLBytes Processing tableNumber[4]
12-30 11:07:55.764   398   464 D adayocomadapter-ParseProtocolFunc: parseCommonIPCLBytes Processing tablename[Table-4] tableSize[12]
12-30 11:07:55.764   398   464 D adayocomadapter-ParseProtocolFunc: printRaWMsg Name[byteStream recv] len[12] data[040000000000000000000000]
12-30 11:07:55.764   398   464 D adayocomadapter-ParseProtocolFunc: printRaWMsg Name[IPCLtoVHAL] len[7] data[2140200C000000]
12-30 11:07:55.764   398   464 D adayocomadapter-ParseProtocolFunc: printRaWMsg Name[IPCLtoVHAL] len[7] data[2140200D000000]
12-30 11:07:55.764   398   464 D adayocomadapter-ParseProtocolFunc: printRaWMsg Name[IPCLtoVHAL] len[6] data[214022330000]
12-30 11:07:55.764   398   464 D adayocomadapter-ParseProtocolFunc: printRaWMsg Name[IPCLtoVHAL] len[9] data[2140201D0000000000]
12-30 11:07:55.764   398   464 D adayocomadapter-ParseProtocolFunc: printRaWMsg Name[IPCLtoVHAL] len[7] data[2140201E000000]
12-30 11:07:55.764   398   464 D adayocomadapter-CommunicationManager: onUpstreamReceive mPropertyId 0x2140200c
12-30 11:07:55.764   398   464 D adayocomadapter-CommunicationManager: convertBytesToInt32Memcpy  0
12-30 11:07:55.764   398   464 I vw-vhal : notifyVehicleProperty, propId = 0x2140200c, data = {status: 2, int32Values: [0]}
12-30 11:07:55.764   398   464 I vw-vhal : CanSignalsAdapter::notifyVehicleProperty: solvedValue = {.timestamp = 9011586572405, .areaId = 0, .prop = 557850636, .status = AVAILABLE, .value = {.int32Values = [1]{0}, .floatValues = [0]{}, .int64Values = [0]{}, .bytes = [0]{}, .stringValue = ""}}
12-30 11:07:55.764   398   464 I VehiclePropertyStore: begin to write value to Store: {.timestamp = 9011586572405, .areaId = 0, .prop = 557850636, .status = AVAILABLE, .value = {.int32Values = [1]{0}, .floatValues = [0]{}, .int64Values = [0]{}, .bytes = [0]{}, .stringValue = ""}}
12-30 11:07:55.764   398   464 I DefaultVehicleHal_v2_0: DefaultVehicleHal::onPropertyValue, value:{.timestamp = 9011586572405, .areaId = 0, .prop = 557850636, .status = AVAILABLE, .value = {.int32Values = [1]{0}, .floatValues = [0]{}, .int64Values = [0]{}, .bytes = [0]{}, .stringValue = ""}}
12-30 11:07:55.764   398   464 D DiagPropHandler: is not DiagnosticConfig: 0x2140200c
12-30 11:07:55.764   398   464 I VehiclePropertyStore: begin to write value to Store: {.timestamp = 9011586572405, .areaId = 0, .prop = 557850636, .status = AVAILABLE, .value = {.int32Values = [1]{0}, .floatValues = [0]{}, .int64Values = [0]{}, .bytes = [0]{}, .stringValue = ""}}
12-30 11:07:55.764   398   464 D adayocomadapter-CommunicationManager: onUpstreamReceive mPropertyId 0x2140200c
12-30 11:07:55.764   398   464 D adayocomadapter-CommunicationManager: onUpstreamReceive mPropertyId 0x2140200d
12-30 11:07:55.764   398   464 D adayocomadapter-CommunicationManager: convertBytesToInt32Memcpy  0
12-30 11:07:55.764   398   464 I vw-vhal : notifyVehicleProperty, propId = 0x2140200d, data = {status: 2, int32Values: [0]}
12-30 11:07:55.764   398   464 I vw-vhal : CanSignalsAdapter::notifyVehicleProperty: solvedValue = {.timestamp = 9011586814072, .areaId = 0, .prop = 557850637, .status = AVAILABLE, .value = {.int32Values = [1]{0}, .floatValues = [0]{}, .int64Values = [0]{}, .bytes = [0]{}, .stringValue = ""}}
12-30 11:07:55.765   398   464 I VehiclePropertyStore: begin to write value to Store: {.timestamp = 9011586814072, .areaId = 0, .prop = 557850637, .status = AVAILABLE, .value = {.int32Values = [1]{0}, .floatValues = [0]{}, .int64Values = [0]{}, .bytes = [0]{}, .stringValue = ""}}
12-30 11:07:55.765   398   464 I DefaultVehicleHal_v2_0: DefaultVehicleHal::onPropertyValue, value:{.timestamp = 9011586814072, .areaId = 0, .prop = 557850637, .status = AVAILABLE, .value = {.int32Values = [1]{0}, .floatValues = [0]{}, .int64Values = [0]{}, .bytes = [0]{}, .stringValue = ""}}
12-30 11:07:55.765   398   464 D DiagPropHandler: is not DiagnosticConfig: 0x2140200d
12-30 11:07:55.765   398   464 I VehiclePropertyStore: begin to write value to Store: {.timestamp = 9011586814072, .areaId = 0, .prop = 557850637, .status = AVAILABLE, .value = {.int32Values = [1]{0}, .floatValues = [0]{}, .int64Values = [0]{}, .bytes = [0]{}, .stringValue = ""}}
12-30 11:07:55.765   398   464 D adayocomadapter-CommunicationManager: onUpstreamReceive mPropertyId 0x2140200d
12-30 11:07:55.765   398   464 D adayocomadapter-CommunicationManager: onUpstreamReceive mPropertyId 0x21402233
12-30 11:07:55.765   398   464 D adayocomadapter-CommunicationManager: convertBytesToInt32Memcpy  0
12-30 11:07:55.765   398   464 I vw-vhal : notifyVehicleProperty, propId = 0x21402233, data = {status: 2, int32Values: [0]}
12-30 11:07:55.765   398   464 I vw-vhal : CanSignalsAdapter::notifyVehicleProperty: solvedValue = {.timestamp = 9011587028738, .areaId = 0, .prop = 557851187, .status = AVAILABLE, .value = {.int32Values = [1]{0}, .floatValues = [0]{}, .int64Values = [0]{}, .bytes = [0]{}, .stringValue = ""}}
12-30 11:07:55.765   398   464 I VehiclePropertyStore: begin to write value to Store: {.timestamp = 9011587028738, .areaId = 0, .prop = 557851187, .status = AVAILABLE, .value = {.int32Values = [1]{0}, .floatValues = [0]{}, .int64Values = [0]{}, .bytes = [0]{}, .stringValue = ""}}
12-30 11:07:55.765   398   464 I DefaultVehicleHal_v2_0: DefaultVehicleHal::onPropertyValue, value:{.timestamp = 9011587028738, .areaId = 0, .prop = 557851187, .status = AVAILABLE, .value = {.int32Values = [1]{0}, .floatValues = [0]{}, .int64Values = [0]{}, .bytes = [0]{}, .stringValue = ""}}
12-30 11:07:55.765   398   464 D DiagPropHandler: is not DiagnosticConfig: 0x21402233
12-30 11:07:55.765   398   464 I VehiclePropertyStore: begin to write value to Store: {.timestamp = 9011587028738, .areaId = 0, .prop = 557851187, .status = AVAILABLE, .value = {.int32Values = [1]{0}, .floatValues = [0]{}, .int64Values = [0]{}, .bytes = [0]{}, .stringValue = ""}}
12-30 11:07:55.765   398   464 D adayocomadapter-CommunicationManager: onUpstreamReceive mPropertyId 0x21402233
12-30 11:07:55.765   398   464 D adayocomadapter-CommunicationManager: onUpstreamReceive mPropertyId 0x2140201d
12-30 11:07:55.765   398   464 D adayocomadapter-CommunicationManager: convertBytesToInt32Memcpy  0
12-30 11:07:55.765   398   464 I vw-vhal : notifyVehicleProperty, propId = 0x2140201d, data = {status: 2, int32Values: [0]}
12-30 11:07:55.765   398   464 I vw-vhal : CanSignalsAdapter::notifyVehicleProperty: solvedValue = {.timestamp = 9011587226072, .areaId = 0, .prop = 557850653, .status = AVAILABLE, .value = {.int32Values = [1]{0}, .floatValues = [0]{}, .int64Values = [0]{}, .bytes = [0]{}, .stringValue = ""}}
12-30 11:07:55.765   398   464 I VehiclePropertyStore: begin to write value to Store: {.timestamp = 9011587226072, .areaId = 0, .prop = 557850653, .status = AVAILABLE, .value = {.int32Values = [1]{0}, .floatValues = [0]{}, .int64Values = [0]{}, .bytes = [0]{}, .stringValue = ""}}
12-30 11:07:55.765   398   464 I DefaultVehicleHal_v2_0: DefaultVehicleHal::onPropertyValue, value:{.timestamp = 9011587226072, .areaId = 0, .prop = 557850653, .status = AVAILABLE, .value = {.int32Values = [1]{0}, .floatValues = [0]{}, .int64Values = [0]{}, .bytes = [0]{}, .stringValue = ""}}
12-30 11:07:55.765   398   464 D DiagPropHandler: is not DiagnosticConfig: 0x2140201d
12-30 11:07:55.765   398   464 I VehiclePropertyStore: begin to write value to Store: {.timestamp = 9011587226072, .areaId = 0, .prop = 557850653, .status = AVAILABLE, .value = {.int32Values = [1]{0}, .floatValues = [0]{}, .int64Values = [0]{}, .bytes = [0]{}, .stringValue = ""}}
12-30 11:07:55.765   398   464 D adayocomadapter-CommunicationManager: onUpstreamReceive mPropertyId 0x2140201d
12-30 11:07:55.765   398   464 D adayocomadapter-CommunicationManager: onUpstreamReceive mPropertyId 0x2140201e
12-30 11:07:55.765   398   464 D adayocomadapter-CommunicationManager: convertBytesToInt32Memcpy  0
12-30 11:07:55.765   398   464 I vw-vhal : notifyVehicleProperty, propId = 0x2140201e, data = {status: 2, int32Values: [0]}
12-30 11:07:55.765   398   464 I vw-vhal : CanSignalsAdapter::notifyVehicleProperty: solvedValue = {.timestamp = 9011587420072, .areaId = 0, .prop = 557850654, .status = AVAILABLE, .value = {.int32Values = [1]{0}, .floatValues = [0]{}, .int64Values = [0]{}, .bytes = [0]{}, .stringValue = ""}}
12-30 11:07:55.765   398   464 I VehiclePropertyStore: begin to write value to Store: {.timestamp = 9011587420072, .areaId = 0, .prop = 557850654, .status = AVAILABLE, .value = {.int32Values = [1]{0}, .floatValues = [0]{}, .int64Values = [0]{}, .bytes = [0]{}, .stringValue = ""}}
12-30 11:07:55.765   398   464 I DefaultVehicleHal_v2_0: DefaultVehicleHal::onPropertyValue, value:{.timestamp = 9011587420072, .areaId = 0, .prop = 557850654, .status = AVAILABLE, .value = {.int32Values = [1]{0}, .floatValues = [0]{}, .int64Values = [0]{}, .bytes = [0]{}, .stringValue = ""}}
12-30 11:07:55.765   398   464 D DiagPropHandler: is not DiagnosticConfig: 0x2140201e
12-30 11:07:55.765   398   464 I VehiclePropertyStore: begin to write value to Store: {.timestamp = 9011587420072, .areaId = 0, .prop = 557850654, .status = AVAILABLE, .value = {.int32Values = [1]{0}, .floatValues = [0]{}, .int64Values = [0]{}, .bytes = [0]{}, .stringValue = ""}}
12-30 11:07:55.765   398   464 D adayocomadapter-CommunicationManager: onUpstreamReceive mPropertyId 0x2140201e
12-30 11:07:55.767  2358  2623 D RcfController: Rcf proxy is not connected!
12-30 11:07:55.774   360   931 D EvsDriver: forwardFrame
12-30 11:07:55.774   360   931 D EvsDriver: forwardFrameDirect
12-30 11:07:55.774   360   931 D EvsDriver: Delivered 0xb400e2ca9e40e270 as id 0
12-30 11:07:55.774   359  2784 D evsmanagerd: /dev/video-evs0 forwarded the buffer #0 to 0xb400f125d2b26dd0 from 0xb400f125e2b20710
12-30 11:07:55.776   360   458 D EvsDriver: doneWithFrame
12-30 11:07:55.796   596  3076 E WifiHAL : Invalid data received from driver
12-30 11:07:55.804   650   729 D fgemcucomm: sd Uart data : 6AA6021932000292021D
12-30 11:07:55.804   650   729 D fgemcucomm: rev uart=74446,len=35, data : 6AA6811932001B92020203000000000000000000000000000000000000000000000080
12-30 11:07:55.804   398   882 D adayocomadapter-ParseProtocolFunc: printRaWMsg Name[MCUToUPstream recv] len[27] data[920202030000000000000000000000000000000000000000000000]
12-30 11:07:55.804   398   882 D adayocomadapter-CommunicationManager: onUpstreamback   member[2] dataLength[24] timePoint[9011626]
12-30 11:07:55.804   398   882 D adayocomadapter-ParseProtocolFunc: printRaWMsg Name[onUpstreamback] len[24] data[030000000000000000000000000000000000000000000000]
12-30 11:07:55.804   398   464 D adayocomadapter-UpstreamHandler: processBeforePacket upSreamtProcessTimePoint[9011626] 
12-30 11:07:55.804   398   464 D adayocomadapter-ParseProtocolFunc: parseGeneralIPCLBytes Processing tablename[Table-3] tableSize[23]
12-30 11:07:55.804   398   464 D adayocomadapter-ParseProtocolFunc: printRaWMsg Name[byteStream recv] len[24] data[030000000000000000000000000000000000000000000000]
12-30 11:07:55.804   398   464 D adayocomadapter-ParseProtocolFunc: printRaWMsg Name[IPCLtoVHAL] len[28] data[2110208E010000000000000000000000000000000000000000000000]
12-30 11:07:55.804   398   464 D adayocomadapter-CommunicationManager: onUpstreamReceive mPropertyId 0x2110208e
12-30 11:07:55.804   398   464 D adayocomadapter-CommunicationManager: byteArrayToHexString  
12-30 11:07:55.804   398   464 I vw-vhal : notifyVehicleProperty, propId = 0x2110208e, data = {status: 2, stringValue: "
12-30 11:07:55.804   398   464 I vw-vhal : CanSignalsAdapter::notifyVehicleProperty: solvedValue = {.timestamp = 9011626535738, .areaId = 0, .prop = 554705038, .status = AVAILABLE, .value = {.int32Values = [0]{}, .floatValues = [0]{}, .int64Values = [0]{}, .bytes = [0]{}, .stringValue = ""}}
12-30 11:07:55.804   398   464 I VehiclePropertyStore: begin to write value to Store: {.timestamp = 9011626535738, .areaId = 0, .prop = 554705038, .status = AVAILABLE, .value = {.int32Values = [0]{}, .floatValues = [0]{}, .int64Values = [0]{}, .bytes = [0]{}, .stringValue = ""}}
12-30 11:07:55.804   398   464 I DefaultVehicleHal_v2_0: DefaultVehicleHal::onPropertyValue, value:{.timestamp = 9011626535738, .areaId = 0, .prop = 554705038, .status = AVAILABLE, .value = {.int32Values = [0]{}, .floatValues = [0]{}, .int64Values = [0]{}, .bytes = [0]{}, .stringValue = ""}}
12-30 11:07:55.804   398   464 D DiagPropHandler: is not DiagnosticConfig: 0x2110208e
12-30 11:07:55.804   398   464 I VehiclePropertyStore: begin to write value to Store: {.timestamp = 9011626535738, .areaId = 0, .prop = 554705038, .status = AVAILABLE, .value = {.int32Values = [0]{}, .floatValues = [0]{}, .int64Values = [0]{}, .bytes = [0]{}, .stringValue = ""}}
12-30 11:07:55.804   398   464 D adayocomadapter-CommunicationManager: onUpstreamReceive mPropertyId 0x2110208e
12-30 11:07:55.807   360   931 D EvsDriver: forwardFrame
12-30 11:07:55.807   360   931 D EvsDriver: forwardFrameDirect
12-30 11:07:55.807   360   931 D EvsDriver: Delivered 0xb400e2ca9e40d4b0 as id 1
12-30 11:07:55.807   359  2784 D evsmanagerd: /dev/video-evs0 forwarded the buffer #1 to 0xb400f125d2b26dd0 from 0xb400f125e2b20710
12-30 11:07:55.816   360   458 D EvsDriver: doneWithFrame
12-30 11:07:55.817  2358  2623 D RcfController: Rcf proxy is not connected!
12-30 11:07:55.840   360   931 D EvsDriver: forwardFrame
12-30 11:07:55.840   360   931 D EvsDriver: forwardFrameDirect
12-30 11:07:55.841   360   931 D EvsDriver: Delivered 0xb400e2ca9e40c2d0 as id 0
12-30 11:07:55.841   359  2784 D evsmanagerd: /dev/video-evs0 forwarded the buffer #0 to 0xb400f125d2b26dd0 from 0xb400f125e2b20710
12-30 11:07:55.846   360   458 D EvsDriver: doneWithFrame
12-30 11:07:55.867  2358  2623 D RcfController: Rcf proxy is not connected!
12-30 11:07:55.874   360   931 D EvsDriver: forwardFrame
12-30 11:07:55.874   360   931 D EvsDriver: forwardFrameDirect
12-30 11:07:55.874   360   931 D EvsDriver: Delivered 0xb400e2ca9e40d090 as id 1
12-30 11:07:55.874   359  2784 D evsmanagerd: /dev/video-evs0 forwarded the buffer #1 to 0xb400f125d2b26dd0 from 0xb400f125e2b20710
12-30 11:07:55.877   360   458 D EvsDriver: doneWithFrame
12-30 11:07:55.887   596  3076 E WifiHAL : Invalid data received from driver
12-30 11:07:55.907   360   931 D EvsDriver: forwardFrame
12-30 11:07:55.907   360   931 D EvsDriver: forwardFrameDirect
12-30 11:07:55.907   360   931 D EvsDriver: Delivered 0xb400e2ca9e40e110 as id 0
12-30 11:07:55.907   359  2784 D evsmanagerd: /dev/video-evs0 forwarded the buffer #0 to 0xb400f125d2b26dd0 from 0xb400f125e2b20710
12-30 11:07:55.917   360   458 D EvsDriver: doneWithFrame
12-30 11:07:55.917  2358  2623 D RcfController: Rcf proxy is not connected!
12-30 11:07:55.940   360   931 D EvsDriver: forwardFrame
12-30 11:07:55.940   360   931 D EvsDriver: forwardFrameDirect
12-30 11:07:55.941   360   931 D EvsDriver: Delivered 0xb400e2ca9e40c7a0 as id 1
12-30 11:07:55.941   359  2784 D evsmanagerd: /dev/video-evs0 forwarded the buffer #1 to 0xb400f125d2b26dd0 from 0xb400f125e2b20710
12-30 11:07:55.947   360   458 D EvsDriver: doneWithFrame
12-30 11:07:55.968  2358  2623 D RcfController: Rcf proxy is not connected!
12-30 11:07:55.972   596  3076 E WifiHAL : Invalid data received from driver
12-30 11:07:55.974   360   931 D EvsDriver: forwardFrame
12-30 11:07:55.974   360   931 D EvsDriver: forwardFrameDirect
12-30 11:07:55.974   360   931 D EvsDriver: Delivered 0xb400e2ca9e40e270 as id 0
12-30 11:07:55.974   359  2784 D evsmanagerd: /dev/video-evs0 forwarded the buffer #0 to 0xb400f125d2b26dd0 from 0xb400f125e2b20710
12-30 11:07:55.978   360   458 D EvsDriver: doneWithFrame
12-30 11:07:56.007   360   931 D EvsDriver: forwardFrame
12-30 11:07:56.007   360   931 D EvsDriver: forwardFrameDirect
12-30 11:07:56.007   360   931 D EvsDriver: Delivered 0xb400e2ca9e40d4b0 as id 1
12-30 11:07:56.007   359  2784 D evsmanagerd: /dev/video-evs0 forwarded the buffer #1 to 0xb400f125d2b26dd0 from 0xb400f125e2b20710
12-30 11:07:56.008   360   458 D EvsDriver: doneWithFrame
12-30 11:07:56.018  2358  2623 D RcfController: Rcf proxy is not connected!
12-30 11:07:56.022   650   729 D fgemcucomm: sd Uart data : 6AA6021933000292021C
12-30 11:07:56.022   650   729 D fgemcucomm: rev uart=74447,len=20, data : 6AA6811933000C9202000800000000000000008B
12-30 11:07:56.023   398   882 D adayocomadapter-ParseProtocolFunc: printRaWMsg Name[MCUToUPstream recv] len[12] data[920200080000000000000000]
12-30 11:07:56.023   398   882 D adayocomadapter-CommunicationManager: onUpstreamback   member[0] dataLength[9] timePoint[9011844]
12-30 11:07:56.023   398   882 D adayocomadapter-ParseProtocolFunc: printRaWMsg Name[onUpstreamback] len[9] data[080000000000000000]
12-30 11:07:56.023   398   464 D adayocomadapter-UpstreamHandler: processBeforePacket upSreamtProcessTimePoint[9011844] 
12-30 11:07:56.023   398   464 D adayocomadapter-UpstreamHandler: processPacket UPSTREAM_QUEUE_DATA_TIMEOUT
12-30 11:07:56.023   398   464 D adayocomadapter-ParseProtocolFunc: parseCommonIPCLBytes Processing tableNumber[8]
12-30 11:07:56.023   398   464 D adayocomadapter-ParseProtocolFunc: parseCommonIPCLBytes Processing tablename[Table-8] tableSize[9]
12-30 11:07:56.023   398   464 D adayocomadapter-ParseProtocolFunc: printRaWMsg Name[byteStream recv] len[9] data[080000000000000000]
12-30 11:07:56.023   398   464 D adayocomadapter-ParseProtocolFunc: printRaWMsg Name[IPCLtoVHAL] len[7] data[2141208F010000]
12-30 11:07:56.023   398   464 D adayocomadapter-ParseProtocolFunc: printRaWMsg Name[IPCLtoVHAL] len[7] data[21412090010000]
12-30 11:07:56.023   398   464 D adayocomadapter-ParseProtocolFunc: printRaWMsg Name[IPCLtoVHAL] len[7] data[21412091010000]
12-30 11:07:56.023   398   464 D adayocomadapter-ParseProtocolFunc: printRaWMsg Name[IPCLtoVHAL] len[7] data[21412092010000]
12-30 11:07:56.023   398   464 D adayocomadapter-CommunicationManager: onUpstreamReceive mPropertyId 0x2141208f
12-30 11:07:56.023   398   464 I vw-vhal : notifyVehicleProperty, propId = 0x2141208f, data = {status: 2, int32Values: [0, 0]}
12-30 11:07:56.023   398   464 I vw-vhal : CanSignalsAdapter::notifyVehicleProperty: solvedValue = {.timestamp = 9011845218405, .areaId = 0, .prop = 557916303, .status = AVAILABLE, .value = {.int32Values = [2]{0, 0}, .floatValues = [0]{}, .int64Values = [0]{}, .bytes = [0]{}, .stringValue = ""}}
12-30 11:07:56.023   398   464 I VehiclePropertyStore: begin to write value to Store: {.timestamp = 9011845218405, .areaId = 0, .prop = 557916303, .status = AVAILABLE, .value = {.int32Values = [2]{0, 0}, .floatValues = [0]{}, .int64Values = [0]{}, .bytes = [0]{}, .stringValue = ""}}
12-30 11:07:56.023   398   464 I DefaultVehicleHal_v2_0: DefaultVehicleHal::onPropertyValue, value:{.timestamp = 9011845218405, .areaId = 0, .prop = 557916303, .status = AVAILABLE, .value = {.int32Values = [2]{0, 0}, .floatValues = [0]{}, .int64Values = [0]{}, .bytes = [0]{}, .stringValue = ""}}
12-30 11:07:56.023   398   464 D DiagPropHandler: is not DiagnosticConfig: 0x2141208f
12-30 11:07:56.023   398   464 I VehiclePropertyStore: begin to write value to Store: {.timestamp = 9011845218405, .areaId = 0, .prop = 557916303, .status = AVAILABLE, .value = {.int32Values = [2]{0, 0}, .floatValues = [0]{}, .int64Values = [0]{}, .bytes = [0]{}, .stringValue = ""}}
12-30 11:07:56.023   398   464 D adayocomadapter-CommunicationManager: onUpstreamReceive mPropertyId 0x2141208f
12-30 11:07:56.023   398   464 D adayocomadapter-CommunicationManager: onUpstreamReceive mPropertyId 0x21412090
12-30 11:07:56.023   398   464 I vw-vhal : notifyVehicleProperty, propId = 0x21412090, data = {status: 2, int32Values: [0, 0]}
12-30 11:07:56.023   398   464 I vw-vhal : CanSignalsAdapter::notifyVehicleProperty: solvedValue = {.timestamp = 9011845422739, .areaId = 0, .prop = 557916304, .status = AVAILABLE, .value = {.int32Values = [2]{0, 0}, .floatValues = [0]{}, .int64Values = [0]{}, .bytes = [0]{}, .stringValue = ""}}
12-30 11:07:56.023   398   464 I VehiclePropertyStore: begin to write value to Store: {.timestamp = 9011845422739, .areaId = 0, .prop = 557916304, .status = AVAILABLE, .value = {.int32Values = [2]{0, 0}, .floatValues = [0]{}, .int64Values = [0]{}, .bytes = [0]{}, .stringValue = ""}}
12-30 11:07:56.023   398   464 I DefaultVehicleHal_v2_0: DefaultVehicleHal::onPropertyValue, value:{.timestamp = 9011845422739, .areaId = 0, .prop = 557916304, .status = AVAILABLE, .value = {.int32Values = [2]{0, 0}, .floatValues = [0]{}, .int64Values = [0]{}, .bytes = [0]{}, .stringValue = ""}}
12-30 11:07:56.023   398   464 D DiagPropHandler: is not DiagnosticConfig: 0x21412090
12-30 11:07:56.023   398   464 I VehiclePropertyStore: begin to write value to Store: {.timestamp = 9011845422739, .areaId = 0, .prop = 557916304, .status = AVAILABLE, .value = {.int32Values = [2]{0, 0}, .floatValues = [0]{}, .int64Values = [0]{}, .bytes = [0]{}, .stringValue = ""}}
12-30 11:07:56.023   398   464 D adayocomadapter-CommunicationManager: onUpstreamReceive mPropertyId 0x21412090
12-30 11:07:56.023   398   464 D adayocomadapter-CommunicationManager: onUpstreamReceive mPropertyId 0x21412091
12-30 11:07:56.023   398   464 I vw-vhal : notifyVehicleProperty, propId = 0x21412091, data = {status: 2, int32Values: [0, 0]}
12-30 11:07:56.023   398   464 I vw-vhal : CanSignalsAdapter::notifyVehicleProperty: solvedValue = {.timestamp = 9011845598405, .areaId = 0, .prop = 557916305, .status = AVAILABLE, .value = {.int32Values = [2]{0, 0}, .floatValues = [0]{}, .int64Values = [0]{}, .bytes = [0]{}, .stringValue = ""}}
12-30 11:07:56.023   398   464 I VehiclePropertyStore: begin to write value to Store: {.timestamp = 9011845598405, .areaId = 0, .prop = 557916305, .status = AVAILABLE, .value = {.int32Values = [2]{0, 0}, .floatValues = [0]{}, .int64Values = [0]{}, .bytes = [0]{}, .stringValue = ""}}
12-30 11:07:56.023   398   464 I DefaultVehicleHal_v2_0: DefaultVehicleHal::onPropertyValue, value:{.timestamp = 9011845598405, .areaId = 0, .prop = 557916305, .status = AVAILABLE, .value = {.int32Values = [2]{0, 0}, .floatValues = [0]{}, .int64Values = [0]{}, .bytes = [0]{}, .stringValue = ""}}
12-30 11:07:56.023   398   464 D DiagPropHandler: is not DiagnosticConfig: 0x21412091
12-30 11:07:56.023   398   464 I VehiclePropertyStore: begin to write value to Store: {.timestamp = 9011845598405, .areaId = 0, .prop = 557916305, .status = AVAILABLE, .value = {.int32Values = [2]{0, 0}, .floatValues = [0]{}, .int64Values = [0]{}, .bytes = [0]{}, .stringValue = ""}}
12-30 11:07:56.023   398   464 D adayocomadapter-CommunicationManager: onUpstreamReceive mPropertyId 0x21412091
12-30 11:07:56.023   398   464 D adayocomadapter-CommunicationManager: onUpstreamReceive mPropertyId 0x21412092
12-30 11:07:56.023   398   464 I vw-vhal : notifyVehicleProperty, propId = 0x21412092, data = {status: 2, int32Values: [0, 0]}
12-30 11:07:56.023   398   464 I vw-vhal : CanSignalsAdapter::notifyVehicleProperty: solvedValue = {.timestamp = 9011845774739, .areaId = 0, .prop = 557916306, .status = AVAILABLE, .value = {.int32Values = [2]{0, 0}, .floatValues = [0]{}, .int64Values = [0]{}, .bytes = [0]{}, .stringValue = ""}}
12-30 11:07:56.023   398   464 I VehiclePropertyStore: begin to write value to Store: {.timestamp = 9011845774739, .areaId = 0, .prop = 557916306, .status = AVAILABLE, .value = {.int32Values = [2]{0, 0}, .floatValues = [0]{}, .int64Values = [0]{}, .bytes = [0]{}, .stringValue = ""}}
12-30 11:07:56.023   398   464 I DefaultVehicleHal_v2_0: DefaultVehicleHal::onPropertyValue, value:{.timestamp = 9011845774739, .areaId = 0, .prop = 557916306, .status = AVAILABLE, .value = {.int32Values = [2]{0, 0}, .floatValues = [0]{}, .int64Values = [0]{}, .bytes = [0]{}, .stringValue = ""}}
12-30 11:07:56.024   398   464 D DiagPropHandler: is not DiagnosticConfig: 0x21412092
12-30 11:07:56.024   398   464 I VehiclePropertyStore: begin to write value to Store: {.timestamp = 9011845774739, .areaId = 0, .prop = 557916306, .status = AVAILABLE, .value = {.int32Values = [2]{0, 0}, .floatValues = [0]{}, .int64Values = [0]{}, .bytes = [0]{}, .stringValue = ""}}
12-30 11:07:56.024   398   464 D adayocomadapter-CommunicationManager: onUpstreamReceive mPropertyId 0x21412092
12-30 11:07:56.040   360   931 D EvsDriver: forwardFrame
12-30 11:07:56.040   360   931 D EvsDriver: forwardFrameDirect
12-30 11:07:56.041   360   931 D EvsDriver: Delivered 0xb400e2ca9e40c2d0 as id 0
12-30 11:07:56.041   359  2784 D evsmanagerd: /dev/video-evs0 forwarded the buffer #0 to 0xb400f125d2b26dd0 from 0xb400f125e2b20710
12-30 11:07:56.044   596  3076 E WifiHAL : Invalid data received from driver
12-30 11:07:56.048   360   458 D EvsDriver: doneWithFrame
12-30 11:07:56.060  1611  1611 I ADAYO_LOG_: handleMessage(UsbFunc.java:3)copyQnx = 0
12-30 11:07:56.060  1611  1611 I ADAYO_LOG_: handleMessage(UsbFunc.java:12)copyState = 2
12-30 11:07:56.068  2358  2623 D RcfController: Rcf proxy is not connected!
12-30 11:07:56.072  1667  2594 W ContextImpl: Calling a method in the system process without a qualified user: android.app.ContextImpl.bindService:1988 android.content.ContextWrapper.bindService:861 com.ford.sync.fnvservice.FordFnv.c:202 com.ford.sync.fnvservice.FordFnv.c:43 com.ford.sync.fnvservice.FordFnv$RetryHandler.handleMessage:245 
12-30 11:07:56.073   916  3726 W ActivityManager: Unable to start service Intent { cmp=com.ford.sync.fnvservice/.FordFnvService } U=0: not found
12-30 11:07:56.073  1667  2594 W FordFnv :  bind ford fnv failed -> sendRetryMessage 
12-30 11:07:56.074   360   931 D EvsDriver: forwardFrame
12-30 11:07:56.074   360   931 D EvsDriver: forwardFrameDirect
12-30 11:07:56.074   360   931 D EvsDriver: Delivered 0xb400e2ca9e40d090 as id 1
12-30 11:07:56.074   359  2784 D evsmanagerd: /dev/video-evs0 forwarded the buffer #1 to 0xb400f125d2b26dd0 from 0xb400f125e2b20710
12-30 11:07:56.076  1667  2407 I media_message_log->MediaMessageProxy: (SourceFile:1)b connectToService action bind
12-30 11:07:56.077   916  3726 W ActivityManager: Unable to start service Intent { cmp=com.adayo.server.mediamessagetransfer/.MediaMessTransferService (has extras) } U=0: not found
12-30 11:07:56.077  1667  2407 E media_message_log->MediaMessageProxy: (SourceFile:7)a bindServiceAsUser isBound = false
12-30 11:07:56.079   360   458 D EvsDriver: doneWithFrame
12-30 11:07:56.082   650   729 D fgemcucomm: sd Uart data : 6AA6021934000292021B
12-30 11:07:56.082   650   729 D fgemcucomm: rev uart=74448,len=14, data : 6AA681193400069202001A00007E
12-30 11:07:56.082   398   882 D adayocomadapter-ParseProtocolFunc: printRaWMsg Name[MCUToUPstream recv] len[6] data[9202001A0000]
12-30 11:07:56.082   398   882 D adayocomadapter-CommunicationManager: onUpstreamback   member[0] dataLength[3] timePoint[9011904]
12-30 11:07:56.082   398   882 D adayocomadapter-ParseProtocolFunc: printRaWMsg Name[onUpstreamback] len[3] data[1A0000]
12-30 11:07:56.082   398   464 D adayocomadapter-UpstreamHandler: processBeforePacket upSreamtProcessTimePoint[9011904] 
12-30 11:07:56.082   398   464 D adayocomadapter-UpstreamHandler: processPacket UPSTREAM_QUEUE_DATA_TIMEOUT
12-30 11:07:56.082   398   464 D adayocomadapter-ParseProtocolFunc: parseCommonIPCLBytes Processing tableNumber[26]
12-30 11:07:56.082   398   464 D adayocomadapter-ParseProtocolFunc: parseCommonIPCLBytes Processing tablename[Table-26] tableSize[3]
12-30 11:07:56.082   398   464 D adayocomadapter-ParseProtocolFunc: printRaWMsg Name[byteStream recv] len[3] data[1A0000]
12-30 11:07:56.082   398   464 D adayocomadapter-ParseProtocolFunc: printRaWMsg Name[IPCLtoVHAL] len[6] data[214021C90000]
12-30 11:07:56.082   398   464 D adayocomadapter-ParseProtocolFunc: printRaWMsg Name[IPCLtoVHAL] len[6] data[214022060000]
12-30 11:07:56.082   398   464 D adayocomadapter-CommunicationManager: onUpstreamReceive mPropertyId 0x214021c9
12-30 11:07:56.082   398   464 D adayocomadapter-CommunicationManager: convertBytesToInt32Memcpy  0
12-30 11:07:56.082   398   464 I vw-vhal : notifyVehicleProperty, propId = 0x214021c9, data = {status: 2, int32Values: [0]}
12-30 11:07:56.082   398   464 I vw-vhal : CanSignalsAdapter::notifyVehicleProperty: solvedValue = {.timestamp = 9011904711405, .areaId = 0, .prop = 557851081, .status = AVAILABLE, .value = {.int32Values = [1]{0}, .floatValues = [0]{}, .int64Values = [0]{}, .bytes = [0]{}, .stringValue = ""}}
12-30 11:07:56.082   398   464 I VehiclePropertyStore: begin to write value to Store: {.timestamp = 9011904711405, .areaId = 0, .prop = 557851081, .status = AVAILABLE, .value = {.int32Values = [1]{0}, .floatValues = [0]{}, .int64Values = [0]{}, .bytes = [0]{}, .stringValue = ""}}
12-30 11:07:56.082   398   464 I DefaultVehicleHal_v2_0: DefaultVehicleHal::onPropertyValue, value:{.timestamp = 9011904711405, .areaId = 0, .prop = 557851081, .status = AVAILABLE, .value = {.int32Values = [1]{0}, .floatValues = [0]{}, .int64Values = [0]{}, .bytes = [0]{}, .stringValue = ""}}
12-30 11:07:56.082   398   464 D DiagPropHandler: is not DiagnosticConfig: 0x214021c9
12-30 11:07:56.082   398   464 I VehiclePropertyStore: begin to write value to Store: {.timestamp = 9011904711405, .areaId = 0, .prop = 557851081, .status = AVAILABLE, .value = {.int32Values = [1]{0}, .floatValues = [0]{}, .int64Values = [0]{}, .bytes = [0]{}, .stringValue = ""}}
12-30 11:07:56.083   398   464 D adayocomadapter-CommunicationManager: onUpstreamReceive mPropertyId 0x214021c9
12-30 11:07:56.083   398   464 D adayocomadapter-CommunicationManager: onUpstreamReceive mPropertyId 0x21402206
12-30 11:07:56.083   398   464 D adayocomadapter-CommunicationManager: convertBytesToInt32Memcpy  0
12-30 11:07:56.083   398   464 I vw-vhal : notifyVehicleProperty, propId = 0x21402206, data = {status: 2, int32Values: [0]}
12-30 11:07:56.083   398   464 I vw-vhal : CanSignalsAdapter::notifyVehicleProperty: solvedValue = {.timestamp = 9011904947739, .areaId = 0, .prop = 557851142, .status = AVAILABLE, .value = {.int32Values = [1]{0}, .floatValues = [0]{}, .int64Values = [0]{}, .bytes = [0]{}, .stringValue = ""}}
12-30 11:07:56.083   398   464 I VehiclePropertyStore: begin to write value to Store: {.timestamp = 9011904947739, .areaId = 0, .prop = 557851142, .status = AVAILABLE, .value = {.int32Values = [1]{0}, .floatValues = [0]{}, .int64Values = [0]{}, .bytes = [0]{}, .stringValue = ""}}
12-30 11:07:56.083   398   464 I DefaultVehicleHal_v2_0: DefaultVehicleHal::onPropertyValue, value:{.timestamp = 9011904947739, .areaId = 0, .prop = 557851142, .status = AVAILABLE, .value = {.int32Values = [1]{0}, .floatValues = [0]{}, .int64Values = [0]{}, .bytes = [0]{}, .stringValue = ""}}
12-30 11:07:56.083   398   464 D DiagPropHandler: is not DiagnosticConfig: 0x21402206
12-30 11:07:56.083   398   464 I VehiclePropertyStore: begin to write value to Store: {.timestamp = 9011904947739, .areaId = 0, .prop = 557851142, .status = AVAILABLE, .value = {.int32Values = [1]{0}, .floatValues = [0]{}, .int64Values = [0]{}, .bytes = [0]{}, .stringValue = ""}}
12-30 11:07:56.083   398   464 D adayocomadapter-CommunicationManager: onUpstreamReceive mPropertyId 0x21402206
12-30 11:07:56.097   596  3076 E WifiHAL : Invalid data received from driver
12-30 11:07:56.102   650   729 D fgemcucomm: sd Uart data : 6AA6021935000292021A
12-30 11:07:56.102   650   729 D fgemcucomm: rev uart=74449,len=18, data : 6AA6811935000A920200070000000000008C
12-30 11:07:56.102   398   882 D adayocomadapter-ParseProtocolFunc: printRaWMsg Name[MCUToUPstream recv] len[10] data[92020007000000000000]
12-30 11:07:56.102   398   882 D adayocomadapter-CommunicationManager: onUpstreamback   member[0] dataLength[7] timePoint[9011924]
12-30 11:07:56.102   398   882 D adayocomadapter-ParseProtocolFunc: printRaWMsg Name[onUpstreamback] len[7] data[07000000000000]
12-30 11:07:56.103   398   464 D adayocomadapter-UpstreamHandler: processBeforePacket upSreamtProcessTimePoint[9011924] 
12-30 11:07:56.103   398   464 D adayocomadapter-UpstreamHandler: processPacket UPSTREAM_QUEUE_DATA_TIMEOUT
12-30 11:07:56.103   398   464 D adayocomadapter-ParseProtocolFunc: parseCommonIPCLBytes Processing tableNumber[7]
12-30 11:07:56.103   398   464 D adayocomadapter-ParseProtocolFunc: parseCommonIPCLBytes Processing tablename[Table-7] tableSize[7]
12-30 11:07:56.103   398   464 D adayocomadapter-ParseProtocolFunc: printRaWMsg Name[byteStream recv] len[7] data[07000000000000]
12-30 11:07:56.103   398   464 D adayocomadapter-ParseProtocolFunc: printRaWMsg Name[IPCLtoVHAL] len[6] data[214020530000]
12-30 11:07:56.103   398   464 D adayocomadapter-ParseProtocolFunc: printRaWMsg Name[IPCLtoVHAL] len[6] data[214020A00000]
12-30 11:07:56.103   398   464 D adayocomadapter-ParseProtocolFunc: printRaWMsg Name[IPCLtoVHAL] len[6] data[214021310000]
12-30 11:07:56.103   398   464 D adayocomadapter-ParseProtocolFunc: printRaWMsg Name[IPCLtoVHAL] len[6] data[214020A20000]
12-30 11:07:56.103   398   464 D adayocomadapter-ParseProtocolFunc: printRaWMsg Name[IPCLtoVHAL] len[6] data[214020A40000]
12-30 11:07:56.103   398   464 D adayocomadapter-ParseProtocolFunc: printRaWMsg Name[IPCLtoVHAL] len[6] data[214021CE0000]
12-30 11:07:56.103   398   464 D adayocomadapter-CommunicationManager: onUpstreamReceive mPropertyId 0x21402053
12-30 11:07:56.103   398   464 D adayocomadapter-CommunicationManager: convertBytesToInt32Memcpy  0
12-30 11:07:56.103   398   464 I vw-vhal : notifyVehicleProperty, propId = 0x21402053, data = {status: 2, int32Values: [0]}
12-30 11:07:56.103   398   464 I vw-vhal : CanSignalsAdapter::notifyVehicleProperty: solvedValue = {.timestamp = 9011925176072, .areaId = 0, .prop = 557850707, .status = AVAILABLE, .value = {.int32Values = [1]{0}, .floatValues = [0]{}, .int64Values = [0]{}, .bytes = [0]{}, .stringValue = ""}}
12-30 11:07:56.103   398   464 I VehiclePropertyStore: begin to write value to Store: {.timestamp = 9011925176072, .areaId = 0, .prop = 557850707, .status = AVAILABLE, .value = {.int32Values = [1]{0}, .floatValues = [0]{}, .int64Values = [0]{}, .bytes = [0]{}, .stringValue = ""}}
12-30 11:07:56.103   398   464 I DefaultVehicleHal_v2_0: DefaultVehicleHal::onPropertyValue, value:{.timestamp = 9011925176072, .areaId = 0, .prop = 557850707, .status = AVAILABLE, .value = {.int32Values = [1]{0}, .floatValues = [0]{}, .int64Values = [0]{}, .bytes = [0]{}, .stringValue = ""}}
12-30 11:07:56.103   398   464 D DiagPropHandler: is not DiagnosticConfig: 0x21402053
12-30 11:07:56.103   398   464 I VehiclePropertyStore: begin to write value to Store: {.timestamp = 9011925176072, .areaId = 0, .prop = 557850707, .status = AVAILABLE, .value = {.int32Values = [1]{0}, .floatValues = [0]{}, .int64Values = [0]{}, .bytes = [0]{}, .stringValue = ""}}
12-30 11:07:56.103   398   464 D adayocomadapter-CommunicationManager: onUpstreamReceive mPropertyId 0x21402053
12-30 11:07:56.103   398   464 D adayocomadapter-CommunicationManager: onUpstreamReceive mPropertyId 0x214020a0
12-30 11:07:56.103   398   464 D adayocomadapter-CommunicationManager: convertBytesToInt32Memcpy  0
12-30 11:07:56.103   398   464 I vw-vhal : notifyVehicleProperty, propId = 0x214020a0, data = {status: 2, int32Values: [0]}
12-30 11:07:56.103   398   464 I vw-vhal : CanSignalsAdapter::notifyVehicleProperty: solvedValue = {.timestamp = 9011925408739, .areaId = 0, .prop = 557850784, .status = AVAILABLE, .value = {.int32Values = [1]{0}, .floatValues = [0]{}, .int64Values = [0]{}, .bytes = [0]{}, .stringValue = ""}}
12-30 11:07:56.103   398   464 I VehiclePropertyStore: begin to write value to Store: {.timestamp = 9011925408739, .areaId = 0, .prop = 557850784, .status = AVAILABLE, .value = {.int32Values = [1]{0}, .floatValues = [0]{}, .int64Values = [0]{}, .bytes = [0]{}, .stringValue = ""}}
12-30 11:07:56.103   398   464 I DefaultVehicleHal_v2_0: DefaultVehicleHal::onPropertyValue, value:{.timestamp = 9011925408739, .areaId = 0, .prop = 557850784, .status = AVAILABLE, .value = {.int32Values = [1]{0}, .floatValues = [0]{}, .int64Values = [0]{}, .bytes = [0]{}, .stringValue = ""}}
12-30 11:07:56.103   398   464 D DiagPropHandler: is not DiagnosticConfig: 0x214020a0
12-30 11:07:56.103   398   464 I VehiclePropertyStore: begin to write value to Store: {.timestamp = 9011925408739, .areaId = 0, .prop = 557850784, .status = AVAILABLE, .value = {.int32Values = [1]{0}, .floatValues = [0]{}, .int64Values = [0]{}, .bytes = [0]{}, .stringValue = ""}}
12-30 11:07:56.103   398   464 D adayocomadapter-CommunicationManager: onUpstreamReceive mPropertyId 0x214020a0
12-30 11:07:56.103   398   464 D adayocomadapter-CommunicationManager: onUpstreamReceive mPropertyId 0x21402131
12-30 11:07:56.103   398   464 D adayocomadapter-CommunicationManager: convertBytesToInt32Memcpy  0
12-30 11:07:56.103   398   464 I vw-vhal : notifyVehicleProperty, propId = 0x21402131, data = {status: 2, int32Values: [0]}
12-30 11:07:56.103   398   464 I vw-vhal : CanSignalsAdapter::notifyVehicleProperty: solvedValue = {.timestamp = 9011925613405, .areaId = 0, .prop = 557850929, .status = AVAILABLE, .value = {.int32Values = [1]{0}, .floatValues = [0]{}, .int64Values = [0]{}, .bytes = [0]{}, .stringValue = ""}}
12-30 11:07:56.103   398   464 I VehiclePropertyStore: begin to write value to Store: {.timestamp = 9011925613405, .areaId = 0, .prop = 557850929, .status = AVAILABLE, .value = {.int32Values = [1]{0}, .floatValues = [0]{}, .int64Values = [0]{}, .bytes = [0]{}, .stringValue = ""}}
12-30 11:07:56.103   398   464 I DefaultVehicleHal_v2_0: DefaultVehicleHal::onPropertyValue, value:{.timestamp = 9011925613405, .areaId = 0, .prop = 557850929, .status = AVAILABLE, .value = {.int32Values = [1]{0}, .floatValues = [0]{}, .int64Values = [0]{}, .bytes = [0]{}, .stringValue = ""}}
12-30 11:07:56.103   398   464 D DiagPropHandler: is not DiagnosticConfig: 0x21402131
12-30 11:07:56.103   398   464 I VehiclePropertyStore: begin to write value to Store: {.timestamp = 9011925613405, .areaId = 0, .prop = 557850929, .status = AVAILABLE, .value = {.int32Values = [1]{0}, .floatValues = [0]{}, .int64Values = [0]{}, .bytes = [0]{}, .stringValue = ""}}
12-30 11:07:56.103   398   464 D adayocomadapter-CommunicationManager: onUpstreamReceive mPropertyId 0x21402131
12-30 11:07:56.103   398   464 D adayocomadapter-CommunicationManager: onUpstreamReceive mPropertyId 0x214020a2
12-30 11:07:56.103   398   464 D adayocomadapter-CommunicationManager: convertBytesToInt32Memcpy  0
12-30 11:07:56.103   398   464 I vw-vhal : notifyVehicleProperty, propId = 0x214020a2, data = {status: 2, int32Values: [0]}
