12-30 11:08:01.779   398   464 I VehiclePropertyStore: begin to write value to Store: {.timestamp = 9017601483739, .areaId = 0, .prop = 557850763, .status = AVAILABLE, .value = {.int32Values = [1]{0}, .floatValues = [0]{}, .int64Values = [0]{}, .bytes = [0]{}, .stringValue = ""}}
12-30 11:08:01.779   398   464 D adayocomadapter-CommunicationManager: onUpstreamReceive mPropertyId 0x2140208b
12-30 11:08:01.779   398   464 D adayocomadapter-CommunicationManager: onUpstreamReceive mPropertyId 0x21402193
12-30 11:08:01.779   398   464 D adayocomadapter-CommunicationManager: convertBytesToInt32Memcpy  0
12-30 11:08:01.779   398   464 I vw-vhal : notifyVehicleProperty, propId = 0x21402193, data = {status: 2, int32Values: [0]}
12-30 11:08:01.779   398   464 I vw-vhal : CanSignalsAdapter::notifyVehicleProperty: solvedValue = {.timestamp = 9017601720406, .areaId = 0, .prop = 557851027, .status = AVAILABLE, .value = {.int32Values = [1]{0}, .floatValues = [0]{}, .int64Values = [0]{}, .bytes = [0]{}, .stringValue = ""}}
12-30 11:08:01.779   398   464 I VehiclePropertyStore: begin to write value to Store: {.timestamp = 9017601720406, .areaId = 0, .prop = 557851027, .status = AVAILABLE, .value = {.int32Values = [1]{0}, .floatValues = [0]{}, .int64Values = [0]{}, .bytes = [0]{}, .stringValue = ""}}
12-30 11:08:01.779   398   464 I DefaultVehicleHal_v2_0: DefaultVehicleHal::onPropertyValue, value:{.timestamp = 9017601720406, .areaId = 0, .prop = 557851027, .status = AVAILABLE, .value = {.int32Values = [1]{0}, .floatValues = [0]{}, .int64Values = [0]{}, .bytes = [0]{}, .stringValue = ""}}
12-30 11:08:01.779   398   464 D DiagPropHandler: is not DiagnosticConfig: 0x21402193
12-30 11:08:01.779   398   464 I VehiclePropertyStore: begin to write value to Store: {.timestamp = 9017601720406, .areaId = 0, .prop = 557851027, .status = AVAILABLE, .value = {.int32Values = [1]{0}, .floatValues = [0]{}, .int64Values = [0]{}, .bytes = [0]{}, .stringValue = ""}}
12-30 11:08:01.779   398   464 D adayocomadapter-CommunicationManager: onUpstreamReceive mPropertyId 0x21402193
12-30 11:08:01.780   398   464 D adayocomadapter-CommunicationManager: onUpstreamReceive mPropertyId 0x2140208c
12-30 11:08:01.780   398   464 D adayocomadapter-CommunicationManager: convertBytesToInt32Memcpy  0
12-30 11:08:01.780   398   464 I vw-vhal : notifyVehicleProperty, propId = 0x2140208c, data = {status: 2, int32Values: [0]}
12-30 11:08:01.780   398   464 I vw-vhal : CanSignalsAdapter::notifyVehicleProperty: solvedValue = {.timestamp = 9017601917739, .areaId = 0, .prop = 557850764, .status = AVAILABLE, .value = {.int32Values = [1]{0}, .floatValues = [0]{}, .int64Values = [0]{}, .bytes = [0]{}, .stringValue = ""}}
12-30 11:08:01.780   398   464 I VehiclePropertyStore: begin to write value to Store: {.timestamp = 9017601917739, .areaId = 0, .prop = 557850764, .status = AVAILABLE, .value = {.int32Values = [1]{0}, .floatValues = [0]{}, .int64Values = [0]{}, .bytes = [0]{}, .stringValue = ""}}
12-30 11:08:01.780   398   464 I DefaultVehicleHal_v2_0: DefaultVehicleHal::onPropertyValue, value:{.timestamp = 9017601917739, .areaId = 0, .prop = 557850764, .status = AVAILABLE, .value = {.int32Values = [1]{0}, .floatValues = [0]{}, .int64Values = [0]{}, .bytes = [0]{}, .stringValue = ""}}
12-30 11:08:01.780   398   464 D DiagPropHandler: is not DiagnosticConfig: 0x2140208c
12-30 11:08:01.780   398   464 I VehiclePropertyStore: begin to write value to Store: {.timestamp = 9017601917739, .areaId = 0, .prop = 557850764, .status = AVAILABLE, .value = {.int32Values = [1]{0}, .floatValues = [0]{}, .int64Values = [0]{}, .bytes = [0]{}, .stringValue = ""}}
12-30 11:08:01.780   398   464 D adayocomadapter-CommunicationManager: onUpstreamReceive mPropertyId 0x2140208c
12-30 11:08:01.780   398   464 D adayocomadapter-CommunicationManager: onUpstreamReceive mPropertyId 0x21402194
12-30 11:08:01.780   398   464 D adayocomadapter-CommunicationManager: convertBytesToInt32Memcpy  0
12-30 11:08:01.780   398   464 I vw-vhal : notifyVehicleProperty, propId = 0x21402194, data = {status: 2, int32Values: [0]}
12-30 11:08:01.780   398   464 I vw-vhal : CanSignalsAdapter::notifyVehicleProperty: solvedValue = {.timestamp = 9017602117073, .areaId = 0, .prop = 557851028, .status = AVAILABLE, .value = {.int32Values = [1]{0}, .floatValues = [0]{}, .int64Values = [0]{}, .bytes = [0]{}, .stringValue = ""}}
12-30 11:08:01.780   398   464 I VehiclePropertyStore: begin to write value to Store: {.timestamp = 9017602117073, .areaId = 0, .prop = 557851028, .status = AVAILABLE, .value = {.int32Values = [1]{0}, .floatValues = [0]{}, .int64Values = [0]{}, .bytes = [0]{}, .stringValue = ""}}
12-30 11:08:01.780   398   464 I DefaultVehicleHal_v2_0: DefaultVehicleHal::onPropertyValue, value:{.timestamp = 9017602117073, .areaId = 0, .prop = 557851028, .status = AVAILABLE, .value = {.int32Values = [1]{0}, .floatValues = [0]{}, .int64Values = [0]{}, .bytes = [0]{}, .stringValue = ""}}
12-30 11:08:01.780   398   464 D DiagPropHandler: is not DiagnosticConfig: 0x21402194
12-30 11:08:01.780   398   464 I VehiclePropertyStore: begin to write value to Store: {.timestamp = 9017602117073, .areaId = 0, .prop = 557851028, .status = AVAILABLE, .value = {.int32Values = [1]{0}, .floatValues = [0]{}, .int64Values = [0]{}, .bytes = [0]{}, .stringValue = ""}}
12-30 11:08:01.780   398   464 D adayocomadapter-CommunicationManager: onUpstreamReceive mPropertyId 0x21402194
12-30 11:08:01.780   398   464 D adayocomadapter-CommunicationManager: onUpstreamReceive mPropertyId 0x2140208d
12-30 11:08:01.780   398   464 D adayocomadapter-CommunicationManager: convertBytesToInt32Memcpy  0
12-30 11:08:01.780   398   464 I vw-vhal : notifyVehicleProperty, propId = 0x2140208d, data = {status: 2, int32Values: [0]}
12-30 11:08:01.780   398   464 I vw-vhal : CanSignalsAdapter::notifyVehicleProperty: solvedValue = {.timestamp = 9017602317739, .areaId = 0, .prop = 557850765, .status = AVAILABLE, .value = {.int32Values = [1]{0}, .floatValues = [0]{}, .int64Values = [0]{}, .bytes = [0]{}, .stringValue = ""}}
12-30 11:08:01.780   398   464 I VehiclePropertyStore: begin to write value to Store: {.timestamp = 9017602317739, .areaId = 0, .prop = 557850765, .status = AVAILABLE, .value = {.int32Values = [1]{0}, .floatValues = [0]{}, .int64Values = [0]{}, .bytes = [0]{}, .stringValue = ""}}
12-30 11:08:01.780   398   464 I DefaultVehicleHal_v2_0: DefaultVehicleHal::onPropertyValue, value:{.timestamp = 9017602317739, .areaId = 0, .prop = 557850765, .status = AVAILABLE, .value = {.int32Values = [1]{0}, .floatValues = [0]{}, .int64Values = [0]{}, .bytes = [0]{}, .stringValue = ""}}
12-30 11:08:01.780   398   464 D DiagPropHandler: is not DiagnosticConfig: 0x2140208d
12-30 11:08:01.780   398   464 I VehiclePropertyStore: begin to write value to Store: {.timestamp = 9017602317739, .areaId = 0, .prop = 557850765, .status = AVAILABLE, .value = {.int32Values = [1]{0}, .floatValues = [0]{}, .int64Values = [0]{}, .bytes = [0]{}, .stringValue = ""}}
12-30 11:08:01.780   398   464 D adayocomadapter-CommunicationManager: onUpstreamReceive mPropertyId 0x2140208d
12-30 11:08:01.780   398   464 D adayocomadapter-CommunicationManager: onUpstreamReceive mPropertyId 0x21402195
12-30 11:08:01.780   398   464 D adayocomadapter-CommunicationManager: convertBytesToInt32Memcpy  0
12-30 11:08:01.780   398   464 I vw-vhal : notifyVehicleProperty, propId = 0x21402195, data = {status: 2, int32Values: [0]}
12-30 11:08:01.780   398   464 I vw-vhal : CanSignalsAdapter::notifyVehicleProperty: solvedValue = {.timestamp = 9017602512739, .areaId = 0, .prop = 557851029, .status = AVAILABLE, .value = {.int32Values = [1]{0}, .floatValues = [0]{}, .int64Values = [0]{}, .bytes = [0]{}, .stringValue = ""}}
12-30 11:08:01.780   398   464 I VehiclePropertyStore: begin to write value to Store: {.timestamp = 9017602512739, .areaId = 0, .prop = 557851029, .status = AVAILABLE, .value = {.int32Values = [1]{0}, .floatValues = [0]{}, .int64Values = [0]{}, .bytes = [0]{}, .stringValue = ""}}
12-30 11:08:01.780   398   464 I DefaultVehicleHal_v2_0: DefaultVehicleHal::onPropertyValue, value:{.timestamp = 9017602512739, .areaId = 0, .prop = 557851029, .status = AVAILABLE, .value = {.int32Values = [1]{0}, .floatValues = [0]{}, .int64Values = [0]{}, .bytes = [0]{}, .stringValue = ""}}
12-30 11:08:01.780   398   464 D DiagPropHandler: is not DiagnosticConfig: 0x21402195
12-30 11:08:01.780   398   464 I VehiclePropertyStore: begin to write value to Store: {.timestamp = 9017602512739, .areaId = 0, .prop = 557851029, .status = AVAILABLE, .value = {.int32Values = [1]{0}, .floatValues = [0]{}, .int64Values = [0]{}, .bytes = [0]{}, .stringValue = ""}}
12-30 11:08:01.780   398   464 D adayocomadapter-CommunicationManager: onUpstreamReceive mPropertyId 0x21402195
12-30 11:08:01.780   398   464 D adayocomadapter-CommunicationManager: onUpstreamReceive mPropertyId 0x21402192
12-30 11:08:01.780   398   464 D adayocomadapter-CommunicationManager: convertBytesToInt32Memcpy  0
12-30 11:08:01.780   398   464 I vw-vhal : notifyVehicleProperty, propId = 0x21402192, data = {status: 2, int32Values: [0]}
12-30 11:08:01.780   398   464 I vw-vhal : CanSignalsAdapter::notifyVehicleProperty: solvedValue = {.timestamp = 9017602705739, .areaId = 0, .prop = 557851026, .status = AVAILABLE, .value = {.int32Values = [1]{0}, .floatValues = [0]{}, .int64Values = [0]{}, .bytes = [0]{}, .stringValue = ""}}
12-30 11:08:01.780   398   464 I VehiclePropertyStore: begin to write value to Store: {.timestamp = 9017602705739, .areaId = 0, .prop = 557851026, .status = AVAILABLE, .value = {.int32Values = [1]{0}, .floatValues = [0]{}, .int64Values = [0]{}, .bytes = [0]{}, .stringValue = ""}}
12-30 11:08:01.780   398   464 I DefaultVehicleHal_v2_0: DefaultVehicleHal::onPropertyValue, value:{.timestamp = 9017602705739, .areaId = 0, .prop = 557851026, .status = AVAILABLE, .value = {.int32Values = [1]{0}, .floatValues = [0]{}, .int64Values = [0]{}, .bytes = [0]{}, .stringValue = ""}}
12-30 11:08:01.780   398   464 D DiagPropHandler: is not DiagnosticConfig: 0x21402192
12-30 11:08:01.780   398   464 I VehiclePropertyStore: begin to write value to Store: {.timestamp = 9017602705739, .areaId = 0, .prop = 557851026, .status = AVAILABLE, .value = {.int32Values = [1]{0}, .floatValues = [0]{}, .int64Values = [0]{}, .bytes = [0]{}, .stringValue = ""}}
12-30 11:08:01.780   398   464 D adayocomadapter-CommunicationManager: onUpstreamReceive mPropertyId 0x21402192
12-30 11:08:01.780   398   464 D adayocomadapter-CommunicationManager: onUpstreamReceive mPropertyId 0x2140208a
12-30 11:08:01.781   398   464 D adayocomadapter-CommunicationManager: convertBytesToInt32Memcpy  0
12-30 11:08:01.781   398   464 I vw-vhal : notifyVehicleProperty, propId = 0x2140208a, data = {status: 2, int32Values: [0]}
12-30 11:08:01.781   398   464 I vw-vhal : CanSignalsAdapter::notifyVehicleProperty: solvedValue = {.timestamp = 9017602901739, .areaId = 0, .prop = 557850762, .status = AVAILABLE, .value = {.int32Values = [1]{0}, .floatValues = [0]{}, .int64Values = [0]{}, .bytes = [0]{}, .stringValue = ""}}
12-30 11:08:01.781   398   464 I VehiclePropertyStore: begin to write value to Store: {.timestamp = 9017602901739, .areaId = 0, .prop = 557850762, .status = AVAILABLE, .value = {.int32Values = [1]{0}, .floatValues = [0]{}, .int64Values = [0]{}, .bytes = [0]{}, .stringValue = ""}}
12-30 11:08:01.781   398   464 I DefaultVehicleHal_v2_0: DefaultVehicleHal::onPropertyValue, value:{.timestamp = 9017602901739, .areaId = 0, .prop = 557850762, .status = AVAILABLE, .value = {.int32Values = [1]{0}, .floatValues = [0]{}, .int64Values = [0]{}, .bytes = [0]{}, .stringValue = ""}}
12-30 11:08:01.781   398   464 D DiagPropHandler: is not DiagnosticConfig: 0x2140208a
12-30 11:08:01.781   398   464 I VehiclePropertyStore: begin to write value to Store: {.timestamp = 9017602901739, .areaId = 0, .prop = 557850762, .status = AVAILABLE, .value = {.int32Values = [1]{0}, .floatValues = [0]{}, .int64Values = [0]{}, .bytes = [0]{}, .stringValue = ""}}
12-30 11:08:01.781   398   464 D adayocomadapter-CommunicationManager: onUpstreamReceive mPropertyId 0x2140208a
12-30 11:08:01.781   398   464 D adayocomadapter-CommunicationManager: onUpstreamReceive mPropertyId 0x21402196
12-30 11:08:01.781   398   464 D adayocomadapter-CommunicationManager: convertBytesToInt32Memcpy  0
12-30 11:08:01.781   398   464 I vw-vhal : notifyVehicleProperty, propId = 0x21402196, data = {status: 2, int32Values: [0]}
12-30 11:08:01.781   398   464 I vw-vhal : CanSignalsAdapter::notifyVehicleProperty: solvedValue = {.timestamp = 9017603095739, .areaId = 0, .prop = 557851030, .status = AVAILABLE, .value = {.int32Values = [1]{0}, .floatValues = [0]{}, .int64Values = [0]{}, .bytes = [0]{}, .stringValue = ""}}
12-30 11:08:01.781   398   464 I VehiclePropertyStore: begin to write value to Store: {.timestamp = 9017603095739, .areaId = 0, .prop = 557851030, .status = AVAILABLE, .value = {.int32Values = [1]{0}, .floatValues = [0]{}, .int64Values = [0]{}, .bytes = [0]{}, .stringValue = ""}}
12-30 11:08:01.781   398   464 I DefaultVehicleHal_v2_0: DefaultVehicleHal::onPropertyValue, value:{.timestamp = 9017603095739, .areaId = 0, .prop = 557851030, .status = AVAILABLE, .value = {.int32Values = [1]{0}, .floatValues = [0]{}, .int64Values = [0]{}, .bytes = [0]{}, .stringValue = ""}}
12-30 11:08:01.781   398   464 D DiagPropHandler: is not DiagnosticConfig: 0x21402196
12-30 11:08:01.781   398   464 I VehiclePropertyStore: begin to write value to Store: {.timestamp = 9017603095739, .areaId = 0, .prop = 557851030, .status = AVAILABLE, .value = {.int32Values = [1]{0}, .floatValues = [0]{}, .int64Values = [0]{}, .bytes = [0]{}, .stringValue = ""}}
12-30 11:08:01.781   398   464 D adayocomadapter-CommunicationManager: onUpstreamReceive mPropertyId 0x21402196
12-30 11:08:01.781   398   464 D adayocomadapter-CommunicationManager: onUpstreamReceive mPropertyId 0x21402197
12-30 11:08:01.781   398   464 D adayocomadapter-CommunicationManager: convertBytesToInt32Memcpy  0
12-30 11:08:01.781   398   464 I vw-vhal : notifyVehicleProperty, propId = 0x21402197, data = {status: 2, int32Values: [0]}
12-30 11:08:01.781   398   464 I vw-vhal : CanSignalsAdapter::notifyVehicleProperty: solvedValue = {.timestamp = 9017603285406, .areaId = 0, .prop = 557851031, .status = AVAILABLE, .value = {.int32Values = [1]{0}, .floatValues = [0]{}, .int64Values = [0]{}, .bytes = [0]{}, .stringValue = ""}}
12-30 11:08:01.781   398   464 I VehiclePropertyStore: begin to write value to Store: {.timestamp = 9017603285406, .areaId = 0, .prop = 557851031, .status = AVAILABLE, .value = {.int32Values = [1]{0}, .floatValues = [0]{}, .int64Values = [0]{}, .bytes = [0]{}, .stringValue = ""}}
12-30 11:08:01.781   398   464 I DefaultVehicleHal_v2_0: DefaultVehicleHal::onPropertyValue, value:{.timestamp = 9017603285406, .areaId = 0, .prop = 557851031, .status = AVAILABLE, .value = {.int32Values = [1]{0}, .floatValues = [0]{}, .int64Values = [0]{}, .bytes = [0]{}, .stringValue = ""}}
12-30 11:08:01.781   398   464 D DiagPropHandler: is not DiagnosticConfig: 0x21402197
12-30 11:08:01.781   398   464 I VehiclePropertyStore: begin to write value to Store: {.timestamp = 9017603285406, .areaId = 0, .prop = 557851031, .status = AVAILABLE, .value = {.int32Values = [1]{0}, .floatValues = [0]{}, .int64Values = [0]{}, .bytes = [0]{}, .stringValue = ""}}
12-30 11:08:01.781   398   464 D adayocomadapter-CommunicationManager: onUpstreamReceive mPropertyId 0x21402197
12-30 11:08:01.781   398   464 D adayocomadapter-CommunicationManager: onUpstreamReceive mPropertyId 0x21402199
12-30 11:08:01.781   398   464 D adayocomadapter-CommunicationManager: convertBytesToInt32Memcpy  0
12-30 11:08:01.781   398   464 I vw-vhal : notifyVehicleProperty, propId = 0x21402199, data = {status: 2, int32Values: [0]}
12-30 11:08:01.781   398   464 I vw-vhal : CanSignalsAdapter::notifyVehicleProperty: solvedValue = {.timestamp = 9017603478073, .areaId = 0, .prop = 557851033, .status = AVAILABLE, .value = {.int32Values = [1]{0}, .floatValues = [0]{}, .int64Values = [0]{}, .bytes = [0]{}, .stringValue = ""}}
12-30 11:08:01.781   398   464 I VehiclePropertyStore: begin to write value to Store: {.timestamp = 9017603478073, .areaId = 0, .prop = 557851033, .status = AVAILABLE, .value = {.int32Values = [1]{0}, .floatValues = [0]{}, .int64Values = [0]{}, .bytes = [0]{}, .stringValue = ""}}
12-30 11:08:01.781   398   464 I DefaultVehicleHal_v2_0: DefaultVehicleHal::onPropertyValue, value:{.timestamp = 9017603478073, .areaId = 0, .prop = 557851033, .status = AVAILABLE, .value = {.int32Values = [1]{0}, .floatValues = [0]{}, .int64Values = [0]{}, .bytes = [0]{}, .stringValue = ""}}
12-30 11:08:01.781   398   464 D DiagPropHandler: is not DiagnosticConfig: 0x21402199
12-30 11:08:01.781   398   464 I VehiclePropertyStore: begin to write value to Store: {.timestamp = 9017603478073, .areaId = 0, .prop = 557851033, .status = AVAILABLE, .value = {.int32Values = [1]{0}, .floatValues = [0]{}, .int64Values = [0]{}, .bytes = [0]{}, .stringValue = ""}}
12-30 11:08:01.781   398   464 D adayocomadapter-CommunicationManager: onUpstreamReceive mPropertyId 0x21402199
12-30 11:08:01.796  2358  2623 D RcfController: Rcf proxy is not connected!
12-30 11:08:01.807   360   931 D EvsDriver: forwardFrame
12-30 11:08:01.807   360   931 D EvsDriver: forwardFrameDirect
12-30 11:08:01.807   360   931 D EvsDriver: Delivered 0xb400e2ca9e40d4b0 as id 1
12-30 11:08:01.807   359  2784 D evsmanagerd: /dev/video-evs0 forwarded the buffer #1 to 0xb400f125d2b26dd0 from 0xb400f125e2b20710
12-30 11:08:01.817   360   458 D EvsDriver: doneWithFrame
12-30 11:08:01.837   596  3076 E WifiHAL : Invalid data received from driver
12-30 11:08:01.840   360   931 D EvsDriver: forwardFrame
12-30 11:08:01.840   360   931 D EvsDriver: forwardFrameDirect
12-30 11:08:01.840   360   931 D EvsDriver: Delivered 0xb400e2ca9e40c2d0 as id 0
12-30 11:08:01.840   359  2784 D evsmanagerd: /dev/video-evs0 forwarded the buffer #0 to 0xb400f125d2b26dd0 from 0xb400f125e2b20710
12-30 11:08:01.846  2358  2623 D RcfController: Rcf proxy is not connected!
12-30 11:08:01.847   360   458 D EvsDriver: doneWithFrame
12-30 11:08:01.874   360   931 D EvsDriver: forwardFrame
12-30 11:08:01.874   360   931 D EvsDriver: forwardFrameDirect
12-30 11:08:01.874   360   931 D EvsDriver: Delivered 0xb400e2ca9e40d090 as id 1
12-30 11:08:01.874   359  2784 D evsmanagerd: /dev/video-evs0 forwarded the buffer #1 to 0xb400f125d2b26dd0 from 0xb400f125e2b20710
12-30 11:08:01.877   360   458 D EvsDriver: doneWithFrame
12-30 11:08:01.896  2358  2623 D RcfController: Rcf proxy is not connected!
12-30 11:08:01.907   360   931 D EvsDriver: forwardFrame
12-30 11:08:01.907   360   931 D EvsDriver: forwardFrameDirect
12-30 11:08:01.907   360   931 D EvsDriver: Delivered 0xb400e2ca9e40e110 as id 0
12-30 11:08:01.907   359  2784 D evsmanagerd: /dev/video-evs0 forwarded the buffer #0 to 0xb400f125d2b26dd0 from 0xb400f125e2b20710
12-30 11:08:01.917   360   458 D EvsDriver: doneWithFrame
12-30 11:08:01.933   596  3076 E WifiHAL : Invalid data received from driver
12-30 11:08:01.940   360   931 D EvsDriver: forwardFrame
12-30 11:08:01.940   360   931 D EvsDriver: forwardFrameDirect
12-30 11:08:01.940   360   931 D EvsDriver: Delivered 0xb400e2ca9e40c7a0 as id 1
12-30 11:08:01.940   359  2784 D evsmanagerd: /dev/video-evs0 forwarded the buffer #1 to 0xb400f125d2b26dd0 from 0xb400f125e2b20710
12-30 11:08:01.947  2358  2623 D RcfController: Rcf proxy is not connected!
12-30 11:08:01.948   360   458 D EvsDriver: doneWithFrame
12-30 11:08:01.974   360   931 D EvsDriver: forwardFrame
12-30 11:08:01.974   360   931 D EvsDriver: forwardFrameDirect
12-30 11:08:01.974   360   931 D EvsDriver: Delivered 0xb400e2ca9e40e270 as id 0
12-30 11:08:01.974   359  2784 D evsmanagerd: /dev/video-evs0 forwarded the buffer #0 to 0xb400f125d2b26dd0 from 0xb400f125e2b20710
12-30 11:08:01.978   360   458 D EvsDriver: doneWithFrame
12-30 11:08:01.992   798 10879 W adbd    : timed out while waiting for FUNCTIONFS_BIND, trying again
12-30 11:08:01.992   798 10879 I adbd    : UsbFfs: connection terminated: monitor thread finished
12-30 11:08:01.992   798   798 I adbd    : UsbFfs: already offline
12-30 11:08:01.992   798   798 I adbd    : destroying transport UsbFfs
12-30 11:08:01.992   798   798 I adbd    : UsbFfsConnection being destroyed
12-30 11:08:01.997  2358  2623 D RcfController: Rcf proxy is not connected!
12-30 11:08:02.007   360   931 D EvsDriver: forwardFrame
12-30 11:08:02.007   360   931 D EvsDriver: forwardFrameDirect
12-30 11:08:02.007   360   931 D EvsDriver: Delivered 0xb400e2ca9e40d4b0 as id 1
12-30 11:08:02.007   359  2784 D evsmanagerd: /dev/video-evs0 forwarded the buffer #1 to 0xb400f125d2b26dd0 from 0xb400f125e2b20710
12-30 11:08:02.008   360   458 D EvsDriver: doneWithFrame
12-30 11:08:02.017   596  3076 E WifiHAL : Invalid data received from driver
12-30 11:08:02.022   798   838 I adbd    : opening control endpoint /dev/usb-ffs/adb/ep0
12-30 11:08:02.022   798   838 I adbd    : UsbFfsConnection constructed
12-30 11:08:02.023   798 10880 I adbd    : UsbFfs-monitor thread spawned
01-01 10:30:19.032   838   838 I         : read descriptors
01-01 10:30:19.032   838   838 I         : read strings
12-30 11:08:02.040   360   931 D EvsDriver: forwardFrame
12-30 11:08:02.040   360   931 D EvsDriver: forwardFrameDirect
12-30 11:08:02.040   360   931 D EvsDriver: Delivered 0xb400e2ca9e40c2d0 as id 0
12-30 11:08:02.041   359  2784 D evsmanagerd: /dev/video-evs0 forwarded the buffer #0 to 0xb400f125d2b26dd0 from 0xb400f125e2b20710
12-30 11:08:02.047  2358  2623 D RcfController: Rcf proxy is not connected!
12-30 11:08:02.048   360   458 D EvsDriver: doneWithFrame
12-30 11:08:02.050   596  3076 E WifiHAL : Invalid data received from driver
12-30 11:08:02.050   596  3076 E WifiHAL : Invalid data received from driver
12-30 11:08:02.050   596  3076 E WifiHAL : Invalid data received from driver
12-30 11:08:02.050   596  3076 E WifiHAL : Invalid data received from driver
12-30 11:08:02.050   596  3076 E WifiHAL : Invalid data received from driver
12-30 11:08:02.050   596  3076 E WifiHAL : Invalid data received from driver
12-30 11:08:02.050   596  3076 E WifiHAL : Invalid data received from driver
12-30 11:08:02.062   596  3076 E WifiHAL : Invalid data received from driver
12-30 11:08:02.065  1611  1611 I ADAYO_LOG_: handleMessage(UsbFunc.java:3)copyQnx = 0
12-30 11:08:02.065  1611  1611 I ADAYO_LOG_: handleMessage(UsbFunc.java:12)copyState = 2
12-30 11:08:02.074   360   931 D EvsDriver: forwardFrame
12-30 11:08:02.074   360   931 D EvsDriver: forwardFrameDirect
12-30 11:08:02.074   360   931 D EvsDriver: Delivered 0xb400e2ca9e40d090 as id 1
12-30 11:08:02.074   359  2784 D evsmanagerd: /dev/video-evs0 forwarded the buffer #1 to 0xb400f125d2b26dd0 from 0xb400f125e2b20710
12-30 11:08:02.079   360   458 D EvsDriver: doneWithFrame
12-30 11:08:02.084  1667  2594 W ContextImpl: Calling a method in the system process without a qualified user: android.app.ContextImpl.bindService:1988 android.content.ContextWrapper.bindService:861 com.ford.sync.fnvservice.FordFnv.c:202 com.ford.sync.fnvservice.FordFnv.c:43 com.ford.sync.fnvservice.FordFnv$RetryHandler.handleMessage:245 
12-30 11:08:02.085   916  3726 W ActivityManager: Unable to start service Intent { cmp=com.ford.sync.fnvservice/.FordFnvService } U=0: not found
12-30 11:08:02.085  1667  2594 W FordFnv :  bind ford fnv failed -> sendRetryMessage 
12-30 11:08:02.090  1667  2407 I media_message_log->MediaMessageProxy: (SourceFile:1)b connectToService action bind
12-30 11:08:02.091   916  3726 W ActivityManager: Unable to start service Intent { cmp=com.adayo.server.mediamessagetransfer/.MediaMessTransferService (has extras) } U=0: not found
12-30 11:08:02.091  1667  2407 E media_message_log->MediaMessageProxy: (SourceFile:7)a bindServiceAsUser isBound = false
12-30 11:08:02.097   650   729 D fgemcucomm: sd Uart data : 6AA602196700028B30C1
12-30 11:08:02.097   650   729 D fgemcucomm: rev uart=74502,len=120, data : 6AA681196700708B30B01E0B0800000100000000025C0100010201010000000000A55A820001000000010000000C00000000000100000000000000A55A830504500000000000000000000000000101010101000000000000A55A841010090000000700010000000000008EA55A850001604E0000010000A8
12-30 11:08:02.097  2358  2623 D RcfController: Rcf proxy is not connected!
12-30 11:08:02.107   360   931 D EvsDriver: forwardFrame
12-30 11:08:02.107   360   931 D EvsDriver: forwardFrameDirect
12-30 11:08:02.107   881   913 I PerfService: perfservice: restore_cpu /sys/devices/system/cpu/cpufreq/policy0/scaling_min_freq min=550000
12-30 11:08:02.107   360   931 D EvsDriver: Delivered 0xb400e2ca9e40e110 as id 0
12-30 11:08:02.107   359  2784 D evsmanagerd: /dev/video-evs0 forwarded the buffer #0 to 0xb400f125d2b26dd0 from 0xb400f125e2b20710
12-30 11:08:02.109   360   458 D EvsDriver: doneWithFrame
12-30 11:08:02.138   596  3076 E WifiHAL : Invalid data received from driver
12-30 11:08:02.140   360   931 D EvsDriver: forwardFrame
12-30 11:08:02.140   360   931 D EvsDriver: forwardFrameDirect
12-30 11:08:02.141   360   931 D EvsDriver: Delivered 0xb400e2ca9e40c7a0 as id 1
12-30 11:08:02.141   359  2784 D evsmanagerd: /dev/video-evs0 forwarded the buffer #1 to 0xb400f125d2b26dd0 from 0xb400f125e2b20710
12-30 11:08:02.147  2358  2623 D RcfController: Rcf proxy is not connected!
12-30 11:08:02.150   360   458 D EvsDriver: doneWithFrame
12-30 11:08:02.174   360   931 D EvsDriver: forwardFrame
12-30 11:08:02.174   360   931 D EvsDriver: forwardFrameDirect
12-30 11:08:02.174   360   931 D EvsDriver: Delivered 0xb400e2ca9e40e270 as id 0
12-30 11:08:02.174   359  2784 D evsmanagerd: /dev/video-evs0 forwarded the buffer #0 to 0xb400f125d2b26dd0 from 0xb400f125e2b20710
12-30 11:08:02.180   360   458 D EvsDriver: doneWithFrame
12-30 11:08:02.198  2358  2623 D RcfController: Rcf proxy is not connected!
12-30 11:08:02.207   360   931 D EvsDriver: forwardFrame
12-30 11:08:02.207   360   931 D EvsDriver: forwardFrameDirect
12-30 11:08:02.207   360   931 D EvsDriver: Delivered 0xb400e2ca9e40d4b0 as id 1
12-30 11:08:02.208   359  2784 D evsmanagerd: /dev/video-evs0 forwarded the buffer #1 to 0xb400f125d2b26dd0 from 0xb400f125e2b20710
12-30 11:08:02.210   360   458 D EvsDriver: doneWithFrame
12-30 11:08:02.222   596  3076 E WifiHAL : Invalid data received from driver
12-30 11:08:02.240   360   931 D EvsDriver: forwardFrame
12-30 11:08:02.240   360   931 D EvsDriver: forwardFrameDirect
12-30 11:08:02.241   360   931 D EvsDriver: Delivered 0xb400e2ca9e40c2d0 as id 0
12-30 11:08:02.241   359  2784 D evsmanagerd: /dev/video-evs0 forwarded the buffer #0 to 0xb400f125d2b26dd0 from 0xb400f125e2b20710
12-30 11:08:02.248  2358  2623 D RcfController: Rcf proxy is not connected!
12-30 11:08:02.251   360   458 D EvsDriver: doneWithFrame
12-30 11:08:02.274   360   931 D EvsDriver: forwardFrame
12-30 11:08:02.274   360   931 D EvsDriver: forwardFrameDirect
12-30 11:08:02.274   360   931 D EvsDriver: Delivered 0xb400e2ca9e40d090 as id 1
12-30 11:08:02.274   359  2784 D evsmanagerd: /dev/video-evs0 forwarded the buffer #1 to 0xb400f125d2b26dd0 from 0xb400f125e2b20710
12-30 11:08:02.281   360   458 D EvsDriver: doneWithFrame
12-30 11:08:02.298  2358  2623 D RcfController: Rcf proxy is not connected!
12-30 11:08:02.304   596  3076 E WifiHAL : Invalid data received from driver
12-30 11:08:02.307   360   931 I EvsDriver: /dev/video-evs0 VideoCapture fps 29.9991
12-30 11:08:02.307   360   931 D EvsDriver: forwardFrame
12-30 11:08:02.307   360   931 D EvsDriver: forwardFrameDirect
12-30 11:08:02.307   360   931 D EvsDriver: Delivered 0xb400e2ca9e40e110 as id 0
12-30 11:08:02.308   359  2784 D evsmanagerd: /dev/video-evs0 forwarded the buffer #0 to 0xb400f125d2b26dd0 from 0xb400f125e2b20710
12-30 11:08:02.312   360   458 D EvsDriver: doneWithFrame
12-30 11:08:02.340   360   931 D EvsDriver: forwardFrame
12-30 11:08:02.340   360   931 D EvsDriver: forwardFrameDirect
12-30 11:08:02.341   360   931 D EvsDriver: Delivered 0xb400e2ca9e40c7a0 as id 1
12-30 11:08:02.341   359  2784 D evsmanagerd: /dev/video-evs0 forwarded the buffer #1 to 0xb400f125d2b26dd0 from 0xb400f125e2b20710
12-30 11:08:02.342   360   458 D EvsDriver: doneWithFrame
12-30 11:08:02.348   596  3076 E WifiHAL : Invalid data received from driver
12-30 11:08:02.349  2358  2623 D RcfController: Rcf proxy is not connected!
12-30 11:08:02.368  1667  2410 I media_message_log->MediaMessageUserProxy: (SourceFile:1)b connectToService action bind
12-30 11:08:02.369   916  3726 W ActivityManager: Unable to start service Intent { cmp=com.adayo.server.mediamessagetransfer/.MediaMessTransferService (has extras) } U=0: not found
12-30 11:08:02.370  1667  2410 E media_message_log->MediaMessageUserProxy: (SourceFile:7)a bindServiceAsUser isBound = false
12-30 11:08:02.374   360   931 D EvsDriver: forwardFrame
12-30 11:08:02.374   360   931 D EvsDriver: forwardFrameDirect
12-30 11:08:02.374   360   931 D EvsDriver: Delivered 0xb400e2ca9e40e270 as id 0
12-30 11:08:02.374   359  2784 D evsmanagerd: /dev/video-evs0 forwarded the buffer #0 to 0xb400f125d2b26dd0 from 0xb400f125e2b20710
12-30 11:08:02.382   360   458 D EvsDriver: doneWithFrame
12-30 11:08:02.386  2475  2681 I TtsServiceAgent: check thread start checking, threadId = 29
12-30 11:08:02.386  2475  2681 D TtsServiceAgent: start bind service...
12-30 11:08:02.387  2475  2681 D TtsServiceAgent: ----->initService, usage = 16
12-30 11:08:02.387  2475  2681 W ContextImpl: Calling a method in the system process without a qualified user: android.app.ContextImpl.bindService:1988 android.content.ContextWrapper.bindService:861 com.iflytek.autofly.ttsaidl.ttsproxy.TtsServiceAgent.initService:189 com.iflytek.autofly.ttsaidl.ttsproxy.TtsServiceAgent.initService:133 com.iflytek.autofly.ttsaidl.ttsproxy.TtsServiceAgent$2.run:517 
12-30 11:08:02.388   916  3726 W ActivityManager: Unable to start service Intent { act=com.iflytek.autofly.tts.ttsservice.TtsAdapterService cmp=com.iflytek.cutefly.speechclient.hmi/com.iflytek.autofly.tts.ttsservice.TtsAdapterService } U=0: not found
12-30 11:08:02.388  2475  2681 D TtsServiceAgent: bindService: false
12-30 11:08:02.388  2475  2681 D TtsServiceAgent: start reInitService
12-30 11:08:02.388  2475  2681 D TtsServiceAgent: aidlCheckThreadRunning = true
12-30 11:08:02.388  2475  2681 D TtsServiceAgent: ----->check connection status in 1000s...
12-30 11:08:02.399  2358  2623 D RcfController: Rcf proxy is not connected!
12-30 11:08:02.407   360   931 D EvsDriver: forwardFrame
12-30 11:08:02.407   360   931 D EvsDriver: forwardFrameDirect
12-30 11:08:02.407   360   931 D EvsDriver: Delivered 0xb400e2ca9e40d4b0 as id 1
12-30 11:08:02.407   359  2784 D evsmanagerd: /dev/video-evs0 forwarded the buffer #1 to 0xb400f125d2b26dd0 from 0xb400f125e2b20710
12-30 11:08:02.413   360   458 D EvsDriver: doneWithFrame
12-30 11:08:02.417  1582  3078 I c       : checkService in back thread add: adayo.upgrade.v2.0
12-30 11:08:02.418  1582  3078 E upgradeApp_251223_V1  l: d(null:11)pre->c(null:23)-> serviceBinder is null
12-30 11:08:02.418  1582  3078 W c       : doBindService in back thread fail: adayo.upgrade.v2.0
12-30 11:08:02.420   596  3076 E WifiHAL : Invalid data received from driver
12-30 11:08:02.440   360   931 D EvsDriver: forwardFrame
12-30 11:08:02.440   360   931 D EvsDriver: forwardFrameDirect
12-30 11:08:02.441   360   931 D EvsDriver: Delivered 0xb400e2ca9e40c2d0 as id 0
12-30 11:08:02.441   359  2784 D evsmanagerd: /dev/video-evs0 forwarded the buffer #0 to 0xb400f125d2b26dd0 from 0xb400f125e2b20710
12-30 11:08:02.443   360   458 D EvsDriver: doneWithFrame
12-30 11:08:02.449  2358  2623 D RcfController: Rcf proxy is not connected!
12-30 11:08:02.450   650   730 D fgemcucomm: sd Uart data : 6AA6001B3B00020601A1
12-30 11:08:02.459   596  3076 E WifiHAL : Invalid data received from driver
12-30 11:08:02.474   360   931 D EvsDriver: forwardFrame
12-30 11:08:02.474   360   931 D EvsDriver: forwardFrameDirect
12-30 11:08:02.474   360   931 D EvsDriver: Delivered 0xb400e2ca9e40d090 as id 1
12-30 11:08:02.474   359  2784 D evsmanagerd: /dev/video-evs0 forwarded the buffer #1 to 0xb400f125d2b26dd0 from 0xb400f125e2b20710
12-30 11:08:02.484   360   458 D EvsDriver: doneWithFrame
12-30 11:08:02.499  2358  2623 D RcfController: Rcf proxy is not connected!
12-30 11:08:02.507   360   931 D EvsDriver: forwardFrame
12-30 11:08:02.507   360   931 D EvsDriver: forwardFrameDirect
12-30 11:08:02.507   360   931 D EvsDriver: Delivered 0xb400e2ca9e40e110 as id 0
12-30 11:08:02.507   359  2784 D evsmanagerd: /dev/video-evs0 forwarded the buffer #0 to 0xb400f125d2b26dd0 from 0xb400f125e2b20710
12-30 11:08:02.514   360   458 D EvsDriver: doneWithFrame
01-01 10:30:19.532     1     1 I init    : starting service 'trace_resource'...
12-30 11:08:02.540   360   931 D EvsDriver: forwardFrame
12-30 11:08:02.540   360   931 D EvsDriver: forwardFrameDirect
12-30 11:08:02.541   360   931 D EvsDriver: Delivered 0xb400e2ca9e40c7a0 as id 1
12-30 11:08:02.541   359  2784 D evsmanagerd: /dev/video-evs0 forwarded the buffer #1 to 0xb400f125d2b26dd0 from 0xb400f125e2b20710
12-30 11:08:02.545   360   458 D EvsDriver: doneWithFrame
12-30 11:08:02.550  2358  2623 D RcfController: Rcf proxy is not connected!
12-30 11:08:02.553   596  3076 E WifiHAL : Invalid data received from driver
12-30 11:08:02.560 10881 10881 I auditd  : type=1400 audit(0.0:1008749): avc:  denied  { entrypoint } for  comm="init" path="/system/bin/sh" dev="dm-1" ino=8660711 scontext=u:r:trace_resource:s0 tcontext=u:object_r:shell_exec:s0 tclass=file permissive=1
12-30 11:08:02.560 10881 10881 I init    : type=1400 audit(0.0:1008749): avc:  denied  { entrypoint } for  path="/system/bin/sh" dev="dm-1" ino=8660711 scontext=u:r:trace_resource:s0 tcontext=u:object_r:shell_exec:s0 tclass=file permissive=1
12-30 11:08:02.568 10881 10881 I auditd  : type=1400 audit(0.0:1008750): avc:  denied  { map } for  comm="sh" path="/system/bin/sh" dev="dm-1" ino=8660711 scontext=u:r:trace_resource:s0 tcontext=u:object_r:shell_exec:s0 tclass=file permissive=1
12-30 11:08:02.568 10881 10881 I sh      : type=1400 audit(0.0:1008750): avc:  denied  { map } for  path="/system/bin/sh" dev="dm-1" ino=8660711 scontext=u:r:trace_resource:s0 tcontext=u:object_r:shell_exec:s0 tclass=file permissive=1
12-30 11:08:02.568 10881 10881 I auditd  : type=1400 audit(0.0:1008751): avc:  denied  { read } for  comm="sh" path="/system/bin/sh" dev="dm-1" ino=8660711 scontext=u:r:trace_resource:s0 tcontext=u:object_r:shell_exec:s0 tclass=file permissive=1
12-30 11:08:02.568 10881 10881 I sh      : type=1400 audit(0.0:1008751): avc:  denied  { read } for  path="/system/bin/sh" dev="dm-1" ino=8660711 scontext=u:r:trace_resource:s0 tcontext=u:object_r:shell_exec:s0 tclass=file permissive=1
12-30 11:08:02.568 10881 10881 I auditd  : type=1400 audit(0.0:1008752): avc:  denied  { execute } for  comm="sh" path="/system/bin/sh" dev="dm-1" ino=8660711 scontext=u:r:trace_resource:s0 tcontext=u:object_r:shell_exec:s0 tclass=file permissive=1
12-30 11:08:02.568 10881 10881 I sh      : type=1400 audit(0.0:1008752): avc:  denied  { execute } for  path="/system/bin/sh" dev="dm-1" ino=8660711 scontext=u:r:trace_resource:s0 tcontext=u:object_r:shell_exec:s0 tclass=file permissive=1
12-30 11:08:02.574   360   931 D EvsDriver: forwardFrame
12-30 11:08:02.574   360   931 D EvsDriver: forwardFrameDirect
12-30 11:08:02.574   360   931 D EvsDriver: Delivered 0xb400e2ca9e40e270 as id 0
12-30 11:08:02.574   359  2784 D evsmanagerd: /dev/video-evs0 forwarded the buffer #0 to 0xb400f125d2b26dd0 from 0xb400f125e2b20710
12-30 11:08:02.572 10881 10881 I auditd  : type=1400 audit(0.0:1008753): avc:  denied  { getattr } for  comm="sh" path="/system/bin/sh" dev="dm-1" ino=8660711 scontext=u:r:trace_resource:s0 tcontext=u:object_r:shell_exec:s0 tclass=file permissive=1
12-30 11:08:02.572 10881 10881 I sh      : type=1400 audit(0.0:1008753): avc:  denied  { getattr } for  path="/system/bin/sh" dev="dm-1" ino=8660711 scontext=u:r:trace_resource:s0 tcontext=u:object_r:shell_exec:s0 tclass=file permissive=1
12-30 11:08:02.585   360   458 D EvsDriver: doneWithFrame
12-30 11:08:02.592 10881 10881 I auditd  : type=1400 audit(0.0:1008754): avc:  denied  { read } for  comm="sh" path="/system/bin/sh" dev="dm-1" ino=8660711 scontext=u:r:trace_resource:s0 tcontext=u:object_r:shell_exec:s0 tclass=file permissive=1
12-30 11:08:02.592 10881 10881 I sh      : type=1400 audit(0.0:1008754): avc:  denied  { read } for  path="/system/bin/sh" dev="dm-1" ino=8660711 scontext=u:r:trace_resource:s0 tcontext=u:object_r:shell_exec:s0 tclass=file permissive=1
12-30 11:08:02.600  2358  2623 D RcfController: Rcf proxy is not connected!
12-30 11:08:02.607   360   931 D EvsDriver: forwardFrame
12-30 11:08:02.607   360   931 D EvsDriver: forwardFrameDirect
12-30 11:08:02.607   360   931 D EvsDriver: Delivered 0xb400e2ca9e40d4b0 as id 1
12-30 11:08:02.608   359  2784 D evsmanagerd: /dev/video-evs0 forwarded the buffer #1 to 0xb400f125d2b26dd0 from 0xb400f125e2b20710
12-30 11:08:02.608 10881 10881 I auditd  : type=1400 audit(0.0:1008755): avc:  denied  { getattr } for  comm="sh" path="/system/bin/toybox" dev="dm-1" ino=8926292 scontext=u:r:trace_resource:s0 tcontext=u:object_r:toolbox_exec:s0 tclass=file permissive=1
12-30 11:08:02.608 10881 10881 I sh      : type=1400 audit(0.0:1008755): avc:  denied  { getattr } for  path="/system/bin/toybox" dev="dm-1" ino=8926292 scontext=u:r:trace_resource:s0 tcontext=u:object_r:toolbox_exec:s0 tclass=file permissive=1
12-30 11:08:02.608 10881 10881 I auditd  : type=1400 audit(0.0:1008756): avc:  denied  { execute } for  comm="sh" name="toybox" dev="dm-1" ino=8926292 scontext=u:r:trace_resource:s0 tcontext=u:object_r:toolbox_exec:s0 tclass=file permissive=1
12-30 11:08:02.608 10881 10881 I sh      : type=1400 audit(0.0:1008756): avc:  denied  { execute } for  name="toybox" dev="dm-1" ino=8926292 scontext=u:r:trace_resource:s0 tcontext=u:object_r:toolbox_exec:s0 tclass=file permissive=1
12-30 11:08:02.612 10882 10882 I auditd  : type=1400 audit(0.0:1008757): avc:  denied  { read open } for  comm="sh" path="/system/bin/toybox" dev="dm-1" ino=8926292 scontext=u:r:trace_resource:s0 tcontext=u:object_r:toolbox_exec:s0 tclass=file permissive=1
12-30 11:08:02.612 10882 10882 I sh      : type=1400 audit(0.0:1008757): avc:  denied  { read open } for  path="/system/bin/toybox" dev="dm-1" ino=8926292 scontext=u:r:trace_resource:s0 tcontext=u:object_r:toolbox_exec:s0 tclass=file permissive=1
12-30 11:08:02.616   360   458 D EvsDriver: doneWithFrame
12-30 11:08:02.621   596  3076 E WifiHAL : Invalid data received from driver
12-30 11:08:02.640   360   931 D EvsDriver: forwardFrame
12-30 11:08:02.640   360   931 D EvsDriver: forwardFrameDirect
12-30 11:08:02.641   360   931 D EvsDriver: Delivered 0xb400e2ca9e40c2d0 as id 0
12-30 11:08:02.641   359  2784 D evsmanagerd: /dev/video-evs0 forwarded the buffer #0 to 0xb400f125d2b26dd0 from 0xb400f125e2b20710
12-30 11:08:02.644  1667  2513 W ContextImpl: Calling a method in the system process without a qualified user: android.app.ContextImpl.bindService:1988 android.content.ContextWrapper.bindService:861 com.ford.sync.fnvservice.analytics.AnalyticsManager$RetryHandler.a:126 com.ford.sync.fnvservice.analytics.AnalyticsManager$RetryHandler.handleMessage:103 android.os.Handler.dispatchMessage:106 
12-30 11:08:02.645   916  3726 W ActivityManager: Unable to start service Intent { cmp=com.ford.sync.fnvservice/.analytics.AnalyticsService } U=0: not found
12-30 11:08:02.646  1667  2513 W AnalyticsManager:  bind ford Analytics failed -> sendRetryMessage 
12-30 11:08:02.646   360   458 D EvsDriver: doneWithFrame
12-30 11:08:02.650  2358  2623 D RcfController: Rcf proxy is not connected!
12-30 11:08:02.674   360   931 D EvsDriver: forwardFrame
12-30 11:08:02.674   360   931 D EvsDriver: forwardFrameDirect
12-30 11:08:02.674   360   931 D EvsDriver: Delivered 0xb400e2ca9e40d090 as id 1
12-30 11:08:02.674   359  2784 D evsmanagerd: /dev/video-evs0 forwarded the buffer #1 to 0xb400f125d2b26dd0 from 0xb400f125e2b20710
12-30 11:08:02.676   596  3076 E WifiHAL : Invalid data received from driver
12-30 11:08:02.677   360   458 D EvsDriver: doneWithFrame
12-30 11:08:02.680 10882 10882 I ADAYO_LOG_TRACE_RESOURCE: execute start
12-30 11:08:02.701  2358  2623 D RcfController: Rcf proxy is not connected!
12-30 11:08:02.707   360   931 D EvsDriver: forwardFrame
12-30 11:08:02.707   360   931 D EvsDriver: forwardFrameDirect
12-30 11:08:02.708   359  2784 D evsmanagerd: /dev/video-evs0 forwarded the buffer #0 to 0xb400f125d2b26dd0 from 0xb400f125e2b20710
12-30 11:08:02.708   360   931 D EvsDriver: Delivered 0xb400e2ca9e40e110 as id 0
12-30 11:08:02.717   360   458 D EvsDriver: doneWithFrame
12-30 11:08:02.736 10884 10884 I ADAYO_LOG_TRACE_RESOURCE: executing
12-30 11:08:02.738   596  3076 E WifiHAL : Invalid data received from driver
12-30 11:08:02.740   360   931 D EvsDriver: forwardFrame
12-30 11:08:02.740   360   931 D EvsDriver: forwardFrameDirect
12-30 11:08:02.740   360   931 D EvsDriver: Delivered 0xb400e2ca9e40c7a0 as id 1
12-30 11:08:02.741   359  2784 D evsmanagerd: /dev/video-evs0 forwarded the buffer #1 to 0xb400f125d2b26dd0 from 0xb400f125e2b20710
12-30 11:08:02.747   360   458 D EvsDriver: doneWithFrame
12-30 11:08:02.751  2358  2623 D RcfController: Rcf proxy is not connected!
12-30 11:08:02.774   360   931 D EvsDriver: forwardFrame
12-30 11:08:02.774   360   931 D EvsDriver: forwardFrameDirect
12-30 11:08:02.774   360   931 D EvsDriver: Delivered 0xb400e2ca9e40e270 as id 0
12-30 11:08:02.774   359  2784 D evsmanagerd: /dev/video-evs0 forwarded the buffer #0 to 0xb400f125d2b26dd0 from 0xb400f125e2b20710
12-30 11:08:02.775 10886 10886 I ADAYO_LOG_TRACE_RESOURCE: collect_dest_path:/mnt/sdcard/logcat_GNSS/
12-30 11:08:02.778   360   458 D EvsDriver: doneWithFrame
12-30 11:08:02.801   596  3076 E WifiHAL : Invalid data received from driver
12-30 11:08:02.801  2358  2623 D RcfController: Rcf proxy is not connected!
12-30 11:08:02.807   360   931 D EvsDriver: forwardFrame
12-30 11:08:02.807   360   931 D EvsDriver: forwardFrameDirect
12-30 11:08:02.807   360   931 D EvsDriver: Delivered 0xb400e2ca9e40d4b0 as id 1
12-30 11:08:02.807   359  2784 D evsmanagerd: /dev/video-evs0 forwarded the buffer #1 to 0xb400f125d2b26dd0 from 0xb400f125e2b20710
12-30 11:08:02.808   360   458 D EvsDriver: doneWithFrame
12-30 11:08:02.840   360   931 D EvsDriver: forwardFrame
12-30 11:08:02.840   360   931 D EvsDriver: forwardFrameDirect
12-30 11:08:02.840   360   931 D EvsDriver: Delivered 0xb400e2ca9e40c2d0 as id 0
12-30 11:08:02.841   359  2784 D evsmanagerd: /dev/video-evs0 forwarded the buffer #0 to 0xb400f125d2b26dd0 from 0xb400f125e2b20710
12-30 11:08:02.845 10890 10890 I ADAYO_LOG_TRACE_RESOURCE: file_path:/mnt/sdcard/logcat_GNSS//gnss_log.log
12-30 11:08:02.849   360   458 D EvsDriver: doneWithFrame
12-30 11:08:02.851  2358  2623 D RcfController: Rcf proxy is not connected!
12-30 11:08:02.862   596  3076 E WifiHAL : Invalid data received from driver
12-30 11:08:02.874   360   931 D EvsDriver: forwardFrame
12-30 11:08:02.874   360   931 D EvsDriver: forwardFrameDirect
12-30 11:08:02.874   360   931 D EvsDriver: Delivered 0xb400e2ca9e40d090 as id 1
12-30 11:08:02.874   359  2784 D evsmanagerd: /dev/video-evs0 forwarded the buffer #1 to 0xb400f125d2b26dd0 from 0xb400f125e2b20710
12-30 11:08:02.878   650   729 D fgemcucomm: sd Uart data : 6AA602196800029202E7
12-30 11:08:02.878   650   729 D fgemcucomm: rev uart=74503,len=15, data : 6AA68119680007920200090000005A
12-30 11:08:02.878   398   882 D adayocomadapter-ParseProtocolFunc: printRaWMsg Name[MCUToUPstream recv] len[7] data[92020009000000]
12-30 11:08:02.878   398   882 D adayocomadapter-CommunicationManager: onUpstreamback   member[0] dataLength[4] timePoint[9018700]
12-30 11:08:02.878   398   882 D adayocomadapter-ParseProtocolFunc: printRaWMsg Name[onUpstreamback] len[4] data[09000000]
12-30 11:08:02.878   398   464 D adayocomadapter-UpstreamHandler: processBeforePacket upSreamtProcessTimePoint[9018700] 
12-30 11:08:02.878   398   464 D adayocomadapter-UpstreamHandler: processPacket UPSTREAM_QUEUE_DATA_TIMEOUT
12-30 11:08:02.878   398   464 D adayocomadapter-ParseProtocolFunc: parseCommonIPCLBytes Processing tableNumber[9]
12-30 11:08:02.878   398   464 D adayocomadapter-ParseProtocolFunc: parseCommonIPCLBytes Processing tablename[Table-9] tableSize[4]
12-30 11:08:02.878   398   464 D adayocomadapter-ParseProtocolFunc: printRaWMsg Name[byteStream recv] len[4] data[09000000]
12-30 11:08:02.878   398   464 D adayocomadapter-ParseProtocolFunc: printRaWMsg Name[IPCLtoVHAL] len[6] data[214020600000]
12-30 11:08:02.878   398   464 D adayocomadapter-ParseProtocolFunc: printRaWMsg Name[IPCLtoVHAL] len[6] data[2140218D0000]
12-30 11:08:02.878   398   464 D adayocomadapter-ParseProtocolFunc: printRaWMsg Name[IPCLtoVHAL] len[6] data[214022550000]
12-30 11:08:02.878   398   464 D adayocomadapter-CommunicationManager: onUpstreamReceive mPropertyId 0x21402060
12-30 11:08:02.878   398   464 D adayocomadapter-CommunicationManager: convertBytesToInt32Memcpy  0
12-30 11:08:02.879   398   464 I vw-vhal : notifyVehicleProperty, propId = 0x21402060, data = {status: 2, int32Values: [0]}
12-30 11:08:02.879   398   464 I vw-vhal : CanSignalsAdapter::notifyVehicleProperty: solvedValue = {.timestamp = 9018700898073, .areaId = 0, .prop = 557850720, .status = AVAILABLE, .value = {.int32Values = [1]{0}, .floatValues = [0]{}, .int64Values = [0]{}, .bytes = [0]{}, .stringValue = ""}}
12-30 11:08:02.879   398   464 I VehiclePropertyStore: begin to write value to Store: {.timestamp = 9018700898073, .areaId = 0, .prop = 557850720, .status = AVAILABLE, .value = {.int32Values = [1]{0}, .floatValues = [0]{}, .int64Values = [0]{}, .bytes = [0]{}, .stringValue = ""}}
12-30 11:08:02.879   398   464 I DefaultVehicleHal_v2_0: DefaultVehicleHal::onPropertyValue, value:{.timestamp = 9018700898073, .areaId = 0, .prop = 557850720, .status = AVAILABLE, .value = {.int32Values = [1]{0}, .floatValues = [0]{}, .int64Values = [0]{}, .bytes = [0]{}, .stringValue = ""}}
12-30 11:08:02.879   398   464 D DiagPropHandler: is not DiagnosticConfig: 0x21402060
12-30 11:08:02.879   398   464 I VehiclePropertyStore: begin to write value to Store: {.timestamp = 9018700898073, .areaId = 0, .prop = 557850720, .status = AVAILABLE, .value = {.int32Values = [1]{0}, .floatValues = [0]{}, .int64Values = [0]{}, .bytes = [0]{}, .stringValue = ""}}
12-30 11:08:02.879   398   464 D adayocomadapter-CommunicationManager: onUpstreamReceive mPropertyId 0x21402060
12-30 11:08:02.879   360   458 D EvsDriver: doneWithFrame
12-30 11:08:02.879   398   464 D adayocomadapter-CommunicationManager: onUpstreamReceive mPropertyId 0x2140218d
12-30 11:08:02.879   398   464 D adayocomadapter-CommunicationManager: convertBytesToInt32Memcpy  0
12-30 11:08:02.879   398   464 I vw-vhal : notifyVehicleProperty, propId = 0x2140218d, data = {status: 2, int32Values: [0]}
12-30 11:08:02.879   398   464 I vw-vhal : CanSignalsAdapter::notifyVehicleProperty: solvedValue = {.timestamp = 9018701155073, .areaId = 0, .prop = 557851021, .status = AVAILABLE, .value = {.int32Values = [1]{0}, .floatValues = [0]{}, .int64Values = [0]{}, .bytes = [0]{}, .stringValue = ""}}
12-30 11:08:02.879   398   464 I VehiclePropertyStore: begin to write value to Store: {.timestamp = 9018701155073, .areaId = 0, .prop = 557851021, .status = AVAILABLE, .value = {.int32Values = [1]{0}, .floatValues = [0]{}, .int64Values = [0]{}, .bytes = [0]{}, .stringValue = ""}}
12-30 11:08:02.879   398   464 I DefaultVehicleHal_v2_0: DefaultVehicleHal::onPropertyValue, value:{.timestamp = 9018701155073, .areaId = 0, .prop = 557851021, .status = AVAILABLE, .value = {.int32Values = [1]{0}, .floatValues = [0]{}, .int64Values = [0]{}, .bytes = [0]{}, .stringValue = ""}}
12-30 11:08:02.879   398   464 D DiagPropHandler: is not DiagnosticConfig: 0x2140218d
12-30 11:08:02.879   398   464 I VehiclePropertyStore: begin to write value to Store: {.timestamp = 9018701155073, .areaId = 0, .prop = 557851021, .status = AVAILABLE, .value = {.int32Values = [1]{0}, .floatValues = [0]{}, .int64Values = [0]{}, .bytes = [0]{}, .stringValue = ""}}
12-30 11:08:02.879   398   464 D adayocomadapter-CommunicationManager: onUpstreamReceive mPropertyId 0x2140218d
12-30 11:08:02.879   398   464 D adayocomadapter-CommunicationManager: onUpstreamReceive mPropertyId 0x21402255
12-30 11:08:02.879   398   464 D adayocomadapter-CommunicationManager: convertBytesToInt32Memcpy  0
12-30 11:08:02.879   398   464 I vw-vhal : notifyVehicleProperty, propId = 0x21402255, data = {status: 2, int32Values: [0]}
12-30 11:08:02.879   398   464 I vw-vhal : CanSignalsAdapter::notifyVehicleProperty: solvedValue = {.timestamp = 9018701423073, .areaId = 0, .prop = 557851221, .status = AVAILABLE, .value = {.int32Values = [1]{0}, .floatValues = [0]{}, .int64Values = [0]{}, .bytes = [0]{}, .stringValue = ""}}
12-30 11:08:02.879   398   464 I VehiclePropertyStore: begin to write value to Store: {.timestamp = 9018701423073, .areaId = 0, .prop = 557851221, .status = AVAILABLE, .value = {.int32Values = [1]{0}, .floatValues = [0]{}, .int64Values = [0]{}, .bytes = [0]{}, .stringValue = ""}}
12-30 11:08:02.879   398   464 I DefaultVehicleHal_v2_0: DefaultVehicleHal::onPropertyValue, value:{.timestamp = 9018701423073, .areaId = 0, .prop = 557851221, .status = AVAILABLE, .value = {.int32Values = [1]{0}, .floatValues = [0]{}, .int64Values = [0]{}, .bytes = [0]{}, .stringValue = ""}}
12-30 11:08:02.879   398   464 D DiagPropHandler: is not DiagnosticConfig: 0x21402255
